2018-12-31 14:52:02.127 17925 INFO tempest.lib.common.rest_client [req-4f0bae92-db2d-494c-a7ea-8525f09a07af ] Request (TrunkTestJSON:_run_cleanups): 404 DELETE http://10.167.4.35:9696/v2.0/trunks/dc0ba48c-3baf-4b2d-8145-df08c00813c1 0.017s
2018-12-31 14:52:02.128 17925 DEBUG tempest.lib.common.rest_client [req-4f0bae92-db2d-494c-a7ea-8525f09a07af ] Request - Headers: {'Content-Type': 'application/json', 'Accept': 'application/json', 'X-Auth-Token': ''} Body: None Response - Headers: {'status': '404', u'content-length': '134', 'content-location': 'http://10.167.4.35:9696/v2.0/trunks/dc0ba48c-3baf-4b2d-8145-df08c00813c1', u'date': 'Mon, 31 Dec 2018 14:52:02 GMT', u'content-type': 'application/json', u'connection': 'close', u'x-openstack-request-id': 'req-4f0bae92-db2d-494c-a7ea-8525f09a07af'} Body: {"NeutronError": {"message": "Trunk dc0ba48c-3baf-4b2d-8145-df08c00813c1 could not be found.", "type": "TrunkNotFound", "detail": ""}} _log_request_full /root/.rally/verification/verifier-ad97c159-371e-4fe8-8d98-86766365668c/repo/tempest/lib/common/rest_client.py:434
2018-12-31 14:52:02.132 17922 INFO tempest.lib.common.rest_client [req-d477c9bf-90db-40ac-9ed1-aad8a950959a ] Request (TrunkTest:test_trunk_subport_lifecycle): 201 POST http://10.167.4.35:9696/v2.0/floatingips 2.052s
2018-12-31 14:52:02.133 17922 DEBUG tempest.lib.common.rest_client [req-d477c9bf-90db-40ac-9ed1-aad8a950959a ] Request - Headers: {'Content-Type': 'application/json', 'Accept': 'application/json', 'X-Auth-Token': ''} Body: {"floatingip": {"floating_network_id": "5587811b-40d2-415c-a487-32eee4afe146", "port_id": "6d4504df-7cc1-40f1-98d2-fac5f07f7176"}} Response - Headers: {'status': '201', u'content-length': '552', 'content-location': 'http://10.167.4.35:9696/v2.0/floatingips', u'date': 'Mon, 31 Dec 2018 14:52:02 GMT', u'content-type': 'application/json', u'connection': 'close', u'x-openstack-request-id': 'req-d477c9bf-90db-40ac-9ed1-aad8a950959a'} Body: {"floatingip": {"router_id": "2fb324ab-2e71-4056-83f5-0a0a1b302bfa", "status": "DOWN", "description": "", "tags": [], "tenant_id": "fbd1d6addfff43f8a93002bb9c3b91a4", "created_at": "2018-12-31T14:52:01Z", "updated_at": "2018-12-31T14:52:01Z", "floating_network_id": "5587811b-40d2-415c-a487-32eee4afe146", "fixed_ip_address": "192.168.120.8", "floating_ip_address": "172.30.10.125", "revision_number": 0, "project_id": "fbd1d6addfff43f8a93002bb9c3b91a4", "port_id": "6d4504df-7cc1-40f1-98d2-fac5f07f7176", "id": "bbbf5256-ef02-48fb-a2d3-c0362066986a"}} _log_request_full /root/.rally/verification/verifier-ad97c159-371e-4fe8-8d98-86766365668c/repo/tempest/lib/common/rest_client.py:434
2018-12-31 14:52:02.155 17925 INFO tempest.lib.common.rest_client [req-1fc9b062-607c-48ec-84ee-c1f32617cedf ] Request (TrunkTestJSON:_run_cleanups): 200 GET http://10.167.4.35:9696/v2.0/trunks/9030650a-2ffa-46b6-aec8-129614914664/get_subports 0.026s
2018-12-31 14:52:02.155 17925 DEBUG tempest.lib.common.rest_client [req-1fc9b062-607c-48ec-84ee-c1f32617cedf ] Request - Headers: {'Content-Type': 'application/json', 'Accept': 'application/json', 'X-Auth-Token': ''} Body: None Response - Headers: {'status': '200', u'content-length': '17', 'content-location': 'http://10.167.4.35:9696/v2.0/trunks/9030650a-2ffa-46b6-aec8-129614914664/get_subports', u'date': 'Mon, 31 Dec 2018 14:52:02 GMT', u'content-type': 'application/json', u'connection': 'close', u'x-openstack-request-id': 'req-1fc9b062-607c-48ec-84ee-c1f32617cedf'} Body: {"sub_ports": []} _log_request_full /root/.rally/verification/verifier-ad97c159-371e-4fe8-8d98-86766365668c/repo/tempest/lib/common/rest_client.py:434
2018-12-31 14:52:02.184 17924 INFO tempest.lib.common.rest_client [req-a56cabe8-322d-4d7e-82e0-72704d06b14b ] Request (TrunksSearchCriteriaTest:tearDownClass): 204 DELETE http://10.167.4.35:9696/v2.0/ports/99f5c87a-c396-486b-ae39-73502ef3bf8a 0.386s
2018-12-31 14:52:02.185 17924 DEBUG tempest.lib.common.rest_client [req-a56cabe8-322d-4d7e-82e0-72704d06b14b ] Request - Headers: {'Content-Type': 'application/json', 'Accept': 'application/json', 'X-Auth-Token': ''} Body: None Response - Headers: {'status': '204', u'content-length': '0', 'content-location': 'http://10.167.4.35:9696/v2.0/ports/99f5c87a-c396-486b-ae39-73502ef3bf8a', u'date': 'Mon, 31 Dec 2018 14:52:02 GMT', u'connection': 'close', u'x-openstack-request-id': 'req-a56cabe8-322d-4d7e-82e0-72704d06b14b'} Body: _log_request_full /root/.rally/verification/verifier-ad97c159-371e-4fe8-8d98-86766365668c/repo/tempest/lib/common/rest_client.py:434
2018-12-31 14:52:02.202 17925 INFO tempest.lib.common.rest_client [req-6e81cbb7-4afe-40cc-b0cf-2d16331b67b2 ] Request (TrunkTestJSON:_run_cleanups): 200 PUT http://10.167.4.35:9696/v2.0/trunks/9030650a-2ffa-46b6-aec8-129614914664/remove_subports 0.045s
2018-12-31 14:52:02.202 17925 DEBUG tempest.lib.common.rest_client [req-6e81cbb7-4afe-40cc-b0cf-2d16331b67b2 ] Request - Headers: {'Content-Type': 'application/json', 'Accept': 'application/json', 'X-Auth-Token': ''} Body: {"sub_ports": []} Response - Headers: {'status': '200', u'content-length': '396', 'content-location': 'http://10.167.4.35:9696/v2.0/trunks/9030650a-2ffa-46b6-aec8-129614914664/remove_subports', u'date': 'Mon, 31 Dec 2018 14:52:02 GMT', u'content-type': 'application/json', u'connection': 'close', u'x-openstack-request-id': 'req-6e81cbb7-4afe-40cc-b0cf-2d16331b67b2'} Body: {"status": "DOWN", "sub_ports": [], "name": "", "admin_state_up": true, "tenant_id": "54a87eaa113440c481f392db85249363", "created_at": "2018-12-31T14:52:02Z", "tags": [], "updated_at": "2018-12-31T14:52:02Z", "revision_number": 1, "project_id": "54a87eaa113440c481f392db85249363", "port_id": "07489518-4c47-4df9-be11-7d717904d201", "id": "9030650a-2ffa-46b6-aec8-129614914664", "description": ""} _log_request_full /root/.rally/verification/verifier-ad97c159-371e-4fe8-8d98-86766365668c/repo/tempest/lib/common/rest_client.py:434
2018-12-31 14:52:02.335 17925 INFO tempest.lib.common.rest_client [req-1542d12d-d3c0-4bc6-8a7e-2c7834fbd8e2 ] Request (TrunkTestJSON:_run_cleanups): 204 DELETE http://10.167.4.35:9696/v2.0/trunks/9030650a-2ffa-46b6-aec8-129614914664 0.132s
2018-12-31 14:52:02.336 17925 DEBUG tempest.lib.common.rest_client [req-1542d12d-d3c0-4bc6-8a7e-2c7834fbd8e2 ] Request - Headers: {'Content-Type': 'application/json', 'Accept': 'application/json', 'X-Auth-Token': ''} Body: None Response - Headers: {'status': '204', u'content-length': '0', 'content-location': 'http://10.167.4.35:9696/v2.0/trunks/9030650a-2ffa-46b6-aec8-129614914664', u'date': 'Mon, 31 Dec 2018 14:52:02 GMT', u'connection': 'close', u'x-openstack-request-id': 'req-1542d12d-d3c0-4bc6-8a7e-2c7834fbd8e2'} Body: _log_request_full /root/.rally/verification/verifier-ad97c159-371e-4fe8-8d98-86766365668c/repo/tempest/lib/common/rest_client.py:434
2018-12-31 14:52:02.383 17925 INFO tempest.lib.common.rest_client [req-d37e6e23-04b6-49a5-9014-7a7ec240b981 ] Request (TrunkTestJSON:_run_cleanups): 404 GET http://10.167.4.35:9696/v2.0/trunks/dc0ba48c-3baf-4b2d-8145-df08c00813c1 0.046s
2018-12-31 14:52:02.383 17925 DEBUG tempest.lib.common.rest_client [req-d37e6e23-04b6-49a5-9014-7a7ec240b981 ] Request - Headers: {'Content-Type': 'application/json', 'Accept': 'application/json', 'X-Auth-Token': ''} Body: None Response - Headers: {'status': '404', u'content-length': '134', 'content-location': 'http://10.167.4.35:9696/v2.0/trunks/dc0ba48c-3baf-4b2d-8145-df08c00813c1', u'date': 'Mon, 31 Dec 2018 14:52:02 GMT', u'content-type': 'application/json', u'connection': 'close', u'x-openstack-request-id': 'req-d37e6e23-04b6-49a5-9014-7a7ec240b981'} Body: {"NeutronError": {"message": "Trunk dc0ba48c-3baf-4b2d-8145-df08c00813c1 could not be found.", "type": "TrunkNotFound", "detail": ""}} _log_request_full /root/.rally/verification/verifier-ad97c159-371e-4fe8-8d98-86766365668c/repo/tempest/lib/common/rest_client.py:434
2018-12-31 14:52:02.430 17925 INFO tempest.lib.common.rest_client [req-09293013-ddcf-4e46-9284-c56c9f00e25b ] Request (TrunkTestJSON:_run_cleanups): 404 GET http://10.167.4.35:9696/v2.0/trunks/9030650a-2ffa-46b6-aec8-129614914664 0.046s
2018-12-31 14:52:02.431 17925 DEBUG tempest.lib.common.rest_client [req-09293013-ddcf-4e46-9284-c56c9f00e25b ] Request - Headers: {'Content-Type': 'application/json', 'Accept': 'application/json', 'X-Auth-Token': ''} Body: None Response - Headers: {'status': '404', u'content-length': '134', 'content-location': 'http://10.167.4.35:9696/v2.0/trunks/9030650a-2ffa-46b6-aec8-129614914664', u'date': 'Mon, 31 Dec 2018 14:52:02 GMT', u'content-type': 'application/json', u'connection': 'close', u'x-openstack-request-id': 'req-09293013-ddcf-4e46-9284-c56c9f00e25b'} Body: {"NeutronError": {"message": "Trunk 9030650a-2ffa-46b6-aec8-129614914664 could not be found.", "type": "TrunkNotFound", "detail": ""}} _log_request_full /root/.rally/verification/verifier-ad97c159-371e-4fe8-8d98-86766365668c/repo/tempest/lib/common/rest_client.py:434
2018-12-31 14:52:02.475 17925 INFO tempest.lib.common.rest_client [req-d7e131b0-ed96-4d72-b758-32a69759fdeb ] Request (TrunkTestJSON:_run_cleanups): 404 DELETE http://10.167.4.35:9696/v2.0/ports/db7d5179-519b-4c93-ae1c-b78ae1bbcfa2 0.043s
2018-12-31 14:52:02.475 17925 DEBUG tempest.lib.common.rest_client [req-d7e131b0-ed96-4d72-b758-32a69759fdeb ] Request - Headers: {'Content-Type': 'application/json', 'Accept': 'application/json', 'X-Auth-Token': ''} Body: None Response - Headers: {'status': '404', u'content-length': '132', 'content-location': 'http://10.167.4.35:9696/v2.0/ports/db7d5179-519b-4c93-ae1c-b78ae1bbcfa2', u'date': 'Mon, 31 Dec 2018 14:52:02 GMT', u'content-type': 'application/json', u'connection': 'close', u'x-openstack-request-id': 'req-d7e131b0-ed96-4d72-b758-32a69759fdeb'} Body: {"NeutronError": {"message": "Port db7d5179-519b-4c93-ae1c-b78ae1bbcfa2 could not be found.", "type": "PortNotFound", "detail": ""}} _log_request_full /root/.rally/verification/verifier-ad97c159-371e-4fe8-8d98-86766365668c/repo/tempest/lib/common/rest_client.py:434
2018-12-31 14:52:02.524 17925 INFO tempest.lib.common.rest_client [req-4aa137fb-ddf9-4c2b-bb29-b70a31a52b95 ] Request (TrunkTestJSON:_run_cleanups): 404 DELETE http://10.167.4.35:9696/v2.0/ports/ccfe8fb8-b39b-4c0d-b5e9-96a4b1df11d7 0.047s
2018-12-31 14:52:02.524 17923 INFO tempest.lib.common.rest_client [req-29246220-e002-4de3-a496-5a26cb707936 ] Request (TestTrunkDetailsJSON:_run_cleanups): 204 DELETE http://10.167.4.35:9696/v2.0/networks/64f55ef1-91a4-4cbc-99a2-b3d37af147ca 0.768s
2018-12-31 14:52:02.525 17925 DEBUG tempest.lib.common.rest_client [req-4aa137fb-ddf9-4c2b-bb29-b70a31a52b95 ] Request - Headers: {'Content-Type': 'application/json', 'Accept': 'application/json', 'X-Auth-Token': ''} Body: None Response - Headers: {'status': '404', u'content-length': '132', 'content-location': 'http://10.167.4.35:9696/v2.0/ports/ccfe8fb8-b39b-4c0d-b5e9-96a4b1df11d7', u'date': 'Mon, 31 Dec 2018 14:52:02 GMT', u'content-type': 'application/json', u'connection': 'close', u'x-openstack-request-id': 'req-4aa137fb-ddf9-4c2b-bb29-b70a31a52b95'} Body: {"NeutronError": {"message": "Port ccfe8fb8-b39b-4c0d-b5e9-96a4b1df11d7 could not be found.", "type": "PortNotFound", "detail": ""}} _log_request_full /root/.rally/verification/verifier-ad97c159-371e-4fe8-8d98-86766365668c/repo/tempest/lib/common/rest_client.py:434
2018-12-31 14:52:02.525 17923 DEBUG tempest.lib.common.rest_client [req-29246220-e002-4de3-a496-5a26cb707936 ] Request - Headers: {'Content-Type': 'application/json', 'Accept': 'application/json', 'X-Auth-Token': ''} Body: None Response - Headers: {'status': '204', u'content-length': '0', 'content-location': 'http://10.167.4.35:9696/v2.0/networks/64f55ef1-91a4-4cbc-99a2-b3d37af147ca', u'date': 'Mon, 31 Dec 2018 14:52:02 GMT', u'connection': 'close', u'x-openstack-request-id': 'req-29246220-e002-4de3-a496-5a26cb707936'} Body: _log_request_full /root/.rally/verification/verifier-ad97c159-371e-4fe8-8d98-86766365668c/repo/tempest/lib/common/rest_client.py:434
2018-12-31 14:52:02.557 17925 INFO tempest.lib.common.rest_client [req-c142c6d1-11e6-4f76-b5d7-c7375ddaf82a ] Request (TrunkTestJSON:_run_cleanups): 404 DELETE http://10.167.4.35:9696/v2.0/ports/5535cae9-f7f0-4912-b2c0-3c4e01effba7 0.031s
2018-12-31 14:52:02.557 17925 DEBUG tempest.lib.common.rest_client [req-c142c6d1-11e6-4f76-b5d7-c7375ddaf82a ] Request - Headers: {'Content-Type': 'application/json', 'Accept': 'application/json', 'X-Auth-Token': ''} Body: None Response - Headers: {'status': '404', u'content-length': '132', 'content-location': 'http://10.167.4.35:9696/v2.0/ports/5535cae9-f7f0-4912-b2c0-3c4e01effba7', u'date': 'Mon, 31 Dec 2018 14:52:02 GMT', u'content-type': 'application/json', u'connection': 'close', u'x-openstack-request-id': 'req-c142c6d1-11e6-4f76-b5d7-c7375ddaf82a'} Body: {"NeutronError": {"message": "Port 5535cae9-f7f0-4912-b2c0-3c4e01effba7 could not be found.", "type": "PortNotFound", "detail": ""}} _log_request_full /root/.rally/verification/verifier-ad97c159-371e-4fe8-8d98-86766365668c/repo/tempest/lib/common/rest_client.py:434
2018-12-31 14:52:02.659 17921 INFO tempest.lib.common.rest_client [req-72a9e067-6b26-4287-be08-1db10c7f0041 ] Request (TrunkTestJSON:test_create_trunk_empty_subports_list): 201 POST http://10.167.4.35:9696/v2.0/ports 0.793s
2018-12-31 14:52:02.659 17921 DEBUG tempest.lib.common.rest_client [req-72a9e067-6b26-4287-be08-1db10c7f0041 ] Request - Headers: {'Content-Type': 'application/json', 'Accept': 'application/json', 'X-Auth-Token': ''} Body: {"port": {"network_id": "2d7fbe73-63fb-4273-949f-3acf5adfc8af"}} Response - Headers: {'status': '201', u'content-length': '615', 'content-location': 'http://10.167.4.35:9696/v2.0/ports', u'date': 'Mon, 31 Dec 2018 14:52:02 GMT', u'content-type': 'application/json', u'connection': 'close', u'x-openstack-request-id': 'req-72a9e067-6b26-4287-be08-1db10c7f0041'} Body: {"port":{"status":"DOWN","created_at":"2018-12-31T14:52:02Z","description":"","allowed_address_pairs":[],"tags":[],"network_id":"2d7fbe73-63fb-4273-949f-3acf5adfc8af","tenant_id":"c0d0596f890c4f9f8f3f5a3e8d64d383","extra_dhcp_opts":[],"admin_state_up":true,"updated_at":"2018-12-31T14:52:02Z","name":"","device_owner":"","revision_number":5,"mac_address":"fa:16:3e:11:be:93","binding:vnic_type":"normal","port_security_enabled":true,"project_id":"c0d0596f890c4f9f8f3f5a3e8d64d383","fixed_ips":[],"id":"3667be41-0270-40b8-a141-8d0ccb0747f0","security_groups":["a38bff1a-4e4c-4419-b948-ada381a14db2"],"device_id":""}} _log_request_full /root/.rally/verification/verifier-ad97c159-371e-4fe8-8d98-86766365668c/repo/tempest/lib/common/rest_client.py:434
2018-12-31 14:52:02.785 17924 INFO tempest.lib.common.rest_client [req-31d1e0e4-5e4d-487a-899a-70f57d4b1b60 ] Request (TrunksSearchCriteriaTest:tearDownClass): 204 DELETE http://10.167.4.35:9696/v2.0/ports/685c524a-7151-42ba-b10f-d73b008ff961 0.600s
2018-12-31 14:52:02.786 17924 DEBUG tempest.lib.common.rest_client [req-31d1e0e4-5e4d-487a-899a-70f57d4b1b60 ] Request - Headers: {'Content-Type': 'application/json', 'Accept': 'application/json', 'X-Auth-Token': ''} Body: None Response - Headers: {'status': '204', u'content-length': '0', 'content-location': 'http://10.167.4.35:9696/v2.0/ports/685c524a-7151-42ba-b10f-d73b008ff961', u'date': 'Mon, 31 Dec 2018 14:52:02 GMT', u'connection': 'close', u'x-openstack-request-id': 'req-31d1e0e4-5e4d-487a-899a-70f57d4b1b60'} Body: _log_request_full /root/.rally/verification/verifier-ad97c159-371e-4fe8-8d98-86766365668c/repo/tempest/lib/common/rest_client.py:434
2018-12-31 14:52:02.946 17925 INFO tempest.lib.common.rest_client [req-f3d621c9-0dc1-4b11-8e87-12fe490d6674 ] Request (TrunkTestJSON:_run_cleanups): 204 DELETE http://10.167.4.35:9696/v2.0/ports/07489518-4c47-4df9-be11-7d717904d201 0.387s
2018-12-31 14:52:02.946 17925 DEBUG tempest.lib.common.rest_client [req-f3d621c9-0dc1-4b11-8e87-12fe490d6674 ] Request - Headers: {'Content-Type': 'application/json', 'Accept': 'application/json', 'X-Auth-Token': ''} Body: None Response - Headers: {'status': '204', u'content-length': '0', 'content-location': 'http://10.167.4.35:9696/v2.0/ports/07489518-4c47-4df9-be11-7d717904d201', u'date': 'Mon, 31 Dec 2018 14:52:02 GMT', u'connection': 'close', u'x-openstack-request-id': 'req-f3d621c9-0dc1-4b11-8e87-12fe490d6674'} Body: _log_request_full /root/.rally/verification/verifier-ad97c159-371e-4fe8-8d98-86766365668c/repo/tempest/lib/common/rest_client.py:434
2018-12-31 14:52:02.975 17925 INFO tempest.lib.common.rest_client [req-a30b2f72-2075-4c6b-b77b-2045d6568215 ] Request (TrunkTestJSON:_run_cleanups): 404 DELETE http://10.167.4.35:9696/v2.0/networks/8da03262-9e3c-434e-9f5b-0c3493233b1d 0.028s
2018-12-31 14:52:02.976 17925 DEBUG tempest.lib.common.rest_client [req-a30b2f72-2075-4c6b-b77b-2045d6568215 ] Request - Headers: {'Content-Type': 'application/json', 'Accept': 'application/json', 'X-Auth-Token': ''} Body: None Response - Headers: {'status': '404', u'content-length': '138', 'content-location': 'http://10.167.4.35:9696/v2.0/networks/8da03262-9e3c-434e-9f5b-0c3493233b1d', u'date': 'Mon, 31 Dec 2018 14:52:02 GMT', u'content-type': 'application/json', u'connection': 'close', u'x-openstack-request-id': 'req-a30b2f72-2075-4c6b-b77b-2045d6568215'} Body: {"NeutronError": {"message": "Network 8da03262-9e3c-434e-9f5b-0c3493233b1d could not be found.", "type": "NetworkNotFound", "detail": ""}} _log_request_full /root/.rally/verification/verifier-ad97c159-371e-4fe8-8d98-86766365668c/repo/tempest/lib/common/rest_client.py:434
2018-12-31 14:52:02.999 17925 INFO tempest.lib.common.rest_client [req-99dc129e-0460-4957-8c05-081ecd728bb2 ] Request (TrunkTestJSON:_run_cleanups): 404 DELETE http://10.167.4.35:9696/v2.0/networks/97706455-540a-4007-912b-0e3d70dd5a92 0.022s
2018-12-31 14:52:03.000 17925 DEBUG tempest.lib.common.rest_client [req-99dc129e-0460-4957-8c05-081ecd728bb2 ] Request - Headers: {'Content-Type': 'application/json', 'Accept': 'application/json', 'X-Auth-Token': ''} Body: None Response - Headers: {'status': '404', u'content-length': '138', 'content-location': 'http://10.167.4.35:9696/v2.0/networks/97706455-540a-4007-912b-0e3d70dd5a92', u'date': 'Mon, 31 Dec 2018 14:52:02 GMT', u'content-type': 'application/json', u'connection': 'close', u'x-openstack-request-id': 'req-99dc129e-0460-4957-8c05-081ecd728bb2'} Body: {"NeutronError": {"message": "Network 97706455-540a-4007-912b-0e3d70dd5a92 could not be found.", "type": "NetworkNotFound", "detail": ""}} _log_request_full /root/.rally/verification/verifier-ad97c159-371e-4fe8-8d98-86766365668c/repo/tempest/lib/common/rest_client.py:434
2018-12-31 14:52:03.141 17922 INFO tempest.lib.common.rest_client [req-1871fb54-e6f3-4322-b472-0dfb173e554f ] Request (TrunkTest:test_trunk_subport_lifecycle): 202 POST http://10.167.4.35:8774/v2.1/servers 1.007s
2018-12-31 14:52:03.141 17922 DEBUG tempest.lib.common.rest_client [req-1871fb54-e6f3-4322-b472-0dfb173e554f ] Request - Headers: {'Content-Type': 'application/json', 'Accept': 'application/json', 'X-Auth-Token': ''} Body: {"server": {"name": "tempest-server-test-1895099311", "imageRef": "0fea8cb4-d8ac-4627-89b0-bbe48a9087be", "key_name": "tempest-keypair-test-2110546345", "flavorRef": "14436dcb-3cb1-406a-96e6-b76e0955ca31", "networks": [{"port": "6d4504df-7cc1-40f1-98d2-fac5f07f7176"}], "security_groups": [{"name": "tempest-secgroup-1013591164"}]}} Response - Headers: {'status': '202', u'content-length': '394', 'content-location': 'http://10.167.4.35:8774/v2.1/servers', u'x-compute-request-id': 'req-1871fb54-e6f3-4322-b472-0dfb173e554f', u'vary': 'X-OpenStack-Nova-API-Version', u'openstack-api-version': 'compute 2.1', u'connection': 'close', u'location': 'http://10.167.4.35:8774/v2.1/servers/f9719791-6ed7-4df4-8a9c-a1732b3d8633', u'x-openstack-nova-api-version': '2.1', u'date': 'Mon, 31 Dec 2018 14:52:03 GMT', u'content-type': 'application/json', u'x-openstack-request-id': 'req-1871fb54-e6f3-4322-b472-0dfb173e554f'} Body: {"server": {"security_groups": [{"name": "tempest-secgroup-1013591164"}], "OS-DCF:diskConfig": "MANUAL", "id": "f9719791-6ed7-4df4-8a9c-a1732b3d8633", "links": [{"href": "http://10.167.4.35:8774/v2.1/servers/f9719791-6ed7-4df4-8a9c-a1732b3d8633", "rel": "self"}, {"href": "http://10.167.4.35:8774/servers/f9719791-6ed7-4df4-8a9c-a1732b3d8633", "rel": "bookmark"}], "adminPass": "RSAA6eW7upRf"}} _log_request_full /root/.rally/verification/verifier-ad97c159-371e-4fe8-8d98-86766365668c/repo/tempest/lib/common/rest_client.py:434
2018-12-31 14:52:03.465 17923 INFO tempest.lib.common.rest_client [req-2ac5fd8b-5b42-47f8-aa94-95d0d6fb905c ] Request (TestTrunkDetailsJSON:_run_cleanups): 204 DELETE http://10.167.4.35:9696/v2.0/networks/ae3c2e75-04d0-4508-8f29-e52a84766c6a 0.939s
2018-12-31 14:52:03.466 17923 DEBUG tempest.lib.common.rest_client [req-2ac5fd8b-5b42-47f8-aa94-95d0d6fb905c ] Request - Headers: {'Content-Type': 'application/json', 'Accept': 'application/json', 'X-Auth-Token': ''} Body: None Response - Headers: {'status': '204', u'content-length': '0', 'content-location': 'http://10.167.4.35:9696/v2.0/networks/ae3c2e75-04d0-4508-8f29-e52a84766c6a', u'date': 'Mon, 31 Dec 2018 14:52:03 GMT', u'connection': 'close', u'x-openstack-request-id': 'req-2ac5fd8b-5b42-47f8-aa94-95d0d6fb905c'} Body: _log_request_full /root/.rally/verification/verifier-ad97c159-371e-4fe8-8d98-86766365668c/repo/tempest/lib/common/rest_client.py:434
2018-12-31 14:52:03.483 17923 INFO tempest.lib.common.rest_client [req-49dc68aa-5b4f-48ed-b8f4-a91f9b954a06 ] Request (TestTrunkDetailsJSON:tearDownClass): 404 GET http://10.167.4.35:9696/v2.0/trunks/8693f2f1-3550-4ccd-a07e-7247dcf0ba7d/get_subports 0.012s
2018-12-31 14:52:03.484 17923 DEBUG tempest.lib.common.rest_client [req-49dc68aa-5b4f-48ed-b8f4-a91f9b954a06 ] Request - Headers: {'Content-Type': 'application/json', 'Accept': 'application/json', 'X-Auth-Token': ''} Body: None Response - Headers: {'status': '404', u'content-length': '134', 'content-location': 'http://10.167.4.35:9696/v2.0/trunks/8693f2f1-3550-4ccd-a07e-7247dcf0ba7d/get_subports', u'date': 'Mon, 31 Dec 2018 14:52:03 GMT', u'content-type': 'application/json', u'connection': 'close', u'x-openstack-request-id': 'req-49dc68aa-5b4f-48ed-b8f4-a91f9b954a06'} Body: {"NeutronError": {"message": "Trunk 8693f2f1-3550-4ccd-a07e-7247dcf0ba7d could not be found.", "type": "TrunkNotFound", "detail": ""}} _log_request_full /root/.rally/verification/verifier-ad97c159-371e-4fe8-8d98-86766365668c/repo/tempest/lib/common/rest_client.py:434
2018-12-31 14:52:03.500 17923 INFO tempest.lib.common.rest_client [req-9d035e84-890b-4103-8923-501e78885757 ] Request (TestTrunkDetailsJSON:tearDownClass): 404 DELETE http://10.167.4.35:9696/v2.0/trunks/8693f2f1-3550-4ccd-a07e-7247dcf0ba7d 0.015s
2018-12-31 14:52:03.500 17923 DEBUG tempest.lib.common.rest_client [req-9d035e84-890b-4103-8923-501e78885757 ] Request - Headers: {'Content-Type': 'application/json', 'Accept': 'application/json', 'X-Auth-Token': ''} Body: None Response - Headers: {'status': '404', u'content-length': '134', 'content-location': 'http://10.167.4.35:9696/v2.0/trunks/8693f2f1-3550-4ccd-a07e-7247dcf0ba7d', u'date': 'Mon, 31 Dec 2018 14:52:03 GMT', u'content-type': 'application/json', u'connection': 'close', u'x-openstack-request-id': 'req-9d035e84-890b-4103-8923-501e78885757'} Body: {"NeutronError": {"message": "Trunk 8693f2f1-3550-4ccd-a07e-7247dcf0ba7d could not be found.", "type": "TrunkNotFound", "detail": ""}} _log_request_full /root/.rally/verification/verifier-ad97c159-371e-4fe8-8d98-86766365668c/repo/tempest/lib/common/rest_client.py:434
2018-12-31 14:52:03.503 17924 INFO tempest.lib.common.rest_client [req-5cd407c3-8c46-4c65-8215-387b0a5e35c0 ] Request (TrunksSearchCriteriaTest:tearDownClass): 204 DELETE http://10.167.4.35:9696/v2.0/networks/53d34966-d5dd-4b11-824d-2ae8780b8e14 0.716s
2018-12-31 14:52:03.503 17924 DEBUG tempest.lib.common.rest_client [req-5cd407c3-8c46-4c65-8215-387b0a5e35c0 ] Request - Headers: {'Content-Type': 'application/json', 'Accept': 'application/json', 'X-Auth-Token': ''} Body: None Response - Headers: {'status': '204', u'content-length': '0', 'content-location': 'http://10.167.4.35:9696/v2.0/networks/53d34966-d5dd-4b11-824d-2ae8780b8e14', u'date': 'Mon, 31 Dec 2018 14:52:03 GMT', u'connection': 'close', u'x-openstack-request-id': 'req-5cd407c3-8c46-4c65-8215-387b0a5e35c0'} Body: _log_request_full /root/.rally/verification/verifier-ad97c159-371e-4fe8-8d98-86766365668c/repo/tempest/lib/common/rest_client.py:434
2018-12-31 14:52:03.516 17923 INFO tempest.lib.common.rest_client [req-3c9e69bb-963c-4517-9e0f-0d48edd294cf ] Request (TestTrunkDetailsJSON:tearDownClass): 404 GET http://10.167.4.35:9696/v2.0/trunks/e4ba395f-4421-4124-98e6-a639ebd05261/get_subports 0.015s
2018-12-31 14:52:03.516 17923 DEBUG tempest.lib.common.rest_client [req-3c9e69bb-963c-4517-9e0f-0d48edd294cf ] Request - Headers: {'Content-Type': 'application/json', 'Accept': 'application/json', 'X-Auth-Token': ''} Body: None Response - Headers: {'status': '404', u'content-length': '134', 'content-location': 'http://10.167.4.35:9696/v2.0/trunks/e4ba395f-4421-4124-98e6-a639ebd05261/get_subports', u'date': 'Mon, 31 Dec 2018 14:52:03 GMT', u'content-type': 'application/json', u'connection': 'close', u'x-openstack-request-id': 'req-3c9e69bb-963c-4517-9e0f-0d48edd294cf'} Body: {"NeutronError": {"message": "Trunk e4ba395f-4421-4124-98e6-a639ebd05261 could not be found.", "type": "TrunkNotFound", "detail": ""}} _log_request_full /root/.rally/verification/verifier-ad97c159-371e-4fe8-8d98-86766365668c/repo/tempest/lib/common/rest_client.py:434
2018-12-31 14:52:03.533 17923 INFO tempest.lib.common.rest_client [req-0371cff5-5489-4205-ae37-097c74c39134 ] Request (TestTrunkDetailsJSON:tearDownClass): 404 DELETE http://10.167.4.35:9696/v2.0/trunks/e4ba395f-4421-4124-98e6-a639ebd05261 0.015s
2018-12-31 14:52:03.533 17923 DEBUG tempest.lib.common.rest_client [req-0371cff5-5489-4205-ae37-097c74c39134 ] Request - Headers: {'Content-Type': 'application/json', 'Accept': 'application/json', 'X-Auth-Token': ''} Body: None Response - Headers: {'status': '404', u'content-length': '134', 'content-location': 'http://10.167.4.35:9696/v2.0/trunks/e4ba395f-4421-4124-98e6-a639ebd05261', u'date': 'Mon, 31 Dec 2018 14:52:03 GMT', u'content-type': 'application/json', u'connection': 'close', u'x-openstack-request-id': 'req-0371cff5-5489-4205-ae37-097c74c39134'} Body: {"NeutronError": {"message": "Trunk e4ba395f-4421-4124-98e6-a639ebd05261 could not be found.", "type": "TrunkNotFound", "detail": ""}} _log_request_full /root/.rally/verification/verifier-ad97c159-371e-4fe8-8d98-86766365668c/repo/tempest/lib/common/rest_client.py:434
2018-12-31 14:52:03.548 17923 INFO tempest.lib.common.rest_client [req-3b47bfc0-e375-444a-9fe4-0ba2f6f075f1 ] Request (TestTrunkDetailsJSON:tearDownClass): 404 GET http://10.167.4.35:9696/v2.0/trunks/8693f2f1-3550-4ccd-a07e-7247dcf0ba7d 0.014s
2018-12-31 14:52:03.549 17923 DEBUG tempest.lib.common.rest_client [req-3b47bfc0-e375-444a-9fe4-0ba2f6f075f1 ] Request - Headers: {'Content-Type': 'application/json', 'Accept': 'application/json', 'X-Auth-Token': ''} Body: None Response - Headers: {'status': '404', u'content-length': '134', 'content-location': 'http://10.167.4.35:9696/v2.0/trunks/8693f2f1-3550-4ccd-a07e-7247dcf0ba7d', u'date': 'Mon, 31 Dec 2018 14:52:03 GMT', u'content-type': 'application/json', u'connection': 'close', u'x-openstack-request-id': 'req-3b47bfc0-e375-444a-9fe4-0ba2f6f075f1'} Body: {"NeutronError": {"message": "Trunk 8693f2f1-3550-4ccd-a07e-7247dcf0ba7d could not be found.", "type": "TrunkNotFound", "detail": ""}} _log_request_full /root/.rally/verification/verifier-ad97c159-371e-4fe8-8d98-86766365668c/repo/tempest/lib/common/rest_client.py:434
2018-12-31 14:52:03.563 17923 INFO tempest.lib.common.rest_client [req-0484c2c2-08a7-4d2d-9f98-4e489f22189f ] Request (TestTrunkDetailsJSON:tearDownClass): 404 GET http://10.167.4.35:9696/v2.0/trunks/e4ba395f-4421-4124-98e6-a639ebd05261 0.013s
2018-12-31 14:52:03.564 17923 DEBUG tempest.lib.common.rest_client [req-0484c2c2-08a7-4d2d-9f98-4e489f22189f ] Request - Headers: {'Content-Type': 'application/json', 'Accept': 'application/json', 'X-Auth-Token': ''} Body: None Response - Headers: {'status': '404', u'content-length': '134', 'content-location': 'http://10.167.4.35:9696/v2.0/trunks/e4ba395f-4421-4124-98e6-a639ebd05261', u'date': 'Mon, 31 Dec 2018 14:52:03 GMT', u'content-type': 'application/json', u'connection': 'close', u'x-openstack-request-id': 'req-0484c2c2-08a7-4d2d-9f98-4e489f22189f'} Body: {"NeutronError": {"message": "Trunk e4ba395f-4421-4124-98e6-a639ebd05261 could not be found.", "type": "TrunkNotFound", "detail": ""}} _log_request_full /root/.rally/verification/verifier-ad97c159-371e-4fe8-8d98-86766365668c/repo/tempest/lib/common/rest_client.py:434
2018-12-31 14:52:03.593 17924 INFO tempest.lib.common.rest_client [req-c4a951b3-3453-47f7-8f09-181cf4b1405d ] Request (TrunksSearchCriteriaTest:tearDownClass): 204 DELETE http://10.167.4.35:5000/v3/users/c32c5c2cc00248f19c4bb7b93c9662f6 0.088s
2018-12-31 14:52:03.593 17924 DEBUG tempest.lib.common.rest_client [req-c4a951b3-3453-47f7-8f09-181cf4b1405d ] Request - Headers: {'Content-Type': 'application/json', 'Accept': 'application/json', 'X-Auth-Token': ''} Body: None Response - Headers: {'status': '204', 'content-location': 'http://10.167.4.35:5000/v3/users/c32c5c2cc00248f19c4bb7b93c9662f6', u'vary': 'X-Auth-Token', u'server': 'Apache', u'connection': 'close', u'date': 'Mon, 31 Dec 2018 14:52:03 GMT', u'x-openstack-request-id': 'req-c4a951b3-3453-47f7-8f09-181cf4b1405d', u'x-distribution': 'Ubuntu'} Body: _log_request_full /root/.rally/verification/verifier-ad97c159-371e-4fe8-8d98-86766365668c/repo/tempest/lib/common/rest_client.py:434
2018-12-31 14:52:03.600 17923 INFO tempest.lib.common.rest_client [req-03fed1ca-7c18-4e6b-9399-ca5f3d6b177f ] Request (TestTrunkDetailsJSON:tearDownClass): 404 DELETE http://10.167.4.35:9696/v2.0/ports/e9bcc2aa-fed9-421d-b060-20578b704384 0.035s
2018-12-31 14:52:03.600 17923 DEBUG tempest.lib.common.rest_client [req-03fed1ca-7c18-4e6b-9399-ca5f3d6b177f ] Request - Headers: {'Content-Type': 'application/json', 'Accept': 'application/json', 'X-Auth-Token': ''} Body: None Response - Headers: {'status': '404', u'content-length': '132', 'content-location': 'http://10.167.4.35:9696/v2.0/ports/e9bcc2aa-fed9-421d-b060-20578b704384', u'date': 'Mon, 31 Dec 2018 14:52:03 GMT', u'content-type': 'application/json', u'connection': 'close', u'x-openstack-request-id': 'req-03fed1ca-7c18-4e6b-9399-ca5f3d6b177f'} Body: {"NeutronError": {"message": "Port e9bcc2aa-fed9-421d-b060-20578b704384 could not be found.", "type": "PortNotFound", "detail": ""}} _log_request_full /root/.rally/verification/verifier-ad97c159-371e-4fe8-8d98-86766365668c/repo/tempest/lib/common/rest_client.py:434
2018-12-31 14:52:03.632 17923 INFO tempest.lib.common.rest_client [req-5a8fd9b6-3638-497b-b353-ef6b6df0bbc6 ] Request (TestTrunkDetailsJSON:tearDownClass): 404 DELETE http://10.167.4.35:9696/v2.0/ports/32a7fc8b-5bd3-48a3-b989-2e7427c12595 0.031s
2018-12-31 14:52:03.633 17923 DEBUG tempest.lib.common.rest_client [req-5a8fd9b6-3638-497b-b353-ef6b6df0bbc6 ] Request - Headers: {'Content-Type': 'application/json', 'Accept': 'application/json', 'X-Auth-Token': ''} Body: None Response - Headers: {'status': '404', u'content-length': '132', 'content-location': 'http://10.167.4.35:9696/v2.0/ports/32a7fc8b-5bd3-48a3-b989-2e7427c12595', u'date': 'Mon, 31 Dec 2018 14:52:03 GMT', u'content-type': 'application/json', u'connection': 'close', u'x-openstack-request-id': 'req-5a8fd9b6-3638-497b-b353-ef6b6df0bbc6'} Body: {"NeutronError": {"message": "Port 32a7fc8b-5bd3-48a3-b989-2e7427c12595 could not be found.", "type": "PortNotFound", "detail": ""}} _log_request_full /root/.rally/verification/verifier-ad97c159-371e-4fe8-8d98-86766365668c/repo/tempest/lib/common/rest_client.py:434
2018-12-31 14:52:03.668 17923 INFO tempest.lib.common.rest_client [req-7e983653-98f8-4456-bce0-7d5a400870a0 ] Request (TestTrunkDetailsJSON:tearDownClass): 404 DELETE http://10.167.4.35:9696/v2.0/ports/0f8cb3ca-2c3f-4011-a501-1cbd9d6a4674 0.034s
2018-12-31 14:52:03.669 17923 DEBUG tempest.lib.common.rest_client [req-7e983653-98f8-4456-bce0-7d5a400870a0 ] Request - Headers: {'Content-Type': 'application/json', 'Accept': 'application/json', 'X-Auth-Token': ''} Body: None Response - Headers: {'status': '404', u'content-length': '132', 'content-location': 'http://10.167.4.35:9696/v2.0/ports/0f8cb3ca-2c3f-4011-a501-1cbd9d6a4674', u'date': 'Mon, 31 Dec 2018 14:52:03 GMT', u'content-type': 'application/json', u'connection': 'close', u'x-openstack-request-id': 'req-7e983653-98f8-4456-bce0-7d5a400870a0'} Body: {"NeutronError": {"message": "Port 0f8cb3ca-2c3f-4011-a501-1cbd9d6a4674 could not be found.", "type": "PortNotFound", "detail": ""}} _log_request_full /root/.rally/verification/verifier-ad97c159-371e-4fe8-8d98-86766365668c/repo/tempest/lib/common/rest_client.py:434
2018-12-31 14:52:03.709 17923 INFO tempest.lib.common.rest_client [req-35f64a79-a4d5-44c2-96fd-1451d954b1e4 ] Request (TestTrunkDetailsJSON:tearDownClass): 404 DELETE http://10.167.4.35:9696/v2.0/ports/6478433d-6e6d-4e90-9b3d-29298a84cc46 0.040s
2018-12-31 14:52:03.710 17923 DEBUG tempest.lib.common.rest_client [req-35f64a79-a4d5-44c2-96fd-1451d954b1e4 ] Request - Headers: {'Content-Type': 'application/json', 'Accept': 'application/json', 'X-Auth-Token': ''} Body: None Response - Headers: {'status': '404', u'content-length': '132', 'content-location': 'http://10.167.4.35:9696/v2.0/ports/6478433d-6e6d-4e90-9b3d-29298a84cc46', u'date': 'Mon, 31 Dec 2018 14:52:03 GMT', u'content-type': 'application/json', u'connection': 'close', u'x-openstack-request-id': 'req-35f64a79-a4d5-44c2-96fd-1451d954b1e4'} Body: {"NeutronError": {"message": "Port 6478433d-6e6d-4e90-9b3d-29298a84cc46 could not be found.", "type": "PortNotFound", "detail": ""}} _log_request_full /root/.rally/verification/verifier-ad97c159-371e-4fe8-8d98-86766365668c/repo/tempest/lib/common/rest_client.py:434
2018-12-31 14:52:03.732 17923 INFO tempest.lib.common.rest_client [req-285a34de-cafa-44c9-a5cc-e06cde884569 ] Request (TestTrunkDetailsJSON:tearDownClass): 404 DELETE http://10.167.4.35:9696/v2.0/networks/1c434917-2822-48d2-87c8-01cbc74cdca2 0.021s
2018-12-31 14:52:03.733 17923 DEBUG tempest.lib.common.rest_client [req-285a34de-cafa-44c9-a5cc-e06cde884569 ] Request - Headers: {'Content-Type': 'application/json', 'Accept': 'application/json', 'X-Auth-Token': ''} Body: None Response - Headers: {'status': '404', u'content-length': '138', 'content-location': 'http://10.167.4.35:9696/v2.0/networks/1c434917-2822-48d2-87c8-01cbc74cdca2', u'date': 'Mon, 31 Dec 2018 14:52:03 GMT', u'content-type': 'application/json', u'connection': 'close', u'x-openstack-request-id': 'req-285a34de-cafa-44c9-a5cc-e06cde884569'} Body: {"NeutronError": {"message": "Network 1c434917-2822-48d2-87c8-01cbc74cdca2 could not be found.", "type": "NetworkNotFound", "detail": ""}} _log_request_full /root/.rally/verification/verifier-ad97c159-371e-4fe8-8d98-86766365668c/repo/tempest/lib/common/rest_client.py:434
2018-12-31 14:52:03.761 17923 INFO tempest.lib.common.rest_client [req-98554cc8-65ce-4e0c-b613-bc5abb5990fd ] Request (TestTrunkDetailsJSON:tearDownClass): 404 DELETE http://10.167.4.35:9696/v2.0/networks/d089798d-fb40-46bc-9a90-ed4cfcfc3adf 0.027s
2018-12-31 14:52:03.762 17923 DEBUG tempest.lib.common.rest_client [req-98554cc8-65ce-4e0c-b613-bc5abb5990fd ] Request - Headers: {'Content-Type': 'application/json', 'Accept': 'application/json', 'X-Auth-Token': ''} Body: None Response - Headers: {'status': '404', u'content-length': '138', 'content-location': 'http://10.167.4.35:9696/v2.0/networks/d089798d-fb40-46bc-9a90-ed4cfcfc3adf', u'date': 'Mon, 31 Dec 2018 14:52:03 GMT', u'content-type': 'application/json', u'connection': 'close', u'x-openstack-request-id': 'req-98554cc8-65ce-4e0c-b613-bc5abb5990fd'} Body: {"NeutronError": {"message": "Network d089798d-fb40-46bc-9a90-ed4cfcfc3adf could not be found.", "type": "NetworkNotFound", "detail": ""}} _log_request_full /root/.rally/verification/verifier-ad97c159-371e-4fe8-8d98-86766365668c/repo/tempest/lib/common/rest_client.py:434
2018-12-31 14:52:03.762 17925 INFO tempest.lib.common.rest_client [req-8b2fa245-d699-4e43-89e4-9f519c92ebaf ] Request (TrunkTestJSON:_run_cleanups): 204 DELETE http://10.167.4.35:9696/v2.0/networks/078fd5f0-2061-4011-8083-acd464641fd0 0.761s
2018-12-31 14:52:03.763 17925 DEBUG tempest.lib.common.rest_client [req-8b2fa245-d699-4e43-89e4-9f519c92ebaf ] Request - Headers: {'Content-Type': 'application/json', 'Accept': 'application/json', 'X-Auth-Token': ''} Body: None Response - Headers: {'status': '204', u'content-length': '0', 'content-location': 'http://10.167.4.35:9696/v2.0/networks/078fd5f0-2061-4011-8083-acd464641fd0', u'date': 'Mon, 31 Dec 2018 14:52:03 GMT', u'connection': 'close', u'x-openstack-request-id': 'req-8b2fa245-d699-4e43-89e4-9f519c92ebaf'} Body: _log_request_full /root/.rally/verification/verifier-ad97c159-371e-4fe8-8d98-86766365668c/repo/tempest/lib/common/rest_client.py:434
2018-12-31 14:52:03.789 17921 INFO tempest.lib.common.rest_client [req-6abaf8b2-faaa-4d63-b8d0-ddc0f149c487 ] Request (TrunkTestJSON:test_create_trunk_empty_subports_list): 201 POST http://10.167.4.35:9696/v2.0/trunks 1.129s
2018-12-31 14:52:03.790 17921 DEBUG tempest.lib.common.rest_client [req-6abaf8b2-faaa-4d63-b8d0-ddc0f149c487 ] Request - Headers: {'Content-Type': 'application/json', 'Accept': 'application/json', 'X-Auth-Token': ''} Body: {"trunk": {"sub_ports": [], "port_id": "3667be41-0270-40b8-a141-8d0ccb0747f0"}} Response - Headers: {'status': '201', u'content-length': '407', 'content-location': 'http://10.167.4.35:9696/v2.0/trunks', u'date': 'Mon, 31 Dec 2018 14:52:03 GMT', u'content-type': 'application/json', u'connection': 'close', u'x-openstack-request-id': 'req-6abaf8b2-faaa-4d63-b8d0-ddc0f149c487'} Body: {"trunk": {"status": "DOWN", "sub_ports": [], "name": "", "admin_state_up": true, "tenant_id": "c0d0596f890c4f9f8f3f5a3e8d64d383", "created_at": "2018-12-31T14:52:03Z", "tags": [], "updated_at": "2018-12-31T14:52:03Z", "revision_number": 0, "project_id": "c0d0596f890c4f9f8f3f5a3e8d64d383", "port_id": "3667be41-0270-40b8-a141-8d0ccb0747f0", "id": "33a730c5-4f45-4dc8-a669-f1529891afed", "description": ""}} _log_request_full /root/.rally/verification/verifier-ad97c159-371e-4fe8-8d98-86766365668c/repo/tempest/lib/common/rest_client.py:434
2018-12-31 14:52:03.793 17923 INFO tempest.lib.common.rest_client [req-2c72e9e8-3fae-431a-900a-4195f9003368 ] Request (TestTrunkDetailsJSON:tearDownClass): 404 DELETE http://10.167.4.35:9696/v2.0/networks/64f55ef1-91a4-4cbc-99a2-b3d37af147ca 0.031s
2018-12-31 14:52:03.794 17923 DEBUG tempest.lib.common.rest_client [req-2c72e9e8-3fae-431a-900a-4195f9003368 ] Request - Headers: {'Content-Type': 'application/json', 'Accept': 'application/json', 'X-Auth-Token': ''} Body: None Response - Headers: {'status': '404', u'content-length': '138', 'content-location': 'http://10.167.4.35:9696/v2.0/networks/64f55ef1-91a4-4cbc-99a2-b3d37af147ca', u'date': 'Mon, 31 Dec 2018 14:52:03 GMT', u'content-type': 'application/json', u'connection': 'close', u'x-openstack-request-id': 'req-2c72e9e8-3fae-431a-900a-4195f9003368'} Body: {"NeutronError": {"message": "Network 64f55ef1-91a4-4cbc-99a2-b3d37af147ca could not be found.", "type": "NetworkNotFound", "detail": ""}} _log_request_full /root/.rally/verification/verifier-ad97c159-371e-4fe8-8d98-86766365668c/repo/tempest/lib/common/rest_client.py:434
2018-12-31 14:52:03.808 17921 INFO tempest.lib.common.rest_client [req-a27ac1b5-f935-42a9-9dd2-7e9477e7cac9 ] Request (TrunkTestJSON:test_create_trunk_empty_subports_list): 200 GET http://10.167.4.35:9696/v2.0/trunks/33a730c5-4f45-4dc8-a669-f1529891afed 0.017s
2018-12-31 14:52:03.809 17921 DEBUG tempest.lib.common.rest_client [req-a27ac1b5-f935-42a9-9dd2-7e9477e7cac9 ] Request - Headers: {'Content-Type': 'application/json', 'Accept': 'application/json', 'X-Auth-Token': ''} Body: None Response - Headers: {'status': '200', u'content-length': '407', 'content-location': 'http://10.167.4.35:9696/v2.0/trunks/33a730c5-4f45-4dc8-a669-f1529891afed', u'date': 'Mon, 31 Dec 2018 14:52:03 GMT', u'content-type': 'application/json', u'connection': 'close', u'x-openstack-request-id': 'req-a27ac1b5-f935-42a9-9dd2-7e9477e7cac9'} Body: {"trunk": {"status": "DOWN", "sub_ports": [], "name": "", "admin_state_up": true, "tenant_id": "c0d0596f890c4f9f8f3f5a3e8d64d383", "created_at": "2018-12-31T14:52:03Z", "tags": [], "updated_at": "2018-12-31T14:52:03Z", "revision_number": 0, "project_id": "c0d0596f890c4f9f8f3f5a3e8d64d383", "port_id": "3667be41-0270-40b8-a141-8d0ccb0747f0", "id": "33a730c5-4f45-4dc8-a669-f1529891afed", "description": ""}} _log_request_full /root/.rally/verification/verifier-ad97c159-371e-4fe8-8d98-86766365668c/repo/tempest/lib/common/rest_client.py:434
2018-12-31 14:52:03.815 17923 INFO tempest.lib.common.rest_client [req-c8d610c3-222d-4d3a-b5f3-69fab9a3cd49 ] Request (TestTrunkDetailsJSON:tearDownClass): 404 DELETE http://10.167.4.35:9696/v2.0/networks/ae3c2e75-04d0-4508-8f29-e52a84766c6a 0.020s
2018-12-31 14:52:03.816 17923 DEBUG tempest.lib.common.rest_client [req-c8d610c3-222d-4d3a-b5f3-69fab9a3cd49 ] Request - Headers: {'Content-Type': 'application/json', 'Accept': 'application/json', 'X-Auth-Token': ''} Body: None Response - Headers: {'status': '404', u'content-length': '138', 'content-location': 'http://10.167.4.35:9696/v2.0/networks/ae3c2e75-04d0-4508-8f29-e52a84766c6a', u'date': 'Mon, 31 Dec 2018 14:52:03 GMT', u'content-type': 'application/json', u'connection': 'close', u'x-openstack-request-id': 'req-c8d610c3-222d-4d3a-b5f3-69fab9a3cd49'} Body: {"NeutronError": {"message": "Network ae3c2e75-04d0-4508-8f29-e52a84766c6a could not be found.", "type": "NetworkNotFound", "detail": ""}} _log_request_full /root/.rally/verification/verifier-ad97c159-371e-4fe8-8d98-86766365668c/repo/tempest/lib/common/rest_client.py:434
2018-12-31 14:52:03.824 17921 INFO tempest.lib.common.rest_client [req-d1486d9d-f9fa-4946-afca-ca6f0905c5b7 ] Request (TrunkTestJSON:_run_cleanups): 404 GET http://10.167.4.35:9696/v2.0/trunks/44658335-c9e4-4830-b6af-9ac11d5efb70/get_subports 0.014s
2018-12-31 14:52:03.825 17921 DEBUG tempest.lib.common.rest_client [req-d1486d9d-f9fa-4946-afca-ca6f0905c5b7 ] Request - Headers: {'Content-Type': 'application/json', 'Accept': 'application/json', 'X-Auth-Token': ''} Body: None Response - Headers: {'status': '404', u'content-length': '134', 'content-location': 'http://10.167.4.35:9696/v2.0/trunks/44658335-c9e4-4830-b6af-9ac11d5efb70/get_subports', u'date': 'Mon, 31 Dec 2018 14:52:03 GMT', u'content-type': 'application/json', u'connection': 'close', u'x-openstack-request-id': 'req-d1486d9d-f9fa-4946-afca-ca6f0905c5b7'} Body: {"NeutronError": {"message": "Trunk 44658335-c9e4-4830-b6af-9ac11d5efb70 could not be found.", "type": "TrunkNotFound", "detail": ""}} _log_request_full /root/.rally/verification/verifier-ad97c159-371e-4fe8-8d98-86766365668c/repo/tempest/lib/common/rest_client.py:434
2018-12-31 14:52:03.842 17921 INFO tempest.lib.common.rest_client [req-e00ccc01-51f8-4f09-a336-3dcdf1ea46bf ] Request (TrunkTestJSON:_run_cleanups): 404 DELETE http://10.167.4.35:9696/v2.0/trunks/44658335-c9e4-4830-b6af-9ac11d5efb70 0.016s
2018-12-31 14:52:03.842 17921 DEBUG tempest.lib.common.rest_client [req-e00ccc01-51f8-4f09-a336-3dcdf1ea46bf ] Request - Headers: {'Content-Type': 'application/json', 'Accept': 'application/json', 'X-Auth-Token': ''} Body: None Response - Headers: {'status': '404', u'content-length': '134', 'content-location': 'http://10.167.4.35:9696/v2.0/trunks/44658335-c9e4-4830-b6af-9ac11d5efb70', u'date': 'Mon, 31 Dec 2018 14:52:03 GMT', u'content-type': 'application/json', u'connection': 'close', u'x-openstack-request-id': 'req-e00ccc01-51f8-4f09-a336-3dcdf1ea46bf'} Body: {"NeutronError": {"message": "Trunk 44658335-c9e4-4830-b6af-9ac11d5efb70 could not be found.", "type": "TrunkNotFound", "detail": ""}} _log_request_full /root/.rally/verification/verifier-ad97c159-371e-4fe8-8d98-86766365668c/repo/tempest/lib/common/rest_client.py:434
2018-12-31 14:52:03.880 17921 INFO tempest.lib.common.rest_client [req-62f66583-cb99-4f41-a9af-f5ecda58750e ] Request (TrunkTestJSON:_run_cleanups): 404 GET http://10.167.4.35:9696/v2.0/trunks/3e67ed75-c574-4d9c-9b4c-d7e1cc32f0bc/get_subports 0.037s
2018-12-31 14:52:03.881 17921 DEBUG tempest.lib.common.rest_client [req-62f66583-cb99-4f41-a9af-f5ecda58750e ] Request - Headers: {'Content-Type': 'application/json', 'Accept': 'application/json', 'X-Auth-Token': ''} Body: None Response - Headers: {'status': '404', u'content-length': '134', 'content-location': 'http://10.167.4.35:9696/v2.0/trunks/3e67ed75-c574-4d9c-9b4c-d7e1cc32f0bc/get_subports', u'date': 'Mon, 31 Dec 2018 14:52:03 GMT', u'content-type': 'application/json', u'connection': 'close', u'x-openstack-request-id': 'req-62f66583-cb99-4f41-a9af-f5ecda58750e'} Body: {"NeutronError": {"message": "Trunk 3e67ed75-c574-4d9c-9b4c-d7e1cc32f0bc could not be found.", "type": "TrunkNotFound", "detail": ""}} _log_request_full /root/.rally/verification/verifier-ad97c159-371e-4fe8-8d98-86766365668c/repo/tempest/lib/common/rest_client.py:434
2018-12-31 14:52:03.894 17923 INFO tempest.lib.common.rest_client [req-3be6eaf9-5032-44bf-a2bc-e863ce3bcd5b ] Request (TestTrunkDetailsJSON:tearDownClass): 204 DELETE http://10.167.4.35:5000/v3/users/5d5941a4952749268969d17b4007d316 0.078s
2018-12-31 14:52:03.895 17923 DEBUG tempest.lib.common.rest_client [req-3be6eaf9-5032-44bf-a2bc-e863ce3bcd5b ] Request - Headers: {'Content-Type': 'application/json', 'Accept': 'application/json', 'X-Auth-Token': ''} Body: None Response - Headers: {'status': '204', 'content-location': 'http://10.167.4.35:5000/v3/users/5d5941a4952749268969d17b4007d316', u'vary': 'X-Auth-Token', u'server': 'Apache', u'connection': 'close', u'date': 'Mon, 31 Dec 2018 14:52:03 GMT', u'x-openstack-request-id': 'req-3be6eaf9-5032-44bf-a2bc-e863ce3bcd5b', u'x-distribution': 'Ubuntu'} Body: _log_request_full /root/.rally/verification/verifier-ad97c159-371e-4fe8-8d98-86766365668c/repo/tempest/lib/common/rest_client.py:434
2018-12-31 14:52:03.903 17921 INFO tempest.lib.common.rest_client [req-6806fc03-928a-453c-8f7a-0e77e23bf01e ] Request (TrunkTestJSON:_run_cleanups): 404 DELETE http://10.167.4.35:9696/v2.0/trunks/3e67ed75-c574-4d9c-9b4c-d7e1cc32f0bc 0.021s
2018-12-31 14:52:03.904 17921 DEBUG tempest.lib.common.rest_client [req-6806fc03-928a-453c-8f7a-0e77e23bf01e ] Request - Headers: {'Content-Type': 'application/json', 'Accept': 'application/json', 'X-Auth-Token': ''} Body: None Response - Headers: {'status': '404', u'content-length': '134', 'content-location': 'http://10.167.4.35:9696/v2.0/trunks/3e67ed75-c574-4d9c-9b4c-d7e1cc32f0bc', u'date': 'Mon, 31 Dec 2018 14:52:03 GMT', u'content-type': 'application/json', u'connection': 'close', u'x-openstack-request-id': 'req-6806fc03-928a-453c-8f7a-0e77e23bf01e'} Body: {"NeutronError": {"message": "Trunk 3e67ed75-c574-4d9c-9b4c-d7e1cc32f0bc could not be found.", "type": "TrunkNotFound", "detail": ""}} _log_request_full /root/.rally/verification/verifier-ad97c159-371e-4fe8-8d98-86766365668c/repo/tempest/lib/common/rest_client.py:434
2018-12-31 14:52:03.930 17924 INFO tempest.lib.common.rest_client [req-892e12a4-9e3b-477b-9b5c-7a800dd48c2b ] Request (TrunksSearchCriteriaTest:tearDownClass): 201 POST http://10.167.4.35:35357/v3/auth/tokens
