2018-12-23 03:46:22.355 17916 DEBUG tempest.lib.common.rest_client [req-819f46bc-52bb-4330-a0ca-3a2a7f443308 ] Request - Headers: {'Content-Type': 'application/json', 'Accept': 'application/json', 'X-Auth-Token': ''} Body: {"network": {"name": "tempest-test-network--1831499658"}} Response - Headers: {'status': '201', u'content-length': '569', 'content-location': 'http://10.167.4.35:9696/v2.0/networks', u'date': 'Sun, 23 Dec 2018 03:46:22 GMT', u'content-type': 'application/json', u'connection': 'close', u'x-openstack-request-id': 'req-819f46bc-52bb-4330-a0ca-3a2a7f443308'} Body: {"network":{"status":"ACTIVE","router:external":false,"availability_zone_hints":[],"availability_zones":[],"description":"","subnets":[],"shared":false,"tenant_id":"157f41adb2104f2c82248a0343b89191","created_at":"2018-12-23T03:46:22Z","tags":[],"ipv6_address_scope":null,"mtu":1450,"updated_at":"2018-12-23T03:46:22Z","admin_state_up":true,"revision_number":2,"ipv4_address_scope":null,"is_default":false,"port_security_enabled":true,"project_id":"157f41adb2104f2c82248a0343b89191","id":"4991863d-d0e7-4018-b151-8f4012238042","name":"tempest-test-network--1831499658"}} _log_request_full /root/.rally/verification/verifier-87e7a254-39eb-4875-95e9-44d8d353dd56/repo/tempest/lib/common/rest_client.py:434
2018-12-23 03:46:23.321 17920 INFO tempest.lib.common.rest_client [req-2421a431-d014-4bf6-aa89-26f48b2d32fd ] Request (TrunkTestJSON:test_create_subport_nonexistent_port_id): 201 POST http://10.167.4.35:9696/v2.0/ports 1.029s
2018-12-23 03:46:23.322 17920 DEBUG tempest.lib.common.rest_client [req-2421a431-d014-4bf6-aa89-26f48b2d32fd ] Request - Headers: {'Content-Type': 'application/json', 'Accept': 'application/json', 'X-Auth-Token': ''} Body: {"port": {"network_id": "05522555-a3d3-46d1-bcf7-db0a69fb2720"}} Response - Headers: {'status': '201', u'content-length': '615', 'content-location': 'http://10.167.4.35:9696/v2.0/ports', u'date': 'Sun, 23 Dec 2018 03:46:23 GMT', u'content-type': 'application/json', u'connection': 'close', u'x-openstack-request-id': 'req-2421a431-d014-4bf6-aa89-26f48b2d32fd'} Body: {"port":{"status":"DOWN","created_at":"2018-12-23T03:46:22Z","description":"","allowed_address_pairs":[],"tags":[],"network_id":"05522555-a3d3-46d1-bcf7-db0a69fb2720","tenant_id":"39e4e7f0b9824035811879fc7f676b46","extra_dhcp_opts":[],"admin_state_up":true,"updated_at":"2018-12-23T03:46:23Z","name":"","device_owner":"","revision_number":5,"mac_address":"fa:16:3e:d5:c9:25","binding:vnic_type":"normal","port_security_enabled":true,"project_id":"39e4e7f0b9824035811879fc7f676b46","fixed_ips":[],"id":"1a0b068a-a25b-4034-befe-aab28e002ac6","security_groups":["02e7c1be-7bf3-4895-8ede-d62508bc5c8f"],"device_id":""}} _log_request_full /root/.rally/verification/verifier-87e7a254-39eb-4875-95e9-44d8d353dd56/repo/tempest/lib/common/rest_client.py:434
2018-12-23 03:46:23.375 17916 INFO tempest.lib.common.rest_client [req-31796eb0-dab5-4675-902e-a6c37fd4ddb7 ] Request (TrunkTestJSON:test_delete_trunk_with_subport_is_allowed): 201 POST http://10.167.4.35:9696/v2.0/ports 1.019s
2018-12-23 03:46:23.376 17916 DEBUG tempest.lib.common.rest_client [req-31796eb0-dab5-4675-902e-a6c37fd4ddb7 ] Request - Headers: {'Content-Type': 'application/json', 'Accept': 'application/json', 'X-Auth-Token': ''} Body: {"port": {"network_id": "4991863d-d0e7-4018-b151-8f4012238042"}} Response - Headers: {'status': '201', u'content-length': '615', 'content-location': 'http://10.167.4.35:9696/v2.0/ports', u'date': 'Sun, 23 Dec 2018 03:46:23 GMT', u'content-type': 'application/json', u'connection': 'close', u'x-openstack-request-id': 'req-31796eb0-dab5-4675-902e-a6c37fd4ddb7'} Body: {"port":{"status":"DOWN","created_at":"2018-12-23T03:46:22Z","description":"","allowed_address_pairs":[],"tags":[],"network_id":"4991863d-d0e7-4018-b151-8f4012238042","tenant_id":"157f41adb2104f2c82248a0343b89191","extra_dhcp_opts":[],"admin_state_up":true,"updated_at":"2018-12-23T03:46:22Z","name":"","device_owner":"","revision_number":5,"mac_address":"fa:16:3e:88:5f:33","binding:vnic_type":"normal","port_security_enabled":true,"project_id":"157f41adb2104f2c82248a0343b89191","fixed_ips":[],"id":"dbeca26f-ba95-49c8-aa5d-2972d3732318","security_groups":["77bb3277-fe6e-49db-b9a3-d8fe453d9951"],"device_id":""}} _log_request_full /root/.rally/verification/verifier-87e7a254-39eb-4875-95e9-44d8d353dd56/repo/tempest/lib/common/rest_client.py:434
2018-12-23 03:46:23.704 17920 INFO tempest.lib.common.rest_client [req-49280fd8-3921-4a34-b43f-2e4ce12957d0 ] Request (TrunkTestJSON:test_create_subport_nonexistent_port_id): 201 POST http://10.167.4.35:9696/v2.0/trunks 0.381s
2018-12-23 03:46:23.704 17920 DEBUG tempest.lib.common.rest_client [req-49280fd8-3921-4a34-b43f-2e4ce12957d0 ] Request - Headers: {'Content-Type': 'application/json', 'Accept': 'application/json', 'X-Auth-Token': ''} Body: {"trunk": {"sub_ports": [], "port_id": "1a0b068a-a25b-4034-befe-aab28e002ac6"}} Response - Headers: {'status': '201', u'content-length': '407', 'content-location': 'http://10.167.4.35:9696/v2.0/trunks', u'date': 'Sun, 23 Dec 2018 03:46:23 GMT', u'content-type': 'application/json', u'connection': 'close', u'x-openstack-request-id': 'req-49280fd8-3921-4a34-b43f-2e4ce12957d0'} Body: {"trunk": {"status": "DOWN", "sub_ports": [], "name": "", "admin_state_up": true, "tenant_id": "39e4e7f0b9824035811879fc7f676b46", "created_at": "2018-12-23T03:46:23Z", "tags": [], "updated_at": "2018-12-23T03:46:23Z", "revision_number": 0, "project_id": "39e4e7f0b9824035811879fc7f676b46", "port_id": "1a0b068a-a25b-4034-befe-aab28e002ac6", "id": "0e00c581-b168-48de-a95b-93b9fa60b80a", "description": ""}} _log_request_full /root/.rally/verification/verifier-87e7a254-39eb-4875-95e9-44d8d353dd56/repo/tempest/lib/common/rest_client.py:434
2018-12-23 03:46:23.965 17916 INFO tempest.lib.common.rest_client [req-698f860f-8831-4ac2-a772-080604e64971 ] Request (TrunkTestJSON:test_delete_trunk_with_subport_is_allowed): 201 POST http://10.167.4.35:9696/v2.0/trunks 0.587s
2018-12-23 03:46:23.965 17916 DEBUG tempest.lib.common.rest_client [req-698f860f-8831-4ac2-a772-080604e64971 ] Request - Headers: {'Content-Type': 'application/json', 'Accept': 'application/json', 'X-Auth-Token': ''} Body: {"trunk": {"sub_ports": [{"segmentation_type": "vlan", "port_id": "e42a1d79-120f-4aed-8218-2a77abf996fb", "segmentation_id": 2}], "port_id": "dbeca26f-ba95-49c8-aa5d-2972d3732318"}} Response - Headers: {'status': '201', u'content-length': '509', 'content-location': 'http://10.167.4.35:9696/v2.0/trunks', u'date': 'Sun, 23 Dec 2018 03:46:23 GMT', u'content-type': 'application/json', u'connection': 'close', u'x-openstack-request-id': 'req-698f860f-8831-4ac2-a772-080604e64971'} Body: {"trunk": {"status": "DOWN", "sub_ports": [{"segmentation_type": "vlan", "port_id": "e42a1d79-120f-4aed-8218-2a77abf996fb", "segmentation_id": 2}], "name": "", "admin_state_up": true, "tenant_id": "157f41adb2104f2c82248a0343b89191", "created_at": "2018-12-23T03:46:23Z", "tags": [], "updated_at": "2018-12-23T03:46:23Z", "revision_number": 0, "project_id": "157f41adb2104f2c82248a0343b89191", "port_id": "dbeca26f-ba95-49c8-aa5d-2972d3732318", "id": "88c2a41d-5fdf-430c-98df-950215fa4ae5", "description": ""}} _log_request_full /root/.rally/verification/verifier-87e7a254-39eb-4875-95e9-44d8d353dd56/repo/tempest/lib/common/rest_client.py:434
2018-12-23 03:46:24.024 17920 INFO tempest.lib.common.rest_client [req-c0aba750-9c1d-4e4d-9945-107d1ebfd547 ] Request (TrunkTestJSON:test_create_subport_nonexistent_port_id): 404 PUT http://10.167.4.35:9696/v2.0/trunks/0e00c581-b168-48de-a95b-93b9fa60b80a/add_subports 0.318s
2018-12-23 03:46:24.025 17920 DEBUG tempest.lib.common.rest_client [req-c0aba750-9c1d-4e4d-9945-107d1ebfd547 ] Request - Headers: {'Content-Type': 'application/json', 'Accept': 'application/json', 'X-Auth-Token': ''} Body: {"sub_ports": [{"segmentation_type": "vlan", "port_id": "dc42dc8b-1844-40df-8a4c-942cd6faa786", "segmentation_id": 2}]} Response - Headers: {'status': '404', u'content-length': '132', 'content-location': 'http://10.167.4.35:9696/v2.0/trunks/0e00c581-b168-48de-a95b-93b9fa60b80a/add_subports', u'date': 'Sun, 23 Dec 2018 03:46:24 GMT', u'content-type': 'application/json', u'connection': 'close', u'x-openstack-request-id': 'req-c0aba750-9c1d-4e4d-9945-107d1ebfd547'} Body: {"NeutronError": {"message": "Port dc42dc8b-1844-40df-8a4c-942cd6faa786 could not be found.", "type": "PortNotFound", "detail": ""}} _log_request_full /root/.rally/verification/verifier-87e7a254-39eb-4875-95e9-44d8d353dd56/repo/tempest/lib/common/rest_client.py:434
2018-12-23 03:46:24.056 17920 INFO tempest.lib.common.rest_client [req-e8298204-facf-4081-8008-a0ff920924dd ] Request (TrunkTestJSON:_run_cleanups): 404 GET http://10.167.4.35:9696/v2.0/trunks/17362030-4044-4653-a4a0-218ded9d9af2/get_subports 0.029s
2018-12-23 03:46:24.057 17920 DEBUG tempest.lib.common.rest_client [req-e8298204-facf-4081-8008-a0ff920924dd ] Request - Headers: {'Content-Type': 'application/json', 'Accept': 'application/json', 'X-Auth-Token': ''} Body: None Response - Headers: {'status': '404', u'content-length': '134', 'content-location': 'http://10.167.4.35:9696/v2.0/trunks/17362030-4044-4653-a4a0-218ded9d9af2/get_subports', u'date': 'Sun, 23 Dec 2018 03:46:24 GMT', u'content-type': 'application/json', u'connection': 'close', u'x-openstack-request-id': 'req-e8298204-facf-4081-8008-a0ff920924dd'} Body: {"NeutronError": {"message": "Trunk 17362030-4044-4653-a4a0-218ded9d9af2 could not be found.", "type": "TrunkNotFound", "detail": ""}} _log_request_full /root/.rally/verification/verifier-87e7a254-39eb-4875-95e9-44d8d353dd56/repo/tempest/lib/common/rest_client.py:434
2018-12-23 03:46:24.084 17920 INFO tempest.lib.common.rest_client [req-c2a9880e-2d7b-4228-8287-551cf717d0dc ] Request (TrunkTestJSON:_run_cleanups): 404 DELETE http://10.167.4.35:9696/v2.0/trunks/17362030-4044-4653-a4a0-218ded9d9af2 0.026s
2018-12-23 03:46:24.085 17920 DEBUG tempest.lib.common.rest_client [req-c2a9880e-2d7b-4228-8287-551cf717d0dc ] Request - Headers: {'Content-Type': 'application/json', 'Accept': 'application/json', 'X-Auth-Token': ''} Body: None Response - Headers: {'status': '404', u'content-length': '134', 'content-location': 'http://10.167.4.35:9696/v2.0/trunks/17362030-4044-4653-a4a0-218ded9d9af2', u'date': 'Sun, 23 Dec 2018 03:46:24 GMT', u'content-type': 'application/json', u'connection': 'close', u'x-openstack-request-id': 'req-c2a9880e-2d7b-4228-8287-551cf717d0dc'} Body: {"NeutronError": {"message": "Trunk 17362030-4044-4653-a4a0-218ded9d9af2 could not be found.", "type": "TrunkNotFound", "detail": ""}} _log_request_full /root/.rally/verification/verifier-87e7a254-39eb-4875-95e9-44d8d353dd56/repo/tempest/lib/common/rest_client.py:434
2018-12-23 03:46:24.111 17920 INFO tempest.lib.common.rest_client [req-a1e25cb4-8b7d-42a2-8895-9a01b1c3319c ] Request (TrunkTestJSON:_run_cleanups): 404 GET http://10.167.4.35:9696/v2.0/trunks/d36923ea-11d7-4571-9f64-90cc5b721225/get_subports 0.025s
2018-12-23 03:46:24.111 17920 DEBUG tempest.lib.common.rest_client [req-a1e25cb4-8b7d-42a2-8895-9a01b1c3319c ] Request - Headers: {'Content-Type': 'application/json', 'Accept': 'application/json', 'X-Auth-Token': ''} Body: None Response - Headers: {'status': '404', u'content-length': '134', 'content-location': 'http://10.167.4.35:9696/v2.0/trunks/d36923ea-11d7-4571-9f64-90cc5b721225/get_subports', u'date': 'Sun, 23 Dec 2018 03:46:24 GMT', u'content-type': 'application/json', u'connection': 'close', u'x-openstack-request-id': 'req-a1e25cb4-8b7d-42a2-8895-9a01b1c3319c'} Body: {"NeutronError": {"message": "Trunk d36923ea-11d7-4571-9f64-90cc5b721225 could not be found.", "type": "TrunkNotFound", "detail": ""}} _log_request_full /root/.rally/verification/verifier-87e7a254-39eb-4875-95e9-44d8d353dd56/repo/tempest/lib/common/rest_client.py:434
2018-12-23 03:46:24.141 17920 INFO tempest.lib.common.rest_client [req-f19b6546-8b14-49c5-8ac3-11693ca59044 ] Request (TrunkTestJSON:_run_cleanups): 404 DELETE http://10.167.4.35:9696/v2.0/trunks/d36923ea-11d7-4571-9f64-90cc5b721225 0.029s
2018-12-23 03:46:24.142 17920 DEBUG tempest.lib.common.rest_client [req-f19b6546-8b14-49c5-8ac3-11693ca59044 ] Request - Headers: {'Content-Type': 'application/json', 'Accept': 'application/json', 'X-Auth-Token': ''} Body: None Response - Headers: {'status': '404', u'content-length': '134', 'content-location': 'http://10.167.4.35:9696/v2.0/trunks/d36923ea-11d7-4571-9f64-90cc5b721225', u'date': 'Sun, 23 Dec 2018 03:46:24 GMT', u'content-type': 'application/json', u'connection': 'close', u'x-openstack-request-id': 'req-f19b6546-8b14-49c5-8ac3-11693ca59044'} Body: {"NeutronError": {"message": "Trunk d36923ea-11d7-4571-9f64-90cc5b721225 could not be found.", "type": "TrunkNotFound", "detail": ""}} _log_request_full /root/.rally/verification/verifier-87e7a254-39eb-4875-95e9-44d8d353dd56/repo/tempest/lib/common/rest_client.py:434
2018-12-23 03:46:24.177 17920 INFO tempest.lib.common.rest_client [req-f13f3962-63c7-4d9c-9eba-c6528b3f583e ] Request (TrunkTestJSON:_run_cleanups): 404 GET http://10.167.4.35:9696/v2.0/trunks/0b21bd6e-8ce5-495f-8749-c70102f8c457/get_subports 0.034s
2018-12-23 03:46:24.177 17920 DEBUG tempest.lib.common.rest_client [req-f13f3962-63c7-4d9c-9eba-c6528b3f583e ] Request - Headers: {'Content-Type': 'application/json', 'Accept': 'application/json', 'X-Auth-Token': ''} Body: None Response - Headers: {'status': '404', u'content-length': '134', 'content-location': 'http://10.167.4.35:9696/v2.0/trunks/0b21bd6e-8ce5-495f-8749-c70102f8c457/get_subports', u'date': 'Sun, 23 Dec 2018 03:46:24 GMT', u'content-type': 'application/json', u'connection': 'close', u'x-openstack-request-id': 'req-f13f3962-63c7-4d9c-9eba-c6528b3f583e'} Body: {"NeutronError": {"message": "Trunk 0b21bd6e-8ce5-495f-8749-c70102f8c457 could not be found.", "type": "TrunkNotFound", "detail": ""}} _log_request_full /root/.rally/verification/verifier-87e7a254-39eb-4875-95e9-44d8d353dd56/repo/tempest/lib/common/rest_client.py:434
2018-12-23 03:46:24.179 17916 INFO tempest.lib.common.rest_client [req-dc34660b-2e58-4473-a59b-318c4485542c ] Request (TrunkTestJSON:test_delete_trunk_with_subport_is_allowed): 204 DELETE http://10.167.4.35:9696/v2.0/trunks/88c2a41d-5fdf-430c-98df-950215fa4ae5 0.213s
2018-12-23 03:46:24.180 17916 DEBUG tempest.lib.common.rest_client [req-dc34660b-2e58-4473-a59b-318c4485542c ] Request - Headers: {'Content-Type': 'application/json', 'Accept': 'application/json', 'X-Auth-Token': ''} Body: None Response - Headers: {'status': '204', u'content-length': '0', 'content-location': 'http://10.167.4.35:9696/v2.0/trunks/88c2a41d-5fdf-430c-98df-950215fa4ae5', u'date': 'Sun, 23 Dec 2018 03:46:24 GMT', u'connection': 'close', u'x-openstack-request-id': 'req-dc34660b-2e58-4473-a59b-318c4485542c'} Body: _log_request_full /root/.rally/verification/verifier-87e7a254-39eb-4875-95e9-44d8d353dd56/repo/tempest/lib/common/rest_client.py:434
2018-12-23 03:46:24.206 17916 INFO tempest.lib.common.rest_client [req-00fb35b9-522a-40ab-b7c7-d0f35acc29f1 ] Request (TrunkTestJSON:_run_cleanups): 404 GET http://10.167.4.35:9696/v2.0/trunks/6d9ca426-99d5-4c49-ad2d-4781e5b4c577/get_subports 0.024s
2018-12-23 03:46:24.206 17920 INFO tempest.lib.common.rest_client [req-66ed2250-c471-460b-9e03-569ddf08c4ea ] Request (TrunkTestJSON:_run_cleanups): 404 DELETE http://10.167.4.35:9696/v2.0/trunks/0b21bd6e-8ce5-495f-8749-c70102f8c457 0.028s
2018-12-23 03:46:24.206 17916 DEBUG tempest.lib.common.rest_client [req-00fb35b9-522a-40ab-b7c7-d0f35acc29f1 ] Request - Headers: {'Content-Type': 'application/json', 'Accept': 'application/json', 'X-Auth-Token': ''} Body: None Response - Headers: {'status': '404', u'content-length': '134', 'content-location': 'http://10.167.4.35:9696/v2.0/trunks/6d9ca426-99d5-4c49-ad2d-4781e5b4c577/get_subports', u'date': 'Sun, 23 Dec 2018 03:46:24 GMT', u'content-type': 'application/json', u'connection': 'close', u'x-openstack-request-id': 'req-00fb35b9-522a-40ab-b7c7-d0f35acc29f1'} Body: {"NeutronError": {"message": "Trunk 6d9ca426-99d5-4c49-ad2d-4781e5b4c577 could not be found.", "type": "TrunkNotFound", "detail": ""}} _log_request_full /root/.rally/verification/verifier-87e7a254-39eb-4875-95e9-44d8d353dd56/repo/tempest/lib/common/rest_client.py:434
2018-12-23 03:46:24.206 17920 DEBUG tempest.lib.common.rest_client [req-66ed2250-c471-460b-9e03-569ddf08c4ea ] Request - Headers: {'Content-Type': 'application/json', 'Accept': 'application/json', 'X-Auth-Token': ''} Body: None Response - Headers: {'status': '404', u'content-length': '134', 'content-location': 'http://10.167.4.35:9696/v2.0/trunks/0b21bd6e-8ce5-495f-8749-c70102f8c457', u'date': 'Sun, 23 Dec 2018 03:46:24 GMT', u'content-type': 'application/json', u'connection': 'close', u'x-openstack-request-id': 'req-66ed2250-c471-460b-9e03-569ddf08c4ea'} Body: {"NeutronError": {"message": "Trunk 0b21bd6e-8ce5-495f-8749-c70102f8c457 could not be found.", "type": "TrunkNotFound", "detail": ""}} _log_request_full /root/.rally/verification/verifier-87e7a254-39eb-4875-95e9-44d8d353dd56/repo/tempest/lib/common/rest_client.py:434
2018-12-23 03:46:24.227 17920 INFO tempest.lib.common.rest_client [req-57332f09-0dd6-4598-89e3-ee3780751d28 ] Request (TrunkTestJSON:_run_cleanups): 404 GET http://10.167.4.35:9696/v2.0/trunks/d31babe6-a7fe-47d8-a637-ec3784e65dc1/get_subports 0.019s
2018-12-23 03:46:24.227 17920 DEBUG tempest.lib.common.rest_client [req-57332f09-0dd6-4598-89e3-ee3780751d28 ] Request - Headers: {'Content-Type': 'application/json', 'Accept': 'application/json', 'X-Auth-Token': ''} Body: None Response - Headers: {'status': '404', u'content-length': '134', 'content-location': 'http://10.167.4.35:9696/v2.0/trunks/d31babe6-a7fe-47d8-a637-ec3784e65dc1/get_subports', u'date': 'Sun, 23 Dec 2018 03:46:24 GMT', u'content-type': 'application/json', u'connection': 'close', u'x-openstack-request-id': 'req-57332f09-0dd6-4598-89e3-ee3780751d28'} Body: {"NeutronError": {"message": "Trunk d31babe6-a7fe-47d8-a637-ec3784e65dc1 could not be found.", "type": "TrunkNotFound", "detail": ""}} _log_request_full /root/.rally/verification/verifier-87e7a254-39eb-4875-95e9-44d8d353dd56/repo/tempest/lib/common/rest_client.py:434
2018-12-23 03:46:24.241 17916 INFO tempest.lib.common.rest_client [req-4641982c-23c3-4edc-827e-f0ca6f966b69 ] Request (TrunkTestJSON:_run_cleanups): 404 DELETE http://10.167.4.35:9696/v2.0/trunks/6d9ca426-99d5-4c49-ad2d-4781e5b4c577 0.034s
2018-12-23 03:46:24.242 17916 DEBUG tempest.lib.common.rest_client [req-4641982c-23c3-4edc-827e-f0ca6f966b69 ] Request - Headers: {'Content-Type': 'application/json', 'Accept': 'application/json', 'X-Auth-Token': ''} Body: None Response - Headers: {'status': '404', u'content-length': '134', 'content-location': 'http://10.167.4.35:9696/v2.0/trunks/6d9ca426-99d5-4c49-ad2d-4781e5b4c577', u'date': 'Sun, 23 Dec 2018 03:46:24 GMT', u'content-type': 'application/json', u'connection': 'close', u'x-openstack-request-id': 'req-4641982c-23c3-4edc-827e-f0ca6f966b69'} Body: {"NeutronError": {"message": "Trunk 6d9ca426-99d5-4c49-ad2d-4781e5b4c577 could not be found.", "type": "TrunkNotFound", "detail": ""}} _log_request_full /root/.rally/verification/verifier-87e7a254-39eb-4875-95e9-44d8d353dd56/repo/tempest/lib/common/rest_client.py:434
2018-12-23 03:46:24.257 17920 INFO tempest.lib.common.rest_client [req-f4ffaea3-01ff-4f63-aece-1aa881c49f65 ] Request (TrunkTestJSON:_run_cleanups): 404 DELETE http://10.167.4.35:9696/v2.0/trunks/d31babe6-a7fe-47d8-a637-ec3784e65dc1 0.029s
2018-12-23 03:46:24.257 17920 DEBUG tempest.lib.common.rest_client [req-f4ffaea3-01ff-4f63-aece-1aa881c49f65 ] Request - Headers: {'Content-Type': 'application/json', 'Accept': 'application/json', 'X-Auth-Token': ''} Body: None Response - Headers: {'status': '404', u'content-length': '134', 'content-location': 'http://10.167.4.35:9696/v2.0/trunks/d31babe6-a7fe-47d8-a637-ec3784e65dc1', u'date': 'Sun, 23 Dec 2018 03:46:24 GMT', u'content-type': 'application/json', u'connection': 'close', u'x-openstack-request-id': 'req-f4ffaea3-01ff-4f63-aece-1aa881c49f65'} Body: {"NeutronError": {"message": "Trunk d31babe6-a7fe-47d8-a637-ec3784e65dc1 could not be found.", "type": "TrunkNotFound", "detail": ""}} _log_request_full /root/.rally/verification/verifier-87e7a254-39eb-4875-95e9-44d8d353dd56/repo/tempest/lib/common/rest_client.py:434
2018-12-23 03:46:24.261 17916 INFO tempest.lib.common.rest_client [req-bd874928-08c4-4769-85ec-8cd5e62140a6 ] Request (TrunkTestJSON:_run_cleanups): 404 GET http://10.167.4.35:9696/v2.0/trunks/fec9f91d-75f1-4420-aa85-eea4a5d58bd1/get_subports 0.018s
2018-12-23 03:46:24.261 17916 DEBUG tempest.lib.common.rest_client [req-bd874928-08c4-4769-85ec-8cd5e62140a6 ] Request - Headers: {'Content-Type': 'application/json', 'Accept': 'application/json', 'X-Auth-Token': ''} Body: None Response - Headers: {'status': '404', u'content-length': '134', 'content-location': 'http://10.167.4.35:9696/v2.0/trunks/fec9f91d-75f1-4420-aa85-eea4a5d58bd1/get_subports', u'date': 'Sun, 23 Dec 2018 03:46:24 GMT', u'content-type': 'application/json', u'connection': 'close', u'x-openstack-request-id': 'req-bd874928-08c4-4769-85ec-8cd5e62140a6'} Body: {"NeutronError": {"message": "Trunk fec9f91d-75f1-4420-aa85-eea4a5d58bd1 could not be found.", "type": "TrunkNotFound", "detail": ""}} _log_request_full /root/.rally/verification/verifier-87e7a254-39eb-4875-95e9-44d8d353dd56/repo/tempest/lib/common/rest_client.py:434
2018-12-23 03:46:24.284 17920 INFO tempest.lib.common.rest_client [req-75981773-4e9e-46e7-a3f3-46172c7b4bc3 ] Request (TrunkTestJSON:_run_cleanups): 404 GET http://10.167.4.35:9696/v2.0/trunks/2da6bb86-e794-41b6-9fc7-47ccf16e5f2b/get_subports 0.026s
2018-12-23 03:46:24.285 17920 DEBUG tempest.lib.common.rest_client [req-75981773-4e9e-46e7-a3f3-46172c7b4bc3 ] Request - Headers: {'Content-Type': 'application/json', 'Accept': 'application/json', 'X-Auth-Token': ''} Body: None Response - Headers: {'status': '404', u'content-length': '134', 'content-location': 'http://10.167.4.35:9696/v2.0/trunks/2da6bb86-e794-41b6-9fc7-47ccf16e5f2b/get_subports', u'date': 'Sun, 23 Dec 2018 03:46:24 GMT', u'content-type': 'application/json', u'connection': 'close', u'x-openstack-request-id': 'req-75981773-4e9e-46e7-a3f3-46172c7b4bc3'} Body: {"NeutronError": {"message": "Trunk 2da6bb86-e794-41b6-9fc7-47ccf16e5f2b could not be found.", "type": "TrunkNotFound", "detail": ""}} _log_request_full /root/.rally/verification/verifier-87e7a254-39eb-4875-95e9-44d8d353dd56/repo/tempest/lib/common/rest_client.py:434
2018-12-23 03:46:24.296 17916 INFO tempest.lib.common.rest_client [req-0bb56905-3297-4150-b601-87edb2c2e676 ] Request (TrunkTestJSON:_run_cleanups): 404 DELETE http://10.167.4.35:9696/v2.0/trunks/fec9f91d-75f1-4420-aa85-eea4a5d58bd1 0.034s
2018-12-23 03:46:24.297 17916 DEBUG tempest.lib.common.rest_client [req-0bb56905-3297-4150-b601-87edb2c2e676 ] Request - Headers: {'Content-Type': 'application/json', 'Accept': 'application/json', 'X-Auth-Token': ''} Body: None Response - Headers: {'status': '404', u'content-length': '134', 'content-location': 'http://10.167.4.35:9696/v2.0/trunks/fec9f91d-75f1-4420-aa85-eea4a5d58bd1', u'date': 'Sun, 23 Dec 2018 03:46:24 GMT', u'content-type': 'application/json', u'connection': 'close', u'x-openstack-request-id': 'req-0bb56905-3297-4150-b601-87edb2c2e676'} Body: {"NeutronError": {"message": "Trunk fec9f91d-75f1-4420-aa85-eea4a5d58bd1 could not be found.", "type": "TrunkNotFound", "detail": ""}} _log_request_full /root/.rally/verification/verifier-87e7a254-39eb-4875-95e9-44d8d353dd56/repo/tempest/lib/common/rest_client.py:434
2018-12-23 03:46:24.310 17920 INFO tempest.lib.common.rest_client [req-0171b6f5-75b3-4bf0-bcd7-a3243a8bf882 ] Request (TrunkTestJSON:_run_cleanups): 404 DELETE http://10.167.4.35:9696/v2.0/trunks/2da6bb86-e794-41b6-9fc7-47ccf16e5f2b 0.024s
2018-12-23 03:46:24.311 17920 DEBUG tempest.lib.common.rest_client [req-0171b6f5-75b3-4bf0-bcd7-a3243a8bf882 ] Request - Headers: {'Content-Type': 'application/json', 'Accept': 'application/json', 'X-Auth-Token': ''} Body: None Response - Headers: {'status': '404', u'content-length': '134', 'content-location': 'http://10.167.4.35:9696/v2.0/trunks/2da6bb86-e794-41b6-9fc7-47ccf16e5f2b', u'date': 'Sun, 23 Dec 2018 03:46:24 GMT', u'content-type': 'application/json', u'connection': 'close', u'x-openstack-request-id': 'req-0171b6f5-75b3-4bf0-bcd7-a3243a8bf882'} Body: {"NeutronError": {"message": "Trunk 2da6bb86-e794-41b6-9fc7-47ccf16e5f2b could not be found.", "type": "TrunkNotFound", "detail": ""}} _log_request_full /root/.rally/verification/verifier-87e7a254-39eb-4875-95e9-44d8d353dd56/repo/tempest/lib/common/rest_client.py:434
2018-12-23 03:46:24.324 17916 INFO tempest.lib.common.rest_client [req-fb29cd50-90c3-41b3-a96f-bb6af0c41ba4 ] Request (TrunkTestJSON:_run_cleanups): 404 GET http://10.167.4.35:9696/v2.0/trunks/b6daa412-2a57-4f87-9dc0-413a57d39e5d/get_subports 0.026s
2018-12-23 03:46:24.324 17916 DEBUG tempest.lib.common.rest_client [req-fb29cd50-90c3-41b3-a96f-bb6af0c41ba4 ] Request - Headers: {'Content-Type': 'application/json', 'Accept': 'application/json', 'X-Auth-Token': ''} Body: None Response - Headers: {'status': '404', u'content-length': '134', 'content-location': 'http://10.167.4.35:9696/v2.0/trunks/b6daa412-2a57-4f87-9dc0-413a57d39e5d/get_subports', u'date': 'Sun, 23 Dec 2018 03:46:24 GMT', u'content-type': 'application/json', u'connection': 'close', u'x-openstack-request-id': 'req-fb29cd50-90c3-41b3-a96f-bb6af0c41ba4'} Body: {"NeutronError": {"message": "Trunk b6daa412-2a57-4f87-9dc0-413a57d39e5d could not be found.", "type": "TrunkNotFound", "detail": ""}} _log_request_full /root/.rally/verification/verifier-87e7a254-39eb-4875-95e9-44d8d353dd56/repo/tempest/lib/common/rest_client.py:434
2018-12-23 03:46:24.351 17916 INFO tempest.lib.common.rest_client [req-88751973-4e55-40b6-b814-e79bba2c3d47 ] Request (TrunkTestJSON:_run_cleanups): 404 DELETE http://10.167.4.35:9696/v2.0/trunks/b6daa412-2a57-4f87-9dc0-413a57d39e5d 0.026s
2018-12-23 03:46:24.352 17916 DEBUG tempest.lib.common.rest_client [req-88751973-4e55-40b6-b814-e79bba2c3d47 ] Request - Headers: {'Content-Type': 'application/json', 'Accept': 'application/json', 'X-Auth-Token': ''} Body: None Response - Headers: {'status': '404', u'content-length': '134', 'content-location': 'http://10.167.4.35:9696/v2.0/trunks/b6daa412-2a57-4f87-9dc0-413a57d39e5d', u'date': 'Sun, 23 Dec 2018 03:46:24 GMT', u'content-type': 'application/json', u'connection': 'close', u'x-openstack-request-id': 'req-88751973-4e55-40b6-b814-e79bba2c3d47'} Body: {"NeutronError": {"message": "Trunk b6daa412-2a57-4f87-9dc0-413a57d39e5d could not be found.", "type": "TrunkNotFound", "detail": ""}} _log_request_full /root/.rally/verification/verifier-87e7a254-39eb-4875-95e9-44d8d353dd56/repo/tempest/lib/common/rest_client.py:434
2018-12-23 03:46:24.358 17920 INFO tempest.lib.common.rest_client [req-e145e0d0-ef1d-4080-acfe-80fd6dfcc5a9 ] Request (TrunkTestJSON:_run_cleanups): 200 GET http://10.167.4.35:9696/v2.0/trunks/0e00c581-b168-48de-a95b-93b9fa60b80a/get_subports 0.046s
2018-12-23 03:46:24.358 17920 DEBUG tempest.lib.common.rest_client [req-e145e0d0-ef1d-4080-acfe-80fd6dfcc5a9 ] Request - Headers: {'Content-Type': 'application/json', 'Accept': 'application/json', 'X-Auth-Token': ''} Body: None Response - Headers: {'status': '200', u'content-length': '17', 'content-location': 'http://10.167.4.35:9696/v2.0/trunks/0e00c581-b168-48de-a95b-93b9fa60b80a/get_subports', u'date': 'Sun, 23 Dec 2018 03:46:24 GMT', u'content-type': 'application/json', u'connection': 'close', u'x-openstack-request-id': 'req-e145e0d0-ef1d-4080-acfe-80fd6dfcc5a9'} Body: {"sub_ports": []} _log_request_full /root/.rally/verification/verifier-87e7a254-39eb-4875-95e9-44d8d353dd56/repo/tempest/lib/common/rest_client.py:434
2018-12-23 03:46:24.377 17916 INFO tempest.lib.common.rest_client [req-59e40006-7efa-44e6-86e5-755689b8412e ] Request (TrunkTestJSON:_run_cleanups): 404 GET http://10.167.4.35:9696/v2.0/trunks/85de7864-8c63-43d6-85d3-e8d61b9cc7ff/get_subports 0.024s
2018-12-23 03:46:24.377 17916 DEBUG tempest.lib.common.rest_client [req-59e40006-7efa-44e6-86e5-755689b8412e ] Request - Headers: {'Content-Type': 'application/json', 'Accept': 'application/json', 'X-Auth-Token': ''} Body: None Response - Headers: {'status': '404', u'content-length': '134', 'content-location': 'http://10.167.4.35:9696/v2.0/trunks/85de7864-8c63-43d6-85d3-e8d61b9cc7ff/get_subports', u'date': 'Sun, 23 Dec 2018 03:46:24 GMT', u'content-type': 'application/json', u'connection': 'close', u'x-openstack-request-id': 'req-59e40006-7efa-44e6-86e5-755689b8412e'} Body: {"NeutronError": {"message": "Trunk 85de7864-8c63-43d6-85d3-e8d61b9cc7ff could not be found.", "type": "TrunkNotFound", "detail": ""}} _log_request_full /root/.rally/verification/verifier-87e7a254-39eb-4875-95e9-44d8d353dd56/repo/tempest/lib/common/rest_client.py:434
2018-12-23 03:46:24.406 17916 INFO tempest.lib.common.rest_client [req-edc8f506-ec4c-4640-9014-b92408ac46b2 ] Request (TrunkTestJSON:_run_cleanups): 404 DELETE http://10.167.4.35:9696/v2.0/trunks/85de7864-8c63-43d6-85d3-e8d61b9cc7ff 0.028s
2018-12-23 03:46:24.406 17916 DEBUG tempest.lib.common.rest_client [req-edc8f506-ec4c-4640-9014-b92408ac46b2 ] Request - Headers: {'Content-Type': 'application/json', 'Accept': 'application/json', 'X-Auth-Token': ''} Body: None Response - Headers: {'status': '404', u'content-length': '134', 'content-location': 'http://10.167.4.35:9696/v2.0/trunks/85de7864-8c63-43d6-85d3-e8d61b9cc7ff', u'date': 'Sun, 23 Dec 2018 03:46:24 GMT', u'content-type': 'application/json', u'connection': 'close', u'x-openstack-request-id': 'req-edc8f506-ec4c-4640-9014-b92408ac46b2'} Body: {"NeutronError": {"message": "Trunk 85de7864-8c63-43d6-85d3-e8d61b9cc7ff could not be found.", "type": "TrunkNotFound", "detail": ""}} _log_request_full /root/.rally/verification/verifier-87e7a254-39eb-4875-95e9-44d8d353dd56/repo/tempest/lib/common/rest_client.py:434
2018-12-23 03:46:24.428 17916 INFO tempest.lib.common.rest_client [req-47da6cce-fa6d-4022-b806-ac8ef38eeacb ] Request (TrunkTestJSON:_run_cleanups): 404 GET http://10.167.4.35:9696/v2.0/trunks/069d69d6-85e7-4d7c-b627-d501515dd79b/get_subports 0.021s
2018-12-23 03:46:24.428 17920 INFO tempest.lib.common.rest_client [req-3a012851-d6c9-4a9c-83d6-aa260329a55e ] Request (TrunkTestJSON:_run_cleanups): 200 PUT http://10.167.4.35:9696/v2.0/trunks/0e00c581-b168-48de-a95b-93b9fa60b80a/remove_subports 0.069s
2018-12-23 03:46:24.428 17920 DEBUG tempest.lib.common.rest_client [req-3a012851-d6c9-4a9c-83d6-aa260329a55e ] Request - Headers: {'Content-Type': 'application/json', 'Accept': 'application/json', 'X-Auth-Token': ''} Body: {"sub_ports": []} Response - Headers: {'status': '200', u'content-length': '396', 'content-location': 'http://10.167.4.35:9696/v2.0/trunks/0e00c581-b168-48de-a95b-93b9fa60b80a/remove_subports', u'date': 'Sun, 23 Dec 2018 03:46:24 GMT', u'content-type': 'application/json', u'connection': 'close', u'x-openstack-request-id': 'req-3a012851-d6c9-4a9c-83d6-aa260329a55e'} Body: {"status": "DOWN", "sub_ports": [], "name": "", "admin_state_up": true, "tenant_id": "39e4e7f0b9824035811879fc7f676b46", "created_at": "2018-12-23T03:46:23Z", "tags": [], "updated_at": "2018-12-23T03:46:24Z", "revision_number": 1, "project_id": "39e4e7f0b9824035811879fc7f676b46", "port_id": "1a0b068a-a25b-4034-befe-aab28e002ac6", "id": "0e00c581-b168-48de-a95b-93b9fa60b80a", "description": ""} _log_request_full /root/.rally/verification/verifier-87e7a254-39eb-4875-95e9-44d8d353dd56/repo/tempest/lib/common/rest_client.py:434
2018-12-23 03:46:24.428 17916 DEBUG tempest.lib.common.rest_client [req-47da6cce-fa6d-4022-b806-ac8ef38eeacb ] Request - Headers: {'Content-Type': 'application/json', 'Accept': 'application/json', 'X-Auth-Token': ''} Body: None Response - Headers: {'status': '404', u'content-length': '134', 'content-location': 'http://10.167.4.35:9696/v2.0/trunks/069d69d6-85e7-4d7c-b627-d501515dd79b/get_subports', u'date': 'Sun, 23 Dec 2018 03:46:24 GMT', u'content-type': 'application/json', u'connection': 'close', u'x-openstack-request-id': 'req-47da6cce-fa6d-4022-b806-ac8ef38eeacb'} Body: {"NeutronError": {"message": "Trunk 069d69d6-85e7-4d7c-b627-d501515dd79b could not be found.", "type": "TrunkNotFound", "detail": ""}} _log_request_full /root/.rally/verification/verifier-87e7a254-39eb-4875-95e9-44d8d353dd56/repo/tempest/lib/common/rest_client.py:434
2018-12-23 03:46:24.459 17916 INFO tempest.lib.common.rest_client [req-64bdfc94-a4ad-415b-be07-d6be9041c654 ] Request (TrunkTestJSON:_run_cleanups): 404 DELETE http://10.167.4.35:9696/v2.0/trunks/069d69d6-85e7-4d7c-b627-d501515dd79b 0.029s
2018-12-23 03:46:24.459 17916 DEBUG tempest.lib.common.rest_client [req-64bdfc94-a4ad-415b-be07-d6be9041c654 ] Request - Headers: {'Content-Type': 'application/json', 'Accept': 'application/json', 'X-Auth-Token': ''} Body: None Response - Headers: {'status': '404', u'content-length': '134', 'content-location': 'http://10.167.4.35:9696/v2.0/trunks/069d69d6-85e7-4d7c-b627-d501515dd79b', u'date': 'Sun, 23 Dec 2018 03:46:24 GMT', u'content-type': 'application/json', u'connection': 'close', u'x-openstack-request-id': 'req-64bdfc94-a4ad-415b-be07-d6be9041c654'} Body: {"NeutronError": {"message": "Trunk 069d69d6-85e7-4d7c-b627-d501515dd79b could not be found.", "type": "TrunkNotFound", "detail": ""}} _log_request_full /root/.rally/verification/verifier-87e7a254-39eb-4875-95e9-44d8d353dd56/repo/tempest/lib/common/rest_client.py:434
2018-12-23 03:46:24.488 17916 INFO tempest.lib.common.rest_client [req-5d96a13f-06b7-4200-94a6-ea29462dd5aa ] Request (TrunkTestJSON:_run_cleanups): 404 GET http://10.167.4.35:9696/v2.0/trunks/952f40a0-86d2-4094-9d3d-678679de0155/get_subports 0.028s
2018-12-23 03:46:24.488 17916 DEBUG tempest.lib.common.rest_client [req-5d96a13f-06b7-4200-94a6-ea29462dd5aa ] Request - Headers: {'Content-Type': 'application/json', 'Accept': 'application/json', 'X-Auth-Token': ''} Body: None Response - Headers: {'status': '404', u'content-length': '134', 'content-location': 'http://10.167.4.35:9696/v2.0/trunks/952f40a0-86d2-4094-9d3d-678679de0155/get_subports', u'date': 'Sun, 23 Dec 2018 03:46:24 GMT', u'content-type': 'application/json', u'connection': 'close', u'x-openstack-request-id': 'req-5d96a13f-06b7-4200-94a6-ea29462dd5aa'} Body: {"NeutronError": {"message": "Trunk 952f40a0-86d2-4094-9d3d-678679de0155 could not be found.", "type": "TrunkNotFound", "detail": ""}} _log_request_full /root/.rally/verification/verifier-87e7a254-39eb-4875-95e9-44d8d353dd56/repo/tempest/lib/common/rest_client.py:434
2018-12-23 03:46:24.522 17916 INFO tempest.lib.common.rest_client [req-bd1188e6-fc6a-41a3-8af5-4b69c226e8d5 ] Request (TrunkTestJSON:_run_cleanups): 404 DELETE http://10.167.4.35:9696/v2.0/trunks/952f40a0-86d2-4094-9d3d-678679de0155 0.032s
2018-12-23 03:46:24.522 17916 DEBUG tempest.lib.common.rest_client [req-bd1188e6-fc6a-41a3-8af5-4b69c226e8d5 ] Request - Headers: {'Content-Type': 'application/json', 'Accept': 'application/json', 'X-Auth-Token': ''} Body: None Response - Headers: {'status': '404', u'content-length': '134', 'content-location': 'http://10.167.4.35:9696/v2.0/trunks/952f40a0-86d2-4094-9d3d-678679de0155', u'date': 'Sun, 23 Dec 2018 03:46:24 GMT', u'content-type': 'application/json', u'connection': 'close', u'x-openstack-request-id': 'req-bd1188e6-fc6a-41a3-8af5-4b69c226e8d5'} Body: {"NeutronError": {"message": "Trunk 952f40a0-86d2-4094-9d3d-678679de0155 could not be found.", "type": "TrunkNotFound", "detail": ""}} _log_request_full /root/.rally/verification/verifier-87e7a254-39eb-4875-95e9-44d8d353dd56/repo/tempest/lib/common/rest_client.py:434
2018-12-23 03:46:24.551 17916 INFO tempest.lib.common.rest_client [req-02351dd9-9a0a-4713-b97f-e196ded09209 ] Request (TrunkTestJSON:_run_cleanups): 404 GET http://10.167.4.35:9696/v2.0/trunks/88c2a41d-5fdf-430c-98df-950215fa4ae5/get_subports 0.027s
2018-12-23 03:46:24.551 17916 DEBUG tempest.lib.common.rest_client [req-02351dd9-9a0a-4713-b97f-e196ded09209 ] Request - Headers: {'Content-Type': 'application/json', 'Accept': 'application/json', 'X-Auth-Token': ''} Body: None Response - Headers: {'status': '404', u'content-length': '134', 'content-location': 'http://10.167.4.35:9696/v2.0/trunks/88c2a41d-5fdf-430c-98df-950215fa4ae5/get_subports', u'date': 'Sun, 23 Dec 2018 03:46:24 GMT', u'content-type': 'application/json', u'connection': 'close', u'x-openstack-request-id': 'req-02351dd9-9a0a-4713-b97f-e196ded09209'} Body: {"NeutronError": {"message": "Trunk 88c2a41d-5fdf-430c-98df-950215fa4ae5 could not be found.", "type": "TrunkNotFound", "detail": ""}} _log_request_full /root/.rally/verification/verifier-87e7a254-39eb-4875-95e9-44d8d353dd56/repo/tempest/lib/common/rest_client.py:434
2018-12-23 03:46:24.582 17916 INFO tempest.lib.common.rest_client [req-51b89fb6-f53d-4511-a3ee-fbe880cb350c ] Request (TrunkTestJSON:_run_cleanups): 404 DELETE http://10.167.4.35:9696/v2.0/trunks/88c2a41d-5fdf-430c-98df-950215fa4ae5 0.029s
2018-12-23 03:46:24.582 17916 DEBUG tempest.lib.common.rest_client [req-51b89fb6-f53d-4511-a3ee-fbe880cb350c ] Request - Headers: {'Content-Type': 'application/json', 'Accept': 'application/json', 'X-Auth-Token': ''} Body: None Response - Headers: {'status': '404', u'content-length': '134', 'content-location': 'http://10.167.4.35:9696/v2.0/trunks/88c2a41d-5fdf-430c-98df-950215fa4ae5', u'date': 'Sun, 23 Dec 2018 03:46:24 GMT', u'content-type': 'application/json', u'connection': 'close', u'x-openstack-request-id': 'req-51b89fb6-f53d-4511-a3ee-fbe880cb350c'} Body: {"NeutronError": {"message": "Trunk 88c2a41d-5fdf-430c-98df-950215fa4ae5 could not be found.", "type": "TrunkNotFound", "detail": ""}} _log_request_full /root/.rally/verification/verifier-87e7a254-39eb-4875-95e9-44d8d353dd56/repo/tempest/lib/common/rest_client.py:434
2018-12-23 03:46:24.613 17916 INFO tempest.lib.common.rest_client [req-0fd083e4-a197-4690-b737-4f5116c10224 ] Request (TrunkTestJSON:_run_cleanups): 404 GET http://10.167.4.35:9696/v2.0/trunks/6d9ca426-99d5-4c49-ad2d-4781e5b4c577 0.030s
2018-12-23 03:46:24.613 17916 DEBUG tempest.lib.common.rest_client [req-0fd083e4-a197-4690-b737-4f5116c10224 ] Request - Headers: {'Content-Type': 'application/json', 'Accept': 'application/json', 'X-Auth-Token': ''} Body: None Response - Headers: {'status': '404', u'content-length': '134', 'content-location': 'http://10.167.4.35:9696/v2.0/trunks/6d9ca426-99d5-4c49-ad2d-4781e5b4c577', u'date': 'Sun, 23 Dec 2018 03:46:24 GMT', u'content-type': 'application/json', u'connection': 'close', u'x-openstack-request-id': 'req-0fd083e4-a197-4690-b737-4f5116c10224'} Body: {"NeutronError": {"message": "Trunk 6d9ca426-99d5-4c49-ad2d-4781e5b4c577 could not be found.", "type": "TrunkNotFound", "detail": ""}} _log_request_full /root/.rally/verification/verifier-87e7a254-39eb-4875-95e9-44d8d353dd56/repo/tempest/lib/common/rest_client.py:434
2018-12-23 03:46:24.640 17916 INFO tempest.lib.common.rest_client [req-63f8ae98-4344-4d50-9b11-97fc17c94bd3 ] Request (TrunkTestJSON:_run_cleanups): 404 GET http://10.167.4.35:9696/v2.0/trunks/fec9f91d-75f1-4420-aa85-eea4a5d58bd1 0.026s
2018-12-23 03:46:24.641 17916 DEBUG tempest.lib.common.rest_client [req-63f8ae98-4344-4d50-9b11-97fc17c94bd3 ] Request - Headers: {'Content-Type': 'application/json', 'Accept': 'application/json', 'X-Auth-Token': ''} Body: None Response - Headers: {'status': '404', u'content-length': '134', 'content-location': 'http://10.167.4.35:9696/v2.0/trunks/fec9f91d-75f1-4420-aa85-eea4a5d58bd1', u'date': 'Sun, 23 Dec 2018 03:46:24 GMT', u'content-type': 'application/json', u'connection': 'close', u'x-openstack-request-id': 'req-63f8ae98-4344-4d50-9b11-97fc17c94bd3'} Body: {"NeutronError": {"message": "Trunk fec9f91d-75f1-4420-aa85-eea4a5d58bd1 could not be found.", "type": "TrunkNotFound", "detail": ""}} _log_request_full /root/.rally/verification/verifier-87e7a254-39eb-4875-95e9-44d8d353dd56/repo/tempest/lib/common/rest_client.py:434
2018-12-23 03:46:24.665 17916 INFO tempest.lib.common.rest_client [req-d24aa8b8-6564-4f29-9ce9-09b3ee94e4f3 ] Request (TrunkTestJSON:_run_cleanups): 404 GET http://10.167.4.35:9696/v2.0/trunks/b6daa412-2a57-4f87-9dc0-413a57d39e5d 0.023s
2018-12-23 03:46:24.666 17916 DEBUG tempest.lib.common.rest_client [req-d24aa8b8-6564-4f29-9ce9-09b3ee94e4f3 ] Request - Headers: {'Content-Type': 'application/json', 'Accept': 'application/json', 'X-Auth-Token': ''} Body: None Response - Headers: {'status': '404', u'content-length': '134', 'content-location': 'http://10.167.4.35:9696/v2.0/trunks/b6daa412-2a57-4f87-9dc0-413a57d39e5d', u'date': 'Sun, 23 Dec 2018 03:46:24 GMT', u'content-type': 'application/json', u'connection': 'close', u'x-openstack-request-id': 'req-d24aa8b8-6564-4f29-9ce9-09b3ee94e4f3'} Body: {"NeutronError": {"message": "Trunk b6daa412-2a57-4f87-9dc0-413a57d39e5d could not be found.", "type": "TrunkNotFound", "detail": ""}} _log_request_full /root/.rally/verification/verifier-87e7a254-39eb-4875-95e9-44d8d353dd56/repo/tempest/lib/common/rest_client.py:434
2018-12-23 03:46:24.693 17916 INFO tempest.lib.common.rest_client [req-62ce5d92-c3a3-4cfb-9061-c5889302d71c ] Request (TrunkTestJSON:_run_cleanups): 404 GET http://10.167.4.35:9696/v2.0/trunks/85de7864-8c63-43d6-85d3-e8d61b9cc7ff 0.026s
2018-12-23 03:46:24.693 17916 DEBUG tempest.lib.common.rest_client [req-62ce5d92-c3a3-4cfb-9061-c5889302d71c ] Request - Headers: {'Content-Type': 'application/json', 'Accept': 'application/json', 'X-Auth-Token': ''} Body: None Response - Headers: {'status': '404', u'content-length': '134', 'content-location': 'http://10.167.4.35:9696/v2.0/trunks/85de7864-8c63-43d6-85d3-e8d61b9cc7ff', u'date': 'Sun, 23 Dec 2018 03:46:24 GMT', u'content-type': 'application/json', u'connection': 'close', u'x-openstack-request-id': 'req-62ce5d92-c3a3-4cfb-9061-c5889302d71c'} Body: {"NeutronError": {"message": "Trunk 85de7864-8c63-43d6-85d3-e8d61b9cc7ff could not be found.", "type": "TrunkNotFound", "detail": ""}} _log_request_full /root/.rally/verification/verifier-87e7a254-39eb-4875-95e9-44d8d353dd56/repo/tempest/lib/common/rest_client.py:434
2018-12-23 03:46:24.716 17916 INFO tempest.lib.common.rest_client [req-a819cbd3-71c6-4ad0-b7b0-c03d18cbac8f ] Request (TrunkTestJSON:_run_cleanups): 404 GET http://10.167.4.35:9696/v2.0/trunks/069d69d6-85e7-4d7c-b627-d501515dd79b 0.021s
2018-12-23 03:46:24.716 17916 DEBUG tempest.lib.common.rest_client [req-a819cbd3-71c6-4ad0-b7b0-c03d18cbac8f ] Request - Headers: {'Content-Type': 'application/json', 'Accept': 'application/json', 'X-Auth-Token': ''} Body: None Response - Headers: {'status': '404', u'content-length': '134', 'content-location': 'http://10.167.4.35:9696/v2.0/trunks/069d69d6-85e7-4d7c-b627-d501515dd79b', u'date': 'Sun, 23 Dec 2018 03:46:24 GMT', u'content-type': 'application/json', u'connection': 'close', u'x-openstack-request-id': 'req-a819cbd3-71c6-4ad0-b7b0-c03d18cbac8f'} Body: {"NeutronError": {"message": "Trunk 069d69d6-85e7-4d7c-b627-d501515dd79b could not be found.", "type": "TrunkNotFound", "detail": ""}} _log_request_full /root/.rally/verification/verifier-87e7a254-39eb-4875-95e9-44d8d353dd56/repo/tempest/lib/common/rest_client.py:434
2018-12-23 03:46:24.745 17916 INFO tempest.lib.common.rest_client [req-4a7f9416-9fda-451f-a847-180201d5d24a ] Request (TrunkTestJSON:_run_cleanups): 404 GET http://10.167.4.35:9696/v2.0/trunks/952f40a0-86d2-4094-9d3d-678679de0155 0.028s
2018-12-23 03:46:24.745 17916 DEBUG tempest.lib.common.rest_client [req-4a7f9416-9fda-451f-a847-180201d5d24a ] Request - Headers: {'Content-Type': 'application/json', 'Accept': 'application/json', 'X-Auth-Token': ''} Body: None Response - Headers: {'status': '404', u'content-length': '134', 'content-location': 'http://10.167.4.35:9696/v2.0/trunks/952f40a0-86d2-4094-9d3d-678679de0155', u'date': 'Sun, 23 Dec 2018 03:46:24 GMT', u'content-type': 'application/json', u'connection': 'close', u'x-openstack-request-id': 'req-4a7f9416-9fda-451f-a847-180201d5d24a'} Body: {"NeutronError": {"message": "Trunk 952f40a0-86d2-4094-9d3d-678679de0155 could not be found.", "type": "TrunkNotFound", "detail": ""}} _log_request_full /root/.rally/verification/verifier-87e7a254-39eb-4875-95e9-44d8d353dd56/repo/tempest/lib/common/rest_client.py:434
2018-12-23 03:46:24.773 17916 INFO tempest.lib.common.rest_client [req-6009f717-adba-4374-9540-cd8b98327ed2 ] Request (TrunkTestJSON:_run_cleanups): 404 GET http://10.167.4.35:9696/v2.0/trunks/88c2a41d-5fdf-430c-98df-950215fa4ae5 0.026s
2018-12-23 03:46:24.773 17916 DEBUG tempest.lib.common.rest_client [req-6009f717-adba-4374-9540-cd8b98327ed2 ] Request - Headers: {'Content-Type': 'application/json', 'Accept': 'application/json', 'X-Auth-Token': ''} Body: None Response - Headers: {'status': '404', u'content-length': '134', 'content-location': 'http://10.167.4.35:9696/v2.0/trunks/88c2a41d-5fdf-430c-98df-950215fa4ae5', u'date': 'Sun, 23 Dec 2018 03:46:24 GMT', u'content-type': 'application/json', u'connection': 'close', u'x-openstack-request-id': 'req-6009f717-adba-4374-9540-cd8b98327ed2'} Body: {"NeutronError": {"message": "Trunk 88c2a41d-5fdf-430c-98df-950215fa4ae5 could not be found.", "type": "TrunkNotFound", "detail": ""}} _log_request_full /root/.rally/verification/verifier-87e7a254-39eb-4875-95e9-44d8d353dd56/repo/tempest/lib/common/rest_client.py:434
2018-12-23 03:46:24.812 17920 INFO tempest.lib.common.rest_client [req-1d54bd62-81d9-416b-aeed-36f52b779c36 ] Request (TrunkTestJSON:_run_cleanups): 204 DELETE http://10.167.4.35:9696/v2.0/trunks/0e00c581-b168-48de-a95b-93b9fa60b80a 0.383s
2018-12-23 03:46:24.813 17920 DEBUG tempest.lib.common.rest_client [req-1d54bd62-81d9-416b-aeed-36f52b779c36 ] Request - Headers: {'Content-Type': 'application/json', 'Accept': 'application/json', 'X-Auth-Token': ''} Body: None Response - Headers: {'status': '204', u'content-length': '0', 'content-location': 'http://10.167.4.35:9696/v2.0/trunks/0e00c581-b168-48de-a95b-93b9fa60b80a', u'date': 'Sun, 23 Dec 2018 03:46:24 GMT', u'connection': 'close', u'x-openstack-request-id': 'req-1d54bd62-81d9-416b-aeed-36f52b779c36'} Body: _log_request_full /root/.rally/verification/verifier-87e7a254-39eb-4875-95e9-44d8d353dd56/repo/tempest/lib/common/rest_client.py:434
2018-12-23 03:46:24.838 17920 INFO tempest.lib.common.rest_client [req-70a533a0-cc0e-41f0-b2bb-c649d25f4061 ] Request (TrunkTestJSON:_run_cleanups): 404 GET http://10.167.4.35:9696/v2.0/trunks/17362030-4044-4653-a4a0-218ded9d9af2 0.024s
2018-12-23 03:46:24.838 17920 DEBUG tempest.lib.common.rest_client [req-70a533a0-cc0e-41f0-b2bb-c649d25f4061 ] Request - Headers: {'Content-Type': 'application/json', 'Accept': 'application/json', 'X-Auth-Token': ''} Body: None Response - Headers: {'status': '404', u'content-length': '134', 'content-location': 'http://10.167.4.35:9696/v2.0/trunks/17362030-4044-4653-a4a0-218ded9d9af2', u'date': 'Sun, 23 Dec 2018 03:46:24 GMT', u'content-type': 'application/json', u'connection': 'close', u'x-openstack-request-id': 'req-70a533a0-cc0e-41f0-b2bb-c649d25f4061'} Body: {"NeutronError": {"message": "Trunk 17362030-4044-4653-a4a0-218ded9d9af2 could not be found.", "type": "TrunkNotFound", "detail": ""}} _log_request_full /root/.rally/verification/verifier-87e7a254-39eb-4875-95e9-44d8d353dd56/repo/tempest/lib/common/rest_client.py:434
2018-12-23 03:46:24.872 17920 INFO tempest.lib.common.rest_client [req-f8fc6bc0-1b67-4e19-a464-a1bf672f6fce ] Request (TrunkTestJSON:_run_cleanups): 404 GET http://10.167.4.35:9696/v2.0/trunks/d36923ea-11d7-4571-9f64-90cc5b721225 0.032s
2018-12-23 03:46:24.872 17920 DEBUG tempest.lib.common.rest_client [req-f8fc6bc0-1b67-4e19-a464-a1bf672f6fce ] Request - Headers: {'Content-Type': 'application/json', 'Accept': 'application/json', 'X-Auth-Token': ''} Body: None Response - Headers: {'status': '404', u'content-length': '134', 'content-location': 'http://10.167.4.35:9696/v2.0/trunks/d36923ea-11d7-4571-9f64-90cc5b721225', u'date': 'Sun, 23 Dec 2018 03:46:24 GMT', u'content-type': 'application/json', u'connection': 'close', u'x-openstack-request-id': 'req-f8fc6bc0-1b67-4e19-a464-a1bf672f6fce'} Body: {"NeutronError": {"message": "Trunk d36923ea-11d7-4571-9f64-90cc5b721225 could not be found.", "type": "TrunkNotFound", "detail": ""}} _log_request_full /root/.rally/verification/verifier-87e7a254-39eb-4875-95e9-44d8d353dd56/repo/tempest/lib/common/rest_client.py:434
2018-12-23 03:46:24.895 17920 INFO tempest.lib.common.rest_client [req-a3e914d2-bb22-4305-9910-21420353acb8 ] Request (TrunkTestJSON:_run_cleanups): 404 GET http://10.167.4.35:9696/v2.0/trunks/0b21bd6e-8ce5-495f-8749-c70102f8c457 0.022s
2018-12-23 03:46:24.895 17920 DEBUG tempest.lib.common.rest_client [req-a3e914d2-bb22-4305-9910-21420353acb8 ] Request - Headers: {'Content-Type': 'application/json', 'Accept': 'application/json', 'X-Auth-Token': ''} Body: None Response - Headers: {'status': '404', u'content-length': '134', 'content-location': 'http://10.167.4.35:9696/v2.0/trunks/0b21bd6e-8ce5-495f-8749-c70102f8c457', u'date': 'Sun, 23 Dec 2018 03:46:24 GMT', u'content-type': 'application/json', u'connection': 'close', u'x-openstack-request-id': 'req-a3e914d2-bb22-4305-9910-21420353acb8'} Body: {"NeutronError": {"message": "Trunk 0b21bd6e-8ce5-495f-8749-c70102f8c457 could not be found.", "type": "TrunkNotFound", "detail": ""}} _log_request_full /root/.rally/verification/verifier-87e7a254-39eb-4875-95e9-44d8d353dd56/repo/tempest/lib/common/rest_client.py:434
2018-12-23 03:46:24.922 17920 INFO tempest.lib.common.rest_client [req-5f1abeb0-9bea-4dcb-bb95-18eb750f4326 ] Request (TrunkTestJSON:_run_cleanups): 404 GET http://10.167.4.35:9696/v2.0/trunks/d31babe6-a7fe-47d8-a637-ec3784e65dc1 0.025s
