2018-12-17 23:53:48.718 12860 DEBUG tempest.lib.common.rest_client [req-9ef1c0c1-509d-4c93-9877-f387d1d81f0a ] Request - Headers: {'Content-Type': 'application/json', 'Accept': 'application/json', 'X-Auth-Token': ''} Body: None Response - Headers: {'status': '404', u'content-length': '134', 'content-location': 'http://10.167.4.35:9696/v2.0/trunks/f859fc1a-da9e-4405-9163-3dd011fcd927/get_subports', u'date': 'Mon, 17 Dec 2018 23:53:48 GMT', u'content-type': 'application/json', u'connection': 'close', u'x-openstack-request-id': 'req-9ef1c0c1-509d-4c93-9877-f387d1d81f0a'} Body: {"NeutronError": {"message": "Trunk f859fc1a-da9e-4405-9163-3dd011fcd927 could not be found.", "type": "TrunkNotFound", "detail": ""}} _log_request_full /root/.rally/verification/verifier-e15ef1ce-1599-4039-86dc-e4abb2a9446a/repo/tempest/lib/common/rest_client.py:434
2018-12-17 23:53:48.736 12856 INFO tempest.lib.common.rest_client [req-eeadd25d-df89-4ef2-904e-b3dc057ae0a9 ] Request (TrunkTestJSON:_run_cleanups): 404 DELETE http://10.167.4.35:9696/v2.0/networks/032c70d5-a5de-49c5-afc9-44eed796c0a8 0.031s
2018-12-17 23:53:48.736 12856 DEBUG tempest.lib.common.rest_client [req-eeadd25d-df89-4ef2-904e-b3dc057ae0a9 ] Request - Headers: {'Content-Type': 'application/json', 'Accept': 'application/json', 'X-Auth-Token': ''} Body: None Response - Headers: {'status': '404', u'content-length': '138', 'content-location': 'http://10.167.4.35:9696/v2.0/networks/032c70d5-a5de-49c5-afc9-44eed796c0a8', u'date': 'Mon, 17 Dec 2018 23:53:48 GMT', u'content-type': 'application/json', u'connection': 'close', u'x-openstack-request-id': 'req-eeadd25d-df89-4ef2-904e-b3dc057ae0a9'} Body: {"NeutronError": {"message": "Network 032c70d5-a5de-49c5-afc9-44eed796c0a8 could not be found.", "type": "NetworkNotFound", "detail": ""}} _log_request_full /root/.rally/verification/verifier-e15ef1ce-1599-4039-86dc-e4abb2a9446a/repo/tempest/lib/common/rest_client.py:434
2018-12-17 23:53:48.752 12860 INFO tempest.lib.common.rest_client [req-a6b05118-eba1-49bb-9f08-f2bab962fe32 ] Request (TrunkTestJSON:_run_cleanups): 404 DELETE http://10.167.4.35:9696/v2.0/trunks/f859fc1a-da9e-4405-9163-3dd011fcd927 0.032s
2018-12-17 23:53:48.752 12860 DEBUG tempest.lib.common.rest_client [req-a6b05118-eba1-49bb-9f08-f2bab962fe32 ] Request - Headers: {'Content-Type': 'application/json', 'Accept': 'application/json', 'X-Auth-Token': ''} Body: None Response - Headers: {'status': '404', u'content-length': '134', 'content-location': 'http://10.167.4.35:9696/v2.0/trunks/f859fc1a-da9e-4405-9163-3dd011fcd927', u'date': 'Mon, 17 Dec 2018 23:53:48 GMT', u'content-type': 'application/json', u'connection': 'close', u'x-openstack-request-id': 'req-a6b05118-eba1-49bb-9f08-f2bab962fe32'} Body: {"NeutronError": {"message": "Trunk f859fc1a-da9e-4405-9163-3dd011fcd927 could not be found.", "type": "TrunkNotFound", "detail": ""}} _log_request_full /root/.rally/verification/verifier-e15ef1ce-1599-4039-86dc-e4abb2a9446a/repo/tempest/lib/common/rest_client.py:434
2018-12-17 23:53:48.770 12860 INFO tempest.lib.common.rest_client [req-5a52639c-734c-4ff2-87b7-d86519947aa0 ] Request (TrunkTestJSON:_run_cleanups): 404 GET http://10.167.4.35:9696/v2.0/trunks/cfd532bf-71cb-4b72-8378-5d97bbd4e344/get_subports 0.017s
2018-12-17 23:53:48.770 12860 DEBUG tempest.lib.common.rest_client [req-5a52639c-734c-4ff2-87b7-d86519947aa0 ] Request - Headers: {'Content-Type': 'application/json', 'Accept': 'application/json', 'X-Auth-Token': ''} Body: None Response - Headers: {'status': '404', u'content-length': '134', 'content-location': 'http://10.167.4.35:9696/v2.0/trunks/cfd532bf-71cb-4b72-8378-5d97bbd4e344/get_subports', u'date': 'Mon, 17 Dec 2018 23:53:48 GMT', u'content-type': 'application/json', u'connection': 'close', u'x-openstack-request-id': 'req-5a52639c-734c-4ff2-87b7-d86519947aa0'} Body: {"NeutronError": {"message": "Trunk cfd532bf-71cb-4b72-8378-5d97bbd4e344 could not be found.", "type": "TrunkNotFound", "detail": ""}} _log_request_full /root/.rally/verification/verifier-e15ef1ce-1599-4039-86dc-e4abb2a9446a/repo/tempest/lib/common/rest_client.py:434
2018-12-17 23:53:48.781 12856 INFO tempest.lib.common.rest_client [req-24657ebd-2f5f-4332-96d8-8c8bfe3d230e ] Request (TrunkTestJSON:_run_cleanups): 404 DELETE http://10.167.4.35:9696/v2.0/networks/489c6b54-fa77-4b76-9176-a536def6dbec 0.044s
2018-12-17 23:53:48.781 12856 DEBUG tempest.lib.common.rest_client [req-24657ebd-2f5f-4332-96d8-8c8bfe3d230e ] Request - Headers: {'Content-Type': 'application/json', 'Accept': 'application/json', 'X-Auth-Token': ''} Body: None Response - Headers: {'status': '404', u'content-length': '138', 'content-location': 'http://10.167.4.35:9696/v2.0/networks/489c6b54-fa77-4b76-9176-a536def6dbec', u'date': 'Mon, 17 Dec 2018 23:53:48 GMT', u'content-type': 'application/json', u'connection': 'close', u'x-openstack-request-id': 'req-24657ebd-2f5f-4332-96d8-8c8bfe3d230e'} Body: {"NeutronError": {"message": "Network 489c6b54-fa77-4b76-9176-a536def6dbec could not be found.", "type": "NetworkNotFound", "detail": ""}} _log_request_full /root/.rally/verification/verifier-e15ef1ce-1599-4039-86dc-e4abb2a9446a/repo/tempest/lib/common/rest_client.py:434
2018-12-17 23:53:48.798 12860 INFO tempest.lib.common.rest_client [req-519ff80a-1b3b-4e13-8e5b-8b28a5f9a869 ] Request (TrunkTestJSON:_run_cleanups): 404 DELETE http://10.167.4.35:9696/v2.0/trunks/cfd532bf-71cb-4b72-8378-5d97bbd4e344 0.027s
2018-12-17 23:53:48.799 12860 DEBUG tempest.lib.common.rest_client [req-519ff80a-1b3b-4e13-8e5b-8b28a5f9a869 ] Request - Headers: {'Content-Type': 'application/json', 'Accept': 'application/json', 'X-Auth-Token': ''} Body: None Response - Headers: {'status': '404', u'content-length': '134', 'content-location': 'http://10.167.4.35:9696/v2.0/trunks/cfd532bf-71cb-4b72-8378-5d97bbd4e344', u'date': 'Mon, 17 Dec 2018 23:53:48 GMT', u'content-type': 'application/json', u'connection': 'close', u'x-openstack-request-id': 'req-519ff80a-1b3b-4e13-8e5b-8b28a5f9a869'} Body: {"NeutronError": {"message": "Trunk cfd532bf-71cb-4b72-8378-5d97bbd4e344 could not be found.", "type": "TrunkNotFound", "detail": ""}} _log_request_full /root/.rally/verification/verifier-e15ef1ce-1599-4039-86dc-e4abb2a9446a/repo/tempest/lib/common/rest_client.py:434
2018-12-17 23:53:48.823 12856 INFO tempest.lib.common.rest_client [req-144850ba-85a4-4fcc-ac2d-1516bfa94eeb ] Request (TrunkTestJSON:_run_cleanups): 404 DELETE http://10.167.4.35:9696/v2.0/networks/bc2d28fe-15c0-4e72-b5bc-9af090314d6f 0.041s
2018-12-17 23:53:48.824 12856 DEBUG tempest.lib.common.rest_client [req-144850ba-85a4-4fcc-ac2d-1516bfa94eeb ] Request - Headers: {'Content-Type': 'application/json', 'Accept': 'application/json', 'X-Auth-Token': ''} Body: None Response - Headers: {'status': '404', u'content-length': '138', 'content-location': 'http://10.167.4.35:9696/v2.0/networks/bc2d28fe-15c0-4e72-b5bc-9af090314d6f', u'date': 'Mon, 17 Dec 2018 23:53:48 GMT', u'content-type': 'application/json', u'connection': 'close', u'x-openstack-request-id': 'req-144850ba-85a4-4fcc-ac2d-1516bfa94eeb'} Body: {"NeutronError": {"message": "Network bc2d28fe-15c0-4e72-b5bc-9af090314d6f could not be found.", "type": "NetworkNotFound", "detail": ""}} _log_request_full /root/.rally/verification/verifier-e15ef1ce-1599-4039-86dc-e4abb2a9446a/repo/tempest/lib/common/rest_client.py:434
2018-12-17 23:53:48.847 12860 INFO tempest.lib.common.rest_client [req-115ff7fd-3f59-454b-8717-7fb28987b0f6 ] Request (TrunkTestJSON:_run_cleanups): 200 GET http://10.167.4.35:9696/v2.0/trunks/173b1a8b-ad5e-4b16-b86d-4d3129c919f4/get_subports 0.047s
2018-12-17 23:53:48.847 12860 DEBUG tempest.lib.common.rest_client [req-115ff7fd-3f59-454b-8717-7fb28987b0f6 ] Request - Headers: {'Content-Type': 'application/json', 'Accept': 'application/json', 'X-Auth-Token': ''} Body: None Response - Headers: {'status': '200', u'content-length': '17', 'content-location': 'http://10.167.4.35:9696/v2.0/trunks/173b1a8b-ad5e-4b16-b86d-4d3129c919f4/get_subports', u'date': 'Mon, 17 Dec 2018 23:53:48 GMT', u'content-type': 'application/json', u'connection': 'close', u'x-openstack-request-id': 'req-115ff7fd-3f59-454b-8717-7fb28987b0f6'} Body: {"sub_ports": []} _log_request_full /root/.rally/verification/verifier-e15ef1ce-1599-4039-86dc-e4abb2a9446a/repo/tempest/lib/common/rest_client.py:434
2018-12-17 23:53:48.858 12856 INFO tempest.lib.common.rest_client [req-a87124a8-0ce8-409d-848f-3c94a2135686 ] Request (TrunkTestJSON:_run_cleanups): 404 DELETE http://10.167.4.35:9696/v2.0/networks/6e4112ac-603e-45f3-8c58-d1d7f56f2b9d 0.034s
2018-12-17 23:53:48.859 12856 DEBUG tempest.lib.common.rest_client [req-a87124a8-0ce8-409d-848f-3c94a2135686 ] Request - Headers: {'Content-Type': 'application/json', 'Accept': 'application/json', 'X-Auth-Token': ''} Body: None Response - Headers: {'status': '404', u'content-length': '138', 'content-location': 'http://10.167.4.35:9696/v2.0/networks/6e4112ac-603e-45f3-8c58-d1d7f56f2b9d', u'date': 'Mon, 17 Dec 2018 23:53:48 GMT', u'content-type': 'application/json', u'connection': 'close', u'x-openstack-request-id': 'req-a87124a8-0ce8-409d-848f-3c94a2135686'} Body: {"NeutronError": {"message": "Network 6e4112ac-603e-45f3-8c58-d1d7f56f2b9d could not be found.", "type": "NetworkNotFound", "detail": ""}} _log_request_full /root/.rally/verification/verifier-e15ef1ce-1599-4039-86dc-e4abb2a9446a/repo/tempest/lib/common/rest_client.py:434
2018-12-17 23:53:48.893 12856 INFO tempest.lib.common.rest_client [req-990263c0-445c-4a04-8433-01ec45ce5eaf ] Request (TrunkTestJSON:_run_cleanups): 404 DELETE http://10.167.4.35:9696/v2.0/networks/11f80faa-88d6-457f-aaa6-be072d3825e6 0.033s
2018-12-17 23:53:48.894 12856 DEBUG tempest.lib.common.rest_client [req-990263c0-445c-4a04-8433-01ec45ce5eaf ] Request - Headers: {'Content-Type': 'application/json', 'Accept': 'application/json', 'X-Auth-Token': ''} Body: None Response - Headers: {'status': '404', u'content-length': '138', 'content-location': 'http://10.167.4.35:9696/v2.0/networks/11f80faa-88d6-457f-aaa6-be072d3825e6', u'date': 'Mon, 17 Dec 2018 23:53:48 GMT', u'content-type': 'application/json', u'connection': 'close', u'x-openstack-request-id': 'req-990263c0-445c-4a04-8433-01ec45ce5eaf'} Body: {"NeutronError": {"message": "Network 11f80faa-88d6-457f-aaa6-be072d3825e6 could not be found.", "type": "NetworkNotFound", "detail": ""}} _log_request_full /root/.rally/verification/verifier-e15ef1ce-1599-4039-86dc-e4abb2a9446a/repo/tempest/lib/common/rest_client.py:434
2018-12-17 23:53:48.910 12860 INFO tempest.lib.common.rest_client [req-9c73dbae-8a80-472c-9e30-454d308c8064 ] Request (TrunkTestJSON:_run_cleanups): 200 PUT http://10.167.4.35:9696/v2.0/trunks/173b1a8b-ad5e-4b16-b86d-4d3129c919f4/remove_subports 0.062s
2018-12-17 23:53:48.910 12860 DEBUG tempest.lib.common.rest_client [req-9c73dbae-8a80-472c-9e30-454d308c8064 ] Request - Headers: {'Content-Type': 'application/json', 'Accept': 'application/json', 'X-Auth-Token': ''} Body: {"sub_ports": []} Response - Headers: {'status': '200', u'content-length': '396', 'content-location': 'http://10.167.4.35:9696/v2.0/trunks/173b1a8b-ad5e-4b16-b86d-4d3129c919f4/remove_subports', u'date': 'Mon, 17 Dec 2018 23:53:48 GMT', u'content-type': 'application/json', u'connection': 'close', u'x-openstack-request-id': 'req-9c73dbae-8a80-472c-9e30-454d308c8064'} Body: {"status": "DOWN", "sub_ports": [], "name": "", "admin_state_up": true, "tenant_id": "cad9a5ede3fd4365be8f84a2255d3e3c", "created_at": "2018-12-17T23:53:45Z", "tags": [], "updated_at": "2018-12-17T23:53:48Z", "revision_number": 1, "project_id": "cad9a5ede3fd4365be8f84a2255d3e3c", "port_id": "7732249a-d2b8-4c1b-b5a7-7cb9d7dcb0ec", "id": "173b1a8b-ad5e-4b16-b86d-4d3129c919f4", "description": ""} _log_request_full /root/.rally/verification/verifier-e15ef1ce-1599-4039-86dc-e4abb2a9446a/repo/tempest/lib/common/rest_client.py:434
2018-12-17 23:53:48.934 12856 INFO tempest.lib.common.rest_client [req-5879f908-dbe3-4492-bfc8-2124042454c6 ] Request (TrunkTestJSON:_run_cleanups): 404 DELETE http://10.167.4.35:9696/v2.0/networks/c5878d04-eb07-412d-b972-a1869dd2a025 0.039s
2018-12-17 23:53:48.934 12856 DEBUG tempest.lib.common.rest_client [req-5879f908-dbe3-4492-bfc8-2124042454c6 ] Request - Headers: {'Content-Type': 'application/json', 'Accept': 'application/json', 'X-Auth-Token': ''} Body: None Response - Headers: {'status': '404', u'content-length': '138', 'content-location': 'http://10.167.4.35:9696/v2.0/networks/c5878d04-eb07-412d-b972-a1869dd2a025', u'date': 'Mon, 17 Dec 2018 23:53:48 GMT', u'content-type': 'application/json', u'connection': 'close', u'x-openstack-request-id': 'req-5879f908-dbe3-4492-bfc8-2124042454c6'} Body: {"NeutronError": {"message": "Network c5878d04-eb07-412d-b972-a1869dd2a025 could not be found.", "type": "NetworkNotFound", "detail": ""}} _log_request_full /root/.rally/verification/verifier-e15ef1ce-1599-4039-86dc-e4abb2a9446a/repo/tempest/lib/common/rest_client.py:434
2018-12-17 23:53:48.972 12856 INFO tempest.lib.common.rest_client [req-0a798943-5312-4847-aa25-2123fa66155a ] Request (TrunkTestJSON:_run_cleanups): 404 DELETE http://10.167.4.35:9696/v2.0/networks/86c66b56-0912-4007-89c9-5c19c249131c 0.037s
2018-12-17 23:53:48.972 12856 DEBUG tempest.lib.common.rest_client [req-0a798943-5312-4847-aa25-2123fa66155a ] Request - Headers: {'Content-Type': 'application/json', 'Accept': 'application/json', 'X-Auth-Token': ''} Body: None Response - Headers: {'status': '404', u'content-length': '138', 'content-location': 'http://10.167.4.35:9696/v2.0/networks/86c66b56-0912-4007-89c9-5c19c249131c', u'date': 'Mon, 17 Dec 2018 23:53:48 GMT', u'content-type': 'application/json', u'connection': 'close', u'x-openstack-request-id': 'req-0a798943-5312-4847-aa25-2123fa66155a'} Body: {"NeutronError": {"message": "Network 86c66b56-0912-4007-89c9-5c19c249131c could not be found.", "type": "NetworkNotFound", "detail": ""}} _log_request_full /root/.rally/verification/verifier-e15ef1ce-1599-4039-86dc-e4abb2a9446a/repo/tempest/lib/common/rest_client.py:434
2018-12-17 23:53:49.045 12860 INFO tempest.lib.common.rest_client [req-19edae90-c9a3-4411-a7d7-35617b4b5954 ] Request (TrunkTestJSON:_run_cleanups): 204 DELETE http://10.167.4.35:9696/v2.0/trunks/173b1a8b-ad5e-4b16-b86d-4d3129c919f4 0.134s
2018-12-17 23:53:49.046 12860 DEBUG tempest.lib.common.rest_client [req-19edae90-c9a3-4411-a7d7-35617b4b5954 ] Request - Headers: {'Content-Type': 'application/json', 'Accept': 'application/json', 'X-Auth-Token': ''} Body: None Response - Headers: {'status': '204', u'content-length': '0', 'content-location': 'http://10.167.4.35:9696/v2.0/trunks/173b1a8b-ad5e-4b16-b86d-4d3129c919f4', u'date': 'Mon, 17 Dec 2018 23:53:49 GMT', u'connection': 'close', u'x-openstack-request-id': 'req-19edae90-c9a3-4411-a7d7-35617b4b5954'} Body: _log_request_full /root/.rally/verification/verifier-e15ef1ce-1599-4039-86dc-e4abb2a9446a/repo/tempest/lib/common/rest_client.py:434
2018-12-17 23:53:49.067 12860 INFO tempest.lib.common.rest_client [req-d30d56b9-e113-4a0a-9cd3-c4dae078c35c ] Request (TrunkTestJSON:_run_cleanups): 404 GET http://10.167.4.35:9696/v2.0/trunks/8f802ac5-0533-492f-9b17-aed006f78d35 0.020s
2018-12-17 23:53:49.067 12860 DEBUG tempest.lib.common.rest_client [req-d30d56b9-e113-4a0a-9cd3-c4dae078c35c ] Request - Headers: {'Content-Type': 'application/json', 'Accept': 'application/json', 'X-Auth-Token': ''} Body: None Response - Headers: {'status': '404', u'content-length': '134', 'content-location': 'http://10.167.4.35:9696/v2.0/trunks/8f802ac5-0533-492f-9b17-aed006f78d35', u'date': 'Mon, 17 Dec 2018 23:53:49 GMT', u'content-type': 'application/json', u'connection': 'close', u'x-openstack-request-id': 'req-d30d56b9-e113-4a0a-9cd3-c4dae078c35c'} Body: {"NeutronError": {"message": "Trunk 8f802ac5-0533-492f-9b17-aed006f78d35 could not be found.", "type": "TrunkNotFound", "detail": ""}} _log_request_full /root/.rally/verification/verifier-e15ef1ce-1599-4039-86dc-e4abb2a9446a/repo/tempest/lib/common/rest_client.py:434
2018-12-17 23:53:49.090 12860 INFO tempest.lib.common.rest_client [req-369d9fc0-d623-4bfb-a241-62773eb07d7e ] Request (TrunkTestJSON:_run_cleanups): 404 GET http://10.167.4.35:9696/v2.0/trunks/0da34c3b-df15-42c2-81d2-be2632c2d438 0.021s
2018-12-17 23:53:49.090 12860 DEBUG tempest.lib.common.rest_client [req-369d9fc0-d623-4bfb-a241-62773eb07d7e ] Request - Headers: {'Content-Type': 'application/json', 'Accept': 'application/json', 'X-Auth-Token': ''} Body: None Response - Headers: {'status': '404', u'content-length': '134', 'content-location': 'http://10.167.4.35:9696/v2.0/trunks/0da34c3b-df15-42c2-81d2-be2632c2d438', u'date': 'Mon, 17 Dec 2018 23:53:49 GMT', u'content-type': 'application/json', u'connection': 'close', u'x-openstack-request-id': 'req-369d9fc0-d623-4bfb-a241-62773eb07d7e'} Body: {"NeutronError": {"message": "Trunk 0da34c3b-df15-42c2-81d2-be2632c2d438 could not be found.", "type": "TrunkNotFound", "detail": ""}} _log_request_full /root/.rally/verification/verifier-e15ef1ce-1599-4039-86dc-e4abb2a9446a/repo/tempest/lib/common/rest_client.py:434
2018-12-17 23:53:49.109 12860 INFO tempest.lib.common.rest_client [req-e7ddb350-15e2-4f93-ac95-977de356abdc ] Request (TrunkTestJSON:_run_cleanups): 404 GET http://10.167.4.35:9696/v2.0/trunks/69cbaeda-e786-4efe-aa88-34a0c7d1e25b 0.018s
2018-12-17 23:53:49.110 12860 DEBUG tempest.lib.common.rest_client [req-e7ddb350-15e2-4f93-ac95-977de356abdc ] Request - Headers: {'Content-Type': 'application/json', 'Accept': 'application/json', 'X-Auth-Token': ''} Body: None Response - Headers: {'status': '404', u'content-length': '134', 'content-location': 'http://10.167.4.35:9696/v2.0/trunks/69cbaeda-e786-4efe-aa88-34a0c7d1e25b', u'date': 'Mon, 17 Dec 2018 23:53:49 GMT', u'content-type': 'application/json', u'connection': 'close', u'x-openstack-request-id': 'req-e7ddb350-15e2-4f93-ac95-977de356abdc'} Body: {"NeutronError": {"message": "Trunk 69cbaeda-e786-4efe-aa88-34a0c7d1e25b could not be found.", "type": "TrunkNotFound", "detail": ""}} _log_request_full /root/.rally/verification/verifier-e15ef1ce-1599-4039-86dc-e4abb2a9446a/repo/tempest/lib/common/rest_client.py:434
2018-12-17 23:53:49.132 12860 INFO tempest.lib.common.rest_client [req-839b05ae-dac5-4556-9c37-8925a3db0bb0 ] Request (TrunkTestJSON:_run_cleanups): 404 GET http://10.167.4.35:9696/v2.0/trunks/ef40c8a2-50dc-450b-9764-572041d44b76 0.022s
2018-12-17 23:53:49.133 12860 DEBUG tempest.lib.common.rest_client [req-839b05ae-dac5-4556-9c37-8925a3db0bb0 ] Request - Headers: {'Content-Type': 'application/json', 'Accept': 'application/json', 'X-Auth-Token': ''} Body: None Response - Headers: {'status': '404', u'content-length': '134', 'content-location': 'http://10.167.4.35:9696/v2.0/trunks/ef40c8a2-50dc-450b-9764-572041d44b76', u'date': 'Mon, 17 Dec 2018 23:53:49 GMT', u'content-type': 'application/json', u'connection': 'close', u'x-openstack-request-id': 'req-839b05ae-dac5-4556-9c37-8925a3db0bb0'} Body: {"NeutronError": {"message": "Trunk ef40c8a2-50dc-450b-9764-572041d44b76 could not be found.", "type": "TrunkNotFound", "detail": ""}} _log_request_full /root/.rally/verification/verifier-e15ef1ce-1599-4039-86dc-e4abb2a9446a/repo/tempest/lib/common/rest_client.py:434
2018-12-17 23:53:49.156 12860 INFO tempest.lib.common.rest_client [req-4f77afc3-3cb7-4955-917c-a6952921d908 ] Request (TrunkTestJSON:_run_cleanups): 404 GET http://10.167.4.35:9696/v2.0/trunks/f859fc1a-da9e-4405-9163-3dd011fcd927 0.023s
2018-12-17 23:53:49.157 12860 DEBUG tempest.lib.common.rest_client [req-4f77afc3-3cb7-4955-917c-a6952921d908 ] Request - Headers: {'Content-Type': 'application/json', 'Accept': 'application/json', 'X-Auth-Token': ''} Body: None Response - Headers: {'status': '404', u'content-length': '134', 'content-location': 'http://10.167.4.35:9696/v2.0/trunks/f859fc1a-da9e-4405-9163-3dd011fcd927', u'date': 'Mon, 17 Dec 2018 23:53:49 GMT', u'content-type': 'application/json', u'connection': 'close', u'x-openstack-request-id': 'req-4f77afc3-3cb7-4955-917c-a6952921d908'} Body: {"NeutronError": {"message": "Trunk f859fc1a-da9e-4405-9163-3dd011fcd927 could not be found.", "type": "TrunkNotFound", "detail": ""}} _log_request_full /root/.rally/verification/verifier-e15ef1ce-1599-4039-86dc-e4abb2a9446a/repo/tempest/lib/common/rest_client.py:434
2018-12-17 23:53:49.183 12860 INFO tempest.lib.common.rest_client [req-61bc646b-550c-4869-bcff-efcb2beb4de2 ] Request (TrunkTestJSON:_run_cleanups): 404 GET http://10.167.4.35:9696/v2.0/trunks/cfd532bf-71cb-4b72-8378-5d97bbd4e344 0.025s
2018-12-17 23:53:49.183 12860 DEBUG tempest.lib.common.rest_client [req-61bc646b-550c-4869-bcff-efcb2beb4de2 ] Request - Headers: {'Content-Type': 'application/json', 'Accept': 'application/json', 'X-Auth-Token': ''} Body: None Response - Headers: {'status': '404', u'content-length': '134', 'content-location': 'http://10.167.4.35:9696/v2.0/trunks/cfd532bf-71cb-4b72-8378-5d97bbd4e344', u'date': 'Mon, 17 Dec 2018 23:53:49 GMT', u'content-type': 'application/json', u'connection': 'close', u'x-openstack-request-id': 'req-61bc646b-550c-4869-bcff-efcb2beb4de2'} Body: {"NeutronError": {"message": "Trunk cfd532bf-71cb-4b72-8378-5d97bbd4e344 could not be found.", "type": "TrunkNotFound", "detail": ""}} _log_request_full /root/.rally/verification/verifier-e15ef1ce-1599-4039-86dc-e4abb2a9446a/repo/tempest/lib/common/rest_client.py:434
2018-12-17 23:53:49.201 12860 INFO tempest.lib.common.rest_client [req-cac62099-691d-4f3b-a9a0-17f7c3c56db7 ] Request (TrunkTestJSON:_run_cleanups): 404 GET http://10.167.4.35:9696/v2.0/trunks/173b1a8b-ad5e-4b16-b86d-4d3129c919f4 0.017s
2018-12-17 23:53:49.202 12860 DEBUG tempest.lib.common.rest_client [req-cac62099-691d-4f3b-a9a0-17f7c3c56db7 ] Request - Headers: {'Content-Type': 'application/json', 'Accept': 'application/json', 'X-Auth-Token': ''} Body: None Response - Headers: {'status': '404', u'content-length': '134', 'content-location': 'http://10.167.4.35:9696/v2.0/trunks/173b1a8b-ad5e-4b16-b86d-4d3129c919f4', u'date': 'Mon, 17 Dec 2018 23:53:49 GMT', u'content-type': 'application/json', u'connection': 'close', u'x-openstack-request-id': 'req-cac62099-691d-4f3b-a9a0-17f7c3c56db7'} Body: {"NeutronError": {"message": "Trunk 173b1a8b-ad5e-4b16-b86d-4d3129c919f4 could not be found.", "type": "TrunkNotFound", "detail": ""}} _log_request_full /root/.rally/verification/verifier-e15ef1ce-1599-4039-86dc-e4abb2a9446a/repo/tempest/lib/common/rest_client.py:434
2018-12-17 23:53:49.252 12860 INFO tempest.lib.common.rest_client [req-279e2daa-357b-4d78-bacc-73157953cf14 ] Request (TrunkTestJSON:_run_cleanups): 404 DELETE http://10.167.4.35:9696/v2.0/ports/8973a1cc-ff15-41df-b00e-4b47b5da9303 0.050s
2018-12-17 23:53:49.253 12860 DEBUG tempest.lib.common.rest_client [req-279e2daa-357b-4d78-bacc-73157953cf14 ] Request - Headers: {'Content-Type': 'application/json', 'Accept': 'application/json', 'X-Auth-Token': ''} Body: None Response - Headers: {'status': '404', u'content-length': '132', 'content-location': 'http://10.167.4.35:9696/v2.0/ports/8973a1cc-ff15-41df-b00e-4b47b5da9303', u'date': 'Mon, 17 Dec 2018 23:53:49 GMT', u'content-type': 'application/json', u'connection': 'close', u'x-openstack-request-id': 'req-279e2daa-357b-4d78-bacc-73157953cf14'} Body: {"NeutronError": {"message": "Port 8973a1cc-ff15-41df-b00e-4b47b5da9303 could not be found.", "type": "PortNotFound", "detail": ""}} _log_request_full /root/.rally/verification/verifier-e15ef1ce-1599-4039-86dc-e4abb2a9446a/repo/tempest/lib/common/rest_client.py:434
2018-12-17 23:53:49.295 12860 INFO tempest.lib.common.rest_client [req-bcff25cb-4aba-4e74-9b20-dabb49702408 ] Request (TrunkTestJSON:_run_cleanups): 404 DELETE http://10.167.4.35:9696/v2.0/ports/7a06e708-5d75-4e4b-a0b6-126f09b8b74c 0.041s
2018-12-17 23:53:49.296 12860 DEBUG tempest.lib.common.rest_client [req-bcff25cb-4aba-4e74-9b20-dabb49702408 ] Request - Headers: {'Content-Type': 'application/json', 'Accept': 'application/json', 'X-Auth-Token': ''} Body: None Response - Headers: {'status': '404', u'content-length': '132', 'content-location': 'http://10.167.4.35:9696/v2.0/ports/7a06e708-5d75-4e4b-a0b6-126f09b8b74c', u'date': 'Mon, 17 Dec 2018 23:53:49 GMT', u'content-type': 'application/json', u'connection': 'close', u'x-openstack-request-id': 'req-bcff25cb-4aba-4e74-9b20-dabb49702408'} Body: {"NeutronError": {"message": "Port 7a06e708-5d75-4e4b-a0b6-126f09b8b74c could not be found.", "type": "PortNotFound", "detail": ""}} _log_request_full /root/.rally/verification/verifier-e15ef1ce-1599-4039-86dc-e4abb2a9446a/repo/tempest/lib/common/rest_client.py:434
2018-12-17 23:53:49.355 12860 INFO tempest.lib.common.rest_client [req-23d23bbd-e6c6-45fc-8773-62995e330224 ] Request (TrunkTestJSON:_run_cleanups): 404 DELETE http://10.167.4.35:9696/v2.0/ports/315e25a1-e9cb-4446-b167-32283c9a5f9c 0.059s
2018-12-17 23:53:49.356 12860 DEBUG tempest.lib.common.rest_client [req-23d23bbd-e6c6-45fc-8773-62995e330224 ] Request - Headers: {'Content-Type': 'application/json', 'Accept': 'application/json', 'X-Auth-Token': ''} Body: None Response - Headers: {'status': '404', u'content-length': '132', 'content-location': 'http://10.167.4.35:9696/v2.0/ports/315e25a1-e9cb-4446-b167-32283c9a5f9c', u'date': 'Mon, 17 Dec 2018 23:53:49 GMT', u'content-type': 'application/json', u'connection': 'close', u'x-openstack-request-id': 'req-23d23bbd-e6c6-45fc-8773-62995e330224'} Body: {"NeutronError": {"message": "Port 315e25a1-e9cb-4446-b167-32283c9a5f9c could not be found.", "type": "PortNotFound", "detail": ""}} _log_request_full /root/.rally/verification/verifier-e15ef1ce-1599-4039-86dc-e4abb2a9446a/repo/tempest/lib/common/rest_client.py:434
2018-12-17 23:53:49.415 12860 INFO tempest.lib.common.rest_client [req-54638ecd-9fdd-4b54-9b21-7304370fee69 ] Request (TrunkTestJSON:_run_cleanups): 404 DELETE http://10.167.4.35:9696/v2.0/ports/08b4b5e6-c817-48c0-b2de-47d1f2acc1bf 0.058s
2018-12-17 23:53:49.416 12860 DEBUG tempest.lib.common.rest_client [req-54638ecd-9fdd-4b54-9b21-7304370fee69 ] Request - Headers: {'Content-Type': 'application/json', 'Accept': 'application/json', 'X-Auth-Token': ''} Body: None Response - Headers: {'status': '404', u'content-length': '132', 'content-location': 'http://10.167.4.35:9696/v2.0/ports/08b4b5e6-c817-48c0-b2de-47d1f2acc1bf', u'date': 'Mon, 17 Dec 2018 23:53:49 GMT', u'content-type': 'application/json', u'connection': 'close', u'x-openstack-request-id': 'req-54638ecd-9fdd-4b54-9b21-7304370fee69'} Body: {"NeutronError": {"message": "Port 08b4b5e6-c817-48c0-b2de-47d1f2acc1bf could not be found.", "type": "PortNotFound", "detail": ""}} _log_request_full /root/.rally/verification/verifier-e15ef1ce-1599-4039-86dc-e4abb2a9446a/repo/tempest/lib/common/rest_client.py:434
2018-12-17 23:53:49.465 12860 INFO tempest.lib.common.rest_client [req-04d1a207-5b62-4402-aef0-b1d028e65f33 ] Request (TrunkTestJSON:_run_cleanups): 404 DELETE http://10.167.4.35:9696/v2.0/ports/a98806d3-ebaf-4b67-a200-75188a94e70b 0.048s
2018-12-17 23:53:49.466 12860 DEBUG tempest.lib.common.rest_client [req-04d1a207-5b62-4402-aef0-b1d028e65f33 ] Request - Headers: {'Content-Type': 'application/json', 'Accept': 'application/json', 'X-Auth-Token': ''} Body: None Response - Headers: {'status': '404', u'content-length': '132', 'content-location': 'http://10.167.4.35:9696/v2.0/ports/a98806d3-ebaf-4b67-a200-75188a94e70b', u'date': 'Mon, 17 Dec 2018 23:53:49 GMT', u'content-type': 'application/json', u'connection': 'close', u'x-openstack-request-id': 'req-04d1a207-5b62-4402-aef0-b1d028e65f33'} Body: {"NeutronError": {"message": "Port a98806d3-ebaf-4b67-a200-75188a94e70b could not be found.", "type": "PortNotFound", "detail": ""}} _log_request_full /root/.rally/verification/verifier-e15ef1ce-1599-4039-86dc-e4abb2a9446a/repo/tempest/lib/common/rest_client.py:434
2018-12-17 23:53:49.519 12860 INFO tempest.lib.common.rest_client [req-24dd97db-dab1-4880-a9e6-d12db0c6592b ] Request (TrunkTestJSON:_run_cleanups): 404 DELETE http://10.167.4.35:9696/v2.0/ports/fb8903ca-05ad-445c-9800-acae82ca9103 0.052s
2018-12-17 23:53:49.519 12860 DEBUG tempest.lib.common.rest_client [req-24dd97db-dab1-4880-a9e6-d12db0c6592b ] Request - Headers: {'Content-Type': 'application/json', 'Accept': 'application/json', 'X-Auth-Token': ''} Body: None Response - Headers: {'status': '404', u'content-length': '132', 'content-location': 'http://10.167.4.35:9696/v2.0/ports/fb8903ca-05ad-445c-9800-acae82ca9103', u'date': 'Mon, 17 Dec 2018 23:53:49 GMT', u'content-type': 'application/json', u'connection': 'close', u'x-openstack-request-id': 'req-24dd97db-dab1-4880-a9e6-d12db0c6592b'} Body: {"NeutronError": {"message": "Port fb8903ca-05ad-445c-9800-acae82ca9103 could not be found.", "type": "PortNotFound", "detail": ""}} _log_request_full /root/.rally/verification/verifier-e15ef1ce-1599-4039-86dc-e4abb2a9446a/repo/tempest/lib/common/rest_client.py:434
2018-12-17 23:53:49.576 12860 INFO tempest.lib.common.rest_client [req-33e99cdf-1a7d-4fc5-ad1c-e900c285a7a0 ] Request (TrunkTestJSON:_run_cleanups): 404 DELETE http://10.167.4.35:9696/v2.0/ports/3fe18059-a46b-4e60-93d2-cd236fd70844 0.055s
2018-12-17 23:53:49.576 12860 DEBUG tempest.lib.common.rest_client [req-33e99cdf-1a7d-4fc5-ad1c-e900c285a7a0 ] Request - Headers: {'Content-Type': 'application/json', 'Accept': 'application/json', 'X-Auth-Token': ''} Body: None Response - Headers: {'status': '404', u'content-length': '132', 'content-location': 'http://10.167.4.35:9696/v2.0/ports/3fe18059-a46b-4e60-93d2-cd236fd70844', u'date': 'Mon, 17 Dec 2018 23:53:49 GMT', u'content-type': 'application/json', u'connection': 'close', u'x-openstack-request-id': 'req-33e99cdf-1a7d-4fc5-ad1c-e900c285a7a0'} Body: {"NeutronError": {"message": "Port 3fe18059-a46b-4e60-93d2-cd236fd70844 could not be found.", "type": "PortNotFound", "detail": ""}} _log_request_full /root/.rally/verification/verifier-e15ef1ce-1599-4039-86dc-e4abb2a9446a/repo/tempest/lib/common/rest_client.py:434
2018-12-17 23:53:49.641 12860 INFO tempest.lib.common.rest_client [req-d13057ef-2521-4ba4-8b6d-5936539647d8 ] Request (TrunkTestJSON:_run_cleanups): 404 DELETE http://10.167.4.35:9696/v2.0/ports/0aa3a998-f8d7-426e-b895-7f4b4ccd1922 0.063s
2018-12-17 23:53:49.641 12860 DEBUG tempest.lib.common.rest_client [req-d13057ef-2521-4ba4-8b6d-5936539647d8 ] Request - Headers: {'Content-Type': 'application/json', 'Accept': 'application/json', 'X-Auth-Token': ''} Body: None Response - Headers: {'status': '404', u'content-length': '132', 'content-location': 'http://10.167.4.35:9696/v2.0/ports/0aa3a998-f8d7-426e-b895-7f4b4ccd1922', u'date': 'Mon, 17 Dec 2018 23:53:49 GMT', u'content-type': 'application/json', u'connection': 'close', u'x-openstack-request-id': 'req-d13057ef-2521-4ba4-8b6d-5936539647d8'} Body: {"NeutronError": {"message": "Port 0aa3a998-f8d7-426e-b895-7f4b4ccd1922 could not be found.", "type": "PortNotFound", "detail": ""}} _log_request_full /root/.rally/verification/verifier-e15ef1ce-1599-4039-86dc-e4abb2a9446a/repo/tempest/lib/common/rest_client.py:434
2018-12-17 23:53:49.667 12857 INFO paramiko.transport [-] Authentication (publickey) successful!
2018-12-17 23:53:49.689 12857 INFO tempest.lib.common.ssh [-] ssh connection to cirros@172.30.10.114 successfully created
2018-12-17 23:53:49.691 12860 INFO tempest.lib.common.rest_client [req-1abb12a1-2319-4230-add7-6f61fae91c4b ] Request (TrunkTestJSON:_run_cleanups): 404 DELETE http://10.167.4.35:9696/v2.0/ports/ea42674b-f630-47d1-8c8e-4d2c7e6de732 0.048s
2018-12-17 23:53:49.691 12860 DEBUG tempest.lib.common.rest_client [req-1abb12a1-2319-4230-add7-6f61fae91c4b ] Request - Headers: {'Content-Type': 'application/json', 'Accept': 'application/json', 'X-Auth-Token': ''} Body: None Response - Headers: {'status': '404', u'content-length': '132', 'content-location': 'http://10.167.4.35:9696/v2.0/ports/ea42674b-f630-47d1-8c8e-4d2c7e6de732', u'date': 'Mon, 17 Dec 2018 23:53:49 GMT', u'content-type': 'application/json', u'connection': 'close', u'x-openstack-request-id': 'req-1abb12a1-2319-4230-add7-6f61fae91c4b'} Body: {"NeutronError": {"message": "Port ea42674b-f630-47d1-8c8e-4d2c7e6de732 could not be found.", "type": "PortNotFound", "detail": ""}} _log_request_full /root/.rally/verification/verifier-e15ef1ce-1599-4039-86dc-e4abb2a9446a/repo/tempest/lib/common/rest_client.py:434
2018-12-17 23:53:49.707 12856 INFO tempest.lib.common.rest_client [req-9d5ecc04-53eb-41f5-be57-ec2b4e12cfee ] Request (TrunkTestJSON:_run_cleanups): 204 DELETE http://10.167.4.35:9696/v2.0/networks/034adfae-79fd-462f-9604-6e6830ded326 0.734s
2018-12-17 23:53:49.708 12856 DEBUG tempest.lib.common.rest_client [req-9d5ecc04-53eb-41f5-be57-ec2b4e12cfee ] Request - Headers: {'Content-Type': 'application/json', 'Accept': 'application/json', 'X-Auth-Token': ''} Body: None Response - Headers: {'status': '204', u'content-length': '0', 'content-location': 'http://10.167.4.35:9696/v2.0/networks/034adfae-79fd-462f-9604-6e6830ded326', u'date': 'Mon, 17 Dec 2018 23:53:49 GMT', u'connection': 'close', u'x-openstack-request-id': 'req-9d5ecc04-53eb-41f5-be57-ec2b4e12cfee'} Body: _log_request_full /root/.rally/verification/verifier-e15ef1ce-1599-4039-86dc-e4abb2a9446a/repo/tempest/lib/common/rest_client.py:434
2018-12-17 23:53:49.772 12860 INFO tempest.lib.common.rest_client [req-9a16defd-1208-4e1a-b9de-e60cab06be2b ] Request (TrunkTestJSON:_run_cleanups): 404 DELETE http://10.167.4.35:9696/v2.0/ports/686f19fd-3a49-45e0-9aa5-614655ba54e9 0.079s
2018-12-17 23:53:49.772 12860 DEBUG tempest.lib.common.rest_client [req-9a16defd-1208-4e1a-b9de-e60cab06be2b ] Request - Headers: {'Content-Type': 'application/json', 'Accept': 'application/json', 'X-Auth-Token': ''} Body: None Response - Headers: {'status': '404', u'content-length': '132', 'content-location': 'http://10.167.4.35:9696/v2.0/ports/686f19fd-3a49-45e0-9aa5-614655ba54e9', u'date': 'Mon, 17 Dec 2018 23:53:49 GMT', u'content-type': 'application/json', u'connection': 'close', u'x-openstack-request-id': 'req-9a16defd-1208-4e1a-b9de-e60cab06be2b'} Body: {"NeutronError": {"message": "Port 686f19fd-3a49-45e0-9aa5-614655ba54e9 could not be found.", "type": "PortNotFound", "detail": ""}} _log_request_full /root/.rally/verification/verifier-e15ef1ce-1599-4039-86dc-e4abb2a9446a/repo/tempest/lib/common/rest_client.py:434
2018-12-17 23:53:50.259 12860 INFO tempest.lib.common.rest_client [req-f75cc87e-3ef0-4b1d-9887-fb31de8cbc10 ] Request (TrunkTestJSON:_run_cleanups): 204 DELETE http://10.167.4.35:9696/v2.0/ports/7732249a-d2b8-4c1b-b5a7-7cb9d7dcb0ec 0.486s
2018-12-17 23:53:50.260 12860 DEBUG tempest.lib.common.rest_client [req-f75cc87e-3ef0-4b1d-9887-fb31de8cbc10 ] Request - Headers: {'Content-Type': 'application/json', 'Accept': 'application/json', 'X-Auth-Token': ''} Body: None Response - Headers: {'status': '204', u'content-length': '0', 'content-location': 'http://10.167.4.35:9696/v2.0/ports/7732249a-d2b8-4c1b-b5a7-7cb9d7dcb0ec', u'date': 'Mon, 17 Dec 2018 23:53:50 GMT', u'connection': 'close', u'x-openstack-request-id': 'req-f75cc87e-3ef0-4b1d-9887-fb31de8cbc10'} Body: _log_request_full /root/.rally/verification/verifier-e15ef1ce-1599-4039-86dc-e4abb2a9446a/repo/tempest/lib/common/rest_client.py:434
2018-12-17 23:53:50.269 12857 INFO tempest.lib.common.rest_client [req-2a948d5d-f61d-4096-8270-f91f243fd077 ] Request (TrunkTest:test_trunk_subport_lifecycle): 200 GET http://10.167.4.35:8774/v2.1/servers/522878b1-b508-4f60-8d25-b455e9e2b96d 0.465s
2018-12-17 23:53:50.269 12857 DEBUG tempest.lib.common.rest_client [req-2a948d5d-f61d-4096-8270-f91f243fd077 ] Request - Headers: {'Content-Type': 'application/json', 'Accept': 'application/json', 'X-Auth-Token': ''} Body: None Response - Headers: {'status': '200', u'content-length': '1694', 'content-location': 'http://10.167.4.35:8774/v2.1/servers/522878b1-b508-4f60-8d25-b455e9e2b96d', u'x-compute-request-id': 'req-2a948d5d-f61d-4096-8270-f91f243fd077', u'vary': 'X-OpenStack-Nova-API-Version', u'openstack-api-version': 'compute 2.1', u'connection': 'close', u'x-openstack-nova-api-version': '2.1', u'date': 'Mon, 17 Dec 2018 23:53:50 GMT', u'content-type': 'application/json', u'x-openstack-request-id': 'req-2a948d5d-f61d-4096-8270-f91f243fd077'} Body: {"server": {"OS-EXT-STS:task_state": null, "addresses": {"tempest-test-network--551763120": [{"OS-EXT-IPS-MAC:mac_addr": "fa:16:3e:2b:49:5c", "version": 4, "addr": "192.168.120.12", "OS-EXT-IPS:type": "fixed"}, {"OS-EXT-IPS-MAC:mac_addr": "fa:16:3e:2b:49:5c", "version": 4, "addr": "172.30.10.117", "OS-EXT-IPS:type": "floating"}]}, "links": [{"href": "http://10.167.4.35:8774/v2.1/servers/522878b1-b508-4f60-8d25-b455e9e2b96d", "rel": "self"}, {"href": "http://10.167.4.35:8774/servers/522878b1-b508-4f60-8d25-b455e9e2b96d", "rel": "bookmark"}], "image": {"id": "ce1af68a-0a43-45a3-a71f-5288120b9143", "links": [{"href": "http://10.167.4.35:8774/images/ce1af68a-0a43-45a3-a71f-5288120b9143", "rel": "bookmark"}]}, "OS-EXT-STS:vm_state": "active", "OS-SRV-USG:launched_at": "2018-12-17T23:53:30.000000", "flavor": {"id": "b87897b9-690a-4040-86e8-4e4e5c975750", "links": [{"href": "http://10.167.4.35:8774/flavors/b87897b9-690a-4040-86e8-4e4e5c975750", "rel": "bookmark"}]}, "id": "522878b1-b508-4f60-8d25-b455e9e2b96d", "security_groups": [{"name": "tempest-secgroup-886094195"}], "user_id": "da6575ef1f7e449d9aeb2dffa8002a7a", "OS-DCF:diskConfig": "MANUAL", "accessIPv4": "", "accessIPv6": "", "progress": 0, "OS-EXT-STS:power_state": 1, "OS-EXT-AZ:availability_zone": "nova", "config_drive": "True", "status": "ACTIVE", "updated": "2018-12-17T23:53:31Z", "hostId": "a091b2a6c2e20fb8da01a4ecb923565976c77ae5c8037c45a1d4e616", "OS-SRV-USG:terminated_at": null, "key_name": "tempest-keypair-test-1656875381", "name": "tempest-server-test-2010410047", "created": "2018-12-17T23:53:23Z", "tenant_id": "1125a502f3064d15b37d35a4ec70578f", "os-extended-volumes:volumes_attached": [], "metadata": {}}} _log_request_full /root/.rally/verification/verifier-e15ef1ce-1599-4039-86dc-e4abb2a9446a/repo/tempest/lib/common/rest_client.py:434
2018-12-17 23:53:50.286 12857 INFO tempest.lib.common.ssh [-] Creating ssh connection to '172.30.10.117:22' as 'cirros' with public key authentication
2018-12-17 23:53:50.288 12857 INFO paramiko.transport [-] Connected (version 2.0, client dropbear_2015.67)
2018-12-17 23:53:50.354 12857 INFO paramiko.transport [-] Authentication (publickey) successful!
2018-12-17 23:53:50.385 12857 INFO tempest.lib.common.ssh [-] ssh connection to cirros@172.30.10.117 successfully created
2018-12-17 23:53:50.530 12857 INFO tempest.lib.common.rest_client [req-ac8824da-326f-4fac-a5a0-19f0927c1226 ] Request (TrunkTest:test_trunk_subport_lifecycle): 200 GET http://10.167.4.35:9696/v2.0/trunks/c93db3ec-e417-42a6-883d-4d1c7c710948 0.029s
2018-12-17 23:53:50.531 12857 DEBUG tempest.lib.common.rest_client [req-ac8824da-326f-4fac-a5a0-19f0927c1226 ] Request - Headers: {'Content-Type': 'application/json', 'Accept': 'application/json', 'X-Auth-Token': ''} Body: None Response - Headers: {'status': '200', u'content-length': '409', 'content-location': 'http://10.167.4.35:9696/v2.0/trunks/c93db3ec-e417-42a6-883d-4d1c7c710948', u'date': 'Mon, 17 Dec 2018 23:53:50 GMT', u'content-type': 'application/json', u'connection': 'close', u'x-openstack-request-id': 'req-ac8824da-326f-4fac-a5a0-19f0927c1226'} Body: {"trunk": {"status": "ACTIVE", "sub_ports": [], "name": "", "admin_state_up": true, "tenant_id": "1125a502f3064d15b37d35a4ec70578f", "created_at": "2018-12-17T23:53:14Z", "tags": [], "updated_at": "2018-12-17T23:53:28Z", "revision_number": 1, "project_id": "1125a502f3064d15b37d35a4ec70578f", "port_id": "a8a6e062-8d9c-4b50-8f7c-fcbbdc83cffe", "id": "c93db3ec-e417-42a6-883d-4d1c7c710948", "description": ""}} _log_request_full /root/.rally/verification/verifier-e15ef1ce-1599-4039-86dc-e4abb2a9446a/repo/tempest/lib/common/rest_client.py:434
2018-12-17 23:53:50.560 12857 INFO tempest.lib.common.rest_client [req-32310e6d-6d9a-44e3-a86e-3201a5f2d4d9 ] Request (TrunkTest:test_trunk_subport_lifecycle): 200 GET http://10.167.4.35:9696/v2.0/trunks/4dd3987a-1025-4224-9df7-fa611ffbcf58 0.028s
2018-12-17 23:53:50.560 12857 DEBUG tempest.lib.common.rest_client [req-32310e6d-6d9a-44e3-a86e-3201a5f2d4d9 ] Request - Headers: {'Content-Type': 'application/json', 'Accept': 'application/json', 'X-Auth-Token': ''} Body: None Response - Headers: {'status': '200', u'content-length': '409', 'content-location': 'http://10.167.4.35:9696/v2.0/trunks/4dd3987a-1025-4224-9df7-fa611ffbcf58', u'date': 'Mon, 17 Dec 2018 23:53:50 GMT', u'content-type': 'application/json', u'connection': 'close', u'x-openstack-request-id': 'req-32310e6d-6d9a-44e3-a86e-3201a5f2d4d9'} Body: {"trunk": {"status": "ACTIVE", "sub_ports": [], "name": "", "admin_state_up": true, "tenant_id": "1125a502f3064d15b37d35a4ec70578f", "created_at": "2018-12-17T23:53:19Z", "tags": [], "updated_at": "2018-12-17T23:53:28Z", "revision_number": 1, "project_id": "1125a502f3064d15b37d35a4ec70578f", "port_id": "34765681-a03f-48b2-94df-18ebbcea7612", "id": "4dd3987a-1025-4224-9df7-fa611ffbcf58", "description": ""}} _log_request_full /root/.rally/verification/verifier-e15ef1ce-1599-4039-86dc-e4abb2a9446a/repo/tempest/lib/common/rest_client.py:434
2018-12-17 23:53:50.629 12856 INFO tempest.lib.common.rest_client [req-53b0c644-d6de-4029-820f-f00ce39aa94d ] Request (TrunkTestJSON:_run_cleanups): 204 DELETE http://10.167.4.35:9696/v2.0/networks/cd8fe2c0-af47-48ef-9b22-b8d7d986c81e 0.920s
2018-12-17 23:53:50.629 12856 DEBUG tempest.lib.common.rest_client [req-53b0c644-d6de-4029-820f-f00ce39aa94d ] Request - Headers: {'Content-Type': 'application/json', 'Accept': 'application/json', 'X-Auth-Token': ''} Body: None Response - Headers: {'status': '204', u'content-length': '0', 'content-location': 'http://10.167.4.35:9696/v2.0/networks/cd8fe2c0-af47-48ef-9b22-b8d7d986c81e', u'date': 'Mon, 17 Dec 2018 23:53:50 GMT', u'connection': 'close', u'x-openstack-request-id': 'req-53b0c644-d6de-4029-820f-f00ce39aa94d'} Body: _log_request_full /root/.rally/verification/verifier-e15ef1ce-1599-4039-86dc-e4abb2a9446a/repo/tempest/lib/common/rest_client.py:434
2018-12-17 23:53:50.731 12860 INFO tempest.lib.common.rest_client [req-6488f3bc-2d31-4122-9a87-8b52187e586b ] Request (TrunkTestJSON:_run_cleanups): 204 DELETE http://10.167.4.35:9696/v2.0/ports/fdf7341e-24db-49e4-aa35-42ad0be1884b 0.470s
2018-12-17 23:53:50.732 12860 DEBUG tempest.lib.common.rest_client [req-6488f3bc-2d31-4122-9a87-8b52187e586b ] Request - Headers: {'Content-Type': 'application/json', 'Accept': 'application/json', 'X-Auth-Token': ''} Body: None Response - Headers: {'status': '204', u'content-length': '0', 'content-location': 'http://10.167.4.35:9696/v2.0/ports/fdf7341e-24db-49e4-aa35-42ad0be1884b', u'date': 'Mon, 17 Dec 2018 23:53:50 GMT', u'connection': 'close', u'x-openstack-request-id': 'req-6488f3bc-2d31-4122-9a87-8b52187e586b'} Body: _log_request_full /root/.rally/verification/verifier-e15ef1ce-1599-4039-86dc-e4abb2a9446a/repo/tempest/lib/common/rest_client.py:434
2018-12-17 23:53:50.857 12857 INFO tempest.lib.common.rest_client [req-ebdff26d-790a-4196-954f-387feea77b58 ] Request (TrunkTest:test_trunk_subport_lifecycle): 201 POST http://10.167.4.35:9696/v2.0/networks 0.295s
2018-12-17 23:53:50.858 12857 DEBUG tempest.lib.common.rest_client [req-ebdff26d-790a-4196-954f-387feea77b58 ] Request - Headers: {'Content-Type': 'application/json', 'Accept': 'application/json', 'X-Auth-Token': ''} Body: {"network": {"name": "tempest-test-network--1174684394"}} Response - Headers: {'status': '201', u'content-length': '569', 'content-location': 'http://10.167.4.35:9696/v2.0/networks', u'date': 'Mon, 17 Dec 2018 23:53:50 GMT', u'content-type': 'application/json', u'connection': 'close', u'x-openstack-request-id': 'req-ebdff26d-790a-4196-954f-387feea77b58'} Body: {"network":{"status":"ACTIVE","router:external":false,"availability_zone_hints":[],"availability_zones":[],"description":"","subnets":[],"shared":false,"tenant_id":"1125a502f3064d15b37d35a4ec70578f","created_at":"2018-12-17T23:53:50Z","tags":[],"ipv6_address_scope":null,"mtu":1450,"updated_at":"2018-12-17T23:53:50Z","admin_state_up":true,"revision_number":2,"ipv4_address_scope":null,"is_default":false,"port_security_enabled":true,"project_id":"1125a502f3064d15b37d35a4ec70578f","id":"c2f94083-ffb7-4388-9055-f66af4849452","name":"tempest-test-network--1174684394"}} _log_request_full /root/.rally/verification/verifier-e15ef1ce-1599-4039-86dc-e4abb2a9446a/repo/tempest/lib/common/rest_client.py:434
2018-12-17 23:53:50.941 12856 INFO tempest.lib.common.rest_client [req-226248ba-a67c-471c-b7d0-1ff85f1933bf ] Request (TrunkTestJSON:test_list_trunks): 201 POST http://10.167.4.35:9696/v2.0/networks 0.310s
2018-12-17 23:53:50.942 12856 DEBUG tempest.lib.common.rest_client [req-226248ba-a67c-471c-b7d0-1ff85f1933bf ] Request - Headers: {'Content-Type': 'application/json', 'Accept': 'application/json', 'X-Auth-Token': ''} Body: {"network": {"name": "tempest-test-network--1706358444"}} Response - Headers: {'status': '201', u'content-length': '569', 'content-location': 'http://10.167.4.35:9696/v2.0/networks', u'date': 'Mon, 17 Dec 2018 23:53:50 GMT', u'content-type': 'application/json', u'connection': 'close', u'x-openstack-request-id': 'req-226248ba-a67c-471c-b7d0-1ff85f1933bf'} Body: {"network":{"status":"ACTIVE","router:external":false,"availability_zone_hints":[],"availability_zones":[],"description":"","subnets":[],"shared":false,"tenant_id":"902842538c3b416384b9b2ff79091d42","created_at":"2018-12-17T23:53:50Z","tags":[],"ipv6_address_scope":null,"mtu":1450,"updated_at":"2018-12-17T23:53:50Z","admin_state_up":true,"revision_number":2,"ipv4_address_scope":null,"is_default":false,"port_security_enabled":true,"project_id":"902842538c3b416384b9b2ff79091d42","id":"9418eff6-457f-4060-9a00-693ecebca6bf","name":"tempest-test-network--1706358444"}} _log_request_full /root/.rally/verification/verifier-e15ef1ce-1599-4039-86dc-e4abb2a9446a/repo/tempest/lib/common/rest_client.py:434
2018-12-17 23:53:51.230 12860 INFO tempest.lib.common.rest_client [req-47243f7c-b49e-4b00-8165-f88bbffbc133 ] Request (TrunkTestJSON:_run_cleanups): 204 DELETE http://10.167.4.35:9696/v2.0/ports/90442e2e-89c3-4778-b5d4-4758dd673b7c 0.497s
2018-12-17 23:53:51.231 12860 DEBUG tempest.lib.common.rest_client [req-47243f7c-b49e-4b00-8165-f88bbffbc133 ] Request - Headers: {'Content-Type': 'application/json', 'Accept': 'application/json', 'X-Auth-Token': ''} Body: None Response - Headers: {'status': '204', u'content-length': '0', 'content-location': 'http://10.167.4.35:9696/v2.0/ports/90442e2e-89c3-4778-b5d4-4758dd673b7c', u'date': 'Mon, 17 Dec 2018 23:53:51 GMT', u'connection': 'close', u'x-openstack-request-id': 'req-47243f7c-b49e-4b00-8165-f88bbffbc133'} Body: _log_request_full /root/.rally/verification/verifier-e15ef1ce-1599-4039-86dc-e4abb2a9446a/repo/tempest/lib/common/rest_client.py:434
2018-12-17 23:53:51.262 12860 INFO tempest.lib.common.rest_client [req-a36526be-1325-4c88-b0eb-7c3e5ec9a1c9 ] Request (TrunkTestJSON:_run_cleanups): 404 DELETE http://10.167.4.35:9696/v2.0/networks/2e58bc0b-20e5-4487-ab75-58c834e55f0b 0.031s
2018-12-17 23:53:51.263 12860 DEBUG tempest.lib.common.rest_client [req-a36526be-1325-4c88-b0eb-7c3e5ec9a1c9 ] Request - Headers: {'Content-Type': 'application/json', 'Accept': 'application/json', 'X-Auth-Token': ''} Body: None Response - Headers: {'status': '404', u'content-length': '138', 'content-location': 'http://10.167.4.35:9696/v2.0/networks/2e58bc0b-20e5-4487-ab75-58c834e55f0b', u'date': 'Mon, 17 Dec 2018 23:53:51 GMT', u'content-type': 'application/json', u'connection': 'close', u'x-openstack-request-id': 'req-a36526be-1325-4c88-b0eb-7c3e5ec9a1c9'} Body: {"NeutronError": {"message": "Network 2e58bc0b-20e5-4487-ab75-58c834e55f0b could not be found.", "type": "NetworkNotFound", "detail": ""}} _log_request_full /root/.rally/verification/verifier-e15ef1ce-1599-4039-86dc-e4abb2a9446a/repo/tempest/lib/common/rest_client.py:434
2018-12-17 23:53:51.293 12860 INFO tempest.lib.common.rest_client [req-97a9a183-51a0-435e-8200-95a38a590bfa ] Request (TrunkTestJSON:_run_cleanups): 404 DELETE http://10.167.4.35:9696/v2.0/networks/4a11624f-0a51-4242-869e-40bb5d82d202 0.029s
2018-12-17 23:53:51.293 12860 DEBUG tempest.lib.common.rest_client [req-97a9a183-51a0-435e-8200-95a38a590bfa ] Request - Headers: {'Content-Type': 'application/json', 'Accept': 'application/json', 'X-Auth-Token': ''} Body: None Response - Headers: {'status': '404', u'content-length': '138', 'content-location': 'http://10.167.4.35:9696/v2.0/networks/4a11624f-0a51-4242-869e-40bb5d82d202', u'date': 'Mon, 17 Dec 2018 23:53:51 GMT', u'content-type': 'application/json', u'connection': 'close', u'x-openstack-request-id': 'req-97a9a183-51a0-435e-8200-95a38a590bfa'} Body: {"NeutronError": {"message": "Network 4a11624f-0a51-4242-869e-40bb5d82d202 could not be found.", "type": "NetworkNotFound", "detail": ""}} _log_request_full /root/.rally/verification/verifier-e15ef1ce-1599-4039-86dc-e4abb2a9446a/repo/tempest/lib/common/rest_client.py:434
2018-12-17 23:53:51.328 12860 INFO tempest.lib.common.rest_client [req-44b0bdd2-1155-414e-8404-d9bd446cea1c ] Request (TrunkTestJSON:_run_cleanups): 404 DELETE http://10.167.4.35:9696/v2.0/networks/970a144e-bff3-4458-9238-793463aceea5 0.034s
