2018-12-17 23:54:04.315 12857 DEBUG tempest.lib.common.rest_client [req-20d0d7e7-9551-48a2-8c97-c66b016b3bde ] Request - Headers: {'Content-Type': 'application/json', 'Accept': 'application/json', 'X-Auth-Token': ''} Body: None Response - Headers: {'status': '200', u'content-length': '630', 'content-location': 'http://10.167.4.35:9696/v2.0/ports/7b951722-73e8-4c55-9185-448ab8c78294', u'date': 'Mon, 17 Dec 2018 23:54:04 GMT', u'content-type': 'application/json', u'connection': 'close', u'x-openstack-request-id': 'req-20d0d7e7-9551-48a2-8c97-c66b016b3bde'} Body: {"port":{"status":"ACTIVE","created_at":"2018-12-17T23:53:53Z","description":"","allowed_address_pairs":[],"tags":[],"network_id":"e3b7f872-dcc0-42ee-9fc6-81058957000e","tenant_id":"1125a502f3064d15b37d35a4ec70578f","extra_dhcp_opts":[],"admin_state_up":true,"updated_at":"2018-12-17T23:54:04Z","name":"","device_owner":"trunk:subport","revision_number":9,"mac_address":"fa:16:3e:6f:3e:11","binding:vnic_type":"normal","port_security_enabled":true,"project_id":"1125a502f3064d15b37d35a4ec70578f","fixed_ips":[],"id":"7b951722-73e8-4c55-9185-448ab8c78294","security_groups":["891dc69a-9337-48d9-b783-80e29f62415f"],"device_id":""}} _log_request_full /root/.rally/verification/verifier-e15ef1ce-1599-4039-86dc-e4abb2a9446a/repo/tempest/lib/common/rest_client.py:434
2018-12-17 23:54:04.316 12856 DEBUG tempest.lib.common.rest_client [req-63d042fa-bf71-47a5-b04e-7166bd3cd1a7 ] Request - Headers: {'Content-Type': 'application/json', 'Accept': 'application/json', 'X-Auth-Token': ''} Body: {"sub_ports": [{"port_id": "98dce340-95a3-4de2-ad14-bafc54271bb8", "segmentation_type": "vlan", "segmentation_id": 4}]} Response - Headers: {'status': '200', u'content-length': '396', 'content-location': 'http://10.167.4.35:9696/v2.0/trunks/2c8de0bc-016b-4819-a1b5-8584dc7a6337/remove_subports', u'date': 'Mon, 17 Dec 2018 23:54:04 GMT', u'content-type': 'application/json', u'connection': 'close', u'x-openstack-request-id': 'req-63d042fa-bf71-47a5-b04e-7166bd3cd1a7'} Body: {"status": "DOWN", "sub_ports": [], "name": "", "admin_state_up": true, "tenant_id": "902842538c3b416384b9b2ff79091d42", "created_at": "2018-12-17T23:54:03Z", "tags": [], "updated_at": "2018-12-17T23:54:04Z", "revision_number": 2, "project_id": "902842538c3b416384b9b2ff79091d42", "port_id": "70ca56d3-b41e-4c90-be25-303ae73aaa24", "id": "2c8de0bc-016b-4819-a1b5-8584dc7a6337", "description": ""} _log_request_full /root/.rally/verification/verifier-e15ef1ce-1599-4039-86dc-e4abb2a9446a/repo/tempest/lib/common/rest_client.py:434
2018-12-17 23:54:04.385 12857 INFO tempest.lib.common.rest_client [req-5497426e-0272-486f-a71e-c27cd7d9d674 ] Request (TrunkTest:test_trunk_subport_lifecycle): 200 GET http://10.167.4.35:9696/v2.0/ports/e5acbd63-68ee-4a3b-b7fd-33732a265514 0.068s
2018-12-17 23:54:04.385 12857 DEBUG tempest.lib.common.rest_client [req-5497426e-0272-486f-a71e-c27cd7d9d674 ] Request - Headers: {'Content-Type': 'application/json', 'Accept': 'application/json', 'X-Auth-Token': ''} Body: None Response - Headers: {'status': '200', u'content-length': '630', 'content-location': 'http://10.167.4.35:9696/v2.0/ports/e5acbd63-68ee-4a3b-b7fd-33732a265514', u'date': 'Mon, 17 Dec 2018 23:54:04 GMT', u'content-type': 'application/json', u'connection': 'close', u'x-openstack-request-id': 'req-5497426e-0272-486f-a71e-c27cd7d9d674'} Body: {"port":{"status":"ACTIVE","created_at":"2018-12-17T23:53:55Z","description":"","allowed_address_pairs":[],"tags":[],"network_id":"24c84acc-d7cb-447a-9829-86c7196daec0","tenant_id":"1125a502f3064d15b37d35a4ec70578f","extra_dhcp_opts":[],"admin_state_up":true,"updated_at":"2018-12-17T23:54:01Z","name":"","device_owner":"trunk:subport","revision_number":9,"mac_address":"fa:16:3e:dd:91:2b","binding:vnic_type":"normal","port_security_enabled":true,"project_id":"1125a502f3064d15b37d35a4ec70578f","fixed_ips":[],"id":"e5acbd63-68ee-4a3b-b7fd-33732a265514","security_groups":["891dc69a-9337-48d9-b783-80e29f62415f"],"device_id":""}} _log_request_full /root/.rally/verification/verifier-e15ef1ce-1599-4039-86dc-e4abb2a9446a/repo/tempest/lib/common/rest_client.py:434
2018-12-17 23:54:04.387 12857 INFO tempest.lib.common.ssh [-] Creating ssh connection to '172.30.10.114:22' as 'cirros' with public key authentication
2018-12-17 23:54:04.390 12857 INFO paramiko.transport [-] Connected (version 2.0, client dropbear_2015.67)
2018-12-17 23:54:04.460 12856 INFO tempest.lib.common.rest_client [req-939ed409-33b0-41b3-b7df-14d454447e50 ] Request (TrunkTestJSON:_run_cleanups): 204 DELETE http://10.167.4.35:9696/v2.0/trunks/2c8de0bc-016b-4819-a1b5-8584dc7a6337 0.143s
2018-12-17 23:54:04.460 12856 DEBUG tempest.lib.common.rest_client [req-939ed409-33b0-41b3-b7df-14d454447e50 ] Request - Headers: {'Content-Type': 'application/json', 'Accept': 'application/json', 'X-Auth-Token': ''} Body: None Response - Headers: {'status': '204', u'content-length': '0', 'content-location': 'http://10.167.4.35:9696/v2.0/trunks/2c8de0bc-016b-4819-a1b5-8584dc7a6337', u'date': 'Mon, 17 Dec 2018 23:54:04 GMT', u'connection': 'close', u'x-openstack-request-id': 'req-939ed409-33b0-41b3-b7df-14d454447e50'} Body: _log_request_full /root/.rally/verification/verifier-e15ef1ce-1599-4039-86dc-e4abb2a9446a/repo/tempest/lib/common/rest_client.py:434
2018-12-17 23:54:04.477 12856 INFO tempest.lib.common.rest_client [req-e929faff-87dd-4e23-9359-0f3c6ac00384 ] Request (TrunkTestJSON:_run_cleanups): 404 GET http://10.167.4.35:9696/v2.0/trunks/e602d9ee-c594-4191-b96b-8e767c14f4a4 0.016s
2018-12-17 23:54:04.478 12856 DEBUG tempest.lib.common.rest_client [req-e929faff-87dd-4e23-9359-0f3c6ac00384 ] Request - Headers: {'Content-Type': 'application/json', 'Accept': 'application/json', 'X-Auth-Token': ''} Body: None Response - Headers: {'status': '404', u'content-length': '134', 'content-location': 'http://10.167.4.35:9696/v2.0/trunks/e602d9ee-c594-4191-b96b-8e767c14f4a4', u'date': 'Mon, 17 Dec 2018 23:54:04 GMT', u'content-type': 'application/json', u'connection': 'close', u'x-openstack-request-id': 'req-e929faff-87dd-4e23-9359-0f3c6ac00384'} Body: {"NeutronError": {"message": "Trunk e602d9ee-c594-4191-b96b-8e767c14f4a4 could not be found.", "type": "TrunkNotFound", "detail": ""}} _log_request_full /root/.rally/verification/verifier-e15ef1ce-1599-4039-86dc-e4abb2a9446a/repo/tempest/lib/common/rest_client.py:434
2018-12-17 23:54:04.488 12860 INFO tempest.lib.common.rest_client [req-0ebc0e01-b192-45d3-ae78-b32e7f27f457 ] Request (TrunkTestJSON:_run_cleanups): 204 DELETE http://10.167.4.35:9696/v2.0/ports/b0b13f1e-529e-41c3-873e-99ffba67feb0 0.711s
2018-12-17 23:54:04.488 12860 DEBUG tempest.lib.common.rest_client [req-0ebc0e01-b192-45d3-ae78-b32e7f27f457 ] Request - Headers: {'Content-Type': 'application/json', 'Accept': 'application/json', 'X-Auth-Token': ''} Body: None Response - Headers: {'status': '204', u'content-length': '0', 'content-location': 'http://10.167.4.35:9696/v2.0/ports/b0b13f1e-529e-41c3-873e-99ffba67feb0', u'date': 'Mon, 17 Dec 2018 23:54:04 GMT', u'connection': 'close', u'x-openstack-request-id': 'req-0ebc0e01-b192-45d3-ae78-b32e7f27f457'} Body: _log_request_full /root/.rally/verification/verifier-e15ef1ce-1599-4039-86dc-e4abb2a9446a/repo/tempest/lib/common/rest_client.py:434
2018-12-17 23:54:04.492 12857 INFO paramiko.transport [-] Authentication (publickey) successful!
2018-12-17 23:54:04.498 12856 INFO tempest.lib.common.rest_client [req-8e292faa-c8f9-4267-a192-bb99d5340756 ] Request (TrunkTestJSON:_run_cleanups): 404 GET http://10.167.4.35:9696/v2.0/trunks/f39edea9-d064-4f60-99d1-6f3acefa281a 0.019s
2018-12-17 23:54:04.498 12856 DEBUG tempest.lib.common.rest_client [req-8e292faa-c8f9-4267-a192-bb99d5340756 ] Request - Headers: {'Content-Type': 'application/json', 'Accept': 'application/json', 'X-Auth-Token': ''} Body: None Response - Headers: {'status': '404', u'content-length': '134', 'content-location': 'http://10.167.4.35:9696/v2.0/trunks/f39edea9-d064-4f60-99d1-6f3acefa281a', u'date': 'Mon, 17 Dec 2018 23:54:04 GMT', u'content-type': 'application/json', u'connection': 'close', u'x-openstack-request-id': 'req-8e292faa-c8f9-4267-a192-bb99d5340756'} Body: {"NeutronError": {"message": "Trunk f39edea9-d064-4f60-99d1-6f3acefa281a could not be found.", "type": "TrunkNotFound", "detail": ""}} _log_request_full /root/.rally/verification/verifier-e15ef1ce-1599-4039-86dc-e4abb2a9446a/repo/tempest/lib/common/rest_client.py:434
2018-12-17 23:54:04.519 12857 INFO tempest.lib.common.ssh [-] ssh connection to cirros@172.30.10.114 successfully created
2018-12-17 23:54:04.523 12856 INFO tempest.lib.common.rest_client [req-f607e498-32c6-4afd-9495-da1dbc748c8e ] Request (TrunkTestJSON:_run_cleanups): 404 GET http://10.167.4.35:9696/v2.0/trunks/4ef3543a-e0ef-47cb-b791-f0cff686bf7e 0.024s
2018-12-17 23:54:04.523 12856 DEBUG tempest.lib.common.rest_client [req-f607e498-32c6-4afd-9495-da1dbc748c8e ] Request - Headers: {'Content-Type': 'application/json', 'Accept': 'application/json', 'X-Auth-Token': ''} Body: None Response - Headers: {'status': '404', u'content-length': '134', 'content-location': 'http://10.167.4.35:9696/v2.0/trunks/4ef3543a-e0ef-47cb-b791-f0cff686bf7e', u'date': 'Mon, 17 Dec 2018 23:54:04 GMT', u'content-type': 'application/json', u'connection': 'close', u'x-openstack-request-id': 'req-f607e498-32c6-4afd-9495-da1dbc748c8e'} Body: {"NeutronError": {"message": "Trunk 4ef3543a-e0ef-47cb-b791-f0cff686bf7e could not be found.", "type": "TrunkNotFound", "detail": ""}} _log_request_full /root/.rally/verification/verifier-e15ef1ce-1599-4039-86dc-e4abb2a9446a/repo/tempest/lib/common/rest_client.py:434
2018-12-17 23:54:04.525 12860 INFO tempest.lib.common.rest_client [req-4ad0aa1c-aac6-4698-a351-2bdaea90f12f ] Request (TrunkTestJSON:_run_cleanups): 404 DELETE http://10.167.4.35:9696/v2.0/networks/2e58bc0b-20e5-4487-ab75-58c834e55f0b 0.035s
2018-12-17 23:54:04.525 12860 DEBUG tempest.lib.common.rest_client [req-4ad0aa1c-aac6-4698-a351-2bdaea90f12f ] Request - Headers: {'Content-Type': 'application/json', 'Accept': 'application/json', 'X-Auth-Token': ''} Body: None Response - Headers: {'status': '404', u'content-length': '138', 'content-location': 'http://10.167.4.35:9696/v2.0/networks/2e58bc0b-20e5-4487-ab75-58c834e55f0b', u'date': 'Mon, 17 Dec 2018 23:54:04 GMT', u'content-type': 'application/json', u'connection': 'close', u'x-openstack-request-id': 'req-4ad0aa1c-aac6-4698-a351-2bdaea90f12f'} Body: {"NeutronError": {"message": "Network 2e58bc0b-20e5-4487-ab75-58c834e55f0b could not be found.", "type": "NetworkNotFound", "detail": ""}} _log_request_full /root/.rally/verification/verifier-e15ef1ce-1599-4039-86dc-e4abb2a9446a/repo/tempest/lib/common/rest_client.py:434
2018-12-17 23:54:04.541 12856 INFO tempest.lib.common.rest_client [req-f04cf380-daac-488f-a236-be5b3cea1280 ] Request (TrunkTestJSON:_run_cleanups): 404 GET http://10.167.4.35:9696/v2.0/trunks/cc60a665-3fc9-4006-8a88-1edbd346e1ff 0.017s
2018-12-17 23:54:04.542 12856 DEBUG tempest.lib.common.rest_client [req-f04cf380-daac-488f-a236-be5b3cea1280 ] Request - Headers: {'Content-Type': 'application/json', 'Accept': 'application/json', 'X-Auth-Token': ''} Body: None Response - Headers: {'status': '404', u'content-length': '134', 'content-location': 'http://10.167.4.35:9696/v2.0/trunks/cc60a665-3fc9-4006-8a88-1edbd346e1ff', u'date': 'Mon, 17 Dec 2018 23:54:04 GMT', u'content-type': 'application/json', u'connection': 'close', u'x-openstack-request-id': 'req-f04cf380-daac-488f-a236-be5b3cea1280'} Body: {"NeutronError": {"message": "Trunk cc60a665-3fc9-4006-8a88-1edbd346e1ff could not be found.", "type": "TrunkNotFound", "detail": ""}} _log_request_full /root/.rally/verification/verifier-e15ef1ce-1599-4039-86dc-e4abb2a9446a/repo/tempest/lib/common/rest_client.py:434
2018-12-17 23:54:04.561 12860 INFO tempest.lib.common.rest_client [req-3cd71ed7-cbb1-42c4-94f5-2f8f674bb973 ] Request (TrunkTestJSON:_run_cleanups): 404 DELETE http://10.167.4.35:9696/v2.0/networks/4a11624f-0a51-4242-869e-40bb5d82d202 0.035s
2018-12-17 23:54:04.562 12860 DEBUG tempest.lib.common.rest_client [req-3cd71ed7-cbb1-42c4-94f5-2f8f674bb973 ] Request - Headers: {'Content-Type': 'application/json', 'Accept': 'application/json', 'X-Auth-Token': ''} Body: None Response - Headers: {'status': '404', u'content-length': '138', 'content-location': 'http://10.167.4.35:9696/v2.0/networks/4a11624f-0a51-4242-869e-40bb5d82d202', u'date': 'Mon, 17 Dec 2018 23:54:04 GMT', u'content-type': 'application/json', u'connection': 'close', u'x-openstack-request-id': 'req-3cd71ed7-cbb1-42c4-94f5-2f8f674bb973'} Body: {"NeutronError": {"message": "Network 4a11624f-0a51-4242-869e-40bb5d82d202 could not be found.", "type": "NetworkNotFound", "detail": ""}} _log_request_full /root/.rally/verification/verifier-e15ef1ce-1599-4039-86dc-e4abb2a9446a/repo/tempest/lib/common/rest_client.py:434
2018-12-17 23:54:04.570 12856 INFO tempest.lib.common.rest_client [req-fdf472c7-8556-4960-81f6-a3f2f0f35ef1 ] Request (TrunkTestJSON:_run_cleanups): 404 GET http://10.167.4.35:9696/v2.0/trunks/394f38e7-1fd6-4052-9f5a-bcaceb07875c 0.028s
2018-12-17 23:54:04.571 12856 DEBUG tempest.lib.common.rest_client [req-fdf472c7-8556-4960-81f6-a3f2f0f35ef1 ] Request - Headers: {'Content-Type': 'application/json', 'Accept': 'application/json', 'X-Auth-Token': ''} Body: None Response - Headers: {'status': '404', u'content-length': '134', 'content-location': 'http://10.167.4.35:9696/v2.0/trunks/394f38e7-1fd6-4052-9f5a-bcaceb07875c', u'date': 'Mon, 17 Dec 2018 23:54:04 GMT', u'content-type': 'application/json', u'connection': 'close', u'x-openstack-request-id': 'req-fdf472c7-8556-4960-81f6-a3f2f0f35ef1'} Body: {"NeutronError": {"message": "Trunk 394f38e7-1fd6-4052-9f5a-bcaceb07875c could not be found.", "type": "TrunkNotFound", "detail": ""}} _log_request_full /root/.rally/verification/verifier-e15ef1ce-1599-4039-86dc-e4abb2a9446a/repo/tempest/lib/common/rest_client.py:434
2018-12-17 23:54:04.595 12860 INFO tempest.lib.common.rest_client [req-5067daef-aaa1-4000-bf9f-986648f83721 ] Request (TrunkTestJSON:_run_cleanups): 404 DELETE http://10.167.4.35:9696/v2.0/networks/970a144e-bff3-4458-9238-793463aceea5 0.032s
2018-12-17 23:54:04.595 12860 DEBUG tempest.lib.common.rest_client [req-5067daef-aaa1-4000-bf9f-986648f83721 ] Request - Headers: {'Content-Type': 'application/json', 'Accept': 'application/json', 'X-Auth-Token': ''} Body: None Response - Headers: {'status': '404', u'content-length': '138', 'content-location': 'http://10.167.4.35:9696/v2.0/networks/970a144e-bff3-4458-9238-793463aceea5', u'date': 'Mon, 17 Dec 2018 23:54:04 GMT', u'content-type': 'application/json', u'connection': 'close', u'x-openstack-request-id': 'req-5067daef-aaa1-4000-bf9f-986648f83721'} Body: {"NeutronError": {"message": "Network 970a144e-bff3-4458-9238-793463aceea5 could not be found.", "type": "NetworkNotFound", "detail": ""}} _log_request_full /root/.rally/verification/verifier-e15ef1ce-1599-4039-86dc-e4abb2a9446a/repo/tempest/lib/common/rest_client.py:434
2018-12-17 23:54:04.600 12856 INFO tempest.lib.common.rest_client [req-3a8a5287-765d-4730-9898-360e12fe01b8 ] Request (TrunkTestJSON:_run_cleanups): 404 GET http://10.167.4.35:9696/v2.0/trunks/1784dbf3-67b7-4767-8a9d-f901240ba5c7 0.028s
2018-12-17 23:54:04.601 12856 DEBUG tempest.lib.common.rest_client [req-3a8a5287-765d-4730-9898-360e12fe01b8 ] Request - Headers: {'Content-Type': 'application/json', 'Accept': 'application/json', 'X-Auth-Token': ''} Body: None Response - Headers: {'status': '404', u'content-length': '134', 'content-location': 'http://10.167.4.35:9696/v2.0/trunks/1784dbf3-67b7-4767-8a9d-f901240ba5c7', u'date': 'Mon, 17 Dec 2018 23:54:04 GMT', u'content-type': 'application/json', u'connection': 'close', u'x-openstack-request-id': 'req-3a8a5287-765d-4730-9898-360e12fe01b8'} Body: {"NeutronError": {"message": "Trunk 1784dbf3-67b7-4767-8a9d-f901240ba5c7 could not be found.", "type": "TrunkNotFound", "detail": ""}} _log_request_full /root/.rally/verification/verifier-e15ef1ce-1599-4039-86dc-e4abb2a9446a/repo/tempest/lib/common/rest_client.py:434
2018-12-17 23:54:04.618 12856 INFO tempest.lib.common.rest_client [req-991e48b5-c816-45c9-af61-20449b72a170 ] Request (TrunkTestJSON:_run_cleanups): 404 GET http://10.167.4.35:9696/v2.0/trunks/04ded8c5-92fc-4cc0-9d6d-a9facda01fe2 0.016s
2018-12-17 23:54:04.619 12856 DEBUG tempest.lib.common.rest_client [req-991e48b5-c816-45c9-af61-20449b72a170 ] Request - Headers: {'Content-Type': 'application/json', 'Accept': 'application/json', 'X-Auth-Token': ''} Body: None Response - Headers: {'status': '404', u'content-length': '134', 'content-location': 'http://10.167.4.35:9696/v2.0/trunks/04ded8c5-92fc-4cc0-9d6d-a9facda01fe2', u'date': 'Mon, 17 Dec 2018 23:54:04 GMT', u'content-type': 'application/json', u'connection': 'close', u'x-openstack-request-id': 'req-991e48b5-c816-45c9-af61-20449b72a170'} Body: {"NeutronError": {"message": "Trunk 04ded8c5-92fc-4cc0-9d6d-a9facda01fe2 could not be found.", "type": "TrunkNotFound", "detail": ""}} _log_request_full /root/.rally/verification/verifier-e15ef1ce-1599-4039-86dc-e4abb2a9446a/repo/tempest/lib/common/rest_client.py:434
2018-12-17 23:54:04.638 12860 INFO tempest.lib.common.rest_client [req-2bde1422-80ff-4dbe-a38b-6c9c6362ee82 ] Request (TrunkTestJSON:_run_cleanups): 404 DELETE http://10.167.4.35:9696/v2.0/networks/f23ed261-3a9f-4832-b532-417689e35aab 0.042s
2018-12-17 23:54:04.638 12860 DEBUG tempest.lib.common.rest_client [req-2bde1422-80ff-4dbe-a38b-6c9c6362ee82 ] Request - Headers: {'Content-Type': 'application/json', 'Accept': 'application/json', 'X-Auth-Token': ''} Body: None Response - Headers: {'status': '404', u'content-length': '138', 'content-location': 'http://10.167.4.35:9696/v2.0/networks/f23ed261-3a9f-4832-b532-417689e35aab', u'date': 'Mon, 17 Dec 2018 23:54:04 GMT', u'content-type': 'application/json', u'connection': 'close', u'x-openstack-request-id': 'req-2bde1422-80ff-4dbe-a38b-6c9c6362ee82'} Body: {"NeutronError": {"message": "Network f23ed261-3a9f-4832-b532-417689e35aab could not be found.", "type": "NetworkNotFound", "detail": ""}} _log_request_full /root/.rally/verification/verifier-e15ef1ce-1599-4039-86dc-e4abb2a9446a/repo/tempest/lib/common/rest_client.py:434
2018-12-17 23:54:04.640 12856 INFO tempest.lib.common.rest_client [req-23bf0651-34c1-4b36-bc9e-1858960a1303 ] Request (TrunkTestJSON:_run_cleanups): 404 GET http://10.167.4.35:9696/v2.0/trunks/9c27be91-a623-4e2d-bbf2-6a4b7b50fa90 0.020s
2018-12-17 23:54:04.641 12856 DEBUG tempest.lib.common.rest_client [req-23bf0651-34c1-4b36-bc9e-1858960a1303 ] Request - Headers: {'Content-Type': 'application/json', 'Accept': 'application/json', 'X-Auth-Token': ''} Body: None Response - Headers: {'status': '404', u'content-length': '134', 'content-location': 'http://10.167.4.35:9696/v2.0/trunks/9c27be91-a623-4e2d-bbf2-6a4b7b50fa90', u'date': 'Mon, 17 Dec 2018 23:54:04 GMT', u'content-type': 'application/json', u'connection': 'close', u'x-openstack-request-id': 'req-23bf0651-34c1-4b36-bc9e-1858960a1303'} Body: {"NeutronError": {"message": "Trunk 9c27be91-a623-4e2d-bbf2-6a4b7b50fa90 could not be found.", "type": "TrunkNotFound", "detail": ""}} _log_request_full /root/.rally/verification/verifier-e15ef1ce-1599-4039-86dc-e4abb2a9446a/repo/tempest/lib/common/rest_client.py:434
2018-12-17 23:54:04.658 12856 INFO tempest.lib.common.rest_client [req-a962d1ba-1415-48f8-8408-39f0a548ace3 ] Request (TrunkTestJSON:_run_cleanups): 404 GET http://10.167.4.35:9696/v2.0/trunks/72d9439b-2916-462e-af7f-d068353ec21a 0.016s
2018-12-17 23:54:04.658 12856 DEBUG tempest.lib.common.rest_client [req-a962d1ba-1415-48f8-8408-39f0a548ace3 ] Request - Headers: {'Content-Type': 'application/json', 'Accept': 'application/json', 'X-Auth-Token': ''} Body: None Response - Headers: {'status': '404', u'content-length': '134', 'content-location': 'http://10.167.4.35:9696/v2.0/trunks/72d9439b-2916-462e-af7f-d068353ec21a', u'date': 'Mon, 17 Dec 2018 23:54:04 GMT', u'content-type': 'application/json', u'connection': 'close', u'x-openstack-request-id': 'req-a962d1ba-1415-48f8-8408-39f0a548ace3'} Body: {"NeutronError": {"message": "Trunk 72d9439b-2916-462e-af7f-d068353ec21a could not be found.", "type": "TrunkNotFound", "detail": ""}} _log_request_full /root/.rally/verification/verifier-e15ef1ce-1599-4039-86dc-e4abb2a9446a/repo/tempest/lib/common/rest_client.py:434
2018-12-17 23:54:04.672 12860 INFO tempest.lib.common.rest_client [req-3cde7154-ab27-4bb4-a4cf-1c59fa4b40f9 ] Request (TrunkTestJSON:_run_cleanups): 404 DELETE http://10.167.4.35:9696/v2.0/networks/73c900f0-bfea-4c05-a799-9a6e3506b328 0.033s
2018-12-17 23:54:04.673 12860 DEBUG tempest.lib.common.rest_client [req-3cde7154-ab27-4bb4-a4cf-1c59fa4b40f9 ] Request - Headers: {'Content-Type': 'application/json', 'Accept': 'application/json', 'X-Auth-Token': ''} Body: None Response - Headers: {'status': '404', u'content-length': '138', 'content-location': 'http://10.167.4.35:9696/v2.0/networks/73c900f0-bfea-4c05-a799-9a6e3506b328', u'date': 'Mon, 17 Dec 2018 23:54:04 GMT', u'content-type': 'application/json', u'connection': 'close', u'x-openstack-request-id': 'req-3cde7154-ab27-4bb4-a4cf-1c59fa4b40f9'} Body: {"NeutronError": {"message": "Network 73c900f0-bfea-4c05-a799-9a6e3506b328 could not be found.", "type": "NetworkNotFound", "detail": ""}} _log_request_full /root/.rally/verification/verifier-e15ef1ce-1599-4039-86dc-e4abb2a9446a/repo/tempest/lib/common/rest_client.py:434
2018-12-17 23:54:04.680 12856 INFO tempest.lib.common.rest_client [req-111dbbe0-1872-4f20-b9ad-8eb41c8a68ee ] Request (TrunkTestJSON:_run_cleanups): 404 GET http://10.167.4.35:9696/v2.0/trunks/4929c14b-39bb-4bd1-a247-9e57806bf397 0.021s
2018-12-17 23:54:04.681 12856 DEBUG tempest.lib.common.rest_client [req-111dbbe0-1872-4f20-b9ad-8eb41c8a68ee ] Request - Headers: {'Content-Type': 'application/json', 'Accept': 'application/json', 'X-Auth-Token': ''} Body: None Response - Headers: {'status': '404', u'content-length': '134', 'content-location': 'http://10.167.4.35:9696/v2.0/trunks/4929c14b-39bb-4bd1-a247-9e57806bf397', u'date': 'Mon, 17 Dec 2018 23:54:04 GMT', u'content-type': 'application/json', u'connection': 'close', u'x-openstack-request-id': 'req-111dbbe0-1872-4f20-b9ad-8eb41c8a68ee'} Body: {"NeutronError": {"message": "Trunk 4929c14b-39bb-4bd1-a247-9e57806bf397 could not be found.", "type": "TrunkNotFound", "detail": ""}} _log_request_full /root/.rally/verification/verifier-e15ef1ce-1599-4039-86dc-e4abb2a9446a/repo/tempest/lib/common/rest_client.py:434
2018-12-17 23:54:04.705 12860 INFO tempest.lib.common.rest_client [req-d6ee30b2-4cec-4a19-b478-3ab256149777 ] Request (TrunkTestJSON:_run_cleanups): 404 DELETE http://10.167.4.35:9696/v2.0/networks/13eddd36-5c0d-476c-82f2-05732b1e4d11 0.031s
2018-12-17 23:54:04.706 12860 DEBUG tempest.lib.common.rest_client [req-d6ee30b2-4cec-4a19-b478-3ab256149777 ] Request - Headers: {'Content-Type': 'application/json', 'Accept': 'application/json', 'X-Auth-Token': ''} Body: None Response - Headers: {'status': '404', u'content-length': '138', 'content-location': 'http://10.167.4.35:9696/v2.0/networks/13eddd36-5c0d-476c-82f2-05732b1e4d11', u'date': 'Mon, 17 Dec 2018 23:54:04 GMT', u'content-type': 'application/json', u'connection': 'close', u'x-openstack-request-id': 'req-d6ee30b2-4cec-4a19-b478-3ab256149777'} Body: {"NeutronError": {"message": "Network 13eddd36-5c0d-476c-82f2-05732b1e4d11 could not be found.", "type": "NetworkNotFound", "detail": ""}} _log_request_full /root/.rally/verification/verifier-e15ef1ce-1599-4039-86dc-e4abb2a9446a/repo/tempest/lib/common/rest_client.py:434
2018-12-17 23:54:04.709 12856 INFO tempest.lib.common.rest_client [req-3f8e969b-53f4-4935-bc31-a0b9b97e2d35 ] Request (TrunkTestJSON:_run_cleanups): 404 GET http://10.167.4.35:9696/v2.0/trunks/2c8de0bc-016b-4819-a1b5-8584dc7a6337 0.027s
2018-12-17 23:54:04.710 12856 DEBUG tempest.lib.common.rest_client [req-3f8e969b-53f4-4935-bc31-a0b9b97e2d35 ] Request - Headers: {'Content-Type': 'application/json', 'Accept': 'application/json', 'X-Auth-Token': ''} Body: None Response - Headers: {'status': '404', u'content-length': '134', 'content-location': 'http://10.167.4.35:9696/v2.0/trunks/2c8de0bc-016b-4819-a1b5-8584dc7a6337', u'date': 'Mon, 17 Dec 2018 23:54:04 GMT', u'content-type': 'application/json', u'connection': 'close', u'x-openstack-request-id': 'req-3f8e969b-53f4-4935-bc31-a0b9b97e2d35'} Body: {"NeutronError": {"message": "Trunk 2c8de0bc-016b-4819-a1b5-8584dc7a6337 could not be found.", "type": "TrunkNotFound", "detail": ""}} _log_request_full /root/.rally/verification/verifier-e15ef1ce-1599-4039-86dc-e4abb2a9446a/repo/tempest/lib/common/rest_client.py:434
2018-12-17 23:54:04.730 12857 INFO tempest.lib.common.rest_client [req-aba9cef2-2ab4-49ce-abad-c45a0b03f674 ] Request (TrunkTest:test_trunk_subport_lifecycle): 200 PUT http://10.167.4.35:9696/v2.0/trunks/c93db3ec-e417-42a6-883d-4d1c7c710948/remove_subports 0.096s
2018-12-17 23:54:04.731 12857 DEBUG tempest.lib.common.rest_client [req-aba9cef2-2ab4-49ce-abad-c45a0b03f674 ] Request - Headers: {'Content-Type': 'application/json', 'Accept': 'application/json', 'X-Auth-Token': ''} Body: {"sub_ports": [{"segmentation_type": "vlan", "port_id": "09f6bafe-6999-4416-8595-c6526240008f", "segmentation_id": 3}, {"segmentation_type": "vlan", "port_id": "f4afd677-ef89-4be2-bd58-f250d8f750dc", "segmentation_id": 4}, {"segmentation_type": "vlan", "port_id": "7b951722-73e8-4c55-9185-448ab8c78294", "segmentation_id": 5}, {"segmentation_type": "vlan", "port_id": "e5acbd63-68ee-4a3b-b7fd-33732a265514", "segmentation_id": 6}]} Response - Headers: {'status': '200', u'content-length': '396', 'content-location': 'http://10.167.4.35:9696/v2.0/trunks/c93db3ec-e417-42a6-883d-4d1c7c710948/remove_subports', u'date': 'Mon, 17 Dec 2018 23:54:04 GMT', u'content-type': 'application/json', u'connection': 'close', u'x-openstack-request-id': 'req-aba9cef2-2ab4-49ce-abad-c45a0b03f674'} Body: {"status": "DOWN", "sub_ports": [], "name": "", "admin_state_up": true, "tenant_id": "1125a502f3064d15b37d35a4ec70578f", "created_at": "2018-12-17T23:53:14Z", "tags": [], "updated_at": "2018-12-17T23:54:04Z", "revision_number": 5, "project_id": "1125a502f3064d15b37d35a4ec70578f", "port_id": "a8a6e062-8d9c-4b50-8f7c-fcbbdc83cffe", "id": "c93db3ec-e417-42a6-883d-4d1c7c710948", "description": ""} _log_request_full /root/.rally/verification/verifier-e15ef1ce-1599-4039-86dc-e4abb2a9446a/repo/tempest/lib/common/rest_client.py:434
2018-12-17 23:54:04.741 12860 INFO tempest.lib.common.rest_client [req-23351bf7-6335-40e9-93d4-b8fb118742d3 ] Request (TrunkTestJSON:_run_cleanups): 404 DELETE http://10.167.4.35:9696/v2.0/networks/f02abfd6-b461-43f6-9b42-fab211b93bc2 0.034s
2018-12-17 23:54:04.741 12860 DEBUG tempest.lib.common.rest_client [req-23351bf7-6335-40e9-93d4-b8fb118742d3 ] Request - Headers: {'Content-Type': 'application/json', 'Accept': 'application/json', 'X-Auth-Token': ''} Body: None Response - Headers: {'status': '404', u'content-length': '138', 'content-location': 'http://10.167.4.35:9696/v2.0/networks/f02abfd6-b461-43f6-9b42-fab211b93bc2', u'date': 'Mon, 17 Dec 2018 23:54:04 GMT', u'content-type': 'application/json', u'connection': 'close', u'x-openstack-request-id': 'req-23351bf7-6335-40e9-93d4-b8fb118742d3'} Body: {"NeutronError": {"message": "Network f02abfd6-b461-43f6-9b42-fab211b93bc2 could not be found.", "type": "NetworkNotFound", "detail": ""}} _log_request_full /root/.rally/verification/verifier-e15ef1ce-1599-4039-86dc-e4abb2a9446a/repo/tempest/lib/common/rest_client.py:434
2018-12-17 23:54:04.753 12856 INFO tempest.lib.common.rest_client [req-812e3324-a950-4f6a-b618-f03fd1579524 ] Request (TrunkTestJSON:_run_cleanups): 404 DELETE http://10.167.4.35:9696/v2.0/ports/87e6ff17-10d5-4aa9-89a5-26f7bff53eab 0.042s
2018-12-17 23:54:04.753 12856 DEBUG tempest.lib.common.rest_client [req-812e3324-a950-4f6a-b618-f03fd1579524 ] Request - Headers: {'Content-Type': 'application/json', 'Accept': 'application/json', 'X-Auth-Token': ''} Body: None Response - Headers: {'status': '404', u'content-length': '132', 'content-location': 'http://10.167.4.35:9696/v2.0/ports/87e6ff17-10d5-4aa9-89a5-26f7bff53eab', u'date': 'Mon, 17 Dec 2018 23:54:04 GMT', u'content-type': 'application/json', u'connection': 'close', u'x-openstack-request-id': 'req-812e3324-a950-4f6a-b618-f03fd1579524'} Body: {"NeutronError": {"message": "Port 87e6ff17-10d5-4aa9-89a5-26f7bff53eab could not be found.", "type": "PortNotFound", "detail": ""}} _log_request_full /root/.rally/verification/verifier-e15ef1ce-1599-4039-86dc-e4abb2a9446a/repo/tempest/lib/common/rest_client.py:434
2018-12-17 23:54:04.774 12860 INFO tempest.lib.common.rest_client [req-7b722c7c-52da-457f-92bb-dcb1ffc39b04 ] Request (TrunkTestJSON:_run_cleanups): 404 DELETE http://10.167.4.35:9696/v2.0/networks/e98b1542-d6fa-438a-baef-66a0873ced29 0.032s
2018-12-17 23:54:04.775 12860 DEBUG tempest.lib.common.rest_client [req-7b722c7c-52da-457f-92bb-dcb1ffc39b04 ] Request - Headers: {'Content-Type': 'application/json', 'Accept': 'application/json', 'X-Auth-Token': ''} Body: None Response - Headers: {'status': '404', u'content-length': '138', 'content-location': 'http://10.167.4.35:9696/v2.0/networks/e98b1542-d6fa-438a-baef-66a0873ced29', u'date': 'Mon, 17 Dec 2018 23:54:04 GMT', u'content-type': 'application/json', u'connection': 'close', u'x-openstack-request-id': 'req-7b722c7c-52da-457f-92bb-dcb1ffc39b04'} Body: {"NeutronError": {"message": "Network e98b1542-d6fa-438a-baef-66a0873ced29 could not be found.", "type": "NetworkNotFound", "detail": ""}} _log_request_full /root/.rally/verification/verifier-e15ef1ce-1599-4039-86dc-e4abb2a9446a/repo/tempest/lib/common/rest_client.py:434
2018-12-17 23:54:04.792 12856 INFO tempest.lib.common.rest_client [req-53af7e70-21a3-43d3-ba67-44ebf8d8d3ea ] Request (TrunkTestJSON:_run_cleanups): 404 DELETE http://10.167.4.35:9696/v2.0/ports/67b93931-1991-490c-a5c7-444c307f29a1 0.038s
2018-12-17 23:54:04.792 12856 DEBUG tempest.lib.common.rest_client [req-53af7e70-21a3-43d3-ba67-44ebf8d8d3ea ] Request - Headers: {'Content-Type': 'application/json', 'Accept': 'application/json', 'X-Auth-Token': ''} Body: None Response - Headers: {'status': '404', u'content-length': '132', 'content-location': 'http://10.167.4.35:9696/v2.0/ports/67b93931-1991-490c-a5c7-444c307f29a1', u'date': 'Mon, 17 Dec 2018 23:54:04 GMT', u'content-type': 'application/json', u'connection': 'close', u'x-openstack-request-id': 'req-53af7e70-21a3-43d3-ba67-44ebf8d8d3ea'} Body: {"NeutronError": {"message": "Port 67b93931-1991-490c-a5c7-444c307f29a1 could not be found.", "type": "PortNotFound", "detail": ""}} _log_request_full /root/.rally/verification/verifier-e15ef1ce-1599-4039-86dc-e4abb2a9446a/repo/tempest/lib/common/rest_client.py:434
2018-12-17 23:54:04.811 12860 INFO tempest.lib.common.rest_client [req-36319f9c-4e7c-4528-9ad1-114509bd1584 ] Request (TrunkTestJSON:_run_cleanups): 404 DELETE http://10.167.4.35:9696/v2.0/networks/b095ffb7-ea46-4d51-a04e-68be6e4d37f9 0.036s
2018-12-17 23:54:04.812 12860 DEBUG tempest.lib.common.rest_client [req-36319f9c-4e7c-4528-9ad1-114509bd1584 ] Request - Headers: {'Content-Type': 'application/json', 'Accept': 'application/json', 'X-Auth-Token': ''} Body: None Response - Headers: {'status': '404', u'content-length': '138', 'content-location': 'http://10.167.4.35:9696/v2.0/networks/b095ffb7-ea46-4d51-a04e-68be6e4d37f9', u'date': 'Mon, 17 Dec 2018 23:54:04 GMT', u'content-type': 'application/json', u'connection': 'close', u'x-openstack-request-id': 'req-36319f9c-4e7c-4528-9ad1-114509bd1584'} Body: {"NeutronError": {"message": "Network b095ffb7-ea46-4d51-a04e-68be6e4d37f9 could not be found.", "type": "NetworkNotFound", "detail": ""}} _log_request_full /root/.rally/verification/verifier-e15ef1ce-1599-4039-86dc-e4abb2a9446a/repo/tempest/lib/common/rest_client.py:434
2018-12-17 23:54:04.815 12857 INFO tempest.lib.common.rest_client [req-5718b868-391c-4ac7-969d-504dfbad08b4 ] Request (TrunkTest:test_trunk_subport_lifecycle): 200 GET http://10.167.4.35:9696/v2.0/ports/09f6bafe-6999-4416-8595-c6526240008f 0.083s
2018-12-17 23:54:04.815 12857 DEBUG tempest.lib.common.rest_client [req-5718b868-391c-4ac7-969d-504dfbad08b4 ] Request - Headers: {'Content-Type': 'application/json', 'Accept': 'application/json', 'X-Auth-Token': ''} Body: None Response - Headers: {'status': '200', u'content-length': '630', 'content-location': 'http://10.167.4.35:9696/v2.0/ports/09f6bafe-6999-4416-8595-c6526240008f', u'date': 'Mon, 17 Dec 2018 23:54:04 GMT', u'content-type': 'application/json', u'connection': 'close', u'x-openstack-request-id': 'req-5718b868-391c-4ac7-969d-504dfbad08b4'} Body: {"port":{"status":"ACTIVE","created_at":"2018-12-17T23:53:51Z","description":"","allowed_address_pairs":[],"tags":[],"network_id":"c2f94083-ffb7-4388-9055-f66af4849452","tenant_id":"1125a502f3064d15b37d35a4ec70578f","extra_dhcp_opts":[],"admin_state_up":true,"updated_at":"2018-12-17T23:54:03Z","name":"","device_owner":"trunk:subport","revision_number":9,"mac_address":"fa:16:3e:56:ff:18","binding:vnic_type":"normal","port_security_enabled":true,"project_id":"1125a502f3064d15b37d35a4ec70578f","fixed_ips":[],"id":"09f6bafe-6999-4416-8595-c6526240008f","security_groups":["891dc69a-9337-48d9-b783-80e29f62415f"],"device_id":""}} _log_request_full /root/.rally/verification/verifier-e15ef1ce-1599-4039-86dc-e4abb2a9446a/repo/tempest/lib/common/rest_client.py:434
2018-12-17 23:54:04.843 12860 INFO tempest.lib.common.rest_client [req-7cea3149-8880-415f-ba28-23ecdf740f05 ] Request (TrunkTestJSON:_run_cleanups): 404 DELETE http://10.167.4.35:9696/v2.0/networks/80d24940-447c-459a-85e7-539f1f0c5c4f 0.030s
2018-12-17 23:54:04.844 12860 DEBUG tempest.lib.common.rest_client [req-7cea3149-8880-415f-ba28-23ecdf740f05 ] Request - Headers: {'Content-Type': 'application/json', 'Accept': 'application/json', 'X-Auth-Token': ''} Body: None Response - Headers: {'status': '404', u'content-length': '138', 'content-location': 'http://10.167.4.35:9696/v2.0/networks/80d24940-447c-459a-85e7-539f1f0c5c4f', u'date': 'Mon, 17 Dec 2018 23:54:04 GMT', u'content-type': 'application/json', u'connection': 'close', u'x-openstack-request-id': 'req-7cea3149-8880-415f-ba28-23ecdf740f05'} Body: {"NeutronError": {"message": "Network 80d24940-447c-459a-85e7-539f1f0c5c4f could not be found.", "type": "NetworkNotFound", "detail": ""}} _log_request_full /root/.rally/verification/verifier-e15ef1ce-1599-4039-86dc-e4abb2a9446a/repo/tempest/lib/common/rest_client.py:434
2018-12-17 23:54:04.847 12856 INFO tempest.lib.common.rest_client [req-ec621c76-902c-414e-bf6b-f2e252ce98f7 ] Request (TrunkTestJSON:_run_cleanups): 404 DELETE http://10.167.4.35:9696/v2.0/ports/61ceb01f-9146-4c36-88a0-c8fdac225bdb 0.053s
2018-12-17 23:54:04.847 12856 DEBUG tempest.lib.common.rest_client [req-ec621c76-902c-414e-bf6b-f2e252ce98f7 ] Request - Headers: {'Content-Type': 'application/json', 'Accept': 'application/json', 'X-Auth-Token': ''} Body: None Response - Headers: {'status': '404', u'content-length': '132', 'content-location': 'http://10.167.4.35:9696/v2.0/ports/61ceb01f-9146-4c36-88a0-c8fdac225bdb', u'date': 'Mon, 17 Dec 2018 23:54:04 GMT', u'content-type': 'application/json', u'connection': 'close', u'x-openstack-request-id': 'req-ec621c76-902c-414e-bf6b-f2e252ce98f7'} Body: {"NeutronError": {"message": "Port 61ceb01f-9146-4c36-88a0-c8fdac225bdb could not be found.", "type": "PortNotFound", "detail": ""}} _log_request_full /root/.rally/verification/verifier-e15ef1ce-1599-4039-86dc-e4abb2a9446a/repo/tempest/lib/common/rest_client.py:434
2018-12-17 23:54:04.880 12860 INFO tempest.lib.common.rest_client [req-efa6d538-bbf1-4651-a63a-d95b88265e04 ] Request (TrunkTestJSON:_run_cleanups): 404 DELETE http://10.167.4.35:9696/v2.0/networks/66fd9102-199c-4288-9f82-0086d9cc6f1a 0.036s
2018-12-17 23:54:04.881 12860 DEBUG tempest.lib.common.rest_client [req-efa6d538-bbf1-4651-a63a-d95b88265e04 ] Request - Headers: {'Content-Type': 'application/json', 'Accept': 'application/json', 'X-Auth-Token': ''} Body: None Response - Headers: {'status': '404', u'content-length': '138', 'content-location': 'http://10.167.4.35:9696/v2.0/networks/66fd9102-199c-4288-9f82-0086d9cc6f1a', u'date': 'Mon, 17 Dec 2018 23:54:04 GMT', u'content-type': 'application/json', u'connection': 'close', u'x-openstack-request-id': 'req-efa6d538-bbf1-4651-a63a-d95b88265e04'} Body: {"NeutronError": {"message": "Network 66fd9102-199c-4288-9f82-0086d9cc6f1a could not be found.", "type": "NetworkNotFound", "detail": ""}} _log_request_full /root/.rally/verification/verifier-e15ef1ce-1599-4039-86dc-e4abb2a9446a/repo/tempest/lib/common/rest_client.py:434
2018-12-17 23:54:04.910 12860 INFO tempest.lib.common.rest_client [req-def474a0-03de-463d-b1a9-cb8c4a9552cf ] Request (TrunkTestJSON:_run_cleanups): 404 DELETE http://10.167.4.35:9696/v2.0/networks/a5f22530-b544-4417-8055-80746fd3272d 0.028s
2018-12-17 23:54:04.910 12860 DEBUG tempest.lib.common.rest_client [req-def474a0-03de-463d-b1a9-cb8c4a9552cf ] Request - Headers: {'Content-Type': 'application/json', 'Accept': 'application/json', 'X-Auth-Token': ''} Body: None Response - Headers: {'status': '404', u'content-length': '138', 'content-location': 'http://10.167.4.35:9696/v2.0/networks/a5f22530-b544-4417-8055-80746fd3272d', u'date': 'Mon, 17 Dec 2018 23:54:04 GMT', u'content-type': 'application/json', u'connection': 'close', u'x-openstack-request-id': 'req-def474a0-03de-463d-b1a9-cb8c4a9552cf'} Body: {"NeutronError": {"message": "Network a5f22530-b544-4417-8055-80746fd3272d could not be found.", "type": "NetworkNotFound", "detail": ""}} _log_request_full /root/.rally/verification/verifier-e15ef1ce-1599-4039-86dc-e4abb2a9446a/repo/tempest/lib/common/rest_client.py:434
2018-12-17 23:54:04.911 12856 INFO tempest.lib.common.rest_client [req-9630cfbe-45b7-4a9c-bc3b-b8617dc4be14 ] Request (TrunkTestJSON:_run_cleanups): 404 DELETE http://10.167.4.35:9696/v2.0/ports/77f65a7d-18d1-47c8-b14f-7887ffc5e344 0.063s
2018-12-17 23:54:04.912 12856 DEBUG tempest.lib.common.rest_client [req-9630cfbe-45b7-4a9c-bc3b-b8617dc4be14 ] Request - Headers: {'Content-Type': 'application/json', 'Accept': 'application/json', 'X-Auth-Token': ''} Body: None Response - Headers: {'status': '404', u'content-length': '132', 'content-location': 'http://10.167.4.35:9696/v2.0/ports/77f65a7d-18d1-47c8-b14f-7887ffc5e344', u'date': 'Mon, 17 Dec 2018 23:54:04 GMT', u'content-type': 'application/json', u'connection': 'close', u'x-openstack-request-id': 'req-9630cfbe-45b7-4a9c-bc3b-b8617dc4be14'} Body: {"NeutronError": {"message": "Port 77f65a7d-18d1-47c8-b14f-7887ffc5e344 could not be found.", "type": "PortNotFound", "detail": ""}} _log_request_full /root/.rally/verification/verifier-e15ef1ce-1599-4039-86dc-e4abb2a9446a/repo/tempest/lib/common/rest_client.py:434
2018-12-17 23:54:04.951 12860 INFO tempest.lib.common.rest_client [req-0f7c0799-bf1c-4158-bb94-0459dc571f93 ] Request (TrunkTestJSON:_run_cleanups): 404 DELETE http://10.167.4.35:9696/v2.0/networks/46dc15f2-02d5-43e3-932f-34b53fe9c75e 0.039s
2018-12-17 23:54:04.951 12860 DEBUG tempest.lib.common.rest_client [req-0f7c0799-bf1c-4158-bb94-0459dc571f93 ] Request - Headers: {'Content-Type': 'application/json', 'Accept': 'application/json', 'X-Auth-Token': ''} Body: None Response - Headers: {'status': '404', u'content-length': '138', 'content-location': 'http://10.167.4.35:9696/v2.0/networks/46dc15f2-02d5-43e3-932f-34b53fe9c75e', u'date': 'Mon, 17 Dec 2018 23:54:04 GMT', u'content-type': 'application/json', u'connection': 'close', u'x-openstack-request-id': 'req-0f7c0799-bf1c-4158-bb94-0459dc571f93'} Body: {"NeutronError": {"message": "Network 46dc15f2-02d5-43e3-932f-34b53fe9c75e could not be found.", "type": "NetworkNotFound", "detail": ""}} _log_request_full /root/.rally/verification/verifier-e15ef1ce-1599-4039-86dc-e4abb2a9446a/repo/tempest/lib/common/rest_client.py:434
2018-12-17 23:54:04.969 12856 INFO tempest.lib.common.rest_client [req-bb5676d8-2025-4e62-af34-0364d32a2916 ] Request (TrunkTestJSON:_run_cleanups): 404 DELETE http://10.167.4.35:9696/v2.0/ports/063db9a2-665c-4c5a-90b5-5602c51f8b13 0.056s
2018-12-17 23:54:04.969 12856 DEBUG tempest.lib.common.rest_client [req-bb5676d8-2025-4e62-af34-0364d32a2916 ] Request - Headers: {'Content-Type': 'application/json', 'Accept': 'application/json', 'X-Auth-Token': ''} Body: None Response - Headers: {'status': '404', u'content-length': '132', 'content-location': 'http://10.167.4.35:9696/v2.0/ports/063db9a2-665c-4c5a-90b5-5602c51f8b13', u'date': 'Mon, 17 Dec 2018 23:54:04 GMT', u'content-type': 'application/json', u'connection': 'close', u'x-openstack-request-id': 'req-bb5676d8-2025-4e62-af34-0364d32a2916'} Body: {"NeutronError": {"message": "Port 063db9a2-665c-4c5a-90b5-5602c51f8b13 could not be found.", "type": "PortNotFound", "detail": ""}} _log_request_full /root/.rally/verification/verifier-e15ef1ce-1599-4039-86dc-e4abb2a9446a/repo/tempest/lib/common/rest_client.py:434
2018-12-17 23:54:05.022 12856 INFO tempest.lib.common.rest_client [req-309f8763-2658-4569-a72f-4381101ae3f7 ] Request (TrunkTestJSON:_run_cleanups): 404 DELETE http://10.167.4.35:9696/v2.0/ports/57d4d690-d522-49df-b736-c36c6bcb42e3 0.051s
2018-12-17 23:54:05.022 12856 DEBUG tempest.lib.common.rest_client [req-309f8763-2658-4569-a72f-4381101ae3f7 ] Request - Headers: {'Content-Type': 'application/json', 'Accept': 'application/json', 'X-Auth-Token': ''} Body: None Response - Headers: {'status': '404', u'content-length': '132', 'content-location': 'http://10.167.4.35:9696/v2.0/ports/57d4d690-d522-49df-b736-c36c6bcb42e3', u'date': 'Mon, 17 Dec 2018 23:54:05 GMT', u'content-type': 'application/json', u'connection': 'close', u'x-openstack-request-id': 'req-309f8763-2658-4569-a72f-4381101ae3f7'} Body: {"NeutronError": {"message": "Port 57d4d690-d522-49df-b736-c36c6bcb42e3 could not be found.", "type": "PortNotFound", "detail": ""}} _log_request_full /root/.rally/verification/verifier-e15ef1ce-1599-4039-86dc-e4abb2a9446a/repo/tempest/lib/common/rest_client.py:434
2018-12-17 23:54:05.069 12856 INFO tempest.lib.common.rest_client [req-5f5b9f1f-8f89-4b4f-8f52-6eaa4de3eb61 ] Request (TrunkTestJSON:_run_cleanups): 404 DELETE http://10.167.4.35:9696/v2.0/ports/3add2da0-99af-4a8b-b5b8-e113cdce9820 0.046s
2018-12-17 23:54:05.070 12856 DEBUG tempest.lib.common.rest_client [req-5f5b9f1f-8f89-4b4f-8f52-6eaa4de3eb61 ] Request - Headers: {'Content-Type': 'application/json', 'Accept': 'application/json', 'X-Auth-Token': ''} Body: None Response - Headers: {'status': '404', u'content-length': '132', 'content-location': 'http://10.167.4.35:9696/v2.0/ports/3add2da0-99af-4a8b-b5b8-e113cdce9820', u'date': 'Mon, 17 Dec 2018 23:54:05 GMT', u'content-type': 'application/json', u'connection': 'close', u'x-openstack-request-id': 'req-5f5b9f1f-8f89-4b4f-8f52-6eaa4de3eb61'} Body: {"NeutronError": {"message": "Port 3add2da0-99af-4a8b-b5b8-e113cdce9820 could not be found.", "type": "PortNotFound", "detail": ""}} _log_request_full /root/.rally/verification/verifier-e15ef1ce-1599-4039-86dc-e4abb2a9446a/repo/tempest/lib/common/rest_client.py:434
2018-12-17 23:54:05.128 12856 INFO tempest.lib.common.rest_client [req-c172abf5-0cec-4b0c-ab5f-9b43921c503c ] Request (TrunkTestJSON:_run_cleanups): 404 DELETE http://10.167.4.35:9696/v2.0/ports/032d7260-6f4e-4102-bece-6d47af503563 0.057s
2018-12-17 23:54:05.128 12856 DEBUG tempest.lib.common.rest_client [req-c172abf5-0cec-4b0c-ab5f-9b43921c503c ] Request - Headers: {'Content-Type': 'application/json', 'Accept': 'application/json', 'X-Auth-Token': ''} Body: None Response - Headers: {'status': '404', u'content-length': '132', 'content-location': 'http://10.167.4.35:9696/v2.0/ports/032d7260-6f4e-4102-bece-6d47af503563', u'date': 'Mon, 17 Dec 2018 23:54:05 GMT', u'content-type': 'application/json', u'connection': 'close', u'x-openstack-request-id': 'req-c172abf5-0cec-4b0c-ab5f-9b43921c503c'} Body: {"NeutronError": {"message": "Port 032d7260-6f4e-4102-bece-6d47af503563 could not be found.", "type": "PortNotFound", "detail": ""}} _log_request_full /root/.rally/verification/verifier-e15ef1ce-1599-4039-86dc-e4abb2a9446a/repo/tempest/lib/common/rest_client.py:434
2018-12-17 23:54:05.181 12856 INFO tempest.lib.common.rest_client [req-9f2ff02d-30f4-4e1a-a280-963f61445e52 ] Request (TrunkTestJSON:_run_cleanups): 404 DELETE http://10.167.4.35:9696/v2.0/ports/8f558335-8717-4e93-a854-7dc09714d244 0.051s
2018-12-17 23:54:05.181 12856 DEBUG tempest.lib.common.rest_client [req-9f2ff02d-30f4-4e1a-a280-963f61445e52 ] Request - Headers: {'Content-Type': 'application/json', 'Accept': 'application/json', 'X-Auth-Token': ''} Body: None Response - Headers: {'status': '404', u'content-length': '132', 'content-location': 'http://10.167.4.35:9696/v2.0/ports/8f558335-8717-4e93-a854-7dc09714d244', u'date': 'Mon, 17 Dec 2018 23:54:05 GMT', u'content-type': 'application/json', u'connection': 'close', u'x-openstack-request-id': 'req-9f2ff02d-30f4-4e1a-a280-963f61445e52'} Body: {"NeutronError": {"message": "Port 8f558335-8717-4e93-a854-7dc09714d244 could not be found.", "type": "PortNotFound", "detail": ""}} _log_request_full /root/.rally/verification/verifier-e15ef1ce-1599-4039-86dc-e4abb2a9446a/repo/tempest/lib/common/rest_client.py:434
2018-12-17 23:54:05.238 12856 INFO tempest.lib.common.rest_client [req-d99e621b-a652-409d-8c08-f7bfab2bfa42 ] Request (TrunkTestJSON:_run_cleanups): 404 DELETE http://10.167.4.35:9696/v2.0/ports/5770de9a-784d-41c6-b22d-41050646502e 0.055s
2018-12-17 23:54:05.239 12856 DEBUG tempest.lib.common.rest_client [req-d99e621b-a652-409d-8c08-f7bfab2bfa42 ] Request - Headers: {'Content-Type': 'application/json', 'Accept': 'application/json', 'X-Auth-Token': ''} Body: None Response - Headers: {'status': '404', u'content-length': '132', 'content-location': 'http://10.167.4.35:9696/v2.0/ports/5770de9a-784d-41c6-b22d-41050646502e', u'date': 'Mon, 17 Dec 2018 23:54:05 GMT', u'content-type': 'application/json', u'connection': 'close', u'x-openstack-request-id': 'req-d99e621b-a652-409d-8c08-f7bfab2bfa42'} Body: {"NeutronError": {"message": "Port 5770de9a-784d-41c6-b22d-41050646502e could not be found.", "type": "PortNotFound", "detail": ""}} _log_request_full /root/.rally/verification/verifier-e15ef1ce-1599-4039-86dc-e4abb2a9446a/repo/tempest/lib/common/rest_client.py:434
2018-12-17 23:54:05.285 12856 INFO tempest.lib.common.rest_client [req-3d272efa-344a-481c-929e-d0a9f747325a ] Request (TrunkTestJSON:_run_cleanups): 404 DELETE http://10.167.4.35:9696/v2.0/ports/de9938f0-39fc-4c16-9316-67f2d8dac504 0.045s
2018-12-17 23:54:05.286 12856 DEBUG tempest.lib.common.rest_client [req-3d272efa-344a-481c-929e-d0a9f747325a ] Request - Headers: {'Content-Type': 'application/json', 'Accept': 'application/json', 'X-Auth-Token': ''} Body: None Response - Headers: {'status': '404', u'content-length': '132', 'content-location': 'http://10.167.4.35:9696/v2.0/ports/de9938f0-39fc-4c16-9316-67f2d8dac504', u'date': 'Mon, 17 Dec 2018 23:54:05 GMT', u'content-type': 'application/json', u'connection': 'close', u'x-openstack-request-id': 'req-3d272efa-344a-481c-929e-d0a9f747325a'} Body: {"NeutronError": {"message": "Port de9938f0-39fc-4c16-9316-67f2d8dac504 could not be found.", "type": "PortNotFound", "detail": ""}} _log_request_full /root/.rally/verification/verifier-e15ef1ce-1599-4039-86dc-e4abb2a9446a/repo/tempest/lib/common/rest_client.py:434
2018-12-17 23:54:05.338 12856 INFO tempest.lib.common.rest_client [req-865d34ab-2b70-4c08-b6c2-e93e4789d02b ] Request (TrunkTestJSON:_run_cleanups): 404 DELETE http://10.167.4.35:9696/v2.0/ports/1c4ce2e2-d3de-4e63-b133-9969f53e13d1 0.051s
2018-12-17 23:54:05.339 12856 DEBUG tempest.lib.common.rest_client [req-865d34ab-2b70-4c08-b6c2-e93e4789d02b ] Request - Headers: {'Content-Type': 'application/json', 'Accept': 'application/json', 'X-Auth-Token': ''} Body: None Response - Headers: {'status': '404', u'content-length': '132', 'content-location': 'http://10.167.4.35:9696/v2.0/ports/1c4ce2e2-d3de-4e63-b133-9969f53e13d1', u'date': 'Mon, 17 Dec 2018 23:54:05 GMT', u'content-type': 'application/json', u'connection': 'close', u'x-openstack-request-id': 'req-865d34ab-2b70-4c08-b6c2-e93e4789d02b'} Body: {"NeutronError": {"message": "Port 1c4ce2e2-d3de-4e63-b133-9969f53e13d1 could not be found.", "type": "PortNotFound", "detail": ""}} _log_request_full /root/.rally/verification/verifier-e15ef1ce-1599-4039-86dc-e4abb2a9446a/repo/tempest/lib/common/rest_client.py:434
2018-12-17 23:54:05.388 12856 INFO tempest.lib.common.rest_client [req-5014a4f3-ec69-4656-8fc7-a3c7a5d4f552 ] Request (TrunkTestJSON:_run_cleanups): 404 DELETE http://10.167.4.35:9696/v2.0/ports/ac416dba-206f-4534-bbee-cc1f79469acf 0.048s
2018-12-17 23:54:05.389 12856 DEBUG tempest.lib.common.rest_client [req-5014a4f3-ec69-4656-8fc7-a3c7a5d4f552 ] Request - Headers: {'Content-Type': 'application/json', 'Accept': 'application/json', 'X-Auth-Token': ''} Body: None Response - Headers: {'status': '404', u'content-length': '132', 'content-location': 'http://10.167.4.35:9696/v2.0/ports/ac416dba-206f-4534-bbee-cc1f79469acf', u'date': 'Mon, 17 Dec 2018 23:54:05 GMT', u'content-type': 'application/json', u'connection': 'close', u'x-openstack-request-id': 'req-5014a4f3-ec69-4656-8fc7-a3c7a5d4f552'} Body: {"NeutronError": {"message": "Port ac416dba-206f-4534-bbee-cc1f79469acf could not be found.", "type": "PortNotFound", "detail": ""}} _log_request_full /root/.rally/verification/verifier-e15ef1ce-1599-4039-86dc-e4abb2a9446a/repo/tempest/lib/common/rest_client.py:434
2018-12-17 23:54:05.878 12857 INFO tempest.lib.common.rest_client [req-86d73280-2d80-4b84-8f7b-632670530d32 ] Request (TrunkTest:test_trunk_subport_lifecycle): 200 GET http://10.167.4.35:9696/v2.0/ports/09f6bafe-6999-4416-8595-c6526240008f 0.061s
