2018-10-31 08:59:32.900 18011 DEBUG tempest.lib.common.rest_client [req-e605e9ea-2cdc-477a-a1ac-6b82d170f5aa ] Request - Headers: {'Content-Type': 'application/json', 'Accept': 'application/json', 'X-Auth-Token': ''} Body: {"sub_ports": []} Response - Headers: {'status': '200', u'content-length': '396', 'content-location': 'http://10.167.4.35:9696/v2.0/trunks/ca87d778-e503-4c0c-9e0d-aaf089e628c8/remove_subports', u'date': 'Wed, 31 Oct 2018 08:59:32 GMT', u'content-type': 'application/json', u'connection': 'close', u'x-openstack-request-id': 'req-e605e9ea-2cdc-477a-a1ac-6b82d170f5aa'} Body: {"status": "DOWN", "sub_ports": [], "name": "", "admin_state_up": true, "tenant_id": "acf974e142184025ad2e9e8f03a8f85e", "created_at": "2018-10-31T08:59:31Z", "tags": [], "updated_at": "2018-10-31T08:59:32Z", "revision_number": 2, "project_id": "acf974e142184025ad2e9e8f03a8f85e", "port_id": "430f0a8f-5d50-4616-866a-dbccc0620388", "id": "ca87d778-e503-4c0c-9e0d-aaf089e628c8", "description": ""} _log_request_full /root/.rally/verification/verifier-4b8fc12d-d9db-48b9-8bab-77d209008959/repo/tempest/lib/common/rest_client.py:434
2018-10-31 08:59:32.950 18007 INFO tempest.lib.common.rest_client [req-414b7908-301e-427f-a44b-66fbbdede616 ] Request (TrunkTestJSON:test_create_trunk_subports_not_specified): 201 POST http://10.167.4.35:9696/v2.0/ports 0.834s
2018-10-31 08:59:32.951 18007 DEBUG tempest.lib.common.rest_client [req-414b7908-301e-427f-a44b-66fbbdede616 ] Request - Headers: {'Content-Type': 'application/json', 'Accept': 'application/json', 'X-Auth-Token': ''} Body: {"port": {"network_id": "a14e4290-1290-48b2-9912-d5cde1938b60"}} Response - Headers: {'status': '201', u'content-length': '615', 'content-location': 'http://10.167.4.35:9696/v2.0/ports', u'date': 'Wed, 31 Oct 2018 08:59:32 GMT', u'content-type': 'application/json', u'connection': 'close', u'x-openstack-request-id': 'req-414b7908-301e-427f-a44b-66fbbdede616'} Body: {"port":{"status":"DOWN","created_at":"2018-10-31T08:59:32Z","description":"","allowed_address_pairs":[],"tags":[],"network_id":"a14e4290-1290-48b2-9912-d5cde1938b60","tenant_id":"087b5e1b5a4e4bf9826bb4b8e7182100","extra_dhcp_opts":[],"admin_state_up":true,"updated_at":"2018-10-31T08:59:32Z","name":"","device_owner":"","revision_number":5,"mac_address":"fa:16:3e:33:44:86","binding:vnic_type":"normal","port_security_enabled":true,"project_id":"087b5e1b5a4e4bf9826bb4b8e7182100","fixed_ips":[],"id":"98631a70-81fa-4042-8664-45650d85a336","security_groups":["986a25b3-5fd0-4fea-bed9-3b8e9fd14615"],"device_id":""}} _log_request_full /root/.rally/verification/verifier-4b8fc12d-d9db-48b9-8bab-77d209008959/repo/tempest/lib/common/rest_client.py:434
2018-10-31 08:59:33.000 18009 INFO tempest.lib.common.rest_client [req-0856b60e-bfa4-4b3c-8f2a-8b0439f4516d ] Request (TestTrunkDetailsJSON:tearDownClass): 204 DELETE http://10.167.4.35:5000/v3/projects/2da9d4dfe82d4eeb931707737870f596 0.122s
2018-10-31 08:59:33.000 18009 DEBUG tempest.lib.common.rest_client [req-0856b60e-bfa4-4b3c-8f2a-8b0439f4516d ] Request - Headers: {'Content-Type': 'application/json', 'Accept': 'application/json', 'X-Auth-Token': ''} Body: None Response - Headers: {'status': '204', 'content-location': 'http://10.167.4.35:5000/v3/projects/2da9d4dfe82d4eeb931707737870f596', u'vary': 'X-Auth-Token', u'server': 'Apache', u'connection': 'close', u'date': 'Wed, 31 Oct 2018 08:59:32 GMT', u'x-openstack-request-id': 'req-0856b60e-bfa4-4b3c-8f2a-8b0439f4516d', u'x-distribution': 'Ubuntu'} Body: _log_request_full /root/.rally/verification/verifier-4b8fc12d-d9db-48b9-8bab-77d209008959/repo/tempest/lib/common/rest_client.py:434
2018-10-31 08:59:33.255 18011 INFO tempest.lib.common.rest_client [req-8e996243-c756-4f73-8d7f-70ff97879948 ] Request (TrunkTestJSON:_run_cleanups): 204 DELETE http://10.167.4.35:9696/v2.0/trunks/ca87d778-e503-4c0c-9e0d-aaf089e628c8 0.354s
2018-10-31 08:59:33.256 18011 DEBUG tempest.lib.common.rest_client [req-8e996243-c756-4f73-8d7f-70ff97879948 ] Request - Headers: {'Content-Type': 'application/json', 'Accept': 'application/json', 'X-Auth-Token': ''} Body: None Response - Headers: {'status': '204', u'content-length': '0', 'content-location': 'http://10.167.4.35:9696/v2.0/trunks/ca87d778-e503-4c0c-9e0d-aaf089e628c8', u'date': 'Wed, 31 Oct 2018 08:59:33 GMT', u'connection': 'close', u'x-openstack-request-id': 'req-8e996243-c756-4f73-8d7f-70ff97879948'} Body: _log_request_full /root/.rally/verification/verifier-4b8fc12d-d9db-48b9-8bab-77d209008959/repo/tempest/lib/common/rest_client.py:434
2018-10-31 08:59:33.281 18011 INFO tempest.lib.common.rest_client [req-a9314174-6120-41ab-a49e-b1bf75cf280f ] Request (TrunkTestJSON:_run_cleanups): 404 GET http://10.167.4.35:9696/v2.0/trunks/b070c32b-0416-4b46-bde8-b637d3ef9186 0.024s
2018-10-31 08:59:33.282 18011 DEBUG tempest.lib.common.rest_client [req-a9314174-6120-41ab-a49e-b1bf75cf280f ] Request - Headers: {'Content-Type': 'application/json', 'Accept': 'application/json', 'X-Auth-Token': ''} Body: None Response - Headers: {'status': '404', u'content-length': '134', 'content-location': 'http://10.167.4.35:9696/v2.0/trunks/b070c32b-0416-4b46-bde8-b637d3ef9186', u'date': 'Wed, 31 Oct 2018 08:59:33 GMT', u'content-type': 'application/json', u'connection': 'close', u'x-openstack-request-id': 'req-a9314174-6120-41ab-a49e-b1bf75cf280f'} Body: {"NeutronError": {"message": "Trunk b070c32b-0416-4b46-bde8-b637d3ef9186 could not be found.", "type": "TrunkNotFound", "detail": ""}} _log_request_full /root/.rally/verification/verifier-4b8fc12d-d9db-48b9-8bab-77d209008959/repo/tempest/lib/common/rest_client.py:434
2018-10-31 08:59:33.288 18007 INFO tempest.lib.common.rest_client [req-2982df7a-ff78-4e1f-9b0b-4ba45714989f ] Request (TrunkTestJSON:test_create_trunk_subports_not_specified): 201 POST http://10.167.4.35:9696/v2.0/trunks 0.336s
2018-10-31 08:59:33.289 18007 DEBUG tempest.lib.common.rest_client [req-2982df7a-ff78-4e1f-9b0b-4ba45714989f ] Request - Headers: {'Content-Type': 'application/json', 'Accept': 'application/json', 'X-Auth-Token': ''} Body: {"trunk": {"port_id": "98631a70-81fa-4042-8664-45650d85a336"}} Response - Headers: {'status': '201', u'content-length': '407', 'content-location': 'http://10.167.4.35:9696/v2.0/trunks', u'date': 'Wed, 31 Oct 2018 08:59:33 GMT', u'content-type': 'application/json', u'connection': 'close', u'x-openstack-request-id': 'req-2982df7a-ff78-4e1f-9b0b-4ba45714989f'} Body: {"trunk": {"status": "DOWN", "sub_ports": [], "name": "", "admin_state_up": true, "tenant_id": "087b5e1b5a4e4bf9826bb4b8e7182100", "created_at": "2018-10-31T08:59:33Z", "tags": [], "updated_at": "2018-10-31T08:59:33Z", "revision_number": 0, "project_id": "087b5e1b5a4e4bf9826bb4b8e7182100", "port_id": "98631a70-81fa-4042-8664-45650d85a336", "id": "e12539cc-92bc-4b45-bc96-428d04960b08", "description": ""}} _log_request_full /root/.rally/verification/verifier-4b8fc12d-d9db-48b9-8bab-77d209008959/repo/tempest/lib/common/rest_client.py:434
2018-10-31 08:59:33.299 18011 INFO tempest.lib.common.rest_client [req-3e9ce9f2-8a07-4df8-92c1-4e30c10ee15e ] Request (TrunkTestJSON:_run_cleanups): 404 GET http://10.167.4.35:9696/v2.0/trunks/71d09310-d12c-494e-9928-1de5607a9078 0.017s
2018-10-31 08:59:33.300 18011 DEBUG tempest.lib.common.rest_client [req-3e9ce9f2-8a07-4df8-92c1-4e30c10ee15e ] Request - Headers: {'Content-Type': 'application/json', 'Accept': 'application/json', 'X-Auth-Token': ''} Body: None Response - Headers: {'status': '404', u'content-length': '134', 'content-location': 'http://10.167.4.35:9696/v2.0/trunks/71d09310-d12c-494e-9928-1de5607a9078', u'date': 'Wed, 31 Oct 2018 08:59:33 GMT', u'content-type': 'application/json', u'connection': 'close', u'x-openstack-request-id': 'req-3e9ce9f2-8a07-4df8-92c1-4e30c10ee15e'} Body: {"NeutronError": {"message": "Trunk 71d09310-d12c-494e-9928-1de5607a9078 could not be found.", "type": "TrunkNotFound", "detail": ""}} _log_request_full /root/.rally/verification/verifier-4b8fc12d-d9db-48b9-8bab-77d209008959/repo/tempest/lib/common/rest_client.py:434
2018-10-31 08:59:33.315 18007 INFO tempest.lib.common.rest_client [req-bdb56708-dcce-4200-9e8f-d13c902690e4 ] Request (TrunkTestJSON:test_create_trunk_subports_not_specified): 200 GET http://10.167.4.35:9696/v2.0/trunks/e12539cc-92bc-4b45-bc96-428d04960b08 0.025s
2018-10-31 08:59:33.315 18007 DEBUG tempest.lib.common.rest_client [req-bdb56708-dcce-4200-9e8f-d13c902690e4 ] Request - Headers: {'Content-Type': 'application/json', 'Accept': 'application/json', 'X-Auth-Token': ''} Body: None Response - Headers: {'status': '200', u'content-length': '407', 'content-location': 'http://10.167.4.35:9696/v2.0/trunks/e12539cc-92bc-4b45-bc96-428d04960b08', u'date': 'Wed, 31 Oct 2018 08:59:33 GMT', u'content-type': 'application/json', u'connection': 'close', u'x-openstack-request-id': 'req-bdb56708-dcce-4200-9e8f-d13c902690e4'} Body: {"trunk": {"status": "DOWN", "sub_ports": [], "name": "", "admin_state_up": true, "tenant_id": "087b5e1b5a4e4bf9826bb4b8e7182100", "created_at": "2018-10-31T08:59:33Z", "tags": [], "updated_at": "2018-10-31T08:59:33Z", "revision_number": 0, "project_id": "087b5e1b5a4e4bf9826bb4b8e7182100", "port_id": "98631a70-81fa-4042-8664-45650d85a336", "id": "e12539cc-92bc-4b45-bc96-428d04960b08", "description": ""}} _log_request_full /root/.rally/verification/verifier-4b8fc12d-d9db-48b9-8bab-77d209008959/repo/tempest/lib/common/rest_client.py:434
2018-10-31 08:59:33.325 18011 INFO tempest.lib.common.rest_client [req-6937f856-8e94-460d-97e4-711f9d074d7f ] Request (TrunkTestJSON:_run_cleanups): 404 GET http://10.167.4.35:9696/v2.0/trunks/ca87d778-e503-4c0c-9e0d-aaf089e628c8 0.024s
2018-10-31 08:59:33.326 18011 DEBUG tempest.lib.common.rest_client [req-6937f856-8e94-460d-97e4-711f9d074d7f ] Request - Headers: {'Content-Type': 'application/json', 'Accept': 'application/json', 'X-Auth-Token': ''} Body: None Response - Headers: {'status': '404', u'content-length': '134', 'content-location': 'http://10.167.4.35:9696/v2.0/trunks/ca87d778-e503-4c0c-9e0d-aaf089e628c8', u'date': 'Wed, 31 Oct 2018 08:59:33 GMT', u'content-type': 'application/json', u'connection': 'close', u'x-openstack-request-id': 'req-6937f856-8e94-460d-97e4-711f9d074d7f'} Body: {"NeutronError": {"message": "Trunk ca87d778-e503-4c0c-9e0d-aaf089e628c8 could not be found.", "type": "TrunkNotFound", "detail": ""}} _log_request_full /root/.rally/verification/verifier-4b8fc12d-d9db-48b9-8bab-77d209008959/repo/tempest/lib/common/rest_client.py:434
2018-10-31 08:59:33.342 18007 INFO tempest.lib.common.rest_client [req-0e043575-7afd-4f16-8413-db7c25267e69 ] Request (TrunkTestJSON:_run_cleanups): 404 GET http://10.167.4.35:9696/v2.0/trunks/9099b04e-4044-4653-98ca-d6fd46aa5353/get_subports 0.026s
2018-10-31 08:59:33.343 18007 DEBUG tempest.lib.common.rest_client [req-0e043575-7afd-4f16-8413-db7c25267e69 ] Request - Headers: {'Content-Type': 'application/json', 'Accept': 'application/json', 'X-Auth-Token': ''} Body: None Response - Headers: {'status': '404', u'content-length': '134', 'content-location': 'http://10.167.4.35:9696/v2.0/trunks/9099b04e-4044-4653-98ca-d6fd46aa5353/get_subports', u'date': 'Wed, 31 Oct 2018 08:59:33 GMT', u'content-type': 'application/json', u'connection': 'close', u'x-openstack-request-id': 'req-0e043575-7afd-4f16-8413-db7c25267e69'} Body: {"NeutronError": {"message": "Trunk 9099b04e-4044-4653-98ca-d6fd46aa5353 could not be found.", "type": "TrunkNotFound", "detail": ""}} _log_request_full /root/.rally/verification/verifier-4b8fc12d-d9db-48b9-8bab-77d209008959/repo/tempest/lib/common/rest_client.py:434
2018-10-31 08:59:33.379 18007 INFO tempest.lib.common.rest_client [req-4d45d71c-bba0-42cf-8ab6-c341f3ef21a6 ] Request (TrunkTestJSON:_run_cleanups): 404 DELETE http://10.167.4.35:9696/v2.0/trunks/9099b04e-4044-4653-98ca-d6fd46aa5353 0.036s
2018-10-31 08:59:33.380 18007 DEBUG tempest.lib.common.rest_client [req-4d45d71c-bba0-42cf-8ab6-c341f3ef21a6 ] Request - Headers: {'Content-Type': 'application/json', 'Accept': 'application/json', 'X-Auth-Token': ''} Body: None Response - Headers: {'status': '404', u'content-length': '134', 'content-location': 'http://10.167.4.35:9696/v2.0/trunks/9099b04e-4044-4653-98ca-d6fd46aa5353', u'date': 'Wed, 31 Oct 2018 08:59:33 GMT', u'content-type': 'application/json', u'connection': 'close', u'x-openstack-request-id': 'req-4d45d71c-bba0-42cf-8ab6-c341f3ef21a6'} Body: {"NeutronError": {"message": "Trunk 9099b04e-4044-4653-98ca-d6fd46aa5353 could not be found.", "type": "TrunkNotFound", "detail": ""}} _log_request_full /root/.rally/verification/verifier-4b8fc12d-d9db-48b9-8bab-77d209008959/repo/tempest/lib/common/rest_client.py:434
2018-10-31 08:59:33.424 18007 INFO tempest.lib.common.rest_client [req-c0ae5144-a863-465a-9cf6-6df756919885 ] Request (TrunkTestJSON:_run_cleanups): 404 GET http://10.167.4.35:9696/v2.0/trunks/08d21c9a-ba3a-4feb-a6c6-ff48f4c26fa0/get_subports 0.044s
2018-10-31 08:59:33.425 18007 DEBUG tempest.lib.common.rest_client [req-c0ae5144-a863-465a-9cf6-6df756919885 ] Request - Headers: {'Content-Type': 'application/json', 'Accept': 'application/json', 'X-Auth-Token': ''} Body: None Response - Headers: {'status': '404', u'content-length': '134', 'content-location': 'http://10.167.4.35:9696/v2.0/trunks/08d21c9a-ba3a-4feb-a6c6-ff48f4c26fa0/get_subports', u'date': 'Wed, 31 Oct 2018 08:59:33 GMT', u'content-type': 'application/json', u'connection': 'close', u'x-openstack-request-id': 'req-c0ae5144-a863-465a-9cf6-6df756919885'} Body: {"NeutronError": {"message": "Trunk 08d21c9a-ba3a-4feb-a6c6-ff48f4c26fa0 could not be found.", "type": "TrunkNotFound", "detail": ""}} _log_request_full /root/.rally/verification/verifier-4b8fc12d-d9db-48b9-8bab-77d209008959/repo/tempest/lib/common/rest_client.py:434
2018-10-31 08:59:33.460 18007 INFO tempest.lib.common.rest_client [req-7b32d7f0-0de1-4670-9f13-c4db691df86b ] Request (TrunkTestJSON:_run_cleanups): 404 DELETE http://10.167.4.35:9696/v2.0/trunks/08d21c9a-ba3a-4feb-a6c6-ff48f4c26fa0 0.034s
2018-10-31 08:59:33.460 18007 DEBUG tempest.lib.common.rest_client [req-7b32d7f0-0de1-4670-9f13-c4db691df86b ] Request - Headers: {'Content-Type': 'application/json', 'Accept': 'application/json', 'X-Auth-Token': ''} Body: None Response - Headers: {'status': '404', u'content-length': '134', 'content-location': 'http://10.167.4.35:9696/v2.0/trunks/08d21c9a-ba3a-4feb-a6c6-ff48f4c26fa0', u'date': 'Wed, 31 Oct 2018 08:59:33 GMT', u'content-type': 'application/json', u'connection': 'close', u'x-openstack-request-id': 'req-7b32d7f0-0de1-4670-9f13-c4db691df86b'} Body: {"NeutronError": {"message": "Trunk 08d21c9a-ba3a-4feb-a6c6-ff48f4c26fa0 could not be found.", "type": "TrunkNotFound", "detail": ""}} _log_request_full /root/.rally/verification/verifier-4b8fc12d-d9db-48b9-8bab-77d209008959/repo/tempest/lib/common/rest_client.py:434
2018-10-31 08:59:33.481 18007 INFO tempest.lib.common.rest_client [req-992d935a-7058-41f8-b107-0c612001181a ] Request (TrunkTestJSON:_run_cleanups): 404 GET http://10.167.4.35:9696/v2.0/trunks/f4e037b9-05e7-4228-9577-4e1bc1c10d5a/get_subports 0.020s
2018-10-31 08:59:33.482 18007 DEBUG tempest.lib.common.rest_client [req-992d935a-7058-41f8-b107-0c612001181a ] Request - Headers: {'Content-Type': 'application/json', 'Accept': 'application/json', 'X-Auth-Token': ''} Body: None Response - Headers: {'status': '404', u'content-length': '134', 'content-location': 'http://10.167.4.35:9696/v2.0/trunks/f4e037b9-05e7-4228-9577-4e1bc1c10d5a/get_subports', u'date': 'Wed, 31 Oct 2018 08:59:33 GMT', u'content-type': 'application/json', u'connection': 'close', u'x-openstack-request-id': 'req-992d935a-7058-41f8-b107-0c612001181a'} Body: {"NeutronError": {"message": "Trunk f4e037b9-05e7-4228-9577-4e1bc1c10d5a could not be found.", "type": "TrunkNotFound", "detail": ""}} _log_request_full /root/.rally/verification/verifier-4b8fc12d-d9db-48b9-8bab-77d209008959/repo/tempest/lib/common/rest_client.py:434
2018-10-31 08:59:33.511 18007 INFO tempest.lib.common.rest_client [req-b2ed2de6-0293-40b6-bc71-8236b689c8d4 ] Request (TrunkTestJSON:_run_cleanups): 404 DELETE http://10.167.4.35:9696/v2.0/trunks/f4e037b9-05e7-4228-9577-4e1bc1c10d5a 0.028s
2018-10-31 08:59:33.511 18007 DEBUG tempest.lib.common.rest_client [req-b2ed2de6-0293-40b6-bc71-8236b689c8d4 ] Request - Headers: {'Content-Type': 'application/json', 'Accept': 'application/json', 'X-Auth-Token': ''} Body: None Response - Headers: {'status': '404', u'content-length': '134', 'content-location': 'http://10.167.4.35:9696/v2.0/trunks/f4e037b9-05e7-4228-9577-4e1bc1c10d5a', u'date': 'Wed, 31 Oct 2018 08:59:33 GMT', u'content-type': 'application/json', u'connection': 'close', u'x-openstack-request-id': 'req-b2ed2de6-0293-40b6-bc71-8236b689c8d4'} Body: {"NeutronError": {"message": "Trunk f4e037b9-05e7-4228-9577-4e1bc1c10d5a could not be found.", "type": "TrunkNotFound", "detail": ""}} _log_request_full /root/.rally/verification/verifier-4b8fc12d-d9db-48b9-8bab-77d209008959/repo/tempest/lib/common/rest_client.py:434
2018-10-31 08:59:33.563 18011 INFO tempest.lib.common.rest_client [req-c86cd29d-a34d-48d6-bb0c-6b1b981467e9 ] Request (TrunkTestJSON:_run_cleanups): 404 DELETE http://10.167.4.35:9696/v2.0/ports/2e46e177-4752-4190-bdf4-dbcbd32baed0 0.236s
2018-10-31 08:59:33.563 18011 DEBUG tempest.lib.common.rest_client [req-c86cd29d-a34d-48d6-bb0c-6b1b981467e9 ] Request - Headers: {'Content-Type': 'application/json', 'Accept': 'application/json', 'X-Auth-Token': ''} Body: None Response - Headers: {'status': '404', u'content-length': '132', 'content-location': 'http://10.167.4.35:9696/v2.0/ports/2e46e177-4752-4190-bdf4-dbcbd32baed0', u'date': 'Wed, 31 Oct 2018 08:59:33 GMT', u'content-type': 'application/json', u'connection': 'close', u'x-openstack-request-id': 'req-c86cd29d-a34d-48d6-bb0c-6b1b981467e9'} Body: {"NeutronError": {"message": "Port 2e46e177-4752-4190-bdf4-dbcbd32baed0 could not be found.", "type": "PortNotFound", "detail": ""}} _log_request_full /root/.rally/verification/verifier-4b8fc12d-d9db-48b9-8bab-77d209008959/repo/tempest/lib/common/rest_client.py:434
2018-10-31 08:59:33.565 18007 INFO tempest.lib.common.rest_client [req-f9d69029-8831-4e08-8230-2ead9579c7bc ] Request (TrunkTestJSON:_run_cleanups): 200 GET http://10.167.4.35:9696/v2.0/trunks/e12539cc-92bc-4b45-bc96-428d04960b08/get_subports 0.052s
2018-10-31 08:59:33.565 18007 DEBUG tempest.lib.common.rest_client [req-f9d69029-8831-4e08-8230-2ead9579c7bc ] Request - Headers: {'Content-Type': 'application/json', 'Accept': 'application/json', 'X-Auth-Token': ''} Body: None Response - Headers: {'status': '200', u'content-length': '17', 'content-location': 'http://10.167.4.35:9696/v2.0/trunks/e12539cc-92bc-4b45-bc96-428d04960b08/get_subports', u'date': 'Wed, 31 Oct 2018 08:59:33 GMT', u'content-type': 'application/json', u'connection': 'close', u'x-openstack-request-id': 'req-f9d69029-8831-4e08-8230-2ead9579c7bc'} Body: {"sub_ports": []} _log_request_full /root/.rally/verification/verifier-4b8fc12d-d9db-48b9-8bab-77d209008959/repo/tempest/lib/common/rest_client.py:434
2018-10-31 08:59:33.609 18011 INFO tempest.lib.common.rest_client [req-c202da47-8b6e-4c7f-b017-7b89da6dd5a4 ] Request (TrunkTestJSON:_run_cleanups): 404 DELETE http://10.167.4.35:9696/v2.0/ports/9a773b72-e174-447c-b0cc-997cadca58a4 0.044s
2018-10-31 08:59:33.609 18011 DEBUG tempest.lib.common.rest_client [req-c202da47-8b6e-4c7f-b017-7b89da6dd5a4 ] Request - Headers: {'Content-Type': 'application/json', 'Accept': 'application/json', 'X-Auth-Token': ''} Body: None Response - Headers: {'status': '404', u'content-length': '132', 'content-location': 'http://10.167.4.35:9696/v2.0/ports/9a773b72-e174-447c-b0cc-997cadca58a4', u'date': 'Wed, 31 Oct 2018 08:59:33 GMT', u'content-type': 'application/json', u'connection': 'close', u'x-openstack-request-id': 'req-c202da47-8b6e-4c7f-b017-7b89da6dd5a4'} Body: {"NeutronError": {"message": "Port 9a773b72-e174-447c-b0cc-997cadca58a4 could not be found.", "type": "PortNotFound", "detail": ""}} _log_request_full /root/.rally/verification/verifier-4b8fc12d-d9db-48b9-8bab-77d209008959/repo/tempest/lib/common/rest_client.py:434
2018-10-31 08:59:33.624 18007 INFO tempest.lib.common.rest_client [req-22d977c4-a315-4407-aaf0-a49a3baee47e ] Request (TrunkTestJSON:_run_cleanups): 200 PUT http://10.167.4.35:9696/v2.0/trunks/e12539cc-92bc-4b45-bc96-428d04960b08/remove_subports 0.058s
2018-10-31 08:59:33.624 18007 DEBUG tempest.lib.common.rest_client [req-22d977c4-a315-4407-aaf0-a49a3baee47e ] Request - Headers: {'Content-Type': 'application/json', 'Accept': 'application/json', 'X-Auth-Token': ''} Body: {"sub_ports": []} Response - Headers: {'status': '200', u'content-length': '396', 'content-location': 'http://10.167.4.35:9696/v2.0/trunks/e12539cc-92bc-4b45-bc96-428d04960b08/remove_subports', u'date': 'Wed, 31 Oct 2018 08:59:33 GMT', u'content-type': 'application/json', u'connection': 'close', u'x-openstack-request-id': 'req-22d977c4-a315-4407-aaf0-a49a3baee47e'} Body: {"status": "DOWN", "sub_ports": [], "name": "", "admin_state_up": true, "tenant_id": "087b5e1b5a4e4bf9826bb4b8e7182100", "created_at": "2018-10-31T08:59:33Z", "tags": [], "updated_at": "2018-10-31T08:59:33Z", "revision_number": 1, "project_id": "087b5e1b5a4e4bf9826bb4b8e7182100", "port_id": "98631a70-81fa-4042-8664-45650d85a336", "id": "e12539cc-92bc-4b45-bc96-428d04960b08", "description": ""} _log_request_full /root/.rally/verification/verifier-4b8fc12d-d9db-48b9-8bab-77d209008959/repo/tempest/lib/common/rest_client.py:434
2018-10-31 08:59:33.650 18011 INFO tempest.lib.common.rest_client [req-5ff606bc-bf93-415f-8959-7aa5120c2747 ] Request (TrunkTestJSON:_run_cleanups): 404 DELETE http://10.167.4.35:9696/v2.0/ports/88b7fa73-ca94-44ef-b6d7-dff1c7e2a84d 0.040s
2018-10-31 08:59:33.650 18011 DEBUG tempest.lib.common.rest_client [req-5ff606bc-bf93-415f-8959-7aa5120c2747 ] Request - Headers: {'Content-Type': 'application/json', 'Accept': 'application/json', 'X-Auth-Token': ''} Body: None Response - Headers: {'status': '404', u'content-length': '132', 'content-location': 'http://10.167.4.35:9696/v2.0/ports/88b7fa73-ca94-44ef-b6d7-dff1c7e2a84d', u'date': 'Wed, 31 Oct 2018 08:59:33 GMT', u'content-type': 'application/json', u'connection': 'close', u'x-openstack-request-id': 'req-5ff606bc-bf93-415f-8959-7aa5120c2747'} Body: {"NeutronError": {"message": "Port 88b7fa73-ca94-44ef-b6d7-dff1c7e2a84d could not be found.", "type": "PortNotFound", "detail": ""}} _log_request_full /root/.rally/verification/verifier-4b8fc12d-d9db-48b9-8bab-77d209008959/repo/tempest/lib/common/rest_client.py:434
2018-10-31 08:59:33.698 18011 INFO tempest.lib.common.rest_client [req-30e00bbd-19ba-4ac4-aeda-fbc96d0a1566 ] Request (TrunkTestJSON:_run_cleanups): 404 DELETE http://10.167.4.35:9696/v2.0/ports/482a1285-5429-4303-9515-e5883d3c3527 0.047s
2018-10-31 08:59:33.698 18011 DEBUG tempest.lib.common.rest_client [req-30e00bbd-19ba-4ac4-aeda-fbc96d0a1566 ] Request - Headers: {'Content-Type': 'application/json', 'Accept': 'application/json', 'X-Auth-Token': ''} Body: None Response - Headers: {'status': '404', u'content-length': '132', 'content-location': 'http://10.167.4.35:9696/v2.0/ports/482a1285-5429-4303-9515-e5883d3c3527', u'date': 'Wed, 31 Oct 2018 08:59:33 GMT', u'content-type': 'application/json', u'connection': 'close', u'x-openstack-request-id': 'req-30e00bbd-19ba-4ac4-aeda-fbc96d0a1566'} Body: {"NeutronError": {"message": "Port 482a1285-5429-4303-9515-e5883d3c3527 could not be found.", "type": "PortNotFound", "detail": ""}} _log_request_full /root/.rally/verification/verifier-4b8fc12d-d9db-48b9-8bab-77d209008959/repo/tempest/lib/common/rest_client.py:434
2018-10-31 08:59:33.974 18007 INFO tempest.lib.common.rest_client [req-259467ea-3be1-4e78-9735-83997e91aa4c ] Request (TrunkTestJSON:_run_cleanups): 204 DELETE http://10.167.4.35:9696/v2.0/trunks/e12539cc-92bc-4b45-bc96-428d04960b08 0.349s
2018-10-31 08:59:33.975 18007 DEBUG tempest.lib.common.rest_client [req-259467ea-3be1-4e78-9735-83997e91aa4c ] Request - Headers: {'Content-Type': 'application/json', 'Accept': 'application/json', 'X-Auth-Token': ''} Body: None Response - Headers: {'status': '204', u'content-length': '0', 'content-location': 'http://10.167.4.35:9696/v2.0/trunks/e12539cc-92bc-4b45-bc96-428d04960b08', u'date': 'Wed, 31 Oct 2018 08:59:33 GMT', u'connection': 'close', u'x-openstack-request-id': 'req-259467ea-3be1-4e78-9735-83997e91aa4c'} Body: _log_request_full /root/.rally/verification/verifier-4b8fc12d-d9db-48b9-8bab-77d209008959/repo/tempest/lib/common/rest_client.py:434
2018-10-31 08:59:34.003 18007 INFO tempest.lib.common.rest_client [req-d749bd63-ffd6-4ea2-a6e9-36d03bf3a25b ] Request (TrunkTestJSON:_run_cleanups): 404 GET http://10.167.4.35:9696/v2.0/trunks/9099b04e-4044-4653-98ca-d6fd46aa5353 0.027s
2018-10-31 08:59:34.003 18007 DEBUG tempest.lib.common.rest_client [req-d749bd63-ffd6-4ea2-a6e9-36d03bf3a25b ] Request - Headers: {'Content-Type': 'application/json', 'Accept': 'application/json', 'X-Auth-Token': ''} Body: None Response - Headers: {'status': '404', u'content-length': '134', 'content-location': 'http://10.167.4.35:9696/v2.0/trunks/9099b04e-4044-4653-98ca-d6fd46aa5353', u'date': 'Wed, 31 Oct 2018 08:59:34 GMT', u'content-type': 'application/json', u'connection': 'close', u'x-openstack-request-id': 'req-d749bd63-ffd6-4ea2-a6e9-36d03bf3a25b'} Body: {"NeutronError": {"message": "Trunk 9099b04e-4044-4653-98ca-d6fd46aa5353 could not be found.", "type": "TrunkNotFound", "detail": ""}} _log_request_full /root/.rally/verification/verifier-4b8fc12d-d9db-48b9-8bab-77d209008959/repo/tempest/lib/common/rest_client.py:434
2018-10-31 08:59:34.025 18007 INFO tempest.lib.common.rest_client [req-6134fe83-5797-4225-8ddf-20b2d95a299e ] Request (TrunkTestJSON:_run_cleanups): 404 GET http://10.167.4.35:9696/v2.0/trunks/08d21c9a-ba3a-4feb-a6c6-ff48f4c26fa0 0.020s
2018-10-31 08:59:34.025 18007 DEBUG tempest.lib.common.rest_client [req-6134fe83-5797-4225-8ddf-20b2d95a299e ] Request - Headers: {'Content-Type': 'application/json', 'Accept': 'application/json', 'X-Auth-Token': ''} Body: None Response - Headers: {'status': '404', u'content-length': '134', 'content-location': 'http://10.167.4.35:9696/v2.0/trunks/08d21c9a-ba3a-4feb-a6c6-ff48f4c26fa0', u'date': 'Wed, 31 Oct 2018 08:59:34 GMT', u'content-type': 'application/json', u'connection': 'close', u'x-openstack-request-id': 'req-6134fe83-5797-4225-8ddf-20b2d95a299e'} Body: {"NeutronError": {"message": "Trunk 08d21c9a-ba3a-4feb-a6c6-ff48f4c26fa0 could not be found.", "type": "TrunkNotFound", "detail": ""}} _log_request_full /root/.rally/verification/verifier-4b8fc12d-d9db-48b9-8bab-77d209008959/repo/tempest/lib/common/rest_client.py:434
2018-10-31 08:59:34.053 18007 INFO tempest.lib.common.rest_client [req-e3dcb83d-21bf-404f-9bf3-1b711f2c2c2a ] Request (TrunkTestJSON:_run_cleanups): 404 GET http://10.167.4.35:9696/v2.0/trunks/f4e037b9-05e7-4228-9577-4e1bc1c10d5a 0.027s
2018-10-31 08:59:34.054 18007 DEBUG tempest.lib.common.rest_client [req-e3dcb83d-21bf-404f-9bf3-1b711f2c2c2a ] Request - Headers: {'Content-Type': 'application/json', 'Accept': 'application/json', 'X-Auth-Token': ''} Body: None Response - Headers: {'status': '404', u'content-length': '134', 'content-location': 'http://10.167.4.35:9696/v2.0/trunks/f4e037b9-05e7-4228-9577-4e1bc1c10d5a', u'date': 'Wed, 31 Oct 2018 08:59:34 GMT', u'content-type': 'application/json', u'connection': 'close', u'x-openstack-request-id': 'req-e3dcb83d-21bf-404f-9bf3-1b711f2c2c2a'} Body: {"NeutronError": {"message": "Trunk f4e037b9-05e7-4228-9577-4e1bc1c10d5a could not be found.", "type": "TrunkNotFound", "detail": ""}} _log_request_full /root/.rally/verification/verifier-4b8fc12d-d9db-48b9-8bab-77d209008959/repo/tempest/lib/common/rest_client.py:434
2018-10-31 08:59:34.074 18007 INFO tempest.lib.common.rest_client [req-90cafcf0-7456-4402-928b-daf3d23d0163 ] Request (TrunkTestJSON:_run_cleanups): 404 GET http://10.167.4.35:9696/v2.0/trunks/e12539cc-92bc-4b45-bc96-428d04960b08 0.020s
2018-10-31 08:59:34.075 18007 DEBUG tempest.lib.common.rest_client [req-90cafcf0-7456-4402-928b-daf3d23d0163 ] Request - Headers: {'Content-Type': 'application/json', 'Accept': 'application/json', 'X-Auth-Token': ''} Body: None Response - Headers: {'status': '404', u'content-length': '134', 'content-location': 'http://10.167.4.35:9696/v2.0/trunks/e12539cc-92bc-4b45-bc96-428d04960b08', u'date': 'Wed, 31 Oct 2018 08:59:34 GMT', u'content-type': 'application/json', u'connection': 'close', u'x-openstack-request-id': 'req-90cafcf0-7456-4402-928b-daf3d23d0163'} Body: {"NeutronError": {"message": "Trunk e12539cc-92bc-4b45-bc96-428d04960b08 could not be found.", "type": "TrunkNotFound", "detail": ""}} _log_request_full /root/.rally/verification/verifier-4b8fc12d-d9db-48b9-8bab-77d209008959/repo/tempest/lib/common/rest_client.py:434
2018-10-31 08:59:34.155 18007 INFO tempest.lib.common.rest_client [req-ac0ef9da-f24d-4ef2-acaf-e581c5626de5 ] Request (TrunkTestJSON:_run_cleanups): 404 DELETE http://10.167.4.35:9696/v2.0/ports/2ff5e521-aa6b-4f18-a878-ecd08db56bc0 0.079s
2018-10-31 08:59:34.155 18007 DEBUG tempest.lib.common.rest_client [req-ac0ef9da-f24d-4ef2-acaf-e581c5626de5 ] Request - Headers: {'Content-Type': 'application/json', 'Accept': 'application/json', 'X-Auth-Token': ''} Body: None Response - Headers: {'status': '404', u'content-length': '132', 'content-location': 'http://10.167.4.35:9696/v2.0/ports/2ff5e521-aa6b-4f18-a878-ecd08db56bc0', u'date': 'Wed, 31 Oct 2018 08:59:34 GMT', u'content-type': 'application/json', u'connection': 'close', u'x-openstack-request-id': 'req-ac0ef9da-f24d-4ef2-acaf-e581c5626de5'} Body: {"NeutronError": {"message": "Port 2ff5e521-aa6b-4f18-a878-ecd08db56bc0 could not be found.", "type": "PortNotFound", "detail": ""}} _log_request_full /root/.rally/verification/verifier-4b8fc12d-d9db-48b9-8bab-77d209008959/repo/tempest/lib/common/rest_client.py:434
2018-10-31 08:59:34.208 18007 INFO tempest.lib.common.rest_client [req-eeeb48fb-0687-4617-93dc-a8fe8aa7e6f9 ] Request (TrunkTestJSON:_run_cleanups): 404 DELETE http://10.167.4.35:9696/v2.0/ports/e0491567-3df2-489c-b3a4-e93a5aaf4811 0.051s
2018-10-31 08:59:34.208 18007 DEBUG tempest.lib.common.rest_client [req-eeeb48fb-0687-4617-93dc-a8fe8aa7e6f9 ] Request - Headers: {'Content-Type': 'application/json', 'Accept': 'application/json', 'X-Auth-Token': ''} Body: None Response - Headers: {'status': '404', u'content-length': '132', 'content-location': 'http://10.167.4.35:9696/v2.0/ports/e0491567-3df2-489c-b3a4-e93a5aaf4811', u'date': 'Wed, 31 Oct 2018 08:59:34 GMT', u'content-type': 'application/json', u'connection': 'close', u'x-openstack-request-id': 'req-eeeb48fb-0687-4617-93dc-a8fe8aa7e6f9'} Body: {"NeutronError": {"message": "Port e0491567-3df2-489c-b3a4-e93a5aaf4811 could not be found.", "type": "PortNotFound", "detail": ""}} _log_request_full /root/.rally/verification/verifier-4b8fc12d-d9db-48b9-8bab-77d209008959/repo/tempest/lib/common/rest_client.py:434
2018-10-31 08:59:34.209 18011 INFO tempest.lib.common.rest_client [req-9dd25336-bddc-4c92-9e7c-3f18fab7a110 ] Request (TrunkTestJSON:_run_cleanups): 204 DELETE http://10.167.4.35:9696/v2.0/ports/430f0a8f-5d50-4616-866a-dbccc0620388 0.509s
2018-10-31 08:59:34.209 18011 DEBUG tempest.lib.common.rest_client [req-9dd25336-bddc-4c92-9e7c-3f18fab7a110 ] Request - Headers: {'Content-Type': 'application/json', 'Accept': 'application/json', 'X-Auth-Token': ''} Body: None Response - Headers: {'status': '204', u'content-length': '0', 'content-location': 'http://10.167.4.35:9696/v2.0/ports/430f0a8f-5d50-4616-866a-dbccc0620388', u'date': 'Wed, 31 Oct 2018 08:59:34 GMT', u'connection': 'close', u'x-openstack-request-id': 'req-9dd25336-bddc-4c92-9e7c-3f18fab7a110'} Body: _log_request_full /root/.rally/verification/verifier-4b8fc12d-d9db-48b9-8bab-77d209008959/repo/tempest/lib/common/rest_client.py:434
2018-10-31 08:59:34.249 18011 INFO tempest.lib.common.rest_client [req-580fa819-188a-4147-b695-11b6b370e989 ] Request (TrunkTestJSON:_run_cleanups): 404 DELETE http://10.167.4.35:9696/v2.0/networks/874ae81e-00a4-4b4d-b21b-e474f94603cb 0.039s
2018-10-31 08:59:34.249 18011 DEBUG tempest.lib.common.rest_client [req-580fa819-188a-4147-b695-11b6b370e989 ] Request - Headers: {'Content-Type': 'application/json', 'Accept': 'application/json', 'X-Auth-Token': ''} Body: None Response - Headers: {'status': '404', u'content-length': '138', 'content-location': 'http://10.167.4.35:9696/v2.0/networks/874ae81e-00a4-4b4d-b21b-e474f94603cb', u'date': 'Wed, 31 Oct 2018 08:59:34 GMT', u'content-type': 'application/json', u'connection': 'close', u'x-openstack-request-id': 'req-580fa819-188a-4147-b695-11b6b370e989'} Body: {"NeutronError": {"message": "Network 874ae81e-00a4-4b4d-b21b-e474f94603cb could not be found.", "type": "NetworkNotFound", "detail": ""}} _log_request_full /root/.rally/verification/verifier-4b8fc12d-d9db-48b9-8bab-77d209008959/repo/tempest/lib/common/rest_client.py:434
2018-10-31 08:59:34.256 18007 INFO tempest.lib.common.rest_client [req-2b5836eb-bf19-4aa9-a2d4-ae0fd35b8ba1 ] Request (TrunkTestJSON:_run_cleanups): 404 DELETE http://10.167.4.35:9696/v2.0/ports/f20c555f-9be7-42af-bdbe-bd1d6f7c6a8d 0.046s
2018-10-31 08:59:34.256 18007 DEBUG tempest.lib.common.rest_client [req-2b5836eb-bf19-4aa9-a2d4-ae0fd35b8ba1 ] Request - Headers: {'Content-Type': 'application/json', 'Accept': 'application/json', 'X-Auth-Token': ''} Body: None Response - Headers: {'status': '404', u'content-length': '132', 'content-location': 'http://10.167.4.35:9696/v2.0/ports/f20c555f-9be7-42af-bdbe-bd1d6f7c6a8d', u'date': 'Wed, 31 Oct 2018 08:59:34 GMT', u'content-type': 'application/json', u'connection': 'close', u'x-openstack-request-id': 'req-2b5836eb-bf19-4aa9-a2d4-ae0fd35b8ba1'} Body: {"NeutronError": {"message": "Port f20c555f-9be7-42af-bdbe-bd1d6f7c6a8d could not be found.", "type": "PortNotFound", "detail": ""}} _log_request_full /root/.rally/verification/verifier-4b8fc12d-d9db-48b9-8bab-77d209008959/repo/tempest/lib/common/rest_client.py:434
2018-10-31 08:59:34.301 18007 INFO tempest.lib.common.rest_client [req-e963dc0d-dc3f-4b98-a406-5fce74d4078c ] Request (TrunkTestJSON:_run_cleanups): 404 DELETE http://10.167.4.35:9696/v2.0/ports/c529a1f0-d091-4535-a5d2-4ee899249563 0.044s
2018-10-31 08:59:34.302 18007 DEBUG tempest.lib.common.rest_client [req-e963dc0d-dc3f-4b98-a406-5fce74d4078c ] Request - Headers: {'Content-Type': 'application/json', 'Accept': 'application/json', 'X-Auth-Token': ''} Body: None Response - Headers: {'status': '404', u'content-length': '132', 'content-location': 'http://10.167.4.35:9696/v2.0/ports/c529a1f0-d091-4535-a5d2-4ee899249563', u'date': 'Wed, 31 Oct 2018 08:59:34 GMT', u'content-type': 'application/json', u'connection': 'close', u'x-openstack-request-id': 'req-e963dc0d-dc3f-4b98-a406-5fce74d4078c'} Body: {"NeutronError": {"message": "Port c529a1f0-d091-4535-a5d2-4ee899249563 could not be found.", "type": "PortNotFound", "detail": ""}} _log_request_full /root/.rally/verification/verifier-4b8fc12d-d9db-48b9-8bab-77d209008959/repo/tempest/lib/common/rest_client.py:434
2018-10-31 08:59:34.455 18011 INFO tempest.lib.common.rest_client [req-e605a4cf-eb6e-4094-8382-0e9e9eeabd60 ] Request (TrunkTestJSON:_run_cleanups): 404 DELETE http://10.167.4.35:9696/v2.0/networks/5b7167b2-bf1b-4952-95eb-442e447f460e 0.205s
2018-10-31 08:59:34.456 18011 DEBUG tempest.lib.common.rest_client [req-e605a4cf-eb6e-4094-8382-0e9e9eeabd60 ] Request - Headers: {'Content-Type': 'application/json', 'Accept': 'application/json', 'X-Auth-Token': ''} Body: None Response - Headers: {'status': '404', u'content-length': '138', 'content-location': 'http://10.167.4.35:9696/v2.0/networks/5b7167b2-bf1b-4952-95eb-442e447f460e', u'date': 'Wed, 31 Oct 2018 08:59:34 GMT', u'content-type': 'application/json', u'connection': 'close', u'x-openstack-request-id': 'req-e605a4cf-eb6e-4094-8382-0e9e9eeabd60'} Body: {"NeutronError": {"message": "Network 5b7167b2-bf1b-4952-95eb-442e447f460e could not be found.", "type": "NetworkNotFound", "detail": ""}} _log_request_full /root/.rally/verification/verifier-4b8fc12d-d9db-48b9-8bab-77d209008959/repo/tempest/lib/common/rest_client.py:434
2018-10-31 08:59:34.490 18011 INFO tempest.lib.common.rest_client [req-608fc667-55af-402c-8a0e-7f860b6f1a50 ] Request (TrunkTestJSON:_run_cleanups): 404 DELETE http://10.167.4.35:9696/v2.0/networks/84b480a5-7a37-410e-bac0-e00882792d66 0.033s
2018-10-31 08:59:34.491 18011 DEBUG tempest.lib.common.rest_client [req-608fc667-55af-402c-8a0e-7f860b6f1a50 ] Request - Headers: {'Content-Type': 'application/json', 'Accept': 'application/json', 'X-Auth-Token': ''} Body: None Response - Headers: {'status': '404', u'content-length': '138', 'content-location': 'http://10.167.4.35:9696/v2.0/networks/84b480a5-7a37-410e-bac0-e00882792d66', u'date': 'Wed, 31 Oct 2018 08:59:34 GMT', u'content-type': 'application/json', u'connection': 'close', u'x-openstack-request-id': 'req-608fc667-55af-402c-8a0e-7f860b6f1a50'} Body: {"NeutronError": {"message": "Network 84b480a5-7a37-410e-bac0-e00882792d66 could not be found.", "type": "NetworkNotFound", "detail": ""}} _log_request_full /root/.rally/verification/verifier-4b8fc12d-d9db-48b9-8bab-77d209008959/repo/tempest/lib/common/rest_client.py:434
2018-10-31 08:59:34.632 18008 INFO tempest.lib.common.rest_client [req-bababfce-e381-4dfb-b0b1-ba7ff4ba4ee3 ] Request (TrunkTest:test_trunk_subport_lifecycle): 201 POST http://10.167.4.35:9696/v2.0/floatingips 2.796s
2018-10-31 08:59:34.632 18008 DEBUG tempest.lib.common.rest_client [req-bababfce-e381-4dfb-b0b1-ba7ff4ba4ee3 ] Request - Headers: {'Content-Type': 'application/json', 'Accept': 'application/json', 'X-Auth-Token': ''} Body: {"floatingip": {"floating_network_id": "d179251e-9f74-4c98-8a5a-6b0d0b66ac49", "port_id": "1e0aa7ef-fc3b-483a-8975-3cda395da72e"}} Response - Headers: {'status': '201', u'content-length': '552', 'content-location': 'http://10.167.4.35:9696/v2.0/floatingips', u'date': 'Wed, 31 Oct 2018 08:59:34 GMT', u'content-type': 'application/json', u'connection': 'close', u'x-openstack-request-id': 'req-bababfce-e381-4dfb-b0b1-ba7ff4ba4ee3'} Body: {"floatingip": {"router_id": "086fa19a-28d2-4960-8905-b0fee9fed654", "status": "DOWN", "description": "", "tags": [], "tenant_id": "ac6972402899451e9e486b54796b753c", "created_at": "2018-10-31T08:59:32Z", "updated_at": "2018-10-31T08:59:32Z", "floating_network_id": "d179251e-9f74-4c98-8a5a-6b0d0b66ac49", "fixed_ip_address": "192.168.120.7", "floating_ip_address": "172.30.10.134", "revision_number": 0, "project_id": "ac6972402899451e9e486b54796b753c", "port_id": "1e0aa7ef-fc3b-483a-8975-3cda395da72e", "id": "3e5e5e76-74c9-4fad-acd6-ce2be36b2ebf"}} _log_request_full /root/.rally/verification/verifier-4b8fc12d-d9db-48b9-8bab-77d209008959/repo/tempest/lib/common/rest_client.py:434
2018-10-31 08:59:34.984 18007 INFO tempest.lib.common.rest_client [req-1fd17ecd-3f5b-4a32-b2d9-82e57cf726e5 ] Request (TrunkTestJSON:_run_cleanups): 204 DELETE http://10.167.4.35:9696/v2.0/ports/98631a70-81fa-4042-8664-45650d85a336 0.681s
2018-10-31 08:59:34.984 18007 DEBUG tempest.lib.common.rest_client [req-1fd17ecd-3f5b-4a32-b2d9-82e57cf726e5 ] Request - Headers: {'Content-Type': 'application/json', 'Accept': 'application/json', 'X-Auth-Token': ''} Body: None Response - Headers: {'status': '204', u'content-length': '0', 'content-location': 'http://10.167.4.35:9696/v2.0/ports/98631a70-81fa-4042-8664-45650d85a336', u'date': 'Wed, 31 Oct 2018 08:59:34 GMT', u'connection': 'close', u'x-openstack-request-id': 'req-1fd17ecd-3f5b-4a32-b2d9-82e57cf726e5'} Body: _log_request_full /root/.rally/verification/verifier-4b8fc12d-d9db-48b9-8bab-77d209008959/repo/tempest/lib/common/rest_client.py:434
2018-10-31 08:59:35.012 18007 INFO tempest.lib.common.rest_client [req-60b86a54-d8a9-468f-b990-cfdd98c387b8 ] Request (TrunkTestJSON:_run_cleanups): 404 DELETE http://10.167.4.35:9696/v2.0/networks/507c9e2b-3fc2-4657-b4eb-a4cfec0942b3 0.027s
2018-10-31 08:59:35.013 18007 DEBUG tempest.lib.common.rest_client [req-60b86a54-d8a9-468f-b990-cfdd98c387b8 ] Request - Headers: {'Content-Type': 'application/json', 'Accept': 'application/json', 'X-Auth-Token': ''} Body: None Response - Headers: {'status': '404', u'content-length': '138', 'content-location': 'http://10.167.4.35:9696/v2.0/networks/507c9e2b-3fc2-4657-b4eb-a4cfec0942b3', u'date': 'Wed, 31 Oct 2018 08:59:35 GMT', u'content-type': 'application/json', u'connection': 'close', u'x-openstack-request-id': 'req-60b86a54-d8a9-468f-b990-cfdd98c387b8'} Body: {"NeutronError": {"message": "Network 507c9e2b-3fc2-4657-b4eb-a4cfec0942b3 could not be found.", "type": "NetworkNotFound", "detail": ""}} _log_request_full /root/.rally/verification/verifier-4b8fc12d-d9db-48b9-8bab-77d209008959/repo/tempest/lib/common/rest_client.py:434
2018-10-31 08:59:35.041 18007 INFO tempest.lib.common.rest_client [req-2559de3e-2780-41e5-9300-977851eafac0 ] Request (TrunkTestJSON:_run_cleanups): 404 DELETE http://10.167.4.35:9696/v2.0/networks/d2cb3810-4b03-4920-8103-ffa188e1021f 0.027s
2018-10-31 08:59:35.042 18007 DEBUG tempest.lib.common.rest_client [req-2559de3e-2780-41e5-9300-977851eafac0 ] Request - Headers: {'Content-Type': 'application/json', 'Accept': 'application/json', 'X-Auth-Token': ''} Body: None Response - Headers: {'status': '404', u'content-length': '138', 'content-location': 'http://10.167.4.35:9696/v2.0/networks/d2cb3810-4b03-4920-8103-ffa188e1021f', u'date': 'Wed, 31 Oct 2018 08:59:35 GMT', u'content-type': 'application/json', u'connection': 'close', u'x-openstack-request-id': 'req-2559de3e-2780-41e5-9300-977851eafac0'} Body: {"NeutronError": {"message": "Network d2cb3810-4b03-4920-8103-ffa188e1021f could not be found.", "type": "NetworkNotFound", "detail": ""}} _log_request_full /root/.rally/verification/verifier-4b8fc12d-d9db-48b9-8bab-77d209008959/repo/tempest/lib/common/rest_client.py:434
2018-10-31 08:59:35.077 18007 INFO tempest.lib.common.rest_client [req-fe2e8499-f8f1-4140-bc99-94c5ab002479 ] Request (TrunkTestJSON:_run_cleanups): 404 DELETE http://10.167.4.35:9696/v2.0/networks/4ac1fb9e-272d-4c1f-a40c-72641d061054 0.035s
2018-10-31 08:59:35.078 18007 DEBUG tempest.lib.common.rest_client [req-fe2e8499-f8f1-4140-bc99-94c5ab002479 ] Request - Headers: {'Content-Type': 'application/json', 'Accept': 'application/json', 'X-Auth-Token': ''} Body: None Response - Headers: {'status': '404', u'content-length': '138', 'content-location': 'http://10.167.4.35:9696/v2.0/networks/4ac1fb9e-272d-4c1f-a40c-72641d061054', u'date': 'Wed, 31 Oct 2018 08:59:35 GMT', u'content-type': 'application/json', u'connection': 'close', u'x-openstack-request-id': 'req-fe2e8499-f8f1-4140-bc99-94c5ab002479'} Body: {"NeutronError": {"message": "Network 4ac1fb9e-272d-4c1f-a40c-72641d061054 could not be found.", "type": "NetworkNotFound", "detail": ""}} _log_request_full /root/.rally/verification/verifier-4b8fc12d-d9db-48b9-8bab-77d209008959/repo/tempest/lib/common/rest_client.py:434
2018-10-31 08:59:35.117 18007 INFO tempest.lib.common.rest_client [req-a979ac0b-8bfd-4196-8c5e-57e7e6050516 ] Request (TrunkTestJSON:_run_cleanups): 404 DELETE http://10.167.4.35:9696/v2.0/networks/834a6ddd-c58f-4c1d-8a9f-e58bcb333889 0.038s
2018-10-31 08:59:35.117 18007 DEBUG tempest.lib.common.rest_client [req-a979ac0b-8bfd-4196-8c5e-57e7e6050516 ] Request - Headers: {'Content-Type': 'application/json', 'Accept': 'application/json', 'X-Auth-Token': ''} Body: None Response - Headers: {'status': '404', u'content-length': '138', 'content-location': 'http://10.167.4.35:9696/v2.0/networks/834a6ddd-c58f-4c1d-8a9f-e58bcb333889', u'date': 'Wed, 31 Oct 2018 08:59:35 GMT', u'content-type': 'application/json', u'connection': 'close', u'x-openstack-request-id': 'req-a979ac0b-8bfd-4196-8c5e-57e7e6050516'} Body: {"NeutronError": {"message": "Network 834a6ddd-c58f-4c1d-8a9f-e58bcb333889 could not be found.", "type": "NetworkNotFound", "detail": ""}} _log_request_full /root/.rally/verification/verifier-4b8fc12d-d9db-48b9-8bab-77d209008959/repo/tempest/lib/common/rest_client.py:434
2018-10-31 08:59:35.232 18011 INFO tempest.lib.common.rest_client [req-57c3544f-657a-4e56-9b17-9cea61afdfec ] Request (TrunkTestJSON:_run_cleanups): 204 DELETE http://10.167.4.35:9696/v2.0/networks/b9ed692b-c45f-48ac-9304-3641121456e1 0.740s
2018-10-31 08:59:35.232 18011 DEBUG tempest.lib.common.rest_client [req-57c3544f-657a-4e56-9b17-9cea61afdfec ] Request - Headers: {'Content-Type': 'application/json', 'Accept': 'application/json', 'X-Auth-Token': ''} Body: None Response - Headers: {'status': '204', u'content-length': '0', 'content-location': 'http://10.167.4.35:9696/v2.0/networks/b9ed692b-c45f-48ac-9304-3641121456e1', u'date': 'Wed, 31 Oct 2018 08:59:35 GMT', u'connection': 'close', u'x-openstack-request-id': 'req-57c3544f-657a-4e56-9b17-9cea61afdfec'} Body: _log_request_full /root/.rally/verification/verifier-4b8fc12d-d9db-48b9-8bab-77d209008959/repo/tempest/lib/common/rest_client.py:434
2018-10-31 08:59:35.864 18007 INFO tempest.lib.common.rest_client [req-6a01cc02-709f-4e52-8caa-db132e4522d6 ] Request (TrunkTestJSON:_run_cleanups): 204 DELETE http://10.167.4.35:9696/v2.0/networks/a14e4290-1290-48b2-9912-d5cde1938b60 0.746s
2018-10-31 08:59:35.864 18007 DEBUG tempest.lib.common.rest_client [req-6a01cc02-709f-4e52-8caa-db132e4522d6 ] Request - Headers: {'Content-Type': 'application/json', 'Accept': 'application/json', 'X-Auth-Token': ''} Body: None Response - Headers: {'status': '204', u'content-length': '0', 'content-location': 'http://10.167.4.35:9696/v2.0/networks/a14e4290-1290-48b2-9912-d5cde1938b60', u'date': 'Wed, 31 Oct 2018 08:59:35 GMT', u'connection': 'close', u'x-openstack-request-id': 'req-6a01cc02-709f-4e52-8caa-db132e4522d6'} Body: _log_request_full /root/.rally/verification/verifier-4b8fc12d-d9db-48b9-8bab-77d209008959/repo/tempest/lib/common/rest_client.py:434
2018-10-31 08:59:36.240 18011 INFO tempest.lib.common.rest_client [req-3cbeab8b-4796-4b11-ab7c-0fe80fff6f68 ] Request (TrunkTestJSON:test_add_subport_port_id_uses_trunk_port_id): 201 POST http://10.167.4.35:9696/v2.0/networks 1.005s
2018-10-31 08:59:36.240 18011 DEBUG tempest.lib.common.rest_client [req-3cbeab8b-4796-4b11-ab7c-0fe80fff6f68 ] Request - Headers: {'Content-Type': 'application/json', 'Accept': 'application/json', 'X-Auth-Token': ''} Body: {"network": {"name": "tempest-test-network--242091214"}} Response - Headers: {'status': '201', u'content-length': '568', 'content-location': 'http://10.167.4.35:9696/v2.0/networks', u'date': 'Wed, 31 Oct 2018 08:59:36 GMT', u'content-type': 'application/json', u'connection': 'close', u'x-openstack-request-id': 'req-3cbeab8b-4796-4b11-ab7c-0fe80fff6f68'} Body: {"network":{"status":"ACTIVE","router:external":false,"availability_zone_hints":[],"availability_zones":[],"description":"","subnets":[],"shared":false,"tenant_id":"acf974e142184025ad2e9e8f03a8f85e","created_at":"2018-10-31T08:59:35Z","tags":[],"ipv6_address_scope":null,"mtu":1450,"updated_at":"2018-10-31T08:59:36Z","admin_state_up":true,"revision_number":2,"ipv4_address_scope":null,"is_default":false,"port_security_enabled":true,"project_id":"acf974e142184025ad2e9e8f03a8f85e","id":"536862da-6ee4-4e1d-a014-54ebc18f5492","name":"tempest-test-network--242091214"}} _log_request_full /root/.rally/verification/verifier-4b8fc12d-d9db-48b9-8bab-77d209008959/repo/tempest/lib/common/rest_client.py:434
2018-10-31 08:59:36.251 18007 INFO tempest.lib.common.rest_client [req-3407ca49-0052-4b1e-b549-c38e0e59b86a ] Request (TrunkTestJSON:test_create_update_trunk): 201 POST http://10.167.4.35:9696/v2.0/networks 0.384s
2018-10-31 08:59:36.252 18007 DEBUG tempest.lib.common.rest_client [req-3407ca49-0052-4b1e-b549-c38e0e59b86a ] Request - Headers: {'Content-Type': 'application/json', 'Accept': 'application/json', 'X-Auth-Token': ''} Body: {"network": {"name": "tempest-test-network--96688524"}} Response - Headers: {'status': '201', u'content-length': '567', 'content-location': 'http://10.167.4.35:9696/v2.0/networks', u'date': 'Wed, 31 Oct 2018 08:59:36 GMT', u'content-type': 'application/json', u'connection': 'close', u'x-openstack-request-id': 'req-3407ca49-0052-4b1e-b549-c38e0e59b86a'} Body: {"network":{"status":"ACTIVE","router:external":false,"availability_zone_hints":[],"availability_zones":[],"description":"","subnets":[],"shared":false,"tenant_id":"087b5e1b5a4e4bf9826bb4b8e7182100","created_at":"2018-10-31T08:59:35Z","tags":[],"ipv6_address_scope":null,"mtu":1450,"updated_at":"2018-10-31T08:59:36Z","admin_state_up":true,"revision_number":2,"ipv4_address_scope":null,"is_default":false,"port_security_enabled":true,"project_id":"087b5e1b5a4e4bf9826bb4b8e7182100","id":"c4b6f6b0-61fc-4189-9af7-603e910853b1","name":"tempest-test-network--96688524"}} _log_request_full /root/.rally/verification/verifier-4b8fc12d-d9db-48b9-8bab-77d209008959/repo/tempest/lib/common/rest_client.py:434
2018-10-31 08:59:36.469 18008 INFO tempest.lib.common.rest_client [req-542f4fdc-c5d2-4809-a5a3-c1ef3c678bb1 ] Request (TrunkTest:test_trunk_subport_lifecycle): 202 POST http://10.167.4.35:8774/v2.1/servers 1.835s
