2018-10-28 23:10:02.302 18009 DEBUG tempest.lib.common.rest_client [req-58f992fc-ec69-4929-9e1b-506b1dfe2b71 ] Request - Headers: {'Content-Type': 'application/json', 'Accept': 'application/json', 'X-Auth-Token': ''} Body: None Response - Headers: {'status': '404', u'content-length': '134', 'content-location': 'http://10.167.4.35:9696/v2.0/trunks/9f1618a7-d298-418e-ad8c-ac5a953258f6/get_subports', u'date': 'Sun, 28 Oct 2018 23:10:02 GMT', u'content-type': 'application/json', u'connection': 'close', u'x-openstack-request-id': 'req-58f992fc-ec69-4929-9e1b-506b1dfe2b71'} Body: {"NeutronError": {"message": "Trunk 9f1618a7-d298-418e-ad8c-ac5a953258f6 could not be found.", "type": "TrunkNotFound", "detail": ""}} _log_request_full /root/.rally/verification/verifier-e9a2f4bb-dac3-443f-81e8-6b8ae08e824d/repo/tempest/lib/common/rest_client.py:434
2018-10-28 23:10:02.328 18009 INFO tempest.lib.common.rest_client [req-e255a859-c3dd-4cdc-b930-c008fc451f8f ] Request (TrunkTestJSON:_run_cleanups): 404 DELETE http://10.167.4.35:9696/v2.0/trunks/9f1618a7-d298-418e-ad8c-ac5a953258f6 0.024s
2018-10-28 23:10:02.328 18009 DEBUG tempest.lib.common.rest_client [req-e255a859-c3dd-4cdc-b930-c008fc451f8f ] Request - Headers: {'Content-Type': 'application/json', 'Accept': 'application/json', 'X-Auth-Token': ''} Body: None Response - Headers: {'status': '404', u'content-length': '134', 'content-location': 'http://10.167.4.35:9696/v2.0/trunks/9f1618a7-d298-418e-ad8c-ac5a953258f6', u'date': 'Sun, 28 Oct 2018 23:10:02 GMT', u'content-type': 'application/json', u'connection': 'close', u'x-openstack-request-id': 'req-e255a859-c3dd-4cdc-b930-c008fc451f8f'} Body: {"NeutronError": {"message": "Trunk 9f1618a7-d298-418e-ad8c-ac5a953258f6 could not be found.", "type": "TrunkNotFound", "detail": ""}} _log_request_full /root/.rally/verification/verifier-e9a2f4bb-dac3-443f-81e8-6b8ae08e824d/repo/tempest/lib/common/rest_client.py:434
2018-10-28 23:10:02.352 18009 INFO tempest.lib.common.rest_client [req-792f894d-c285-4a54-b406-9680ea6efdeb ] Request (TrunkTestJSON:_run_cleanups): 404 GET http://10.167.4.35:9696/v2.0/trunks/8dc74d40-2af9-4bc6-b163-1c60985f5a70/get_subports 0.023s
2018-10-28 23:10:02.353 18009 DEBUG tempest.lib.common.rest_client [req-792f894d-c285-4a54-b406-9680ea6efdeb ] Request - Headers: {'Content-Type': 'application/json', 'Accept': 'application/json', 'X-Auth-Token': ''} Body: None Response - Headers: {'status': '404', u'content-length': '134', 'content-location': 'http://10.167.4.35:9696/v2.0/trunks/8dc74d40-2af9-4bc6-b163-1c60985f5a70/get_subports', u'date': 'Sun, 28 Oct 2018 23:10:02 GMT', u'content-type': 'application/json', u'connection': 'close', u'x-openstack-request-id': 'req-792f894d-c285-4a54-b406-9680ea6efdeb'} Body: {"NeutronError": {"message": "Trunk 8dc74d40-2af9-4bc6-b163-1c60985f5a70 could not be found.", "type": "TrunkNotFound", "detail": ""}} _log_request_full /root/.rally/verification/verifier-e9a2f4bb-dac3-443f-81e8-6b8ae08e824d/repo/tempest/lib/common/rest_client.py:434
2018-10-28 23:10:02.377 18009 INFO tempest.lib.common.rest_client [req-550f7347-a53f-4747-83e9-e686524a1a95 ] Request (TrunkTestJSON:_run_cleanups): 404 DELETE http://10.167.4.35:9696/v2.0/trunks/8dc74d40-2af9-4bc6-b163-1c60985f5a70 0.023s
2018-10-28 23:10:02.377 18009 DEBUG tempest.lib.common.rest_client [req-550f7347-a53f-4747-83e9-e686524a1a95 ] Request - Headers: {'Content-Type': 'application/json', 'Accept': 'application/json', 'X-Auth-Token': ''} Body: None Response - Headers: {'status': '404', u'content-length': '134', 'content-location': 'http://10.167.4.35:9696/v2.0/trunks/8dc74d40-2af9-4bc6-b163-1c60985f5a70', u'date': 'Sun, 28 Oct 2018 23:10:02 GMT', u'content-type': 'application/json', u'connection': 'close', u'x-openstack-request-id': 'req-550f7347-a53f-4747-83e9-e686524a1a95'} Body: {"NeutronError": {"message": "Trunk 8dc74d40-2af9-4bc6-b163-1c60985f5a70 could not be found.", "type": "TrunkNotFound", "detail": ""}} _log_request_full /root/.rally/verification/verifier-e9a2f4bb-dac3-443f-81e8-6b8ae08e824d/repo/tempest/lib/common/rest_client.py:434
2018-10-28 23:10:02.403 18009 INFO tempest.lib.common.rest_client [req-fde9ac3b-1fbc-45ba-b3a5-4933420b9d26 ] Request (TrunkTestJSON:_run_cleanups): 404 GET http://10.167.4.35:9696/v2.0/trunks/5c88b651-c23f-4250-b653-07b9a99d061d/get_subports 0.025s
2018-10-28 23:10:02.403 18009 DEBUG tempest.lib.common.rest_client [req-fde9ac3b-1fbc-45ba-b3a5-4933420b9d26 ] Request - Headers: {'Content-Type': 'application/json', 'Accept': 'application/json', 'X-Auth-Token': ''} Body: None Response - Headers: {'status': '404', u'content-length': '134', 'content-location': 'http://10.167.4.35:9696/v2.0/trunks/5c88b651-c23f-4250-b653-07b9a99d061d/get_subports', u'date': 'Sun, 28 Oct 2018 23:10:02 GMT', u'content-type': 'application/json', u'connection': 'close', u'x-openstack-request-id': 'req-fde9ac3b-1fbc-45ba-b3a5-4933420b9d26'} Body: {"NeutronError": {"message": "Trunk 5c88b651-c23f-4250-b653-07b9a99d061d could not be found.", "type": "TrunkNotFound", "detail": ""}} _log_request_full /root/.rally/verification/verifier-e9a2f4bb-dac3-443f-81e8-6b8ae08e824d/repo/tempest/lib/common/rest_client.py:434
2018-10-28 23:10:02.445 18009 INFO tempest.lib.common.rest_client [req-54984312-d19d-4cc6-9377-9126043eeaf7 ] Request (TrunkTestJSON:_run_cleanups): 404 DELETE http://10.167.4.35:9696/v2.0/trunks/5c88b651-c23f-4250-b653-07b9a99d061d 0.041s
2018-10-28 23:10:02.445 18009 DEBUG tempest.lib.common.rest_client [req-54984312-d19d-4cc6-9377-9126043eeaf7 ] Request - Headers: {'Content-Type': 'application/json', 'Accept': 'application/json', 'X-Auth-Token': ''} Body: None Response - Headers: {'status': '404', u'content-length': '134', 'content-location': 'http://10.167.4.35:9696/v2.0/trunks/5c88b651-c23f-4250-b653-07b9a99d061d', u'date': 'Sun, 28 Oct 2018 23:10:02 GMT', u'content-type': 'application/json', u'connection': 'close', u'x-openstack-request-id': 'req-54984312-d19d-4cc6-9377-9126043eeaf7'} Body: {"NeutronError": {"message": "Trunk 5c88b651-c23f-4250-b653-07b9a99d061d could not be found.", "type": "TrunkNotFound", "detail": ""}} _log_request_full /root/.rally/verification/verifier-e9a2f4bb-dac3-443f-81e8-6b8ae08e824d/repo/tempest/lib/common/rest_client.py:434
2018-10-28 23:10:02.481 18005 INFO tempest.lib.common.rest_client [req-8efd36ee-b375-4112-9c11-08b9eb5f14b7 ] Request (TrunkTestJSON:_run_cleanups): 204 DELETE http://10.167.4.35:9696/v2.0/ports/f5a5cb88-f3ef-416f-b34a-48efedd79fe7 0.718s
2018-10-28 23:10:02.481 18005 DEBUG tempest.lib.common.rest_client [req-8efd36ee-b375-4112-9c11-08b9eb5f14b7 ] Request - Headers: {'Content-Type': 'application/json', 'Accept': 'application/json', 'X-Auth-Token': ''} Body: None Response - Headers: {'status': '204', u'content-length': '0', 'content-location': 'http://10.167.4.35:9696/v2.0/ports/f5a5cb88-f3ef-416f-b34a-48efedd79fe7', u'date': 'Sun, 28 Oct 2018 23:10:02 GMT', u'connection': 'close', u'x-openstack-request-id': 'req-8efd36ee-b375-4112-9c11-08b9eb5f14b7'} Body: _log_request_full /root/.rally/verification/verifier-e9a2f4bb-dac3-443f-81e8-6b8ae08e824d/repo/tempest/lib/common/rest_client.py:434
2018-10-28 23:10:02.492 18009 INFO tempest.lib.common.rest_client [req-2c4c3736-f0cf-40aa-a219-20687ff37a95 ] Request (TrunkTestJSON:_run_cleanups): 200 GET http://10.167.4.35:9696/v2.0/trunks/39eef275-219a-4cfd-9b1a-b7944e13c6e1/get_subports 0.046s
2018-10-28 23:10:02.493 18009 DEBUG tempest.lib.common.rest_client [req-2c4c3736-f0cf-40aa-a219-20687ff37a95 ] Request - Headers: {'Content-Type': 'application/json', 'Accept': 'application/json', 'X-Auth-Token': ''} Body: None Response - Headers: {'status': '200', u'content-length': '17', 'content-location': 'http://10.167.4.35:9696/v2.0/trunks/39eef275-219a-4cfd-9b1a-b7944e13c6e1/get_subports', u'date': 'Sun, 28 Oct 2018 23:10:02 GMT', u'content-type': 'application/json', u'connection': 'close', u'x-openstack-request-id': 'req-2c4c3736-f0cf-40aa-a219-20687ff37a95'} Body: {"sub_ports": []} _log_request_full /root/.rally/verification/verifier-e9a2f4bb-dac3-443f-81e8-6b8ae08e824d/repo/tempest/lib/common/rest_client.py:434
2018-10-28 23:10:02.585 18009 INFO tempest.lib.common.rest_client [req-ae29e10d-0336-4c98-ac20-efa8fd68618e ] Request (TrunkTestJSON:_run_cleanups): 200 PUT http://10.167.4.35:9696/v2.0/trunks/39eef275-219a-4cfd-9b1a-b7944e13c6e1/remove_subports 0.092s
2018-10-28 23:10:02.586 18009 DEBUG tempest.lib.common.rest_client [req-ae29e10d-0336-4c98-ac20-efa8fd68618e ] Request - Headers: {'Content-Type': 'application/json', 'Accept': 'application/json', 'X-Auth-Token': ''} Body: {"sub_ports": []} Response - Headers: {'status': '200', u'content-length': '396', 'content-location': 'http://10.167.4.35:9696/v2.0/trunks/39eef275-219a-4cfd-9b1a-b7944e13c6e1/remove_subports', u'date': 'Sun, 28 Oct 2018 23:10:02 GMT', u'content-type': 'application/json', u'connection': 'close', u'x-openstack-request-id': 'req-ae29e10d-0336-4c98-ac20-efa8fd68618e'} Body: {"status": "DOWN", "sub_ports": [], "name": "", "admin_state_up": true, "tenant_id": "98c7feae185e445b82dc70d74417c52a", "created_at": "2018-10-28T23:10:01Z", "tags": [], "updated_at": "2018-10-28T23:10:02Z", "revision_number": 1, "project_id": "98c7feae185e445b82dc70d74417c52a", "port_id": "9a8801e0-1180-445c-af2c-34de29099bba", "id": "39eef275-219a-4cfd-9b1a-b7944e13c6e1", "description": ""} _log_request_full /root/.rally/verification/verifier-e9a2f4bb-dac3-443f-81e8-6b8ae08e824d/repo/tempest/lib/common/rest_client.py:434
2018-10-28 23:10:02.747 18009 INFO tempest.lib.common.rest_client [req-c35f8b82-fe84-48f0-849b-74e95b44f07e ] Request (TrunkTestJSON:_run_cleanups): 204 DELETE http://10.167.4.35:9696/v2.0/trunks/39eef275-219a-4cfd-9b1a-b7944e13c6e1 0.160s
2018-10-28 23:10:02.747 18009 DEBUG tempest.lib.common.rest_client [req-c35f8b82-fe84-48f0-849b-74e95b44f07e ] Request - Headers: {'Content-Type': 'application/json', 'Accept': 'application/json', 'X-Auth-Token': ''} Body: None Response - Headers: {'status': '204', u'content-length': '0', 'content-location': 'http://10.167.4.35:9696/v2.0/trunks/39eef275-219a-4cfd-9b1a-b7944e13c6e1', u'date': 'Sun, 28 Oct 2018 23:10:02 GMT', u'connection': 'close', u'x-openstack-request-id': 'req-c35f8b82-fe84-48f0-849b-74e95b44f07e'} Body: _log_request_full /root/.rally/verification/verifier-e9a2f4bb-dac3-443f-81e8-6b8ae08e824d/repo/tempest/lib/common/rest_client.py:434
2018-10-28 23:10:02.772 18009 INFO tempest.lib.common.rest_client [req-8e92c4b5-228e-4ca2-9f74-e9d2c19988b7 ] Request (TrunkTestJSON:_run_cleanups): 404 GET http://10.167.4.35:9696/v2.0/trunks/1efa5da4-4134-4f9d-bc87-27ad43c2831d 0.023s
2018-10-28 23:10:02.772 18009 DEBUG tempest.lib.common.rest_client [req-8e92c4b5-228e-4ca2-9f74-e9d2c19988b7 ] Request - Headers: {'Content-Type': 'application/json', 'Accept': 'application/json', 'X-Auth-Token': ''} Body: None Response - Headers: {'status': '404', u'content-length': '134', 'content-location': 'http://10.167.4.35:9696/v2.0/trunks/1efa5da4-4134-4f9d-bc87-27ad43c2831d', u'date': 'Sun, 28 Oct 2018 23:10:02 GMT', u'content-type': 'application/json', u'connection': 'close', u'x-openstack-request-id': 'req-8e92c4b5-228e-4ca2-9f74-e9d2c19988b7'} Body: {"NeutronError": {"message": "Trunk 1efa5da4-4134-4f9d-bc87-27ad43c2831d could not be found.", "type": "TrunkNotFound", "detail": ""}} _log_request_full /root/.rally/verification/verifier-e9a2f4bb-dac3-443f-81e8-6b8ae08e824d/repo/tempest/lib/common/rest_client.py:434
2018-10-28 23:10:02.797 18009 INFO tempest.lib.common.rest_client [req-14e49b6f-bfdb-4401-a512-5930df4f3064 ] Request (TrunkTestJSON:_run_cleanups): 404 GET http://10.167.4.35:9696/v2.0/trunks/b59495d1-4f9e-4b36-9879-9a2daa42f39c 0.024s
2018-10-28 23:10:02.797 18009 DEBUG tempest.lib.common.rest_client [req-14e49b6f-bfdb-4401-a512-5930df4f3064 ] Request - Headers: {'Content-Type': 'application/json', 'Accept': 'application/json', 'X-Auth-Token': ''} Body: None Response - Headers: {'status': '404', u'content-length': '134', 'content-location': 'http://10.167.4.35:9696/v2.0/trunks/b59495d1-4f9e-4b36-9879-9a2daa42f39c', u'date': 'Sun, 28 Oct 2018 23:10:02 GMT', u'content-type': 'application/json', u'connection': 'close', u'x-openstack-request-id': 'req-14e49b6f-bfdb-4401-a512-5930df4f3064'} Body: {"NeutronError": {"message": "Trunk b59495d1-4f9e-4b36-9879-9a2daa42f39c could not be found.", "type": "TrunkNotFound", "detail": ""}} _log_request_full /root/.rally/verification/verifier-e9a2f4bb-dac3-443f-81e8-6b8ae08e824d/repo/tempest/lib/common/rest_client.py:434
2018-10-28 23:10:02.821 18009 INFO tempest.lib.common.rest_client [req-7aedc6a9-1140-4c09-aed6-a55ed7a2e7f0 ] Request (TrunkTestJSON:_run_cleanups): 404 GET http://10.167.4.35:9696/v2.0/trunks/9f1618a7-d298-418e-ad8c-ac5a953258f6 0.023s
2018-10-28 23:10:02.822 18009 DEBUG tempest.lib.common.rest_client [req-7aedc6a9-1140-4c09-aed6-a55ed7a2e7f0 ] Request - Headers: {'Content-Type': 'application/json', 'Accept': 'application/json', 'X-Auth-Token': ''} Body: None Response - Headers: {'status': '404', u'content-length': '134', 'content-location': 'http://10.167.4.35:9696/v2.0/trunks/9f1618a7-d298-418e-ad8c-ac5a953258f6', u'date': 'Sun, 28 Oct 2018 23:10:02 GMT', u'content-type': 'application/json', u'connection': 'close', u'x-openstack-request-id': 'req-7aedc6a9-1140-4c09-aed6-a55ed7a2e7f0'} Body: {"NeutronError": {"message": "Trunk 9f1618a7-d298-418e-ad8c-ac5a953258f6 could not be found.", "type": "TrunkNotFound", "detail": ""}} _log_request_full /root/.rally/verification/verifier-e9a2f4bb-dac3-443f-81e8-6b8ae08e824d/repo/tempest/lib/common/rest_client.py:434
2018-10-28 23:10:02.846 18009 INFO tempest.lib.common.rest_client [req-9f7efd66-9b77-4452-901f-17e450e0f218 ] Request (TrunkTestJSON:_run_cleanups): 404 GET http://10.167.4.35:9696/v2.0/trunks/8dc74d40-2af9-4bc6-b163-1c60985f5a70 0.023s
2018-10-28 23:10:02.846 18009 DEBUG tempest.lib.common.rest_client [req-9f7efd66-9b77-4452-901f-17e450e0f218 ] Request - Headers: {'Content-Type': 'application/json', 'Accept': 'application/json', 'X-Auth-Token': ''} Body: None Response - Headers: {'status': '404', u'content-length': '134', 'content-location': 'http://10.167.4.35:9696/v2.0/trunks/8dc74d40-2af9-4bc6-b163-1c60985f5a70', u'date': 'Sun, 28 Oct 2018 23:10:02 GMT', u'content-type': 'application/json', u'connection': 'close', u'x-openstack-request-id': 'req-9f7efd66-9b77-4452-901f-17e450e0f218'} Body: {"NeutronError": {"message": "Trunk 8dc74d40-2af9-4bc6-b163-1c60985f5a70 could not be found.", "type": "TrunkNotFound", "detail": ""}} _log_request_full /root/.rally/verification/verifier-e9a2f4bb-dac3-443f-81e8-6b8ae08e824d/repo/tempest/lib/common/rest_client.py:434
2018-10-28 23:10:02.871 18009 INFO tempest.lib.common.rest_client [req-4e6639a0-e555-41f0-8604-7a1504041999 ] Request (TrunkTestJSON:_run_cleanups): 404 GET http://10.167.4.35:9696/v2.0/trunks/5c88b651-c23f-4250-b653-07b9a99d061d 0.023s
2018-10-28 23:10:02.871 18009 DEBUG tempest.lib.common.rest_client [req-4e6639a0-e555-41f0-8604-7a1504041999 ] Request - Headers: {'Content-Type': 'application/json', 'Accept': 'application/json', 'X-Auth-Token': ''} Body: None Response - Headers: {'status': '404', u'content-length': '134', 'content-location': 'http://10.167.4.35:9696/v2.0/trunks/5c88b651-c23f-4250-b653-07b9a99d061d', u'date': 'Sun, 28 Oct 2018 23:10:02 GMT', u'content-type': 'application/json', u'connection': 'close', u'x-openstack-request-id': 'req-4e6639a0-e555-41f0-8604-7a1504041999'} Body: {"NeutronError": {"message": "Trunk 5c88b651-c23f-4250-b653-07b9a99d061d could not be found.", "type": "TrunkNotFound", "detail": ""}} _log_request_full /root/.rally/verification/verifier-e9a2f4bb-dac3-443f-81e8-6b8ae08e824d/repo/tempest/lib/common/rest_client.py:434
2018-10-28 23:10:02.895 18009 INFO tempest.lib.common.rest_client [req-8dadd418-5b63-4cdc-8057-ac0969f5aacc ] Request (TrunkTestJSON:_run_cleanups): 404 GET http://10.167.4.35:9696/v2.0/trunks/39eef275-219a-4cfd-9b1a-b7944e13c6e1 0.023s
2018-10-28 23:10:02.896 18009 DEBUG tempest.lib.common.rest_client [req-8dadd418-5b63-4cdc-8057-ac0969f5aacc ] Request - Headers: {'Content-Type': 'application/json', 'Accept': 'application/json', 'X-Auth-Token': ''} Body: None Response - Headers: {'status': '404', u'content-length': '134', 'content-location': 'http://10.167.4.35:9696/v2.0/trunks/39eef275-219a-4cfd-9b1a-b7944e13c6e1', u'date': 'Sun, 28 Oct 2018 23:10:02 GMT', u'content-type': 'application/json', u'connection': 'close', u'x-openstack-request-id': 'req-8dadd418-5b63-4cdc-8057-ac0969f5aacc'} Body: {"NeutronError": {"message": "Trunk 39eef275-219a-4cfd-9b1a-b7944e13c6e1 could not be found.", "type": "TrunkNotFound", "detail": ""}} _log_request_full /root/.rally/verification/verifier-e9a2f4bb-dac3-443f-81e8-6b8ae08e824d/repo/tempest/lib/common/rest_client.py:434
2018-10-28 23:10:02.953 18009 INFO tempest.lib.common.rest_client [req-25e1e4b5-59e6-4f9e-8719-f77e42842820 ] Request (TrunkTestJSON:_run_cleanups): 404 DELETE http://10.167.4.35:9696/v2.0/ports/8020e93b-6817-47ed-8afd-d1970e320fa8 0.056s
2018-10-28 23:10:02.954 18009 DEBUG tempest.lib.common.rest_client [req-25e1e4b5-59e6-4f9e-8719-f77e42842820 ] Request - Headers: {'Content-Type': 'application/json', 'Accept': 'application/json', 'X-Auth-Token': ''} Body: None Response - Headers: {'status': '404', u'content-length': '132', 'content-location': 'http://10.167.4.35:9696/v2.0/ports/8020e93b-6817-47ed-8afd-d1970e320fa8', u'date': 'Sun, 28 Oct 2018 23:10:02 GMT', u'content-type': 'application/json', u'connection': 'close', u'x-openstack-request-id': 'req-25e1e4b5-59e6-4f9e-8719-f77e42842820'} Body: {"NeutronError": {"message": "Port 8020e93b-6817-47ed-8afd-d1970e320fa8 could not be found.", "type": "PortNotFound", "detail": ""}} _log_request_full /root/.rally/verification/verifier-e9a2f4bb-dac3-443f-81e8-6b8ae08e824d/repo/tempest/lib/common/rest_client.py:434
2018-10-28 23:10:03.006 18009 INFO tempest.lib.common.rest_client [req-7d579539-96ce-4cf2-a7ec-b1f1af8a7efd ] Request (TrunkTestJSON:_run_cleanups): 404 DELETE http://10.167.4.35:9696/v2.0/ports/b4a3418c-be5b-458c-b412-1791a6e29d83 0.051s
2018-10-28 23:10:03.007 18009 DEBUG tempest.lib.common.rest_client [req-7d579539-96ce-4cf2-a7ec-b1f1af8a7efd ] Request - Headers: {'Content-Type': 'application/json', 'Accept': 'application/json', 'X-Auth-Token': ''} Body: None Response - Headers: {'status': '404', u'content-length': '132', 'content-location': 'http://10.167.4.35:9696/v2.0/ports/b4a3418c-be5b-458c-b412-1791a6e29d83', u'date': 'Sun, 28 Oct 2018 23:10:03 GMT', u'content-type': 'application/json', u'connection': 'close', u'x-openstack-request-id': 'req-7d579539-96ce-4cf2-a7ec-b1f1af8a7efd'} Body: {"NeutronError": {"message": "Port b4a3418c-be5b-458c-b412-1791a6e29d83 could not be found.", "type": "PortNotFound", "detail": ""}} _log_request_full /root/.rally/verification/verifier-e9a2f4bb-dac3-443f-81e8-6b8ae08e824d/repo/tempest/lib/common/rest_client.py:434
2018-10-28 23:10:03.017 18005 INFO tempest.lib.common.rest_client [req-dfcbb823-fcdc-4f20-ad87-706eaa1a92fa ] Request (TrunkTestJSON:_run_cleanups): 204 DELETE http://10.167.4.35:9696/v2.0/ports/a845d254-3b3b-4287-97e4-13df7a11fb88 0.534s
2018-10-28 23:10:03.017 18005 DEBUG tempest.lib.common.rest_client [req-dfcbb823-fcdc-4f20-ad87-706eaa1a92fa ] Request - Headers: {'Content-Type': 'application/json', 'Accept': 'application/json', 'X-Auth-Token': ''} Body: None Response - Headers: {'status': '204', u'content-length': '0', 'content-location': 'http://10.167.4.35:9696/v2.0/ports/a845d254-3b3b-4287-97e4-13df7a11fb88', u'date': 'Sun, 28 Oct 2018 23:10:03 GMT', u'connection': 'close', u'x-openstack-request-id': 'req-dfcbb823-fcdc-4f20-ad87-706eaa1a92fa'} Body: _log_request_full /root/.rally/verification/verifier-e9a2f4bb-dac3-443f-81e8-6b8ae08e824d/repo/tempest/lib/common/rest_client.py:434
2018-10-28 23:10:03.054 18005 INFO tempest.lib.common.rest_client [req-5ab67e92-de30-47a1-b362-08b61c462eef ] Request (TrunkTestJSON:_run_cleanups): 404 DELETE http://10.167.4.35:9696/v2.0/networks/a431c36b-0fbd-41ec-8853-c7cbe05e00b9 0.036s
2018-10-28 23:10:03.054 18009 INFO tempest.lib.common.rest_client [req-671623f6-2730-498c-8d78-e9b6e7a8a001 ] Request (TrunkTestJSON:_run_cleanups): 404 DELETE http://10.167.4.35:9696/v2.0/ports/70097ea9-f2bd-40cf-869e-928e0c83ec02 0.046s
2018-10-28 23:10:03.054 18005 DEBUG tempest.lib.common.rest_client [req-5ab67e92-de30-47a1-b362-08b61c462eef ] Request - Headers: {'Content-Type': 'application/json', 'Accept': 'application/json', 'X-Auth-Token': ''} Body: None Response - Headers: {'status': '404', u'content-length': '138', 'content-location': 'http://10.167.4.35:9696/v2.0/networks/a431c36b-0fbd-41ec-8853-c7cbe05e00b9', u'date': 'Sun, 28 Oct 2018 23:10:03 GMT', u'content-type': 'application/json', u'connection': 'close', u'x-openstack-request-id': 'req-5ab67e92-de30-47a1-b362-08b61c462eef'} Body: {"NeutronError": {"message": "Network a431c36b-0fbd-41ec-8853-c7cbe05e00b9 could not be found.", "type": "NetworkNotFound", "detail": ""}} _log_request_full /root/.rally/verification/verifier-e9a2f4bb-dac3-443f-81e8-6b8ae08e824d/repo/tempest/lib/common/rest_client.py:434
2018-10-28 23:10:03.054 18009 DEBUG tempest.lib.common.rest_client [req-671623f6-2730-498c-8d78-e9b6e7a8a001 ] Request - Headers: {'Content-Type': 'application/json', 'Accept': 'application/json', 'X-Auth-Token': ''} Body: None Response - Headers: {'status': '404', u'content-length': '132', 'content-location': 'http://10.167.4.35:9696/v2.0/ports/70097ea9-f2bd-40cf-869e-928e0c83ec02', u'date': 'Sun, 28 Oct 2018 23:10:03 GMT', u'content-type': 'application/json', u'connection': 'close', u'x-openstack-request-id': 'req-671623f6-2730-498c-8d78-e9b6e7a8a001'} Body: {"NeutronError": {"message": "Port 70097ea9-f2bd-40cf-869e-928e0c83ec02 could not be found.", "type": "PortNotFound", "detail": ""}} _log_request_full /root/.rally/verification/verifier-e9a2f4bb-dac3-443f-81e8-6b8ae08e824d/repo/tempest/lib/common/rest_client.py:434
2018-10-28 23:10:03.097 18005 INFO tempest.lib.common.rest_client [req-fafc3268-1a25-4577-8cba-816dab77fb09 ] Request (TrunkTestJSON:_run_cleanups): 404 DELETE http://10.167.4.35:9696/v2.0/networks/97c38a2d-eca3-437b-9ab1-493628b5c533 0.042s
2018-10-28 23:10:03.098 18005 DEBUG tempest.lib.common.rest_client [req-fafc3268-1a25-4577-8cba-816dab77fb09 ] Request - Headers: {'Content-Type': 'application/json', 'Accept': 'application/json', 'X-Auth-Token': ''} Body: None Response - Headers: {'status': '404', u'content-length': '138', 'content-location': 'http://10.167.4.35:9696/v2.0/networks/97c38a2d-eca3-437b-9ab1-493628b5c533', u'date': 'Sun, 28 Oct 2018 23:10:03 GMT', u'content-type': 'application/json', u'connection': 'close', u'x-openstack-request-id': 'req-fafc3268-1a25-4577-8cba-816dab77fb09'} Body: {"NeutronError": {"message": "Network 97c38a2d-eca3-437b-9ab1-493628b5c533 could not be found.", "type": "NetworkNotFound", "detail": ""}} _log_request_full /root/.rally/verification/verifier-e9a2f4bb-dac3-443f-81e8-6b8ae08e824d/repo/tempest/lib/common/rest_client.py:434
2018-10-28 23:10:03.107 18009 INFO tempest.lib.common.rest_client [req-0caffaac-f425-43fd-831d-1d0bdd1c9ba0 ] Request (TrunkTestJSON:_run_cleanups): 404 DELETE http://10.167.4.35:9696/v2.0/ports/e472c8e3-31b4-4200-b47b-867d30c2c189 0.051s
2018-10-28 23:10:03.107 18009 DEBUG tempest.lib.common.rest_client [req-0caffaac-f425-43fd-831d-1d0bdd1c9ba0 ] Request - Headers: {'Content-Type': 'application/json', 'Accept': 'application/json', 'X-Auth-Token': ''} Body: None Response - Headers: {'status': '404', u'content-length': '132', 'content-location': 'http://10.167.4.35:9696/v2.0/ports/e472c8e3-31b4-4200-b47b-867d30c2c189', u'date': 'Sun, 28 Oct 2018 23:10:03 GMT', u'content-type': 'application/json', u'connection': 'close', u'x-openstack-request-id': 'req-0caffaac-f425-43fd-831d-1d0bdd1c9ba0'} Body: {"NeutronError": {"message": "Port e472c8e3-31b4-4200-b47b-867d30c2c189 could not be found.", "type": "PortNotFound", "detail": ""}} _log_request_full /root/.rally/verification/verifier-e9a2f4bb-dac3-443f-81e8-6b8ae08e824d/repo/tempest/lib/common/rest_client.py:434
2018-10-28 23:10:03.149 18005 INFO tempest.lib.common.rest_client [req-5216ecfe-ebe7-4ae2-b721-bbcad047da4d ] Request (TrunkTestJSON:_run_cleanups): 404 DELETE http://10.167.4.35:9696/v2.0/networks/ae07b2e1-7ee7-4857-ac84-a8d089f232d4 0.050s
2018-10-28 23:10:03.149 18005 DEBUG tempest.lib.common.rest_client [req-5216ecfe-ebe7-4ae2-b721-bbcad047da4d ] Request - Headers: {'Content-Type': 'application/json', 'Accept': 'application/json', 'X-Auth-Token': ''} Body: None Response - Headers: {'status': '404', u'content-length': '138', 'content-location': 'http://10.167.4.35:9696/v2.0/networks/ae07b2e1-7ee7-4857-ac84-a8d089f232d4', u'date': 'Sun, 28 Oct 2018 23:10:03 GMT', u'content-type': 'application/json', u'connection': 'close', u'x-openstack-request-id': 'req-5216ecfe-ebe7-4ae2-b721-bbcad047da4d'} Body: {"NeutronError": {"message": "Network ae07b2e1-7ee7-4857-ac84-a8d089f232d4 could not be found.", "type": "NetworkNotFound", "detail": ""}} _log_request_full /root/.rally/verification/verifier-e9a2f4bb-dac3-443f-81e8-6b8ae08e824d/repo/tempest/lib/common/rest_client.py:434
2018-10-28 23:10:03.154 18009 INFO tempest.lib.common.rest_client [req-664796b3-6d2d-48cf-b5ec-817208af80f2 ] Request (TrunkTestJSON:_run_cleanups): 404 DELETE http://10.167.4.35:9696/v2.0/ports/7a64901a-0511-477a-8812-c82e554d767a 0.046s
2018-10-28 23:10:03.155 18009 DEBUG tempest.lib.common.rest_client [req-664796b3-6d2d-48cf-b5ec-817208af80f2 ] Request - Headers: {'Content-Type': 'application/json', 'Accept': 'application/json', 'X-Auth-Token': ''} Body: None Response - Headers: {'status': '404', u'content-length': '132', 'content-location': 'http://10.167.4.35:9696/v2.0/ports/7a64901a-0511-477a-8812-c82e554d767a', u'date': 'Sun, 28 Oct 2018 23:10:03 GMT', u'content-type': 'application/json', u'connection': 'close', u'x-openstack-request-id': 'req-664796b3-6d2d-48cf-b5ec-817208af80f2'} Body: {"NeutronError": {"message": "Port 7a64901a-0511-477a-8812-c82e554d767a could not be found.", "type": "PortNotFound", "detail": ""}} _log_request_full /root/.rally/verification/verifier-e9a2f4bb-dac3-443f-81e8-6b8ae08e824d/repo/tempest/lib/common/rest_client.py:434
2018-10-28 23:10:03.187 18005 INFO tempest.lib.common.rest_client [req-9084c561-fd0c-4c48-96f1-446143ab5c63 ] Request (TrunkTestJSON:_run_cleanups): 404 DELETE http://10.167.4.35:9696/v2.0/networks/6300834e-031e-403f-b5d0-faeb334ce304 0.037s
2018-10-28 23:10:03.188 18005 DEBUG tempest.lib.common.rest_client [req-9084c561-fd0c-4c48-96f1-446143ab5c63 ] Request - Headers: {'Content-Type': 'application/json', 'Accept': 'application/json', 'X-Auth-Token': ''} Body: None Response - Headers: {'status': '404', u'content-length': '138', 'content-location': 'http://10.167.4.35:9696/v2.0/networks/6300834e-031e-403f-b5d0-faeb334ce304', u'date': 'Sun, 28 Oct 2018 23:10:03 GMT', u'content-type': 'application/json', u'connection': 'close', u'x-openstack-request-id': 'req-9084c561-fd0c-4c48-96f1-446143ab5c63'} Body: {"NeutronError": {"message": "Network 6300834e-031e-403f-b5d0-faeb334ce304 could not be found.", "type": "NetworkNotFound", "detail": ""}} _log_request_full /root/.rally/verification/verifier-e9a2f4bb-dac3-443f-81e8-6b8ae08e824d/repo/tempest/lib/common/rest_client.py:434
2018-10-28 23:10:03.209 18009 INFO tempest.lib.common.rest_client [req-b98d369a-5c48-4151-91e7-ed41e28b48e2 ] Request (TrunkTestJSON:_run_cleanups): 404 DELETE http://10.167.4.35:9696/v2.0/ports/93f88fbf-c3ce-450f-bdd9-e23656d22a1e 0.053s
2018-10-28 23:10:03.209 18009 DEBUG tempest.lib.common.rest_client [req-b98d369a-5c48-4151-91e7-ed41e28b48e2 ] Request - Headers: {'Content-Type': 'application/json', 'Accept': 'application/json', 'X-Auth-Token': ''} Body: None Response - Headers: {'status': '404', u'content-length': '132', 'content-location': 'http://10.167.4.35:9696/v2.0/ports/93f88fbf-c3ce-450f-bdd9-e23656d22a1e', u'date': 'Sun, 28 Oct 2018 23:10:03 GMT', u'content-type': 'application/json', u'connection': 'close', u'x-openstack-request-id': 'req-b98d369a-5c48-4151-91e7-ed41e28b48e2'} Body: {"NeutronError": {"message": "Port 93f88fbf-c3ce-450f-bdd9-e23656d22a1e could not be found.", "type": "PortNotFound", "detail": ""}} _log_request_full /root/.rally/verification/verifier-e9a2f4bb-dac3-443f-81e8-6b8ae08e824d/repo/tempest/lib/common/rest_client.py:434
2018-10-28 23:10:03.238 18005 INFO tempest.lib.common.rest_client [req-5f15df50-6114-4fb4-b98a-0daa149fa8ee ] Request (TrunkTestJSON:_run_cleanups): 404 DELETE http://10.167.4.35:9696/v2.0/networks/b5d1d120-2e3f-46fd-9359-f3a92b2d181a 0.049s
2018-10-28 23:10:03.238 18005 DEBUG tempest.lib.common.rest_client [req-5f15df50-6114-4fb4-b98a-0daa149fa8ee ] Request - Headers: {'Content-Type': 'application/json', 'Accept': 'application/json', 'X-Auth-Token': ''} Body: None Response - Headers: {'status': '404', u'content-length': '138', 'content-location': 'http://10.167.4.35:9696/v2.0/networks/b5d1d120-2e3f-46fd-9359-f3a92b2d181a', u'date': 'Sun, 28 Oct 2018 23:10:03 GMT', u'content-type': 'application/json', u'connection': 'close', u'x-openstack-request-id': 'req-5f15df50-6114-4fb4-b98a-0daa149fa8ee'} Body: {"NeutronError": {"message": "Network b5d1d120-2e3f-46fd-9359-f3a92b2d181a could not be found.", "type": "NetworkNotFound", "detail": ""}} _log_request_full /root/.rally/verification/verifier-e9a2f4bb-dac3-443f-81e8-6b8ae08e824d/repo/tempest/lib/common/rest_client.py:434
2018-10-28 23:10:03.271 18009 INFO tempest.lib.common.rest_client [req-2f61170f-5054-4533-b91b-5dc984b710a2 ] Request (TrunkTestJSON:_run_cleanups): 404 DELETE http://10.167.4.35:9696/v2.0/ports/cf37b421-8515-4917-ad07-1deabada554b 0.060s
2018-10-28 23:10:03.271 18009 DEBUG tempest.lib.common.rest_client [req-2f61170f-5054-4533-b91b-5dc984b710a2 ] Request - Headers: {'Content-Type': 'application/json', 'Accept': 'application/json', 'X-Auth-Token': ''} Body: None Response - Headers: {'status': '404', u'content-length': '132', 'content-location': 'http://10.167.4.35:9696/v2.0/ports/cf37b421-8515-4917-ad07-1deabada554b', u'date': 'Sun, 28 Oct 2018 23:10:03 GMT', u'content-type': 'application/json', u'connection': 'close', u'x-openstack-request-id': 'req-2f61170f-5054-4533-b91b-5dc984b710a2'} Body: {"NeutronError": {"message": "Port cf37b421-8515-4917-ad07-1deabada554b could not be found.", "type": "PortNotFound", "detail": ""}} _log_request_full /root/.rally/verification/verifier-e9a2f4bb-dac3-443f-81e8-6b8ae08e824d/repo/tempest/lib/common/rest_client.py:434
2018-10-28 23:10:03.297 18005 INFO tempest.lib.common.rest_client [req-1748fda0-7891-4a28-9438-4d697149b7b8 ] Request (TrunkTestJSON:_run_cleanups): 404 DELETE http://10.167.4.35:9696/v2.0/networks/cf5719f5-4cb2-411b-8ff8-6ee118aa8363 0.058s
2018-10-28 23:10:03.297 18005 DEBUG tempest.lib.common.rest_client [req-1748fda0-7891-4a28-9438-4d697149b7b8 ] Request - Headers: {'Content-Type': 'application/json', 'Accept': 'application/json', 'X-Auth-Token': ''} Body: None Response - Headers: {'status': '404', u'content-length': '138', 'content-location': 'http://10.167.4.35:9696/v2.0/networks/cf5719f5-4cb2-411b-8ff8-6ee118aa8363', u'date': 'Sun, 28 Oct 2018 23:10:03 GMT', u'content-type': 'application/json', u'connection': 'close', u'x-openstack-request-id': 'req-1748fda0-7891-4a28-9438-4d697149b7b8'} Body: {"NeutronError": {"message": "Network cf5719f5-4cb2-411b-8ff8-6ee118aa8363 could not be found.", "type": "NetworkNotFound", "detail": ""}} _log_request_full /root/.rally/verification/verifier-e9a2f4bb-dac3-443f-81e8-6b8ae08e824d/repo/tempest/lib/common/rest_client.py:434
2018-10-28 23:10:03.318 18009 INFO tempest.lib.common.rest_client [req-66139ee8-246d-411f-9f34-e218f26b382c ] Request (TrunkTestJSON:_run_cleanups): 404 DELETE http://10.167.4.35:9696/v2.0/ports/c0a9686d-94ec-43f7-ac0a-ec3b2e880fd9 0.046s
2018-10-28 23:10:03.318 18009 DEBUG tempest.lib.common.rest_client [req-66139ee8-246d-411f-9f34-e218f26b382c ] Request - Headers: {'Content-Type': 'application/json', 'Accept': 'application/json', 'X-Auth-Token': ''} Body: None Response - Headers: {'status': '404', u'content-length': '132', 'content-location': 'http://10.167.4.35:9696/v2.0/ports/c0a9686d-94ec-43f7-ac0a-ec3b2e880fd9', u'date': 'Sun, 28 Oct 2018 23:10:03 GMT', u'content-type': 'application/json', u'connection': 'close', u'x-openstack-request-id': 'req-66139ee8-246d-411f-9f34-e218f26b382c'} Body: {"NeutronError": {"message": "Port c0a9686d-94ec-43f7-ac0a-ec3b2e880fd9 could not be found.", "type": "PortNotFound", "detail": ""}} _log_request_full /root/.rally/verification/verifier-e9a2f4bb-dac3-443f-81e8-6b8ae08e824d/repo/tempest/lib/common/rest_client.py:434
2018-10-28 23:10:03.338 18005 INFO tempest.lib.common.rest_client [req-96d107b7-207c-4d12-8c24-d6040b5b5f90 ] Request (TrunkTestJSON:_run_cleanups): 404 DELETE http://10.167.4.35:9696/v2.0/networks/39feb9bd-407d-43ac-a6e8-492f96457a0b 0.040s
2018-10-28 23:10:03.339 18005 DEBUG tempest.lib.common.rest_client [req-96d107b7-207c-4d12-8c24-d6040b5b5f90 ] Request - Headers: {'Content-Type': 'application/json', 'Accept': 'application/json', 'X-Auth-Token': ''} Body: None Response - Headers: {'status': '404', u'content-length': '138', 'content-location': 'http://10.167.4.35:9696/v2.0/networks/39feb9bd-407d-43ac-a6e8-492f96457a0b', u'date': 'Sun, 28 Oct 2018 23:10:03 GMT', u'content-type': 'application/json', u'connection': 'close', u'x-openstack-request-id': 'req-96d107b7-207c-4d12-8c24-d6040b5b5f90'} Body: {"NeutronError": {"message": "Network 39feb9bd-407d-43ac-a6e8-492f96457a0b could not be found.", "type": "NetworkNotFound", "detail": ""}} _log_request_full /root/.rally/verification/verifier-e9a2f4bb-dac3-443f-81e8-6b8ae08e824d/repo/tempest/lib/common/rest_client.py:434
2018-10-28 23:10:03.878 18009 INFO tempest.lib.common.rest_client [req-0ffc78cf-2ca0-4a12-9815-1c82482006db ] Request (TrunkTestJSON:_run_cleanups): 204 DELETE http://10.167.4.35:9696/v2.0/ports/9a8801e0-1180-445c-af2c-34de29099bba 0.559s
2018-10-28 23:10:03.879 18009 DEBUG tempest.lib.common.rest_client [req-0ffc78cf-2ca0-4a12-9815-1c82482006db ] Request - Headers: {'Content-Type': 'application/json', 'Accept': 'application/json', 'X-Auth-Token': ''} Body: None Response - Headers: {'status': '204', u'content-length': '0', 'content-location': 'http://10.167.4.35:9696/v2.0/ports/9a8801e0-1180-445c-af2c-34de29099bba', u'date': 'Sun, 28 Oct 2018 23:10:03 GMT', u'connection': 'close', u'x-openstack-request-id': 'req-0ffc78cf-2ca0-4a12-9815-1c82482006db'} Body: _log_request_full /root/.rally/verification/verifier-e9a2f4bb-dac3-443f-81e8-6b8ae08e824d/repo/tempest/lib/common/rest_client.py:434
2018-10-28 23:10:03.926 18009 INFO tempest.lib.common.rest_client [req-56438cf7-50b9-4cd7-9fba-369572fe3c88 ] Request (TrunkTestJSON:_run_cleanups): 404 DELETE http://10.167.4.35:9696/v2.0/networks/4efafe64-235e-4451-bbc4-c80f9015fc4e 0.046s
2018-10-28 23:10:03.926 18009 DEBUG tempest.lib.common.rest_client [req-56438cf7-50b9-4cd7-9fba-369572fe3c88 ] Request - Headers: {'Content-Type': 'application/json', 'Accept': 'application/json', 'X-Auth-Token': ''} Body: None Response - Headers: {'status': '404', u'content-length': '138', 'content-location': 'http://10.167.4.35:9696/v2.0/networks/4efafe64-235e-4451-bbc4-c80f9015fc4e', u'date': 'Sun, 28 Oct 2018 23:10:03 GMT', u'content-type': 'application/json', u'connection': 'close', u'x-openstack-request-id': 'req-56438cf7-50b9-4cd7-9fba-369572fe3c88'} Body: {"NeutronError": {"message": "Network 4efafe64-235e-4451-bbc4-c80f9015fc4e could not be found.", "type": "NetworkNotFound", "detail": ""}} _log_request_full /root/.rally/verification/verifier-e9a2f4bb-dac3-443f-81e8-6b8ae08e824d/repo/tempest/lib/common/rest_client.py:434
2018-10-28 23:10:03.979 18009 INFO tempest.lib.common.rest_client [req-f5c9ea5e-6ecd-4978-afea-571d2dd477b9 ] Request (TrunkTestJSON:_run_cleanups): 404 DELETE http://10.167.4.35:9696/v2.0/networks/0c757fca-b34f-4e58-9d8e-8f0d90bdda88 0.052s
2018-10-28 23:10:03.980 18009 DEBUG tempest.lib.common.rest_client [req-f5c9ea5e-6ecd-4978-afea-571d2dd477b9 ] Request - Headers: {'Content-Type': 'application/json', 'Accept': 'application/json', 'X-Auth-Token': ''} Body: None Response - Headers: {'status': '404', u'content-length': '138', 'content-location': 'http://10.167.4.35:9696/v2.0/networks/0c757fca-b34f-4e58-9d8e-8f0d90bdda88', u'date': 'Sun, 28 Oct 2018 23:10:03 GMT', u'content-type': 'application/json', u'connection': 'close', u'x-openstack-request-id': 'req-f5c9ea5e-6ecd-4978-afea-571d2dd477b9'} Body: {"NeutronError": {"message": "Network 0c757fca-b34f-4e58-9d8e-8f0d90bdda88 could not be found.", "type": "NetworkNotFound", "detail": ""}} _log_request_full /root/.rally/verification/verifier-e9a2f4bb-dac3-443f-81e8-6b8ae08e824d/repo/tempest/lib/common/rest_client.py:434
2018-10-28 23:10:04.025 18009 INFO tempest.lib.common.rest_client [req-51237ef2-1f8a-4499-a53c-abfb9b6b2acd ] Request (TrunkTestJSON:_run_cleanups): 404 DELETE http://10.167.4.35:9696/v2.0/networks/22212966-8b66-4f59-97db-e1a540951cf1 0.044s
2018-10-28 23:10:04.025 18009 DEBUG tempest.lib.common.rest_client [req-51237ef2-1f8a-4499-a53c-abfb9b6b2acd ] Request - Headers: {'Content-Type': 'application/json', 'Accept': 'application/json', 'X-Auth-Token': ''} Body: None Response - Headers: {'status': '404', u'content-length': '138', 'content-location': 'http://10.167.4.35:9696/v2.0/networks/22212966-8b66-4f59-97db-e1a540951cf1', u'date': 'Sun, 28 Oct 2018 23:10:04 GMT', u'content-type': 'application/json', u'connection': 'close', u'x-openstack-request-id': 'req-51237ef2-1f8a-4499-a53c-abfb9b6b2acd'} Body: {"NeutronError": {"message": "Network 22212966-8b66-4f59-97db-e1a540951cf1 could not be found.", "type": "NetworkNotFound", "detail": ""}} _log_request_full /root/.rally/verification/verifier-e9a2f4bb-dac3-443f-81e8-6b8ae08e824d/repo/tempest/lib/common/rest_client.py:434
2018-10-28 23:10:04.061 18009 INFO tempest.lib.common.rest_client [req-14f99846-76c2-4f32-acba-e0aedce9fd21 ] Request (TrunkTestJSON:_run_cleanups): 404 DELETE http://10.167.4.35:9696/v2.0/networks/f2f674b0-7d76-4c4e-9c08-88333840fd80 0.035s
2018-10-28 23:10:04.062 18009 DEBUG tempest.lib.common.rest_client [req-14f99846-76c2-4f32-acba-e0aedce9fd21 ] Request - Headers: {'Content-Type': 'application/json', 'Accept': 'application/json', 'X-Auth-Token': ''} Body: None Response - Headers: {'status': '404', u'content-length': '138', 'content-location': 'http://10.167.4.35:9696/v2.0/networks/f2f674b0-7d76-4c4e-9c08-88333840fd80', u'date': 'Sun, 28 Oct 2018 23:10:04 GMT', u'content-type': 'application/json', u'connection': 'close', u'x-openstack-request-id': 'req-14f99846-76c2-4f32-acba-e0aedce9fd21'} Body: {"NeutronError": {"message": "Network f2f674b0-7d76-4c4e-9c08-88333840fd80 could not be found.", "type": "NetworkNotFound", "detail": ""}} _log_request_full /root/.rally/verification/verifier-e9a2f4bb-dac3-443f-81e8-6b8ae08e824d/repo/tempest/lib/common/rest_client.py:434
2018-10-28 23:10:04.097 18009 INFO tempest.lib.common.rest_client [req-ca78bf33-7bf0-4778-9151-bfcec9d1e27c ] Request (TrunkTestJSON:_run_cleanups): 404 DELETE http://10.167.4.35:9696/v2.0/networks/81874bd9-a84e-4625-b77b-5539a53d8058 0.035s
2018-10-28 23:10:04.097 18009 DEBUG tempest.lib.common.rest_client [req-ca78bf33-7bf0-4778-9151-bfcec9d1e27c ] Request - Headers: {'Content-Type': 'application/json', 'Accept': 'application/json', 'X-Auth-Token': ''} Body: None Response - Headers: {'status': '404', u'content-length': '138', 'content-location': 'http://10.167.4.35:9696/v2.0/networks/81874bd9-a84e-4625-b77b-5539a53d8058', u'date': 'Sun, 28 Oct 2018 23:10:04 GMT', u'content-type': 'application/json', u'connection': 'close', u'x-openstack-request-id': 'req-ca78bf33-7bf0-4778-9151-bfcec9d1e27c'} Body: {"NeutronError": {"message": "Network 81874bd9-a84e-4625-b77b-5539a53d8058 could not be found.", "type": "NetworkNotFound", "detail": ""}} _log_request_full /root/.rally/verification/verifier-e9a2f4bb-dac3-443f-81e8-6b8ae08e824d/repo/tempest/lib/common/rest_client.py:434
2018-10-28 23:10:04.145 18009 INFO tempest.lib.common.rest_client [req-538cfca3-9b1a-4b40-818f-1c1afca3d066 ] Request (TrunkTestJSON:_run_cleanups): 404 DELETE http://10.167.4.35:9696/v2.0/networks/4407f674-cfae-4760-92fd-f29674119937 0.046s
2018-10-28 23:10:04.145 18009 DEBUG tempest.lib.common.rest_client [req-538cfca3-9b1a-4b40-818f-1c1afca3d066 ] Request - Headers: {'Content-Type': 'application/json', 'Accept': 'application/json', 'X-Auth-Token': ''} Body: None Response - Headers: {'status': '404', u'content-length': '138', 'content-location': 'http://10.167.4.35:9696/v2.0/networks/4407f674-cfae-4760-92fd-f29674119937', u'date': 'Sun, 28 Oct 2018 23:10:04 GMT', u'content-type': 'application/json', u'connection': 'close', u'x-openstack-request-id': 'req-538cfca3-9b1a-4b40-818f-1c1afca3d066'} Body: {"NeutronError": {"message": "Network 4407f674-cfae-4760-92fd-f29674119937 could not be found.", "type": "NetworkNotFound", "detail": ""}} _log_request_full /root/.rally/verification/verifier-e9a2f4bb-dac3-443f-81e8-6b8ae08e824d/repo/tempest/lib/common/rest_client.py:434
2018-10-28 23:10:04.181 18009 INFO tempest.lib.common.rest_client [req-1f75ed3a-9aac-4e01-84ca-1ae4cbd161d7 ] Request (TrunkTestJSON:_run_cleanups): 404 DELETE http://10.167.4.35:9696/v2.0/networks/3ebc68bc-5ac3-4344-af26-498e7d8c46ed 0.034s
2018-10-28 23:10:04.181 18009 DEBUG tempest.lib.common.rest_client [req-1f75ed3a-9aac-4e01-84ca-1ae4cbd161d7 ] Request - Headers: {'Content-Type': 'application/json', 'Accept': 'application/json', 'X-Auth-Token': ''} Body: None Response - Headers: {'status': '404', u'content-length': '138', 'content-location': 'http://10.167.4.35:9696/v2.0/networks/3ebc68bc-5ac3-4344-af26-498e7d8c46ed', u'date': 'Sun, 28 Oct 2018 23:10:04 GMT', u'content-type': 'application/json', u'connection': 'close', u'x-openstack-request-id': 'req-1f75ed3a-9aac-4e01-84ca-1ae4cbd161d7'} Body: {"NeutronError": {"message": "Network 3ebc68bc-5ac3-4344-af26-498e7d8c46ed could not be found.", "type": "NetworkNotFound", "detail": ""}} _log_request_full /root/.rally/verification/verifier-e9a2f4bb-dac3-443f-81e8-6b8ae08e824d/repo/tempest/lib/common/rest_client.py:434
2018-10-28 23:10:04.357 18005 INFO tempest.lib.common.rest_client [req-8bbcec08-f231-43f2-bd59-2c40b9e8c1ab ] Request (TrunkTestJSON:_run_cleanups): 204 DELETE http://10.167.4.35:9696/v2.0/networks/83cea011-8702-4e29-8c5c-74e0e57c1589 1.017s
2018-10-28 23:10:04.357 18005 DEBUG tempest.lib.common.rest_client [req-8bbcec08-f231-43f2-bd59-2c40b9e8c1ab ] Request - Headers: {'Content-Type': 'application/json', 'Accept': 'application/json', 'X-Auth-Token': ''} Body: None Response - Headers: {'status': '204', u'content-length': '0', 'content-location': 'http://10.167.4.35:9696/v2.0/networks/83cea011-8702-4e29-8c5c-74e0e57c1589', u'date': 'Sun, 28 Oct 2018 23:10:04 GMT', u'connection': 'close', u'x-openstack-request-id': 'req-8bbcec08-f231-43f2-bd59-2c40b9e8c1ab'} Body: _log_request_full /root/.rally/verification/verifier-e9a2f4bb-dac3-443f-81e8-6b8ae08e824d/repo/tempest/lib/common/rest_client.py:434
2018-10-28 23:10:04.567 18006 WARNING tempest.lib.common.ssh [-] Failed to establish authenticated ssh connection to cirros@172.30.10.133 ([Errno None] Unable to connect to port 22 on 172.30.10.133). Number attempts: 2. Retry after 3 seconds.: NoValidConnectionsError: [Errno None] Unable to connect to port 22 on 172.30.10.133
2018-10-28 23:10:05.177 18005 INFO tempest.lib.common.rest_client [req-4528a915-ce72-474f-a3ec-e78dcec85e25 ] Request (TrunkTestJSON:_run_cleanups): 204 DELETE http://10.167.4.35:9696/v2.0/networks/4a507471-e3e9-456d-a4d4-61179cbe7326 0.819s
2018-10-28 23:10:05.178 18005 DEBUG tempest.lib.common.rest_client [req-4528a915-ce72-474f-a3ec-e78dcec85e25 ] Request - Headers: {'Content-Type': 'application/json', 'Accept': 'application/json', 'X-Auth-Token': ''} Body: None Response - Headers: {'status': '204', u'content-length': '0', 'content-location': 'http://10.167.4.35:9696/v2.0/networks/4a507471-e3e9-456d-a4d4-61179cbe7326', u'date': 'Sun, 28 Oct 2018 23:10:05 GMT', u'connection': 'close', u'x-openstack-request-id': 'req-4528a915-ce72-474f-a3ec-e78dcec85e25'} Body: _log_request_full /root/.rally/verification/verifier-e9a2f4bb-dac3-443f-81e8-6b8ae08e824d/repo/tempest/lib/common/rest_client.py:434
2018-10-28 23:10:05.201 18009 INFO tempest.lib.common.rest_client [req-c43257dd-727a-4cfc-a28e-02f245dedd9f ] Request (TrunkTestJSON:_run_cleanups): 204 DELETE http://10.167.4.35:9696/v2.0/networks/e35bfce3-0bc8-4d7a-b673-ccb417901351 1.018s
2018-10-28 23:10:05.201 18009 DEBUG tempest.lib.common.rest_client [req-c43257dd-727a-4cfc-a28e-02f245dedd9f ] Request - Headers: {'Content-Type': 'application/json', 'Accept': 'application/json', 'X-Auth-Token': ''} Body: None Response - Headers: {'status': '204', u'content-length': '0', 'content-location': 'http://10.167.4.35:9696/v2.0/networks/e35bfce3-0bc8-4d7a-b673-ccb417901351', u'date': 'Sun, 28 Oct 2018 23:10:05 GMT', u'connection': 'close', u'x-openstack-request-id': 'req-c43257dd-727a-4cfc-a28e-02f245dedd9f'} Body: _log_request_full /root/.rally/verification/verifier-e9a2f4bb-dac3-443f-81e8-6b8ae08e824d/repo/tempest/lib/common/rest_client.py:434
2018-10-28 23:10:05.586 18005 INFO tempest.lib.common.rest_client [req-90fcc949-1019-4dd2-b558-926b802e3dfc ] Request (TrunkTestJSON:test_get_subports): 201 POST http://10.167.4.35:9696/v2.0/networks 0.401s
2018-10-28 23:10:05.586 18005 DEBUG tempest.lib.common.rest_client [req-90fcc949-1019-4dd2-b558-926b802e3dfc ] Request - Headers: {'Content-Type': 'application/json', 'Accept': 'application/json', 'X-Auth-Token': ''} Body: {"network": {"name": "tempest-test-network--530656538"}} Response - Headers: {'status': '201', u'content-length': '568', 'content-location': 'http://10.167.4.35:9696/v2.0/networks', u'date': 'Sun, 28 Oct 2018 23:10:05 GMT', u'content-type': 'application/json', u'connection': 'close', u'x-openstack-request-id': 'req-90fcc949-1019-4dd2-b558-926b802e3dfc'} Body: {"network":{"status":"ACTIVE","router:external":false,"availability_zone_hints":[],"availability_zones":[],"description":"","subnets":[],"shared":false,"tenant_id":"0ca91d69b4fa452b96342efc1d9eaec1","created_at":"2018-10-28T23:10:05Z","tags":[],"ipv6_address_scope":null,"mtu":1500,"updated_at":"2018-10-28T23:10:05Z","admin_state_up":true,"revision_number":2,"ipv4_address_scope":null,"is_default":false,"port_security_enabled":true,"project_id":"0ca91d69b4fa452b96342efc1d9eaec1","id":"9fd3f110-d6ac-483a-9a0b-52fb07274df2","name":"tempest-test-network--530656538"}} _log_request_full /root/.rally/verification/verifier-e9a2f4bb-dac3-443f-81e8-6b8ae08e824d/repo/tempest/lib/common/rest_client.py:434
2018-10-28 23:10:05.852 18009 INFO tempest.lib.common.rest_client [req-c9606d87-f5cc-4d84-9f2e-33ac95c3f065 ] Request (TrunkTestJSON:test_create_subport_nonexistent_trunk): 201 POST http://10.167.4.35:9696/v2.0/networks 0.648s
2018-10-28 23:10:05.852 18009 DEBUG tempest.lib.common.rest_client [req-c9606d87-f5cc-4d84-9f2e-33ac95c3f065 ] Request - Headers: {'Content-Type': 'application/json', 'Accept': 'application/json', 'X-Auth-Token': ''} Body: {"network": {"name": "tempest-test-network--1413028635"}} Response - Headers: {'status': '201', u'content-length': '569', 'content-location': 'http://10.167.4.35:9696/v2.0/networks', u'date': 'Sun, 28 Oct 2018 23:10:05 GMT', u'content-type': 'application/json', u'connection': 'close', u'x-openstack-request-id': 'req-c9606d87-f5cc-4d84-9f2e-33ac95c3f065'} Body: {"network":{"status":"ACTIVE","router:external":false,"availability_zone_hints":[],"availability_zones":[],"description":"","subnets":[],"shared":false,"tenant_id":"98c7feae185e445b82dc70d74417c52a","created_at":"2018-10-28T23:10:05Z","tags":[],"ipv6_address_scope":null,"mtu":1500,"updated_at":"2018-10-28T23:10:05Z","admin_state_up":true,"revision_number":2,"ipv4_address_scope":null,"is_default":false,"port_security_enabled":true,"project_id":"98c7feae185e445b82dc70d74417c52a","id":"af4e1dd9-7bbd-46ac-b3ea-2ce4bac2d921","name":"tempest-test-network--1413028635"}} _log_request_full /root/.rally/verification/verifier-e9a2f4bb-dac3-443f-81e8-6b8ae08e824d/repo/tempest/lib/common/rest_client.py:434
2018-10-28 23:10:06.733 18005 INFO tempest.lib.common.rest_client [req-b04ce9ff-20b4-480d-9e39-cfea5cbb782c ] Request (TrunkTestJSON:test_get_subports): 201 POST http://10.167.4.35:9696/v2.0/ports 1.145s
