2018-10-28 23:10:29.668 18005 DEBUG tempest.lib.common.rest_client [req-058d580a-cb1d-43e2-9c97-d627ea81c192 ] Request - Headers: {'Content-Type': 'application/json', 'Accept': 'application/json', 'X-Auth-Token': ''} Body: None Response - Headers: {'status': '404', u'content-length': '134', 'content-location': 'http://10.167.4.35:9696/v2.0/trunks/27affc31-2c85-4f79-828b-cd681183a240/get_subports', u'date': 'Sun, 28 Oct 2018 23:10:29 GMT', u'content-type': 'application/json', u'connection': 'close', u'x-openstack-request-id': 'req-058d580a-cb1d-43e2-9c97-d627ea81c192'} Body: {"NeutronError": {"message": "Trunk 27affc31-2c85-4f79-828b-cd681183a240 could not be found.", "type": "TrunkNotFound", "detail": ""}} _log_request_full /root/.rally/verification/verifier-e9a2f4bb-dac3-443f-81e8-6b8ae08e824d/repo/tempest/lib/common/rest_client.py:434
2018-10-28 23:10:29.674 18009 INFO tempest.lib.common.rest_client [req-62736306-c3d0-4baf-9d23-9760ed4c01af ] Request (TrunkTestJSON:_run_cleanups): 404 DELETE http://10.167.4.35:9696/v2.0/trunks/b59495d1-4f9e-4b36-9879-9a2daa42f39c 0.027s
2018-10-28 23:10:29.674 18009 DEBUG tempest.lib.common.rest_client [req-62736306-c3d0-4baf-9d23-9760ed4c01af ] Request - Headers: {'Content-Type': 'application/json', 'Accept': 'application/json', 'X-Auth-Token': ''} Body: None Response - Headers: {'status': '404', u'content-length': '134', 'content-location': 'http://10.167.4.35:9696/v2.0/trunks/b59495d1-4f9e-4b36-9879-9a2daa42f39c', u'date': 'Sun, 28 Oct 2018 23:10:29 GMT', u'content-type': 'application/json', u'connection': 'close', u'x-openstack-request-id': 'req-62736306-c3d0-4baf-9d23-9760ed4c01af'} Body: {"NeutronError": {"message": "Trunk b59495d1-4f9e-4b36-9879-9a2daa42f39c could not be found.", "type": "TrunkNotFound", "detail": ""}} _log_request_full /root/.rally/verification/verifier-e9a2f4bb-dac3-443f-81e8-6b8ae08e824d/repo/tempest/lib/common/rest_client.py:434
2018-10-28 23:10:29.696 18005 INFO tempest.lib.common.rest_client [req-fae29410-e97e-4eda-86e7-be7a39c4ccc2 ] Request (TrunkTestJSON:_run_cleanups): 404 DELETE http://10.167.4.35:9696/v2.0/trunks/27affc31-2c85-4f79-828b-cd681183a240 0.027s
2018-10-28 23:10:29.697 18005 DEBUG tempest.lib.common.rest_client [req-fae29410-e97e-4eda-86e7-be7a39c4ccc2 ] Request - Headers: {'Content-Type': 'application/json', 'Accept': 'application/json', 'X-Auth-Token': ''} Body: None Response - Headers: {'status': '404', u'content-length': '134', 'content-location': 'http://10.167.4.35:9696/v2.0/trunks/27affc31-2c85-4f79-828b-cd681183a240', u'date': 'Sun, 28 Oct 2018 23:10:29 GMT', u'content-type': 'application/json', u'connection': 'close', u'x-openstack-request-id': 'req-fae29410-e97e-4eda-86e7-be7a39c4ccc2'} Body: {"NeutronError": {"message": "Trunk 27affc31-2c85-4f79-828b-cd681183a240 could not be found.", "type": "TrunkNotFound", "detail": ""}} _log_request_full /root/.rally/verification/verifier-e9a2f4bb-dac3-443f-81e8-6b8ae08e824d/repo/tempest/lib/common/rest_client.py:434
2018-10-28 23:10:29.697 18009 INFO tempest.lib.common.rest_client [req-169ed26b-c5cd-4be4-8acf-d73f0be1d097 ] Request (TrunkTestJSON:_run_cleanups): 404 GET http://10.167.4.35:9696/v2.0/trunks/9f1618a7-d298-418e-ad8c-ac5a953258f6/get_subports 0.021s
2018-10-28 23:10:29.697 18009 DEBUG tempest.lib.common.rest_client [req-169ed26b-c5cd-4be4-8acf-d73f0be1d097 ] Request - Headers: {'Content-Type': 'application/json', 'Accept': 'application/json', 'X-Auth-Token': ''} Body: None Response - Headers: {'status': '404', u'content-length': '134', 'content-location': 'http://10.167.4.35:9696/v2.0/trunks/9f1618a7-d298-418e-ad8c-ac5a953258f6/get_subports', u'date': 'Sun, 28 Oct 2018 23:10:29 GMT', u'content-type': 'application/json', u'connection': 'close', u'x-openstack-request-id': 'req-169ed26b-c5cd-4be4-8acf-d73f0be1d097'} Body: {"NeutronError": {"message": "Trunk 9f1618a7-d298-418e-ad8c-ac5a953258f6 could not be found.", "type": "TrunkNotFound", "detail": ""}} _log_request_full /root/.rally/verification/verifier-e9a2f4bb-dac3-443f-81e8-6b8ae08e824d/repo/tempest/lib/common/rest_client.py:434
2018-10-28 23:10:29.720 18009 INFO tempest.lib.common.rest_client [req-896978c0-7e33-4723-883a-c627c0adbc72 ] Request (TrunkTestJSON:_run_cleanups): 404 DELETE http://10.167.4.35:9696/v2.0/trunks/9f1618a7-d298-418e-ad8c-ac5a953258f6 0.022s
2018-10-28 23:10:29.720 18009 DEBUG tempest.lib.common.rest_client [req-896978c0-7e33-4723-883a-c627c0adbc72 ] Request - Headers: {'Content-Type': 'application/json', 'Accept': 'application/json', 'X-Auth-Token': ''} Body: None Response - Headers: {'status': '404', u'content-length': '134', 'content-location': 'http://10.167.4.35:9696/v2.0/trunks/9f1618a7-d298-418e-ad8c-ac5a953258f6', u'date': 'Sun, 28 Oct 2018 23:10:29 GMT', u'content-type': 'application/json', u'connection': 'close', u'x-openstack-request-id': 'req-896978c0-7e33-4723-883a-c627c0adbc72'} Body: {"NeutronError": {"message": "Trunk 9f1618a7-d298-418e-ad8c-ac5a953258f6 could not be found.", "type": "TrunkNotFound", "detail": ""}} _log_request_full /root/.rally/verification/verifier-e9a2f4bb-dac3-443f-81e8-6b8ae08e824d/repo/tempest/lib/common/rest_client.py:434
2018-10-28 23:10:29.729 18005 INFO tempest.lib.common.rest_client [req-a06d59b5-b166-4fba-9c2a-edafb7fe8a7d ] Request (TrunkTestJSON:_run_cleanups): 404 GET http://10.167.4.35:9696/v2.0/trunks/4df7b3a8-0f8b-4e37-b5ac-395653031f8e/get_subports 0.031s
2018-10-28 23:10:29.730 18005 DEBUG tempest.lib.common.rest_client [req-a06d59b5-b166-4fba-9c2a-edafb7fe8a7d ] Request - Headers: {'Content-Type': 'application/json', 'Accept': 'application/json', 'X-Auth-Token': ''} Body: None Response - Headers: {'status': '404', u'content-length': '134', 'content-location': 'http://10.167.4.35:9696/v2.0/trunks/4df7b3a8-0f8b-4e37-b5ac-395653031f8e/get_subports', u'date': 'Sun, 28 Oct 2018 23:10:29 GMT', u'content-type': 'application/json', u'connection': 'close', u'x-openstack-request-id': 'req-a06d59b5-b166-4fba-9c2a-edafb7fe8a7d'} Body: {"NeutronError": {"message": "Trunk 4df7b3a8-0f8b-4e37-b5ac-395653031f8e could not be found.", "type": "TrunkNotFound", "detail": ""}} _log_request_full /root/.rally/verification/verifier-e9a2f4bb-dac3-443f-81e8-6b8ae08e824d/repo/tempest/lib/common/rest_client.py:434
2018-10-28 23:10:29.747 18009 INFO tempest.lib.common.rest_client [req-dd7486f3-afd8-42e4-ab59-d8c25b5af50a ] Request (TrunkTestJSON:_run_cleanups): 404 GET http://10.167.4.35:9696/v2.0/trunks/8dc74d40-2af9-4bc6-b163-1c60985f5a70/get_subports 0.025s
2018-10-28 23:10:29.747 18009 DEBUG tempest.lib.common.rest_client [req-dd7486f3-afd8-42e4-ab59-d8c25b5af50a ] Request - Headers: {'Content-Type': 'application/json', 'Accept': 'application/json', 'X-Auth-Token': ''} Body: None Response - Headers: {'status': '404', u'content-length': '134', 'content-location': 'http://10.167.4.35:9696/v2.0/trunks/8dc74d40-2af9-4bc6-b163-1c60985f5a70/get_subports', u'date': 'Sun, 28 Oct 2018 23:10:29 GMT', u'content-type': 'application/json', u'connection': 'close', u'x-openstack-request-id': 'req-dd7486f3-afd8-42e4-ab59-d8c25b5af50a'} Body: {"NeutronError": {"message": "Trunk 8dc74d40-2af9-4bc6-b163-1c60985f5a70 could not be found.", "type": "TrunkNotFound", "detail": ""}} _log_request_full /root/.rally/verification/verifier-e9a2f4bb-dac3-443f-81e8-6b8ae08e824d/repo/tempest/lib/common/rest_client.py:434
2018-10-28 23:10:29.757 18006 INFO tempest.lib.common.rest_client [req-8d8ef1e2-c564-4ebf-9807-35bc5579c03e ] Request (TrunkTest:test_trunk_subport_lifecycle): 200 GET http://10.167.4.35:9696/v2.0/ports/190e7747-7f82-4ebd-97a4-5d7b74e12c7c 0.057s
2018-10-28 23:10:29.758 18006 DEBUG tempest.lib.common.rest_client [req-8d8ef1e2-c564-4ebf-9807-35bc5579c03e ] Request - Headers: {'Content-Type': 'application/json', 'Accept': 'application/json', 'X-Auth-Token': ''} Body: None Response - Headers: {'status': '200', u'content-length': '630', 'content-location': 'http://10.167.4.35:9696/v2.0/ports/190e7747-7f82-4ebd-97a4-5d7b74e12c7c', u'date': 'Sun, 28 Oct 2018 23:10:29 GMT', u'content-type': 'application/json', u'connection': 'close', u'x-openstack-request-id': 'req-8d8ef1e2-c564-4ebf-9807-35bc5579c03e'} Body: {"port":{"status":"ACTIVE","created_at":"2018-10-28T23:10:16Z","description":"","allowed_address_pairs":[],"tags":[],"network_id":"e30fe66b-cc67-4dda-b4af-0b4de17b7ae6","tenant_id":"419b4d6741c54940a6a647ec09de60a3","extra_dhcp_opts":[],"admin_state_up":true,"updated_at":"2018-10-28T23:10:28Z","name":"","device_owner":"trunk:subport","revision_number":9,"mac_address":"fa:16:3e:07:ba:f7","binding:vnic_type":"normal","port_security_enabled":true,"project_id":"419b4d6741c54940a6a647ec09de60a3","fixed_ips":[],"id":"190e7747-7f82-4ebd-97a4-5d7b74e12c7c","security_groups":["68844946-755d-48bf-b1f3-968442079716"],"device_id":""}} _log_request_full /root/.rally/verification/verifier-e9a2f4bb-dac3-443f-81e8-6b8ae08e824d/repo/tempest/lib/common/rest_client.py:434
2018-10-28 23:10:29.763 18005 INFO tempest.lib.common.rest_client [req-d4dca7b3-e053-49e6-bf87-bd562cb318ed ] Request (TrunkTestJSON:_run_cleanups): 404 DELETE http://10.167.4.35:9696/v2.0/trunks/4df7b3a8-0f8b-4e37-b5ac-395653031f8e 0.032s
2018-10-28 23:10:29.763 18005 DEBUG tempest.lib.common.rest_client [req-d4dca7b3-e053-49e6-bf87-bd562cb318ed ] Request - Headers: {'Content-Type': 'application/json', 'Accept': 'application/json', 'X-Auth-Token': ''} Body: None Response - Headers: {'status': '404', u'content-length': '134', 'content-location': 'http://10.167.4.35:9696/v2.0/trunks/4df7b3a8-0f8b-4e37-b5ac-395653031f8e', u'date': 'Sun, 28 Oct 2018 23:10:29 GMT', u'content-type': 'application/json', u'connection': 'close', u'x-openstack-request-id': 'req-d4dca7b3-e053-49e6-bf87-bd562cb318ed'} Body: {"NeutronError": {"message": "Trunk 4df7b3a8-0f8b-4e37-b5ac-395653031f8e could not be found.", "type": "TrunkNotFound", "detail": ""}} _log_request_full /root/.rally/verification/verifier-e9a2f4bb-dac3-443f-81e8-6b8ae08e824d/repo/tempest/lib/common/rest_client.py:434
2018-10-28 23:10:29.775 18009 INFO tempest.lib.common.rest_client [req-1fcd068e-dfc3-4173-929a-6289acff0fbb ] Request (TrunkTestJSON:_run_cleanups): 404 DELETE http://10.167.4.35:9696/v2.0/trunks/8dc74d40-2af9-4bc6-b163-1c60985f5a70 0.027s
2018-10-28 23:10:29.776 18009 DEBUG tempest.lib.common.rest_client [req-1fcd068e-dfc3-4173-929a-6289acff0fbb ] Request - Headers: {'Content-Type': 'application/json', 'Accept': 'application/json', 'X-Auth-Token': ''} Body: None Response - Headers: {'status': '404', u'content-length': '134', 'content-location': 'http://10.167.4.35:9696/v2.0/trunks/8dc74d40-2af9-4bc6-b163-1c60985f5a70', u'date': 'Sun, 28 Oct 2018 23:10:29 GMT', u'content-type': 'application/json', u'connection': 'close', u'x-openstack-request-id': 'req-1fcd068e-dfc3-4173-929a-6289acff0fbb'} Body: {"NeutronError": {"message": "Trunk 8dc74d40-2af9-4bc6-b163-1c60985f5a70 could not be found.", "type": "TrunkNotFound", "detail": ""}} _log_request_full /root/.rally/verification/verifier-e9a2f4bb-dac3-443f-81e8-6b8ae08e824d/repo/tempest/lib/common/rest_client.py:434
2018-10-28 23:10:29.790 18005 INFO tempest.lib.common.rest_client [req-d0d45a68-9dc9-4ce3-8e00-7e6a9fbac548 ] Request (TrunkTestJSON:_run_cleanups): 404 GET http://10.167.4.35:9696/v2.0/trunks/a487de6d-875f-4fca-8e49-0479c0208e10/get_subports 0.026s
2018-10-28 23:10:29.791 18005 DEBUG tempest.lib.common.rest_client [req-d0d45a68-9dc9-4ce3-8e00-7e6a9fbac548 ] Request - Headers: {'Content-Type': 'application/json', 'Accept': 'application/json', 'X-Auth-Token': ''} Body: None Response - Headers: {'status': '404', u'content-length': '134', 'content-location': 'http://10.167.4.35:9696/v2.0/trunks/a487de6d-875f-4fca-8e49-0479c0208e10/get_subports', u'date': 'Sun, 28 Oct 2018 23:10:29 GMT', u'content-type': 'application/json', u'connection': 'close', u'x-openstack-request-id': 'req-d0d45a68-9dc9-4ce3-8e00-7e6a9fbac548'} Body: {"NeutronError": {"message": "Trunk a487de6d-875f-4fca-8e49-0479c0208e10 could not be found.", "type": "TrunkNotFound", "detail": ""}} _log_request_full /root/.rally/verification/verifier-e9a2f4bb-dac3-443f-81e8-6b8ae08e824d/repo/tempest/lib/common/rest_client.py:434
2018-10-28 23:10:29.802 18009 INFO tempest.lib.common.rest_client [req-bf935657-6e28-4a5f-bdb8-198bf9f7fe77 ] Request (TrunkTestJSON:_run_cleanups): 404 GET http://10.167.4.35:9696/v2.0/trunks/5c88b651-c23f-4250-b653-07b9a99d061d/get_subports 0.026s
2018-10-28 23:10:29.803 18009 DEBUG tempest.lib.common.rest_client [req-bf935657-6e28-4a5f-bdb8-198bf9f7fe77 ] Request - Headers: {'Content-Type': 'application/json', 'Accept': 'application/json', 'X-Auth-Token': ''} Body: None Response - Headers: {'status': '404', u'content-length': '134', 'content-location': 'http://10.167.4.35:9696/v2.0/trunks/5c88b651-c23f-4250-b653-07b9a99d061d/get_subports', u'date': 'Sun, 28 Oct 2018 23:10:29 GMT', u'content-type': 'application/json', u'connection': 'close', u'x-openstack-request-id': 'req-bf935657-6e28-4a5f-bdb8-198bf9f7fe77'} Body: {"NeutronError": {"message": "Trunk 5c88b651-c23f-4250-b653-07b9a99d061d could not be found.", "type": "TrunkNotFound", "detail": ""}} _log_request_full /root/.rally/verification/verifier-e9a2f4bb-dac3-443f-81e8-6b8ae08e824d/repo/tempest/lib/common/rest_client.py:434
2018-10-28 23:10:29.824 18005 INFO tempest.lib.common.rest_client [req-f4518bab-c1e9-45b9-9f95-fb9fc893dedd ] Request (TrunkTestJSON:_run_cleanups): 404 DELETE http://10.167.4.35:9696/v2.0/trunks/a487de6d-875f-4fca-8e49-0479c0208e10 0.032s
2018-10-28 23:10:29.824 18006 INFO tempest.lib.common.rest_client [req-5849610f-12a3-49af-91ad-5b452a1d21fe ] Request (TrunkTest:test_trunk_subport_lifecycle): 200 GET http://10.167.4.35:9696/v2.0/ports/140f1b06-6a0b-4325-b306-21e8103f3dd1 0.064s
2018-10-28 23:10:29.824 18005 DEBUG tempest.lib.common.rest_client [req-f4518bab-c1e9-45b9-9f95-fb9fc893dedd ] Request - Headers: {'Content-Type': 'application/json', 'Accept': 'application/json', 'X-Auth-Token': ''} Body: None Response - Headers: {'status': '404', u'content-length': '134', 'content-location': 'http://10.167.4.35:9696/v2.0/trunks/a487de6d-875f-4fca-8e49-0479c0208e10', u'date': 'Sun, 28 Oct 2018 23:10:29 GMT', u'content-type': 'application/json', u'connection': 'close', u'x-openstack-request-id': 'req-f4518bab-c1e9-45b9-9f95-fb9fc893dedd'} Body: {"NeutronError": {"message": "Trunk a487de6d-875f-4fca-8e49-0479c0208e10 could not be found.", "type": "TrunkNotFound", "detail": ""}} _log_request_full /root/.rally/verification/verifier-e9a2f4bb-dac3-443f-81e8-6b8ae08e824d/repo/tempest/lib/common/rest_client.py:434
2018-10-28 23:10:29.824 18006 DEBUG tempest.lib.common.rest_client [req-5849610f-12a3-49af-91ad-5b452a1d21fe ] Request - Headers: {'Content-Type': 'application/json', 'Accept': 'application/json', 'X-Auth-Token': ''} Body: None Response - Headers: {'status': '200', u'content-length': '630', 'content-location': 'http://10.167.4.35:9696/v2.0/ports/140f1b06-6a0b-4325-b306-21e8103f3dd1', u'date': 'Sun, 28 Oct 2018 23:10:29 GMT', u'content-type': 'application/json', u'connection': 'close', u'x-openstack-request-id': 'req-5849610f-12a3-49af-91ad-5b452a1d21fe'} Body: {"port":{"status":"ACTIVE","created_at":"2018-10-28T23:10:17Z","description":"","allowed_address_pairs":[],"tags":[],"network_id":"762c6374-be7c-4776-9729-379168d44bf3","tenant_id":"419b4d6741c54940a6a647ec09de60a3","extra_dhcp_opts":[],"admin_state_up":true,"updated_at":"2018-10-28T23:10:28Z","name":"","device_owner":"trunk:subport","revision_number":9,"mac_address":"fa:16:3e:6c:a8:63","binding:vnic_type":"normal","port_security_enabled":true,"project_id":"419b4d6741c54940a6a647ec09de60a3","fixed_ips":[],"id":"140f1b06-6a0b-4325-b306-21e8103f3dd1","security_groups":["68844946-755d-48bf-b1f3-968442079716"],"device_id":""}} _log_request_full /root/.rally/verification/verifier-e9a2f4bb-dac3-443f-81e8-6b8ae08e824d/repo/tempest/lib/common/rest_client.py:434
2018-10-28 23:10:29.850 18005 INFO tempest.lib.common.rest_client [req-1b51e642-f4b3-4d61-90b2-851c1371910d ] Request (TrunkTestJSON:_run_cleanups): 404 GET http://10.167.4.35:9696/v2.0/trunks/7e259296-756c-4192-aa05-de4b7970cb27/get_subports 0.024s
2018-10-28 23:10:29.850 18005 DEBUG tempest.lib.common.rest_client [req-1b51e642-f4b3-4d61-90b2-851c1371910d ] Request - Headers: {'Content-Type': 'application/json', 'Accept': 'application/json', 'X-Auth-Token': ''} Body: None Response - Headers: {'status': '404', u'content-length': '134', 'content-location': 'http://10.167.4.35:9696/v2.0/trunks/7e259296-756c-4192-aa05-de4b7970cb27/get_subports', u'date': 'Sun, 28 Oct 2018 23:10:29 GMT', u'content-type': 'application/json', u'connection': 'close', u'x-openstack-request-id': 'req-1b51e642-f4b3-4d61-90b2-851c1371910d'} Body: {"NeutronError": {"message": "Trunk 7e259296-756c-4192-aa05-de4b7970cb27 could not be found.", "type": "TrunkNotFound", "detail": ""}} _log_request_full /root/.rally/verification/verifier-e9a2f4bb-dac3-443f-81e8-6b8ae08e824d/repo/tempest/lib/common/rest_client.py:434
2018-10-28 23:10:29.851 18009 INFO tempest.lib.common.rest_client [req-d70fce6a-d715-4f0e-b75e-6e72937b7bb8 ] Request (TrunkTestJSON:_run_cleanups): 404 DELETE http://10.167.4.35:9696/v2.0/trunks/5c88b651-c23f-4250-b653-07b9a99d061d 0.047s
2018-10-28 23:10:29.851 18009 DEBUG tempest.lib.common.rest_client [req-d70fce6a-d715-4f0e-b75e-6e72937b7bb8 ] Request - Headers: {'Content-Type': 'application/json', 'Accept': 'application/json', 'X-Auth-Token': ''} Body: None Response - Headers: {'status': '404', u'content-length': '134', 'content-location': 'http://10.167.4.35:9696/v2.0/trunks/5c88b651-c23f-4250-b653-07b9a99d061d', u'date': 'Sun, 28 Oct 2018 23:10:29 GMT', u'content-type': 'application/json', u'connection': 'close', u'x-openstack-request-id': 'req-d70fce6a-d715-4f0e-b75e-6e72937b7bb8'} Body: {"NeutronError": {"message": "Trunk 5c88b651-c23f-4250-b653-07b9a99d061d could not be found.", "type": "TrunkNotFound", "detail": ""}} _log_request_full /root/.rally/verification/verifier-e9a2f4bb-dac3-443f-81e8-6b8ae08e824d/repo/tempest/lib/common/rest_client.py:434
2018-10-28 23:10:29.879 18005 INFO tempest.lib.common.rest_client [req-5bf5cbbc-f3e4-4f68-98b8-f83b966ad408 ] Request (TrunkTestJSON:_run_cleanups): 404 DELETE http://10.167.4.35:9696/v2.0/trunks/7e259296-756c-4192-aa05-de4b7970cb27 0.027s
2018-10-28 23:10:29.879 18005 DEBUG tempest.lib.common.rest_client [req-5bf5cbbc-f3e4-4f68-98b8-f83b966ad408 ] Request - Headers: {'Content-Type': 'application/json', 'Accept': 'application/json', 'X-Auth-Token': ''} Body: None Response - Headers: {'status': '404', u'content-length': '134', 'content-location': 'http://10.167.4.35:9696/v2.0/trunks/7e259296-756c-4192-aa05-de4b7970cb27', u'date': 'Sun, 28 Oct 2018 23:10:29 GMT', u'content-type': 'application/json', u'connection': 'close', u'x-openstack-request-id': 'req-5bf5cbbc-f3e4-4f68-98b8-f83b966ad408'} Body: {"NeutronError": {"message": "Trunk 7e259296-756c-4192-aa05-de4b7970cb27 could not be found.", "type": "TrunkNotFound", "detail": ""}} _log_request_full /root/.rally/verification/verifier-e9a2f4bb-dac3-443f-81e8-6b8ae08e824d/repo/tempest/lib/common/rest_client.py:434
2018-10-28 23:10:29.880 18009 INFO tempest.lib.common.rest_client [req-3b34f9f6-0cad-4e50-b95e-1b1bab4c1650 ] Request (TrunkTestJSON:_run_cleanups): 404 GET http://10.167.4.35:9696/v2.0/trunks/39eef275-219a-4cfd-9b1a-b7944e13c6e1/get_subports 0.027s
2018-10-28 23:10:29.880 18009 DEBUG tempest.lib.common.rest_client [req-3b34f9f6-0cad-4e50-b95e-1b1bab4c1650 ] Request - Headers: {'Content-Type': 'application/json', 'Accept': 'application/json', 'X-Auth-Token': ''} Body: None Response - Headers: {'status': '404', u'content-length': '134', 'content-location': 'http://10.167.4.35:9696/v2.0/trunks/39eef275-219a-4cfd-9b1a-b7944e13c6e1/get_subports', u'date': 'Sun, 28 Oct 2018 23:10:29 GMT', u'content-type': 'application/json', u'connection': 'close', u'x-openstack-request-id': 'req-3b34f9f6-0cad-4e50-b95e-1b1bab4c1650'} Body: {"NeutronError": {"message": "Trunk 39eef275-219a-4cfd-9b1a-b7944e13c6e1 could not be found.", "type": "TrunkNotFound", "detail": ""}} _log_request_full /root/.rally/verification/verifier-e9a2f4bb-dac3-443f-81e8-6b8ae08e824d/repo/tempest/lib/common/rest_client.py:434
2018-10-28 23:10:29.887 18006 INFO tempest.lib.common.rest_client [req-674142d3-6141-47e1-85c6-07f6eeaec915 ] Request (TrunkTest:test_trunk_subport_lifecycle): 200 GET http://10.167.4.35:9696/v2.0/ports/6391973e-9409-4784-8ef3-314776ccf243 0.061s
2018-10-28 23:10:29.887 18006 DEBUG tempest.lib.common.rest_client [req-674142d3-6141-47e1-85c6-07f6eeaec915 ] Request - Headers: {'Content-Type': 'application/json', 'Accept': 'application/json', 'X-Auth-Token': ''} Body: None Response - Headers: {'status': '200', u'content-length': '630', 'content-location': 'http://10.167.4.35:9696/v2.0/ports/6391973e-9409-4784-8ef3-314776ccf243', u'date': 'Sun, 28 Oct 2018 23:10:29 GMT', u'content-type': 'application/json', u'connection': 'close', u'x-openstack-request-id': 'req-674142d3-6141-47e1-85c6-07f6eeaec915'} Body: {"port":{"status":"ACTIVE","created_at":"2018-10-28T23:10:19Z","description":"","allowed_address_pairs":[],"tags":[],"network_id":"8b0e6823-b447-4a11-bd18-551db5435e9a","tenant_id":"419b4d6741c54940a6a647ec09de60a3","extra_dhcp_opts":[],"admin_state_up":true,"updated_at":"2018-10-28T23:10:28Z","name":"","device_owner":"trunk:subport","revision_number":9,"mac_address":"fa:16:3e:85:75:7b","binding:vnic_type":"normal","port_security_enabled":true,"project_id":"419b4d6741c54940a6a647ec09de60a3","fixed_ips":[],"id":"6391973e-9409-4784-8ef3-314776ccf243","security_groups":["68844946-755d-48bf-b1f3-968442079716"],"device_id":""}} _log_request_full /root/.rally/verification/verifier-e9a2f4bb-dac3-443f-81e8-6b8ae08e824d/repo/tempest/lib/common/rest_client.py:434
2018-10-28 23:10:29.904 18009 INFO tempest.lib.common.rest_client [req-26f1d188-f304-4718-bf51-50259801af12 ] Request (TrunkTestJSON:_run_cleanups): 404 DELETE http://10.167.4.35:9696/v2.0/trunks/39eef275-219a-4cfd-9b1a-b7944e13c6e1 0.023s
2018-10-28 23:10:29.904 18009 DEBUG tempest.lib.common.rest_client [req-26f1d188-f304-4718-bf51-50259801af12 ] Request - Headers: {'Content-Type': 'application/json', 'Accept': 'application/json', 'X-Auth-Token': ''} Body: None Response - Headers: {'status': '404', u'content-length': '134', 'content-location': 'http://10.167.4.35:9696/v2.0/trunks/39eef275-219a-4cfd-9b1a-b7944e13c6e1', u'date': 'Sun, 28 Oct 2018 23:10:29 GMT', u'content-type': 'application/json', u'connection': 'close', u'x-openstack-request-id': 'req-26f1d188-f304-4718-bf51-50259801af12'} Body: {"NeutronError": {"message": "Trunk 39eef275-219a-4cfd-9b1a-b7944e13c6e1 could not be found.", "type": "TrunkNotFound", "detail": ""}} _log_request_full /root/.rally/verification/verifier-e9a2f4bb-dac3-443f-81e8-6b8ae08e824d/repo/tempest/lib/common/rest_client.py:434
2018-10-28 23:10:29.907 18005 INFO tempest.lib.common.rest_client [req-954f5ffd-a0ab-4166-8dd6-f6ec48a8061d ] Request (TrunkTestJSON:_run_cleanups): 404 GET http://10.167.4.35:9696/v2.0/trunks/fdabbf38-a8cf-4efe-8d60-c0b85e6484cd/get_subports 0.027s
2018-10-28 23:10:29.907 18005 DEBUG tempest.lib.common.rest_client [req-954f5ffd-a0ab-4166-8dd6-f6ec48a8061d ] Request - Headers: {'Content-Type': 'application/json', 'Accept': 'application/json', 'X-Auth-Token': ''} Body: None Response - Headers: {'status': '404', u'content-length': '134', 'content-location': 'http://10.167.4.35:9696/v2.0/trunks/fdabbf38-a8cf-4efe-8d60-c0b85e6484cd/get_subports', u'date': 'Sun, 28 Oct 2018 23:10:29 GMT', u'content-type': 'application/json', u'connection': 'close', u'x-openstack-request-id': 'req-954f5ffd-a0ab-4166-8dd6-f6ec48a8061d'} Body: {"NeutronError": {"message": "Trunk fdabbf38-a8cf-4efe-8d60-c0b85e6484cd could not be found.", "type": "TrunkNotFound", "detail": ""}} _log_request_full /root/.rally/verification/verifier-e9a2f4bb-dac3-443f-81e8-6b8ae08e824d/repo/tempest/lib/common/rest_client.py:434
2018-10-28 23:10:29.933 18005 INFO tempest.lib.common.rest_client [req-6ec73b5d-b234-442a-9527-80bef3ec68f9 ] Request (TrunkTestJSON:_run_cleanups): 404 DELETE http://10.167.4.35:9696/v2.0/trunks/fdabbf38-a8cf-4efe-8d60-c0b85e6484cd 0.025s
2018-10-28 23:10:29.934 18005 DEBUG tempest.lib.common.rest_client [req-6ec73b5d-b234-442a-9527-80bef3ec68f9 ] Request - Headers: {'Content-Type': 'application/json', 'Accept': 'application/json', 'X-Auth-Token': ''} Body: None Response - Headers: {'status': '404', u'content-length': '134', 'content-location': 'http://10.167.4.35:9696/v2.0/trunks/fdabbf38-a8cf-4efe-8d60-c0b85e6484cd', u'date': 'Sun, 28 Oct 2018 23:10:29 GMT', u'content-type': 'application/json', u'connection': 'close', u'x-openstack-request-id': 'req-6ec73b5d-b234-442a-9527-80bef3ec68f9'} Body: {"NeutronError": {"message": "Trunk fdabbf38-a8cf-4efe-8d60-c0b85e6484cd could not be found.", "type": "TrunkNotFound", "detail": ""}} _log_request_full /root/.rally/verification/verifier-e9a2f4bb-dac3-443f-81e8-6b8ae08e824d/repo/tempest/lib/common/rest_client.py:434
2018-10-28 23:10:29.956 18005 INFO tempest.lib.common.rest_client [req-6e9888be-74b8-41db-b8e9-a9ea2d73fb79 ] Request (TrunkTestJSON:_run_cleanups): 404 GET http://10.167.4.35:9696/v2.0/trunks/9268d3cb-9c5d-43c9-bb13-c75023d1ed8d/get_subports 0.021s
2018-10-28 23:10:29.956 18005 DEBUG tempest.lib.common.rest_client [req-6e9888be-74b8-41db-b8e9-a9ea2d73fb79 ] Request - Headers: {'Content-Type': 'application/json', 'Accept': 'application/json', 'X-Auth-Token': ''} Body: None Response - Headers: {'status': '404', u'content-length': '134', 'content-location': 'http://10.167.4.35:9696/v2.0/trunks/9268d3cb-9c5d-43c9-bb13-c75023d1ed8d/get_subports', u'date': 'Sun, 28 Oct 2018 23:10:29 GMT', u'content-type': 'application/json', u'connection': 'close', u'x-openstack-request-id': 'req-6e9888be-74b8-41db-b8e9-a9ea2d73fb79'} Body: {"NeutronError": {"message": "Trunk 9268d3cb-9c5d-43c9-bb13-c75023d1ed8d could not be found.", "type": "TrunkNotFound", "detail": ""}} _log_request_full /root/.rally/verification/verifier-e9a2f4bb-dac3-443f-81e8-6b8ae08e824d/repo/tempest/lib/common/rest_client.py:434
2018-10-28 23:10:29.978 18006 INFO tempest.lib.common.rest_client [req-ddd30245-f1fc-4e98-816d-1d5cd9ec9f32 ] Request (TrunkTest:test_trunk_subport_lifecycle): 200 GET http://10.167.4.35:9696/v2.0/ports/bbb40124-3d43-4002-886c-1ec90fc72013 0.090s
2018-10-28 23:10:29.979 18006 DEBUG tempest.lib.common.rest_client [req-ddd30245-f1fc-4e98-816d-1d5cd9ec9f32 ] Request - Headers: {'Content-Type': 'application/json', 'Accept': 'application/json', 'X-Auth-Token': ''} Body: None Response - Headers: {'status': '200', u'content-length': '630', 'content-location': 'http://10.167.4.35:9696/v2.0/ports/bbb40124-3d43-4002-886c-1ec90fc72013', u'date': 'Sun, 28 Oct 2018 23:10:29 GMT', u'content-type': 'application/json', u'connection': 'close', u'x-openstack-request-id': 'req-ddd30245-f1fc-4e98-816d-1d5cd9ec9f32'} Body: {"port":{"status":"ACTIVE","created_at":"2018-10-28T23:10:20Z","description":"","allowed_address_pairs":[],"tags":[],"network_id":"8f3592d8-b150-408a-b693-ad3c66391e13","tenant_id":"419b4d6741c54940a6a647ec09de60a3","extra_dhcp_opts":[],"admin_state_up":true,"updated_at":"2018-10-28T23:10:28Z","name":"","device_owner":"trunk:subport","revision_number":9,"mac_address":"fa:16:3e:d7:f4:a9","binding:vnic_type":"normal","port_security_enabled":true,"project_id":"419b4d6741c54940a6a647ec09de60a3","fixed_ips":[],"id":"bbb40124-3d43-4002-886c-1ec90fc72013","security_groups":["68844946-755d-48bf-b1f3-968442079716"],"device_id":""}} _log_request_full /root/.rally/verification/verifier-e9a2f4bb-dac3-443f-81e8-6b8ae08e824d/repo/tempest/lib/common/rest_client.py:434
2018-10-28 23:10:29.980 18006 INFO tempest.lib.common.ssh [-] Creating ssh connection to '172.30.10.133:22' as 'cirros' with public key authentication
2018-10-28 23:10:29.982 18006 INFO paramiko.transport [-] Connected (version 2.0, client dropbear_2015.67)
2018-10-28 23:10:29.989 18005 INFO tempest.lib.common.rest_client [req-3d2cbfdf-6e17-4b16-a46f-6878569b704a ] Request (TrunkTestJSON:_run_cleanups): 404 DELETE http://10.167.4.35:9696/v2.0/trunks/9268d3cb-9c5d-43c9-bb13-c75023d1ed8d 0.032s
2018-10-28 23:10:29.990 18005 DEBUG tempest.lib.common.rest_client [req-3d2cbfdf-6e17-4b16-a46f-6878569b704a ] Request - Headers: {'Content-Type': 'application/json', 'Accept': 'application/json', 'X-Auth-Token': ''} Body: None Response - Headers: {'status': '404', u'content-length': '134', 'content-location': 'http://10.167.4.35:9696/v2.0/trunks/9268d3cb-9c5d-43c9-bb13-c75023d1ed8d', u'date': 'Sun, 28 Oct 2018 23:10:29 GMT', u'content-type': 'application/json', u'connection': 'close', u'x-openstack-request-id': 'req-3d2cbfdf-6e17-4b16-a46f-6878569b704a'} Body: {"NeutronError": {"message": "Trunk 9268d3cb-9c5d-43c9-bb13-c75023d1ed8d could not be found.", "type": "TrunkNotFound", "detail": ""}} _log_request_full /root/.rally/verification/verifier-e9a2f4bb-dac3-443f-81e8-6b8ae08e824d/repo/tempest/lib/common/rest_client.py:434
2018-10-28 23:10:30.016 18005 INFO tempest.lib.common.rest_client [req-b87067c6-91e0-477b-b25f-ec969663b71f ] Request (TrunkTestJSON:_run_cleanups): 404 GET http://10.167.4.35:9696/v2.0/trunks/afd11afb-89e8-418a-877f-90b79f4a69d3/get_subports 0.025s
2018-10-28 23:10:30.016 18005 DEBUG tempest.lib.common.rest_client [req-b87067c6-91e0-477b-b25f-ec969663b71f ] Request - Headers: {'Content-Type': 'application/json', 'Accept': 'application/json', 'X-Auth-Token': ''} Body: None Response - Headers: {'status': '404', u'content-length': '134', 'content-location': 'http://10.167.4.35:9696/v2.0/trunks/afd11afb-89e8-418a-877f-90b79f4a69d3/get_subports', u'date': 'Sun, 28 Oct 2018 23:10:30 GMT', u'content-type': 'application/json', u'connection': 'close', u'x-openstack-request-id': 'req-b87067c6-91e0-477b-b25f-ec969663b71f'} Body: {"NeutronError": {"message": "Trunk afd11afb-89e8-418a-877f-90b79f4a69d3 could not be found.", "type": "TrunkNotFound", "detail": ""}} _log_request_full /root/.rally/verification/verifier-e9a2f4bb-dac3-443f-81e8-6b8ae08e824d/repo/tempest/lib/common/rest_client.py:434
2018-10-28 23:10:30.044 18005 INFO tempest.lib.common.rest_client [req-6cf26d59-3f8f-4722-bcaf-8ebedd225bc0 ] Request (TrunkTestJSON:_run_cleanups): 404 DELETE http://10.167.4.35:9696/v2.0/trunks/afd11afb-89e8-418a-877f-90b79f4a69d3 0.027s
2018-10-28 23:10:30.045 18005 DEBUG tempest.lib.common.rest_client [req-6cf26d59-3f8f-4722-bcaf-8ebedd225bc0 ] Request - Headers: {'Content-Type': 'application/json', 'Accept': 'application/json', 'X-Auth-Token': ''} Body: None Response - Headers: {'status': '404', u'content-length': '134', 'content-location': 'http://10.167.4.35:9696/v2.0/trunks/afd11afb-89e8-418a-877f-90b79f4a69d3', u'date': 'Sun, 28 Oct 2018 23:10:30 GMT', u'content-type': 'application/json', u'connection': 'close', u'x-openstack-request-id': 'req-6cf26d59-3f8f-4722-bcaf-8ebedd225bc0'} Body: {"NeutronError": {"message": "Trunk afd11afb-89e8-418a-877f-90b79f4a69d3 could not be found.", "type": "TrunkNotFound", "detail": ""}} _log_request_full /root/.rally/verification/verifier-e9a2f4bb-dac3-443f-81e8-6b8ae08e824d/repo/tempest/lib/common/rest_client.py:434
2018-10-28 23:10:30.054 18006 INFO paramiko.transport [-] Authentication (publickey) successful!
2018-10-28 23:10:30.074 18005 INFO tempest.lib.common.rest_client [req-4dc2fc50-f142-4441-8822-0d49837a3ae8 ] Request (TrunkTestJSON:_run_cleanups): 404 GET http://10.167.4.35:9696/v2.0/trunks/b14847a8-7306-4327-bdca-f1d4eb03e977/get_subports 0.028s
2018-10-28 23:10:30.074 18005 DEBUG tempest.lib.common.rest_client [req-4dc2fc50-f142-4441-8822-0d49837a3ae8 ] Request - Headers: {'Content-Type': 'application/json', 'Accept': 'application/json', 'X-Auth-Token': ''} Body: None Response - Headers: {'status': '404', u'content-length': '134', 'content-location': 'http://10.167.4.35:9696/v2.0/trunks/b14847a8-7306-4327-bdca-f1d4eb03e977/get_subports', u'date': 'Sun, 28 Oct 2018 23:10:30 GMT', u'content-type': 'application/json', u'connection': 'close', u'x-openstack-request-id': 'req-4dc2fc50-f142-4441-8822-0d49837a3ae8'} Body: {"NeutronError": {"message": "Trunk b14847a8-7306-4327-bdca-f1d4eb03e977 could not be found.", "type": "TrunkNotFound", "detail": ""}} _log_request_full /root/.rally/verification/verifier-e9a2f4bb-dac3-443f-81e8-6b8ae08e824d/repo/tempest/lib/common/rest_client.py:434
2018-10-28 23:10:30.079 18006 INFO tempest.lib.common.ssh [-] ssh connection to cirros@172.30.10.133 successfully created
2018-10-28 23:10:30.100 18005 INFO tempest.lib.common.rest_client [req-44d9bcf5-7616-4353-bdb9-e16004cb95e0 ] Request (TrunkTestJSON:_run_cleanups): 404 DELETE http://10.167.4.35:9696/v2.0/trunks/b14847a8-7306-4327-bdca-f1d4eb03e977 0.025s
2018-10-28 23:10:30.101 18005 DEBUG tempest.lib.common.rest_client [req-44d9bcf5-7616-4353-bdb9-e16004cb95e0 ] Request - Headers: {'Content-Type': 'application/json', 'Accept': 'application/json', 'X-Auth-Token': ''} Body: None Response - Headers: {'status': '404', u'content-length': '134', 'content-location': 'http://10.167.4.35:9696/v2.0/trunks/b14847a8-7306-4327-bdca-f1d4eb03e977', u'date': 'Sun, 28 Oct 2018 23:10:30 GMT', u'content-type': 'application/json', u'connection': 'close', u'x-openstack-request-id': 'req-44d9bcf5-7616-4353-bdb9-e16004cb95e0'} Body: {"NeutronError": {"message": "Trunk b14847a8-7306-4327-bdca-f1d4eb03e977 could not be found.", "type": "TrunkNotFound", "detail": ""}} _log_request_full /root/.rally/verification/verifier-e9a2f4bb-dac3-443f-81e8-6b8ae08e824d/repo/tempest/lib/common/rest_client.py:434
2018-10-28 23:10:30.127 18005 INFO tempest.lib.common.rest_client [req-8007b480-44bd-409d-816b-ffa4e23a4248 ] Request (TrunkTestJSON:_run_cleanups): 404 GET http://10.167.4.35:9696/v2.0/trunks/15035b7b-f62b-490a-8522-64d8d2fc37d8/get_subports 0.026s
2018-10-28 23:10:30.128 18005 DEBUG tempest.lib.common.rest_client [req-8007b480-44bd-409d-816b-ffa4e23a4248 ] Request - Headers: {'Content-Type': 'application/json', 'Accept': 'application/json', 'X-Auth-Token': ''} Body: None Response - Headers: {'status': '404', u'content-length': '134', 'content-location': 'http://10.167.4.35:9696/v2.0/trunks/15035b7b-f62b-490a-8522-64d8d2fc37d8/get_subports', u'date': 'Sun, 28 Oct 2018 23:10:30 GMT', u'content-type': 'application/json', u'connection': 'close', u'x-openstack-request-id': 'req-8007b480-44bd-409d-816b-ffa4e23a4248'} Body: {"NeutronError": {"message": "Trunk 15035b7b-f62b-490a-8522-64d8d2fc37d8 could not be found.", "type": "TrunkNotFound", "detail": ""}} _log_request_full /root/.rally/verification/verifier-e9a2f4bb-dac3-443f-81e8-6b8ae08e824d/repo/tempest/lib/common/rest_client.py:434
2018-10-28 23:10:30.141 18009 INFO tempest.lib.common.rest_client [req-73336007-1e16-4d2e-8a2a-5adac408872f ] Request (TrunkTestJSON:_run_cleanups): 404 GET http://10.167.4.35:9696/v2.0/trunks/07e40308-d6ea-46e6-8585-7ac6a3fa2363/get_subports 0.236s
2018-10-28 23:10:30.142 18009 DEBUG tempest.lib.common.rest_client [req-73336007-1e16-4d2e-8a2a-5adac408872f ] Request - Headers: {'Content-Type': 'application/json', 'Accept': 'application/json', 'X-Auth-Token': ''} Body: None Response - Headers: {'status': '404', u'content-length': '134', 'content-location': 'http://10.167.4.35:9696/v2.0/trunks/07e40308-d6ea-46e6-8585-7ac6a3fa2363/get_subports', u'date': 'Sun, 28 Oct 2018 23:10:30 GMT', u'content-type': 'application/json', u'connection': 'close', u'x-openstack-request-id': 'req-73336007-1e16-4d2e-8a2a-5adac408872f'} Body: {"NeutronError": {"message": "Trunk 07e40308-d6ea-46e6-8585-7ac6a3fa2363 could not be found.", "type": "TrunkNotFound", "detail": ""}} _log_request_full /root/.rally/verification/verifier-e9a2f4bb-dac3-443f-81e8-6b8ae08e824d/repo/tempest/lib/common/rest_client.py:434
2018-10-28 23:10:30.163 18005 INFO tempest.lib.common.rest_client [req-3cc227bd-ced4-40ae-96d0-78394b3900e1 ] Request (TrunkTestJSON:_run_cleanups): 404 DELETE http://10.167.4.35:9696/v2.0/trunks/15035b7b-f62b-490a-8522-64d8d2fc37d8 0.034s
2018-10-28 23:10:30.163 18005 DEBUG tempest.lib.common.rest_client [req-3cc227bd-ced4-40ae-96d0-78394b3900e1 ] Request - Headers: {'Content-Type': 'application/json', 'Accept': 'application/json', 'X-Auth-Token': ''} Body: None Response - Headers: {'status': '404', u'content-length': '134', 'content-location': 'http://10.167.4.35:9696/v2.0/trunks/15035b7b-f62b-490a-8522-64d8d2fc37d8', u'date': 'Sun, 28 Oct 2018 23:10:30 GMT', u'content-type': 'application/json', u'connection': 'close', u'x-openstack-request-id': 'req-3cc227bd-ced4-40ae-96d0-78394b3900e1'} Body: {"NeutronError": {"message": "Trunk 15035b7b-f62b-490a-8522-64d8d2fc37d8 could not be found.", "type": "TrunkNotFound", "detail": ""}} _log_request_full /root/.rally/verification/verifier-e9a2f4bb-dac3-443f-81e8-6b8ae08e824d/repo/tempest/lib/common/rest_client.py:434
2018-10-28 23:10:30.171 18009 INFO tempest.lib.common.rest_client [req-d762e4e2-f626-4619-a627-5d9540b21a68 ] Request (TrunkTestJSON:_run_cleanups): 404 DELETE http://10.167.4.35:9696/v2.0/trunks/07e40308-d6ea-46e6-8585-7ac6a3fa2363 0.029s
2018-10-28 23:10:30.172 18009 DEBUG tempest.lib.common.rest_client [req-d762e4e2-f626-4619-a627-5d9540b21a68 ] Request - Headers: {'Content-Type': 'application/json', 'Accept': 'application/json', 'X-Auth-Token': ''} Body: None Response - Headers: {'status': '404', u'content-length': '134', 'content-location': 'http://10.167.4.35:9696/v2.0/trunks/07e40308-d6ea-46e6-8585-7ac6a3fa2363', u'date': 'Sun, 28 Oct 2018 23:10:30 GMT', u'content-type': 'application/json', u'connection': 'close', u'x-openstack-request-id': 'req-d762e4e2-f626-4619-a627-5d9540b21a68'} Body: {"NeutronError": {"message": "Trunk 07e40308-d6ea-46e6-8585-7ac6a3fa2363 could not be found.", "type": "TrunkNotFound", "detail": ""}} _log_request_full /root/.rally/verification/verifier-e9a2f4bb-dac3-443f-81e8-6b8ae08e824d/repo/tempest/lib/common/rest_client.py:434
2018-10-28 23:10:30.189 18005 INFO tempest.lib.common.rest_client [req-f7962f45-d800-4596-8925-5b5f3238a79f ] Request (TrunkTestJSON:_run_cleanups): 404 GET http://10.167.4.35:9696/v2.0/trunks/ebbc818b-59be-49fb-b9b3-0128558c2046/get_subports 0.025s
2018-10-28 23:10:30.190 18005 DEBUG tempest.lib.common.rest_client [req-f7962f45-d800-4596-8925-5b5f3238a79f ] Request - Headers: {'Content-Type': 'application/json', 'Accept': 'application/json', 'X-Auth-Token': ''} Body: None Response - Headers: {'status': '404', u'content-length': '134', 'content-location': 'http://10.167.4.35:9696/v2.0/trunks/ebbc818b-59be-49fb-b9b3-0128558c2046/get_subports', u'date': 'Sun, 28 Oct 2018 23:10:30 GMT', u'content-type': 'application/json', u'connection': 'close', u'x-openstack-request-id': 'req-f7962f45-d800-4596-8925-5b5f3238a79f'} Body: {"NeutronError": {"message": "Trunk ebbc818b-59be-49fb-b9b3-0128558c2046 could not be found.", "type": "TrunkNotFound", "detail": ""}} _log_request_full /root/.rally/verification/verifier-e9a2f4bb-dac3-443f-81e8-6b8ae08e824d/repo/tempest/lib/common/rest_client.py:434
2018-10-28 23:10:30.197 18009 INFO tempest.lib.common.rest_client [req-2a1e92d5-830e-4785-b9bc-afb98eaf9716 ] Request (TrunkTestJSON:_run_cleanups): 404 GET http://10.167.4.35:9696/v2.0/trunks/1efa5da4-4134-4f9d-bc87-27ad43c2831d 0.024s
2018-10-28 23:10:30.197 18009 DEBUG tempest.lib.common.rest_client [req-2a1e92d5-830e-4785-b9bc-afb98eaf9716 ] Request - Headers: {'Content-Type': 'application/json', 'Accept': 'application/json', 'X-Auth-Token': ''} Body: None Response - Headers: {'status': '404', u'content-length': '134', 'content-location': 'http://10.167.4.35:9696/v2.0/trunks/1efa5da4-4134-4f9d-bc87-27ad43c2831d', u'date': 'Sun, 28 Oct 2018 23:10:30 GMT', u'content-type': 'application/json', u'connection': 'close', u'x-openstack-request-id': 'req-2a1e92d5-830e-4785-b9bc-afb98eaf9716'} Body: {"NeutronError": {"message": "Trunk 1efa5da4-4134-4f9d-bc87-27ad43c2831d could not be found.", "type": "TrunkNotFound", "detail": ""}} _log_request_full /root/.rally/verification/verifier-e9a2f4bb-dac3-443f-81e8-6b8ae08e824d/repo/tempest/lib/common/rest_client.py:434
2018-10-28 23:10:30.216 18009 INFO tempest.lib.common.rest_client [req-afbcfc08-815e-48e0-a20d-aa5a98609fe5 ] Request (TrunkTestJSON:_run_cleanups): 404 GET http://10.167.4.35:9696/v2.0/trunks/b59495d1-4f9e-4b36-9879-9a2daa42f39c 0.018s
2018-10-28 23:10:30.216 18009 DEBUG tempest.lib.common.rest_client [req-afbcfc08-815e-48e0-a20d-aa5a98609fe5 ] Request - Headers: {'Content-Type': 'application/json', 'Accept': 'application/json', 'X-Auth-Token': ''} Body: None Response - Headers: {'status': '404', u'content-length': '134', 'content-location': 'http://10.167.4.35:9696/v2.0/trunks/b59495d1-4f9e-4b36-9879-9a2daa42f39c', u'date': 'Sun, 28 Oct 2018 23:10:30 GMT', u'content-type': 'application/json', u'connection': 'close', u'x-openstack-request-id': 'req-afbcfc08-815e-48e0-a20d-aa5a98609fe5'} Body: {"NeutronError": {"message": "Trunk b59495d1-4f9e-4b36-9879-9a2daa42f39c could not be found.", "type": "TrunkNotFound", "detail": ""}} _log_request_full /root/.rally/verification/verifier-e9a2f4bb-dac3-443f-81e8-6b8ae08e824d/repo/tempest/lib/common/rest_client.py:434
2018-10-28 23:10:30.219 18005 INFO tempest.lib.common.rest_client [req-86d8cb7d-fddf-4149-a635-0f03740f932f ] Request (TrunkTestJSON:_run_cleanups): 404 DELETE http://10.167.4.35:9696/v2.0/trunks/ebbc818b-59be-49fb-b9b3-0128558c2046 0.028s
2018-10-28 23:10:30.219 18005 DEBUG tempest.lib.common.rest_client [req-86d8cb7d-fddf-4149-a635-0f03740f932f ] Request - Headers: {'Content-Type': 'application/json', 'Accept': 'application/json', 'X-Auth-Token': ''} Body: None Response - Headers: {'status': '404', u'content-length': '134', 'content-location': 'http://10.167.4.35:9696/v2.0/trunks/ebbc818b-59be-49fb-b9b3-0128558c2046', u'date': 'Sun, 28 Oct 2018 23:10:30 GMT', u'content-type': 'application/json', u'connection': 'close', u'x-openstack-request-id': 'req-86d8cb7d-fddf-4149-a635-0f03740f932f'} Body: {"NeutronError": {"message": "Trunk ebbc818b-59be-49fb-b9b3-0128558c2046 could not be found.", "type": "TrunkNotFound", "detail": ""}} _log_request_full /root/.rally/verification/verifier-e9a2f4bb-dac3-443f-81e8-6b8ae08e824d/repo/tempest/lib/common/rest_client.py:434
2018-10-28 23:10:30.234 18009 INFO tempest.lib.common.rest_client [req-b0af9924-a3cd-4fca-b439-2ae73f6f893b ] Request (TrunkTestJSON:_run_cleanups): 404 GET http://10.167.4.35:9696/v2.0/trunks/9f1618a7-d298-418e-ad8c-ac5a953258f6 0.017s
2018-10-28 23:10:30.235 18009 DEBUG tempest.lib.common.rest_client [req-b0af9924-a3cd-4fca-b439-2ae73f6f893b ] Request - Headers: {'Content-Type': 'application/json', 'Accept': 'application/json', 'X-Auth-Token': ''} Body: None Response - Headers: {'status': '404', u'content-length': '134', 'content-location': 'http://10.167.4.35:9696/v2.0/trunks/9f1618a7-d298-418e-ad8c-ac5a953258f6', u'date': 'Sun, 28 Oct 2018 23:10:30 GMT', u'content-type': 'application/json', u'connection': 'close', u'x-openstack-request-id': 'req-b0af9924-a3cd-4fca-b439-2ae73f6f893b'} Body: {"NeutronError": {"message": "Trunk 9f1618a7-d298-418e-ad8c-ac5a953258f6 could not be found.", "type": "TrunkNotFound", "detail": ""}} _log_request_full /root/.rally/verification/verifier-e9a2f4bb-dac3-443f-81e8-6b8ae08e824d/repo/tempest/lib/common/rest_client.py:434
2018-10-28 23:10:30.259 18009 INFO tempest.lib.common.rest_client [req-f2b028b7-7d96-4be2-90d4-b6fc86f94cd2 ] Request (TrunkTestJSON:_run_cleanups): 404 GET http://10.167.4.35:9696/v2.0/trunks/8dc74d40-2af9-4bc6-b163-1c60985f5a70 0.023s
2018-10-28 23:10:30.259 18009 DEBUG tempest.lib.common.rest_client [req-f2b028b7-7d96-4be2-90d4-b6fc86f94cd2 ] Request - Headers: {'Content-Type': 'application/json', 'Accept': 'application/json', 'X-Auth-Token': ''} Body: None Response - Headers: {'status': '404', u'content-length': '134', 'content-location': 'http://10.167.4.35:9696/v2.0/trunks/8dc74d40-2af9-4bc6-b163-1c60985f5a70', u'date': 'Sun, 28 Oct 2018 23:10:30 GMT', u'content-type': 'application/json', u'connection': 'close', u'x-openstack-request-id': 'req-f2b028b7-7d96-4be2-90d4-b6fc86f94cd2'} Body: {"NeutronError": {"message": "Trunk 8dc74d40-2af9-4bc6-b163-1c60985f5a70 could not be found.", "type": "TrunkNotFound", "detail": ""}} _log_request_full /root/.rally/verification/verifier-e9a2f4bb-dac3-443f-81e8-6b8ae08e824d/repo/tempest/lib/common/rest_client.py:434
2018-10-28 23:10:30.273 18005 INFO tempest.lib.common.rest_client [req-1d30650c-ba3e-42c6-a4d0-deb68eb925fc ] Request (TrunkTestJSON:_run_cleanups): 200 GET http://10.167.4.35:9696/v2.0/trunks/77ca91b2-c79e-4676-b172-255a5d38c376/get_subports 0.052s
2018-10-28 23:10:30.273 18005 DEBUG tempest.lib.common.rest_client [req-1d30650c-ba3e-42c6-a4d0-deb68eb925fc ] Request - Headers: {'Content-Type': 'application/json', 'Accept': 'application/json', 'X-Auth-Token': ''} Body: None Response - Headers: {'status': '200', u'content-length': '119', 'content-location': 'http://10.167.4.35:9696/v2.0/trunks/77ca91b2-c79e-4676-b172-255a5d38c376/get_subports', u'date': 'Sun, 28 Oct 2018 23:10:30 GMT', u'content-type': 'application/json', u'connection': 'close', u'x-openstack-request-id': 'req-1d30650c-ba3e-42c6-a4d0-deb68eb925fc'} Body: {"sub_ports": [{"segmentation_type": "vlan", "port_id": "66768ee2-53f8-484a-a44c-f7f5e72f033d", "segmentation_id": 4}]} _log_request_full /root/.rally/verification/verifier-e9a2f4bb-dac3-443f-81e8-6b8ae08e824d/repo/tempest/lib/common/rest_client.py:434
2018-10-28 23:10:30.290 18009 INFO tempest.lib.common.rest_client [req-0a7e322c-c9e1-47ce-85dd-856bf9290c07 ] Request (TrunkTestJSON:_run_cleanups): 404 GET http://10.167.4.35:9696/v2.0/trunks/5c88b651-c23f-4250-b653-07b9a99d061d 0.030s
2018-10-28 23:10:30.290 18009 DEBUG tempest.lib.common.rest_client [req-0a7e322c-c9e1-47ce-85dd-856bf9290c07 ] Request - Headers: {'Content-Type': 'application/json', 'Accept': 'application/json', 'X-Auth-Token': ''} Body: None Response - Headers: {'status': '404', u'content-length': '134', 'content-location': 'http://10.167.4.35:9696/v2.0/trunks/5c88b651-c23f-4250-b653-07b9a99d061d', u'date': 'Sun, 28 Oct 2018 23:10:30 GMT', u'content-type': 'application/json', u'connection': 'close', u'x-openstack-request-id': 'req-0a7e322c-c9e1-47ce-85dd-856bf9290c07'} Body: {"NeutronError": {"message": "Trunk 5c88b651-c23f-4250-b653-07b9a99d061d could not be found.", "type": "TrunkNotFound", "detail": ""}} _log_request_full /root/.rally/verification/verifier-e9a2f4bb-dac3-443f-81e8-6b8ae08e824d/repo/tempest/lib/common/rest_client.py:434
2018-10-28 23:10:30.313 18009 INFO tempest.lib.common.rest_client [req-f9d038ed-4b77-441f-8b69-2cc5ec7bf3b8 ] Request (TrunkTestJSON:_run_cleanups): 404 GET http://10.167.4.35:9696/v2.0/trunks/39eef275-219a-4cfd-9b1a-b7944e13c6e1 0.022s
2018-10-28 23:10:30.313 18009 DEBUG tempest.lib.common.rest_client [req-f9d038ed-4b77-441f-8b69-2cc5ec7bf3b8 ] Request - Headers: {'Content-Type': 'application/json', 'Accept': 'application/json', 'X-Auth-Token': ''} Body: None Response - Headers: {'status': '404', u'content-length': '134', 'content-location': 'http://10.167.4.35:9696/v2.0/trunks/39eef275-219a-4cfd-9b1a-b7944e13c6e1', u'date': 'Sun, 28 Oct 2018 23:10:30 GMT', u'content-type': 'application/json', u'connection': 'close', u'x-openstack-request-id': 'req-f9d038ed-4b77-441f-8b69-2cc5ec7bf3b8'} Body: {"NeutronError": {"message": "Trunk 39eef275-219a-4cfd-9b1a-b7944e13c6e1 could not be found.", "type": "TrunkNotFound", "detail": ""}} _log_request_full /root/.rally/verification/verifier-e9a2f4bb-dac3-443f-81e8-6b8ae08e824d/repo/tempest/lib/common/rest_client.py:434
2018-10-28 23:10:30.321 18006 INFO tempest.lib.common.rest_client [req-c3812db1-35ed-46a2-a558-780503ccde58 ] Request (TrunkTest:test_trunk_subport_lifecycle): 200 PUT http://10.167.4.35:9696/v2.0/trunks/72ad4a31-6880-4011-bd11-0c398abe0de3/remove_subports 0.127s
2018-10-28 23:10:30.321 18006 DEBUG tempest.lib.common.rest_client [req-c3812db1-35ed-46a2-a558-780503ccde58 ] Request - Headers: {'Content-Type': 'application/json', 'Accept': 'application/json', 'X-Auth-Token': ''} Body: {"sub_ports": [{"segmentation_type": "vlan", "port_id": "190e7747-7f82-4ebd-97a4-5d7b74e12c7c", "segmentation_id": 3}, {"segmentation_type": "vlan", "port_id": "140f1b06-6a0b-4325-b306-21e8103f3dd1", "segmentation_id": 4}, {"segmentation_type": "vlan", "port_id": "6391973e-9409-4784-8ef3-314776ccf243", "segmentation_id": 5}, {"segmentation_type": "vlan", "port_id": "bbb40124-3d43-4002-886c-1ec90fc72013", "segmentation_id": 6}]} Response - Headers: {'status': '200', u'content-length': '396', 'content-location': 'http://10.167.4.35:9696/v2.0/trunks/72ad4a31-6880-4011-bd11-0c398abe0de3/remove_subports', u'date': 'Sun, 28 Oct 2018 23:10:30 GMT', u'content-type': 'application/json', u'connection': 'close', u'x-openstack-request-id': 'req-c3812db1-35ed-46a2-a558-780503ccde58'} Body: {"status": "DOWN", "sub_ports": [], "name": "", "admin_state_up": true, "tenant_id": "419b4d6741c54940a6a647ec09de60a3", "created_at": "2018-10-28T23:09:35Z", "tags": [], "updated_at": "2018-10-28T23:10:30Z", "revision_number": 5, "project_id": "419b4d6741c54940a6a647ec09de60a3", "port_id": "b0428a55-1c45-4fcb-af72-c20741bef318", "id": "72ad4a31-6880-4011-bd11-0c398abe0de3", "description": ""} _log_request_full /root/.rally/verification/verifier-e9a2f4bb-dac3-443f-81e8-6b8ae08e824d/repo/tempest/lib/common/rest_client.py:434
2018-10-28 23:10:30.338 18009 INFO tempest.lib.common.rest_client [req-dbd1be8f-d818-4b48-b236-2a232d0bff6c ] Request (TrunkTestJSON:_run_cleanups): 404 GET http://10.167.4.35:9696/v2.0/trunks/07e40308-d6ea-46e6-8585-7ac6a3fa2363 0.023s
