2018-10-28 05:11:07.916 17988 DEBUG tempest.lib.common.rest_client [req-0a33af72-44ea-4354-9d62-d0cfe63a23f5 ] Request - Headers: {'Content-Type': 'application/json', 'Accept': 'application/json', 'X-Auth-Token': ''} Body: None Response - Headers: {'status': '404', u'content-length': '132', 'content-location': 'http://10.167.4.35:9696/v2.0/ports/449573eb-5c6a-4370-87b7-59d5178d7e97', u'date': 'Sun, 28 Oct 2018 05:11:07 GMT', u'content-type': 'application/json', u'connection': 'close', u'x-openstack-request-id': 'req-0a33af72-44ea-4354-9d62-d0cfe63a23f5'} Body: {"NeutronError": {"message": "Port 449573eb-5c6a-4370-87b7-59d5178d7e97 could not be found.", "type": "PortNotFound", "detail": ""}} _log_request_full /root/.rally/verification/verifier-e0fe11d8-20d5-4555-bb52-973d1ce3be35/repo/tempest/lib/common/rest_client.py:434
2018-10-28 05:11:07.990 17988 INFO tempest.lib.common.rest_client [req-129e4477-8ba8-427f-80a8-960496c577e6 ] Request (TrunkTestJSON:_run_cleanups): 404 DELETE http://10.167.4.35:9696/v2.0/ports/538e0d53-da62-416d-a8db-be27415bc3f1 0.073s
2018-10-28 05:11:07.991 17988 DEBUG tempest.lib.common.rest_client [req-129e4477-8ba8-427f-80a8-960496c577e6 ] Request - Headers: {'Content-Type': 'application/json', 'Accept': 'application/json', 'X-Auth-Token': ''} Body: None Response - Headers: {'status': '404', u'content-length': '132', 'content-location': 'http://10.167.4.35:9696/v2.0/ports/538e0d53-da62-416d-a8db-be27415bc3f1', u'date': 'Sun, 28 Oct 2018 05:11:07 GMT', u'content-type': 'application/json', u'connection': 'close', u'x-openstack-request-id': 'req-129e4477-8ba8-427f-80a8-960496c577e6'} Body: {"NeutronError": {"message": "Port 538e0d53-da62-416d-a8db-be27415bc3f1 could not be found.", "type": "PortNotFound", "detail": ""}} _log_request_full /root/.rally/verification/verifier-e0fe11d8-20d5-4555-bb52-973d1ce3be35/repo/tempest/lib/common/rest_client.py:434
2018-10-28 05:11:08.386 17992 INFO tempest.lib.common.rest_client [req-9aef9883-1aa2-4879-a90b-ebd28cc29a46 ] Request (TrunkTestJSON:test_create_trunk_duplicate_subport_segmentation_ids): 201 POST http://10.167.4.35:9696/v2.0/ports 1.032s
2018-10-28 05:11:08.386 17992 DEBUG tempest.lib.common.rest_client [req-9aef9883-1aa2-4879-a90b-ebd28cc29a46 ] Request - Headers: {'Content-Type': 'application/json', 'Accept': 'application/json', 'X-Auth-Token': ''} Body: {"port": {"network_id": "eafd1020-6cc6-4422-abe6-604e9bd40bb5"}} Response - Headers: {'status': '201', u'content-length': '615', 'content-location': 'http://10.167.4.35:9696/v2.0/ports', u'date': 'Sun, 28 Oct 2018 05:11:08 GMT', u'content-type': 'application/json', u'connection': 'close', u'x-openstack-request-id': 'req-9aef9883-1aa2-4879-a90b-ebd28cc29a46'} Body: {"port":{"status":"DOWN","created_at":"2018-10-28T05:11:07Z","description":"","allowed_address_pairs":[],"tags":[],"network_id":"eafd1020-6cc6-4422-abe6-604e9bd40bb5","tenant_id":"22f1695511454ecf9d524f562b565af3","extra_dhcp_opts":[],"admin_state_up":true,"updated_at":"2018-10-28T05:11:08Z","name":"","device_owner":"","revision_number":5,"mac_address":"fa:16:3e:83:aa:26","binding:vnic_type":"normal","port_security_enabled":true,"project_id":"22f1695511454ecf9d524f562b565af3","fixed_ips":[],"id":"3407adc2-cbd3-4f43-8452-139e398b3488","security_groups":["96d2d232-594e-476e-a324-a9ba80aca98e"],"device_id":""}} _log_request_full /root/.rally/verification/verifier-e0fe11d8-20d5-4555-bb52-973d1ce3be35/repo/tempest/lib/common/rest_client.py:434
2018-10-28 05:11:08.405 17992 INFO tempest.lib.common.rest_client [req-3ff8f50a-1a51-4383-9429-d18f022f35cc ] Request (TrunkTestJSON:test_create_trunk_duplicate_subport_segmentation_ids): 400 POST http://10.167.4.35:9696/v2.0/trunks 0.018s
2018-10-28 05:11:08.406 17992 DEBUG tempest.lib.common.rest_client [req-3ff8f50a-1a51-4383-9429-d18f022f35cc ] Request - Headers: {'Content-Type': 'application/json', 'Accept': 'application/json', 'X-Auth-Token': ''} Body: {"trunk": {"sub_ports": [{"segmentation_id": 2, "port_id": "c90de926-d4f8-4d13-8a64-aa57177bba95", "segmentation_type": "vlan"}, {"segmentation_id": 2, "port_id": "3407adc2-cbd3-4f43-8452-139e398b3488", "segmentation_type": "vlan"}], "port_id": "df09bf40-819d-44f5-9877-fa507e934123"}} Response - Headers: {'status': '400', u'content-length': '187', 'content-location': 'http://10.167.4.35:9696/v2.0/trunks', u'date': 'Sun, 28 Oct 2018 05:11:08 GMT', u'content-type': 'application/json', u'connection': 'close', u'x-openstack-request-id': 'req-3ff8f50a-1a51-4383-9429-d18f022f35cc'} Body: {"NeutronError": {"message": "Invalid input for sub_ports. Reason: Segmentation ID '2' for '3407adc2-cbd3-4f43-8452-139e398b3488' is not unique.", "type": "HTTPBadRequest", "detail": ""}} _log_request_full /root/.rally/verification/verifier-e0fe11d8-20d5-4555-bb52-973d1ce3be35/repo/tempest/lib/common/rest_client.py:434
2018-10-28 05:11:08.440 17992 INFO tempest.lib.common.rest_client [req-8e228699-4692-48fc-9f88-6bdd430828fa ] Request (TrunkTestJSON:_run_cleanups): 404 GET http://10.167.4.35:9696/v2.0/trunks/64fe3481-2a92-47b5-bd95-ae27f34be9d8/get_subports 0.033s
2018-10-28 05:11:08.441 17992 DEBUG tempest.lib.common.rest_client [req-8e228699-4692-48fc-9f88-6bdd430828fa ] Request - Headers: {'Content-Type': 'application/json', 'Accept': 'application/json', 'X-Auth-Token': ''} Body: None Response - Headers: {'status': '404', u'content-length': '134', 'content-location': 'http://10.167.4.35:9696/v2.0/trunks/64fe3481-2a92-47b5-bd95-ae27f34be9d8/get_subports', u'date': 'Sun, 28 Oct 2018 05:11:08 GMT', u'content-type': 'application/json', u'connection': 'close', u'x-openstack-request-id': 'req-8e228699-4692-48fc-9f88-6bdd430828fa'} Body: {"NeutronError": {"message": "Trunk 64fe3481-2a92-47b5-bd95-ae27f34be9d8 could not be found.", "type": "TrunkNotFound", "detail": ""}} _log_request_full /root/.rally/verification/verifier-e0fe11d8-20d5-4555-bb52-973d1ce3be35/repo/tempest/lib/common/rest_client.py:434
2018-10-28 05:11:08.465 17992 INFO tempest.lib.common.rest_client [req-ff3ebbc7-774c-4f9c-8677-1932cc23f559 ] Request (TrunkTestJSON:_run_cleanups): 404 DELETE http://10.167.4.35:9696/v2.0/trunks/64fe3481-2a92-47b5-bd95-ae27f34be9d8 0.023s
2018-10-28 05:11:08.465 17992 DEBUG tempest.lib.common.rest_client [req-ff3ebbc7-774c-4f9c-8677-1932cc23f559 ] Request - Headers: {'Content-Type': 'application/json', 'Accept': 'application/json', 'X-Auth-Token': ''} Body: None Response - Headers: {'status': '404', u'content-length': '134', 'content-location': 'http://10.167.4.35:9696/v2.0/trunks/64fe3481-2a92-47b5-bd95-ae27f34be9d8', u'date': 'Sun, 28 Oct 2018 05:11:08 GMT', u'content-type': 'application/json', u'connection': 'close', u'x-openstack-request-id': 'req-ff3ebbc7-774c-4f9c-8677-1932cc23f559'} Body: {"NeutronError": {"message": "Trunk 64fe3481-2a92-47b5-bd95-ae27f34be9d8 could not be found.", "type": "TrunkNotFound", "detail": ""}} _log_request_full /root/.rally/verification/verifier-e0fe11d8-20d5-4555-bb52-973d1ce3be35/repo/tempest/lib/common/rest_client.py:434
2018-10-28 05:11:08.495 17992 INFO tempest.lib.common.rest_client [req-fea979c6-800b-42f6-931b-36e7f0f7656b ] Request (TrunkTestJSON:_run_cleanups): 404 GET http://10.167.4.35:9696/v2.0/trunks/010af1e8-a2ed-4af0-9453-2772828b10be/get_subports 0.029s
2018-10-28 05:11:08.495 17992 DEBUG tempest.lib.common.rest_client [req-fea979c6-800b-42f6-931b-36e7f0f7656b ] Request - Headers: {'Content-Type': 'application/json', 'Accept': 'application/json', 'X-Auth-Token': ''} Body: None Response - Headers: {'status': '404', u'content-length': '134', 'content-location': 'http://10.167.4.35:9696/v2.0/trunks/010af1e8-a2ed-4af0-9453-2772828b10be/get_subports', u'date': 'Sun, 28 Oct 2018 05:11:08 GMT', u'content-type': 'application/json', u'connection': 'close', u'x-openstack-request-id': 'req-fea979c6-800b-42f6-931b-36e7f0f7656b'} Body: {"NeutronError": {"message": "Trunk 010af1e8-a2ed-4af0-9453-2772828b10be could not be found.", "type": "TrunkNotFound", "detail": ""}} _log_request_full /root/.rally/verification/verifier-e0fe11d8-20d5-4555-bb52-973d1ce3be35/repo/tempest/lib/common/rest_client.py:434
2018-10-28 05:11:08.536 17992 INFO tempest.lib.common.rest_client [req-3b5b55ec-e0df-438a-b816-bfbd320a6f18 ] Request (TrunkTestJSON:_run_cleanups): 404 DELETE http://10.167.4.35:9696/v2.0/trunks/010af1e8-a2ed-4af0-9453-2772828b10be 0.040s
2018-10-28 05:11:08.537 17992 DEBUG tempest.lib.common.rest_client [req-3b5b55ec-e0df-438a-b816-bfbd320a6f18 ] Request - Headers: {'Content-Type': 'application/json', 'Accept': 'application/json', 'X-Auth-Token': ''} Body: None Response - Headers: {'status': '404', u'content-length': '134', 'content-location': 'http://10.167.4.35:9696/v2.0/trunks/010af1e8-a2ed-4af0-9453-2772828b10be', u'date': 'Sun, 28 Oct 2018 05:11:08 GMT', u'content-type': 'application/json', u'connection': 'close', u'x-openstack-request-id': 'req-3b5b55ec-e0df-438a-b816-bfbd320a6f18'} Body: {"NeutronError": {"message": "Trunk 010af1e8-a2ed-4af0-9453-2772828b10be could not be found.", "type": "TrunkNotFound", "detail": ""}} _log_request_full /root/.rally/verification/verifier-e0fe11d8-20d5-4555-bb52-973d1ce3be35/repo/tempest/lib/common/rest_client.py:434
2018-10-28 05:11:08.555 17992 INFO tempest.lib.common.rest_client [req-730f8178-4702-4beb-af52-8cb2ca82bdcb ] Request (TrunkTestJSON:_run_cleanups): 404 GET http://10.167.4.35:9696/v2.0/trunks/879b4caa-4057-4651-8e1c-b1c02eb47955/get_subports 0.017s
2018-10-28 05:11:08.555 17992 DEBUG tempest.lib.common.rest_client [req-730f8178-4702-4beb-af52-8cb2ca82bdcb ] Request - Headers: {'Content-Type': 'application/json', 'Accept': 'application/json', 'X-Auth-Token': ''} Body: None Response - Headers: {'status': '404', u'content-length': '134', 'content-location': 'http://10.167.4.35:9696/v2.0/trunks/879b4caa-4057-4651-8e1c-b1c02eb47955/get_subports', u'date': 'Sun, 28 Oct 2018 05:11:08 GMT', u'content-type': 'application/json', u'connection': 'close', u'x-openstack-request-id': 'req-730f8178-4702-4beb-af52-8cb2ca82bdcb'} Body: {"NeutronError": {"message": "Trunk 879b4caa-4057-4651-8e1c-b1c02eb47955 could not be found.", "type": "TrunkNotFound", "detail": ""}} _log_request_full /root/.rally/verification/verifier-e0fe11d8-20d5-4555-bb52-973d1ce3be35/repo/tempest/lib/common/rest_client.py:434
2018-10-28 05:11:08.587 17992 INFO tempest.lib.common.rest_client [req-e213d3ab-d501-42af-8166-77a2aadbcf0c ] Request (TrunkTestJSON:_run_cleanups): 404 DELETE http://10.167.4.35:9696/v2.0/trunks/879b4caa-4057-4651-8e1c-b1c02eb47955 0.031s
2018-10-28 05:11:08.588 17992 DEBUG tempest.lib.common.rest_client [req-e213d3ab-d501-42af-8166-77a2aadbcf0c ] Request - Headers: {'Content-Type': 'application/json', 'Accept': 'application/json', 'X-Auth-Token': ''} Body: None Response - Headers: {'status': '404', u'content-length': '134', 'content-location': 'http://10.167.4.35:9696/v2.0/trunks/879b4caa-4057-4651-8e1c-b1c02eb47955', u'date': 'Sun, 28 Oct 2018 05:11:08 GMT', u'content-type': 'application/json', u'connection': 'close', u'x-openstack-request-id': 'req-e213d3ab-d501-42af-8166-77a2aadbcf0c'} Body: {"NeutronError": {"message": "Trunk 879b4caa-4057-4651-8e1c-b1c02eb47955 could not be found.", "type": "TrunkNotFound", "detail": ""}} _log_request_full /root/.rally/verification/verifier-e0fe11d8-20d5-4555-bb52-973d1ce3be35/repo/tempest/lib/common/rest_client.py:434
2018-10-28 05:11:08.608 17988 INFO tempest.lib.common.rest_client [req-f7484ac2-3f96-4ba2-bf4e-73568d52e6c6 ] Request (TrunkTestJSON:_run_cleanups): 204 DELETE http://10.167.4.35:9696/v2.0/ports/c380682e-bf97-4609-85b9-0bff25eb3219 0.617s
2018-10-28 05:11:08.609 17988 DEBUG tempest.lib.common.rest_client [req-f7484ac2-3f96-4ba2-bf4e-73568d52e6c6 ] Request - Headers: {'Content-Type': 'application/json', 'Accept': 'application/json', 'X-Auth-Token': ''} Body: None Response - Headers: {'status': '204', u'content-length': '0', 'content-location': 'http://10.167.4.35:9696/v2.0/ports/c380682e-bf97-4609-85b9-0bff25eb3219', u'date': 'Sun, 28 Oct 2018 05:11:08 GMT', u'connection': 'close', u'x-openstack-request-id': 'req-f7484ac2-3f96-4ba2-bf4e-73568d52e6c6'} Body: _log_request_full /root/.rally/verification/verifier-e0fe11d8-20d5-4555-bb52-973d1ce3be35/repo/tempest/lib/common/rest_client.py:434
2018-10-28 05:11:08.630 17992 INFO tempest.lib.common.rest_client [req-4329a37c-e793-4d66-aa42-f861bea76c62 ] Request (TrunkTestJSON:_run_cleanups): 404 GET http://10.167.4.35:9696/v2.0/trunks/812a66e5-437c-4c27-a9be-867253b1050c/get_subports 0.041s
2018-10-28 05:11:08.630 17992 DEBUG tempest.lib.common.rest_client [req-4329a37c-e793-4d66-aa42-f861bea76c62 ] Request - Headers: {'Content-Type': 'application/json', 'Accept': 'application/json', 'X-Auth-Token': ''} Body: None Response - Headers: {'status': '404', u'content-length': '134', 'content-location': 'http://10.167.4.35:9696/v2.0/trunks/812a66e5-437c-4c27-a9be-867253b1050c/get_subports', u'date': 'Sun, 28 Oct 2018 05:11:08 GMT', u'content-type': 'application/json', u'connection': 'close', u'x-openstack-request-id': 'req-4329a37c-e793-4d66-aa42-f861bea76c62'} Body: {"NeutronError": {"message": "Trunk 812a66e5-437c-4c27-a9be-867253b1050c could not be found.", "type": "TrunkNotFound", "detail": ""}} _log_request_full /root/.rally/verification/verifier-e0fe11d8-20d5-4555-bb52-973d1ce3be35/repo/tempest/lib/common/rest_client.py:434
2018-10-28 05:11:08.664 17992 INFO tempest.lib.common.rest_client [req-af0b7c8a-a6d7-47e6-99c5-b38bb8bcb626 ] Request (TrunkTestJSON:_run_cleanups): 404 DELETE http://10.167.4.35:9696/v2.0/trunks/812a66e5-437c-4c27-a9be-867253b1050c 0.032s
2018-10-28 05:11:08.664 17992 DEBUG tempest.lib.common.rest_client [req-af0b7c8a-a6d7-47e6-99c5-b38bb8bcb626 ] Request - Headers: {'Content-Type': 'application/json', 'Accept': 'application/json', 'X-Auth-Token': ''} Body: None Response - Headers: {'status': '404', u'content-length': '134', 'content-location': 'http://10.167.4.35:9696/v2.0/trunks/812a66e5-437c-4c27-a9be-867253b1050c', u'date': 'Sun, 28 Oct 2018 05:11:08 GMT', u'content-type': 'application/json', u'connection': 'close', u'x-openstack-request-id': 'req-af0b7c8a-a6d7-47e6-99c5-b38bb8bcb626'} Body: {"NeutronError": {"message": "Trunk 812a66e5-437c-4c27-a9be-867253b1050c could not be found.", "type": "TrunkNotFound", "detail": ""}} _log_request_full /root/.rally/verification/verifier-e0fe11d8-20d5-4555-bb52-973d1ce3be35/repo/tempest/lib/common/rest_client.py:434
2018-10-28 05:11:08.916 17992 INFO tempest.lib.common.rest_client [req-dc71c31d-6a3b-4f43-9413-db7ae29638cd ] Request (TrunkTestJSON:_run_cleanups): 404 GET http://10.167.4.35:9696/v2.0/trunks/a97629d9-495f-4a1f-ad63-1ebc9b75c21b/get_subports 0.251s
2018-10-28 05:11:08.917 17992 DEBUG tempest.lib.common.rest_client [req-dc71c31d-6a3b-4f43-9413-db7ae29638cd ] Request - Headers: {'Content-Type': 'application/json', 'Accept': 'application/json', 'X-Auth-Token': ''} Body: None Response - Headers: {'status': '404', u'content-length': '134', 'content-location': 'http://10.167.4.35:9696/v2.0/trunks/a97629d9-495f-4a1f-ad63-1ebc9b75c21b/get_subports', u'date': 'Sun, 28 Oct 2018 05:11:08 GMT', u'content-type': 'application/json', u'connection': 'close', u'x-openstack-request-id': 'req-dc71c31d-6a3b-4f43-9413-db7ae29638cd'} Body: {"NeutronError": {"message": "Trunk a97629d9-495f-4a1f-ad63-1ebc9b75c21b could not be found.", "type": "TrunkNotFound", "detail": ""}} _log_request_full /root/.rally/verification/verifier-e0fe11d8-20d5-4555-bb52-973d1ce3be35/repo/tempest/lib/common/rest_client.py:434
2018-10-28 05:11:08.942 17992 INFO tempest.lib.common.rest_client [req-51b7b001-25ba-42ee-8c29-d75344c3de13 ] Request (TrunkTestJSON:_run_cleanups): 404 DELETE http://10.167.4.35:9696/v2.0/trunks/a97629d9-495f-4a1f-ad63-1ebc9b75c21b 0.024s
2018-10-28 05:11:08.943 17992 DEBUG tempest.lib.common.rest_client [req-51b7b001-25ba-42ee-8c29-d75344c3de13 ] Request - Headers: {'Content-Type': 'application/json', 'Accept': 'application/json', 'X-Auth-Token': ''} Body: None Response - Headers: {'status': '404', u'content-length': '134', 'content-location': 'http://10.167.4.35:9696/v2.0/trunks/a97629d9-495f-4a1f-ad63-1ebc9b75c21b', u'date': 'Sun, 28 Oct 2018 05:11:08 GMT', u'content-type': 'application/json', u'connection': 'close', u'x-openstack-request-id': 'req-51b7b001-25ba-42ee-8c29-d75344c3de13'} Body: {"NeutronError": {"message": "Trunk a97629d9-495f-4a1f-ad63-1ebc9b75c21b could not be found.", "type": "TrunkNotFound", "detail": ""}} _log_request_full /root/.rally/verification/verifier-e0fe11d8-20d5-4555-bb52-973d1ce3be35/repo/tempest/lib/common/rest_client.py:434
2018-10-28 05:11:08.974 17992 INFO tempest.lib.common.rest_client [req-9046b5f7-0ea7-4ac9-88a2-0d85e26eb622 ] Request (TrunkTestJSON:_run_cleanups): 404 GET http://10.167.4.35:9696/v2.0/trunks/fbe051d0-636e-411c-9b4b-274621b624cc/get_subports 0.031s
2018-10-28 05:11:08.975 17992 DEBUG tempest.lib.common.rest_client [req-9046b5f7-0ea7-4ac9-88a2-0d85e26eb622 ] Request - Headers: {'Content-Type': 'application/json', 'Accept': 'application/json', 'X-Auth-Token': ''} Body: None Response - Headers: {'status': '404', u'content-length': '134', 'content-location': 'http://10.167.4.35:9696/v2.0/trunks/fbe051d0-636e-411c-9b4b-274621b624cc/get_subports', u'date': 'Sun, 28 Oct 2018 05:11:08 GMT', u'content-type': 'application/json', u'connection': 'close', u'x-openstack-request-id': 'req-9046b5f7-0ea7-4ac9-88a2-0d85e26eb622'} Body: {"NeutronError": {"message": "Trunk fbe051d0-636e-411c-9b4b-274621b624cc could not be found.", "type": "TrunkNotFound", "detail": ""}} _log_request_full /root/.rally/verification/verifier-e0fe11d8-20d5-4555-bb52-973d1ce3be35/repo/tempest/lib/common/rest_client.py:434
2018-10-28 05:11:09.014 17992 INFO tempest.lib.common.rest_client [req-84860f9e-4eaa-46ae-af1a-05331ecb3da5 ] Request (TrunkTestJSON:_run_cleanups): 404 DELETE http://10.167.4.35:9696/v2.0/trunks/fbe051d0-636e-411c-9b4b-274621b624cc 0.038s
2018-10-28 05:11:09.014 17992 DEBUG tempest.lib.common.rest_client [req-84860f9e-4eaa-46ae-af1a-05331ecb3da5 ] Request - Headers: {'Content-Type': 'application/json', 'Accept': 'application/json', 'X-Auth-Token': ''} Body: None Response - Headers: {'status': '404', u'content-length': '134', 'content-location': 'http://10.167.4.35:9696/v2.0/trunks/fbe051d0-636e-411c-9b4b-274621b624cc', u'date': 'Sun, 28 Oct 2018 05:11:09 GMT', u'content-type': 'application/json', u'connection': 'close', u'x-openstack-request-id': 'req-84860f9e-4eaa-46ae-af1a-05331ecb3da5'} Body: {"NeutronError": {"message": "Trunk fbe051d0-636e-411c-9b4b-274621b624cc could not be found.", "type": "TrunkNotFound", "detail": ""}} _log_request_full /root/.rally/verification/verifier-e0fe11d8-20d5-4555-bb52-973d1ce3be35/repo/tempest/lib/common/rest_client.py:434
2018-10-28 05:11:09.054 17992 INFO tempest.lib.common.rest_client [req-3b10d354-0bb5-4206-abcd-8ac8fc269aec ] Request (TrunkTestJSON:_run_cleanups): 200 GET http://10.167.4.35:9696/v2.0/trunks/df09bf40-819d-44f5-9877-fa507e934123/get_subports 0.038s
2018-10-28 05:11:09.054 17992 DEBUG tempest.lib.common.rest_client [req-3b10d354-0bb5-4206-abcd-8ac8fc269aec ] Request - Headers: {'Content-Type': 'application/json', 'Accept': 'application/json', 'X-Auth-Token': ''} Body: None Response - Headers: {'status': '200', u'content-length': '17', 'content-location': 'http://10.167.4.35:9696/v2.0/trunks/df09bf40-819d-44f5-9877-fa507e934123/get_subports', u'date': 'Sun, 28 Oct 2018 05:11:09 GMT', u'content-type': 'application/json', u'connection': 'close', u'x-openstack-request-id': 'req-3b10d354-0bb5-4206-abcd-8ac8fc269aec'} Body: {"sub_ports": []} _log_request_full /root/.rally/verification/verifier-e0fe11d8-20d5-4555-bb52-973d1ce3be35/repo/tempest/lib/common/rest_client.py:434
2018-10-28 05:11:09.164 17992 INFO tempest.lib.common.rest_client [req-c8358704-7fd5-4677-9397-7dbd2175d2c1 ] Request (TrunkTestJSON:_run_cleanups): 200 PUT http://10.167.4.35:9696/v2.0/trunks/df09bf40-819d-44f5-9877-fa507e934123/remove_subports 0.109s
2018-10-28 05:11:09.164 17992 DEBUG tempest.lib.common.rest_client [req-c8358704-7fd5-4677-9397-7dbd2175d2c1 ] Request - Headers: {'Content-Type': 'application/json', 'Accept': 'application/json', 'X-Auth-Token': ''} Body: {"sub_ports": []} Response - Headers: {'status': '200', u'content-length': '396', 'content-location': 'http://10.167.4.35:9696/v2.0/trunks/df09bf40-819d-44f5-9877-fa507e934123/remove_subports', u'date': 'Sun, 28 Oct 2018 05:11:09 GMT', u'content-type': 'application/json', u'connection': 'close', u'x-openstack-request-id': 'req-c8358704-7fd5-4677-9397-7dbd2175d2c1'} Body: {"status": "DOWN", "sub_ports": [], "name": "", "admin_state_up": true, "tenant_id": "22f1695511454ecf9d524f562b565af3", "created_at": "2018-10-28T05:11:05Z", "tags": [], "updated_at": "2018-10-28T05:11:09Z", "revision_number": 2, "project_id": "22f1695511454ecf9d524f562b565af3", "port_id": "b8c5db7d-b670-4871-bf3c-ca0d0f3fce29", "id": "df09bf40-819d-44f5-9877-fa507e934123", "description": ""} _log_request_full /root/.rally/verification/verifier-e0fe11d8-20d5-4555-bb52-973d1ce3be35/repo/tempest/lib/common/rest_client.py:434
2018-10-28 05:11:09.205 17988 INFO tempest.lib.common.rest_client [req-f0c69fa7-ab4a-48bf-bbe1-684543bb857d ] Request (TrunkTestJSON:_run_cleanups): 204 DELETE http://10.167.4.35:9696/v2.0/ports/4f4bcfe5-c235-4e7d-a43a-fe248662a2dd 0.595s
2018-10-28 05:11:09.206 17988 DEBUG tempest.lib.common.rest_client [req-f0c69fa7-ab4a-48bf-bbe1-684543bb857d ] Request - Headers: {'Content-Type': 'application/json', 'Accept': 'application/json', 'X-Auth-Token': ''} Body: None Response - Headers: {'status': '204', u'content-length': '0', 'content-location': 'http://10.167.4.35:9696/v2.0/ports/4f4bcfe5-c235-4e7d-a43a-fe248662a2dd', u'date': 'Sun, 28 Oct 2018 05:11:09 GMT', u'connection': 'close', u'x-openstack-request-id': 'req-f0c69fa7-ab4a-48bf-bbe1-684543bb857d'} Body: _log_request_full /root/.rally/verification/verifier-e0fe11d8-20d5-4555-bb52-973d1ce3be35/repo/tempest/lib/common/rest_client.py:434
2018-10-28 05:11:09.245 17988 INFO tempest.lib.common.rest_client [req-201ec40f-cffc-4b98-8e1d-ccbbbaf2a1b0 ] Request (TrunkTestJSON:_run_cleanups): 404 DELETE http://10.167.4.35:9696/v2.0/networks/4c5445e4-2ed2-4c03-8692-b9d57c37c628 0.038s
2018-10-28 05:11:09.245 17988 DEBUG tempest.lib.common.rest_client [req-201ec40f-cffc-4b98-8e1d-ccbbbaf2a1b0 ] Request - Headers: {'Content-Type': 'application/json', 'Accept': 'application/json', 'X-Auth-Token': ''} Body: None Response - Headers: {'status': '404', u'content-length': '138', 'content-location': 'http://10.167.4.35:9696/v2.0/networks/4c5445e4-2ed2-4c03-8692-b9d57c37c628', u'date': 'Sun, 28 Oct 2018 05:11:09 GMT', u'content-type': 'application/json', u'connection': 'close', u'x-openstack-request-id': 'req-201ec40f-cffc-4b98-8e1d-ccbbbaf2a1b0'} Body: {"NeutronError": {"message": "Network 4c5445e4-2ed2-4c03-8692-b9d57c37c628 could not be found.", "type": "NetworkNotFound", "detail": ""}} _log_request_full /root/.rally/verification/verifier-e0fe11d8-20d5-4555-bb52-973d1ce3be35/repo/tempest/lib/common/rest_client.py:434
2018-10-28 05:11:09.284 17989 INFO tempest.lib.common.rest_client [req-64d1d7fc-6d5f-4b12-8d00-3548e93d6d15 ] Request (TrunkTest:test_trunk_subport_lifecycle): 200 PUT http://10.167.4.35:9696/v2.0/trunks/c5f4b085-05bf-41e1-8145-419b87838fd1/add_subports 1.675s
2018-10-28 05:11:09.285 17989 DEBUG tempest.lib.common.rest_client [req-64d1d7fc-6d5f-4b12-8d00-3548e93d6d15 ] Request - Headers: {'Content-Type': 'application/json', 'Accept': 'application/json', 'X-Auth-Token': ''} Body: {"sub_ports": [{"segmentation_type": "vlan", "port_id": "9ed44c6d-7bda-4a5a-8ad9-732e1bfa74e3", "segmentation_id": 3}, {"segmentation_type": "vlan", "port_id": "128c72b8-1ab0-4ce2-9ed7-28f80dcd98b8", "segmentation_id": 4}, {"segmentation_type": "vlan", "port_id": "3c32e0ab-0937-4578-ab43-830dd5b8a9eb", "segmentation_id": 5}, {"segmentation_type": "vlan", "port_id": "e1f773ee-0d54-47e0-968f-891025980387", "segmentation_id": 6}]} Response - Headers: {'status': '200', u'content-length': '812', 'content-location': 'http://10.167.4.35:9696/v2.0/trunks/c5f4b085-05bf-41e1-8145-419b87838fd1/add_subports', u'date': 'Sun, 28 Oct 2018 05:11:09 GMT', u'content-type': 'application/json', u'connection': 'close', u'x-openstack-request-id': 'req-64d1d7fc-6d5f-4b12-8d00-3548e93d6d15'} Body: {"status": "ACTIVE", "sub_ports": [{"segmentation_type": "vlan", "port_id": "9ed44c6d-7bda-4a5a-8ad9-732e1bfa74e3", "segmentation_id": 3}, {"segmentation_type": "vlan", "port_id": "128c72b8-1ab0-4ce2-9ed7-28f80dcd98b8", "segmentation_id": 4}, {"segmentation_type": "vlan", "port_id": "3c32e0ab-0937-4578-ab43-830dd5b8a9eb", "segmentation_id": 5}, {"segmentation_type": "vlan", "port_id": "e1f773ee-0d54-47e0-968f-891025980387", "segmentation_id": 6}], "name": "", "admin_state_up": true, "tenant_id": "ae36a4ab7a5646c3bc1aefe05bf8a53f", "created_at": "2018-10-28T05:10:19Z", "tags": [], "updated_at": "2018-10-28T05:11:08Z", "revision_number": 4, "project_id": "ae36a4ab7a5646c3bc1aefe05bf8a53f", "port_id": "c6f7b069-ca3b-4720-9d4f-6b405e666aab", "id": "c5f4b085-05bf-41e1-8145-419b87838fd1", "description": ""} _log_request_full /root/.rally/verification/verifier-e0fe11d8-20d5-4555-bb52-973d1ce3be35/repo/tempest/lib/common/rest_client.py:434
2018-10-28 05:11:09.302 17988 INFO tempest.lib.common.rest_client [req-4101ed14-7314-4392-8064-d0ab083ff91c ] Request (TrunkTestJSON:_run_cleanups): 404 DELETE http://10.167.4.35:9696/v2.0/networks/fd7e39f7-04d6-474f-bf43-7f2338bb34aa 0.056s
2018-10-28 05:11:09.302 17988 DEBUG tempest.lib.common.rest_client [req-4101ed14-7314-4392-8064-d0ab083ff91c ] Request - Headers: {'Content-Type': 'application/json', 'Accept': 'application/json', 'X-Auth-Token': ''} Body: None Response - Headers: {'status': '404', u'content-length': '138', 'content-location': 'http://10.167.4.35:9696/v2.0/networks/fd7e39f7-04d6-474f-bf43-7f2338bb34aa', u'date': 'Sun, 28 Oct 2018 05:11:09 GMT', u'content-type': 'application/json', u'connection': 'close', u'x-openstack-request-id': 'req-4101ed14-7314-4392-8064-d0ab083ff91c'} Body: {"NeutronError": {"message": "Network fd7e39f7-04d6-474f-bf43-7f2338bb34aa could not be found.", "type": "NetworkNotFound", "detail": ""}} _log_request_full /root/.rally/verification/verifier-e0fe11d8-20d5-4555-bb52-973d1ce3be35/repo/tempest/lib/common/rest_client.py:434
2018-10-28 05:11:09.331 17989 INFO tempest.lib.common.rest_client [req-ed5bda90-8531-479f-91f8-a62f6e518b50 ] Request (TrunkTest:test_trunk_subport_lifecycle): 200 GET http://10.167.4.35:9696/v2.0/trunks/c5f4b085-05bf-41e1-8145-419b87838fd1 0.045s
2018-10-28 05:11:09.332 17989 DEBUG tempest.lib.common.rest_client [req-ed5bda90-8531-479f-91f8-a62f6e518b50 ] Request - Headers: {'Content-Type': 'application/json', 'Accept': 'application/json', 'X-Auth-Token': ''} Body: None Response - Headers: {'status': '200', u'content-length': '823', 'content-location': 'http://10.167.4.35:9696/v2.0/trunks/c5f4b085-05bf-41e1-8145-419b87838fd1', u'date': 'Sun, 28 Oct 2018 05:11:09 GMT', u'content-type': 'application/json', u'connection': 'close', u'x-openstack-request-id': 'req-ed5bda90-8531-479f-91f8-a62f6e518b50'} Body: {"trunk": {"status": "ACTIVE", "sub_ports": [{"segmentation_type": "vlan", "port_id": "9ed44c6d-7bda-4a5a-8ad9-732e1bfa74e3", "segmentation_id": 3}, {"segmentation_type": "vlan", "port_id": "128c72b8-1ab0-4ce2-9ed7-28f80dcd98b8", "segmentation_id": 4}, {"segmentation_type": "vlan", "port_id": "3c32e0ab-0937-4578-ab43-830dd5b8a9eb", "segmentation_id": 5}, {"segmentation_type": "vlan", "port_id": "e1f773ee-0d54-47e0-968f-891025980387", "segmentation_id": 6}], "name": "", "admin_state_up": true, "tenant_id": "ae36a4ab7a5646c3bc1aefe05bf8a53f", "created_at": "2018-10-28T05:10:19Z", "tags": [], "updated_at": "2018-10-28T05:11:08Z", "revision_number": 4, "project_id": "ae36a4ab7a5646c3bc1aefe05bf8a53f", "port_id": "c6f7b069-ca3b-4720-9d4f-6b405e666aab", "id": "c5f4b085-05bf-41e1-8145-419b87838fd1", "description": ""}} _log_request_full /root/.rally/verification/verifier-e0fe11d8-20d5-4555-bb52-973d1ce3be35/repo/tempest/lib/common/rest_client.py:434
2018-10-28 05:11:09.344 17988 INFO tempest.lib.common.rest_client [req-1566666a-0c70-4d0d-979e-f0c6ee84881d ] Request (TrunkTestJSON:_run_cleanups): 404 DELETE http://10.167.4.35:9696/v2.0/networks/f72df9fb-4ffa-40ff-80b9-c7f0d1536f31 0.041s
2018-10-28 05:11:09.344 17988 DEBUG tempest.lib.common.rest_client [req-1566666a-0c70-4d0d-979e-f0c6ee84881d ] Request - Headers: {'Content-Type': 'application/json', 'Accept': 'application/json', 'X-Auth-Token': ''} Body: None Response - Headers: {'status': '404', u'content-length': '138', 'content-location': 'http://10.167.4.35:9696/v2.0/networks/f72df9fb-4ffa-40ff-80b9-c7f0d1536f31', u'date': 'Sun, 28 Oct 2018 05:11:09 GMT', u'content-type': 'application/json', u'connection': 'close', u'x-openstack-request-id': 'req-1566666a-0c70-4d0d-979e-f0c6ee84881d'} Body: {"NeutronError": {"message": "Network f72df9fb-4ffa-40ff-80b9-c7f0d1536f31 could not be found.", "type": "NetworkNotFound", "detail": ""}} _log_request_full /root/.rally/verification/verifier-e0fe11d8-20d5-4555-bb52-973d1ce3be35/repo/tempest/lib/common/rest_client.py:434
2018-10-28 05:11:09.389 17988 INFO tempest.lib.common.rest_client [req-93e03d7c-7a25-4d6d-badf-044de359d8f6 ] Request (TrunkTestJSON:_run_cleanups): 404 DELETE http://10.167.4.35:9696/v2.0/networks/a0d2f424-335e-4f91-be6a-9e5a89cb3ab9 0.044s
2018-10-28 05:11:09.390 17988 DEBUG tempest.lib.common.rest_client [req-93e03d7c-7a25-4d6d-badf-044de359d8f6 ] Request - Headers: {'Content-Type': 'application/json', 'Accept': 'application/json', 'X-Auth-Token': ''} Body: None Response - Headers: {'status': '404', u'content-length': '138', 'content-location': 'http://10.167.4.35:9696/v2.0/networks/a0d2f424-335e-4f91-be6a-9e5a89cb3ab9', u'date': 'Sun, 28 Oct 2018 05:11:09 GMT', u'content-type': 'application/json', u'connection': 'close', u'x-openstack-request-id': 'req-93e03d7c-7a25-4d6d-badf-044de359d8f6'} Body: {"NeutronError": {"message": "Network a0d2f424-335e-4f91-be6a-9e5a89cb3ab9 could not be found.", "type": "NetworkNotFound", "detail": ""}} _log_request_full /root/.rally/verification/verifier-e0fe11d8-20d5-4555-bb52-973d1ce3be35/repo/tempest/lib/common/rest_client.py:434
2018-10-28 05:11:09.431 17988 INFO tempest.lib.common.rest_client [req-4eef8bd3-1dab-465b-8552-a6a7bdf64171 ] Request (TrunkTestJSON:_run_cleanups): 404 DELETE http://10.167.4.35:9696/v2.0/networks/fa43dd0f-6a6f-46e6-92bf-f4233e7c7338 0.040s
2018-10-28 05:11:09.432 17988 DEBUG tempest.lib.common.rest_client [req-4eef8bd3-1dab-465b-8552-a6a7bdf64171 ] Request - Headers: {'Content-Type': 'application/json', 'Accept': 'application/json', 'X-Auth-Token': ''} Body: None Response - Headers: {'status': '404', u'content-length': '138', 'content-location': 'http://10.167.4.35:9696/v2.0/networks/fa43dd0f-6a6f-46e6-92bf-f4233e7c7338', u'date': 'Sun, 28 Oct 2018 05:11:09 GMT', u'content-type': 'application/json', u'connection': 'close', u'x-openstack-request-id': 'req-4eef8bd3-1dab-465b-8552-a6a7bdf64171'} Body: {"NeutronError": {"message": "Network fa43dd0f-6a6f-46e6-92bf-f4233e7c7338 could not be found.", "type": "NetworkNotFound", "detail": ""}} _log_request_full /root/.rally/verification/verifier-e0fe11d8-20d5-4555-bb52-973d1ce3be35/repo/tempest/lib/common/rest_client.py:434
2018-10-28 05:11:09.447 17992 INFO tempest.lib.common.rest_client [req-b3754f08-beeb-47a1-9929-a980bc1e4740 ] Request (TrunkTestJSON:_run_cleanups): 204 DELETE http://10.167.4.35:9696/v2.0/trunks/df09bf40-819d-44f5-9877-fa507e934123 0.281s
2018-10-28 05:11:09.447 17992 DEBUG tempest.lib.common.rest_client [req-b3754f08-beeb-47a1-9929-a980bc1e4740 ] Request - Headers: {'Content-Type': 'application/json', 'Accept': 'application/json', 'X-Auth-Token': ''} Body: None Response - Headers: {'status': '204', u'content-length': '0', 'content-location': 'http://10.167.4.35:9696/v2.0/trunks/df09bf40-819d-44f5-9877-fa507e934123', u'date': 'Sun, 28 Oct 2018 05:11:09 GMT', u'connection': 'close', u'x-openstack-request-id': 'req-b3754f08-beeb-47a1-9929-a980bc1e4740'} Body: _log_request_full /root/.rally/verification/verifier-e0fe11d8-20d5-4555-bb52-973d1ce3be35/repo/tempest/lib/common/rest_client.py:434
2018-10-28 05:11:09.469 17989 INFO tempest.lib.common.rest_client [req-34515f08-b65c-491b-92b3-ae40b5df3c37 ] Request (TrunkTest:test_trunk_subport_lifecycle): 200 GET http://10.167.4.35:9696/v2.0/ports/9ed44c6d-7bda-4a5a-8ad9-732e1bfa74e3 0.136s
2018-10-28 05:11:09.469 17989 DEBUG tempest.lib.common.rest_client [req-34515f08-b65c-491b-92b3-ae40b5df3c37 ] Request - Headers: {'Content-Type': 'application/json', 'Accept': 'application/json', 'X-Auth-Token': ''} Body: None Response - Headers: {'status': '200', u'content-length': '617', 'content-location': 'http://10.167.4.35:9696/v2.0/ports/9ed44c6d-7bda-4a5a-8ad9-732e1bfa74e3', u'date': 'Sun, 28 Oct 2018 05:11:09 GMT', u'content-type': 'application/json', u'connection': 'close', u'x-openstack-request-id': 'req-34515f08-b65c-491b-92b3-ae40b5df3c37'} Body: {"port":{"status":"ACTIVE","created_at":"2018-10-28T05:11:02Z","description":"","allowed_address_pairs":[],"tags":[],"network_id":"718ef8ac-c6e5-4929-a0cd-a3e5c2e0f8c5","tenant_id":"ae36a4ab7a5646c3bc1aefe05bf8a53f","extra_dhcp_opts":[],"admin_state_up":true,"updated_at":"2018-10-28T05:11:08Z","name":"","device_owner":"","revision_number":6,"mac_address":"fa:16:3e:88:9c:d7","binding:vnic_type":"normal","port_security_enabled":true,"project_id":"ae36a4ab7a5646c3bc1aefe05bf8a53f","fixed_ips":[],"id":"9ed44c6d-7bda-4a5a-8ad9-732e1bfa74e3","security_groups":["1343d8b6-98b3-4c6a-a137-e0bd51edf893"],"device_id":""}} _log_request_full /root/.rally/verification/verifier-e0fe11d8-20d5-4555-bb52-973d1ce3be35/repo/tempest/lib/common/rest_client.py:434
2018-10-28 05:11:09.470 17992 INFO tempest.lib.common.rest_client [req-41cf779f-a465-4ec7-841b-2757728c862c ] Request (TrunkTestJSON:_run_cleanups): 404 GET http://10.167.4.35:9696/v2.0/trunks/64fe3481-2a92-47b5-bd95-ae27f34be9d8 0.022s
2018-10-28 05:11:09.470 17992 DEBUG tempest.lib.common.rest_client [req-41cf779f-a465-4ec7-841b-2757728c862c ] Request - Headers: {'Content-Type': 'application/json', 'Accept': 'application/json', 'X-Auth-Token': ''} Body: None Response - Headers: {'status': '404', u'content-length': '134', 'content-location': 'http://10.167.4.35:9696/v2.0/trunks/64fe3481-2a92-47b5-bd95-ae27f34be9d8', u'date': 'Sun, 28 Oct 2018 05:11:09 GMT', u'content-type': 'application/json', u'connection': 'close', u'x-openstack-request-id': 'req-41cf779f-a465-4ec7-841b-2757728c862c'} Body: {"NeutronError": {"message": "Trunk 64fe3481-2a92-47b5-bd95-ae27f34be9d8 could not be found.", "type": "TrunkNotFound", "detail": ""}} _log_request_full /root/.rally/verification/verifier-e0fe11d8-20d5-4555-bb52-973d1ce3be35/repo/tempest/lib/common/rest_client.py:434
2018-10-28 05:11:09.495 17988 INFO tempest.lib.common.rest_client [req-b973d625-8c49-4b6a-878b-4efdd989e5cd ] Request (TrunkTestJSON:_run_cleanups): 404 DELETE http://10.167.4.35:9696/v2.0/networks/24fc4429-1e99-489f-b107-658581697984 0.062s
2018-10-28 05:11:09.495 17988 DEBUG tempest.lib.common.rest_client [req-b973d625-8c49-4b6a-878b-4efdd989e5cd ] Request - Headers: {'Content-Type': 'application/json', 'Accept': 'application/json', 'X-Auth-Token': ''} Body: None Response - Headers: {'status': '404', u'content-length': '138', 'content-location': 'http://10.167.4.35:9696/v2.0/networks/24fc4429-1e99-489f-b107-658581697984', u'date': 'Sun, 28 Oct 2018 05:11:09 GMT', u'content-type': 'application/json', u'connection': 'close', u'x-openstack-request-id': 'req-b973d625-8c49-4b6a-878b-4efdd989e5cd'} Body: {"NeutronError": {"message": "Network 24fc4429-1e99-489f-b107-658581697984 could not be found.", "type": "NetworkNotFound", "detail": ""}} _log_request_full /root/.rally/verification/verifier-e0fe11d8-20d5-4555-bb52-973d1ce3be35/repo/tempest/lib/common/rest_client.py:434
2018-10-28 05:11:09.498 17992 INFO tempest.lib.common.rest_client [req-e35316e0-5eb4-4a4f-99a8-6c6493078dc4 ] Request (TrunkTestJSON:_run_cleanups): 404 GET http://10.167.4.35:9696/v2.0/trunks/010af1e8-a2ed-4af0-9453-2772828b10be 0.027s
2018-10-28 05:11:09.498 17992 DEBUG tempest.lib.common.rest_client [req-e35316e0-5eb4-4a4f-99a8-6c6493078dc4 ] Request - Headers: {'Content-Type': 'application/json', 'Accept': 'application/json', 'X-Auth-Token': ''} Body: None Response - Headers: {'status': '404', u'content-length': '134', 'content-location': 'http://10.167.4.35:9696/v2.0/trunks/010af1e8-a2ed-4af0-9453-2772828b10be', u'date': 'Sun, 28 Oct 2018 05:11:09 GMT', u'content-type': 'application/json', u'connection': 'close', u'x-openstack-request-id': 'req-e35316e0-5eb4-4a4f-99a8-6c6493078dc4'} Body: {"NeutronError": {"message": "Trunk 010af1e8-a2ed-4af0-9453-2772828b10be could not be found.", "type": "TrunkNotFound", "detail": ""}} _log_request_full /root/.rally/verification/verifier-e0fe11d8-20d5-4555-bb52-973d1ce3be35/repo/tempest/lib/common/rest_client.py:434
2018-10-28 05:11:09.529 17992 INFO tempest.lib.common.rest_client [req-88da7888-4fa9-4180-a060-bcfdd0d9918e ] Request (TrunkTestJSON:_run_cleanups): 404 GET http://10.167.4.35:9696/v2.0/trunks/879b4caa-4057-4651-8e1c-b1c02eb47955 0.030s
2018-10-28 05:11:09.530 17992 DEBUG tempest.lib.common.rest_client [req-88da7888-4fa9-4180-a060-bcfdd0d9918e ] Request - Headers: {'Content-Type': 'application/json', 'Accept': 'application/json', 'X-Auth-Token': ''} Body: None Response - Headers: {'status': '404', u'content-length': '134', 'content-location': 'http://10.167.4.35:9696/v2.0/trunks/879b4caa-4057-4651-8e1c-b1c02eb47955', u'date': 'Sun, 28 Oct 2018 05:11:09 GMT', u'content-type': 'application/json', u'connection': 'close', u'x-openstack-request-id': 'req-88da7888-4fa9-4180-a060-bcfdd0d9918e'} Body: {"NeutronError": {"message": "Trunk 879b4caa-4057-4651-8e1c-b1c02eb47955 could not be found.", "type": "TrunkNotFound", "detail": ""}} _log_request_full /root/.rally/verification/verifier-e0fe11d8-20d5-4555-bb52-973d1ce3be35/repo/tempest/lib/common/rest_client.py:434
2018-10-28 05:11:09.549 17988 INFO tempest.lib.common.rest_client [req-057c8bb9-c81a-494c-97c6-62d7995598ec ] Request (TrunkTestJSON:_run_cleanups): 404 DELETE http://10.167.4.35:9696/v2.0/networks/ae17a3eb-b354-42c6-a403-15045bfcb475 0.052s
2018-10-28 05:11:09.549 17988 DEBUG tempest.lib.common.rest_client [req-057c8bb9-c81a-494c-97c6-62d7995598ec ] Request - Headers: {'Content-Type': 'application/json', 'Accept': 'application/json', 'X-Auth-Token': ''} Body: None Response - Headers: {'status': '404', u'content-length': '138', 'content-location': 'http://10.167.4.35:9696/v2.0/networks/ae17a3eb-b354-42c6-a403-15045bfcb475', u'date': 'Sun, 28 Oct 2018 05:11:09 GMT', u'content-type': 'application/json', u'connection': 'close', u'x-openstack-request-id': 'req-057c8bb9-c81a-494c-97c6-62d7995598ec'} Body: {"NeutronError": {"message": "Network ae17a3eb-b354-42c6-a403-15045bfcb475 could not be found.", "type": "NetworkNotFound", "detail": ""}} _log_request_full /root/.rally/verification/verifier-e0fe11d8-20d5-4555-bb52-973d1ce3be35/repo/tempest/lib/common/rest_client.py:434
2018-10-28 05:11:09.561 17992 INFO tempest.lib.common.rest_client [req-d45dea5b-ad38-4f38-a47b-eb62b842fb7c ] Request (TrunkTestJSON:_run_cleanups): 404 GET http://10.167.4.35:9696/v2.0/trunks/812a66e5-437c-4c27-a9be-867253b1050c 0.030s
2018-10-28 05:11:09.561 17992 DEBUG tempest.lib.common.rest_client [req-d45dea5b-ad38-4f38-a47b-eb62b842fb7c ] Request - Headers: {'Content-Type': 'application/json', 'Accept': 'application/json', 'X-Auth-Token': ''} Body: None Response - Headers: {'status': '404', u'content-length': '134', 'content-location': 'http://10.167.4.35:9696/v2.0/trunks/812a66e5-437c-4c27-a9be-867253b1050c', u'date': 'Sun, 28 Oct 2018 05:11:09 GMT', u'content-type': 'application/json', u'connection': 'close', u'x-openstack-request-id': 'req-d45dea5b-ad38-4f38-a47b-eb62b842fb7c'} Body: {"NeutronError": {"message": "Trunk 812a66e5-437c-4c27-a9be-867253b1050c could not be found.", "type": "TrunkNotFound", "detail": ""}} _log_request_full /root/.rally/verification/verifier-e0fe11d8-20d5-4555-bb52-973d1ce3be35/repo/tempest/lib/common/rest_client.py:434
2018-10-28 05:11:09.589 17992 INFO tempest.lib.common.rest_client [req-34910116-1d57-4100-ae72-0b7edef74e74 ] Request (TrunkTestJSON:_run_cleanups): 404 GET http://10.167.4.35:9696/v2.0/trunks/a97629d9-495f-4a1f-ad63-1ebc9b75c21b 0.027s
2018-10-28 05:11:09.589 17992 DEBUG tempest.lib.common.rest_client [req-34910116-1d57-4100-ae72-0b7edef74e74 ] Request - Headers: {'Content-Type': 'application/json', 'Accept': 'application/json', 'X-Auth-Token': ''} Body: None Response - Headers: {'status': '404', u'content-length': '134', 'content-location': 'http://10.167.4.35:9696/v2.0/trunks/a97629d9-495f-4a1f-ad63-1ebc9b75c21b', u'date': 'Sun, 28 Oct 2018 05:11:09 GMT', u'content-type': 'application/json', u'connection': 'close', u'x-openstack-request-id': 'req-34910116-1d57-4100-ae72-0b7edef74e74'} Body: {"NeutronError": {"message": "Trunk a97629d9-495f-4a1f-ad63-1ebc9b75c21b could not be found.", "type": "TrunkNotFound", "detail": ""}} _log_request_full /root/.rally/verification/verifier-e0fe11d8-20d5-4555-bb52-973d1ce3be35/repo/tempest/lib/common/rest_client.py:434
2018-10-28 05:11:09.605 17988 INFO tempest.lib.common.rest_client [req-28cf9db1-c4b3-4e51-b337-a9a219b36b4a ] Request (TrunkTestJSON:_run_cleanups): 404 DELETE http://10.167.4.35:9696/v2.0/networks/d4eb7c7c-cc96-4632-a352-8fcf0072d4e7 0.055s
2018-10-28 05:11:09.606 17988 DEBUG tempest.lib.common.rest_client [req-28cf9db1-c4b3-4e51-b337-a9a219b36b4a ] Request - Headers: {'Content-Type': 'application/json', 'Accept': 'application/json', 'X-Auth-Token': ''} Body: None Response - Headers: {'status': '404', u'content-length': '138', 'content-location': 'http://10.167.4.35:9696/v2.0/networks/d4eb7c7c-cc96-4632-a352-8fcf0072d4e7', u'date': 'Sun, 28 Oct 2018 05:11:09 GMT', u'content-type': 'application/json', u'connection': 'close', u'x-openstack-request-id': 'req-28cf9db1-c4b3-4e51-b337-a9a219b36b4a'} Body: {"NeutronError": {"message": "Network d4eb7c7c-cc96-4632-a352-8fcf0072d4e7 could not be found.", "type": "NetworkNotFound", "detail": ""}} _log_request_full /root/.rally/verification/verifier-e0fe11d8-20d5-4555-bb52-973d1ce3be35/repo/tempest/lib/common/rest_client.py:434
2018-10-28 05:11:09.618 17992 INFO tempest.lib.common.rest_client [req-2a9ae3fd-a363-4ff3-b7f8-7fd42a41e1aa ] Request (TrunkTestJSON:_run_cleanups): 404 GET http://10.167.4.35:9696/v2.0/trunks/fbe051d0-636e-411c-9b4b-274621b624cc 0.028s
2018-10-28 05:11:09.618 17992 DEBUG tempest.lib.common.rest_client [req-2a9ae3fd-a363-4ff3-b7f8-7fd42a41e1aa ] Request - Headers: {'Content-Type': 'application/json', 'Accept': 'application/json', 'X-Auth-Token': ''} Body: None Response - Headers: {'status': '404', u'content-length': '134', 'content-location': 'http://10.167.4.35:9696/v2.0/trunks/fbe051d0-636e-411c-9b4b-274621b624cc', u'date': 'Sun, 28 Oct 2018 05:11:09 GMT', u'content-type': 'application/json', u'connection': 'close', u'x-openstack-request-id': 'req-2a9ae3fd-a363-4ff3-b7f8-7fd42a41e1aa'} Body: {"NeutronError": {"message": "Trunk fbe051d0-636e-411c-9b4b-274621b624cc could not be found.", "type": "TrunkNotFound", "detail": ""}} _log_request_full /root/.rally/verification/verifier-e0fe11d8-20d5-4555-bb52-973d1ce3be35/repo/tempest/lib/common/rest_client.py:434
2018-10-28 05:11:09.650 17992 INFO tempest.lib.common.rest_client [req-5e1623f5-ebef-4689-8ca7-65f8a31bd472 ] Request (TrunkTestJSON:_run_cleanups): 404 GET http://10.167.4.35:9696/v2.0/trunks/df09bf40-819d-44f5-9877-fa507e934123 0.031s
2018-10-28 05:11:09.650 17992 DEBUG tempest.lib.common.rest_client [req-5e1623f5-ebef-4689-8ca7-65f8a31bd472 ] Request - Headers: {'Content-Type': 'application/json', 'Accept': 'application/json', 'X-Auth-Token': ''} Body: None Response - Headers: {'status': '404', u'content-length': '134', 'content-location': 'http://10.167.4.35:9696/v2.0/trunks/df09bf40-819d-44f5-9877-fa507e934123', u'date': 'Sun, 28 Oct 2018 05:11:09 GMT', u'content-type': 'application/json', u'connection': 'close', u'x-openstack-request-id': 'req-5e1623f5-ebef-4689-8ca7-65f8a31bd472'} Body: {"NeutronError": {"message": "Trunk df09bf40-819d-44f5-9877-fa507e934123 could not be found.", "type": "TrunkNotFound", "detail": ""}} _log_request_full /root/.rally/verification/verifier-e0fe11d8-20d5-4555-bb52-973d1ce3be35/repo/tempest/lib/common/rest_client.py:434
2018-10-28 05:11:09.662 17988 INFO tempest.lib.common.rest_client [req-f0977131-0ac1-461b-95be-5e1706e8d262 ] Request (TrunkTestJSON:_run_cleanups): 404 DELETE http://10.167.4.35:9696/v2.0/networks/91650ccf-4254-4f2c-9a07-628c582ffbe8 0.056s
2018-10-28 05:11:09.663 17988 DEBUG tempest.lib.common.rest_client [req-f0977131-0ac1-461b-95be-5e1706e8d262 ] Request - Headers: {'Content-Type': 'application/json', 'Accept': 'application/json', 'X-Auth-Token': ''} Body: None Response - Headers: {'status': '404', u'content-length': '138', 'content-location': 'http://10.167.4.35:9696/v2.0/networks/91650ccf-4254-4f2c-9a07-628c582ffbe8', u'date': 'Sun, 28 Oct 2018 05:11:09 GMT', u'content-type': 'application/json', u'connection': 'close', u'x-openstack-request-id': 'req-f0977131-0ac1-461b-95be-5e1706e8d262'} Body: {"NeutronError": {"message": "Network 91650ccf-4254-4f2c-9a07-628c582ffbe8 could not be found.", "type": "NetworkNotFound", "detail": ""}} _log_request_full /root/.rally/verification/verifier-e0fe11d8-20d5-4555-bb52-973d1ce3be35/repo/tempest/lib/common/rest_client.py:434
2018-10-28 05:11:09.734 17992 INFO tempest.lib.common.rest_client [req-741e08e4-6759-4cf6-842a-bd475cd549c5 ] Request (TrunkTestJSON:_run_cleanups): 404 DELETE http://10.167.4.35:9696/v2.0/ports/f7b3ec5a-5b1c-4352-8ca3-dc056e86a4b3 0.083s
2018-10-28 05:11:09.735 17992 DEBUG tempest.lib.common.rest_client [req-741e08e4-6759-4cf6-842a-bd475cd549c5 ] Request - Headers: {'Content-Type': 'application/json', 'Accept': 'application/json', 'X-Auth-Token': ''} Body: None Response - Headers: {'status': '404', u'content-length': '132', 'content-location': 'http://10.167.4.35:9696/v2.0/ports/f7b3ec5a-5b1c-4352-8ca3-dc056e86a4b3', u'date': 'Sun, 28 Oct 2018 05:11:09 GMT', u'content-type': 'application/json', u'connection': 'close', u'x-openstack-request-id': 'req-741e08e4-6759-4cf6-842a-bd475cd549c5'} Body: {"NeutronError": {"message": "Port f7b3ec5a-5b1c-4352-8ca3-dc056e86a4b3 could not be found.", "type": "PortNotFound", "detail": ""}} _log_request_full /root/.rally/verification/verifier-e0fe11d8-20d5-4555-bb52-973d1ce3be35/repo/tempest/lib/common/rest_client.py:434
2018-10-28 05:11:09.787 17992 INFO tempest.lib.common.rest_client [req-9eae1599-bceb-4604-adfb-3632a6b2f836 ] Request (TrunkTestJSON:_run_cleanups): 404 DELETE http://10.167.4.35:9696/v2.0/ports/478b4060-bad1-419e-86af-c5c749fe5d50 0.051s
2018-10-28 05:11:09.788 17992 DEBUG tempest.lib.common.rest_client [req-9eae1599-bceb-4604-adfb-3632a6b2f836 ] Request - Headers: {'Content-Type': 'application/json', 'Accept': 'application/json', 'X-Auth-Token': ''} Body: None Response - Headers: {'status': '404', u'content-length': '132', 'content-location': 'http://10.167.4.35:9696/v2.0/ports/478b4060-bad1-419e-86af-c5c749fe5d50', u'date': 'Sun, 28 Oct 2018 05:11:09 GMT', u'content-type': 'application/json', u'connection': 'close', u'x-openstack-request-id': 'req-9eae1599-bceb-4604-adfb-3632a6b2f836'} Body: {"NeutronError": {"message": "Port 478b4060-bad1-419e-86af-c5c749fe5d50 could not be found.", "type": "PortNotFound", "detail": ""}} _log_request_full /root/.rally/verification/verifier-e0fe11d8-20d5-4555-bb52-973d1ce3be35/repo/tempest/lib/common/rest_client.py:434
2018-10-28 05:11:09.806 17989 INFO tempest.lib.common.rest_client [req-08b44e67-cb5a-448b-818e-12a15c1727d4 ] Request (TrunkTest:test_trunk_subport_lifecycle): 200 GET http://10.167.4.35:9696/v2.0/ports/128c72b8-1ab0-4ce2-9ed7-28f80dcd98b8 0.336s
2018-10-28 05:11:09.807 17989 DEBUG tempest.lib.common.rest_client [req-08b44e67-cb5a-448b-818e-12a15c1727d4 ] Request - Headers: {'Content-Type': 'application/json', 'Accept': 'application/json', 'X-Auth-Token': ''} Body: None Response - Headers: {'status': '200', u'content-length': '617', 'content-location': 'http://10.167.4.35:9696/v2.0/ports/128c72b8-1ab0-4ce2-9ed7-28f80dcd98b8', u'date': 'Sun, 28 Oct 2018 05:11:09 GMT', u'content-type': 'application/json', u'connection': 'close', u'x-openstack-request-id': 'req-08b44e67-cb5a-448b-818e-12a15c1727d4'} Body: {"port":{"status":"ACTIVE","created_at":"2018-10-28T05:11:03Z","description":"","allowed_address_pairs":[],"tags":[],"network_id":"fae79cb4-b341-400a-bf37-04dfbcd21c6b","tenant_id":"ae36a4ab7a5646c3bc1aefe05bf8a53f","extra_dhcp_opts":[],"admin_state_up":true,"updated_at":"2018-10-28T05:11:08Z","name":"","device_owner":"","revision_number":6,"mac_address":"fa:16:3e:e5:dc:65","binding:vnic_type":"normal","port_security_enabled":true,"project_id":"ae36a4ab7a5646c3bc1aefe05bf8a53f","fixed_ips":[],"id":"128c72b8-1ab0-4ce2-9ed7-28f80dcd98b8","security_groups":["1343d8b6-98b3-4c6a-a137-e0bd51edf893"],"device_id":""}} _log_request_full /root/.rally/verification/verifier-e0fe11d8-20d5-4555-bb52-973d1ce3be35/repo/tempest/lib/common/rest_client.py:434
2018-10-28 05:11:09.871 17992 INFO tempest.lib.common.rest_client [req-524230a5-bd58-4160-ba11-5e40f6f6f783 ] Request (TrunkTestJSON:_run_cleanups): 404 DELETE http://10.167.4.35:9696/v2.0/ports/b3ef2c1c-183b-4524-83e0-5d1488235797 0.082s
