2019-12-18 03:31:04.559 27667 RALLYDEBUG rally.api [-] INFO logs from urllib3 and requests module are hide.
2019-12-18 03:31:04.559 27667 RALLYDEBUG rally.api [-] urllib3 insecure warnings are hidden.
2019-12-18 03:31:04.559 27667 RALLYDEBUG rally.api [-] ERROR log from boto module is hide.
2019-12-18 03:31:07.945 27669 RALLYDEBUG rally.api [-] INFO logs from urllib3 and requests module are hide.
2019-12-18 03:31:07.945 27669 RALLYDEBUG rally.api [-] urllib3 insecure warnings are hidden.
2019-12-18 03:31:07.945 27669 RALLYDEBUG rally.api [-] ERROR log from boto module is hide.
2019-12-18 03:31:11.198 27671 RALLYDEBUG rally.api [-] INFO logs from urllib3 and requests module are hide.
2019-12-18 03:31:11.198 27671 RALLYDEBUG rally.api [-] urllib3 insecure warnings are hidden.
2019-12-18 03:31:11.198 27671 RALLYDEBUG rally.api [-] ERROR log from boto module is hide.
2019-12-18 03:31:15.489 27674 RALLYDEBUG rally.api [-] INFO logs from urllib3 and requests module are hide.
2019-12-18 03:31:15.489 27674 RALLYDEBUG rally.api [-] urllib3 insecure warnings are hidden.
2019-12-18 03:31:15.489 27674 RALLYDEBUG rally.api [-] ERROR log from boto module is hide.
2019-12-18 03:31:17.264 27676 RALLYDEBUG rally.api [-] INFO logs from urllib3 and requests module are hide.
2019-12-18 03:31:17.264 27676 RALLYDEBUG rally.api [-] urllib3 insecure warnings are hidden.
2019-12-18 03:31:17.265 27676 RALLYDEBUG rally.api [-] ERROR log from boto module is hide.
2019-12-18 03:31:18.833 27676 INFO rally.common.plugin.discover [-] Loading plugins from directories /root/.rally/plugins/*
2019-12-18 03:31:18.834 27676 INFO rally.common.plugin.discover [-] Loaded module with plugins: /root/.rally/plugins/__init__.py
2019-12-18 03:31:19.187 27676 INFO rally.task.engine [-] Task aa186fb2-7a56-434f-a38a-d59faec33f95 | Starting: Task validation.
2019-12-18 03:31:19.250 27676 INFO rally.task.engine [-] Task aa186fb2-7a56-434f-a38a-d59faec33f95 | Starting: Task validation of syntax.
2019-12-18 03:31:19.583 27676 INFO rally.task.engine [-] Task aa186fb2-7a56-434f-a38a-d59faec33f95 | Completed: Task validation of syntax.
2019-12-18 03:31:19.585 27676 INFO rally.task.engine [-] Task aa186fb2-7a56-434f-a38a-d59faec33f95 | Starting: Task validation of required platforms.
2019-12-18 03:31:19.709 27676 INFO rally.task.engine [-] Task aa186fb2-7a56-434f-a38a-d59faec33f95 | Completed: Task validation of required platforms.
2019-12-18 03:31:19.710 27676 INFO rally.task.engine [-] Task aa186fb2-7a56-434f-a38a-d59faec33f95 | Starting: Task validation of semantic.
2019-12-18 03:31:19.710 27676 INFO rally.task.engine [-] Check health of the environment '7dcb599c-2a90-40da-8a09-27282a775d2c'.
2019-12-18 03:31:20.625 27676 INFO rally.task.engine [-] Platform existing@openstack (available: True): OK!
2019-12-18 03:31:20.645 27676 RALLYDEBUG rally_openstack.contexts.keystone.users [-] Creating 1 tenants using 20 threads
2019-12-18 03:31:21.519 27676 RALLYDEBUG rally_openstack.contexts.keystone.users [-] Creating 1 users using 20 threads
2019-12-18 03:31:22.931 27676 INFO rally.task.context [-] Task aa186fb2-7a56-434f-a38a-d59faec33f95 | Context users@openstack setup() finished in 2.29 sec
2019-12-18 03:31:32.530 27676 INFO rally.task.context [-] Task aa186fb2-7a56-434f-a38a-d59faec33f95 | Context users@openstack cleanup() started
2019-12-18 03:31:35.388 27676 INFO rally.task.context [-] Task aa186fb2-7a56-434f-a38a-d59faec33f95 | Context users@openstack cleanup() finished in 2.86 sec
2019-12-18 03:31:35.389 27676 INFO rally.task.engine [-] Task aa186fb2-7a56-434f-a38a-d59faec33f95 | Completed: Task validation of semantic.
2019-12-18 03:31:35.389 27676 INFO rally.task.engine [-] Task aa186fb2-7a56-434f-a38a-d59faec33f95 | Completed: Task validation.
2019-12-18 03:31:35.390 27676 INFO rally.api [-] Task aa186fb2-7a56-434f-a38a-d59faec33f95 input file is valid.
2019-12-18 03:31:35.390 27676 INFO rally.api [-] Run Task aa186fb2-7a56-434f-a38a-d59faec33f95 against Deployment 7dcb599c-2a90-40da-8a09-27282a775d2c
2019-12-18 03:31:35.391 27676 INFO rally.task.engine [-] Task aa186fb2-7a56-434f-a38a-d59faec33f95 | Starting: Running task.
2019-12-18 03:31:35.584 27676 INFO rally.task.engine [-] Running workload: position = 0 config = { "version": 2, "title": "A cropped version of a bigger task.", "description": "Auto-generated task from a single workload (uuid=fa4c4a45-1e0c-451a-b968-5b7251287a10)", "subtasks": [ { "title": "NeutronNetworks.create_and_list_networks", "description": "Check performance of list_networks action and ensure > network quotas are not exceeded", "scenario": { "NeutronNetworks.create_and_list_networks": {} }, "contexts": { "users": { "tenants": 1, "users_per_tenant": 1 }, "quotas": { "neutron": { "network": 119 } } }, "runner": { "constant": { "times": 100, "concurrency": 20 } }, "hooks": [], "sla": { "max_avg_duration_per_atomic": { "neutron.list_networks": 15 }, "failure_rate": { "max": 0 } } } ] }
2019-12-18 03:31:35.609 27676 RALLYDEBUG rally_openstack.contexts.keystone.users [-] Creating 1 tenants using 20 threads
2019-12-18 03:31:36.556 27676 RALLYDEBUG rally_openstack.contexts.keystone.users [-] Creating 1 users using 20 threads
2019-12-18 03:31:37.967 27676 INFO rally.task.context [-] Task aa186fb2-7a56-434f-a38a-d59faec33f95 | Context users@openstack setup() finished in 2.36 sec
2019-12-18 03:31:38.460 27676 INFO rally.task.context [-] Task aa186fb2-7a56-434f-a38a-d59faec33f95 | Context quotas@openstack setup() finished in 0.49 sec
2019-12-18 03:31:38.461 27676 INFO rally.task.context [-] Task aa186fb2-7a56-434f-a38a-d59faec33f95 | Context cleanup@openstack setup() finished in 0.03 msec
2019-12-18 03:31:38.470 27676 RALLYDEBUG rally.task.runner [-] Starting the constant runner (task UUID: aa186fb2-7a56-434f-a38a-d59faec33f95). times: 100 concurrency: 20 timeout: 0 max_cpu_used: 16 processes_to_start: 16 concurrency_per_worker: 1 concurrency_overhead: 4
2019-12-18 03:31:38.483 27800 RALLYDEBUG rally.task.runner [-] Starting a worker. times: 100 duration: None concurrency: 2 timeout: 0 cls: method_name: run args: {}
2019-12-18 03:31:38.486 27801 RALLYDEBUG rally.task.runner [-] Starting a worker. times: 100 duration: None concurrency: 2 timeout: 0 cls: method_name: run args: {}
2019-12-18 03:31:38.488 27800 INFO rally.task.runner [-] Task aa186fb2-7a56-434f-a38a-d59faec33f95 | ITER: 1 START
2019-12-18 03:31:38.490 27802 RALLYDEBUG rally.task.runner [-] Starting a worker. times: 100 duration: None concurrency: 2 timeout: 0 cls: method_name: run args: {}
2019-12-18 03:31:38.491 27801 INFO rally.task.runner [-] Task aa186fb2-7a56-434f-a38a-d59faec33f95 | ITER: 2 START
2019-12-18 03:31:38.493 27805 RALLYDEBUG rally.task.runner [-] Starting a worker. times: 100 duration: None concurrency: 2 timeout: 0 cls: method_name: run args: {}
2019-12-18 03:31:38.496 27800 INFO rally.task.runner [-] Task aa186fb2-7a56-434f-a38a-d59faec33f95 | ITER: 3 START
2019-12-18 03:31:38.496 27808 RALLYDEBUG rally.task.runner [-] Starting a worker. times: 100 duration: None concurrency: 1 timeout: 0 cls: method_name: run args: {}
2019-12-18 03:31:38.499 27801 INFO rally.task.runner [-] Task aa186fb2-7a56-434f-a38a-d59faec33f95 | ITER: 4 START
2019-12-18 03:31:38.501 27808 INFO rally.task.runner [-] Task aa186fb2-7a56-434f-a38a-d59faec33f95 | ITER: 7 START
2019-12-18 03:31:38.501 27809 RALLYDEBUG rally.task.runner [-] Starting a worker. times: 100 duration: None concurrency: 1 timeout: 0 cls: method_name: run args: {}
2019-12-18 03:31:38.502 27802 INFO rally.task.runner [-] Task aa186fb2-7a56-434f-a38a-d59faec33f95 | ITER: 5 START
2019-12-18 03:31:38.504 27805 INFO rally.task.runner [-] Task aa186fb2-7a56-434f-a38a-d59faec33f95 | ITER: 6 START
2019-12-18 03:31:38.506 27809 INFO rally.task.runner [-] Task aa186fb2-7a56-434f-a38a-d59faec33f95 | ITER: 10 START
2019-12-18 03:31:38.506 27812 RALLYDEBUG rally.task.runner [-] Starting a worker. times: 100 duration: None concurrency: 1 timeout: 0 cls: method_name: run args: {}
2019-12-18 03:31:38.509 27820 RALLYDEBUG rally.task.runner [-] Starting a worker. times: 100 duration: None concurrency: 1 timeout: 0 cls: method_name: run args: {}
2019-12-18 03:31:38.512 27812 INFO rally.task.runner [-] Task aa186fb2-7a56-434f-a38a-d59faec33f95 | ITER: 11 START
2019-12-18 03:31:38.513 27824 RALLYDEBUG rally.task.runner [-] Starting a worker. times: 100 duration: None concurrency: 1 timeout: 0 cls: method_name: run args: {}
2019-12-18 03:31:38.515 27820 INFO rally.task.runner [-] Task aa186fb2-7a56-434f-a38a-d59faec33f95 | ITER: 12 START
2019-12-18 03:31:38.503 27802 INFO rally.task.runner [-] Task aa186fb2-7a56-434f-a38a-d59faec33f95 | ITER: 8 START
2019-12-18 03:31:38.510 27805 INFO rally.task.runner [-] Task aa186fb2-7a56-434f-a38a-d59faec33f95 | ITER: 9 START
2019-12-18 03:31:38.518 27824 INFO rally.task.runner [-] Task aa186fb2-7a56-434f-a38a-d59faec33f95 | ITER: 13 START
2019-12-18 03:31:38.520 27829 RALLYDEBUG rally.task.runner [-] Starting a worker. times: 100 duration: None concurrency: 1 timeout: 0 cls: method_name: run args: {}
2019-12-18 03:31:38.527 27829 INFO rally.task.runner [-] Task aa186fb2-7a56-434f-a38a-d59faec33f95 | ITER: 14 START
2019-12-18 03:31:38.530 27833 RALLYDEBUG rally.task.runner [-] Starting a worker. times: 100 duration: None concurrency: 1 timeout: 0 cls: method_name: run args: {}
2019-12-18 03:31:38.536 27833 INFO rally.task.runner [-] Task aa186fb2-7a56-434f-a38a-d59faec33f95 | ITER: 15 START
2019-12-18 03:31:38.538 27835 RALLYDEBUG rally.task.runner [-] Starting a worker. times: 100 duration: None concurrency: 1 timeout: 0 cls: method_name: run args: {}
2019-12-18 03:31:38.543 27835 INFO rally.task.runner [-] Task aa186fb2-7a56-434f-a38a-d59faec33f95 | ITER: 16 START
2019-12-18 03:31:38.544 27838 RALLYDEBUG rally.task.runner [-] Starting a worker. times: 100 duration: None concurrency: 1 timeout: 0 cls: method_name: run args: {}
2019-12-18 03:31:38.548 27838 INFO rally.task.runner [-] Task aa186fb2-7a56-434f-a38a-d59faec33f95 | ITER: 17 START
2019-12-18 03:31:38.547 27841 RALLYDEBUG rally.task.runner [-] Starting a worker. times: 100 duration: None concurrency: 1 timeout: 0 cls: method_name: run args: {}
2019-12-18 03:31:38.552 27841 INFO rally.task.runner [-] Task aa186fb2-7a56-434f-a38a-d59faec33f95 | ITER: 18 START
2019-12-18 03:31:38.552 27844 RALLYDEBUG rally.task.runner [-] Starting a worker. times: 100 duration: None concurrency: 1 timeout: 0 cls: method_name: run args: {}
2019-12-18 03:31:38.555 27844 INFO rally.task.runner [-] Task aa186fb2-7a56-434f-a38a-d59faec33f95 | ITER: 19 START
2019-12-18 03:31:38.557 27847 RALLYDEBUG rally.task.runner [-] Starting a worker. times: 100 duration: None concurrency: 1 timeout: 0 cls: method_name: run args: {}
2019-12-18 03:31:38.562 27847 INFO rally.task.runner [-] Task aa186fb2-7a56-434f-a38a-d59faec33f95 | ITER: 20 START
2019-12-18 03:31:39.424 27812 INFO rally.task.runner [-] Task aa186fb2-7a56-434f-a38a-d59faec33f95 | ITER: 11 END: OK
2019-12-18 03:31:39.427 27812 INFO rally.task.runner [-] Task aa186fb2-7a56-434f-a38a-d59faec33f95 | ITER: 21 START
2019-12-18 03:31:39.462 27800 INFO rally.task.runner [-] Task aa186fb2-7a56-434f-a38a-d59faec33f95 | ITER: 3 END: OK
2019-12-18 03:31:39.465 27800 INFO rally.task.runner [-] Task aa186fb2-7a56-434f-a38a-d59faec33f95 | ITER: 22 START
2019-12-18 03:31:39.504 27805 INFO rally.task.runner [-] Task aa186fb2-7a56-434f-a38a-d59faec33f95 | ITER: 9 END: OK
2019-12-18 03:31:39.505 27801 INFO rally.task.runner [-] Task aa186fb2-7a56-434f-a38a-d59faec33f95 | ITER: 4 END: OK
2019-12-18 03:31:39.507 27805 INFO rally.task.runner [-] Task aa186fb2-7a56-434f-a38a-d59faec33f95 | ITER: 23 START
2019-12-18 03:31:39.508 27801 INFO rally.task.runner [-] Task aa186fb2-7a56-434f-a38a-d59faec33f95 | ITER: 24 START
2019-12-18 03:31:39.564 27802 INFO rally.task.runner [-] Task aa186fb2-7a56-434f-a38a-d59faec33f95 | ITER: 5 END: OK
2019-12-18 03:31:39.567 27802 INFO rally.task.runner [-] Task aa186fb2-7a56-434f-a38a-d59faec33f95 | ITER: 25 START
2019-12-18 03:31:39.596 27833 INFO rally.task.runner [-] Task aa186fb2-7a56-434f-a38a-d59faec33f95 | ITER: 15 END: OK
2019-12-18 03:31:39.599 27824 INFO rally.task.runner [-] Task aa186fb2-7a56-434f-a38a-d59faec33f95 | ITER: 13 END: OK
2019-12-18 03:31:39.600 27833 INFO rally.task.runner [-] Task aa186fb2-7a56-434f-a38a-d59faec33f95 | ITER: 26 START
2019-12-18 03:31:39.602 27824 INFO rally.task.runner [-] Task aa186fb2-7a56-434f-a38a-d59faec33f95 | ITER: 27 START
2019-12-18 03:31:39.627 27809 INFO rally.task.runner [-] Task aa186fb2-7a56-434f-a38a-d59faec33f95 | ITER: 10 END: OK
2019-12-18 03:31:39.630 27809 INFO rally.task.runner [-] Task aa186fb2-7a56-434f-a38a-d59faec33f95 | ITER: 28 START
2019-12-18 03:31:39.845 27835 INFO rally.task.runner [-] Task aa186fb2-7a56-434f-a38a-d59faec33f95 | ITER: 16 END: OK
2019-12-18 03:31:39.848 27835 INFO rally.task.runner [-] Task aa186fb2-7a56-434f-a38a-d59faec33f95 | ITER: 29 START
2019-12-18 03:31:39.863 27841 INFO rally.task.runner [-] Task aa186fb2-7a56-434f-a38a-d59faec33f95 | ITER: 18 END: OK
2019-12-18 03:31:39.866 27841 INFO rally.task.runner [-] Task aa186fb2-7a56-434f-a38a-d59faec33f95 | ITER: 30 START
2019-12-18 03:31:40.007 27801 INFO rally.task.runner [-] Task aa186fb2-7a56-434f-a38a-d59faec33f95 | ITER: 2 END: OK
2019-12-18 03:31:40.007 27820 INFO rally.task.runner [-] Task aa186fb2-7a56-434f-a38a-d59faec33f95 | ITER: 12 END: OK
2019-12-18 03:31:40.010 27801 INFO rally.task.runner [-] Task aa186fb2-7a56-434f-a38a-d59faec33f95 | ITER: 31 START
2019-12-18 03:31:40.011 27820 INFO rally.task.runner [-] Task aa186fb2-7a56-434f-a38a-d59faec33f95 | ITER: 32 START
2019-12-18 03:31:40.056 27838 INFO rally.task.runner [-] Task aa186fb2-7a56-434f-a38a-d59faec33f95 | ITER: 17 END: OK
2019-12-18 03:31:40.059 27838 INFO rally.task.runner [-] Task aa186fb2-7a56-434f-a38a-d59faec33f95 | ITER: 33 START
2019-12-18 03:31:40.069 27847 INFO rally.task.runner [-] Task aa186fb2-7a56-434f-a38a-d59faec33f95 | ITER: 20 END: OK
2019-12-18 03:31:40.072 27847 INFO rally.task.runner [-] Task aa186fb2-7a56-434f-a38a-d59faec33f95 | ITER: 34 START
2019-12-18 03:31:40.105 27808 INFO rally.task.runner [-] Task aa186fb2-7a56-434f-a38a-d59faec33f95 | ITER: 7 END: OK
2019-12-18 03:31:40.109 27808 INFO rally.task.runner [-] Task aa186fb2-7a56-434f-a38a-d59faec33f95 | ITER: 35 START
2019-12-18 03:31:40.297 27844 INFO rally.task.runner [-] Task aa186fb2-7a56-434f-a38a-d59faec33f95 | ITER: 19 END: OK
2019-12-18 03:31:40.300 27844 INFO rally.task.runner [-] Task aa186fb2-7a56-434f-a38a-d59faec33f95 | ITER: 36 START
2019-12-18 03:31:40.356 27812 INFO rally.task.runner [-] Task aa186fb2-7a56-434f-a38a-d59faec33f95 | ITER: 21 END: OK
2019-12-18 03:31:40.360 27812 INFO rally.task.runner [-] Task aa186fb2-7a56-434f-a38a-d59faec33f95 | ITER: 37 START
2019-12-18 03:31:40.432 27824 INFO rally.task.runner [-] Task aa186fb2-7a56-434f-a38a-d59faec33f95 | ITER: 27 END: OK
2019-12-18 03:31:40.434 27824 INFO rally.task.runner [-] Task aa186fb2-7a56-434f-a38a-d59faec33f95 | ITER: 38 START
2019-12-18 03:31:40.464 27801 INFO rally.task.runner [-] Task aa186fb2-7a56-434f-a38a-d59faec33f95 | ITER: 24 END: OK
2019-12-18 03:31:40.467 27801 INFO rally.task.runner [-] Task aa186fb2-7a56-434f-a38a-d59faec33f95 | ITER: 39 START
2019-12-18 03:31:40.485 27829 INFO rally.task.runner [-] Task aa186fb2-7a56-434f-a38a-d59faec33f95 | ITER: 14 END: OK
2019-12-18 03:31:40.487 27829 INFO rally.task.runner [-] Task aa186fb2-7a56-434f-a38a-d59faec33f95 | ITER: 40 START
2019-12-18 03:31:40.503 27802 INFO rally.task.runner [-] Task aa186fb2-7a56-434f-a38a-d59faec33f95 | ITER: 8 END: OK
2019-12-18 03:31:40.506 27802 INFO rally.task.runner [-] Task aa186fb2-7a56-434f-a38a-d59faec33f95 | ITER: 41 START
2019-12-18 03:31:40.525 27800 INFO rally.task.runner [-] Task aa186fb2-7a56-434f-a38a-d59faec33f95 | ITER: 1 END: OK
2019-12-18 03:31:40.528 27800 INFO rally.task.runner [-] Task aa186fb2-7a56-434f-a38a-d59faec33f95 | ITER: 42 START
2019-12-18 03:31:40.529 27805 INFO rally.task.runner [-] Task aa186fb2-7a56-434f-a38a-d59faec33f95 | ITER: 6 END: OK
2019-12-18 03:31:40.532 27805 INFO rally.task.runner [-] Task aa186fb2-7a56-434f-a38a-d59faec33f95 | ITER: 43 START
2019-12-18 03:31:40.745 27800 INFO rally.task.runner [-] Task aa186fb2-7a56-434f-a38a-d59faec33f95 | ITER: 22 END: OK
2019-12-18 03:31:40.749 27800 INFO rally.task.runner [-] Task aa186fb2-7a56-434f-a38a-d59faec33f95 | ITER: 44 START
2019-12-18 03:31:40.941 27835 INFO rally.task.runner [-] Task aa186fb2-7a56-434f-a38a-d59faec33f95 | ITER: 29 END: OK
2019-12-18 03:31:40.944 27835 INFO rally.task.runner [-] Task aa186fb2-7a56-434f-a38a-d59faec33f95 | ITER: 45 START
2019-12-18 03:31:40.965 27820 INFO rally.task.runner [-] Task aa186fb2-7a56-434f-a38a-d59faec33f95 | ITER: 32 END: OK
2019-12-18 03:31:40.968 27820 INFO rally.task.runner [-] Task aa186fb2-7a56-434f-a38a-d59faec33f95 | ITER: 46 START
2019-12-18 03:31:41.022 27809 INFO rally.task.runner [-] Task aa186fb2-7a56-434f-a38a-d59faec33f95 | ITER: 28 END: OK
2019-12-18 03:31:41.025 27809 INFO rally.task.runner [-] Task aa186fb2-7a56-434f-a38a-d59faec33f95 | ITER: 47 START
2019-12-18 03:31:41.092 27805 INFO rally.task.runner [-] Task aa186fb2-7a56-434f-a38a-d59faec33f95 | ITER: 23 END: OK
2019-12-18 03:31:41.093 27802 INFO rally.task.runner [-] Task aa186fb2-7a56-434f-a38a-d59faec33f95 | ITER: 25 END: OK
2019-12-18 03:31:41.095 27805 INFO rally.task.runner [-] Task aa186fb2-7a56-434f-a38a-d59faec33f95 | ITER: 48 START
2019-12-18 03:31:41.097 27802 INFO rally.task.runner [-] Task aa186fb2-7a56-434f-a38a-d59faec33f95 | ITER: 49 START
2019-12-18 03:31:41.162 27838 INFO rally.task.runner [-] Task aa186fb2-7a56-434f-a38a-d59faec33f95 | ITER: 33 END: OK
2019-12-18 03:31:41.165 27838 INFO rally.task.runner [-] Task aa186fb2-7a56-434f-a38a-d59faec33f95 | ITER: 50 START
2019-12-18 03:31:41.356 27801 INFO rally.task.runner [-] Task aa186fb2-7a56-434f-a38a-d59faec33f95 | ITER: 39 END: OK
2019-12-18 03:31:41.359 27801 INFO rally.task.runner [-] Task aa186fb2-7a56-434f-a38a-d59faec33f95 | ITER: 51 START
2019-12-18 03:31:41.366 27833 INFO rally.task.runner [-] Task aa186fb2-7a56-434f-a38a-d59faec33f95 | ITER: 26 END: OK
2019-12-18 03:31:41.369 27833 INFO rally.task.runner [-] Task aa186fb2-7a56-434f-a38a-d59faec33f95 | ITER: 52 START
2019-12-18 03:31:41.450 27812 INFO rally.task.runner [-] Task aa186fb2-7a56-434f-a38a-d59faec33f95 | ITER: 37 END: OK
2019-12-18 03:31:41.453 27812 INFO rally.task.runner [-] Task aa186fb2-7a56-434f-a38a-d59faec33f95 | ITER: 53 START
2019-12-18 03:31:41.582 27800 INFO rally.task.runner [-] Task aa186fb2-7a56-434f-a38a-d59faec33f95 | ITER: 42 END: OK
2019-12-18 03:31:41.585 27800 INFO rally.task.runner [-] Task aa186fb2-7a56-434f-a38a-d59faec33f95 | ITER: 54 START
2019-12-18 03:31:41.631 27802 INFO rally.task.runner [-] Task aa186fb2-7a56-434f-a38a-d59faec33f95 | ITER: 41 END: OK
2019-12-18 03:31:41.633 27802 INFO rally.task.runner [-] Task aa186fb2-7a56-434f-a38a-d59faec33f95 | ITER: 55 START
2019-12-18 03:31:41.743 27824 INFO rally.task.runner [-] Task aa186fb2-7a56-434f-a38a-d59faec33f95 | ITER: 38 END: OK
2019-12-18 03:31:41.746 27824 INFO rally.task.runner [-] Task aa186fb2-7a56-434f-a38a-d59faec33f95 | ITER: 56 START
2019-12-18 03:31:41.846 27844 INFO rally.task.runner [-] Task aa186fb2-7a56-434f-a38a-d59faec33f95 | ITER: 36 END: OK
2019-12-18 03:31:41.848 27829 INFO rally.task.runner [-] Task aa186fb2-7a56-434f-a38a-d59faec33f95 | ITER: 40 END: OK
2019-12-18 03:31:41.849 27844 INFO rally.task.runner [-] Task aa186fb2-7a56-434f-a38a-d59faec33f95 | ITER: 57 START
2019-12-18 03:31:41.849 27805 INFO rally.task.runner [-] Task aa186fb2-7a56-434f-a38a-d59faec33f95 | ITER: 43 END: OK
2019-12-18 03:31:41.851 27829 INFO rally.task.runner [-] Task aa186fb2-7a56-434f-a38a-d59faec33f95 | ITER: 58 START
2019-12-18 03:31:41.852 27805 INFO rally.task.runner [-] Task aa186fb2-7a56-434f-a38a-d59faec33f95 | ITER: 59 START
2019-12-18 03:31:41.853 27801 INFO rally.task.runner [-] Task aa186fb2-7a56-434f-a38a-d59faec33f95 | ITER: 31 END: OK
2019-12-18 03:31:41.856 27801 INFO rally.task.runner [-] Task aa186fb2-7a56-434f-a38a-d59faec33f95 | ITER: 60 START
2019-12-18 03:31:41.897 27800 INFO rally.task.runner [-] Task aa186fb2-7a56-434f-a38a-d59faec33f95 | ITER: 44 END: OK
2019-12-18 03:31:41.900 27800 INFO rally.task.runner [-] Task aa186fb2-7a56-434f-a38a-d59faec33f95 | ITER: 61 START
2019-12-18 03:31:41.966 27808 INFO rally.task.runner [-] Task aa186fb2-7a56-434f-a38a-d59faec33f95 | ITER: 35 END: OK
2019-12-18 03:31:41.969 27808 INFO rally.task.runner [-] Task aa186fb2-7a56-434f-a38a-d59faec33f95 | ITER: 62 START
2019-12-18 03:31:41.992 27847 INFO rally.task.runner [-] Task aa186fb2-7a56-434f-a38a-d59faec33f95 | ITER: 34 END: OK
2019-12-18 03:31:41.995 27847 INFO rally.task.runner [-] Task aa186fb2-7a56-434f-a38a-d59faec33f95 | ITER: 63 START
2019-12-18 03:31:42.059 27809 INFO rally.task.runner [-] Task aa186fb2-7a56-434f-a38a-d59faec33f95 | ITER: 47 END: OK
2019-12-18 03:31:42.062 27809 INFO rally.task.runner [-] Task aa186fb2-7a56-434f-a38a-d59faec33f95 | ITER: 64 START
2019-12-18 03:31:42.218 27841 INFO rally.task.runner [-] Task aa186fb2-7a56-434f-a38a-d59faec33f95 | ITER: 30 END: OK
2019-12-18 03:31:42.221 27841 INFO rally.task.runner [-] Task aa186fb2-7a56-434f-a38a-d59faec33f95 | ITER: 65 START
2019-12-18 03:31:42.381 27835 INFO rally.task.runner [-] Task aa186fb2-7a56-434f-a38a-d59faec33f95 | ITER: 45 END: OK
2019-12-18 03:31:42.384 27835 INFO rally.task.runner [-] Task aa186fb2-7a56-434f-a38a-d59faec33f95 | ITER: 66 START
2019-12-18 03:31:42.405 27833 INFO rally.task.runner [-] Task aa186fb2-7a56-434f-a38a-d59faec33f95 | ITER: 52 END: OK
2019-12-18 03:31:42.409 27833 INFO rally.task.runner [-] Task aa186fb2-7a56-434f-a38a-d59faec33f95 | ITER: 67 START
2019-12-18 03:31:42.468 27805 INFO rally.task.runner [-] Task aa186fb2-7a56-434f-a38a-d59faec33f95 | ITER: 48 END: OK
2019-12-18 03:31:42.471 27805 INFO rally.task.runner [-] Task aa186fb2-7a56-434f-a38a-d59faec33f95 | ITER: 68 START
2019-12-18 03:31:42.575 27838 INFO rally.task.runner [-] Task aa186fb2-7a56-434f-a38a-d59faec33f95 | ITER: 50 END: OK
2019-12-18 03:31:42.579 27838 INFO rally.task.runner [-] Task aa186fb2-7a56-434f-a38a-d59faec33f95 | ITER: 69 START
2019-12-18 03:31:42.730 27801 INFO rally.task.runner [-] Task aa186fb2-7a56-434f-a38a-d59faec33f95 | ITER: 51 END: OK
2019-12-18 03:31:42.732 27801 INFO rally.task.runner [-] Task aa186fb2-7a56-434f-a38a-d59faec33f95 | ITER: 70 START
2019-12-18 03:31:42.827 27820 INFO rally.task.runner [-] Task aa186fb2-7a56-434f-a38a-d59faec33f95 | ITER: 46 END: OK
2019-12-18 03:31:42.830 27820 INFO rally.task.runner [-] Task aa186fb2-7a56-434f-a38a-d59faec33f95 | ITER: 71 START
2019-12-18 03:31:42.863 27802 INFO rally.task.runner [-] Task aa186fb2-7a56-434f-a38a-d59faec33f95 | ITER: 55 END: OK
2019-12-18 03:31:42.866 27802 INFO rally.task.runner [-] Task aa186fb2-7a56-434f-a38a-d59faec33f95 | ITER: 72 START
2019-12-18 03:31:42.877 27802 INFO rally.task.runner [-] Task aa186fb2-7a56-434f-a38a-d59faec33f95 | ITER: 49 END: OK
2019-12-18 03:31:42.881 27802 INFO rally.task.runner [-] Task aa186fb2-7a56-434f-a38a-d59faec33f95 | ITER: 73 START
2019-12-18 03:31:42.910 27812 INFO rally.task.runner [-] Task aa186fb2-7a56-434f-a38a-d59faec33f95 | ITER: 53 END: OK
2019-12-18 03:31:42.913 27812 INFO rally.task.runner [-] Task aa186fb2-7a56-434f-a38a-d59faec33f95 | ITER: 74 START
2019-12-18 03:31:43.064 27800 INFO rally.task.runner [-] Task aa186fb2-7a56-434f-a38a-d59faec33f95 | ITER: 54 END: OK
2019-12-18 03:31:43.067 27800 INFO rally.task.runner [-] Task aa186fb2-7a56-434f-a38a-d59faec33f95 | ITER: 75 START
2019-12-18 03:31:43.324 27844 INFO rally.task.runner [-] Task aa186fb2-7a56-434f-a38a-d59faec33f95 | ITER: 57 END: OK
2019-12-18 03:31:43.327 27844 INFO rally.task.runner [-] Task aa186fb2-7a56-434f-a38a-d59faec33f95 | ITER: 76 START
2019-12-18 03:31:43.354 27808 INFO rally.task.runner [-] Task aa186fb2-7a56-434f-a38a-d59faec33f95 | ITER: 62 END: OK
2019-12-18 03:31:43.356 27808 INFO rally.task.runner [-] Task aa186fb2-7a56-434f-a38a-d59faec33f95 | ITER: 77 START
2019-12-18 03:31:43.740 27838 INFO rally.task.runner [-] Task aa186fb2-7a56-434f-a38a-d59faec33f95 | ITER: 69 END: OK
2019-12-18 03:31:43.742 27838 INFO rally.task.runner [-] Task aa186fb2-7a56-434f-a38a-d59faec33f95 | ITER: 78 START
2019-12-18 03:31:43.762 27824 INFO rally.task.runner [-] Task aa186fb2-7a56-434f-a38a-d59faec33f95 | ITER: 56 END: OK
2019-12-18 03:31:43.765 27824 INFO rally.task.runner [-] Task aa186fb2-7a56-434f-a38a-d59faec33f95 | ITER: 79 START
2019-12-18 03:31:43.879 27809 INFO rally.task.runner [-] Task aa186fb2-7a56-434f-a38a-d59faec33f95 | ITER: 64 END: OK
2019-12-18 03:31:43.882 27809 INFO rally.task.runner [-] Task aa186fb2-7a56-434f-a38a-d59faec33f95 | ITER: 80 START
2019-12-18 03:31:43.910 27801 INFO rally.task.runner [-] Task aa186fb2-7a56-434f-a38a-d59faec33f95 | ITER: 60 END: OK
2019-12-18 03:31:43.913 27801 INFO rally.task.runner [-] Task aa186fb2-7a56-434f-a38a-d59faec33f95 | ITER: 81 START
2019-12-18 03:31:44.067 27805 INFO rally.task.runner [-] Task aa186fb2-7a56-434f-a38a-d59faec33f95 | ITER: 59 END: OK
2019-12-18 03:31:44.069 27805 INFO rally.task.runner [-] Task aa186fb2-7a56-434f-a38a-d59faec33f95 | ITER: 82 START
2019-12-18 03:31:44.070 27829 INFO rally.task.runner [-] Task aa186fb2-7a56-434f-a38a-d59faec33f95 | ITER: 58 END: OK
2019-12-18 03:31:44.073 27829 INFO rally.task.runner [-] Task aa186fb2-7a56-434f-a38a-d59faec33f95 | ITER: 83 START
2019-12-18 03:31:44.097 27800 INFO rally.task.runner [-] Task aa186fb2-7a56-434f-a38a-d59faec33f95 | ITER: 61 END: OK
2019-12-18 03:31:44.099 27802 INFO rally.task.runner [-] Task aa186fb2-7a56-434f-a38a-d59faec33f95 | ITER: 72 END: OK
2019-12-18 03:31:44.099 27800 INFO rally.task.runner [-] Task aa186fb2-7a56-434f-a38a-d59faec33f95 | ITER: 84 START
2019-12-18 03:31:44.102 27802 INFO rally.task.runner [-] Task aa186fb2-7a56-434f-a38a-d59faec33f95 | ITER: 85 START
2019-12-18 03:31:44.117 27833 INFO rally.task.runner [-] Task aa186fb2-7a56-434f-a38a-d59faec33f95 | ITER: 67 END: OK
2019-12-18 03:31:44.119 27812 INFO rally.task.runner [-] Task aa186fb2-7a56-434f-a38a-d59faec33f95 | ITER: 74 END: OK
2019-12-18 03:31:44.120 27833 INFO rally.task.runner [-] Task aa186fb2-7a56-434f-a38a-d59faec33f95 | ITER: 86 START
2019-12-18 03:31:44.122 27812 INFO rally.task.runner [-] Task aa186fb2-7a56-434f-a38a-d59faec33f95 | ITER: 87 START
2019-12-18 03:31:44.144 27802 INFO rally.task.runner [-] Task aa186fb2-7a56-434f-a38a-d59faec33f95 | ITER: 73 END: OK
2019-12-18 03:31:44.147 27802 INFO rally.task.runner [-] Task aa186fb2-7a56-434f-a38a-d59faec33f95 | ITER: 88 START
2019-12-18 03:31:44.254 27800 INFO rally.task.runner [-] Task aa186fb2-7a56-434f-a38a-d59faec33f95 | ITER: 75 END: OK
2019-12-18 03:31:44.256 27800 INFO rally.task.runner [-] Task aa186fb2-7a56-434f-a38a-d59faec33f95 | ITER: 89 START
2019-12-18 03:31:44.319 27801 INFO rally.task.runner [-] Task aa186fb2-7a56-434f-a38a-d59faec33f95 | ITER: 70 END: OK
2019-12-18 03:31:44.322 27801 INFO rally.task.runner [-] Task aa186fb2-7a56-434f-a38a-d59faec33f95 | ITER: 90 START
2019-12-18 03:31:44.334 27805 INFO rally.task.runner [-] Task aa186fb2-7a56-434f-a38a-d59faec33f95 | ITER: 68 END: OK
2019-12-18 03:31:44.337 27805 INFO rally.task.runner [-] Task aa186fb2-7a56-434f-a38a-d59faec33f95 | ITER: 91 START
2019-12-18 03:31:44.439 27835 INFO rally.task.runner [-] Task aa186fb2-7a56-434f-a38a-d59faec33f95 | ITER: 66 END: OK
2019-12-18 03:31:44.442 27835 INFO rally.task.runner [-] Task aa186fb2-7a56-434f-a38a-d59faec33f95 | ITER: 92 START
2019-12-18 03:31:44.602 27820 INFO rally.task.runner [-] Task aa186fb2-7a56-434f-a38a-d59faec33f95 | ITER: 71 END: OK
2019-12-18 03:31:44.605 27820 INFO rally.task.runner [-] Task aa186fb2-7a56-434f-a38a-d59faec33f95 | ITER: 93 START
2019-12-18 03:31:44.629 27847 INFO rally.task.runner [-] Task aa186fb2-7a56-434f-a38a-d59faec33f95 | ITER: 63 END: OK
2019-12-18 03:31:44.631 27847 INFO rally.task.runner [-] Task aa186fb2-7a56-434f-a38a-d59faec33f95 | ITER: 94 START
2019-12-18 03:31:44.700 27844 INFO rally.task.runner [-] Task aa186fb2-7a56-434f-a38a-d59faec33f95 | ITER: 76 END: OK
2019-12-18 03:31:44.704 27844 INFO rally.task.runner [-] Task aa186fb2-7a56-434f-a38a-d59faec33f95 | ITER: 95 START
2019-12-18 03:31:44.724 27841 INFO rally.task.runner [-] Task aa186fb2-7a56-434f-a38a-d59faec33f95 | ITER: 65 END: OK
2019-12-18 03:31:44.726 27841 INFO rally.task.runner [-] Task aa186fb2-7a56-434f-a38a-d59faec33f95 | ITER: 96 START
2019-12-18 03:31:44.820 27838 INFO rally.task.runner [-] Task aa186fb2-7a56-434f-a38a-d59faec33f95 | ITER: 78 END: OK
2019-12-18 03:31:44.822 27838 INFO rally.task.runner [-] Task aa186fb2-7a56-434f-a38a-d59faec33f95 | ITER: 97 START
2019-12-18 03:31:45.130 27808 INFO rally.task.runner [-] Task aa186fb2-7a56-434f-a38a-d59faec33f95 | ITER: 77 END: OK
2019-12-18 03:31:45.134 27808 INFO rally.task.runner [-] Task aa186fb2-7a56-434f-a38a-d59faec33f95 | ITER: 98 START
2019-12-18 03:31:45.207 27833 INFO rally.task.runner [-] Task aa186fb2-7a56-434f-a38a-d59faec33f95 | ITER: 86 END: OK
2019-12-18 03:31:45.210 27833 INFO rally.task.runner [-] Task aa186fb2-7a56-434f-a38a-d59faec33f95 | ITER: 99 START
2019-12-18 03:31:45.372 27801 INFO rally.task.runner [-] Task aa186fb2-7a56-434f-a38a-d59faec33f95 | ITER: 90 END: OK
2019-12-18 03:31:45.376 27801 INFO rally.task.runner [-] Task aa186fb2-7a56-434f-a38a-d59faec33f95 | ITER: 100 START
2019-12-18 03:31:45.404 27835 INFO rally.task.runner [-] Task aa186fb2-7a56-434f-a38a-d59faec33f95 | ITER: 92 END: OK
2019-12-18 03:31:45.636 27844 INFO rally.task.runner [-] Task aa186fb2-7a56-434f-a38a-d59faec33f95 | ITER: 95 END: OK
2019-12-18 03:31:45.914 27824 INFO rally.task.runner [-] Task aa186fb2-7a56-434f-a38a-d59faec33f95 | ITER: 79 END: OK
2019-12-18 03:31:45.932 27800 INFO rally.task.runner [-] Task aa186fb2-7a56-434f-a38a-d59faec33f95 | ITER: 89 END: OK
2019-12-18 03:31:46.073 27805 INFO rally.task.runner [-] Task aa186fb2-7a56-434f-a38a-d59faec33f95 | ITER: 91 END: OK
2019-12-18 03:31:46.101 27802 INFO rally.task.runner [-] Task aa186fb2-7a56-434f-a38a-d59faec33f95 | ITER: 88 END: OK
2019-12-18 03:31:46.102 27841 INFO rally.task.runner [-] Task aa186fb2-7a56-434f-a38a-d59faec33f95 | ITER: 96 END: OK
2019-12-18 03:31:46.103 27812 INFO rally.task.runner [-] Task aa186fb2-7a56-434f-a38a-d59faec33f95 | ITER: 87 END: OK
2019-12-18 03:31:46.116 27847 INFO rally.task.runner [-] Task aa186fb2-7a56-434f-a38a-d59faec33f95 | ITER: 94 END: OK
2019-12-18 03:31:46.117 27809 INFO rally.task.runner [-] Task aa186fb2-7a56-434f-a38a-d59faec33f95 | ITER: 80 END: OK
2019-12-18 03:31:46.118 27802 INFO rally.task.runner [-] Task aa186fb2-7a56-434f-a38a-d59faec33f95 | ITER: 85 END: OK
2019-12-18 03:31:46.119 27820 INFO rally.task.runner [-] Task aa186fb2-7a56-434f-a38a-d59faec33f95 | ITER: 93 END: OK
2019-12-18 03:31:46.123 27801 INFO rally.task.runner [-] Task aa186fb2-7a56-434f-a38a-d59faec33f95 | ITER: 81 END: OK
2019-12-18 03:31:46.124 27829 INFO rally.task.runner [-] Task aa186fb2-7a56-434f-a38a-d59faec33f95 | ITER: 83 END: OK
2019-12-18 03:31:46.494 27838 INFO rally.task.runner [-] Task aa186fb2-7a56-434f-a38a-d59faec33f95 | ITER: 97 END: OK
2019-12-18 03:31:46.506 27805 INFO rally.task.runner [-] Task aa186fb2-7a56-434f-a38a-d59faec33f95 | ITER: 82 END: OK
2019-12-18 03:31:47.120 27808 INFO rally.task.runner [-] Task aa186fb2-7a56-434f-a38a-d59faec33f95 | ITER: 98 END: OK
2019-12-18 03:31:47.139 27800 INFO rally.task.runner [-] Task aa186fb2-7a56-434f-a38a-d59faec33f95 | ITER: 84 END: OK
2019-12-18 03:31:47.184 27801 INFO rally.task.runner [-] Task aa186fb2-7a56-434f-a38a-d59faec33f95 | ITER: 100 END: OK
2019-12-18 03:31:47.447 27833 INFO rally.task.runner [-] Task aa186fb2-7a56-434f-a38a-d59faec33f95 | ITER: 99 END: OK
2019-12-18 03:31:47.477 27676 INFO rally.task.context [-] Task aa186fb2-7a56-434f-a38a-d59faec33f95 | Context cleanup@openstack cleanup() started
2019-12-18 03:31:47.481 27676 RALLYDEBUG rally_openstack.cleanup.manager [-] Cleaning up neutron vip objects
2019-12-18 03:31:47.869 27676 RALLYDEBUG rally_openstack.cleanup.manager [-] Cleaning up neutron health_monitor objects
2019-12-18 03:31:48.247 27676 RALLYDEBUG rally_openstack.cleanup.manager [-] Cleaning up neutron pool objects
2019-12-18 03:31:48.617 27676 RALLYDEBUG rally_openstack.cleanup.manager [-] Cleaning up neutron loadbalancer objects
2019-12-18 03:31:49.000 27676 RALLYDEBUG rally_openstack.cleanup.manager [-] Cleaning up neutron floatingip objects
2019-12-18 03:31:49.676 27676 RALLYDEBUG rally_openstack.cleanup.manager [-] Cleaning up neutron trunk objects
2019-12-18 03:31:50.077 27676 RALLYDEBUG rally_openstack.cleanup.manager [-] Cleaning up neutron port objects
2019-12-18 03:31:50.480 27676 RALLYDEBUG rally_openstack.cleanup.manager [-] Cleaning up neutron subnet objects
2019-12-18 03:31:50.900 27676 RALLYDEBUG rally_openstack.cleanup.manager [-] Cleaning up neutron network objects
2019-12-18 03:31:51.623 27676 RALLYDEBUG rally_openstack.cleanup.manager [-] Deleting neutron.network object s_rally_fa4c4a45_3KK97c7n (00374a2a-d7c2-47b0-bbcd-116c9e417325)
2019-12-18 03:31:51.632 27676 RALLYDEBUG rally_openstack.cleanup.manager [-] Deleting neutron.network object s_rally_fa4c4a45_uyDSDtCD (05f77bc8-8f67-4811-b6b8-1081beba11d4)
2019-12-18 03:31:51.636 27676 RALLYDEBUG rally_openstack.cleanup.manager [-] Deleting neutron.network object s_rally_fa4c4a45_5VZWOJ26 (06d71e33-0d83-4526-849d-dd97cc5ef823)
2019-12-18 03:31:51.636 27676 RALLYDEBUG rally_openstack.cleanup.manager [-] Deleting neutron.network object s_rally_fa4c4a45_Z5OCwB67 (04c37a1e-6101-4091-b7ec-c7fec93f0ba5)
2019-12-18 03:31:51.644 27676 RALLYDEBUG rally_openstack.cleanup.manager [-] Deleting neutron.network object s_rally_fa4c4a45_AWl0Fcpf (06e8adab-4182-4583-9ca4-5fff7c13eae8)
2019-12-18 03:31:51.659 27676 RALLYDEBUG rally_openstack.cleanup.manager [-] Deleting neutron.network object s_rally_fa4c4a45_UdEMQLEg (0e5bd0cf-60b9-49fe-afb9-7d885252b540)
2019-12-18 03:31:51.662 27676 RALLYDEBUG rally_openstack.cleanup.manager [-] Deleting neutron.network object s_rally_fa4c4a45_yaNLaDSA (0c1e0ae0-3050-41c7-a5e0-e4856072c450)
2019-12-18 03:31:51.678 27676 RALLYDEBUG rally_openstack.cleanup.manager [-] Deleting neutron.network object s_rally_fa4c4a45_ZtLNlqF6 (0fa6785c-b724-43cb-90c6-22f0d681ae52)
2019-12-18 03:31:51.688 27676 RALLYDEBUG rally_openstack.cleanup.manager [-] Deleting neutron.network object s_rally_fa4c4a45_8EdbqWux (12748273-b8bb-49c0-af12-23bb6dc63af6)
2019-12-18 03:31:51.721 27676 RALLYDEBUG rally_openstack.cleanup.manager [-] Deleting neutron.network object s_rally_fa4c4a45_w9iAVZZT (162290af-f530-4d5d-aad3-24c0ba96b92f)
2019-12-18 03:31:51.728 27676 RALLYDEBUG rally_openstack.cleanup.manager [-] Deleting neutron.network object s_rally_fa4c4a45_n919OF2Y (1689046d-8c8d-4744-82d8-d2cf32efbac0)
2019-12-18 03:31:51.742 27676 RALLYDEBUG rally_openstack.cleanup.manager [-] Deleting neutron.network object s_rally_fa4c4a45_5kdA886E (1c2b5a87-1d59-4b5c-8263-5f012694520e)
2019-12-18 03:31:51.748 27676 RALLYDEBUG rally_openstack.cleanup.manager [-] Deleting neutron.network object s_rally_fa4c4a45_fjV6XBsk (1f17ebbc-48d9-46b2-a362-6bdf4e84e483)
2019-12-18 03:31:51.751 27676 RALLYDEBUG rally_openstack.cleanup.manager [-] Deleting neutron.network object s_rally_fa4c4a45_rY3ebIVP (209c967a-b9d9-4a46-8eae-ab94a3e7cb3e)
2019-12-18 03:31:51.767 27676 RALLYDEBUG rally_openstack.cleanup.manager [-] Deleting neutron.network object s_rally_fa4c4a45_62ckplxU (2277c769-b5e6-40fa-b9e8-2bccbe6495e1)
2019-12-18 03:31:51.775 27676 RALLYDEBUG rally_openstack.cleanup.manager [-] Deleting neutron.network object s_rally_fa4c4a45_GbLDcIhr (236f6c25-adb9-4d18-a129-b341d99de679)
2019-12-18 03:31:51.784 27676 RALLYDEBUG rally_openstack.cleanup.manager [-] Deleting neutron.network object s_rally_fa4c4a45_xcVWvsTd (245c9195-9b33-4d91-88d4-8ad097d3408e)
2019-12-18 03:31:51.789 27676 RALLYDEBUG rally_openstack.cleanup.manager [-] Deleting neutron.network object s_rally_fa4c4a45_FyHUkefx (24afd66f-4e77-4dc2-aa91-64d5f5c816d0)
2019-12-18 03:31:51.817 27676 RALLYDEBUG rally_openstack.cleanup.manager [-] Deleting neutron.network object s_rally_fa4c4a45_MEWq5caR (2667613c-97cc-4d86-9c52-5fe9a3089d82)
2019-12-18 03:31:51.824 27676 RALLYDEBUG rally_openstack.cleanup.manager [-] Deleting neutron.network object s_rally_fa4c4a45_L3efiwxO (272f48c0-4fc7-4fab-a747-f3abf049949e)
2019-12-18 03:31:53.748 27676 RALLYDEBUG rally_openstack.cleanup.manager [-] Deleting neutron.network object s_rally_fa4c4a45_pgfdOe7K (2bcf8aee-bcdd-41f0-a4f3-3926dd39a21a)
2019-12-18 03:31:53.969 27676 RALLYDEBUG rally_openstack.cleanup.manager [-] Deleting neutron.network object s_rally_fa4c4a45_wr0yDf0d (2ee59a05-ddef-4bd9-b7c9-e32abb6c2b30)
2019-12-18 03:31:53.980 27676 RALLYDEBUG rally_openstack.cleanup.manager [-] Deleting neutron.network object s_rally_fa4c4a45_3AHJ2Usr (2fb467cd-b740-47ad-94e4-8efedfae8da6)
2019-12-18 03:31:54.057 27676 RALLYDEBUG rally_openstack.cleanup.manager [-] Deleting neutron.network object s_rally_fa4c4a45_omysjNnf (2fd47ae7-4ea7-44fe-8f60-94d79a884e4b)
2019-12-18 03:31:54.067 27676 RALLYDEBUG rally_openstack.cleanup.manager [-] Deleting neutron.network object s_rally_fa4c4a45_Bm4RwPrK (32541209-be88-4879-b162-fdf6b8adad5d)
2019-12-18 03:31:54.193 27676 RALLYDEBUG rally_openstack.cleanup.manager [-] Deleting neutron.network object s_rally_fa4c4a45_CZVjGtM9 (3413aef0-4464-48ac-97c3-644f6482c3e1)
2019-12-18 03:31:54.202 27676 RALLYDEBUG rally_openstack.cleanup.manager [-] Deleting neutron.network object s_rally_fa4c4a45_FcDH9N3L (34e91a90-f37a-46de-b9a8-c982fcf40947)
2019-12-18 03:31:54.323 27676 RALLYDEBUG rally_openstack.cleanup.manager [-] Deleting neutron.network object s_rally_fa4c4a45_iSSDTWub (34ea933a-3174-40cc-a637-bc23801bb4db)
2019-12-18 03:31:54.326 27676 RALLYDEBUG rally_openstack.cleanup.manager [-] Deleting neutron.network object s_rally_fa4c4a45_iETzP3sZ (35e31071-61f4-4f66-ab74-9c4a2693e31e)
2019-12-18 03:31:54.328 27676 RALLYDEBUG rally_openstack.cleanup.manager [-] Deleting neutron.network object s_rally_fa4c4a45_MV3Va8Y9 (3c2e65bb-57c4-46ab-9555-6c2fb98d7f6c)
2019-12-18 03:31:54.411 27676 RALLYDEBUG rally_openstack.cleanup.manager [-] Deleting neutron.network object s_rally_fa4c4a45_OblXKWY1 (3e2e5015-7626-46a4-840a-20d63d28174a)
2019-12-18 03:31:54.415 27676 RALLYDEBUG rally_openstack.cleanup.manager [-] Deleting neutron.network object s_rally_fa4c4a45_i4cEU8R4 (3f745f86-44cb-4c98-ae9d-b9a3adc4464c)
2019-12-18 03:31:54.464 27676 RALLYDEBUG rally_openstack.cleanup.manager [-] Deleting neutron.network object s_rally_fa4c4a45_sIVwRnjf (3fcd6daa-af6a-419b-bb16-e06b308c2975)
2019-12-18 03:31:54.475 27676 RALLYDEBUG rally_openstack.cleanup.manager [-] Deleting neutron.network object s_rally_fa4c4a45_BANh2rke (42a39f0c-41a9-4873-a497-9570a0d681c9)
2019-12-18 03:31:54.514 27676 RALLYDEBUG rally_openstack.cleanup.manager [-] Deleting neutron.network object s_rally_fa4c4a45_1529e1QD (4447de1a-ea2c-4de1-ba81-d33347f5cf13)
2019-12-18 03:31:54.519 27676 RALLYDEBUG rally_openstack.cleanup.manager [-] Deleting neutron.network object s_rally_fa4c4a45_c7yG4XHe (48664c62-dab6-48cc-a200-54036087c288)
2019-12-18 03:31:54.567 27676 RALLYDEBUG rally_openstack.cleanup.manager [-] Deleting neutron.network object s_rally_fa4c4a45_OCRXauVk (49a8dfee-ae62-427e-9eb0-77dac8197cdb)
2019-12-18 03:31:54.634 27676 RALLYDEBUG rally_openstack.cleanup.manager [-] Deleting neutron.network object s_rally_fa4c4a45_lfys4uMU (4d9b4202-a9cd-4555-959a-2f927e3ce31e)
2019-12-18 03:31:54.671 27676 RALLYDEBUG rally_openstack.cleanup.manager [-] Deleting neutron.network object s_rally_fa4c4a45_laiwfkLx (507bcacf-55f9-472e-bf91-850ee61957da)
2019-12-18 03:31:54.800 27676 RALLYDEBUG rally_openstack.cleanup.manager [-] Deleting neutron.network object s_rally_fa4c4a45_uQnTF8ED (54410097-8844-4276-9ddf-dbd94a6ed000)
2019-12-18 03:31:55.683 27676 RALLYDEBUG rally_openstack.cleanup.manager [-] Deleting neutron.network object s_rally_fa4c4a45_i47meY8X (55f2cf4b-0aea-49ef-b934-6d23c902dd01)
2019-12-18 03:31:56.152 27676 RALLYDEBUG rally_openstack.cleanup.manager [-] Deleting neutron.network object s_rally_fa4c4a45_AIj1m3Bi (5644bd8d-c4d1-4856-a828-17595210652d)
2019-12-18 03:31:56.199 27676 RALLYDEBUG rally_openstack.cleanup.manager [-] Deleting neutron.network object s_rally_fa4c4a45_YsJtavDt (5a8cf867-8fee-40a2-bd07-d38892260d8d)
2019-12-18 03:31:56.233 27676 RALLYDEBUG rally_openstack.cleanup.manager [-] Deleting neutron.network object s_rally_fa4c4a45_Qq7qfbSd (5e853333-e33e-482a-83b5-af0c8fbd2e5a)
2019-12-18 03:31:56.277 27676 RALLYDEBUG rally_openstack.cleanup.manager [-] Deleting neutron.network object s_rally_fa4c4a45_oTDEdrum (5f8a7f82-e187-474a-9640-2f065e04ba6c)
2019-12-18 03:31:56.365 27676 RALLYDEBUG rally_openstack.cleanup.manager [-] Deleting neutron.network object s_rally_fa4c4a45_LnB3ruvV (6b41d0a2-cfb3-4769-b74e-23cee92ae40b)
2019-12-18 03:31:56.457 27676 RALLYDEBUG rally_openstack.cleanup.manager [-] Deleting neutron.network object s_rally_fa4c4a45_rPqZcA1C (6bb886f8-49b2-4dbf-90fe-9d50e4ededd2)
2019-12-18 03:31:56.606 27676 RALLYDEBUG rally_openstack.cleanup.manager [-] Deleting neutron.network object s_rally_fa4c4a45_b5vfY1ve (6ce20da7-d09e-475f-b348-c967b6579cca)
2019-12-18 03:31:56.765 27676 RALLYDEBUG rally_openstack.cleanup.manager [-] Deleting neutron.network object s_rally_fa4c4a45_1YWJYFoK (6ec2569e-2337-437e-aea2-2dd8a3d6f8e1)
2019-12-18 03:31:56.773 27676 RALLYDEBUG rally_openstack.cleanup.manager [-] Deleting neutron.network object s_rally_fa4c4a45_058mdi5Y (70a60798-ae6d-441d-a8f5-01aed2fdc255)
2019-12-18 03:31:56.821 27676 RALLYDEBUG rally_openstack.cleanup.manager [-] Deleting neutron.network object s_rally_fa4c4a45_S66Ljqb7 (728976a8-309b-4035-a69b-b4b1477f9459)
2019-12-18 03:31:56.842 27676 RALLYDEBUG rally_openstack.cleanup.manager [-] Deleting neutron.network object s_rally_fa4c4a45_4oB2skcL (7599e408-0ab3-4b6b-9715-08769370304f)
2019-12-18 03:31:56.859 27676 RALLYDEBUG rally_openstack.cleanup.manager [-] Deleting neutron.network object s_rally_fa4c4a45_uHYOU587 (7815c101-dc0f-48d0-be75-919ce7363702)
2019-12-18 03:31:56.973 27676 RALLYDEBUG rally_openstack.cleanup.manager [-] Deleting neutron.network object s_rally_fa4c4a45_IjSs4jaB (79d5f2c0-3505-4b47-aba6-cd8b95e0d973)
2019-12-18 03:31:57.040 27676 RALLYDEBUG rally_openstack.cleanup.manager [-] Deleting neutron.network object s_rally_fa4c4a45_g6MtHtea (7bab71e2-545e-4002-acdb-3786e1ed20b9)
2019-12-18 03:31:57.055 27676 RALLYDEBUG rally_openstack.cleanup.manager [-] Deleting neutron.network object s_rally_fa4c4a45_V7huZBw4 (7bea081f-d93a-490d-9b40-6435632349ac)
2019-12-18 03:31:57.126 27676 RALLYDEBUG rally_openstack.cleanup.manager [-] Deleting neutron.network object s_rally_fa4c4a45_eYEEN9Eq (7cad1dd0-d8e4-43ee-ad76-b51409b8404d)
2019-12-18 03:31:57.226 27676 RALLYDEBUG rally_openstack.cleanup.manager [-] Deleting neutron.network object s_rally_fa4c4a45_jqQ4V0Ek (80fc02d1-9bb2-45fa-9bf1-4d742ea1af54)
2019-12-18 03:31:57.313 27676 RALLYDEBUG rally_openstack.cleanup.manager [-] Deleting neutron.network object s_rally_fa4c4a45_H5QyfObd (81303a77-5689-4821-b277-e500e1e83501)
2019-12-18 03:31:57.443 27676 RALLYDEBUG rally_openstack.cleanup.manager [-] Deleting neutron.network object s_rally_fa4c4a45_sLkLbkBL (82042107-9158-4c7d-aefd-df15084104a9)
2019-12-18 03:31:57.522 27676 RALLYDEBUG rally_openstack.cleanup.manager [-] Deleting neutron.network object s_rally_fa4c4a45_WxUfVE2b (82599706-dfe3-48e3-a513-329d64ff57b6)
2019-12-18 03:31:58.007 27676 RALLYDEBUG rally_openstack.cleanup.manager [-] Deleting neutron.network object s_rally_fa4c4a45_h5RWemWf (84287cc3-a7b3-458d-9c7a-eca477b78f67)
2019-12-18 03:31:58.126 27676 RALLYDEBUG rally_openstack.cleanup.manager [-] Deleting neutron.network object s_rally_fa4c4a45_0o31YnEc (8a75ac59-649a-4d73-a566-8dd72b9390f0)
2019-12-18 03:31:58.388 27676 RALLYDEBUG rally_openstack.cleanup.manager [-] Deleting neutron.network object s_rally_fa4c4a45_sPX9TLqr (8a9eceb4-e509-4952-b420-b62034e59e59)
2019-12-18 03:31:58.391 27676 RALLYDEBUG rally_openstack.cleanup.manager [-] Deleting neutron.network object s_rally_fa4c4a45_HcIavVmR (8bef22f8-b9ff-4bfc-a8d8-0ae47e490247)
2019-12-18 03:31:58.407 27676 RALLYDEBUG rally_openstack.cleanup.manager [-] Deleting neutron.network object s_rally_fa4c4a45_k7G8LotE (919c1b47-aaef-4b2d-9112-315f45ad60d0)
2019-12-18 03:31:58.442 27676 RALLYDEBUG rally_openstack.cleanup.manager [-] Deleting neutron.network object s_rally_fa4c4a45_RKTRNtHb (94df1c8f-6eef-4b9f-b2f1-d4ae55f175b5)
2019-12-18 03:31:58.516 27676 RALLYDEBUG rally_openstack.cleanup.manager [-] Deleting neutron.network object s_rally_fa4c4a45_x5AF3tPM (95ee0dcb-6984-40bf-9f6a-74f000bf0407)
2019-12-18 03:31:58.732 27676 RALLYDEBUG rally_openstack.cleanup.manager [-] Deleting neutron.network object s_rally_fa4c4a45_9Tmnmmrn (9870ecba-7692-4fbc-85fb-3289e12de437)
2019-12-18 03:31:58.762 27676 RALLYDEBUG rally_openstack.cleanup.manager [-] Deleting neutron.network object s_rally_fa4c4a45_OXmSP3Dn (9e784866-aed7-49ec-889f-947c4ee06ed0)
2019-12-18 03:31:58.920 27676 RALLYDEBUG rally_openstack.cleanup.manager [-] Deleting neutron.network object s_rally_fa4c4a45_W4CYtg55 (9f290e73-9c91-44da-940a-910bc7db16b9)
2019-12-18 03:31:58.926 27676 RALLYDEBUG rally_openstack.cleanup.manager [-] Deleting neutron.network object s_rally_fa4c4a45_XSFqdpKJ (a2d38347-4891-46fc-8218-4af5b577e18f)
2019-12-18 03:31:58.933 27676 RALLYDEBUG rally_openstack.cleanup.manager [-] Deleting neutron.network object s_rally_fa4c4a45_HzNTwiQH (a2dcfa38-fdf1-4f1b-a6f8-834e90888592)
2019-12-18 03:31:59.085 27676 RALLYDEBUG rally_openstack.cleanup.manager [-] Deleting neutron.network object s_rally_fa4c4a45_Lru0QQAJ (a484a897-5243-4967-b30d-0db8a29ece3d)
2019-12-18 03:31:59.172 27676 RALLYDEBUG rally_openstack.cleanup.manager [-] Deleting neutron.network object s_rally_fa4c4a45_NK1Eyg51 (a76cf11f-57bc-4994-b44e-4b3557eb76ba)
2019-12-18 03:31:59.344 27676 RALLYDEBUG rally_openstack.cleanup.manager [-] Deleting neutron.network object s_rally_fa4c4a45_hHyJIeRL (a79323ed-683f-4a06-b28e-13f9e1a5010c)
2019-12-18 03:31:59.380 27676 RALLYDEBUG rally_openstack.cleanup.manager [-] Deleting neutron.network object s_rally_fa4c4a45_TzjO7Izk (acbead0b-ce07-47a9-a347-2df7cef8c2e5)
2019-12-18 03:31:59.389 27676 RALLYDEBUG rally_openstack.cleanup.manager [-] Deleting neutron.network object s_rally_fa4c4a45_4KVvTuYy (ad0e6321-5229-43b2-a727-f54dfc5d3771)
2019-12-18 03:31:59.450 27676 RALLYDEBUG rally_openstack.cleanup.manager [-] Deleting neutron.network object s_rally_fa4c4a45_CE5tVr9z (b0726aed-4a60-421a-8fb2-bdb0c02c71e9)
2019-12-18 03:31:59.627 27676 RALLYDEBUG rally_openstack.cleanup.manager [-] Deleting neutron.network object s_rally_fa4c4a45_QtmEB0r4 (b341b9d1-6bb2-41bc-82e4-3c68a2011c89)
2019-12-18 03:31:59.636 27676 RALLYDEBUG rally_openstack.cleanup.manager [-] Deleting neutron.network object s_rally_fa4c4a45_QeZyC8LY (b3429ea7-238a-4369-b84c-a296ba9a6ef5)
2019-12-18 03:31:59.959 27676 RALLYDEBUG rally_openstack.cleanup.manager [-] Deleting neutron.network object s_rally_fa4c4a45_VkcIR3AM (b4a449df-1a6e-4b2d-a5fd-b2d950b69c3a)
2019-12-18 03:32:00.127 27676 RALLYDEBUG rally_openstack.cleanup.manager [-] Deleting neutron.network object s_rally_fa4c4a45_MY4NrWxw (b7042715-26d4-46a0-a781-6a44afffcebd)
2019-12-18 03:32:00.253 27676 RALLYDEBUG rally_openstack.cleanup.manager [-] Deleting neutron.network object s_rally_fa4c4a45_BLMgSeZP (b94bf9b1-d6c9-4bc4-bf7e-eaf3610bc05a)
2019-12-18 03:32:00.263 27676 RALLYDEBUG rally_openstack.cleanup.manager [-] Deleting neutron.network object s_rally_fa4c4a45_7kZRCfw7 (ba6976a8-4c41-429c-bc99-d5d870631cd4)
2019-12-18 03:32:00.277 27676 RALLYDEBUG rally_openstack.cleanup.manager [-] Deleting neutron.network object s_rally_fa4c4a45_KdatPuLW (bdd66c96-b76b-476c-85bf-34eb6002a350)
2019-12-18 03:32:00.408 27676 RALLYDEBUG rally_openstack.cleanup.manager [-] Deleting neutron.network object s_rally_fa4c4a45_w8jugbQd (c0873c1f-71f8-4079-ab49-7578933fcba1)
2019-12-18 03:32:00.593 27676 RALLYDEBUG rally_openstack.cleanup.manager [-] Deleting neutron.network object s_rally_fa4c4a45_BdaeRiSw (c2ed6b2d-cc6b-46c0-a499-1e263b7a4aef)
2019-12-18 03:32:00.653 27676 RALLYDEBUG rally_openstack.cleanup.manager [-] Deleting neutron.network object s_rally_fa4c4a45_Im6CuIdg (c5e4d8de-ab55-4584-bbb7-58adcd83b3df)
2019-12-18 03:32:00.795 27676 RALLYDEBUG rally_openstack.cleanup.manager [-] Deleting neutron.network object s_rally_fa4c4a45_NyHPMf26 (c98a5f93-4b9b-4681-9341-74c6c168b902)
2019-12-18 03:32:00.986 27676 RALLYDEBUG rally_openstack.cleanup.manager [-] Deleting neutron.network object s_rally_fa4c4a45_MkSd9m6T (cbc9c1f8-3c3b-4e65-ba2e-84fc215effea)
2019-12-18 03:32:01.215 27676 RALLYDEBUG rally_openstack.cleanup.manager [-] Deleting neutron.network object s_rally_fa4c4a45_sNabEfIS (cdae074e-328e-405f-92a1-d246e594f770)
2019-12-18 03:32:01.258 27676 RALLYDEBUG rally_openstack.cleanup.manager [-] Deleting neutron.network object s_rally_fa4c4a45_0BCuo5Lp (d6416319-3150-4d6f-bcff-9e5036be7025)
2019-12-18 03:32:01.331 27676 RALLYDEBUG rally_openstack.cleanup.manager [-] Deleting neutron.network object s_rally_fa4c4a45_Y9OSCbmG (da9fac25-0ce4-402c-a917-e32bb528de91)
2019-12-18 03:32:01.424 27676 RALLYDEBUG rally_openstack.cleanup.manager [-] Deleting neutron.network object s_rally_fa4c4a45_AtYR7RYQ (dc3f25b8-36a2-4e8c-9283-afa9069ce958)
2019-12-18 03:32:01.450 27676 RALLYDEBUG rally_openstack.cleanup.manager [-] Deleting neutron.network object s_rally_fa4c4a45_SMHUXelQ (de54e67b-db1d-48d3-bce1-634d8aa726c5)
2019-12-18 03:32:01.515 27676 RALLYDEBUG rally_openstack.cleanup.manager [-] Deleting neutron.network object s_rally_fa4c4a45_0lqFrcTf (deb29464-5855-481a-a3f2-5e8432f9816f)
