2019-12-18 03:52:31.399 27676 RALLYDEBUG rally_openstack.cleanup.manager [-] Deleting neutron.security_group object s_rally_2893d449_29ffmp13 (e2d25407-0b48-4b69-8104-6238a8f1d9f2)
2019-12-18 03:52:31.403 27676 RALLYDEBUG rally_openstack.cleanup.manager [-] Deleting neutron.security_group object s_rally_2893d449_IG6AaiUB (e40880b2-aab5-469e-b773-503a8c160449)
2019-12-18 03:52:31.419 27676 RALLYDEBUG rally_openstack.cleanup.manager [-] Deleting neutron.security_group object s_rally_2893d449_bQGRk35J (fbd59920-ae4f-4dbf-97f1-82a6de5f5139)
2019-12-18 03:52:33.257 27676 INFO rally.task.context [-] Task aa186fb2-7a56-434f-a38a-d59faec33f95 | Context cleanup@openstack cleanup() finished in 14.77 sec
2019-12-18 03:52:33.257 27676 INFO rally.task.context [-] Task aa186fb2-7a56-434f-a38a-d59faec33f95 | Context quotas@openstack cleanup() started
2019-12-18 03:52:33.431 27676 INFO rally.task.context [-] Task aa186fb2-7a56-434f-a38a-d59faec33f95 | Context quotas@openstack cleanup() finished in 0.17 sec
2019-12-18 03:52:33.431 27676 INFO rally.task.context [-] Task aa186fb2-7a56-434f-a38a-d59faec33f95 | Context users@openstack cleanup() started
2019-12-18 03:52:36.821 27676 INFO rally.task.context [-] Task aa186fb2-7a56-434f-a38a-d59faec33f95 | Context users@openstack cleanup() finished in 3.39 sec
2019-12-18 03:52:38.224 27676 INFO rally.task.engine [-] Load duration is: 3.556468
2019-12-18 03:52:38.224 27676 INFO rally.task.engine [-] Full runner duration is: 3.596596
2019-12-18 03:52:38.225 27676 INFO rally.task.engine [-] Full duration is: 25.093516
2019-12-18 03:52:38.502 27676 INFO rally.task.engine [-] Running workload: position = 6 config = { "version": 2, "title": "A cropped version of a bigger task.", "description": "Auto-generated task from a single workload (uuid=2b35a05a-1aec-4f87-a336-a1af61f9dd38)", "subtasks": [ { "title": "NeutronSecurityGroup.create_and_update_security_groups", "description": "Create and update Neutron security-groups.", "scenario": { "NeutronSecurityGroup.create_and_update_security_groups": { "security_group_create_args": {}, "security_group_update_args": {} } }, "contexts": { "users": { "tenants": 2, "users_per_tenant": 3 }, "quotas": { "neutron": { "security_group": -1 } } }, "runner": { "constant": { "times": 50, "concurrency": 10 } }, "hooks": [], "sla": { "failure_rate": { "max": 0 } } } ] }
2019-12-18 03:52:38.526 27676 RALLYDEBUG rally_openstack.contexts.keystone.users [-] Creating 2 tenants using 20 threads
2019-12-18 03:52:39.564 27676 RALLYDEBUG rally_openstack.contexts.keystone.users [-] Creating 6 users using 20 threads
2019-12-18 03:52:41.202 27676 INFO rally.task.context [-] Task aa186fb2-7a56-434f-a38a-d59faec33f95 | Context users@openstack setup() finished in 2.68 sec
2019-12-18 03:52:41.888 27676 INFO rally.task.context [-] Task aa186fb2-7a56-434f-a38a-d59faec33f95 | Context quotas@openstack setup() finished in 0.68 sec
2019-12-18 03:52:41.888 27676 INFO rally.task.context [-] Task aa186fb2-7a56-434f-a38a-d59faec33f95 | Context cleanup@openstack setup() finished in 0.02 msec
2019-12-18 03:52:41.897 27676 RALLYDEBUG rally.task.runner [-] Starting the constant runner (task UUID: aa186fb2-7a56-434f-a38a-d59faec33f95). times: 50 concurrency: 10 timeout: 0 max_cpu_used: 16 processes_to_start: 10 concurrency_per_worker: 1 concurrency_overhead: 0
2019-12-18 03:52:41.909 3845 RALLYDEBUG rally.task.runner [-] Starting a worker. times: 50 duration: None concurrency: 1 timeout: 0 cls: method_name: run args: {"security_group_create_args": {}, "security_group_update_args": {}}
2019-12-18 03:52:41.912 3846 RALLYDEBUG rally.task.runner [-] Starting a worker. times: 50 duration: None concurrency: 1 timeout: 0 cls: method_name: run args: {"security_group_create_args": {}, "security_group_update_args": {}}
2019-12-18 03:52:41.916 3845 INFO rally.task.runner [-] Task aa186fb2-7a56-434f-a38a-d59faec33f95 | ITER: 1 START
2019-12-18 03:52:41.916 3847 RALLYDEBUG rally.task.runner [-] Starting a worker. times: 50 duration: None concurrency: 1 timeout: 0 cls: method_name: run args: {"security_group_create_args": {}, "security_group_update_args": {}}
2019-12-18 03:52:41.919 3846 INFO rally.task.runner [-] Task aa186fb2-7a56-434f-a38a-d59faec33f95 | ITER: 2 START
2019-12-18 03:52:41.919 3849 RALLYDEBUG rally.task.runner [-] Starting a worker. times: 50 duration: None concurrency: 1 timeout: 0 cls: method_name: run args: {"security_group_create_args": {}, "security_group_update_args": {}}
2019-12-18 03:52:41.923 3847 INFO rally.task.runner [-] Task aa186fb2-7a56-434f-a38a-d59faec33f95 | ITER: 3 START
2019-12-18 03:52:41.923 3853 RALLYDEBUG rally.task.runner [-] Starting a worker. times: 50 duration: None concurrency: 1 timeout: 0 cls: method_name: run args: {"security_group_create_args": {}, "security_group_update_args": {}}
2019-12-18 03:52:41.926 3849 INFO rally.task.runner [-] Task aa186fb2-7a56-434f-a38a-d59faec33f95 | ITER: 4 START
2019-12-18 03:52:41.927 3856 RALLYDEBUG rally.task.runner [-] Starting a worker. times: 50 duration: None concurrency: 1 timeout: 0 cls: method_name: run args: {"security_group_create_args": {}, "security_group_update_args": {}}
2019-12-18 03:52:41.930 3853 INFO rally.task.runner [-] Task aa186fb2-7a56-434f-a38a-d59faec33f95 | ITER: 5 START
2019-12-18 03:52:41.932 3859 RALLYDEBUG rally.task.runner [-] Starting a worker. times: 50 duration: None concurrency: 1 timeout: 0 cls: method_name: run args: {"security_group_create_args": {}, "security_group_update_args": {}}
2019-12-18 03:52:41.933 3856 INFO rally.task.runner [-] Task aa186fb2-7a56-434f-a38a-d59faec33f95 | ITER: 6 START
2019-12-18 03:52:41.938 3859 INFO rally.task.runner [-] Task aa186fb2-7a56-434f-a38a-d59faec33f95 | ITER: 7 START
2019-12-18 03:52:41.942 3864 RALLYDEBUG rally.task.runner [-] Starting a worker. times: 50 duration: None concurrency: 1 timeout: 0 cls: method_name: run args: {"security_group_create_args": {}, "security_group_update_args": {}}
2019-12-18 03:52:41.948 3867 RALLYDEBUG rally.task.runner [-] Starting a worker. times: 50 duration: None concurrency: 1 timeout: 0 cls: method_name: run args: {"security_group_create_args": {}, "security_group_update_args": {}}
2019-12-18 03:52:41.950 3864 INFO rally.task.runner [-] Task aa186fb2-7a56-434f-a38a-d59faec33f95 | ITER: 8 START
2019-12-18 03:52:41.954 3867 INFO rally.task.runner [-] Task aa186fb2-7a56-434f-a38a-d59faec33f95 | ITER: 9 START
2019-12-18 03:52:41.954 3870 RALLYDEBUG rally.task.runner [-] Starting a worker. times: 50 duration: None concurrency: 1 timeout: 0 cls: method_name: run args: {"security_group_create_args": {}, "security_group_update_args": {}}
2019-12-18 03:52:41.960 3870 INFO rally.task.runner [-] Task aa186fb2-7a56-434f-a38a-d59faec33f95 | ITER: 10 START
2019-12-18 03:52:42.609 3845 INFO rally.task.runner [-] Task aa186fb2-7a56-434f-a38a-d59faec33f95 | ITER: 1 END: OK
2019-12-18 03:52:42.614 3845 INFO rally.task.runner [-] Task aa186fb2-7a56-434f-a38a-d59faec33f95 | ITER: 11 START
2019-12-18 03:52:42.649 3859 INFO rally.task.runner [-] Task aa186fb2-7a56-434f-a38a-d59faec33f95 | ITER: 7 END: OK
2019-12-18 03:52:42.650 3846 INFO rally.task.runner [-] Task aa186fb2-7a56-434f-a38a-d59faec33f95 | ITER: 2 END: OK
2019-12-18 03:52:42.654 3846 INFO rally.task.runner [-] Task aa186fb2-7a56-434f-a38a-d59faec33f95 | ITER: 13 START
2019-12-18 03:52:42.654 3859 INFO rally.task.runner [-] Task aa186fb2-7a56-434f-a38a-d59faec33f95 | ITER: 12 START
2019-12-18 03:52:42.661 3847 INFO rally.task.runner [-] Task aa186fb2-7a56-434f-a38a-d59faec33f95 | ITER: 3 END: OK
2019-12-18 03:52:42.665 3847 INFO rally.task.runner [-] Task aa186fb2-7a56-434f-a38a-d59faec33f95 | ITER: 14 START
2019-12-18 03:52:42.697 3853 INFO rally.task.runner [-] Task aa186fb2-7a56-434f-a38a-d59faec33f95 | ITER: 5 END: OK
2019-12-18 03:52:42.701 3853 INFO rally.task.runner [-] Task aa186fb2-7a56-434f-a38a-d59faec33f95 | ITER: 15 START
2019-12-18 03:52:43.219 3849 INFO rally.task.runner [-] Task aa186fb2-7a56-434f-a38a-d59faec33f95 | ITER: 4 END: OK
2019-12-18 03:52:43.223 3864 INFO rally.task.runner [-] Task aa186fb2-7a56-434f-a38a-d59faec33f95 | ITER: 8 END: OK
2019-12-18 03:52:43.223 3849 INFO rally.task.runner [-] Task aa186fb2-7a56-434f-a38a-d59faec33f95 | ITER: 16 START
2019-12-18 03:52:43.227 3864 INFO rally.task.runner [-] Task aa186fb2-7a56-434f-a38a-d59faec33f95 | ITER: 17 START
2019-12-18 03:52:43.237 3856 INFO rally.task.runner [-] Task aa186fb2-7a56-434f-a38a-d59faec33f95 | ITER: 6 END: OK
2019-12-18 03:52:43.241 3856 INFO rally.task.runner [-] Task aa186fb2-7a56-434f-a38a-d59faec33f95 | ITER: 18 START
2019-12-18 03:52:43.280 3867 INFO rally.task.runner [-] Task aa186fb2-7a56-434f-a38a-d59faec33f95 | ITER: 9 END: OK
2019-12-18 03:52:43.284 3859 INFO rally.task.runner [-] Task aa186fb2-7a56-434f-a38a-d59faec33f95 | ITER: 12 END: OK
2019-12-18 03:52:43.284 3867 INFO rally.task.runner [-] Task aa186fb2-7a56-434f-a38a-d59faec33f95 | ITER: 19 START
2019-12-18 03:52:43.287 3859 INFO rally.task.runner [-] Task aa186fb2-7a56-434f-a38a-d59faec33f95 | ITER: 20 START
2019-12-18 03:52:43.300 3853 INFO rally.task.runner [-] Task aa186fb2-7a56-434f-a38a-d59faec33f95 | ITER: 15 END: OK
2019-12-18 03:52:43.304 3853 INFO rally.task.runner [-] Task aa186fb2-7a56-434f-a38a-d59faec33f95 | ITER: 21 START
2019-12-18 03:52:43.344 3847 INFO rally.task.runner [-] Task aa186fb2-7a56-434f-a38a-d59faec33f95 | ITER: 14 END: OK
2019-12-18 03:52:43.347 3847 INFO rally.task.runner [-] Task aa186fb2-7a56-434f-a38a-d59faec33f95 | ITER: 22 START
2019-12-18 03:52:43.351 3845 INFO rally.task.runner [-] Task aa186fb2-7a56-434f-a38a-d59faec33f95 | ITER: 11 END: OK
2019-12-18 03:52:43.354 3845 INFO rally.task.runner [-] Task aa186fb2-7a56-434f-a38a-d59faec33f95 | ITER: 23 START
2019-12-18 03:52:43.495 3870 INFO rally.task.runner [-] Task aa186fb2-7a56-434f-a38a-d59faec33f95 | ITER: 10 END: OK
2019-12-18 03:52:43.499 3870 INFO rally.task.runner [-] Task aa186fb2-7a56-434f-a38a-d59faec33f95 | ITER: 24 START
2019-12-18 03:52:43.532 3846 INFO rally.task.runner [-] Task aa186fb2-7a56-434f-a38a-d59faec33f95 | ITER: 13 END: OK
2019-12-18 03:52:43.536 3846 INFO rally.task.runner [-] Task aa186fb2-7a56-434f-a38a-d59faec33f95 | ITER: 25 START
2019-12-18 03:52:43.804 3864 INFO rally.task.runner [-] Task aa186fb2-7a56-434f-a38a-d59faec33f95 | ITER: 17 END: OK
2019-12-18 03:52:43.804 3849 INFO rally.task.runner [-] Task aa186fb2-7a56-434f-a38a-d59faec33f95 | ITER: 16 END: OK
2019-12-18 03:52:43.808 3849 INFO rally.task.runner [-] Task aa186fb2-7a56-434f-a38a-d59faec33f95 | ITER: 26 START
2019-12-18 03:52:43.808 3864 INFO rally.task.runner [-] Task aa186fb2-7a56-434f-a38a-d59faec33f95 | ITER: 27 START
2019-12-18 03:52:43.861 3853 INFO rally.task.runner [-] Task aa186fb2-7a56-434f-a38a-d59faec33f95 | ITER: 21 END: OK
2019-12-18 03:52:43.861 3867 INFO rally.task.runner [-] Task aa186fb2-7a56-434f-a38a-d59faec33f95 | ITER: 19 END: OK
2019-12-18 03:52:43.864 3853 INFO rally.task.runner [-] Task aa186fb2-7a56-434f-a38a-d59faec33f95 | ITER: 28 START
2019-12-18 03:52:43.864 3867 INFO rally.task.runner [-] Task aa186fb2-7a56-434f-a38a-d59faec33f95 | ITER: 29 START
2019-12-18 03:52:43.916 3859 INFO rally.task.runner [-] Task aa186fb2-7a56-434f-a38a-d59faec33f95 | ITER: 20 END: OK
2019-12-18 03:52:43.920 3859 INFO rally.task.runner [-] Task aa186fb2-7a56-434f-a38a-d59faec33f95 | ITER: 30 START
2019-12-18 03:52:43.939 3847 INFO rally.task.runner [-] Task aa186fb2-7a56-434f-a38a-d59faec33f95 | ITER: 22 END: OK
2019-12-18 03:52:43.943 3847 INFO rally.task.runner [-] Task aa186fb2-7a56-434f-a38a-d59faec33f95 | ITER: 31 START
2019-12-18 03:52:43.975 3856 INFO rally.task.runner [-] Task aa186fb2-7a56-434f-a38a-d59faec33f95 | ITER: 18 END: OK
2019-12-18 03:52:43.978 3856 INFO rally.task.runner [-] Task aa186fb2-7a56-434f-a38a-d59faec33f95 | ITER: 32 START
2019-12-18 03:52:44.105 3846 INFO rally.task.runner [-] Task aa186fb2-7a56-434f-a38a-d59faec33f95 | ITER: 25 END: OK
2019-12-18 03:52:44.109 3846 INFO rally.task.runner [-] Task aa186fb2-7a56-434f-a38a-d59faec33f95 | ITER: 33 START
2019-12-18 03:52:44.116 3870 INFO rally.task.runner [-] Task aa186fb2-7a56-434f-a38a-d59faec33f95 | ITER: 24 END: OK
2019-12-18 03:52:44.119 3870 INFO rally.task.runner [-] Task aa186fb2-7a56-434f-a38a-d59faec33f95 | ITER: 34 START
2019-12-18 03:52:44.126 3845 INFO rally.task.runner [-] Task aa186fb2-7a56-434f-a38a-d59faec33f95 | ITER: 23 END: OK
2019-12-18 03:52:44.130 3845 INFO rally.task.runner [-] Task aa186fb2-7a56-434f-a38a-d59faec33f95 | ITER: 35 START
2019-12-18 03:52:44.366 3849 INFO rally.task.runner [-] Task aa186fb2-7a56-434f-a38a-d59faec33f95 | ITER: 26 END: OK
2019-12-18 03:52:44.370 3849 INFO rally.task.runner [-] Task aa186fb2-7a56-434f-a38a-d59faec33f95 | ITER: 36 START
2019-12-18 03:52:44.373 3864 INFO rally.task.runner [-] Task aa186fb2-7a56-434f-a38a-d59faec33f95 | ITER: 27 END: OK
2019-12-18 03:52:44.376 3864 INFO rally.task.runner [-] Task aa186fb2-7a56-434f-a38a-d59faec33f95 | ITER: 37 START
2019-12-18 03:52:44.426 3853 INFO rally.task.runner [-] Task aa186fb2-7a56-434f-a38a-d59faec33f95 | ITER: 28 END: OK
2019-12-18 03:52:44.429 3853 INFO rally.task.runner [-] Task aa186fb2-7a56-434f-a38a-d59faec33f95 | ITER: 38 START
2019-12-18 03:52:44.483 3867 INFO rally.task.runner [-] Task aa186fb2-7a56-434f-a38a-d59faec33f95 | ITER: 29 END: OK
2019-12-18 03:52:44.487 3867 INFO rally.task.runner [-] Task aa186fb2-7a56-434f-a38a-d59faec33f95 | ITER: 39 START
2019-12-18 03:52:44.553 3859 INFO rally.task.runner [-] Task aa186fb2-7a56-434f-a38a-d59faec33f95 | ITER: 30 END: OK
2019-12-18 03:52:44.557 3859 INFO rally.task.runner [-] Task aa186fb2-7a56-434f-a38a-d59faec33f95 | ITER: 40 START
2019-12-18 03:52:44.589 3847 INFO rally.task.runner [-] Task aa186fb2-7a56-434f-a38a-d59faec33f95 | ITER: 31 END: OK
2019-12-18 03:52:44.592 3847 INFO rally.task.runner [-] Task aa186fb2-7a56-434f-a38a-d59faec33f95 | ITER: 41 START
2019-12-18 03:52:44.606 3856 INFO rally.task.runner [-] Task aa186fb2-7a56-434f-a38a-d59faec33f95 | ITER: 32 END: OK
2019-12-18 03:52:44.611 3856 INFO rally.task.runner [-] Task aa186fb2-7a56-434f-a38a-d59faec33f95 | ITER: 42 START
2019-12-18 03:52:44.689 3846 INFO rally.task.runner [-] Task aa186fb2-7a56-434f-a38a-d59faec33f95 | ITER: 33 END: OK
2019-12-18 03:52:44.691 3845 INFO rally.task.runner [-] Task aa186fb2-7a56-434f-a38a-d59faec33f95 | ITER: 35 END: OK
2019-12-18 03:52:44.694 3846 INFO rally.task.runner [-] Task aa186fb2-7a56-434f-a38a-d59faec33f95 | ITER: 43 START
2019-12-18 03:52:44.694 3845 INFO rally.task.runner [-] Task aa186fb2-7a56-434f-a38a-d59faec33f95 | ITER: 44 START
2019-12-18 03:52:44.714 3870 INFO rally.task.runner [-] Task aa186fb2-7a56-434f-a38a-d59faec33f95 | ITER: 34 END: OK
2019-12-18 03:52:44.717 3870 INFO rally.task.runner [-] Task aa186fb2-7a56-434f-a38a-d59faec33f95 | ITER: 45 START
2019-12-18 03:52:44.922 3849 INFO rally.task.runner [-] Task aa186fb2-7a56-434f-a38a-d59faec33f95 | ITER: 36 END: OK
2019-12-18 03:52:44.926 3849 INFO rally.task.runner [-] Task aa186fb2-7a56-434f-a38a-d59faec33f95 | ITER: 46 START
2019-12-18 03:52:44.939 3864 INFO rally.task.runner [-] Task aa186fb2-7a56-434f-a38a-d59faec33f95 | ITER: 37 END: OK
2019-12-18 03:52:44.942 3864 INFO rally.task.runner [-] Task aa186fb2-7a56-434f-a38a-d59faec33f95 | ITER: 47 START
2019-12-18 03:52:45.043 3867 INFO rally.task.runner [-] Task aa186fb2-7a56-434f-a38a-d59faec33f95 | ITER: 39 END: OK
2019-12-18 03:52:45.045 3853 INFO rally.task.runner [-] Task aa186fb2-7a56-434f-a38a-d59faec33f95 | ITER: 38 END: OK
2019-12-18 03:52:45.047 3867 INFO rally.task.runner [-] Task aa186fb2-7a56-434f-a38a-d59faec33f95 | ITER: 48 START
2019-12-18 03:52:45.049 3853 INFO rally.task.runner [-] Task aa186fb2-7a56-434f-a38a-d59faec33f95 | ITER: 49 START
2019-12-18 03:52:45.131 3847 INFO rally.task.runner [-] Task aa186fb2-7a56-434f-a38a-d59faec33f95 | ITER: 41 END: OK
2019-12-18 03:52:45.134 3847 INFO rally.task.runner [-] Task aa186fb2-7a56-434f-a38a-d59faec33f95 | ITER: 50 START
2019-12-18 03:52:45.203 3856 INFO rally.task.runner [-] Task aa186fb2-7a56-434f-a38a-d59faec33f95 | ITER: 42 END: OK
2019-12-18 03:52:45.267 3846 INFO rally.task.runner [-] Task aa186fb2-7a56-434f-a38a-d59faec33f95 | ITER: 43 END: OK
2019-12-18 03:52:45.270 3859 INFO rally.task.runner [-] Task aa186fb2-7a56-434f-a38a-d59faec33f95 | ITER: 40 END: OK
2019-12-18 03:52:45.277 3845 INFO rally.task.runner [-] Task aa186fb2-7a56-434f-a38a-d59faec33f95 | ITER: 44 END: OK
2019-12-18 03:52:45.368 3870 INFO rally.task.runner [-] Task aa186fb2-7a56-434f-a38a-d59faec33f95 | ITER: 45 END: OK
2019-12-18 03:52:45.506 3864 INFO rally.task.runner [-] Task aa186fb2-7a56-434f-a38a-d59faec33f95 | ITER: 47 END: OK
2019-12-18 03:52:45.510 3849 INFO rally.task.runner [-] Task aa186fb2-7a56-434f-a38a-d59faec33f95 | ITER: 46 END: OK
2019-12-18 03:52:45.610 3867 INFO rally.task.runner [-] Task aa186fb2-7a56-434f-a38a-d59faec33f95 | ITER: 48 END: OK
2019-12-18 03:52:45.630 3853 INFO rally.task.runner [-] Task aa186fb2-7a56-434f-a38a-d59faec33f95 | ITER: 49 END: OK
2019-12-18 03:52:45.661 3847 INFO rally.task.runner [-] Task aa186fb2-7a56-434f-a38a-d59faec33f95 | ITER: 50 END: OK
2019-12-18 03:52:45.686 27676 INFO rally.task.context [-] Task aa186fb2-7a56-434f-a38a-d59faec33f95 | Context cleanup@openstack cleanup() started
2019-12-18 03:52:45.690 27676 RALLYDEBUG rally_openstack.cleanup.manager [-] Cleaning up neutron vip objects
2019-12-18 03:52:46.423 27676 RALLYDEBUG rally_openstack.cleanup.manager [-] Cleaning up neutron health_monitor objects
2019-12-18 03:52:47.184 27676 RALLYDEBUG rally_openstack.cleanup.manager [-] Cleaning up neutron pool objects
2019-12-18 03:52:47.931 27676 RALLYDEBUG rally_openstack.cleanup.manager [-] Cleaning up neutron loadbalancer objects
2019-12-18 03:52:48.675 27676 RALLYDEBUG rally_openstack.cleanup.manager [-] Cleaning up neutron floatingip objects
2019-12-18 03:52:49.511 27676 RALLYDEBUG rally_openstack.cleanup.manager [-] Cleaning up neutron trunk objects
2019-12-18 03:52:50.275 27676 RALLYDEBUG rally_openstack.cleanup.manager [-] Cleaning up neutron port objects
2019-12-18 03:52:51.072 27676 RALLYDEBUG rally_openstack.cleanup.manager [-] Cleaning up neutron subnet objects
2019-12-18 03:52:51.852 27676 RALLYDEBUG rally_openstack.cleanup.manager [-] Cleaning up neutron network objects
2019-12-18 03:52:52.635 27676 RALLYDEBUG rally_openstack.cleanup.manager [-] Cleaning up neutron router objects
2019-12-18 03:52:53.708 27676 RALLYDEBUG rally_openstack.cleanup.manager [-] Cleaning up neutron security_group objects
2019-12-18 03:52:55.032 27676 RALLYDEBUG rally_openstack.cleanup.manager [-] Deleting neutron.security_group object s_rally_2b35a05a_jFFQgdq0 (1234b79a-a036-4887-ba5a-7154ddb1263e)
2019-12-18 03:52:55.042 27676 RALLYDEBUG rally_openstack.cleanup.manager [-] Deleting neutron.security_group object s_rally_2b35a05a_Sivflgmg (1a9a4fbf-a065-46f8-8f4d-a373ecbfad55)
2019-12-18 03:52:55.051 27676 RALLYDEBUG rally_openstack.cleanup.manager [-] Deleting neutron.security_group object s_rally_2b35a05a_vydDXlce (1b22bd15-3056-4a24-8aee-289c3054ecb6)
2019-12-18 03:52:55.060 27676 RALLYDEBUG rally_openstack.cleanup.manager [-] Deleting neutron.security_group object s_rally_2b35a05a_rI9kgNay (278eea02-c580-41cc-8f7f-d768a1d20604)
2019-12-18 03:52:55.065 27676 RALLYDEBUG rally_openstack.cleanup.manager [-] Deleting neutron.security_group object s_rally_2b35a05a_Pxp6sBOi (2d3f4b7b-8b37-40c1-9e95-3edf2163fd9b)
2019-12-18 03:52:55.071 27676 RALLYDEBUG rally_openstack.cleanup.manager [-] Deleting neutron.security_group object s_rally_2b35a05a_UruvxYCV (30655590-5c2d-4d22-9d12-7e35d291932a)
2019-12-18 03:52:55.083 27676 RALLYDEBUG rally_openstack.cleanup.manager [-] Deleting neutron.security_group object s_rally_2b35a05a_kwVTW5na (334c00ed-5237-4640-a4a7-465c8ed9d32d)
2019-12-18 03:52:55.096 27676 RALLYDEBUG rally_openstack.cleanup.manager [-] Deleting neutron.security_group object s_rally_2b35a05a_3pkTQmpX (356842d2-7317-4830-af5f-b01a547ed0ae)
2019-12-18 03:52:55.111 27676 RALLYDEBUG rally_openstack.cleanup.manager [-] Deleting neutron.security_group object s_rally_2b35a05a_Wn0HuzNT (365e1c04-2291-4920-80f4-61bf120b56bd)
2019-12-18 03:52:55.122 27676 RALLYDEBUG rally_openstack.cleanup.manager [-] Deleting neutron.security_group object s_rally_2b35a05a_uWtWVppI (4b64edd3-5e04-47b2-ad6d-82502ce4fa01)
2019-12-18 03:52:55.130 27676 RALLYDEBUG rally_openstack.cleanup.manager [-] Deleting neutron.security_group object s_rally_2b35a05a_KfarPEY1 (4de66654-6c40-4b07-af25-26ad9eacd922)
2019-12-18 03:52:55.146 27676 RALLYDEBUG rally_openstack.cleanup.manager [-] Deleting neutron.security_group object s_rally_2b35a05a_urbs8Mzl (5bfcc4d1-32f6-42b9-8cc5-6df6deeb14fa)
2019-12-18 03:52:55.151 27676 RALLYDEBUG rally_openstack.cleanup.manager [-] Deleting neutron.security_group object s_rally_2b35a05a_RkqGffR5 (608ee2d3-3f1f-41a1-8bbe-df875a9e75c9)
2019-12-18 03:52:55.161 27676 RALLYDEBUG rally_openstack.cleanup.manager [-] Deleting neutron.security_group object s_rally_2b35a05a_bl6q8Hi4 (6dcd48d1-1bfa-494f-8b43-89fe49b779a2)
2019-12-18 03:52:55.177 27676 RALLYDEBUG rally_openstack.cleanup.manager [-] Deleting neutron.security_group object s_rally_2b35a05a_dsLsP426 (6dd5ebcd-7b30-4a9d-86b4-8c47405577df)
2019-12-18 03:52:55.185 27676 RALLYDEBUG rally_openstack.cleanup.manager [-] Deleting neutron.security_group object s_rally_2b35a05a_mWoA80HW (7419cbd0-0a7e-4005-9a38-05915e754a3a)
2019-12-18 03:52:55.193 27676 RALLYDEBUG rally_openstack.cleanup.manager [-] Deleting neutron.security_group object s_rally_2b35a05a_3yLwqufF (7a26dc4b-534a-40b5-b21f-f5ad8360747f)
2019-12-18 03:52:55.207 27676 RALLYDEBUG rally_openstack.cleanup.manager [-] Deleting neutron.security_group object s_rally_2b35a05a_G7Vyg3XH (893b2533-8998-46d6-bf27-8fc1002d95e7)
2019-12-18 03:52:55.214 27676 RALLYDEBUG rally_openstack.cleanup.manager [-] Deleting neutron.security_group object s_rally_2b35a05a_aquQBlX7 (9e9a42c0-7bdb-4ffa-9a60-c55fec3ea995)
2019-12-18 03:52:55.219 27676 RALLYDEBUG rally_openstack.cleanup.manager [-] Deleting neutron.security_group object s_rally_2b35a05a_5izsYe3Y (c2391c75-4ca5-48d7-9c3e-81b4392f731a)
2019-12-18 03:52:56.680 27676 RALLYDEBUG rally_openstack.cleanup.manager [-] Deleting neutron.security_group object s_rally_2b35a05a_PeU75HQt (c2c67117-ce51-4a48-8b2a-68c464b5394e)
2019-12-18 03:52:56.684 27676 RALLYDEBUG rally_openstack.cleanup.manager [-] Deleting neutron.security_group object s_rally_2b35a05a_WdC1jO3g (ca37b887-ac84-4ce2-af14-b8951dfca073)
2019-12-18 03:52:56.762 27676 RALLYDEBUG rally_openstack.cleanup.manager [-] Deleting neutron.security_group object s_rally_2b35a05a_B9Qj4Qww (d3d1d72d-8f39-4faa-81db-1777af1dbfb5)
2019-12-18 03:52:56.770 27676 RALLYDEBUG rally_openstack.cleanup.manager [-] Deleting neutron.security_group object s_rally_2b35a05a_jQOHa9NV (eb0d57dd-1198-49e5-bd5f-920f9410573e)
2019-12-18 03:52:56.789 27676 RALLYDEBUG rally_openstack.cleanup.manager [-] Deleting neutron.security_group object s_rally_2b35a05a_waUtRuDE (fc92e485-603a-4469-94d4-f1244a0499f1)
2019-12-18 03:52:56.832 27676 RALLYDEBUG rally_openstack.cleanup.manager [-] Deleting neutron.security_group object s_rally_2b35a05a_iSLL0Var (06e66789-6db9-4eac-8763-da89e834d7c8)
2019-12-18 03:52:56.915 27676 RALLYDEBUG rally_openstack.cleanup.manager [-] Deleting neutron.security_group object s_rally_2b35a05a_oMpSFq9a (0ed79c76-f398-4398-9282-0135698ccca5)
2019-12-18 03:52:56.926 27676 RALLYDEBUG rally_openstack.cleanup.manager [-] Deleting neutron.security_group object s_rally_2b35a05a_sGkMrAKY (1aec4289-eff5-4c17-8f59-c7e07c9d5d28)
2019-12-18 03:52:56.931 27676 RALLYDEBUG rally_openstack.cleanup.manager [-] Deleting neutron.security_group object s_rally_2b35a05a_ofGBCc6r (20b690fc-e4c9-4f2f-998c-e47e8be91e78)
2019-12-18 03:52:56.953 27676 RALLYDEBUG rally_openstack.cleanup.manager [-] Deleting neutron.security_group object s_rally_2b35a05a_pr7fAdwN (26d90724-4e46-4efd-baa2-2e3aba8bf65f)
2019-12-18 03:52:56.957 27676 RALLYDEBUG rally_openstack.cleanup.manager [-] Deleting neutron.security_group object s_rally_2b35a05a_vPJrvmRA (2d09b55e-5b4d-4358-9ecb-ecd36173c4ac)
2019-12-18 03:52:56.964 27676 RALLYDEBUG rally_openstack.cleanup.manager [-] Deleting neutron.security_group object s_rally_2b35a05a_WfLOoB0k (377bce4f-4519-4b0e-ac7c-4347c3dc4daa)
2019-12-18 03:52:56.984 27676 RALLYDEBUG rally_openstack.cleanup.manager [-] Deleting neutron.security_group object s_rally_2b35a05a_en37Vyyl (3a044471-0fe0-4078-b4ab-0d73be83e9ac)
2019-12-18 03:52:57.091 27676 RALLYDEBUG rally_openstack.cleanup.manager [-] Deleting neutron.security_group object s_rally_2b35a05a_BdLmVAuh (5c485684-3267-45a6-b0c8-00a37496586c)
2019-12-18 03:52:57.105 27676 RALLYDEBUG rally_openstack.cleanup.manager [-] Deleting neutron.security_group object s_rally_2b35a05a_Y2Z1pMNJ (61a6eead-69f2-4399-9d24-bef21ed4f327)
2019-12-18 03:52:57.121 27676 RALLYDEBUG rally_openstack.cleanup.manager [-] Deleting neutron.security_group object s_rally_2b35a05a_h7AaBIvb (62244b59-8e96-48ea-ab41-ca43cf73fff9)
2019-12-18 03:52:57.128 27676 RALLYDEBUG rally_openstack.cleanup.manager [-] Deleting neutron.security_group object s_rally_2b35a05a_Qg2KZ4gY (6c31f93b-5d77-4461-b730-f8cd8f105c1b)
2019-12-18 03:52:57.136 27676 RALLYDEBUG rally_openstack.cleanup.manager [-] Deleting neutron.security_group object s_rally_2b35a05a_YnvGB29z (837a4207-3004-4504-aa22-0096ba293424)
2019-12-18 03:52:57.151 27676 RALLYDEBUG rally_openstack.cleanup.manager [-] Deleting neutron.security_group object s_rally_2b35a05a_WxFohMoJ (8460d267-2769-4f21-8f8e-7d397c96dc01)
2019-12-18 03:52:57.367 27676 RALLYDEBUG rally_openstack.cleanup.manager [-] Deleting neutron.security_group object s_rally_2b35a05a_z2lViwAS (9551c16d-bc1b-4752-9fc9-f3e196340ea7)
2019-12-18 03:52:58.189 27676 RALLYDEBUG rally_openstack.cleanup.manager [-] Deleting neutron.security_group object s_rally_2b35a05a_HQo86RFE (96a978a2-f6f7-42ba-ad0e-72bfe5a8d136)
2019-12-18 03:52:58.198 27676 RALLYDEBUG rally_openstack.cleanup.manager [-] Deleting neutron.security_group object s_rally_2b35a05a_0ArVKRZI (a7fe7296-8538-411d-a83d-80c923986f9f)
2019-12-18 03:52:58.334 27676 RALLYDEBUG rally_openstack.cleanup.manager [-] Deleting neutron.security_group object s_rally_2b35a05a_VXCB3DuP (b8a20d37-6171-4ca3-b4f3-3e1689d2553b)
2019-12-18 03:52:58.343 27676 RALLYDEBUG rally_openstack.cleanup.manager [-] Deleting neutron.security_group object s_rally_2b35a05a_70bqUVn8 (bd975c7d-daf4-4fb8-8f4b-3e7a0d8932a6)
2019-12-18 03:52:58.368 27676 RALLYDEBUG rally_openstack.cleanup.manager [-] Deleting neutron.security_group object s_rally_2b35a05a_lyWJJhdL (cf7687f2-7353-40ac-9246-d91fbb25a43a)
2019-12-18 03:52:58.472 27676 RALLYDEBUG rally_openstack.cleanup.manager [-] Deleting neutron.security_group object s_rally_2b35a05a_HnteTc2r (e0e95ae6-c15a-4e90-ab72-d7ce5baab9d9)
2019-12-18 03:52:58.485 27676 RALLYDEBUG rally_openstack.cleanup.manager [-] Deleting neutron.security_group object s_rally_2b35a05a_AU2XW5l4 (e6f7efea-9cce-47ea-a43f-4c964ce1b52c)
2019-12-18 03:52:58.497 27676 RALLYDEBUG rally_openstack.cleanup.manager [-] Deleting neutron.security_group object s_rally_2b35a05a_HbRCqX94 (ef0c0b13-3e18-43bf-91b1-a859d39e2229)
2019-12-18 03:52:58.529 27676 RALLYDEBUG rally_openstack.cleanup.manager [-] Deleting neutron.security_group object s_rally_2b35a05a_LIQgJMxf (f8dba7b4-eaf2-4ea9-8d2d-88617cca25e9)
2019-12-18 03:52:58.555 27676 RALLYDEBUG rally_openstack.cleanup.manager [-] Deleting neutron.security_group object s_rally_2b35a05a_x5Mx0qRX (fc619628-b7e1-442e-bae5-1a7a7c0a00d0)
2019-12-18 03:53:00.035 27676 INFO rally.task.context [-] Task aa186fb2-7a56-434f-a38a-d59faec33f95 | Context cleanup@openstack cleanup() finished in 14.35 sec
2019-12-18 03:53:00.035 27676 INFO rally.task.context [-] Task aa186fb2-7a56-434f-a38a-d59faec33f95 | Context quotas@openstack cleanup() started
2019-12-18 03:53:00.146 27676 INFO rally.task.context [-] Task aa186fb2-7a56-434f-a38a-d59faec33f95 | Context quotas@openstack cleanup() finished in 0.11 sec
2019-12-18 03:53:00.147 27676 INFO rally.task.context [-] Task aa186fb2-7a56-434f-a38a-d59faec33f95 | Context users@openstack cleanup() started
2019-12-18 03:53:03.623 27676 INFO rally.task.context [-] Task aa186fb2-7a56-434f-a38a-d59faec33f95 | Context users@openstack cleanup() finished in 3.48 sec
2019-12-18 03:53:04.654 27676 INFO rally.task.engine [-] Load duration is: 3.743966
2019-12-18 03:53:04.655 27676 INFO rally.task.engine [-] Full runner duration is: 3.789397
2019-12-18 03:53:04.655 27676 INFO rally.task.engine [-] Full duration is: 25.099017
2019-12-18 03:53:04.914 27676 INFO rally.task.engine [-] Task aa186fb2-7a56-434f-a38a-d59faec33f95 | Completed: Running task.
2019-12-18 03:53:06.655 4185 RALLYDEBUG rally.api [-] INFO logs from urllib3 and requests module are hide.
2019-12-18 03:53:06.655 4185 RALLYDEBUG rally.api [-] urllib3 insecure warnings are hidden.
2019-12-18 03:53:06.655 4185 RALLYDEBUG rally.api [-] ERROR log from boto module is hide.
2019-12-18 03:53:07.878 4186 RALLYDEBUG rally.api [-] INFO logs from urllib3 and requests module are hide.
2019-12-18 03:53:07.878 4186 RALLYDEBUG rally.api [-] urllib3 insecure warnings are hidden.
2019-12-18 03:53:07.878 4186 RALLYDEBUG rally.api [-] ERROR log from boto module is hide.
2019-12-18 03:53:09.267 4187 RALLYDEBUG rally.api [-] INFO logs from urllib3 and requests module are hide.
2019-12-18 03:53:09.267 4187 RALLYDEBUG rally.api [-] urllib3 insecure warnings are hidden.
2019-12-18 03:53:09.267 4187 RALLYDEBUG rally.api [-] ERROR log from boto module is hide.
2019-12-18 03:53:10.809 4187 INFO rally.common.plugin.discover [-] Loading plugins from directories /root/.rally/plugins/*
2019-12-18 03:53:10.810 4187 INFO rally.common.plugin.discover [-] Loaded module with plugins: /root/.rally/plugins/__init__.py
2019-12-18 03:53:10.977 4187 INFO rally.api [-] Building 'json' report for the following task(s): 'aa186fb2-7a56-434f-a38a-d59faec33f95'.
2019-12-18 03:53:11.159 4187 INFO rally.api [-] The report has been successfully built.
2019-12-18 03:53:12.737 4189 RALLYDEBUG rally.api [-] INFO logs from urllib3 and requests module are hide.
2019-12-18 03:53:12.737 4189 RALLYDEBUG rally.api [-] urllib3 insecure warnings are hidden.
2019-12-18 03:53:12.737 4189 RALLYDEBUG rally.api [-] ERROR log from boto module is hide.
2019-12-18 03:53:14.316 4189 INFO rally.common.plugin.discover [-] Loading plugins from directories /root/.rally/plugins/*
2019-12-18 03:53:14.317 4189 INFO rally.common.plugin.discover [-] Loaded module with plugins: /root/.rally/plugins/__init__.py
2019-12-18 03:53:14.490 4189 INFO rally.api [-] Building 'html' report for the following task(s): 'aa186fb2-7a56-434f-a38a-d59faec33f95'.
2019-12-18 03:53:14.673 4189 INFO rally.api [-] The report has been successfully built.
2019-12-18 03:53:16.021 4191 RALLYDEBUG rally.api [-] INFO logs from urllib3 and requests module are hide.
2019-12-18 03:53:16.021 4191 RALLYDEBUG rally.api [-] urllib3 insecure warnings are hidden.
2019-12-18 03:53:16.022 4191 RALLYDEBUG rally.api [-] ERROR log from boto module is hide.
2019-12-18 03:53:17.619 4191 INFO rally.common.plugin.discover [-] Loading plugins from directories /root/.rally/plugins/*
2019-12-18 03:53:17.620 4191 INFO rally.common.plugin.discover [-] Loaded module with plugins: /root/.rally/plugins/__init__.py
2019-12-18 03:53:17.793 4191 INFO rally.api [-] Building 'junit-xml' report for the following task(s): 'aa186fb2-7a56-434f-a38a-d59faec33f95'.
2019-12-18 03:53:17.798 4191 INFO rally.api [-] The report has been successfully built.