2019-12-18 03:43:11.901 27676 RALLYDEBUG rally_openstack.cleanup.manager [-] Deleting neutron.port object s_rally_c5eabf14_0Iil9SyX (d29cbef5-350b-482f-8197-611a079a0821)
2019-12-18 03:43:12.125 27676 RALLYDEBUG rally_openstack.cleanup.manager [-] Deleting neutron.port object s_rally_c5eabf14_p6jlFZir (d31d522a-e80a-435e-b25f-73f84ea8b9a2)
2019-12-18 03:43:12.310 27676 RALLYDEBUG rally_openstack.cleanup.manager [-] Deleting neutron.port object s_rally_c5eabf14_iKznsYKq (d3ac7960-0b21-4fe6-93ae-7834cc0b5266)
2019-12-18 03:43:12.366 27676 RALLYDEBUG rally_openstack.cleanup.manager [-] Deleting neutron.port object s_rally_c5eabf14_ycWwntBA (d3eed0b2-cb07-49f4-a45e-ed437bd75c83)
2019-12-18 03:43:12.415 27676 RALLYDEBUG rally_openstack.cleanup.manager [-] Deleting neutron.port object s_rally_c5eabf14_hyFutdyj (d3f9b000-0280-4d1f-a787-8f38f5e1905a)
2019-12-18 03:43:12.533 27676 RALLYDEBUG rally_openstack.cleanup.manager [-] Deleting neutron.port object s_rally_c5eabf14_rQo5jwsp (d565785e-2dd4-40d3-a9da-26632c8db802)
2019-12-18 03:43:12.675 27676 RALLYDEBUG rally_openstack.cleanup.manager [-] Deleting neutron.port object s_rally_c5eabf14_BBjPAvB5 (d5754d36-bc2b-4af0-9984-de22dfb47af0)
2019-12-18 03:43:12.806 27676 RALLYDEBUG rally_openstack.cleanup.manager [-] Deleting neutron.port object s_rally_c5eabf14_Zww2Amx4 (d5c8677a-fcfe-430a-8dd3-ac576e6b0edc)
2019-12-18 03:43:12.849 27676 RALLYDEBUG rally_openstack.cleanup.manager [-] Deleting neutron.port object s_rally_c5eabf14_thvdRrTO (d5e2c639-8691-47c9-9ca5-6a330315e66d)
2019-12-18 03:43:12.991 27676 RALLYDEBUG rally_openstack.cleanup.manager [-] Deleting neutron.port object s_rally_c5eabf14_cFbd9lB9 (d6e5a929-ec99-4f63-bdbf-85effad20e7a)
2019-12-18 03:43:13.001 27676 RALLYDEBUG rally_openstack.cleanup.manager [-] Deleting neutron.port object s_rally_c5eabf14_gt2aFC70 (d7fe1078-6594-4891-8b6d-1bf6458f521c)
2019-12-18 03:43:13.047 27676 RALLYDEBUG rally_openstack.cleanup.manager [-] Deleting neutron.port object s_rally_c5eabf14_cSyjJ8XC (d84a1a23-85ef-4e25-a979-a5bedf29e049)
2019-12-18 03:43:13.085 27676 RALLYDEBUG rally_openstack.cleanup.manager [-] Deleting neutron.port object s_rally_c5eabf14_WERGdWsm (d8f5a8ed-a4e2-4ac8-a06c-1b639169a251)
2019-12-18 03:43:13.265 27676 RALLYDEBUG rally_openstack.cleanup.manager [-] Deleting neutron.port object s_rally_c5eabf14_D10YVcP4 (db83e398-5250-40af-ad87-04dd295d4d8a)
2019-12-18 03:43:13.290 27676 RALLYDEBUG rally_openstack.cleanup.manager [-] Deleting neutron.port object s_rally_c5eabf14_euD1IhrK (dbcd1164-edae-48d7-b341-d8ba5d4d4de8)
2019-12-18 03:43:13.316 27676 RALLYDEBUG rally_openstack.cleanup.manager [-] Deleting neutron.port object s_rally_c5eabf14_FyMeOHjS (deaa8f31-7dd7-439c-9dbd-d79e46e6380b)
2019-12-18 03:43:13.356 27676 RALLYDEBUG rally_openstack.cleanup.manager [-] Deleting neutron.port object s_rally_c5eabf14_8RoC1GEm (df71efbc-aa4c-4363-85bd-10d60939098f)
2019-12-18 03:43:13.397 27676 RALLYDEBUG rally_openstack.cleanup.manager [-] Deleting neutron.port object s_rally_c5eabf14_nJYrnJH9 (df8d7a08-744b-466e-8d01-847d7a1a13ca)
2019-12-18 03:43:13.506 27676 RALLYDEBUG rally_openstack.cleanup.manager [-] Deleting neutron.port object s_rally_c5eabf14_jNFeASvq (dfe86fbe-d7b1-485f-bf7f-b01a207e2343)
2019-12-18 03:43:13.606 27676 RALLYDEBUG rally_openstack.cleanup.manager [-] Deleting neutron.port object s_rally_c5eabf14_RzvfAJxC (e02bb311-1d7b-41cd-b6e6-6b553729723a)
2019-12-18 03:43:13.657 27676 RALLYDEBUG rally_openstack.cleanup.manager [-] Deleting neutron.port object s_rally_c5eabf14_Qgx4oG6p (e0ee932e-32be-4a18-9a52-a6affc0da940)
2019-12-18 03:43:13.871 27676 RALLYDEBUG rally_openstack.cleanup.manager [-] Deleting neutron.port object s_rally_c5eabf14_xmVX9boJ (e0ffe814-cb95-45f9-ae78-4d6ea4a79cb7)
2019-12-18 03:43:14.035 27676 RALLYDEBUG rally_openstack.cleanup.manager [-] Deleting neutron.port object s_rally_c5eabf14_ObV1K8UG (e1250fe1-aae4-455d-bc4e-6346efc89ba4)
2019-12-18 03:43:14.182 27676 RALLYDEBUG rally_openstack.cleanup.manager [-] Deleting neutron.port object s_rally_c5eabf14_nLHIFKBj (e34b7a60-0669-47af-aed0-95620411c66c)
2019-12-18 03:43:14.291 27676 RALLYDEBUG rally_openstack.cleanup.manager [-] Deleting neutron.port object s_rally_c5eabf14_lU3Eig6V (e3dffc75-4e40-4782-9597-becc1eddde22)
2019-12-18 03:43:14.316 27676 RALLYDEBUG rally_openstack.cleanup.manager [-] Deleting neutron.port object s_rally_c5eabf14_CpnUJ7YQ (e49c1f1d-cfa8-43ed-a157-534f7b529824)
2019-12-18 03:43:14.439 27676 RALLYDEBUG rally_openstack.cleanup.manager [-] Deleting neutron.port object s_rally_c5eabf14_Y8atxsK0 (e507b810-5e06-4880-bd78-9a32fc1f902e)
2019-12-18 03:43:14.548 27676 RALLYDEBUG rally_openstack.cleanup.manager [-] Deleting neutron.port object s_rally_c5eabf14_e7PsbhDG (e7038927-0715-4a0e-93ea-8612a24a8377)
2019-12-18 03:43:14.565 27676 RALLYDEBUG rally_openstack.cleanup.manager [-] Deleting neutron.port object s_rally_c5eabf14_kKCSCUDK (e72ccac2-44d6-4303-b62a-f2b1a40e6f68)
2019-12-18 03:43:14.761 27676 RALLYDEBUG rally_openstack.cleanup.manager [-] Deleting neutron.port object s_rally_c5eabf14_EfEdG5eN (e86dd541-2175-40a1-966a-ce68f4916684)
2019-12-18 03:43:14.805 27676 RALLYDEBUG rally_openstack.cleanup.manager [-] Deleting neutron.port object s_rally_c5eabf14_PvSoiQK0 (e93bb038-730a-442e-a454-a5555a726f61)
2019-12-18 03:43:14.814 27676 RALLYDEBUG rally_openstack.cleanup.manager [-] Deleting neutron.port object s_rally_c5eabf14_j2eyQJyz (e96d58bb-727f-431f-b26f-cc21bd83ddfb)
2019-12-18 03:43:15.029 27676 RALLYDEBUG rally_openstack.cleanup.manager [-] Deleting neutron.port object s_rally_c5eabf14_ODINKvtY (e972ddea-7ca7-4a90-a8a7-09a8a1a8fbbe)
2019-12-18 03:43:15.062 27676 RALLYDEBUG rally_openstack.cleanup.manager [-] Deleting neutron.port object s_rally_c5eabf14_Pqaduz2V (e9e40a75-6568-43ec-af13-58aeb70b9b9d)
2019-12-18 03:43:15.162 27676 RALLYDEBUG rally_openstack.cleanup.manager [-] Deleting neutron.port object s_rally_c5eabf14_z9RB1q5r (ea79bc64-6b77-4003-a89b-3bad43f7a7d9)
2019-12-18 03:43:15.321 27676 RALLYDEBUG rally_openstack.cleanup.manager [-] Deleting neutron.port object s_rally_c5eabf14_JM9rhcuo (eb3c939d-e835-4f45-a2b7-df5748d6313f)
2019-12-18 03:43:15.336 27676 RALLYDEBUG rally_openstack.cleanup.manager [-] Deleting neutron.port object s_rally_c5eabf14_88ZFtxDu (ec71de13-fe4e-4840-b075-6aee755a8c9a)
2019-12-18 03:43:15.352 27676 RALLYDEBUG rally_openstack.cleanup.manager [-] Deleting neutron.port object s_rally_c5eabf14_EmlVcLto (edaafbd9-237c-4c17-bba9-6139594d467b)
2019-12-18 03:43:15.365 27676 RALLYDEBUG rally_openstack.cleanup.manager [-] Deleting neutron.port object s_rally_c5eabf14_l7gvR7fo (efdc5976-1c97-4199-a628-6995344ba056)
2019-12-18 03:43:15.384 27676 RALLYDEBUG rally_openstack.cleanup.manager [-] Deleting neutron.port object s_rally_c5eabf14_NytP3u7h (eff6b6f2-19e5-40bb-bc58-534c0ab7a764)
2019-12-18 03:43:15.410 27676 RALLYDEBUG rally_openstack.cleanup.manager [-] Deleting neutron.port object s_rally_c5eabf14_TdbeMSko (f017b760-72f0-4336-b97f-46ef60d78a44)
2019-12-18 03:43:15.631 27676 RALLYDEBUG rally_openstack.cleanup.manager [-] Deleting neutron.port object s_rally_c5eabf14_204tDExL (f087b940-1791-4927-a22f-7614908630c7)
2019-12-18 03:43:15.952 27676 RALLYDEBUG rally_openstack.cleanup.manager [-] Deleting neutron.port object s_rally_c5eabf14_JgqrqVor (f08b3a3f-3725-4b5a-8ed8-fcd7ede7ca42)
2019-12-18 03:43:16.161 27676 RALLYDEBUG rally_openstack.cleanup.manager [-] Deleting neutron.port object s_rally_c5eabf14_5iVCOkkq (f131995f-c101-45ad-b20f-96096728e140)
2019-12-18 03:43:16.183 27676 RALLYDEBUG rally_openstack.cleanup.manager [-] Deleting neutron.port object s_rally_c5eabf14_G2EaUwdM (f1e17ff4-866d-459e-a5e2-233039490604)
2019-12-18 03:43:16.270 27676 RALLYDEBUG rally_openstack.cleanup.manager [-] Deleting neutron.port object s_rally_c5eabf14_VwVLY8Jz (f300a709-0a8a-49c5-bca3-4060830920f5)
2019-12-18 03:43:16.311 27676 RALLYDEBUG rally_openstack.cleanup.manager [-] Deleting neutron.port object s_rally_c5eabf14_UqtvMkiO (f311baa2-b002-4cca-a2de-f8305ae4db59)
2019-12-18 03:43:16.379 27676 RALLYDEBUG rally_openstack.cleanup.manager [-] Deleting neutron.port object s_rally_c5eabf14_XdrqrCWO (f3316072-1739-41cb-9008-944433c65612)
2019-12-18 03:43:16.404 27676 RALLYDEBUG rally_openstack.cleanup.manager [-] Deleting neutron.port object s_rally_c5eabf14_shbh8e2w (f4479f48-86c3-42fd-8e14-7eb8f8a2d5a1)
2019-12-18 03:43:16.579 27676 RALLYDEBUG rally_openstack.cleanup.manager [-] Deleting neutron.port object s_rally_c5eabf14_OQ2xltLW (f641e9fb-00ea-4c08-b637-96565ad9a13f)
2019-12-18 03:43:16.590 27676 RALLYDEBUG rally_openstack.cleanup.manager [-] Deleting neutron.port object s_rally_c5eabf14_jdUF5JA0 (f644f345-71a1-4e28-8b39-68672f9e2d32)
2019-12-18 03:43:16.723 27676 RALLYDEBUG rally_openstack.cleanup.manager [-] Deleting neutron.port object s_rally_c5eabf14_MKIBDqvF (f66854c3-0c5b-4af8-a696-dd0a0c97697f)
2019-12-18 03:43:16.816 27676 RALLYDEBUG rally_openstack.cleanup.manager [-] Deleting neutron.port object s_rally_c5eabf14_20yi8rq2 (f7cd5786-a008-46bf-9255-df6eafe2e03d)
2019-12-18 03:43:16.832 27676 RALLYDEBUG rally_openstack.cleanup.manager [-] Deleting neutron.port object s_rally_c5eabf14_slx74JIT (f86363d8-a024-49ee-b633-25c5f7e731d8)
2019-12-18 03:43:16.890 27676 RALLYDEBUG rally_openstack.cleanup.manager [-] Deleting neutron.port object s_rally_c5eabf14_0BPcZvcZ (f92099ba-4136-49ca-a1d2-d4f16f3340e6)
2019-12-18 03:43:17.136 27676 RALLYDEBUG rally_openstack.cleanup.manager [-] Deleting neutron.port object s_rally_c5eabf14_8FxQoO5d (fa23342f-b198-415b-b25f-bf48c4b7eca5)
2019-12-18 03:43:17.154 27676 RALLYDEBUG rally_openstack.cleanup.manager [-] Deleting neutron.port object s_rally_c5eabf14_MMNKkdWQ (fb171f29-ed2e-4edf-bb61-9161ab2172e9)
2019-12-18 03:43:17.379 27676 RALLYDEBUG rally_openstack.cleanup.manager [-] Deleting neutron.port object s_rally_c5eabf14_u0tQDNEh (fb1c1659-315e-450f-a18b-8f435544c17e)
2019-12-18 03:43:17.400 27676 RALLYDEBUG rally_openstack.cleanup.manager [-] Deleting neutron.port object s_rally_c5eabf14_kKre97cy (fb2c5c81-cfb8-44a3-ab71-b7adbbab2133)
2019-12-18 03:43:17.428 27676 RALLYDEBUG rally_openstack.cleanup.manager [-] Deleting neutron.port object s_rally_c5eabf14_vO6HEABk (fb71171a-b4ce-4fbd-a1ac-1a56c5c28356)
2019-12-18 03:43:17.629 27676 RALLYDEBUG rally_openstack.cleanup.manager [-] Deleting neutron.port object s_rally_c5eabf14_VWhxZagQ (fb7427cb-172a-493d-9b2c-d839044e4702)
2019-12-18 03:43:17.642 27676 RALLYDEBUG rally_openstack.cleanup.manager [-] Deleting neutron.port object s_rally_c5eabf14_ag6GWixp (fd44f0f4-3dfd-4ea7-a1e7-511b44ac4c4f)
2019-12-18 03:43:17.668 27676 RALLYDEBUG rally_openstack.cleanup.manager [-] Deleting neutron.port object s_rally_c5eabf14_BjIxSWBD (fd50f69c-6774-4ba0-a92f-db0a0f69b931)
2019-12-18 03:43:18.029 27676 RALLYDEBUG rally_openstack.cleanup.manager [-] Deleting neutron.port object s_rally_c5eabf14_ZY3EXVyu (fddf03bb-8ed4-46be-928b-463effe206da)
2019-12-18 03:43:18.074 27676 RALLYDEBUG rally_openstack.cleanup.manager [-] Deleting neutron.port object s_rally_c5eabf14_Ott3Dlid (fe0bb124-2306-4f5b-b03c-f333ff9ebd13)
2019-12-18 03:43:18.155 27676 RALLYDEBUG rally_openstack.cleanup.manager [-] Deleting neutron.port object s_rally_c5eabf14_mW08wUj1 (fecaaa53-3acd-4d96-a837-e9298f4992f8)
2019-12-18 03:43:18.180 27676 RALLYDEBUG rally_openstack.cleanup.manager [-] Deleting neutron.port object s_rally_c5eabf14_lSwB2OyU (ff321a76-65b1-4170-9bbb-cefdd6a6c756)
2019-12-18 03:43:20.205 27676 RALLYDEBUG rally_openstack.cleanup.manager [-] Cleaning up neutron subnet objects
2019-12-18 03:43:20.604 27676 RALLYDEBUG rally_openstack.cleanup.manager [-] Cleaning up neutron network objects
2019-12-18 03:43:21.087 27676 RALLYDEBUG rally_openstack.cleanup.manager [-] Deleting neutron.network object s_rally_c5eabf14_rWPK7aEa (0cba9f76-30bb-4f55-ad0c-b4153447aa6b)
2019-12-18 03:43:21.097 27676 RALLYDEBUG rally_openstack.cleanup.manager [-] Deleting neutron.network object s_rally_c5eabf14_SKkqfnmO (2d4509a1-7688-4737-85ea-6d97f0415a44)
2019-12-18 03:43:21.105 27676 RALLYDEBUG rally_openstack.cleanup.manager [-] Deleting neutron.network object s_rally_c5eabf14_XTNOdmpv (b410c012-84d5-4809-83bb-122a4338e339)
2019-12-18 03:43:21.114 27676 RALLYDEBUG rally_openstack.cleanup.manager [-] Deleting neutron.network object s_rally_c5eabf14_RMjxeXnB (b44f67fa-effd-43c9-8374-5ee10d4c0458)
2019-12-18 03:43:21.124 27676 RALLYDEBUG rally_openstack.cleanup.manager [-] Deleting neutron.network object s_rally_c5eabf14_cNQHoxYe (b9065eb6-4223-4e1d-aea9-c013e2475214)
2019-12-18 03:43:21.142 27676 RALLYDEBUG rally_openstack.cleanup.manager [-] Deleting neutron.network object s_rally_c5eabf14_BAefQi9M (cff980eb-1e81-4ac9-bbe6-1074cdf83084)
2019-12-18 03:43:21.166 27676 RALLYDEBUG rally_openstack.cleanup.manager [-] Deleting neutron.network object s_rally_c5eabf14_vXCz3E1Q (d2188c47-86cb-4476-989e-fc5d29453f94)
2019-12-18 03:43:21.179 27676 RALLYDEBUG rally_openstack.cleanup.manager [-] Deleting neutron.network object s_rally_c5eabf14_CBLjmw2Q (d39eff17-f190-4a29-aa23-3b0811f1d79d)
2019-12-18 03:43:23.757 27676 RALLYDEBUG rally_openstack.cleanup.manager [-] Cleaning up neutron router objects
2019-12-18 03:43:24.187 27676 RALLYDEBUG rally_openstack.cleanup.manager [-] Cleaning up neutron security_group objects
2019-12-18 03:43:24.597 27676 INFO rally.task.context [-] Task aa186fb2-7a56-434f-a38a-d59faec33f95 | Context cleanup@openstack cleanup() finished in 47.84 sec
2019-12-18 03:43:24.598 27676 INFO rally.task.context [-] Task aa186fb2-7a56-434f-a38a-d59faec33f95 | Context quotas@openstack cleanup() started
2019-12-18 03:43:24.687 27676 INFO rally.task.context [-] Task aa186fb2-7a56-434f-a38a-d59faec33f95 | Context quotas@openstack cleanup() finished in 89.67 msec
2019-12-18 03:43:24.688 27676 INFO rally.task.context [-] Task aa186fb2-7a56-434f-a38a-d59faec33f95 | Context users@openstack cleanup() started
2019-12-18 03:43:27.464 27676 INFO rally.task.context [-] Task aa186fb2-7a56-434f-a38a-d59faec33f95 | Context users@openstack cleanup() finished in 2.78 sec
2019-12-18 03:43:28.409 27676 INFO rally.task.engine [-] Load duration is: 55.818097
2019-12-18 03:43:28.410 27676 INFO rally.task.engine [-] Full runner duration is: 55.868196
2019-12-18 03:43:28.410 27676 INFO rally.task.engine [-] Full duration is: 109.561666
2019-12-18 03:43:28.642 27676 INFO rally.task.engine [-] Running workload: position = 1 config = { "version": 2, "title": "A cropped version of a bigger task.", "description": "Auto-generated task from a single workload (uuid=bf51bfa5-4dcd-47a8-b790-0a3951bbf57a)", "subtasks": [ { "title": "NeutronNetworks.create_and_update_ports", "description": "Create and update a given number of ports.", "scenario": { "NeutronNetworks.create_and_update_ports": { "network_create_args": {}, "port_create_args": {}, "ports_per_network": 5, "port_update_args": { "admin_state_up": false, "device_id": "dummy_id", "device_owner": "dummy_owner", "name": "_port_updated" } } }, "contexts": { "users": { "tenants": 1, "users_per_tenant": 1 }, "quotas": { "neutron": { "network": -1, "port": -1 } } }, "runner": { "constant": { "times": 40, "concurrency": 20 } }, "hooks": [], "sla": { "failure_rate": { "max": 0 } } } ] }
2019-12-18 03:43:28.664 27676 RALLYDEBUG rally_openstack.contexts.keystone.users [-] Creating 1 tenants using 20 threads
2019-12-18 03:43:29.626 27676 RALLYDEBUG rally_openstack.contexts.keystone.users [-] Creating 1 users using 20 threads
2019-12-18 03:43:31.064 27676 INFO rally.task.context [-] Task aa186fb2-7a56-434f-a38a-d59faec33f95 | Context users@openstack setup() finished in 2.40 sec
2019-12-18 03:43:31.589 27676 INFO rally.task.context [-] Task aa186fb2-7a56-434f-a38a-d59faec33f95 | Context quotas@openstack setup() finished in 0.52 sec
2019-12-18 03:43:31.589 27676 INFO rally.task.context [-] Task aa186fb2-7a56-434f-a38a-d59faec33f95 | Context cleanup@openstack setup() finished in 0.01 msec
2019-12-18 03:43:31.598 27676 RALLYDEBUG rally.task.runner [-] Starting the constant runner (task UUID: aa186fb2-7a56-434f-a38a-d59faec33f95). times: 40 concurrency: 20 timeout: 0 max_cpu_used: 16 processes_to_start: 16 concurrency_per_worker: 1 concurrency_overhead: 4
2019-12-18 03:43:31.610 31752 RALLYDEBUG rally.task.runner [-] Starting a worker. times: 40 duration: None concurrency: 2 timeout: 0 cls: method_name: run args: {"network_create_args": {}, "port_create_args": {}, "ports_per_network": 5, "port_update_args": {"admin_state_up": false, "device_id": "dummy_id", "device_owner": "dummy_owner", "name": "_port_updated"}}
2019-12-18 03:43:31.614 31753 RALLYDEBUG rally.task.runner [-] Starting a worker. times: 40 duration: None concurrency: 2 timeout: 0 cls: method_name: run args: {"network_create_args": {}, "port_create_args": {}, "ports_per_network": 5, "port_update_args": {"admin_state_up": false, "device_id": "dummy_id", "device_owner": "dummy_owner", "name": "_port_updated"}}
2019-12-18 03:43:31.616 31752 INFO rally.task.runner [-] Task aa186fb2-7a56-434f-a38a-d59faec33f95 | ITER: 1 START
2019-12-18 03:43:31.618 31752 WARNING rally_openstack.scenarios.neutron.utils [-] Running this scenario without either the 'network' or 'existing_network' context is deprecated
2019-12-18 03:43:31.617 31754 RALLYDEBUG rally.task.runner [-] Starting a worker. times: 40 duration: None concurrency: 2 timeout: 0 cls: method_name: run args: {"network_create_args": {}, "port_create_args": {}, "ports_per_network": 5, "port_update_args": {"admin_state_up": false, "device_id": "dummy_id", "device_owner": "dummy_owner", "name": "_port_updated"}}
2019-12-18 03:43:31.620 31753 INFO rally.task.runner [-] Task aa186fb2-7a56-434f-a38a-d59faec33f95 | ITER: 2 START
2019-12-18 03:43:31.621 31753 WARNING rally_openstack.scenarios.neutron.utils [-] Running this scenario without either the 'network' or 'existing_network' context is deprecated
2019-12-18 03:43:31.621 31757 RALLYDEBUG rally.task.runner [-] Starting a worker. times: 40 duration: None concurrency: 2 timeout: 0 cls: method_name: run args: {"network_create_args": {}, "port_create_args": {}, "ports_per_network": 5, "port_update_args": {"admin_state_up": false, "device_id": "dummy_id", "device_owner": "dummy_owner", "name": "_port_updated"}}
2019-12-18 03:43:31.625 31760 RALLYDEBUG rally.task.runner [-] Starting a worker. times: 40 duration: None concurrency: 1 timeout: 0 cls: method_name: run args: {"network_create_args": {}, "port_create_args": {}, "ports_per_network": 5, "port_update_args": {"admin_state_up": false, "device_id": "dummy_id", "device_owner": "dummy_owner", "name": "_port_updated"}}
2019-12-18 03:43:31.626 31752 INFO rally.task.runner [-] Task aa186fb2-7a56-434f-a38a-d59faec33f95 | ITER: 3 START
2019-12-18 03:43:31.627 31752 WARNING rally_openstack.scenarios.neutron.utils [-] Running this scenario without either the 'network' or 'existing_network' context is deprecated
2019-12-18 03:43:31.628 31754 INFO rally.task.runner [-] Task aa186fb2-7a56-434f-a38a-d59faec33f95 | ITER: 4 START
2019-12-18 03:43:31.629 31761 RALLYDEBUG rally.task.runner [-] Starting a worker. times: 40 duration: None concurrency: 1 timeout: 0 cls: method_name: run args: {"network_create_args": {}, "port_create_args": {}, "ports_per_network": 5, "port_update_args": {"admin_state_up": false, "device_id": "dummy_id", "device_owner": "dummy_owner", "name": "_port_updated"}}
2019-12-18 03:43:31.631 31754 WARNING rally_openstack.scenarios.neutron.utils [-] Running this scenario without either the 'network' or 'existing_network' context is deprecated
2019-12-18 03:43:31.632 31765 RALLYDEBUG rally.task.runner [-] Starting a worker. times: 40 duration: None concurrency: 1 timeout: 0 cls: method_name: run args: {"network_create_args": {}, "port_create_args": {}, "ports_per_network": 5, "port_update_args": {"admin_state_up": false, "device_id": "dummy_id", "device_owner": "dummy_owner", "name": "_port_updated"}}
2019-12-18 03:43:31.637 31757 INFO rally.task.runner [-] Task aa186fb2-7a56-434f-a38a-d59faec33f95 | ITER: 6 START
2019-12-18 03:43:31.637 31760 INFO rally.task.runner [-] Task aa186fb2-7a56-434f-a38a-d59faec33f95 | ITER: 7 START
2019-12-18 03:43:31.637 31753 INFO rally.task.runner [-] Task aa186fb2-7a56-434f-a38a-d59faec33f95 | ITER: 5 START
2019-12-18 03:43:31.637 31766 RALLYDEBUG rally.task.runner [-] Starting a worker. times: 40 duration: None concurrency: 1 timeout: 0 cls: method_name: run args: {"network_create_args": {}, "port_create_args": {}, "ports_per_network": 5, "port_update_args": {"admin_state_up": false, "device_id": "dummy_id", "device_owner": "dummy_owner", "name": "_port_updated"}}
2019-12-18 03:43:31.639 31753 WARNING rally_openstack.scenarios.neutron.utils [-] Running this scenario without either the 'network' or 'existing_network' context is deprecated
2019-12-18 03:43:31.639 31757 WARNING rally_openstack.scenarios.neutron.utils [-] Running this scenario without either the 'network' or 'existing_network' context is deprecated
2019-12-18 03:43:31.639 31760 WARNING rally_openstack.scenarios.neutron.utils [-] Running this scenario without either the 'network' or 'existing_network' context is deprecated
2019-12-18 03:43:31.641 31768 RALLYDEBUG rally.task.runner [-] Starting a worker. times: 40 duration: None concurrency: 1 timeout: 0 cls: method_name: run args: {"network_create_args": {}, "port_create_args": {}, "ports_per_network": 5, "port_update_args": {"admin_state_up": false, "device_id": "dummy_id", "device_owner": "dummy_owner", "name": "_port_updated"}}
2019-12-18 03:43:31.645 31754 INFO rally.task.runner [-] Task aa186fb2-7a56-434f-a38a-d59faec33f95 | ITER: 8 START
2019-12-18 03:43:31.646 31761 INFO rally.task.runner [-] Task aa186fb2-7a56-434f-a38a-d59faec33f95 | ITER: 9 START
2019-12-18 03:43:31.646 31754 WARNING rally_openstack.scenarios.neutron.utils [-] Running this scenario without either the 'network' or 'existing_network' context is deprecated
2019-12-18 03:43:31.646 31773 RALLYDEBUG rally.task.runner [-] Starting a worker. times: 40 duration: None concurrency: 1 timeout: 0 cls: method_name: run args: {"network_create_args": {}, "port_create_args": {}, "ports_per_network": 5, "port_update_args": {"admin_state_up": false, "device_id": "dummy_id", "device_owner": "dummy_owner", "name": "_port_updated"}}
2019-12-18 03:43:31.647 31765 INFO rally.task.runner [-] Task aa186fb2-7a56-434f-a38a-d59faec33f95 | ITER: 10 START
2019-12-18 03:43:31.648 31761 WARNING rally_openstack.scenarios.neutron.utils [-] Running this scenario without either the 'network' or 'existing_network' context is deprecated
2019-12-18 03:43:31.649 31765 WARNING rally_openstack.scenarios.neutron.utils [-] Running this scenario without either the 'network' or 'existing_network' context is deprecated
2019-12-18 03:43:31.650 31778 RALLYDEBUG rally.task.runner [-] Starting a worker. times: 40 duration: None concurrency: 1 timeout: 0 cls: method_name: run args: {"network_create_args": {}, "port_create_args": {}, "ports_per_network": 5, "port_update_args": {"admin_state_up": false, "device_id": "dummy_id", "device_owner": "dummy_owner", "name": "_port_updated"}}
2019-12-18 03:43:31.654 31757 INFO rally.task.runner [-] Task aa186fb2-7a56-434f-a38a-d59faec33f95 | ITER: 11 START
2019-12-18 03:43:31.655 31766 INFO rally.task.runner [-] Task aa186fb2-7a56-434f-a38a-d59faec33f95 | ITER: 12 START
2019-12-18 03:43:31.655 31757 WARNING rally_openstack.scenarios.neutron.utils [-] Running this scenario without either the 'network' or 'existing_network' context is deprecated
2019-12-18 03:43:31.656 31773 INFO rally.task.runner [-] Task aa186fb2-7a56-434f-a38a-d59faec33f95 | ITER: 14 START
2019-12-18 03:43:31.656 31768 INFO rally.task.runner [-] Task aa186fb2-7a56-434f-a38a-d59faec33f95 | ITER: 13 START
2019-12-18 03:43:31.657 31766 WARNING rally_openstack.scenarios.neutron.utils [-] Running this scenario without either the 'network' or 'existing_network' context is deprecated
2019-12-18 03:43:31.657 31773 WARNING rally_openstack.scenarios.neutron.utils [-] Running this scenario without either the 'network' or 'existing_network' context is deprecated
2019-12-18 03:43:31.657 31778 INFO rally.task.runner [-] Task aa186fb2-7a56-434f-a38a-d59faec33f95 | ITER: 15 START
2019-12-18 03:43:31.658 31768 WARNING rally_openstack.scenarios.neutron.utils [-] Running this scenario without either the 'network' or 'existing_network' context is deprecated
2019-12-18 03:43:31.657 31780 RALLYDEBUG rally.task.runner [-] Starting a worker. times: 40 duration: None concurrency: 1 timeout: 0 cls: method_name: run args: {"network_create_args": {}, "port_create_args": {}, "ports_per_network": 5, "port_update_args": {"admin_state_up": false, "device_id": "dummy_id", "device_owner": "dummy_owner", "name": "_port_updated"}}
2019-12-18 03:43:31.659 31778 WARNING rally_openstack.scenarios.neutron.utils [-] Running this scenario without either the 'network' or 'existing_network' context is deprecated
2019-12-18 03:43:31.663 31780 INFO rally.task.runner [-] Task aa186fb2-7a56-434f-a38a-d59faec33f95 | ITER: 16 START
2019-12-18 03:43:31.665 31780 WARNING rally_openstack.scenarios.neutron.utils [-] Running this scenario without either the 'network' or 'existing_network' context is deprecated
2019-12-18 03:43:31.667 31791 RALLYDEBUG rally.task.runner [-] Starting a worker. times: 40 duration: None concurrency: 1 timeout: 0 cls: method_name: run args: {"network_create_args": {}, "port_create_args": {}, "ports_per_network": 5, "port_update_args": {"admin_state_up": false, "device_id": "dummy_id", "device_owner": "dummy_owner", "name": "_port_updated"}}
2019-12-18 03:43:31.672 31791 INFO rally.task.runner [-] Task aa186fb2-7a56-434f-a38a-d59faec33f95 | ITER: 17 START
2019-12-18 03:43:31.674 31791 WARNING rally_openstack.scenarios.neutron.utils [-] Running this scenario without either the 'network' or 'existing_network' context is deprecated
2019-12-18 03:43:31.677 31795 RALLYDEBUG rally.task.runner [-] Starting a worker. times: 40 duration: None concurrency: 1 timeout: 0 cls: method_name: run args: {"network_create_args": {}, "port_create_args": {}, "ports_per_network": 5, "port_update_args": {"admin_state_up": false, "device_id": "dummy_id", "device_owner": "dummy_owner", "name": "_port_updated"}}
2019-12-18 03:43:31.681 31795 INFO rally.task.runner [-] Task aa186fb2-7a56-434f-a38a-d59faec33f95 | ITER: 18 START
2019-12-18 03:43:31.683 31795 WARNING rally_openstack.scenarios.neutron.utils [-] Running this scenario without either the 'network' or 'existing_network' context is deprecated
2019-12-18 03:43:31.685 31797 RALLYDEBUG rally.task.runner [-] Starting a worker. times: 40 duration: None concurrency: 1 timeout: 0 cls: method_name: run args: {"network_create_args": {}, "port_create_args": {}, "ports_per_network": 5, "port_update_args": {"admin_state_up": false, "device_id": "dummy_id", "device_owner": "dummy_owner", "name": "_port_updated"}}
2019-12-18 03:43:31.689 31797 INFO rally.task.runner [-] Task aa186fb2-7a56-434f-a38a-d59faec33f95 | ITER: 19 START
2019-12-18 03:43:31.689 31799 RALLYDEBUG rally.task.runner [-] Starting a worker. times: 40 duration: None concurrency: 1 timeout: 0 cls: method_name: run args: {"network_create_args": {}, "port_create_args": {}, "ports_per_network": 5, "port_update_args": {"admin_state_up": false, "device_id": "dummy_id", "device_owner": "dummy_owner", "name": "_port_updated"}}
2019-12-18 03:43:31.690 31797 WARNING rally_openstack.scenarios.neutron.utils [-] Running this scenario without either the 'network' or 'existing_network' context is deprecated
2019-12-18 03:43:31.693 31799 INFO rally.task.runner [-] Task aa186fb2-7a56-434f-a38a-d59faec33f95 | ITER: 20 START
2019-12-18 03:43:31.694 31799 WARNING rally_openstack.scenarios.neutron.utils [-] Running this scenario without either the 'network' or 'existing_network' context is deprecated
2019-12-18 03:43:38.667 31754 INFO rally.task.runner [-] Task aa186fb2-7a56-434f-a38a-d59faec33f95 | ITER: 8 END: OK
2019-12-18 03:43:38.671 31754 INFO rally.task.runner [-] Task aa186fb2-7a56-434f-a38a-d59faec33f95 | ITER: 21 START
2019-12-18 03:43:38.672 31754 WARNING rally_openstack.scenarios.neutron.utils [-] Running this scenario without either the 'network' or 'existing_network' context is deprecated
2019-12-18 03:43:39.662 31765 INFO rally.task.runner [-] Task aa186fb2-7a56-434f-a38a-d59faec33f95 | ITER: 10 END: OK
2019-12-18 03:43:39.664 31768 INFO rally.task.runner [-] Task aa186fb2-7a56-434f-a38a-d59faec33f95 | ITER: 13 END: OK
2019-12-18 03:43:39.665 31765 INFO rally.task.runner [-] Task aa186fb2-7a56-434f-a38a-d59faec33f95 | ITER: 22 START
2019-12-18 03:43:39.666 31765 WARNING rally_openstack.scenarios.neutron.utils [-] Running this scenario without either the 'network' or 'existing_network' context is deprecated
2019-12-18 03:43:39.668 31768 INFO rally.task.runner [-] Task aa186fb2-7a56-434f-a38a-d59faec33f95 | ITER: 23 START
2019-12-18 03:43:39.669 31768 WARNING rally_openstack.scenarios.neutron.utils [-] Running this scenario without either the 'network' or 'existing_network' context is deprecated
2019-12-18 03:43:39.833 31752 INFO rally.task.runner [-] Task aa186fb2-7a56-434f-a38a-d59faec33f95 | ITER: 1 END: OK
2019-12-18 03:43:39.838 31752 INFO rally.task.runner [-] Task aa186fb2-7a56-434f-a38a-d59faec33f95 | ITER: 24 START
2019-12-18 03:43:39.838 31752 WARNING rally_openstack.scenarios.neutron.utils [-] Running this scenario without either the 'network' or 'existing_network' context is deprecated
2019-12-18 03:43:39.879 31773 INFO rally.task.runner [-] Task aa186fb2-7a56-434f-a38a-d59faec33f95 | ITER: 14 END: OK
2019-12-18 03:43:39.882 31773 INFO rally.task.runner [-] Task aa186fb2-7a56-434f-a38a-d59faec33f95 | ITER: 25 START
2019-12-18 03:43:39.883 31773 WARNING rally_openstack.scenarios.neutron.utils [-] Running this scenario without either the 'network' or 'existing_network' context is deprecated
2019-12-18 03:43:39.902 31757 INFO rally.task.runner [-] Task aa186fb2-7a56-434f-a38a-d59faec33f95 | ITER: 6 END: OK
2019-12-18 03:43:39.906 31757 INFO rally.task.runner [-] Task aa186fb2-7a56-434f-a38a-d59faec33f95 | ITER: 26 START
2019-12-18 03:43:39.906 31757 WARNING rally_openstack.scenarios.neutron.utils [-] Running this scenario without either the 'network' or 'existing_network' context is deprecated
2019-12-18 03:43:40.012 31754 INFO rally.task.runner [-] Task aa186fb2-7a56-434f-a38a-d59faec33f95 | ITER: 4 END: OK
2019-12-18 03:43:40.014 31754 INFO rally.task.runner [-] Task aa186fb2-7a56-434f-a38a-d59faec33f95 | ITER: 27 START
2019-12-18 03:43:40.015 31754 WARNING rally_openstack.scenarios.neutron.utils [-] Running this scenario without either the 'network' or 'existing_network' context is deprecated
2019-12-18 03:43:40.180 31791 INFO rally.task.runner [-] Task aa186fb2-7a56-434f-a38a-d59faec33f95 | ITER: 17 END: OK
2019-12-18 03:43:40.184 31791 INFO rally.task.runner [-] Task aa186fb2-7a56-434f-a38a-d59faec33f95 | ITER: 28 START
2019-12-18 03:43:40.185 31791 WARNING rally_openstack.scenarios.neutron.utils [-] Running this scenario without either the 'network' or 'existing_network' context is deprecated
2019-12-18 03:43:40.707 31778 INFO rally.task.runner [-] Task aa186fb2-7a56-434f-a38a-d59faec33f95 | ITER: 15 END: OK
2019-12-18 03:43:40.710 31778 INFO rally.task.runner [-] Task aa186fb2-7a56-434f-a38a-d59faec33f95 | ITER: 29 START
2019-12-18 03:43:40.711 31778 WARNING rally_openstack.scenarios.neutron.utils [-] Running this scenario without either the 'network' or 'existing_network' context is deprecated
2019-12-18 03:43:40.784 31760 INFO rally.task.runner [-] Task aa186fb2-7a56-434f-a38a-d59faec33f95 | ITER: 7 END: OK
2019-12-18 03:43:40.787 31760 INFO rally.task.runner [-] Task aa186fb2-7a56-434f-a38a-d59faec33f95 | ITER: 30 START
2019-12-18 03:43:40.788 31760 WARNING rally_openstack.scenarios.neutron.utils [-] Running this scenario without either the 'network' or 'existing_network' context is deprecated
2019-12-18 03:43:40.836 31752 INFO rally.task.runner [-] Task aa186fb2-7a56-434f-a38a-d59faec33f95 | ITER: 3 END: OK
2019-12-18 03:43:40.840 31752 INFO rally.task.runner [-] Task aa186fb2-7a56-434f-a38a-d59faec33f95 | ITER: 31 START
2019-12-18 03:43:40.840 31752 WARNING rally_openstack.scenarios.neutron.utils [-] Running this scenario without either the 'network' or 'existing_network' context is deprecated
2019-12-18 03:43:41.090 31753 INFO rally.task.runner [-] Task aa186fb2-7a56-434f-a38a-d59faec33f95 | ITER: 5 END: OK
2019-12-18 03:43:41.093 31753 INFO rally.task.runner [-] Task aa186fb2-7a56-434f-a38a-d59faec33f95 | ITER: 32 START
2019-12-18 03:43:41.094 31753 WARNING rally_openstack.scenarios.neutron.utils [-] Running this scenario without either the 'network' or 'existing_network' context is deprecated
2019-12-18 03:43:41.467 31780 INFO rally.task.runner [-] Task aa186fb2-7a56-434f-a38a-d59faec33f95 | ITER: 16 END: OK
2019-12-18 03:43:41.470 31780 INFO rally.task.runner [-] Task aa186fb2-7a56-434f-a38a-d59faec33f95 | ITER: 33 START
2019-12-18 03:43:41.471 31780 WARNING rally_openstack.scenarios.neutron.utils [-] Running this scenario without either the 'network' or 'existing_network' context is deprecated
2019-12-18 03:43:41.916 31753 INFO rally.task.runner [-] Task aa186fb2-7a56-434f-a38a-d59faec33f95 | ITER: 2 END: OK
2019-12-18 03:43:41.919 31753 INFO rally.task.runner [-] Task aa186fb2-7a56-434f-a38a-d59faec33f95 | ITER: 34 START
2019-12-18 03:43:41.920 31753 WARNING rally_openstack.scenarios.neutron.utils [-] Running this scenario without either the 'network' or 'existing_network' context is deprecated
2019-12-18 03:43:42.288 31795 INFO rally.task.runner [-] Task aa186fb2-7a56-434f-a38a-d59faec33f95 | ITER: 18 END: OK
2019-12-18 03:43:42.292 31795 INFO rally.task.runner [-] Task aa186fb2-7a56-434f-a38a-d59faec33f95 | ITER: 35 START
2019-12-18 03:43:42.292 31795 WARNING rally_openstack.scenarios.neutron.utils [-] Running this scenario without either the 'network' or 'existing_network' context is deprecated
2019-12-18 03:43:42.509 31761 INFO rally.task.runner [-] Task aa186fb2-7a56-434f-a38a-d59faec33f95 | ITER: 9 END: OK
2019-12-18 03:43:42.512 31761 INFO rally.task.runner [-] Task aa186fb2-7a56-434f-a38a-d59faec33f95 | ITER: 36 START
2019-12-18 03:43:42.513 31761 WARNING rally_openstack.scenarios.neutron.utils [-] Running this scenario without either the 'network' or 'existing_network' context is deprecated
2019-12-18 03:43:43.497 31799 INFO rally.task.runner [-] Task aa186fb2-7a56-434f-a38a-d59faec33f95 | ITER: 20 END: OK
2019-12-18 03:43:43.499 31799 INFO rally.task.runner [-] Task aa186fb2-7a56-434f-a38a-d59faec33f95 | ITER: 37 START
2019-12-18 03:43:43.500 31799 WARNING rally_openstack.scenarios.neutron.utils [-] Running this scenario without either the 'network' or 'existing_network' context is deprecated
2019-12-18 03:43:44.371 31766 INFO rally.task.runner [-] Task aa186fb2-7a56-434f-a38a-d59faec33f95 | ITER: 12 END: OK
2019-12-18 03:43:44.373 31766 INFO rally.task.runner [-] Task aa186fb2-7a56-434f-a38a-d59faec33f95 | ITER: 38 START
2019-12-18 03:43:44.374 31766 WARNING rally_openstack.scenarios.neutron.utils [-] Running this scenario without either the 'network' or 'existing_network' context is deprecated
2019-12-18 03:43:44.818 31757 INFO rally.task.runner [-] Task aa186fb2-7a56-434f-a38a-d59faec33f95 | ITER: 11 END: OK
2019-12-18 03:43:44.820 31757 INFO rally.task.runner [-] Task aa186fb2-7a56-434f-a38a-d59faec33f95 | ITER: 39 START
2019-12-18 03:43:44.821 31757 WARNING rally_openstack.scenarios.neutron.utils [-] Running this scenario without either the 'network' or 'existing_network' context is deprecated
2019-12-18 03:43:45.089 31797 INFO rally.task.runner [-] Task aa186fb2-7a56-434f-a38a-d59faec33f95 | ITER: 19 END: OK
2019-12-18 03:43:45.092 31797 INFO rally.task.runner [-] Task aa186fb2-7a56-434f-a38a-d59faec33f95 | ITER: 40 START
2019-12-18 03:43:45.093 31797 WARNING rally_openstack.scenarios.neutron.utils [-] Running this scenario without either the 'network' or 'existing_network' context is deprecated
2019-12-18 03:43:46.867 31754 INFO rally.task.runner [-] Task aa186fb2-7a56-434f-a38a-d59faec33f95 | ITER: 21 END: OK
2019-12-18 03:43:47.680 31752 INFO rally.task.runner [-] Task aa186fb2-7a56-434f-a38a-d59faec33f95 | ITER: 24 END: OK
2019-12-18 03:43:47.995 31760 INFO rally.task.runner [-] Task aa186fb2-7a56-434f-a38a-d59faec33f95 | ITER: 30 END: OK
2019-12-18 03:43:48.530 31778 INFO rally.task.runner [-] Task aa186fb2-7a56-434f-a38a-d59faec33f95 | ITER: 29 END: OK
2019-12-18 03:43:48.720 31754 INFO rally.task.runner [-] Task aa186fb2-7a56-434f-a38a-d59faec33f95 | ITER: 27 END: OK
2019-12-18 03:43:48.853 31791 INFO rally.task.runner [-] Task aa186fb2-7a56-434f-a38a-d59faec33f95 | ITER: 28 END: OK
2019-12-18 03:43:48.982 31752 INFO rally.task.runner [-] Task aa186fb2-7a56-434f-a38a-d59faec33f95 | ITER: 31 END: OK
2019-12-18 03:43:48.982 31765 INFO rally.task.runner [-] Task aa186fb2-7a56-434f-a38a-d59faec33f95 | ITER: 22 END: OK
2019-12-18 03:43:49.492 31768 INFO rally.task.runner [-] Task aa186fb2-7a56-434f-a38a-d59faec33f95 | ITER: 23 END: OK
2019-12-18 03:43:49.522 31773 INFO rally.task.runner [-] Task aa186fb2-7a56-434f-a38a-d59faec33f95 | ITER: 25 END: OK
2019-12-18 03:43:49.534 31757 INFO rally.task.runner [-] Task aa186fb2-7a56-434f-a38a-d59faec33f95 | ITER: 26 END: OK
2019-12-18 03:43:49.768 31753 INFO rally.task.runner [-] Task aa186fb2-7a56-434f-a38a-d59faec33f95 | ITER: 32 END: OK
2019-12-18 03:43:49.899 31780 INFO rally.task.runner [-] Task aa186fb2-7a56-434f-a38a-d59faec33f95 | ITER: 33 END: OK
2019-12-18 03:43:50.126 31795 INFO rally.task.runner [-] Task aa186fb2-7a56-434f-a38a-d59faec33f95 | ITER: 35 END: OK
2019-12-18 03:43:50.426 31799 INFO rally.task.runner [-] Task aa186fb2-7a56-434f-a38a-d59faec33f95 | ITER: 37 END: OK
2019-12-18 03:43:50.533 31753 INFO rally.task.runner [-] Task aa186fb2-7a56-434f-a38a-d59faec33f95 | ITER: 34 END: OK
2019-12-18 03:43:50.540 31766 INFO rally.task.runner [-] Task aa186fb2-7a56-434f-a38a-d59faec33f95 | ITER: 38 END: OK
2019-12-18 03:43:51.339 31761 INFO rally.task.runner [-] Task aa186fb2-7a56-434f-a38a-d59faec33f95 | ITER: 36 END: OK
2019-12-18 03:43:52.160 31757 INFO rally.task.runner [-] Task aa186fb2-7a56-434f-a38a-d59faec33f95 | ITER: 39 END: OK
2019-12-18 03:43:52.703 31797 INFO rally.task.runner [-] Task aa186fb2-7a56-434f-a38a-d59faec33f95 | ITER: 40 END: OK
2019-12-18 03:43:52.734 27676 INFO rally.task.context [-] Task aa186fb2-7a56-434f-a38a-d59faec33f95 | Context cleanup@openstack cleanup() started
2019-12-18 03:43:52.740 27676 RALLYDEBUG rally_openstack.cleanup.manager [-] Cleaning up neutron vip objects
2019-12-18 03:43:53.133 27676 RALLYDEBUG rally_openstack.cleanup.manager [-] Cleaning up neutron health_monitor objects
2019-12-18 03:43:53.508 27676 RALLYDEBUG rally_openstack.cleanup.manager [-] Cleaning up neutron pool objects
2019-12-18 03:43:53.892 27676 RALLYDEBUG rally_openstack.cleanup.manager [-] Cleaning up neutron loadbalancer objects
2019-12-18 03:43:54.272 27676 RALLYDEBUG rally_openstack.cleanup.manager [-] Cleaning up neutron floatingip objects
2019-12-18 03:43:54.690 27676 RALLYDEBUG rally_openstack.cleanup.manager [-] Cleaning up neutron trunk objects
2019-12-18 03:43:55.083 27676 RALLYDEBUG rally_openstack.cleanup.manager [-] Cleaning up neutron port objects
2019-12-18 03:43:56.045 27676 RALLYDEBUG rally_openstack.cleanup.manager [-] Deleting neutron.port object s_rally_bf51bfa5_sp701Vt7 (0218d99d-5557-42cb-a13f-e23acbe1fae1)
2019-12-18 03:43:56.054 27676 RALLYDEBUG rally_openstack.cleanup.manager [-] Deleting neutron.port object s_rally_bf51bfa5_T24G0pAb (05e7319d-9208-455c-bbf0-6918ce4f77e3)
2019-12-18 03:43:56.063 27676 RALLYDEBUG rally_openstack.cleanup.manager [-] Deleting neutron.port object s_rally_bf51bfa5_TiB1YY6n (06616b37-781b-4ad3-9fc7-8663de37bb26)
2019-12-18 03:43:56.067 27676 RALLYDEBUG rally_openstack.cleanup.manager [-] Deleting neutron.port object s_rally_bf51bfa5_MMTyu4O8 (07488d6a-b72c-49f9-a5d8-99f713680f21)
2019-12-18 03:43:56.076 27676 RALLYDEBUG rally_openstack.cleanup.manager [-] Deleting neutron.port object s_rally_bf51bfa5_Uh8EI6Ga (0a9c2aff-6e5a-4b53-944c-b272ffbe6a25)
2019-12-18 03:43:56.085 27676 RALLYDEBUG rally_openstack.cleanup.manager [-] Deleting neutron.port object s_rally_bf51bfa5_XWHAlIpl (0c378f0b-c1d0-4f61-8ec7-73018a0d43dc)
2019-12-18 03:43:56.094 27676 RALLYDEBUG rally_openstack.cleanup.manager [-] Deleting neutron.port object s_rally_bf51bfa5_4jGDyHde (0c86fb4b-a3fa-4d05-a6ae-da0db5c3154c)
2019-12-18 03:43:56.105 27676 RALLYDEBUG rally_openstack.cleanup.manager [-] Deleting neutron.port object s_rally_bf51bfa5_zwoFYTlH (0cd114a1-e9f6-4e0d-83b9-a8e9204f138e)
2019-12-18 03:43:56.121 27676 RALLYDEBUG rally_openstack.cleanup.manager [-] Deleting neutron.port object s_rally_bf51bfa5_JUm9l2TM (0dae5330-820a-46b5-9e94-144bb28166c1)
2019-12-18 03:43:56.134 27676 RALLYDEBUG rally_openstack.cleanup.manager [-] Deleting neutron.port object s_rally_bf51bfa5_5J6qkP5f (0f4f5ec7-5a3f-4df0-9f08-4b8a194fde4e)
2019-12-18 03:43:56.158 27676 RALLYDEBUG rally_openstack.cleanup.manager [-] Deleting neutron.port object s_rally_bf51bfa5_LjHeBDzZ (10187fcb-fa54-46e9-b2de-10ac466e2c0a)
2019-12-18 03:43:56.173 27676 RALLYDEBUG rally_openstack.cleanup.manager [-] Deleting neutron.port object s_rally_bf51bfa5_rHhMTJ91 (10321504-a134-47fb-9f74-a9f38ba032b3)
2019-12-18 03:43:56.200 27676 RALLYDEBUG rally_openstack.cleanup.manager [-] Deleting neutron.port object s_rally_bf51bfa5_bAP1h5es (10793863-7801-44b0-9ef3-8c9a63d9dadf)
2019-12-18 03:43:56.210 27676 RALLYDEBUG rally_openstack.cleanup.manager [-] Deleting neutron.port object s_rally_bf51bfa5_3KU1nbN8 (10887a30-944b-4a81-91ba-4261a92c1330)
2019-12-18 03:43:56.234 27676 RALLYDEBUG rally_openstack.cleanup.manager [-] Deleting neutron.port object s_rally_bf51bfa5_H5DiIUV6 (11719b71-3ee8-497e-918c-a49866a4f442)
2019-12-18 03:43:56.245 27676 RALLYDEBUG rally_openstack.cleanup.manager [-] Deleting neutron.port object s_rally_bf51bfa5_VTyxRRW5 (12731ee3-b209-43b1-9477-b3e280b1da6b)
2019-12-18 03:43:56.248 27676 RALLYDEBUG rally_openstack.cleanup.manager [-] Deleting neutron.port object s_rally_bf51bfa5_GVML15Zg (153e574a-9902-4784-a219-e5026b397090)
2019-12-18 03:43:56.258 27676 RALLYDEBUG rally_openstack.cleanup.manager [-] Deleting neutron.port object s_rally_bf51bfa5_ZcTeTbBg (15edc73e-47d1-440a-b346-6e9250716a2c)
2019-12-18 03:43:56.271 27676 RALLYDEBUG rally_openstack.cleanup.manager [-] Deleting neutron.port object s_rally_bf51bfa5_osg8b0cV (16a80f47-a36a-42cc-8342-69ee893f486e)
2019-12-18 03:43:56.275 27676 RALLYDEBUG rally_openstack.cleanup.manager [-] Deleting neutron.port object s_rally_bf51bfa5_tJbMfx8G (16d7705e-dc01-46e7-a479-60b6d0c89914)
2019-12-18 03:43:58.110 27676 RALLYDEBUG rally_openstack.cleanup.manager [-] Deleting neutron.port object s_rally_bf51bfa5_YUQMsPAm (17118ac3-2049-470e-b895-9d0dfaf2f59b)
2019-12-18 03:43:58.155 27676 RALLYDEBUG rally_openstack.cleanup.manager [-] Deleting neutron.port object s_rally_bf51bfa5_6MA87qLo (17ca56b8-da4e-420c-a454-7d2c50d0d186)
2019-12-18 03:43:58.286 27676 RALLYDEBUG rally_openstack.cleanup.manager [-] Deleting neutron.port object s_rally_bf51bfa5_kNo70uFw (19a53791-30cb-4734-85f3-fff4be596cfa)
2019-12-18 03:43:58.297 27676 RALLYDEBUG rally_openstack.cleanup.manager [-] Deleting neutron.port object s_rally_bf51bfa5_AOepduLF (19dc82cc-a954-4629-951c-4f0b298bb516)
2019-12-18 03:43:58.320 27676 RALLYDEBUG rally_openstack.cleanup.manager [-] Deleting neutron.port object s_rally_bf51bfa5_s1PWaTTX (1bdd6952-443b-4191-ad1a-f5b0a759ae5f)
2019-12-18 03:43:58.395 27676 RALLYDEBUG rally_openstack.cleanup.manager [-] Deleting neutron.port object s_rally_bf51bfa5_AcnJ2usw (1c02382f-7bad-4b21-8a20-c556a73e2067)
2019-12-18 03:43:58.406 27676 RALLYDEBUG rally_openstack.cleanup.manager [-] Deleting neutron.port object s_rally_bf51bfa5_90aQ42Rd (1cfbfd0e-6c62-4152-99c8-4257b8b7af94)
2019-12-18 03:43:58.414 27676 RALLYDEBUG rally_openstack.cleanup.manager [-] Deleting neutron.port object s_rally_bf51bfa5_LXr9OtX5 (1e813166-61a0-4e13-b25a-a3c25dadd8d9)
2019-12-18 03:43:58.419 27676 RALLYDEBUG rally_openstack.cleanup.manager [-] Deleting neutron.port object s_rally_bf51bfa5_Yi0znZpY (1f36151c-36e2-4854-a875-9ad41eecbc2d)
2019-12-18 03:43:58.436 27676 RALLYDEBUG rally_openstack.cleanup.manager [-] Deleting neutron.port object s_rally_bf51bfa5_PMpZuKWl (1fe56ba9-245c-4a1f-9c23-320a8e9ad932)
2019-12-18 03:43:58.481 27676 RALLYDEBUG rally_openstack.cleanup.manager [-] Deleting neutron.port object s_rally_bf51bfa5_prSF69YM (2022067b-3083-4858-8549-806f48f35ca1)
2019-12-18 03:43:58.541 27676 RALLYDEBUG rally_openstack.cleanup.manager [-] Deleting neutron.port object s_rally_bf51bfa5_WOPOFvY0 (224fcbc8-d993-414b-9baf-ce272ebb3f2e)
2019-12-18 03:43:58.557 27676 RALLYDEBUG rally_openstack.cleanup.manager [-] Deleting neutron.port object s_rally_bf51bfa5_krs4ajh9 (227d504e-14dc-435c-ac6e-ca8d38b4ba0c)
2019-12-18 03:43:58.565 27676 RALLYDEBUG rally_openstack.cleanup.manager [-] Deleting neutron.port object s_rally_bf51bfa5_Js8NuAba (22feb6a8-6a71-479d-b16c-2a26ec373247)
2019-12-18 03:43:58.624 27676 RALLYDEBUG rally_openstack.cleanup.manager [-] Deleting neutron.port object s_rally_bf51bfa5_wqFH6Tro (24d6b2bc-0d41-450f-b4b4-3ed63c5df367)
2019-12-18 03:43:58.678 27676 RALLYDEBUG rally_openstack.cleanup.manager [-] Deleting neutron.port object s_rally_bf51bfa5_7RNnGdoN (25608922-5df9-48bd-99ed-c328bd9a9608)
2019-12-18 03:43:58.746 27676 RALLYDEBUG rally_openstack.cleanup.manager [-] Deleting neutron.port object s_rally_bf51bfa5_ONLGePo1 (26b87f95-1466-4a54-ac35-d116e698be3b)
2019-12-18 03:43:58.754 27676 RALLYDEBUG rally_openstack.cleanup.manager [-] Deleting neutron.port object s_rally_bf51bfa5_9vRvaXQc (28e448b0-0c23-4d7b-8007-385c0480af9c)
2019-12-18 03:43:58.876 27676 RALLYDEBUG rally_openstack.cleanup.manager [-] Deleting neutron.port object s_rally_bf51bfa5_ZMACI2Pz (2c82058f-3234-43c8-8e71-cee7c30bc238)
2019-12-18 03:43:58.993 27676 RALLYDEBUG rally_openstack.cleanup.manager [-] Deleting neutron.port object s_rally_bf51bfa5_DzT0O7U1 (2d86642f-860a-4e49-8525-c02252205e87)
2019-12-18 03:43:59.948 27676 RALLYDEBUG rally_openstack.cleanup.manager [-] Deleting neutron.port object s_rally_bf51bfa5_XxgVgVed (31859873-7f9c-4ffa-b8ef-5285708d3de2)
2019-12-18 03:44:00.136 27676 RALLYDEBUG rally_openstack.cleanup.manager [-] Deleting neutron.port object s_rally_bf51bfa5_F2UZdVMR (332c9754-177f-4a15-b29d-03bcc7479fa2)
2019-12-18 03:44:00.313 27676 RALLYDEBUG rally_openstack.cleanup.manager [-] Deleting neutron.port object s_rally_bf51bfa5_KFCx4qrK (37e5b0d5-5940-4633-8e68-b528ce732fab)
2019-12-18 03:44:00.331 27676 RALLYDEBUG rally_openstack.cleanup.manager [-] Deleting neutron.port object s_rally_bf51bfa5_3quBbCcX (397b03a4-6c80-495c-b427-872a02a828a8)
2019-12-18 03:44:00.387 27676 RALLYDEBUG rally_openstack.cleanup.manager [-] Deleting neutron.port object s_rally_bf51bfa5_zT9gTri4 (39c168e3-f547-4bba-b2ed-be4e1544331b)
2019-12-18 03:44:00.424 27676 RALLYDEBUG rally_openstack.cleanup.manager [-] Deleting neutron.port object s_rally_bf51bfa5_HylxHF22 (3c2c30e3-9bd1-4b35-ab2c-2885ba7aace0)
2019-12-18 03:44:00.455 27676 RALLYDEBUG rally_openstack.cleanup.manager [-] Deleting neutron.port object s_rally_bf51bfa5_H9PrsEXx (3cb5ebda-6316-48e5-939f-f57f1a982235)
2019-12-18 03:44:00.464 27676 RALLYDEBUG rally_openstack.cleanup.manager [-] Deleting neutron.port object s_rally_bf51bfa5_U3HMV4m3 (3fea44ec-96b7-4b50-9c06-80885e523544)
2019-12-18 03:44:00.573 27676 RALLYDEBUG rally_openstack.cleanup.manager [-] Deleting neutron.port object s_rally_bf51bfa5_5AhvV4N5 (400fd816-72ea-45d7-9583-47d02c2f2b02)
2019-12-18 03:44:00.624 27676 RALLYDEBUG rally_openstack.cleanup.manager [-] Deleting neutron.port object s_rally_bf51bfa5_X73IERKg (407dfce0-3a86-416a-a844-35eae16ad569)
2019-12-18 03:44:00.687 27676 RALLYDEBUG rally_openstack.cleanup.manager [-] Deleting neutron.port object s_rally_bf51bfa5_h5XxrQHl (4112314d-e102-4079-b86a-219b8874b6b9)
2019-12-18 03:44:00.761 27676 RALLYDEBUG rally_openstack.cleanup.manager [-] Deleting neutron.port object s_rally_bf51bfa5_zuKTqUq9 (413139c1-259a-448f-a007-11c50c369772)
2019-12-18 03:44:00.806 27676 RALLYDEBUG rally_openstack.cleanup.manager [-] Deleting neutron.port object s_rally_bf51bfa5_A7Dg8O7Y (413252bd-e711-4c38-a8bc-9659b2c49aac)
2019-12-18 03:44:00.835 27676 RALLYDEBUG rally_openstack.cleanup.manager [-] Deleting neutron.port object s_rally_bf51bfa5_4gnL0S3T (42c2b846-9776-41f5-b499-f8314a7fc98c)
2019-12-18 03:44:00.949 27676 RALLYDEBUG rally_openstack.cleanup.manager [-] Deleting neutron.port object s_rally_bf51bfa5_mGrcA3Mu (4697371b-c75a-4629-96cb-d401d9f749c0)
2019-12-18 03:44:00.999 27676 RALLYDEBUG rally_openstack.cleanup.manager [-] Deleting neutron.port object s_rally_bf51bfa5_rN51qYNx (4a1dc74e-755b-4998-9878-784fed6f6d12)
2019-12-18 03:44:01.022 27676 RALLYDEBUG rally_openstack.cleanup.manager [-] Deleting neutron.port object s_rally_bf51bfa5_InDxhg2v (4a7467e4-f4ba-48ab-88b3-f3d79d4acddc)
2019-12-18 03:44:01.091 27676 RALLYDEBUG rally_openstack.cleanup.manager [-] Deleting neutron.port object s_rally_bf51bfa5_5R7UY819 (4a85fdbd-ca1c-4fad-ba41-693f09448082)
2019-12-18 03:44:01.133 27676 RALLYDEBUG rally_openstack.cleanup.manager [-] Deleting neutron.port object s_rally_bf51bfa5_bfO213tN (4abc2857-7f43-4600-951e-7d30aa05bf33)
2019-12-18 03:44:01.160 27676 RALLYDEBUG rally_openstack.cleanup.manager [-] Deleting neutron.port object s_rally_bf51bfa5_EUod1sFQ (4db9f53c-cacd-477f-957f-eb5e24dc1a81)
2019-12-18 03:44:01.679 27676 RALLYDEBUG rally_openstack.cleanup.manager [-] Deleting neutron.port object s_rally_bf51bfa5_3IM5luKS (4e36bd16-1203-4dec-9000-aadc04e9c43e)
