2019-12-18 03:44:43.296 32187 WARNING rally_openstack.scenarios.neutron.utils [-] Running this scenario without either the 'network' or 'existing_network' context is deprecated
2019-12-18 03:44:43.423 32147 INFO rally.task.runner [-] Task aa186fb2-7a56-434f-a38a-d59faec33f95 | ITER: 7 END: OK
2019-12-18 03:44:43.426 32147 INFO rally.task.runner [-] Task aa186fb2-7a56-434f-a38a-d59faec33f95 | ITER: 37 START
2019-12-18 03:44:43.427 32147 WARNING rally_openstack.scenarios.neutron.utils [-] Running this scenario without either the 'network' or 'existing_network' context is deprecated
2019-12-18 03:44:44.104 32160 INFO rally.task.runner [-] Task aa186fb2-7a56-434f-a38a-d59faec33f95 | ITER: 11 END: OK
2019-12-18 03:44:44.108 32160 INFO rally.task.runner [-] Task aa186fb2-7a56-434f-a38a-d59faec33f95 | ITER: 38 START
2019-12-18 03:44:44.109 32160 WARNING rally_openstack.scenarios.neutron.utils [-] Running this scenario without either the 'network' or 'existing_network' context is deprecated
2019-12-18 03:44:44.951 32142 INFO rally.task.runner [-] Task aa186fb2-7a56-434f-a38a-d59faec33f95 | ITER: 1 END: OK
2019-12-18 03:44:44.954 32142 INFO rally.task.runner [-] Task aa186fb2-7a56-434f-a38a-d59faec33f95 | ITER: 39 START
2019-12-18 03:44:44.955 32142 WARNING rally_openstack.scenarios.neutron.utils [-] Running this scenario without either the 'network' or 'existing_network' context is deprecated
2019-12-18 03:44:45.363 32144 INFO rally.task.runner [-] Task aa186fb2-7a56-434f-a38a-d59faec33f95 | ITER: 6 END: OK
2019-12-18 03:44:45.366 32144 INFO rally.task.runner [-] Task aa186fb2-7a56-434f-a38a-d59faec33f95 | ITER: 40 START
2019-12-18 03:44:45.367 32144 WARNING rally_openstack.scenarios.neutron.utils [-] Running this scenario without either the 'network' or 'existing_network' context is deprecated
2019-12-18 03:44:49.365 32143 INFO rally.task.runner [-] Task aa186fb2-7a56-434f-a38a-d59faec33f95 | ITER: 23 END: OK
2019-12-18 03:44:49.588 32180 INFO rally.task.runner [-] Task aa186fb2-7a56-434f-a38a-d59faec33f95 | ITER: 21 END: OK
2019-12-18 03:44:49.629 32142 INFO rally.task.runner [-] Task aa186fb2-7a56-434f-a38a-d59faec33f95 | ITER: 27 END: OK
2019-12-18 03:44:49.967 32183 INFO rally.task.runner [-] Task aa186fb2-7a56-434f-a38a-d59faec33f95 | ITER: 24 END: OK
2019-12-18 03:44:50.309 32144 INFO rally.task.runner [-] Task aa186fb2-7a56-434f-a38a-d59faec33f95 | ITER: 34 END: OK
2019-12-18 03:44:50.894 32176 INFO rally.task.runner [-] Task aa186fb2-7a56-434f-a38a-d59faec33f95 | ITER: 22 END: OK
2019-12-18 03:44:51.384 32156 INFO rally.task.runner [-] Task aa186fb2-7a56-434f-a38a-d59faec33f95 | ITER: 30 END: OK
2019-12-18 03:44:51.416 32143 INFO rally.task.runner [-] Task aa186fb2-7a56-434f-a38a-d59faec33f95 | ITER: 31 END: OK
2019-12-18 03:44:51.574 32187 INFO rally.task.runner [-] Task aa186fb2-7a56-434f-a38a-d59faec33f95 | ITER: 36 END: OK
2019-12-18 03:44:51.641 32147 INFO rally.task.runner [-] Task aa186fb2-7a56-434f-a38a-d59faec33f95 | ITER: 37 END: OK
2019-12-18 03:44:51.742 32184 INFO rally.task.runner [-] Task aa186fb2-7a56-434f-a38a-d59faec33f95 | ITER: 26 END: OK
2019-12-18 03:44:51.802 32177 INFO rally.task.runner [-] Task aa186fb2-7a56-434f-a38a-d59faec33f95 | ITER: 32 END: OK
2019-12-18 03:44:51.891 32147 INFO rally.task.runner [-] Task aa186fb2-7a56-434f-a38a-d59faec33f95 | ITER: 33 END: OK
2019-12-18 03:44:51.934 32151 INFO rally.task.runner [-] Task aa186fb2-7a56-434f-a38a-d59faec33f95 | ITER: 25 END: OK
2019-12-18 03:44:52.098 32160 INFO rally.task.runner [-] Task aa186fb2-7a56-434f-a38a-d59faec33f95 | ITER: 38 END: OK
2019-12-18 03:44:52.155 32163 INFO rally.task.runner [-] Task aa186fb2-7a56-434f-a38a-d59faec33f95 | ITER: 29 END: OK
2019-12-18 03:44:52.282 32168 INFO rally.task.runner [-] Task aa186fb2-7a56-434f-a38a-d59faec33f95 | ITER: 28 END: OK
2019-12-18 03:44:52.989 32144 INFO rally.task.runner [-] Task aa186fb2-7a56-434f-a38a-d59faec33f95 | ITER: 40 END: OK
2019-12-18 03:44:53.096 32142 INFO rally.task.runner [-] Task aa186fb2-7a56-434f-a38a-d59faec33f95 | ITER: 39 END: OK
2019-12-18 03:44:53.209 32172 INFO rally.task.runner [-] Task aa186fb2-7a56-434f-a38a-d59faec33f95 | ITER: 35 END: OK
2019-12-18 03:44:53.241 27676 INFO rally.task.context [-] Task aa186fb2-7a56-434f-a38a-d59faec33f95 | Context cleanup@openstack cleanup() started
2019-12-18 03:44:53.246 27676 RALLYDEBUG rally_openstack.cleanup.manager [-] Cleaning up neutron vip objects
2019-12-18 03:44:53.636 27676 RALLYDEBUG rally_openstack.cleanup.manager [-] Cleaning up neutron health_monitor objects
2019-12-18 03:44:54.026 27676 RALLYDEBUG rally_openstack.cleanup.manager [-] Cleaning up neutron pool objects
2019-12-18 03:44:54.403 27676 RALLYDEBUG rally_openstack.cleanup.manager [-] Cleaning up neutron loadbalancer objects
2019-12-18 03:44:54.790 27676 RALLYDEBUG rally_openstack.cleanup.manager [-] Cleaning up neutron floatingip objects
2019-12-18 03:44:55.204 27676 RALLYDEBUG rally_openstack.cleanup.manager [-] Cleaning up neutron trunk objects
2019-12-18 03:44:55.600 27676 RALLYDEBUG rally_openstack.cleanup.manager [-] Cleaning up neutron port objects
2019-12-18 03:44:56.037 27676 RALLYDEBUG rally_openstack.cleanup.manager [-] Cleaning up neutron subnet objects
2019-12-18 03:44:56.442 27676 RALLYDEBUG rally_openstack.cleanup.manager [-] Cleaning up neutron network objects
2019-12-18 03:44:57.024 27676 RALLYDEBUG rally_openstack.cleanup.manager [-] Deleting neutron.network object s_rally_cd0f60cd_UNlDSvzc (0ab3a708-2c1e-42e9-b3c5-04ef444c5a5e)
2019-12-18 03:44:57.034 27676 RALLYDEBUG rally_openstack.cleanup.manager [-] Deleting neutron.network object s_rally_cd0f60cd_6GFnZbE8 (1939775a-03fa-465a-80f9-c548c44f7476)
2019-12-18 03:44:57.042 27676 RALLYDEBUG rally_openstack.cleanup.manager [-] Deleting neutron.network object s_rally_cd0f60cd_J6p4tbh4 (1f644074-f051-4676-881e-b49d8983225c)
2019-12-18 03:44:57.046 27676 RALLYDEBUG rally_openstack.cleanup.manager [-] Deleting neutron.network object s_rally_cd0f60cd_zxdZi7Ew (32b26306-cdfc-4521-a7e2-6f9f908163e2)
2019-12-18 03:44:57.061 27676 RALLYDEBUG rally_openstack.cleanup.manager [-] Deleting neutron.network object s_rally_cd0f60cd_PZpIXtGF (3cbfceed-5da1-4db1-a6ba-ec435a45fea8)
2019-12-18 03:44:57.071 27676 RALLYDEBUG rally_openstack.cleanup.manager [-] Deleting neutron.network object s_rally_cd0f60cd_b9UQbgKd (3f549b4c-7a4a-413e-9604-1109fed3e18f)
2019-12-18 03:44:57.086 27676 RALLYDEBUG rally_openstack.cleanup.manager [-] Deleting neutron.network object s_rally_cd0f60cd_kTV5h1CS (427048d0-cbff-494d-9859-80048e67fdb7)
2019-12-18 03:44:57.094 27676 RALLYDEBUG rally_openstack.cleanup.manager [-] Deleting neutron.network object s_rally_cd0f60cd_OGKj8Oca (459ac97e-71d5-4f5a-a883-eba851648be8)
2019-12-18 03:44:57.103 27676 RALLYDEBUG rally_openstack.cleanup.manager [-] Deleting neutron.network object s_rally_cd0f60cd_fsRGK4UF (69763e6c-bb08-44a4-a9ff-6149b603abd6)
2019-12-18 03:44:57.126 27676 RALLYDEBUG rally_openstack.cleanup.manager [-] Deleting neutron.network object s_rally_cd0f60cd_jWT8m60J (6976a1f5-14bf-4ba7-ad33-0aae02d54123)
2019-12-18 03:44:57.131 27676 RALLYDEBUG rally_openstack.cleanup.manager [-] Deleting neutron.network object s_rally_cd0f60cd_ZYFQdK5A (69b9dadd-a131-47c3-a9ba-69696dfce1d8)
2019-12-18 03:44:57.141 27676 RALLYDEBUG rally_openstack.cleanup.manager [-] Deleting neutron.network object s_rally_cd0f60cd_gq9Kilzy (6a0f8d05-713a-4ead-a61c-6801738d840d)
2019-12-18 03:44:57.146 27676 RALLYDEBUG rally_openstack.cleanup.manager [-] Deleting neutron.network object s_rally_cd0f60cd_DPFksGUB (76e6e442-49cb-47e4-8bd3-0523ecb583a8)
2019-12-18 03:44:57.151 27676 RALLYDEBUG rally_openstack.cleanup.manager [-] Deleting neutron.network object s_rally_cd0f60cd_yzaVbLO3 (77cde193-0e85-4dd5-adb8-7e8e6d5c4f69)
2019-12-18 03:44:57.184 27676 RALLYDEBUG rally_openstack.cleanup.manager [-] Deleting neutron.network object s_rally_cd0f60cd_AEehlqZx (7b3a2c04-ab1b-4dc3-92e3-400b5349f627)
2019-12-18 03:44:57.207 27676 RALLYDEBUG rally_openstack.cleanup.manager [-] Deleting neutron.network object s_rally_cd0f60cd_4ZFzOsiw (7c37f7dc-f753-4068-8aea-4f6214a999fe)
2019-12-18 03:44:57.224 27676 RALLYDEBUG rally_openstack.cleanup.manager [-] Deleting neutron.network object s_rally_cd0f60cd_j69emPLE (8d20eeff-207b-4072-b28e-263045670a1e)
2019-12-18 03:44:57.230 27676 RALLYDEBUG rally_openstack.cleanup.manager [-] Deleting neutron.network object s_rally_cd0f60cd_RGVJjCvx (98c3c216-964b-49a4-88dc-be34b000e345)
2019-12-18 03:44:57.245 27676 RALLYDEBUG rally_openstack.cleanup.manager [-] Deleting neutron.network object s_rally_cd0f60cd_dHv3WGrS (9c8917b5-87e0-4cc5-9df3-e4f24705be1e)
2019-12-18 03:44:57.252 27676 RALLYDEBUG rally_openstack.cleanup.manager [-] Deleting neutron.network object s_rally_cd0f60cd_q3t7ycEl (9f687772-675a-40ea-8a2e-33c86658d1a7)
2019-12-18 03:44:59.224 27676 RALLYDEBUG rally_openstack.cleanup.manager [-] Deleting neutron.network object s_rally_cd0f60cd_4Oj6Hkqk (a5cbb618-73bd-4221-bf82-8964d21fa8ca)
2019-12-18 03:44:59.233 27676 RALLYDEBUG rally_openstack.cleanup.manager [-] Deleting neutron.network object s_rally_cd0f60cd_4RMA2ayh (ac5d67a1-1196-4bcd-9591-4ed1f650ffd3)
2019-12-18 03:44:59.317 27676 RALLYDEBUG rally_openstack.cleanup.manager [-] Deleting neutron.network object s_rally_cd0f60cd_JUqiS77X (b7c02f85-1853-4acc-b687-30a4eb0b69dd)
2019-12-18 03:44:59.503 27676 RALLYDEBUG rally_openstack.cleanup.manager [-] Deleting neutron.network object s_rally_cd0f60cd_nDGkbTUw (baaa9cc4-83e6-48e6-ac51-bfcc6d5cdb51)
2019-12-18 03:44:59.564 27676 RALLYDEBUG rally_openstack.cleanup.manager [-] Deleting neutron.network object s_rally_cd0f60cd_BkHvyU8n (bd269dda-93c8-42b8-a6ca-a02fb83d5783)
2019-12-18 03:44:59.588 27676 RALLYDEBUG rally_openstack.cleanup.manager [-] Deleting neutron.network object s_rally_cd0f60cd_lKa1ewoU (c2c08dfe-f903-4cf2-9849-a525ee722b83)
2019-12-18 03:44:59.642 27676 RALLYDEBUG rally_openstack.cleanup.manager [-] Deleting neutron.network object s_rally_cd0f60cd_CuDFZLrq (c3891906-e9df-4693-b010-2301ee48a060)
2019-12-18 03:44:59.696 27676 RALLYDEBUG rally_openstack.cleanup.manager [-] Deleting neutron.network object s_rally_cd0f60cd_k4JN2LL8 (c3a29817-5f96-4ac2-85dd-dd9d493efd07)
2019-12-18 03:44:59.707 27676 RALLYDEBUG rally_openstack.cleanup.manager [-] Deleting neutron.network object s_rally_cd0f60cd_KyUwAN0w (c68b96df-97e7-4b61-87aa-6f253f946624)
2019-12-18 03:44:59.758 27676 RALLYDEBUG rally_openstack.cleanup.manager [-] Deleting neutron.network object s_rally_cd0f60cd_CmI0RQLw (cd75c2fb-d9c0-47d8-b688-ab283f5fa6e7)
2019-12-18 03:44:59.821 27676 RALLYDEBUG rally_openstack.cleanup.manager [-] Deleting neutron.network object s_rally_cd0f60cd_hXJ7i8mc (d2d1bc92-f069-419b-bf8b-ebf6fe8b1f79)
2019-12-18 03:44:59.842 27676 RALLYDEBUG rally_openstack.cleanup.manager [-] Deleting neutron.network object s_rally_cd0f60cd_mc7liXNj (d6d756de-b99d-4834-8574-02b9aa1be170)
2019-12-18 03:44:59.846 27676 RALLYDEBUG rally_openstack.cleanup.manager [-] Deleting neutron.network object s_rally_cd0f60cd_BtNzk9wE (d700a7a4-5cfc-4b84-ad16-5d5301e3b132)
2019-12-18 03:44:59.899 27676 RALLYDEBUG rally_openstack.cleanup.manager [-] Deleting neutron.network object s_rally_cd0f60cd_TkXMOYh0 (d8e34b01-d36f-47b4-bbf2-d60b2b4856b2)
2019-12-18 03:44:59.919 27676 RALLYDEBUG rally_openstack.cleanup.manager [-] Deleting neutron.network object s_rally_cd0f60cd_SloM6B5E (e3ecf20b-691a-4db1-b2bc-2fc4529e1fa2)
2019-12-18 03:44:59.955 27676 RALLYDEBUG rally_openstack.cleanup.manager [-] Deleting neutron.network object s_rally_cd0f60cd_w1MVWSW1 (e42f757a-5586-49c7-ab26-b6928152c4cc)
2019-12-18 03:45:00.176 27676 RALLYDEBUG rally_openstack.cleanup.manager [-] Deleting neutron.network object s_rally_cd0f60cd_xlF14S4l (e92b1cff-3ae5-4c3b-99a3-ca39b0003e87)
2019-12-18 03:45:00.339 27676 RALLYDEBUG rally_openstack.cleanup.manager [-] Deleting neutron.network object s_rally_cd0f60cd_chlTl1a6 (eed2bed5-e8ca-4452-8e3d-951f75693c78)
2019-12-18 03:45:00.364 27676 RALLYDEBUG rally_openstack.cleanup.manager [-] Deleting neutron.network object s_rally_cd0f60cd_4dSQQWta (f3a2ddd8-a8e3-45c2-96ca-cdf0115b1473)
2019-12-18 03:45:00.439 27676 RALLYDEBUG rally_openstack.cleanup.manager [-] Deleting neutron.network object s_rally_cd0f60cd_q2z0dGEl (f48a3e57-0103-4205-b37c-40f880d07aec)
2019-12-18 03:45:02.826 27676 RALLYDEBUG rally_openstack.cleanup.manager [-] Cleaning up neutron router objects
2019-12-18 03:45:03.508 27676 RALLYDEBUG rally_openstack.cleanup.manager [-] Cleaning up neutron security_group objects
2019-12-18 03:45:03.941 27676 INFO rally.task.context [-] Task aa186fb2-7a56-434f-a38a-d59faec33f95 | Context cleanup@openstack cleanup() finished in 10.70 sec
2019-12-18 03:45:03.942 27676 INFO rally.task.context [-] Task aa186fb2-7a56-434f-a38a-d59faec33f95 | Context quotas@openstack cleanup() started
2019-12-18 03:45:04.032 27676 INFO rally.task.context [-] Task aa186fb2-7a56-434f-a38a-d59faec33f95 | Context quotas@openstack cleanup() finished in 89.84 msec
2019-12-18 03:45:04.032 27676 INFO rally.task.context [-] Task aa186fb2-7a56-434f-a38a-d59faec33f95 | Context users@openstack cleanup() started
2019-12-18 03:45:06.743 27676 INFO rally.task.context [-] Task aa186fb2-7a56-434f-a38a-d59faec33f95 | Context users@openstack cleanup() finished in 2.71 sec
2019-12-18 03:45:07.590 27676 INFO rally.task.engine [-] Load duration is: 20.910532
2019-12-18 03:45:07.591 27676 INFO rally.task.engine [-] Full runner duration is: 20.964444
2019-12-18 03:45:07.591 27676 INFO rally.task.engine [-] Full duration is: 37.378193
2019-12-18 03:45:08.001 27676 INFO rally.task.engine [-] Running workload: position = 0 config = { "version": 2, "title": "A cropped version of a bigger task.", "description": "Auto-generated task from a single workload (uuid=fbf69e86-f9c9-4488-88c9-49bdff97b371)", "subtasks": [ { "title": "Quotas.neutron_update", "description": "Update quotas for neutron.", "scenario": { "Quotas.neutron_update": { "max_quota": 1024 } }, "contexts": { "users": { "tenants": 20, "users_per_tenant": 1 } }, "runner": { "constant": { "times": 40, "concurrency": 20 } }, "hooks": [], "sla": { "failure_rate": { "max": 0 } } } ] }
2019-12-18 03:45:08.026 27676 RALLYDEBUG rally_openstack.contexts.keystone.users [-] Creating 20 tenants using 20 threads
2019-12-18 03:45:10.324 27676 RALLYDEBUG rally_openstack.contexts.keystone.users [-] Creating 20 users using 20 threads
2019-12-18 03:45:13.181 27676 INFO rally.task.context [-] Task aa186fb2-7a56-434f-a38a-d59faec33f95 | Context users@openstack setup() finished in 5.15 sec
2019-12-18 03:45:13.181 27676 INFO rally.task.context [-] Task aa186fb2-7a56-434f-a38a-d59faec33f95 | Context admin_cleanup@openstack setup() finished in 0.02 msec
2019-12-18 03:45:13.191 27676 RALLYDEBUG rally.task.runner [-] Starting the constant runner (task UUID: aa186fb2-7a56-434f-a38a-d59faec33f95). times: 40 concurrency: 20 timeout: 0 max_cpu_used: 16 processes_to_start: 16 concurrency_per_worker: 1 concurrency_overhead: 4
2019-12-18 03:45:13.203 32532 RALLYDEBUG rally.task.runner [-] Starting a worker. times: 40 duration: None concurrency: 2 timeout: 0 cls: method_name: run args: {"max_quota": 1024}
2019-12-18 03:45:13.206 32533 RALLYDEBUG rally.task.runner [-] Starting a worker. times: 40 duration: None concurrency: 2 timeout: 0 cls: method_name: run args: {"max_quota": 1024}
2019-12-18 03:45:13.210 32534 RALLYDEBUG rally.task.runner [-] Starting a worker. times: 40 duration: None concurrency: 2 timeout: 0 cls: method_name: run args: {"max_quota": 1024}
2019-12-18 03:45:13.213 32535 RALLYDEBUG rally.task.runner [-] Starting a worker. times: 40 duration: None concurrency: 2 timeout: 0 cls: method_name: run args: {"max_quota": 1024}
2019-12-18 03:45:13.217 32537 RALLYDEBUG rally.task.runner [-] Starting a worker. times: 40 duration: None concurrency: 1 timeout: 0 cls: method_name: run args: {"max_quota": 1024}
2019-12-18 03:45:13.218 32532 INFO rally.task.runner [-] Task aa186fb2-7a56-434f-a38a-d59faec33f95 | ITER: 4 START
2019-12-18 03:45:13.221 32533 INFO rally.task.runner [-] Task aa186fb2-7a56-434f-a38a-d59faec33f95 | ITER: 5 START
2019-12-18 03:45:13.221 32539 RALLYDEBUG rally.task.runner [-] Starting a worker. times: 40 duration: None concurrency: 1 timeout: 0 cls: method_name: run args: {"max_quota": 1024}
2019-12-18 03:45:13.224 32534 INFO rally.task.runner [-] Task aa186fb2-7a56-434f-a38a-d59faec33f95 | ITER: 3 START
2019-12-18 03:45:13.224 32545 RALLYDEBUG rally.task.runner [-] Starting a worker. times: 40 duration: None concurrency: 1 timeout: 0 cls: method_name: run args: {"max_quota": 1024}
2019-12-18 03:45:13.226 32537 INFO rally.task.runner [-] Task aa186fb2-7a56-434f-a38a-d59faec33f95 | ITER: 8 START
2019-12-18 03:45:13.228 32535 INFO rally.task.runner [-] Task aa186fb2-7a56-434f-a38a-d59faec33f95 | ITER: 6 START
2019-12-18 03:45:13.229 32550 RALLYDEBUG rally.task.runner [-] Starting a worker. times: 40 duration: None concurrency: 1 timeout: 0 cls: method_name: run args: {"max_quota": 1024}
2019-12-18 03:45:13.231 32539 INFO rally.task.runner [-] Task aa186fb2-7a56-434f-a38a-d59faec33f95 | ITER: 10 START
2019-12-18 03:45:13.219 32532 INFO rally.task.runner [-] Task aa186fb2-7a56-434f-a38a-d59faec33f95 | ITER: 1 START
2019-12-18 03:45:13.221 32533 INFO rally.task.runner [-] Task aa186fb2-7a56-434f-a38a-d59faec33f95 | ITER: 2 START
2019-12-18 03:45:13.234 32545 INFO rally.task.runner [-] Task aa186fb2-7a56-434f-a38a-d59faec33f95 | ITER: 11 START
2019-12-18 03:45:13.225 32534 INFO rally.task.runner [-] Task aa186fb2-7a56-434f-a38a-d59faec33f95 | ITER: 7 START
2019-12-18 03:45:13.237 32557 RALLYDEBUG rally.task.runner [-] Starting a worker. times: 40 duration: None concurrency: 1 timeout: 0 cls: method_name: run args: {"max_quota": 1024}
2019-12-18 03:45:13.240 32550 INFO rally.task.runner [-] Task aa186fb2-7a56-434f-a38a-d59faec33f95 | ITER: 12 START
2019-12-18 03:45:13.229 32535 INFO rally.task.runner [-] Task aa186fb2-7a56-434f-a38a-d59faec33f95 | ITER: 9 START
2019-12-18 03:45:13.247 32557 INFO rally.task.runner [-] Task aa186fb2-7a56-434f-a38a-d59faec33f95 | ITER: 13 START
2019-12-18 03:45:13.247 32561 RALLYDEBUG rally.task.runner [-] Starting a worker. times: 40 duration: None concurrency: 1 timeout: 0 cls: method_name: run args: {"max_quota": 1024}
2019-12-18 03:45:13.250 32562 RALLYDEBUG rally.task.runner [-] Starting a worker. times: 40 duration: None concurrency: 1 timeout: 0 cls: method_name: run args: {"max_quota": 1024}
2019-12-18 03:45:13.254 32565 RALLYDEBUG rally.task.runner [-] Starting a worker. times: 40 duration: None concurrency: 1 timeout: 0 cls: method_name: run args: {"max_quota": 1024}
2019-12-18 03:45:13.257 32561 INFO rally.task.runner [-] Task aa186fb2-7a56-434f-a38a-d59faec33f95 | ITER: 14 START
2019-12-18 03:45:13.259 32566 RALLYDEBUG rally.task.runner [-] Starting a worker. times: 40 duration: None concurrency: 1 timeout: 0 cls: method_name: run args: {"max_quota": 1024}
2019-12-18 03:45:13.261 32562 INFO rally.task.runner [-] Task aa186fb2-7a56-434f-a38a-d59faec33f95 | ITER: 15 START
2019-12-18 03:45:13.266 32565 INFO rally.task.runner [-] Task aa186fb2-7a56-434f-a38a-d59faec33f95 | ITER: 16 START
2019-12-18 03:45:13.266 32569 RALLYDEBUG rally.task.runner [-] Starting a worker. times: 40 duration: None concurrency: 1 timeout: 0 cls: method_name: run args: {"max_quota": 1024}
2019-12-18 03:45:13.269 32566 INFO rally.task.runner [-] Task aa186fb2-7a56-434f-a38a-d59faec33f95 | ITER: 17 START
2019-12-18 03:45:13.269 32572 RALLYDEBUG rally.task.runner [-] Starting a worker. times: 40 duration: None concurrency: 1 timeout: 0 cls: method_name: run args: {"max_quota": 1024}
2019-12-18 03:45:13.275 32569 INFO rally.task.runner [-] Task aa186fb2-7a56-434f-a38a-d59faec33f95 | ITER: 18 START
2019-12-18 03:45:13.277 32572 INFO rally.task.runner [-] Task aa186fb2-7a56-434f-a38a-d59faec33f95 | ITER: 19 START
2019-12-18 03:45:13.277 32577 RALLYDEBUG rally.task.runner [-] Starting a worker. times: 40 duration: None concurrency: 1 timeout: 0 cls: method_name: run args: {"max_quota": 1024}
2019-12-18 03:45:13.285 32577 INFO rally.task.runner [-] Task aa186fb2-7a56-434f-a38a-d59faec33f95 | ITER: 20 START
2019-12-18 03:45:13.772 32539 INFO rally.task.runner [-] Task aa186fb2-7a56-434f-a38a-d59faec33f95 | ITER: 10 END: OK
2019-12-18 03:45:13.779 32539 INFO rally.task.runner [-] Task aa186fb2-7a56-434f-a38a-d59faec33f95 | ITER: 21 START
2019-12-18 03:45:13.809 32534 INFO rally.task.runner [-] Task aa186fb2-7a56-434f-a38a-d59faec33f95 | ITER: 7 END: OK
2019-12-18 03:45:13.816 32534 INFO rally.task.runner [-] Task aa186fb2-7a56-434f-a38a-d59faec33f95 | ITER: 22 START
2019-12-18 03:45:13.834 32534 INFO rally.task.runner [-] Task aa186fb2-7a56-434f-a38a-d59faec33f95 | ITER: 3 END: OK
2019-12-18 03:45:13.835 32537 INFO rally.task.runner [-] Task aa186fb2-7a56-434f-a38a-d59faec33f95 | ITER: 8 END: OK
2019-12-18 03:45:13.841 32534 INFO rally.task.runner [-] Task aa186fb2-7a56-434f-a38a-d59faec33f95 | ITER: 23 START
2019-12-18 03:45:13.843 32537 INFO rally.task.runner [-] Task aa186fb2-7a56-434f-a38a-d59faec33f95 | ITER: 24 START
2019-12-18 03:45:13.851 32532 INFO rally.task.runner [-] Task aa186fb2-7a56-434f-a38a-d59faec33f95 | ITER: 4 END: OK
2019-12-18 03:45:13.858 32532 INFO rally.task.runner [-] Task aa186fb2-7a56-434f-a38a-d59faec33f95 | ITER: 25 START
2019-12-18 03:45:13.868 32532 INFO rally.task.runner [-] Task aa186fb2-7a56-434f-a38a-d59faec33f95 | ITER: 1 END: OK
2019-12-18 03:45:13.869 32533 INFO rally.task.runner [-] Task aa186fb2-7a56-434f-a38a-d59faec33f95 | ITER: 2 END: OK
2019-12-18 03:45:13.869 32535 INFO rally.task.runner [-] Task aa186fb2-7a56-434f-a38a-d59faec33f95 | ITER: 9 END: OK
2019-12-18 03:45:13.873 32532 INFO rally.task.runner [-] Task aa186fb2-7a56-434f-a38a-d59faec33f95 | ITER: 26 START
2019-12-18 03:45:13.876 32535 INFO rally.task.runner [-] Task aa186fb2-7a56-434f-a38a-d59faec33f95 | ITER: 28 START
2019-12-18 03:45:13.877 32533 INFO rally.task.runner [-] Task aa186fb2-7a56-434f-a38a-d59faec33f95 | ITER: 5 END: OK
2019-12-18 03:45:13.877 32533 INFO rally.task.runner [-] Task aa186fb2-7a56-434f-a38a-d59faec33f95 | ITER: 27 START
2019-12-18 03:45:13.885 32533 INFO rally.task.runner [-] Task aa186fb2-7a56-434f-a38a-d59faec33f95 | ITER: 29 START
2019-12-18 03:45:13.886 32557 INFO rally.task.runner [-] Task aa186fb2-7a56-434f-a38a-d59faec33f95 | ITER: 13 END: OK
2019-12-18 03:45:13.892 32557 INFO rally.task.runner [-] Task aa186fb2-7a56-434f-a38a-d59faec33f95 | ITER: 30 START
2019-12-18 03:45:13.898 32545 INFO rally.task.runner [-] Task aa186fb2-7a56-434f-a38a-d59faec33f95 | ITER: 11 END: OK
2019-12-18 03:45:13.905 32545 INFO rally.task.runner [-] Task aa186fb2-7a56-434f-a38a-d59faec33f95 | ITER: 31 START
2019-12-18 03:45:13.907 32550 INFO rally.task.runner [-] Task aa186fb2-7a56-434f-a38a-d59faec33f95 | ITER: 12 END: OK
2019-12-18 03:45:13.914 32550 INFO rally.task.runner [-] Task aa186fb2-7a56-434f-a38a-d59faec33f95 | ITER: 32 START
2019-12-18 03:45:13.958 32535 INFO rally.task.runner [-] Task aa186fb2-7a56-434f-a38a-d59faec33f95 | ITER: 6 END: OK
2019-12-18 03:45:13.963 32535 INFO rally.task.runner [-] Task aa186fb2-7a56-434f-a38a-d59faec33f95 | ITER: 33 START
2019-12-18 03:45:14.006 32566 INFO rally.task.runner [-] Task aa186fb2-7a56-434f-a38a-d59faec33f95 | ITER: 17 END: OK
2019-12-18 03:45:14.013 32566 INFO rally.task.runner [-] Task aa186fb2-7a56-434f-a38a-d59faec33f95 | ITER: 34 START
2019-12-18 03:45:14.089 32577 INFO rally.task.runner [-] Task aa186fb2-7a56-434f-a38a-d59faec33f95 | ITER: 20 END: OK
2019-12-18 03:45:14.096 32577 INFO rally.task.runner [-] Task aa186fb2-7a56-434f-a38a-d59faec33f95 | ITER: 35 START
2019-12-18 03:45:14.101 32562 INFO rally.task.runner [-] Task aa186fb2-7a56-434f-a38a-d59faec33f95 | ITER: 15 END: OK
2019-12-18 03:45:14.109 32562 INFO rally.task.runner [-] Task aa186fb2-7a56-434f-a38a-d59faec33f95 | ITER: 36 START
2019-12-18 03:45:14.115 32561 INFO rally.task.runner [-] Task aa186fb2-7a56-434f-a38a-d59faec33f95 | ITER: 14 END: OK
2019-12-18 03:45:14.121 32561 INFO rally.task.runner [-] Task aa186fb2-7a56-434f-a38a-d59faec33f95 | ITER: 37 START
2019-12-18 03:45:14.139 32572 INFO rally.task.runner [-] Task aa186fb2-7a56-434f-a38a-d59faec33f95 | ITER: 19 END: OK
2019-12-18 03:45:14.146 32572 INFO rally.task.runner [-] Task aa186fb2-7a56-434f-a38a-d59faec33f95 | ITER: 38 START
2019-12-18 03:45:14.156 32569 INFO rally.task.runner [-] Task aa186fb2-7a56-434f-a38a-d59faec33f95 | ITER: 18 END: OK
2019-12-18 03:45:14.159 32565 INFO rally.task.runner [-] Task aa186fb2-7a56-434f-a38a-d59faec33f95 | ITER: 16 END: OK
2019-12-18 03:45:14.163 32569 INFO rally.task.runner [-] Task aa186fb2-7a56-434f-a38a-d59faec33f95 | ITER: 39 START
2019-12-18 03:45:14.165 32565 INFO rally.task.runner [-] Task aa186fb2-7a56-434f-a38a-d59faec33f95 | ITER: 40 START
2019-12-18 03:45:14.295 32534 INFO rally.task.runner [-] Task aa186fb2-7a56-434f-a38a-d59faec33f95 | ITER: 22 END: OK
2019-12-18 03:45:14.333 32539 INFO rally.task.runner [-] Task aa186fb2-7a56-434f-a38a-d59faec33f95 | ITER: 21 END: OK
2019-12-18 03:45:14.348 32537 INFO rally.task.runner [-] Task aa186fb2-7a56-434f-a38a-d59faec33f95 | ITER: 24 END: OK
2019-12-18 03:45:14.368 32534 INFO rally.task.runner [-] Task aa186fb2-7a56-434f-a38a-d59faec33f95 | ITER: 23 END: OK
2019-12-18 03:45:14.409 32535 INFO rally.task.runner [-] Task aa186fb2-7a56-434f-a38a-d59faec33f95 | ITER: 28 END: OK
2019-12-18 03:45:14.435 32532 INFO rally.task.runner [-] Task aa186fb2-7a56-434f-a38a-d59faec33f95 | ITER: 25 END: OK
2019-12-18 03:45:14.440 32550 INFO rally.task.runner [-] Task aa186fb2-7a56-434f-a38a-d59faec33f95 | ITER: 32 END: OK
2019-12-18 03:45:14.455 32532 INFO rally.task.runner [-] Task aa186fb2-7a56-434f-a38a-d59faec33f95 | ITER: 26 END: OK
2019-12-18 03:45:14.458 32533 INFO rally.task.runner [-] Task aa186fb2-7a56-434f-a38a-d59faec33f95 | ITER: 29 END: OK
2019-12-18 03:45:14.479 32533 INFO rally.task.runner [-] Task aa186fb2-7a56-434f-a38a-d59faec33f95 | ITER: 27 END: OK
2019-12-18 03:45:14.485 32557 INFO rally.task.runner [-] Task aa186fb2-7a56-434f-a38a-d59faec33f95 | ITER: 30 END: OK
2019-12-18 03:45:14.586 32545 INFO rally.task.runner [-] Task aa186fb2-7a56-434f-a38a-d59faec33f95 | ITER: 31 END: OK
2019-12-18 03:45:14.598 32562 INFO rally.task.runner [-] Task aa186fb2-7a56-434f-a38a-d59faec33f95 | ITER: 36 END: OK
2019-12-18 03:45:14.602 32566 INFO rally.task.runner [-] Task aa186fb2-7a56-434f-a38a-d59faec33f95 | ITER: 34 END: OK
2019-12-18 03:45:14.611 32572 INFO rally.task.runner [-] Task aa186fb2-7a56-434f-a38a-d59faec33f95 | ITER: 38 END: OK
2019-12-18 03:45:14.707 32565 INFO rally.task.runner [-] Task aa186fb2-7a56-434f-a38a-d59faec33f95 | ITER: 40 END: OK
2019-12-18 03:45:14.797 32535 INFO rally.task.runner [-] Task aa186fb2-7a56-434f-a38a-d59faec33f95 | ITER: 33 END: OK
2019-12-18 03:45:14.797 32577 INFO rally.task.runner [-] Task aa186fb2-7a56-434f-a38a-d59faec33f95 | ITER: 35 END: OK
2019-12-18 03:45:14.801 32569 INFO rally.task.runner [-] Task aa186fb2-7a56-434f-a38a-d59faec33f95 | ITER: 39 END: OK
2019-12-18 03:45:14.827 32561 INFO rally.task.runner [-] Task aa186fb2-7a56-434f-a38a-d59faec33f95 | ITER: 37 END: OK
2019-12-18 03:45:14.857 27676 INFO rally.task.context [-] Task aa186fb2-7a56-434f-a38a-d59faec33f95 | Context admin_cleanup@openstack cleanup() started
2019-12-18 03:45:14.860 27676 RALLYDEBUG rally_openstack.cleanup.manager [-] Cleaning up neutron quota objects
2019-12-18 03:45:16.415 27676 INFO rally.task.context [-] Task aa186fb2-7a56-434f-a38a-d59faec33f95 | Context admin_cleanup@openstack cleanup() finished in 1.56 sec
2019-12-18 03:45:16.416 27676 INFO rally.task.context [-] Task aa186fb2-7a56-434f-a38a-d59faec33f95 | Context users@openstack cleanup() started
2019-12-18 03:45:37.029 27676 INFO rally.task.context [-] Task aa186fb2-7a56-434f-a38a-d59faec33f95 | Context users@openstack cleanup() finished in 20.61 sec
2019-12-18 03:45:38.472 27676 INFO rally.task.engine [-] Load duration is: 1.606869
2019-12-18 03:45:38.473 27676 INFO rally.task.engine [-] Full runner duration is: 1.666618
2019-12-18 03:45:38.473 27676 INFO rally.task.engine [-] Full duration is: 29.005499
2019-12-18 03:45:38.786 27676 INFO rally.task.engine [-] Running workload: position = 0 config = { "version": 2, "title": "A cropped version of a bigger task.", "description": "Auto-generated task from a single workload (uuid=9bc77a75-6b9f-4901-a19e-2541eb4c2c01)", "subtasks": [ { "title": "NeutronTrunks.create_and_list_trunks", "description": "Create and a given number of trunks with subports and list all trunks", "scenario": { "NeutronTrunks.create_and_list_trunks": { "subport_count": 125 } }, "contexts": { "users": { "tenants": 1, "users_per_tenant": 1 }, "quotas": { "neutron": { "network": -1, "port": 1000 } } }, "runner": { "constant": { "times": 4, "concurrency": 4 } }, "hooks": [], "sla": { "failure_rate": { "max": 0 } } } ] }
2019-12-18 03:45:38.810 27676 RALLYDEBUG rally_openstack.contexts.keystone.users [-] Creating 1 tenants using 20 threads
2019-12-18 03:45:39.724 27676 RALLYDEBUG rally_openstack.contexts.keystone.users [-] Creating 1 users using 20 threads
2019-12-18 03:45:41.242 27676 INFO rally.task.context [-] Task aa186fb2-7a56-434f-a38a-d59faec33f95 | Context users@openstack setup() finished in 2.43 sec
2019-12-18 03:45:41.820 27676 INFO rally.task.context [-] Task aa186fb2-7a56-434f-a38a-d59faec33f95 | Context quotas@openstack setup() finished in 0.58 sec
2019-12-18 03:45:41.821 27676 INFO rally.task.context [-] Task aa186fb2-7a56-434f-a38a-d59faec33f95 | Context cleanup@openstack setup() finished in 0.01 msec
2019-12-18 03:45:41.829 27676 RALLYDEBUG rally.task.runner [-] Starting the constant runner (task UUID: aa186fb2-7a56-434f-a38a-d59faec33f95). times: 4 concurrency: 4 timeout: 0 max_cpu_used: 16 processes_to_start: 4 concurrency_per_worker: 1 concurrency_overhead: 0
2019-12-18 03:45:41.841 32722 RALLYDEBUG rally.task.runner [-] Starting a worker. times: 4 duration: None concurrency: 1 timeout: 0 cls: method_name: run args: {"subport_count": 125}
2019-12-18 03:45:41.845 32723 RALLYDEBUG rally.task.runner [-] Starting a worker. times: 4 duration: None concurrency: 1 timeout: 0 cls: method_name: run args: {"subport_count": 125}
2019-12-18 03:45:41.847 32722 INFO rally.task.runner [-] Task aa186fb2-7a56-434f-a38a-d59faec33f95 | ITER: 1 START
2019-12-18 03:45:41.848 32724 RALLYDEBUG rally.task.runner [-] Starting a worker. times: 4 duration: None concurrency: 1 timeout: 0 cls: method_name: run args: {"subport_count": 125}
2019-12-18 03:45:41.850 32723 INFO rally.task.runner [-] Task aa186fb2-7a56-434f-a38a-d59faec33f95 | ITER: 2 START
2019-12-18 03:45:41.852 32727 RALLYDEBUG rally.task.runner [-] Starting a worker. times: 4 duration: None concurrency: 1 timeout: 0 cls: method_name: run args: {"subport_count": 125}
2019-12-18 03:45:41.854 32724 INFO rally.task.runner [-] Task aa186fb2-7a56-434f-a38a-d59faec33f95 | ITER: 3 START
2019-12-18 03:45:41.857 32727 INFO rally.task.runner [-] Task aa186fb2-7a56-434f-a38a-d59faec33f95 | ITER: 4 START
2019-12-18 03:46:53.808 32724 INFO rally.task.runner [-] Task aa186fb2-7a56-434f-a38a-d59faec33f95 | ITER: 3 END: OK
2019-12-18 03:46:56.266 32722 INFO rally.task.runner [-] Task aa186fb2-7a56-434f-a38a-d59faec33f95 | ITER: 1 END: OK
2019-12-18 03:46:57.580 32723 INFO rally.task.runner [-] Task aa186fb2-7a56-434f-a38a-d59faec33f95 | ITER: 2 END: OK
2019-12-18 03:46:58.395 32727 INFO rally.task.runner [-] Task aa186fb2-7a56-434f-a38a-d59faec33f95 | ITER: 4 END: OK
2019-12-18 03:46:58.428 27676 INFO rally.task.context [-] Task aa186fb2-7a56-434f-a38a-d59faec33f95 | Context cleanup@openstack cleanup() started
2019-12-18 03:46:58.432 27676 RALLYDEBUG rally_openstack.cleanup.manager [-] Cleaning up neutron vip objects
2019-12-18 03:46:58.851 27676 RALLYDEBUG rally_openstack.cleanup.manager [-] Cleaning up neutron health_monitor objects
2019-12-18 03:46:59.247 27676 RALLYDEBUG rally_openstack.cleanup.manager [-] Cleaning up neutron pool objects
2019-12-18 03:46:59.648 27676 RALLYDEBUG rally_openstack.cleanup.manager [-] Cleaning up neutron loadbalancer objects
2019-12-18 03:47:00.053 27676 RALLYDEBUG rally_openstack.cleanup.manager [-] Cleaning up neutron floatingip objects
2019-12-18 03:47:00.472 27676 RALLYDEBUG rally_openstack.cleanup.manager [-] Cleaning up neutron trunk objects
2019-12-18 03:47:00.924 27676 RALLYDEBUG rally_openstack.cleanup.manager [-] Deleting neutron.trunk object s_rally_9bc77a75_dxVeSePt (1ab1e49e-4a47-466a-bb7d-1f09da22d17e)
2019-12-18 03:47:00.933 27676 RALLYDEBUG rally_openstack.cleanup.manager [-] Deleting neutron.trunk object s_rally_9bc77a75_Z1sFTVO0 (8ba657fb-d6d6-4657-9ee4-ea1b69d86083)
2019-12-18 03:47:00.942 27676 RALLYDEBUG rally_openstack.cleanup.manager [-] Deleting neutron.trunk object s_rally_9bc77a75_DTwObibo (909e9aa1-1664-4845-a9e8-abe66b4f558b)
2019-12-18 03:47:00.946 27676 RALLYDEBUG rally_openstack.cleanup.manager [-] Deleting neutron.trunk object s_rally_9bc77a75_LsdP2MjZ (c6038d86-d04f-415e-b33f-c9ff7f2a5b1b)
2019-12-18 03:47:02.730 27676 RALLYDEBUG rally_openstack.cleanup.manager [-] Cleaning up neutron port objects
2019-12-18 03:47:04.424 27676 RALLYDEBUG rally_openstack.cleanup.manager [-] Deleting neutron.port object s_rally_9bc77a75_NeXVYpQ1 (0053a0a1-0cbc-4e9b-83ea-e4af8c094f03)
2019-12-18 03:47:04.434 27676 RALLYDEBUG rally_openstack.cleanup.manager [-] Deleting neutron.port object s_rally_9bc77a75_WgIK97Cy (007535e7-1244-4768-91b8-f2a21b71bc32)
2019-12-18 03:47:04.443 27676 RALLYDEBUG rally_openstack.cleanup.manager [-] Deleting neutron.port object s_rally_9bc77a75_EbbvP1mO (023383bc-d504-4839-bf0c-195753e3b458)
2019-12-18 03:47:04.448 27676 RALLYDEBUG rally_openstack.cleanup.manager [-] Deleting neutron.port object s_rally_9bc77a75_S7iAuNNC (0241ff88-bd51-4447-807f-47fe6571f657)
2019-12-18 03:47:04.457 27676 RALLYDEBUG rally_openstack.cleanup.manager [-] Deleting neutron.port object s_rally_9bc77a75_WWggATyP (029518c0-adee-441b-9601-b0cfd4b4e10f)
2019-12-18 03:47:04.477 27676 RALLYDEBUG rally_openstack.cleanup.manager [-] Deleting neutron.port object s_rally_9bc77a75_BJIt3IuZ (03bb2814-0b9b-4c54-bc81-cdedda991cfb)
2019-12-18 03:47:04.490 27676 RALLYDEBUG rally_openstack.cleanup.manager [-] Deleting neutron.port object s_rally_9bc77a75_FOVxntR9 (043e2554-b7aa-4554-a4ce-768db9aec5ea)
2019-12-18 03:47:04.506 27676 RALLYDEBUG rally_openstack.cleanup.manager [-] Deleting neutron.port object s_rally_9bc77a75_9OFDkig6 (04b40393-5232-4969-a545-b8ca27bbd4ff)
2019-12-18 03:47:04.511 27676 RALLYDEBUG rally_openstack.cleanup.manager [-] Deleting neutron.port object s_rally_9bc77a75_nS2KdXRQ (04ba66ae-b36a-4270-9edc-f7d18fbdb5e0)
2019-12-18 03:47:04.517 27676 RALLYDEBUG rally_openstack.cleanup.manager [-] Deleting neutron.port object s_rally_9bc77a75_0cx7uxi1 (0592e788-63f8-468b-8be8-ad9561b3ddc4)
2019-12-18 03:47:04.538 27676 RALLYDEBUG rally_openstack.cleanup.manager [-] Deleting neutron.port object s_rally_9bc77a75_jIiYWfbf (071345e4-cd6b-4be9-84dd-d6d0d81f2091)
2019-12-18 03:47:04.552 27676 RALLYDEBUG rally_openstack.cleanup.manager [-] Deleting neutron.port object s_rally_9bc77a75_IUQ2iCbN (084b046c-e973-4cb5-91c9-e460fbde1173)
2019-12-18 03:47:04.581 27676 RALLYDEBUG rally_openstack.cleanup.manager [-] Deleting neutron.port object s_rally_9bc77a75_JXZlaK1H (0934a590-3c8c-443a-bf2f-9a748290fccb)
2019-12-18 03:47:04.596 27676 RALLYDEBUG rally_openstack.cleanup.manager [-] Deleting neutron.port object s_rally_9bc77a75_Pagfi62P (09d3e46f-403f-4c7e-8a90-babdd9d891ca)
2019-12-18 03:47:04.603 27676 RALLYDEBUG rally_openstack.cleanup.manager [-] Deleting neutron.port object s_rally_9bc77a75_urhnzvHY (0a516537-1dbc-43fd-bd55-a41ad2e5a48f)
2019-12-18 03:47:04.620 27676 RALLYDEBUG rally_openstack.cleanup.manager [-] Deleting neutron.port object s_rally_9bc77a75_0hhhYCHu (0aa88f6d-f532-49e0-9f8f-5898f3c98deb)
2019-12-18 03:47:04.628 27676 RALLYDEBUG rally_openstack.cleanup.manager [-] Deleting neutron.port object s_rally_9bc77a75_XWPDjIIy (0ab77679-02ce-4635-ae72-e42c4022f0b9)
2019-12-18 03:47:04.641 27676 RALLYDEBUG rally_openstack.cleanup.manager [-] Deleting neutron.port object s_rally_9bc77a75_72B68Jtd (0ac6a238-da18-4d8b-9bf1-b3a0edfd2068)
2019-12-18 03:47:04.648 27676 RALLYDEBUG rally_openstack.cleanup.manager [-] Deleting neutron.port object s_rally_9bc77a75_y3RdqCoS (0b06b8ec-1c1a-493b-bced-52d8570e1abf)
2019-12-18 03:47:04.654 27676 RALLYDEBUG rally_openstack.cleanup.manager [-] Deleting neutron.port object s_rally_9bc77a75_XEWyyBQ6 (0b8ec618-aa76-4fdf-8e80-af677ec1b352)
2019-12-18 03:47:06.329 27676 RALLYDEBUG rally_openstack.cleanup.manager [-] Deleting neutron.port object s_rally_9bc77a75_CcdkCxtk (0d175045-6c4c-4ef2-ba22-ea06d29b5afe)
2019-12-18 03:47:06.470 27676 RALLYDEBUG rally_openstack.cleanup.manager [-] Deleting neutron.port object s_rally_9bc77a75_bNpwsYtC (0d5f4972-862e-4c06-aedf-a803b6395b58)
2019-12-18 03:47:06.578 27676 RALLYDEBUG rally_openstack.cleanup.manager [-] Deleting neutron.port object s_rally_9bc77a75_8OTx4TYb (0dc0af1e-5aaa-4a02-a473-ae713d350a1b)
2019-12-18 03:47:06.620 27676 RALLYDEBUG rally_openstack.cleanup.manager [-] Deleting neutron.port object s_rally_9bc77a75_YWmQfBfU (0e2bf67a-95ef-4a65-917a-e53fb33a24b5)
2019-12-18 03:47:06.643 27676 RALLYDEBUG rally_openstack.cleanup.manager [-] Deleting neutron.port object s_rally_9bc77a75_flgTxPaQ (0f1e230a-e5e4-4064-b023-0ee94a0f235b)
2019-12-18 03:47:06.658 27676 RALLYDEBUG rally_openstack.cleanup.manager [-] Deleting neutron.port object s_rally_9bc77a75_DGEeIexS (0f539677-9852-4270-bdfa-6b3ae49ad825)
2019-12-18 03:47:06.715 27676 RALLYDEBUG rally_openstack.cleanup.manager [-] Deleting neutron.port object s_rally_9bc77a75_4wJENS40 (0f63b7cf-97f8-40bf-9e34-ad892cebf06c)
2019-12-18 03:47:06.743 27676 RALLYDEBUG rally_openstack.cleanup.manager [-] Deleting neutron.port object s_rally_9bc77a75_YK22cyF6 (0fa9d52a-426e-4f50-b422-a49c2fdbad6c)
2019-12-18 03:47:06.752 27676 RALLYDEBUG rally_openstack.cleanup.manager [-] Deleting neutron.port object s_rally_9bc77a75_Sm7xkD3E (0fb9a795-d249-4fd9-a640-f20e5883ba35)
2019-12-18 03:47:06.769 27676 RALLYDEBUG rally_openstack.cleanup.manager [-] Deleting neutron.port object s_rally_9bc77a75_gIR7r3Wl (10c6c545-c005-4228-89d1-aba68b755e7a)
2019-12-18 03:47:06.783 27676 RALLYDEBUG rally_openstack.cleanup.manager [-] Deleting neutron.port object s_rally_9bc77a75_BWOQWATo (1158d91f-d06f-4a28-a8f7-bfd7968ad43f)
2019-12-18 03:47:06.813 27676 RALLYDEBUG rally_openstack.cleanup.manager [-] Deleting neutron.port object s_rally_9bc77a75_sisAZXIx (1268039e-7c8f-4af7-a2e8-0025698eca2a)
2019-12-18 03:47:06.831 27676 RALLYDEBUG rally_openstack.cleanup.manager [-] Deleting neutron.port object s_rally_9bc77a75_z1cXkNHe (1291e020-b015-4213-bc77-f162579a8536)
2019-12-18 03:47:06.954 27676 RALLYDEBUG rally_openstack.cleanup.manager [-] Deleting neutron.port object s_rally_9bc77a75_mHnxFTYe (1384bc58-f948-4357-942f-b4426367f120)
2019-12-18 03:47:06.963 27676 RALLYDEBUG rally_openstack.cleanup.manager [-] Deleting neutron.port object s_rally_9bc77a75_9VYYBf12 (139ff1a9-42c2-4cc2-a512-19ddf68e4ab7)
2019-12-18 03:47:06.967 27676 RALLYDEBUG rally_openstack.cleanup.manager [-] Deleting neutron.port object s_rally_9bc77a75_Ye2TmOTX (15426cf1-c6a9-45e5-bd8c-55e2824cfffc)
2019-12-18 03:47:07.002 27676 RALLYDEBUG rally_openstack.cleanup.manager [-] Deleting neutron.port object s_rally_9bc77a75_HwVDyBAk (155f6fee-7e4e-45ba-a886-8aa8a5583a33)
2019-12-18 03:47:07.165 27676 RALLYDEBUG rally_openstack.cleanup.manager [-] Deleting neutron.port object s_rally_9bc77a75_NiVLjJen (159a4dcd-ceb1-4960-842b-ceff5d00f8c3)
2019-12-18 03:47:07.176 27676 RALLYDEBUG rally_openstack.cleanup.manager [-] Deleting neutron.port object s_rally_9bc77a75_aJqEwzwR (15e41483-48c6-445c-9a13-8c4ab529b416)
2019-12-18 03:47:07.315 27676 RALLYDEBUG rally_openstack.cleanup.manager [-] Deleting neutron.port object s_rally_9bc77a75_T3i2sEid (173e7a4f-043d-4c45-9fc4-7d0acb07268f)
2019-12-18 03:47:08.110 27676 RALLYDEBUG rally_openstack.cleanup.manager [-] Deleting neutron.port object s_rally_9bc77a75_mBZ36LZD (17604185-2701-45a8-b0f7-f3cf8ea63253)
2019-12-18 03:47:08.236 27676 RALLYDEBUG rally_openstack.cleanup.manager [-] Deleting neutron.port object s_rally_9bc77a75_1yphpgBP (17ea3a1e-c093-46dd-bb9c-3dde310b9efd)
2019-12-18 03:47:08.571 27676 RALLYDEBUG rally_openstack.cleanup.manager [-] Deleting neutron.port object s_rally_9bc77a75_dnT1YQgI (1848c18a-3ab3-4045-a640-44825fff1af3)
2019-12-18 03:47:08.692 27676 RALLYDEBUG rally_openstack.cleanup.manager [-] Deleting neutron.port object s_rally_9bc77a75_okMa5R5u (18c4d415-5089-4a5e-b4fd-a9d117df95bb)
2019-12-18 03:47:08.738 27676 RALLYDEBUG rally_openstack.cleanup.manager [-] Deleting neutron.port object s_rally_9bc77a75_LgVXbwhk (1a4738ca-cd9b-47b9-8c0d-a9c5d151640e)
2019-12-18 03:47:08.747 27676 RALLYDEBUG rally_openstack.cleanup.manager [-] Deleting neutron.port object s_rally_9bc77a75_u3FjxRJZ (1aa76251-4e49-4767-a2f6-54ecb2be08bf)
2019-12-18 03:47:08.877 27676 RALLYDEBUG rally_openstack.cleanup.manager [-] Deleting neutron.port object s_rally_9bc77a75_XtmMeXjC (1ac9188f-98e9-411c-b624-daf7e6aaf3b0)
2019-12-18 03:47:08.916 27676 RALLYDEBUG rally_openstack.cleanup.manager [-] Deleting neutron.port object s_rally_9bc77a75_9VKpTJWH (1b038188-4cd2-4fbf-99d4-5473cd5aa19b)
2019-12-18 03:47:08.947 27676 RALLYDEBUG rally_openstack.cleanup.manager [-] Deleting neutron.port object s_rally_9bc77a75_rDLw3c3f (1b49e7d8-f4b9-433c-b871-c08f4931f572)
2019-12-18 03:47:09.002 27676 RALLYDEBUG rally_openstack.cleanup.manager [-] Deleting neutron.port object s_rally_9bc77a75_798sPXoH (1b60412e-74f0-498b-a7a9-e39842a7278e)
2019-12-18 03:47:09.005 27676 RALLYDEBUG rally_openstack.cleanup.manager [-] Deleting neutron.port object s_rally_9bc77a75_EkyqSb0r (1caac2e8-bccf-4074-a7f1-2d841ac61004)
2019-12-18 03:47:09.013 27676 RALLYDEBUG rally_openstack.cleanup.manager [-] Deleting neutron.port object s_rally_9bc77a75_HQouGipx (1cbb8938-d3ea-4fd7-a5f7-5cd2100cc105)
2019-12-18 03:47:09.026 27676 RALLYDEBUG rally_openstack.cleanup.manager [-] Deleting neutron.port object s_rally_9bc77a75_HuZpOaIv (1de56d51-e737-4c32-ac1a-93fea51f1a91)
2019-12-18 03:47:09.046 27676 RALLYDEBUG rally_openstack.cleanup.manager [-] Deleting neutron.port object s_rally_9bc77a75_nwITbWoQ (1e31b198-31a2-451f-b40e-4ad9d07e243b)
2019-12-18 03:47:09.082 27676 RALLYDEBUG rally_openstack.cleanup.manager [-] Deleting neutron.port object s_rally_9bc77a75_KJMC2SOl (1e64131f-e0ff-4915-8145-bf4ec98d4d59)
2019-12-18 03:47:09.121 27676 RALLYDEBUG rally_openstack.cleanup.manager [-] Deleting neutron.port object s_rally_9bc77a75_80jgJmhb (1e930188-7821-4ef8-8cb9-0a9cb8983e5b)
2019-12-18 03:47:09.137 27676 RALLYDEBUG rally_openstack.cleanup.manager [-] Deleting neutron.port object s_rally_9bc77a75_vaVfQWVu (20096422-7c2a-4971-89f0-a5fe264677b5)
2019-12-18 03:47:09.206 27676 RALLYDEBUG rally_openstack.cleanup.manager [-] Deleting neutron.port object s_rally_9bc77a75_eXIC4MlY (20ad6883-7eec-46b5-bce7-95a36a779518)
2019-12-18 03:47:09.296 27676 RALLYDEBUG rally_openstack.cleanup.manager [-] Deleting neutron.port object s_rally_9bc77a75_I5QBAA2D (2164ecf1-e509-489f-9606-aaf0a1cf7a5d)
2019-12-18 03:47:09.390 27676 RALLYDEBUG rally_openstack.cleanup.manager [-] Deleting neutron.port object s_rally_9bc77a75_1l53KiCG (21c88658-0195-4d27-81a0-ec05a5a65080)
2019-12-18 03:47:09.985 27676 RALLYDEBUG rally_openstack.cleanup.manager [-] Deleting neutron.port object s_rally_9bc77a75_8AeWhvGY (21dd3e9e-dc4e-40e5-8808-3271c381c8ca)
2019-12-18 03:47:10.096 27676 RALLYDEBUG rally_openstack.cleanup.manager [-] Deleting neutron.port object s_rally_9bc77a75_ewSSt0nC (2283a73d-30b4-489d-b16b-6a53810cbfca)
2019-12-18 03:47:10.315 27676 RALLYDEBUG rally_openstack.cleanup.manager [-] Deleting neutron.port object s_rally_9bc77a75_FLSM3wJ9 (22c9a9b0-3286-4bd4-aff7-8b2127e88c52)
2019-12-18 03:47:10.505 27676 RALLYDEBUG rally_openstack.cleanup.manager [-] Deleting neutron.port object s_rally_9bc77a75_0wed5U8v (2327d6f8-f5de-4fc3-9811-f71e7809eea8)
2019-12-18 03:47:10.615 27676 RALLYDEBUG rally_openstack.cleanup.manager [-] Deleting neutron.port object s_rally_9bc77a75_Z1NB0BxO (2343d830-364d-4eb0-81e0-795cf4873e08)
2019-12-18 03:47:10.624 27676 RALLYDEBUG rally_openstack.cleanup.manager [-] Deleting neutron.port object s_rally_9bc77a75_uWE1WzEC (25bee4c1-684a-4974-aa5c-f1153a1c2c6d)
2019-12-18 03:47:10.815 27676 RALLYDEBUG rally_openstack.cleanup.manager [-] Deleting neutron.port object s_rally_9bc77a75_5f4sMi73 (2750dfe5-8503-4990-bebf-68492736303c)
2019-12-18 03:47:10.845 27676 RALLYDEBUG rally_openstack.cleanup.manager [-] Deleting neutron.port object s_rally_9bc77a75_Pa73Qx4E (286159bd-4d70-448d-b586-ad722134ca7f)
2019-12-18 03:47:10.856 27676 RALLYDEBUG rally_openstack.cleanup.manager [-] Deleting neutron.port object s_rally_9bc77a75_iTNRgsel (2863c2d0-fc38-4ff3-b127-bf9823022ecb)
2019-12-18 03:47:10.915 27676 RALLYDEBUG rally_openstack.cleanup.manager [-] Deleting neutron.port object s_rally_9bc77a75_pj4MLt1R (28f486e7-b09d-4c14-b4cd-0e0f96d4356e)
2019-12-18 03:47:10.933 27676 RALLYDEBUG rally_openstack.cleanup.manager [-] Deleting neutron.port object s_rally_9bc77a75_ncvKu9AL (29209df4-041f-498d-9a78-13a700a3689e)
2019-12-18 03:47:10.936 27676 RALLYDEBUG rally_openstack.cleanup.manager [-] Deleting neutron.port object s_rally_9bc77a75_m1wjQxI8 (2922aba6-885e-47de-a2f2-e783332d60f9)
2019-12-18 03:47:10.957 27676 RALLYDEBUG rally_openstack.cleanup.manager [-] Deleting neutron.port object s_rally_9bc77a75_VyOdLJwJ (295f90af-ade0-4c07-9a64-6785f1dda0bc)
2019-12-18 03:47:11.024 27676 RALLYDEBUG rally_openstack.cleanup.manager [-] Deleting neutron.port object s_rally_9bc77a75_0LAhMxAJ (2a21571c-8d59-4b20-92df-f1819cfd3d0e)
2019-12-18 03:47:11.173 27676 RALLYDEBUG rally_openstack.cleanup.manager [-] Deleting neutron.port object s_rally_9bc77a75_m6inCKjP (2a8059ae-55c8-42d9-bf43-f48521d2a8a9)
2019-12-18 03:47:11.181 27676 RALLYDEBUG rally_openstack.cleanup.manager [-] Deleting neutron.port object s_rally_9bc77a75_3hTqaXzQ (2a820658-fbb7-429f-aa88-93bc195765aa)
2019-12-18 03:47:11.186 27676 RALLYDEBUG rally_openstack.cleanup.manager [-] Deleting neutron.port object s_rally_9bc77a75_Yz5itvY3 (2b4eab75-2431-4e50-820c-63f8734d215c)
2019-12-18 03:47:11.196 27676 RALLYDEBUG rally_openstack.cleanup.manager [-] Deleting neutron.port object s_rally_9bc77a75_koiar512 (2b509bb9-b343-4ac9-8455-48b2047ac537)
2019-12-18 03:47:11.252 27676 RALLYDEBUG rally_openstack.cleanup.manager [-] Deleting neutron.port object s_rally_9bc77a75_pugajCb2 (2b8aae55-ac4a-44b2-b85f-e8d32a9261d3)
2019-12-18 03:47:11.262 27676 RALLYDEBUG rally_openstack.cleanup.manager [-] Deleting neutron.port object s_rally_9bc77a75_paxorzxQ (2b9b7cfa-6fe2-4045-8f40-1a7154939560)
2019-12-18 03:47:11.820 27676 RALLYDEBUG rally_openstack.cleanup.manager [-] Deleting neutron.port object s_rally_9bc77a75_I5WGUTu9 (2bba300c-59e3-4efa-96cc-a766a616b737)
2019-12-18 03:47:12.040 27676 RALLYDEBUG rally_openstack.cleanup.manager [-] Deleting neutron.port object s_rally_9bc77a75_KYSPU8A8 (2bc529dc-dfe1-4665-a54a-9c8ee285c7fa)
2019-12-18 03:47:12.278 27676 RALLYDEBUG rally_openstack.cleanup.manager [-] Deleting neutron.port object s_rally_9bc77a75_rlqeRKYO (2c61d8c0-fddb-4ce9-9a04-2c90d978936d)
2019-12-18 03:47:12.350 27676 RALLYDEBUG rally_openstack.cleanup.manager [-] Deleting neutron.port object s_rally_9bc77a75_SPs4AcKI (2c8fc5cb-44a6-4247-aa82-170aaeddb747)
2019-12-18 03:47:12.383 27676 RALLYDEBUG rally_openstack.cleanup.manager [-] Deleting neutron.port object s_rally_9bc77a75_Rm3Skyvq (2cc1e62c-3f78-43e0-acfd-2aa99e67319c)
2019-12-18 03:47:12.642 27676 RALLYDEBUG rally_openstack.cleanup.manager [-] Deleting neutron.port object s_rally_9bc77a75_xSp6GXHC (2d01bfe3-2109-4da2-a027-31bf4908f114)
2019-12-18 03:47:12.769 27676 RALLYDEBUG rally_openstack.cleanup.manager [-] Deleting neutron.port object s_rally_9bc77a75_0rgQWKAd (2dee95be-6d48-475f-ae93-117b0a5f9501)
2019-12-18 03:47:12.805 27676 RALLYDEBUG rally_openstack.cleanup.manager [-] Deleting neutron.port object s_rally_9bc77a75_DEUvE8bt (2edb6e69-27c0-4d2b-b7d9-7185b904b4bc)
2019-12-18 03:47:12.826 27676 RALLYDEBUG rally_openstack.cleanup.manager [-] Deleting neutron.port object s_rally_9bc77a75_DYxuc1EY (2f99043b-2181-4b81-963f-d8b7d6aba7e7)
2019-12-18 03:47:12.859 27676 RALLYDEBUG rally_openstack.cleanup.manager [-] Deleting neutron.port object s_rally_9bc77a75_OjhHD9O0 (2f9e134d-331c-454a-bf31-54a22732d0b0)
2019-12-18 03:47:12.959 27676 RALLYDEBUG rally_openstack.cleanup.manager [-] Deleting neutron.port object s_rally_9bc77a75_nvSikLCt (318dce9a-fc76-45e3-956e-56c6188f9968)
2019-12-18 03:47:12.968 27676 RALLYDEBUG rally_openstack.cleanup.manager [-] Deleting neutron.port object s_rally_9bc77a75_OYnyTa6Q (31dd12f2-9c5f-4591-b023-c091504f25b9)
2019-12-18 03:47:13.090 27676 RALLYDEBUG rally_openstack.cleanup.manager [-] Deleting neutron.port object s_rally_9bc77a75_zd2iPDKA (3204f234-fc06-4ee7-b326-b172d805e355)
2019-12-18 03:47:13.135 27676 RALLYDEBUG rally_openstack.cleanup.manager [-] Deleting neutron.port object s_rally_9bc77a75_thAJgVpJ (3208daf3-39d7-4268-848f-808d53e3962c)
2019-12-18 03:47:13.143 27676 RALLYDEBUG rally_openstack.cleanup.manager [-] Deleting neutron.port object s_rally_9bc77a75_N9Swhpoz (333cdc26-951f-4c0d-98f5-ff4d7f4ea73a)
2019-12-18 03:47:13.278 27676 RALLYDEBUG rally_openstack.cleanup.manager [-] Deleting neutron.port object s_rally_9bc77a75_hvtaaZM2 (33ab97a2-e042-4806-811f-e7b580adeb2c)
2019-12-18 03:47:13.382 27676 RALLYDEBUG rally_openstack.cleanup.manager [-] Deleting neutron.port object s_rally_9bc77a75_hpVXY16i (33ac088d-7bf8-48c6-8106-a94b2d61170d)
