2019-12-18 03:44:02.147 27676 RALLYDEBUG rally_openstack.cleanup.manager [-] Deleting neutron.port object s_rally_bf51bfa5_TklqX8Kx (50243742-ab1c-4051-9ede-dee8bde12b86)
2019-12-18 03:44:02.169 27676 RALLYDEBUG rally_openstack.cleanup.manager [-] Deleting neutron.port object s_rally_bf51bfa5_mtxW1I0M (528c776f-f283-48fd-b522-09e0dd4c89d0)
2019-12-18 03:44:02.232 27676 RALLYDEBUG rally_openstack.cleanup.manager [-] Deleting neutron.port object s_rally_bf51bfa5_8vP00b9m (52fa50b5-e9dd-414e-b065-6597534f2e80)
2019-12-18 03:44:02.253 27676 RALLYDEBUG rally_openstack.cleanup.manager [-] Deleting neutron.port object s_rally_bf51bfa5_qUEH9uce (54f41df8-9a4d-40f3-a3bd-4f7f577835cd)
2019-12-18 03:44:02.290 27676 RALLYDEBUG rally_openstack.cleanup.manager [-] Deleting neutron.port object s_rally_bf51bfa5_5jqhDTP7 (55a0aa37-1868-4c2a-943e-afc926e417d3)
2019-12-18 03:44:02.421 27676 RALLYDEBUG rally_openstack.cleanup.manager [-] Deleting neutron.port object s_rally_bf51bfa5_BD6Ev2Rh (5775c06b-90cb-4827-9ab7-f28fee12be18)
2019-12-18 03:44:02.431 27676 RALLYDEBUG rally_openstack.cleanup.manager [-] Deleting neutron.port object s_rally_bf51bfa5_clxlIajs (5851b5f4-d109-4ec5-b744-10c3a5bc63cb)
2019-12-18 03:44:02.546 27676 RALLYDEBUG rally_openstack.cleanup.manager [-] Deleting neutron.port object s_rally_bf51bfa5_LIWUW7tg (592d54f8-b86b-477f-86ef-b72a0c30e118)
2019-12-18 03:44:02.618 27676 RALLYDEBUG rally_openstack.cleanup.manager [-] Deleting neutron.port object s_rally_bf51bfa5_3SbXAbvJ (5a8e44d0-da2f-46e6-941a-8c27b024762d)
2019-12-18 03:44:02.637 27676 RALLYDEBUG rally_openstack.cleanup.manager [-] Deleting neutron.port object s_rally_bf51bfa5_EWUFAIZ9 (5b3bd352-cfaf-4b57-a8fe-749b96a8cf38)
2019-12-18 03:44:02.642 27676 RALLYDEBUG rally_openstack.cleanup.manager [-] Deleting neutron.port object s_rally_bf51bfa5_TeMjG8do (5baae46d-e30a-4918-94b7-6499eb587f16)
2019-12-18 03:44:02.742 27676 RALLYDEBUG rally_openstack.cleanup.manager [-] Deleting neutron.port object s_rally_bf51bfa5_cVs20ziK (5dd67922-59a6-4487-85c0-e34e38cc0a20)
2019-12-18 03:44:02.801 27676 RALLYDEBUG rally_openstack.cleanup.manager [-] Deleting neutron.port object s_rally_bf51bfa5_X7l1y1qv (5f1c06cb-bd4e-4522-a1ef-e6b9e4d3cdeb)
2019-12-18 03:44:02.852 27676 RALLYDEBUG rally_openstack.cleanup.manager [-] Deleting neutron.port object s_rally_bf51bfa5_8fP4S6i8 (60a8d662-ce8f-49d0-a32c-ad61a102022b)
2019-12-18 03:44:02.874 27676 RALLYDEBUG rally_openstack.cleanup.manager [-] Deleting neutron.port object s_rally_bf51bfa5_O8A3ZSYH (63461f26-eebf-495f-a23a-74fd0e9b39cb)
2019-12-18 03:44:02.880 27676 RALLYDEBUG rally_openstack.cleanup.manager [-] Deleting neutron.port object s_rally_bf51bfa5_XZOLreLM (642fa634-9f6b-4e62-bdd7-3fe95618b4f0)
2019-12-18 03:44:02.927 27676 RALLYDEBUG rally_openstack.cleanup.manager [-] Deleting neutron.port object s_rally_bf51bfa5_JhL7PBtl (65acfd45-d667-4809-a467-c3153c69af5e)
2019-12-18 03:44:02.992 27676 RALLYDEBUG rally_openstack.cleanup.manager [-] Deleting neutron.port object s_rally_bf51bfa5_t3iaUbES (6888ab89-3c3e-4ef4-a488-d8c634d19e95)
2019-12-18 03:44:03.074 27676 RALLYDEBUG rally_openstack.cleanup.manager [-] Deleting neutron.port object s_rally_bf51bfa5_nK7bUdE8 (689d381f-c049-4201-83c7-41ef57682e6c)
2019-12-18 03:44:03.462 27676 RALLYDEBUG rally_openstack.cleanup.manager [-] Deleting neutron.port object s_rally_bf51bfa5_wK2Lowv7 (68db2ad0-e618-4c60-aa6c-67da9212aeec)
2019-12-18 03:44:03.910 27676 RALLYDEBUG rally_openstack.cleanup.manager [-] Deleting neutron.port object s_rally_bf51bfa5_2VxXyHXl (69187c9d-885d-49f7-a0b4-4ec2efa669b8)
2019-12-18 03:44:04.033 27676 RALLYDEBUG rally_openstack.cleanup.manager [-] Deleting neutron.port object s_rally_bf51bfa5_hwdqgpCe (69c787c7-eb3c-45f8-aac9-10165f3d8421)
2019-12-18 03:44:04.131 27676 RALLYDEBUG rally_openstack.cleanup.manager [-] Deleting neutron.port object s_rally_bf51bfa5_xyvuVeXY (6a7b6f29-fc0f-4cad-b0c1-11be0a15f788)
2019-12-18 03:44:04.255 27676 RALLYDEBUG rally_openstack.cleanup.manager [-] Deleting neutron.port object s_rally_bf51bfa5_WllHdvK7 (6aac8192-1083-446b-b0d3-6214a73ddd99)
2019-12-18 03:44:04.321 27676 RALLYDEBUG rally_openstack.cleanup.manager [-] Deleting neutron.port object s_rally_bf51bfa5_6RjC5Ueg (6ae35b98-dcf9-49b8-8ce3-6cf41d113300)
2019-12-18 03:44:04.386 27676 RALLYDEBUG rally_openstack.cleanup.manager [-] Deleting neutron.port object s_rally_bf51bfa5_AlEejeWZ (6b06ed51-4074-4ae4-88f4-6de16f4dc2fb)
2019-12-18 03:44:04.525 27676 RALLYDEBUG rally_openstack.cleanup.manager [-] Deleting neutron.port object s_rally_bf51bfa5_WKiHyk82 (6cf43d2f-5efc-4a7a-a09d-e53f939d7403)
2019-12-18 03:44:04.566 27676 RALLYDEBUG rally_openstack.cleanup.manager [-] Deleting neutron.port object s_rally_bf51bfa5_Xe2xrmeN (707fba52-385b-43d1-8272-e7351040a8d0)
2019-12-18 03:44:04.604 27676 RALLYDEBUG rally_openstack.cleanup.manager [-] Deleting neutron.port object s_rally_bf51bfa5_w03vocyA (726ec2b1-a411-484a-9bd4-ddc537b998eb)
2019-12-18 03:44:04.654 27676 RALLYDEBUG rally_openstack.cleanup.manager [-] Deleting neutron.port object s_rally_bf51bfa5_mgGKbzdA (7309678c-8a6c-425e-b6b9-f20ef444f7a2)
2019-12-18 03:44:04.714 27676 RALLYDEBUG rally_openstack.cleanup.manager [-] Deleting neutron.port object s_rally_bf51bfa5_spK24rbg (74d82aca-a71d-4f37-9231-0c7b06c37028)
2019-12-18 03:44:04.746 27676 RALLYDEBUG rally_openstack.cleanup.manager [-] Deleting neutron.port object s_rally_bf51bfa5_JUWz8PFU (75df0ec3-bf8e-48c1-a214-2f94a289af48)
2019-12-18 03:44:04.834 27676 RALLYDEBUG rally_openstack.cleanup.manager [-] Deleting neutron.port object s_rally_bf51bfa5_VRWDWrV1 (77109403-c3c1-4a09-89c5-a5f7b4ea91c8)
2019-12-18 03:44:04.858 27676 RALLYDEBUG rally_openstack.cleanup.manager [-] Deleting neutron.port object s_rally_bf51bfa5_JMCsXasm (77819eb8-5deb-4ab6-9067-6ada014c1908)
2019-12-18 03:44:04.895 27676 RALLYDEBUG rally_openstack.cleanup.manager [-] Deleting neutron.port object s_rally_bf51bfa5_sik1P4Gl (7a784402-fc1e-4505-9339-1ba3607cd77d)
2019-12-18 03:44:04.899 27676 RALLYDEBUG rally_openstack.cleanup.manager [-] Deleting neutron.port object s_rally_bf51bfa5_pXxcIq1W (7b0ba586-4d7f-4425-8e9a-056fe2c7b793)
2019-12-18 03:44:05.012 27676 RALLYDEBUG rally_openstack.cleanup.manager [-] Deleting neutron.port object s_rally_bf51bfa5_mAcWU1JE (7b64a04a-d883-4914-9f60-3e847456fc57)
2019-12-18 03:44:05.094 27676 RALLYDEBUG rally_openstack.cleanup.manager [-] Deleting neutron.port object s_rally_bf51bfa5_X22XkbIC (7b90fcd7-546c-4e45-8cf2-bd9d808e3c02)
2019-12-18 03:44:05.131 27676 RALLYDEBUG rally_openstack.cleanup.manager [-] Deleting neutron.port object s_rally_bf51bfa5_vmE5Q5wb (7d085712-b6cd-4f38-a070-53108492c860)
2019-12-18 03:44:05.205 27676 RALLYDEBUG rally_openstack.cleanup.manager [-] Deleting neutron.port object s_rally_bf51bfa5_wsD5EZsE (7e5f329c-f215-4335-bafa-4cc398a054d9)
2019-12-18 03:44:05.636 27676 RALLYDEBUG rally_openstack.cleanup.manager [-] Deleting neutron.port object s_rally_bf51bfa5_fa9LkSu2 (7f9f089d-1737-4e73-9151-bd3cd59b8315)
2019-12-18 03:44:05.781 27676 RALLYDEBUG rally_openstack.cleanup.manager [-] Deleting neutron.port object s_rally_bf51bfa5_GILorn7H (7fed5aca-77ff-46b0-a45d-bc4d1f6e5a0b)
2019-12-18 03:44:05.866 27676 RALLYDEBUG rally_openstack.cleanup.manager [-] Deleting neutron.port object s_rally_bf51bfa5_FC4cu9Pq (81b3dc43-4645-4bd8-9026-74ad916f277c)
2019-12-18 03:44:05.975 27676 RALLYDEBUG rally_openstack.cleanup.manager [-] Deleting neutron.port object s_rally_bf51bfa5_zECGEJKk (82435b41-0c49-4a4f-af8e-392b1660d555)
2019-12-18 03:44:06.092 27676 RALLYDEBUG rally_openstack.cleanup.manager [-] Deleting neutron.port object s_rally_bf51bfa5_K5iWdLQw (841a11c0-3f58-47f0-a140-7f79d32d2785)
2019-12-18 03:44:06.184 27676 RALLYDEBUG rally_openstack.cleanup.manager [-] Deleting neutron.port object s_rally_bf51bfa5_Bpis7wBL (846d6d0f-1183-4bc2-b7ef-266d91644e92)
2019-12-18 03:44:06.360 27676 RALLYDEBUG rally_openstack.cleanup.manager [-] Deleting neutron.port object s_rally_bf51bfa5_jN5aFxM8 (85a91639-c566-4201-bea8-d53b7a8defa7)
2019-12-18 03:44:06.400 27676 RALLYDEBUG rally_openstack.cleanup.manager [-] Deleting neutron.port object s_rally_bf51bfa5_6CoyJFgP (87c789d3-fa31-47cd-9e07-1e2fa524172a)
2019-12-18 03:44:06.458 27676 RALLYDEBUG rally_openstack.cleanup.manager [-] Deleting neutron.port object s_rally_bf51bfa5_mgpLBbzy (892ec276-e44b-4f36-a8cc-725e5a7bc6d2)
2019-12-18 03:44:06.581 27676 RALLYDEBUG rally_openstack.cleanup.manager [-] Deleting neutron.port object s_rally_bf51bfa5_bK6dHzFT (897c94da-d989-4ff2-a572-c96e817fba54)
2019-12-18 03:44:06.604 27676 RALLYDEBUG rally_openstack.cleanup.manager [-] Deleting neutron.port object s_rally_bf51bfa5_iv6AGMLk (89afe20e-5320-4f47-9216-20709882a52b)
2019-12-18 03:44:06.670 27676 RALLYDEBUG rally_openstack.cleanup.manager [-] Deleting neutron.port object s_rally_bf51bfa5_tv9rBfSl (89e10cea-f977-4a58-be38-6b40f8d98037)
2019-12-18 03:44:06.705 27676 RALLYDEBUG rally_openstack.cleanup.manager [-] Deleting neutron.port object s_rally_bf51bfa5_eYgAtzip (89f56fdb-0881-4403-9452-97c586b84d32)
2019-12-18 03:44:06.756 27676 RALLYDEBUG rally_openstack.cleanup.manager [-] Deleting neutron.port object s_rally_bf51bfa5_5MZumJ7B (89f5c131-acd6-483e-8179-bcf0b0980a65)
2019-12-18 03:44:06.800 27676 RALLYDEBUG rally_openstack.cleanup.manager [-] Deleting neutron.port object s_rally_bf51bfa5_m6Pyqdns (8a1397f1-53d4-42d5-873f-5c47b222d31e)
2019-12-18 03:44:06.826 27676 RALLYDEBUG rally_openstack.cleanup.manager [-] Deleting neutron.port object s_rally_bf51bfa5_54rFsozJ (8af546a0-b038-4c76-b35c-17c82fc50d69)
2019-12-18 03:44:06.910 27676 RALLYDEBUG rally_openstack.cleanup.manager [-] Deleting neutron.port object s_rally_bf51bfa5_6OvusFdf (8c5f7b96-75ce-431e-a9ab-4b60679e7fe8)
2019-12-18 03:44:06.927 27676 RALLYDEBUG rally_openstack.cleanup.manager [-] Deleting neutron.port object s_rally_bf51bfa5_FIyVUtmL (8e725293-a4f0-4d68-a168-fa58892d52e7)
2019-12-18 03:44:06.950 27676 RALLYDEBUG rally_openstack.cleanup.manager [-] Deleting neutron.port object s_rally_bf51bfa5_BcUGsJAv (8ec40223-9be7-4cb2-9c0c-c83705d8b6cf)
2019-12-18 03:44:07.086 27676 RALLYDEBUG rally_openstack.cleanup.manager [-] Deleting neutron.port object s_rally_bf51bfa5_TpucBjWF (90599580-9053-4dce-b858-4e73ae5d57a8)
2019-12-18 03:44:07.361 27676 RALLYDEBUG rally_openstack.cleanup.manager [-] Deleting neutron.port object s_rally_bf51bfa5_tJOMfHKY (9172d3c9-42fe-4855-b30d-7b0e91d958ed)
2019-12-18 03:44:07.752 27676 RALLYDEBUG rally_openstack.cleanup.manager [-] Deleting neutron.port object s_rally_bf51bfa5_8v1Qdzyu (92c73f58-e668-4436-99a9-35b62b8c4209)
2019-12-18 03:44:07.802 27676 RALLYDEBUG rally_openstack.cleanup.manager [-] Deleting neutron.port object s_rally_bf51bfa5_D2gVxvWt (94c5aa72-b00e-4462-a19a-4d76019a5c8d)
2019-12-18 03:44:07.896 27676 RALLYDEBUG rally_openstack.cleanup.manager [-] Deleting neutron.port object s_rally_bf51bfa5_GZNLBN3Q (9659abac-61f0-4d5f-9ebd-22766c8c3d20)
2019-12-18 03:44:07.961 27676 RALLYDEBUG rally_openstack.cleanup.manager [-] Deleting neutron.port object s_rally_bf51bfa5_w1LdW6pF (9698537c-aeba-4a43-bcd6-f226f4c08a03)
2019-12-18 03:44:07.979 27676 RALLYDEBUG rally_openstack.cleanup.manager [-] Deleting neutron.port object s_rally_bf51bfa5_LtxOIbKK (9a4a7014-97e5-4927-8f51-d118ec06eff4)
2019-12-18 03:44:08.153 27676 RALLYDEBUG rally_openstack.cleanup.manager [-] Deleting neutron.port object s_rally_bf51bfa5_ggeXphHz (9a4b7e6f-9b10-476c-a6bc-96ecfa43692a)
2019-12-18 03:44:08.332 27676 RALLYDEBUG rally_openstack.cleanup.manager [-] Deleting neutron.port object s_rally_bf51bfa5_zsODJMQK (9a74536d-b055-40c7-a93f-a5011c20f9fe)
2019-12-18 03:44:08.336 27676 RALLYDEBUG rally_openstack.cleanup.manager [-] Deleting neutron.port object s_rally_bf51bfa5_8KEoX6pJ (9aebac10-1f39-45aa-9640-cbff8f8a7abb)
2019-12-18 03:44:08.344 27676 RALLYDEBUG rally_openstack.cleanup.manager [-] Deleting neutron.port object s_rally_bf51bfa5_muE6NaqD (9b09298e-93ed-44d9-8f83-f16df2b1c9d5)
2019-12-18 03:44:08.386 27676 RALLYDEBUG rally_openstack.cleanup.manager [-] Deleting neutron.port object s_rally_bf51bfa5_yhTAxoyQ (9bc67831-b74d-41e0-a795-8c1baf738b41)
2019-12-18 03:44:08.440 27676 RALLYDEBUG rally_openstack.cleanup.manager [-] Deleting neutron.port object s_rally_bf51bfa5_qc8znEJa (9ee8e93d-7ed3-49c6-96c8-31a8c175c717)
2019-12-18 03:44:08.514 27676 RALLYDEBUG rally_openstack.cleanup.manager [-] Deleting neutron.port object s_rally_bf51bfa5_dY5dNxbg (9f333067-a2c8-44a9-ae80-c41d05480c8f)
2019-12-18 03:44:08.522 27676 RALLYDEBUG rally_openstack.cleanup.manager [-] Deleting neutron.port object s_rally_bf51bfa5_cXYDubVB (9ffecb8f-94d1-48b6-999f-4e7c19463cec)
2019-12-18 03:44:08.695 27676 RALLYDEBUG rally_openstack.cleanup.manager [-] Deleting neutron.port object s_rally_bf51bfa5_52UGYy2l (a0424100-a406-4eb7-9369-222a47c72f41)
2019-12-18 03:44:08.778 27676 RALLYDEBUG rally_openstack.cleanup.manager [-] Deleting neutron.port object s_rally_bf51bfa5_NSm5u4ir (a09f750c-089a-4629-b393-cb71d2a78bc0)
2019-12-18 03:44:08.828 27676 RALLYDEBUG rally_openstack.cleanup.manager [-] Deleting neutron.port object s_rally_bf51bfa5_TRyWYh3a (a5d33f16-ee1c-4a9f-9f3f-ae3985279e6b)
2019-12-18 03:44:08.869 27676 RALLYDEBUG rally_openstack.cleanup.manager [-] Deleting neutron.port object s_rally_bf51bfa5_tom7PsFX (aaf160f7-4ef8-4217-9958-171fee131f34)
2019-12-18 03:44:08.943 27676 RALLYDEBUG rally_openstack.cleanup.manager [-] Deleting neutron.port object s_rally_bf51bfa5_ZxXUbq4z (ac508c31-2b8c-4911-ad03-63c5a906775d)
2019-12-18 03:44:08.973 27676 RALLYDEBUG rally_openstack.cleanup.manager [-] Deleting neutron.port object s_rally_bf51bfa5_N4W32PP8 (acf4172b-3de0-4aea-8090-fd5395f2a2d2)
2019-12-18 03:44:09.152 27676 RALLYDEBUG rally_openstack.cleanup.manager [-] Deleting neutron.port object s_rally_bf51bfa5_5hZuSXyq (ad8dfdf8-0513-4390-8d15-0bc6ff33283d)
2019-12-18 03:44:09.507 27676 RALLYDEBUG rally_openstack.cleanup.manager [-] Deleting neutron.port object s_rally_bf51bfa5_2DsUYGau (add764ac-44ae-4082-8c2c-5b95c02d0f94)
2019-12-18 03:44:09.684 27676 RALLYDEBUG rally_openstack.cleanup.manager [-] Deleting neutron.port object s_rally_bf51bfa5_BL5gxqR2 (ae0c0b3e-c9c3-4d3f-a394-88e90babaefd)
2019-12-18 03:44:09.716 27676 RALLYDEBUG rally_openstack.cleanup.manager [-] Deleting neutron.port object s_rally_bf51bfa5_YqjxtAfK (b6504405-9da5-4274-9a4b-482f25e9de56)
2019-12-18 03:44:09.782 27676 RALLYDEBUG rally_openstack.cleanup.manager [-] Deleting neutron.port object s_rally_bf51bfa5_dQFMnDfr (b75961f1-8b69-4297-9fec-07f2995dab0a)
2019-12-18 03:44:09.957 27676 RALLYDEBUG rally_openstack.cleanup.manager [-] Deleting neutron.port object s_rally_bf51bfa5_hjQpPnEo (bdf22a81-b6db-400d-a081-5abf1c290cdd)
2019-12-18 03:44:10.074 27676 RALLYDEBUG rally_openstack.cleanup.manager [-] Deleting neutron.port object s_rally_bf51bfa5_bdXHzh73 (c1a77037-15ab-42f4-a084-859ec29eb830)
2019-12-18 03:44:10.082 27676 RALLYDEBUG rally_openstack.cleanup.manager [-] Deleting neutron.port object s_rally_bf51bfa5_gORvZCRM (c1f9201e-1662-4e51-8250-87c1bb0147f0)
2019-12-18 03:44:10.092 27676 RALLYDEBUG rally_openstack.cleanup.manager [-] Deleting neutron.port object s_rally_bf51bfa5_ypnylTQ4 (c45124b5-4ce4-4ec7-a869-8cdfca0659c9)
2019-12-18 03:44:10.201 27676 RALLYDEBUG rally_openstack.cleanup.manager [-] Deleting neutron.port object s_rally_bf51bfa5_jU4pt1CD (c61bbcd8-1fea-4d8e-b83c-61a3a1ec2d06)
2019-12-18 03:44:10.225 27676 RALLYDEBUG rally_openstack.cleanup.manager [-] Deleting neutron.port object s_rally_bf51bfa5_ZZuIARXc (c8ee074f-a18c-463d-b124-d2f13a6e64ad)
2019-12-18 03:44:10.374 27676 RALLYDEBUG rally_openstack.cleanup.manager [-] Deleting neutron.port object s_rally_bf51bfa5_hNWntCT0 (c9ebdee8-8213-4acf-b2d0-dc0ce3b15842)
2019-12-18 03:44:10.444 27676 RALLYDEBUG rally_openstack.cleanup.manager [-] Deleting neutron.port object s_rally_bf51bfa5_8Tjtlfq6 (cc2327f1-c629-4a46-9dd8-94e68ca70829)
2019-12-18 03:44:10.542 27676 RALLYDEBUG rally_openstack.cleanup.manager [-] Deleting neutron.port object s_rally_bf51bfa5_6TjaACXg (cd1ce98e-ceec-45f5-b74f-2f7c177c06ef)
2019-12-18 03:44:10.571 27676 RALLYDEBUG rally_openstack.cleanup.manager [-] Deleting neutron.port object s_rally_bf51bfa5_jV7ceXn8 (cd34dabd-11ca-4630-808e-9bc3f1a9e5e1)
2019-12-18 03:44:10.584 27676 RALLYDEBUG rally_openstack.cleanup.manager [-] Deleting neutron.port object s_rally_bf51bfa5_eY8nwk30 (ce16af8b-6ed8-443d-8c32-448fd3111914)
2019-12-18 03:44:10.596 27676 RALLYDEBUG rally_openstack.cleanup.manager [-] Deleting neutron.port object s_rally_bf51bfa5_955Sn1Zf (ce20bf8e-fe61-4747-a15c-2a3ceffc788f)
2019-12-18 03:44:10.617 27676 RALLYDEBUG rally_openstack.cleanup.manager [-] Deleting neutron.port object s_rally_bf51bfa5_CdJZiWWh (ce23c283-5177-4f9b-bdf4-9d235d2b1dbc)
2019-12-18 03:44:10.708 27676 RALLYDEBUG rally_openstack.cleanup.manager [-] Deleting neutron.port object s_rally_bf51bfa5_LK7mDNk7 (cedc44e5-f2c4-4f76-9436-92c8d124b42c)
2019-12-18 03:44:10.897 27676 RALLYDEBUG rally_openstack.cleanup.manager [-] Deleting neutron.port object s_rally_bf51bfa5_RzlHNOsr (d1877a4b-67fd-4670-b5a7-7b98d0e4717e)
2019-12-18 03:44:11.037 27676 RALLYDEBUG rally_openstack.cleanup.manager [-] Deleting neutron.port object s_rally_bf51bfa5_AKSWl3KJ (d2f0b54e-e971-4ae9-95df-95e713807484)
2019-12-18 03:44:11.231 27676 RALLYDEBUG rally_openstack.cleanup.manager [-] Deleting neutron.port object s_rally_bf51bfa5_AFrJ6XM1 (d34e9ce3-1859-4719-a6ec-3d980da66a25)
2019-12-18 03:44:11.554 27676 RALLYDEBUG rally_openstack.cleanup.manager [-] Deleting neutron.port object s_rally_bf51bfa5_5ynl5Ck7 (d364dc8f-c4ba-42bc-9548-8446630aa4fe)
2019-12-18 03:44:11.702 27676 RALLYDEBUG rally_openstack.cleanup.manager [-] Deleting neutron.port object s_rally_bf51bfa5_WW10kFbc (d4614912-e5f1-41d7-84a0-74312910e3ac)
2019-12-18 03:44:11.758 27676 RALLYDEBUG rally_openstack.cleanup.manager [-] Deleting neutron.port object s_rally_bf51bfa5_wSoFZ4jX (d5ef97a5-46e7-4a05-ad1b-647c049f2f8b)
2019-12-18 03:44:11.821 27676 RALLYDEBUG rally_openstack.cleanup.manager [-] Deleting neutron.port object s_rally_bf51bfa5_sXE2LHGU (d6dc8904-2e0f-4ce4-a13b-5d38799af14e)
2019-12-18 03:44:11.861 27676 RALLYDEBUG rally_openstack.cleanup.manager [-] Deleting neutron.port object s_rally_bf51bfa5_RWv4D7pY (dc96f154-6243-468b-81f3-dc437b158fd8)
2019-12-18 03:44:11.991 27676 RALLYDEBUG rally_openstack.cleanup.manager [-] Deleting neutron.port object s_rally_bf51bfa5_WyDoBy6q (df750754-2295-464e-8b62-0480a7ccfcce)
2019-12-18 03:44:12.070 27676 RALLYDEBUG rally_openstack.cleanup.manager [-] Deleting neutron.port object s_rally_bf51bfa5_EguSECUt (e03ff5fc-687d-48b2-8088-55c601a766ba)
2019-12-18 03:44:12.195 27676 RALLYDEBUG rally_openstack.cleanup.manager [-] Deleting neutron.port object s_rally_bf51bfa5_ZHkExOrM (e1abd870-407b-4495-9ab3-a4f6391a29f7)
2019-12-18 03:44:12.239 27676 RALLYDEBUG rally_openstack.cleanup.manager [-] Deleting neutron.port object s_rally_bf51bfa5_o9OKIL9T (e2a427f7-8a23-4397-8b8f-892a493ef92c)
2019-12-18 03:44:12.276 27676 RALLYDEBUG rally_openstack.cleanup.manager [-] Deleting neutron.port object s_rally_bf51bfa5_8B2llu6Y (e3a83250-2a41-4300-89f6-fefc9d3cc580)
2019-12-18 03:44:12.287 27676 RALLYDEBUG rally_openstack.cleanup.manager [-] Deleting neutron.port object s_rally_bf51bfa5_nkeiLA25 (e3f7e57e-56c2-49dc-8efa-c42f30fcaaf5)
2019-12-18 03:44:12.382 27676 RALLYDEBUG rally_openstack.cleanup.manager [-] Deleting neutron.port object s_rally_bf51bfa5_ng1TVuFw (e5aa3183-edcf-4593-bc11-9df75d77fae3)
2019-12-18 03:44:12.400 27676 RALLYDEBUG rally_openstack.cleanup.manager [-] Deleting neutron.port object s_rally_bf51bfa5_zTxNA3NW (e5b7ee5a-0920-4481-9011-d492d89d5ed0)
2019-12-18 03:44:12.498 27676 RALLYDEBUG rally_openstack.cleanup.manager [-] Deleting neutron.port object s_rally_bf51bfa5_S2MGatiQ (e5d9d107-7493-4e9b-a4aa-5d538a89d184)
2019-12-18 03:44:12.577 27676 RALLYDEBUG rally_openstack.cleanup.manager [-] Deleting neutron.port object s_rally_bf51bfa5_jpep9pLo (e81b9565-37be-47e7-90b6-c98892ebcf13)
2019-12-18 03:44:12.657 27676 RALLYDEBUG rally_openstack.cleanup.manager [-] Deleting neutron.port object s_rally_bf51bfa5_zHvBzno0 (eac9a465-4613-44af-8b68-bc46373755cf)
2019-12-18 03:44:12.777 27676 RALLYDEBUG rally_openstack.cleanup.manager [-] Deleting neutron.port object s_rally_bf51bfa5_qbNoRLEy (eb94f568-fbdb-4f61-b212-df3f249cbde7)
2019-12-18 03:44:12.932 27676 RALLYDEBUG rally_openstack.cleanup.manager [-] Deleting neutron.port object s_rally_bf51bfa5_NICJWgmo (ec58ffa9-1643-42d1-999b-341d4afd050e)
2019-12-18 03:44:12.936 27676 RALLYDEBUG rally_openstack.cleanup.manager [-] Deleting neutron.port object s_rally_bf51bfa5_fnlrPkxU (ec8a4490-566b-4878-9e4d-864e27614f56)
2019-12-18 03:44:12.952 27676 RALLYDEBUG rally_openstack.cleanup.manager [-] Deleting neutron.port object s_rally_bf51bfa5_SKcnalJs (eca7d8bc-5718-4214-804b-62c786567ed0)
2019-12-18 03:44:13.310 27676 RALLYDEBUG rally_openstack.cleanup.manager [-] Deleting neutron.port object s_rally_bf51bfa5_8PCl4B2y (ecd8bacc-0ab8-4321-b121-6b8880509bd3)
2019-12-18 03:44:13.477 27676 RALLYDEBUG rally_openstack.cleanup.manager [-] Deleting neutron.port object s_rally_bf51bfa5_kF65GMZ5 (ecf987b7-69f0-4ac6-8620-2ac104b978c4)
2019-12-18 03:44:13.550 27676 RALLYDEBUG rally_openstack.cleanup.manager [-] Deleting neutron.port object s_rally_bf51bfa5_F5OR20Ij (ef4f0422-2326-42ea-a8ae-99e8d8bb3f02)
2019-12-18 03:44:13.608 27676 RALLYDEBUG rally_openstack.cleanup.manager [-] Deleting neutron.port object s_rally_bf51bfa5_5d76fXgB (f04ad270-96e3-4c92-9693-d882a9f02087)
2019-12-18 03:44:13.767 27676 RALLYDEBUG rally_openstack.cleanup.manager [-] Deleting neutron.port object s_rally_bf51bfa5_KpHaZLf0 (f2a08fe9-1659-4317-91a4-e86ac4b2a2f1)
2019-12-18 03:44:13.795 27676 RALLYDEBUG rally_openstack.cleanup.manager [-] Deleting neutron.port object s_rally_bf51bfa5_OxfZUrbM (f45172d0-9ac8-4c76-90a8-fd232a477911)
2019-12-18 03:44:13.850 27676 RALLYDEBUG rally_openstack.cleanup.manager [-] Deleting neutron.port object s_rally_bf51bfa5_4zbAX3KC (f6ddb28f-25a4-43be-9a8c-28fed4ac5e5d)
2019-12-18 03:44:13.976 27676 RALLYDEBUG rally_openstack.cleanup.manager [-] Deleting neutron.port object s_rally_bf51bfa5_apfOBj0l (f7faa98b-366e-4d2f-a86f-02d330899d17)
2019-12-18 03:44:13.985 27676 RALLYDEBUG rally_openstack.cleanup.manager [-] Deleting neutron.port object s_rally_bf51bfa5_5nqkVE5t (f9c82709-79bb-4a92-907d-77b5a732dfe4)
2019-12-18 03:44:14.005 27676 RALLYDEBUG rally_openstack.cleanup.manager [-] Deleting neutron.port object s_rally_bf51bfa5_6XZZEW6X (fb25059c-2ec1-43f4-bf4b-10b998438e82)
2019-12-18 03:44:14.134 27676 RALLYDEBUG rally_openstack.cleanup.manager [-] Deleting neutron.port object s_rally_bf51bfa5_81Y9yZVO (fc533494-9383-4f27-bcad-78eb5401e608)
2019-12-18 03:44:14.143 27676 RALLYDEBUG rally_openstack.cleanup.manager [-] Deleting neutron.port object s_rally_bf51bfa5_KwxsqC0Q (fd89d991-c270-4a76-9c8a-45da4ee590c4)
2019-12-18 03:44:14.180 27676 RALLYDEBUG rally_openstack.cleanup.manager [-] Deleting neutron.port object s_rally_bf51bfa5_EC9xdnK6 (fe3740d2-f7ba-4686-b74b-b41b2815ee88)
2019-12-18 03:44:14.252 27676 RALLYDEBUG rally_openstack.cleanup.manager [-] Deleting neutron.port object s_rally_bf51bfa5_VOEwW0nS (fe45444d-3a53-4ff0-8257-4e710808c30d)
2019-12-18 03:44:14.298 27676 RALLYDEBUG rally_openstack.cleanup.manager [-] Deleting neutron.port object s_rally_bf51bfa5_NNzJJAP0 (fe9ce0b4-d0d2-45ec-bd78-4428be5794ec)
2019-12-18 03:44:14.456 27676 RALLYDEBUG rally_openstack.cleanup.manager [-] Deleting neutron.port object s_rally_bf51bfa5_P1Oj960U (ff109293-ad95-446d-812f-cb051ec881e6)
2019-12-18 03:44:14.526 27676 RALLYDEBUG rally_openstack.cleanup.manager [-] Deleting neutron.port object s_rally_bf51bfa5_HB9KYEus (ff1c3ba5-3a1e-4793-ad2a-b7df0e63a568)
2019-12-18 03:44:16.525 27676 RALLYDEBUG rally_openstack.cleanup.manager [-] Cleaning up neutron subnet objects
2019-12-18 03:44:16.944 27676 RALLYDEBUG rally_openstack.cleanup.manager [-] Cleaning up neutron network objects
2019-12-18 03:44:17.525 27676 RALLYDEBUG rally_openstack.cleanup.manager [-] Deleting neutron.network object s_rally_bf51bfa5_8LSDJEKt (099a29c4-ce6f-40bd-9993-725dfcb30c08)
2019-12-18 03:44:17.534 27676 RALLYDEBUG rally_openstack.cleanup.manager [-] Deleting neutron.network object s_rally_bf51bfa5_OCTirfmm (0a61c94c-a6d2-447f-ab64-7ef6846eb677)
2019-12-18 03:44:17.543 27676 RALLYDEBUG rally_openstack.cleanup.manager [-] Deleting neutron.network object s_rally_bf51bfa5_oOSnfJbn (1a99a3c4-284e-4322-ab0c-4af53cdf43e4)
2019-12-18 03:44:17.547 27676 RALLYDEBUG rally_openstack.cleanup.manager [-] Deleting neutron.network object s_rally_bf51bfa5_EGFeSCsf (1b8a924e-ee60-4970-84d9-f3c08ec578ce)
2019-12-18 03:44:17.562 27676 RALLYDEBUG rally_openstack.cleanup.manager [-] Deleting neutron.network object s_rally_bf51bfa5_eEoXdLO6 (1e67166b-12b2-4007-ae4a-f32c0bdd2e00)
2019-12-18 03:44:17.568 27676 RALLYDEBUG rally_openstack.cleanup.manager [-] Deleting neutron.network object s_rally_bf51bfa5_SC1lrQ5n (2633b12a-33c8-47b2-b3eb-98a7e2833204)
2019-12-18 03:44:17.583 27676 RALLYDEBUG rally_openstack.cleanup.manager [-] Deleting neutron.network object s_rally_bf51bfa5_SgSRjh1q (2aec32bc-0c00-42e0-9aa3-afa03ab79980)
2019-12-18 03:44:17.602 27676 RALLYDEBUG rally_openstack.cleanup.manager [-] Deleting neutron.network object s_rally_bf51bfa5_VdorXhwv (2c994761-7afd-45e6-98c6-78b10bae3259)
2019-12-18 03:44:17.617 27676 RALLYDEBUG rally_openstack.cleanup.manager [-] Deleting neutron.network object s_rally_bf51bfa5_Oe6eozo1 (339c6b7f-0467-430a-8960-ab2388f1ae78)
2019-12-18 03:44:17.622 27676 RALLYDEBUG rally_openstack.cleanup.manager [-] Deleting neutron.network object s_rally_bf51bfa5_ZVAYYw0c (3f0c1e11-7258-4943-b489-d3a84c1ffcfa)
2019-12-18 03:44:17.636 27676 RALLYDEBUG rally_openstack.cleanup.manager [-] Deleting neutron.network object s_rally_bf51bfa5_k8EylvHM (4b526f8a-4f38-420e-b05a-f2df1426eda7)
2019-12-18 03:44:17.654 27676 RALLYDEBUG rally_openstack.cleanup.manager [-] Deleting neutron.network object s_rally_bf51bfa5_wu65mqAk (526ee374-18f7-42ee-91aa-e96afdd6f603)
2019-12-18 03:44:17.664 27676 RALLYDEBUG rally_openstack.cleanup.manager [-] Deleting neutron.network object s_rally_bf51bfa5_G0A2Ke4B (55231947-fc4b-43cd-a4d3-f34ebea17b8a)
2019-12-18 03:44:17.673 27676 RALLYDEBUG rally_openstack.cleanup.manager [-] Deleting neutron.network object s_rally_bf51bfa5_NiHF0phB (554f36b1-32c1-4502-b923-acc52bdab289)
2019-12-18 03:44:17.686 27676 RALLYDEBUG rally_openstack.cleanup.manager [-] Deleting neutron.network object s_rally_bf51bfa5_8X2kARbW (56a73ab6-b530-469a-96e1-0ff042cec638)
2019-12-18 03:44:17.690 27676 RALLYDEBUG rally_openstack.cleanup.manager [-] Deleting neutron.network object s_rally_bf51bfa5_RqOgYHdE (6405498c-0b2b-4102-aeaa-eb881a89abaf)
2019-12-18 03:44:17.695 27676 RALLYDEBUG rally_openstack.cleanup.manager [-] Deleting neutron.network object s_rally_bf51bfa5_LFvdqo3e (6b5a77fe-ad71-4c9e-a906-64dca7630c18)
2019-12-18 03:44:17.709 27676 RALLYDEBUG rally_openstack.cleanup.manager [-] Deleting neutron.network object s_rally_bf51bfa5_RbMKmWWN (6dd07dff-0542-42ea-af1c-86f03f28429b)
2019-12-18 03:44:17.718 27676 RALLYDEBUG rally_openstack.cleanup.manager [-] Deleting neutron.network object s_rally_bf51bfa5_8O4La5mu (77466fc5-381b-47f6-8c60-884bbc5f1196)
2019-12-18 03:44:17.729 27676 RALLYDEBUG rally_openstack.cleanup.manager [-] Deleting neutron.network object s_rally_bf51bfa5_cNVOPaPM (7ad7e1aa-2bed-41ce-89ea-bd5806a9999e)
2019-12-18 03:44:19.543 27676 RALLYDEBUG rally_openstack.cleanup.manager [-] Deleting neutron.network object s_rally_bf51bfa5_TUcUJfaH (7b1b0557-3bd5-4427-954d-aa3ec1dc5312)
2019-12-18 03:44:19.657 27676 RALLYDEBUG rally_openstack.cleanup.manager [-] Deleting neutron.network object s_rally_bf51bfa5_EkEMO4dL (7f302970-cf63-447e-95dd-dda2bd8a1ab6)
2019-12-18 03:44:19.722 27676 RALLYDEBUG rally_openstack.cleanup.manager [-] Deleting neutron.network object s_rally_bf51bfa5_SdgNGjg6 (82569870-ff99-43a4-8c31-8ee49a36e42e)
2019-12-18 03:44:19.927 27676 RALLYDEBUG rally_openstack.cleanup.manager [-] Deleting neutron.network object s_rally_bf51bfa5_j7jKjo9o (89e0196e-6f00-4324-82d9-cb46008b546e)
2019-12-18 03:44:19.952 27676 RALLYDEBUG rally_openstack.cleanup.manager [-] Deleting neutron.network object s_rally_bf51bfa5_sBqclBIK (9c3d2a5a-e6a8-459d-b9a5-609e7934011c)
2019-12-18 03:44:20.001 27676 RALLYDEBUG rally_openstack.cleanup.manager [-] Deleting neutron.network object s_rally_bf51bfa5_qkjVXTtd (a8717bb1-4dd5-4406-829e-53f4f766ff91)
2019-12-18 03:44:20.011 27676 RALLYDEBUG rally_openstack.cleanup.manager [-] Deleting neutron.network object s_rally_bf51bfa5_wF3jm6W9 (b09384c5-c056-42e0-93ec-60fb3f85e564)
2019-12-18 03:44:20.076 27676 RALLYDEBUG rally_openstack.cleanup.manager [-] Deleting neutron.network object s_rally_bf51bfa5_LW9Looly (b513f1d9-5ff1-4210-a408-d7e8fff3df19)
2019-12-18 03:44:20.089 27676 RALLYDEBUG rally_openstack.cleanup.manager [-] Deleting neutron.network object s_rally_bf51bfa5_NTa1HryA (bdd3bd16-3b77-4d61-96c9-031b88275ce3)
2019-12-18 03:44:20.109 27676 RALLYDEBUG rally_openstack.cleanup.manager [-] Deleting neutron.network object s_rally_bf51bfa5_LFDgtrwP (be5043d7-3b41-4c2a-9731-d06891128bf0)
2019-12-18 03:44:20.288 27676 RALLYDEBUG rally_openstack.cleanup.manager [-] Deleting neutron.network object s_rally_bf51bfa5_qcRlMa3P (c516f300-21f2-4b64-8f97-15d9727687e9)
2019-12-18 03:44:20.302 27676 RALLYDEBUG rally_openstack.cleanup.manager [-] Deleting neutron.network object s_rally_bf51bfa5_R9JG4tgN (cd9ad060-8faa-401c-9966-5c93353ff31c)
2019-12-18 03:44:20.305 27676 RALLYDEBUG rally_openstack.cleanup.manager [-] Deleting neutron.network object s_rally_bf51bfa5_72bXe0Un (d0352f67-cbbf-4947-9fcd-51fd302f84e3)
2019-12-18 03:44:20.352 27676 RALLYDEBUG rally_openstack.cleanup.manager [-] Deleting neutron.network object s_rally_bf51bfa5_kTa5V4Db (de6409bb-ff54-44a2-b56e-ec0f5ada786d)
2019-12-18 03:44:20.399 27676 RALLYDEBUG rally_openstack.cleanup.manager [-] Deleting neutron.network object s_rally_bf51bfa5_wZPIo0YD (e17f95da-25c9-479c-906d-bc438f92631f)
2019-12-18 03:44:20.429 27676 RALLYDEBUG rally_openstack.cleanup.manager [-] Deleting neutron.network object s_rally_bf51bfa5_LHduExns (e29a1c2c-fa07-4ae7-becd-4a380d7d8963)
2019-12-18 03:44:20.440 27676 RALLYDEBUG rally_openstack.cleanup.manager [-] Deleting neutron.network object s_rally_bf51bfa5_fRuhzVlp (e3fed984-d88f-494b-bd97-82d5452d2323)
2019-12-18 03:44:20.469 27676 RALLYDEBUG rally_openstack.cleanup.manager [-] Deleting neutron.network object s_rally_bf51bfa5_Oik4GfrA (e71808af-878f-49a6-b969-3fd00ca1b939)
2019-12-18 03:44:20.541 27676 RALLYDEBUG rally_openstack.cleanup.manager [-] Deleting neutron.network object s_rally_bf51bfa5_YkJ8cLnI (f2865d2e-ecb6-49f8-965b-8eb9d945c489)
2019-12-18 03:44:20.557 27676 RALLYDEBUG rally_openstack.cleanup.manager [-] Deleting neutron.network object s_rally_bf51bfa5_aAPy9t3X (f5f4959d-1142-470e-8284-d82249054001)
2019-12-18 03:44:23.394 27676 RALLYDEBUG rally_openstack.cleanup.manager [-] Cleaning up neutron router objects
2019-12-18 03:44:23.827 27676 RALLYDEBUG rally_openstack.cleanup.manager [-] Cleaning up neutron security_group objects
2019-12-18 03:44:24.303 27676 INFO rally.task.context [-] Task aa186fb2-7a56-434f-a38a-d59faec33f95 | Context cleanup@openstack cleanup() finished in 31.57 sec
2019-12-18 03:44:24.304 27676 INFO rally.task.context [-] Task aa186fb2-7a56-434f-a38a-d59faec33f95 | Context quotas@openstack cleanup() started
2019-12-18 03:44:24.407 27676 INFO rally.task.context [-] Task aa186fb2-7a56-434f-a38a-d59faec33f95 | Context quotas@openstack cleanup() finished in 0.10 sec
2019-12-18 03:44:24.407 27676 INFO rally.task.context [-] Task aa186fb2-7a56-434f-a38a-d59faec33f95 | Context users@openstack cleanup() started
2019-12-18 03:44:27.144 27676 INFO rally.task.context [-] Task aa186fb2-7a56-434f-a38a-d59faec33f95 | Context users@openstack cleanup() finished in 2.74 sec
2019-12-18 03:44:29.054 27676 INFO rally.task.engine [-] Load duration is: 21.084991
2019-12-18 03:44:29.054 27676 INFO rally.task.engine [-] Full runner duration is: 21.135942
2019-12-18 03:44:29.055 27676 INFO rally.task.engine [-] Full duration is: 58.481497
2019-12-18 03:44:29.342 27676 INFO rally.task.engine [-] Running workload: position = 2 config = { "version": 2, "title": "A cropped version of a bigger task.", "description": "Auto-generated task from a single workload (uuid=cd0f60cd-a1b2-438e-9428-46ce8af9eb3c)", "subtasks": [ { "title": "NeutronNetworks.create_and_delete_ports", "description": "Create and delete a port.", "scenario": { "NeutronNetworks.create_and_delete_ports": { "network_create_args": {}, "port_create_args": {}, "ports_per_network": 5 } }, "contexts": { "users": { "tenants": 1, "users_per_tenant": 1 }, "quotas": { "neutron": { "network": -1, "port": -1 } } }, "runner": { "constant": { "times": 40, "concurrency": 20 } }, "hooks": [], "sla": { "failure_rate": { "max": 0 } } } ] }
2019-12-18 03:44:29.368 27676 RALLYDEBUG rally_openstack.contexts.keystone.users [-] Creating 1 tenants using 20 threads
2019-12-18 03:44:30.311 27676 RALLYDEBUG rally_openstack.contexts.keystone.users [-] Creating 1 users using 20 threads
2019-12-18 03:44:31.702 27676 INFO rally.task.context [-] Task aa186fb2-7a56-434f-a38a-d59faec33f95 | Context users@openstack setup() finished in 2.33 sec
2019-12-18 03:44:32.267 27676 INFO rally.task.context [-] Task aa186fb2-7a56-434f-a38a-d59faec33f95 | Context quotas@openstack setup() finished in 0.56 sec
2019-12-18 03:44:32.267 27676 INFO rally.task.context [-] Task aa186fb2-7a56-434f-a38a-d59faec33f95 | Context cleanup@openstack setup() finished in 0.02 msec
2019-12-18 03:44:32.277 27676 RALLYDEBUG rally.task.runner [-] Starting the constant runner (task UUID: aa186fb2-7a56-434f-a38a-d59faec33f95). times: 40 concurrency: 20 timeout: 0 max_cpu_used: 16 processes_to_start: 16 concurrency_per_worker: 1 concurrency_overhead: 4
2019-12-18 03:44:32.288 32142 RALLYDEBUG rally.task.runner [-] Starting a worker. times: 40 duration: None concurrency: 2 timeout: 0 cls: method_name: run args: {"network_create_args": {}, "port_create_args": {}, "ports_per_network": 5}
2019-12-18 03:44:32.292 32143 RALLYDEBUG rally.task.runner [-] Starting a worker. times: 40 duration: None concurrency: 2 timeout: 0 cls: method_name: run args: {"network_create_args": {}, "port_create_args": {}, "ports_per_network": 5}
2019-12-18 03:44:32.295 32144 RALLYDEBUG rally.task.runner [-] Starting a worker. times: 40 duration: None concurrency: 2 timeout: 0 cls: method_name: run args: {"network_create_args": {}, "port_create_args": {}, "ports_per_network": 5}
2019-12-18 03:44:32.296 32142 INFO rally.task.runner [-] Task aa186fb2-7a56-434f-a38a-d59faec33f95 | ITER: 1 START
2019-12-18 03:44:32.297 32142 INFO rally.task.runner [-] Task aa186fb2-7a56-434f-a38a-d59faec33f95 | ITER: 3 START
2019-12-18 03:44:32.299 32143 INFO rally.task.runner [-] Task aa186fb2-7a56-434f-a38a-d59faec33f95 | ITER: 2 START
2019-12-18 03:44:32.299 32142 WARNING rally_openstack.scenarios.neutron.utils [-] Running this scenario without either the 'network' or 'existing_network' context is deprecated
2019-12-18 03:44:32.299 32147 RALLYDEBUG rally.task.runner [-] Starting a worker. times: 40 duration: None concurrency: 2 timeout: 0 cls: method_name: run args: {"network_create_args": {}, "port_create_args": {}, "ports_per_network": 5}
2019-12-18 03:44:32.303 32144 INFO rally.task.runner [-] Task aa186fb2-7a56-434f-a38a-d59faec33f95 | ITER: 4 START
2019-12-18 03:44:32.302 32143 WARNING rally_openstack.scenarios.neutron.utils [-] Running this scenario without either the 'network' or 'existing_network' context is deprecated
2019-12-18 03:44:32.303 32151 RALLYDEBUG rally.task.runner [-] Starting a worker. times: 40 duration: None concurrency: 1 timeout: 0 cls: method_name: run args: {"network_create_args": {}, "port_create_args": {}, "ports_per_network": 5}
2019-12-18 03:44:32.303 32144 INFO rally.task.runner [-] Task aa186fb2-7a56-434f-a38a-d59faec33f95 | ITER: 6 START
2019-12-18 03:44:32.305 32144 WARNING rally_openstack.scenarios.neutron.utils [-] Running this scenario without either the 'network' or 'existing_network' context is deprecated
2019-12-18 03:44:32.307 32147 INFO rally.task.runner [-] Task aa186fb2-7a56-434f-a38a-d59faec33f95 | ITER: 7 START
2019-12-18 03:44:32.307 32156 RALLYDEBUG rally.task.runner [-] Starting a worker. times: 40 duration: None concurrency: 1 timeout: 0 cls: method_name: run args: {"network_create_args": {}, "port_create_args": {}, "ports_per_network": 5}
2019-12-18 03:44:32.307 32147 INFO rally.task.runner [-] Task aa186fb2-7a56-434f-a38a-d59faec33f95 | ITER: 8 START
2019-12-18 03:44:32.309 32151 INFO rally.task.runner [-] Task aa186fb2-7a56-434f-a38a-d59faec33f95 | ITER: 9 START
2019-12-18 03:44:32.309 32147 WARNING rally_openstack.scenarios.neutron.utils [-] Running this scenario without either the 'network' or 'existing_network' context is deprecated
2019-12-18 03:44:32.311 32151 WARNING rally_openstack.scenarios.neutron.utils [-] Running this scenario without either the 'network' or 'existing_network' context is deprecated
2019-12-18 03:44:32.300 32142 WARNING rally_openstack.scenarios.neutron.utils [-] Running this scenario without either the 'network' or 'existing_network' context is deprecated
2019-12-18 03:44:32.312 32160 RALLYDEBUG rally.task.runner [-] Starting a worker. times: 40 duration: None concurrency: 1 timeout: 0 cls: method_name: run args: {"network_create_args": {}, "port_create_args": {}, "ports_per_network": 5}
2019-12-18 03:44:32.302 32143 INFO rally.task.runner [-] Task aa186fb2-7a56-434f-a38a-d59faec33f95 | ITER: 5 START
2019-12-18 03:44:32.314 32156 INFO rally.task.runner [-] Task aa186fb2-7a56-434f-a38a-d59faec33f95 | ITER: 10 START
2019-12-18 03:44:32.315 32143 WARNING rally_openstack.scenarios.neutron.utils [-] Running this scenario without either the 'network' or 'existing_network' context is deprecated
2019-12-18 03:44:32.316 32156 WARNING rally_openstack.scenarios.neutron.utils [-] Running this scenario without either the 'network' or 'existing_network' context is deprecated
2019-12-18 03:44:32.306 32144 WARNING rally_openstack.scenarios.neutron.utils [-] Running this scenario without either the 'network' or 'existing_network' context is deprecated
2019-12-18 03:44:32.317 32163 RALLYDEBUG rally.task.runner [-] Starting a worker. times: 40 duration: None concurrency: 1 timeout: 0 cls: method_name: run args: {"network_create_args": {}, "port_create_args": {}, "ports_per_network": 5}
2019-12-18 03:44:32.318 32160 INFO rally.task.runner [-] Task aa186fb2-7a56-434f-a38a-d59faec33f95 | ITER: 11 START
2019-12-18 03:44:32.310 32147 WARNING rally_openstack.scenarios.neutron.utils [-] Running this scenario without either the 'network' or 'existing_network' context is deprecated
2019-12-18 03:44:32.321 32160 WARNING rally_openstack.scenarios.neutron.utils [-] Running this scenario without either the 'network' or 'existing_network' context is deprecated
2019-12-18 03:44:32.322 32168 RALLYDEBUG rally.task.runner [-] Starting a worker. times: 40 duration: None concurrency: 1 timeout: 0 cls: method_name: run args: {"network_create_args": {}, "port_create_args": {}, "ports_per_network": 5}
2019-12-18 03:44:32.324 32163 INFO rally.task.runner [-] Task aa186fb2-7a56-434f-a38a-d59faec33f95 | ITER: 12 START
2019-12-18 03:44:32.326 32163 WARNING rally_openstack.scenarios.neutron.utils [-] Running this scenario without either the 'network' or 'existing_network' context is deprecated
2019-12-18 03:44:32.327 32168 INFO rally.task.runner [-] Task aa186fb2-7a56-434f-a38a-d59faec33f95 | ITER: 13 START
2019-12-18 03:44:32.329 32168 WARNING rally_openstack.scenarios.neutron.utils [-] Running this scenario without either the 'network' or 'existing_network' context is deprecated
2019-12-18 03:44:32.331 32172 RALLYDEBUG rally.task.runner [-] Starting a worker. times: 40 duration: None concurrency: 1 timeout: 0 cls: method_name: run args: {"network_create_args": {}, "port_create_args": {}, "ports_per_network": 5}
2019-12-18 03:44:32.336 32172 INFO rally.task.runner [-] Task aa186fb2-7a56-434f-a38a-d59faec33f95 | ITER: 14 START
2019-12-18 03:44:32.338 32172 WARNING rally_openstack.scenarios.neutron.utils [-] Running this scenario without either the 'network' or 'existing_network' context is deprecated
2019-12-18 03:44:32.341 32176 RALLYDEBUG rally.task.runner [-] Starting a worker. times: 40 duration: None concurrency: 1 timeout: 0 cls: method_name: run args: {"network_create_args": {}, "port_create_args": {}, "ports_per_network": 5}
2019-12-18 03:44:32.346 32176 INFO rally.task.runner [-] Task aa186fb2-7a56-434f-a38a-d59faec33f95 | ITER: 15 START
2019-12-18 03:44:32.347 32176 WARNING rally_openstack.scenarios.neutron.utils [-] Running this scenario without either the 'network' or 'existing_network' context is deprecated
2019-12-18 03:44:32.348 32177 RALLYDEBUG rally.task.runner [-] Starting a worker. times: 40 duration: None concurrency: 1 timeout: 0 cls: method_name: run args: {"network_create_args": {}, "port_create_args": {}, "ports_per_network": 5}
2019-12-18 03:44:32.353 32177 INFO rally.task.runner [-] Task aa186fb2-7a56-434f-a38a-d59faec33f95 | ITER: 16 START
2019-12-18 03:44:32.354 32177 WARNING rally_openstack.scenarios.neutron.utils [-] Running this scenario without either the 'network' or 'existing_network' context is deprecated
2019-12-18 03:44:32.355 32180 RALLYDEBUG rally.task.runner [-] Starting a worker. times: 40 duration: None concurrency: 1 timeout: 0 cls: method_name: run args: {"network_create_args": {}, "port_create_args": {}, "ports_per_network": 5}
2019-12-18 03:44:32.358 32183 RALLYDEBUG rally.task.runner [-] Starting a worker. times: 40 duration: None concurrency: 1 timeout: 0 cls: method_name: run args: {"network_create_args": {}, "port_create_args": {}, "ports_per_network": 5}
2019-12-18 03:44:32.359 32180 INFO rally.task.runner [-] Task aa186fb2-7a56-434f-a38a-d59faec33f95 | ITER: 17 START
2019-12-18 03:44:32.360 32180 WARNING rally_openstack.scenarios.neutron.utils [-] Running this scenario without either the 'network' or 'existing_network' context is deprecated
2019-12-18 03:44:32.362 32184 RALLYDEBUG rally.task.runner [-] Starting a worker. times: 40 duration: None concurrency: 1 timeout: 0 cls: method_name: run args: {"network_create_args": {}, "port_create_args": {}, "ports_per_network": 5}
2019-12-18 03:44:32.362 32183 INFO rally.task.runner [-] Task aa186fb2-7a56-434f-a38a-d59faec33f95 | ITER: 18 START
2019-12-18 03:44:32.364 32183 WARNING rally_openstack.scenarios.neutron.utils [-] Running this scenario without either the 'network' or 'existing_network' context is deprecated
2019-12-18 03:44:32.364 32187 RALLYDEBUG rally.task.runner [-] Starting a worker. times: 40 duration: None concurrency: 1 timeout: 0 cls: method_name: run args: {"network_create_args": {}, "port_create_args": {}, "ports_per_network": 5}
2019-12-18 03:44:32.366 32184 INFO rally.task.runner [-] Task aa186fb2-7a56-434f-a38a-d59faec33f95 | ITER: 19 START
2019-12-18 03:44:32.367 32184 WARNING rally_openstack.scenarios.neutron.utils [-] Running this scenario without either the 'network' or 'existing_network' context is deprecated
2019-12-18 03:44:32.368 32187 INFO rally.task.runner [-] Task aa186fb2-7a56-434f-a38a-d59faec33f95 | ITER: 20 START
2019-12-18 03:44:32.369 32187 WARNING rally_openstack.scenarios.neutron.utils [-] Running this scenario without either the 'network' or 'existing_network' context is deprecated
2019-12-18 03:44:40.215 32180 INFO rally.task.runner [-] Task aa186fb2-7a56-434f-a38a-d59faec33f95 | ITER: 17 END: OK
2019-12-18 03:44:40.219 32180 INFO rally.task.runner [-] Task aa186fb2-7a56-434f-a38a-d59faec33f95 | ITER: 21 START
2019-12-18 03:44:40.220 32180 WARNING rally_openstack.scenarios.neutron.utils [-] Running this scenario without either the 'network' or 'existing_network' context is deprecated
2019-12-18 03:44:40.281 32176 INFO rally.task.runner [-] Task aa186fb2-7a56-434f-a38a-d59faec33f95 | ITER: 15 END: OK
2019-12-18 03:44:40.285 32176 INFO rally.task.runner [-] Task aa186fb2-7a56-434f-a38a-d59faec33f95 | ITER: 22 START
2019-12-18 03:44:40.286 32176 WARNING rally_openstack.scenarios.neutron.utils [-] Running this scenario without either the 'network' or 'existing_network' context is deprecated
2019-12-18 03:44:40.762 32143 INFO rally.task.runner [-] Task aa186fb2-7a56-434f-a38a-d59faec33f95 | ITER: 2 END: OK
2019-12-18 03:44:40.767 32143 INFO rally.task.runner [-] Task aa186fb2-7a56-434f-a38a-d59faec33f95 | ITER: 23 START
2019-12-18 03:44:40.767 32143 WARNING rally_openstack.scenarios.neutron.utils [-] Running this scenario without either the 'network' or 'existing_network' context is deprecated
2019-12-18 03:44:41.086 32183 INFO rally.task.runner [-] Task aa186fb2-7a56-434f-a38a-d59faec33f95 | ITER: 18 END: OK
2019-12-18 03:44:41.090 32183 INFO rally.task.runner [-] Task aa186fb2-7a56-434f-a38a-d59faec33f95 | ITER: 24 START
2019-12-18 03:44:41.092 32183 WARNING rally_openstack.scenarios.neutron.utils [-] Running this scenario without either the 'network' or 'existing_network' context is deprecated
2019-12-18 03:44:41.101 32151 INFO rally.task.runner [-] Task aa186fb2-7a56-434f-a38a-d59faec33f95 | ITER: 9 END: OK
2019-12-18 03:44:41.105 32151 INFO rally.task.runner [-] Task aa186fb2-7a56-434f-a38a-d59faec33f95 | ITER: 25 START
2019-12-18 03:44:41.106 32151 WARNING rally_openstack.scenarios.neutron.utils [-] Running this scenario without either the 'network' or 'existing_network' context is deprecated
2019-12-18 03:44:41.257 32184 INFO rally.task.runner [-] Task aa186fb2-7a56-434f-a38a-d59faec33f95 | ITER: 19 END: OK
2019-12-18 03:44:41.261 32184 INFO rally.task.runner [-] Task aa186fb2-7a56-434f-a38a-d59faec33f95 | ITER: 26 START
2019-12-18 03:44:41.262 32184 WARNING rally_openstack.scenarios.neutron.utils [-] Running this scenario without either the 'network' or 'existing_network' context is deprecated
2019-12-18 03:44:41.326 32142 INFO rally.task.runner [-] Task aa186fb2-7a56-434f-a38a-d59faec33f95 | ITER: 3 END: OK
2019-12-18 03:44:41.330 32142 INFO rally.task.runner [-] Task aa186fb2-7a56-434f-a38a-d59faec33f95 | ITER: 27 START
2019-12-18 03:44:41.330 32142 WARNING rally_openstack.scenarios.neutron.utils [-] Running this scenario without either the 'network' or 'existing_network' context is deprecated
2019-12-18 03:44:42.097 32168 INFO rally.task.runner [-] Task aa186fb2-7a56-434f-a38a-d59faec33f95 | ITER: 13 END: OK
2019-12-18 03:44:42.101 32168 INFO rally.task.runner [-] Task aa186fb2-7a56-434f-a38a-d59faec33f95 | ITER: 28 START
2019-12-18 03:44:42.102 32168 WARNING rally_openstack.scenarios.neutron.utils [-] Running this scenario without either the 'network' or 'existing_network' context is deprecated
2019-12-18 03:44:42.159 32163 INFO rally.task.runner [-] Task aa186fb2-7a56-434f-a38a-d59faec33f95 | ITER: 12 END: OK
2019-12-18 03:44:42.163 32163 INFO rally.task.runner [-] Task aa186fb2-7a56-434f-a38a-d59faec33f95 | ITER: 29 START
2019-12-18 03:44:42.164 32163 WARNING rally_openstack.scenarios.neutron.utils [-] Running this scenario without either the 'network' or 'existing_network' context is deprecated
2019-12-18 03:44:42.406 32156 INFO rally.task.runner [-] Task aa186fb2-7a56-434f-a38a-d59faec33f95 | ITER: 10 END: OK
2019-12-18 03:44:42.410 32156 INFO rally.task.runner [-] Task aa186fb2-7a56-434f-a38a-d59faec33f95 | ITER: 30 START
2019-12-18 03:44:42.411 32156 WARNING rally_openstack.scenarios.neutron.utils [-] Running this scenario without either the 'network' or 'existing_network' context is deprecated
2019-12-18 03:44:42.567 32143 INFO rally.task.runner [-] Task aa186fb2-7a56-434f-a38a-d59faec33f95 | ITER: 5 END: OK
2019-12-18 03:44:42.570 32143 INFO rally.task.runner [-] Task aa186fb2-7a56-434f-a38a-d59faec33f95 | ITER: 31 START
2019-12-18 03:44:42.571 32143 WARNING rally_openstack.scenarios.neutron.utils [-] Running this scenario without either the 'network' or 'existing_network' context is deprecated
2019-12-18 03:44:42.905 32177 INFO rally.task.runner [-] Task aa186fb2-7a56-434f-a38a-d59faec33f95 | ITER: 16 END: OK
2019-12-18 03:44:42.909 32177 INFO rally.task.runner [-] Task aa186fb2-7a56-434f-a38a-d59faec33f95 | ITER: 32 START
2019-12-18 03:44:42.910 32177 WARNING rally_openstack.scenarios.neutron.utils [-] Running this scenario without either the 'network' or 'existing_network' context is deprecated
2019-12-18 03:44:42.963 32147 INFO rally.task.runner [-] Task aa186fb2-7a56-434f-a38a-d59faec33f95 | ITER: 8 END: OK
2019-12-18 03:44:42.967 32147 INFO rally.task.runner [-] Task aa186fb2-7a56-434f-a38a-d59faec33f95 | ITER: 33 START
2019-12-18 03:44:42.967 32147 WARNING rally_openstack.scenarios.neutron.utils [-] Running this scenario without either the 'network' or 'existing_network' context is deprecated
2019-12-18 03:44:42.987 32144 INFO rally.task.runner [-] Task aa186fb2-7a56-434f-a38a-d59faec33f95 | ITER: 4 END: OK
2019-12-18 03:44:42.990 32144 INFO rally.task.runner [-] Task aa186fb2-7a56-434f-a38a-d59faec33f95 | ITER: 34 START
2019-12-18 03:44:42.991 32144 WARNING rally_openstack.scenarios.neutron.utils [-] Running this scenario without either the 'network' or 'existing_network' context is deprecated
2019-12-18 03:44:43.133 32172 INFO rally.task.runner [-] Task aa186fb2-7a56-434f-a38a-d59faec33f95 | ITER: 14 END: OK
2019-12-18 03:44:43.137 32172 INFO rally.task.runner [-] Task aa186fb2-7a56-434f-a38a-d59faec33f95 | ITER: 35 START
2019-12-18 03:44:43.139 32172 WARNING rally_openstack.scenarios.neutron.utils [-] Running this scenario without either the 'network' or 'existing_network' context is deprecated
2019-12-18 03:44:43.291 32187 INFO rally.task.runner [-] Task aa186fb2-7a56-434f-a38a-d59faec33f95 | ITER: 20 END: OK
2019-12-18 03:44:43.295 32187 INFO rally.task.runner [-] Task aa186fb2-7a56-434f-a38a-d59faec33f95 | ITER: 36 START
