2019-12-18 03:35:45.850 29879 WARNING rally_openstack.scenarios.neutron.utils [-] Running this scenario without either the 'network' or 'existing_network' context is deprecated
2019-12-18 03:35:45.849 29875 INFO rally.task.runner [-] Task aa186fb2-7a56-434f-a38a-d59faec33f95 | ITER: 9 START
2019-12-18 03:35:45.851 29870 WARNING rally_openstack.scenarios.neutron.utils [-] Running this scenario without either the 'network' or 'existing_network' context is deprecated
2019-12-18 03:35:45.850 29875 WARNING rally_openstack.scenarios.neutron.utils [-] Running this scenario without either the 'network' or 'existing_network' context is deprecated
2019-12-18 03:35:45.845 29872 INFO rally.task.runner [-] Task aa186fb2-7a56-434f-a38a-d59faec33f95 | ITER: 6 START
2019-12-18 03:35:45.853 29884 INFO rally.task.runner [-] Task aa186fb2-7a56-434f-a38a-d59faec33f95 | ITER: 10 START
2019-12-18 03:35:45.854 29890 RALLYDEBUG rally.task.runner [-] Starting a worker. times: 40 duration: None concurrency: 1 timeout: 0 cls: method_name: run args: {"network_create_args": {}, "subnet_create_args": {}, "subnet_cidr_start": "1.1.0.0/30", "subnets_per_network": 2}
2019-12-18 03:35:45.854 29884 WARNING rally_openstack.scenarios.neutron.utils [-] Running this scenario without either the 'network' or 'existing_network' context is deprecated
2019-12-18 03:35:45.844 29871 WARNING rally_openstack.scenarios.neutron.utils [-] Running this scenario without either the 'network' or 'existing_network' context is deprecated
2019-12-18 03:35:45.858 29872 WARNING rally_openstack.scenarios.neutron.utils [-] Running this scenario without either the 'network' or 'existing_network' context is deprecated
2019-12-18 03:35:45.851 29875 WARNING rally_openstack.scenarios.neutron.utils [-] Running this scenario without either the 'network' or 'existing_network' context is deprecated
2019-12-18 03:35:45.859 29890 INFO rally.task.runner [-] Task aa186fb2-7a56-434f-a38a-d59faec33f95 | ITER: 11 START
2019-12-18 03:35:45.862 29890 WARNING rally_openstack.scenarios.neutron.utils [-] Running this scenario without either the 'network' or 'existing_network' context is deprecated
2019-12-18 03:35:45.861 29893 RALLYDEBUG rally.task.runner [-] Starting a worker. times: 40 duration: None concurrency: 1 timeout: 0 cls: method_name: run args: {"network_create_args": {}, "subnet_create_args": {}, "subnet_cidr_start": "1.1.0.0/30", "subnets_per_network": 2}
2019-12-18 03:35:45.864 29896 RALLYDEBUG rally.task.runner [-] Starting a worker. times: 40 duration: None concurrency: 1 timeout: 0 cls: method_name: run args: {"network_create_args": {}, "subnet_create_args": {}, "subnet_cidr_start": "1.1.0.0/30", "subnets_per_network": 2}
2019-12-18 03:35:45.869 29896 INFO rally.task.runner [-] Task aa186fb2-7a56-434f-a38a-d59faec33f95 | ITER: 13 START
2019-12-18 03:35:45.869 29893 INFO rally.task.runner [-] Task aa186fb2-7a56-434f-a38a-d59faec33f95 | ITER: 12 START
2019-12-18 03:35:45.871 29896 WARNING rally_openstack.scenarios.neutron.utils [-] Running this scenario without either the 'network' or 'existing_network' context is deprecated
2019-12-18 03:35:45.870 29897 RALLYDEBUG rally.task.runner [-] Starting a worker. times: 40 duration: None concurrency: 1 timeout: 0 cls: method_name: run args: {"network_create_args": {}, "subnet_create_args": {}, "subnet_cidr_start": "1.1.0.0/30", "subnets_per_network": 2}
2019-12-18 03:35:45.871 29893 WARNING rally_openstack.scenarios.neutron.utils [-] Running this scenario without either the 'network' or 'existing_network' context is deprecated
2019-12-18 03:35:45.875 29897 INFO rally.task.runner [-] Task aa186fb2-7a56-434f-a38a-d59faec33f95 | ITER: 14 START
2019-12-18 03:35:45.875 29902 RALLYDEBUG rally.task.runner [-] Starting a worker. times: 40 duration: None concurrency: 1 timeout: 0 cls: method_name: run args: {"network_create_args": {}, "subnet_create_args": {}, "subnet_cidr_start": "1.1.0.0/30", "subnets_per_network": 2}
2019-12-18 03:35:45.877 29897 WARNING rally_openstack.scenarios.neutron.utils [-] Running this scenario without either the 'network' or 'existing_network' context is deprecated
2019-12-18 03:35:45.881 29902 INFO rally.task.runner [-] Task aa186fb2-7a56-434f-a38a-d59faec33f95 | ITER: 15 START
2019-12-18 03:35:45.883 29902 WARNING rally_openstack.scenarios.neutron.utils [-] Running this scenario without either the 'network' or 'existing_network' context is deprecated
2019-12-18 03:35:45.885 29906 RALLYDEBUG rally.task.runner [-] Starting a worker. times: 40 duration: None concurrency: 1 timeout: 0 cls: method_name: run args: {"network_create_args": {}, "subnet_create_args": {}, "subnet_cidr_start": "1.1.0.0/30", "subnets_per_network": 2}
2019-12-18 03:35:45.890 29906 INFO rally.task.runner [-] Task aa186fb2-7a56-434f-a38a-d59faec33f95 | ITER: 16 START
2019-12-18 03:35:45.891 29906 WARNING rally_openstack.scenarios.neutron.utils [-] Running this scenario without either the 'network' or 'existing_network' context is deprecated
2019-12-18 03:35:45.892 29908 RALLYDEBUG rally.task.runner [-] Starting a worker. times: 40 duration: None concurrency: 1 timeout: 0 cls: method_name: run args: {"network_create_args": {}, "subnet_create_args": {}, "subnet_cidr_start": "1.1.0.0/30", "subnets_per_network": 2}
2019-12-18 03:35:45.897 29908 INFO rally.task.runner [-] Task aa186fb2-7a56-434f-a38a-d59faec33f95 | ITER: 17 START
2019-12-18 03:35:45.898 29908 WARNING rally_openstack.scenarios.neutron.utils [-] Running this scenario without either the 'network' or 'existing_network' context is deprecated
2019-12-18 03:35:45.899 29911 RALLYDEBUG rally.task.runner [-] Starting a worker. times: 40 duration: None concurrency: 1 timeout: 0 cls: method_name: run args: {"network_create_args": {}, "subnet_create_args": {}, "subnet_cidr_start": "1.1.0.0/30", "subnets_per_network": 2}
2019-12-18 03:35:45.902 29914 RALLYDEBUG rally.task.runner [-] Starting a worker. times: 40 duration: None concurrency: 1 timeout: 0 cls: method_name: run args: {"network_create_args": {}, "subnet_create_args": {}, "subnet_cidr_start": "1.1.0.0/30", "subnets_per_network": 2}
2019-12-18 03:35:45.903 29911 INFO rally.task.runner [-] Task aa186fb2-7a56-434f-a38a-d59faec33f95 | ITER: 18 START
2019-12-18 03:35:45.905 29911 WARNING rally_openstack.scenarios.neutron.utils [-] Running this scenario without either the 'network' or 'existing_network' context is deprecated
2019-12-18 03:35:45.906 29915 RALLYDEBUG rally.task.runner [-] Starting a worker. times: 40 duration: None concurrency: 1 timeout: 0 cls: method_name: run args: {"network_create_args": {}, "subnet_create_args": {}, "subnet_cidr_start": "1.1.0.0/30", "subnets_per_network": 2}
2019-12-18 03:35:45.907 29914 INFO rally.task.runner [-] Task aa186fb2-7a56-434f-a38a-d59faec33f95 | ITER: 19 START
2019-12-18 03:35:45.908 29914 WARNING rally_openstack.scenarios.neutron.utils [-] Running this scenario without either the 'network' or 'existing_network' context is deprecated
2019-12-18 03:35:45.910 29915 INFO rally.task.runner [-] Task aa186fb2-7a56-434f-a38a-d59faec33f95 | ITER: 20 START
2019-12-18 03:35:45.911 29915 WARNING rally_openstack.scenarios.neutron.utils [-] Running this scenario without either the 'network' or 'existing_network' context is deprecated
2019-12-18 03:35:46.568 29870 RALLYDEBUG rally_openstack.wrappers.network [-] CIDR generated: 1.1.4.96/30
2019-12-18 03:35:46.575 29896 RALLYDEBUG rally_openstack.wrappers.network [-] CIDR generated: 1.1.4.100/30
2019-12-18 03:35:46.588 29893 RALLYDEBUG rally_openstack.wrappers.network [-] CIDR generated: 1.1.4.104/30
2019-12-18 03:35:46.660 29871 RALLYDEBUG rally_openstack.wrappers.network [-] CIDR generated: 1.1.4.108/30
2019-12-18 03:35:46.685 29872 RALLYDEBUG rally_openstack.wrappers.network [-] CIDR generated: 1.1.4.112/30
2019-12-18 03:35:46.736 29884 RALLYDEBUG rally_openstack.wrappers.network [-] CIDR generated: 1.1.4.116/30
2019-12-18 03:35:46.794 29875 RALLYDEBUG rally_openstack.wrappers.network [-] CIDR generated: 1.1.4.120/30
2019-12-18 03:35:46.820 29915 RALLYDEBUG rally_openstack.wrappers.network [-] CIDR generated: 1.1.4.124/30
2019-12-18 03:35:46.871 29911 RALLYDEBUG rally_openstack.wrappers.network [-] CIDR generated: 1.1.4.128/30
2019-12-18 03:35:46.945 29906 RALLYDEBUG rally_openstack.wrappers.network [-] CIDR generated: 1.1.4.132/30
2019-12-18 03:35:46.968 29908 RALLYDEBUG rally_openstack.wrappers.network [-] CIDR generated: 1.1.4.136/30
2019-12-18 03:35:46.997 29902 RALLYDEBUG rally_openstack.wrappers.network [-] CIDR generated: 1.1.4.140/30
2019-12-18 03:35:47.001 29897 RALLYDEBUG rally_openstack.wrappers.network [-] CIDR generated: 1.1.4.144/30
2019-12-18 03:35:47.018 29914 RALLYDEBUG rally_openstack.wrappers.network [-] CIDR generated: 1.1.4.148/30
2019-12-18 03:35:47.056 29875 RALLYDEBUG rally_openstack.wrappers.network [-] CIDR generated: 1.1.4.152/30
2019-12-18 03:35:47.163 29872 RALLYDEBUG rally_openstack.wrappers.network [-] CIDR generated: 1.1.4.156/30
2019-12-18 03:35:47.216 29879 RALLYDEBUG rally_openstack.wrappers.network [-] CIDR generated: 1.1.4.160/30
2019-12-18 03:35:47.298 29870 RALLYDEBUG rally_openstack.wrappers.network [-] CIDR generated: 1.1.4.164/30
2019-12-18 03:35:47.373 29890 RALLYDEBUG rally_openstack.wrappers.network [-] CIDR generated: 1.1.4.168/30
2019-12-18 03:35:47.394 29871 RALLYDEBUG rally_openstack.wrappers.network [-] CIDR generated: 1.1.4.172/30
2019-12-18 03:35:47.542 29915 RALLYDEBUG rally_openstack.wrappers.network [-] CIDR generated: 1.1.4.176/30
2019-12-18 03:35:47.588 29884 RALLYDEBUG rally_openstack.wrappers.network [-] CIDR generated: 1.1.4.180/30
2019-12-18 03:35:47.642 29908 RALLYDEBUG rally_openstack.wrappers.network [-] CIDR generated: 1.1.4.184/30
2019-12-18 03:35:47.827 29875 RALLYDEBUG rally_openstack.wrappers.network [-] CIDR generated: 1.1.4.188/30
2019-12-18 03:35:47.869 29896 RALLYDEBUG rally_openstack.wrappers.network [-] CIDR generated: 1.1.4.192/30
2019-12-18 03:35:48.246 29871 RALLYDEBUG rally_openstack.wrappers.network [-] CIDR generated: 1.1.4.196/30
2019-12-18 03:35:48.286 29890 RALLYDEBUG rally_openstack.wrappers.network [-] CIDR generated: 1.1.4.200/30
2019-12-18 03:35:48.524 29879 RALLYDEBUG rally_openstack.wrappers.network [-] CIDR generated: 1.1.4.204/30
2019-12-18 03:35:48.794 29897 RALLYDEBUG rally_openstack.wrappers.network [-] CIDR generated: 1.1.4.208/30
2019-12-18 03:35:48.809 29870 RALLYDEBUG rally_openstack.wrappers.network [-] CIDR generated: 1.1.4.212/30
2019-12-18 03:35:48.824 29906 RALLYDEBUG rally_openstack.wrappers.network [-] CIDR generated: 1.1.4.216/30
2019-12-18 03:35:48.932 29914 RALLYDEBUG rally_openstack.wrappers.network [-] CIDR generated: 1.1.4.220/30
2019-12-18 03:35:48.937 29872 RALLYDEBUG rally_openstack.wrappers.network [-] CIDR generated: 1.1.4.224/30
2019-12-18 03:35:48.988 29893 RALLYDEBUG rally_openstack.wrappers.network [-] CIDR generated: 1.1.4.228/30
2019-12-18 03:35:49.296 29871 RALLYDEBUG rally_openstack.wrappers.network [-] CIDR generated: 1.1.4.232/30
2019-12-18 03:35:49.345 29872 RALLYDEBUG rally_openstack.wrappers.network [-] CIDR generated: 1.1.4.236/30
2019-12-18 03:35:49.686 29911 RALLYDEBUG rally_openstack.wrappers.network [-] CIDR generated: 1.1.4.240/30
2019-12-18 03:35:49.709 29902 RALLYDEBUG rally_openstack.wrappers.network [-] CIDR generated: 1.1.4.244/30
2019-12-18 03:35:49.952 29875 RALLYDEBUG rally_openstack.wrappers.network [-] CIDR generated: 1.1.4.248/30
2019-12-18 03:35:50.586 29870 RALLYDEBUG rally_openstack.wrappers.network [-] CIDR generated: 1.1.4.252/30
2019-12-18 03:35:51.124 29871 INFO rally.task.runner [-] Task aa186fb2-7a56-434f-a38a-d59faec33f95 | ITER: 2 END: OK
2019-12-18 03:35:51.128 29871 INFO rally.task.runner [-] Task aa186fb2-7a56-434f-a38a-d59faec33f95 | ITER: 21 START
2019-12-18 03:35:51.129 29871 WARNING rally_openstack.scenarios.neutron.utils [-] Running this scenario without either the 'network' or 'existing_network' context is deprecated
2019-12-18 03:35:51.690 29871 RALLYDEBUG rally_openstack.wrappers.network [-] CIDR generated: 1.1.5.0/30
2019-12-18 03:35:51.704 29884 INFO rally.task.runner [-] Task aa186fb2-7a56-434f-a38a-d59faec33f95 | ITER: 10 END: OK
2019-12-18 03:35:51.707 29884 INFO rally.task.runner [-] Task aa186fb2-7a56-434f-a38a-d59faec33f95 | ITER: 22 START
2019-12-18 03:35:51.708 29884 WARNING rally_openstack.scenarios.neutron.utils [-] Running this scenario without either the 'network' or 'existing_network' context is deprecated
2019-12-18 03:35:52.055 29871 INFO rally.task.runner [-] Task aa186fb2-7a56-434f-a38a-d59faec33f95 | ITER: 5 END: OK
2019-12-18 03:35:52.058 29871 INFO rally.task.runner [-] Task aa186fb2-7a56-434f-a38a-d59faec33f95 | ITER: 23 START
2019-12-18 03:35:52.059 29871 WARNING rally_openstack.scenarios.neutron.utils [-] Running this scenario without either the 'network' or 'existing_network' context is deprecated
2019-12-18 03:35:52.091 29906 INFO rally.task.runner [-] Task aa186fb2-7a56-434f-a38a-d59faec33f95 | ITER: 16 END: OK
2019-12-18 03:35:52.095 29906 INFO rally.task.runner [-] Task aa186fb2-7a56-434f-a38a-d59faec33f95 | ITER: 24 START
2019-12-18 03:35:52.096 29906 WARNING rally_openstack.scenarios.neutron.utils [-] Running this scenario without either the 'network' or 'existing_network' context is deprecated
2019-12-18 03:35:52.142 29890 INFO rally.task.runner [-] Task aa186fb2-7a56-434f-a38a-d59faec33f95 | ITER: 11 END: OK
2019-12-18 03:35:52.146 29890 INFO rally.task.runner [-] Task aa186fb2-7a56-434f-a38a-d59faec33f95 | ITER: 25 START
2019-12-18 03:35:52.147 29890 WARNING rally_openstack.scenarios.neutron.utils [-] Running this scenario without either the 'network' or 'existing_network' context is deprecated
2019-12-18 03:35:52.341 29884 RALLYDEBUG rally_openstack.wrappers.network [-] CIDR generated: 1.1.5.4/30
2019-12-18 03:35:52.488 29870 INFO rally.task.runner [-] Task aa186fb2-7a56-434f-a38a-d59faec33f95 | ITER: 1 END: OK
2019-12-18 03:35:52.493 29870 INFO rally.task.runner [-] Task aa186fb2-7a56-434f-a38a-d59faec33f95 | ITER: 26 START
2019-12-18 03:35:52.494 29870 WARNING rally_openstack.scenarios.neutron.utils [-] Running this scenario without either the 'network' or 'existing_network' context is deprecated
2019-12-18 03:35:52.946 29906 RALLYDEBUG rally_openstack.wrappers.network [-] CIDR generated: 1.1.5.8/30
2019-12-18 03:35:52.958 29908 INFO rally.task.runner [-] Task aa186fb2-7a56-434f-a38a-d59faec33f95 | ITER: 17 END: OK
2019-12-18 03:35:52.962 29908 INFO rally.task.runner [-] Task aa186fb2-7a56-434f-a38a-d59faec33f95 | ITER: 27 START
2019-12-18 03:35:52.963 29908 WARNING rally_openstack.scenarios.neutron.utils [-] Running this scenario without either the 'network' or 'existing_network' context is deprecated
2019-12-18 03:35:53.123 29871 RALLYDEBUG rally_openstack.wrappers.network [-] CIDR generated: 1.1.5.12/30
2019-12-18 03:35:53.126 29875 INFO rally.task.runner [-] Task aa186fb2-7a56-434f-a38a-d59faec33f95 | ITER: 9 END: OK
2019-12-18 03:35:53.130 29875 INFO rally.task.runner [-] Task aa186fb2-7a56-434f-a38a-d59faec33f95 | ITER: 28 START
2019-12-18 03:35:53.131 29875 WARNING rally_openstack.scenarios.neutron.utils [-] Running this scenario without either the 'network' or 'existing_network' context is deprecated
2019-12-18 03:35:53.143 29870 RALLYDEBUG rally_openstack.wrappers.network [-] CIDR generated: 1.1.5.16/30
2019-12-18 03:35:53.168 29890 RALLYDEBUG rally_openstack.wrappers.network [-] CIDR generated: 1.1.5.20/30
2019-12-18 03:35:53.225 29896 INFO rally.task.runner [-] Task aa186fb2-7a56-434f-a38a-d59faec33f95 | ITER: 13 END: OK
2019-12-18 03:35:53.229 29896 INFO rally.task.runner [-] Task aa186fb2-7a56-434f-a38a-d59faec33f95 | ITER: 29 START
2019-12-18 03:35:53.230 29896 WARNING rally_openstack.scenarios.neutron.utils [-] Running this scenario without either the 'network' or 'existing_network' context is deprecated
2019-12-18 03:35:53.289 29893 INFO rally.task.runner [-] Task aa186fb2-7a56-434f-a38a-d59faec33f95 | ITER: 12 END: OK
2019-12-18 03:35:53.293 29893 INFO rally.task.runner [-] Task aa186fb2-7a56-434f-a38a-d59faec33f95 | ITER: 30 START
2019-12-18 03:35:53.294 29893 WARNING rally_openstack.scenarios.neutron.utils [-] Running this scenario without either the 'network' or 'existing_network' context is deprecated
2019-12-18 03:35:53.363 29872 INFO rally.task.runner [-] Task aa186fb2-7a56-434f-a38a-d59faec33f95 | ITER: 4 END: OK
2019-12-18 03:35:53.367 29872 INFO rally.task.runner [-] Task aa186fb2-7a56-434f-a38a-d59faec33f95 | ITER: 31 START
2019-12-18 03:35:53.368 29872 WARNING rally_openstack.scenarios.neutron.utils [-] Running this scenario without either the 'network' or 'existing_network' context is deprecated
2019-12-18 03:35:53.383 29884 RALLYDEBUG rally_openstack.wrappers.network [-] CIDR generated: 1.1.5.24/30
2019-12-18 03:35:53.790 29871 RALLYDEBUG rally_openstack.wrappers.network [-] CIDR generated: 1.1.5.28/30
2019-12-18 03:35:54.024 29875 RALLYDEBUG rally_openstack.wrappers.network [-] CIDR generated: 1.1.5.32/30
2019-12-18 03:35:54.120 29872 RALLYDEBUG rally_openstack.wrappers.network [-] CIDR generated: 1.1.5.36/30
2019-12-18 03:35:54.162 29893 RALLYDEBUG rally_openstack.wrappers.network [-] CIDR generated: 1.1.5.40/30
2019-12-18 03:35:54.163 29896 RALLYDEBUG rally_openstack.wrappers.network [-] CIDR generated: 1.1.5.44/30
2019-12-18 03:35:54.409 29897 INFO rally.task.runner [-] Task aa186fb2-7a56-434f-a38a-d59faec33f95 | ITER: 14 END: OK
2019-12-18 03:35:54.413 29897 INFO rally.task.runner [-] Task aa186fb2-7a56-434f-a38a-d59faec33f95 | ITER: 32 START
2019-12-18 03:35:54.414 29897 WARNING rally_openstack.scenarios.neutron.utils [-] Running this scenario without either the 'network' or 'existing_network' context is deprecated
2019-12-18 03:35:54.416 29908 RALLYDEBUG rally_openstack.wrappers.network [-] CIDR generated: 1.1.5.48/30
2019-12-18 03:35:54.564 29915 INFO rally.task.runner [-] Task aa186fb2-7a56-434f-a38a-d59faec33f95 | ITER: 20 END: OK
2019-12-18 03:35:54.568 29915 INFO rally.task.runner [-] Task aa186fb2-7a56-434f-a38a-d59faec33f95 | ITER: 33 START
2019-12-18 03:35:54.569 29915 WARNING rally_openstack.scenarios.neutron.utils [-] Running this scenario without either the 'network' or 'existing_network' context is deprecated
2019-12-18 03:35:54.636 29911 INFO rally.task.runner [-] Task aa186fb2-7a56-434f-a38a-d59faec33f95 | ITER: 18 END: OK
2019-12-18 03:35:54.640 29911 INFO rally.task.runner [-] Task aa186fb2-7a56-434f-a38a-d59faec33f95 | ITER: 34 START
2019-12-18 03:35:54.641 29911 WARNING rally_openstack.scenarios.neutron.utils [-] Running this scenario without either the 'network' or 'existing_network' context is deprecated
2019-12-18 03:35:54.657 29906 RALLYDEBUG rally_openstack.wrappers.network [-] CIDR generated: 1.1.5.52/30
2019-12-18 03:35:54.992 29871 RALLYDEBUG rally_openstack.wrappers.network [-] CIDR generated: 1.1.5.56/30
2019-12-18 03:35:55.129 29879 INFO rally.task.runner [-] Task aa186fb2-7a56-434f-a38a-d59faec33f95 | ITER: 8 END: OK
2019-12-18 03:35:55.133 29879 INFO rally.task.runner [-] Task aa186fb2-7a56-434f-a38a-d59faec33f95 | ITER: 35 START
2019-12-18 03:35:55.133 29879 WARNING rally_openstack.scenarios.neutron.utils [-] Running this scenario without either the 'network' or 'existing_network' context is deprecated
2019-12-18 03:35:55.209 29911 RALLYDEBUG rally_openstack.wrappers.network [-] CIDR generated: 1.1.5.60/30
2019-12-18 03:35:55.331 29897 RALLYDEBUG rally_openstack.wrappers.network [-] CIDR generated: 1.1.5.64/30
2019-12-18 03:35:55.339 29890 RALLYDEBUG rally_openstack.wrappers.network [-] CIDR generated: 1.1.5.68/30
2019-12-18 03:35:55.441 29915 RALLYDEBUG rally_openstack.wrappers.network [-] CIDR generated: 1.1.5.72/30
2019-12-18 03:35:55.472 29872 RALLYDEBUG rally_openstack.wrappers.network [-] CIDR generated: 1.1.5.76/30
2019-12-18 03:35:55.629 29914 INFO rally.task.runner [-] Task aa186fb2-7a56-434f-a38a-d59faec33f95 | ITER: 19 END: OK
2019-12-18 03:35:55.633 29914 INFO rally.task.runner [-] Task aa186fb2-7a56-434f-a38a-d59faec33f95 | ITER: 36 START
2019-12-18 03:35:55.634 29914 WARNING rally_openstack.scenarios.neutron.utils [-] Running this scenario without either the 'network' or 'existing_network' context is deprecated
2019-12-18 03:35:55.691 29870 INFO rally.task.runner [-] Task aa186fb2-7a56-434f-a38a-d59faec33f95 | ITER: 3 END: OK
2019-12-18 03:35:55.694 29870 INFO rally.task.runner [-] Task aa186fb2-7a56-434f-a38a-d59faec33f95 | ITER: 37 START
2019-12-18 03:35:55.695 29870 WARNING rally_openstack.scenarios.neutron.utils [-] Running this scenario without either the 'network' or 'existing_network' context is deprecated
2019-12-18 03:35:55.805 29879 RALLYDEBUG rally_openstack.wrappers.network [-] CIDR generated: 1.1.5.80/30
2019-12-18 03:35:55.877 29870 RALLYDEBUG rally_openstack.wrappers.network [-] CIDR generated: 1.1.5.84/30
2019-12-18 03:35:56.177 29897 RALLYDEBUG rally_openstack.wrappers.network [-] CIDR generated: 1.1.5.88/30
2019-12-18 03:35:56.182 29902 INFO rally.task.runner [-] Task aa186fb2-7a56-434f-a38a-d59faec33f95 | ITER: 15 END: OK
2019-12-18 03:35:56.186 29902 INFO rally.task.runner [-] Task aa186fb2-7a56-434f-a38a-d59faec33f95 | ITER: 38 START
2019-12-18 03:35:56.186 29902 WARNING rally_openstack.scenarios.neutron.utils [-] Running this scenario without either the 'network' or 'existing_network' context is deprecated
2019-12-18 03:35:56.207 29896 RALLYDEBUG rally_openstack.wrappers.network [-] CIDR generated: 1.1.5.92/30
2019-12-18 03:35:56.208 29870 RALLYDEBUG rally_openstack.wrappers.network [-] CIDR generated: 1.1.5.96/30
2019-12-18 03:35:56.340 29872 INFO rally.task.runner [-] Task aa186fb2-7a56-434f-a38a-d59faec33f95 | ITER: 6 END: OK
2019-12-18 03:35:56.342 29872 INFO rally.task.runner [-] Task aa186fb2-7a56-434f-a38a-d59faec33f95 | ITER: 39 START
2019-12-18 03:35:56.344 29872 WARNING rally_openstack.scenarios.neutron.utils [-] Running this scenario without either the 'network' or 'existing_network' context is deprecated
2019-12-18 03:35:56.355 29914 RALLYDEBUG rally_openstack.wrappers.network [-] CIDR generated: 1.1.5.100/30
2019-12-18 03:35:56.727 29902 RALLYDEBUG rally_openstack.wrappers.network [-] CIDR generated: 1.1.5.104/30
2019-12-18 03:35:56.791 29893 RALLYDEBUG rally_openstack.wrappers.network [-] CIDR generated: 1.1.5.108/30
2019-12-18 03:35:56.830 29908 RALLYDEBUG rally_openstack.wrappers.network [-] CIDR generated: 1.1.5.112/30
2019-12-18 03:35:57.044 29872 RALLYDEBUG rally_openstack.wrappers.network [-] CIDR generated: 1.1.5.116/30
2019-12-18 03:35:57.148 29879 RALLYDEBUG rally_openstack.wrappers.network [-] CIDR generated: 1.1.5.120/30
2019-12-18 03:35:57.207 29875 RALLYDEBUG rally_openstack.wrappers.network [-] CIDR generated: 1.1.5.124/30
2019-12-18 03:35:58.075 29872 RALLYDEBUG rally_openstack.wrappers.network [-] CIDR generated: 1.1.5.128/30
2019-12-18 03:35:58.663 29875 INFO rally.task.runner [-] Task aa186fb2-7a56-434f-a38a-d59faec33f95 | ITER: 7 END: OK
2019-12-18 03:35:58.666 29875 INFO rally.task.runner [-] Task aa186fb2-7a56-434f-a38a-d59faec33f95 | ITER: 40 START
2019-12-18 03:35:58.667 29875 WARNING rally_openstack.scenarios.neutron.utils [-] Running this scenario without either the 'network' or 'existing_network' context is deprecated
2019-12-18 03:35:59.128 29902 RALLYDEBUG rally_openstack.wrappers.network [-] CIDR generated: 1.1.5.132/30
2019-12-18 03:35:59.196 29915 RALLYDEBUG rally_openstack.wrappers.network [-] CIDR generated: 1.1.5.136/30
2019-12-18 03:35:59.266 29911 RALLYDEBUG rally_openstack.wrappers.network [-] CIDR generated: 1.1.5.140/30
2019-12-18 03:35:59.306 29875 RALLYDEBUG rally_openstack.wrappers.network [-] CIDR generated: 1.1.5.144/30
2019-12-18 03:35:59.516 29879 INFO rally.task.runner [-] Task aa186fb2-7a56-434f-a38a-d59faec33f95 | ITER: 35 END: OK
2019-12-18 03:35:59.692 29914 RALLYDEBUG rally_openstack.wrappers.network [-] CIDR generated: 1.1.5.148/30
2019-12-18 03:35:59.837 29872 INFO rally.task.runner [-] Task aa186fb2-7a56-434f-a38a-d59faec33f95 | ITER: 31 END: OK
2019-12-18 03:35:59.908 29890 INFO rally.task.runner [-] Task aa186fb2-7a56-434f-a38a-d59faec33f95 | ITER: 25 END: OK
2019-12-18 03:35:59.912 29884 INFO rally.task.runner [-] Task aa186fb2-7a56-434f-a38a-d59faec33f95 | ITER: 22 END: OK
2019-12-18 03:35:59.973 29870 RALLYDEBUG rally_openstack.wrappers.network [-] CIDR generated: 1.1.5.152/30
2019-12-18 03:36:00.974 29906 INFO rally.task.runner [-] Task aa186fb2-7a56-434f-a38a-d59faec33f95 | ITER: 24 END: OK
2019-12-18 03:36:01.097 29871 INFO rally.task.runner [-] Task aa186fb2-7a56-434f-a38a-d59faec33f95 | ITER: 23 END: OK
2019-12-18 03:36:01.175 29875 RALLYDEBUG rally_openstack.wrappers.network [-] CIDR generated: 1.1.5.156/30
2019-12-18 03:36:01.209 29871 INFO rally.task.runner [-] Task aa186fb2-7a56-434f-a38a-d59faec33f95 | ITER: 21 END: OK
2019-12-18 03:36:01.338 29870 INFO rally.task.runner [-] Task aa186fb2-7a56-434f-a38a-d59faec33f95 | ITER: 26 END: OK
2019-12-18 03:36:01.534 29896 INFO rally.task.runner [-] Task aa186fb2-7a56-434f-a38a-d59faec33f95 | ITER: 29 END: OK
2019-12-18 03:36:01.653 29875 INFO rally.task.runner [-] Task aa186fb2-7a56-434f-a38a-d59faec33f95 | ITER: 28 END: OK
2019-12-18 03:36:01.914 29897 INFO rally.task.runner [-] Task aa186fb2-7a56-434f-a38a-d59faec33f95 | ITER: 32 END: OK
2019-12-18 03:36:02.293 29872 INFO rally.task.runner [-] Task aa186fb2-7a56-434f-a38a-d59faec33f95 | ITER: 39 END: OK
2019-12-18 03:36:02.443 29908 INFO rally.task.runner [-] Task aa186fb2-7a56-434f-a38a-d59faec33f95 | ITER: 27 END: OK
2019-12-18 03:36:03.052 29902 INFO rally.task.runner [-] Task aa186fb2-7a56-434f-a38a-d59faec33f95 | ITER: 38 END: OK
2019-12-18 03:36:03.192 29893 INFO rally.task.runner [-] Task aa186fb2-7a56-434f-a38a-d59faec33f95 | ITER: 30 END: OK
2019-12-18 03:36:03.244 29914 INFO rally.task.runner [-] Task aa186fb2-7a56-434f-a38a-d59faec33f95 | ITER: 36 END: OK
2019-12-18 03:36:03.419 29911 INFO rally.task.runner [-] Task aa186fb2-7a56-434f-a38a-d59faec33f95 | ITER: 34 END: OK
2019-12-18 03:36:03.547 29915 INFO rally.task.runner [-] Task aa186fb2-7a56-434f-a38a-d59faec33f95 | ITER: 33 END: OK
2019-12-18 03:36:03.950 29870 INFO rally.task.runner [-] Task aa186fb2-7a56-434f-a38a-d59faec33f95 | ITER: 37 END: OK
2019-12-18 03:36:04.034 29875 INFO rally.task.runner [-] Task aa186fb2-7a56-434f-a38a-d59faec33f95 | ITER: 40 END: OK
2019-12-18 03:36:04.066 27676 INFO rally.task.context [-] Task aa186fb2-7a56-434f-a38a-d59faec33f95 | Context cleanup@openstack cleanup() started
2019-12-18 03:36:04.071 27676 RALLYDEBUG rally_openstack.cleanup.manager [-] Cleaning up neutron vip objects
2019-12-18 03:36:04.447 27676 RALLYDEBUG rally_openstack.cleanup.manager [-] Cleaning up neutron health_monitor objects
2019-12-18 03:36:04.803 27676 RALLYDEBUG rally_openstack.cleanup.manager [-] Cleaning up neutron pool objects
2019-12-18 03:36:05.160 27676 RALLYDEBUG rally_openstack.cleanup.manager [-] Cleaning up neutron loadbalancer objects
2019-12-18 03:36:05.521 27676 RALLYDEBUG rally_openstack.cleanup.manager [-] Cleaning up neutron floatingip objects
2019-12-18 03:36:05.947 27676 RALLYDEBUG rally_openstack.cleanup.manager [-] Cleaning up neutron trunk objects
2019-12-18 03:36:06.324 27676 RALLYDEBUG rally_openstack.cleanup.manager [-] Cleaning up neutron port objects
2019-12-18 03:36:06.830 27676 RALLYDEBUG rally_openstack.cleanup.manager [-] Cleaning up neutron subnet objects
2019-12-18 03:36:07.207 27676 RALLYDEBUG rally_openstack.cleanup.manager [-] Cleaning up neutron network objects
2019-12-18 03:36:07.747 27676 RALLYDEBUG rally_openstack.cleanup.manager [-] Deleting neutron.network object s_rally_213bcff4_BfQBbUZP (09bacaab-5e39-4da9-818e-e0ec9b9bbd11)
2019-12-18 03:36:07.757 27676 RALLYDEBUG rally_openstack.cleanup.manager [-] Deleting neutron.network object s_rally_213bcff4_TpkefT0L (12cdfab0-adde-43fa-b482-96ebad28dac6)
2019-12-18 03:36:07.767 27676 RALLYDEBUG rally_openstack.cleanup.manager [-] Deleting neutron.network object s_rally_213bcff4_pJOtQCa5 (3db9254f-b53f-4285-94e5-d17cf96b5eb8)
2019-12-18 03:36:07.778 27676 RALLYDEBUG rally_openstack.cleanup.manager [-] Deleting neutron.network object s_rally_213bcff4_2XlUZgt1 (3ebe8e10-cf2b-4c35-9417-a871d110f5c2)
2019-12-18 03:36:07.783 27676 RALLYDEBUG rally_openstack.cleanup.manager [-] Deleting neutron.network object s_rally_213bcff4_2BzgaEMP (438fe8bd-6998-4d3f-984d-ca8732c30a0d)
2019-12-18 03:36:07.792 27676 RALLYDEBUG rally_openstack.cleanup.manager [-] Deleting neutron.network object s_rally_213bcff4_vw3vAP0d (4acfcdc4-2380-4209-a934-cd0de2ebc551)
2019-12-18 03:36:07.820 27676 RALLYDEBUG rally_openstack.cleanup.manager [-] Deleting neutron.network object s_rally_213bcff4_0V3r6MvW (55f52293-8551-40d0-889c-9231701899c5)
2019-12-18 03:36:07.831 27676 RALLYDEBUG rally_openstack.cleanup.manager [-] Deleting neutron.network object s_rally_213bcff4_xHGoes6r (5874520d-63cf-4ad4-b78b-89ecda7934ee)
2019-12-18 03:36:07.846 27676 RALLYDEBUG rally_openstack.cleanup.manager [-] Deleting neutron.network object s_rally_213bcff4_rUM9oKOY (5a6c4bc1-ce7a-40cc-a50f-a27f4a70b8cd)
2019-12-18 03:36:07.864 27676 RALLYDEBUG rally_openstack.cleanup.manager [-] Deleting neutron.network object s_rally_213bcff4_HPryRVEk (5c1a1f7b-8698-4fb0-b631-8cedf8066e8a)
2019-12-18 03:36:07.871 27676 RALLYDEBUG rally_openstack.cleanup.manager [-] Deleting neutron.network object s_rally_213bcff4_NZT1i4Og (604db805-b33d-45e4-8a62-db902a1ec011)
2019-12-18 03:36:07.883 27676 RALLYDEBUG rally_openstack.cleanup.manager [-] Deleting neutron.network object s_rally_213bcff4_rYXWB8kj (6a232324-43d3-44ef-afdc-205161fc7568)
2019-12-18 03:36:07.888 27676 RALLYDEBUG rally_openstack.cleanup.manager [-] Deleting neutron.network object s_rally_213bcff4_w0GRYtlV (6f02de8a-d445-407e-ba8d-594a17cfef7f)
2019-12-18 03:36:07.914 27676 RALLYDEBUG rally_openstack.cleanup.manager [-] Deleting neutron.network object s_rally_213bcff4_O2VKTbmp (700f7e7b-cc8d-42b9-b183-b02e6e63a9fe)
2019-12-18 03:36:07.920 27676 RALLYDEBUG rally_openstack.cleanup.manager [-] Deleting neutron.network object s_rally_213bcff4_Luv9drJk (73ab618c-3077-4e50-8179-193730294808)
2019-12-18 03:36:07.942 27676 RALLYDEBUG rally_openstack.cleanup.manager [-] Deleting neutron.network object s_rally_213bcff4_i8vTBCGf (74292972-dff5-4f27-bac4-f5dcaf518ad3)
2019-12-18 03:36:07.951 27676 RALLYDEBUG rally_openstack.cleanup.manager [-] Deleting neutron.network object s_rally_213bcff4_ARyuueD1 (784317ae-c35b-4102-9c39-4175456bf437)
2019-12-18 03:36:07.960 27676 RALLYDEBUG rally_openstack.cleanup.manager [-] Deleting neutron.network object s_rally_213bcff4_aHxHRuN6 (81bc1fc2-2716-4235-8a31-c1e69aec2a84)
2019-12-18 03:36:07.967 27676 RALLYDEBUG rally_openstack.cleanup.manager [-] Deleting neutron.network object s_rally_213bcff4_Yi4lk98H (92d1ebef-f6cd-4f84-9f86-1bdee3776d02)
2019-12-18 03:36:07.982 27676 RALLYDEBUG rally_openstack.cleanup.manager [-] Deleting neutron.network object s_rally_213bcff4_SMX7FRLt (96b600ca-0113-4a93-a4b6-11741c19e3bd)
2019-12-18 03:36:09.958 27676 RALLYDEBUG rally_openstack.cleanup.manager [-] Deleting neutron.network object s_rally_213bcff4_lakhTb8z (a17e42ab-6802-4378-a3ab-2fc159649844)
2019-12-18 03:36:09.992 27676 RALLYDEBUG rally_openstack.cleanup.manager [-] Deleting neutron.network object s_rally_213bcff4_IJaM4vab (a1bcf865-b8b7-4543-bdca-3a7974c28442)
2019-12-18 03:36:10.062 27676 RALLYDEBUG rally_openstack.cleanup.manager [-] Deleting neutron.network object s_rally_213bcff4_lrJpxYly (a2669e71-7cfd-41ad-a8d0-443eaf4095ff)
2019-12-18 03:36:10.112 27676 RALLYDEBUG rally_openstack.cleanup.manager [-] Deleting neutron.network object s_rally_213bcff4_EE0Ctdzl (a436eba2-cbdc-4961-bd67-1c40a73c04af)
2019-12-18 03:36:10.144 27676 RALLYDEBUG rally_openstack.cleanup.manager [-] Deleting neutron.network object s_rally_213bcff4_LqiH8v1e (a86a86b8-52a4-4c8a-ab7c-723923f158e7)
2019-12-18 03:36:10.180 27676 RALLYDEBUG rally_openstack.cleanup.manager [-] Deleting neutron.network object s_rally_213bcff4_KRGVp5s8 (ae713b83-44d9-46cf-8815-4d638eab39f1)
2019-12-18 03:36:10.302 27676 RALLYDEBUG rally_openstack.cleanup.manager [-] Deleting neutron.network object s_rally_213bcff4_KLVvJCSK (ae91f632-789d-4cc4-88c4-09b5ddd8be91)
2019-12-18 03:36:10.429 27676 RALLYDEBUG rally_openstack.cleanup.manager [-] Deleting neutron.network object s_rally_213bcff4_jgm81RRO (b62bb8e3-1ecc-4f0a-8229-398ed4615425)
2019-12-18 03:36:10.462 27676 RALLYDEBUG rally_openstack.cleanup.manager [-] Deleting neutron.network object s_rally_213bcff4_wnEplaNU (b68ed893-ae2f-4eaa-961c-9d1430477885)
2019-12-18 03:36:10.485 27676 RALLYDEBUG rally_openstack.cleanup.manager [-] Deleting neutron.network object s_rally_213bcff4_rzGLiBXN (b6d04c92-7a48-422a-893e-dcfaa366ed21)
2019-12-18 03:36:10.493 27676 RALLYDEBUG rally_openstack.cleanup.manager [-] Deleting neutron.network object s_rally_213bcff4_ypMSZH7B (c6ad05d4-85af-4370-848e-dee4ed650adc)
2019-12-18 03:36:10.808 27676 RALLYDEBUG rally_openstack.cleanup.manager [-] Deleting neutron.network object s_rally_213bcff4_MxK5IrXk (cd3fcf72-58d2-4f7c-98c6-37e5d017df5e)
2019-12-18 03:36:10.839 27676 RALLYDEBUG rally_openstack.cleanup.manager [-] Deleting neutron.network object s_rally_213bcff4_BcPoRPs3 (d478482c-d6aa-4e78-989e-52803d9c65ca)
2019-12-18 03:36:10.845 27676 RALLYDEBUG rally_openstack.cleanup.manager [-] Deleting neutron.network object s_rally_213bcff4_sqw7jSmA (d9f5ac88-1bb9-4df7-abda-08fd6df1148a)
2019-12-18 03:36:10.856 27676 RALLYDEBUG rally_openstack.cleanup.manager [-] Deleting neutron.network object s_rally_213bcff4_BSd4lFvh (db1f8530-c983-457c-8317-0e54171e5701)
2019-12-18 03:36:10.860 27676 RALLYDEBUG rally_openstack.cleanup.manager [-] Deleting neutron.network object s_rally_213bcff4_azaByxuH (f0ff30a7-27f4-4f6e-b49c-53a1bf9eb2b7)
2019-12-18 03:36:11.074 27676 RALLYDEBUG rally_openstack.cleanup.manager [-] Deleting neutron.network object s_rally_213bcff4_6EG9Rfm9 (f1a92f9b-5bc9-4320-9c56-0ef04dc92ff8)
2019-12-18 03:36:11.095 27676 RALLYDEBUG rally_openstack.cleanup.manager [-] Deleting neutron.network object s_rally_213bcff4_oHbDQz91 (f305ecbf-524f-42a5-9dfe-7b8dc36ba5d8)
2019-12-18 03:36:11.216 27676 RALLYDEBUG rally_openstack.cleanup.manager [-] Deleting neutron.network object s_rally_213bcff4_IrMo7X14 (fa4b108e-fac0-4cde-9cde-033340eb9725)
2019-12-18 03:36:11.357 27676 RALLYDEBUG rally_openstack.cleanup.manager [-] Deleting neutron.network object s_rally_213bcff4_PfO2Fur6 (fb922992-9bae-4a2d-bec7-7c092077d67c)
2019-12-18 03:36:14.185 27676 RALLYDEBUG rally_openstack.cleanup.manager [-] Cleaning up neutron router objects
2019-12-18 03:36:14.599 27676 RALLYDEBUG rally_openstack.cleanup.manager [-] Cleaning up neutron security_group objects
2019-12-18 03:36:15.029 27676 INFO rally.task.context [-] Task aa186fb2-7a56-434f-a38a-d59faec33f95 | Context cleanup@openstack cleanup() finished in 10.96 sec
2019-12-18 03:36:15.029 27676 INFO rally.task.context [-] Task aa186fb2-7a56-434f-a38a-d59faec33f95 | Context quotas@openstack cleanup() started
2019-12-18 03:36:15.107 27676 INFO rally.task.context [-] Task aa186fb2-7a56-434f-a38a-d59faec33f95 | Context quotas@openstack cleanup() finished in 77.24 msec
2019-12-18 03:36:15.107 27676 INFO rally.task.context [-] Task aa186fb2-7a56-434f-a38a-d59faec33f95 | Context users@openstack cleanup() started
2019-12-18 03:36:17.843 27676 INFO rally.task.context [-] Task aa186fb2-7a56-434f-a38a-d59faec33f95 | Context users@openstack cleanup() finished in 2.74 sec
2019-12-18 03:36:18.924 27676 INFO rally.task.engine [-] Load duration is: 18.196388
2019-12-18 03:36:18.924 27676 INFO rally.task.engine [-] Full runner duration is: 18.249322
2019-12-18 03:36:18.925 27676 INFO rally.task.engine [-] Full duration is: 35.176888
2019-12-18 03:36:19.319 27676 INFO rally.task.engine [-] Running workload: position = 0 config = { "version": 2, "title": "A cropped version of a bigger task.", "description": "Auto-generated task from a single workload (uuid=f585ba9b-a0dd-4a93-9848-57ef30e8fd91)", "subtasks": [ { "title": "NeutronNetworks.create_and_list_routers", "description": "Create and a given number of routers and list all routers.", "scenario": { "NeutronNetworks.create_and_list_routers": { "network_create_args": null, "subnet_create_args": null, "subnet_cidr_start": "1.1.0.0/30", "subnets_per_network": 2, "router_create_args": null } }, "contexts": { "users": { "tenants": 1, "users_per_tenant": 1 }, "quotas": { "neutron": { "network": -1, "subnet": -1, "router": -1 } } }, "runner": { "constant": { "times": 40, "concurrency": 20 } }, "hooks": [], "sla": { "failure_rate": { "max": 0 } } } ] }
2019-12-18 03:36:19.346 27676 RALLYDEBUG rally_openstack.contexts.keystone.users [-] Creating 1 tenants using 20 threads
2019-12-18 03:36:20.271 27676 RALLYDEBUG rally_openstack.contexts.keystone.users [-] Creating 1 users using 20 threads
2019-12-18 03:36:21.691 27676 INFO rally.task.context [-] Task aa186fb2-7a56-434f-a38a-d59faec33f95 | Context users@openstack setup() finished in 2.35 sec
2019-12-18 03:36:22.183 27676 INFO rally.task.context [-] Task aa186fb2-7a56-434f-a38a-d59faec33f95 | Context quotas@openstack setup() finished in 0.49 sec
2019-12-18 03:36:22.184 27676 INFO rally.task.context [-] Task aa186fb2-7a56-434f-a38a-d59faec33f95 | Context cleanup@openstack setup() finished in 0.02 msec
2019-12-18 03:36:22.193 27676 RALLYDEBUG rally.task.runner [-] Starting the constant runner (task UUID: aa186fb2-7a56-434f-a38a-d59faec33f95). times: 40 concurrency: 20 timeout: 0 max_cpu_used: 16 processes_to_start: 16 concurrency_per_worker: 1 concurrency_overhead: 4
2019-12-18 03:36:22.205 30260 RALLYDEBUG rally.task.runner [-] Starting a worker. times: 40 duration: None concurrency: 2 timeout: 0 cls: method_name: run args: {"network_create_args": null, "subnet_create_args": null, "subnet_cidr_start": "1.1.0.0/30", "subnets_per_network": 2, "router_create_args": null}
2019-12-18 03:36:22.209 30261 RALLYDEBUG rally.task.runner [-] Starting a worker. times: 40 duration: None concurrency: 2 timeout: 0 cls: method_name: run args: {"network_create_args": null, "subnet_create_args": null, "subnet_cidr_start": "1.1.0.0/30", "subnets_per_network": 2, "router_create_args": null}
2019-12-18 03:36:22.212 30260 INFO rally.task.runner [-] Task aa186fb2-7a56-434f-a38a-d59faec33f95 | ITER: 1 START
2019-12-18 03:36:22.212 30262 RALLYDEBUG rally.task.runner [-] Starting a worker. times: 40 duration: None concurrency: 2 timeout: 0 cls: method_name: run args: {"network_create_args": null, "subnet_create_args": null, "subnet_cidr_start": "1.1.0.0/30", "subnets_per_network": 2, "router_create_args": null}
2019-12-18 03:36:22.214 30261 INFO rally.task.runner [-] Task aa186fb2-7a56-434f-a38a-d59faec33f95 | ITER: 3 START
2019-12-18 03:36:22.216 30265 RALLYDEBUG rally.task.runner [-] Starting a worker. times: 40 duration: None concurrency: 2 timeout: 0 cls: method_name: run args: {"network_create_args": null, "subnet_create_args": null, "subnet_cidr_start": "1.1.0.0/30", "subnets_per_network": 2, "router_create_args": null}
2019-12-18 03:36:22.218 30262 INFO rally.task.runner [-] Task aa186fb2-7a56-434f-a38a-d59faec33f95 | ITER: 4 START
2019-12-18 03:36:22.219 30260 INFO rally.task.runner [-] Task aa186fb2-7a56-434f-a38a-d59faec33f95 | ITER: 2 START
2019-12-18 03:36:22.220 30269 RALLYDEBUG rally.task.runner [-] Starting a worker. times: 40 duration: None concurrency: 1 timeout: 0 cls: method_name: run args: {"network_create_args": null, "subnet_create_args": null, "subnet_cidr_start": "1.1.0.0/30", "subnets_per_network": 2, "router_create_args": null}
2019-12-18 03:36:22.222 30261 INFO rally.task.runner [-] Task aa186fb2-7a56-434f-a38a-d59faec33f95 | ITER: 5 START
2019-12-18 03:36:22.224 30272 RALLYDEBUG rally.task.runner [-] Starting a worker. times: 40 duration: None concurrency: 1 timeout: 0 cls: method_name: run args: {"network_create_args": null, "subnet_create_args": null, "subnet_cidr_start": "1.1.0.0/30", "subnets_per_network": 2, "router_create_args": null}
2019-12-18 03:36:22.229 30269 INFO rally.task.runner [-] Task aa186fb2-7a56-434f-a38a-d59faec33f95 | ITER: 8 START
2019-12-18 03:36:22.229 30272 INFO rally.task.runner [-] Task aa186fb2-7a56-434f-a38a-d59faec33f95 | ITER: 9 START
2019-12-18 03:36:22.229 30274 RALLYDEBUG rally.task.runner [-] Starting a worker. times: 40 duration: None concurrency: 1 timeout: 0 cls: method_name: run args: {"network_create_args": null, "subnet_create_args": null, "subnet_cidr_start": "1.1.0.0/30", "subnets_per_network": 2, "router_create_args": null}
2019-12-18 03:36:22.231 30265 INFO rally.task.runner [-] Task aa186fb2-7a56-434f-a38a-d59faec33f95 | ITER: 7 START
2019-12-18 03:36:22.231 30276 RALLYDEBUG rally.task.runner [-] Starting a worker. times: 40 duration: None concurrency: 1 timeout: 0 cls: method_name: run args: {"network_create_args": null, "subnet_create_args": null, "subnet_cidr_start": "1.1.0.0/30", "subnets_per_network": 2, "router_create_args": null}
2019-12-18 03:36:22.234 30274 INFO rally.task.runner [-] Task aa186fb2-7a56-434f-a38a-d59faec33f95 | ITER: 11 START
2019-12-18 03:36:22.233 30262 INFO rally.task.runner [-] Task aa186fb2-7a56-434f-a38a-d59faec33f95 | ITER: 6 START
2019-12-18 03:36:22.237 30265 INFO rally.task.runner [-] Task aa186fb2-7a56-434f-a38a-d59faec33f95 | ITER: 10 START
2019-12-18 03:36:22.236 30276 INFO rally.task.runner [-] Task aa186fb2-7a56-434f-a38a-d59faec33f95 | ITER: 12 START
2019-12-18 03:36:22.239 30284 RALLYDEBUG rally.task.runner [-] Starting a worker. times: 40 duration: None concurrency: 1 timeout: 0 cls: method_name: run args: {"network_create_args": null, "subnet_create_args": null, "subnet_cidr_start": "1.1.0.0/30", "subnets_per_network": 2, "router_create_args": null}
2019-12-18 03:36:22.245 30284 INFO rally.task.runner [-] Task aa186fb2-7a56-434f-a38a-d59faec33f95 | ITER: 13 START
2019-12-18 03:36:22.247 30289 RALLYDEBUG rally.task.runner [-] Starting a worker. times: 40 duration: None concurrency: 1 timeout: 0 cls: method_name: run args: {"network_create_args": null, "subnet_create_args": null, "subnet_cidr_start": "1.1.0.0/30", "subnets_per_network": 2, "router_create_args": null}
2019-12-18 03:36:22.253 30292 RALLYDEBUG rally.task.runner [-] Starting a worker. times: 40 duration: None concurrency: 1 timeout: 0 cls: method_name: run args: {"network_create_args": null, "subnet_create_args": null, "subnet_cidr_start": "1.1.0.0/30", "subnets_per_network": 2, "router_create_args": null}
2019-12-18 03:36:22.254 30289 INFO rally.task.runner [-] Task aa186fb2-7a56-434f-a38a-d59faec33f95 | ITER: 14 START
2019-12-18 03:36:22.259 30292 INFO rally.task.runner [-] Task aa186fb2-7a56-434f-a38a-d59faec33f95 | ITER: 15 START
2019-12-18 03:36:22.260 30295 RALLYDEBUG rally.task.runner [-] Starting a worker. times: 40 duration: None concurrency: 1 timeout: 0 cls: method_name: run args: {"network_create_args": null, "subnet_create_args": null, "subnet_cidr_start": "1.1.0.0/30", "subnets_per_network": 2, "router_create_args": null}
2019-12-18 03:36:22.265 30295 INFO rally.task.runner [-] Task aa186fb2-7a56-434f-a38a-d59faec33f95 | ITER: 16 START
2019-12-18 03:36:22.264 30298 RALLYDEBUG rally.task.runner [-] Starting a worker. times: 40 duration: None concurrency: 1 timeout: 0 cls: method_name: run args: {"network_create_args": null, "subnet_create_args": null, "subnet_cidr_start": "1.1.0.0/30", "subnets_per_network": 2, "router_create_args": null}
2019-12-18 03:36:22.270 30298 INFO rally.task.runner [-] Task aa186fb2-7a56-434f-a38a-d59faec33f95 | ITER: 17 START
2019-12-18 03:36:22.271 30301 RALLYDEBUG rally.task.runner [-] Starting a worker. times: 40 duration: None concurrency: 1 timeout: 0 cls: method_name: run args: {"network_create_args": null, "subnet_create_args": null, "subnet_cidr_start": "1.1.0.0/30", "subnets_per_network": 2, "router_create_args": null}
2019-12-18 03:36:22.276 30301 INFO rally.task.runner [-] Task aa186fb2-7a56-434f-a38a-d59faec33f95 | ITER: 18 START
2019-12-18 03:36:22.276 30304 RALLYDEBUG rally.task.runner [-] Starting a worker. times: 40 duration: None concurrency: 1 timeout: 0 cls: method_name: run args: {"network_create_args": null, "subnet_create_args": null, "subnet_cidr_start": "1.1.0.0/30", "subnets_per_network": 2, "router_create_args": null}
2019-12-18 03:36:22.281 30304 INFO rally.task.runner [-] Task aa186fb2-7a56-434f-a38a-d59faec33f95 | ITER: 19 START
2019-12-18 03:36:22.281 30307 RALLYDEBUG rally.task.runner [-] Starting a worker. times: 40 duration: None concurrency: 1 timeout: 0 cls: method_name: run args: {"network_create_args": null, "subnet_create_args": null, "subnet_cidr_start": "1.1.0.0/30", "subnets_per_network": 2, "router_create_args": null}
2019-12-18 03:36:22.286 30307 INFO rally.task.runner [-] Task aa186fb2-7a56-434f-a38a-d59faec33f95 | ITER: 20 START
2019-12-18 03:36:22.923 30276 RALLYDEBUG rally_openstack.wrappers.network [-] CIDR generated: 1.1.5.160/30
2019-12-18 03:36:22.943 30260 RALLYDEBUG rally_openstack.wrappers.network [-] CIDR generated: 1.1.5.164/30
2019-12-18 03:36:22.967 30262 RALLYDEBUG rally_openstack.wrappers.network [-] CIDR generated: 1.1.5.168/30
2019-12-18 03:36:23.014 30269 RALLYDEBUG rally_openstack.wrappers.network [-] CIDR generated: 1.1.5.172/30
2019-12-18 03:36:23.031 30265 RALLYDEBUG rally_openstack.wrappers.network [-] CIDR generated: 1.1.5.176/30
2019-12-18 03:36:23.083 30289 RALLYDEBUG rally_openstack.wrappers.network [-] CIDR generated: 1.1.5.180/30
2019-12-18 03:36:23.132 30260 RALLYDEBUG rally_openstack.wrappers.network [-] CIDR generated: 1.1.5.184/30
2019-12-18 03:36:23.168 30261 RALLYDEBUG rally_openstack.wrappers.network [-] CIDR generated: 1.1.5.188/30
2019-12-18 03:36:23.176 30304 RALLYDEBUG rally_openstack.wrappers.network [-] CIDR generated: 1.1.5.192/30
2019-12-18 03:36:23.301 30307 RALLYDEBUG rally_openstack.wrappers.network [-] CIDR generated: 1.1.5.196/30
2019-12-18 03:36:23.350 30265 RALLYDEBUG rally_openstack.wrappers.network [-] CIDR generated: 1.1.5.200/30
2019-12-18 03:36:23.375 30292 RALLYDEBUG rally_openstack.wrappers.network [-] CIDR generated: 1.1.5.204/30
2019-12-18 03:36:23.506 30295 RALLYDEBUG rally_openstack.wrappers.network [-] CIDR generated: 1.1.5.208/30
2019-12-18 03:36:23.507 30301 RALLYDEBUG rally_openstack.wrappers.network [-] CIDR generated: 1.1.5.212/30
2019-12-18 03:36:23.545 30272 RALLYDEBUG rally_openstack.wrappers.network [-] CIDR generated: 1.1.5.216/30
2019-12-18 03:36:23.580 30284 RALLYDEBUG rally_openstack.wrappers.network [-] CIDR generated: 1.1.5.220/30
2019-12-18 03:36:23.802 30298 RALLYDEBUG rally_openstack.wrappers.network [-] CIDR generated: 1.1.5.224/30
2019-12-18 03:36:23.807 30274 RALLYDEBUG rally_openstack.wrappers.network [-] CIDR generated: 1.1.5.228/30
2019-12-18 03:36:24.019 30262 RALLYDEBUG rally_openstack.wrappers.network [-] CIDR generated: 1.1.5.232/30
2019-12-18 03:36:24.105 30261 RALLYDEBUG rally_openstack.wrappers.network [-] CIDR generated: 1.1.5.236/30
2019-12-18 03:36:24.493 30261 RALLYDEBUG rally_openstack.wrappers.network [-] CIDR generated: 1.1.5.240/30
2019-12-18 03:36:24.602 30265 RALLYDEBUG rally_openstack.wrappers.network [-] CIDR generated: 1.1.5.244/30
2019-12-18 03:36:24.623 30269 RALLYDEBUG rally_openstack.wrappers.network [-] CIDR generated: 1.1.5.248/30
2019-12-18 03:36:24.626 30304 RALLYDEBUG rally_openstack.wrappers.network [-] CIDR generated: 1.1.5.252/30
2019-12-18 03:36:24.633 30260 RALLYDEBUG rally_openstack.wrappers.network [-] CIDR generated: 1.1.6.0/30
2019-12-18 03:36:24.651 30265 RALLYDEBUG rally_openstack.wrappers.network [-] CIDR generated: 1.1.6.4/30
2019-12-18 03:36:24.733 30292 RALLYDEBUG rally_openstack.wrappers.network [-] CIDR generated: 1.1.6.8/30
2019-12-18 03:36:25.016 30289 RALLYDEBUG rally_openstack.wrappers.network [-] CIDR generated: 1.1.6.12/30
2019-12-18 03:36:25.206 30295 RALLYDEBUG rally_openstack.wrappers.network [-] CIDR generated: 1.1.6.16/30
2019-12-18 03:36:25.268 30276 RALLYDEBUG rally_openstack.wrappers.network [-] CIDR generated: 1.1.6.20/30
2019-12-18 03:36:25.313 30284 RALLYDEBUG rally_openstack.wrappers.network [-] CIDR generated: 1.1.6.24/30
2019-12-18 03:36:25.341 30262 RALLYDEBUG rally_openstack.wrappers.network [-] CIDR generated: 1.1.6.28/30
2019-12-18 03:36:25.366 30260 RALLYDEBUG rally_openstack.wrappers.network [-] CIDR generated: 1.1.6.32/30
2019-12-18 03:36:25.425 30307 RALLYDEBUG rally_openstack.wrappers.network [-] CIDR generated: 1.1.6.36/30
2019-12-18 03:36:25.559 30298 RALLYDEBUG rally_openstack.wrappers.network [-] CIDR generated: 1.1.6.40/30
2019-12-18 03:36:25.806 30272 RALLYDEBUG rally_openstack.wrappers.network [-] CIDR generated: 1.1.6.44/30
2019-12-18 03:36:25.822 30274 RALLYDEBUG rally_openstack.wrappers.network [-] CIDR generated: 1.1.6.48/30
2019-12-18 03:36:25.958 30301 RALLYDEBUG rally_openstack.wrappers.network [-] CIDR generated: 1.1.6.52/30
2019-12-18 03:36:25.962 30262 RALLYDEBUG rally_openstack.wrappers.network [-] CIDR generated: 1.1.6.56/30
2019-12-18 03:36:26.076 30261 RALLYDEBUG rally_openstack.wrappers.network [-] CIDR generated: 1.1.6.60/30
2019-12-18 03:36:34.418 30265 INFO rally.task.runner [-] Task aa186fb2-7a56-434f-a38a-d59faec33f95 | ITER: 7 END: OK
2019-12-18 03:36:34.421 30265 INFO rally.task.runner [-] Task aa186fb2-7a56-434f-a38a-d59faec33f95 | ITER: 21 START
2019-12-18 03:36:35.865 30284 INFO rally.task.runner [-] Task aa186fb2-7a56-434f-a38a-d59faec33f95 | ITER: 13 END: OK
2019-12-18 03:36:35.869 30284 INFO rally.task.runner [-] Task aa186fb2-7a56-434f-a38a-d59faec33f95 | ITER: 22 START
2019-12-18 03:36:36.272 30265 RALLYDEBUG rally_openstack.wrappers.network [-] CIDR generated: 1.1.6.64/30
2019-12-18 03:36:36.389 30284 RALLYDEBUG rally_openstack.wrappers.network [-] CIDR generated: 1.1.6.68/30
2019-12-18 03:36:36.936 30265 RALLYDEBUG rally_openstack.wrappers.network [-] CIDR generated: 1.1.6.72/30
