2019-12-18 03:16:03.730 23791 RALLYDEBUG rally.task.runner [-] Starting a worker. times: 10 duration: None concurrency: 1 timeout: 0 cls: method_name: run args: {"flavor": "c3ced0cb-30ea-448e-8a52-6953d615bc6c", "image": "48bf0efe-01ba-4643-8231-99113ba84e63", "auto_assign_nic": true}
2019-12-18 03:16:03.733 23789 INFO rally.task.runner [-] Task c708e019-2db7-43ad-b3c8-d031aba2ba2e | ITER: 3 START
2019-12-18 03:16:03.737 23791 INFO rally.task.runner [-] Task c708e019-2db7-43ad-b3c8-d031aba2ba2e | ITER: 4 START
2019-12-18 03:16:10.695 23791 RALLYDEBUG rally.task.utils [-] Waiting for resource s_rally_f4c853c3_MVBkBx3Y. Status changed: BUILD => ACTIVE in 4.601153135299683
2019-12-18 03:16:10.804 23791 INFO rally.task.runner [-] Task c708e019-2db7-43ad-b3c8-d031aba2ba2e | ITER: 4 END: OK
2019-12-18 03:16:10.809 23791 INFO rally.task.runner [-] Task c708e019-2db7-43ad-b3c8-d031aba2ba2e | ITER: 5 START
2019-12-18 03:16:10.859 23789 RALLYDEBUG rally.task.utils [-] Waiting for resource s_rally_f4c853c3_fTjwnTJu. Status changed: BUILD => ACTIVE in 4.524229526519775
2019-12-18 03:16:11.003 23789 INFO rally.task.runner [-] Task c708e019-2db7-43ad-b3c8-d031aba2ba2e | ITER: 3 END: OK
2019-12-18 03:16:11.008 23789 INFO rally.task.runner [-] Task c708e019-2db7-43ad-b3c8-d031aba2ba2e | ITER: 6 START
2019-12-18 03:16:13.120 23788 RALLYDEBUG rally.task.utils [-] Waiting for resource s_rally_f4c853c3_1cVU4ddY. Status changed: BUILD => ACTIVE in 6.78681206703186
2019-12-18 03:16:13.166 23787 RALLYDEBUG rally.task.utils [-] Waiting for resource s_rally_f4c853c3_fxRhgH6Z. Status changed: BUILD => ACTIVE in 7.123579025268555
2019-12-18 03:16:13.222 23788 INFO rally.task.runner [-] Task c708e019-2db7-43ad-b3c8-d031aba2ba2e | ITER: 2 END: OK
2019-12-18 03:16:13.227 23788 INFO rally.task.runner [-] Task c708e019-2db7-43ad-b3c8-d031aba2ba2e | ITER: 7 START
2019-12-18 03:16:13.261 23787 INFO rally.task.runner [-] Task c708e019-2db7-43ad-b3c8-d031aba2ba2e | ITER: 1 END: OK
2019-12-18 03:16:13.265 23787 INFO rally.task.runner [-] Task c708e019-2db7-43ad-b3c8-d031aba2ba2e | ITER: 8 START
2019-12-18 03:16:17.805 23789 RALLYDEBUG rally.task.utils [-] Waiting for resource s_rally_f4c853c3_9ZLBpLIW. Status changed: BUILD => ACTIVE in 4.516909599304199
2019-12-18 03:16:17.905 23789 INFO rally.task.runner [-] Task c708e019-2db7-43ad-b3c8-d031aba2ba2e | ITER: 6 END: OK
2019-12-18 03:16:17.908 23789 INFO rally.task.runner [-] Task c708e019-2db7-43ad-b3c8-d031aba2ba2e | ITER: 9 START
2019-12-18 03:16:19.754 23791 RALLYDEBUG rally.task.utils [-] Waiting for resource s_rally_f4c853c3_6iC2F32B. Status changed: BUILD => ACTIVE in 6.803786039352417
2019-12-18 03:16:19.904 23791 INFO rally.task.runner [-] Task c708e019-2db7-43ad-b3c8-d031aba2ba2e | ITER: 5 END: OK
2019-12-18 03:16:19.909 23791 INFO rally.task.runner [-] Task c708e019-2db7-43ad-b3c8-d031aba2ba2e | ITER: 10 START
2019-12-18 03:16:20.135 23788 RALLYDEBUG rally.task.utils [-] Waiting for resource s_rally_f4c853c3_1EUL2mh6. Status changed: BUILD => ACTIVE in 4.529501914978027
2019-12-18 03:16:20.279 23788 INFO rally.task.runner [-] Task c708e019-2db7-43ad-b3c8-d031aba2ba2e | ITER: 7 END: OK
2019-12-18 03:16:22.107 23787 RALLYDEBUG rally.task.utils [-] Waiting for resource s_rally_f4c853c3_r3NaqLqE. Status changed: BUILD => ACTIVE in 6.727178573608398
2019-12-18 03:16:22.215 23787 INFO rally.task.runner [-] Task c708e019-2db7-43ad-b3c8-d031aba2ba2e | ITER: 8 END: OK
2019-12-18 03:16:26.821 23789 RALLYDEBUG rally.task.utils [-] Waiting for resource s_rally_f4c853c3_k82QReZ5. Status changed: BUILD => ACTIVE in 6.770179986953735
2019-12-18 03:16:26.981 23789 INFO rally.task.runner [-] Task c708e019-2db7-43ad-b3c8-d031aba2ba2e | ITER: 9 END: OK
2019-12-18 03:16:29.243 23791 RALLYDEBUG rally.task.utils [-] Waiting for resource s_rally_f4c853c3_oi9rkzmt. Status changed: BUILD => ACTIVE in 7.0708417892456055
2019-12-18 03:16:29.410 23791 INFO rally.task.runner [-] Task c708e019-2db7-43ad-b3c8-d031aba2ba2e | ITER: 10 END: OK
2019-12-18 03:16:29.437 20411 INFO rally.task.context [-] Task c708e019-2db7-43ad-b3c8-d031aba2ba2e | Context cleanup@openstack cleanup() started
2019-12-18 03:16:29.440 20411 RALLYDEBUG rally_openstack.cleanup.manager [-] Cleaning up nova servers objects
2019-12-18 03:16:31.870 20411 RALLYDEBUG rally_openstack.cleanup.manager [-] Deleting nova.servers object s_rally_f4c853c3_6iC2F32B (a39dc3a0-427d-4169-af8a-a4144b1c0b9c)
2019-12-18 03:16:31.876 20411 RALLYDEBUG rally_openstack.cleanup.manager [-] Deleting nova.servers object s_rally_f4c853c3_1EUL2mh6 (45755323-04bd-4b3f-80a2-ad354584d93f)
2019-12-18 03:16:31.880 20411 RALLYDEBUG rally_openstack.cleanup.manager [-] Deleting nova.servers object s_rally_f4c853c3_1cVU4ddY (fce2c3fa-e5d7-406d-904a-8c4847f03557)
2019-12-18 03:16:31.889 20411 RALLYDEBUG rally_openstack.cleanup.manager [-] Deleting nova.servers object s_rally_f4c853c3_fxRhgH6Z (7092e01f-c3a0-4c31-8424-e71337a6c2ef)
2019-12-18 03:16:31.893 20411 RALLYDEBUG rally_openstack.cleanup.manager [-] Deleting nova.servers object s_rally_f4c853c3_9ZLBpLIW (8a39c26f-a770-45ec-b4e2-7fe04cc92816)
2019-12-18 03:16:31.902 20411 RALLYDEBUG rally_openstack.cleanup.manager [-] Deleting nova.servers object s_rally_f4c853c3_fTjwnTJu (836edfb1-10b3-42be-88d5-2cf90b93ca5c)
2019-12-18 03:16:31.908 20411 RALLYDEBUG rally_openstack.cleanup.manager [-] Deleting nova.servers object s_rally_f4c853c3_oi9rkzmt (e8d665e2-5a95-4f31-893c-b13e37611d07)
2019-12-18 03:16:31.914 20411 RALLYDEBUG rally_openstack.cleanup.manager [-] Deleting nova.servers object s_rally_f4c853c3_k82QReZ5 (75768602-a1ca-43ab-a4ba-037c4a97bf2f)
2019-12-18 03:16:31.929 20411 RALLYDEBUG rally_openstack.cleanup.manager [-] Deleting nova.servers object s_rally_f4c853c3_r3NaqLqE (7fc45608-529a-40e7-bb2c-d595d23e13a2)
2019-12-18 03:16:31.957 20411 RALLYDEBUG rally_openstack.cleanup.manager [-] Deleting nova.servers object s_rally_f4c853c3_MVBkBx3Y (01c3e90c-cb88-49f9-92fd-ade15a8ec5c5)
2019-12-18 03:16:37.397 20411 RALLYDEBUG rally_openstack.cleanup.manager [-] Cleaning up nova server_groups objects
2019-12-18 03:16:38.567 20411 RALLYDEBUG rally_openstack.cleanup.manager [-] Cleaning up nova keypairs objects
2019-12-18 03:16:41.008 20411 INFO rally.task.context [-] Task c708e019-2db7-43ad-b3c8-d031aba2ba2e | Context cleanup@openstack cleanup() finished in 11.57 sec
2019-12-18 03:16:41.008 20411 INFO rally.task.context [-] Task c708e019-2db7-43ad-b3c8-d031aba2ba2e | Context network@openstack cleanup() started
2019-12-18 03:17:04.016 20411 INFO rally.task.context [-] Task c708e019-2db7-43ad-b3c8-d031aba2ba2e | Context network@openstack cleanup() finished in 23.01 sec
2019-12-18 03:17:04.016 20411 INFO rally.task.context [-] Task c708e019-2db7-43ad-b3c8-d031aba2ba2e | Context users@openstack cleanup() started
2019-12-18 03:17:08.485 20411 INFO rally.task.context [-] Task c708e019-2db7-43ad-b3c8-d031aba2ba2e | Context users@openstack cleanup() finished in 4.47 sec
2019-12-18 03:17:08.571 20411 INFO rally.task.engine [-] Load duration is: 24.681931
2019-12-18 03:17:08.571 20411 INFO rally.task.engine [-] Full runner duration is: 25.730144
2019-12-18 03:17:08.572 20411 INFO rally.task.engine [-] Full duration is: 82.336932
2019-12-18 03:17:08.930 20411 INFO rally.task.engine [-] Running workload: position = 0 config = { "version": 2, "title": "A cropped version of a bigger task.", "description": "Auto-generated task from a single workload (uuid=864912fb-6e55-4c9f-96f6-fd695af66b47)", "subtasks": [ { "title": "NovaServers.boot_and_get_console_url", "description": "Retrieve a console url of a server.", "scenario": { "NovaServers.boot_and_get_console_url": { "flavor": { "name": "rally_full-flavor_82abc6db-4b93-46af-8703-7548ccee80b4" }, "image": { "name": "rally_full-img_82abc6db-4b93-46af-8703-7548ccee80b4" }, "console_type": "novnc", "auto_assign_nic": true } }, "contexts": { "users": { "tenants": 3, "users_per_tenant": 2 }, "network": {} }, "runner": { "constant": { "concurrency": 4, "times": 10 } }, "hooks": [], "sla": { "failure_rate": { "max": 0 } } } ] }
2019-12-18 03:17:08.956 20411 RALLYDEBUG rally_openstack.contexts.keystone.users [-] Creating 3 tenants using 20 threads
2019-12-18 03:17:10.050 20411 RALLYDEBUG rally_openstack.contexts.keystone.users [-] Creating 6 users using 20 threads
2019-12-18 03:17:11.586 20411 INFO rally.task.context [-] Task c708e019-2db7-43ad-b3c8-d031aba2ba2e | Context users@openstack setup() finished in 2.63 sec
2019-12-18 03:17:14.491 20411 RALLYDEBUG rally_openstack.wrappers.network [-] CIDR generated: 10.2.30.0/24
2019-12-18 03:17:19.114 20411 RALLYDEBUG rally_openstack.wrappers.network [-] CIDR generated: 10.2.31.0/24
2019-12-18 03:17:23.807 20411 RALLYDEBUG rally_openstack.wrappers.network [-] CIDR generated: 10.2.32.0/24
2019-12-18 03:17:26.291 20411 INFO rally.task.context [-] Task c708e019-2db7-43ad-b3c8-d031aba2ba2e | Context network@openstack setup() finished in 14.70 sec
2019-12-18 03:17:26.292 20411 INFO rally.task.context [-] Task c708e019-2db7-43ad-b3c8-d031aba2ba2e | Context cleanup@openstack setup() finished in 0.01 msec
2019-12-18 03:17:27.248 20411 RALLYDEBUG rally.task.runner [-] Starting the constant runner (task UUID: c708e019-2db7-43ad-b3c8-d031aba2ba2e). times: 10 concurrency: 4 timeout: 0 max_cpu_used: 16 processes_to_start: 4 concurrency_per_worker: 1 concurrency_overhead: 0
2019-12-18 03:17:27.258 23951 RALLYDEBUG rally.task.runner [-] Starting a worker. times: 10 duration: None concurrency: 1 timeout: 0 cls: method_name: run args: {"flavor": "c3ced0cb-30ea-448e-8a52-6953d615bc6c", "image": "48bf0efe-01ba-4643-8231-99113ba84e63", "console_type": "novnc", "auto_assign_nic": true}
2019-12-18 03:17:27.260 23952 RALLYDEBUG rally.task.runner [-] Starting a worker. times: 10 duration: None concurrency: 1 timeout: 0 cls: method_name: run args: {"flavor": "c3ced0cb-30ea-448e-8a52-6953d615bc6c", "image": "48bf0efe-01ba-4643-8231-99113ba84e63", "console_type": "novnc", "auto_assign_nic": true}
2019-12-18 03:17:27.264 23951 INFO rally.task.runner [-] Task c708e019-2db7-43ad-b3c8-d031aba2ba2e | ITER: 1 START
2019-12-18 03:17:27.265 23952 INFO rally.task.runner [-] Task c708e019-2db7-43ad-b3c8-d031aba2ba2e | ITER: 2 START
2019-12-18 03:17:27.265 23953 RALLYDEBUG rally.task.runner [-] Starting a worker. times: 10 duration: None concurrency: 1 timeout: 0 cls: method_name: run args: {"flavor": "c3ced0cb-30ea-448e-8a52-6953d615bc6c", "image": "48bf0efe-01ba-4643-8231-99113ba84e63", "console_type": "novnc", "auto_assign_nic": true}
2019-12-18 03:17:27.269 23956 RALLYDEBUG rally.task.runner [-] Starting a worker. times: 10 duration: None concurrency: 1 timeout: 0 cls: method_name: run args: {"flavor": "c3ced0cb-30ea-448e-8a52-6953d615bc6c", "image": "48bf0efe-01ba-4643-8231-99113ba84e63", "console_type": "novnc", "auto_assign_nic": true}
2019-12-18 03:17:27.272 23953 INFO rally.task.runner [-] Task c708e019-2db7-43ad-b3c8-d031aba2ba2e | ITER: 3 START
2019-12-18 03:17:27.276 23956 INFO rally.task.runner [-] Task c708e019-2db7-43ad-b3c8-d031aba2ba2e | ITER: 4 START
2019-12-18 03:17:34.411 23956 RALLYDEBUG rally.task.utils [-] Waiting for resource s_rally_864912fb_WOjRW8jN. Status changed: BUILD => ACTIVE in 4.612372398376465
2019-12-18 03:17:34.480 23956 INFO rally.task.runner [-] Task c708e019-2db7-43ad-b3c8-d031aba2ba2e | ITER: 4 END: OK
2019-12-18 03:17:34.485 23956 INFO rally.task.runner [-] Task c708e019-2db7-43ad-b3c8-d031aba2ba2e | ITER: 5 START
2019-12-18 03:17:36.494 23952 RALLYDEBUG rally.task.utils [-] Waiting for resource s_rally_864912fb_6uTOBp3b. Status changed: BUILD => ACTIVE in 6.833595514297485
2019-12-18 03:17:36.498 23953 RALLYDEBUG rally.task.utils [-] Waiting for resource s_rally_864912fb_BPhYVHI5. Status changed: BUILD => ACTIVE in 6.812361001968384
2019-12-18 03:17:36.565 23952 INFO rally.task.runner [-] Task c708e019-2db7-43ad-b3c8-d031aba2ba2e | ITER: 2 END: OK
2019-12-18 03:17:36.570 23952 INFO rally.task.runner [-] Task c708e019-2db7-43ad-b3c8-d031aba2ba2e | ITER: 6 START
2019-12-18 03:17:36.574 23953 INFO rally.task.runner [-] Task c708e019-2db7-43ad-b3c8-d031aba2ba2e | ITER: 3 END: OK
2019-12-18 03:17:36.579 23953 INFO rally.task.runner [-] Task c708e019-2db7-43ad-b3c8-d031aba2ba2e | ITER: 7 START
2019-12-18 03:17:39.098 23951 RALLYDEBUG rally.task.utils [-] Waiting for resource s_rally_864912fb_Q3uPrcRd. Status changed: BUILD => ACTIVE in 9.283185482025146
2019-12-18 03:17:39.189 23951 INFO rally.task.runner [-] Task c708e019-2db7-43ad-b3c8-d031aba2ba2e | ITER: 1 END: OK
2019-12-18 03:17:39.194 23951 INFO rally.task.runner [-] Task c708e019-2db7-43ad-b3c8-d031aba2ba2e | ITER: 8 START
2019-12-18 03:17:41.744 23956 RALLYDEBUG rally.task.utils [-] Waiting for resource s_rally_864912fb_JNnTK0rS. Status changed: BUILD => ACTIVE in 4.628807783126831
2019-12-18 03:17:41.814 23956 INFO rally.task.runner [-] Task c708e019-2db7-43ad-b3c8-d031aba2ba2e | ITER: 5 END: OK
2019-12-18 03:17:41.818 23956 INFO rally.task.runner [-] Task c708e019-2db7-43ad-b3c8-d031aba2ba2e | ITER: 9 START
2019-12-18 03:17:45.364 23953 RALLYDEBUG rally.task.utils [-] Waiting for resource s_rally_864912fb_YHtrb9oN. Status changed: BUILD => ACTIVE in 6.653445482254028
2019-12-18 03:17:45.430 23953 INFO rally.task.runner [-] Task c708e019-2db7-43ad-b3c8-d031aba2ba2e | ITER: 7 END: OK
2019-12-18 03:17:45.433 23953 INFO rally.task.runner [-] Task c708e019-2db7-43ad-b3c8-d031aba2ba2e | ITER: 10 START
2019-12-18 03:17:48.036 23952 RALLYDEBUG rally.task.utils [-] Waiting for resource s_rally_864912fb_lqIJV3yu. Status changed: BUILD => ACTIVE in 9.180658102035522
2019-12-18 03:17:48.177 23952 INFO rally.task.runner [-] Task c708e019-2db7-43ad-b3c8-d031aba2ba2e | ITER: 6 END: OK
2019-12-18 03:17:50.420 23951 RALLYDEBUG rally.task.utils [-] Waiting for resource s_rally_864912fb_xniQCgrZ. Status changed: BUILD => ACTIVE in 9.003549575805664
2019-12-18 03:17:50.495 23951 INFO rally.task.runner [-] Task c708e019-2db7-43ad-b3c8-d031aba2ba2e | ITER: 8 END: OK
2019-12-18 03:17:55.174 23956 RALLYDEBUG rally.task.utils [-] Waiting for resource s_rally_864912fb_gJV01WgP. Status changed: BUILD => ACTIVE in 11.253845691680908
2019-12-18 03:17:55.244 23956 INFO rally.task.runner [-] Task c708e019-2db7-43ad-b3c8-d031aba2ba2e | ITER: 9 END: OK
2019-12-18 03:17:56.950 23953 RALLYDEBUG rally.task.utils [-] Waiting for resource s_rally_864912fb_gVN69bRu. Status changed: BUILD => ACTIVE in 9.160705804824829
2019-12-18 03:17:57.028 23953 INFO rally.task.runner [-] Task c708e019-2db7-43ad-b3c8-d031aba2ba2e | ITER: 10 END: OK
2019-12-18 03:17:57.059 20411 INFO rally.task.context [-] Task c708e019-2db7-43ad-b3c8-d031aba2ba2e | Context cleanup@openstack cleanup() started
2019-12-18 03:17:57.063 20411 RALLYDEBUG rally_openstack.cleanup.manager [-] Cleaning up nova servers objects
2019-12-18 03:18:00.031 20411 RALLYDEBUG rally_openstack.cleanup.manager [-] Deleting nova.servers object s_rally_864912fb_6uTOBp3b (0fb772a2-32c6-4829-9043-7e17a2ad0087)
2019-12-18 03:18:00.041 20411 RALLYDEBUG rally_openstack.cleanup.manager [-] Deleting nova.servers object s_rally_864912fb_WOjRW8jN (9145de14-01c2-4fbf-9fe5-c487665559b8)
2019-12-18 03:18:00.049 20411 RALLYDEBUG rally_openstack.cleanup.manager [-] Deleting nova.servers object s_rally_864912fb_BPhYVHI5 (a596f22d-70ff-4d68-a957-a700fc61c34e)
2019-12-18 03:18:00.053 20411 RALLYDEBUG rally_openstack.cleanup.manager [-] Deleting nova.servers object s_rally_864912fb_Q3uPrcRd (cfec14b5-fdd2-4a75-bd21-f6447bc6c3ca)
2019-12-18 03:18:00.067 20411 RALLYDEBUG rally_openstack.cleanup.manager [-] Deleting nova.servers object s_rally_864912fb_gVN69bRu (246ef448-3189-414a-bcd5-81d0f0bc24f2)
2019-12-18 03:18:00.082 20411 RALLYDEBUG rally_openstack.cleanup.manager [-] Deleting nova.servers object s_rally_864912fb_gJV01WgP (e8103791-decf-49b5-8654-68caee2038d9)
2019-12-18 03:18:00.093 20411 RALLYDEBUG rally_openstack.cleanup.manager [-] Deleting nova.servers object s_rally_864912fb_lqIJV3yu (39e78a59-810c-4278-a6da-81727baae8b5)
2019-12-18 03:18:00.100 20411 RALLYDEBUG rally_openstack.cleanup.manager [-] Deleting nova.servers object s_rally_864912fb_YHtrb9oN (ffb4a47a-1b63-40d4-ba8c-668d7c63d986)
2019-12-18 03:18:00.108 20411 RALLYDEBUG rally_openstack.cleanup.manager [-] Deleting nova.servers object s_rally_864912fb_JNnTK0rS (a3c1f711-21c0-4cbf-a1d8-99ca65dca7d1)
2019-12-18 03:18:00.120 20411 RALLYDEBUG rally_openstack.cleanup.manager [-] Deleting nova.servers object s_rally_864912fb_xniQCgrZ (ecba5b83-cdd6-482c-bcb4-e7a5d04f7269)
2019-12-18 03:18:07.204 20411 RALLYDEBUG rally_openstack.cleanup.manager [-] Cleaning up nova server_groups objects
2019-12-18 03:18:08.506 20411 RALLYDEBUG rally_openstack.cleanup.manager [-] Cleaning up nova keypairs objects
2019-12-18 03:18:10.857 20411 INFO rally.task.context [-] Task c708e019-2db7-43ad-b3c8-d031aba2ba2e | Context cleanup@openstack cleanup() finished in 13.80 sec
2019-12-18 03:18:10.858 20411 INFO rally.task.context [-] Task c708e019-2db7-43ad-b3c8-d031aba2ba2e | Context network@openstack cleanup() started
2019-12-18 03:18:34.542 20411 INFO rally.task.context [-] Task c708e019-2db7-43ad-b3c8-d031aba2ba2e | Context network@openstack cleanup() finished in 23.68 sec
2019-12-18 03:18:34.543 20411 INFO rally.task.context [-] Task c708e019-2db7-43ad-b3c8-d031aba2ba2e | Context users@openstack cleanup() started
2019-12-18 03:18:38.658 20411 INFO rally.task.context [-] Task c708e019-2db7-43ad-b3c8-d031aba2ba2e | Context users@openstack cleanup() finished in 4.12 sec
2019-12-18 03:18:39.386 20411 INFO rally.task.engine [-] Load duration is: 28.761794
2019-12-18 03:18:39.387 20411 INFO rally.task.engine [-] Full runner duration is: 29.812022
2019-12-18 03:18:39.387 20411 INFO rally.task.engine [-] Full duration is: 89.704297
2019-12-18 03:18:39.715 20411 INFO rally.task.engine [-] Running workload: position = 0 config = { "version": 2, "title": "A cropped version of a bigger task.", "description": "Auto-generated task from a single workload (uuid=c0f0d128-53e6-4429-81c5-68f4e95a1f89)", "subtasks": [ { "title": "NovaServers.boot_server_and_attach_interface", "description": "Create server and subnet, then attach the interface to it.", "scenario": { "NovaServers.boot_server_and_attach_interface": { "flavor": { "name": "rally_full-flavor_82abc6db-4b93-46af-8703-7548ccee80b4" }, "image": { "name": "rally_full-img_82abc6db-4b93-46af-8703-7548ccee80b4" }, "network_create_args": {}, "subnet_create_args": {}, "boot_server_args": { "auto_assign_nic": true } } }, "contexts": { "users": { "tenants": 3, "users_per_tenant": 2 }, "network": {} }, "runner": { "constant": { "concurrency": 4, "times": 10 } }, "hooks": [], "sla": { "failure_rate": { "max": 0 } } } ] }
2019-12-18 03:18:39.741 20411 RALLYDEBUG rally_openstack.contexts.keystone.users [-] Creating 3 tenants using 20 threads
2019-12-18 03:18:40.790 20411 RALLYDEBUG rally_openstack.contexts.keystone.users [-] Creating 6 users using 20 threads
2019-12-18 03:18:42.376 20411 INFO rally.task.context [-] Task c708e019-2db7-43ad-b3c8-d031aba2ba2e | Context users@openstack setup() finished in 2.63 sec
2019-12-18 03:18:44.918 20411 RALLYDEBUG rally_openstack.wrappers.network [-] CIDR generated: 10.2.33.0/24
2019-12-18 03:18:49.308 20411 RALLYDEBUG rally_openstack.wrappers.network [-] CIDR generated: 10.2.34.0/24
2019-12-18 03:18:53.844 20411 RALLYDEBUG rally_openstack.wrappers.network [-] CIDR generated: 10.2.35.0/24
2019-12-18 03:18:56.434 20411 INFO rally.task.context [-] Task c708e019-2db7-43ad-b3c8-d031aba2ba2e | Context network@openstack setup() finished in 14.06 sec
2019-12-18 03:18:56.434 20411 INFO rally.task.context [-] Task c708e019-2db7-43ad-b3c8-d031aba2ba2e | Context cleanup@openstack setup() finished in 0.01 msec
2019-12-18 03:18:57.369 20411 RALLYDEBUG rally.task.runner [-] Starting the constant runner (task UUID: c708e019-2db7-43ad-b3c8-d031aba2ba2e). times: 10 concurrency: 4 timeout: 0 max_cpu_used: 16 processes_to_start: 4 concurrency_per_worker: 1 concurrency_overhead: 0
2019-12-18 03:18:57.381 24115 RALLYDEBUG rally.task.runner [-] Starting a worker. times: 10 duration: None concurrency: 1 timeout: 0 cls: method_name: run args: {"flavor": "c3ced0cb-30ea-448e-8a52-6953d615bc6c", "image": "48bf0efe-01ba-4643-8231-99113ba84e63", "network_create_args": {}, "subnet_create_args": {}, "boot_server_args": {"auto_assign_nic": true}}
2019-12-18 03:18:57.384 24116 RALLYDEBUG rally.task.runner [-] Starting a worker. times: 10 duration: None concurrency: 1 timeout: 0 cls: method_name: run args: {"flavor": "c3ced0cb-30ea-448e-8a52-6953d615bc6c", "image": "48bf0efe-01ba-4643-8231-99113ba84e63", "network_create_args": {}, "subnet_create_args": {}, "boot_server_args": {"auto_assign_nic": true}}
2019-12-18 03:18:57.388 24115 INFO rally.task.runner [-] Task c708e019-2db7-43ad-b3c8-d031aba2ba2e | ITER: 1 START
2019-12-18 03:18:57.388 24117 RALLYDEBUG rally.task.runner [-] Starting a worker. times: 10 duration: None concurrency: 1 timeout: 0 cls: method_name: run args: {"flavor": "c3ced0cb-30ea-448e-8a52-6953d615bc6c", "image": "48bf0efe-01ba-4643-8231-99113ba84e63", "network_create_args": {}, "subnet_create_args": {}, "boot_server_args": {"auto_assign_nic": true}}
2019-12-18 03:18:57.389 24116 INFO rally.task.runner [-] Task c708e019-2db7-43ad-b3c8-d031aba2ba2e | ITER: 2 START
2019-12-18 03:18:57.392 24115 RALLYDEBUG rally_openstack.wrappers.network [-] CIDR generated: 10.2.36.0/24
2019-12-18 03:18:57.393 24116 RALLYDEBUG rally_openstack.wrappers.network [-] CIDR generated: 10.2.37.0/24
2019-12-18 03:18:57.392 24119 RALLYDEBUG rally.task.runner [-] Starting a worker. times: 10 duration: None concurrency: 1 timeout: 0 cls: method_name: run args: {"flavor": "c3ced0cb-30ea-448e-8a52-6953d615bc6c", "image": "48bf0efe-01ba-4643-8231-99113ba84e63", "network_create_args": {}, "subnet_create_args": {}, "boot_server_args": {"auto_assign_nic": true}}
2019-12-18 03:18:57.395 24117 INFO rally.task.runner [-] Task c708e019-2db7-43ad-b3c8-d031aba2ba2e | ITER: 3 START
2019-12-18 03:18:57.397 24117 RALLYDEBUG rally_openstack.wrappers.network [-] CIDR generated: 10.2.38.0/24
2019-12-18 03:18:57.399 24119 INFO rally.task.runner [-] Task c708e019-2db7-43ad-b3c8-d031aba2ba2e | ITER: 4 START
2019-12-18 03:18:57.401 24119 RALLYDEBUG rally_openstack.wrappers.network [-] CIDR generated: 10.2.39.0/24
2019-12-18 03:19:05.313 24115 RALLYDEBUG rally.task.utils [-] Waiting for resource s_rally_c0f0d128_qcm6MizW. Status changed: BUILD => ACTIVE in 4.992002725601196
2019-12-18 03:19:07.764 24116 RALLYDEBUG rally.task.utils [-] Waiting for resource s_rally_c0f0d128_z9Hfw5GS. Status changed: BUILD => ACTIVE in 6.834134817123413
2019-12-18 03:19:07.895 24115 INFO rally.task.runner [-] Task c708e019-2db7-43ad-b3c8-d031aba2ba2e | ITER: 1 END: OK
2019-12-18 03:19:07.900 24115 INFO rally.task.runner [-] Task c708e019-2db7-43ad-b3c8-d031aba2ba2e | ITER: 5 START
2019-12-18 03:19:07.901 24115 RALLYDEBUG rally_openstack.wrappers.network [-] CIDR generated: 10.2.40.0/24
2019-12-18 03:19:08.180 24119 RALLYDEBUG rally.task.utils [-] Waiting for resource s_rally_c0f0d128_y3t7QuYf. Status changed: BUILD => ACTIVE in 6.8579652309417725
2019-12-18 03:19:09.571 24117 RALLYDEBUG rally.task.utils [-] Waiting for resource s_rally_c0f0d128_Uxm0LC8a. Status changed: BUILD => ACTIVE in 9.087099075317383
2019-12-18 03:19:10.475 24116 INFO rally.task.runner [-] Task c708e019-2db7-43ad-b3c8-d031aba2ba2e | ITER: 2 END: OK
2019-12-18 03:19:10.480 24116 INFO rally.task.runner [-] Task c708e019-2db7-43ad-b3c8-d031aba2ba2e | ITER: 6 START
2019-12-18 03:19:10.481 24116 RALLYDEBUG rally_openstack.wrappers.network [-] CIDR generated: 10.2.41.0/24
2019-12-18 03:19:11.310 24119 INFO rally.task.runner [-] Task c708e019-2db7-43ad-b3c8-d031aba2ba2e | ITER: 4 END: OK
2019-12-18 03:19:11.315 24119 INFO rally.task.runner [-] Task c708e019-2db7-43ad-b3c8-d031aba2ba2e | ITER: 7 START
2019-12-18 03:19:11.316 24119 RALLYDEBUG rally_openstack.wrappers.network [-] CIDR generated: 10.2.42.0/24
2019-12-18 03:19:12.300 24117 INFO rally.task.runner [-] Task c708e019-2db7-43ad-b3c8-d031aba2ba2e | ITER: 3 END: OK
2019-12-18 03:19:12.305 24117 INFO rally.task.runner [-] Task c708e019-2db7-43ad-b3c8-d031aba2ba2e | ITER: 8 START
2019-12-18 03:19:12.306 24117 RALLYDEBUG rally_openstack.wrappers.network [-] CIDR generated: 10.2.43.0/24
2019-12-18 03:19:20.689 24116 RALLYDEBUG rally.task.utils [-] Waiting for resource s_rally_c0f0d128_CEB6E19I. Status changed: BUILD => ACTIVE in 6.977283239364624
2019-12-18 03:19:22.118 24117 RALLYDEBUG rally.task.utils [-] Waiting for resource s_rally_c0f0d128_AeTTjVZM. Status changed: BUILD => ACTIVE in 6.92581033706665
2019-12-18 03:19:22.478 24115 RALLYDEBUG rally.task.utils [-] Waiting for resource s_rally_c0f0d128_SwWdY6W4. Status changed: BUILD => ACTIVE in 11.378937005996704
2019-12-18 03:19:23.532 24116 INFO rally.task.runner [-] Task c708e019-2db7-43ad-b3c8-d031aba2ba2e | ITER: 6 END: OK
2019-12-18 03:19:23.538 24116 INFO rally.task.runner [-] Task c708e019-2db7-43ad-b3c8-d031aba2ba2e | ITER: 9 START
2019-12-18 03:19:23.540 24116 RALLYDEBUG rally_openstack.wrappers.network [-] CIDR generated: 10.2.44.0/24
2019-12-18 03:19:25.003 24117 INFO rally.task.runner [-] Task c708e019-2db7-43ad-b3c8-d031aba2ba2e | ITER: 8 END: OK
2019-12-18 03:19:25.009 24117 INFO rally.task.runner [-] Task c708e019-2db7-43ad-b3c8-d031aba2ba2e | ITER: 10 START
2019-12-18 03:19:25.011 24117 RALLYDEBUG rally_openstack.wrappers.network [-] CIDR generated: 10.2.45.0/24
2019-12-18 03:19:25.147 24115 INFO rally.task.runner [-] Task c708e019-2db7-43ad-b3c8-d031aba2ba2e | ITER: 5 END: OK
2019-12-18 03:19:25.888 24119 RALLYDEBUG rally.task.utils [-] Waiting for resource s_rally_c0f0d128_sDBwH0wk. Status changed: BUILD => ACTIVE in 11.20664095878601
2019-12-18 03:19:28.681 24119 INFO rally.task.runner [-] Task c708e019-2db7-43ad-b3c8-d031aba2ba2e | ITER: 7 END: OK
2019-12-18 03:19:36.248 24116 RALLYDEBUG rally.task.utils [-] Waiting for resource s_rally_c0f0d128_QWYgbd42. Status changed: BUILD => ACTIVE in 8.912171125411987
2019-12-18 03:19:37.113 24117 RALLYDEBUG rally.task.utils [-] Waiting for resource s_rally_c0f0d128_AOu4uBpf. Status changed: BUILD => ACTIVE in 8.953835487365723
2019-12-18 03:19:39.053 24116 INFO rally.task.runner [-] Task c708e019-2db7-43ad-b3c8-d031aba2ba2e | ITER: 9 END: OK
2019-12-18 03:19:40.236 24117 INFO rally.task.runner [-] Task c708e019-2db7-43ad-b3c8-d031aba2ba2e | ITER: 10 END: OK
2019-12-18 03:19:40.263 20411 INFO rally.task.context [-] Task c708e019-2db7-43ad-b3c8-d031aba2ba2e | Context cleanup@openstack cleanup() started
2019-12-18 03:19:40.267 20411 RALLYDEBUG rally_openstack.cleanup.manager [-] Cleaning up nova servers objects
2019-12-18 03:19:42.911 20411 RALLYDEBUG rally_openstack.cleanup.manager [-] Deleting nova.servers object s_rally_c0f0d128_y3t7QuYf (68d43d22-7b9c-4a31-80a2-1b2b6b687750)
2019-12-18 03:19:42.920 20411 RALLYDEBUG rally_openstack.cleanup.manager [-] Deleting nova.servers object s_rally_c0f0d128_Uxm0LC8a (90f1f86c-ef8a-4376-a8da-8a4ad57b580a)
2019-12-18 03:19:42.929 20411 RALLYDEBUG rally_openstack.cleanup.manager [-] Deleting nova.servers object s_rally_c0f0d128_QWYgbd42 (3af47c15-27b9-47ab-a281-b4c9d98eb140)
2019-12-18 03:19:42.933 20411 RALLYDEBUG rally_openstack.cleanup.manager [-] Deleting nova.servers object s_rally_c0f0d128_AOu4uBpf (b86e6ae6-386e-4f64-9eba-a7cf2c45a7bc)
2019-12-18 03:19:42.947 20411 RALLYDEBUG rally_openstack.cleanup.manager [-] Deleting nova.servers object s_rally_c0f0d128_sDBwH0wk (da5282ec-71a7-4d7f-acdd-ae407601516f)
2019-12-18 03:19:42.956 20411 RALLYDEBUG rally_openstack.cleanup.manager [-] Deleting nova.servers object s_rally_c0f0d128_CEB6E19I (75f9e1af-b7f5-4e41-83f9-b3eb6eb6240c)
2019-12-18 03:19:42.970 20411 RALLYDEBUG rally_openstack.cleanup.manager [-] Deleting nova.servers object s_rally_c0f0d128_qcm6MizW (c50fe61f-7957-4c9f-ab43-bda504aa7506)
2019-12-18 03:19:42.979 20411 RALLYDEBUG rally_openstack.cleanup.manager [-] Deleting nova.servers object s_rally_c0f0d128_AeTTjVZM (06590943-b496-4bad-a223-e77184b4a877)
2019-12-18 03:19:42.988 20411 RALLYDEBUG rally_openstack.cleanup.manager [-] Deleting nova.servers object s_rally_c0f0d128_SwWdY6W4 (36db79ce-51c0-4e2e-b9b8-0c9a5e075f1d)
2019-12-18 03:19:43.011 20411 RALLYDEBUG rally_openstack.cleanup.manager [-] Deleting nova.servers object s_rally_c0f0d128_z9Hfw5GS (28686aee-2b63-491c-9867-36ad04da53f0)
2019-12-18 03:19:50.052 20411 RALLYDEBUG rally_openstack.cleanup.manager [-] Cleaning up nova server_groups objects
2019-12-18 03:19:51.209 20411 RALLYDEBUG rally_openstack.cleanup.manager [-] Cleaning up nova keypairs objects
2019-12-18 03:19:53.560 20411 RALLYDEBUG rally_openstack.cleanup.manager [-] Cleaning up neutron vip objects
2019-12-18 03:19:54.710 20411 RALLYDEBUG rally_openstack.cleanup.manager [-] Cleaning up neutron health_monitor objects
2019-12-18 03:19:55.867 20411 RALLYDEBUG rally_openstack.cleanup.manager [-] Cleaning up neutron pool objects
2019-12-18 03:19:56.979 20411 RALLYDEBUG rally_openstack.cleanup.manager [-] Cleaning up neutron loadbalancer objects
2019-12-18 03:19:58.089 20411 RALLYDEBUG rally_openstack.cleanup.manager [-] Cleaning up neutron floatingip objects
2019-12-18 03:19:59.357 20411 RALLYDEBUG rally_openstack.cleanup.manager [-] Cleaning up neutron trunk objects
2019-12-18 03:20:00.523 20411 RALLYDEBUG rally_openstack.cleanup.manager [-] Cleaning up neutron port objects
2019-12-18 03:20:02.837 20411 RALLYDEBUG rally_openstack.cleanup.manager [-] Cleaning up neutron subnet objects
2019-12-18 03:20:04.144 20411 RALLYDEBUG rally_openstack.cleanup.manager [-] Deleting neutron.subnet object s_rally_c0f0d128_w3oquByC (4643902f-537f-4e5f-9f2b-052a1a9199f4)
2019-12-18 03:20:04.151 20411 RALLYDEBUG rally_openstack.cleanup.manager [-] Deleting neutron.subnet object s_rally_c0f0d128_3Romffkv (99a1c812-fee2-4176-9e2e-22bd0555ab42)
2019-12-18 03:20:04.163 20411 RALLYDEBUG rally_openstack.cleanup.manager [-] Deleting neutron.subnet object s_rally_c0f0d128_vdxsRZkV (026c3652-b5af-4c90-89dd-e64bac175729)
2019-12-18 03:20:04.177 20411 RALLYDEBUG rally_openstack.cleanup.manager [-] Deleting neutron.subnet object s_rally_c0f0d128_wpIQPL1w (75ed762d-6f18-4a1a-abc0-05ef51f5a08f)
2019-12-18 03:20:04.184 20411 RALLYDEBUG rally_openstack.cleanup.manager [-] Deleting neutron.subnet object s_rally_c0f0d128_hlIpFkjY (8cb0b51d-9a96-4a21-8fbf-b3a1941a4960)
2019-12-18 03:20:04.197 20411 RALLYDEBUG rally_openstack.cleanup.manager [-] Deleting neutron.subnet object s_rally_c0f0d128_7IaF1ss9 (8d08a7bd-546a-4a9b-b195-16c08f19c12b)
2019-12-18 03:20:04.214 20411 RALLYDEBUG rally_openstack.cleanup.manager [-] Deleting neutron.subnet object s_rally_c0f0d128_3aBDFvCg (958aeb54-90a8-441e-8935-700121aa93f3)
2019-12-18 03:20:04.225 20411 RALLYDEBUG rally_openstack.cleanup.manager [-] Deleting neutron.subnet object s_rally_c0f0d128_bUPOvJV4 (5b996447-8b4e-4a91-992e-66870d893fc9)
2019-12-18 03:20:04.235 20411 RALLYDEBUG rally_openstack.cleanup.manager [-] Deleting neutron.subnet object s_rally_c0f0d128_DsF6GmDX (56f62ed2-4792-452a-a822-1a63592e94da)
2019-12-18 03:20:04.243 20411 RALLYDEBUG rally_openstack.cleanup.manager [-] Deleting neutron.subnet object s_rally_c0f0d128_YpW4Kyd8 (9e88066f-8d99-474d-94ba-a876eeb58700)
2019-12-18 03:20:09.341 20411 RALLYDEBUG rally_openstack.cleanup.manager [-] Cleaning up neutron network objects
2019-12-18 03:20:10.696 20411 RALLYDEBUG rally_openstack.cleanup.manager [-] Cleaning up neutron router objects
2019-12-18 03:20:12.131 20411 RALLYDEBUG rally_openstack.cleanup.manager [-] Cleaning up neutron security_group objects
2019-12-18 03:20:13.339 20411 INFO rally.task.context [-] Task c708e019-2db7-43ad-b3c8-d031aba2ba2e | Context cleanup@openstack cleanup() finished in 33.08 sec
2019-12-18 03:20:13.340 20411 INFO rally.task.context [-] Task c708e019-2db7-43ad-b3c8-d031aba2ba2e | Context network@openstack cleanup() started
2019-12-18 03:20:37.330 20411 INFO rally.task.context [-] Task c708e019-2db7-43ad-b3c8-d031aba2ba2e | Context network@openstack cleanup() finished in 23.99 sec
2019-12-18 03:20:37.330 20411 INFO rally.task.context [-] Task c708e019-2db7-43ad-b3c8-d031aba2ba2e | Context users@openstack cleanup() started
2019-12-18 03:20:41.497 20411 INFO rally.task.context [-] Task c708e019-2db7-43ad-b3c8-d031aba2ba2e | Context users@openstack cleanup() finished in 4.17 sec
2019-12-18 03:20:42.330 20411 INFO rally.task.engine [-] Load duration is: 41.845635
2019-12-18 03:20:42.330 20411 INFO rally.task.engine [-] Full runner duration is: 42.895017
2019-12-18 03:20:42.331 20411 INFO rally.task.engine [-] Full duration is: 121.758366
2019-12-18 03:20:42.674 20411 INFO rally.task.engine [-] Running workload: position = 0 config = { "version": 2, "title": "A cropped version of a bigger task.", "description": "Auto-generated task from a single workload (uuid=d56a0bda-3671-4211-ae70-e0c1c5fd55de)", "subtasks": [ { "title": "NovaServers.boot_server_attach_volume_and_list_attachments", "description": "Create a VM, attach N volume to it and list server's attachemnt.", "scenario": { "NovaServers.boot_server_attach_volume_and_list_attachments": { "flavor": { "name": "rally_full-flavor_82abc6db-4b93-46af-8703-7548ccee80b4" }, "image": { "name": "rally_full-img_82abc6db-4b93-46af-8703-7548ccee80b4" }, "volume_size": 1, "volume_num": 1, "create_volume_kwargs": {}, "boot_server_kwargs": { "auto_assign_nic": true } } }, "contexts": { "users": { "tenants": 3, "users_per_tenant": 2 }, "network": {}, "api_versions": { "cinder": { "version": 3, "service_type": "volumev3" } } }, "runner": { "constant": { "concurrency": 4, "times": 10 } }, "hooks": [], "sla": { "failure_rate": { "max": 0 } } } ] }
2019-12-18 03:20:42.699 20411 RALLYDEBUG rally_openstack.contexts.keystone.users [-] Creating 3 tenants using 20 threads
2019-12-18 03:20:43.750 20411 RALLYDEBUG rally_openstack.contexts.keystone.users [-] Creating 6 users using 20 threads
2019-12-18 03:20:45.429 20411 INFO rally.task.context [-] Task c708e019-2db7-43ad-b3c8-d031aba2ba2e | Context users@openstack setup() finished in 2.73 sec
2019-12-18 03:20:45.851 20411 INFO rally.task.context [-] Task c708e019-2db7-43ad-b3c8-d031aba2ba2e | Context api_versions@openstack setup() finished in 0.42 sec
2019-12-18 03:20:48.338 20411 RALLYDEBUG rally_openstack.wrappers.network [-] CIDR generated: 10.2.46.0/24
2019-12-18 03:20:53.044 20411 RALLYDEBUG rally_openstack.wrappers.network [-] CIDR generated: 10.2.47.0/24
2019-12-18 03:20:57.319 20411 RALLYDEBUG rally_openstack.wrappers.network [-] CIDR generated: 10.2.48.0/24
2019-12-18 03:20:59.603 20411 INFO rally.task.context [-] Task c708e019-2db7-43ad-b3c8-d031aba2ba2e | Context network@openstack setup() finished in 13.75 sec
2019-12-18 03:20:59.603 20411 INFO rally.task.context [-] Task c708e019-2db7-43ad-b3c8-d031aba2ba2e | Context cleanup@openstack setup() finished in 0.01 msec
2019-12-18 03:21:00.488 20411 RALLYDEBUG rally.task.runner [-] Starting the constant runner (task UUID: c708e019-2db7-43ad-b3c8-d031aba2ba2e). times: 10 concurrency: 4 timeout: 0 max_cpu_used: 16 processes_to_start: 4 concurrency_per_worker: 1 concurrency_overhead: 0
2019-12-18 03:21:00.500 24499 RALLYDEBUG rally.task.runner [-] Starting a worker. times: 10 duration: None concurrency: 1 timeout: 0 cls: method_name: run args: {"flavor": "c3ced0cb-30ea-448e-8a52-6953d615bc6c", "image": "48bf0efe-01ba-4643-8231-99113ba84e63", "volume_size": 1, "volume_num": 1, "create_volume_kwargs": {}, "boot_server_kwargs": {"auto_assign_nic": true}}
2019-12-18 03:21:00.504 24500 RALLYDEBUG rally.task.runner [-] Starting a worker. times: 10 duration: None concurrency: 1 timeout: 0 cls: method_name: run args: {"flavor": "c3ced0cb-30ea-448e-8a52-6953d615bc6c", "image": "48bf0efe-01ba-4643-8231-99113ba84e63", "volume_size": 1, "volume_num": 1, "create_volume_kwargs": {}, "boot_server_kwargs": {"auto_assign_nic": true}}
2019-12-18 03:21:00.508 24499 INFO rally.task.runner [-] Task c708e019-2db7-43ad-b3c8-d031aba2ba2e | ITER: 1 START
2019-12-18 03:21:00.508 24501 RALLYDEBUG rally.task.runner [-] Starting a worker. times: 10 duration: None concurrency: 1 timeout: 0 cls: method_name: run args: {"flavor": "c3ced0cb-30ea-448e-8a52-6953d615bc6c", "image": "48bf0efe-01ba-4643-8231-99113ba84e63", "volume_size": 1, "volume_num": 1, "create_volume_kwargs": {}, "boot_server_kwargs": {"auto_assign_nic": true}}
2019-12-18 03:21:00.511 24500 INFO rally.task.runner [-] Task c708e019-2db7-43ad-b3c8-d031aba2ba2e | ITER: 2 START
2019-12-18 03:21:00.512 24503 RALLYDEBUG rally.task.runner [-] Starting a worker. times: 10 duration: None concurrency: 1 timeout: 0 cls: method_name: run args: {"flavor": "c3ced0cb-30ea-448e-8a52-6953d615bc6c", "image": "48bf0efe-01ba-4643-8231-99113ba84e63", "volume_size": 1, "volume_num": 1, "create_volume_kwargs": {}, "boot_server_kwargs": {"auto_assign_nic": true}}
2019-12-18 03:21:00.516 24501 INFO rally.task.runner [-] Task c708e019-2db7-43ad-b3c8-d031aba2ba2e | ITER: 3 START
2019-12-18 03:21:00.519 24503 INFO rally.task.runner [-] Task c708e019-2db7-43ad-b3c8-d031aba2ba2e | ITER: 4 START
2019-12-18 03:21:07.658 24500 RALLYDEBUG rally.task.utils [-] Waiting for resource s_rally_d56a0bda_F42dGjqP. Status changed: BUILD => ACTIVE in 4.8026769161224365
2019-12-18 03:21:09.560 24501 RALLYDEBUG rally.task.utils [-] Waiting for resource s_rally_d56a0bda_CN1AIWd6. Status changed: BUILD => ACTIVE in 6.639689683914185
2019-12-18 03:21:09.726 24499 RALLYDEBUG rally.task.utils [-] Waiting for resource s_rally_d56a0bda_esHtLGw2. Status changed: BUILD => ACTIVE in 6.869481563568115
2019-12-18 03:21:10.697 24500 RALLYDEBUG rally.task.utils [-] Waiting for resource s_rally_d56a0bda_9yA25ima. Status changed: AVAILABLE => RESERVED in 0.4154829978942871
2019-12-18 03:21:11.715 24503 RALLYDEBUG rally.task.utils [-] Waiting for resource s_rally_d56a0bda_RaCQOyBs. Status changed: BUILD => ACTIVE in 8.95670223236084
2019-12-18 03:21:12.693 24501 RALLYDEBUG rally.task.utils [-] Waiting for resource s_rally_d56a0bda_x2RZC1SJ. Status changed: AVAILABLE => RESERVED in 0.42236948013305664
2019-12-18 03:21:12.877 24499 RALLYDEBUG rally.task.utils [-] Waiting for resource s_rally_d56a0bda_T3waxeEs. Status changed: AVAILABLE => RESERVED in 0.4249444007873535
2019-12-18 03:21:13.114 24500 RALLYDEBUG rally.task.utils [-] Waiting for resource s_rally_d56a0bda_9yA25ima. Status changed: RESERVED => IN-USE in 2.4171459674835205
2019-12-18 03:21:13.170 24500 INFO rally.task.runner [-] Task c708e019-2db7-43ad-b3c8-d031aba2ba2e | ITER: 2 END: OK
2019-12-18 03:21:13.174 24500 INFO rally.task.runner [-] Task c708e019-2db7-43ad-b3c8-d031aba2ba2e | ITER: 5 START
2019-12-18 03:21:14.713 24503 RALLYDEBUG rally.task.utils [-] Waiting for resource s_rally_d56a0bda_k1jbbz5V. Status changed: AVAILABLE => RESERVED in 0.426239013671875
2019-12-18 03:21:15.119 24501 RALLYDEBUG rally.task.utils [-] Waiting for resource s_rally_d56a0bda_x2RZC1SJ. Status changed: RESERVED => IN-USE in 2.4264562129974365
2019-12-18 03:21:15.169 24501 INFO rally.task.runner [-] Task c708e019-2db7-43ad-b3c8-d031aba2ba2e | ITER: 3 END: OK
2019-12-18 03:21:15.173 24501 INFO rally.task.runner [-] Task c708e019-2db7-43ad-b3c8-d031aba2ba2e | ITER: 6 START
2019-12-18 03:21:15.288 24499 RALLYDEBUG rally.task.utils [-] Waiting for resource s_rally_d56a0bda_T3waxeEs. Status changed: RESERVED => IN-USE in 2.411653757095337
2019-12-18 03:21:15.341 24499 INFO rally.task.runner [-] Task c708e019-2db7-43ad-b3c8-d031aba2ba2e | ITER: 1 END: OK
2019-12-18 03:21:15.345 24499 INFO rally.task.runner [-] Task c708e019-2db7-43ad-b3c8-d031aba2ba2e | ITER: 7 START
2019-12-18 03:21:17.131 24503 RALLYDEBUG rally.task.utils [-] Waiting for resource s_rally_d56a0bda_k1jbbz5V. Status changed: RESERVED => IN-USE in 2.417633533477783
2019-12-18 03:21:17.179 24503 INFO rally.task.runner [-] Task c708e019-2db7-43ad-b3c8-d031aba2ba2e | ITER: 4 END: OK
2019-12-18 03:21:17.184 24503 INFO rally.task.runner [-] Task c708e019-2db7-43ad-b3c8-d031aba2ba2e | ITER: 8 START
2019-12-18 03:21:22.227 24501 RALLYDEBUG rally.task.utils [-] Waiting for resource s_rally_d56a0bda_kt455252. Status changed: BUILD => ACTIVE in 4.812558889389038
2019-12-18 03:21:24.227 24503 RALLYDEBUG rally.task.utils [-] Waiting for resource s_rally_d56a0bda_SDhD74Y7. Status changed: BUILD => ACTIVE in 4.707043170928955
2019-12-18 03:21:24.272 24500 RALLYDEBUG rally.task.utils [-] Waiting for resource s_rally_d56a0bda_CS5QCHeb. Status changed: BUILD => ACTIVE in 9.046615600585938
2019-12-18 03:21:25.089 24499 RALLYDEBUG rally.task.utils [-] Waiting for resource s_rally_d56a0bda_qlzSerd6. Status changed: BUILD => ACTIVE in 6.976866006851196
2019-12-18 03:21:25.249 24501 RALLYDEBUG rally.task.utils [-] Waiting for resource s_rally_d56a0bda_lNT1KMvF. Status changed: AVAILABLE => RESERVED in 0.4296450614929199
2019-12-18 03:21:27.276 24500 RALLYDEBUG rally.task.utils [-] Waiting for resource s_rally_d56a0bda_q22Kff0p. Status changed: AVAILABLE => RESERVED in 0.415482759475708
2019-12-18 03:21:27.338 24503 RALLYDEBUG rally.task.utils [-] Waiting for resource s_rally_d56a0bda_qRaQAb2o. Status changed: AVAILABLE => RESERVED in 0.41947031021118164
2019-12-18 03:21:27.650 24501 RALLYDEBUG rally.task.utils [-] Waiting for resource s_rally_d56a0bda_lNT1KMvF. Status changed: RESERVED => IN-USE in 2.4010772705078125
2019-12-18 03:21:27.699 24501 INFO rally.task.runner [-] Task c708e019-2db7-43ad-b3c8-d031aba2ba2e | ITER: 6 END: OK
2019-12-18 03:21:27.705 24501 INFO rally.task.runner [-] Task c708e019-2db7-43ad-b3c8-d031aba2ba2e | ITER: 9 START
2019-12-18 03:21:28.270 24499 RALLYDEBUG rally.task.utils [-] Waiting for resource s_rally_d56a0bda_V90Yttsz. Status changed: AVAILABLE => RESERVED in 0.5639810562133789
2019-12-18 03:21:29.692 24500 RALLYDEBUG rally.task.utils [-] Waiting for resource s_rally_d56a0bda_q22Kff0p. Status changed: RESERVED => IN-USE in 2.415952682495117
2019-12-18 03:21:29.746 24500 INFO rally.task.runner [-] Task c708e019-2db7-43ad-b3c8-d031aba2ba2e | ITER: 5 END: OK
2019-12-18 03:21:29.751 24500 INFO rally.task.runner [-] Task c708e019-2db7-43ad-b3c8-d031aba2ba2e | ITER: 10 START
2019-12-18 03:21:29.762 24503 RALLYDEBUG rally.task.utils [-] Waiting for resource s_rally_d56a0bda_qRaQAb2o. Status changed: RESERVED => IN-USE in 2.423435926437378
2019-12-18 03:21:29.806 24503 INFO rally.task.runner [-] Task c708e019-2db7-43ad-b3c8-d031aba2ba2e | ITER: 8 END: OK
2019-12-18 03:21:30.671 24499 RALLYDEBUG rally.task.utils [-] Waiting for resource s_rally_d56a0bda_V90Yttsz. Status changed: RESERVED => IN-USE in 2.401345729827881
2019-12-18 03:21:30.719 24499 INFO rally.task.runner [-] Task c708e019-2db7-43ad-b3c8-d031aba2ba2e | ITER: 7 END: OK
2019-12-18 03:21:34.838 24501 RALLYDEBUG rally.task.utils [-] Waiting for resource s_rally_d56a0bda_w7qrcRbI. Status changed: BUILD => ACTIVE in 4.770467758178711
2019-12-18 03:21:36.757 24500 RALLYDEBUG rally.task.utils [-] Waiting for resource s_rally_d56a0bda_mqibBn4K. Status changed: BUILD => ACTIVE in 4.705822467803955
2019-12-18 03:21:37.954 24501 RALLYDEBUG rally.task.utils [-] Waiting for resource s_rally_d56a0bda_pjI11aTa. Status changed: AVAILABLE => RESERVED in 0.42832279205322266
2019-12-18 03:21:39.877 24500 RALLYDEBUG rally.task.utils [-] Waiting for resource s_rally_d56a0bda_rZGurHah. Status changed: AVAILABLE => RESERVED in 0.43054699897766113
2019-12-18 03:21:40.392 24501 RALLYDEBUG rally.task.utils [-] Waiting for resource s_rally_d56a0bda_pjI11aTa. Status changed: RESERVED => IN-USE in 2.4382853507995605
2019-12-18 03:21:40.445 24501 INFO rally.task.runner [-] Task c708e019-2db7-43ad-b3c8-d031aba2ba2e | ITER: 9 END: OK
2019-12-18 03:21:42.311 24500 RALLYDEBUG rally.task.utils [-] Waiting for resource s_rally_d56a0bda_rZGurHah. Status changed: RESERVED => IN-USE in 2.4341490268707275
2019-12-18 03:21:42.375 24500 INFO rally.task.runner [-] Task c708e019-2db7-43ad-b3c8-d031aba2ba2e | ITER: 10 END: OK
2019-12-18 03:21:42.407 20411 INFO rally.task.context [-] Task c708e019-2db7-43ad-b3c8-d031aba2ba2e | Context cleanup@openstack cleanup() started
2019-12-18 03:21:42.410 20411 RALLYDEBUG rally_openstack.cleanup.manager [-] Cleaning up nova servers objects
2019-12-18 03:21:45.065 20411 RALLYDEBUG rally_openstack.cleanup.manager [-] Deleting nova.servers object s_rally_d56a0bda_mqibBn4K (178ecaf0-98a7-41b9-b171-72ae325a8682)
2019-12-18 03:21:45.074 20411 RALLYDEBUG rally_openstack.cleanup.manager [-] Deleting nova.servers object s_rally_d56a0bda_w7qrcRbI (20e66015-812e-4d03-bc5f-c93fb9e826d8)
2019-12-18 03:21:45.083 20411 RALLYDEBUG rally_openstack.cleanup.manager [-] Deleting nova.servers object s_rally_d56a0bda_qlzSerd6 (d17a317a-efcd-4e2e-9403-9bce509dfc00)
2019-12-18 03:21:45.087 20411 RALLYDEBUG rally_openstack.cleanup.manager [-] Deleting nova.servers object s_rally_d56a0bda_SDhD74Y7 (d8c6024e-0157-43fc-8528-3adaa23ab820)
2019-12-18 03:21:45.093 20411 RALLYDEBUG rally_openstack.cleanup.manager [-] Deleting nova.servers object s_rally_d56a0bda_CS5QCHeb (626bf047-41dc-438b-9cb2-60b2e0666c84)
2019-12-18 03:21:45.099 20411 RALLYDEBUG rally_openstack.cleanup.manager [-] Deleting nova.servers object s_rally_d56a0bda_CN1AIWd6 (55a489c3-43d9-4135-9ecd-73842f33c8b5)
2019-12-18 03:21:45.124 20411 RALLYDEBUG rally_openstack.cleanup.manager [-] Deleting nova.servers object s_rally_d56a0bda_F42dGjqP (fad3ad3c-4f91-4a88-b2f8-e57979c3502c)
2019-12-18 03:21:45.129 20411 RALLYDEBUG rally_openstack.cleanup.manager [-] Deleting nova.servers object s_rally_d56a0bda_kt455252 (edb3a2cd-b077-4122-934b-5893e100cf03)
2019-12-18 03:21:45.143 20411 RALLYDEBUG rally_openstack.cleanup.manager [-] Deleting nova.servers object s_rally_d56a0bda_RaCQOyBs (d3bf6eac-250d-443e-ac84-8e8e61bff15e)
2019-12-18 03:21:45.164 20411 RALLYDEBUG rally_openstack.cleanup.manager [-] Deleting nova.servers object s_rally_d56a0bda_esHtLGw2 (dad3dfe7-455d-4851-84fc-3e5b459d01a8)
2019-12-18 03:21:50.775 20411 RALLYDEBUG rally_openstack.cleanup.manager [-] Cleaning up nova server_groups objects
2019-12-18 03:21:51.926 20411 RALLYDEBUG rally_openstack.cleanup.manager [-] Cleaning up nova keypairs objects
2019-12-18 03:21:54.224 20411 RALLYDEBUG rally_openstack.cleanup.manager [-] Cleaning up cinder backups objects
2019-12-18 03:21:55.406 20411 RALLYDEBUG rally_openstack.cleanup.manager [-] Cleaning up cinder volume_snapshots objects
2019-12-18 03:21:56.592 20411 RALLYDEBUG rally_openstack.cleanup.manager [-] Cleaning up cinder transfers objects
2019-12-18 03:21:57.756 20411 RALLYDEBUG rally_openstack.cleanup.manager [-] Cleaning up cinder volumes objects
2019-12-18 03:21:59.005 20411 RALLYDEBUG rally_openstack.cleanup.manager [-] Deleting cinder.volumes object s_rally_d56a0bda_rZGurHah (3e994dc1-6dca-42ae-a26f-efaf2d5117a3)
2019-12-18 03:21:59.015 20411 RALLYDEBUG rally_openstack.cleanup.manager [-] Deleting cinder.volumes object s_rally_d56a0bda_pjI11aTa (974efdf8-a834-48a4-a125-dcd791442a5e)
2019-12-18 03:21:59.024 20411 RALLYDEBUG rally_openstack.cleanup.manager [-] Deleting cinder.volumes object s_rally_d56a0bda_V90Yttsz (e5ca853e-e829-4b6b-8dab-074907fce603)
2019-12-18 03:21:59.033 20411 RALLYDEBUG rally_openstack.cleanup.manager [-] Deleting cinder.volumes object s_rally_d56a0bda_q22Kff0p (8fc41b33-8c84-405a-ab83-67334759d641)
2019-12-18 03:21:59.040 20411 RALLYDEBUG rally_openstack.cleanup.manager [-] Deleting cinder.volumes object s_rally_d56a0bda_qRaQAb2o (4eb0f94a-f7ad-49e2-bb53-2cf763cde8a5)
2019-12-18 03:21:59.055 20411 RALLYDEBUG rally_openstack.cleanup.manager [-] Deleting cinder.volumes object s_rally_d56a0bda_x2RZC1SJ (965436f7-a8d0-4e73-b5a7-2b586b3847a5)
2019-12-18 03:21:59.075 20411 RALLYDEBUG rally_openstack.cleanup.manager [-] Deleting cinder.volumes object s_rally_d56a0bda_9yA25ima (5a399d7a-eae6-4e02-9bfe-550369b8d7a7)
2019-12-18 03:21:59.087 20411 RALLYDEBUG rally_openstack.cleanup.manager [-] Deleting cinder.volumes object s_rally_d56a0bda_lNT1KMvF (9da3588a-1edd-4867-83e7-71cc7b73a84d)
2019-12-18 03:21:59.093 20411 RALLYDEBUG rally_openstack.cleanup.manager [-] Deleting cinder.volumes object s_rally_d56a0bda_k1jbbz5V (0224ffdc-d1fc-4564-8b2b-7f5f49c7d6ae)
2019-12-18 03:21:59.111 20411 RALLYDEBUG rally_openstack.cleanup.manager [-] Deleting cinder.volumes object s_rally_d56a0bda_T3waxeEs (4d242175-5540-4c72-8235-08c1b6470017)
2019-12-18 03:22:02.910 20411 INFO rally.task.context [-] Task c708e019-2db7-43ad-b3c8-d031aba2ba2e | Context cleanup@openstack cleanup() finished in 20.50 sec
2019-12-18 03:22:02.910 20411 INFO rally.task.context [-] Task c708e019-2db7-43ad-b3c8-d031aba2ba2e | Context network@openstack cleanup() started
2019-12-18 03:22:27.907 20411 INFO rally.task.context [-] Task c708e019-2db7-43ad-b3c8-d031aba2ba2e | Context network@openstack cleanup() finished in 25.00 sec
2019-12-18 03:22:27.908 20411 INFO rally.task.context [-] Task c708e019-2db7-43ad-b3c8-d031aba2ba2e | Context api_versions@openstack cleanup() started
2019-12-18 03:22:27.908 20411 INFO rally.task.context [-] Task c708e019-2db7-43ad-b3c8-d031aba2ba2e | Context api_versions@openstack cleanup() finished in 0.44 msec
2019-12-18 03:22:27.909 20411 INFO rally.task.context [-] Task c708e019-2db7-43ad-b3c8-d031aba2ba2e | Context users@openstack cleanup() started
2019-12-18 03:22:32.150 20411 INFO rally.task.context [-] Task c708e019-2db7-43ad-b3c8-d031aba2ba2e | Context users@openstack cleanup() finished in 4.24 sec
2019-12-18 03:22:33.263 20411 INFO rally.task.engine [-] Load duration is: 40.862877
2019-12-18 03:22:33.264 20411 INFO rally.task.engine [-] Full runner duration is: 41.919138
2019-12-18 03:22:33.264 20411 INFO rally.task.engine [-] Full duration is: 109.453249
