2019-12-18 01:55:05.645 1845 INFO rally.task.context [-] Task b94de6b8-2756-4398-b260-951ee1543e30 | Context api_versions@openstack cleanup() finished in 0.34 msec
2019-12-18 01:55:05.645 1845 INFO rally.task.context [-] Task b94de6b8-2756-4398-b260-951ee1543e30 | Context users@openstack cleanup() started
2019-12-18 01:55:10.444 1845 INFO rally.task.context [-] Task b94de6b8-2756-4398-b260-951ee1543e30 | Context users@openstack cleanup() finished in 4.80 sec
2019-12-18 01:55:11.888 1845 INFO rally.task.engine [-] Load duration is: 15.057536
2019-12-18 01:55:11.889 1845 INFO rally.task.engine [-] Full runner duration is: 15.107881
2019-12-18 01:55:11.889 1845 INFO rally.task.engine [-] Full duration is: 28.729682
2019-12-18 01:55:12.063 1845 INFO rally.task.engine [-] Running workload: position = 1 config = { "version": 2, "title": "A cropped version of a bigger task.", "description": "Auto-generated task from a single workload (uuid=e2f333c0-4184-400f-825a-b6bce88c8330)", "subtasks": [ { "title": "CinderVolumes.create_and_delete_volume", "description": "Create and then delete a volume.", "scenario": { "CinderVolumes.create_and_delete_volume": { "image": { "name": "rally_full-img_82abc6db-4b93-46af-8703-7548ccee80b4" }, "size": 1 } }, "contexts": { "users": { "tenants": 3, "users_per_tenant": 2 }, "quotas": { "cinder": { "gigabytes": -1, "snapshots": -1, "volumes": -1 } }, "api_versions": { "cinder": { "version": 3, "service_type": "volumev3" } } }, "runner": { "constant": { "concurrency": 4, "times": 10 } }, "hooks": [], "sla": { "failure_rate": { "max": 0 } } } ] }
2019-12-18 01:55:12.087 1845 RALLYDEBUG rally_openstack.contexts.keystone.users [-] Creating 3 tenants using 20 threads
2019-12-18 01:55:13.104 1845 RALLYDEBUG rally_openstack.contexts.keystone.users [-] Creating 6 users using 20 threads
2019-12-18 01:55:14.682 1845 INFO rally.task.context [-] Task b94de6b8-2756-4398-b260-951ee1543e30 | Context users@openstack setup() finished in 2.59 sec
2019-12-18 01:55:15.088 1845 INFO rally.task.context [-] Task b94de6b8-2756-4398-b260-951ee1543e30 | Context api_versions@openstack setup() finished in 0.41 sec
2019-12-18 01:55:15.995 1845 INFO rally.task.context [-] Task b94de6b8-2756-4398-b260-951ee1543e30 | Context quotas@openstack setup() finished in 0.91 sec
2019-12-18 01:55:15.995 1845 INFO rally.task.context [-] Task b94de6b8-2756-4398-b260-951ee1543e30 | Context cleanup@openstack setup() finished in 0.01 msec
2019-12-18 01:55:16.531 1845 RALLYDEBUG rally.task.runner [-] Starting the constant runner (task UUID: b94de6b8-2756-4398-b260-951ee1543e30). times: 10 concurrency: 4 timeout: 0 max_cpu_used: 16 processes_to_start: 4 concurrency_per_worker: 1 concurrency_overhead: 0
2019-12-18 01:55:16.544 4357 RALLYDEBUG rally.task.runner [-] Starting a worker. times: 10 duration: None concurrency: 1 timeout: 0 cls: method_name: run args: {"image": "48bf0efe-01ba-4643-8231-99113ba84e63", "size": 1}
2019-12-18 01:55:16.548 4358 RALLYDEBUG rally.task.runner [-] Starting a worker. times: 10 duration: None concurrency: 1 timeout: 0 cls: method_name: run args: {"image": "48bf0efe-01ba-4643-8231-99113ba84e63", "size": 1}
2019-12-18 01:55:16.551 4357 INFO rally.task.runner [-] Task b94de6b8-2756-4398-b260-951ee1543e30 | ITER: 1 START
2019-12-18 01:55:16.551 4359 RALLYDEBUG rally.task.runner [-] Starting a worker. times: 10 duration: None concurrency: 1 timeout: 0 cls: method_name: run args: {"image": "48bf0efe-01ba-4643-8231-99113ba84e63", "size": 1}
2019-12-18 01:55:16.555 4358 INFO rally.task.runner [-] Task b94de6b8-2756-4398-b260-951ee1543e30 | ITER: 2 START
2019-12-18 01:55:16.555 4361 RALLYDEBUG rally.task.runner [-] Starting a worker. times: 10 duration: None concurrency: 1 timeout: 0 cls: method_name: run args: {"image": "48bf0efe-01ba-4643-8231-99113ba84e63", "size": 1}
2019-12-18 01:55:16.558 4359 INFO rally.task.runner [-] Task b94de6b8-2756-4398-b260-951ee1543e30 | ITER: 3 START
2019-12-18 01:55:16.561 4361 INFO rally.task.runner [-] Task b94de6b8-2756-4398-b260-951ee1543e30 | ITER: 4 START
2019-12-18 01:55:33.991 4361 RALLYDEBUG rally.task.utils [-] Waiting for resource s_rally_e2f333c0_J5EhnBnf. Status changed: DOWNLOADING => AVAILABLE in 14.621649026870728
2019-12-18 01:55:34.127 4361 RALLYDEBUG rally.task.utils [-] Waiting for resource s_rally_e2f333c0_J5EhnBnf. Status changed: AVAILABLE => DELETING in 0.06937646865844727
2019-12-18 01:55:38.520 4358 RALLYDEBUG rally.task.utils [-] Waiting for resource s_rally_e2f333c0_yoHJqeRA. Status changed: DOWNLOADING => AVAILABLE in 18.81849241256714
2019-12-18 01:55:38.671 4358 RALLYDEBUG rally.task.utils [-] Waiting for resource s_rally_e2f333c0_yoHJqeRA. Status changed: AVAILABLE => DELETING in 0.07081770896911621
2019-12-18 01:55:40.454 4361 INFO rally.task.runner [-] Task b94de6b8-2756-4398-b260-951ee1543e30 | ITER: 4 END: OK
2019-12-18 01:55:40.462 4361 INFO rally.task.runner [-] Task b94de6b8-2756-4398-b260-951ee1543e30 | ITER: 5 START
2019-12-18 01:55:40.712 4358 INFO rally.task.runner [-] Task b94de6b8-2756-4398-b260-951ee1543e30 | ITER: 2 END: OK
2019-12-18 01:55:40.719 4358 INFO rally.task.runner [-] Task b94de6b8-2756-4398-b260-951ee1543e30 | ITER: 6 START
2019-12-18 01:55:54.730 4359 RALLYDEBUG rally.task.utils [-] Waiting for resource s_rally_e2f333c0_vCNmKZNF. Status changed: DOWNLOADING => AVAILABLE in 35.37567353248596
2019-12-18 01:55:54.771 4357 RALLYDEBUG rally.task.utils [-] Waiting for resource s_rally_e2f333c0_d6wpzIqi. Status changed: DOWNLOADING => AVAILABLE in 35.37321758270264
2019-12-18 01:55:54.869 4359 RALLYDEBUG rally.task.utils [-] Waiting for resource s_rally_e2f333c0_vCNmKZNF. Status changed: AVAILABLE => DELETING in 0.06646299362182617
2019-12-18 01:55:54.907 4357 RALLYDEBUG rally.task.utils [-] Waiting for resource s_rally_e2f333c0_d6wpzIqi. Status changed: AVAILABLE => DELETING in 0.06720733642578125
2019-12-18 01:55:56.910 4359 INFO rally.task.runner [-] Task b94de6b8-2756-4398-b260-951ee1543e30 | ITER: 3 END: OK
2019-12-18 01:55:56.917 4359 INFO rally.task.runner [-] Task b94de6b8-2756-4398-b260-951ee1543e30 | ITER: 7 START
2019-12-18 01:55:56.958 4357 INFO rally.task.runner [-] Task b94de6b8-2756-4398-b260-951ee1543e30 | ITER: 1 END: OK
2019-12-18 01:55:56.966 4357 INFO rally.task.runner [-] Task b94de6b8-2756-4398-b260-951ee1543e30 | ITER: 8 START
2019-12-18 01:56:04.142 4361 RALLYDEBUG rally.task.utils [-] Waiting for resource s_rally_e2f333c0_th2Ou2Cs. Status changed: DOWNLOADING => AVAILABLE in 20.869007110595703
2019-12-18 01:56:04.290 4361 RALLYDEBUG rally.task.utils [-] Waiting for resource s_rally_e2f333c0_th2Ou2Cs. Status changed: AVAILABLE => DELETING in 0.07238030433654785
2019-12-18 01:56:06.332 4361 INFO rally.task.runner [-] Task b94de6b8-2756-4398-b260-951ee1543e30 | ITER: 5 END: OK
2019-12-18 01:56:06.336 4361 INFO rally.task.runner [-] Task b94de6b8-2756-4398-b260-951ee1543e30 | ITER: 9 START
2019-12-18 01:56:11.495 4361 RALLYDEBUG rally.task.utils [-] Waiting for resource s_rally_e2f333c0_NsPWQsLv. Status changed: CREATING => DOWNLOADING in 2.22986102104187
2019-12-18 01:56:14.550 4357 RALLYDEBUG rally.task.utils [-] Waiting for resource s_rally_e2f333c0_LmeorHPa. Status changed: DOWNLOADING => AVAILABLE in 14.651007175445557
2019-12-18 01:56:14.703 4357 RALLYDEBUG rally.task.utils [-] Waiting for resource s_rally_e2f333c0_LmeorHPa. Status changed: AVAILABLE => DELETING in 0.06779074668884277
2019-12-18 01:56:18.848 4358 RALLYDEBUG rally.task.utils [-] Waiting for resource s_rally_e2f333c0_WOsynjoG. Status changed: DOWNLOADING => AVAILABLE in 35.36095595359802
2019-12-18 01:56:18.998 4358 RALLYDEBUG rally.task.utils [-] Waiting for resource s_rally_e2f333c0_WOsynjoG. Status changed: AVAILABLE => DELETING in 0.07253146171569824
2019-12-18 01:56:20.895 4357 INFO rally.task.runner [-] Task b94de6b8-2756-4398-b260-951ee1543e30 | ITER: 8 END: OK
2019-12-18 01:56:20.898 4357 INFO rally.task.runner [-] Task b94de6b8-2756-4398-b260-951ee1543e30 | ITER: 10 START
2019-12-18 01:56:21.036 4358 INFO rally.task.runner [-] Task b94de6b8-2756-4398-b260-951ee1543e30 | ITER: 6 END: OK
2019-12-18 01:56:27.049 4359 RALLYDEBUG rally.task.utils [-] Waiting for resource s_rally_e2f333c0_ACZS4Qr6. Status changed: DOWNLOADING => AVAILABLE in 27.111494541168213
2019-12-18 01:56:27.190 4359 RALLYDEBUG rally.task.utils [-] Waiting for resource s_rally_e2f333c0_ACZS4Qr6. Status changed: AVAILABLE => DELETING in 0.06797051429748535
2019-12-18 01:56:31.306 4359 INFO rally.task.runner [-] Task b94de6b8-2756-4398-b260-951ee1543e30 | ITER: 7 END: OK
2019-12-18 01:56:36.372 4361 RALLYDEBUG rally.task.utils [-] Waiting for resource s_rally_e2f333c0_NsPWQsLv. Status changed: DOWNLOADING => AVAILABLE in 24.877408027648926
2019-12-18 01:56:36.554 4361 RALLYDEBUG rally.task.utils [-] Waiting for resource s_rally_e2f333c0_NsPWQsLv. Status changed: AVAILABLE => DELETING in 0.07739543914794922
2019-12-18 01:56:38.600 4361 INFO rally.task.runner [-] Task b94de6b8-2756-4398-b260-951ee1543e30 | ITER: 9 END: OK
2019-12-18 01:56:42.511 4357 RALLYDEBUG rally.task.utils [-] Waiting for resource s_rally_e2f333c0_rvCmdGIr. Status changed: DOWNLOADING => AVAILABLE in 18.81903648376465
2019-12-18 01:56:42.677 4357 RALLYDEBUG rally.task.utils [-] Waiting for resource s_rally_e2f333c0_rvCmdGIr. Status changed: AVAILABLE => DELETING in 0.0715031623840332
2019-12-18 01:56:44.723 4357 INFO rally.task.runner [-] Task b94de6b8-2756-4398-b260-951ee1543e30 | ITER: 10 END: OK
2019-12-18 01:56:44.756 1845 INFO rally.task.context [-] Task b94de6b8-2756-4398-b260-951ee1543e30 | Context cleanup@openstack cleanup() started
2019-12-18 01:56:44.761 1845 RALLYDEBUG rally_openstack.cleanup.manager [-] Cleaning up cinder backups objects
2019-12-18 01:56:45.969 1845 RALLYDEBUG rally_openstack.cleanup.manager [-] Cleaning up cinder volume_snapshots objects
2019-12-18 01:56:47.229 1845 RALLYDEBUG rally_openstack.cleanup.manager [-] Cleaning up cinder transfers objects
2019-12-18 01:56:48.384 1845 RALLYDEBUG rally_openstack.cleanup.manager [-] Cleaning up cinder volumes objects
2019-12-18 01:56:49.593 1845 INFO rally.task.context [-] Task b94de6b8-2756-4398-b260-951ee1543e30 | Context cleanup@openstack cleanup() finished in 4.84 sec
2019-12-18 01:56:49.593 1845 INFO rally.task.context [-] Task b94de6b8-2756-4398-b260-951ee1543e30 | Context quotas@openstack cleanup() started
2019-12-18 01:56:49.669 1845 INFO rally.task.context [-] Task b94de6b8-2756-4398-b260-951ee1543e30 | Context quotas@openstack cleanup() finished in 76.14 msec
2019-12-18 01:56:49.670 1845 INFO rally.task.context [-] Task b94de6b8-2756-4398-b260-951ee1543e30 | Context api_versions@openstack cleanup() started
2019-12-18 01:56:49.670 1845 INFO rally.task.context [-] Task b94de6b8-2756-4398-b260-951ee1543e30 | Context api_versions@openstack cleanup() finished in 0.39 msec
2019-12-18 01:56:49.671 1845 INFO rally.task.context [-] Task b94de6b8-2756-4398-b260-951ee1543e30 | Context users@openstack cleanup() started
2019-12-18 01:56:53.982 1845 INFO rally.task.context [-] Task b94de6b8-2756-4398-b260-951ee1543e30 | Context users@openstack cleanup() finished in 4.31 sec
2019-12-18 01:56:54.542 1845 INFO rally.task.engine [-] Load duration is: 88.167366
2019-12-18 01:56:54.543 1845 INFO rally.task.engine [-] Full runner duration is: 88.225066
2019-12-18 01:56:54.543 1845 INFO rally.task.engine [-] Full duration is: 101.896812
2019-12-18 01:56:54.743 1845 INFO rally.task.engine [-] Running workload: position = 2 config = { "version": 2, "title": "A cropped version of a bigger task.", "description": "Auto-generated task from a single workload (uuid=a905426b-a420-4706-86d1-776356b9b2ee)", "subtasks": [ { "title": "CinderVolumes.create_and_delete_volume", "description": "Create and then delete a volume.", "scenario": { "CinderVolumes.create_and_delete_volume": { "size": 1 } }, "contexts": { "users": { "tenants": 3, "users_per_tenant": 2 }, "quotas": { "cinder": { "gigabytes": -1, "snapshots": -1, "volumes": -1 } }, "api_versions": { "cinder": { "version": 3, "service_type": "volumev3" } } }, "runner": { "constant": { "concurrency": 4, "times": 10 } }, "hooks": [], "sla": { "failure_rate": { "max": 0 } } } ] }
2019-12-18 01:56:54.769 1845 RALLYDEBUG rally_openstack.contexts.keystone.users [-] Creating 3 tenants using 20 threads
2019-12-18 01:56:55.776 1845 RALLYDEBUG rally_openstack.contexts.keystone.users [-] Creating 6 users using 20 threads
2019-12-18 01:56:57.301 1845 INFO rally.task.context [-] Task b94de6b8-2756-4398-b260-951ee1543e30 | Context users@openstack setup() finished in 2.53 sec
2019-12-18 01:56:57.728 1845 INFO rally.task.context [-] Task b94de6b8-2756-4398-b260-951ee1543e30 | Context api_versions@openstack setup() finished in 0.43 sec
2019-12-18 01:56:58.698 1845 INFO rally.task.context [-] Task b94de6b8-2756-4398-b260-951ee1543e30 | Context quotas@openstack setup() finished in 0.97 sec
2019-12-18 01:56:58.698 1845 INFO rally.task.context [-] Task b94de6b8-2756-4398-b260-951ee1543e30 | Context cleanup@openstack setup() finished in 0.02 msec
2019-12-18 01:56:58.708 1845 RALLYDEBUG rally.task.runner [-] Starting the constant runner (task UUID: b94de6b8-2756-4398-b260-951ee1543e30). times: 10 concurrency: 4 timeout: 0 max_cpu_used: 16 processes_to_start: 4 concurrency_per_worker: 1 concurrency_overhead: 0
2019-12-18 01:56:58.719 4541 RALLYDEBUG rally.task.runner [-] Starting a worker. times: 10 duration: None concurrency: 1 timeout: 0 cls: method_name: run args: {"size": 1}
2019-12-18 01:56:58.723 4542 RALLYDEBUG rally.task.runner [-] Starting a worker. times: 10 duration: None concurrency: 1 timeout: 0 cls: method_name: run args: {"size": 1}
2019-12-18 01:56:58.727 4541 INFO rally.task.runner [-] Task b94de6b8-2756-4398-b260-951ee1543e30 | ITER: 1 START
2019-12-18 01:56:58.727 4543 RALLYDEBUG rally.task.runner [-] Starting a worker. times: 10 duration: None concurrency: 1 timeout: 0 cls: method_name: run args: {"size": 1}
2019-12-18 01:56:58.729 4542 INFO rally.task.runner [-] Task b94de6b8-2756-4398-b260-951ee1543e30 | ITER: 2 START
2019-12-18 01:56:58.730 4545 RALLYDEBUG rally.task.runner [-] Starting a worker. times: 10 duration: None concurrency: 1 timeout: 0 cls: method_name: run args: {"size": 1}
2019-12-18 01:56:58.733 4543 INFO rally.task.runner [-] Task b94de6b8-2756-4398-b260-951ee1543e30 | ITER: 3 START
2019-12-18 01:56:58.736 4545 INFO rally.task.runner [-] Task b94de6b8-2756-4398-b260-951ee1543e30 | ITER: 4 START
2019-12-18 01:57:01.641 4545 RALLYDEBUG rally.task.utils [-] Waiting for resource s_rally_a905426b_9tbS3NJn. Status changed: AVAILABLE => DELETING in 0.05519676208496094
2019-12-18 01:57:01.674 4542 RALLYDEBUG rally.task.utils [-] Waiting for resource s_rally_a905426b_eUnA5HlW. Status changed: AVAILABLE => DELETING in 0.06172490119934082
2019-12-18 01:57:01.695 4541 RALLYDEBUG rally.task.utils [-] Waiting for resource s_rally_a905426b_IzH9dvpg. Status changed: AVAILABLE => DELETING in 0.05659198760986328
2019-12-18 01:57:01.812 4543 RALLYDEBUG rally.task.utils [-] Waiting for resource s_rally_a905426b_mNtc2byc. Status changed: AVAILABLE => DELETING in 0.06106090545654297
2019-12-18 01:57:03.684 4545 INFO rally.task.runner [-] Task b94de6b8-2756-4398-b260-951ee1543e30 | ITER: 4 END: OK
2019-12-18 01:57:03.689 4545 INFO rally.task.runner [-] Task b94de6b8-2756-4398-b260-951ee1543e30 | ITER: 5 START
2019-12-18 01:57:03.716 4542 INFO rally.task.runner [-] Task b94de6b8-2756-4398-b260-951ee1543e30 | ITER: 2 END: OK
2019-12-18 01:57:03.721 4542 INFO rally.task.runner [-] Task b94de6b8-2756-4398-b260-951ee1543e30 | ITER: 6 START
2019-12-18 01:57:03.740 4541 INFO rally.task.runner [-] Task b94de6b8-2756-4398-b260-951ee1543e30 | ITER: 1 END: OK
2019-12-18 01:57:03.745 4541 INFO rally.task.runner [-] Task b94de6b8-2756-4398-b260-951ee1543e30 | ITER: 7 START
2019-12-18 01:57:03.850 4543 INFO rally.task.runner [-] Task b94de6b8-2756-4398-b260-951ee1543e30 | ITER: 3 END: OK
2019-12-18 01:57:03.854 4543 INFO rally.task.runner [-] Task b94de6b8-2756-4398-b260-951ee1543e30 | ITER: 8 START
2019-12-18 01:57:06.556 4545 RALLYDEBUG rally.task.utils [-] Waiting for resource s_rally_a905426b_XlNLtdTl. Status changed: AVAILABLE => DELETING in 0.06415486335754395
2019-12-18 01:57:06.728 4541 RALLYDEBUG rally.task.utils [-] Waiting for resource s_rally_a905426b_fSxVqllf. Status changed: AVAILABLE => DELETING in 0.05698871612548828
2019-12-18 01:57:06.740 4542 RALLYDEBUG rally.task.utils [-] Waiting for resource s_rally_a905426b_dBuVMNYV. Status changed: AVAILABLE => DELETING in 0.05666851997375488
2019-12-18 01:57:06.762 4543 RALLYDEBUG rally.task.utils [-] Waiting for resource s_rally_a905426b_gYhkIpH4. Status changed: AVAILABLE => DELETING in 0.055953025817871094
2019-12-18 01:57:08.603 4545 INFO rally.task.runner [-] Task b94de6b8-2756-4398-b260-951ee1543e30 | ITER: 5 END: OK
2019-12-18 01:57:08.607 4545 INFO rally.task.runner [-] Task b94de6b8-2756-4398-b260-951ee1543e30 | ITER: 9 START
2019-12-18 01:57:08.774 4541 INFO rally.task.runner [-] Task b94de6b8-2756-4398-b260-951ee1543e30 | ITER: 7 END: OK
2019-12-18 01:57:08.777 4541 INFO rally.task.runner [-] Task b94de6b8-2756-4398-b260-951ee1543e30 | ITER: 10 START
2019-12-18 01:57:08.782 4542 INFO rally.task.runner [-] Task b94de6b8-2756-4398-b260-951ee1543e30 | ITER: 6 END: OK
2019-12-18 01:57:08.809 4543 INFO rally.task.runner [-] Task b94de6b8-2756-4398-b260-951ee1543e30 | ITER: 8 END: OK
2019-12-18 01:57:11.480 4545 RALLYDEBUG rally.task.utils [-] Waiting for resource s_rally_a905426b_B03xoIay. Status changed: AVAILABLE => DELETING in 0.0674595832824707
2019-12-18 01:57:11.645 4541 RALLYDEBUG rally.task.utils [-] Waiting for resource s_rally_a905426b_AnNjNrmW. Status changed: AVAILABLE => DELETING in 0.07057452201843262
2019-12-18 01:57:13.525 4545 INFO rally.task.runner [-] Task b94de6b8-2756-4398-b260-951ee1543e30 | ITER: 9 END: OK
2019-12-18 01:57:13.691 4541 INFO rally.task.runner [-] Task b94de6b8-2756-4398-b260-951ee1543e30 | ITER: 10 END: OK
2019-12-18 01:57:13.720 1845 INFO rally.task.context [-] Task b94de6b8-2756-4398-b260-951ee1543e30 | Context cleanup@openstack cleanup() started
2019-12-18 01:57:13.723 1845 RALLYDEBUG rally_openstack.cleanup.manager [-] Cleaning up cinder backups objects
2019-12-18 01:57:14.897 1845 RALLYDEBUG rally_openstack.cleanup.manager [-] Cleaning up cinder volume_snapshots objects
2019-12-18 01:57:16.086 1845 RALLYDEBUG rally_openstack.cleanup.manager [-] Cleaning up cinder transfers objects
2019-12-18 01:57:17.277 1845 RALLYDEBUG rally_openstack.cleanup.manager [-] Cleaning up cinder volumes objects
2019-12-18 01:57:18.579 1845 INFO rally.task.context [-] Task b94de6b8-2756-4398-b260-951ee1543e30 | Context cleanup@openstack cleanup() finished in 4.86 sec
2019-12-18 01:57:18.580 1845 INFO rally.task.context [-] Task b94de6b8-2756-4398-b260-951ee1543e30 | Context quotas@openstack cleanup() started
2019-12-18 01:57:18.660 1845 INFO rally.task.context [-] Task b94de6b8-2756-4398-b260-951ee1543e30 | Context quotas@openstack cleanup() finished in 80.11 msec
2019-12-18 01:57:18.660 1845 INFO rally.task.context [-] Task b94de6b8-2756-4398-b260-951ee1543e30 | Context api_versions@openstack cleanup() started
2019-12-18 01:57:18.661 1845 INFO rally.task.context [-] Task b94de6b8-2756-4398-b260-951ee1543e30 | Context api_versions@openstack cleanup() finished in 0.34 msec
2019-12-18 01:57:18.661 1845 INFO rally.task.context [-] Task b94de6b8-2756-4398-b260-951ee1543e30 | Context users@openstack cleanup() started
2019-12-18 01:57:23.073 1845 INFO rally.task.context [-] Task b94de6b8-2756-4398-b260-951ee1543e30 | Context users@openstack cleanup() finished in 4.41 sec
2019-12-18 01:57:24.923 1845 INFO rally.task.engine [-] Load duration is: 14.959874
2019-12-18 01:57:24.924 1845 INFO rally.task.engine [-] Full runner duration is: 15.012788
2019-12-18 01:57:24.924 1845 INFO rally.task.engine [-] Full duration is: 28.307413
2019-12-18 01:57:25.277 1845 INFO rally.task.engine [-] Running workload: position = 0 config = { "version": 2, "title": "A cropped version of a bigger task.", "description": "Auto-generated task from a single workload (uuid=b9f80f43-d967-4a25-ae72-abb8e1a57899)", "subtasks": [ { "title": "CinderVolumes.create_and_extend_volume", "description": "Create and extend a volume and then delete it.", "scenario": { "CinderVolumes.create_and_extend_volume": { "new_size": 2, "size": 1 } }, "contexts": { "users": { "tenants": 3, "users_per_tenant": 2 }, "quotas": { "cinder": { "gigabytes": -1, "snapshots": -1, "volumes": -1 } }, "api_versions": { "cinder": { "version": 3, "service_type": "volumev3" } } }, "runner": { "constant": { "concurrency": 4, "times": 10 } }, "hooks": [], "sla": { "failure_rate": { "max": 0 } } } ] }
2019-12-18 01:57:25.303 1845 RALLYDEBUG rally_openstack.contexts.keystone.users [-] Creating 3 tenants using 20 threads
2019-12-18 01:57:26.359 1845 RALLYDEBUG rally_openstack.contexts.keystone.users [-] Creating 6 users using 20 threads
2019-12-18 01:57:27.949 1845 INFO rally.task.context [-] Task b94de6b8-2756-4398-b260-951ee1543e30 | Context users@openstack setup() finished in 2.65 sec
2019-12-18 01:57:28.349 1845 INFO rally.task.context [-] Task b94de6b8-2756-4398-b260-951ee1543e30 | Context api_versions@openstack setup() finished in 0.40 sec
2019-12-18 01:57:29.277 1845 INFO rally.task.context [-] Task b94de6b8-2756-4398-b260-951ee1543e30 | Context quotas@openstack setup() finished in 0.93 sec
2019-12-18 01:57:29.277 1845 INFO rally.task.context [-] Task b94de6b8-2756-4398-b260-951ee1543e30 | Context cleanup@openstack setup() finished in 0.01 msec
2019-12-18 01:57:29.287 1845 RALLYDEBUG rally.task.runner [-] Starting the constant runner (task UUID: b94de6b8-2756-4398-b260-951ee1543e30). times: 10 concurrency: 4 timeout: 0 max_cpu_used: 16 processes_to_start: 4 concurrency_per_worker: 1 concurrency_overhead: 0
2019-12-18 01:57:29.299 4725 RALLYDEBUG rally.task.runner [-] Starting a worker. times: 10 duration: None concurrency: 1 timeout: 0 cls: method_name: run args: {"new_size": 2, "size": 1}
2019-12-18 01:57:29.302 4726 RALLYDEBUG rally.task.runner [-] Starting a worker. times: 10 duration: None concurrency: 1 timeout: 0 cls: method_name: run args: {"new_size": 2, "size": 1}
2019-12-18 01:57:29.306 4725 INFO rally.task.runner [-] Task b94de6b8-2756-4398-b260-951ee1543e30 | ITER: 1 START
2019-12-18 01:57:29.306 4727 RALLYDEBUG rally.task.runner [-] Starting a worker. times: 10 duration: None concurrency: 1 timeout: 0 cls: method_name: run args: {"new_size": 2, "size": 1}
2019-12-18 01:57:29.309 4726 INFO rally.task.runner [-] Task b94de6b8-2756-4398-b260-951ee1543e30 | ITER: 2 START
2019-12-18 01:57:29.309 4728 RALLYDEBUG rally.task.runner [-] Starting a worker. times: 10 duration: None concurrency: 1 timeout: 0 cls: method_name: run args: {"new_size": 2, "size": 1}
2019-12-18 01:57:29.312 4727 INFO rally.task.runner [-] Task b94de6b8-2756-4398-b260-951ee1543e30 | ITER: 3 START
2019-12-18 01:57:29.316 4728 INFO rally.task.runner [-] Task b94de6b8-2756-4398-b260-951ee1543e30 | ITER: 4 START
2019-12-18 01:57:32.295 4727 RALLYDEBUG rally.task.utils [-] Waiting for resource s_rally_b9f80f43_0QHSkOzd. Status changed: AVAILABLE => EXTENDING in 0.05426812171936035
2019-12-18 01:57:32.297 4728 RALLYDEBUG rally.task.utils [-] Waiting for resource s_rally_b9f80f43_qBUadCxY. Status changed: AVAILABLE => EXTENDING in 0.05475258827209473
2019-12-18 01:57:32.300 4725 RALLYDEBUG rally.task.utils [-] Waiting for resource s_rally_b9f80f43_1IuM2vRz. Status changed: AVAILABLE => EXTENDING in 0.05114603042602539
2019-12-18 01:57:32.315 4726 RALLYDEBUG rally.task.utils [-] Waiting for resource s_rally_b9f80f43_NWcjP2xM. Status changed: AVAILABLE => EXTENDING in 0.056545257568359375
2019-12-18 01:57:34.366 4728 RALLYDEBUG rally.task.utils [-] Waiting for resource s_rally_b9f80f43_qBUadCxY. Status changed: EXTENDING => AVAILABLE in 2.0684516429901123
2019-12-18 01:57:34.366 4725 RALLYDEBUG rally.task.utils [-] Waiting for resource s_rally_b9f80f43_1IuM2vRz. Status changed: EXTENDING => AVAILABLE in 2.0659773349761963
2019-12-18 01:57:34.366 4727 RALLYDEBUG rally.task.utils [-] Waiting for resource s_rally_b9f80f43_0QHSkOzd. Status changed: EXTENDING => AVAILABLE in 2.0709545612335205
2019-12-18 01:57:34.379 4726 RALLYDEBUG rally.task.utils [-] Waiting for resource s_rally_b9f80f43_NWcjP2xM. Status changed: EXTENDING => AVAILABLE in 2.063926935195923
2019-12-18 01:57:34.482 4727 RALLYDEBUG rally.task.utils [-] Waiting for resource s_rally_b9f80f43_0QHSkOzd. Status changed: AVAILABLE => DELETING in 0.05629706382751465
2019-12-18 01:57:34.489 4725 RALLYDEBUG rally.task.utils [-] Waiting for resource s_rally_b9f80f43_1IuM2vRz. Status changed: AVAILABLE => DELETING in 0.059372663497924805
2019-12-18 01:57:34.492 4728 RALLYDEBUG rally.task.utils [-] Waiting for resource s_rally_b9f80f43_qBUadCxY. Status changed: AVAILABLE => DELETING in 0.05983877182006836
2019-12-18 01:57:34.512 4726 RALLYDEBUG rally.task.utils [-] Waiting for resource s_rally_b9f80f43_NWcjP2xM. Status changed: AVAILABLE => DELETING in 0.061849117279052734
2019-12-18 01:57:36.524 4727 INFO rally.task.runner [-] Task b94de6b8-2756-4398-b260-951ee1543e30 | ITER: 3 END: OK
2019-12-18 01:57:36.529 4727 INFO rally.task.runner [-] Task b94de6b8-2756-4398-b260-951ee1543e30 | ITER: 5 START
2019-12-18 01:57:36.533 4725 INFO rally.task.runner [-] Task b94de6b8-2756-4398-b260-951ee1543e30 | ITER: 1 END: OK
2019-12-18 01:57:36.535 4728 INFO rally.task.runner [-] Task b94de6b8-2756-4398-b260-951ee1543e30 | ITER: 4 END: OK
2019-12-18 01:57:36.538 4725 INFO rally.task.runner [-] Task b94de6b8-2756-4398-b260-951ee1543e30 | ITER: 6 START
2019-12-18 01:57:36.539 4728 INFO rally.task.runner [-] Task b94de6b8-2756-4398-b260-951ee1543e30 | ITER: 7 START
2019-12-18 01:57:36.711 4726 INFO rally.task.runner [-] Task b94de6b8-2756-4398-b260-951ee1543e30 | ITER: 2 END: OK
2019-12-18 01:57:36.715 4726 INFO rally.task.runner [-] Task b94de6b8-2756-4398-b260-951ee1543e30 | ITER: 8 START
2019-12-18 01:57:39.420 4728 RALLYDEBUG rally.task.utils [-] Waiting for resource s_rally_b9f80f43_fnmT1pFm. Status changed: AVAILABLE => EXTENDING in 0.06196284294128418
2019-12-18 01:57:39.423 4727 RALLYDEBUG rally.task.utils [-] Waiting for resource s_rally_b9f80f43_FtXgAnI0. Status changed: AVAILABLE => EXTENDING in 0.05404782295227051
2019-12-18 01:57:39.576 4725 RALLYDEBUG rally.task.utils [-] Waiting for resource s_rally_b9f80f43_uTXHFM6p. Status changed: AVAILABLE => EXTENDING in 0.056989192962646484
2019-12-18 01:57:39.685 4726 RALLYDEBUG rally.task.utils [-] Waiting for resource s_rally_b9f80f43_DlrFSeA5. Status changed: AVAILABLE => EXTENDING in 0.05699634552001953
2019-12-18 01:57:41.493 4728 RALLYDEBUG rally.task.utils [-] Waiting for resource s_rally_b9f80f43_fnmT1pFm. Status changed: EXTENDING => AVAILABLE in 2.0734071731567383
2019-12-18 01:57:41.493 4727 RALLYDEBUG rally.task.utils [-] Waiting for resource s_rally_b9f80f43_FtXgAnI0. Status changed: EXTENDING => AVAILABLE in 2.0703201293945312
2019-12-18 01:57:41.622 4728 RALLYDEBUG rally.task.utils [-] Waiting for resource s_rally_b9f80f43_fnmT1pFm. Status changed: AVAILABLE => DELETING in 0.061528682708740234
2019-12-18 01:57:41.622 4727 RALLYDEBUG rally.task.utils [-] Waiting for resource s_rally_b9f80f43_FtXgAnI0. Status changed: AVAILABLE => DELETING in 0.061814308166503906
2019-12-18 01:57:41.635 4725 RALLYDEBUG rally.task.utils [-] Waiting for resource s_rally_b9f80f43_uTXHFM6p. Status changed: EXTENDING => AVAILABLE in 2.058161973953247
2019-12-18 01:57:41.749 4726 RALLYDEBUG rally.task.utils [-] Waiting for resource s_rally_b9f80f43_DlrFSeA5. Status changed: EXTENDING => AVAILABLE in 2.0642383098602295
2019-12-18 01:57:41.765 4725 RALLYDEBUG rally.task.utils [-] Waiting for resource s_rally_b9f80f43_uTXHFM6p. Status changed: AVAILABLE => DELETING in 0.061326026916503906
2019-12-18 01:57:41.880 4726 RALLYDEBUG rally.task.utils [-] Waiting for resource s_rally_b9f80f43_DlrFSeA5. Status changed: AVAILABLE => DELETING in 0.060053348541259766
2019-12-18 01:57:43.666 4728 INFO rally.task.runner [-] Task b94de6b8-2756-4398-b260-951ee1543e30 | ITER: 7 END: OK
2019-12-18 01:57:43.669 4727 INFO rally.task.runner [-] Task b94de6b8-2756-4398-b260-951ee1543e30 | ITER: 5 END: OK
2019-12-18 01:57:43.669 4728 INFO rally.task.runner [-] Task b94de6b8-2756-4398-b260-951ee1543e30 | ITER: 9 START
2019-12-18 01:57:43.673 4727 INFO rally.task.runner [-] Task b94de6b8-2756-4398-b260-951ee1543e30 | ITER: 10 START
2019-12-18 01:57:43.804 4725 INFO rally.task.runner [-] Task b94de6b8-2756-4398-b260-951ee1543e30 | ITER: 6 END: OK
2019-12-18 01:57:43.919 4726 INFO rally.task.runner [-] Task b94de6b8-2756-4398-b260-951ee1543e30 | ITER: 8 END: OK
2019-12-18 01:57:46.577 4728 RALLYDEBUG rally.task.utils [-] Waiting for resource s_rally_b9f80f43_RPowJ2hA. Status changed: AVAILABLE => EXTENDING in 0.0693974494934082
2019-12-18 01:57:46.577 4727 RALLYDEBUG rally.task.utils [-] Waiting for resource s_rally_b9f80f43_yajarCnY. Status changed: AVAILABLE => EXTENDING in 0.0634162425994873
2019-12-18 01:57:48.649 4728 RALLYDEBUG rally.task.utils [-] Waiting for resource s_rally_b9f80f43_RPowJ2hA. Status changed: EXTENDING => AVAILABLE in 2.071582317352295
2019-12-18 01:57:48.651 4727 RALLYDEBUG rally.task.utils [-] Waiting for resource s_rally_b9f80f43_yajarCnY. Status changed: EXTENDING => AVAILABLE in 2.07395339012146
2019-12-18 01:57:48.784 4728 RALLYDEBUG rally.task.utils [-] Waiting for resource s_rally_b9f80f43_RPowJ2hA. Status changed: AVAILABLE => DELETING in 0.06277942657470703
2019-12-18 01:57:48.789 4727 RALLYDEBUG rally.task.utils [-] Waiting for resource s_rally_b9f80f43_yajarCnY. Status changed: AVAILABLE => DELETING in 0.0691993236541748
2019-12-18 01:57:50.834 4728 INFO rally.task.runner [-] Task b94de6b8-2756-4398-b260-951ee1543e30 | ITER: 9 END: OK
2019-12-18 01:57:50.842 4727 INFO rally.task.runner [-] Task b94de6b8-2756-4398-b260-951ee1543e30 | ITER: 10 END: OK
2019-12-18 01:57:50.873 1845 INFO rally.task.context [-] Task b94de6b8-2756-4398-b260-951ee1543e30 | Context cleanup@openstack cleanup() started
2019-12-18 01:57:50.877 1845 RALLYDEBUG rally_openstack.cleanup.manager [-] Cleaning up cinder backups objects
2019-12-18 01:57:52.064 1845 RALLYDEBUG rally_openstack.cleanup.manager [-] Cleaning up cinder volume_snapshots objects
2019-12-18 01:57:53.238 1845 RALLYDEBUG rally_openstack.cleanup.manager [-] Cleaning up cinder transfers objects
2019-12-18 01:57:54.376 1845 RALLYDEBUG rally_openstack.cleanup.manager [-] Cleaning up cinder volumes objects
2019-12-18 01:57:55.586 1845 INFO rally.task.context [-] Task b94de6b8-2756-4398-b260-951ee1543e30 | Context cleanup@openstack cleanup() finished in 4.71 sec
2019-12-18 01:57:55.587 1845 INFO rally.task.context [-] Task b94de6b8-2756-4398-b260-951ee1543e30 | Context quotas@openstack cleanup() started
2019-12-18 01:57:55.669 1845 INFO rally.task.context [-] Task b94de6b8-2756-4398-b260-951ee1543e30 | Context quotas@openstack cleanup() finished in 82.42 msec
2019-12-18 01:57:55.670 1845 INFO rally.task.context [-] Task b94de6b8-2756-4398-b260-951ee1543e30 | Context api_versions@openstack cleanup() started
2019-12-18 01:57:55.670 1845 INFO rally.task.context [-] Task b94de6b8-2756-4398-b260-951ee1543e30 | Context api_versions@openstack cleanup() finished in 0.34 msec
2019-12-18 01:57:55.670 1845 INFO rally.task.context [-] Task b94de6b8-2756-4398-b260-951ee1543e30 | Context users@openstack cleanup() started
2019-12-18 01:58:00.056 1845 INFO rally.task.context [-] Task b94de6b8-2756-4398-b260-951ee1543e30 | Context users@openstack cleanup() finished in 4.39 sec
2019-12-18 01:58:01.483 1845 INFO rally.task.engine [-] Load duration is: 21.531679
2019-12-18 01:58:01.484 1845 INFO rally.task.engine [-] Full runner duration is: 21.586696
2019-12-18 01:58:01.484 1845 INFO rally.task.engine [-] Full duration is: 34.755655
2019-12-18 01:58:01.824 1845 INFO rally.task.engine [-] Running workload: position = 0 config = { "version": 2, "title": "A cropped version of a bigger task.", "description": "Auto-generated task from a single workload (uuid=a24296fa-5807-4697-b001-de16bb2c941a)", "subtasks": [ { "title": "CinderVolumes.create_from_volume_and_delete_volume", "description": "Create volume from volume and then delete it.", "scenario": { "CinderVolumes.create_from_volume_and_delete_volume": { "size": 1 } }, "contexts": { "users": { "tenants": 3, "users_per_tenant": 2 }, "quotas": { "cinder": { "gigabytes": -1, "snapshots": -1, "volumes": -1 } }, "api_versions": { "cinder": { "version": 3, "service_type": "volumev3" } }, "volumes": { "size": 1, "volumes_per_tenant": 1 } }, "runner": { "constant": { "concurrency": 4, "times": 10 } }, "hooks": [], "sla": { "failure_rate": { "max": 0 } } } ] }
2019-12-18 01:58:01.850 1845 RALLYDEBUG rally_openstack.contexts.keystone.users [-] Creating 3 tenants using 20 threads
2019-12-18 01:58:02.965 1845 RALLYDEBUG rally_openstack.contexts.keystone.users [-] Creating 6 users using 20 threads
2019-12-18 01:58:04.550 1845 INFO rally.task.context [-] Task b94de6b8-2756-4398-b260-951ee1543e30 | Context users@openstack setup() finished in 2.70 sec
2019-12-18 01:58:04.978 1845 INFO rally.task.context [-] Task b94de6b8-2756-4398-b260-951ee1543e30 | Context api_versions@openstack setup() finished in 0.43 sec
2019-12-18 01:58:06.023 1845 INFO rally.task.context [-] Task b94de6b8-2756-4398-b260-951ee1543e30 | Context quotas@openstack setup() finished in 1.04 sec
2019-12-18 01:58:14.700 1845 INFO rally.task.context [-] Task b94de6b8-2756-4398-b260-951ee1543e30 | Context volumes@openstack setup() finished in 8.68 sec
2019-12-18 01:58:14.700 1845 INFO rally.task.context [-] Task b94de6b8-2756-4398-b260-951ee1543e30 | Context cleanup@openstack setup() finished in 0.01 msec
2019-12-18 01:58:14.709 1845 RALLYDEBUG rally.task.runner [-] Starting the constant runner (task UUID: b94de6b8-2756-4398-b260-951ee1543e30). times: 10 concurrency: 4 timeout: 0 max_cpu_used: 16 processes_to_start: 4 concurrency_per_worker: 1 concurrency_overhead: 0
2019-12-18 01:58:14.721 4909 RALLYDEBUG rally.task.runner [-] Starting a worker. times: 10 duration: None concurrency: 1 timeout: 0 cls: method_name: run args: {"size": 1}
2019-12-18 01:58:14.724 4910 RALLYDEBUG rally.task.runner [-] Starting a worker. times: 10 duration: None concurrency: 1 timeout: 0 cls: method_name: run args: {"size": 1}
2019-12-18 01:58:14.728 4909 INFO rally.task.runner [-] Task b94de6b8-2756-4398-b260-951ee1543e30 | ITER: 1 START
2019-12-18 01:58:14.728 4911 RALLYDEBUG rally.task.runner [-] Starting a worker. times: 10 duration: None concurrency: 1 timeout: 0 cls: method_name: run args: {"size": 1}
2019-12-18 01:58:14.731 4910 INFO rally.task.runner [-] Task b94de6b8-2756-4398-b260-951ee1543e30 | ITER: 2 START
2019-12-18 01:58:14.731 4913 RALLYDEBUG rally.task.runner [-] Starting a worker. times: 10 duration: None concurrency: 1 timeout: 0 cls: method_name: run args: {"size": 1}
2019-12-18 01:58:14.735 4911 INFO rally.task.runner [-] Task b94de6b8-2756-4398-b260-951ee1543e30 | ITER: 3 START
2019-12-18 01:58:14.737 4913 INFO rally.task.runner [-] Task b94de6b8-2756-4398-b260-951ee1543e30 | ITER: 4 START
2019-12-18 01:58:17.628 4910 RALLYDEBUG rally.task.utils [-] Waiting for resource s_rally_a24296fa_Js61MIL0. Status changed: AVAILABLE => DELETING in 0.059278249740600586
2019-12-18 01:58:17.703 4909 RALLYDEBUG rally.task.utils [-] Waiting for resource s_rally_a24296fa_DA2bCpxU. Status changed: AVAILABLE => DELETING in 0.06234931945800781
2019-12-18 01:58:17.779 4911 RALLYDEBUG rally.task.utils [-] Waiting for resource s_rally_a24296fa_pTVCpZo9. Status changed: AVAILABLE => DELETING in 0.053733110427856445
2019-12-18 01:58:19.658 4913 RALLYDEBUG rally.task.utils [-] Waiting for resource s_rally_a24296fa_M594O7Cb. Status changed: CREATING => AVAILABLE in 2.1887195110321045
2019-12-18 01:58:19.666 4910 INFO rally.task.runner [-] Task b94de6b8-2756-4398-b260-951ee1543e30 | ITER: 2 END: OK
2019-12-18 01:58:19.671 4910 INFO rally.task.runner [-] Task b94de6b8-2756-4398-b260-951ee1543e30 | ITER: 5 START
2019-12-18 01:58:19.740 4909 INFO rally.task.runner [-] Task b94de6b8-2756-4398-b260-951ee1543e30 | ITER: 1 END: OK
2019-12-18 01:58:19.745 4909 INFO rally.task.runner [-] Task b94de6b8-2756-4398-b260-951ee1543e30 | ITER: 6 START
2019-12-18 01:58:19.777 4913 RALLYDEBUG rally.task.utils [-] Waiting for resource s_rally_a24296fa_M594O7Cb. Status changed: AVAILABLE => DELETING in 0.057611703872680664
2019-12-18 01:58:19.818 4911 INFO rally.task.runner [-] Task b94de6b8-2756-4398-b260-951ee1543e30 | ITER: 3 END: OK
2019-12-18 01:58:19.823 4911 INFO rally.task.runner [-] Task b94de6b8-2756-4398-b260-951ee1543e30 | ITER: 7 START
2019-12-18 01:58:21.821 4913 INFO rally.task.runner [-] Task b94de6b8-2756-4398-b260-951ee1543e30 | ITER: 4 END: OK
2019-12-18 01:58:21.826 4913 INFO rally.task.runner [-] Task b94de6b8-2756-4398-b260-951ee1543e30 | ITER: 8 START
2019-12-18 01:58:22.554 4910 RALLYDEBUG rally.task.utils [-] Waiting for resource s_rally_a24296fa_ROQHcz3h. Status changed: AVAILABLE => DELETING in 0.05342721939086914
2019-12-18 01:58:22.615 4909 RALLYDEBUG rally.task.utils [-] Waiting for resource s_rally_a24296fa_MQCRqwEH. Status changed: AVAILABLE => DELETING in 0.05978512763977051
2019-12-18 01:58:22.684 4911 RALLYDEBUG rally.task.utils [-] Waiting for resource s_rally_a24296fa_wOZGdLR9. Status changed: AVAILABLE => DELETING in 0.05847764015197754
2019-12-18 01:58:24.599 4910 INFO rally.task.runner [-] Task b94de6b8-2756-4398-b260-951ee1543e30 | ITER: 5 END: OK
2019-12-18 01:58:24.603 4910 INFO rally.task.runner [-] Task b94de6b8-2756-4398-b260-951ee1543e30 | ITER: 9 START
2019-12-18 01:58:24.657 4909 INFO rally.task.runner [-] Task b94de6b8-2756-4398-b260-951ee1543e30 | ITER: 6 END: OK
2019-12-18 01:58:24.661 4909 INFO rally.task.runner [-] Task b94de6b8-2756-4398-b260-951ee1543e30 | ITER: 10 START
2019-12-18 01:58:24.726 4911 INFO rally.task.runner [-] Task b94de6b8-2756-4398-b260-951ee1543e30 | ITER: 7 END: OK
2019-12-18 01:58:24.894 4913 RALLYDEBUG rally.task.utils [-] Waiting for resource s_rally_a24296fa_hcusDPad. Status changed: AVAILABLE => DELETING in 0.059868574142456055
2019-12-18 01:58:26.934 4913 INFO rally.task.runner [-] Task b94de6b8-2756-4398-b260-951ee1543e30 | ITER: 8 END: OK
2019-12-18 01:58:27.546 4910 RALLYDEBUG rally.task.utils [-] Waiting for resource s_rally_a24296fa_5OfcGnUb. Status changed: AVAILABLE => DELETING in 0.06737112998962402
2019-12-18 01:58:29.516 4909 RALLYDEBUG rally.task.utils [-] Waiting for resource s_rally_a24296fa_cGg76BLi. Status changed: CREATING => AVAILABLE in 2.2122983932495117
2019-12-18 01:58:29.588 4910 INFO rally.task.runner [-] Task b94de6b8-2756-4398-b260-951ee1543e30 | ITER: 9 END: OK
2019-12-18 01:58:29.657 4909 RALLYDEBUG rally.task.utils [-] Waiting for resource s_rally_a24296fa_cGg76BLi. Status changed: AVAILABLE => DELETING in 0.06686687469482422
2019-12-18 01:58:31.700 4909 INFO rally.task.runner [-] Task b94de6b8-2756-4398-b260-951ee1543e30 | ITER: 10 END: OK
2019-12-18 01:58:31.724 1845 INFO rally.task.context [-] Task b94de6b8-2756-4398-b260-951ee1543e30 | Context cleanup@openstack cleanup() started
2019-12-18 01:58:31.727 1845 RALLYDEBUG rally_openstack.cleanup.manager [-] Cleaning up cinder backups objects
2019-12-18 01:58:32.929 1845 RALLYDEBUG rally_openstack.cleanup.manager [-] Cleaning up cinder volume_snapshots objects
2019-12-18 01:58:34.122 1845 RALLYDEBUG rally_openstack.cleanup.manager [-] Cleaning up cinder transfers objects
2019-12-18 01:58:35.283 1845 RALLYDEBUG rally_openstack.cleanup.manager [-] Cleaning up cinder volumes objects
2019-12-18 01:58:36.551 1845 INFO rally.task.context [-] Task b94de6b8-2756-4398-b260-951ee1543e30 | Context cleanup@openstack cleanup() finished in 4.83 sec
2019-12-18 01:58:36.551 1845 INFO rally.task.context [-] Task b94de6b8-2756-4398-b260-951ee1543e30 | Context volumes@openstack cleanup() started
2019-12-18 01:58:36.552 1845 RALLYDEBUG rally_openstack.cleanup.manager [-] Cleaning up cinder volumes objects
2019-12-18 01:58:37.862 1845 RALLYDEBUG rally_openstack.cleanup.manager [-] Deleting cinder.volumes object c_rally_a24296fa_9FFZMaiD (74c74823-b8b1-4b8f-87c4-a4c584614b46)
2019-12-18 01:58:37.869 1845 RALLYDEBUG rally_openstack.cleanup.manager [-] Deleting cinder.volumes object c_rally_a24296fa_FySsmhCb (6d1e74a0-2760-4853-809d-1f638758e48b)
2019-12-18 01:58:37.875 1845 RALLYDEBUG rally_openstack.cleanup.manager [-] Deleting cinder.volumes object c_rally_a24296fa_5MU6kEAB (21a976c2-c3e6-4593-be71-ecb3f312b7de)
2019-12-18 01:58:41.618 1845 INFO rally.task.context [-] Task b94de6b8-2756-4398-b260-951ee1543e30 | Context volumes@openstack cleanup() finished in 5.07 sec
2019-12-18 01:58:41.619 1845 INFO rally.task.context [-] Task b94de6b8-2756-4398-b260-951ee1543e30 | Context quotas@openstack cleanup() started
2019-12-18 01:58:41.704 1845 INFO rally.task.context [-] Task b94de6b8-2756-4398-b260-951ee1543e30 | Context quotas@openstack cleanup() finished in 85.75 msec
2019-12-18 01:58:41.705 1845 INFO rally.task.context [-] Task b94de6b8-2756-4398-b260-951ee1543e30 | Context api_versions@openstack cleanup() started
2019-12-18 01:58:41.705 1845 INFO rally.task.context [-] Task b94de6b8-2756-4398-b260-951ee1543e30 | Context api_versions@openstack cleanup() finished in 0.37 msec
2019-12-18 01:58:41.706 1845 INFO rally.task.context [-] Task b94de6b8-2756-4398-b260-951ee1543e30 | Context users@openstack cleanup() started
2019-12-18 01:58:46.002 1845 INFO rally.task.context [-] Task b94de6b8-2756-4398-b260-951ee1543e30 | Context users@openstack cleanup() finished in 4.30 sec
2019-12-18 01:58:46.104 1845 INFO rally.task.engine [-] Load duration is: 16.968225
2019-12-18 01:58:46.105 1845 INFO rally.task.engine [-] Full runner duration is: 17.015313
2019-12-18 01:58:46.105 1845 INFO rally.task.engine [-] Full duration is: 44.154635
2019-12-18 01:58:46.393 1845 INFO rally.task.engine [-] Running workload: position = 0 config = { "version": 2, "title": "A cropped version of a bigger task.", "description": "Auto-generated task from a single workload (uuid=df0f3615-a68d-43ef-9ebf-84b61a2e586b)", "subtasks": [ { "title": "CinderQos.create_and_get_qos", "description": "Create a qos, then get details of the qos.", "scenario": { "CinderQos.create_and_get_qos": { "consumer": "both", "write_iops_sec": "10", "read_iops_sec": "1000" } }, "contexts": { "users": { "tenants": 3, "users_per_tenant": 2 }, "api_versions": { "cinder": { "version": 3, "service_type": "volumev3" } } }, "runner": { "constant": { "concurrency": 4, "times": 10 } }, "hooks": [], "sla": { "failure_rate": { "max": 0 } } } ] }
2019-12-18 01:58:46.418 1845 RALLYDEBUG rally_openstack.contexts.keystone.users [-] Creating 3 tenants using 20 threads
2019-12-18 01:58:47.520 1845 RALLYDEBUG rally_openstack.contexts.keystone.users [-] Creating 6 users using 20 threads
2019-12-18 01:58:49.114 1845 INFO rally.task.context [-] Task b94de6b8-2756-4398-b260-951ee1543e30 | Context users@openstack setup() finished in 2.70 sec
2019-12-18 01:58:49.528 1845 INFO rally.task.context [-] Task b94de6b8-2756-4398-b260-951ee1543e30 | Context api_versions@openstack setup() finished in 0.41 sec
2019-12-18 01:58:49.529 1845 INFO rally.task.context [-] Task b94de6b8-2756-4398-b260-951ee1543e30 | Context admin_cleanup@openstack setup() finished in 0.01 msec
2019-12-18 01:58:49.537 1845 RALLYDEBUG rally.task.runner [-] Starting the constant runner (task UUID: b94de6b8-2756-4398-b260-951ee1543e30). times: 10 concurrency: 4 timeout: 0 max_cpu_used: 16 processes_to_start: 4 concurrency_per_worker: 1 concurrency_overhead: 0
2019-12-18 01:58:49.549 5113 RALLYDEBUG rally.task.runner [-] Starting a worker. times: 10 duration: None concurrency: 1 timeout: 0 cls: method_name: run args: {"consumer": "both", "write_iops_sec": "10", "read_iops_sec": "1000"}
2019-12-18 01:58:49.552 5114 RALLYDEBUG rally.task.runner [-] Starting a worker. times: 10 duration: None concurrency: 1 timeout: 0 cls: method_name: run args: {"consumer": "both", "write_iops_sec": "10", "read_iops_sec": "1000"}
2019-12-18 01:58:49.556 5113 INFO rally.task.runner [-] Task b94de6b8-2756-4398-b260-951ee1543e30 | ITER: 1 START
2019-12-18 01:58:49.556 5115 RALLYDEBUG rally.task.runner [-] Starting a worker. times: 10 duration: None concurrency: 1 timeout: 0 cls: method_name: run args: {"consumer": "both", "write_iops_sec": "10", "read_iops_sec": "1000"}
2019-12-18 01:58:49.559 5114 INFO rally.task.runner [-] Task b94de6b8-2756-4398-b260-951ee1543e30 | ITER: 2 START
2019-12-18 01:58:49.559 5116 RALLYDEBUG rally.task.runner [-] Starting a worker. times: 10 duration: None concurrency: 1 timeout: 0 cls: method_name: run args: {"consumer": "both", "write_iops_sec": "10", "read_iops_sec": "1000"}
2019-12-18 01:58:49.563 5115 INFO rally.task.runner [-] Task b94de6b8-2756-4398-b260-951ee1543e30 | ITER: 3 START
2019-12-18 01:58:49.566 5116 INFO rally.task.runner [-] Task b94de6b8-2756-4398-b260-951ee1543e30 | ITER: 4 START
2019-12-18 01:58:50.008 5114 INFO rally.task.runner [-] Task b94de6b8-2756-4398-b260-951ee1543e30 | ITER: 2 END: OK
2019-12-18 01:58:50.012 5114 INFO rally.task.runner [-] Task b94de6b8-2756-4398-b260-951ee1543e30 | ITER: 5 START
2019-12-18 01:58:50.015 5115 INFO rally.task.runner [-] Task b94de6b8-2756-4398-b260-951ee1543e30 | ITER: 3 END: OK
2019-12-18 01:58:50.019 5113 INFO rally.task.runner [-] Task b94de6b8-2756-4398-b260-951ee1543e30 | ITER: 1 END: OK
2019-12-18 01:58:50.020 5115 INFO rally.task.runner [-] Task b94de6b8-2756-4398-b260-951ee1543e30 | ITER: 6 START
2019-12-18 01:58:50.021 5116 INFO rally.task.runner [-] Task b94de6b8-2756-4398-b260-951ee1543e30 | ITER: 4 END: OK
2019-12-18 01:58:50.024 5113 INFO rally.task.runner [-] Task b94de6b8-2756-4398-b260-951ee1543e30 | ITER: 7 START
2019-12-18 01:58:50.025 5116 INFO rally.task.runner [-] Task b94de6b8-2756-4398-b260-951ee1543e30 | ITER: 8 START
2019-12-18 01:58:50.402 5114 INFO rally.task.runner [-] Task b94de6b8-2756-4398-b260-951ee1543e30 | ITER: 5 END: OK
2019-12-18 01:58:50.405 5115 INFO rally.task.runner [-] Task b94de6b8-2756-4398-b260-951ee1543e30 | ITER: 6 END: OK
2019-12-18 01:58:50.406 5114 INFO rally.task.runner [-] Task b94de6b8-2756-4398-b260-951ee1543e30 | ITER: 9 START
2019-12-18 01:58:50.407 5113 INFO rally.task.runner [-] Task b94de6b8-2756-4398-b260-951ee1543e30 | ITER: 7 END: OK
2019-12-18 01:58:50.408 5115 INFO rally.task.runner [-] Task b94de6b8-2756-4398-b260-951ee1543e30 | ITER: 10 START
2019-12-18 01:58:50.464 5116 INFO rally.task.runner [-] Task b94de6b8-2756-4398-b260-951ee1543e30 | ITER: 8 END: OK
2019-12-18 01:58:50.791 5114 INFO rally.task.runner [-] Task b94de6b8-2756-4398-b260-951ee1543e30 | ITER: 9 END: OK
2019-12-18 01:58:50.793 5115 INFO rally.task.runner [-] Task b94de6b8-2756-4398-b260-951ee1543e30 | ITER: 10 END: OK
2019-12-18 01:58:50.814 1845 INFO rally.task.context [-] Task b94de6b8-2756-4398-b260-951ee1543e30 | Context admin_cleanup@openstack cleanup() started
2019-12-18 01:58:50.817 1845 RALLYDEBUG rally_openstack.cleanup.manager [-] Cleaning up cinder volume_types objects
2019-12-18 01:58:51.281 1845 RALLYDEBUG rally_openstack.cleanup.manager [-] Cleaning up cinder image_volumes_cache objects
2019-12-18 01:58:51.800 1845 RALLYDEBUG rally_openstack.cleanup.manager [-] Cleaning up cinder quotas objects
2019-12-18 01:58:52.593 1845 RALLYDEBUG rally_openstack.cleanup.manager [-] Cleaning up cinder qos_specs objects
2019-12-18 01:58:52.980 1845 RALLYDEBUG rally_openstack.cleanup.manager [-] Deleting cinder.qos_specs object s_rally_df0f3615_6U1JqBJR (a2a4bb82-539c-401d-9a9c-f788ccc1f34c)
2019-12-18 01:58:52.989 1845 RALLYDEBUG rally_openstack.cleanup.manager [-] Deleting cinder.qos_specs object s_rally_df0f3615_2ISSVC27 (7f2aa329-c55e-415d-89bd-1f73f81c225d)
2019-12-18 01:58:52.998 1845 RALLYDEBUG rally_openstack.cleanup.manager [-] Deleting cinder.qos_specs object s_rally_df0f3615_2lzF6RR6 (fdd57351-9df4-447a-86c9-010cb8b1f5ab)
2019-12-18 01:58:53.007 1845 RALLYDEBUG rally_openstack.cleanup.manager [-] Deleting cinder.qos_specs object s_rally_df0f3615_pJ1Mx8eQ (d570517b-778a-41ad-b835-4614263aee63)
2019-12-18 01:58:53.012 1845 RALLYDEBUG rally_openstack.cleanup.manager [-] Deleting cinder.qos_specs object s_rally_df0f3615_gUnSMUiR (d4a65627-526b-4ccd-89cf-a4ff240f4107)
2019-12-18 01:58:53.024 1845 RALLYDEBUG rally_openstack.cleanup.manager [-] Deleting cinder.qos_specs object s_rally_df0f3615_Z1HivQwR (c15adfda-93e9-4516-84df-75d975fdb4e1)
2019-12-18 01:58:53.031 1845 RALLYDEBUG rally_openstack.cleanup.manager [-] Deleting cinder.qos_specs object s_rally_df0f3615_Irbrluui (bf10a7ac-05f0-4cf6-9959-d5c1e246531e)
2019-12-18 01:58:53.050 1845 RALLYDEBUG rally_openstack.cleanup.manager [-] Deleting cinder.qos_specs object s_rally_df0f3615_KoGnB7bK (8afeb71a-c068-4e06-8d2b-b62428328c6f)
2019-12-18 01:58:53.066 1845 RALLYDEBUG rally_openstack.cleanup.manager [-] Deleting cinder.qos_specs object s_rally_df0f3615_Egp8bX0B (5096dff0-9597-4134-9b40-c3d67be02046)
2019-12-18 01:58:53.080 1845 RALLYDEBUG rally_openstack.cleanup.manager [-] Deleting cinder.qos_specs object s_rally_df0f3615_vJV001wT (1ed2cf90-3dd3-49db-89be-e7c6a3071ed8)
2019-12-18 01:58:54.573 1845 INFO rally.task.context [-] Task b94de6b8-2756-4398-b260-951ee1543e30 | Context admin_cleanup@openstack cleanup() finished in 3.76 sec
2019-12-18 01:58:54.573 1845 INFO rally.task.context [-] Task b94de6b8-2756-4398-b260-951ee1543e30 | Context api_versions@openstack cleanup() started
2019-12-18 01:58:54.574 1845 INFO rally.task.context [-] Task b94de6b8-2756-4398-b260-951ee1543e30 | Context api_versions@openstack cleanup() finished in 0.36 msec
