2019-12-18 02:02:41.281 6547 INFO rally.task.engine [-] Running workload: position = 0 config = { "version": 2, "title": "A cropped version of a bigger task.", "description": "Auto-generated task from a single workload (uuid=0eb445b6-3ba4-40a5-810c-9ef65560125b)", "subtasks": [ { "title": "GnocchiResourceType.create_resource_type", "description": "Create resource type.", "scenario": { "GnocchiResourceType.create_resource_type": { "attributes": { "foo": { "required": false, "type": "string" }, "bar": { "required": true, "type": "number" } } } }, "contexts": { "users": { "tenants": 3, "users_per_tenant": 2 } }, "runner": { "constant": { "concurrency": 4, "times": 10 } }, "hooks": [], "sla": { "failure_rate": { "max": 0 } } } ] }
2019-12-18 02:02:41.306 6547 RALLYDEBUG rally_openstack.contexts.keystone.users [-] Creating 3 tenants using 20 threads
2019-12-18 02:02:42.223 6547 RALLYDEBUG rally_openstack.contexts.keystone.users [-] Creating 6 users using 20 threads
2019-12-18 02:02:43.647 6547 INFO rally.task.context [-] Task 94abb00b-357e-4b8e-a11e-e3fad459388c | Context users@openstack setup() finished in 2.34 sec
2019-12-18 02:02:43.648 6547 INFO rally.task.context [-] Task 94abb00b-357e-4b8e-a11e-e3fad459388c | Context admin_cleanup@openstack setup() finished in 0.01 msec
2019-12-18 02:02:43.657 6547 RALLYDEBUG rally.task.runner [-] Starting the constant runner (task UUID: 94abb00b-357e-4b8e-a11e-e3fad459388c). times: 10 concurrency: 4 timeout: 0 max_cpu_used: 16 processes_to_start: 4 concurrency_per_worker: 1 concurrency_overhead: 0
2019-12-18 02:02:43.669 7687 RALLYDEBUG rally.task.runner [-] Starting a worker. times: 10 duration: None concurrency: 1 timeout: 0 cls: method_name: run args: {"attributes": {"foo": {"required": false, "type": "string"}, "bar": {"required": true, "type": "number"}}}
2019-12-18 02:02:43.672 7688 RALLYDEBUG rally.task.runner [-] Starting a worker. times: 10 duration: None concurrency: 1 timeout: 0 cls: method_name: run args: {"attributes": {"foo": {"required": false, "type": "string"}, "bar": {"required": true, "type": "number"}}}
2019-12-18 02:02:43.675 7687 INFO rally.task.runner [-] Task 94abb00b-357e-4b8e-a11e-e3fad459388c | ITER: 1 START
2019-12-18 02:02:43.676 7689 RALLYDEBUG rally.task.runner [-] Starting a worker. times: 10 duration: None concurrency: 1 timeout: 0 cls: method_name: run args: {"attributes": {"foo": {"required": false, "type": "string"}, "bar": {"required": true, "type": "number"}}}
2019-12-18 02:02:43.678 7688 INFO rally.task.runner [-] Task 94abb00b-357e-4b8e-a11e-e3fad459388c | ITER: 2 START
2019-12-18 02:02:43.679 7691 RALLYDEBUG rally.task.runner [-] Starting a worker. times: 10 duration: None concurrency: 1 timeout: 0 cls: method_name: run args: {"attributes": {"foo": {"required": false, "type": "string"}, "bar": {"required": true, "type": "number"}}}
2019-12-18 02:02:43.682 7689 INFO rally.task.runner [-] Task 94abb00b-357e-4b8e-a11e-e3fad459388c | ITER: 3 START
2019-12-18 02:02:43.685 7691 INFO rally.task.runner [-] Task 94abb00b-357e-4b8e-a11e-e3fad459388c | ITER: 4 START
2019-12-18 02:02:48.177 7691 INFO rally.task.runner [-] Task 94abb00b-357e-4b8e-a11e-e3fad459388c | ITER: 4 END: OK
2019-12-18 02:02:48.177 7687 INFO rally.task.runner [-] Task 94abb00b-357e-4b8e-a11e-e3fad459388c | ITER: 1 END: OK
2019-12-18 02:02:48.178 7688 INFO rally.task.runner [-] Task 94abb00b-357e-4b8e-a11e-e3fad459388c | ITER: 2 END: OK
2019-12-18 02:02:48.181 7691 INFO rally.task.runner [-] Task 94abb00b-357e-4b8e-a11e-e3fad459388c | ITER: 5 START
2019-12-18 02:02:48.182 7687 INFO rally.task.runner [-] Task 94abb00b-357e-4b8e-a11e-e3fad459388c | ITER: 6 START
2019-12-18 02:02:48.182 7688 INFO rally.task.runner [-] Task 94abb00b-357e-4b8e-a11e-e3fad459388c | ITER: 7 START
2019-12-18 02:02:48.200 7689 INFO rally.task.runner [-] Task 94abb00b-357e-4b8e-a11e-e3fad459388c | ITER: 3 END: OK
2019-12-18 02:02:48.205 7689 INFO rally.task.runner [-] Task 94abb00b-357e-4b8e-a11e-e3fad459388c | ITER: 8 START
2019-12-18 02:02:51.903 7688 INFO rally.task.runner [-] Task 94abb00b-357e-4b8e-a11e-e3fad459388c | ITER: 7 END: OK
2019-12-18 02:02:51.906 7688 INFO rally.task.runner [-] Task 94abb00b-357e-4b8e-a11e-e3fad459388c | ITER: 9 START
2019-12-18 02:02:52.478 7689 INFO rally.task.runner [-] Task 94abb00b-357e-4b8e-a11e-e3fad459388c | ITER: 8 END: OK
2019-12-18 02:02:52.479 7691 INFO rally.task.runner [-] Task 94abb00b-357e-4b8e-a11e-e3fad459388c | ITER: 5 END: OK
2019-12-18 02:02:52.482 7689 INFO rally.task.runner [-] Task 94abb00b-357e-4b8e-a11e-e3fad459388c | ITER: 10 START
2019-12-18 02:02:52.689 7687 INFO rally.task.runner [-] Task 94abb00b-357e-4b8e-a11e-e3fad459388c | ITER: 6 END: OK
2019-12-18 02:02:54.240 7688 INFO rally.task.runner [-] Task 94abb00b-357e-4b8e-a11e-e3fad459388c | ITER: 9 END: OK
2019-12-18 02:02:54.532 7689 INFO rally.task.runner [-] Task 94abb00b-357e-4b8e-a11e-e3fad459388c | ITER: 10 END: OK
2019-12-18 02:02:54.554 6547 INFO rally.task.context [-] Task 94abb00b-357e-4b8e-a11e-e3fad459388c | Context admin_cleanup@openstack cleanup() started
2019-12-18 02:02:54.557 6547 RALLYDEBUG rally_openstack.cleanup.manager [-] Cleaning up gnocchi resource_type objects
2019-12-18 02:02:55.018 6547 RALLYDEBUG rally_openstack.cleanup.manager [-] Deleting gnocchi.resource_type object s_rally_0eb445b6_bo1RBqlj (s_rally_0eb445b6_bo1RBqlj)
2019-12-18 02:02:55.023 6547 RALLYDEBUG rally_openstack.cleanup.manager [-] Deleting gnocchi.resource_type object s_rally_0eb445b6_cNpSnPl3 (s_rally_0eb445b6_cNpSnPl3)
2019-12-18 02:02:55.028 6547 RALLYDEBUG rally_openstack.cleanup.manager [-] Deleting gnocchi.resource_type object s_rally_0eb445b6_Eqi4ewBY (s_rally_0eb445b6_Eqi4ewBY)
2019-12-18 02:02:55.035 6547 RALLYDEBUG rally_openstack.cleanup.manager [-] Deleting gnocchi.resource_type object s_rally_0eb445b6_iRMAUrwR (s_rally_0eb445b6_iRMAUrwR)
2019-12-18 02:02:55.048 6547 RALLYDEBUG rally_openstack.cleanup.manager [-] Deleting gnocchi.resource_type object s_rally_0eb445b6_JjmsLIj5 (s_rally_0eb445b6_JjmsLIj5)
2019-12-18 02:02:55.057 6547 RALLYDEBUG rally_openstack.cleanup.manager [-] Deleting gnocchi.resource_type object s_rally_0eb445b6_L4WuJqL0 (s_rally_0eb445b6_L4WuJqL0)
2019-12-18 02:02:55.064 6547 RALLYDEBUG rally_openstack.cleanup.manager [-] Deleting gnocchi.resource_type object s_rally_0eb445b6_lbk5fSZz (s_rally_0eb445b6_lbk5fSZz)
2019-12-18 02:02:55.066 6547 RALLYDEBUG rally_openstack.cleanup.manager [-] Deleting gnocchi.resource_type object s_rally_0eb445b6_bEZLmw5Y (s_rally_0eb445b6_bEZLmw5Y)
2019-12-18 02:02:55.074 6547 RALLYDEBUG rally_openstack.cleanup.manager [-] Deleting gnocchi.resource_type object s_rally_0eb445b6_M5DASwmO (s_rally_0eb445b6_M5DASwmO)
2019-12-18 02:02:55.104 6547 RALLYDEBUG rally_openstack.cleanup.manager [-] Deleting gnocchi.resource_type object s_rally_0eb445b6_ZLMyp1ms (s_rally_0eb445b6_ZLMyp1ms)
2019-12-18 02:02:59.911 6547 INFO rally.task.context [-] Task 94abb00b-357e-4b8e-a11e-e3fad459388c | Context admin_cleanup@openstack cleanup() finished in 5.36 sec
2019-12-18 02:02:59.911 6547 INFO rally.task.context [-] Task 94abb00b-357e-4b8e-a11e-e3fad459388c | Context users@openstack cleanup() started
2019-12-18 02:03:04.707 6547 INFO rally.task.context [-] Task 94abb00b-357e-4b8e-a11e-e3fad459388c | Context users@openstack cleanup() finished in 4.80 sec
2019-12-18 02:03:05.479 6547 INFO rally.task.engine [-] Load duration is: 10.855027
2019-12-18 02:03:05.479 6547 INFO rally.task.engine [-] Full runner duration is: 10.897035
2019-12-18 02:03:05.480 6547 INFO rally.task.engine [-] Full duration is: 23.402623
2019-12-18 02:03:05.851 6547 INFO rally.task.engine [-] Running workload: position = 0 config = { "version": 2, "title": "A cropped version of a bigger task.", "description": "Auto-generated task from a single workload (uuid=5145105b-b14f-4271-b49c-85b7c0759473)", "subtasks": [ { "title": "GnocchiResourceType.create_delete_resource_type", "description": "Create resource type and then delete it.", "scenario": { "GnocchiResourceType.create_delete_resource_type": { "attributes": { "foo": { "required": false, "type": "string" }, "bar": { "required": true, "type": "number" } } } }, "contexts": { "users": { "tenants": 3, "users_per_tenant": 2 } }, "runner": { "constant": { "concurrency": 4, "times": 10 } }, "hooks": [], "sla": { "failure_rate": { "max": 0 } } } ] }
2019-12-18 02:03:05.876 6547 RALLYDEBUG rally_openstack.contexts.keystone.users [-] Creating 3 tenants using 20 threads
2019-12-18 02:03:06.892 6547 RALLYDEBUG rally_openstack.contexts.keystone.users [-] Creating 6 users using 20 threads
2019-12-18 02:03:08.457 6547 INFO rally.task.context [-] Task 94abb00b-357e-4b8e-a11e-e3fad459388c | Context users@openstack setup() finished in 2.58 sec
2019-12-18 02:03:08.457 6547 INFO rally.task.context [-] Task 94abb00b-357e-4b8e-a11e-e3fad459388c | Context admin_cleanup@openstack setup() finished in 0.01 msec
2019-12-18 02:03:08.466 6547 RALLYDEBUG rally.task.runner [-] Starting the constant runner (task UUID: 94abb00b-357e-4b8e-a11e-e3fad459388c). times: 10 concurrency: 4 timeout: 0 max_cpu_used: 16 processes_to_start: 4 concurrency_per_worker: 1 concurrency_overhead: 0
2019-12-18 02:03:08.477 7811 RALLYDEBUG rally.task.runner [-] Starting a worker. times: 10 duration: None concurrency: 1 timeout: 0 cls: method_name: run args: {"attributes": {"foo": {"required": false, "type": "string"}, "bar": {"required": true, "type": "number"}}}
2019-12-18 02:03:08.481 7812 RALLYDEBUG rally.task.runner [-] Starting a worker. times: 10 duration: None concurrency: 1 timeout: 0 cls: method_name: run args: {"attributes": {"foo": {"required": false, "type": "string"}, "bar": {"required": true, "type": "number"}}}
2019-12-18 02:03:08.484 7811 INFO rally.task.runner [-] Task 94abb00b-357e-4b8e-a11e-e3fad459388c | ITER: 1 START
2019-12-18 02:03:08.485 7813 RALLYDEBUG rally.task.runner [-] Starting a worker. times: 10 duration: None concurrency: 1 timeout: 0 cls: method_name: run args: {"attributes": {"foo": {"required": false, "type": "string"}, "bar": {"required": true, "type": "number"}}}
2019-12-18 02:03:08.488 7812 INFO rally.task.runner [-] Task 94abb00b-357e-4b8e-a11e-e3fad459388c | ITER: 2 START
2019-12-18 02:03:08.490 7816 RALLYDEBUG rally.task.runner [-] Starting a worker. times: 10 duration: None concurrency: 1 timeout: 0 cls: method_name: run args: {"attributes": {"foo": {"required": false, "type": "string"}, "bar": {"required": true, "type": "number"}}}
2019-12-18 02:03:08.492 7813 INFO rally.task.runner [-] Task 94abb00b-357e-4b8e-a11e-e3fad459388c | ITER: 3 START
2019-12-18 02:03:08.496 7816 INFO rally.task.runner [-] Task 94abb00b-357e-4b8e-a11e-e3fad459388c | ITER: 4 START
2019-12-18 02:03:14.203 7811 INFO rally.task.runner [-] Task 94abb00b-357e-4b8e-a11e-e3fad459388c | ITER: 1 END: OK
2019-12-18 02:03:14.203 7816 INFO rally.task.runner [-] Task 94abb00b-357e-4b8e-a11e-e3fad459388c | ITER: 4 END: OK
2019-12-18 02:03:14.208 7816 INFO rally.task.runner [-] Task 94abb00b-357e-4b8e-a11e-e3fad459388c | ITER: 6 START
2019-12-18 02:03:14.208 7811 INFO rally.task.runner [-] Task 94abb00b-357e-4b8e-a11e-e3fad459388c | ITER: 5 START
2019-12-18 02:03:14.261 7813 INFO rally.task.runner [-] Task 94abb00b-357e-4b8e-a11e-e3fad459388c | ITER: 3 END: OK
2019-12-18 02:03:14.265 7813 INFO rally.task.runner [-] Task 94abb00b-357e-4b8e-a11e-e3fad459388c | ITER: 7 START
2019-12-18 02:03:14.289 7812 INFO rally.task.runner [-] Task 94abb00b-357e-4b8e-a11e-e3fad459388c | ITER: 2 END: OK
2019-12-18 02:03:14.294 7812 INFO rally.task.runner [-] Task 94abb00b-357e-4b8e-a11e-e3fad459388c | ITER: 8 START
2019-12-18 02:03:19.774 7811 INFO rally.task.runner [-] Task 94abb00b-357e-4b8e-a11e-e3fad459388c | ITER: 5 END: OK
2019-12-18 02:03:19.777 7811 INFO rally.task.runner [-] Task 94abb00b-357e-4b8e-a11e-e3fad459388c | ITER: 9 START
2019-12-18 02:03:19.948 7813 INFO rally.task.runner [-] Task 94abb00b-357e-4b8e-a11e-e3fad459388c | ITER: 7 END: OK
2019-12-18 02:03:19.949 7816 INFO rally.task.runner [-] Task 94abb00b-357e-4b8e-a11e-e3fad459388c | ITER: 6 END: OK
2019-12-18 02:03:19.952 7813 INFO rally.task.runner [-] Task 94abb00b-357e-4b8e-a11e-e3fad459388c | ITER: 10 START
2019-12-18 02:03:20.046 7812 INFO rally.task.runner [-] Task 94abb00b-357e-4b8e-a11e-e3fad459388c | ITER: 8 END: OK
2019-12-18 02:03:22.785 7811 INFO rally.task.runner [-] Task 94abb00b-357e-4b8e-a11e-e3fad459388c | ITER: 9 END: OK
2019-12-18 02:03:22.867 7813 INFO rally.task.runner [-] Task 94abb00b-357e-4b8e-a11e-e3fad459388c | ITER: 10 END: OK
2019-12-18 02:03:22.893 6547 INFO rally.task.context [-] Task 94abb00b-357e-4b8e-a11e-e3fad459388c | Context admin_cleanup@openstack cleanup() started
2019-12-18 02:03:22.896 6547 RALLYDEBUG rally_openstack.cleanup.manager [-] Cleaning up gnocchi resource_type objects
2019-12-18 02:03:23.378 6547 INFO rally.task.context [-] Task 94abb00b-357e-4b8e-a11e-e3fad459388c | Context admin_cleanup@openstack cleanup() finished in 0.49 sec
2019-12-18 02:03:23.379 6547 INFO rally.task.context [-] Task 94abb00b-357e-4b8e-a11e-e3fad459388c | Context users@openstack cleanup() started
2019-12-18 02:03:28.067 6547 INFO rally.task.context [-] Task 94abb00b-357e-4b8e-a11e-e3fad459388c | Context users@openstack cleanup() finished in 4.69 sec
2019-12-18 02:03:30.004 6547 INFO rally.task.engine [-] Load duration is: 14.381156
2019-12-18 02:03:30.005 6547 INFO rally.task.engine [-] Full runner duration is: 14.426638
2019-12-18 02:03:30.005 6547 INFO rally.task.engine [-] Full duration is: 22.193547
2019-12-18 02:03:30.348 6547 INFO rally.task.engine [-] Running workload: position = 0 config = { "version": 2, "title": "A cropped version of a bigger task.", "description": "Auto-generated task from a single workload (uuid=f9f957e2-8512-4a00-8a9a-53d274455cf6)", "subtasks": [ { "title": "GnocchiMetric.list_metric", "description": "List metrics.", "scenario": { "GnocchiMetric.list_metric": { "limit": 10000 } }, "contexts": { "users": { "tenants": 3, "users_per_tenant": 2 } }, "runner": { "constant": { "concurrency": 4, "times": 10 } }, "hooks": [], "sla": { "failure_rate": { "max": 0 } } } ] }
2019-12-18 02:03:30.372 6547 RALLYDEBUG rally_openstack.contexts.keystone.users [-] Creating 3 tenants using 20 threads
2019-12-18 02:03:31.414 6547 RALLYDEBUG rally_openstack.contexts.keystone.users [-] Creating 6 users using 20 threads
2019-12-18 02:03:32.944 6547 INFO rally.task.context [-] Task 94abb00b-357e-4b8e-a11e-e3fad459388c | Context users@openstack setup() finished in 2.57 sec
2019-12-18 02:03:32.952 6547 RALLYDEBUG rally.task.runner [-] Starting the constant runner (task UUID: 94abb00b-357e-4b8e-a11e-e3fad459388c). times: 10 concurrency: 4 timeout: 0 max_cpu_used: 16 processes_to_start: 4 concurrency_per_worker: 1 concurrency_overhead: 0
2019-12-18 02:03:32.962 7935 RALLYDEBUG rally.task.runner [-] Starting a worker. times: 10 duration: None concurrency: 1 timeout: 0 cls: method_name: run args: {"limit": 10000}
2019-12-18 02:03:32.965 7936 RALLYDEBUG rally.task.runner [-] Starting a worker. times: 10 duration: None concurrency: 1 timeout: 0 cls: method_name: run args: {"limit": 10000}
2019-12-18 02:03:32.969 7937 RALLYDEBUG rally.task.runner [-] Starting a worker. times: 10 duration: None concurrency: 1 timeout: 0 cls: method_name: run args: {"limit": 10000}
2019-12-18 02:03:32.969 7935 INFO rally.task.runner [-] Task 94abb00b-357e-4b8e-a11e-e3fad459388c | ITER: 1 START
2019-12-18 02:03:32.971 7936 INFO rally.task.runner [-] Task 94abb00b-357e-4b8e-a11e-e3fad459388c | ITER: 2 START
2019-12-18 02:03:32.971 7938 RALLYDEBUG rally.task.runner [-] Starting a worker. times: 10 duration: None concurrency: 1 timeout: 0 cls: method_name: run args: {"limit": 10000}
2019-12-18 02:03:32.975 7937 INFO rally.task.runner [-] Task 94abb00b-357e-4b8e-a11e-e3fad459388c | ITER: 3 START
2019-12-18 02:03:32.977 7938 INFO rally.task.runner [-] Task 94abb00b-357e-4b8e-a11e-e3fad459388c | ITER: 4 START
2019-12-18 02:03:33.467 7937 INFO rally.task.runner [-] Task 94abb00b-357e-4b8e-a11e-e3fad459388c | ITER: 3 END: OK
2019-12-18 02:03:33.470 7936 INFO rally.task.runner [-] Task 94abb00b-357e-4b8e-a11e-e3fad459388c | ITER: 2 END: OK
2019-12-18 02:03:33.472 7935 INFO rally.task.runner [-] Task 94abb00b-357e-4b8e-a11e-e3fad459388c | ITER: 1 END: OK
2019-12-18 02:03:33.472 7937 INFO rally.task.runner [-] Task 94abb00b-357e-4b8e-a11e-e3fad459388c | ITER: 5 START
2019-12-18 02:03:33.474 7936 INFO rally.task.runner [-] Task 94abb00b-357e-4b8e-a11e-e3fad459388c | ITER: 6 START
2019-12-18 02:03:33.475 7938 INFO rally.task.runner [-] Task 94abb00b-357e-4b8e-a11e-e3fad459388c | ITER: 4 END: OK
2019-12-18 02:03:33.476 7935 INFO rally.task.runner [-] Task 94abb00b-357e-4b8e-a11e-e3fad459388c | ITER: 7 START
2019-12-18 02:03:33.480 7938 INFO rally.task.runner [-] Task 94abb00b-357e-4b8e-a11e-e3fad459388c | ITER: 8 START
2019-12-18 02:03:33.838 7938 INFO rally.task.runner [-] Task 94abb00b-357e-4b8e-a11e-e3fad459388c | ITER: 8 END: OK
2019-12-18 02:03:33.841 7938 INFO rally.task.runner [-] Task 94abb00b-357e-4b8e-a11e-e3fad459388c | ITER: 9 START
2019-12-18 02:03:33.874 7935 INFO rally.task.runner [-] Task 94abb00b-357e-4b8e-a11e-e3fad459388c | ITER: 7 END: OK
2019-12-18 02:03:33.877 7935 INFO rally.task.runner [-] Task 94abb00b-357e-4b8e-a11e-e3fad459388c | ITER: 10 START
2019-12-18 02:03:33.903 7936 INFO rally.task.runner [-] Task 94abb00b-357e-4b8e-a11e-e3fad459388c | ITER: 6 END: OK
2019-12-18 02:03:33.929 7937 INFO rally.task.runner [-] Task 94abb00b-357e-4b8e-a11e-e3fad459388c | ITER: 5 END: OK
2019-12-18 02:03:34.210 7938 INFO rally.task.runner [-] Task 94abb00b-357e-4b8e-a11e-e3fad459388c | ITER: 9 END: OK
2019-12-18 02:03:34.236 7935 INFO rally.task.runner [-] Task 94abb00b-357e-4b8e-a11e-e3fad459388c | ITER: 10 END: OK
2019-12-18 02:03:34.258 6547 INFO rally.task.context [-] Task 94abb00b-357e-4b8e-a11e-e3fad459388c | Context users@openstack cleanup() started
2019-12-18 02:03:38.743 6547 INFO rally.task.context [-] Task 94abb00b-357e-4b8e-a11e-e3fad459388c | Context users@openstack cleanup() finished in 4.48 sec
2019-12-18 02:03:40.439 6547 INFO rally.task.engine [-] Load duration is: 1.264595
2019-12-18 02:03:40.439 6547 INFO rally.task.engine [-] Full runner duration is: 1.306421
2019-12-18 02:03:40.439 6547 INFO rally.task.engine [-] Full duration is: 8.372188
2019-12-18 02:03:40.774 6547 INFO rally.task.engine [-] Running workload: position = 0 config = { "version": 2, "title": "A cropped version of a bigger task.", "description": "Auto-generated task from a single workload (uuid=a39a75f5-7d07-4fc1-a923-599bda806c16)", "subtasks": [ { "title": "GnocchiMetric.create_metric", "description": "Create metric.", "scenario": { "GnocchiMetric.create_metric": { "archive_policy_name": "low" } }, "contexts": { "users": { "tenants": 3, "users_per_tenant": 2 } }, "runner": { "constant": { "concurrency": 4, "times": 10 } }, "hooks": [], "sla": { "failure_rate": { "max": 0 } } } ] }
2019-12-18 02:03:40.798 6547 RALLYDEBUG rally_openstack.contexts.keystone.users [-] Creating 3 tenants using 20 threads
2019-12-18 02:03:41.867 6547 RALLYDEBUG rally_openstack.contexts.keystone.users [-] Creating 6 users using 20 threads
2019-12-18 02:03:43.491 6547 INFO rally.task.context [-] Task 94abb00b-357e-4b8e-a11e-e3fad459388c | Context users@openstack setup() finished in 2.69 sec
2019-12-18 02:03:43.492 6547 INFO rally.task.context [-] Task 94abb00b-357e-4b8e-a11e-e3fad459388c | Context cleanup@openstack setup() finished in 0.01 msec
2019-12-18 02:03:43.501 6547 RALLYDEBUG rally.task.runner [-] Starting the constant runner (task UUID: 94abb00b-357e-4b8e-a11e-e3fad459388c). times: 10 concurrency: 4 timeout: 0 max_cpu_used: 16 processes_to_start: 4 concurrency_per_worker: 1 concurrency_overhead: 0
2019-12-18 02:03:43.513 8039 RALLYDEBUG rally.task.runner [-] Starting a worker. times: 10 duration: None concurrency: 1 timeout: 0 cls: method_name: run args: {"archive_policy_name": "low"}
2019-12-18 02:03:43.520 8039 INFO rally.task.runner [-] Task 94abb00b-357e-4b8e-a11e-e3fad459388c | ITER: 1 START
2019-12-18 02:03:43.522 8040 RALLYDEBUG rally.task.runner [-] Starting a worker. times: 10 duration: None concurrency: 1 timeout: 0 cls: method_name: run args: {"archive_policy_name": "low"}
2019-12-18 02:03:43.526 8043 RALLYDEBUG rally.task.runner [-] Starting a worker. times: 10 duration: None concurrency: 1 timeout: 0 cls: method_name: run args: {"archive_policy_name": "low"}
2019-12-18 02:03:43.529 8044 RALLYDEBUG rally.task.runner [-] Starting a worker. times: 10 duration: None concurrency: 1 timeout: 0 cls: method_name: run args: {"archive_policy_name": "low"}
2019-12-18 02:03:43.531 8040 INFO rally.task.runner [-] Task 94abb00b-357e-4b8e-a11e-e3fad459388c | ITER: 2 START
2019-12-18 02:03:43.534 8043 INFO rally.task.runner [-] Task 94abb00b-357e-4b8e-a11e-e3fad459388c | ITER: 3 START
2019-12-18 02:03:43.539 8044 INFO rally.task.runner [-] Task 94abb00b-357e-4b8e-a11e-e3fad459388c | ITER: 4 START
2019-12-18 02:03:44.093 8040 INFO rally.task.runner [-] Task 94abb00b-357e-4b8e-a11e-e3fad459388c | ITER: 2 END: OK
2019-12-18 02:03:44.097 8040 INFO rally.task.runner [-] Task 94abb00b-357e-4b8e-a11e-e3fad459388c | ITER: 5 START
2019-12-18 02:03:44.102 8044 INFO rally.task.runner [-] Task 94abb00b-357e-4b8e-a11e-e3fad459388c | ITER: 4 END: OK
2019-12-18 02:03:44.104 8039 INFO rally.task.runner [-] Task 94abb00b-357e-4b8e-a11e-e3fad459388c | ITER: 1 END: OK
2019-12-18 02:03:44.107 8044 INFO rally.task.runner [-] Task 94abb00b-357e-4b8e-a11e-e3fad459388c | ITER: 6 START
2019-12-18 02:03:44.110 8039 INFO rally.task.runner [-] Task 94abb00b-357e-4b8e-a11e-e3fad459388c | ITER: 7 START
2019-12-18 02:03:44.128 8043 INFO rally.task.runner [-] Task 94abb00b-357e-4b8e-a11e-e3fad459388c | ITER: 3 END: OK
2019-12-18 02:03:44.132 8043 INFO rally.task.runner [-] Task 94abb00b-357e-4b8e-a11e-e3fad459388c | ITER: 8 START
2019-12-18 02:03:44.474 8040 INFO rally.task.runner [-] Task 94abb00b-357e-4b8e-a11e-e3fad459388c | ITER: 5 END: OK
2019-12-18 02:03:44.477 8040 INFO rally.task.runner [-] Task 94abb00b-357e-4b8e-a11e-e3fad459388c | ITER: 9 START
2019-12-18 02:03:44.480 8039 INFO rally.task.runner [-] Task 94abb00b-357e-4b8e-a11e-e3fad459388c | ITER: 7 END: OK
2019-12-18 02:03:44.484 8039 INFO rally.task.runner [-] Task 94abb00b-357e-4b8e-a11e-e3fad459388c | ITER: 10 START
2019-12-18 02:03:44.547 8043 INFO rally.task.runner [-] Task 94abb00b-357e-4b8e-a11e-e3fad459388c | ITER: 8 END: OK
2019-12-18 02:03:44.580 8044 INFO rally.task.runner [-] Task 94abb00b-357e-4b8e-a11e-e3fad459388c | ITER: 6 END: OK
2019-12-18 02:03:45.026 8040 INFO rally.task.runner [-] Task 94abb00b-357e-4b8e-a11e-e3fad459388c | ITER: 9 END: OK
2019-12-18 02:03:45.062 8039 INFO rally.task.runner [-] Task 94abb00b-357e-4b8e-a11e-e3fad459388c | ITER: 10 END: OK
2019-12-18 02:03:45.089 6547 INFO rally.task.context [-] Task 94abb00b-357e-4b8e-a11e-e3fad459388c | Context cleanup@openstack cleanup() started
2019-12-18 02:03:45.094 6547 RALLYDEBUG rally_openstack.cleanup.manager [-] Cleaning up gnocchi metric objects
2019-12-18 02:03:46.367 6547 INFO rally.task.context [-] Task 94abb00b-357e-4b8e-a11e-e3fad459388c | Context cleanup@openstack cleanup() finished in 1.28 sec
2019-12-18 02:03:46.368 6547 INFO rally.task.context [-] Task 94abb00b-357e-4b8e-a11e-e3fad459388c | Context users@openstack cleanup() started
2019-12-18 02:03:50.907 6547 INFO rally.task.context [-] Task 94abb00b-357e-4b8e-a11e-e3fad459388c | Context users@openstack cleanup() finished in 4.54 sec
2019-12-18 02:03:52.888 6547 INFO rally.task.engine [-] Load duration is: 1.540394
2019-12-18 02:03:52.888 6547 INFO rally.task.engine [-] Full runner duration is: 1.587455
2019-12-18 02:03:52.889 6547 INFO rally.task.engine [-] Full duration is: 10.110769
2019-12-18 02:03:53.235 6547 INFO rally.task.engine [-] Running workload: position = 0 config = { "version": 2, "title": "A cropped version of a bigger task.", "description": "Auto-generated task from a single workload (uuid=167326cb-8f86-4c99-987c-5bf52b8ca713)", "subtasks": [ { "title": "GnocchiMetric.create_delete_metric", "description": "Create metric and then delete it.", "scenario": { "GnocchiMetric.create_delete_metric": { "archive_policy_name": "low" } }, "contexts": { "users": { "tenants": 3, "users_per_tenant": 2 } }, "runner": { "constant": { "concurrency": 4, "times": 10 } }, "hooks": [], "sla": { "failure_rate": { "max": 0 } } } ] }
2019-12-18 02:03:53.258 6547 RALLYDEBUG rally_openstack.contexts.keystone.users [-] Creating 3 tenants using 20 threads
2019-12-18 02:03:54.260 6547 RALLYDEBUG rally_openstack.contexts.keystone.users [-] Creating 6 users using 20 threads
2019-12-18 02:03:55.806 6547 INFO rally.task.context [-] Task 94abb00b-357e-4b8e-a11e-e3fad459388c | Context users@openstack setup() finished in 2.55 sec
2019-12-18 02:03:55.807 6547 INFO rally.task.context [-] Task 94abb00b-357e-4b8e-a11e-e3fad459388c | Context cleanup@openstack setup() finished in 0.01 msec
2019-12-18 02:03:55.817 6547 RALLYDEBUG rally.task.runner [-] Starting the constant runner (task UUID: 94abb00b-357e-4b8e-a11e-e3fad459388c). times: 10 concurrency: 4 timeout: 0 max_cpu_used: 16 processes_to_start: 4 concurrency_per_worker: 1 concurrency_overhead: 0
2019-12-18 02:03:55.829 8163 RALLYDEBUG rally.task.runner [-] Starting a worker. times: 10 duration: None concurrency: 1 timeout: 0 cls: method_name: run args: {"archive_policy_name": "low"}
2019-12-18 02:03:55.832 8164 RALLYDEBUG rally.task.runner [-] Starting a worker. times: 10 duration: None concurrency: 1 timeout: 0 cls: method_name: run args: {"archive_policy_name": "low"}
2019-12-18 02:03:55.835 8163 INFO rally.task.runner [-] Task 94abb00b-357e-4b8e-a11e-e3fad459388c | ITER: 1 START
2019-12-18 02:03:55.836 8165 RALLYDEBUG rally.task.runner [-] Starting a worker. times: 10 duration: None concurrency: 1 timeout: 0 cls: method_name: run args: {"archive_policy_name": "low"}
2019-12-18 02:03:55.839 8164 INFO rally.task.runner [-] Task 94abb00b-357e-4b8e-a11e-e3fad459388c | ITER: 2 START
2019-12-18 02:03:55.839 8168 RALLYDEBUG rally.task.runner [-] Starting a worker. times: 10 duration: None concurrency: 1 timeout: 0 cls: method_name: run args: {"archive_policy_name": "low"}
2019-12-18 02:03:55.842 8165 INFO rally.task.runner [-] Task 94abb00b-357e-4b8e-a11e-e3fad459388c | ITER: 3 START
2019-12-18 02:03:55.846 8168 INFO rally.task.runner [-] Task 94abb00b-357e-4b8e-a11e-e3fad459388c | ITER: 4 START
2019-12-18 02:03:56.395 8165 INFO rally.task.runner [-] Task 94abb00b-357e-4b8e-a11e-e3fad459388c | ITER: 3 END: OK
2019-12-18 02:03:56.399 8165 INFO rally.task.runner [-] Task 94abb00b-357e-4b8e-a11e-e3fad459388c | ITER: 5 START
2019-12-18 02:03:56.416 8164 INFO rally.task.runner [-] Task 94abb00b-357e-4b8e-a11e-e3fad459388c | ITER: 2 END: OK
2019-12-18 02:03:56.417 8168 INFO rally.task.runner [-] Task 94abb00b-357e-4b8e-a11e-e3fad459388c | ITER: 4 END: OK
2019-12-18 02:03:56.421 8168 INFO rally.task.runner [-] Task 94abb00b-357e-4b8e-a11e-e3fad459388c | ITER: 7 START
2019-12-18 02:03:56.421 8164 INFO rally.task.runner [-] Task 94abb00b-357e-4b8e-a11e-e3fad459388c | ITER: 6 START
2019-12-18 02:03:56.450 8163 INFO rally.task.runner [-] Task 94abb00b-357e-4b8e-a11e-e3fad459388c | ITER: 1 END: OK
2019-12-18 02:03:56.455 8163 INFO rally.task.runner [-] Task 94abb00b-357e-4b8e-a11e-e3fad459388c | ITER: 8 START
2019-12-18 02:03:56.864 8163 INFO rally.task.runner [-] Task 94abb00b-357e-4b8e-a11e-e3fad459388c | ITER: 8 END: OK
2019-12-18 02:03:56.867 8163 INFO rally.task.runner [-] Task 94abb00b-357e-4b8e-a11e-e3fad459388c | ITER: 9 START
2019-12-18 02:03:56.926 8168 INFO rally.task.runner [-] Task 94abb00b-357e-4b8e-a11e-e3fad459388c | ITER: 7 END: OK
2019-12-18 02:03:56.930 8168 INFO rally.task.runner [-] Task 94abb00b-357e-4b8e-a11e-e3fad459388c | ITER: 10 START
2019-12-18 02:03:56.961 8164 INFO rally.task.runner [-] Task 94abb00b-357e-4b8e-a11e-e3fad459388c | ITER: 6 END: OK
2019-12-18 02:03:57.002 8165 INFO rally.task.runner [-] Task 94abb00b-357e-4b8e-a11e-e3fad459388c | ITER: 5 END: OK
2019-12-18 02:03:57.304 8163 INFO rally.task.runner [-] Task 94abb00b-357e-4b8e-a11e-e3fad459388c | ITER: 9 END: OK
2019-12-18 02:03:57.467 8168 INFO rally.task.runner [-] Task 94abb00b-357e-4b8e-a11e-e3fad459388c | ITER: 10 END: OK
2019-12-18 02:03:57.495 6547 INFO rally.task.context [-] Task 94abb00b-357e-4b8e-a11e-e3fad459388c | Context cleanup@openstack cleanup() started
2019-12-18 02:03:57.499 6547 RALLYDEBUG rally_openstack.cleanup.manager [-] Cleaning up gnocchi metric objects
2019-12-18 02:03:58.780 6547 INFO rally.task.context [-] Task 94abb00b-357e-4b8e-a11e-e3fad459388c | Context cleanup@openstack cleanup() finished in 1.29 sec
2019-12-18 02:03:58.781 6547 INFO rally.task.context [-] Task 94abb00b-357e-4b8e-a11e-e3fad459388c | Context users@openstack cleanup() started
2019-12-18 02:04:03.179 6547 INFO rally.task.context [-] Task 94abb00b-357e-4b8e-a11e-e3fad459388c | Context users@openstack cleanup() finished in 4.40 sec
2019-12-18 02:04:03.339 6547 INFO rally.task.engine [-] Load duration is: 1.630507
2019-12-18 02:04:03.339 6547 INFO rally.task.engine [-] Full runner duration is: 1.678917
2019-12-18 02:04:03.340 6547 INFO rally.task.engine [-] Full duration is: 9.922451
2019-12-18 02:04:03.708 6547 INFO rally.task.engine [-] Running workload: position = 0 config = { "version": 2, "title": "A cropped version of a bigger task.", "description": "Auto-generated task from a single workload (uuid=d2ecff8d-659d-4000-a8b3-10aadda61ca6)", "subtasks": [ { "title": "GnocchiResource.create_resource", "description": "Create resource.", "scenario": { "GnocchiResource.create_resource": {} }, "contexts": { "users": { "tenants": 3, "users_per_tenant": 2 } }, "runner": { "constant": { "concurrency": 4, "times": 10 } }, "hooks": [], "sla": { "failure_rate": { "max": 0 } } } ] }
2019-12-18 02:04:03.732 6547 RALLYDEBUG rally_openstack.contexts.keystone.users [-] Creating 3 tenants using 20 threads
2019-12-18 02:04:04.700 6547 RALLYDEBUG rally_openstack.contexts.keystone.users [-] Creating 6 users using 20 threads
2019-12-18 02:04:06.188 6547 INFO rally.task.context [-] Task 94abb00b-357e-4b8e-a11e-e3fad459388c | Context users@openstack setup() finished in 2.46 sec
2019-12-18 02:04:06.188 6547 INFO rally.task.context [-] Task 94abb00b-357e-4b8e-a11e-e3fad459388c | Context cleanup@openstack setup() finished in 0.01 msec
2019-12-18 02:04:06.198 6547 RALLYDEBUG rally.task.runner [-] Starting the constant runner (task UUID: 94abb00b-357e-4b8e-a11e-e3fad459388c). times: 10 concurrency: 4 timeout: 0 max_cpu_used: 16 processes_to_start: 4 concurrency_per_worker: 1 concurrency_overhead: 0
2019-12-18 02:04:06.209 8287 RALLYDEBUG rally.task.runner [-] Starting a worker. times: 10 duration: None concurrency: 1 timeout: 0 cls: method_name: run args: {}
2019-12-18 02:04:06.213 8288 RALLYDEBUG rally.task.runner [-] Starting a worker. times: 10 duration: None concurrency: 1 timeout: 0 cls: method_name: run args: {}
2019-12-18 02:04:06.215 8287 INFO rally.task.runner [-] Task 94abb00b-357e-4b8e-a11e-e3fad459388c | ITER: 1 START
2019-12-18 02:04:06.217 8289 RALLYDEBUG rally.task.runner [-] Starting a worker. times: 10 duration: None concurrency: 1 timeout: 0 cls: method_name: run args: {}
2019-12-18 02:04:06.219 8288 INFO rally.task.runner [-] Task 94abb00b-357e-4b8e-a11e-e3fad459388c | ITER: 2 START
2019-12-18 02:04:06.221 8292 RALLYDEBUG rally.task.runner [-] Starting a worker. times: 10 duration: None concurrency: 1 timeout: 0 cls: method_name: run args: {}
2019-12-18 02:04:06.223 8289 INFO rally.task.runner [-] Task 94abb00b-357e-4b8e-a11e-e3fad459388c | ITER: 3 START
2019-12-18 02:04:06.229 8292 INFO rally.task.runner [-] Task 94abb00b-357e-4b8e-a11e-e3fad459388c | ITER: 4 START
2019-12-18 02:04:06.769 8288 INFO rally.task.runner [-] Task 94abb00b-357e-4b8e-a11e-e3fad459388c | ITER: 2 END: OK
2019-12-18 02:04:06.771 8289 INFO rally.task.runner [-] Task 94abb00b-357e-4b8e-a11e-e3fad459388c | ITER: 3 END: OK
2019-12-18 02:04:06.773 8288 INFO rally.task.runner [-] Task 94abb00b-357e-4b8e-a11e-e3fad459388c | ITER: 5 START
2019-12-18 02:04:06.776 8289 INFO rally.task.runner [-] Task 94abb00b-357e-4b8e-a11e-e3fad459388c | ITER: 6 START
2019-12-18 02:04:06.776 8287 INFO rally.task.runner [-] Task 94abb00b-357e-4b8e-a11e-e3fad459388c | ITER: 1 END: OK
2019-12-18 02:04:06.780 8292 INFO rally.task.runner [-] Task 94abb00b-357e-4b8e-a11e-e3fad459388c | ITER: 4 END: OK
2019-12-18 02:04:06.782 8287 INFO rally.task.runner [-] Task 94abb00b-357e-4b8e-a11e-e3fad459388c | ITER: 7 START
2019-12-18 02:04:06.785 8292 INFO rally.task.runner [-] Task 94abb00b-357e-4b8e-a11e-e3fad459388c | ITER: 8 START
2019-12-18 02:04:07.143 8292 INFO rally.task.runner [-] Task 94abb00b-357e-4b8e-a11e-e3fad459388c | ITER: 8 END: OK
2019-12-18 02:04:07.146 8292 INFO rally.task.runner [-] Task 94abb00b-357e-4b8e-a11e-e3fad459388c | ITER: 9 START
2019-12-18 02:04:07.229 8287 INFO rally.task.runner [-] Task 94abb00b-357e-4b8e-a11e-e3fad459388c | ITER: 7 END: OK
2019-12-18 02:04:07.229 8289 INFO rally.task.runner [-] Task 94abb00b-357e-4b8e-a11e-e3fad459388c | ITER: 6 END: OK
2019-12-18 02:04:07.230 8288 INFO rally.task.runner [-] Task 94abb00b-357e-4b8e-a11e-e3fad459388c | ITER: 5 END: OK
2019-12-18 02:04:07.233 8287 INFO rally.task.runner [-] Task 94abb00b-357e-4b8e-a11e-e3fad459388c | ITER: 10 START
2019-12-18 02:04:07.585 8292 INFO rally.task.runner [-] Task 94abb00b-357e-4b8e-a11e-e3fad459388c | ITER: 9 END: OK
2019-12-18 02:04:07.609 8287 INFO rally.task.runner [-] Task 94abb00b-357e-4b8e-a11e-e3fad459388c | ITER: 10 END: OK
2019-12-18 02:04:07.632 6547 INFO rally.task.context [-] Task 94abb00b-357e-4b8e-a11e-e3fad459388c | Context cleanup@openstack cleanup() started
2019-12-18 02:04:07.636 6547 RALLYDEBUG rally_openstack.cleanup.manager [-] Cleaning up gnocchi resource objects
2019-12-18 02:04:09.103 6547 RALLYDEBUG rally_openstack.cleanup.manager [-] Deleting gnocchi.resource object s_rally_d2ecff8d_CzQnOwc2 (aca95b0d-c7a5-59ac-b273-c8a03a79d84b)
2019-12-18 02:04:09.113 6547 RALLYDEBUG rally_openstack.cleanup.manager [-] Deleting gnocchi.resource object s_rally_d2ecff8d_71fDuMKE (e775f249-79c6-5496-beb1-681794a37a28)
2019-12-18 02:04:09.121 6547 RALLYDEBUG rally_openstack.cleanup.manager [-] Deleting gnocchi.resource object s_rally_d2ecff8d_bigaQKjH (6533de10-4226-55bb-8a53-05b1d066e12b)
2019-12-18 02:04:09.125 6547 RALLYDEBUG rally_openstack.cleanup.manager [-] Deleting gnocchi.resource object s_rally_d2ecff8d_6gQVdPvo (b0d0a6f8-91fe-5bb9-be1e-c5ef47d36765)
2019-12-18 02:04:09.140 6547 RALLYDEBUG rally_openstack.cleanup.manager [-] Deleting gnocchi.resource object s_rally_d2ecff8d_8ejvVHta (6559e978-65fa-5a7c-baa7-adfc7920d2f1)
2019-12-18 02:04:09.149 6547 RALLYDEBUG rally_openstack.cleanup.manager [-] Deleting gnocchi.resource object s_rally_d2ecff8d_DB0pMzcV (f92824a3-3a5c-5ee5-b488-1d3d0ca1d9e7)
2019-12-18 02:04:09.163 6547 RALLYDEBUG rally_openstack.cleanup.manager [-] Deleting gnocchi.resource object s_rally_d2ecff8d_EAus6yJx (9a3d006f-da36-55fc-ac51-c4ada1d161c5)
2019-12-18 02:04:09.177 6547 RALLYDEBUG rally_openstack.cleanup.manager [-] Deleting gnocchi.resource object s_rally_d2ecff8d_t3nSvSYv (1bf67e23-9d25-5e44-be5e-de442575d94a)
2019-12-18 02:04:09.182 6547 RALLYDEBUG rally_openstack.cleanup.manager [-] Deleting gnocchi.resource object s_rally_d2ecff8d_r0vpCZWg (def7cc7e-0126-5d43-a484-254eb85133c5)
2019-12-18 02:04:09.187 6547 RALLYDEBUG rally_openstack.cleanup.manager [-] Deleting gnocchi.resource object s_rally_d2ecff8d_Wqvnwr0p (6e8b58d8-cb94-5c0b-8f6a-b6f0db760c2c)
2019-12-18 02:04:10.737 6547 INFO rally.task.context [-] Task 94abb00b-357e-4b8e-a11e-e3fad459388c | Context cleanup@openstack cleanup() finished in 3.10 sec
2019-12-18 02:04:10.737 6547 INFO rally.task.context [-] Task 94abb00b-357e-4b8e-a11e-e3fad459388c | Context users@openstack cleanup() started
2019-12-18 02:04:15.060 6547 INFO rally.task.context [-] Task 94abb00b-357e-4b8e-a11e-e3fad459388c | Context users@openstack cleanup() finished in 4.32 sec
2019-12-18 02:04:15.822 6547 INFO rally.task.engine [-] Load duration is: 1.392034
2019-12-18 02:04:15.823 6547 INFO rally.task.engine [-] Full runner duration is: 1.434831
2019-12-18 02:04:15.823 6547 INFO rally.task.engine [-] Full duration is: 11.330008
2019-12-18 02:04:16.175 6547 INFO rally.task.engine [-] Running workload: position = 0 config = { "version": 2, "title": "A cropped version of a bigger task.", "description": "Auto-generated task from a single workload (uuid=e48ef311-cc9c-48c0-b520-982c03255900)", "subtasks": [ { "title": "GnocchiResource.create_delete_resource", "description": "Create resource and then delete it.", "scenario": { "GnocchiResource.create_delete_resource": {} }, "contexts": { "users": { "tenants": 3, "users_per_tenant": 2 } }, "runner": { "constant": { "concurrency": 4, "times": 10 } }, "hooks": [], "sla": { "failure_rate": { "max": 0 } } } ] }
2019-12-18 02:04:16.199 6547 RALLYDEBUG rally_openstack.contexts.keystone.users [-] Creating 3 tenants using 20 threads
2019-12-18 02:04:17.219 6547 RALLYDEBUG rally_openstack.contexts.keystone.users [-] Creating 6 users using 20 threads
2019-12-18 02:04:18.791 6547 INFO rally.task.context [-] Task 94abb00b-357e-4b8e-a11e-e3fad459388c | Context users@openstack setup() finished in 2.59 sec
2019-12-18 02:04:18.792 6547 INFO rally.task.context [-] Task 94abb00b-357e-4b8e-a11e-e3fad459388c | Context cleanup@openstack setup() finished in 0.01 msec
2019-12-18 02:04:18.801 6547 RALLYDEBUG rally.task.runner [-] Starting the constant runner (task UUID: 94abb00b-357e-4b8e-a11e-e3fad459388c). times: 10 concurrency: 4 timeout: 0 max_cpu_used: 16 processes_to_start: 4 concurrency_per_worker: 1 concurrency_overhead: 0
2019-12-18 02:04:18.812 8411 RALLYDEBUG rally.task.runner [-] Starting a worker. times: 10 duration: None concurrency: 1 timeout: 0 cls: method_name: run args: {}
2019-12-18 02:04:18.816 8412 RALLYDEBUG rally.task.runner [-] Starting a worker. times: 10 duration: None concurrency: 1 timeout: 0 cls: method_name: run args: {}
2019-12-18 02:04:18.819 8411 INFO rally.task.runner [-] Task 94abb00b-357e-4b8e-a11e-e3fad459388c | ITER: 1 START
2019-12-18 02:04:18.820 8413 RALLYDEBUG rally.task.runner [-] Starting a worker. times: 10 duration: None concurrency: 1 timeout: 0 cls: method_name: run args: {}
2019-12-18 02:04:18.823 8412 INFO rally.task.runner [-] Task 94abb00b-357e-4b8e-a11e-e3fad459388c | ITER: 2 START
2019-12-18 02:04:18.823 8416 RALLYDEBUG rally.task.runner [-] Starting a worker. times: 10 duration: None concurrency: 1 timeout: 0 cls: method_name: run args: {}
2019-12-18 02:04:18.827 8413 INFO rally.task.runner [-] Task 94abb00b-357e-4b8e-a11e-e3fad459388c | ITER: 3 START
2019-12-18 02:04:18.830 8416 INFO rally.task.runner [-] Task 94abb00b-357e-4b8e-a11e-e3fad459388c | ITER: 4 START
2019-12-18 02:04:19.400 8412 INFO rally.task.runner [-] Task 94abb00b-357e-4b8e-a11e-e3fad459388c | ITER: 2 END: OK
2019-12-18 02:04:19.404 8412 INFO rally.task.runner [-] Task 94abb00b-357e-4b8e-a11e-e3fad459388c | ITER: 5 START
2019-12-18 02:04:19.405 8413 INFO rally.task.runner [-] Task 94abb00b-357e-4b8e-a11e-e3fad459388c | ITER: 3 END: OK
2019-12-18 02:04:19.409 8413 INFO rally.task.runner [-] Task 94abb00b-357e-4b8e-a11e-e3fad459388c | ITER: 6 START
2019-12-18 02:04:19.417 8416 INFO rally.task.runner [-] Task 94abb00b-357e-4b8e-a11e-e3fad459388c | ITER: 4 END: OK
2019-12-18 02:04:19.422 8416 INFO rally.task.runner [-] Task 94abb00b-357e-4b8e-a11e-e3fad459388c | ITER: 7 START
2019-12-18 02:04:19.437 8411 INFO rally.task.runner [-] Task 94abb00b-357e-4b8e-a11e-e3fad459388c | ITER: 1 END: OK
2019-12-18 02:04:19.441 8411 INFO rally.task.runner [-] Task 94abb00b-357e-4b8e-a11e-e3fad459388c | ITER: 8 START
2019-12-18 02:04:19.829 8416 INFO rally.task.runner [-] Task 94abb00b-357e-4b8e-a11e-e3fad459388c | ITER: 7 END: OK
2019-12-18 02:04:19.833 8416 INFO rally.task.runner [-] Task 94abb00b-357e-4b8e-a11e-e3fad459388c | ITER: 9 START
2019-12-18 02:04:19.894 8412 INFO rally.task.runner [-] Task 94abb00b-357e-4b8e-a11e-e3fad459388c | ITER: 5 END: OK
2019-12-18 02:04:19.898 8412 INFO rally.task.runner [-] Task 94abb00b-357e-4b8e-a11e-e3fad459388c | ITER: 10 START
2019-12-18 02:04:19.905 8413 INFO rally.task.runner [-] Task 94abb00b-357e-4b8e-a11e-e3fad459388c | ITER: 6 END: OK
2019-12-18 02:04:19.948 8411 INFO rally.task.runner [-] Task 94abb00b-357e-4b8e-a11e-e3fad459388c | ITER: 8 END: OK
2019-12-18 02:04:20.238 8416 INFO rally.task.runner [-] Task 94abb00b-357e-4b8e-a11e-e3fad459388c | ITER: 9 END: OK
2019-12-18 02:04:20.316 8412 INFO rally.task.runner [-] Task 94abb00b-357e-4b8e-a11e-e3fad459388c | ITER: 10 END: OK
2019-12-18 02:04:20.343 6547 INFO rally.task.context [-] Task 94abb00b-357e-4b8e-a11e-e3fad459388c | Context cleanup@openstack cleanup() started
2019-12-18 02:04:20.347 6547 RALLYDEBUG rally_openstack.cleanup.manager [-] Cleaning up gnocchi resource objects
2019-12-18 02:04:21.599 6547 INFO rally.task.context [-] Task 94abb00b-357e-4b8e-a11e-e3fad459388c | Context cleanup@openstack cleanup() finished in 1.26 sec
2019-12-18 02:04:21.599 6547 INFO rally.task.context [-] Task 94abb00b-357e-4b8e-a11e-e3fad459388c | Context users@openstack cleanup() started
2019-12-18 02:04:26.014 6547 INFO rally.task.context [-] Task 94abb00b-357e-4b8e-a11e-e3fad459388c | Context users@openstack cleanup() finished in 4.41 sec
2019-12-18 02:04:26.281 6547 INFO rally.task.engine [-] Load duration is: 1.494663
2019-12-18 02:04:26.281 6547 INFO rally.task.engine [-] Full runner duration is: 1.543104
2019-12-18 02:04:26.281 6547 INFO rally.task.engine [-] Full duration is: 9.816938
2019-12-18 02:04:26.582 6547 INFO rally.task.engine [-] Task 94abb00b-357e-4b8e-a11e-e3fad459388c | Completed: Running task.
2019-12-18 02:04:28.182 8493 RALLYDEBUG rally.api [-] INFO logs from urllib3 and requests module are hide.
2019-12-18 02:04:28.182 8493 RALLYDEBUG rally.api [-] urllib3 insecure warnings are hidden.
2019-12-18 02:04:28.182 8493 RALLYDEBUG rally.api [-] ERROR log from boto module is hide.
2019-12-18 02:04:29.404 8494 RALLYDEBUG rally.api [-] INFO logs from urllib3 and requests module are hide.
2019-12-18 02:04:29.404 8494 RALLYDEBUG rally.api [-] urllib3 insecure warnings are hidden.
2019-12-18 02:04:29.404 8494 RALLYDEBUG rally.api [-] ERROR log from boto module is hide.
2019-12-18 02:04:30.699 8495 RALLYDEBUG rally.api [-] INFO logs from urllib3 and requests module are hide.
2019-12-18 02:04:30.699 8495 RALLYDEBUG rally.api [-] urllib3 insecure warnings are hidden.
2019-12-18 02:04:30.699 8495 RALLYDEBUG rally.api [-] ERROR log from boto module is hide.
2019-12-18 02:04:32.358 8495 INFO rally.api [-] Building 'json' report for the following task(s): '94abb00b-357e-4b8e-a11e-e3fad459388c'.
2019-12-18 02:04:32.379 8495 INFO rally.api [-] The report has been successfully built.
2019-12-18 02:04:33.743 8497 RALLYDEBUG rally.api [-] INFO logs from urllib3 and requests module are hide.
2019-12-18 02:04:33.743 8497 RALLYDEBUG rally.api [-] urllib3 insecure warnings are hidden.
2019-12-18 02:04:33.743 8497 RALLYDEBUG rally.api [-] ERROR log from boto module is hide.
2019-12-18 02:04:35.683 8497 INFO rally.task.engine [-] Task 5d02845b-f245-4345-9d03-e4908ce3357f | Starting: Task validation.
2019-12-18 02:04:35.738 8497 INFO rally.task.engine [-] Task 5d02845b-f245-4345-9d03-e4908ce3357f | Starting: Task validation of syntax.
2019-12-18 02:04:35.932 8497 INFO rally.task.engine [-] Task 5d02845b-f245-4345-9d03-e4908ce3357f | Completed: Task validation of syntax.
2019-12-18 02:04:35.933 8497 INFO rally.task.engine [-] Task 5d02845b-f245-4345-9d03-e4908ce3357f | Starting: Task validation of required platforms.
2019-12-18 02:04:36.014 8497 INFO rally.task.engine [-] Task 5d02845b-f245-4345-9d03-e4908ce3357f | Completed: Task validation of required platforms.
2019-12-18 02:04:36.014 8497 INFO rally.task.engine [-] Task 5d02845b-f245-4345-9d03-e4908ce3357f | Starting: Task validation of semantic.
2019-12-18 02:04:36.014 8497 INFO rally.task.engine [-] Check health of the environment '35c66681-f0dc-4da3-aba6-b9e1bda3b137'.
2019-12-18 02:04:36.990 8497 INFO rally.task.engine [-] Platform existing@openstack (available: True): OK!
2019-12-18 02:04:37.006 8497 RALLYDEBUG rally_openstack.contexts.keystone.users [-] Creating 1 tenants using 20 threads
2019-12-18 02:04:37.861 8497 RALLYDEBUG rally_openstack.contexts.keystone.users [-] Creating 1 users using 20 threads
2019-12-18 02:04:39.258 8497 INFO rally.task.context [-] Task 5d02845b-f245-4345-9d03-e4908ce3357f | Context users@openstack setup() finished in 2.25 sec
2019-12-18 02:04:39.979 8497 RALLYDEBUG rally_openstack.contexts.keystone.roles [-] Adding role heat_stack_owner having ID 07a076f61c224f78b1fbf6e73cc4d225 to all users using 30 threads
2019-12-18 02:04:42.108 8497 RALLYDEBUG rally_openstack.contexts.keystone.roles [-] Removing assigned role 07a076f61c224f78b1fbf6e73cc4d225 from all users
2019-12-18 02:04:44.037 8497 RALLYDEBUG rally_openstack.contexts.keystone.roles [-] Adding role heat_stack_owner having ID 07a076f61c224f78b1fbf6e73cc4d225 to all users using 30 threads
2019-12-18 02:04:45.625 8497 RALLYDEBUG rally_openstack.contexts.keystone.roles [-] Removing assigned role 07a076f61c224f78b1fbf6e73cc4d225 from all users
2019-12-18 02:04:47.538 8497 RALLYDEBUG rally_openstack.contexts.keystone.roles [-] Adding role heat_stack_owner having ID 07a076f61c224f78b1fbf6e73cc4d225 to all users using 30 threads
2019-12-18 02:04:48.815 8497 RALLYDEBUG rally_openstack.contexts.keystone.roles [-] Removing assigned role 07a076f61c224f78b1fbf6e73cc4d225 from all users
2019-12-18 02:04:50.715 8497 RALLYDEBUG rally_openstack.contexts.keystone.roles [-] Adding role heat_stack_owner having ID 07a076f61c224f78b1fbf6e73cc4d225 to all users using 30 threads
2019-12-18 02:04:51.974 8497 RALLYDEBUG rally_openstack.contexts.keystone.roles [-] Removing assigned role 07a076f61c224f78b1fbf6e73cc4d225 from all users
2019-12-18 02:04:53.866 8497 RALLYDEBUG rally_openstack.contexts.keystone.roles [-] Adding role heat_stack_owner having ID 07a076f61c224f78b1fbf6e73cc4d225 to all users using 30 threads
2019-12-18 02:04:55.125 8497 RALLYDEBUG rally_openstack.contexts.keystone.roles [-] Removing assigned role 07a076f61c224f78b1fbf6e73cc4d225 from all users
2019-12-18 02:04:57.056 8497 RALLYDEBUG rally_openstack.contexts.keystone.roles [-] Adding role heat_stack_owner having ID 07a076f61c224f78b1fbf6e73cc4d225 to all users using 30 threads
2019-12-18 02:04:58.663 8497 RALLYDEBUG rally_openstack.contexts.keystone.roles [-] Removing assigned role 07a076f61c224f78b1fbf6e73cc4d225 from all users
2019-12-18 02:05:00.569 8497 RALLYDEBUG rally_openstack.contexts.keystone.roles [-] Adding role heat_stack_owner having ID 07a076f61c224f78b1fbf6e73cc4d225 to all users using 30 threads
2019-12-18 02:05:01.826 8497 RALLYDEBUG rally_openstack.contexts.keystone.roles [-] Removing assigned role 07a076f61c224f78b1fbf6e73cc4d225 from all users
2019-12-18 02:05:03.733 8497 RALLYDEBUG rally_openstack.contexts.keystone.roles [-] Adding role heat_stack_owner having ID 07a076f61c224f78b1fbf6e73cc4d225 to all users using 30 threads
2019-12-18 02:05:05.082 8497 RALLYDEBUG rally_openstack.contexts.keystone.roles [-] Removing assigned role 07a076f61c224f78b1fbf6e73cc4d225 from all users
2019-12-18 02:05:07.010 8497 RALLYDEBUG rally_openstack.contexts.keystone.roles [-] Adding role heat_stack_owner having ID 07a076f61c224f78b1fbf6e73cc4d225 to all users using 30 threads
2019-12-18 02:05:08.293 8497 RALLYDEBUG rally_openstack.contexts.keystone.roles [-] Removing assigned role 07a076f61c224f78b1fbf6e73cc4d225 from all users
2019-12-18 02:05:10.182 8497 RALLYDEBUG rally_openstack.contexts.keystone.roles [-] Adding role heat_stack_owner having ID 07a076f61c224f78b1fbf6e73cc4d225 to all users using 30 threads
2019-12-18 02:05:11.689 8497 RALLYDEBUG rally_openstack.contexts.keystone.roles [-] Removing assigned role 07a076f61c224f78b1fbf6e73cc4d225 from all users
2019-12-18 02:05:13.589 8497 RALLYDEBUG rally_openstack.contexts.keystone.roles [-] Adding role heat_stack_owner having ID 07a076f61c224f78b1fbf6e73cc4d225 to all users using 30 threads
2019-12-18 02:05:15.194 8497 RALLYDEBUG rally_openstack.contexts.keystone.roles [-] Removing assigned role 07a076f61c224f78b1fbf6e73cc4d225 from all users
2019-12-18 02:05:17.083 8497 RALLYDEBUG rally_openstack.contexts.keystone.roles [-] Adding role heat_stack_owner having ID 07a076f61c224f78b1fbf6e73cc4d225 to all users using 30 threads
2019-12-18 02:05:18.667 8497 RALLYDEBUG rally_openstack.contexts.keystone.roles [-] Removing assigned role 07a076f61c224f78b1fbf6e73cc4d225 from all users
2019-12-18 02:05:20.262 8497 INFO rally.task.context [-] Task 5d02845b-f245-4345-9d03-e4908ce3357f | Context users@openstack cleanup() started
2019-12-18 02:05:23.158 8497 INFO rally.task.context [-] Task 5d02845b-f245-4345-9d03-e4908ce3357f | Context users@openstack cleanup() finished in 2.90 sec
2019-12-18 02:05:23.158 8497 INFO rally.task.engine [-] Task 5d02845b-f245-4345-9d03-e4908ce3357f | Completed: Task validation of semantic.
2019-12-18 02:05:23.159 8497 INFO rally.task.engine [-] Task 5d02845b-f245-4345-9d03-e4908ce3357f | Completed: Task validation.
2019-12-18 02:05:23.159 8497 INFO rally.api [-] Task 5d02845b-f245-4345-9d03-e4908ce3357f input file is valid.
2019-12-18 02:05:23.160 8497 INFO rally.api [-] Run Task 5d02845b-f245-4345-9d03-e4908ce3357f against Deployment 35c66681-f0dc-4da3-aba6-b9e1bda3b137
2019-12-18 02:05:23.160 8497 INFO rally.task.engine [-] Task 5d02845b-f245-4345-9d03-e4908ce3357f | Starting: Running task.
