2019-12-18 03:01:15.762 22401 RALLYDEBUG rally.task.utils [-] Waiting for resource s_rally_fda9fc3a_7dtOaYi0. Status changed: ACTIVE => MIGRATING in 0.25783562660217285
2019-12-18 03:01:17.791 22399 RALLYDEBUG rally.task.utils [-] Waiting for resource s_rally_fda9fc3a_RKW5pwtY. Status changed: ACTIVE => MIGRATING in 0.28759765625
2019-12-18 03:01:17.950 22400 RALLYDEBUG rally.task.utils [-] Waiting for resource s_rally_fda9fc3a_wztIqR8G. Status changed: ACTIVE => MIGRATING in 0.1433699131011963
2019-12-18 03:01:20.094 22401 RALLYDEBUG rally.task.utils [-] Waiting for resource s_rally_fda9fc3a_7dtOaYi0. Status changed: MIGRATING => ACTIVE in 4.332285165786743
2019-12-18 03:01:22.062 22404 RALLYDEBUG rally.task.utils [-] Waiting for resource s_rally_fda9fc3a_SpgaEuc2. Status changed: MIGRATING => ACTIVE in 6.599005460739136
2019-12-18 03:01:22.676 22401 INFO rally.task.runner [-] Task c708e019-2db7-43ad-b3c8-d031aba2ba2e | ITER: 3 END: OK
2019-12-18 03:01:22.680 22401 INFO rally.task.runner [-] Task c708e019-2db7-43ad-b3c8-d031aba2ba2e | ITER: 5 START
2019-12-18 03:01:24.523 22404 INFO rally.task.runner [-] Task c708e019-2db7-43ad-b3c8-d031aba2ba2e | ITER: 4 END: OK
2019-12-18 03:01:24.528 22404 INFO rally.task.runner [-] Task c708e019-2db7-43ad-b3c8-d031aba2ba2e | ITER: 6 START
2019-12-18 03:01:26.833 22400 RALLYDEBUG rally.task.utils [-] Waiting for resource s_rally_fda9fc3a_wztIqR8G. Status changed: MIGRATING => ACTIVE in 8.883283376693726
2019-12-18 03:01:28.793 22399 RALLYDEBUG rally.task.utils [-] Waiting for resource s_rally_fda9fc3a_RKW5pwtY. Status changed: MIGRATING => ACTIVE in 11.00180196762085
2019-12-18 03:01:29.492 22400 INFO rally.task.runner [-] Task c708e019-2db7-43ad-b3c8-d031aba2ba2e | ITER: 2 END: OK
2019-12-18 03:01:29.499 22400 INFO rally.task.runner [-] Task c708e019-2db7-43ad-b3c8-d031aba2ba2e | ITER: 7 START
2019-12-18 03:01:29.670 22401 RALLYDEBUG rally.task.utils [-] Waiting for resource s_rally_fda9fc3a_c2liPAYk. Status changed: BUILD => ACTIVE in 4.7706825733184814
2019-12-18 03:01:31.353 22399 INFO rally.task.runner [-] Task c708e019-2db7-43ad-b3c8-d031aba2ba2e | ITER: 1 END: OK
2019-12-18 03:01:31.359 22399 INFO rally.task.runner [-] Task c708e019-2db7-43ad-b3c8-d031aba2ba2e | ITER: 8 START
2019-12-18 03:01:31.442 22404 RALLYDEBUG rally.task.utils [-] Waiting for resource s_rally_fda9fc3a_FzFxEA2P. Status changed: BUILD => ACTIVE in 4.699749708175659
2019-12-18 03:01:32.603 22401 RALLYDEBUG rally.task.utils [-] Waiting for resource s_rally_fda9fc3a_c2liPAYk. Status changed: ACTIVE => MIGRATING in 0.17146611213684082
2019-12-18 03:01:34.431 22404 RALLYDEBUG rally.task.utils [-] Waiting for resource s_rally_fda9fc3a_FzFxEA2P. Status changed: ACTIVE => MIGRATING in 0.423842191696167
2019-12-18 03:01:38.224 22399 RALLYDEBUG rally.task.utils [-] Waiting for resource s_rally_fda9fc3a_pGsIozTI. Status changed: BUILD => ACTIVE in 4.616495847702026
2019-12-18 03:01:39.181 22401 RALLYDEBUG rally.task.utils [-] Waiting for resource s_rally_fda9fc3a_c2liPAYk. Status changed: MIGRATING => ACTIVE in 6.578193664550781
2019-12-18 03:01:41.096 22404 RALLYDEBUG rally.task.utils [-] Waiting for resource s_rally_fda9fc3a_FzFxEA2P. Status changed: MIGRATING => ACTIVE in 6.665441513061523
2019-12-18 03:01:41.106 22400 RALLYDEBUG rally.task.utils [-] Waiting for resource s_rally_fda9fc3a_hzu5OGUv. Status changed: BUILD => ACTIVE in 9.2568838596344
2019-12-18 03:01:41.299 22399 RALLYDEBUG rally.task.utils [-] Waiting for resource s_rally_fda9fc3a_pGsIozTI. Status changed: ACTIVE => MIGRATING in 0.14220738410949707
2019-12-18 03:01:42.024 22401 INFO rally.task.runner [-] Task c708e019-2db7-43ad-b3c8-d031aba2ba2e | ITER: 5 END: OK
2019-12-18 03:01:42.029 22401 INFO rally.task.runner [-] Task c708e019-2db7-43ad-b3c8-d031aba2ba2e | ITER: 9 START
2019-12-18 03:01:43.638 22404 INFO rally.task.runner [-] Task c708e019-2db7-43ad-b3c8-d031aba2ba2e | ITER: 6 END: OK
2019-12-18 03:01:43.644 22404 INFO rally.task.runner [-] Task c708e019-2db7-43ad-b3c8-d031aba2ba2e | ITER: 10 START
2019-12-18 03:01:43.838 22400 RALLYDEBUG rally.task.utils [-] Waiting for resource s_rally_fda9fc3a_hzu5OGUv. Status changed: ACTIVE => MIGRATING in 0.2061154842376709
2019-12-18 03:01:45.680 22399 RALLYDEBUG rally.task.utils [-] Waiting for resource s_rally_fda9fc3a_pGsIozTI. Status changed: MIGRATING => ACTIVE in 4.381103515625
2019-12-18 03:01:48.562 22399 INFO rally.task.runner [-] Task c708e019-2db7-43ad-b3c8-d031aba2ba2e | ITER: 8 END: OK
2019-12-18 03:01:48.916 22401 RALLYDEBUG rally.task.utils [-] Waiting for resource s_rally_fda9fc3a_DVvOv3hw. Status changed: BUILD => ACTIVE in 4.6374921798706055
2019-12-18 03:01:50.409 22400 RALLYDEBUG rally.task.utils [-] Waiting for resource s_rally_fda9fc3a_hzu5OGUv. Status changed: MIGRATING => ACTIVE in 6.571747541427612
2019-12-18 03:01:50.409 22404 RALLYDEBUG rally.task.utils [-] Waiting for resource s_rally_fda9fc3a_2GnqDnDs. Status changed: BUILD => ACTIVE in 4.5492026805877686
2019-12-18 03:01:51.145 22401 RALLYDEBUG rally.task.utils [-] Waiting for resource s_rally_fda9fc3a_DVvOv3hw. Status changed: ACTIVE => MIGRATING in 0.1963348388671875
2019-12-18 03:01:53.017 22400 INFO rally.task.runner [-] Task c708e019-2db7-43ad-b3c8-d031aba2ba2e | ITER: 7 END: OK
2019-12-18 03:01:53.150 22404 RALLYDEBUG rally.task.utils [-] Waiting for resource s_rally_fda9fc3a_2GnqDnDs. Status changed: ACTIVE => MIGRATING in 0.1980137825012207
2019-12-18 03:01:57.605 22404 RALLYDEBUG rally.task.utils [-] Waiting for resource s_rally_fda9fc3a_2GnqDnDs. Status changed: MIGRATING => ACTIVE in 4.454578876495361
2019-12-18 03:01:57.737 22401 RALLYDEBUG rally.task.utils [-] Waiting for resource s_rally_fda9fc3a_DVvOv3hw. Status changed: MIGRATING => ACTIVE in 6.591499328613281
2019-12-18 03:02:00.158 22404 INFO rally.task.runner [-] Task c708e019-2db7-43ad-b3c8-d031aba2ba2e | ITER: 10 END: OK
2019-12-18 03:02:00.263 22401 INFO rally.task.runner [-] Task c708e019-2db7-43ad-b3c8-d031aba2ba2e | ITER: 9 END: OK
2019-12-18 03:02:00.289 20411 INFO rally.task.context [-] Task c708e019-2db7-43ad-b3c8-d031aba2ba2e | Context cleanup@openstack cleanup() started
2019-12-18 03:02:00.293 20411 RALLYDEBUG rally_openstack.cleanup.manager [-] Cleaning up nova servers objects
2019-12-18 03:02:01.731 20411 RALLYDEBUG rally_openstack.cleanup.manager [-] Cleaning up nova server_groups objects
2019-12-18 03:02:02.853 20411 RALLYDEBUG rally_openstack.cleanup.manager [-] Cleaning up nova keypairs objects
2019-12-18 03:02:05.324 20411 INFO rally.task.context [-] Task c708e019-2db7-43ad-b3c8-d031aba2ba2e | Context cleanup@openstack cleanup() finished in 5.04 sec
2019-12-18 03:02:05.325 20411 INFO rally.task.context [-] Task c708e019-2db7-43ad-b3c8-d031aba2ba2e | Context users@openstack cleanup() started
2019-12-18 03:02:09.483 20411 INFO rally.task.context [-] Task c708e019-2db7-43ad-b3c8-d031aba2ba2e | Context users@openstack cleanup() finished in 4.16 sec
2019-12-18 03:02:10.087 20411 INFO rally.task.engine [-] Load duration is: 53.85098
2019-12-18 03:02:10.087 20411 INFO rally.task.engine [-] Full runner duration is: 54.897749
2019-12-18 03:02:10.088 20411 INFO rally.task.engine [-] Full duration is: 67.732546
2019-12-18 03:02:10.478 20411 INFO rally.task.engine [-] Running workload: position = 0 config = { "version": 2, "title": "A cropped version of a bigger task.", "description": "Auto-generated task from a single workload (uuid=24833c6c-7226-402a-ad30-27ae6462d7bb)", "subtasks": [ { "title": "NovaServers.boot_server_attach_created_volume_and_live_migrate", "description": "Create a VM, attach a volume to it and live migrate.", "scenario": { "NovaServers.boot_server_attach_created_volume_and_live_migrate": { "flavor": { "name": "rally_full-flavor_82abc6db-4b93-46af-8703-7548ccee80b4" }, "image": { "name": "rally_full-img_82abc6db-4b93-46af-8703-7548ccee80b4" }, "size": 10, "block_migration": false, "boot_server_kwargs": { "nics": [ { "net-id": "a2e4e6ce-5607-4f93-b98b-e192ed4c6f67" } ] } } }, "contexts": { "users": { "tenants": 3, "users_per_tenant": 2 }, "api_versions": { "cinder": { "version": 3, "service_type": "volumev3" } } }, "runner": { "constant": { "concurrency": 4, "times": 10 } }, "hooks": [], "sla": { "failure_rate": { "max": 0 } } } ] }
2019-12-18 03:02:10.504 20411 RALLYDEBUG rally_openstack.contexts.keystone.users [-] Creating 3 tenants using 20 threads
2019-12-18 03:02:11.539 20411 RALLYDEBUG rally_openstack.contexts.keystone.users [-] Creating 6 users using 20 threads
2019-12-18 03:02:13.124 20411 INFO rally.task.context [-] Task c708e019-2db7-43ad-b3c8-d031aba2ba2e | Context users@openstack setup() finished in 2.62 sec
2019-12-18 03:02:13.536 20411 INFO rally.task.context [-] Task c708e019-2db7-43ad-b3c8-d031aba2ba2e | Context api_versions@openstack setup() finished in 0.41 sec
2019-12-18 03:02:13.537 20411 INFO rally.task.context [-] Task c708e019-2db7-43ad-b3c8-d031aba2ba2e | Context cleanup@openstack setup() finished in 0.01 msec
2019-12-18 03:02:14.548 20411 RALLYDEBUG rally.task.runner [-] Starting the constant runner (task UUID: c708e019-2db7-43ad-b3c8-d031aba2ba2e). times: 10 concurrency: 4 timeout: 0 max_cpu_used: 16 processes_to_start: 4 concurrency_per_worker: 1 concurrency_overhead: 0
2019-12-18 03:02:14.560 22563 RALLYDEBUG rally.task.runner [-] Starting a worker. times: 10 duration: None concurrency: 1 timeout: 0 cls: method_name: run args: {"flavor": "c3ced0cb-30ea-448e-8a52-6953d615bc6c", "image": "48bf0efe-01ba-4643-8231-99113ba84e63", "size": 10, "block_migration": false, "boot_server_kwargs": {"nics": [{"net-id": "a2e4e6ce-5607-4f93-b98b-e192ed4c6f67"}]}}
2019-12-18 03:02:14.564 22564 RALLYDEBUG rally.task.runner [-] Starting a worker. times: 10 duration: None concurrency: 1 timeout: 0 cls: method_name: run args: {"flavor": "c3ced0cb-30ea-448e-8a52-6953d615bc6c", "image": "48bf0efe-01ba-4643-8231-99113ba84e63", "size": 10, "block_migration": false, "boot_server_kwargs": {"nics": [{"net-id": "a2e4e6ce-5607-4f93-b98b-e192ed4c6f67"}]}}
2019-12-18 03:02:14.567 22563 INFO rally.task.runner [-] Task c708e019-2db7-43ad-b3c8-d031aba2ba2e | ITER: 1 START
2019-12-18 03:02:14.571 22564 INFO rally.task.runner [-] Task c708e019-2db7-43ad-b3c8-d031aba2ba2e | ITER: 2 START
2019-12-18 03:02:14.574 22567 RALLYDEBUG rally.task.runner [-] Starting a worker. times: 10 duration: None concurrency: 1 timeout: 0 cls: method_name: run args: {"flavor": "c3ced0cb-30ea-448e-8a52-6953d615bc6c", "image": "48bf0efe-01ba-4643-8231-99113ba84e63", "size": 10, "block_migration": false, "boot_server_kwargs": {"nics": [{"net-id": "a2e4e6ce-5607-4f93-b98b-e192ed4c6f67"}]}}
2019-12-18 03:02:14.577 22570 RALLYDEBUG rally.task.runner [-] Starting a worker. times: 10 duration: None concurrency: 1 timeout: 0 cls: method_name: run args: {"flavor": "c3ced0cb-30ea-448e-8a52-6953d615bc6c", "image": "48bf0efe-01ba-4643-8231-99113ba84e63", "size": 10, "block_migration": false, "boot_server_kwargs": {"nics": [{"net-id": "a2e4e6ce-5607-4f93-b98b-e192ed4c6f67"}]}}
2019-12-18 03:02:14.581 22567 INFO rally.task.runner [-] Task c708e019-2db7-43ad-b3c8-d031aba2ba2e | ITER: 3 START
2019-12-18 03:02:14.583 22570 INFO rally.task.runner [-] Task c708e019-2db7-43ad-b3c8-d031aba2ba2e | ITER: 4 START
2019-12-18 03:02:21.861 22567 RALLYDEBUG rally.task.utils [-] Waiting for resource s_rally_24833c6c_wJP0zrQ0. Status changed: BUILD => ACTIVE in 4.836304187774658
2019-12-18 03:02:24.141 22570 RALLYDEBUG rally.task.utils [-] Waiting for resource s_rally_24833c6c_GhfImB2Z. Status changed: BUILD => ACTIVE in 6.810548543930054
2019-12-18 03:02:25.058 22567 RALLYDEBUG rally.task.utils [-] Waiting for resource s_rally_24833c6c_lbdTOMRi. Status changed: AVAILABLE => RESERVED in 0.4331929683685303
2019-12-18 03:02:26.276 22563 RALLYDEBUG rally.task.utils [-] Waiting for resource s_rally_24833c6c_v4Q1LWSO. Status changed: BUILD => ACTIVE in 9.18397855758667
2019-12-18 03:02:26.371 22564 RALLYDEBUG rally.task.utils [-] Waiting for resource s_rally_24833c6c_6CNSmguB. Status changed: BUILD => ACTIVE in 8.969658613204956
2019-12-18 03:02:27.188 22570 RALLYDEBUG rally.task.utils [-] Waiting for resource s_rally_24833c6c_gp5qWgjy. Status changed: AVAILABLE => RESERVED in 0.4172656536102295
2019-12-18 03:02:27.477 22567 RALLYDEBUG rally.task.utils [-] Waiting for resource s_rally_24833c6c_lbdTOMRi. Status changed: RESERVED => IN-USE in 2.41902756690979
2019-12-18 03:02:29.321 22563 RALLYDEBUG rally.task.utils [-] Waiting for resource s_rally_24833c6c_lA1ETMMD. Status changed: AVAILABLE => RESERVED in 0.4025688171386719
2019-12-18 03:02:29.458 22564 RALLYDEBUG rally.task.utils [-] Waiting for resource s_rally_24833c6c_QqnU31kp. Status changed: AVAILABLE => RESERVED in 0.4134645462036133
2019-12-18 03:02:29.590 22570 RALLYDEBUG rally.task.utils [-] Waiting for resource s_rally_24833c6c_gp5qWgjy. Status changed: RESERVED => IN-USE in 2.4017772674560547
2019-12-18 03:02:29.833 22567 RALLYDEBUG rally.task.utils [-] Waiting for resource s_rally_24833c6c_wJP0zrQ0. Status changed: ACTIVE => MIGRATING in 0.20093369483947754
2019-12-18 03:02:31.741 22563 RALLYDEBUG rally.task.utils [-] Waiting for resource s_rally_24833c6c_lA1ETMMD. Status changed: RESERVED => IN-USE in 2.419884204864502
2019-12-18 03:02:31.865 22564 RALLYDEBUG rally.task.utils [-] Waiting for resource s_rally_24833c6c_QqnU31kp. Status changed: RESERVED => IN-USE in 2.406552791595459
2019-12-18 03:02:32.308 22570 RALLYDEBUG rally.task.utils [-] Waiting for resource s_rally_24833c6c_GhfImB2Z. Status changed: ACTIVE => MIGRATING in 0.19985246658325195
2019-12-18 03:02:34.068 22564 RALLYDEBUG rally.task.utils [-] Waiting for resource s_rally_24833c6c_6CNSmguB. Status changed: ACTIVE => MIGRATING in 0.14487934112548828
2019-12-18 03:02:34.672 22563 RALLYDEBUG rally.task.utils [-] Waiting for resource s_rally_24833c6c_v4Q1LWSO. Status changed: ACTIVE => MIGRATING in 0.2576732635498047
2019-12-18 03:02:38.573 22567 RALLYDEBUG rally.task.utils [-] Waiting for resource s_rally_24833c6c_wJP0zrQ0. Status changed: MIGRATING => ACTIVE in 8.739113569259644
2019-12-18 03:02:39.380 22567 RALLYDEBUG rally.task.utils [-] Waiting for resource s_rally_24833c6c_lbdTOMRi. Status changed: AVAILABLE => DETACHING in 0.45169997215270996
2019-12-18 03:02:41.794 22567 RALLYDEBUG rally.task.utils [-] Waiting for resource s_rally_24833c6c_lbdTOMRi. Status changed: DETACHING => AVAILABLE in 2.41469407081604
2019-12-18 03:02:41.915 22567 RALLYDEBUG rally.task.utils [-] Waiting for resource s_rally_24833c6c_lbdTOMRi. Status changed: AVAILABLE => DELETING in 0.05426359176635742
2019-12-18 03:02:45.839 22570 RALLYDEBUG rally.task.utils [-] Waiting for resource s_rally_24833c6c_GhfImB2Z. Status changed: MIGRATING => ACTIVE in 13.530897855758667
2019-12-18 03:02:46.280 22567 INFO rally.task.runner [-] Task c708e019-2db7-43ad-b3c8-d031aba2ba2e | ITER: 3 END: OK
2019-12-18 03:02:46.286 22567 INFO rally.task.runner [-] Task c708e019-2db7-43ad-b3c8-d031aba2ba2e | ITER: 5 START
2019-12-18 03:02:46.699 22570 RALLYDEBUG rally.task.utils [-] Waiting for resource s_rally_24833c6c_gp5qWgjy. Status changed: AVAILABLE => DETACHING in 0.4051244258880615
2019-12-18 03:02:49.109 22570 RALLYDEBUG rally.task.utils [-] Waiting for resource s_rally_24833c6c_gp5qWgjy. Status changed: DETACHING => AVAILABLE in 2.409640073776245
2019-12-18 03:02:49.358 22570 RALLYDEBUG rally.task.utils [-] Waiting for resource s_rally_24833c6c_gp5qWgjy. Status changed: AVAILABLE => DELETING in 0.19200348854064941
2019-12-18 03:02:53.731 22567 RALLYDEBUG rally.task.utils [-] Waiting for resource s_rally_24833c6c_Y3ddnIxT. Status changed: BUILD => ACTIVE in 4.700589895248413
2019-12-18 03:02:53.782 22570 INFO rally.task.runner [-] Task c708e019-2db7-43ad-b3c8-d031aba2ba2e | ITER: 4 END: OK
2019-12-18 03:02:53.787 22570 INFO rally.task.runner [-] Task c708e019-2db7-43ad-b3c8-d031aba2ba2e | ITER: 6 START
2019-12-18 03:02:54.012 22564 RALLYDEBUG rally.task.utils [-] Waiting for resource s_rally_24833c6c_6CNSmguB. Status changed: MIGRATING => ACTIVE in 19.94424319267273
2019-12-18 03:02:54.871 22564 RALLYDEBUG rally.task.utils [-] Waiting for resource s_rally_24833c6c_QqnU31kp. Status changed: AVAILABLE => DETACHING in 0.42249274253845215
2019-12-18 03:02:56.969 22567 RALLYDEBUG rally.task.utils [-] Waiting for resource s_rally_24833c6c_N5KaIhsH. Status changed: AVAILABLE => RESERVED in 0.411299467086792
2019-12-18 03:02:57.273 22564 RALLYDEBUG rally.task.utils [-] Waiting for resource s_rally_24833c6c_QqnU31kp. Status changed: DETACHING => AVAILABLE in 2.401871919631958
2019-12-18 03:02:57.391 22564 RALLYDEBUG rally.task.utils [-] Waiting for resource s_rally_24833c6c_QqnU31kp. Status changed: AVAILABLE => DELETING in 0.05446457862854004
2019-12-18 03:02:58.468 22570 RALLYDEBUG rally.task.utils [-] Waiting for resource s_rally_24833c6c_729pMgA9. Status changed: BUILD => ACTIVE in 2.281362295150757
2019-12-18 03:02:59.409 22567 RALLYDEBUG rally.task.utils [-] Waiting for resource s_rally_24833c6c_N5KaIhsH. Status changed: RESERVED => IN-USE in 2.4395182132720947
2019-12-18 03:03:00.968 22563 RALLYDEBUG rally.task.utils [-] Waiting for resource s_rally_24833c6c_v4Q1LWSO. Status changed: MIGRATING => ACTIVE in 26.295509099960327
2019-12-18 03:03:01.498 22570 RALLYDEBUG rally.task.utils [-] Waiting for resource s_rally_24833c6c_hbtLfFEA. Status changed: AVAILABLE => RESERVED in 0.40181899070739746
2019-12-18 03:03:01.737 22564 INFO rally.task.runner [-] Task c708e019-2db7-43ad-b3c8-d031aba2ba2e | ITER: 2 END: OK
2019-12-18 03:03:01.743 22564 INFO rally.task.runner [-] Task c708e019-2db7-43ad-b3c8-d031aba2ba2e | ITER: 7 START
2019-12-18 03:03:01.818 22563 RALLYDEBUG rally.task.utils [-] Waiting for resource s_rally_24833c6c_lA1ETMMD. Status changed: AVAILABLE => DETACHING in 0.41777968406677246
2019-12-18 03:03:02.080 22567 RALLYDEBUG rally.task.utils [-] Waiting for resource s_rally_24833c6c_Y3ddnIxT. Status changed: ACTIVE => MIGRATING in 0.14622926712036133
2019-12-18 03:03:03.904 22570 RALLYDEBUG rally.task.utils [-] Waiting for resource s_rally_24833c6c_hbtLfFEA. Status changed: RESERVED => IN-USE in 2.405466079711914
2019-12-18 03:03:04.237 22563 RALLYDEBUG rally.task.utils [-] Waiting for resource s_rally_24833c6c_lA1ETMMD. Status changed: DETACHING => AVAILABLE in 2.4193105697631836
2019-12-18 03:03:04.381 22563 RALLYDEBUG rally.task.utils [-] Waiting for resource s_rally_24833c6c_lA1ETMMD. Status changed: AVAILABLE => DELETING in 0.0720517635345459
2019-12-18 03:03:06.829 22570 RALLYDEBUG rally.task.utils [-] Waiting for resource s_rally_24833c6c_729pMgA9. Status changed: ACTIVE => MIGRATING in 0.2630345821380615
2019-12-18 03:03:08.529 22564 RALLYDEBUG rally.task.utils [-] Waiting for resource s_rally_24833c6c_a41BNHnD. Status changed: BUILD => ACTIVE in 4.622055768966675
2019-12-18 03:03:08.727 22563 INFO rally.task.runner [-] Task c708e019-2db7-43ad-b3c8-d031aba2ba2e | ITER: 1 END: OK
2019-12-18 03:03:08.733 22563 INFO rally.task.runner [-] Task c708e019-2db7-43ad-b3c8-d031aba2ba2e | ITER: 8 START
2019-12-18 03:03:10.957 22567 RALLYDEBUG rally.task.utils [-] Waiting for resource s_rally_24833c6c_Y3ddnIxT. Status changed: MIGRATING => ACTIVE in 8.876908779144287
2019-12-18 03:03:11.635 22564 RALLYDEBUG rally.task.utils [-] Waiting for resource s_rally_24833c6c_P5bO456B. Status changed: AVAILABLE => RESERVED in 0.41098546981811523
2019-12-18 03:03:11.796 22567 RALLYDEBUG rally.task.utils [-] Waiting for resource s_rally_24833c6c_N5KaIhsH. Status changed: AVAILABLE => DETACHING in 0.42840051651000977
2019-12-18 03:03:13.352 22570 RALLYDEBUG rally.task.utils [-] Waiting for resource s_rally_24833c6c_729pMgA9. Status changed: MIGRATING => ACTIVE in 6.52289605140686
2019-12-18 03:03:14.053 22564 RALLYDEBUG rally.task.utils [-] Waiting for resource s_rally_24833c6c_P5bO456B. Status changed: RESERVED => IN-USE in 2.4174609184265137
2019-12-18 03:03:14.184 22570 RALLYDEBUG rally.task.utils [-] Waiting for resource s_rally_24833c6c_hbtLfFEA. Status changed: AVAILABLE => DETACHING in 0.41844892501831055
2019-12-18 03:03:14.203 22567 RALLYDEBUG rally.task.utils [-] Waiting for resource s_rally_24833c6c_N5KaIhsH. Status changed: DETACHING => AVAILABLE in 2.4077160358428955
2019-12-18 03:03:14.344 22567 RALLYDEBUG rally.task.utils [-] Waiting for resource s_rally_24833c6c_N5KaIhsH. Status changed: AVAILABLE => DELETING in 0.06303882598876953
2019-12-18 03:03:15.900 22563 RALLYDEBUG rally.task.utils [-] Waiting for resource s_rally_24833c6c_WoFcw2zZ. Status changed: BUILD => ACTIVE in 5.015668869018555
2019-12-18 03:03:16.437 22564 RALLYDEBUG rally.task.utils [-] Waiting for resource s_rally_24833c6c_a41BNHnD. Status changed: ACTIVE => MIGRATING in 0.21451497077941895
2019-12-18 03:03:16.601 22570 RALLYDEBUG rally.task.utils [-] Waiting for resource s_rally_24833c6c_hbtLfFEA. Status changed: DETACHING => AVAILABLE in 2.4175257682800293
2019-12-18 03:03:16.709 22570 RALLYDEBUG rally.task.utils [-] Waiting for resource s_rally_24833c6c_hbtLfFEA. Status changed: AVAILABLE => DELETING in 0.05409097671508789
2019-12-18 03:03:18.700 22567 INFO rally.task.runner [-] Task c708e019-2db7-43ad-b3c8-d031aba2ba2e | ITER: 5 END: OK
2019-12-18 03:03:18.705 22567 INFO rally.task.runner [-] Task c708e019-2db7-43ad-b3c8-d031aba2ba2e | ITER: 9 START
2019-12-18 03:03:19.072 22563 RALLYDEBUG rally.task.utils [-] Waiting for resource s_rally_24833c6c_TRd42HW8. Status changed: AVAILABLE => RESERVED in 0.40702056884765625
2019-12-18 03:03:21.108 22570 INFO rally.task.runner [-] Task c708e019-2db7-43ad-b3c8-d031aba2ba2e | ITER: 6 END: OK
2019-12-18 03:03:21.112 22570 INFO rally.task.runner [-] Task c708e019-2db7-43ad-b3c8-d031aba2ba2e | ITER: 10 START
2019-12-18 03:03:21.470 22563 RALLYDEBUG rally.task.utils [-] Waiting for resource s_rally_24833c6c_TRd42HW8. Status changed: RESERVED => IN-USE in 2.3985133171081543
2019-12-18 03:03:23.147 22564 RALLYDEBUG rally.task.utils [-] Waiting for resource s_rally_24833c6c_a41BNHnD. Status changed: MIGRATING => ACTIVE in 6.709341764450073
2019-12-18 03:03:23.877 22564 RALLYDEBUG rally.task.utils [-] Waiting for resource s_rally_24833c6c_P5bO456B. Status changed: AVAILABLE => DETACHING in 0.40412092208862305
2019-12-18 03:03:24.383 22563 RALLYDEBUG rally.task.utils [-] Waiting for resource s_rally_24833c6c_WoFcw2zZ. Status changed: ACTIVE => MIGRATING in 0.20184826850891113
2019-12-18 03:03:25.603 22567 RALLYDEBUG rally.task.utils [-] Waiting for resource s_rally_24833c6c_WDMH7KEu. Status changed: BUILD => ACTIVE in 4.64563250541687
2019-12-18 03:03:26.271 22564 RALLYDEBUG rally.task.utils [-] Waiting for resource s_rally_24833c6c_P5bO456B. Status changed: DETACHING => AVAILABLE in 2.393613815307617
2019-12-18 03:03:26.415 22564 RALLYDEBUG rally.task.utils [-] Waiting for resource s_rally_24833c6c_P5bO456B. Status changed: AVAILABLE => DELETING in 0.06985139846801758
2019-12-18 03:03:27.951 22570 RALLYDEBUG rally.task.utils [-] Waiting for resource s_rally_24833c6c_oUtBNPzY. Status changed: BUILD => ACTIVE in 4.635521411895752
2019-12-18 03:03:28.694 22567 RALLYDEBUG rally.task.utils [-] Waiting for resource s_rally_24833c6c_8qbu1fwN. Status changed: AVAILABLE => RESERVED in 0.4225273132324219
2019-12-18 03:03:30.900 22564 INFO rally.task.runner [-] Task c708e019-2db7-43ad-b3c8-d031aba2ba2e | ITER: 7 END: OK
2019-12-18 03:03:30.956 22570 RALLYDEBUG rally.task.utils [-] Waiting for resource s_rally_24833c6c_1eYbW45q. Status changed: AVAILABLE => RESERVED in 0.4301314353942871
2019-12-18 03:03:31.134 22567 RALLYDEBUG rally.task.utils [-] Waiting for resource s_rally_24833c6c_8qbu1fwN. Status changed: RESERVED => IN-USE in 2.4404537677764893
2019-12-18 03:03:33.091 22563 RALLYDEBUG rally.task.utils [-] Waiting for resource s_rally_24833c6c_WoFcw2zZ. Status changed: MIGRATING => ACTIVE in 8.707315921783447
2019-12-18 03:03:33.383 22570 RALLYDEBUG rally.task.utils [-] Waiting for resource s_rally_24833c6c_1eYbW45q. Status changed: RESERVED => IN-USE in 2.427175998687744
2019-12-18 03:03:33.988 22563 RALLYDEBUG rally.task.utils [-] Waiting for resource s_rally_24833c6c_TRd42HW8. Status changed: AVAILABLE => DETACHING in 0.4126393795013428
2019-12-18 03:03:34.773 22567 RALLYDEBUG rally.task.utils [-] Waiting for resource s_rally_24833c6c_WDMH7KEu. Status changed: ACTIVE => MIGRATING in 0.23524928092956543
2019-12-18 03:03:35.970 22570 RALLYDEBUG rally.task.utils [-] Waiting for resource s_rally_24833c6c_oUtBNPzY. Status changed: ACTIVE => MIGRATING in 0.24557232856750488
2019-12-18 03:03:36.400 22563 RALLYDEBUG rally.task.utils [-] Waiting for resource s_rally_24833c6c_TRd42HW8. Status changed: DETACHING => AVAILABLE in 2.412663221359253
2019-12-18 03:03:36.523 22563 RALLYDEBUG rally.task.utils [-] Waiting for resource s_rally_24833c6c_TRd42HW8. Status changed: AVAILABLE => DELETING in 0.057962894439697266
2019-12-18 03:03:40.903 22563 INFO rally.task.runner [-] Task c708e019-2db7-43ad-b3c8-d031aba2ba2e | ITER: 8 END: OK
2019-12-18 03:03:41.321 22567 RALLYDEBUG rally.task.utils [-] Waiting for resource s_rally_24833c6c_WDMH7KEu. Status changed: MIGRATING => ACTIVE in 6.548667907714844
2019-12-18 03:03:42.116 22567 RALLYDEBUG rally.task.utils [-] Waiting for resource s_rally_24833c6c_8qbu1fwN. Status changed: AVAILABLE => DETACHING in 0.4180634021759033
2019-12-18 03:03:44.561 22567 RALLYDEBUG rally.task.utils [-] Waiting for resource s_rally_24833c6c_8qbu1fwN. Status changed: DETACHING => AVAILABLE in 2.444969415664673
2019-12-18 03:03:44.690 22567 RALLYDEBUG rally.task.utils [-] Waiting for resource s_rally_24833c6c_8qbu1fwN. Status changed: AVAILABLE => DELETING in 0.06546425819396973
2019-12-18 03:03:45.246 22570 RALLYDEBUG rally.task.utils [-] Waiting for resource s_rally_24833c6c_oUtBNPzY. Status changed: MIGRATING => ACTIVE in 9.27641487121582
2019-12-18 03:03:46.205 22570 RALLYDEBUG rally.task.utils [-] Waiting for resource s_rally_24833c6c_1eYbW45q. Status changed: AVAILABLE => DETACHING in 0.4421212673187256
2019-12-18 03:03:48.626 22570 RALLYDEBUG rally.task.utils [-] Waiting for resource s_rally_24833c6c_1eYbW45q. Status changed: DETACHING => AVAILABLE in 2.420205593109131
2019-12-18 03:03:48.758 22570 RALLYDEBUG rally.task.utils [-] Waiting for resource s_rally_24833c6c_1eYbW45q. Status changed: AVAILABLE => DELETING in 0.057080984115600586
2019-12-18 03:03:49.506 22567 INFO rally.task.runner [-] Task c708e019-2db7-43ad-b3c8-d031aba2ba2e | ITER: 9 END: OK
2019-12-18 03:03:53.282 22570 INFO rally.task.runner [-] Task c708e019-2db7-43ad-b3c8-d031aba2ba2e | ITER: 10 END: OK
2019-12-18 03:03:53.305 20411 INFO rally.task.context [-] Task c708e019-2db7-43ad-b3c8-d031aba2ba2e | Context cleanup@openstack cleanup() started
2019-12-18 03:03:53.309 20411 RALLYDEBUG rally_openstack.cleanup.manager [-] Cleaning up nova servers objects
2019-12-18 03:03:54.663 20411 RALLYDEBUG rally_openstack.cleanup.manager [-] Cleaning up nova server_groups objects
2019-12-18 03:03:55.840 20411 RALLYDEBUG rally_openstack.cleanup.manager [-] Cleaning up nova keypairs objects
2019-12-18 03:03:58.247 20411 RALLYDEBUG rally_openstack.cleanup.manager [-] Cleaning up cinder backups objects
2019-12-18 03:03:59.450 20411 RALLYDEBUG rally_openstack.cleanup.manager [-] Cleaning up cinder volume_snapshots objects
2019-12-18 03:04:00.726 20411 RALLYDEBUG rally_openstack.cleanup.manager [-] Cleaning up cinder transfers objects
2019-12-18 03:04:01.894 20411 RALLYDEBUG rally_openstack.cleanup.manager [-] Cleaning up cinder volumes objects
2019-12-18 03:04:03.137 20411 INFO rally.task.context [-] Task c708e019-2db7-43ad-b3c8-d031aba2ba2e | Context cleanup@openstack cleanup() finished in 9.83 sec
2019-12-18 03:04:03.137 20411 INFO rally.task.context [-] Task c708e019-2db7-43ad-b3c8-d031aba2ba2e | Context api_versions@openstack cleanup() started
2019-12-18 03:04:03.138 20411 INFO rally.task.context [-] Task c708e019-2db7-43ad-b3c8-d031aba2ba2e | Context api_versions@openstack cleanup() finished in 0.39 msec
2019-12-18 03:04:03.138 20411 INFO rally.task.context [-] Task c708e019-2db7-43ad-b3c8-d031aba2ba2e | Context users@openstack cleanup() started
2019-12-18 03:04:07.612 20411 INFO rally.task.context [-] Task c708e019-2db7-43ad-b3c8-d031aba2ba2e | Context users@openstack cleanup() finished in 4.47 sec
2019-12-18 03:04:09.049 20411 INFO rally.task.engine [-] Load duration is: 97.710515
2019-12-18 03:04:09.049 20411 INFO rally.task.engine [-] Full runner duration is: 98.757873
2019-12-18 03:04:09.049 20411 INFO rally.task.engine [-] Full duration is: 117.110235
2019-12-18 03:04:09.401 20411 INFO rally.task.engine [-] Running workload: position = 0 config = { "version": 2, "title": "A cropped version of a bigger task.", "description": "Auto-generated task from a single workload (uuid=e1b50b50-a1c7-4574-837c-3581bfcaaa83)", "subtasks": [ { "title": "NovaServers.boot_server_from_volume_and_live_migrate", "description": "Boot a server from volume and then migrate it.", "scenario": { "NovaServers.boot_server_from_volume_and_live_migrate": { "flavor": { "name": "rally_full-flavor_82abc6db-4b93-46af-8703-7548ccee80b4" }, "image": { "name": "rally_full-img_82abc6db-4b93-46af-8703-7548ccee80b4" }, "block_migration": false, "volume_size": 1, "force_delete": false, "nics": [ { "net-id": "a2e4e6ce-5607-4f93-b98b-e192ed4c6f67" } ] } }, "contexts": { "users": { "tenants": 3, "users_per_tenant": 2 }, "api_versions": { "cinder": { "version": 3, "service_type": "volumev3" } } }, "runner": { "constant": { "concurrency": 4, "times": 10 } }, "hooks": [], "sla": { "failure_rate": { "max": 0 } } } ] }
2019-12-18 03:04:09.425 20411 RALLYDEBUG rally_openstack.contexts.keystone.users [-] Creating 3 tenants using 20 threads
2019-12-18 03:04:10.502 20411 RALLYDEBUG rally_openstack.contexts.keystone.users [-] Creating 6 users using 20 threads
2019-12-18 03:04:12.090 20411 INFO rally.task.context [-] Task c708e019-2db7-43ad-b3c8-d031aba2ba2e | Context users@openstack setup() finished in 2.67 sec
2019-12-18 03:04:12.501 20411 INFO rally.task.context [-] Task c708e019-2db7-43ad-b3c8-d031aba2ba2e | Context api_versions@openstack setup() finished in 0.41 sec
2019-12-18 03:04:12.502 20411 INFO rally.task.context [-] Task c708e019-2db7-43ad-b3c8-d031aba2ba2e | Context cleanup@openstack setup() finished in 0.01 msec
2019-12-18 03:04:13.579 20411 RALLYDEBUG rally.task.runner [-] Starting the constant runner (task UUID: c708e019-2db7-43ad-b3c8-d031aba2ba2e). times: 10 concurrency: 4 timeout: 0 max_cpu_used: 16 processes_to_start: 4 concurrency_per_worker: 1 concurrency_overhead: 0
2019-12-18 03:04:13.591 22807 RALLYDEBUG rally.task.runner [-] Starting a worker. times: 10 duration: None concurrency: 1 timeout: 0 cls: method_name: run args: {"flavor": "c3ced0cb-30ea-448e-8a52-6953d615bc6c", "image": "48bf0efe-01ba-4643-8231-99113ba84e63", "block_migration": false, "volume_size": 1, "force_delete": false, "nics": [{"net-id": "a2e4e6ce-5607-4f93-b98b-e192ed4c6f67"}]}
2019-12-18 03:04:13.594 22808 RALLYDEBUG rally.task.runner [-] Starting a worker. times: 10 duration: None concurrency: 1 timeout: 0 cls: method_name: run args: {"flavor": "c3ced0cb-30ea-448e-8a52-6953d615bc6c", "image": "48bf0efe-01ba-4643-8231-99113ba84e63", "block_migration": false, "volume_size": 1, "force_delete": false, "nics": [{"net-id": "a2e4e6ce-5607-4f93-b98b-e192ed4c6f67"}]}
2019-12-18 03:04:13.598 22807 INFO rally.task.runner [-] Task c708e019-2db7-43ad-b3c8-d031aba2ba2e | ITER: 1 START
2019-12-18 03:04:13.598 22809 RALLYDEBUG rally.task.runner [-] Starting a worker. times: 10 duration: None concurrency: 1 timeout: 0 cls: method_name: run args: {"flavor": "c3ced0cb-30ea-448e-8a52-6953d615bc6c", "image": "48bf0efe-01ba-4643-8231-99113ba84e63", "block_migration": false, "volume_size": 1, "force_delete": false, "nics": [{"net-id": "a2e4e6ce-5607-4f93-b98b-e192ed4c6f67"}]}
2019-12-18 03:04:13.601 22808 INFO rally.task.runner [-] Task c708e019-2db7-43ad-b3c8-d031aba2ba2e | ITER: 2 START
2019-12-18 03:04:13.602 22810 RALLYDEBUG rally.task.runner [-] Starting a worker. times: 10 duration: None concurrency: 1 timeout: 0 cls: method_name: run args: {"flavor": "c3ced0cb-30ea-448e-8a52-6953d615bc6c", "image": "48bf0efe-01ba-4643-8231-99113ba84e63", "block_migration": false, "volume_size": 1, "force_delete": false, "nics": [{"net-id": "a2e4e6ce-5607-4f93-b98b-e192ed4c6f67"}]}
2019-12-18 03:04:13.605 22809 INFO rally.task.runner [-] Task c708e019-2db7-43ad-b3c8-d031aba2ba2e | ITER: 3 START
2019-12-18 03:04:13.609 22810 INFO rally.task.runner [-] Task c708e019-2db7-43ad-b3c8-d031aba2ba2e | ITER: 4 START
2019-12-18 03:04:31.180 22810 RALLYDEBUG rally.task.utils [-] Waiting for resource s_rally_e1b50b50_o64LOgGj. Status changed: DOWNLOADING => AVAILABLE in 14.626869678497314
2019-12-18 03:04:35.603 22809 RALLYDEBUG rally.task.utils [-] Waiting for resource s_rally_e1b50b50_a37OTzRE. Status changed: DOWNLOADING => AVAILABLE in 18.814685344696045
2019-12-18 03:04:43.037 22809 RALLYDEBUG rally.task.utils [-] Waiting for resource s_rally_e1b50b50_0cBmd0Zf. Status changed: BUILD => ACTIVE in 4.89981746673584
2019-12-18 03:04:43.789 22810 RALLYDEBUG rally.task.utils [-] Waiting for resource s_rally_e1b50b50_1zdblXpK. Status changed: BUILD => ACTIVE in 10.110121488571167
2019-12-18 03:04:45.835 22809 RALLYDEBUG rally.task.utils [-] Waiting for resource s_rally_e1b50b50_0cBmd0Zf. Status changed: ACTIVE => MIGRATING in 0.19124865531921387
2019-12-18 03:04:47.452 22810 RALLYDEBUG rally.task.utils [-] Waiting for resource s_rally_e1b50b50_1zdblXpK. Status changed: ACTIVE => MIGRATING in 0.969663143157959
2019-12-18 03:04:54.235 22808 RALLYDEBUG rally.task.utils [-] Waiting for resource s_rally_e1b50b50_rQ2ZgU5g. Status changed: DOWNLOADING => AVAILABLE in 37.68201208114624
2019-12-18 03:04:54.269 22807 RALLYDEBUG rally.task.utils [-] Waiting for resource s_rally_e1b50b50_aRqobj4w. Status changed: DOWNLOADING => AVAILABLE in 37.70285677909851
2019-12-18 03:04:54.855 22810 RALLYDEBUG rally.task.utils [-] Waiting for resource s_rally_e1b50b50_1zdblXpK. Status changed: MIGRATING => ACTIVE in 7.403544664382935
2019-12-18 03:04:54.998 22809 RALLYDEBUG rally.task.utils [-] Waiting for resource s_rally_e1b50b50_0cBmd0Zf. Status changed: MIGRATING => ACTIVE in 9.16349983215332
2019-12-18 03:04:57.493 22810 INFO rally.task.runner [-] Task c708e019-2db7-43ad-b3c8-d031aba2ba2e | ITER: 4 END: OK
2019-12-18 03:04:57.499 22810 INFO rally.task.runner [-] Task c708e019-2db7-43ad-b3c8-d031aba2ba2e | ITER: 5 START
2019-12-18 03:04:57.605 22809 INFO rally.task.runner [-] Task c708e019-2db7-43ad-b3c8-d031aba2ba2e | ITER: 3 END: OK
2019-12-18 03:04:57.611 22809 INFO rally.task.runner [-] Task c708e019-2db7-43ad-b3c8-d031aba2ba2e | ITER: 6 START
2019-12-18 03:05:00.813 22807 RALLYDEBUG rally.task.utils [-] Waiting for resource s_rally_e1b50b50_qL98Y81S. Status changed: BUILD => ACTIVE in 4.616400241851807
2019-12-18 03:05:02.879 22808 RALLYDEBUG rally.task.utils [-] Waiting for resource s_rally_e1b50b50_ne0FgD8K. Status changed: BUILD => ACTIVE in 6.683119773864746
2019-12-18 03:05:03.442 22807 RALLYDEBUG rally.task.utils [-] Waiting for resource s_rally_e1b50b50_qL98Y81S. Status changed: ACTIVE => MIGRATING in 0.26662206649780273
2019-12-18 03:05:05.913 22808 RALLYDEBUG rally.task.utils [-] Waiting for resource s_rally_e1b50b50_ne0FgD8K. Status changed: ACTIVE => MIGRATING in 0.21503996849060059
2019-12-18 03:05:12.585 22807 RALLYDEBUG rally.task.utils [-] Waiting for resource s_rally_e1b50b50_qL98Y81S. Status changed: MIGRATING => ACTIVE in 9.142961025238037
2019-12-18 03:05:12.717 22808 RALLYDEBUG rally.task.utils [-] Waiting for resource s_rally_e1b50b50_ne0FgD8K. Status changed: MIGRATING => ACTIVE in 6.804212331771851
2019-12-18 03:05:15.046 22807 INFO rally.task.runner [-] Task c708e019-2db7-43ad-b3c8-d031aba2ba2e | ITER: 1 END: OK
2019-12-18 03:05:15.052 22807 INFO rally.task.runner [-] Task c708e019-2db7-43ad-b3c8-d031aba2ba2e | ITER: 7 START
2019-12-18 03:05:15.605 22808 INFO rally.task.runner [-] Task c708e019-2db7-43ad-b3c8-d031aba2ba2e | ITER: 2 END: OK
2019-12-18 03:05:15.611 22808 INFO rally.task.runner [-] Task c708e019-2db7-43ad-b3c8-d031aba2ba2e | ITER: 8 START
2019-12-18 03:05:20.586 22807 RALLYDEBUG rally.task.utils [-] Waiting for resource s_rally_e1b50b50_S4UCwu9s. Status changed: CREATING => DOWNLOADING in 2.3561136722564697
2019-12-18 03:05:21.364 22810 RALLYDEBUG rally.task.utils [-] Waiting for resource s_rally_e1b50b50_kayVeM2e. Status changed: DOWNLOADING => AVAILABLE in 20.830902099609375
2019-12-18 03:05:22.674 22808 RALLYDEBUG rally.task.utils [-] Waiting for resource s_rally_e1b50b50_Oi34bFEA. Status changed: CREATING => DOWNLOADING in 4.286381244659424
2019-12-18 03:05:30.599 22810 RALLYDEBUG rally.task.utils [-] Waiting for resource s_rally_e1b50b50_qys606TB. Status changed: BUILD => ACTIVE in 6.819014310836792
2019-12-18 03:05:33.375 22810 RALLYDEBUG rally.task.utils [-] Waiting for resource s_rally_e1b50b50_qys606TB. Status changed: ACTIVE => MIGRATING in 0.19484758377075195
2019-12-18 03:05:40.448 22809 RALLYDEBUG rally.task.utils [-] Waiting for resource s_rally_e1b50b50_3RQ27iYr. Status changed: DOWNLOADING => AVAILABLE in 39.46813249588013
2019-12-18 03:05:41.994 22810 RALLYDEBUG rally.task.utils [-] Waiting for resource s_rally_e1b50b50_qys606TB. Status changed: MIGRATING => ACTIVE in 8.619452714920044
2019-12-18 03:05:44.617 22810 INFO rally.task.runner [-] Task c708e019-2db7-43ad-b3c8-d031aba2ba2e | ITER: 5 END: OK
2019-12-18 03:05:44.622 22810 INFO rally.task.runner [-] Task c708e019-2db7-43ad-b3c8-d031aba2ba2e | ITER: 9 START
2019-12-18 03:05:49.829 22809 RALLYDEBUG rally.task.utils [-] Waiting for resource s_rally_e1b50b50_PDcXpJDI. Status changed: BUILD => ACTIVE in 6.980727910995483
2019-12-18 03:05:52.765 22809 RALLYDEBUG rally.task.utils [-] Waiting for resource s_rally_e1b50b50_PDcXpJDI. Status changed: ACTIVE => MIGRATING in 0.27012014389038086
2019-12-18 03:05:59.876 22810 RALLYDEBUG rally.task.utils [-] Waiting for resource s_rally_e1b50b50_yHoAKKRw. Status changed: DOWNLOADING => AVAILABLE in 12.543884038925171
2019-12-18 03:06:02.944 22809 RALLYDEBUG rally.task.utils [-] Waiting for resource s_rally_e1b50b50_PDcXpJDI. Status changed: MIGRATING => ACTIVE in 10.17907166481018
2019-12-18 03:06:14.343 22808 RALLYDEBUG rally.task.utils [-] Waiting for resource s_rally_e1b50b50_Oi34bFEA. Status changed: DOWNLOADING => AVAILABLE in 51.66877007484436
2019-12-18 03:06:14.343 22807 RALLYDEBUG rally.task.utils [-] Waiting for resource s_rally_e1b50b50_S4UCwu9s. Status changed: DOWNLOADING => AVAILABLE in 53.75665020942688
2019-12-18 03:06:14.958 22809 INFO rally.task.runner [-] Task c708e019-2db7-43ad-b3c8-d031aba2ba2e | ITER: 6 END: OK
2019-12-18 03:06:14.962 22809 INFO rally.task.runner [-] Task c708e019-2db7-43ad-b3c8-d031aba2ba2e | ITER: 10 START
2019-12-18 03:06:17.229 22810 RALLYDEBUG rally.task.utils [-] Waiting for resource s_rally_e1b50b50_4o3VJqy3. Status changed: BUILD => ACTIVE in 14.85799765586853
2019-12-18 03:06:19.368 22810 RALLYDEBUG rally.task.utils [-] Waiting for resource s_rally_e1b50b50_4o3VJqy3. Status changed: ACTIVE => MIGRATING in 0.1618187427520752
2019-12-18 03:06:23.252 22807 RALLYDEBUG rally.task.utils [-] Waiting for resource s_rally_e1b50b50_HJABK26b. Status changed: BUILD => ACTIVE in 6.733153581619263
2019-12-18 03:06:26.052 22807 RALLYDEBUG rally.task.utils [-] Waiting for resource s_rally_e1b50b50_HJABK26b. Status changed: ACTIVE => MIGRATING in 0.24245285987854004
2019-12-18 03:06:27.020 22808 RALLYDEBUG rally.task.utils [-] Waiting for resource s_rally_e1b50b50_YNH7izrI. Status changed: BUILD => ACTIVE in 9.704612016677856
2019-12-18 03:06:28.281 22810 RALLYDEBUG rally.task.utils [-] Waiting for resource s_rally_e1b50b50_4o3VJqy3. Status changed: MIGRATING => ACTIVE in 8.913134813308716
2019-12-18 03:06:29.247 22808 RALLYDEBUG rally.task.utils [-] Waiting for resource s_rally_e1b50b50_YNH7izrI. Status changed: ACTIVE => MIGRATING in 0.15826749801635742
2019-12-18 03:06:30.297 22809 RALLYDEBUG rally.task.utils [-] Waiting for resource s_rally_e1b50b50_26T50JhO. Status changed: DOWNLOADING => AVAILABLE in 12.521620035171509
2019-12-18 03:06:30.893 22810 INFO rally.task.runner [-] Task c708e019-2db7-43ad-b3c8-d031aba2ba2e | ITER: 9 END: OK
2019-12-18 03:06:32.982 22807 RALLYDEBUG rally.task.utils [-] Waiting for resource s_rally_e1b50b50_HJABK26b. Status changed: MIGRATING => ACTIVE in 6.930195569992065
2019-12-18 03:06:35.521 22807 INFO rally.task.runner [-] Task c708e019-2db7-43ad-b3c8-d031aba2ba2e | ITER: 7 END: OK
2019-12-18 03:06:36.989 22809 RALLYDEBUG rally.task.utils [-] Waiting for resource s_rally_e1b50b50_HUZi5sO3. Status changed: BUILD => ACTIVE in 4.663682222366333
2019-12-18 03:06:39.271 22809 RALLYDEBUG rally.task.utils [-] Waiting for resource s_rally_e1b50b50_HUZi5sO3. Status changed: ACTIVE => MIGRATING in 0.15409541130065918
2019-12-18 03:06:40.226 22808 RALLYDEBUG rally.task.utils [-] Waiting for resource s_rally_e1b50b50_YNH7izrI. Status changed: MIGRATING => ACTIVE in 10.978246450424194
2019-12-18 03:06:42.878 22808 INFO rally.task.runner [-] Task c708e019-2db7-43ad-b3c8-d031aba2ba2e | ITER: 8 END: OK
2019-12-18 03:06:45.904 22809 RALLYDEBUG rally.task.utils [-] Waiting for resource s_rally_e1b50b50_HUZi5sO3. Status changed: MIGRATING => ACTIVE in 6.633772611618042
2019-12-18 03:06:48.638 22809 INFO rally.task.runner [-] Task c708e019-2db7-43ad-b3c8-d031aba2ba2e | ITER: 10 END: OK
2019-12-18 03:06:48.671 20411 INFO rally.task.context [-] Task c708e019-2db7-43ad-b3c8-d031aba2ba2e | Context cleanup@openstack cleanup() started
2019-12-18 03:06:48.674 20411 RALLYDEBUG rally_openstack.cleanup.manager [-] Cleaning up nova servers objects
2019-12-18 03:06:49.998 20411 RALLYDEBUG rally_openstack.cleanup.manager [-] Cleaning up nova server_groups objects
2019-12-18 03:06:51.168 20411 RALLYDEBUG rally_openstack.cleanup.manager [-] Cleaning up nova keypairs objects
2019-12-18 03:06:53.494 20411 RALLYDEBUG rally_openstack.cleanup.manager [-] Cleaning up cinder backups objects
2019-12-18 03:06:54.669 20411 RALLYDEBUG rally_openstack.cleanup.manager [-] Cleaning up cinder volume_snapshots objects
2019-12-18 03:06:55.871 20411 RALLYDEBUG rally_openstack.cleanup.manager [-] Cleaning up cinder transfers objects
2019-12-18 03:06:57.047 20411 RALLYDEBUG rally_openstack.cleanup.manager [-] Cleaning up cinder volumes objects
2019-12-18 03:06:58.290 20411 RALLYDEBUG rally_openstack.cleanup.manager [-] Deleting cinder.volumes object s_rally_e1b50b50_26T50JhO (6d20ab5d-9730-4ea2-a6ef-0cbac291a731)
2019-12-18 03:06:58.293 20411 RALLYDEBUG rally_openstack.cleanup.manager [-] Deleting cinder.volumes object s_rally_e1b50b50_kayVeM2e (500fbc54-b0bb-4117-be01-d55831fcb585)
2019-12-18 03:06:58.302 20411 RALLYDEBUG rally_openstack.cleanup.manager [-] Deleting cinder.volumes object s_rally_e1b50b50_a37OTzRE (c408ada4-4e7a-47a0-8b65-6e58e25902cf)
2019-12-18 03:06:58.306 20411 RALLYDEBUG rally_openstack.cleanup.manager [-] Deleting cinder.volumes object s_rally_e1b50b50_o64LOgGj (94d32c2a-6a26-43be-a13a-c768ca726be0)
2019-12-18 03:06:58.315 20411 RALLYDEBUG rally_openstack.cleanup.manager [-] Deleting cinder.volumes object s_rally_e1b50b50_S4UCwu9s (36baa1e6-b5ab-49ef-a3b2-03ddbf02f621)
2019-12-18 03:06:58.319 20411 RALLYDEBUG rally_openstack.cleanup.manager [-] Deleting cinder.volumes object s_rally_e1b50b50_3RQ27iYr (c18bcafc-4906-41e7-9895-a7291acd4b43)
2019-12-18 03:06:58.322 20411 RALLYDEBUG rally_openstack.cleanup.manager [-] Deleting cinder.volumes object s_rally_e1b50b50_yHoAKKRw (67c18d55-cc3e-4f80-8b42-19535c8adc42)
2019-12-18 03:06:58.331 20411 RALLYDEBUG rally_openstack.cleanup.manager [-] Deleting cinder.volumes object s_rally_e1b50b50_Oi34bFEA (e6f21090-9277-4971-a719-d811c9c77260)
2019-12-18 03:06:58.340 20411 RALLYDEBUG rally_openstack.cleanup.manager [-] Deleting cinder.volumes object s_rally_e1b50b50_rQ2ZgU5g (cb4684c8-d04f-458e-aae1-f815f44400f2)
2019-12-18 03:06:58.365 20411 RALLYDEBUG rally_openstack.cleanup.manager [-] Deleting cinder.volumes object s_rally_e1b50b50_aRqobj4w (5c170d08-24b0-4708-b802-207bbedb21c8)
2019-12-18 03:07:02.231 20411 INFO rally.task.context [-] Task c708e019-2db7-43ad-b3c8-d031aba2ba2e | Context cleanup@openstack cleanup() finished in 13.56 sec
2019-12-18 03:07:02.231 20411 INFO rally.task.context [-] Task c708e019-2db7-43ad-b3c8-d031aba2ba2e | Context api_versions@openstack cleanup() started
2019-12-18 03:07:02.232 20411 INFO rally.task.context [-] Task c708e019-2db7-43ad-b3c8-d031aba2ba2e | Context api_versions@openstack cleanup() finished in 0.39 msec
2019-12-18 03:07:02.232 20411 INFO rally.task.context [-] Task c708e019-2db7-43ad-b3c8-d031aba2ba2e | Context users@openstack cleanup() started
2019-12-18 03:07:06.308 20411 INFO rally.task.context [-] Task c708e019-2db7-43ad-b3c8-d031aba2ba2e | Context users@openstack cleanup() finished in 4.08 sec
2019-12-18 03:07:08.114 20411 INFO rally.task.engine [-] Load duration is: 154.034895
2019-12-18 03:07:08.114 20411 INFO rally.task.engine [-] Full runner duration is: 155.092468
2019-12-18 03:07:08.115 20411 INFO rally.task.engine [-] Full duration is: 176.884909
2019-12-18 03:07:08.479 20411 INFO rally.task.engine [-] Running workload: position = 0 config = { "version": 2, "title": "A cropped version of a bigger task.", "description": "Auto-generated task from a single workload (uuid=c84b8b96-dbed-4e40-b13a-5d505ee738bd)", "subtasks": [ { "title": "NovaKeypair.boot_and_delete_server_with_keypair", "description": "Boot and delete server with keypair.", "scenario": { "NovaKeypair.boot_and_delete_server_with_keypair": { "flavor": { "name": "rally_full-flavor_82abc6db-4b93-46af-8703-7548ccee80b4" }, "image": { "name": "rally_full-img_82abc6db-4b93-46af-8703-7548ccee80b4" }, "server_kwargs": { "nics": [ { "net-id": "a2e4e6ce-5607-4f93-b98b-e192ed4c6f67" } ] } } }, "contexts": { "users": { "tenants": 3, "users_per_tenant": 2 }, "network": { "networks_per_tenant": 1, "start_cidr": "100.1.0.0/25" }, "quotas": { "neutron": { "network": -1, "port": -1, "subnet": -1 }, "nova": { "cores": -1, "floating_ips": -1, "instances": -1, "key_pairs": -1, "ram": -1, "security_group_rules": -1, "security_groups": -1 } } }, "runner": { "constant": { "concurrency": 4, "times": 10 } }, "hooks": [], "sla": { "failure_rate": { "max": 0 } } } ] }
2019-12-18 03:07:08.505 20411 RALLYDEBUG rally_openstack.contexts.keystone.users [-] Creating 3 tenants using 20 threads
2019-12-18 03:07:09.523 20411 RALLYDEBUG rally_openstack.contexts.keystone.users [-] Creating 6 users using 20 threads
2019-12-18 03:07:11.091 20411 INFO rally.task.context [-] Task c708e019-2db7-43ad-b3c8-d031aba2ba2e | Context users@openstack setup() finished in 2.59 sec
2019-12-18 03:07:12.645 20411 INFO rally.task.context [-] Task c708e019-2db7-43ad-b3c8-d031aba2ba2e | Context quotas@openstack setup() finished in 1.55 sec
2019-12-18 03:07:14.662 20411 RALLYDEBUG rally_openstack.wrappers.network [-] CIDR generated: 100.1.9.0/25
2019-12-18 03:07:19.430 20411 RALLYDEBUG rally_openstack.wrappers.network [-] CIDR generated: 100.1.9.128/25
2019-12-18 03:07:23.194 20411 RALLYDEBUG rally_openstack.wrappers.network [-] CIDR generated: 100.1.10.0/25
2019-12-18 03:07:25.341 20411 INFO rally.task.context [-] Task c708e019-2db7-43ad-b3c8-d031aba2ba2e | Context network@openstack setup() finished in 12.70 sec
2019-12-18 03:07:25.342 20411 INFO rally.task.context [-] Task c708e019-2db7-43ad-b3c8-d031aba2ba2e | Context cleanup@openstack setup() finished in 0.01 msec
2019-12-18 03:07:26.191 20411 RALLYDEBUG rally.task.runner [-] Starting the constant runner (task UUID: c708e019-2db7-43ad-b3c8-d031aba2ba2e). times: 10 concurrency: 4 timeout: 0 max_cpu_used: 16 processes_to_start: 4 concurrency_per_worker: 1 concurrency_overhead: 0
2019-12-18 03:07:26.203 23051 RALLYDEBUG rally.task.runner [-] Starting a worker. times: 10 duration: None concurrency: 1 timeout: 0 cls: method_name: run args: {"flavor": "c3ced0cb-30ea-448e-8a52-6953d615bc6c", "image": "48bf0efe-01ba-4643-8231-99113ba84e63", "server_kwargs": {"nics": [{"net-id": "a2e4e6ce-5607-4f93-b98b-e192ed4c6f67"}]}}
2019-12-18 03:07:26.206 23052 RALLYDEBUG rally.task.runner [-] Starting a worker. times: 10 duration: None concurrency: 1 timeout: 0 cls: method_name: run args: {"flavor": "c3ced0cb-30ea-448e-8a52-6953d615bc6c", "image": "48bf0efe-01ba-4643-8231-99113ba84e63", "server_kwargs": {"nics": [{"net-id": "a2e4e6ce-5607-4f93-b98b-e192ed4c6f67"}]}}
2019-12-18 03:07:26.211 23051 INFO rally.task.runner [-] Task c708e019-2db7-43ad-b3c8-d031aba2ba2e | ITER: 1 START
2019-12-18 03:07:26.210 23053 RALLYDEBUG rally.task.runner [-] Starting a worker. times: 10 duration: None concurrency: 1 timeout: 0 cls: method_name: run args: {"flavor": "c3ced0cb-30ea-448e-8a52-6953d615bc6c", "image": "48bf0efe-01ba-4643-8231-99113ba84e63", "server_kwargs": {"nics": [{"net-id": "a2e4e6ce-5607-4f93-b98b-e192ed4c6f67"}]}}
2019-12-18 03:07:26.214 23052 INFO rally.task.runner [-] Task c708e019-2db7-43ad-b3c8-d031aba2ba2e | ITER: 2 START
2019-12-18 03:07:26.214 23055 RALLYDEBUG rally.task.runner [-] Starting a worker. times: 10 duration: None concurrency: 1 timeout: 0 cls: method_name: run args: {"flavor": "c3ced0cb-30ea-448e-8a52-6953d615bc6c", "image": "48bf0efe-01ba-4643-8231-99113ba84e63", "server_kwargs": {"nics": [{"net-id": "a2e4e6ce-5607-4f93-b98b-e192ed4c6f67"}]}}
2019-12-18 03:07:26.216 23051 WARNING rally.common.logging [-] Argument(s): `server_kwargs' of `run()' are deprecated in v0.3.2: 'server_kwargs' has been renamed 'boot_server_kwargs'. Used at
2019-12-18 03:07:26.217 23053 INFO rally.task.runner [-] Task c708e019-2db7-43ad-b3c8-d031aba2ba2e | ITER: 3 START
2019-12-18 03:07:26.218 23052 WARNING rally.common.logging [-] Argument(s): `server_kwargs' of `run()' are deprecated in v0.3.2: 'server_kwargs' has been renamed 'boot_server_kwargs'. Used at
