2019-12-18 02:13:42.577 11214 INFO rally.task.runner [-] Task 5d02845b-f245-4345-9d03-e4908ce3357f | ITER: 9 START
2019-12-18 02:13:43.606 11213 INFO rally.task.runner [-] Task 5d02845b-f245-4345-9d03-e4908ce3357f | ITER: 8 END: OK
2019-12-18 02:13:43.611 11212 INFO rally.task.runner [-] Task 5d02845b-f245-4345-9d03-e4908ce3357f | ITER: 6 END: OK
2019-12-18 02:13:43.611 11213 INFO rally.task.runner [-] Task 5d02845b-f245-4345-9d03-e4908ce3357f | ITER: 10 START
2019-12-18 02:13:43.620 11211 INFO rally.task.runner [-] Task 5d02845b-f245-4345-9d03-e4908ce3357f | ITER: 5 END: OK
2019-12-18 02:13:46.066 11214 RALLYDEBUG rally.task.utils [-] Waiting for resource . Status changed: CREATE_IN_PROGRESS => CREATE_COMPLETE in 0.0774240493774414
2019-12-18 02:13:46.250 11214 RALLYDEBUG rally.task.utils [-] Waiting for resource . Status changed: CREATE_COMPLETE => CHECK_IN_PROGRESS in 0.06782913208007812
2019-12-18 02:13:47.283 11213 RALLYDEBUG rally.task.utils [-] Waiting for resource . Status changed: CREATE_IN_PROGRESS => CREATE_COMPLETE in 0.0735006332397461
2019-12-18 02:13:47.321 11214 RALLYDEBUG rally.task.utils [-] Waiting for resource . Status changed: CHECK_IN_PROGRESS => CHECK_COMPLETE in 1.0712883472442627
2019-12-18 02:13:47.435 11214 RALLYDEBUG rally.task.utils [-] Waiting for resource . Status changed: CREATE_COMPLETE => DELETE_IN_PROGRESS in 0.05419802665710449
2019-12-18 02:13:47.447 11213 RALLYDEBUG rally.task.utils [-] Waiting for resource . Status changed: CREATE_COMPLETE => CHECK_COMPLETE in 0.06681442260742188
2019-12-18 02:13:47.579 11213 RALLYDEBUG rally.task.utils [-] Waiting for resource . Status changed: CREATE_COMPLETE => DELETE_IN_PROGRESS in 0.05749845504760742
2019-12-18 02:13:49.551 11214 INFO rally.task.runner [-] Task 5d02845b-f245-4345-9d03-e4908ce3357f | ITER: 9 END: OK
2019-12-18 02:13:49.702 11213 INFO rally.task.runner [-] Task 5d02845b-f245-4345-9d03-e4908ce3357f | ITER: 10 END: OK
2019-12-18 02:13:49.732 8497 INFO rally.task.context [-] Task 5d02845b-f245-4345-9d03-e4908ce3357f | Context cleanup@openstack cleanup() started
2019-12-18 02:13:49.734 8497 RALLYDEBUG rally_openstack.cleanup.manager [-] Cleaning up heat stacks objects
2019-12-18 02:13:51.243 8497 INFO rally.task.context [-] Task 5d02845b-f245-4345-9d03-e4908ce3357f | Context cleanup@openstack cleanup() finished in 1.51 sec
2019-12-18 02:13:51.243 8497 INFO rally.task.context [-] Task 5d02845b-f245-4345-9d03-e4908ce3357f | Context roles@openstack cleanup() started
2019-12-18 02:13:51.244 8497 RALLYDEBUG rally_openstack.contexts.keystone.roles [-] Removing assigned role 07a076f61c224f78b1fbf6e73cc4d225 from all users
2019-12-18 02:13:52.244 8497 INFO rally.task.context [-] Task 5d02845b-f245-4345-9d03-e4908ce3357f | Context roles@openstack cleanup() finished in 1.00 sec
2019-12-18 02:13:52.245 8497 INFO rally.task.context [-] Task 5d02845b-f245-4345-9d03-e4908ce3357f | Context users@openstack cleanup() started
2019-12-18 02:13:57.141 8497 INFO rally.task.context [-] Task 5d02845b-f245-4345-9d03-e4908ce3357f | Context users@openstack cleanup() finished in 4.90 sec
2019-12-18 02:13:57.367 8497 INFO rally.task.engine [-] Load duration is: 15.826278
2019-12-18 02:13:57.368 8497 INFO rally.task.engine [-] Full runner duration is: 17.875889
2019-12-18 02:13:57.368 8497 INFO rally.task.engine [-] Full duration is: 34.076467
2019-12-18 02:13:57.712 8497 INFO rally.task.engine [-] Running workload: position = 0 config = { "version": 2, "title": "A cropped version of a bigger task.", "description": "Auto-generated task from a single workload (uuid=07ba065a-3e63-4356-a455-3d6f3665dd8c)", "subtasks": [ { "title": "HeatStacks.create_suspend_resume_delete_stack", "description": "Create, suspend-resume and then delete a stack.", "scenario": { "HeatStacks.create_suspend_resume_delete_stack": { "template_path": "/usr/lib/python3.6/site-packages/functest/opnfv_tests/openstack/rally/scenario/templates/random_strings.yaml.template" } }, "contexts": { "users": { "tenants": 3, "users_per_tenant": 2 }, "roles": [ "heat_stack_owner" ] }, "runner": { "constant": { "concurrency": 4, "times": 10 } }, "hooks": [], "sla": { "failure_rate": { "max": 0 } } } ] }
2019-12-18 02:13:57.737 8497 RALLYDEBUG rally_openstack.contexts.keystone.users [-] Creating 3 tenants using 20 threads
2019-12-18 02:13:58.845 8497 RALLYDEBUG rally_openstack.contexts.keystone.users [-] Creating 6 users using 20 threads
2019-12-18 02:14:00.386 8497 INFO rally.task.context [-] Task 5d02845b-f245-4345-9d03-e4908ce3357f | Context users@openstack setup() finished in 2.65 sec
2019-12-18 02:14:01.195 8497 RALLYDEBUG rally_openstack.contexts.keystone.roles [-] Adding role heat_stack_owner having ID 07a076f61c224f78b1fbf6e73cc4d225 to all users using 30 threads
2019-12-18 02:14:06.536 8497 INFO rally.task.context [-] Task 5d02845b-f245-4345-9d03-e4908ce3357f | Context roles@openstack setup() finished in 6.15 sec
2019-12-18 02:14:06.537 8497 INFO rally.task.context [-] Task 5d02845b-f245-4345-9d03-e4908ce3357f | Context cleanup@openstack setup() finished in 0.01 msec
2019-12-18 02:14:06.547 8497 RALLYDEBUG rally.task.runner [-] Starting the constant runner (task UUID: 5d02845b-f245-4345-9d03-e4908ce3357f). times: 10 concurrency: 4 timeout: 0 max_cpu_used: 16 processes_to_start: 4 concurrency_per_worker: 1 concurrency_overhead: 0
2019-12-18 02:14:06.559 11395 RALLYDEBUG rally.task.runner [-] Starting a worker. times: 10 duration: None concurrency: 1 timeout: 0 cls: method_name: run args: {"template_path": "heat_template_version: 2014-10-16\n\ndescription: Test template for rally create-update-delete scenario\n\nresources:\n test_string_one:\n type: OS::Heat::RandomString\n properties:\n length: 20\n test_string_two:\n type: OS::Heat::RandomString\n properties:\n length: 20"}
2019-12-18 02:14:06.562 11396 RALLYDEBUG rally.task.runner [-] Starting a worker. times: 10 duration: None concurrency: 1 timeout: 0 cls: method_name: run args: {"template_path": "heat_template_version: 2014-10-16\n\ndescription: Test template for rally create-update-delete scenario\n\nresources:\n test_string_one:\n type: OS::Heat::RandomString\n properties:\n length: 20\n test_string_two:\n type: OS::Heat::RandomString\n properties:\n length: 20"}
2019-12-18 02:14:06.566 11395 INFO rally.task.runner [-] Task 5d02845b-f245-4345-9d03-e4908ce3357f | ITER: 1 START
2019-12-18 02:14:06.566 11397 RALLYDEBUG rally.task.runner [-] Starting a worker. times: 10 duration: None concurrency: 1 timeout: 0 cls: method_name: run args: {"template_path": "heat_template_version: 2014-10-16\n\ndescription: Test template for rally create-update-delete scenario\n\nresources:\n test_string_one:\n type: OS::Heat::RandomString\n properties:\n length: 20\n test_string_two:\n type: OS::Heat::RandomString\n properties:\n length: 20"}
2019-12-18 02:14:06.569 11396 INFO rally.task.runner [-] Task 5d02845b-f245-4345-9d03-e4908ce3357f | ITER: 2 START
2019-12-18 02:14:06.569 11399 RALLYDEBUG rally.task.runner [-] Starting a worker. times: 10 duration: None concurrency: 1 timeout: 0 cls: method_name: run args: {"template_path": "heat_template_version: 2014-10-16\n\ndescription: Test template for rally create-update-delete scenario\n\nresources:\n test_string_one:\n type: OS::Heat::RandomString\n properties:\n length: 20\n test_string_two:\n type: OS::Heat::RandomString\n properties:\n length: 20"}
2019-12-18 02:14:06.573 11397 INFO rally.task.runner [-] Task 5d02845b-f245-4345-9d03-e4908ce3357f | ITER: 3 START
2019-12-18 02:14:06.576 11399 INFO rally.task.runner [-] Task 5d02845b-f245-4345-9d03-e4908ce3357f | ITER: 4 START
2019-12-18 02:14:09.998 11396 RALLYDEBUG rally.task.utils [-] Waiting for resource . Status changed: CREATE_IN_PROGRESS => CREATE_COMPLETE in 0.07692503929138184
2019-12-18 02:14:10.003 11395 RALLYDEBUG rally.task.utils [-] Waiting for resource . Status changed: CREATE_IN_PROGRESS => CREATE_COMPLETE in 0.07064151763916016
2019-12-18 02:14:10.012 11399 RALLYDEBUG rally.task.utils [-] Waiting for resource . Status changed: CREATE_IN_PROGRESS => CREATE_COMPLETE in 0.06857538223266602
2019-12-18 02:14:10.045 11397 RALLYDEBUG rally.task.utils [-] Waiting for resource . Status changed: CREATE_IN_PROGRESS => CREATE_COMPLETE in 0.0701439380645752
2019-12-18 02:14:10.157 11396 RALLYDEBUG rally.task.utils [-] Waiting for resource . Status changed: CREATE_COMPLETE => SUSPEND_IN_PROGRESS in 0.05988883972167969
2019-12-18 02:14:10.164 11395 RALLYDEBUG rally.task.utils [-] Waiting for resource . Status changed: CREATE_COMPLETE => SUSPEND_IN_PROGRESS in 0.06258225440979004
2019-12-18 02:14:10.166 11399 RALLYDEBUG rally.task.utils [-] Waiting for resource . Status changed: CREATE_COMPLETE => SUSPEND_IN_PROGRESS in 0.06378817558288574
2019-12-18 02:14:10.196 11397 RALLYDEBUG rally.task.utils [-] Waiting for resource . Status changed: CREATE_COMPLETE => SUSPEND_IN_PROGRESS in 0.06306219100952148
2019-12-18 02:14:11.233 11396 RALLYDEBUG rally.task.utils [-] Waiting for resource . Status changed: SUSPEND_IN_PROGRESS => SUSPEND_COMPLETE in 1.0760972499847412
2019-12-18 02:14:11.238 11399 RALLYDEBUG rally.task.utils [-] Waiting for resource . Status changed: SUSPEND_IN_PROGRESS => SUSPEND_COMPLETE in 1.072225570678711
2019-12-18 02:14:11.239 11395 RALLYDEBUG rally.task.utils [-] Waiting for resource . Status changed: SUSPEND_IN_PROGRESS => SUSPEND_COMPLETE in 1.0751392841339111
2019-12-18 02:14:11.263 11397 RALLYDEBUG rally.task.utils [-] Waiting for resource . Status changed: SUSPEND_IN_PROGRESS => SUSPEND_COMPLETE in 1.0676090717315674
2019-12-18 02:14:11.382 11396 RALLYDEBUG rally.task.utils [-] Waiting for resource . Status changed: CREATE_COMPLETE => RESUME_IN_PROGRESS in 0.0631093978881836
2019-12-18 02:14:11.382 11399 RALLYDEBUG rally.task.utils [-] Waiting for resource . Status changed: CREATE_COMPLETE => RESUME_IN_PROGRESS in 0.056774139404296875
2019-12-18 02:14:11.387 11395 RALLYDEBUG rally.task.utils [-] Waiting for resource . Status changed: CREATE_COMPLETE => RESUME_IN_PROGRESS in 0.06182384490966797
2019-12-18 02:14:11.403 11397 RALLYDEBUG rally.task.utils [-] Waiting for resource . Status changed: CREATE_COMPLETE => RESUME_IN_PROGRESS in 0.05650830268859863
2019-12-18 02:14:12.450 11396 RALLYDEBUG rally.task.utils [-] Waiting for resource . Status changed: RESUME_IN_PROGRESS => RESUME_COMPLETE in 1.068094253540039
2019-12-18 02:14:12.450 11399 RALLYDEBUG rally.task.utils [-] Waiting for resource . Status changed: RESUME_IN_PROGRESS => RESUME_COMPLETE in 1.0681178569793701
2019-12-18 02:14:12.453 11395 RALLYDEBUG rally.task.utils [-] Waiting for resource . Status changed: RESUME_IN_PROGRESS => RESUME_COMPLETE in 1.0656559467315674
2019-12-18 02:14:12.465 11397 RALLYDEBUG rally.task.utils [-] Waiting for resource . Status changed: RESUME_IN_PROGRESS => RESUME_COMPLETE in 1.0620951652526855
2019-12-18 02:14:12.564 11396 RALLYDEBUG rally.task.utils [-] Waiting for resource . Status changed: CREATE_COMPLETE => DELETE_IN_PROGRESS in 0.0558161735534668
2019-12-18 02:14:12.564 11399 RALLYDEBUG rally.task.utils [-] Waiting for resource . Status changed: CREATE_COMPLETE => DELETE_IN_PROGRESS in 0.05669355392456055
2019-12-18 02:14:12.564 11395 RALLYDEBUG rally.task.utils [-] Waiting for resource . Status changed: CREATE_COMPLETE => DELETE_IN_PROGRESS in 0.05315589904785156
2019-12-18 02:14:12.578 11397 RALLYDEBUG rally.task.utils [-] Waiting for resource . Status changed: CREATE_COMPLETE => DELETE_IN_PROGRESS in 0.05878448486328125
2019-12-18 02:14:13.623 11399 INFO rally.task.runner [-] Task 5d02845b-f245-4345-9d03-e4908ce3357f | ITER: 4 END: OK
2019-12-18 02:14:13.628 11399 INFO rally.task.runner [-] Task 5d02845b-f245-4345-9d03-e4908ce3357f | ITER: 5 START
2019-12-18 02:14:14.683 11395 INFO rally.task.runner [-] Task 5d02845b-f245-4345-9d03-e4908ce3357f | ITER: 1 END: OK
2019-12-18 02:14:14.688 11395 INFO rally.task.runner [-] Task 5d02845b-f245-4345-9d03-e4908ce3357f | ITER: 6 START
2019-12-18 02:14:14.692 11397 INFO rally.task.runner [-] Task 5d02845b-f245-4345-9d03-e4908ce3357f | ITER: 3 END: OK
2019-12-18 02:14:14.692 11396 INFO rally.task.runner [-] Task 5d02845b-f245-4345-9d03-e4908ce3357f | ITER: 2 END: OK
2019-12-18 02:14:14.696 11397 INFO rally.task.runner [-] Task 5d02845b-f245-4345-9d03-e4908ce3357f | ITER: 7 START
2019-12-18 02:14:14.697 11396 INFO rally.task.runner [-] Task 5d02845b-f245-4345-9d03-e4908ce3357f | ITER: 8 START
2019-12-18 02:14:17.170 11399 RALLYDEBUG rally.task.utils [-] Waiting for resource . Status changed: CREATE_IN_PROGRESS => CREATE_COMPLETE in 0.08305144309997559
2019-12-18 02:14:17.324 11399 RALLYDEBUG rally.task.utils [-] Waiting for resource . Status changed: CREATE_COMPLETE => SUSPEND_IN_PROGRESS in 0.06591987609863281
2019-12-18 02:14:18.177 11397 RALLYDEBUG rally.task.utils [-] Waiting for resource . Status changed: CREATE_IN_PROGRESS => CREATE_COMPLETE in 0.07697439193725586
2019-12-18 02:14:18.193 11395 RALLYDEBUG rally.task.utils [-] Waiting for resource . Status changed: CREATE_IN_PROGRESS => CREATE_COMPLETE in 0.07150387763977051
2019-12-18 02:14:18.216 11396 RALLYDEBUG rally.task.utils [-] Waiting for resource . Status changed: CREATE_IN_PROGRESS => CREATE_COMPLETE in 0.0653376579284668
2019-12-18 02:14:18.342 11397 RALLYDEBUG rally.task.utils [-] Waiting for resource . Status changed: CREATE_COMPLETE => SUSPEND_IN_PROGRESS in 0.06665968894958496
2019-12-18 02:14:18.351 11395 RALLYDEBUG rally.task.utils [-] Waiting for resource . Status changed: CREATE_COMPLETE => SUSPEND_IN_PROGRESS in 0.05850815773010254
2019-12-18 02:14:18.365 11396 RALLYDEBUG rally.task.utils [-] Waiting for resource . Status changed: CREATE_COMPLETE => SUSPEND_IN_PROGRESS in 0.05633997917175293
2019-12-18 02:14:18.385 11399 RALLYDEBUG rally.task.utils [-] Waiting for resource . Status changed: SUSPEND_IN_PROGRESS => SUSPEND_COMPLETE in 1.0601866245269775
2019-12-18 02:14:18.681 11399 RALLYDEBUG rally.task.utils [-] Waiting for resource . Status changed: CREATE_COMPLETE => RESUME_IN_PROGRESS in 0.06234335899353027
2019-12-18 02:14:19.418 11397 RALLYDEBUG rally.task.utils [-] Waiting for resource . Status changed: SUSPEND_IN_PROGRESS => SUSPEND_COMPLETE in 1.0755901336669922
2019-12-18 02:14:19.420 11395 RALLYDEBUG rally.task.utils [-] Waiting for resource . Status changed: SUSPEND_IN_PROGRESS => SUSPEND_COMPLETE in 1.0693843364715576
2019-12-18 02:14:19.431 11396 RALLYDEBUG rally.task.utils [-] Waiting for resource . Status changed: SUSPEND_IN_PROGRESS => SUSPEND_COMPLETE in 1.0653364658355713
2019-12-18 02:14:19.567 11397 RALLYDEBUG rally.task.utils [-] Waiting for resource . Status changed: CREATE_COMPLETE => RESUME_IN_PROGRESS in 0.05487179756164551
2019-12-18 02:14:19.578 11395 RALLYDEBUG rally.task.utils [-] Waiting for resource . Status changed: CREATE_COMPLETE => RESUME_IN_PROGRESS in 0.06495022773742676
2019-12-18 02:14:19.683 11396 RALLYDEBUG rally.task.utils [-] Waiting for resource . Status changed: CREATE_COMPLETE => RESUME_COMPLETE in 0.16688919067382812
2019-12-18 02:14:19.750 11399 RALLYDEBUG rally.task.utils [-] Waiting for resource . Status changed: RESUME_IN_PROGRESS => RESUME_COMPLETE in 1.0689029693603516
2019-12-18 02:14:19.798 11396 RALLYDEBUG rally.task.utils [-] Waiting for resource . Status changed: CREATE_COMPLETE => DELETE_IN_PROGRESS in 0.04740023612976074
2019-12-18 02:14:19.850 11399 RALLYDEBUG rally.task.utils [-] Waiting for resource . Status changed: CREATE_COMPLETE => DELETE_IN_PROGRESS in 0.04698348045349121
2019-12-18 02:14:20.636 11397 RALLYDEBUG rally.task.utils [-] Waiting for resource . Status changed: RESUME_IN_PROGRESS => RESUME_COMPLETE in 1.0692007541656494
2019-12-18 02:14:20.643 11395 RALLYDEBUG rally.task.utils [-] Waiting for resource . Status changed: RESUME_IN_PROGRESS => RESUME_COMPLETE in 1.0652227401733398
2019-12-18 02:14:20.762 11397 RALLYDEBUG rally.task.utils [-] Waiting for resource . Status changed: CREATE_COMPLETE => DELETE_IN_PROGRESS in 0.057952880859375
2019-12-18 02:14:20.771 11395 RALLYDEBUG rally.task.utils [-] Waiting for resource . Status changed: CREATE_COMPLETE => DELETE_IN_PROGRESS in 0.06708288192749023
2019-12-18 02:14:21.921 11396 INFO rally.task.runner [-] Task 5d02845b-f245-4345-9d03-e4908ce3357f | ITER: 8 END: OK
2019-12-18 02:14:21.925 11396 INFO rally.task.runner [-] Task 5d02845b-f245-4345-9d03-e4908ce3357f | ITER: 9 START
2019-12-18 02:14:21.954 11399 INFO rally.task.runner [-] Task 5d02845b-f245-4345-9d03-e4908ce3357f | ITER: 5 END: OK
2019-12-18 02:14:21.957 11399 INFO rally.task.runner [-] Task 5d02845b-f245-4345-9d03-e4908ce3357f | ITER: 10 START
2019-12-18 02:14:22.878 11397 INFO rally.task.runner [-] Task 5d02845b-f245-4345-9d03-e4908ce3357f | ITER: 7 END: OK
2019-12-18 02:14:22.879 11395 INFO rally.task.runner [-] Task 5d02845b-f245-4345-9d03-e4908ce3357f | ITER: 6 END: OK
2019-12-18 02:14:25.423 11399 RALLYDEBUG rally.task.utils [-] Waiting for resource . Status changed: CREATE_IN_PROGRESS => CREATE_COMPLETE in 0.07076859474182129
2019-12-18 02:14:25.425 11396 RALLYDEBUG rally.task.utils [-] Waiting for resource . Status changed: CREATE_IN_PROGRESS => CREATE_COMPLETE in 0.07114076614379883
2019-12-18 02:14:25.588 11396 RALLYDEBUG rally.task.utils [-] Waiting for resource . Status changed: CREATE_COMPLETE => SUSPEND_IN_PROGRESS in 0.06446695327758789
2019-12-18 02:14:25.610 11399 RALLYDEBUG rally.task.utils [-] Waiting for resource . Status changed: CREATE_COMPLETE => SUSPEND_COMPLETE in 0.07463335990905762
2019-12-18 02:14:25.773 11399 RALLYDEBUG rally.task.utils [-] Waiting for resource . Status changed: CREATE_COMPLETE => RESUME_IN_PROGRESS in 0.05829501152038574
2019-12-18 02:14:26.666 11396 RALLYDEBUG rally.task.utils [-] Waiting for resource . Status changed: SUSPEND_IN_PROGRESS => SUSPEND_COMPLETE in 1.0780768394470215
2019-12-18 02:14:26.841 11396 RALLYDEBUG rally.task.utils [-] Waiting for resource . Status changed: CREATE_COMPLETE => RESUME_IN_PROGRESS in 0.06295466423034668
2019-12-18 02:14:26.841 11399 RALLYDEBUG rally.task.utils [-] Waiting for resource . Status changed: RESUME_IN_PROGRESS => RESUME_COMPLETE in 1.068161964416504
2019-12-18 02:14:26.969 11399 RALLYDEBUG rally.task.utils [-] Waiting for resource . Status changed: CREATE_COMPLETE => DELETE_IN_PROGRESS in 0.05602908134460449
2019-12-18 02:14:27.918 11396 RALLYDEBUG rally.task.utils [-] Waiting for resource . Status changed: RESUME_IN_PROGRESS => RESUME_COMPLETE in 1.0766792297363281
2019-12-18 02:14:28.042 11396 RALLYDEBUG rally.task.utils [-] Waiting for resource . Status changed: CREATE_COMPLETE => DELETE_IN_PROGRESS in 0.05520439147949219
2019-12-18 02:14:29.087 11399 INFO rally.task.runner [-] Task 5d02845b-f245-4345-9d03-e4908ce3357f | ITER: 10 END: OK
2019-12-18 02:14:30.170 11396 INFO rally.task.runner [-] Task 5d02845b-f245-4345-9d03-e4908ce3357f | ITER: 9 END: OK
2019-12-18 02:14:30.194 8497 INFO rally.task.context [-] Task 5d02845b-f245-4345-9d03-e4908ce3357f | Context cleanup@openstack cleanup() started
2019-12-18 02:14:30.200 8497 RALLYDEBUG rally_openstack.cleanup.manager [-] Cleaning up heat stacks objects
2019-12-18 02:14:31.803 8497 INFO rally.task.context [-] Task 5d02845b-f245-4345-9d03-e4908ce3357f | Context cleanup@openstack cleanup() finished in 1.61 sec
2019-12-18 02:14:31.803 8497 INFO rally.task.context [-] Task 5d02845b-f245-4345-9d03-e4908ce3357f | Context roles@openstack cleanup() started
2019-12-18 02:14:31.804 8497 RALLYDEBUG rally_openstack.contexts.keystone.roles [-] Removing assigned role 07a076f61c224f78b1fbf6e73cc4d225 from all users
2019-12-18 02:14:32.808 8497 INFO rally.task.context [-] Task 5d02845b-f245-4345-9d03-e4908ce3357f | Context roles@openstack cleanup() finished in 1.00 sec
2019-12-18 02:14:32.809 8497 INFO rally.task.context [-] Task 5d02845b-f245-4345-9d03-e4908ce3357f | Context users@openstack cleanup() started
2019-12-18 02:14:37.935 8497 INFO rally.task.context [-] Task 5d02845b-f245-4345-9d03-e4908ce3357f | Context users@openstack cleanup() finished in 5.13 sec
2019-12-18 02:14:38.014 8497 INFO rally.task.engine [-] Load duration is: 21.602501
2019-12-18 02:14:38.015 8497 INFO rally.task.engine [-] Full runner duration is: 23.647306
2019-12-18 02:14:38.015 8497 INFO rally.task.engine [-] Full duration is: 40.199875
2019-12-18 02:14:38.347 8497 INFO rally.task.engine [-] Running workload: position = 0 config = { "version": 2, "title": "A cropped version of a bigger task.", "description": "Auto-generated task from a single workload (uuid=18808884-c765-484c-9a42-fa8d66f98f4a)", "subtasks": [ { "title": "HeatStacks.list_stacks_and_resources", "description": "List all resources from tenant stacks.", "scenario": { "HeatStacks.list_stacks_and_resources": {} }, "contexts": { "users": { "tenants": 3, "users_per_tenant": 2 }, "roles": [ "heat_stack_owner" ] }, "runner": { "constant": { "concurrency": 4, "times": 10 } }, "hooks": [], "sla": { "failure_rate": { "max": 0 } } } ] }
2019-12-18 02:14:38.372 8497 RALLYDEBUG rally_openstack.contexts.keystone.users [-] Creating 3 tenants using 20 threads
2019-12-18 02:14:39.423 8497 RALLYDEBUG rally_openstack.contexts.keystone.users [-] Creating 6 users using 20 threads
2019-12-18 02:14:40.951 8497 INFO rally.task.context [-] Task 5d02845b-f245-4345-9d03-e4908ce3357f | Context users@openstack setup() finished in 2.58 sec
2019-12-18 02:14:41.660 8497 RALLYDEBUG rally_openstack.contexts.keystone.roles [-] Adding role heat_stack_owner having ID 07a076f61c224f78b1fbf6e73cc4d225 to all users using 30 threads
2019-12-18 02:14:46.936 8497 INFO rally.task.context [-] Task 5d02845b-f245-4345-9d03-e4908ce3357f | Context roles@openstack setup() finished in 5.98 sec
2019-12-18 02:14:46.945 8497 RALLYDEBUG rally.task.runner [-] Starting the constant runner (task UUID: 5d02845b-f245-4345-9d03-e4908ce3357f). times: 10 concurrency: 4 timeout: 0 max_cpu_used: 16 processes_to_start: 4 concurrency_per_worker: 1 concurrency_overhead: 0
2019-12-18 02:14:46.957 11579 RALLYDEBUG rally.task.runner [-] Starting a worker. times: 10 duration: None concurrency: 1 timeout: 0 cls: method_name: run args: {}
2019-12-18 02:14:46.961 11580 RALLYDEBUG rally.task.runner [-] Starting a worker. times: 10 duration: None concurrency: 1 timeout: 0 cls: method_name: run args: {}
2019-12-18 02:14:46.965 11579 INFO rally.task.runner [-] Task 5d02845b-f245-4345-9d03-e4908ce3357f | ITER: 1 START
2019-12-18 02:14:46.964 11581 RALLYDEBUG rally.task.runner [-] Starting a worker. times: 10 duration: None concurrency: 1 timeout: 0 cls: method_name: run args: {}
2019-12-18 02:14:46.968 11580 INFO rally.task.runner [-] Task 5d02845b-f245-4345-9d03-e4908ce3357f | ITER: 2 START
2019-12-18 02:14:46.968 11582 RALLYDEBUG rally.task.runner [-] Starting a worker. times: 10 duration: None concurrency: 1 timeout: 0 cls: method_name: run args: {}
2019-12-18 02:14:46.970 11581 INFO rally.task.runner [-] Task 5d02845b-f245-4345-9d03-e4908ce3357f | ITER: 3 START
2019-12-18 02:14:46.974 11582 INFO rally.task.runner [-] Task 5d02845b-f245-4345-9d03-e4908ce3357f | ITER: 4 START
2019-12-18 02:14:47.504 11582 INFO rally.task.runner [-] Task 5d02845b-f245-4345-9d03-e4908ce3357f | ITER: 4 END: OK
2019-12-18 02:14:47.505 11580 INFO rally.task.runner [-] Task 5d02845b-f245-4345-9d03-e4908ce3357f | ITER: 2 END: OK
2019-12-18 02:14:47.508 11579 INFO rally.task.runner [-] Task 5d02845b-f245-4345-9d03-e4908ce3357f | ITER: 1 END: OK
2019-12-18 02:14:47.509 11582 INFO rally.task.runner [-] Task 5d02845b-f245-4345-9d03-e4908ce3357f | ITER: 5 START
2019-12-18 02:14:47.509 11581 INFO rally.task.runner [-] Task 5d02845b-f245-4345-9d03-e4908ce3357f | ITER: 3 END: OK
2019-12-18 02:14:47.510 11580 INFO rally.task.runner [-] Task 5d02845b-f245-4345-9d03-e4908ce3357f | ITER: 6 START
2019-12-18 02:14:47.513 11579 INFO rally.task.runner [-] Task 5d02845b-f245-4345-9d03-e4908ce3357f | ITER: 7 START
2019-12-18 02:14:47.514 11581 INFO rally.task.runner [-] Task 5d02845b-f245-4345-9d03-e4908ce3357f | ITER: 8 START
2019-12-18 02:14:47.875 11580 INFO rally.task.runner [-] Task 5d02845b-f245-4345-9d03-e4908ce3357f | ITER: 6 END: OK
2019-12-18 02:14:47.879 11580 INFO rally.task.runner [-] Task 5d02845b-f245-4345-9d03-e4908ce3357f | ITER: 9 START
2019-12-18 02:14:47.936 11579 INFO rally.task.runner [-] Task 5d02845b-f245-4345-9d03-e4908ce3357f | ITER: 7 END: OK
2019-12-18 02:14:47.940 11579 INFO rally.task.runner [-] Task 5d02845b-f245-4345-9d03-e4908ce3357f | ITER: 10 START
2019-12-18 02:14:47.973 11582 INFO rally.task.runner [-] Task 5d02845b-f245-4345-9d03-e4908ce3357f | ITER: 5 END: OK
2019-12-18 02:14:48.036 11581 INFO rally.task.runner [-] Task 5d02845b-f245-4345-9d03-e4908ce3357f | ITER: 8 END: OK
2019-12-18 02:14:48.262 11580 INFO rally.task.runner [-] Task 5d02845b-f245-4345-9d03-e4908ce3357f | ITER: 9 END: OK
2019-12-18 02:14:48.342 11579 INFO rally.task.runner [-] Task 5d02845b-f245-4345-9d03-e4908ce3357f | ITER: 10 END: OK
2019-12-18 02:14:48.368 8497 INFO rally.task.context [-] Task 5d02845b-f245-4345-9d03-e4908ce3357f | Context roles@openstack cleanup() started
2019-12-18 02:14:48.369 8497 RALLYDEBUG rally_openstack.contexts.keystone.roles [-] Removing assigned role 07a076f61c224f78b1fbf6e73cc4d225 from all users
2019-12-18 02:14:49.301 8497 INFO rally.task.context [-] Task 5d02845b-f245-4345-9d03-e4908ce3357f | Context roles@openstack cleanup() finished in 0.93 sec
2019-12-18 02:14:49.301 8497 INFO rally.task.context [-] Task 5d02845b-f245-4345-9d03-e4908ce3357f | Context users@openstack cleanup() started
2019-12-18 02:14:54.529 8497 INFO rally.task.context [-] Task 5d02845b-f245-4345-9d03-e4908ce3357f | Context users@openstack cleanup() finished in 5.23 sec
2019-12-18 02:14:56.483 8497 INFO rally.task.engine [-] Load duration is: 1.376063
2019-12-18 02:14:56.484 8497 INFO rally.task.engine [-] Full runner duration is: 1.423286
2019-12-18 02:14:56.484 8497 INFO rally.task.engine [-] Full duration is: 16.158498
2019-12-18 02:14:56.748 8497 INFO rally.task.engine [-] Task 5d02845b-f245-4345-9d03-e4908ce3357f | Completed: Running task.
2019-12-18 02:14:58.240 11671 RALLYDEBUG rally.api [-] INFO logs from urllib3 and requests module are hide.
2019-12-18 02:14:58.241 11671 RALLYDEBUG rally.api [-] urllib3 insecure warnings are hidden.
2019-12-18 02:14:58.241 11671 RALLYDEBUG rally.api [-] ERROR log from boto module is hide.
2019-12-18 02:14:59.459 11672 RALLYDEBUG rally.api [-] INFO logs from urllib3 and requests module are hide.
2019-12-18 02:14:59.459 11672 RALLYDEBUG rally.api [-] urllib3 insecure warnings are hidden.
2019-12-18 02:14:59.460 11672 RALLYDEBUG rally.api [-] ERROR log from boto module is hide.
2019-12-18 02:15:00.720 11673 RALLYDEBUG rally.api [-] INFO logs from urllib3 and requests module are hide.
2019-12-18 02:15:00.720 11673 RALLYDEBUG rally.api [-] urllib3 insecure warnings are hidden.
2019-12-18 02:15:00.720 11673 RALLYDEBUG rally.api [-] ERROR log from boto module is hide.
2019-12-18 02:15:02.339 11673 INFO rally.api [-] Building 'json' report for the following task(s): '5d02845b-f245-4345-9d03-e4908ce3357f'.
2019-12-18 02:15:02.362 11673 INFO rally.api [-] The report has been successfully built.
2019-12-18 02:15:03.734 11675 RALLYDEBUG rally.api [-] INFO logs from urllib3 and requests module are hide.
2019-12-18 02:15:03.734 11675 RALLYDEBUG rally.api [-] urllib3 insecure warnings are hidden.
2019-12-18 02:15:03.734 11675 RALLYDEBUG rally.api [-] ERROR log from boto module is hide.
2019-12-18 02:15:05.550 11675 INFO rally.task.engine [-] Task a5b96297-0c19-4352-81bd-6b7ecaf198f3 | Starting: Task validation.
2019-12-18 02:15:05.612 11675 INFO rally.task.engine [-] Task a5b96297-0c19-4352-81bd-6b7ecaf198f3 | Starting: Task validation of syntax.
2019-12-18 02:15:05.763 11675 INFO rally.task.engine [-] Task a5b96297-0c19-4352-81bd-6b7ecaf198f3 | Completed: Task validation of syntax.
2019-12-18 02:15:05.763 11675 INFO rally.task.engine [-] Task a5b96297-0c19-4352-81bd-6b7ecaf198f3 | Starting: Task validation of required platforms.
2019-12-18 02:15:05.824 11675 INFO rally.task.engine [-] Task a5b96297-0c19-4352-81bd-6b7ecaf198f3 | Completed: Task validation of required platforms.
2019-12-18 02:15:05.824 11675 INFO rally.task.engine [-] Task a5b96297-0c19-4352-81bd-6b7ecaf198f3 | Starting: Task validation of semantic.
2019-12-18 02:15:05.824 11675 INFO rally.task.engine [-] Check health of the environment '35c66681-f0dc-4da3-aba6-b9e1bda3b137'.
2019-12-18 02:15:06.817 11675 INFO rally.task.engine [-] Platform existing@openstack (available: True): OK!
2019-12-18 02:15:06.844 11675 RALLYDEBUG rally_openstack.contexts.keystone.users [-] Creating 1 tenants using 20 threads
2019-12-18 02:15:07.691 11675 RALLYDEBUG rally_openstack.contexts.keystone.users [-] Creating 1 users using 20 threads
2019-12-18 02:15:09.127 11675 INFO rally.task.context [-] Task a5b96297-0c19-4352-81bd-6b7ecaf198f3 | Context users@openstack setup() finished in 2.28 sec
2019-12-18 02:15:09.222 11675 INFO rally.task.context [-] Task a5b96297-0c19-4352-81bd-6b7ecaf198f3 | Context users@openstack cleanup() started
2019-12-18 02:15:12.287 11675 INFO rally.task.context [-] Task a5b96297-0c19-4352-81bd-6b7ecaf198f3 | Context users@openstack cleanup() finished in 3.06 sec
2019-12-18 02:15:12.288 11675 INFO rally.task.engine [-] Task a5b96297-0c19-4352-81bd-6b7ecaf198f3 | Completed: Task validation of semantic.
2019-12-18 02:15:12.288 11675 INFO rally.task.engine [-] Task a5b96297-0c19-4352-81bd-6b7ecaf198f3 | Completed: Task validation.
2019-12-18 02:15:12.288 11675 INFO rally.api [-] Task a5b96297-0c19-4352-81bd-6b7ecaf198f3 input file is valid.
2019-12-18 02:15:12.289 11675 INFO rally.api [-] Run Task a5b96297-0c19-4352-81bd-6b7ecaf198f3 against Deployment 35c66681-f0dc-4da3-aba6-b9e1bda3b137
2019-12-18 02:15:12.289 11675 INFO rally.task.engine [-] Task a5b96297-0c19-4352-81bd-6b7ecaf198f3 | Starting: Running task.
2019-12-18 02:15:12.475 11675 INFO rally.task.engine [-] Running workload: position = 0 config = { "version": 2, "title": "A cropped version of a bigger task.", "description": "Auto-generated task from a single workload (uuid=c9e5e48d-c70a-4a71-8251-9d1aee9cee30)", "subtasks": [ { "title": "KeystoneBasic.add_and_remove_user_role", "description": "Create a user role add to a user and disassociate.", "scenario": { "KeystoneBasic.add_and_remove_user_role": {} }, "contexts": { "users": { "tenants": 3, "users_per_tenant": 2 } }, "runner": { "constant": { "concurrency": 4, "times": 10 } }, "hooks": [], "sla": { "failure_rate": { "max": 0 } } } ] }
2019-12-18 02:15:12.498 11675 RALLYDEBUG rally_openstack.contexts.keystone.users [-] Creating 3 tenants using 20 threads
2019-12-18 02:15:13.423 11675 RALLYDEBUG rally_openstack.contexts.keystone.users [-] Creating 6 users using 20 threads
2019-12-18 02:15:14.948 11675 INFO rally.task.context [-] Task a5b96297-0c19-4352-81bd-6b7ecaf198f3 | Context users@openstack setup() finished in 2.45 sec
2019-12-18 02:15:14.949 11675 INFO rally.task.context [-] Task a5b96297-0c19-4352-81bd-6b7ecaf198f3 | Context admin_cleanup@openstack setup() finished in 0.05 msec
2019-12-18 02:15:14.959 11675 RALLYDEBUG rally.task.runner [-] Starting the constant runner (task UUID: a5b96297-0c19-4352-81bd-6b7ecaf198f3). times: 10 concurrency: 4 timeout: 0 max_cpu_used: 16 processes_to_start: 4 concurrency_per_worker: 1 concurrency_overhead: 0
2019-12-18 02:15:14.972 11799 RALLYDEBUG rally.task.runner [-] Starting a worker. times: 10 duration: None concurrency: 1 timeout: 0 cls: method_name: run args: {}
2019-12-18 02:15:14.975 11800 RALLYDEBUG rally.task.runner [-] Starting a worker. times: 10 duration: None concurrency: 1 timeout: 0 cls: method_name: run args: {}
2019-12-18 02:15:14.979 11799 INFO rally.task.runner [-] Task a5b96297-0c19-4352-81bd-6b7ecaf198f3 | ITER: 1 START
2019-12-18 02:15:14.979 11801 RALLYDEBUG rally.task.runner [-] Starting a worker. times: 10 duration: None concurrency: 1 timeout: 0 cls: method_name: run args: {}
2019-12-18 02:15:14.981 11800 INFO rally.task.runner [-] Task a5b96297-0c19-4352-81bd-6b7ecaf198f3 | ITER: 2 START
2019-12-18 02:15:14.982 11803 RALLYDEBUG rally.task.runner [-] Starting a worker. times: 10 duration: None concurrency: 1 timeout: 0 cls: method_name: run args: {}
2019-12-18 02:15:14.985 11801 INFO rally.task.runner [-] Task a5b96297-0c19-4352-81bd-6b7ecaf198f3 | ITER: 3 START
2019-12-18 02:15:14.988 11803 INFO rally.task.runner [-] Task a5b96297-0c19-4352-81bd-6b7ecaf198f3 | ITER: 4 START
2019-12-18 02:15:16.481 11800 INFO rally.task.runner [-] Task a5b96297-0c19-4352-81bd-6b7ecaf198f3 | ITER: 2 END: OK
2019-12-18 02:15:16.485 11800 INFO rally.task.runner [-] Task a5b96297-0c19-4352-81bd-6b7ecaf198f3 | ITER: 5 START
2019-12-18 02:15:16.567 11803 INFO rally.task.runner [-] Task a5b96297-0c19-4352-81bd-6b7ecaf198f3 | ITER: 4 END: OK
2019-12-18 02:15:16.572 11801 INFO rally.task.runner [-] Task a5b96297-0c19-4352-81bd-6b7ecaf198f3 | ITER: 3 END: OK
2019-12-18 02:15:16.572 11803 INFO rally.task.runner [-] Task a5b96297-0c19-4352-81bd-6b7ecaf198f3 | ITER: 6 START
2019-12-18 02:15:16.577 11801 INFO rally.task.runner [-] Task a5b96297-0c19-4352-81bd-6b7ecaf198f3 | ITER: 7 START
2019-12-18 02:15:16.662 11799 INFO rally.task.runner [-] Task a5b96297-0c19-4352-81bd-6b7ecaf198f3 | ITER: 1 END: OK
2019-12-18 02:15:16.666 11799 INFO rally.task.runner [-] Task a5b96297-0c19-4352-81bd-6b7ecaf198f3 | ITER: 8 START
2019-12-18 02:15:18.100 11803 INFO rally.task.runner [-] Task a5b96297-0c19-4352-81bd-6b7ecaf198f3 | ITER: 6 END: OK
2019-12-18 02:15:18.103 11803 INFO rally.task.runner [-] Task a5b96297-0c19-4352-81bd-6b7ecaf198f3 | ITER: 9 START
2019-12-18 02:15:18.107 11800 INFO rally.task.runner [-] Task a5b96297-0c19-4352-81bd-6b7ecaf198f3 | ITER: 5 END: OK
2019-12-18 02:15:18.111 11800 INFO rally.task.runner [-] Task a5b96297-0c19-4352-81bd-6b7ecaf198f3 | ITER: 10 START
2019-12-18 02:15:18.195 11799 INFO rally.task.runner [-] Task a5b96297-0c19-4352-81bd-6b7ecaf198f3 | ITER: 8 END: OK
2019-12-18 02:15:18.217 11801 INFO rally.task.runner [-] Task a5b96297-0c19-4352-81bd-6b7ecaf198f3 | ITER: 7 END: OK
2019-12-18 02:15:19.791 11803 INFO rally.task.runner [-] Task a5b96297-0c19-4352-81bd-6b7ecaf198f3 | ITER: 9 END: OK
2019-12-18 02:15:19.848 11800 INFO rally.task.runner [-] Task a5b96297-0c19-4352-81bd-6b7ecaf198f3 | ITER: 10 END: OK
2019-12-18 02:15:19.879 11675 INFO rally.task.context [-] Task a5b96297-0c19-4352-81bd-6b7ecaf198f3 | Context admin_cleanup@openstack cleanup() started
2019-12-18 02:15:19.883 11675 RALLYDEBUG rally_openstack.cleanup.manager [-] Cleaning up keystone user objects
2019-12-18 02:15:20.761 11675 RALLYDEBUG rally_openstack.cleanup.manager [-] Cleaning up keystone project objects
2019-12-18 02:15:21.516 11675 RALLYDEBUG rally_openstack.cleanup.manager [-] Cleaning up keystone service objects
2019-12-18 02:15:22.293 11675 RALLYDEBUG rally_openstack.cleanup.manager [-] Cleaning up keystone role objects
2019-12-18 02:15:23.026 11675 RALLYDEBUG rally_openstack.cleanup.manager [-] Deleting keystone.role object s_rally_c9e5e48d_qqiqKmiw (02974494da2d4fcf82a2174993f881c9)
2019-12-18 02:15:23.036 11675 RALLYDEBUG rally_openstack.cleanup.manager [-] Deleting keystone.role object s_rally_c9e5e48d_eSujHkOC (06cbdf40a55341e1ae471140a4728dd0)
2019-12-18 02:15:23.051 11675 RALLYDEBUG rally_openstack.cleanup.manager [-] Deleting keystone.role object s_rally_c9e5e48d_oreLgYYs (1575b2a5731c45f1b192db02ae0d6911)
2019-12-18 02:15:23.065 11675 RALLYDEBUG rally_openstack.cleanup.manager [-] Deleting keystone.role object s_rally_c9e5e48d_SKFmAB9m (4f33549fc8e04744853435e85a46bcb5)
2019-12-18 02:15:23.076 11675 RALLYDEBUG rally_openstack.cleanup.manager [-] Deleting keystone.role object s_rally_c9e5e48d_NiyacnrO (2e3131a837884b91abe656abf0023da6)
2019-12-18 02:15:23.084 11675 RALLYDEBUG rally_openstack.cleanup.manager [-] Deleting keystone.role object s_rally_c9e5e48d_1zQHcemP (78a4317825904254852c51e427dca2f2)
2019-12-18 02:15:23.090 11675 RALLYDEBUG rally_openstack.cleanup.manager [-] Deleting keystone.role object s_rally_c9e5e48d_BWnXheHC (7a8a056801a843ffb178f79a6cb449c9)
2019-12-18 02:15:23.101 11675 RALLYDEBUG rally_openstack.cleanup.manager [-] Deleting keystone.role object s_rally_c9e5e48d_wiuEVK30 (9e9424e38f81485fae752313db842b01)
2019-12-18 02:15:23.102 11675 RALLYDEBUG rally_openstack.cleanup.manager [-] Deleting keystone.role object s_rally_c9e5e48d_S08PL96w (92c131c5412448ca9602eda2ee61fe67)
2019-12-18 02:15:23.111 11675 RALLYDEBUG rally_openstack.cleanup.manager [-] Deleting keystone.role object s_rally_c9e5e48d_5LUa7WsY (c205d06130ea4ecb9f7dfa46646269b1)
2019-12-18 02:15:25.342 11675 INFO rally.task.context [-] Task a5b96297-0c19-4352-81bd-6b7ecaf198f3 | Context admin_cleanup@openstack cleanup() finished in 5.46 sec
2019-12-18 02:15:25.343 11675 INFO rally.task.context [-] Task a5b96297-0c19-4352-81bd-6b7ecaf198f3 | Context users@openstack cleanup() started
2019-12-18 02:15:30.280 11675 INFO rally.task.context [-] Task a5b96297-0c19-4352-81bd-6b7ecaf198f3 | Context users@openstack cleanup() finished in 4.94 sec
2019-12-18 02:15:30.605 11675 INFO rally.task.engine [-] Load duration is: 3.555792
2019-12-18 02:15:30.605 11675 INFO rally.task.engine [-] Full runner duration is: 4.921203
2019-12-18 02:15:30.605 11675 INFO rally.task.engine [-] Full duration is: 17.784403
2019-12-18 02:15:30.996 11675 INFO rally.task.engine [-] Running workload: position = 0 config = { "version": 2, "title": "A cropped version of a bigger task.", "description": "Auto-generated task from a single workload (uuid=cffc0b17-0a0f-4f93-a516-012814902b39)", "subtasks": [ { "title": "KeystoneBasic.create_add_and_list_user_roles", "description": "Create user role, add it and list user roles for given user.", "scenario": { "KeystoneBasic.create_add_and_list_user_roles": {} }, "contexts": { "users": { "tenants": 3, "users_per_tenant": 2 } }, "runner": { "constant": { "concurrency": 4, "times": 10 } }, "hooks": [], "sla": { "failure_rate": { "max": 0 } } } ] }
2019-12-18 02:15:31.022 11675 RALLYDEBUG rally_openstack.contexts.keystone.users [-] Creating 3 tenants using 20 threads
2019-12-18 02:15:32.075 11675 RALLYDEBUG rally_openstack.contexts.keystone.users [-] Creating 6 users using 20 threads
2019-12-18 02:15:33.591 11675 INFO rally.task.context [-] Task a5b96297-0c19-4352-81bd-6b7ecaf198f3 | Context users@openstack setup() finished in 2.57 sec
2019-12-18 02:15:33.592 11675 INFO rally.task.context [-] Task a5b96297-0c19-4352-81bd-6b7ecaf198f3 | Context admin_cleanup@openstack setup() finished in 0.01 msec
2019-12-18 02:15:33.602 11675 RALLYDEBUG rally.task.runner [-] Starting the constant runner (task UUID: a5b96297-0c19-4352-81bd-6b7ecaf198f3). times: 10 concurrency: 4 timeout: 0 max_cpu_used: 16 processes_to_start: 4 concurrency_per_worker: 1 concurrency_overhead: 0
2019-12-18 02:15:33.613 11983 RALLYDEBUG rally.task.runner [-] Starting a worker. times: 10 duration: None concurrency: 1 timeout: 0 cls: method_name: run args: {}
2019-12-18 02:15:33.616 11984 RALLYDEBUG rally.task.runner [-] Starting a worker. times: 10 duration: None concurrency: 1 timeout: 0 cls: method_name: run args: {}
2019-12-18 02:15:33.620 11983 INFO rally.task.runner [-] Task a5b96297-0c19-4352-81bd-6b7ecaf198f3 | ITER: 1 START
2019-12-18 02:15:33.620 11985 RALLYDEBUG rally.task.runner [-] Starting a worker. times: 10 duration: None concurrency: 1 timeout: 0 cls: method_name: run args: {}
2019-12-18 02:15:33.622 11984 INFO rally.task.runner [-] Task a5b96297-0c19-4352-81bd-6b7ecaf198f3 | ITER: 2 START
2019-12-18 02:15:33.623 11987 RALLYDEBUG rally.task.runner [-] Starting a worker. times: 10 duration: None concurrency: 1 timeout: 0 cls: method_name: run args: {}
2019-12-18 02:15:33.626 11985 INFO rally.task.runner [-] Task a5b96297-0c19-4352-81bd-6b7ecaf198f3 | ITER: 3 START
2019-12-18 02:15:33.629 11987 INFO rally.task.runner [-] Task a5b96297-0c19-4352-81bd-6b7ecaf198f3 | ITER: 4 START
2019-12-18 02:15:35.127 11983 INFO rally.task.runner [-] Task a5b96297-0c19-4352-81bd-6b7ecaf198f3 | ITER: 1 END: OK
2019-12-18 02:15:35.131 11983 INFO rally.task.runner [-] Task a5b96297-0c19-4352-81bd-6b7ecaf198f3 | ITER: 5 START
2019-12-18 02:15:35.143 11985 INFO rally.task.runner [-] Task a5b96297-0c19-4352-81bd-6b7ecaf198f3 | ITER: 3 END: OK
2019-12-18 02:15:35.147 11985 INFO rally.task.runner [-] Task a5b96297-0c19-4352-81bd-6b7ecaf198f3 | ITER: 6 START
2019-12-18 02:15:35.221 11987 INFO rally.task.runner [-] Task a5b96297-0c19-4352-81bd-6b7ecaf198f3 | ITER: 4 END: OK
2019-12-18 02:15:35.226 11987 INFO rally.task.runner [-] Task a5b96297-0c19-4352-81bd-6b7ecaf198f3 | ITER: 7 START
2019-12-18 02:15:35.243 11984 INFO rally.task.runner [-] Task a5b96297-0c19-4352-81bd-6b7ecaf198f3 | ITER: 2 END: OK
2019-12-18 02:15:35.248 11984 INFO rally.task.runner [-] Task a5b96297-0c19-4352-81bd-6b7ecaf198f3 | ITER: 8 START
2019-12-18 02:15:36.685 11983 INFO rally.task.runner [-] Task a5b96297-0c19-4352-81bd-6b7ecaf198f3 | ITER: 5 END: OK
2019-12-18 02:15:36.686 11985 INFO rally.task.runner [-] Task a5b96297-0c19-4352-81bd-6b7ecaf198f3 | ITER: 6 END: OK
2019-12-18 02:15:36.688 11983 INFO rally.task.runner [-] Task a5b96297-0c19-4352-81bd-6b7ecaf198f3 | ITER: 9 START
2019-12-18 02:15:36.689 11985 INFO rally.task.runner [-] Task a5b96297-0c19-4352-81bd-6b7ecaf198f3 | ITER: 10 START
2019-12-18 02:15:36.818 11987 INFO rally.task.runner [-] Task a5b96297-0c19-4352-81bd-6b7ecaf198f3 | ITER: 7 END: OK
2019-12-18 02:15:36.829 11984 INFO rally.task.runner [-] Task a5b96297-0c19-4352-81bd-6b7ecaf198f3 | ITER: 8 END: OK
2019-12-18 02:15:38.176 11983 INFO rally.task.runner [-] Task a5b96297-0c19-4352-81bd-6b7ecaf198f3 | ITER: 9 END: OK
2019-12-18 02:15:38.301 11985 INFO rally.task.runner [-] Task a5b96297-0c19-4352-81bd-6b7ecaf198f3 | ITER: 10 END: OK
2019-12-18 02:15:38.329 11675 INFO rally.task.context [-] Task a5b96297-0c19-4352-81bd-6b7ecaf198f3 | Context admin_cleanup@openstack cleanup() started
2019-12-18 02:15:38.333 11675 RALLYDEBUG rally_openstack.cleanup.manager [-] Cleaning up keystone user objects
2019-12-18 02:15:39.152 11675 RALLYDEBUG rally_openstack.cleanup.manager [-] Cleaning up keystone project objects
2019-12-18 02:15:39.901 11675 RALLYDEBUG rally_openstack.cleanup.manager [-] Cleaning up keystone service objects
2019-12-18 02:15:40.656 11675 RALLYDEBUG rally_openstack.cleanup.manager [-] Cleaning up keystone role objects
2019-12-18 02:15:41.395 11675 RALLYDEBUG rally_openstack.cleanup.manager [-] Deleting keystone.role object s_rally_cffc0b17_aqZnWgil (1f1f901265864aee87a4d6a0ad4de057)
2019-12-18 02:15:41.409 11675 RALLYDEBUG rally_openstack.cleanup.manager [-] Deleting keystone.role object s_rally_cffc0b17_HsQFfh3z (4d769f5bef23427abd8658b8562b6b85)
2019-12-18 02:15:41.412 11675 RALLYDEBUG rally_openstack.cleanup.manager [-] Deleting keystone.role object s_rally_cffc0b17_EcXo3YRh (2ccd466c8a364a859ba103d5c3558a45)
2019-12-18 02:15:41.421 11675 RALLYDEBUG rally_openstack.cleanup.manager [-] Deleting keystone.role object s_rally_cffc0b17_5b6ajZTr (658d0e92fa7c44a192f90987b9fe6a80)
2019-12-18 02:15:41.438 11675 RALLYDEBUG rally_openstack.cleanup.manager [-] Deleting keystone.role object s_rally_cffc0b17_siJXNt6B (80bfe2aafaa44e5e966f319f024ef4a4)
2019-12-18 02:15:41.448 11675 RALLYDEBUG rally_openstack.cleanup.manager [-] Deleting keystone.role object s_rally_cffc0b17_txjZzC4x (95d29fc061f14b3dbf4fdaf6a2dfefdb)
2019-12-18 02:15:41.468 11675 RALLYDEBUG rally_openstack.cleanup.manager [-] Deleting keystone.role object s_rally_cffc0b17_8aS7N2qs (dc0032ca814e41b7b5b8a268a50e7204)
2019-12-18 02:15:41.482 11675 RALLYDEBUG rally_openstack.cleanup.manager [-] Deleting keystone.role object s_rally_cffc0b17_qukHBJYc (fed3aa05932b45fe9d041fc929d52f51)
2019-12-18 02:15:41.485 11675 RALLYDEBUG rally_openstack.cleanup.manager [-] Deleting keystone.role object s_rally_cffc0b17_lwPHo3YQ (e47dc4c21af541afaddae791681baaaf)
2019-12-18 02:15:41.487 11675 RALLYDEBUG rally_openstack.cleanup.manager [-] Deleting keystone.role object s_rally_cffc0b17_f8EV47Ka (f98b597fba8b48bb906aaee49b8c5b5c)
2019-12-18 02:15:43.611 11675 INFO rally.task.context [-] Task a5b96297-0c19-4352-81bd-6b7ecaf198f3 | Context admin_cleanup@openstack cleanup() finished in 5.28 sec
2019-12-18 02:15:43.611 11675 INFO rally.task.context [-] Task a5b96297-0c19-4352-81bd-6b7ecaf198f3 | Context users@openstack cleanup() started
2019-12-18 02:15:48.811 11675 INFO rally.task.context [-] Task a5b96297-0c19-4352-81bd-6b7ecaf198f3 | Context users@openstack cleanup() finished in 5.20 sec
2019-12-18 02:15:49.219 11675 INFO rally.task.engine [-] Load duration is: 3.360957
2019-12-18 02:15:49.219 11675 INFO rally.task.engine [-] Full runner duration is: 4.728049
2019-12-18 02:15:49.220 11675 INFO rally.task.engine [-] Full duration is: 17.790904
2019-12-18 02:15:49.521 11675 INFO rally.task.engine [-] Running workload: position = 0 config = { "version": 2, "title": "A cropped version of a bigger task.", "description": "Auto-generated task from a single workload (uuid=e4e1c0e0-e3b4-4e7b-a78b-778cdd955a91)", "subtasks": [ { "title": "KeystoneBasic.create_and_list_tenants", "description": "Create a keystone tenant with random name and list all tenants.", "scenario": { "KeystoneBasic.create_and_list_tenants": {} }, "contexts": { "users": { "tenants": 3, "users_per_tenant": 2 } }, "runner": { "constant": { "concurrency": 4, "times": 10 } }, "hooks": [], "sla": { "failure_rate": { "max": 0 } } } ] }
2019-12-18 02:15:49.545 11675 RALLYDEBUG rally_openstack.contexts.keystone.users [-] Creating 3 tenants using 20 threads
2019-12-18 02:15:50.583 11675 RALLYDEBUG rally_openstack.contexts.keystone.users [-] Creating 6 users using 20 threads
2019-12-18 02:15:52.118 11675 INFO rally.task.context [-] Task a5b96297-0c19-4352-81bd-6b7ecaf198f3 | Context users@openstack setup() finished in 2.57 sec
2019-12-18 02:15:52.119 11675 INFO rally.task.context [-] Task a5b96297-0c19-4352-81bd-6b7ecaf198f3 | Context admin_cleanup@openstack setup() finished in 0.01 msec
2019-12-18 02:15:52.128 11675 RALLYDEBUG rally.task.runner [-] Starting the constant runner (task UUID: a5b96297-0c19-4352-81bd-6b7ecaf198f3). times: 10 concurrency: 4 timeout: 0 max_cpu_used: 16 processes_to_start: 4 concurrency_per_worker: 1 concurrency_overhead: 0
2019-12-18 02:15:52.140 12167 RALLYDEBUG rally.task.runner [-] Starting a worker. times: 10 duration: None concurrency: 1 timeout: 0 cls: method_name: run args: {}
2019-12-18 02:15:52.143 12168 RALLYDEBUG rally.task.runner [-] Starting a worker. times: 10 duration: None concurrency: 1 timeout: 0 cls: method_name: run args: {}
2019-12-18 02:15:52.147 12167 INFO rally.task.runner [-] Task a5b96297-0c19-4352-81bd-6b7ecaf198f3 | ITER: 1 START
2019-12-18 02:15:52.147 12169 RALLYDEBUG rally.task.runner [-] Starting a worker. times: 10 duration: None concurrency: 1 timeout: 0 cls: method_name: run args: {}
2019-12-18 02:15:52.150 12168 INFO rally.task.runner [-] Task a5b96297-0c19-4352-81bd-6b7ecaf198f3 | ITER: 2 START
2019-12-18 02:15:52.150 12171 RALLYDEBUG rally.task.runner [-] Starting a worker. times: 10 duration: None concurrency: 1 timeout: 0 cls: method_name: run args: {}
2019-12-18 02:15:52.153 12169 INFO rally.task.runner [-] Task a5b96297-0c19-4352-81bd-6b7ecaf198f3 | ITER: 3 START
2019-12-18 02:15:52.156 12171 INFO rally.task.runner [-] Task a5b96297-0c19-4352-81bd-6b7ecaf198f3 | ITER: 4 START
2019-12-18 02:15:53.675 12169 INFO rally.task.runner [-] Task a5b96297-0c19-4352-81bd-6b7ecaf198f3 | ITER: 3 END: OK
2019-12-18 02:15:53.678 12171 INFO rally.task.runner [-] Task a5b96297-0c19-4352-81bd-6b7ecaf198f3 | ITER: 4 END: OK
2019-12-18 02:15:53.679 12169 INFO rally.task.runner [-] Task a5b96297-0c19-4352-81bd-6b7ecaf198f3 | ITER: 5 START
2019-12-18 02:15:53.683 12171 INFO rally.task.runner [-] Task a5b96297-0c19-4352-81bd-6b7ecaf198f3 | ITER: 6 START
2019-12-18 02:15:53.703 12168 INFO rally.task.runner [-] Task a5b96297-0c19-4352-81bd-6b7ecaf198f3 | ITER: 2 END: OK
2019-12-18 02:15:53.707 12168 INFO rally.task.runner [-] Task a5b96297-0c19-4352-81bd-6b7ecaf198f3 | ITER: 7 START
2019-12-18 02:15:53.781 12167 INFO rally.task.runner [-] Task a5b96297-0c19-4352-81bd-6b7ecaf198f3 | ITER: 1 END: OK
2019-12-18 02:15:53.786 12167 INFO rally.task.runner [-] Task a5b96297-0c19-4352-81bd-6b7ecaf198f3 | ITER: 8 START
2019-12-18 02:15:55.238 12168 INFO rally.task.runner [-] Task a5b96297-0c19-4352-81bd-6b7ecaf198f3 | ITER: 7 END: OK
2019-12-18 02:15:55.242 12168 INFO rally.task.runner [-] Task a5b96297-0c19-4352-81bd-6b7ecaf198f3 | ITER: 9 START
2019-12-18 02:15:55.331 12171 INFO rally.task.runner [-] Task a5b96297-0c19-4352-81bd-6b7ecaf198f3 | ITER: 6 END: OK
2019-12-18 02:15:55.335 12171 INFO rally.task.runner [-] Task a5b96297-0c19-4352-81bd-6b7ecaf198f3 | ITER: 10 START
2019-12-18 02:15:55.345 12169 INFO rally.task.runner [-] Task a5b96297-0c19-4352-81bd-6b7ecaf198f3 | ITER: 5 END: OK
2019-12-18 02:15:55.460 12167 INFO rally.task.runner [-] Task a5b96297-0c19-4352-81bd-6b7ecaf198f3 | ITER: 8 END: OK
2019-12-18 02:15:56.827 12168 INFO rally.task.runner [-] Task a5b96297-0c19-4352-81bd-6b7ecaf198f3 | ITER: 9 END: OK
2019-12-18 02:15:56.829 12171 INFO rally.task.runner [-] Task a5b96297-0c19-4352-81bd-6b7ecaf198f3 | ITER: 10 END: OK
2019-12-18 02:15:56.859 11675 INFO rally.task.context [-] Task a5b96297-0c19-4352-81bd-6b7ecaf198f3 | Context admin_cleanup@openstack cleanup() started
2019-12-18 02:15:56.863 11675 RALLYDEBUG rally_openstack.cleanup.manager [-] Cleaning up keystone user objects
2019-12-18 02:15:57.673 11675 RALLYDEBUG rally_openstack.cleanup.manager [-] Cleaning up keystone project objects
2019-12-18 02:15:58.394 11675 RALLYDEBUG rally_openstack.cleanup.manager [-] Deleting keystone.project object s_rally_e4e1c0e0_0kFEq6XJ (20582e0dcaa8447e92c7fb8bedff228f)
