2019-12-18 03:07:26.221 23055 INFO rally.task.runner [-] Task c708e019-2db7-43ad-b3c8-d031aba2ba2e | ITER: 4 START
2019-12-18 03:07:26.222 23053 WARNING rally.common.logging [-] Argument(s): `server_kwargs' of `run()' are deprecated in v0.3.2: 'server_kwargs' has been renamed 'boot_server_kwargs'. Used at
2019-12-18 03:07:26.225 23055 WARNING rally.common.logging [-] Argument(s): `server_kwargs' of `run()' are deprecated in v0.3.2: 'server_kwargs' has been renamed 'boot_server_kwargs'. Used at
2019-12-18 03:07:33.596 23055 RALLYDEBUG rally.task.utils [-] Waiting for resource s_rally_c84b8b96_MuUwGpxV. Status changed: BUILD => ACTIVE in 4.596709966659546
2019-12-18 03:07:35.455 23053 RALLYDEBUG rally.task.utils [-] Waiting for resource s_rally_c84b8b96_bKQdffWR. Status changed: BUILD => ACTIVE in 6.767334938049316
2019-12-18 03:07:35.716 23052 RALLYDEBUG rally.task.utils [-] Waiting for resource s_rally_c84b8b96_MWG2ECtf. Status changed: BUILD => ACTIVE in 6.945006608963013
2019-12-18 03:07:36.099 23055 INFO rally.task.runner [-] Task c708e019-2db7-43ad-b3c8-d031aba2ba2e | ITER: 4 END: OK
2019-12-18 03:07:36.104 23055 INFO rally.task.runner [-] Task c708e019-2db7-43ad-b3c8-d031aba2ba2e | ITER: 5 START
2019-12-18 03:07:38.004 23051 RALLYDEBUG rally.task.utils [-] Waiting for resource s_rally_c84b8b96_Z2UoBAZn. Status changed: BUILD => ACTIVE in 9.041626691818237
2019-12-18 03:07:38.065 23052 INFO rally.task.runner [-] Task c708e019-2db7-43ad-b3c8-d031aba2ba2e | ITER: 2 END: OK
2019-12-18 03:07:38.070 23052 INFO rally.task.runner [-] Task c708e019-2db7-43ad-b3c8-d031aba2ba2e | ITER: 6 START
2019-12-18 03:07:38.143 23053 INFO rally.task.runner [-] Task c708e019-2db7-43ad-b3c8-d031aba2ba2e | ITER: 3 END: OK
2019-12-18 03:07:38.147 23053 INFO rally.task.runner [-] Task c708e019-2db7-43ad-b3c8-d031aba2ba2e | ITER: 7 START
2019-12-18 03:07:40.588 23051 INFO rally.task.runner [-] Task c708e019-2db7-43ad-b3c8-d031aba2ba2e | ITER: 1 END: OK
2019-12-18 03:07:40.593 23051 INFO rally.task.runner [-] Task c708e019-2db7-43ad-b3c8-d031aba2ba2e | ITER: 8 START
2019-12-18 03:07:43.378 23055 RALLYDEBUG rally.task.utils [-] Waiting for resource s_rally_c84b8b96_egfY12KT. Status changed: BUILD => ACTIVE in 4.739299297332764
2019-12-18 03:07:45.703 23055 INFO rally.task.runner [-] Task c708e019-2db7-43ad-b3c8-d031aba2ba2e | ITER: 5 END: OK
2019-12-18 03:07:45.707 23055 INFO rally.task.runner [-] Task c708e019-2db7-43ad-b3c8-d031aba2ba2e | ITER: 9 START
2019-12-18 03:07:47.085 23053 RALLYDEBUG rally.task.utils [-] Waiting for resource s_rally_c84b8b96_aYJlAQ7j. Status changed: BUILD => ACTIVE in 6.70817232131958
2019-12-18 03:07:47.439 23052 RALLYDEBUG rally.task.utils [-] Waiting for resource s_rally_c84b8b96_xFz0dICt. Status changed: BUILD => ACTIVE in 6.872920513153076
2019-12-18 03:07:47.928 23051 RALLYDEBUG rally.task.utils [-] Waiting for resource s_rally_c84b8b96_tV2pmoBH. Status changed: BUILD => ACTIVE in 4.57703423500061
2019-12-18 03:07:49.482 23053 INFO rally.task.runner [-] Task c708e019-2db7-43ad-b3c8-d031aba2ba2e | ITER: 7 END: OK
2019-12-18 03:07:49.488 23053 INFO rally.task.runner [-] Task c708e019-2db7-43ad-b3c8-d031aba2ba2e | ITER: 10 START
2019-12-18 03:07:49.777 23052 INFO rally.task.runner [-] Task c708e019-2db7-43ad-b3c8-d031aba2ba2e | ITER: 6 END: OK
2019-12-18 03:07:50.259 23051 INFO rally.task.runner [-] Task c708e019-2db7-43ad-b3c8-d031aba2ba2e | ITER: 8 END: OK
2019-12-18 03:07:50.776 23055 RALLYDEBUG rally.task.utils [-] Waiting for resource s_rally_c84b8b96_FQC5FYZV. Status changed: BUILD => ACTIVE in 2.5121560096740723
2019-12-18 03:07:53.175 23055 INFO rally.task.runner [-] Task c708e019-2db7-43ad-b3c8-d031aba2ba2e | ITER: 9 END: OK
2019-12-18 03:07:59.014 23053 RALLYDEBUG rally.task.utils [-] Waiting for resource s_rally_c84b8b96_RqJPUfHR. Status changed: BUILD => ACTIVE in 6.98554801940918
2019-12-18 03:08:01.427 23053 INFO rally.task.runner [-] Task c708e019-2db7-43ad-b3c8-d031aba2ba2e | ITER: 10 END: OK
2019-12-18 03:08:01.452 20411 INFO rally.task.context [-] Task c708e019-2db7-43ad-b3c8-d031aba2ba2e | Context cleanup@openstack cleanup() started
2019-12-18 03:08:01.456 20411 RALLYDEBUG rally_openstack.cleanup.manager [-] Cleaning up nova servers objects
2019-12-18 03:08:02.827 20411 RALLYDEBUG rally_openstack.cleanup.manager [-] Cleaning up nova server_groups objects
2019-12-18 03:08:03.989 20411 RALLYDEBUG rally_openstack.cleanup.manager [-] Cleaning up nova keypairs objects
2019-12-18 03:08:06.398 20411 INFO rally.task.context [-] Task c708e019-2db7-43ad-b3c8-d031aba2ba2e | Context cleanup@openstack cleanup() finished in 4.95 sec
2019-12-18 03:08:06.399 20411 INFO rally.task.context [-] Task c708e019-2db7-43ad-b3c8-d031aba2ba2e | Context network@openstack cleanup() started
2019-12-18 03:08:31.521 20411 INFO rally.task.context [-] Task c708e019-2db7-43ad-b3c8-d031aba2ba2e | Context network@openstack cleanup() finished in 25.12 sec
2019-12-18 03:08:31.522 20411 INFO rally.task.context [-] Task c708e019-2db7-43ad-b3c8-d031aba2ba2e | Context quotas@openstack cleanup() started
2019-12-18 03:08:31.866 20411 INFO rally.task.context [-] Task c708e019-2db7-43ad-b3c8-d031aba2ba2e | Context quotas@openstack cleanup() finished in 0.34 sec
2019-12-18 03:08:31.866 20411 INFO rally.task.context [-] Task c708e019-2db7-43ad-b3c8-d031aba2ba2e | Context users@openstack cleanup() started
2019-12-18 03:08:36.135 20411 INFO rally.task.context [-] Task c708e019-2db7-43ad-b3c8-d031aba2ba2e | Context users@openstack cleanup() finished in 4.27 sec
2019-12-18 03:08:36.897 20411 INFO rally.task.engine [-] Load duration is: 34.214489
2019-12-18 03:08:36.897 20411 INFO rally.task.engine [-] Full runner duration is: 35.26198
2019-12-18 03:08:36.898 20411 INFO rally.task.engine [-] Full duration is: 87.63206
2019-12-18 03:08:37.228 20411 INFO rally.task.engine [-] Running workload: position = 0 config = { "version": 2, "title": "A cropped version of a bigger task.", "description": "Auto-generated task from a single workload (uuid=841a571b-6ea7-40bb-bf3b-db1437330c82)", "subtasks": [ { "title": "NovaServers.boot_server_from_volume_and_delete", "description": "Boot a server from volume and then delete it.", "scenario": { "NovaServers.boot_server_from_volume_and_delete": { "flavor": { "name": "rally_full-flavor_82abc6db-4b93-46af-8703-7548ccee80b4" }, "image": { "name": "rally_full-img_82abc6db-4b93-46af-8703-7548ccee80b4" }, "volume_size": 1, "nics": [ { "net-id": "a2e4e6ce-5607-4f93-b98b-e192ed4c6f67" } ] } }, "contexts": { "users": { "tenants": 3, "users_per_tenant": 2 }, "network": { "networks_per_tenant": 1, "start_cidr": "100.1.0.0/25" }, "quotas": { "cinder": { "gigabytes": -1, "snapshots": -1, "volumes": -1 }, "neutron": { "network": -1, "port": -1, "subnet": -1 }, "nova": { "cores": -1, "floating_ips": -1, "instances": -1, "ram": -1, "security_group_rules": -1, "security_groups": -1 } }, "api_versions": { "cinder": { "version": 3, "service_type": "volumev3" } } }, "runner": { "constant": { "concurrency": 4, "times": 10 } }, "hooks": [], "sla": { "failure_rate": { "max": 0 } } } ] }
2019-12-18 03:08:37.254 20411 RALLYDEBUG rally_openstack.contexts.keystone.users [-] Creating 3 tenants using 20 threads
2019-12-18 03:08:38.213 20411 RALLYDEBUG rally_openstack.contexts.keystone.users [-] Creating 6 users using 20 threads
2019-12-18 03:08:39.741 20411 INFO rally.task.context [-] Task c708e019-2db7-43ad-b3c8-d031aba2ba2e | Context users@openstack setup() finished in 2.49 sec
2019-12-18 03:08:40.240 20411 INFO rally.task.context [-] Task c708e019-2db7-43ad-b3c8-d031aba2ba2e | Context api_versions@openstack setup() finished in 0.50 sec
2019-12-18 03:08:42.609 20411 INFO rally.task.context [-] Task c708e019-2db7-43ad-b3c8-d031aba2ba2e | Context quotas@openstack setup() finished in 2.37 sec
2019-12-18 03:08:45.308 20411 RALLYDEBUG rally_openstack.wrappers.network [-] CIDR generated: 100.1.10.128/25
2019-12-18 03:08:49.437 20411 RALLYDEBUG rally_openstack.wrappers.network [-] CIDR generated: 100.1.11.0/25
2019-12-18 03:08:53.560 20411 RALLYDEBUG rally_openstack.wrappers.network [-] CIDR generated: 100.1.11.128/25
2019-12-18 03:08:55.813 20411 INFO rally.task.context [-] Task c708e019-2db7-43ad-b3c8-d031aba2ba2e | Context network@openstack setup() finished in 13.20 sec
2019-12-18 03:08:55.813 20411 INFO rally.task.context [-] Task c708e019-2db7-43ad-b3c8-d031aba2ba2e | Context cleanup@openstack setup() finished in 0.01 msec
2019-12-18 03:08:56.712 20411 RALLYDEBUG rally.task.runner [-] Starting the constant runner (task UUID: c708e019-2db7-43ad-b3c8-d031aba2ba2e). times: 10 concurrency: 4 timeout: 0 max_cpu_used: 16 processes_to_start: 4 concurrency_per_worker: 1 concurrency_overhead: 0
2019-12-18 03:08:56.725 23215 RALLYDEBUG rally.task.runner [-] Starting a worker. times: 10 duration: None concurrency: 1 timeout: 0 cls: method_name: run args: {"flavor": "c3ced0cb-30ea-448e-8a52-6953d615bc6c", "image": "48bf0efe-01ba-4643-8231-99113ba84e63", "volume_size": 1, "nics": [{"net-id": "a2e4e6ce-5607-4f93-b98b-e192ed4c6f67"}]}
2019-12-18 03:08:56.729 23216 RALLYDEBUG rally.task.runner [-] Starting a worker. times: 10 duration: None concurrency: 1 timeout: 0 cls: method_name: run args: {"flavor": "c3ced0cb-30ea-448e-8a52-6953d615bc6c", "image": "48bf0efe-01ba-4643-8231-99113ba84e63", "volume_size": 1, "nics": [{"net-id": "a2e4e6ce-5607-4f93-b98b-e192ed4c6f67"}]}
2019-12-18 03:08:56.733 23215 INFO rally.task.runner [-] Task c708e019-2db7-43ad-b3c8-d031aba2ba2e | ITER: 1 START
2019-12-18 03:08:56.733 23217 RALLYDEBUG rally.task.runner [-] Starting a worker. times: 10 duration: None concurrency: 1 timeout: 0 cls: method_name: run args: {"flavor": "c3ced0cb-30ea-448e-8a52-6953d615bc6c", "image": "48bf0efe-01ba-4643-8231-99113ba84e63", "volume_size": 1, "nics": [{"net-id": "a2e4e6ce-5607-4f93-b98b-e192ed4c6f67"}]}
2019-12-18 03:08:56.738 23216 INFO rally.task.runner [-] Task c708e019-2db7-43ad-b3c8-d031aba2ba2e | ITER: 2 START
2019-12-18 03:08:56.738 23218 RALLYDEBUG rally.task.runner [-] Starting a worker. times: 10 duration: None concurrency: 1 timeout: 0 cls: method_name: run args: {"flavor": "c3ced0cb-30ea-448e-8a52-6953d615bc6c", "image": "48bf0efe-01ba-4643-8231-99113ba84e63", "volume_size": 1, "nics": [{"net-id": "a2e4e6ce-5607-4f93-b98b-e192ed4c6f67"}]}
2019-12-18 03:08:56.740 23217 INFO rally.task.runner [-] Task c708e019-2db7-43ad-b3c8-d031aba2ba2e | ITER: 3 START
2019-12-18 03:08:56.748 23218 INFO rally.task.runner [-] Task c708e019-2db7-43ad-b3c8-d031aba2ba2e | ITER: 4 START
2019-12-18 03:09:16.181 23216 RALLYDEBUG rally.task.utils [-] Waiting for resource s_rally_841a571b_pDbbCItW. Status changed: DOWNLOADING => AVAILABLE in 16.720962524414062
2019-12-18 03:09:20.734 23215 RALLYDEBUG rally.task.utils [-] Waiting for resource s_rally_841a571b_TposqCVn. Status changed: DOWNLOADING => AVAILABLE in 20.87503147125244
2019-12-18 03:09:25.731 23216 RALLYDEBUG rally.task.utils [-] Waiting for resource s_rally_841a571b_HaMgSHGX. Status changed: BUILD => ACTIVE in 7.300556421279907
2019-12-18 03:09:29.672 23215 RALLYDEBUG rally.task.utils [-] Waiting for resource s_rally_841a571b_nMAszp6Q. Status changed: BUILD => ACTIVE in 6.906468629837036
2019-12-18 03:09:34.910 23216 INFO rally.task.runner [-] Task c708e019-2db7-43ad-b3c8-d031aba2ba2e | ITER: 2 END: OK
2019-12-18 03:09:34.917 23216 INFO rally.task.runner [-] Task c708e019-2db7-43ad-b3c8-d031aba2ba2e | ITER: 5 START
2019-12-18 03:09:35.058 23217 RALLYDEBUG rally.task.utils [-] Waiting for resource s_rally_841a571b_W8NM4CLi. Status changed: DOWNLOADING => AVAILABLE in 35.484745264053345
2019-12-18 03:09:36.816 23215 INFO rally.task.runner [-] Task c708e019-2db7-43ad-b3c8-d031aba2ba2e | ITER: 1 END: OK
2019-12-18 03:09:36.822 23215 INFO rally.task.runner [-] Task c708e019-2db7-43ad-b3c8-d031aba2ba2e | ITER: 6 START
2019-12-18 03:09:36.947 23218 RALLYDEBUG rally.task.utils [-] Waiting for resource s_rally_841a571b_IF5wglNt. Status changed: DOWNLOADING => AVAILABLE in 37.3535578250885
2019-12-18 03:09:44.195 23217 RALLYDEBUG rally.task.utils [-] Waiting for resource s_rally_841a571b_McgVT1eE. Status changed: BUILD => ACTIVE in 6.998338460922241
2019-12-18 03:09:46.428 23218 RALLYDEBUG rally.task.utils [-] Waiting for resource s_rally_841a571b_3DWjXOjJ. Status changed: BUILD => ACTIVE in 7.221869707107544
2019-12-18 03:09:46.567 23217 INFO rally.task.runner [-] Task c708e019-2db7-43ad-b3c8-d031aba2ba2e | ITER: 3 END: OK
2019-12-18 03:09:46.573 23217 INFO rally.task.runner [-] Task c708e019-2db7-43ad-b3c8-d031aba2ba2e | ITER: 7 START
2019-12-18 03:09:48.962 23218 INFO rally.task.runner [-] Task c708e019-2db7-43ad-b3c8-d031aba2ba2e | ITER: 4 END: OK
2019-12-18 03:09:48.969 23218 INFO rally.task.runner [-] Task c708e019-2db7-43ad-b3c8-d031aba2ba2e | ITER: 8 START
2019-12-18 03:10:00.504 23216 RALLYDEBUG rally.task.utils [-] Waiting for resource s_rally_841a571b_QK7C97f8. Status changed: DOWNLOADING => AVAILABLE in 22.866255044937134
2019-12-18 03:10:01.907 23217 RALLYDEBUG rally.task.utils [-] Waiting for resource s_rally_841a571b_sOhJWl1K. Status changed: DOWNLOADING => AVAILABLE in 12.565863847732544
2019-12-18 03:10:07.563 23216 RALLYDEBUG rally.task.utils [-] Waiting for resource s_rally_841a571b_rr3AXhn1. Status changed: BUILD => ACTIVE in 4.57660436630249
2019-12-18 03:10:10.024 23216 INFO rally.task.runner [-] Task c708e019-2db7-43ad-b3c8-d031aba2ba2e | ITER: 5 END: OK
2019-12-18 03:10:10.029 23216 INFO rally.task.runner [-] Task c708e019-2db7-43ad-b3c8-d031aba2ba2e | ITER: 9 START
2019-12-18 03:10:14.676 23218 RALLYDEBUG rally.task.utils [-] Waiting for resource s_rally_841a571b_BXbo4WW3. Status changed: DOWNLOADING => AVAILABLE in 22.92190456390381
2019-12-18 03:10:15.917 23217 RALLYDEBUG rally.task.utils [-] Waiting for resource s_rally_841a571b_ej2KT85C. Status changed: BUILD => ACTIVE in 11.571134090423584
2019-12-18 03:10:17.527 23216 RALLYDEBUG rally.task.utils [-] Waiting for resource s_rally_841a571b_su7JcXjd. Status changed: CREATING => DOWNLOADING in 4.41752028465271
2019-12-18 03:10:18.321 23217 INFO rally.task.runner [-] Task c708e019-2db7-43ad-b3c8-d031aba2ba2e | ITER: 7 END: OK
2019-12-18 03:10:18.327 23217 INFO rally.task.runner [-] Task c708e019-2db7-43ad-b3c8-d031aba2ba2e | ITER: 10 START
2019-12-18 03:10:19.309 23215 RALLYDEBUG rally.task.utils [-] Waiting for resource s_rally_841a571b_OPEgOfKO. Status changed: DOWNLOADING => AVAILABLE in 39.64200711250305
2019-12-18 03:10:23.827 23218 RALLYDEBUG rally.task.utils [-] Waiting for resource s_rally_841a571b_DKGnwRrO. Status changed: BUILD => ACTIVE in 6.78587794303894
2019-12-18 03:10:26.287 23218 INFO rally.task.runner [-] Task c708e019-2db7-43ad-b3c8-d031aba2ba2e | ITER: 8 END: OK
2019-12-18 03:10:27.999 23215 RALLYDEBUG rally.task.utils [-] Waiting for resource s_rally_841a571b_KQUPy059. Status changed: BUILD => ACTIVE in 6.743356466293335
2019-12-18 03:10:30.520 23215 INFO rally.task.runner [-] Task c708e019-2db7-43ad-b3c8-d031aba2ba2e | ITER: 6 END: OK
2019-12-18 03:10:40.259 23216 RALLYDEBUG rally.task.utils [-] Waiting for resource s_rally_841a571b_su7JcXjd. Status changed: DOWNLOADING => AVAILABLE in 22.731908798217773
2019-12-18 03:10:49.416 23216 RALLYDEBUG rally.task.utils [-] Waiting for resource s_rally_841a571b_PlHSkBUD. Status changed: BUILD => ACTIVE in 6.907697916030884
2019-12-18 03:10:56.543 23216 INFO rally.task.runner [-] Task c708e019-2db7-43ad-b3c8-d031aba2ba2e | ITER: 9 END: OK
2019-12-18 03:10:56.699 23217 RALLYDEBUG rally.task.utils [-] Waiting for resource s_rally_841a571b_6yaD4sOE. Status changed: DOWNLOADING => AVAILABLE in 35.50828671455383
2019-12-18 03:11:06.123 23217 RALLYDEBUG rally.task.utils [-] Waiting for resource s_rally_841a571b_KrvpzAYz. Status changed: BUILD => ACTIVE in 6.892630338668823
2019-12-18 03:11:08.691 23217 INFO rally.task.runner [-] Task c708e019-2db7-43ad-b3c8-d031aba2ba2e | ITER: 10 END: OK
2019-12-18 03:11:08.725 20411 INFO rally.task.context [-] Task c708e019-2db7-43ad-b3c8-d031aba2ba2e | Context cleanup@openstack cleanup() started
2019-12-18 03:11:08.730 20411 RALLYDEBUG rally_openstack.cleanup.manager [-] Cleaning up nova servers objects
2019-12-18 03:11:10.090 20411 RALLYDEBUG rally_openstack.cleanup.manager [-] Cleaning up nova server_groups objects
2019-12-18 03:11:11.261 20411 RALLYDEBUG rally_openstack.cleanup.manager [-] Cleaning up nova keypairs objects
2019-12-18 03:11:13.599 20411 RALLYDEBUG rally_openstack.cleanup.manager [-] Cleaning up cinder backups objects
2019-12-18 03:11:14.795 20411 RALLYDEBUG rally_openstack.cleanup.manager [-] Cleaning up cinder volume_snapshots objects
2019-12-18 03:11:15.988 20411 RALLYDEBUG rally_openstack.cleanup.manager [-] Cleaning up cinder transfers objects
2019-12-18 03:11:17.150 20411 RALLYDEBUG rally_openstack.cleanup.manager [-] Cleaning up cinder volumes objects
2019-12-18 03:11:18.511 20411 RALLYDEBUG rally_openstack.cleanup.manager [-] Deleting cinder.volumes object s_rally_841a571b_6yaD4sOE (f925ae86-1e3f-4f0d-aeab-e20476d18a67)
2019-12-18 03:11:18.521 20411 RALLYDEBUG rally_openstack.cleanup.manager [-] Deleting cinder.volumes object s_rally_841a571b_QK7C97f8 (7a544b1f-352c-4991-b18b-8639de772b81)
2019-12-18 03:11:18.530 20411 RALLYDEBUG rally_openstack.cleanup.manager [-] Deleting cinder.volumes object s_rally_841a571b_IF5wglNt (468bf32f-898f-4aa3-a7e9-6b66f7bc5902)
2019-12-18 03:11:18.540 20411 RALLYDEBUG rally_openstack.cleanup.manager [-] Deleting cinder.volumes object s_rally_841a571b_su7JcXjd (3ac36b1f-c05b-487c-8e96-0088b68b2259)
2019-12-18 03:11:18.551 20411 RALLYDEBUG rally_openstack.cleanup.manager [-] Deleting cinder.volumes object s_rally_841a571b_BXbo4WW3 (b3647fba-4acf-4110-a27b-4468277d03d1)
2019-12-18 03:11:18.564 20411 RALLYDEBUG rally_openstack.cleanup.manager [-] Deleting cinder.volumes object s_rally_841a571b_OPEgOfKO (e405a80a-1b95-4a5d-8709-5cec93213636)
2019-12-18 03:11:18.569 20411 RALLYDEBUG rally_openstack.cleanup.manager [-] Deleting cinder.volumes object s_rally_841a571b_W8NM4CLi (46f4ab90-60ef-4e5d-845d-a1598862868b)
2019-12-18 03:11:18.595 20411 RALLYDEBUG rally_openstack.cleanup.manager [-] Deleting cinder.volumes object s_rally_841a571b_sOhJWl1K (c9a0f9c5-1bca-48aa-bb2d-3c9328b40cc2)
2019-12-18 03:11:18.599 20411 RALLYDEBUG rally_openstack.cleanup.manager [-] Deleting cinder.volumes object s_rally_841a571b_TposqCVn (9afe47e4-3ad9-48aa-9426-6de68fb0dc7a)
2019-12-18 03:11:18.620 20411 RALLYDEBUG rally_openstack.cleanup.manager [-] Deleting cinder.volumes object s_rally_841a571b_pDbbCItW (f31f47cc-6a20-4b91-b8eb-21c72333414b)
2019-12-18 03:11:23.356 20411 INFO rally.task.context [-] Task c708e019-2db7-43ad-b3c8-d031aba2ba2e | Context cleanup@openstack cleanup() finished in 14.63 sec
2019-12-18 03:11:23.357 20411 INFO rally.task.context [-] Task c708e019-2db7-43ad-b3c8-d031aba2ba2e | Context network@openstack cleanup() started
2019-12-18 03:11:46.173 20411 INFO rally.task.context [-] Task c708e019-2db7-43ad-b3c8-d031aba2ba2e | Context network@openstack cleanup() finished in 22.82 sec
2019-12-18 03:11:46.174 20411 INFO rally.task.context [-] Task c708e019-2db7-43ad-b3c8-d031aba2ba2e | Context quotas@openstack cleanup() started
2019-12-18 03:11:46.586 20411 INFO rally.task.context [-] Task c708e019-2db7-43ad-b3c8-d031aba2ba2e | Context quotas@openstack cleanup() finished in 0.41 sec
2019-12-18 03:11:46.587 20411 INFO rally.task.context [-] Task c708e019-2db7-43ad-b3c8-d031aba2ba2e | Context api_versions@openstack cleanup() started
2019-12-18 03:11:46.587 20411 INFO rally.task.context [-] Task c708e019-2db7-43ad-b3c8-d031aba2ba2e | Context api_versions@openstack cleanup() finished in 0.36 msec
2019-12-18 03:11:46.587 20411 INFO rally.task.context [-] Task c708e019-2db7-43ad-b3c8-d031aba2ba2e | Context users@openstack cleanup() started
2019-12-18 03:11:50.794 20411 INFO rally.task.context [-] Task c708e019-2db7-43ad-b3c8-d031aba2ba2e | Context users@openstack cleanup() finished in 4.21 sec
2019-12-18 03:11:52.045 20411 INFO rally.task.engine [-] Load duration is: 130.953861
2019-12-18 03:11:52.045 20411 INFO rally.task.engine [-] Full runner duration is: 132.012367
2019-12-18 03:11:52.046 20411 INFO rally.task.engine [-] Full duration is: 193.543103
2019-12-18 03:11:52.390 20411 INFO rally.task.engine [-] Running workload: position = 0 config = { "version": 2, "title": "A cropped version of a bigger task.", "description": "Auto-generated task from a single workload (uuid=c581ba8a-c85b-4db6-961b-6ee7a3b0651f)", "subtasks": [ { "title": "NovaServers.pause_and_unpause_server", "description": "Create a server, pause, unpause and then delete it", "scenario": { "NovaServers.pause_and_unpause_server": { "flavor": { "name": "rally_full-flavor_82abc6db-4b93-46af-8703-7548ccee80b4" }, "image": { "name": "rally_full-img_82abc6db-4b93-46af-8703-7548ccee80b4" }, "force_delete": false, "nics": [ { "net-id": "a2e4e6ce-5607-4f93-b98b-e192ed4c6f67" } ] } }, "contexts": { "users": { "tenants": 3, "users_per_tenant": 2 }, "network": { "networks_per_tenant": 1, "start_cidr": "100.1.0.0/25" }, "quotas": { "neutron": { "network": -1, "port": -1, "subnet": -1 }, "nova": { "cores": -1, "floating_ips": -1, "instances": -1, "ram": -1, "security_group_rules": -1, "security_groups": -1 } } }, "runner": { "constant": { "concurrency": 4, "times": 10 } }, "hooks": [], "sla": { "failure_rate": { "max": 0 } } } ] }
2019-12-18 03:11:52.414 20411 RALLYDEBUG rally_openstack.contexts.keystone.users [-] Creating 3 tenants using 20 threads
2019-12-18 03:11:53.448 20411 RALLYDEBUG rally_openstack.contexts.keystone.users [-] Creating 6 users using 20 threads
2019-12-18 03:11:54.963 20411 INFO rally.task.context [-] Task c708e019-2db7-43ad-b3c8-d031aba2ba2e | Context users@openstack setup() finished in 2.55 sec
2019-12-18 03:11:56.693 20411 INFO rally.task.context [-] Task c708e019-2db7-43ad-b3c8-d031aba2ba2e | Context quotas@openstack setup() finished in 1.73 sec
2019-12-18 03:11:59.056 20411 RALLYDEBUG rally_openstack.wrappers.network [-] CIDR generated: 100.1.12.0/25
2019-12-18 03:12:03.207 20411 RALLYDEBUG rally_openstack.wrappers.network [-] CIDR generated: 100.1.12.128/25
2019-12-18 03:12:07.298 20411 RALLYDEBUG rally_openstack.wrappers.network [-] CIDR generated: 100.1.13.0/25
2019-12-18 03:12:09.642 20411 INFO rally.task.context [-] Task c708e019-2db7-43ad-b3c8-d031aba2ba2e | Context network@openstack setup() finished in 12.95 sec
2019-12-18 03:12:09.642 20411 INFO rally.task.context [-] Task c708e019-2db7-43ad-b3c8-d031aba2ba2e | Context cleanup@openstack setup() finished in 0.02 msec
2019-12-18 03:12:10.531 20411 RALLYDEBUG rally.task.runner [-] Starting the constant runner (task UUID: c708e019-2db7-43ad-b3c8-d031aba2ba2e). times: 10 concurrency: 4 timeout: 0 max_cpu_used: 16 processes_to_start: 4 concurrency_per_worker: 1 concurrency_overhead: 0
2019-12-18 03:12:10.542 23459 RALLYDEBUG rally.task.runner [-] Starting a worker. times: 10 duration: None concurrency: 1 timeout: 0 cls: method_name: run args: {"flavor": "c3ced0cb-30ea-448e-8a52-6953d615bc6c", "image": "48bf0efe-01ba-4643-8231-99113ba84e63", "force_delete": false, "nics": [{"net-id": "a2e4e6ce-5607-4f93-b98b-e192ed4c6f67"}]}
2019-12-18 03:12:10.547 23460 RALLYDEBUG rally.task.runner [-] Starting a worker. times: 10 duration: None concurrency: 1 timeout: 0 cls: method_name: run args: {"flavor": "c3ced0cb-30ea-448e-8a52-6953d615bc6c", "image": "48bf0efe-01ba-4643-8231-99113ba84e63", "force_delete": false, "nics": [{"net-id": "a2e4e6ce-5607-4f93-b98b-e192ed4c6f67"}]}
2019-12-18 03:12:10.550 23459 INFO rally.task.runner [-] Task c708e019-2db7-43ad-b3c8-d031aba2ba2e | ITER: 1 START
2019-12-18 03:12:10.551 23461 RALLYDEBUG rally.task.runner [-] Starting a worker. times: 10 duration: None concurrency: 1 timeout: 0 cls: method_name: run args: {"flavor": "c3ced0cb-30ea-448e-8a52-6953d615bc6c", "image": "48bf0efe-01ba-4643-8231-99113ba84e63", "force_delete": false, "nics": [{"net-id": "a2e4e6ce-5607-4f93-b98b-e192ed4c6f67"}]}
2019-12-18 03:12:10.555 23460 INFO rally.task.runner [-] Task c708e019-2db7-43ad-b3c8-d031aba2ba2e | ITER: 2 START
2019-12-18 03:12:10.556 23464 RALLYDEBUG rally.task.runner [-] Starting a worker. times: 10 duration: None concurrency: 1 timeout: 0 cls: method_name: run args: {"flavor": "c3ced0cb-30ea-448e-8a52-6953d615bc6c", "image": "48bf0efe-01ba-4643-8231-99113ba84e63", "force_delete": false, "nics": [{"net-id": "a2e4e6ce-5607-4f93-b98b-e192ed4c6f67"}]}
2019-12-18 03:12:10.558 23461 INFO rally.task.runner [-] Task c708e019-2db7-43ad-b3c8-d031aba2ba2e | ITER: 3 START
2019-12-18 03:12:10.562 23464 INFO rally.task.runner [-] Task c708e019-2db7-43ad-b3c8-d031aba2ba2e | ITER: 4 START
2019-12-18 03:12:17.719 23464 RALLYDEBUG rally.task.utils [-] Waiting for resource s_rally_c581ba8a_wkkHpllD. Status changed: BUILD => ACTIVE in 4.628021240234375
2019-12-18 03:12:18.000 23461 RALLYDEBUG rally.task.utils [-] Waiting for resource s_rally_c581ba8a_oW3PlKNK. Status changed: BUILD => ACTIVE in 4.989994287490845
2019-12-18 03:12:19.795 23459 RALLYDEBUG rally.task.utils [-] Waiting for resource s_rally_c581ba8a_jNtRWPST. Status changed: BUILD => ACTIVE in 7.017358779907227
2019-12-18 03:12:19.963 23460 RALLYDEBUG rally.task.utils [-] Waiting for resource s_rally_c581ba8a_wjHGry6c. Status changed: BUILD => ACTIVE in 6.984439373016357
2019-12-18 03:12:19.997 23464 RALLYDEBUG rally.task.utils [-] Waiting for resource s_rally_c581ba8a_wkkHpllD. Status changed: ACTIVE => PAUSED in 0.14839434623718262
2019-12-18 03:12:20.341 23461 RALLYDEBUG rally.task.utils [-] Waiting for resource s_rally_c581ba8a_oW3PlKNK. Status changed: ACTIVE => PAUSED in 0.222822904586792
2019-12-18 03:12:22.087 23459 RALLYDEBUG rally.task.utils [-] Waiting for resource s_rally_c581ba8a_jNtRWPST. Status changed: ACTIVE => PAUSED in 0.16168808937072754
2019-12-18 03:12:22.329 23460 RALLYDEBUG rally.task.utils [-] Waiting for resource s_rally_c581ba8a_wjHGry6c. Status changed: ACTIVE => PAUSED in 0.23977184295654297
2019-12-18 03:12:24.930 23464 INFO rally.task.runner [-] Task c708e019-2db7-43ad-b3c8-d031aba2ba2e | ITER: 4 END: OK
2019-12-18 03:12:24.935 23464 INFO rally.task.runner [-] Task c708e019-2db7-43ad-b3c8-d031aba2ba2e | ITER: 5 START
2019-12-18 03:12:25.165 23461 INFO rally.task.runner [-] Task c708e019-2db7-43ad-b3c8-d031aba2ba2e | ITER: 3 END: OK
2019-12-18 03:12:25.170 23461 INFO rally.task.runner [-] Task c708e019-2db7-43ad-b3c8-d031aba2ba2e | ITER: 6 START
2019-12-18 03:12:26.975 23459 INFO rally.task.runner [-] Task c708e019-2db7-43ad-b3c8-d031aba2ba2e | ITER: 1 END: OK
2019-12-18 03:12:26.981 23459 INFO rally.task.runner [-] Task c708e019-2db7-43ad-b3c8-d031aba2ba2e | ITER: 7 START
2019-12-18 03:12:27.139 23460 INFO rally.task.runner [-] Task c708e019-2db7-43ad-b3c8-d031aba2ba2e | ITER: 2 END: OK
2019-12-18 03:12:27.143 23460 INFO rally.task.runner [-] Task c708e019-2db7-43ad-b3c8-d031aba2ba2e | ITER: 8 START
2019-12-18 03:12:31.730 23464 RALLYDEBUG rally.task.utils [-] Waiting for resource s_rally_c581ba8a_coFMZORf. Status changed: BUILD => ACTIVE in 4.730564594268799
2019-12-18 03:12:34.092 23460 RALLYDEBUG rally.task.utils [-] Waiting for resource s_rally_c581ba8a_C1ipFsTb. Status changed: BUILD => ACTIVE in 4.665641784667969
2019-12-18 03:12:34.274 23464 RALLYDEBUG rally.task.utils [-] Waiting for resource s_rally_c581ba8a_coFMZORf. Status changed: ACTIVE => PAUSED in 0.26742076873779297
2019-12-18 03:12:34.356 23459 RALLYDEBUG rally.task.utils [-] Waiting for resource s_rally_c581ba8a_YnLwReqQ. Status changed: BUILD => ACTIVE in 4.6218767166137695
2019-12-18 03:12:36.326 23461 RALLYDEBUG rally.task.utils [-] Waiting for resource s_rally_c581ba8a_vbMQ43cH. Status changed: BUILD => ACTIVE in 9.050848245620728
2019-12-18 03:12:36.487 23460 RALLYDEBUG rally.task.utils [-] Waiting for resource s_rally_c581ba8a_C1ipFsTb. Status changed: ACTIVE => PAUSED in 0.25772881507873535
2019-12-18 03:12:36.842 23459 RALLYDEBUG rally.task.utils [-] Waiting for resource s_rally_c581ba8a_YnLwReqQ. Status changed: ACTIVE => PAUSED in 0.17783212661743164
2019-12-18 03:12:38.686 23461 RALLYDEBUG rally.task.utils [-] Waiting for resource s_rally_c581ba8a_vbMQ43cH. Status changed: ACTIVE => PAUSED in 0.24643468856811523
2019-12-18 03:12:38.999 23464 INFO rally.task.runner [-] Task c708e019-2db7-43ad-b3c8-d031aba2ba2e | ITER: 5 END: OK
2019-12-18 03:12:39.005 23464 INFO rally.task.runner [-] Task c708e019-2db7-43ad-b3c8-d031aba2ba2e | ITER: 9 START
2019-12-18 03:12:41.180 23460 INFO rally.task.runner [-] Task c708e019-2db7-43ad-b3c8-d031aba2ba2e | ITER: 8 END: OK
2019-12-18 03:12:41.185 23460 INFO rally.task.runner [-] Task c708e019-2db7-43ad-b3c8-d031aba2ba2e | ITER: 10 START
2019-12-18 03:12:41.550 23459 INFO rally.task.runner [-] Task c708e019-2db7-43ad-b3c8-d031aba2ba2e | ITER: 7 END: OK
2019-12-18 03:12:43.505 23461 INFO rally.task.runner [-] Task c708e019-2db7-43ad-b3c8-d031aba2ba2e | ITER: 6 END: OK
2019-12-18 03:12:46.007 23464 RALLYDEBUG rally.task.utils [-] Waiting for resource s_rally_c581ba8a_OksZD4Vq. Status changed: BUILD => ACTIVE in 4.763998985290527
2019-12-18 03:12:48.322 23464 RALLYDEBUG rally.task.utils [-] Waiting for resource s_rally_c581ba8a_OksZD4Vq. Status changed: ACTIVE => PAUSED in 0.19425034523010254
2019-12-18 03:12:50.583 23460 RALLYDEBUG rally.task.utils [-] Waiting for resource s_rally_c581ba8a_zilaDG9g. Status changed: BUILD => ACTIVE in 6.975276708602905
2019-12-18 03:12:53.044 23460 RALLYDEBUG rally.task.utils [-] Waiting for resource s_rally_c581ba8a_zilaDG9g. Status changed: ACTIVE => PAUSED in 0.331279993057251
2019-12-18 03:12:53.259 23464 INFO rally.task.runner [-] Task c708e019-2db7-43ad-b3c8-d031aba2ba2e | ITER: 9 END: OK
2019-12-18 03:12:58.060 23460 INFO rally.task.runner [-] Task c708e019-2db7-43ad-b3c8-d031aba2ba2e | ITER: 10 END: OK
2019-12-18 03:12:58.093 20411 INFO rally.task.context [-] Task c708e019-2db7-43ad-b3c8-d031aba2ba2e | Context cleanup@openstack cleanup() started
2019-12-18 03:12:58.097 20411 RALLYDEBUG rally_openstack.cleanup.manager [-] Cleaning up nova servers objects
2019-12-18 03:12:59.550 20411 RALLYDEBUG rally_openstack.cleanup.manager [-] Cleaning up nova server_groups objects
2019-12-18 03:13:00.723 20411 RALLYDEBUG rally_openstack.cleanup.manager [-] Cleaning up nova keypairs objects
2019-12-18 03:13:03.024 20411 INFO rally.task.context [-] Task c708e019-2db7-43ad-b3c8-d031aba2ba2e | Context cleanup@openstack cleanup() finished in 4.93 sec
2019-12-18 03:13:03.025 20411 INFO rally.task.context [-] Task c708e019-2db7-43ad-b3c8-d031aba2ba2e | Context network@openstack cleanup() started
2019-12-18 03:13:26.129 20411 INFO rally.task.context [-] Task c708e019-2db7-43ad-b3c8-d031aba2ba2e | Context network@openstack cleanup() finished in 23.10 sec
2019-12-18 03:13:26.130 20411 INFO rally.task.context [-] Task c708e019-2db7-43ad-b3c8-d031aba2ba2e | Context quotas@openstack cleanup() started
2019-12-18 03:13:26.337 20411 INFO rally.task.context [-] Task c708e019-2db7-43ad-b3c8-d031aba2ba2e | Context quotas@openstack cleanup() finished in 0.21 sec
2019-12-18 03:13:26.338 20411 INFO rally.task.context [-] Task c708e019-2db7-43ad-b3c8-d031aba2ba2e | Context users@openstack cleanup() started
2019-12-18 03:13:30.464 20411 INFO rally.task.context [-] Task c708e019-2db7-43ad-b3c8-d031aba2ba2e | Context users@openstack cleanup() finished in 4.13 sec
2019-12-18 03:13:30.832 20411 INFO rally.task.engine [-] Load duration is: 42.50761
2019-12-18 03:13:30.832 20411 INFO rally.task.engine [-] Full runner duration is: 47.562882
2019-12-18 03:13:30.833 20411 INFO rally.task.engine [-] Full duration is: 98.052565
2019-12-18 03:13:31.175 20411 INFO rally.task.engine [-] Running workload: position = 0 config = { "version": 2, "title": "A cropped version of a bigger task.", "description": "Auto-generated task from a single workload (uuid=43a57738-eca9-4b1e-9962-81f41836d440)", "subtasks": [ { "title": "NovaServers.boot_and_migrate_server", "description": "Migrate a server.", "scenario": { "NovaServers.boot_and_migrate_server": { "flavor": { "name": "rally_full-flavor_82abc6db-4b93-46af-8703-7548ccee80b4" }, "image": { "name": "rally_full-img_82abc6db-4b93-46af-8703-7548ccee80b4" }, "nics": [ { "net-id": "a2e4e6ce-5607-4f93-b98b-e192ed4c6f67" } ] } }, "contexts": { "users": { "tenants": 3, "users_per_tenant": 2 } }, "runner": { "constant": { "concurrency": 4, "times": 10 } }, "hooks": [], "sla": { "failure_rate": { "max": 0 } } } ] }
2019-12-18 03:13:31.200 20411 RALLYDEBUG rally_openstack.contexts.keystone.users [-] Creating 3 tenants using 20 threads
2019-12-18 03:13:32.149 20411 RALLYDEBUG rally_openstack.contexts.keystone.users [-] Creating 6 users using 20 threads
2019-12-18 03:13:33.710 20411 INFO rally.task.context [-] Task c708e019-2db7-43ad-b3c8-d031aba2ba2e | Context users@openstack setup() finished in 2.51 sec
2019-12-18 03:13:33.711 20411 INFO rally.task.context [-] Task c708e019-2db7-43ad-b3c8-d031aba2ba2e | Context cleanup@openstack setup() finished in 0.01 msec
2019-12-18 03:13:34.742 20411 RALLYDEBUG rally.task.runner [-] Starting the constant runner (task UUID: c708e019-2db7-43ad-b3c8-d031aba2ba2e). times: 10 concurrency: 4 timeout: 0 max_cpu_used: 16 processes_to_start: 4 concurrency_per_worker: 1 concurrency_overhead: 0
2019-12-18 03:13:34.755 23623 RALLYDEBUG rally.task.runner [-] Starting a worker. times: 10 duration: None concurrency: 1 timeout: 0 cls: method_name: run args: {"flavor": "c3ced0cb-30ea-448e-8a52-6953d615bc6c", "image": "48bf0efe-01ba-4643-8231-99113ba84e63", "nics": [{"net-id": "a2e4e6ce-5607-4f93-b98b-e192ed4c6f67"}]}
2019-12-18 03:13:34.759 23624 RALLYDEBUG rally.task.runner [-] Starting a worker. times: 10 duration: None concurrency: 1 timeout: 0 cls: method_name: run args: {"flavor": "c3ced0cb-30ea-448e-8a52-6953d615bc6c", "image": "48bf0efe-01ba-4643-8231-99113ba84e63", "nics": [{"net-id": "a2e4e6ce-5607-4f93-b98b-e192ed4c6f67"}]}
2019-12-18 03:13:34.762 23623 INFO rally.task.runner [-] Task c708e019-2db7-43ad-b3c8-d031aba2ba2e | ITER: 1 START
2019-12-18 03:13:34.763 23625 RALLYDEBUG rally.task.runner [-] Starting a worker. times: 10 duration: None concurrency: 1 timeout: 0 cls: method_name: run args: {"flavor": "c3ced0cb-30ea-448e-8a52-6953d615bc6c", "image": "48bf0efe-01ba-4643-8231-99113ba84e63", "nics": [{"net-id": "a2e4e6ce-5607-4f93-b98b-e192ed4c6f67"}]}
2019-12-18 03:13:34.766 23624 INFO rally.task.runner [-] Task c708e019-2db7-43ad-b3c8-d031aba2ba2e | ITER: 2 START
2019-12-18 03:13:34.767 23627 RALLYDEBUG rally.task.runner [-] Starting a worker. times: 10 duration: None concurrency: 1 timeout: 0 cls: method_name: run args: {"flavor": "c3ced0cb-30ea-448e-8a52-6953d615bc6c", "image": "48bf0efe-01ba-4643-8231-99113ba84e63", "nics": [{"net-id": "a2e4e6ce-5607-4f93-b98b-e192ed4c6f67"}]}
2019-12-18 03:13:34.770 23625 INFO rally.task.runner [-] Task c708e019-2db7-43ad-b3c8-d031aba2ba2e | ITER: 3 START
2019-12-18 03:13:34.773 23627 INFO rally.task.runner [-] Task c708e019-2db7-43ad-b3c8-d031aba2ba2e | ITER: 4 START
2019-12-18 03:13:41.754 23627 RALLYDEBUG rally.task.utils [-] Waiting for resource s_rally_43a57738_eNWoOnxC. Status changed: BUILD => ACTIVE in 4.5247931480407715
2019-12-18 03:13:41.994 23623 RALLYDEBUG rally.task.utils [-] Waiting for resource s_rally_43a57738_yzdnXa9C. Status changed: BUILD => ACTIVE in 4.593317985534668
2019-12-18 03:13:43.549 23627 RALLYDEBUG rally.task.utils [-] Waiting for resource s_rally_43a57738_eNWoOnxC. Status changed: ACTIVE => RESIZE in 0.24494671821594238
2019-12-18 03:13:43.717 23623 RALLYDEBUG rally.task.utils [-] Waiting for resource s_rally_43a57738_yzdnXa9C. Status changed: ACTIVE => RESIZE in 0.25543856620788574
2019-12-18 03:13:44.109 23625 RALLYDEBUG rally.task.utils [-] Waiting for resource s_rally_43a57738_lShkr6RK. Status changed: BUILD => ACTIVE in 7.079773664474487
2019-12-18 03:13:44.315 23624 RALLYDEBUG rally.task.utils [-] Waiting for resource s_rally_43a57738_aUf6gpRK. Status changed: BUILD => ACTIVE in 6.757872104644775
2019-12-18 03:13:46.089 23624 RALLYDEBUG rally.task.utils [-] Waiting for resource s_rally_43a57738_aUf6gpRK. Status changed: ACTIVE => RESIZE in 0.1776876449584961
2019-12-18 03:13:46.090 23625 RALLYDEBUG rally.task.utils [-] Waiting for resource s_rally_43a57738_lShkr6RK. Status changed: ACTIVE => RESIZE in 0.28830623626708984
2019-12-18 03:14:03.622 23627 RALLYDEBUG rally.task.utils [-] Waiting for resource s_rally_43a57738_eNWoOnxC. Status changed: RESIZE => VERIFY_RESIZE in 20.0730402469635
2019-12-18 03:14:03.656 23623 RALLYDEBUG rally.task.utils [-] Waiting for resource s_rally_43a57738_yzdnXa9C. Status changed: RESIZE => VERIFY_RESIZE in 19.939022541046143
2019-12-18 03:14:04.063 23627 RALLYDEBUG rally.task.utils [-] Waiting for resource s_rally_43a57738_eNWoOnxC. Status changed: ACTIVE => VERIFY_RESIZE in 0.14756560325622559
2019-12-18 03:14:04.128 23623 RALLYDEBUG rally.task.utils [-] Waiting for resource s_rally_43a57738_yzdnXa9C. Status changed: ACTIVE => VERIFY_RESIZE in 0.21453261375427246
2019-12-18 03:14:04.206 23625 RALLYDEBUG rally.task.utils [-] Waiting for resource s_rally_43a57738_lShkr6RK. Status changed: RESIZE => VERIFY_RESIZE in 18.114830017089844
2019-12-18 03:14:04.693 23625 RALLYDEBUG rally.task.utils [-] Waiting for resource s_rally_43a57738_lShkr6RK. Status changed: ACTIVE => VERIFY_RESIZE in 0.18789887428283691
2019-12-18 03:14:06.236 23627 RALLYDEBUG rally.task.utils [-] Waiting for resource s_rally_43a57738_eNWoOnxC. Status changed: VERIFY_RESIZE => ACTIVE in 2.173588275909424
2019-12-18 03:14:06.351 23623 RALLYDEBUG rally.task.utils [-] Waiting for resource s_rally_43a57738_yzdnXa9C. Status changed: VERIFY_RESIZE => ACTIVE in 2.222452402114868
2019-12-18 03:14:06.837 23625 RALLYDEBUG rally.task.utils [-] Waiting for resource s_rally_43a57738_lShkr6RK. Status changed: VERIFY_RESIZE => ACTIVE in 2.143787384033203
2019-12-18 03:14:08.574 23627 INFO rally.task.runner [-] Task c708e019-2db7-43ad-b3c8-d031aba2ba2e | ITER: 4 END: OK
2019-12-18 03:14:08.580 23627 INFO rally.task.runner [-] Task c708e019-2db7-43ad-b3c8-d031aba2ba2e | ITER: 5 START
2019-12-18 03:14:09.167 23625 INFO rally.task.runner [-] Task c708e019-2db7-43ad-b3c8-d031aba2ba2e | ITER: 3 END: OK
2019-12-18 03:14:09.173 23625 INFO rally.task.runner [-] Task c708e019-2db7-43ad-b3c8-d031aba2ba2e | ITER: 6 START
2019-12-18 03:14:10.838 23623 INFO rally.task.runner [-] Task c708e019-2db7-43ad-b3c8-d031aba2ba2e | ITER: 1 END: OK
2019-12-18 03:14:10.845 23623 INFO rally.task.runner [-] Task c708e019-2db7-43ad-b3c8-d031aba2ba2e | ITER: 7 START
2019-12-18 03:14:15.573 23627 RALLYDEBUG rally.task.utils [-] Waiting for resource s_rally_43a57738_jxKxhVjn. Status changed: BUILD => ACTIVE in 4.653301954269409
2019-12-18 03:14:16.428 23625 RALLYDEBUG rally.task.utils [-] Waiting for resource s_rally_43a57738_yqSSkcJo. Status changed: BUILD => ACTIVE in 4.887524604797363
2019-12-18 03:14:17.356 23627 RALLYDEBUG rally.task.utils [-] Waiting for resource s_rally_43a57738_jxKxhVjn. Status changed: ACTIVE => RESIZE in 0.2641735076904297
2019-12-18 03:14:18.237 23625 RALLYDEBUG rally.task.utils [-] Waiting for resource s_rally_43a57738_yqSSkcJo. Status changed: ACTIVE => RESIZE in 0.14756107330322266
2019-12-18 03:14:19.924 23623 RALLYDEBUG rally.task.utils [-] Waiting for resource s_rally_43a57738_zvvAVKWo. Status changed: BUILD => ACTIVE in 6.978518486022949
2019-12-18 03:14:21.804 23623 RALLYDEBUG rally.task.utils [-] Waiting for resource s_rally_43a57738_zvvAVKWo. Status changed: ACTIVE => RESIZE in 0.23903989791870117
2019-12-18 03:14:27.736 23624 RALLYDEBUG rally.task.utils [-] Waiting for resource s_rally_43a57738_aUf6gpRK. Status changed: RESIZE => VERIFY_RESIZE in 41.647321462631226
2019-12-18 03:14:28.184 23624 RALLYDEBUG rally.task.utils [-] Waiting for resource s_rally_43a57738_aUf6gpRK. Status changed: ACTIVE => VERIFY_RESIZE in 0.15975117683410645
2019-12-18 03:14:29.149 23625 RALLYDEBUG rally.task.utils [-] Waiting for resource s_rally_43a57738_yqSSkcJo. Status changed: RESIZE => VERIFY_RESIZE in 10.911850690841675
2019-12-18 03:14:29.594 23625 RALLYDEBUG rally.task.utils [-] Waiting for resource s_rally_43a57738_yqSSkcJo. Status changed: ACTIVE => VERIFY_RESIZE in 0.2021796703338623
2019-12-18 03:14:30.363 23624 RALLYDEBUG rally.task.utils [-] Waiting for resource s_rally_43a57738_aUf6gpRK. Status changed: VERIFY_RESIZE => ACTIVE in 2.1782753467559814
2019-12-18 03:14:31.835 23625 RALLYDEBUG rally.task.utils [-] Waiting for resource s_rally_43a57738_yqSSkcJo. Status changed: VERIFY_RESIZE => ACTIVE in 2.241098165512085
2019-12-18 03:14:32.722 23624 INFO rally.task.runner [-] Task c708e019-2db7-43ad-b3c8-d031aba2ba2e | ITER: 2 END: OK
2019-12-18 03:14:32.729 23624 INFO rally.task.runner [-] Task c708e019-2db7-43ad-b3c8-d031aba2ba2e | ITER: 8 START
2019-12-18 03:14:34.182 23625 INFO rally.task.runner [-] Task c708e019-2db7-43ad-b3c8-d031aba2ba2e | ITER: 6 END: OK
2019-12-18 03:14:34.186 23625 INFO rally.task.runner [-] Task c708e019-2db7-43ad-b3c8-d031aba2ba2e | ITER: 9 START
2019-12-18 03:14:36.979 23627 RALLYDEBUG rally.task.utils [-] Waiting for resource s_rally_43a57738_jxKxhVjn. Status changed: RESIZE => VERIFY_RESIZE in 19.623657941818237
2019-12-18 03:14:37.732 23627 RALLYDEBUG rally.task.utils [-] Waiting for resource s_rally_43a57738_jxKxhVjn. Status changed: ACTIVE => VERIFY_RESIZE in 0.18404293060302734
2019-12-18 03:14:39.692 23624 RALLYDEBUG rally.task.utils [-] Waiting for resource s_rally_43a57738_JyDzHL4x. Status changed: BUILD => ACTIVE in 4.6234965324401855
2019-12-18 03:14:39.907 23627 RALLYDEBUG rally.task.utils [-] Waiting for resource s_rally_43a57738_jxKxhVjn. Status changed: VERIFY_RESIZE => ACTIVE in 2.1757030487060547
2019-12-18 03:14:41.393 23624 RALLYDEBUG rally.task.utils [-] Waiting for resource s_rally_43a57738_JyDzHL4x. Status changed: ACTIVE => RESIZE in 0.1556544303894043
2019-12-18 03:14:42.282 23627 INFO rally.task.runner [-] Task c708e019-2db7-43ad-b3c8-d031aba2ba2e | ITER: 5 END: OK
2019-12-18 03:14:42.292 23627 INFO rally.task.runner [-] Task c708e019-2db7-43ad-b3c8-d031aba2ba2e | ITER: 10 START
2019-12-18 03:14:42.937 23625 RALLYDEBUG rally.task.utils [-] Waiting for resource s_rally_43a57738_MIWTYTLq. Status changed: BUILD => ACTIVE in 6.622881889343262
2019-12-18 03:14:44.852 23625 RALLYDEBUG rally.task.utils [-] Waiting for resource s_rally_43a57738_MIWTYTLq. Status changed: ACTIVE => RESIZE in 0.16067004203796387
2019-12-18 03:14:49.599 23627 RALLYDEBUG rally.task.utils [-] Waiting for resource s_rally_43a57738_YbnaWrOu. Status changed: BUILD => ACTIVE in 4.914021968841553
2019-12-18 03:14:51.376 23627 RALLYDEBUG rally.task.utils [-] Waiting for resource s_rally_43a57738_YbnaWrOu. Status changed: ACTIVE => RESIZE in 0.1565999984741211
2019-12-18 03:14:52.060 23623 RALLYDEBUG rally.task.utils [-] Waiting for resource s_rally_43a57738_zvvAVKWo. Status changed: RESIZE => VERIFY_RESIZE in 30.256439447402954
2019-12-18 03:14:52.501 23623 RALLYDEBUG rally.task.utils [-] Waiting for resource s_rally_43a57738_zvvAVKWo. Status changed: ACTIVE => VERIFY_RESIZE in 0.13776898384094238
2019-12-18 03:14:53.615 23625 RALLYDEBUG rally.task.utils [-] Waiting for resource s_rally_43a57738_MIWTYTLq. Status changed: RESIZE => VERIFY_RESIZE in 8.762611627578735
2019-12-18 03:14:54.070 23625 RALLYDEBUG rally.task.utils [-] Waiting for resource s_rally_43a57738_MIWTYTLq. Status changed: ACTIVE => VERIFY_RESIZE in 0.13928008079528809
2019-12-18 03:14:54.691 23623 RALLYDEBUG rally.task.utils [-] Waiting for resource s_rally_43a57738_zvvAVKWo. Status changed: VERIFY_RESIZE => ACTIVE in 2.1904757022857666
2019-12-18 03:14:56.227 23625 RALLYDEBUG rally.task.utils [-] Waiting for resource s_rally_43a57738_MIWTYTLq. Status changed: VERIFY_RESIZE => ACTIVE in 2.157217264175415
2019-12-18 03:14:57.027 23623 INFO rally.task.runner [-] Task c708e019-2db7-43ad-b3c8-d031aba2ba2e | ITER: 7 END: OK
2019-12-18 03:14:58.742 23625 INFO rally.task.runner [-] Task c708e019-2db7-43ad-b3c8-d031aba2ba2e | ITER: 9 END: OK
2019-12-18 03:14:59.060 23624 RALLYDEBUG rally.task.utils [-] Waiting for resource s_rally_43a57738_JyDzHL4x. Status changed: RESIZE => VERIFY_RESIZE in 17.666827917099
2019-12-18 03:14:59.642 23624 RALLYDEBUG rally.task.utils [-] Waiting for resource s_rally_43a57738_JyDzHL4x. Status changed: ACTIVE => VERIFY_RESIZE in 0.19144082069396973
2019-12-18 03:15:01.859 23624 RALLYDEBUG rally.task.utils [-] Waiting for resource s_rally_43a57738_JyDzHL4x. Status changed: VERIFY_RESIZE => ACTIVE in 2.217052459716797
2019-12-18 03:15:04.280 23624 INFO rally.task.runner [-] Task c708e019-2db7-43ad-b3c8-d031aba2ba2e | ITER: 8 END: OK
2019-12-18 03:15:31.255 23627 RALLYDEBUG rally.task.utils [-] Waiting for resource s_rally_43a57738_YbnaWrOu. Status changed: RESIZE => VERIFY_RESIZE in 39.8789918422699
2019-12-18 03:15:31.730 23627 RALLYDEBUG rally.task.utils [-] Waiting for resource s_rally_43a57738_YbnaWrOu. Status changed: ACTIVE => VERIFY_RESIZE in 0.20102763175964355
2019-12-18 03:15:33.951 23627 RALLYDEBUG rally.task.utils [-] Waiting for resource s_rally_43a57738_YbnaWrOu. Status changed: VERIFY_RESIZE => ACTIVE in 2.220749616622925
2019-12-18 03:15:36.340 23627 INFO rally.task.runner [-] Task c708e019-2db7-43ad-b3c8-d031aba2ba2e | ITER: 10 END: OK
2019-12-18 03:15:36.370 20411 INFO rally.task.context [-] Task c708e019-2db7-43ad-b3c8-d031aba2ba2e | Context cleanup@openstack cleanup() started
2019-12-18 03:15:36.375 20411 RALLYDEBUG rally_openstack.cleanup.manager [-] Cleaning up nova servers objects
2019-12-18 03:15:37.723 20411 RALLYDEBUG rally_openstack.cleanup.manager [-] Cleaning up nova server_groups objects
2019-12-18 03:15:38.909 20411 RALLYDEBUG rally_openstack.cleanup.manager [-] Cleaning up nova keypairs objects
2019-12-18 03:15:41.251 20411 INFO rally.task.context [-] Task c708e019-2db7-43ad-b3c8-d031aba2ba2e | Context cleanup@openstack cleanup() finished in 4.88 sec
2019-12-18 03:15:41.251 20411 INFO rally.task.context [-] Task c708e019-2db7-43ad-b3c8-d031aba2ba2e | Context users@openstack cleanup() started
2019-12-18 03:15:45.439 20411 INFO rally.task.context [-] Task c708e019-2db7-43ad-b3c8-d031aba2ba2e | Context users@openstack cleanup() finished in 4.19 sec
2019-12-18 03:15:45.745 20411 INFO rally.task.engine [-] Load duration is: 120.575659
2019-12-18 03:15:45.745 20411 INFO rally.task.engine [-] Full runner duration is: 121.628481
2019-12-18 03:15:45.746 20411 INFO rally.task.engine [-] Full duration is: 134.240545
2019-12-18 03:15:46.126 20411 INFO rally.task.engine [-] Running workload: position = 0 config = { "version": 2, "title": "A cropped version of a bigger task.", "description": "Auto-generated task from a single workload (uuid=f4c853c3-291d-46f2-bbd4-4a1c1c699f85)", "subtasks": [ { "title": "NovaServers.boot_server_and_list_interfaces", "description": "Boot a server and list interfaces attached to it.", "scenario": { "NovaServers.boot_server_and_list_interfaces": { "flavor": { "name": "rally_full-flavor_82abc6db-4b93-46af-8703-7548ccee80b4" }, "image": { "name": "rally_full-img_82abc6db-4b93-46af-8703-7548ccee80b4" }, "auto_assign_nic": true } }, "contexts": { "users": { "tenants": 3, "users_per_tenant": 2 }, "network": {} }, "runner": { "constant": { "concurrency": 4, "times": 10 } }, "hooks": [], "sla": { "failure_rate": { "max": 0 } } } ] }
2019-12-18 03:15:46.150 20411 RALLYDEBUG rally_openstack.contexts.keystone.users [-] Creating 3 tenants using 20 threads
2019-12-18 03:15:47.207 20411 RALLYDEBUG rally_openstack.contexts.keystone.users [-] Creating 6 users using 20 threads
2019-12-18 03:15:48.783 20411 INFO rally.task.context [-] Task c708e019-2db7-43ad-b3c8-d031aba2ba2e | Context users@openstack setup() finished in 2.63 sec
2019-12-18 03:15:51.755 20411 RALLYDEBUG rally_openstack.wrappers.network [-] CIDR generated: 10.2.27.0/24
2019-12-18 03:15:56.068 20411 RALLYDEBUG rally_openstack.wrappers.network [-] CIDR generated: 10.2.28.0/24
2019-12-18 03:16:00.509 20411 RALLYDEBUG rally_openstack.wrappers.network [-] CIDR generated: 10.2.29.0/24
2019-12-18 03:16:02.749 20411 INFO rally.task.context [-] Task c708e019-2db7-43ad-b3c8-d031aba2ba2e | Context network@openstack setup() finished in 13.96 sec
2019-12-18 03:16:02.749 20411 INFO rally.task.context [-] Task c708e019-2db7-43ad-b3c8-d031aba2ba2e | Context cleanup@openstack setup() finished in 0.01 msec
2019-12-18 03:16:03.707 20411 RALLYDEBUG rally.task.runner [-] Starting the constant runner (task UUID: c708e019-2db7-43ad-b3c8-d031aba2ba2e). times: 10 concurrency: 4 timeout: 0 max_cpu_used: 16 processes_to_start: 4 concurrency_per_worker: 1 concurrency_overhead: 0
2019-12-18 03:16:03.719 23787 RALLYDEBUG rally.task.runner [-] Starting a worker. times: 10 duration: None concurrency: 1 timeout: 0 cls: method_name: run args: {"flavor": "c3ced0cb-30ea-448e-8a52-6953d615bc6c", "image": "48bf0efe-01ba-4643-8231-99113ba84e63", "auto_assign_nic": true}
2019-12-18 03:16:03.723 23788 RALLYDEBUG rally.task.runner [-] Starting a worker. times: 10 duration: None concurrency: 1 timeout: 0 cls: method_name: run args: {"flavor": "c3ced0cb-30ea-448e-8a52-6953d615bc6c", "image": "48bf0efe-01ba-4643-8231-99113ba84e63", "auto_assign_nic": true}
2019-12-18 03:16:03.726 23787 INFO rally.task.runner [-] Task c708e019-2db7-43ad-b3c8-d031aba2ba2e | ITER: 1 START
2019-12-18 03:16:03.726 23789 RALLYDEBUG rally.task.runner [-] Starting a worker. times: 10 duration: None concurrency: 1 timeout: 0 cls: method_name: run args: {"flavor": "c3ced0cb-30ea-448e-8a52-6953d615bc6c", "image": "48bf0efe-01ba-4643-8231-99113ba84e63", "auto_assign_nic": true}
2019-12-18 03:16:03.730 23788 INFO rally.task.runner [-] Task c708e019-2db7-43ad-b3c8-d031aba2ba2e | ITER: 2 START
