2019-12-18 01:47:40.503 2602 INFO rally.task.runner [-] Task b94de6b8-2756-4398-b260-951ee1543e30 | ITER: 8 END: OK
2019-12-18 01:47:43.321 2603 INFO rally.task.runner [-] Task b94de6b8-2756-4398-b260-951ee1543e30 | ITER: 10 END: OK
2019-12-18 01:47:43.467 2601 INFO rally.task.runner [-] Task b94de6b8-2756-4398-b260-951ee1543e30 | ITER: 9 END: OK
2019-12-18 01:47:43.488 1845 INFO rally.task.context [-] Task b94de6b8-2756-4398-b260-951ee1543e30 | Context cleanup@openstack cleanup() started
2019-12-18 01:47:43.491 1845 RALLYDEBUG rally_openstack.cleanup.manager [-] Cleaning up cinder backups objects
2019-12-18 01:47:44.655 1845 RALLYDEBUG rally_openstack.cleanup.manager [-] Cleaning up cinder volume_snapshots objects
2019-12-18 01:47:45.859 1845 RALLYDEBUG rally_openstack.cleanup.manager [-] Cleaning up cinder transfers objects
2019-12-18 01:47:47.027 1845 RALLYDEBUG rally_openstack.cleanup.manager [-] Cleaning up cinder volumes objects
2019-12-18 01:47:48.268 1845 RALLYDEBUG rally_openstack.cleanup.manager [-] Deleting cinder.volumes object s_rally_8b875747_rG46vGKo (0c89b4a9-087a-445d-bedb-b813c274085b)
2019-12-18 01:47:48.277 1845 RALLYDEBUG rally_openstack.cleanup.manager [-] Deleting cinder.volumes object s_rally_8b875747_Pgs3OgIN (eff44f9b-7ca0-458f-86fe-a727df79a7ac)
2019-12-18 01:47:48.285 1845 RALLYDEBUG rally_openstack.cleanup.manager [-] Deleting cinder.volumes object s_rally_8b875747_q08boWov (8a37298a-d993-4b3b-af5c-1ead870dca12)
2019-12-18 01:47:48.294 1845 RALLYDEBUG rally_openstack.cleanup.manager [-] Deleting cinder.volumes object s_rally_8b875747_2MKtmaU0 (3065081f-e405-473c-bc4f-2cf1bde1ba19)
2019-12-18 01:47:48.309 1845 RALLYDEBUG rally_openstack.cleanup.manager [-] Deleting cinder.volumes object s_rally_8b875747_pnknctpj (01d6f1af-6083-404a-b532-9485cff5d159)
2019-12-18 01:47:48.314 1845 RALLYDEBUG rally_openstack.cleanup.manager [-] Deleting cinder.volumes object s_rally_8b875747_tJRAe5af (d8b6d900-85fc-40f6-85b9-5c6050aea7e5)
2019-12-18 01:47:48.329 1845 RALLYDEBUG rally_openstack.cleanup.manager [-] Deleting cinder.volumes object s_rally_8b875747_SivPr7hs (6d77bf71-16cb-46a0-b2a0-ab6d28814ec9)
2019-12-18 01:47:48.349 1845 RALLYDEBUG rally_openstack.cleanup.manager [-] Deleting cinder.volumes object s_rally_8b875747_6yZFa5Ct (370c49b3-3611-4577-9551-f38c18099b99)
2019-12-18 01:47:48.370 1845 RALLYDEBUG rally_openstack.cleanup.manager [-] Deleting cinder.volumes object s_rally_8b875747_TafJ2trq (db99275c-e78d-4486-8322-46d7245420ac)
2019-12-18 01:47:48.384 1845 RALLYDEBUG rally_openstack.cleanup.manager [-] Deleting cinder.volumes object s_rally_8b875747_t9e5NFWQ (422d61e9-3a69-44df-8160-ed0378e61a15)
2019-12-18 01:47:52.193 1845 INFO rally.task.context [-] Task b94de6b8-2756-4398-b260-951ee1543e30 | Context cleanup@openstack cleanup() finished in 8.71 sec
2019-12-18 01:47:52.194 1845 INFO rally.task.context [-] Task b94de6b8-2756-4398-b260-951ee1543e30 | Context quotas@openstack cleanup() started
2019-12-18 01:47:52.275 1845 INFO rally.task.context [-] Task b94de6b8-2756-4398-b260-951ee1543e30 | Context quotas@openstack cleanup() finished in 81.36 msec
2019-12-18 01:47:52.276 1845 INFO rally.task.context [-] Task b94de6b8-2756-4398-b260-951ee1543e30 | Context api_versions@openstack cleanup() started
2019-12-18 01:47:52.276 1845 INFO rally.task.context [-] Task b94de6b8-2756-4398-b260-951ee1543e30 | Context api_versions@openstack cleanup() finished in 0.33 msec
2019-12-18 01:47:52.276 1845 INFO rally.task.context [-] Task b94de6b8-2756-4398-b260-951ee1543e30 | Context users@openstack cleanup() started
2019-12-18 01:47:56.852 1845 INFO rally.task.context [-] Task b94de6b8-2756-4398-b260-951ee1543e30 | Context users@openstack cleanup() finished in 4.58 sec
2019-12-18 01:47:56.944 1845 INFO rally.task.engine [-] Load duration is: 8.759138
2019-12-18 01:47:56.944 1845 INFO rally.task.engine [-] Full runner duration is: 8.803548
2019-12-18 01:47:56.945 1845 INFO rally.task.engine [-] Full duration is: 26.055944
2019-12-18 01:47:57.272 1845 INFO rally.task.engine [-] Running workload: position = 0 config = { "version": 2, "title": "A cropped version of a bigger task.", "description": "Auto-generated task from a single workload (uuid=fe42782b-e5a9-4d79-834f-f0fa28ba2009)", "subtasks": [ { "title": "CinderVolumes.create_and_upload_volume_to_image", "description": "Create and upload a volume to image.", "scenario": { "CinderVolumes.create_and_upload_volume_to_image": { "container_format": "bare", "disk_format": "raw", "do_delete": true, "force": false, "size": 1 } }, "contexts": { "users": { "tenants": 3, "users_per_tenant": 2 }, "quotas": { "cinder": { "gigabytes": -1, "snapshots": -1, "volumes": -1 } }, "api_versions": { "cinder": { "version": 3, "service_type": "volumev3" } } }, "runner": { "constant": { "concurrency": 4, "times": 10 } }, "hooks": [], "sla": { "failure_rate": { "max": 0 } } } ] }
2019-12-18 01:47:57.297 1845 RALLYDEBUG rally_openstack.contexts.keystone.users [-] Creating 3 tenants using 20 threads
2019-12-18 01:47:58.397 1845 RALLYDEBUG rally_openstack.contexts.keystone.users [-] Creating 6 users using 20 threads
2019-12-18 01:47:59.908 1845 INFO rally.task.context [-] Task b94de6b8-2756-4398-b260-951ee1543e30 | Context users@openstack setup() finished in 2.61 sec
2019-12-18 01:48:00.326 1845 INFO rally.task.context [-] Task b94de6b8-2756-4398-b260-951ee1543e30 | Context api_versions@openstack setup() finished in 0.42 sec
2019-12-18 01:48:01.259 1845 INFO rally.task.context [-] Task b94de6b8-2756-4398-b260-951ee1543e30 | Context quotas@openstack setup() finished in 0.93 sec
2019-12-18 01:48:01.259 1845 INFO rally.task.context [-] Task b94de6b8-2756-4398-b260-951ee1543e30 | Context cleanup@openstack setup() finished in 0.01 msec
2019-12-18 01:48:01.268 1845 RALLYDEBUG rally.task.runner [-] Starting the constant runner (task UUID: b94de6b8-2756-4398-b260-951ee1543e30). times: 10 concurrency: 4 timeout: 0 max_cpu_used: 16 processes_to_start: 4 concurrency_per_worker: 1 concurrency_overhead: 0
2019-12-18 01:48:01.280 2785 RALLYDEBUG rally.task.runner [-] Starting a worker. times: 10 duration: None concurrency: 1 timeout: 0 cls: method_name: run args: {"container_format": "bare", "disk_format": "raw", "do_delete": true, "force": false, "size": 1}
2019-12-18 01:48:01.284 2786 RALLYDEBUG rally.task.runner [-] Starting a worker. times: 10 duration: None concurrency: 1 timeout: 0 cls: method_name: run args: {"container_format": "bare", "disk_format": "raw", "do_delete": true, "force": false, "size": 1}
2019-12-18 01:48:01.287 2785 INFO rally.task.runner [-] Task b94de6b8-2756-4398-b260-951ee1543e30 | ITER: 1 START
2019-12-18 01:48:01.287 2787 RALLYDEBUG rally.task.runner [-] Starting a worker. times: 10 duration: None concurrency: 1 timeout: 0 cls: method_name: run args: {"container_format": "bare", "disk_format": "raw", "do_delete": true, "force": false, "size": 1}
2019-12-18 01:48:01.290 2786 INFO rally.task.runner [-] Task b94de6b8-2756-4398-b260-951ee1543e30 | ITER: 2 START
2019-12-18 01:48:01.290 2788 RALLYDEBUG rally.task.runner [-] Starting a worker. times: 10 duration: None concurrency: 1 timeout: 0 cls: method_name: run args: {"container_format": "bare", "disk_format": "raw", "do_delete": true, "force": false, "size": 1}
2019-12-18 01:48:01.294 2787 INFO rally.task.runner [-] Task b94de6b8-2756-4398-b260-951ee1543e30 | ITER: 3 START
2019-12-18 01:48:01.297 2788 INFO rally.task.runner [-] Task b94de6b8-2756-4398-b260-951ee1543e30 | ITER: 4 START
2019-12-18 01:48:04.595 2787 RALLYDEBUG rally.task.utils [-] Waiting for resource s_rally_fe42782b_gwxlJQk7. Status changed: AVAILABLE => UPLOADING in 0.054175615310668945
2019-12-18 01:48:04.600 2785 RALLYDEBUG rally.task.utils [-] Waiting for resource s_rally_fe42782b_ZT14qqbJ. Status changed: AVAILABLE => UPLOADING in 0.054747581481933594
2019-12-18 01:48:04.996 2788 RALLYDEBUG rally.task.utils [-] Waiting for resource s_rally_fe42782b_TLfTHHnI. Status changed: AVAILABLE => UPLOADING in 0.05458331108093262
2019-12-18 01:48:04.998 2786 RALLYDEBUG rally.task.utils [-] Waiting for resource s_rally_fe42782b_0sSlPPfA. Status changed: AVAILABLE => UPLOADING in 0.053185462951660156
2019-12-18 01:48:13.280 2788 RALLYDEBUG rally.task.utils [-] Waiting for resource s_rally_fe42782b_TLfTHHnI. Status changed: UPLOADING => AVAILABLE in 8.284382104873657
2019-12-18 01:48:13.466 2788 RALLYDEBUG rally.task.utils [-] Waiting for resource s_rally_fe42782b_TLfTHHnI. Status changed: AVAILABLE => DELETING in 0.057160377502441406
2019-12-18 01:48:16.242 2788 INFO rally.task.runner [-] Task b94de6b8-2756-4398-b260-951ee1543e30 | ITER: 4 END: OK
2019-12-18 01:48:16.247 2788 INFO rally.task.runner [-] Task b94de6b8-2756-4398-b260-951ee1543e30 | ITER: 5 START
2019-12-18 01:48:17.150 2787 RALLYDEBUG rally.task.utils [-] Waiting for resource s_rally_fe42782b_gwxlJQk7. Status changed: UPLOADING => AVAILABLE in 12.55536413192749
2019-12-18 01:48:17.157 2785 RALLYDEBUG rally.task.utils [-] Waiting for resource s_rally_fe42782b_ZT14qqbJ. Status changed: UPLOADING => AVAILABLE in 12.557024478912354
2019-12-18 01:48:17.334 2787 RALLYDEBUG rally.task.utils [-] Waiting for resource s_rally_fe42782b_gwxlJQk7. Status changed: AVAILABLE => DELETING in 0.05547666549682617
2019-12-18 01:48:17.339 2785 RALLYDEBUG rally.task.utils [-] Waiting for resource s_rally_fe42782b_ZT14qqbJ. Status changed: AVAILABLE => DELETING in 0.05585813522338867
2019-12-18 01:48:17.464 2786 RALLYDEBUG rally.task.utils [-] Waiting for resource s_rally_fe42782b_0sSlPPfA. Status changed: UPLOADING => AVAILABLE in 12.466370582580566
2019-12-18 01:48:17.648 2786 RALLYDEBUG rally.task.utils [-] Waiting for resource s_rally_fe42782b_0sSlPPfA. Status changed: AVAILABLE => DELETING in 0.06222367286682129
2019-12-18 01:48:19.638 2787 INFO rally.task.runner [-] Task b94de6b8-2756-4398-b260-951ee1543e30 | ITER: 3 END: OK
2019-12-18 01:48:19.643 2787 INFO rally.task.runner [-] Task b94de6b8-2756-4398-b260-951ee1543e30 | ITER: 6 START
2019-12-18 01:48:19.892 2786 INFO rally.task.runner [-] Task b94de6b8-2756-4398-b260-951ee1543e30 | ITER: 2 END: OK
2019-12-18 01:48:19.897 2786 INFO rally.task.runner [-] Task b94de6b8-2756-4398-b260-951ee1543e30 | ITER: 7 START
2019-12-18 01:48:19.967 2788 RALLYDEBUG rally.task.utils [-] Waiting for resource s_rally_fe42782b_eqEG0r88. Status changed: AVAILABLE => UPLOADING in 0.05156707763671875
2019-12-18 01:48:19.979 2785 INFO rally.task.runner [-] Task b94de6b8-2756-4398-b260-951ee1543e30 | ITER: 1 END: OK
2019-12-18 01:48:19.984 2785 INFO rally.task.runner [-] Task b94de6b8-2756-4398-b260-951ee1543e30 | ITER: 8 START
2019-12-18 01:48:22.986 2787 RALLYDEBUG rally.task.utils [-] Waiting for resource s_rally_fe42782b_iVpaHKlz. Status changed: AVAILABLE => UPLOADING in 0.0567319393157959
2019-12-18 01:48:23.262 2785 RALLYDEBUG rally.task.utils [-] Waiting for resource s_rally_fe42782b_OOZ0Xl1n. Status changed: AVAILABLE => UPLOADING in 0.06733369827270508
2019-12-18 01:48:23.630 2786 RALLYDEBUG rally.task.utils [-] Waiting for resource s_rally_fe42782b_ffJjh5sO. Status changed: AVAILABLE => UPLOADING in 0.058977603912353516
2019-12-18 01:48:30.381 2788 RALLYDEBUG rally.task.utils [-] Waiting for resource s_rally_fe42782b_eqEG0r88. Status changed: UPLOADING => AVAILABLE in 10.414525508880615
2019-12-18 01:48:30.733 2788 RALLYDEBUG rally.task.utils [-] Waiting for resource s_rally_fe42782b_eqEG0r88. Status changed: AVAILABLE => DELETING in 0.06785154342651367
2019-12-18 01:48:31.963 2786 RALLYDEBUG rally.task.utils [-] Waiting for resource s_rally_fe42782b_ffJjh5sO. Status changed: UPLOADING => AVAILABLE in 8.333091259002686
2019-12-18 01:48:32.488 2786 RALLYDEBUG rally.task.utils [-] Waiting for resource s_rally_fe42782b_ffJjh5sO. Status changed: AVAILABLE => DELETING in 0.26874351501464844
2019-12-18 01:48:33.645 2788 INFO rally.task.runner [-] Task b94de6b8-2756-4398-b260-951ee1543e30 | ITER: 5 END: OK
2019-12-18 01:48:33.651 2788 INFO rally.task.runner [-] Task b94de6b8-2756-4398-b260-951ee1543e30 | ITER: 9 START
2019-12-18 01:48:35.410 2787 RALLYDEBUG rally.task.utils [-] Waiting for resource s_rally_fe42782b_iVpaHKlz. Status changed: UPLOADING => AVAILABLE in 12.424018859863281
2019-12-18 01:48:35.626 2787 RALLYDEBUG rally.task.utils [-] Waiting for resource s_rally_fe42782b_iVpaHKlz. Status changed: AVAILABLE => DELETING in 0.07582378387451172
2019-12-18 01:48:35.704 2785 RALLYDEBUG rally.task.utils [-] Waiting for resource s_rally_fe42782b_OOZ0Xl1n. Status changed: UPLOADING => AVAILABLE in 12.442240953445435
2019-12-18 01:48:35.946 2785 RALLYDEBUG rally.task.utils [-] Waiting for resource s_rally_fe42782b_OOZ0Xl1n. Status changed: AVAILABLE => DELETING in 0.06915688514709473
2019-12-18 01:48:37.362 2788 RALLYDEBUG rally.task.utils [-] Waiting for resource s_rally_fe42782b_LLVw9ptb. Status changed: AVAILABLE => UPLOADING in 0.0654287338256836
2019-12-18 01:48:38.740 2785 INFO rally.task.runner [-] Task b94de6b8-2756-4398-b260-951ee1543e30 | ITER: 8 END: OK
2019-12-18 01:48:38.745 2785 INFO rally.task.runner [-] Task b94de6b8-2756-4398-b260-951ee1543e30 | ITER: 10 START
2019-12-18 01:48:38.921 2787 INFO rally.task.runner [-] Task b94de6b8-2756-4398-b260-951ee1543e30 | ITER: 6 END: OK
2019-12-18 01:48:39.936 2786 INFO rally.task.runner [-] Task b94de6b8-2756-4398-b260-951ee1543e30 | ITER: 7 END: OK
2019-12-18 01:48:42.002 2785 RALLYDEBUG rally.task.utils [-] Waiting for resource s_rally_fe42782b_joWF1ceH. Status changed: AVAILABLE => UPLOADING in 0.06398296356201172
2019-12-18 01:48:50.095 2788 RALLYDEBUG rally.task.utils [-] Waiting for resource s_rally_fe42782b_LLVw9ptb. Status changed: UPLOADING => AVAILABLE in 12.732168912887573
2019-12-18 01:48:50.279 2788 RALLYDEBUG rally.task.utils [-] Waiting for resource s_rally_fe42782b_LLVw9ptb. Status changed: AVAILABLE => DELETING in 0.0616297721862793
2019-12-18 01:48:52.339 2785 RALLYDEBUG rally.task.utils [-] Waiting for resource s_rally_fe42782b_joWF1ceH. Status changed: UPLOADING => AVAILABLE in 10.33654499053955
2019-12-18 01:48:52.539 2785 RALLYDEBUG rally.task.utils [-] Waiting for resource s_rally_fe42782b_joWF1ceH. Status changed: AVAILABLE => DELETING in 0.06875157356262207
2019-12-18 01:48:52.991 2788 INFO rally.task.runner [-] Task b94de6b8-2756-4398-b260-951ee1543e30 | ITER: 9 END: OK
2019-12-18 01:48:54.803 2785 INFO rally.task.runner [-] Task b94de6b8-2756-4398-b260-951ee1543e30 | ITER: 10 END: OK
2019-12-18 01:48:54.826 1845 INFO rally.task.context [-] Task b94de6b8-2756-4398-b260-951ee1543e30 | Context cleanup@openstack cleanup() started
2019-12-18 01:48:54.830 1845 RALLYDEBUG rally_openstack.cleanup.manager [-] Cleaning up cinder backups objects
2019-12-18 01:48:56.079 1845 RALLYDEBUG rally_openstack.cleanup.manager [-] Cleaning up cinder volume_snapshots objects
2019-12-18 01:48:57.230 1845 RALLYDEBUG rally_openstack.cleanup.manager [-] Cleaning up cinder transfers objects
2019-12-18 01:48:58.375 1845 RALLYDEBUG rally_openstack.cleanup.manager [-] Cleaning up cinder volumes objects
2019-12-18 01:48:59.597 1845 RALLYDEBUG rally_openstack.cleanup.manager [-] Cleaning up glance images objects
2019-12-18 01:49:00.916 1845 INFO rally.task.context [-] Task b94de6b8-2756-4398-b260-951ee1543e30 | Context cleanup@openstack cleanup() finished in 6.09 sec
2019-12-18 01:49:00.917 1845 INFO rally.task.context [-] Task b94de6b8-2756-4398-b260-951ee1543e30 | Context quotas@openstack cleanup() started
2019-12-18 01:49:00.997 1845 INFO rally.task.context [-] Task b94de6b8-2756-4398-b260-951ee1543e30 | Context quotas@openstack cleanup() finished in 80.12 msec
2019-12-18 01:49:00.997 1845 INFO rally.task.context [-] Task b94de6b8-2756-4398-b260-951ee1543e30 | Context api_versions@openstack cleanup() started
2019-12-18 01:49:00.998 1845 INFO rally.task.context [-] Task b94de6b8-2756-4398-b260-951ee1543e30 | Context api_versions@openstack cleanup() finished in 0.35 msec
2019-12-18 01:49:00.998 1845 INFO rally.task.context [-] Task b94de6b8-2756-4398-b260-951ee1543e30 | Context users@openstack cleanup() started
2019-12-18 01:49:05.367 1845 INFO rally.task.context [-] Task b94de6b8-2756-4398-b260-951ee1543e30 | Context users@openstack cleanup() finished in 4.37 sec
2019-12-18 01:49:05.627 1845 INFO rally.task.engine [-] Load duration is: 52.887706
2019-12-18 01:49:05.627 1845 INFO rally.task.engine [-] Full runner duration is: 53.558538
2019-12-18 01:49:05.628 1845 INFO rally.task.engine [-] Full duration is: 68.073036
2019-12-18 01:49:05.930 1845 INFO rally.task.engine [-] Running workload: position = 0 config = { "version": 2, "title": "A cropped version of a bigger task.", "description": "Auto-generated task from a single workload (uuid=025c622a-89a4-4f52-9101-02cd33c3b6eb)", "subtasks": [ { "title": "CinderVolumes.create_nested_snapshots_and_attach_volume", "description": "Create a volume from snapshot and attach/detach the volume", "scenario": { "CinderVolumes.create_nested_snapshots_and_attach_volume": { "flavor": { "name": "rally_full-flavor_82abc6db-4b93-46af-8703-7548ccee80b4" }, "image": { "name": "rally_full-img_82abc6db-4b93-46af-8703-7548ccee80b4" }, "nested_level": 1, "size": { "max": 1, "min": 1 }, "create_vm_params": { "nics": [ { "net-id": "a2e4e6ce-5607-4f93-b98b-e192ed4c6f67" } ] } } }, "contexts": { "users": { "tenants": 3, "users_per_tenant": 2 }, "quotas": { "cinder": { "gigabytes": -1, "snapshots": -1, "volumes": -1 } }, "api_versions": { "cinder": { "version": 3, "service_type": "volumev3" } } }, "runner": { "constant": { "concurrency": 4, "times": 10 } }, "hooks": [], "sla": { "failure_rate": { "max": 0 } } } ] }
2019-12-18 01:49:05.956 1845 RALLYDEBUG rally_openstack.contexts.keystone.users [-] Creating 3 tenants using 20 threads
2019-12-18 01:49:06.989 1845 RALLYDEBUG rally_openstack.contexts.keystone.users [-] Creating 6 users using 20 threads
2019-12-18 01:49:08.510 1845 INFO rally.task.context [-] Task b94de6b8-2756-4398-b260-951ee1543e30 | Context users@openstack setup() finished in 2.55 sec
2019-12-18 01:49:08.925 1845 INFO rally.task.context [-] Task b94de6b8-2756-4398-b260-951ee1543e30 | Context api_versions@openstack setup() finished in 0.41 sec
2019-12-18 01:49:09.851 1845 INFO rally.task.context [-] Task b94de6b8-2756-4398-b260-951ee1543e30 | Context quotas@openstack setup() finished in 0.93 sec
2019-12-18 01:49:09.852 1845 INFO rally.task.context [-] Task b94de6b8-2756-4398-b260-951ee1543e30 | Context cleanup@openstack setup() finished in 0.01 msec
2019-12-18 01:49:10.930 1845 RALLYDEBUG rally.task.runner [-] Starting the constant runner (task UUID: b94de6b8-2756-4398-b260-951ee1543e30). times: 10 concurrency: 4 timeout: 0 max_cpu_used: 16 processes_to_start: 4 concurrency_per_worker: 1 concurrency_overhead: 0
2019-12-18 01:49:10.942 2989 RALLYDEBUG rally.task.runner [-] Starting a worker. times: 10 duration: None concurrency: 1 timeout: 0 cls: method_name: run args: {"flavor": "c3ced0cb-30ea-448e-8a52-6953d615bc6c", "image": "48bf0efe-01ba-4643-8231-99113ba84e63", "nested_level": 1, "size": {"max": 1, "min": 1}, "create_vm_params": {"nics": [{"net-id": "a2e4e6ce-5607-4f93-b98b-e192ed4c6f67"}]}}
2019-12-18 01:49:10.946 2990 RALLYDEBUG rally.task.runner [-] Starting a worker. times: 10 duration: None concurrency: 1 timeout: 0 cls: method_name: run args: {"flavor": "c3ced0cb-30ea-448e-8a52-6953d615bc6c", "image": "48bf0efe-01ba-4643-8231-99113ba84e63", "nested_level": 1, "size": {"max": 1, "min": 1}, "create_vm_params": {"nics": [{"net-id": "a2e4e6ce-5607-4f93-b98b-e192ed4c6f67"}]}}
2019-12-18 01:49:10.950 2989 INFO rally.task.runner [-] Task b94de6b8-2756-4398-b260-951ee1543e30 | ITER: 1 START
2019-12-18 01:49:10.950 2991 RALLYDEBUG rally.task.runner [-] Starting a worker. times: 10 duration: None concurrency: 1 timeout: 0 cls: method_name: run args: {"flavor": "c3ced0cb-30ea-448e-8a52-6953d615bc6c", "image": "48bf0efe-01ba-4643-8231-99113ba84e63", "nested_level": 1, "size": {"max": 1, "min": 1}, "create_vm_params": {"nics": [{"net-id": "a2e4e6ce-5607-4f93-b98b-e192ed4c6f67"}]}}
2019-12-18 01:49:10.953 2990 INFO rally.task.runner [-] Task b94de6b8-2756-4398-b260-951ee1543e30 | ITER: 2 START
2019-12-18 01:49:10.954 2992 RALLYDEBUG rally.task.runner [-] Starting a worker. times: 10 duration: None concurrency: 1 timeout: 0 cls: method_name: run args: {"flavor": "c3ced0cb-30ea-448e-8a52-6953d615bc6c", "image": "48bf0efe-01ba-4643-8231-99113ba84e63", "nested_level": 1, "size": {"max": 1, "min": 1}, "create_vm_params": {"nics": [{"net-id": "a2e4e6ce-5607-4f93-b98b-e192ed4c6f67"}]}}
2019-12-18 01:49:10.957 2991 INFO rally.task.runner [-] Task b94de6b8-2756-4398-b260-951ee1543e30 | ITER: 3 START
2019-12-18 01:49:10.961 2992 INFO rally.task.runner [-] Task b94de6b8-2756-4398-b260-951ee1543e30 | ITER: 4 START
2019-12-18 01:49:18.162 2989 RALLYDEBUG rally.task.utils [-] Waiting for resource s_rally_025c622a_VOSVsMoL. Status changed: BUILD => ACTIVE in 4.648925304412842
2019-12-18 01:49:20.454 2990 RALLYDEBUG rally.task.utils [-] Waiting for resource s_rally_025c622a_dqKqiGyL. Status changed: BUILD => ACTIVE in 6.94450044631958
2019-12-18 01:49:20.491 2992 RALLYDEBUG rally.task.utils [-] Waiting for resource s_rally_025c622a_ms3lEuiY. Status changed: BUILD => ACTIVE in 7.065868377685547
2019-12-18 01:49:20.528 2991 RALLYDEBUG rally.task.utils [-] Waiting for resource s_rally_025c622a_AmtbtTGt. Status changed: BUILD => ACTIVE in 7.063208341598511
2019-12-18 01:49:23.477 2989 RALLYDEBUG rally.task.utils [-] Waiting for resource s_rally_025c622a_Ai5e1l1j. Status changed: AVAILABLE => RESERVED in 0.4120197296142578
2019-12-18 01:49:25.771 2990 RALLYDEBUG rally.task.utils [-] Waiting for resource s_rally_025c622a_UhUkUfyG. Status changed: AVAILABLE => RESERVED in 0.41723203659057617
2019-12-18 01:49:25.796 2992 RALLYDEBUG rally.task.utils [-] Waiting for resource s_rally_025c622a_hXsZkIgj. Status changed: AVAILABLE => RESERVED in 0.4134178161621094
2019-12-18 01:49:25.862 2991 RALLYDEBUG rally.task.utils [-] Waiting for resource s_rally_025c622a_nKEhPEik. Status changed: AVAILABLE => RESERVED in 0.3975672721862793
2019-12-18 01:49:25.874 2989 RALLYDEBUG rally.task.utils [-] Waiting for resource s_rally_025c622a_Ai5e1l1j. Status changed: RESERVED => IN-USE in 2.39778995513916
2019-12-18 01:49:26.502 2989 RALLYDEBUG rally.task.utils [-] Waiting for resource s_rally_025c622a_Ai5e1l1j. Status changed: AVAILABLE => DETACHING in 0.4175138473510742
2019-12-18 01:49:28.181 2990 RALLYDEBUG rally.task.utils [-] Waiting for resource s_rally_025c622a_UhUkUfyG. Status changed: RESERVED => IN-USE in 2.410085916519165
2019-12-18 01:49:28.201 2992 RALLYDEBUG rally.task.utils [-] Waiting for resource s_rally_025c622a_hXsZkIgj. Status changed: RESERVED => IN-USE in 2.405543327331543
2019-12-18 01:49:28.271 2991 RALLYDEBUG rally.task.utils [-] Waiting for resource s_rally_025c622a_nKEhPEik. Status changed: RESERVED => ATTACHING in 2.4091439247131348
2019-12-18 01:49:28.745 2990 RALLYDEBUG rally.task.utils [-] Waiting for resource s_rally_025c622a_UhUkUfyG. Status changed: AVAILABLE => DETACHING in 0.40035462379455566
2019-12-18 01:49:28.764 2992 RALLYDEBUG rally.task.utils [-] Waiting for resource s_rally_025c622a_hXsZkIgj. Status changed: AVAILABLE => DETACHING in 0.4035000801086426
2019-12-18 01:49:28.898 2989 RALLYDEBUG rally.task.utils [-] Waiting for resource s_rally_025c622a_Ai5e1l1j. Status changed: DETACHING => AVAILABLE in 2.3956851959228516
2019-12-18 01:49:28.985 2989 RALLYDEBUG rally.task.utils [-] Waiting for resource s_rally_025c622a_NjdArv5o. Status changed: AVAILABLE => DELETING in 0.02757716178894043
2019-12-18 01:49:30.711 2991 RALLYDEBUG rally.task.utils [-] Waiting for resource s_rally_025c622a_nKEhPEik. Status changed: ATTACHING => IN-USE in 2.439976215362549
2019-12-18 01:49:31.141 2990 RALLYDEBUG rally.task.utils [-] Waiting for resource s_rally_025c622a_UhUkUfyG. Status changed: DETACHING => AVAILABLE in 2.3961122035980225
2019-12-18 01:49:31.146 2989 RALLYDEBUG rally.task.utils [-] Waiting for resource s_rally_025c622a_Ai5e1l1j. Status changed: AVAILABLE => DELETING in 0.05316925048828125
2019-12-18 01:49:31.154 2992 RALLYDEBUG rally.task.utils [-] Waiting for resource s_rally_025c622a_hXsZkIgj. Status changed: DETACHING => AVAILABLE in 2.3899106979370117
2019-12-18 01:49:31.228 2990 RALLYDEBUG rally.task.utils [-] Waiting for resource s_rally_025c622a_D8rznJ0J. Status changed: AVAILABLE => DELETING in 0.025989294052124023
2019-12-18 01:49:31.240 2992 RALLYDEBUG rally.task.utils [-] Waiting for resource s_rally_025c622a_QPmJaLum. Status changed: AVAILABLE => DELETING in 0.023953676223754883
2019-12-18 01:49:31.415 2991 RALLYDEBUG rally.task.utils [-] Waiting for resource s_rally_025c622a_nKEhPEik. Status changed: AVAILABLE => DETACHING in 0.4145379066467285
2019-12-18 01:49:33.437 2992 RALLYDEBUG rally.task.utils [-] Waiting for resource s_rally_025c622a_hXsZkIgj. Status changed: AVAILABLE => DELETING in 0.06087803840637207
2019-12-18 01:49:33.449 2990 RALLYDEBUG rally.task.utils [-] Waiting for resource s_rally_025c622a_UhUkUfyG. Status changed: AVAILABLE => DELETING in 0.0735628604888916
2019-12-18 01:49:33.838 2991 RALLYDEBUG rally.task.utils [-] Waiting for resource s_rally_025c622a_nKEhPEik. Status changed: DETACHING => AVAILABLE in 2.4230904579162598
2019-12-18 01:49:33.949 2991 RALLYDEBUG rally.task.utils [-] Waiting for resource s_rally_025c622a_eHnfLdeF. Status changed: AVAILABLE => DELETING in 0.03571438789367676
2019-12-18 01:49:35.694 2989 INFO rally.task.runner [-] Task b94de6b8-2756-4398-b260-951ee1543e30 | ITER: 1 END: OK
2019-12-18 01:49:35.701 2989 INFO rally.task.runner [-] Task b94de6b8-2756-4398-b260-951ee1543e30 | ITER: 5 START
2019-12-18 01:49:36.100 2991 RALLYDEBUG rally.task.utils [-] Waiting for resource s_rally_025c622a_nKEhPEik. Status changed: AVAILABLE => DELETING in 0.05565905570983887
2019-12-18 01:49:37.935 2992 INFO rally.task.runner [-] Task b94de6b8-2756-4398-b260-951ee1543e30 | ITER: 4 END: OK
2019-12-18 01:49:37.942 2992 INFO rally.task.runner [-] Task b94de6b8-2756-4398-b260-951ee1543e30 | ITER: 6 START
2019-12-18 01:49:38.021 2990 INFO rally.task.runner [-] Task b94de6b8-2756-4398-b260-951ee1543e30 | ITER: 2 END: OK
2019-12-18 01:49:38.027 2990 INFO rally.task.runner [-] Task b94de6b8-2756-4398-b260-951ee1543e30 | ITER: 7 START
2019-12-18 01:49:40.765 2991 INFO rally.task.runner [-] Task b94de6b8-2756-4398-b260-951ee1543e30 | ITER: 3 END: OK
2019-12-18 01:49:40.771 2991 INFO rally.task.runner [-] Task b94de6b8-2756-4398-b260-951ee1543e30 | ITER: 8 START
2019-12-18 01:49:43.107 2989 RALLYDEBUG rally.task.utils [-] Waiting for resource s_rally_025c622a_xUhxCWGY. Status changed: BUILD => ACTIVE in 4.71492075920105
2019-12-18 01:49:45.256 2990 RALLYDEBUG rally.task.utils [-] Waiting for resource s_rally_025c622a_cgzvBAPY. Status changed: BUILD => ACTIVE in 4.6883323192596436
2019-12-18 01:49:47.709 2992 RALLYDEBUG rally.task.utils [-] Waiting for resource s_rally_025c622a_7bO6MSRX. Status changed: BUILD => ACTIVE in 6.973439693450928
2019-12-18 01:49:48.447 2989 RALLYDEBUG rally.task.utils [-] Waiting for resource s_rally_025c622a_HXcIPIPL. Status changed: AVAILABLE => RESERVED in 0.404618501663208
2019-12-18 01:49:49.944 2991 RALLYDEBUG rally.task.utils [-] Waiting for resource s_rally_025c622a_fnfPXibj. Status changed: BUILD => ACTIVE in 6.923959016799927
2019-12-18 01:49:50.866 2989 RALLYDEBUG rally.task.utils [-] Waiting for resource s_rally_025c622a_HXcIPIPL. Status changed: RESERVED => IN-USE in 2.4190073013305664
2019-12-18 01:49:51.243 2990 RALLYDEBUG rally.task.utils [-] Waiting for resource s_rally_025c622a_aBBQzKGX. Status changed: AVAILABLE => RESERVED in 0.4771265983581543
2019-12-18 01:49:51.432 2989 RALLYDEBUG rally.task.utils [-] Waiting for resource s_rally_025c622a_HXcIPIPL. Status changed: AVAILABLE => DETACHING in 0.4062809944152832
2019-12-18 01:49:53.535 2992 RALLYDEBUG rally.task.utils [-] Waiting for resource s_rally_025c622a_xL3j6BO7. Status changed: AVAILABLE => RESERVED in 0.4246406555175781
2019-12-18 01:49:53.662 2990 RALLYDEBUG rally.task.utils [-] Waiting for resource s_rally_025c622a_aBBQzKGX. Status changed: RESERVED => IN-USE in 2.419140100479126
2019-12-18 01:49:53.827 2989 RALLYDEBUG rally.task.utils [-] Waiting for resource s_rally_025c622a_HXcIPIPL. Status changed: DETACHING => AVAILABLE in 2.3949661254882812
2019-12-18 01:49:53.916 2989 RALLYDEBUG rally.task.utils [-] Waiting for resource s_rally_025c622a_cayTnkSD. Status changed: AVAILABLE => DELETING in 0.029785633087158203
2019-12-18 01:49:54.248 2990 RALLYDEBUG rally.task.utils [-] Waiting for resource s_rally_025c622a_aBBQzKGX. Status changed: AVAILABLE => DETACHING in 0.42986345291137695
2019-12-18 01:49:55.661 2991 RALLYDEBUG rally.task.utils [-] Waiting for resource s_rally_025c622a_oYthwgyy. Status changed: AVAILABLE => RESERVED in 0.42241525650024414
2019-12-18 01:49:55.962 2992 RALLYDEBUG rally.task.utils [-] Waiting for resource s_rally_025c622a_xL3j6BO7. Status changed: RESERVED => IN-USE in 2.4275407791137695
2019-12-18 01:49:56.064 2989 RALLYDEBUG rally.task.utils [-] Waiting for resource s_rally_025c622a_HXcIPIPL. Status changed: AVAILABLE => DELETING in 0.059856414794921875
2019-12-18 01:49:56.554 2992 RALLYDEBUG rally.task.utils [-] Waiting for resource s_rally_025c622a_xL3j6BO7. Status changed: AVAILABLE => DETACHING in 0.42595338821411133
2019-12-18 01:49:56.678 2990 RALLYDEBUG rally.task.utils [-] Waiting for resource s_rally_025c622a_aBBQzKGX. Status changed: DETACHING => AVAILABLE in 2.430100440979004
2019-12-18 01:49:56.765 2990 RALLYDEBUG rally.task.utils [-] Waiting for resource s_rally_025c622a_NT095vR1. Status changed: AVAILABLE => DELETING in 0.030382394790649414
2019-12-18 01:49:58.096 2991 RALLYDEBUG rally.task.utils [-] Waiting for resource s_rally_025c622a_oYthwgyy. Status changed: RESERVED => IN-USE in 2.4346652030944824
2019-12-18 01:49:58.722 2991 RALLYDEBUG rally.task.utils [-] Waiting for resource s_rally_025c622a_oYthwgyy. Status changed: AVAILABLE => DETACHING in 0.3986392021179199
2019-12-18 01:49:58.908 2990 RALLYDEBUG rally.task.utils [-] Waiting for resource s_rally_025c622a_aBBQzKGX. Status changed: AVAILABLE => DELETING in 0.0544743537902832
2019-12-18 01:49:58.974 2992 RALLYDEBUG rally.task.utils [-] Waiting for resource s_rally_025c622a_xL3j6BO7. Status changed: DETACHING => AVAILABLE in 2.419919013977051
2019-12-18 01:49:59.063 2992 RALLYDEBUG rally.task.utils [-] Waiting for resource s_rally_025c622a_6hjnJJRY. Status changed: AVAILABLE => DELETING in 0.026798009872436523
2019-12-18 01:50:00.532 2989 INFO rally.task.runner [-] Task b94de6b8-2756-4398-b260-951ee1543e30 | ITER: 5 END: OK
2019-12-18 01:50:00.536 2989 INFO rally.task.runner [-] Task b94de6b8-2756-4398-b260-951ee1543e30 | ITER: 9 START
2019-12-18 01:50:01.148 2991 RALLYDEBUG rally.task.utils [-] Waiting for resource s_rally_025c622a_oYthwgyy. Status changed: DETACHING => AVAILABLE in 2.4261176586151123
2019-12-18 01:50:01.224 2992 RALLYDEBUG rally.task.utils [-] Waiting for resource s_rally_025c622a_xL3j6BO7. Status changed: AVAILABLE => DELETING in 0.0653994083404541
2019-12-18 01:50:01.235 2991 RALLYDEBUG rally.task.utils [-] Waiting for resource s_rally_025c622a_e7VW8awz. Status changed: AVAILABLE => DELETING in 0.027617454528808594
2019-12-18 01:50:03.389 2991 RALLYDEBUG rally.task.utils [-] Waiting for resource s_rally_025c622a_oYthwgyy. Status changed: AVAILABLE => DELETING in 0.05978798866271973
2019-12-18 01:50:03.398 2990 INFO rally.task.runner [-] Task b94de6b8-2756-4398-b260-951ee1543e30 | ITER: 7 END: OK
2019-12-18 01:50:03.402 2990 INFO rally.task.runner [-] Task b94de6b8-2756-4398-b260-951ee1543e30 | ITER: 10 START
2019-12-18 01:50:05.621 2992 INFO rally.task.runner [-] Task b94de6b8-2756-4398-b260-951ee1543e30 | ITER: 6 END: OK
2019-12-18 01:50:07.908 2991 INFO rally.task.runner [-] Task b94de6b8-2756-4398-b260-951ee1543e30 | ITER: 8 END: OK
2019-12-18 01:50:09.835 2989 RALLYDEBUG rally.task.utils [-] Waiting for resource s_rally_025c622a_2E3pguWX. Status changed: BUILD => ACTIVE in 6.960633277893066
2019-12-18 01:50:12.446 2990 RALLYDEBUG rally.task.utils [-] Waiting for resource s_rally_025c622a_P9C1vDP0. Status changed: BUILD => ACTIVE in 6.7259697914123535
2019-12-18 01:50:15.292 2989 RALLYDEBUG rally.task.utils [-] Waiting for resource s_rally_025c622a_JE58VlSa. Status changed: AVAILABLE => RESERVED in 0.4281790256500244
2019-12-18 01:50:17.696 2989 RALLYDEBUG rally.task.utils [-] Waiting for resource s_rally_025c622a_JE58VlSa. Status changed: RESERVED => IN-USE in 2.4041852951049805
2019-12-18 01:50:17.950 2990 RALLYDEBUG rally.task.utils [-] Waiting for resource s_rally_025c622a_TyccphWQ. Status changed: AVAILABLE => RESERVED in 0.4201693534851074
2019-12-18 01:50:18.291 2989 RALLYDEBUG rally.task.utils [-] Waiting for resource s_rally_025c622a_JE58VlSa. Status changed: AVAILABLE => DETACHING in 0.41788387298583984
2019-12-18 01:50:20.391 2990 RALLYDEBUG rally.task.utils [-] Waiting for resource s_rally_025c622a_TyccphWQ. Status changed: RESERVED => IN-USE in 2.4410574436187744
2019-12-18 01:50:20.724 2989 RALLYDEBUG rally.task.utils [-] Waiting for resource s_rally_025c622a_JE58VlSa. Status changed: DETACHING => AVAILABLE in 2.4324698448181152
2019-12-18 01:50:20.815 2989 RALLYDEBUG rally.task.utils [-] Waiting for resource s_rally_025c622a_yoMPb1vW. Status changed: AVAILABLE => DELETING in 0.028467416763305664
2019-12-18 01:50:20.981 2990 RALLYDEBUG rally.task.utils [-] Waiting for resource s_rally_025c622a_TyccphWQ. Status changed: AVAILABLE => DETACHING in 0.4166138172149658
2019-12-18 01:50:22.980 2989 RALLYDEBUG rally.task.utils [-] Waiting for resource s_rally_025c622a_JE58VlSa. Status changed: AVAILABLE => DELETING in 0.06780505180358887
2019-12-18 01:50:23.406 2990 RALLYDEBUG rally.task.utils [-] Waiting for resource s_rally_025c622a_TyccphWQ. Status changed: DETACHING => AVAILABLE in 2.425065040588379
2019-12-18 01:50:23.513 2990 RALLYDEBUG rally.task.utils [-] Waiting for resource s_rally_025c622a_e3cI8LpA. Status changed: AVAILABLE => DELETING in 0.03323960304260254
2019-12-18 01:50:25.687 2990 RALLYDEBUG rally.task.utils [-] Waiting for resource s_rally_025c622a_TyccphWQ. Status changed: AVAILABLE => DELETING in 0.07121896743774414
2019-12-18 01:50:27.555 2989 INFO rally.task.runner [-] Task b94de6b8-2756-4398-b260-951ee1543e30 | ITER: 9 END: OK
2019-12-18 01:50:30.391 2990 INFO rally.task.runner [-] Task b94de6b8-2756-4398-b260-951ee1543e30 | ITER: 10 END: OK
2019-12-18 01:50:30.415 1845 INFO rally.task.context [-] Task b94de6b8-2756-4398-b260-951ee1543e30 | Context cleanup@openstack cleanup() started
2019-12-18 01:50:30.420 1845 RALLYDEBUG rally_openstack.cleanup.manager [-] Cleaning up nova servers objects
2019-12-18 01:50:31.730 1845 RALLYDEBUG rally_openstack.cleanup.manager [-] Cleaning up nova server_groups objects
2019-12-18 01:50:32.857 1845 RALLYDEBUG rally_openstack.cleanup.manager [-] Cleaning up nova keypairs objects
2019-12-18 01:50:35.299 1845 RALLYDEBUG rally_openstack.cleanup.manager [-] Cleaning up cinder backups objects
2019-12-18 01:50:36.476 1845 RALLYDEBUG rally_openstack.cleanup.manager [-] Cleaning up cinder volume_snapshots objects
2019-12-18 01:50:37.630 1845 RALLYDEBUG rally_openstack.cleanup.manager [-] Cleaning up cinder transfers objects
2019-12-18 01:50:38.790 1845 RALLYDEBUG rally_openstack.cleanup.manager [-] Cleaning up cinder volumes objects
2019-12-18 01:50:40.033 1845 INFO rally.task.context [-] Task b94de6b8-2756-4398-b260-951ee1543e30 | Context cleanup@openstack cleanup() finished in 9.62 sec
2019-12-18 01:50:40.034 1845 INFO rally.task.context [-] Task b94de6b8-2756-4398-b260-951ee1543e30 | Context quotas@openstack cleanup() started
2019-12-18 01:50:40.117 1845 INFO rally.task.context [-] Task b94de6b8-2756-4398-b260-951ee1543e30 | Context quotas@openstack cleanup() finished in 83.50 msec
2019-12-18 01:50:40.118 1845 INFO rally.task.context [-] Task b94de6b8-2756-4398-b260-951ee1543e30 | Context api_versions@openstack cleanup() started
2019-12-18 01:50:40.118 1845 INFO rally.task.context [-] Task b94de6b8-2756-4398-b260-951ee1543e30 | Context api_versions@openstack cleanup() finished in 0.36 msec
2019-12-18 01:50:40.119 1845 INFO rally.task.context [-] Task b94de6b8-2756-4398-b260-951ee1543e30 | Context users@openstack cleanup() started
2019-12-18 01:50:44.191 1845 INFO rally.task.context [-] Task b94de6b8-2756-4398-b260-951ee1543e30 | Context users@openstack cleanup() finished in 4.07 sec
2019-12-18 01:50:44.420 1845 INFO rally.task.engine [-] Load duration is: 78.436584
2019-12-18 01:50:44.420 1845 INFO rally.task.engine [-] Full runner duration is: 79.484926
2019-12-18 01:50:44.421 1845 INFO rally.task.engine [-] Full duration is: 98.237399
2019-12-18 01:50:44.764 1845 INFO rally.task.engine [-] Running workload: position = 0 config = { "version": 2, "title": "A cropped version of a bigger task.", "description": "Auto-generated task from a single workload (uuid=caf8df1d-c617-4c18-8c66-edd33a62e7d8)", "subtasks": [ { "title": "CinderVolumes.create_snapshot_and_attach_volume", "description": "Create vm, volume, snapshot and attach/detach volume.", "scenario": { "CinderVolumes.create_snapshot_and_attach_volume": { "flavor": { "name": "rally_full-flavor_82abc6db-4b93-46af-8703-7548ccee80b4" }, "image": { "name": "rally_full-img_82abc6db-4b93-46af-8703-7548ccee80b4" }, "size": { "min": 1, "max": 1 }, "create_vm_params": { "nics": [ { "net-id": "a2e4e6ce-5607-4f93-b98b-e192ed4c6f67" } ] } } }, "contexts": { "users": { "tenants": 3, "users_per_tenant": 2 }, "quotas": { "cinder": { "gigabytes": -1, "snapshots": -1, "volumes": -1 } }, "api_versions": { "cinder": { "version": 3, "service_type": "volumev3" } } }, "runner": { "constant": { "concurrency": 4, "times": 10 } }, "hooks": [], "sla": { "failure_rate": { "max": 0 } } } ] }
2019-12-18 01:50:44.790 1845 RALLYDEBUG rally_openstack.contexts.keystone.users [-] Creating 3 tenants using 20 threads
2019-12-18 01:50:45.813 1845 RALLYDEBUG rally_openstack.contexts.keystone.users [-] Creating 6 users using 20 threads
2019-12-18 01:50:47.326 1845 INFO rally.task.context [-] Task b94de6b8-2756-4398-b260-951ee1543e30 | Context users@openstack setup() finished in 2.54 sec
2019-12-18 01:50:47.737 1845 INFO rally.task.context [-] Task b94de6b8-2756-4398-b260-951ee1543e30 | Context api_versions@openstack setup() finished in 0.41 sec
2019-12-18 01:50:48.698 1845 INFO rally.task.context [-] Task b94de6b8-2756-4398-b260-951ee1543e30 | Context quotas@openstack setup() finished in 0.96 sec
2019-12-18 01:50:48.698 1845 INFO rally.task.context [-] Task b94de6b8-2756-4398-b260-951ee1543e30 | Context cleanup@openstack setup() finished in 0.04 msec
2019-12-18 01:50:49.773 1845 RALLYDEBUG rally.task.runner [-] Starting the constant runner (task UUID: b94de6b8-2756-4398-b260-951ee1543e30). times: 10 concurrency: 4 timeout: 0 max_cpu_used: 16 processes_to_start: 4 concurrency_per_worker: 1 concurrency_overhead: 0
2019-12-18 01:50:49.786 3233 RALLYDEBUG rally.task.runner [-] Starting a worker. times: 10 duration: None concurrency: 1 timeout: 0 cls: method_name: run args: {"flavor": "c3ced0cb-30ea-448e-8a52-6953d615bc6c", "image": "48bf0efe-01ba-4643-8231-99113ba84e63", "size": {"min": 1, "max": 1}, "create_vm_params": {"nics": [{"net-id": "a2e4e6ce-5607-4f93-b98b-e192ed4c6f67"}]}}
2019-12-18 01:50:49.789 3234 RALLYDEBUG rally.task.runner [-] Starting a worker. times: 10 duration: None concurrency: 1 timeout: 0 cls: method_name: run args: {"flavor": "c3ced0cb-30ea-448e-8a52-6953d615bc6c", "image": "48bf0efe-01ba-4643-8231-99113ba84e63", "size": {"min": 1, "max": 1}, "create_vm_params": {"nics": [{"net-id": "a2e4e6ce-5607-4f93-b98b-e192ed4c6f67"}]}}
2019-12-18 01:50:49.793 3233 INFO rally.task.runner [-] Task b94de6b8-2756-4398-b260-951ee1543e30 | ITER: 1 START
2019-12-18 01:50:49.793 3235 RALLYDEBUG rally.task.runner [-] Starting a worker. times: 10 duration: None concurrency: 1 timeout: 0 cls: method_name: run args: {"flavor": "c3ced0cb-30ea-448e-8a52-6953d615bc6c", "image": "48bf0efe-01ba-4643-8231-99113ba84e63", "size": {"min": 1, "max": 1}, "create_vm_params": {"nics": [{"net-id": "a2e4e6ce-5607-4f93-b98b-e192ed4c6f67"}]}}
2019-12-18 01:50:49.796 3234 INFO rally.task.runner [-] Task b94de6b8-2756-4398-b260-951ee1543e30 | ITER: 2 START
2019-12-18 01:50:49.797 3237 RALLYDEBUG rally.task.runner [-] Starting a worker. times: 10 duration: None concurrency: 1 timeout: 0 cls: method_name: run args: {"flavor": "c3ced0cb-30ea-448e-8a52-6953d615bc6c", "image": "48bf0efe-01ba-4643-8231-99113ba84e63", "size": {"min": 1, "max": 1}, "create_vm_params": {"nics": [{"net-id": "a2e4e6ce-5607-4f93-b98b-e192ed4c6f67"}]}}
2019-12-18 01:50:49.800 3235 INFO rally.task.runner [-] Task b94de6b8-2756-4398-b260-951ee1543e30 | ITER: 3 START
2019-12-18 01:50:49.803 3237 INFO rally.task.runner [-] Task b94de6b8-2756-4398-b260-951ee1543e30 | ITER: 4 START
2019-12-18 01:51:01.416 3235 RALLYDEBUG rally.task.utils [-] Waiting for resource s_rally_caf8df1d_T1wrjhZj. Status changed: BUILD => ACTIVE in 4.700263977050781
2019-12-18 01:51:01.433 3233 RALLYDEBUG rally.task.utils [-] Waiting for resource s_rally_caf8df1d_SUQx68Em. Status changed: BUILD => ACTIVE in 4.675729036331177
2019-12-18 01:51:02.079 3233 RALLYDEBUG rally.task.utils [-] Waiting for resource s_rally_caf8df1d_OHbdWRLW. Status changed: AVAILABLE => RESERVED in 0.39893245697021484
2019-12-18 01:51:02.080 3235 RALLYDEBUG rally.task.utils [-] Waiting for resource s_rally_caf8df1d_GQDdRsLG. Status changed: AVAILABLE => RESERVED in 0.4085817337036133
2019-12-18 01:51:03.655 3234 RALLYDEBUG rally.task.utils [-] Waiting for resource s_rally_caf8df1d_dbyOpC12. Status changed: BUILD => ACTIVE in 6.8430335521698
2019-12-18 01:51:03.678 3237 RALLYDEBUG rally.task.utils [-] Waiting for resource s_rally_caf8df1d_CVvgYNuf. Status changed: BUILD => ACTIVE in 6.790356874465942
2019-12-18 01:51:04.315 3234 RALLYDEBUG rally.task.utils [-] Waiting for resource s_rally_caf8df1d_KEWzQSG6. Status changed: AVAILABLE => RESERVED in 0.3932983875274658
2019-12-18 01:51:04.439 3237 RALLYDEBUG rally.task.utils [-] Waiting for resource s_rally_caf8df1d_GzVwS5si. Status changed: AVAILABLE => RESERVED in 0.5022647380828857
2019-12-18 01:51:04.483 3233 RALLYDEBUG rally.task.utils [-] Waiting for resource s_rally_caf8df1d_OHbdWRLW. Status changed: RESERVED => IN-USE in 2.4041426181793213
2019-12-18 01:51:04.483 3235 RALLYDEBUG rally.task.utils [-] Waiting for resource s_rally_caf8df1d_GQDdRsLG. Status changed: RESERVED => IN-USE in 2.403372287750244
2019-12-18 01:51:05.034 3235 RALLYDEBUG rally.task.utils [-] Waiting for resource s_rally_caf8df1d_GQDdRsLG. Status changed: AVAILABLE => DETACHING in 0.39809203147888184
2019-12-18 01:51:05.040 3233 RALLYDEBUG rally.task.utils [-] Waiting for resource s_rally_caf8df1d_OHbdWRLW. Status changed: AVAILABLE => DETACHING in 0.4037935733795166
2019-12-18 01:51:06.743 3234 RALLYDEBUG rally.task.utils [-] Waiting for resource s_rally_caf8df1d_KEWzQSG6. Status changed: RESERVED => IN-USE in 2.427830457687378
2019-12-18 01:51:06.874 3237 RALLYDEBUG rally.task.utils [-] Waiting for resource s_rally_caf8df1d_GzVwS5si. Status changed: RESERVED => IN-USE in 2.4349918365478516
2019-12-18 01:51:07.335 3234 RALLYDEBUG rally.task.utils [-] Waiting for resource s_rally_caf8df1d_KEWzQSG6. Status changed: AVAILABLE => DETACHING in 0.42943549156188965
2019-12-18 01:51:07.446 3233 RALLYDEBUG rally.task.utils [-] Waiting for resource s_rally_caf8df1d_OHbdWRLW. Status changed: DETACHING => AVAILABLE in 2.4068210124969482
2019-12-18 01:51:07.447 3235 RALLYDEBUG rally.task.utils [-] Waiting for resource s_rally_caf8df1d_GQDdRsLG. Status changed: DETACHING => AVAILABLE in 2.412940740585327
2019-12-18 01:51:07.469 3237 RALLYDEBUG rally.task.utils [-] Waiting for resource s_rally_caf8df1d_GzVwS5si. Status changed: AVAILABLE => DETACHING in 0.4288651943206787
2019-12-18 01:51:07.538 3233 RALLYDEBUG rally.task.utils [-] Waiting for resource s_rally_caf8df1d_8ioChV7z. Status changed: AVAILABLE => DELETING in 0.024505138397216797
2019-12-18 01:51:07.541 3235 RALLYDEBUG rally.task.utils [-] Waiting for resource s_rally_caf8df1d_mqneBhXB. Status changed: AVAILABLE => DELETING in 0.028507471084594727
2019-12-18 01:51:09.683 3233 RALLYDEBUG rally.task.utils [-] Waiting for resource s_rally_caf8df1d_OHbdWRLW. Status changed: AVAILABLE => DELETING in 0.05426383018493652
2019-12-18 01:51:09.701 3235 RALLYDEBUG rally.task.utils [-] Waiting for resource s_rally_caf8df1d_GQDdRsLG. Status changed: AVAILABLE => DELETING in 0.05806422233581543
2019-12-18 01:51:09.752 3234 RALLYDEBUG rally.task.utils [-] Waiting for resource s_rally_caf8df1d_KEWzQSG6. Status changed: DETACHING => AVAILABLE in 2.4166901111602783
2019-12-18 01:51:09.843 3234 RALLYDEBUG rally.task.utils [-] Waiting for resource s_rally_caf8df1d_UfHPmypB. Status changed: AVAILABLE => DELETING in 0.029401302337646484
2019-12-18 01:51:09.924 3237 RALLYDEBUG rally.task.utils [-] Waiting for resource s_rally_caf8df1d_GzVwS5si. Status changed: DETACHING => AVAILABLE in 2.4541378021240234
2019-12-18 01:51:10.018 3237 RALLYDEBUG rally.task.utils [-] Waiting for resource s_rally_caf8df1d_03vc31oA. Status changed: AVAILABLE => DELETING in 0.02982926368713379
2019-12-18 01:51:12.013 3234 RALLYDEBUG rally.task.utils [-] Waiting for resource s_rally_caf8df1d_KEWzQSG6. Status changed: AVAILABLE => DELETING in 0.05566143989562988
2019-12-18 01:51:12.161 3237 RALLYDEBUG rally.task.utils [-] Waiting for resource s_rally_caf8df1d_GzVwS5si. Status changed: AVAILABLE => DELETING in 0.054724931716918945
2019-12-18 01:51:14.096 3233 INFO rally.task.runner [-] Task b94de6b8-2756-4398-b260-951ee1543e30 | ITER: 1 END: OK
2019-12-18 01:51:14.104 3233 INFO rally.task.runner [-] Task b94de6b8-2756-4398-b260-951ee1543e30 | ITER: 5 START
2019-12-18 01:51:14.460 3235 INFO rally.task.runner [-] Task b94de6b8-2756-4398-b260-951ee1543e30 | ITER: 3 END: OK
2019-12-18 01:51:14.467 3235 INFO rally.task.runner [-] Task b94de6b8-2756-4398-b260-951ee1543e30 | ITER: 6 START
2019-12-18 01:51:16.486 3234 INFO rally.task.runner [-] Task b94de6b8-2756-4398-b260-951ee1543e30 | ITER: 2 END: OK
2019-12-18 01:51:16.491 3234 INFO rally.task.runner [-] Task b94de6b8-2756-4398-b260-951ee1543e30 | ITER: 7 START
2019-12-18 01:51:16.566 3237 INFO rally.task.runner [-] Task b94de6b8-2756-4398-b260-951ee1543e30 | ITER: 4 END: OK
2019-12-18 01:51:16.572 3237 INFO rally.task.runner [-] Task b94de6b8-2756-4398-b260-951ee1543e30 | ITER: 8 START
2019-12-18 01:51:25.760 3233 RALLYDEBUG rally.task.utils [-] Waiting for resource s_rally_caf8df1d_VGm9dYJK. Status changed: BUILD => ACTIVE in 4.594245433807373
2019-12-18 01:51:25.819 3235 RALLYDEBUG rally.task.utils [-] Waiting for resource s_rally_caf8df1d_tbdxQsQz. Status changed: BUILD => ACTIVE in 4.6163856983184814
2019-12-18 01:51:26.451 3233 RALLYDEBUG rally.task.utils [-] Waiting for resource s_rally_caf8df1d_USYDddCs. Status changed: AVAILABLE => RESERVED in 0.4179387092590332
2019-12-18 01:51:26.478 3235 RALLYDEBUG rally.task.utils [-] Waiting for resource s_rally_caf8df1d_sjx2nmNO. Status changed: AVAILABLE => RESERVED in 0.4028036594390869
2019-12-18 01:51:28.266 3234 RALLYDEBUG rally.task.utils [-] Waiting for resource s_rally_caf8df1d_jYSPT5nu. Status changed: BUILD => ACTIVE in 4.937350749969482
2019-12-18 01:51:28.846 3233 RALLYDEBUG rally.task.utils [-] Waiting for resource s_rally_caf8df1d_USYDddCs. Status changed: RESERVED => IN-USE in 2.394584894180298
2019-12-18 01:51:28.890 3235 RALLYDEBUG rally.task.utils [-] Waiting for resource s_rally_caf8df1d_sjx2nmNO. Status changed: RESERVED => IN-USE in 2.4118521213531494
2019-12-18 01:51:28.972 3234 RALLYDEBUG rally.task.utils [-] Waiting for resource s_rally_caf8df1d_V0r8JazZ. Status changed: AVAILABLE => RESERVED in 0.42577266693115234
2019-12-18 01:51:29.411 3233 RALLYDEBUG rally.task.utils [-] Waiting for resource s_rally_caf8df1d_USYDddCs. Status changed: AVAILABLE => DETACHING in 0.4144570827484131
2019-12-18 01:51:29.445 3235 RALLYDEBUG rally.task.utils [-] Waiting for resource s_rally_caf8df1d_sjx2nmNO. Status changed: AVAILABLE => DETACHING in 0.39707350730895996
2019-12-18 01:51:30.281 3237 RALLYDEBUG rally.task.utils [-] Waiting for resource s_rally_caf8df1d_2ddb5GkP. Status changed: BUILD => ACTIVE in 6.850917100906372
2019-12-18 01:51:31.099 3237 RALLYDEBUG rally.task.utils [-] Waiting for resource s_rally_caf8df1d_F9sBobS6. Status changed: AVAILABLE => RESERVED in 0.4150857925415039
2019-12-18 01:51:31.385 3234 RALLYDEBUG rally.task.utils [-] Waiting for resource s_rally_caf8df1d_V0r8JazZ. Status changed: RESERVED => IN-USE in 2.4127721786499023
2019-12-18 01:51:31.840 3235 RALLYDEBUG rally.task.utils [-] Waiting for resource s_rally_caf8df1d_sjx2nmNO. Status changed: DETACHING => AVAILABLE in 2.395024299621582
2019-12-18 01:51:31.926 3233 RALLYDEBUG rally.task.utils [-] Waiting for resource s_rally_caf8df1d_USYDddCs. Status changed: DETACHING => AVAILABLE in 2.5148508548736572
2019-12-18 01:51:31.926 3235 RALLYDEBUG rally.task.utils [-] Waiting for resource s_rally_caf8df1d_TdZGn5da. Status changed: AVAILABLE => DELETING in 0.02443218231201172
2019-12-18 01:51:31.959 3234 RALLYDEBUG rally.task.utils [-] Waiting for resource s_rally_caf8df1d_V0r8JazZ. Status changed: AVAILABLE => DETACHING in 0.4114372730255127
2019-12-18 01:51:32.013 3233 RALLYDEBUG rally.task.utils [-] Waiting for resource s_rally_caf8df1d_kQaVG13k. Status changed: AVAILABLE => DELETING in 0.025743961334228516
2019-12-18 01:51:33.530 3237 RALLYDEBUG rally.task.utils [-] Waiting for resource s_rally_caf8df1d_F9sBobS6. Status changed: RESERVED => IN-USE in 2.4315874576568604
