2019-12-18 02:29:03.700 19124 INFO rally.task.runner [-] Task b391d463-0d30-4735-acd8-41f940efa65b | ITER: 6 END: OK
2019-12-18 02:29:03.703 19124 INFO rally.task.runner [-] Task b391d463-0d30-4735-acd8-41f940efa65b | ITER: 9 START
2019-12-18 02:29:04.649 19125 INFO rally.task.runner [-] Task b391d463-0d30-4735-acd8-41f940efa65b | ITER: 7 END: OK
2019-12-18 02:29:04.654 19125 INFO rally.task.runner [-] Task b391d463-0d30-4735-acd8-41f940efa65b | ITER: 10 START
2019-12-18 02:29:05.204 19123 INFO rally.task.runner [-] Task b391d463-0d30-4735-acd8-41f940efa65b | ITER: 5 END: OK
2019-12-18 02:29:05.236 19126 INFO rally.task.runner [-] Task b391d463-0d30-4735-acd8-41f940efa65b | ITER: 8 END: OK
2019-12-18 02:29:08.534 19125 INFO rally.task.runner [-] Task b391d463-0d30-4735-acd8-41f940efa65b | ITER: 10 END: OK
2019-12-18 02:29:08.698 19124 INFO rally.task.runner [-] Task b391d463-0d30-4735-acd8-41f940efa65b | ITER: 9 END: OK
2019-12-18 02:29:08.728 13785 INFO rally.task.context [-] Task b391d463-0d30-4735-acd8-41f940efa65b | Context cleanup@openstack cleanup() started
2019-12-18 02:29:08.731 13785 RALLYDEBUG rally_openstack.cleanup.manager [-] Cleaning up neutron vip objects
2019-12-18 02:29:09.881 13785 RALLYDEBUG rally_openstack.cleanup.manager [-] Cleaning up neutron health_monitor objects
2019-12-18 02:29:11.124 13785 RALLYDEBUG rally_openstack.cleanup.manager [-] Cleaning up neutron pool objects
2019-12-18 02:29:12.256 13785 RALLYDEBUG rally_openstack.cleanup.manager [-] Cleaning up neutron loadbalancer objects
2019-12-18 02:29:13.381 13785 RALLYDEBUG rally_openstack.cleanup.manager [-] Cleaning up neutron floatingip objects
2019-12-18 02:29:14.669 13785 RALLYDEBUG rally_openstack.cleanup.manager [-] Cleaning up neutron trunk objects
2019-12-18 02:29:15.861 13785 RALLYDEBUG rally_openstack.cleanup.manager [-] Cleaning up neutron port objects
2019-12-18 02:29:17.166 13785 RALLYDEBUG rally_openstack.cleanup.manager [-] Cleaning up neutron subnet objects
2019-12-18 02:29:18.381 13785 RALLYDEBUG rally_openstack.cleanup.manager [-] Cleaning up neutron network objects
2019-12-18 02:29:19.749 13785 RALLYDEBUG rally_openstack.cleanup.manager [-] Deleting neutron.network object s_rally_839bb095_PwFzfZTJ (2d4f6ae2-39df-4c65-afeb-59d333db6005)
2019-12-18 02:29:19.755 13785 RALLYDEBUG rally_openstack.cleanup.manager [-] Deleting neutron.network object s_rally_839bb095_xyHzl51o (0160775b-a62f-4219-8a2b-f57631a85770)
2019-12-18 02:29:19.767 13785 RALLYDEBUG rally_openstack.cleanup.manager [-] Deleting neutron.network object s_rally_839bb095_YoHjmSxL (28c34628-6058-4081-b840-26abe9beb95f)
2019-12-18 02:29:19.773 13785 RALLYDEBUG rally_openstack.cleanup.manager [-] Deleting neutron.network object s_rally_839bb095_u7dqeCVb (30d0aada-2d60-481f-b2df-c20eedd74dcd)
2019-12-18 02:29:19.785 13785 RALLYDEBUG rally_openstack.cleanup.manager [-] Deleting neutron.network object s_rally_839bb095_eOYOtzP3 (41bc4930-9893-465c-8621-a7d587783022)
2019-12-18 02:29:19.794 13785 RALLYDEBUG rally_openstack.cleanup.manager [-] Deleting neutron.network object s_rally_839bb095_v2RRvykg (b80d70ce-69e2-4748-b4ec-3da2fa3ae049)
2019-12-18 02:29:19.815 13785 RALLYDEBUG rally_openstack.cleanup.manager [-] Deleting neutron.network object s_rally_839bb095_4KHfQW2z (b94a2fd7-21c4-4f27-95ea-7f0650771cef)
2019-12-18 02:29:19.825 13785 RALLYDEBUG rally_openstack.cleanup.manager [-] Deleting neutron.network object s_rally_839bb095_2jDbDsbL (c85d39d8-9eee-4117-9bd0-4bdb07d0bb6f)
2019-12-18 02:29:19.835 13785 RALLYDEBUG rally_openstack.cleanup.manager [-] Deleting neutron.network object s_rally_839bb095_7LEpB2kC (d1a194db-0bee-4291-9bb7-f4fb477e6c3e)
2019-12-18 02:29:19.867 13785 RALLYDEBUG rally_openstack.cleanup.manager [-] Deleting neutron.network object s_rally_839bb095_ys9htMvd (7248f322-01db-4594-b41a-4c8716ba6bb1)
2019-12-18 02:29:22.355 13785 RALLYDEBUG rally_openstack.cleanup.manager [-] Cleaning up neutron router objects
2019-12-18 02:29:23.780 13785 RALLYDEBUG rally_openstack.cleanup.manager [-] Deleting neutron.router object s_rally_839bb095_ne5XjDaK (4ef19b7f-1f10-4e7a-bf9d-2925d40d44dc)
2019-12-18 02:29:23.790 13785 RALLYDEBUG rally_openstack.cleanup.manager [-] Deleting neutron.router object s_rally_839bb095_Z2TXy6yW (017e1920-0aa8-437b-9bbe-0cf7f92fd78f)
2019-12-18 02:29:23.798 13785 RALLYDEBUG rally_openstack.cleanup.manager [-] Deleting neutron.router object s_rally_839bb095_83lqUdZL (478d9484-f937-4f8f-b13b-a33797f23c14)
2019-12-18 02:29:23.802 13785 RALLYDEBUG rally_openstack.cleanup.manager [-] Deleting neutron.router object s_rally_839bb095_dcAKHuY6 (5b722c8c-4476-4e87-a6d3-2daecfdfeb6f)
2019-12-18 02:29:23.821 13785 RALLYDEBUG rally_openstack.cleanup.manager [-] Deleting neutron.router object s_rally_839bb095_cqDqrPrJ (95ba8b31-ef6d-4e85-ad46-e054b19a75d7)
2019-12-18 02:29:23.830 13785 RALLYDEBUG rally_openstack.cleanup.manager [-] Deleting neutron.router object s_rally_839bb095_tDv3enpF (b2301bbb-43ca-4069-92eb-40b44b0e8f65)
2019-12-18 02:29:23.838 13785 RALLYDEBUG rally_openstack.cleanup.manager [-] Deleting neutron.router object s_rally_839bb095_oN2410q4 (de74c0fc-1f1b-42af-b134-27feab097777)
2019-12-18 02:29:23.847 13785 RALLYDEBUG rally_openstack.cleanup.manager [-] Deleting neutron.router object s_rally_839bb095_sUbELbGi (ef37b779-8e58-4073-bcc3-7427ce11f192)
2019-12-18 02:29:23.862 13785 RALLYDEBUG rally_openstack.cleanup.manager [-] Deleting neutron.router object s_rally_839bb095_eBY5YWC2 (f0671164-43fb-48f5-9e81-0e6301f71455)
2019-12-18 02:29:23.865 13785 RALLYDEBUG rally_openstack.cleanup.manager [-] Deleting neutron.router object s_rally_839bb095_XYVREPd4 (9d517800-2bfb-4cb5-8b6f-4256a46574cd)
2019-12-18 02:29:26.080 13785 RALLYDEBUG rally_openstack.cleanup.manager [-] Cleaning up neutron security_group objects
2019-12-18 02:29:27.471 13785 INFO rally.task.context [-] Task b391d463-0d30-4735-acd8-41f940efa65b | Context cleanup@openstack cleanup() finished in 18.74 sec
2019-12-18 02:29:27.472 13785 INFO rally.task.context [-] Task b391d463-0d30-4735-acd8-41f940efa65b | Context roles@openstack cleanup() started
2019-12-18 02:29:27.472 13785 RALLYDEBUG rally_openstack.contexts.keystone.roles [-] Removing assigned role 7d11012bd0af4a4d9c7657c50e5dc0ae from all users
2019-12-18 02:29:28.397 13785 INFO rally.task.context [-] Task b391d463-0d30-4735-acd8-41f940efa65b | Context roles@openstack cleanup() finished in 0.93 sec
2019-12-18 02:29:28.398 13785 INFO rally.task.context [-] Task b391d463-0d30-4735-acd8-41f940efa65b | Context quotas@openstack cleanup() started
2019-12-18 02:29:28.476 13785 INFO rally.task.context [-] Task b391d463-0d30-4735-acd8-41f940efa65b | Context quotas@openstack cleanup() finished in 77.60 msec
2019-12-18 02:29:28.476 13785 INFO rally.task.context [-] Task b391d463-0d30-4735-acd8-41f940efa65b | Context users@openstack cleanup() started
2019-12-18 02:29:33.078 13785 INFO rally.task.context [-] Task b391d463-0d30-4735-acd8-41f940efa65b | Context users@openstack cleanup() finished in 4.60 sec
2019-12-18 02:29:34.022 13785 INFO rally.task.engine [-] Load duration is: 13.543012
2019-12-18 02:29:34.022 13785 INFO rally.task.engine [-] Full runner duration is: 13.592628
2019-12-18 02:29:34.023 13785 INFO rally.task.engine [-] Full duration is: 47.282194
2019-12-18 02:29:34.372 13785 INFO rally.task.engine [-] Running workload: position = 0 config = { "version": 2, "title": "A cropped version of a bigger task.", "description": "Auto-generated task from a single workload (uuid=91c1ebf6-16aa-448f-b66b-12d0716c1daf)", "subtasks": [ { "title": "NeutronNetworks.create_and_show_ports", "description": "Create a given number of ports and show created ports in trun.", "scenario": { "NeutronNetworks.create_and_show_ports": { "ports_per_network": 2 } }, "contexts": { "users": { "tenants": 3, "users_per_tenant": 2 }, "network": { "router": {} }, "quotas": { "neutron": { "network": -1, "router": -1 } } }, "runner": { "constant": { "concurrency": 4, "times": 10 } }, "hooks": [], "sla": { "failure_rate": { "max": 0 } } } ] }
2019-12-18 02:29:34.398 13785 RALLYDEBUG rally_openstack.contexts.keystone.users [-] Creating 3 tenants using 20 threads
2019-12-18 02:29:35.341 13785 RALLYDEBUG rally_openstack.contexts.keystone.users [-] Creating 6 users using 20 threads
2019-12-18 02:29:36.927 13785 INFO rally.task.context [-] Task b391d463-0d30-4735-acd8-41f940efa65b | Context users@openstack setup() finished in 2.53 sec
2019-12-18 02:29:37.860 13785 INFO rally.task.context [-] Task b391d463-0d30-4735-acd8-41f940efa65b | Context quotas@openstack setup() finished in 0.93 sec
2019-12-18 02:29:38.492 13785 RALLYDEBUG rally_openstack.wrappers.network [-] CIDR generated: 10.2.72.0/24
2019-12-18 02:29:39.589 13785 RALLYDEBUG rally_openstack.wrappers.network [-] CIDR generated: 10.2.73.0/24
2019-12-18 02:29:40.448 13785 RALLYDEBUG rally_openstack.wrappers.network [-] CIDR generated: 10.2.74.0/24
2019-12-18 02:29:40.990 13785 INFO rally.task.context [-] Task b391d463-0d30-4735-acd8-41f940efa65b | Context network@openstack setup() finished in 3.13 sec
2019-12-18 02:29:40.990 13785 INFO rally.task.context [-] Task b391d463-0d30-4735-acd8-41f940efa65b | Context cleanup@openstack setup() finished in 0.01 msec
2019-12-18 02:29:41.000 13785 RALLYDEBUG rally.task.runner [-] Starting the constant runner (task UUID: b391d463-0d30-4735-acd8-41f940efa65b). times: 10 concurrency: 4 timeout: 0 max_cpu_used: 16 processes_to_start: 4 concurrency_per_worker: 1 concurrency_overhead: 0
2019-12-18 02:29:41.011 19477 RALLYDEBUG rally.task.runner [-] Starting a worker. times: 10 duration: None concurrency: 1 timeout: 0 cls: method_name: run args: {"ports_per_network": 2}
2019-12-18 02:29:41.015 19478 RALLYDEBUG rally.task.runner [-] Starting a worker. times: 10 duration: None concurrency: 1 timeout: 0 cls: method_name: run args: {"ports_per_network": 2}
2019-12-18 02:29:41.019 19477 INFO rally.task.runner [-] Task b391d463-0d30-4735-acd8-41f940efa65b | ITER: 1 START
2019-12-18 02:29:41.018 19479 RALLYDEBUG rally.task.runner [-] Starting a worker. times: 10 duration: None concurrency: 1 timeout: 0 cls: method_name: run args: {"ports_per_network": 2}
2019-12-18 02:29:41.022 19478 INFO rally.task.runner [-] Task b391d463-0d30-4735-acd8-41f940efa65b | ITER: 2 START
2019-12-18 02:29:41.022 19480 RALLYDEBUG rally.task.runner [-] Starting a worker. times: 10 duration: None concurrency: 1 timeout: 0 cls: method_name: run args: {"ports_per_network": 2}
2019-12-18 02:29:41.025 19479 INFO rally.task.runner [-] Task b391d463-0d30-4735-acd8-41f940efa65b | ITER: 3 START
2019-12-18 02:29:41.029 19480 INFO rally.task.runner [-] Task b391d463-0d30-4735-acd8-41f940efa65b | ITER: 4 START
2019-12-18 02:29:43.124 19478 INFO rally.task.runner [-] Task b391d463-0d30-4735-acd8-41f940efa65b | ITER: 2 END: OK
2019-12-18 02:29:43.128 19478 INFO rally.task.runner [-] Task b391d463-0d30-4735-acd8-41f940efa65b | ITER: 5 START
2019-12-18 02:29:43.437 19477 INFO rally.task.runner [-] Task b391d463-0d30-4735-acd8-41f940efa65b | ITER: 1 END: OK
2019-12-18 02:29:43.441 19477 INFO rally.task.runner [-] Task b391d463-0d30-4735-acd8-41f940efa65b | ITER: 6 START
2019-12-18 02:29:43.629 19480 INFO rally.task.runner [-] Task b391d463-0d30-4735-acd8-41f940efa65b | ITER: 4 END: OK
2019-12-18 02:29:43.634 19480 INFO rally.task.runner [-] Task b391d463-0d30-4735-acd8-41f940efa65b | ITER: 7 START
2019-12-18 02:29:43.716 19479 INFO rally.task.runner [-] Task b391d463-0d30-4735-acd8-41f940efa65b | ITER: 3 END: OK
2019-12-18 02:29:43.721 19479 INFO rally.task.runner [-] Task b391d463-0d30-4735-acd8-41f940efa65b | ITER: 8 START
2019-12-18 02:29:45.219 19478 INFO rally.task.runner [-] Task b391d463-0d30-4735-acd8-41f940efa65b | ITER: 5 END: OK
2019-12-18 02:29:45.222 19478 INFO rally.task.runner [-] Task b391d463-0d30-4735-acd8-41f940efa65b | ITER: 9 START
2019-12-18 02:29:45.355 19480 INFO rally.task.runner [-] Task b391d463-0d30-4735-acd8-41f940efa65b | ITER: 7 END: OK
2019-12-18 02:29:45.356 19479 INFO rally.task.runner [-] Task b391d463-0d30-4735-acd8-41f940efa65b | ITER: 8 END: OK
2019-12-18 02:29:45.359 19480 INFO rally.task.runner [-] Task b391d463-0d30-4735-acd8-41f940efa65b | ITER: 10 START
2019-12-18 02:29:45.618 19477 INFO rally.task.runner [-] Task b391d463-0d30-4735-acd8-41f940efa65b | ITER: 6 END: OK
2019-12-18 02:29:46.994 19478 INFO rally.task.runner [-] Task b391d463-0d30-4735-acd8-41f940efa65b | ITER: 9 END: OK
2019-12-18 02:29:47.945 19480 INFO rally.task.runner [-] Task b391d463-0d30-4735-acd8-41f940efa65b | ITER: 10 END: OK
2019-12-18 02:29:47.976 13785 INFO rally.task.context [-] Task b391d463-0d30-4735-acd8-41f940efa65b | Context cleanup@openstack cleanup() started
2019-12-18 02:29:47.979 13785 RALLYDEBUG rally_openstack.cleanup.manager [-] Cleaning up neutron vip objects
2019-12-18 02:29:49.096 13785 RALLYDEBUG rally_openstack.cleanup.manager [-] Cleaning up neutron health_monitor objects
2019-12-18 02:29:50.217 13785 RALLYDEBUG rally_openstack.cleanup.manager [-] Cleaning up neutron pool objects
2019-12-18 02:29:51.363 13785 RALLYDEBUG rally_openstack.cleanup.manager [-] Cleaning up neutron loadbalancer objects
2019-12-18 02:29:52.485 13785 RALLYDEBUG rally_openstack.cleanup.manager [-] Cleaning up neutron floatingip objects
2019-12-18 02:29:53.710 13785 RALLYDEBUG rally_openstack.cleanup.manager [-] Cleaning up neutron trunk objects
2019-12-18 02:29:54.871 13785 RALLYDEBUG rally_openstack.cleanup.manager [-] Cleaning up neutron port objects
2019-12-18 02:29:56.243 13785 RALLYDEBUG rally_openstack.cleanup.manager [-] Deleting neutron.port object s_rally_91c1ebf6_6eU3Fxav (58543151-4d23-4618-a10f-b43d4095f74c)
2019-12-18 02:29:56.251 13785 RALLYDEBUG rally_openstack.cleanup.manager [-] Deleting neutron.port object s_rally_91c1ebf6_279dyy8w (8d2d60ca-92da-4cd8-8edd-07302aa43c9d)
2019-12-18 02:29:56.253 13785 RALLYDEBUG rally_openstack.cleanup.manager [-] Deleting neutron.port object s_rally_91c1ebf6_1Wu0dKPs (82974350-a6b3-4823-8f24-7b5198cbde4d)
2019-12-18 02:29:56.262 13785 RALLYDEBUG rally_openstack.cleanup.manager [-] Deleting neutron.port object s_rally_91c1ebf6_KNwpCe3y (b17c3d1e-702f-4aad-8bb6-7b847ab42fd9)
2019-12-18 02:29:56.265 13785 RALLYDEBUG rally_openstack.cleanup.manager [-] Deleting neutron.port object s_rally_91c1ebf6_qe8Y4XXt (c8b0ce8b-bd67-4c95-b6fe-8d55cc5856ef)
2019-12-18 02:29:56.274 13785 RALLYDEBUG rally_openstack.cleanup.manager [-] Deleting neutron.port object s_rally_91c1ebf6_kim5EuJf (e3acc2c7-5e77-49eb-befb-f11db4414353)
2019-12-18 02:29:56.300 13785 RALLYDEBUG rally_openstack.cleanup.manager [-] Deleting neutron.port object s_rally_91c1ebf6_3XUlcDdY (261c58b4-bfdf-4c4a-a5a5-8f886051b5c5)
2019-12-18 02:29:56.309 13785 RALLYDEBUG rally_openstack.cleanup.manager [-] Deleting neutron.port object s_rally_91c1ebf6_0ab4Enlk (364d42cb-2d18-45f1-935c-012177824843)
2019-12-18 02:29:56.320 13785 RALLYDEBUG rally_openstack.cleanup.manager [-] Deleting neutron.port object s_rally_91c1ebf6_xR9BRPNO (6de511ca-4500-43c1-9d3e-184e42d1747f)
2019-12-18 02:29:56.330 13785 RALLYDEBUG rally_openstack.cleanup.manager [-] Deleting neutron.port object s_rally_91c1ebf6_mReGt5Mn (b4460317-3488-4751-9af5-269cd55d5c55)
2019-12-18 02:29:56.344 13785 RALLYDEBUG rally_openstack.cleanup.manager [-] Deleting neutron.port object s_rally_91c1ebf6_Hmj8V9sw (c965f961-6413-472b-aab8-f5b47efe81e7)
2019-12-18 02:29:56.349 13785 RALLYDEBUG rally_openstack.cleanup.manager [-] Deleting neutron.port object s_rally_91c1ebf6_AQYUUtvd (e427b83d-9873-434c-880c-0e11576f8e6c)
2019-12-18 02:29:56.364 13785 RALLYDEBUG rally_openstack.cleanup.manager [-] Deleting neutron.port object s_rally_91c1ebf6_XCd1J45D (1ec71e11-252b-45ef-ad79-3037e96dd6a4)
2019-12-18 02:29:56.368 13785 RALLYDEBUG rally_openstack.cleanup.manager [-] Deleting neutron.port object s_rally_91c1ebf6_uAcU1HE9 (3cae0c8a-9231-4a1b-b9d2-5efe60a72f51)
2019-12-18 02:29:56.376 13785 RALLYDEBUG rally_openstack.cleanup.manager [-] Deleting neutron.port object s_rally_91c1ebf6_X9vmPYXo (787e636d-743a-4d5e-bc94-76ca6747c070)
2019-12-18 02:29:56.381 13785 RALLYDEBUG rally_openstack.cleanup.manager [-] Deleting neutron.port object s_rally_91c1ebf6_sdSzWhFd (7e491347-c4e4-4288-9d9d-4d9f4cc9979f)
2019-12-18 02:29:56.393 13785 RALLYDEBUG rally_openstack.cleanup.manager [-] Deleting neutron.port object s_rally_91c1ebf6_gDzQsY4t (7faa22e1-a136-4a15-997f-fdb95eea9235)
2019-12-18 02:29:56.401 13785 RALLYDEBUG rally_openstack.cleanup.manager [-] Deleting neutron.port object s_rally_91c1ebf6_AHacNSKR (7fef928b-fdd1-4f9e-ab09-e43728a9f88f)
2019-12-18 02:29:56.409 13785 RALLYDEBUG rally_openstack.cleanup.manager [-] Deleting neutron.port object s_rally_91c1ebf6_djAJEsPi (9db133fb-ee8f-4ad3-8830-bcf375c97195)
2019-12-18 02:29:56.433 13785 RALLYDEBUG rally_openstack.cleanup.manager [-] Deleting neutron.port object s_rally_91c1ebf6_UgnlEtSu (a293840b-1231-45a1-bcee-300f9afcd994)
2019-12-18 02:29:59.334 13785 RALLYDEBUG rally_openstack.cleanup.manager [-] Cleaning up neutron subnet objects
2019-12-18 02:30:00.603 13785 RALLYDEBUG rally_openstack.cleanup.manager [-] Cleaning up neutron network objects
2019-12-18 02:30:02.014 13785 RALLYDEBUG rally_openstack.cleanup.manager [-] Cleaning up neutron router objects
2019-12-18 02:30:03.241 13785 RALLYDEBUG rally_openstack.cleanup.manager [-] Cleaning up neutron security_group objects
2019-12-18 02:30:04.503 13785 INFO rally.task.context [-] Task b391d463-0d30-4735-acd8-41f940efa65b | Context cleanup@openstack cleanup() finished in 16.53 sec
2019-12-18 02:30:04.503 13785 INFO rally.task.context [-] Task b391d463-0d30-4735-acd8-41f940efa65b | Context network@openstack cleanup() started
2019-12-18 02:30:15.815 13785 INFO rally.task.context [-] Task b391d463-0d30-4735-acd8-41f940efa65b | Context network@openstack cleanup() finished in 11.31 sec
2019-12-18 02:30:15.815 13785 INFO rally.task.context [-] Task b391d463-0d30-4735-acd8-41f940efa65b | Context quotas@openstack cleanup() started
2019-12-18 02:30:15.947 13785 INFO rally.task.context [-] Task b391d463-0d30-4735-acd8-41f940efa65b | Context quotas@openstack cleanup() finished in 0.13 sec
2019-12-18 02:30:15.948 13785 INFO rally.task.context [-] Task b391d463-0d30-4735-acd8-41f940efa65b | Context users@openstack cleanup() started
2019-12-18 02:30:20.005 13785 INFO rally.task.context [-] Task b391d463-0d30-4735-acd8-41f940efa65b | Context users@openstack cleanup() finished in 4.06 sec
2019-12-18 02:30:20.620 13785 INFO rally.task.engine [-] Load duration is: 6.925424
2019-12-18 02:30:20.621 13785 INFO rally.task.engine [-] Full runner duration is: 6.976484
2019-12-18 02:30:20.621 13785 INFO rally.task.engine [-] Full duration is: 45.609945
2019-12-18 02:30:21.007 13785 INFO rally.task.engine [-] Running workload: position = 0 config = { "version": 2, "title": "A cropped version of a bigger task.", "description": "Auto-generated task from a single workload (uuid=ea4a2f49-8b53-4496-8831-a4e54365c771)", "subtasks": [ { "title": "NeutronNetworks.create_and_show_routers", "description": "Create and show a given number of routers.", "scenario": { "NeutronNetworks.create_and_show_routers": { "subnets_per_network": 2 } }, "contexts": { "users": { "tenants": 3, "users_per_tenant": 2 }, "quotas": { "neutron": { "network": -1, "subnet": -1, "router": -1 } } }, "runner": { "constant": { "concurrency": 4, "times": 10 } }, "hooks": [], "sla": { "failure_rate": { "max": 0 } } } ] }
2019-12-18 02:30:21.032 13785 RALLYDEBUG rally_openstack.contexts.keystone.users [-] Creating 3 tenants using 20 threads
2019-12-18 02:30:22.071 13785 RALLYDEBUG rally_openstack.contexts.keystone.users [-] Creating 6 users using 20 threads
2019-12-18 02:30:23.614 13785 INFO rally.task.context [-] Task b391d463-0d30-4735-acd8-41f940efa65b | Context users@openstack setup() finished in 2.58 sec
2019-12-18 02:30:24.496 13785 INFO rally.task.context [-] Task b391d463-0d30-4735-acd8-41f940efa65b | Context quotas@openstack setup() finished in 0.88 sec
2019-12-18 02:30:24.497 13785 INFO rally.task.context [-] Task b391d463-0d30-4735-acd8-41f940efa65b | Context cleanup@openstack setup() finished in 0.00 msec
2019-12-18 02:30:24.505 13785 RALLYDEBUG rally.task.runner [-] Starting the constant runner (task UUID: b391d463-0d30-4735-acd8-41f940efa65b). times: 10 concurrency: 4 timeout: 0 max_cpu_used: 16 processes_to_start: 4 concurrency_per_worker: 1 concurrency_overhead: 0
2019-12-18 02:30:24.517 19801 RALLYDEBUG rally.task.runner [-] Starting a worker. times: 10 duration: None concurrency: 1 timeout: 0 cls: method_name: run args: {"subnets_per_network": 2}
2019-12-18 02:30:24.520 19802 RALLYDEBUG rally.task.runner [-] Starting a worker. times: 10 duration: None concurrency: 1 timeout: 0 cls: method_name: run args: {"subnets_per_network": 2}
2019-12-18 02:30:24.524 19801 INFO rally.task.runner [-] Task b391d463-0d30-4735-acd8-41f940efa65b | ITER: 1 START
2019-12-18 02:30:24.524 19803 RALLYDEBUG rally.task.runner [-] Starting a worker. times: 10 duration: None concurrency: 1 timeout: 0 cls: method_name: run args: {"subnets_per_network": 2}
2019-12-18 02:30:24.527 19802 INFO rally.task.runner [-] Task b391d463-0d30-4735-acd8-41f940efa65b | ITER: 2 START
2019-12-18 02:30:24.527 19804 RALLYDEBUG rally.task.runner [-] Starting a worker. times: 10 duration: None concurrency: 1 timeout: 0 cls: method_name: run args: {"subnets_per_network": 2}
2019-12-18 02:30:24.530 19803 INFO rally.task.runner [-] Task b391d463-0d30-4735-acd8-41f940efa65b | ITER: 3 START
2019-12-18 02:30:24.534 19804 INFO rally.task.runner [-] Task b391d463-0d30-4735-acd8-41f940efa65b | ITER: 4 START
2019-12-18 02:30:25.178 19802 RALLYDEBUG rally_openstack.wrappers.network [-] CIDR generated: 10.2.75.0/24
2019-12-18 02:30:25.538 19801 RALLYDEBUG rally_openstack.wrappers.network [-] CIDR generated: 10.2.76.0/24
2019-12-18 02:30:25.551 19804 RALLYDEBUG rally_openstack.wrappers.network [-] CIDR generated: 10.2.77.0/24
2019-12-18 02:30:25.727 19803 RALLYDEBUG rally_openstack.wrappers.network [-] CIDR generated: 10.2.78.0/24
2019-12-18 02:30:25.970 19802 RALLYDEBUG rally_openstack.wrappers.network [-] CIDR generated: 10.2.79.0/24
2019-12-18 02:30:26.168 19804 RALLYDEBUG rally_openstack.wrappers.network [-] CIDR generated: 10.2.80.0/24
2019-12-18 02:30:26.491 19801 RALLYDEBUG rally_openstack.wrappers.network [-] CIDR generated: 10.2.81.0/24
2019-12-18 02:30:26.636 19803 RALLYDEBUG rally_openstack.wrappers.network [-] CIDR generated: 10.2.82.0/24
2019-12-18 02:30:30.644 19804 INFO rally.task.runner [-] Task b391d463-0d30-4735-acd8-41f940efa65b | ITER: 4 END: OK
2019-12-18 02:30:30.649 19804 INFO rally.task.runner [-] Task b391d463-0d30-4735-acd8-41f940efa65b | ITER: 5 START
2019-12-18 02:30:30.915 19802 INFO rally.task.runner [-] Task b391d463-0d30-4735-acd8-41f940efa65b | ITER: 2 END: OK
2019-12-18 02:30:30.919 19802 INFO rally.task.runner [-] Task b391d463-0d30-4735-acd8-41f940efa65b | ITER: 6 START
2019-12-18 02:30:31.034 19803 INFO rally.task.runner [-] Task b391d463-0d30-4735-acd8-41f940efa65b | ITER: 3 END: OK
2019-12-18 02:30:31.039 19803 INFO rally.task.runner [-] Task b391d463-0d30-4735-acd8-41f940efa65b | ITER: 7 START
2019-12-18 02:30:31.294 19804 RALLYDEBUG rally_openstack.wrappers.network [-] CIDR generated: 10.2.83.0/24
2019-12-18 02:30:31.412 19802 RALLYDEBUG rally_openstack.wrappers.network [-] CIDR generated: 10.2.84.0/24
2019-12-18 02:30:31.650 19803 RALLYDEBUG rally_openstack.wrappers.network [-] CIDR generated: 10.2.85.0/24
2019-12-18 02:30:31.711 19801 INFO rally.task.runner [-] Task b391d463-0d30-4735-acd8-41f940efa65b | ITER: 1 END: OK
2019-12-18 02:30:31.715 19801 INFO rally.task.runner [-] Task b391d463-0d30-4735-acd8-41f940efa65b | ITER: 8 START
2019-12-18 02:30:31.949 19804 RALLYDEBUG rally_openstack.wrappers.network [-] CIDR generated: 10.2.86.0/24
2019-12-18 02:30:32.078 19802 RALLYDEBUG rally_openstack.wrappers.network [-] CIDR generated: 10.2.87.0/24
2019-12-18 02:30:32.240 19801 RALLYDEBUG rally_openstack.wrappers.network [-] CIDR generated: 10.2.88.0/24
2019-12-18 02:30:32.686 19803 RALLYDEBUG rally_openstack.wrappers.network [-] CIDR generated: 10.2.89.0/24
2019-12-18 02:30:32.859 19801 RALLYDEBUG rally_openstack.wrappers.network [-] CIDR generated: 10.2.90.0/24
2019-12-18 02:30:37.546 19802 INFO rally.task.runner [-] Task b391d463-0d30-4735-acd8-41f940efa65b | ITER: 6 END: OK
2019-12-18 02:30:37.550 19802 INFO rally.task.runner [-] Task b391d463-0d30-4735-acd8-41f940efa65b | ITER: 9 START
2019-12-18 02:30:37.830 19801 INFO rally.task.runner [-] Task b391d463-0d30-4735-acd8-41f940efa65b | ITER: 8 END: OK
2019-12-18 02:30:37.834 19801 INFO rally.task.runner [-] Task b391d463-0d30-4735-acd8-41f940efa65b | ITER: 10 START
2019-12-18 02:30:37.835 19804 INFO rally.task.runner [-] Task b391d463-0d30-4735-acd8-41f940efa65b | ITER: 5 END: OK
2019-12-18 02:30:38.031 19802 RALLYDEBUG rally_openstack.wrappers.network [-] CIDR generated: 10.2.91.0/24
2019-12-18 02:30:38.304 19801 RALLYDEBUG rally_openstack.wrappers.network [-] CIDR generated: 10.2.92.0/24
2019-12-18 02:30:38.416 19803 INFO rally.task.runner [-] Task b391d463-0d30-4735-acd8-41f940efa65b | ITER: 7 END: OK
2019-12-18 02:30:39.042 19802 RALLYDEBUG rally_openstack.wrappers.network [-] CIDR generated: 10.2.93.0/24
2019-12-18 02:30:39.309 19801 RALLYDEBUG rally_openstack.wrappers.network [-] CIDR generated: 10.2.94.0/24
2019-12-18 02:30:43.837 19801 INFO rally.task.runner [-] Task b391d463-0d30-4735-acd8-41f940efa65b | ITER: 10 END: OK
2019-12-18 02:30:44.004 19802 INFO rally.task.runner [-] Task b391d463-0d30-4735-acd8-41f940efa65b | ITER: 9 END: OK
2019-12-18 02:30:44.025 13785 INFO rally.task.context [-] Task b391d463-0d30-4735-acd8-41f940efa65b | Context cleanup@openstack cleanup() started
2019-12-18 02:30:44.028 13785 RALLYDEBUG rally_openstack.cleanup.manager [-] Cleaning up neutron vip objects
2019-12-18 02:30:45.175 13785 RALLYDEBUG rally_openstack.cleanup.manager [-] Cleaning up neutron health_monitor objects
2019-12-18 02:30:46.282 13785 RALLYDEBUG rally_openstack.cleanup.manager [-] Cleaning up neutron pool objects
2019-12-18 02:30:47.367 13785 RALLYDEBUG rally_openstack.cleanup.manager [-] Cleaning up neutron loadbalancer objects
2019-12-18 02:30:48.455 13785 RALLYDEBUG rally_openstack.cleanup.manager [-] Cleaning up neutron floatingip objects
2019-12-18 02:30:49.616 13785 RALLYDEBUG rally_openstack.cleanup.manager [-] Cleaning up neutron trunk objects
2019-12-18 02:30:50.723 13785 RALLYDEBUG rally_openstack.cleanup.manager [-] Cleaning up neutron port objects
2019-12-18 02:30:52.793 13785 RALLYDEBUG rally_openstack.cleanup.manager [-] Deleting neutron.port object s_rally_ea4a2f49_ulaYo7Wi (98b2efc3-3648-4175-b3dd-327451eceb40)
2019-12-18 02:30:52.808 13785 RALLYDEBUG rally_openstack.cleanup.manager [-] Deleting neutron.port object s_rally_ea4a2f49_e3stPeVL (ef92a5bd-b2e0-4f64-8db8-ccb1131766a1)
2019-12-18 02:30:52.814 13785 RALLYDEBUG rally_openstack.cleanup.manager [-] Deleting neutron.port object s_rally_ea4a2f49_ROgi01u8 (e26f939f-8ac6-44d2-84ff-68c2cf161a34)
2019-12-18 02:30:52.823 13785 RALLYDEBUG rally_openstack.cleanup.manager [-] Deleting neutron.port object s_rally_ea4a2f49_Ni59tVH1 (fa01fd8c-a06f-4b43-9e82-a2c6e17e8f28)
2019-12-18 02:30:52.839 13785 RALLYDEBUG rally_openstack.cleanup.manager [-] Deleting neutron.port object s_rally_ea4a2f49_fi9IMTpt (2a8b8582-0c5e-4e5b-8f20-86ceae610dc7)
2019-12-18 02:30:52.841 13785 RALLYDEBUG rally_openstack.cleanup.manager [-] Deleting neutron.port object s_rally_ea4a2f49_Gf5RrXA1 (0e489090-ceb3-40c0-98d9-b64896701bc3)
2019-12-18 02:30:52.856 13785 RALLYDEBUG rally_openstack.cleanup.manager [-] Deleting neutron.port object s_rally_ea4a2f49_4GVa98Gb (46fe2965-667f-4985-8065-0c02538635b3)
2019-12-18 02:30:52.882 13785 RALLYDEBUG rally_openstack.cleanup.manager [-] Deleting neutron.port object s_rally_ea4a2f49_pQlMPKbP (4fb802f0-ad32-4195-ac9c-b1877d556ef9)
2019-12-18 02:30:52.901 13785 RALLYDEBUG rally_openstack.cleanup.manager [-] Deleting neutron.port object s_rally_ea4a2f49_mkeKgGKJ (7f6d8830-bdfe-4be8-a158-51a193f7ace1)
2019-12-18 02:30:52.912 13785 RALLYDEBUG rally_openstack.cleanup.manager [-] Deleting neutron.port object s_rally_ea4a2f49_Cep7QSY7 (a4589ed9-f5a4-451b-8131-1ce3ee356d4e)
2019-12-18 02:30:52.934 13785 RALLYDEBUG rally_openstack.cleanup.manager [-] Deleting neutron.port object s_rally_ea4a2f49_3o45mT1T (c405aa5f-af21-40db-ab72-04c104e2ed76)
2019-12-18 02:30:52.940 13785 RALLYDEBUG rally_openstack.cleanup.manager [-] Deleting neutron.port object s_rally_ea4a2f49_943RtjRR (d8475089-f467-4fe1-9db4-93d085246a13)
2019-12-18 02:30:52.954 13785 RALLYDEBUG rally_openstack.cleanup.manager [-] Deleting neutron.port object s_rally_ea4a2f49_EyNhI6Fc (140259e3-8c5b-4ecb-89d6-1c85cd716bdd)
2019-12-18 02:30:52.960 13785 RALLYDEBUG rally_openstack.cleanup.manager [-] Deleting neutron.port object s_rally_ea4a2f49_zozdgul8 (2f15419c-bc61-4a47-8273-8e08e69df258)
2019-12-18 02:30:52.973 13785 RALLYDEBUG rally_openstack.cleanup.manager [-] Deleting neutron.port object s_rally_ea4a2f49_hfiyhKzh (56e91335-471d-42b2-a402-19bae5fae648)
2019-12-18 02:30:52.983 13785 RALLYDEBUG rally_openstack.cleanup.manager [-] Deleting neutron.port object s_rally_ea4a2f49_vyp4UHI8 (6d7b3475-1810-4194-b5cc-912510fe5aa8)
2019-12-18 02:30:52.991 13785 RALLYDEBUG rally_openstack.cleanup.manager [-] Deleting neutron.port object s_rally_ea4a2f49_IQwyBRN7 (7698f945-7f40-4eca-b647-815536ec50ae)
2019-12-18 02:30:52.998 13785 RALLYDEBUG rally_openstack.cleanup.manager [-] Deleting neutron.port object s_rally_ea4a2f49_0js2bdfS (9049ec88-050d-4e1e-a8bf-bd81e4acb990)
2019-12-18 02:30:53.003 13785 RALLYDEBUG rally_openstack.cleanup.manager [-] Deleting neutron.port object s_rally_ea4a2f49_IvtJzGE6 (9446512f-9d9b-4ba4-b536-3a89d8f9af67)
2019-12-18 02:30:53.009 13785 RALLYDEBUG rally_openstack.cleanup.manager [-] Deleting neutron.port object s_rally_ea4a2f49_J6u1fnor (a287eac8-d8d6-4c78-af2a-8b87dfb90777)
2019-12-18 02:30:58.672 13785 RALLYDEBUG rally_openstack.cleanup.manager [-] Cleaning up neutron subnet objects
2019-12-18 02:30:59.939 13785 RALLYDEBUG rally_openstack.cleanup.manager [-] Deleting neutron.subnet object s_rally_ea4a2f49_bqWAL55U (3341748c-0350-4a3b-90e7-02510f81a93e)
2019-12-18 02:30:59.949 13785 RALLYDEBUG rally_openstack.cleanup.manager [-] Deleting neutron.subnet object s_rally_ea4a2f49_B1ezgLxg (6aadb50f-b0a0-4972-8d27-55dc6f1abed6)
2019-12-18 02:30:59.957 13785 RALLYDEBUG rally_openstack.cleanup.manager [-] Deleting neutron.subnet object s_rally_ea4a2f49_1GXCSQuk (760ea1f7-7499-44ec-aabb-49f8485c89d2)
2019-12-18 02:30:59.961 13785 RALLYDEBUG rally_openstack.cleanup.manager [-] Deleting neutron.subnet object s_rally_ea4a2f49_UvlaF9gU (e01f6c7d-fdac-4e3c-9266-90cfad5ee920)
2019-12-18 02:30:59.971 13785 RALLYDEBUG rally_openstack.cleanup.manager [-] Deleting neutron.subnet object s_rally_ea4a2f49_aCgY5BLL (6487332e-66ad-4da0-9306-a3f3a7d44887)
2019-12-18 02:30:59.981 13785 RALLYDEBUG rally_openstack.cleanup.manager [-] Deleting neutron.subnet object s_rally_ea4a2f49_Mu4LB6Uv (8dada999-89ef-47e8-af12-e52fa7fb4b43)
2019-12-18 02:30:59.989 13785 RALLYDEBUG rally_openstack.cleanup.manager [-] Deleting neutron.subnet object s_rally_ea4a2f49_nmiPDnTW (c8917676-24d4-4ca2-a1b0-ba10dc4410b8)
2019-12-18 02:31:00.007 13785 RALLYDEBUG rally_openstack.cleanup.manager [-] Deleting neutron.subnet object s_rally_ea4a2f49_94Rq4Klt (c895b6b1-60b2-4cdc-b434-eca619e7e2eb)
2019-12-18 02:31:00.025 13785 RALLYDEBUG rally_openstack.cleanup.manager [-] Deleting neutron.subnet object s_rally_ea4a2f49_bClNC72e (d30373b7-9200-4eb4-b590-8d32539c0b63)
2019-12-18 02:31:00.040 13785 RALLYDEBUG rally_openstack.cleanup.manager [-] Deleting neutron.subnet object s_rally_ea4a2f49_POXMs5Ql (d3826da3-5c77-43f1-9f68-fab39ecd3b6b)
2019-12-18 02:31:00.043 13785 RALLYDEBUG rally_openstack.cleanup.manager [-] Deleting neutron.subnet object s_rally_ea4a2f49_M55FTT6d (d47e5014-31a9-45f4-9748-dafe36fb72a9)
2019-12-18 02:31:00.064 13785 RALLYDEBUG rally_openstack.cleanup.manager [-] Deleting neutron.subnet object s_rally_ea4a2f49_4EsjRbyS (ec60bc51-46ce-4bf0-bdf5-0cfa23a4cbe3)
2019-12-18 02:31:00.082 13785 RALLYDEBUG rally_openstack.cleanup.manager [-] Deleting neutron.subnet object s_rally_ea4a2f49_nn2HJKO9 (09036822-4e94-4358-b443-e38aeb0561ae)
2019-12-18 02:31:00.095 13785 RALLYDEBUG rally_openstack.cleanup.manager [-] Deleting neutron.subnet object s_rally_ea4a2f49_G5Ia1hmE (1348a99d-c854-48ea-879b-76f4edde4b8c)
2019-12-18 02:31:00.109 13785 RALLYDEBUG rally_openstack.cleanup.manager [-] Deleting neutron.subnet object s_rally_ea4a2f49_CNcM9RjJ (27f1012a-e077-41c3-99c9-42d0d20aba38)
2019-12-18 02:31:00.127 13785 RALLYDEBUG rally_openstack.cleanup.manager [-] Deleting neutron.subnet object s_rally_ea4a2f49_y2jyz2jG (67fb3a11-0b43-4fa1-a13f-224239fb7c63)
2019-12-18 02:31:00.140 13785 RALLYDEBUG rally_openstack.cleanup.manager [-] Deleting neutron.subnet object s_rally_ea4a2f49_IpWQZoj3 (73145891-ec1f-4a18-a53c-aea30d247b61)
2019-12-18 02:31:00.148 13785 RALLYDEBUG rally_openstack.cleanup.manager [-] Deleting neutron.subnet object s_rally_ea4a2f49_XqXTeQb6 (c1368249-a55e-42b6-84c6-33918369f6ec)
2019-12-18 02:31:00.156 13785 RALLYDEBUG rally_openstack.cleanup.manager [-] Deleting neutron.subnet object s_rally_ea4a2f49_Xyy4FsPy (def23f4c-7ae5-454f-9191-62feb966d2fc)
2019-12-18 02:31:00.177 13785 RALLYDEBUG rally_openstack.cleanup.manager [-] Deleting neutron.subnet object s_rally_ea4a2f49_J13zQkyM (ebaa97d0-e4b2-4230-b270-4e506db18b8e)
2019-12-18 02:31:07.082 13785 RALLYDEBUG rally_openstack.cleanup.manager [-] Cleaning up neutron network objects
2019-12-18 02:31:08.370 13785 RALLYDEBUG rally_openstack.cleanup.manager [-] Deleting neutron.network object s_rally_ea4a2f49_c0yFKkr8 (2bb9693e-bfbc-4bf9-b465-be5b74362488)
2019-12-18 02:31:08.380 13785 RALLYDEBUG rally_openstack.cleanup.manager [-] Deleting neutron.network object s_rally_ea4a2f49_qcCdBpeR (4d800c8b-5cb2-4d99-84f4-44795975d080)
2019-12-18 02:31:08.389 13785 RALLYDEBUG rally_openstack.cleanup.manager [-] Deleting neutron.network object s_rally_ea4a2f49_OrsvtA3O (2fb51bdf-f6b6-47fa-8f09-9f8ce6efc838)
2019-12-18 02:31:08.400 13785 RALLYDEBUG rally_openstack.cleanup.manager [-] Deleting neutron.network object s_rally_ea4a2f49_tFuJ4yvf (5c23d653-0d44-432e-a876-478943f38dab)
2019-12-18 02:31:08.413 13785 RALLYDEBUG rally_openstack.cleanup.manager [-] Deleting neutron.network object s_rally_ea4a2f49_caYRXaGG (84653aeb-f650-490e-a311-057ca10c5266)
2019-12-18 02:31:08.422 13785 RALLYDEBUG rally_openstack.cleanup.manager [-] Deleting neutron.network object s_rally_ea4a2f49_sORNkpMm (a6557653-0ab7-46fa-9fbd-26a1e60472ec)
2019-12-18 02:31:08.432 13785 RALLYDEBUG rally_openstack.cleanup.manager [-] Deleting neutron.network object s_rally_ea4a2f49_SFEh3QG7 (372f57f8-6ac6-4348-a2f5-eb0bb0e52bb3)
2019-12-18 02:31:08.441 13785 RALLYDEBUG rally_openstack.cleanup.manager [-] Deleting neutron.network object s_rally_ea4a2f49_8NxQFQtL (5441e693-334e-4a7e-82c3-9628c0be4323)
2019-12-18 02:31:08.457 13785 RALLYDEBUG rally_openstack.cleanup.manager [-] Deleting neutron.network object s_rally_ea4a2f49_NKCBAKbR (f4e90bac-4972-47a3-95a0-73bbf61931e6)
2019-12-18 02:31:08.468 13785 RALLYDEBUG rally_openstack.cleanup.manager [-] Deleting neutron.network object s_rally_ea4a2f49_09tA141a (fc137680-e4c9-49ae-87e1-2a725da2ee29)
2019-12-18 02:31:10.971 13785 RALLYDEBUG rally_openstack.cleanup.manager [-] Cleaning up neutron router objects
2019-12-18 02:31:12.353 13785 RALLYDEBUG rally_openstack.cleanup.manager [-] Deleting neutron.router object s_rally_ea4a2f49_ulaYo7Wi (0a3d5762-64f2-43fd-a1d2-dc75c3ff5d63)
2019-12-18 02:31:12.363 13785 RALLYDEBUG rally_openstack.cleanup.manager [-] Deleting neutron.router object s_rally_ea4a2f49_ROgi01u8 (18ecddf4-d13a-433d-b75e-ce43f64f1b66)
2019-12-18 02:31:12.372 13785 RALLYDEBUG rally_openstack.cleanup.manager [-] Deleting neutron.router object s_rally_ea4a2f49_e3stPeVL (65b80c0c-ad4c-4e8b-8be9-550f847c5866)
2019-12-18 02:31:12.376 13785 RALLYDEBUG rally_openstack.cleanup.manager [-] Deleting neutron.router object s_rally_ea4a2f49_Ni59tVH1 (69beaa63-380e-487c-8977-52c70219cb1b)
2019-12-18 02:31:12.385 13785 RALLYDEBUG rally_openstack.cleanup.manager [-] Deleting neutron.router object s_rally_ea4a2f49_3o45mT1T (08413eec-8f71-447b-b140-d37b4aac163a)
2019-12-18 02:31:12.400 13785 RALLYDEBUG rally_openstack.cleanup.manager [-] Deleting neutron.router object s_rally_ea4a2f49_4GVa98Gb (13b871fa-783b-44a5-bf2b-67a61d65e6bd)
2019-12-18 02:31:12.411 13785 RALLYDEBUG rally_openstack.cleanup.manager [-] Deleting neutron.router object s_rally_ea4a2f49_Gf5RrXA1 (165144e4-9ab2-47f7-a6c0-486b26631416)
2019-12-18 02:31:12.416 13785 RALLYDEBUG rally_openstack.cleanup.manager [-] Deleting neutron.router object s_rally_ea4a2f49_943RtjRR (24fb234c-911f-4fa3-b7cb-698ec6653673)
2019-12-18 02:31:12.432 13785 RALLYDEBUG rally_openstack.cleanup.manager [-] Deleting neutron.router object s_rally_ea4a2f49_mkeKgGKJ (272e37ba-8504-4c9b-bd48-7c98e95099ff)
2019-12-18 02:31:12.455 13785 RALLYDEBUG rally_openstack.cleanup.manager [-] Deleting neutron.router object s_rally_ea4a2f49_pQlMPKbP (2e545d55-3be9-49de-a92d-78120d6ddb6c)
2019-12-18 02:31:12.468 13785 RALLYDEBUG rally_openstack.cleanup.manager [-] Deleting neutron.router object s_rally_ea4a2f49_fi9IMTpt (4bde6768-5ed3-460c-9da9-ffc5a284f6ce)
2019-12-18 02:31:12.485 13785 RALLYDEBUG rally_openstack.cleanup.manager [-] Deleting neutron.router object s_rally_ea4a2f49_Cep7QSY7 (8b986956-6684-478e-9797-019466f5e718)
2019-12-18 02:31:12.490 13785 RALLYDEBUG rally_openstack.cleanup.manager [-] Deleting neutron.router object s_rally_ea4a2f49_vyp4UHI8 (11355e93-5745-4800-8671-0d6fd059ab8c)
2019-12-18 02:31:12.493 13785 RALLYDEBUG rally_openstack.cleanup.manager [-] Deleting neutron.router object s_rally_ea4a2f49_hfiyhKzh (2d6ee3e7-e54f-4a65-8ec4-87d3b46f7e90)
2019-12-18 02:31:12.497 13785 RALLYDEBUG rally_openstack.cleanup.manager [-] Deleting neutron.router object s_rally_ea4a2f49_J6u1fnor (9b848c76-fea8-4379-aa73-78f733443c68)
2019-12-18 02:31:12.500 13785 RALLYDEBUG rally_openstack.cleanup.manager [-] Deleting neutron.router object s_rally_ea4a2f49_IQwyBRN7 (b31f6e08-902d-45ae-bdcc-552dc5356ba2)
2019-12-18 02:31:12.530 13785 RALLYDEBUG rally_openstack.cleanup.manager [-] Deleting neutron.router object s_rally_ea4a2f49_IvtJzGE6 (b7ab02c3-4d2b-4c2f-b2b7-865337bc5e13)
2019-12-18 02:31:12.537 13785 RALLYDEBUG rally_openstack.cleanup.manager [-] Deleting neutron.router object s_rally_ea4a2f49_zozdgul8 (beccb9d8-5af2-49f6-8013-9eea94574bec)
2019-12-18 02:31:12.553 13785 RALLYDEBUG rally_openstack.cleanup.manager [-] Deleting neutron.router object s_rally_ea4a2f49_EyNhI6Fc (fc2fefdc-7bf6-4d18-99fe-69bf57825baf)
2019-12-18 02:31:12.567 13785 RALLYDEBUG rally_openstack.cleanup.manager [-] Deleting neutron.router object s_rally_ea4a2f49_0js2bdfS (feca7ee0-01c3-467b-a742-c0756fdf3bf2)
2019-12-18 02:31:15.281 13785 RALLYDEBUG rally_openstack.cleanup.manager [-] Cleaning up neutron security_group objects
2019-12-18 02:31:16.551 13785 INFO rally.task.context [-] Task b391d463-0d30-4735-acd8-41f940efa65b | Context cleanup@openstack cleanup() finished in 32.53 sec
2019-12-18 02:31:16.551 13785 INFO rally.task.context [-] Task b391d463-0d30-4735-acd8-41f940efa65b | Context quotas@openstack cleanup() started
2019-12-18 02:31:16.693 13785 INFO rally.task.context [-] Task b391d463-0d30-4735-acd8-41f940efa65b | Context quotas@openstack cleanup() finished in 0.14 sec
2019-12-18 02:31:16.693 13785 INFO rally.task.context [-] Task b391d463-0d30-4735-acd8-41f940efa65b | Context users@openstack cleanup() started
2019-12-18 02:31:20.873 13785 INFO rally.task.context [-] Task b391d463-0d30-4735-acd8-41f940efa65b | Context users@openstack cleanup() finished in 4.18 sec
2019-12-18 02:31:21.341 13785 INFO rally.task.engine [-] Load duration is: 19.479163
2019-12-18 02:31:21.342 13785 INFO rally.task.engine [-] Full runner duration is: 19.519852
2019-12-18 02:31:21.342 13785 INFO rally.task.engine [-] Full duration is: 59.84401
2019-12-18 02:31:21.696 13785 INFO rally.task.engine [-] Running workload: position = 0 config = { "version": 2, "title": "A cropped version of a bigger task.", "description": "Auto-generated task from a single workload (uuid=6ce4b6b2-79d1-410c-9494-5cdf239131c9)", "subtasks": [ { "title": "NeutronNetworks.create_and_show_subnets", "description": "Create and show a subnet details.", "scenario": { "NeutronNetworks.create_and_show_subnets": { "subnets_per_network": 2 } }, "contexts": { "users": { "tenants": 3, "users_per_tenant": 2 }, "network": { "router": {} }, "quotas": { "neutron": { "network": -1, "subnet": -1 } } }, "runner": { "constant": { "concurrency": 4, "times": 10 } }, "hooks": [], "sla": { "failure_rate": { "max": 0 } } } ] }
2019-12-18 02:31:21.722 13785 RALLYDEBUG rally_openstack.contexts.keystone.users [-] Creating 3 tenants using 20 threads
2019-12-18 02:31:22.773 13785 RALLYDEBUG rally_openstack.contexts.keystone.users [-] Creating 6 users using 20 threads
2019-12-18 02:31:24.273 13785 INFO rally.task.context [-] Task b391d463-0d30-4735-acd8-41f940efa65b | Context users@openstack setup() finished in 2.55 sec
2019-12-18 02:31:25.136 13785 INFO rally.task.context [-] Task b391d463-0d30-4735-acd8-41f940efa65b | Context quotas@openstack setup() finished in 0.86 sec
2019-12-18 02:31:25.844 13785 RALLYDEBUG rally_openstack.wrappers.network [-] CIDR generated: 10.2.95.0/24
2019-12-18 02:31:26.764 13785 RALLYDEBUG rally_openstack.wrappers.network [-] CIDR generated: 10.2.96.0/24
2019-12-18 02:31:27.517 13785 RALLYDEBUG rally_openstack.wrappers.network [-] CIDR generated: 10.2.97.0/24
2019-12-18 02:31:28.323 13785 INFO rally.task.context [-] Task b391d463-0d30-4735-acd8-41f940efa65b | Context network@openstack setup() finished in 3.19 sec
2019-12-18 02:31:28.323 13785 INFO rally.task.context [-] Task b391d463-0d30-4735-acd8-41f940efa65b | Context cleanup@openstack setup() finished in 0.01 msec
2019-12-18 02:31:28.332 13785 RALLYDEBUG rally.task.runner [-] Starting the constant runner (task UUID: b391d463-0d30-4735-acd8-41f940efa65b). times: 10 concurrency: 4 timeout: 0 max_cpu_used: 16 processes_to_start: 4 concurrency_per_worker: 1 concurrency_overhead: 0
2019-12-18 02:31:28.344 20125 RALLYDEBUG rally.task.runner [-] Starting a worker. times: 10 duration: None concurrency: 1 timeout: 0 cls: method_name: run args: {"subnets_per_network": 2}
2019-12-18 02:31:28.348 20126 RALLYDEBUG rally.task.runner [-] Starting a worker. times: 10 duration: None concurrency: 1 timeout: 0 cls: method_name: run args: {"subnets_per_network": 2}
2019-12-18 02:31:28.352 20125 INFO rally.task.runner [-] Task b391d463-0d30-4735-acd8-41f940efa65b | ITER: 1 START
2019-12-18 02:31:28.351 20127 RALLYDEBUG rally.task.runner [-] Starting a worker. times: 10 duration: None concurrency: 1 timeout: 0 cls: method_name: run args: {"subnets_per_network": 2}
2019-12-18 02:31:28.355 20125 RALLYDEBUG rally_openstack.wrappers.network [-] CIDR generated: 10.2.98.0/24
2019-12-18 02:31:28.355 20126 INFO rally.task.runner [-] Task b391d463-0d30-4735-acd8-41f940efa65b | ITER: 2 START
2019-12-18 02:31:28.355 20128 RALLYDEBUG rally.task.runner [-] Starting a worker. times: 10 duration: None concurrency: 1 timeout: 0 cls: method_name: run args: {"subnets_per_network": 2}
2019-12-18 02:31:28.358 20126 RALLYDEBUG rally_openstack.wrappers.network [-] CIDR generated: 10.2.99.0/24
2019-12-18 02:31:28.358 20127 INFO rally.task.runner [-] Task b391d463-0d30-4735-acd8-41f940efa65b | ITER: 3 START
2019-12-18 02:31:28.361 20127 RALLYDEBUG rally_openstack.wrappers.network [-] CIDR generated: 10.2.100.0/24
2019-12-18 02:31:28.362 20128 INFO rally.task.runner [-] Task b391d463-0d30-4735-acd8-41f940efa65b | ITER: 4 START
2019-12-18 02:31:28.364 20128 RALLYDEBUG rally_openstack.wrappers.network [-] CIDR generated: 10.2.101.0/24
2019-12-18 02:31:29.374 20126 RALLYDEBUG rally_openstack.wrappers.network [-] CIDR generated: 10.2.102.0/24
2019-12-18 02:31:29.482 20127 RALLYDEBUG rally_openstack.wrappers.network [-] CIDR generated: 10.2.103.0/24
2019-12-18 02:31:29.507 20128 RALLYDEBUG rally_openstack.wrappers.network [-] CIDR generated: 10.2.104.0/24
2019-12-18 02:31:29.626 20125 RALLYDEBUG rally_openstack.wrappers.network [-] CIDR generated: 10.2.105.0/24
2019-12-18 02:31:30.217 20126 INFO rally.task.runner [-] Task b391d463-0d30-4735-acd8-41f940efa65b | ITER: 2 END: OK
2019-12-18 02:31:30.222 20126 INFO rally.task.runner [-] Task b391d463-0d30-4735-acd8-41f940efa65b | ITER: 5 START
2019-12-18 02:31:30.223 20126 RALLYDEBUG rally_openstack.wrappers.network [-] CIDR generated: 10.2.106.0/24
2019-12-18 02:31:30.338 20127 INFO rally.task.runner [-] Task b391d463-0d30-4735-acd8-41f940efa65b | ITER: 3 END: OK
2019-12-18 02:31:30.343 20127 INFO rally.task.runner [-] Task b391d463-0d30-4735-acd8-41f940efa65b | ITER: 6 START
2019-12-18 02:31:30.344 20127 RALLYDEBUG rally_openstack.wrappers.network [-] CIDR generated: 10.2.107.0/24
2019-12-18 02:31:30.517 20128 INFO rally.task.runner [-] Task b391d463-0d30-4735-acd8-41f940efa65b | ITER: 4 END: OK
2019-12-18 02:31:30.522 20128 INFO rally.task.runner [-] Task b391d463-0d30-4735-acd8-41f940efa65b | ITER: 7 START
2019-12-18 02:31:30.524 20128 RALLYDEBUG rally_openstack.wrappers.network [-] CIDR generated: 10.2.108.0/24
2019-12-18 02:31:30.624 20125 INFO rally.task.runner [-] Task b391d463-0d30-4735-acd8-41f940efa65b | ITER: 1 END: OK
2019-12-18 02:31:30.629 20125 INFO rally.task.runner [-] Task b391d463-0d30-4735-acd8-41f940efa65b | ITER: 8 START
2019-12-18 02:31:30.630 20125 RALLYDEBUG rally_openstack.wrappers.network [-] CIDR generated: 10.2.109.0/24
2019-12-18 02:31:31.112 20126 RALLYDEBUG rally_openstack.wrappers.network [-] CIDR generated: 10.2.110.0/24
2019-12-18 02:31:31.581 20125 RALLYDEBUG rally_openstack.wrappers.network [-] CIDR generated: 10.2.111.0/24
2019-12-18 02:31:31.639 20127 RALLYDEBUG rally_openstack.wrappers.network [-] CIDR generated: 10.2.112.0/24
2019-12-18 02:31:31.650 20128 RALLYDEBUG rally_openstack.wrappers.network [-] CIDR generated: 10.2.113.0/24
2019-12-18 02:31:32.197 20126 INFO rally.task.runner [-] Task b391d463-0d30-4735-acd8-41f940efa65b | ITER: 5 END: OK
2019-12-18 02:31:32.201 20126 INFO rally.task.runner [-] Task b391d463-0d30-4735-acd8-41f940efa65b | ITER: 9 START
2019-12-18 02:31:32.202 20126 RALLYDEBUG rally_openstack.wrappers.network [-] CIDR generated: 10.2.114.0/24
2019-12-18 02:31:32.501 20128 INFO rally.task.runner [-] Task b391d463-0d30-4735-acd8-41f940efa65b | ITER: 7 END: OK
2019-12-18 02:31:32.505 20128 INFO rally.task.runner [-] Task b391d463-0d30-4735-acd8-41f940efa65b | ITER: 10 START
2019-12-18 02:31:32.506 20128 RALLYDEBUG rally_openstack.wrappers.network [-] CIDR generated: 10.2.115.0/24
2019-12-18 02:31:32.535 20127 INFO rally.task.runner [-] Task b391d463-0d30-4735-acd8-41f940efa65b | ITER: 6 END: OK
2019-12-18 02:31:32.668 20125 INFO rally.task.runner [-] Task b391d463-0d30-4735-acd8-41f940efa65b | ITER: 8 END: OK
2019-12-18 02:31:33.101 20126 RALLYDEBUG rally_openstack.wrappers.network [-] CIDR generated: 10.2.116.0/24
2019-12-18 02:31:33.501 20128 RALLYDEBUG rally_openstack.wrappers.network [-] CIDR generated: 10.2.117.0/24
2019-12-18 02:31:33.880 20126 INFO rally.task.runner [-] Task b391d463-0d30-4735-acd8-41f940efa65b | ITER: 9 END: OK
2019-12-18 02:31:34.296 20128 INFO rally.task.runner [-] Task b391d463-0d30-4735-acd8-41f940efa65b | ITER: 10 END: OK
2019-12-18 02:31:34.317 13785 INFO rally.task.context [-] Task b391d463-0d30-4735-acd8-41f940efa65b | Context cleanup@openstack cleanup() started
2019-12-18 02:31:34.321 13785 RALLYDEBUG rally_openstack.cleanup.manager [-] Cleaning up neutron vip objects
2019-12-18 02:31:35.424 13785 RALLYDEBUG rally_openstack.cleanup.manager [-] Cleaning up neutron health_monitor objects
2019-12-18 02:31:36.539 13785 RALLYDEBUG rally_openstack.cleanup.manager [-] Cleaning up neutron pool objects
2019-12-18 02:31:37.628 13785 RALLYDEBUG rally_openstack.cleanup.manager [-] Cleaning up neutron loadbalancer objects
2019-12-18 02:31:38.739 13785 RALLYDEBUG rally_openstack.cleanup.manager [-] Cleaning up neutron floatingip objects
2019-12-18 02:31:39.956 13785 RALLYDEBUG rally_openstack.cleanup.manager [-] Cleaning up neutron trunk objects
2019-12-18 02:31:41.083 13785 RALLYDEBUG rally_openstack.cleanup.manager [-] Cleaning up neutron port objects
2019-12-18 02:31:42.630 13785 RALLYDEBUG rally_openstack.cleanup.manager [-] Cleaning up neutron subnet objects
2019-12-18 02:31:43.919 13785 RALLYDEBUG rally_openstack.cleanup.manager [-] Deleting neutron.subnet object s_rally_6ce4b6b2_UtAnYeU0 (376082ef-9ae7-495d-beb7-e0d44898c3ad)
2019-12-18 02:31:43.929 13785 RALLYDEBUG rally_openstack.cleanup.manager [-] Deleting neutron.subnet object s_rally_6ce4b6b2_lCBsjvv8 (4f842d57-f694-4aeb-84a6-ce2bae6a0b28)
2019-12-18 02:31:43.942 13785 RALLYDEBUG rally_openstack.cleanup.manager [-] Deleting neutron.subnet object s_rally_6ce4b6b2_OiznSORN (074b28ce-324d-4e77-b823-58bbdb137d67)
2019-12-18 02:31:43.950 13785 RALLYDEBUG rally_openstack.cleanup.manager [-] Deleting neutron.subnet object s_rally_6ce4b6b2_ulcbnG2C (5c296fe2-580d-4981-846c-1be484090226)
2019-12-18 02:31:43.955 13785 RALLYDEBUG rally_openstack.cleanup.manager [-] Deleting neutron.subnet object s_rally_6ce4b6b2_AjO8E81i (6181bee7-822f-437c-9239-04b092f008e5)
2019-12-18 02:31:43.966 13785 RALLYDEBUG rally_openstack.cleanup.manager [-] Deleting neutron.subnet object s_rally_6ce4b6b2_zT1LuuLH (6224f3c7-fe86-410e-9794-5fcfbd062ad6)
2019-12-18 02:31:43.976 13785 RALLYDEBUG rally_openstack.cleanup.manager [-] Deleting neutron.subnet object s_rally_6ce4b6b2_75l4URID (77b2c144-1766-46b1-9fd6-9e795ba5fa0e)
