2019-12-18 02:31:43.988 13785 RALLYDEBUG rally_openstack.cleanup.manager [-] Deleting neutron.subnet object s_rally_6ce4b6b2_Q0FEy3ac (78ecccf2-368a-48ca-a0c0-b2101ded2081)
2019-12-18 02:31:44.000 13785 RALLYDEBUG rally_openstack.cleanup.manager [-] Deleting neutron.subnet object s_rally_6ce4b6b2_cLSDvFxU (9746f3a7-3c86-4d0b-9fa2-6b09ad2504ee)
2019-12-18 02:31:44.005 13785 RALLYDEBUG rally_openstack.cleanup.manager [-] Deleting neutron.subnet object s_rally_6ce4b6b2_whryyA5t (a5f912fc-2e22-4f2d-bee9-8841f5078fd4)
2019-12-18 02:31:44.019 13785 RALLYDEBUG rally_openstack.cleanup.manager [-] Deleting neutron.subnet object s_rally_6ce4b6b2_Hb3fRW7K (a65bb280-89d9-4f2b-b40b-be090ada136b)
2019-12-18 02:31:44.043 13785 RALLYDEBUG rally_openstack.cleanup.manager [-] Deleting neutron.subnet object s_rally_6ce4b6b2_5DnlciVV (a8ad3b11-78f3-45c4-b352-dbac9bd46003)
2019-12-18 02:31:44.065 13785 RALLYDEBUG rally_openstack.cleanup.manager [-] Deleting neutron.subnet object s_rally_6ce4b6b2_Tow8C5xf (be292e48-89d0-4cbe-850a-3e640f325168)
2019-12-18 02:31:44.072 13785 RALLYDEBUG rally_openstack.cleanup.manager [-] Deleting neutron.subnet object s_rally_6ce4b6b2_cEmANIGI (d9f16579-b554-4c3b-ac29-adc23be02fb4)
2019-12-18 02:31:44.079 13785 RALLYDEBUG rally_openstack.cleanup.manager [-] Deleting neutron.subnet object s_rally_6ce4b6b2_CGBKeNdB (424a09e8-42fc-4848-ad0b-09bdfbca6053)
2019-12-18 02:31:44.091 13785 RALLYDEBUG rally_openstack.cleanup.manager [-] Deleting neutron.subnet object s_rally_6ce4b6b2_SKXywSJe (4fb33759-f174-4f38-8349-553b1057c284)
2019-12-18 02:31:44.095 13785 RALLYDEBUG rally_openstack.cleanup.manager [-] Deleting neutron.subnet object s_rally_6ce4b6b2_SzzsF4BP (5441b539-82ad-4adc-86a9-0c6351c17413)
2019-12-18 02:31:44.114 13785 RALLYDEBUG rally_openstack.cleanup.manager [-] Deleting neutron.subnet object s_rally_6ce4b6b2_6A3cF0Sl (5c2b48ce-ebd9-4174-b6f1-f16727d4d787)
2019-12-18 02:31:44.136 13785 RALLYDEBUG rally_openstack.cleanup.manager [-] Deleting neutron.subnet object s_rally_6ce4b6b2_Jy68WTL2 (c2f6a084-92f8-4562-b980-7b2f72f4b9d5)
2019-12-18 02:31:44.144 13785 RALLYDEBUG rally_openstack.cleanup.manager [-] Deleting neutron.subnet object s_rally_6ce4b6b2_d6NnqD2s (ccdae40f-5bfa-4b02-86fb-ed22c39193d8)
2019-12-18 02:31:57.871 13785 RALLYDEBUG rally_openstack.cleanup.manager [-] Cleaning up neutron network objects
2019-12-18 02:31:59.287 13785 RALLYDEBUG rally_openstack.cleanup.manager [-] Cleaning up neutron router objects
2019-12-18 02:32:00.535 13785 RALLYDEBUG rally_openstack.cleanup.manager [-] Cleaning up neutron security_group objects
2019-12-18 02:32:01.819 13785 INFO rally.task.context [-] Task b391d463-0d30-4735-acd8-41f940efa65b | Context cleanup@openstack cleanup() finished in 27.50 sec
2019-12-18 02:32:01.819 13785 INFO rally.task.context [-] Task b391d463-0d30-4735-acd8-41f940efa65b | Context network@openstack cleanup() started
2019-12-18 02:32:12.677 13785 INFO rally.task.context [-] Task b391d463-0d30-4735-acd8-41f940efa65b | Context network@openstack cleanup() finished in 10.86 sec
2019-12-18 02:32:12.678 13785 INFO rally.task.context [-] Task b391d463-0d30-4735-acd8-41f940efa65b | Context quotas@openstack cleanup() started
2019-12-18 02:32:12.864 13785 INFO rally.task.context [-] Task b391d463-0d30-4735-acd8-41f940efa65b | Context quotas@openstack cleanup() finished in 0.19 sec
2019-12-18 02:32:12.864 13785 INFO rally.task.context [-] Task b391d463-0d30-4735-acd8-41f940efa65b | Context users@openstack cleanup() started
2019-12-18 02:32:17.064 13785 INFO rally.task.context [-] Task b391d463-0d30-4735-acd8-41f940efa65b | Context users@openstack cleanup() finished in 4.20 sec
2019-12-18 02:32:17.999 13785 INFO rally.task.engine [-] Load duration is: 5.942888
2019-12-18 02:32:17.999 13785 INFO rally.task.engine [-] Full runner duration is: 5.985059
2019-12-18 02:32:17.999 13785 INFO rally.task.engine [-] Full duration is: 55.345454
2019-12-18 02:32:18.283 13785 INFO rally.task.engine [-] Task b391d463-0d30-4735-acd8-41f940efa65b | Completed: Running task.
2019-12-18 02:32:19.983 20407 RALLYDEBUG rally.api [-] INFO logs from urllib3 and requests module are hide.
2019-12-18 02:32:19.984 20407 RALLYDEBUG rally.api [-] urllib3 insecure warnings are hidden.
2019-12-18 02:32:19.984 20407 RALLYDEBUG rally.api [-] ERROR log from boto module is hide.
2019-12-18 02:32:21.208 20408 RALLYDEBUG rally.api [-] INFO logs from urllib3 and requests module are hide.
2019-12-18 02:32:21.209 20408 RALLYDEBUG rally.api [-] urllib3 insecure warnings are hidden.
2019-12-18 02:32:21.209 20408 RALLYDEBUG rally.api [-] ERROR log from boto module is hide.
2019-12-18 02:32:22.520 20409 RALLYDEBUG rally.api [-] INFO logs from urllib3 and requests module are hide.
2019-12-18 02:32:22.520 20409 RALLYDEBUG rally.api [-] urllib3 insecure warnings are hidden.
2019-12-18 02:32:22.521 20409 RALLYDEBUG rally.api [-] ERROR log from boto module is hide.
2019-12-18 02:32:24.154 20409 INFO rally.api [-] Building 'json' report for the following task(s): 'b391d463-0d30-4735-acd8-41f940efa65b'.
2019-12-18 02:32:24.193 20409 INFO rally.api [-] The report has been successfully built.
2019-12-18 02:32:25.576 20411 RALLYDEBUG rally.api [-] INFO logs from urllib3 and requests module are hide.
2019-12-18 02:32:25.577 20411 RALLYDEBUG rally.api [-] urllib3 insecure warnings are hidden.
2019-12-18 02:32:25.577 20411 RALLYDEBUG rally.api [-] ERROR log from boto module is hide.
2019-12-18 02:32:27.697 20411 INFO rally.task.engine [-] Task c708e019-2db7-43ad-b3c8-d031aba2ba2e | Starting: Task validation.
2019-12-18 02:32:27.762 20411 INFO rally.task.engine [-] Task c708e019-2db7-43ad-b3c8-d031aba2ba2e | Starting: Task validation of syntax.
2019-12-18 02:32:28.119 20411 INFO rally.task.engine [-] Task c708e019-2db7-43ad-b3c8-d031aba2ba2e | Completed: Task validation of syntax.
2019-12-18 02:32:28.119 20411 INFO rally.task.engine [-] Task c708e019-2db7-43ad-b3c8-d031aba2ba2e | Starting: Task validation of required platforms.
2019-12-18 02:32:28.254 20411 INFO rally.task.engine [-] Task c708e019-2db7-43ad-b3c8-d031aba2ba2e | Completed: Task validation of required platforms.
2019-12-18 02:32:28.254 20411 INFO rally.task.engine [-] Task c708e019-2db7-43ad-b3c8-d031aba2ba2e | Starting: Task validation of semantic.
2019-12-18 02:32:28.254 20411 INFO rally.task.engine [-] Check health of the environment '35c66681-f0dc-4da3-aba6-b9e1bda3b137'.
2019-12-18 02:32:29.192 20411 INFO rally.task.engine [-] Platform existing@openstack (available: True): OK!
2019-12-18 02:32:29.210 20411 RALLYDEBUG rally_openstack.contexts.keystone.users [-] Creating 1 tenants using 20 threads
2019-12-18 02:32:30.069 20411 RALLYDEBUG rally_openstack.contexts.keystone.users [-] Creating 1 users using 20 threads
2019-12-18 02:32:31.524 20411 INFO rally.task.context [-] Task c708e019-2db7-43ad-b3c8-d031aba2ba2e | Context users@openstack setup() finished in 2.31 sec
2019-12-18 02:33:11.573 20411 INFO rally.task.context [-] Task c708e019-2db7-43ad-b3c8-d031aba2ba2e | Context users@openstack cleanup() started
2019-12-18 02:33:14.470 20411 INFO rally.task.context [-] Task c708e019-2db7-43ad-b3c8-d031aba2ba2e | Context users@openstack cleanup() finished in 2.90 sec
2019-12-18 02:33:14.470 20411 INFO rally.task.engine [-] Task c708e019-2db7-43ad-b3c8-d031aba2ba2e | Completed: Task validation of semantic.
2019-12-18 02:33:14.471 20411 INFO rally.task.engine [-] Task c708e019-2db7-43ad-b3c8-d031aba2ba2e | Completed: Task validation.
2019-12-18 02:33:14.471 20411 INFO rally.api [-] Task c708e019-2db7-43ad-b3c8-d031aba2ba2e input file is valid.
2019-12-18 02:33:14.472 20411 INFO rally.api [-] Run Task c708e019-2db7-43ad-b3c8-d031aba2ba2e against Deployment 35c66681-f0dc-4da3-aba6-b9e1bda3b137
2019-12-18 02:33:14.472 20411 INFO rally.task.engine [-] Task c708e019-2db7-43ad-b3c8-d031aba2ba2e | Starting: Running task.
2019-12-18 02:33:14.667 20411 INFO rally.task.engine [-] Running workload: position = 0 config = { "version": 2, "title": "A cropped version of a bigger task.", "description": "Auto-generated task from a single workload (uuid=f4d7351a-04d9-40df-ab00-b1310dde572a)", "subtasks": [ { "title": "NovaKeypair.create_and_delete_keypair", "description": "Create a keypair with random name and delete keypair.", "scenario": { "NovaKeypair.create_and_delete_keypair": {} }, "contexts": { "users": { "tenants": 3, "users_per_tenant": 2 }, "quotas": { "nova": { "cores": -1, "floating_ips": -1, "instances": -1, "key_pairs": -1, "ram": -1, "security_group_rules": -1, "security_groups": -1 } } }, "runner": { "constant": { "concurrency": 4, "times": 10 } }, "hooks": [], "sla": { "failure_rate": { "max": 0 } } } ] }
2019-12-18 02:33:14.691 20411 RALLYDEBUG rally_openstack.contexts.keystone.users [-] Creating 3 tenants using 20 threads
2019-12-18 02:33:15.715 20411 RALLYDEBUG rally_openstack.contexts.keystone.users [-] Creating 6 users using 20 threads
2019-12-18 02:33:17.254 20411 INFO rally.task.context [-] Task c708e019-2db7-43ad-b3c8-d031aba2ba2e | Context users@openstack setup() finished in 2.56 sec
2019-12-18 02:33:18.560 20411 INFO rally.task.context [-] Task c708e019-2db7-43ad-b3c8-d031aba2ba2e | Context quotas@openstack setup() finished in 1.31 sec
2019-12-18 02:33:18.561 20411 INFO rally.task.context [-] Task c708e019-2db7-43ad-b3c8-d031aba2ba2e | Context cleanup@openstack setup() finished in 0.04 msec
2019-12-18 02:33:18.570 20411 RALLYDEBUG rally.task.runner [-] Starting the constant runner (task UUID: c708e019-2db7-43ad-b3c8-d031aba2ba2e). times: 10 concurrency: 4 timeout: 0 max_cpu_used: 16 processes_to_start: 4 concurrency_per_worker: 1 concurrency_overhead: 0
2019-12-18 02:33:18.583 20535 RALLYDEBUG rally.task.runner [-] Starting a worker. times: 10 duration: None concurrency: 1 timeout: 0 cls: method_name: run args: {}
2019-12-18 02:33:18.586 20536 RALLYDEBUG rally.task.runner [-] Starting a worker. times: 10 duration: None concurrency: 1 timeout: 0 cls: method_name: run args: {}
2019-12-18 02:33:18.590 20535 INFO rally.task.runner [-] Task c708e019-2db7-43ad-b3c8-d031aba2ba2e | ITER: 1 START
2019-12-18 02:33:18.590 20537 RALLYDEBUG rally.task.runner [-] Starting a worker. times: 10 duration: None concurrency: 1 timeout: 0 cls: method_name: run args: {}
2019-12-18 02:33:18.593 20536 INFO rally.task.runner [-] Task c708e019-2db7-43ad-b3c8-d031aba2ba2e | ITER: 2 START
2019-12-18 02:33:18.593 20539 RALLYDEBUG rally.task.runner [-] Starting a worker. times: 10 duration: None concurrency: 1 timeout: 0 cls: method_name: run args: {}
2019-12-18 02:33:18.596 20537 INFO rally.task.runner [-] Task c708e019-2db7-43ad-b3c8-d031aba2ba2e | ITER: 3 START
2019-12-18 02:33:18.599 20539 INFO rally.task.runner [-] Task c708e019-2db7-43ad-b3c8-d031aba2ba2e | ITER: 4 START
2019-12-18 02:33:19.197 20535 INFO rally.task.runner [-] Task c708e019-2db7-43ad-b3c8-d031aba2ba2e | ITER: 1 END: OK
2019-12-18 02:33:19.202 20535 INFO rally.task.runner [-] Task c708e019-2db7-43ad-b3c8-d031aba2ba2e | ITER: 5 START
2019-12-18 02:33:19.290 20537 INFO rally.task.runner [-] Task c708e019-2db7-43ad-b3c8-d031aba2ba2e | ITER: 3 END: OK
2019-12-18 02:33:19.295 20537 INFO rally.task.runner [-] Task c708e019-2db7-43ad-b3c8-d031aba2ba2e | ITER: 6 START
2019-12-18 02:33:19.315 20536 INFO rally.task.runner [-] Task c708e019-2db7-43ad-b3c8-d031aba2ba2e | ITER: 2 END: OK
2019-12-18 02:33:19.319 20536 INFO rally.task.runner [-] Task c708e019-2db7-43ad-b3c8-d031aba2ba2e | ITER: 7 START
2019-12-18 02:33:19.333 20539 INFO rally.task.runner [-] Task c708e019-2db7-43ad-b3c8-d031aba2ba2e | ITER: 4 END: OK
2019-12-18 02:33:19.338 20539 INFO rally.task.runner [-] Task c708e019-2db7-43ad-b3c8-d031aba2ba2e | ITER: 8 START
2019-12-18 02:33:19.804 20536 INFO rally.task.runner [-] Task c708e019-2db7-43ad-b3c8-d031aba2ba2e | ITER: 7 END: OK
2019-12-18 02:33:19.807 20536 INFO rally.task.runner [-] Task c708e019-2db7-43ad-b3c8-d031aba2ba2e | ITER: 9 START
2019-12-18 02:33:19.837 20539 INFO rally.task.runner [-] Task c708e019-2db7-43ad-b3c8-d031aba2ba2e | ITER: 8 END: OK
2019-12-18 02:33:19.840 20539 INFO rally.task.runner [-] Task c708e019-2db7-43ad-b3c8-d031aba2ba2e | ITER: 10 START
2019-12-18 02:33:19.891 20537 INFO rally.task.runner [-] Task c708e019-2db7-43ad-b3c8-d031aba2ba2e | ITER: 6 END: OK
2019-12-18 02:33:19.937 20535 INFO rally.task.runner [-] Task c708e019-2db7-43ad-b3c8-d031aba2ba2e | ITER: 5 END: OK
2019-12-18 02:33:20.343 20536 INFO rally.task.runner [-] Task c708e019-2db7-43ad-b3c8-d031aba2ba2e | ITER: 9 END: OK
2019-12-18 02:33:20.375 20539 INFO rally.task.runner [-] Task c708e019-2db7-43ad-b3c8-d031aba2ba2e | ITER: 10 END: OK
2019-12-18 02:33:20.404 20411 INFO rally.task.context [-] Task c708e019-2db7-43ad-b3c8-d031aba2ba2e | Context cleanup@openstack cleanup() started
2019-12-18 02:33:20.408 20411 RALLYDEBUG rally_openstack.cleanup.manager [-] Cleaning up nova servers objects
2019-12-18 02:33:21.993 20411 RALLYDEBUG rally_openstack.cleanup.manager [-] Cleaning up nova server_groups objects
2019-12-18 02:33:23.169 20411 RALLYDEBUG rally_openstack.cleanup.manager [-] Cleaning up nova keypairs objects
2019-12-18 02:33:25.597 20411 INFO rally.task.context [-] Task c708e019-2db7-43ad-b3c8-d031aba2ba2e | Context cleanup@openstack cleanup() finished in 5.19 sec
2019-12-18 02:33:25.597 20411 INFO rally.task.context [-] Task c708e019-2db7-43ad-b3c8-d031aba2ba2e | Context quotas@openstack cleanup() started
2019-12-18 02:33:25.655 20411 INFO rally.task.context [-] Task c708e019-2db7-43ad-b3c8-d031aba2ba2e | Context quotas@openstack cleanup() finished in 57.72 msec
2019-12-18 02:33:25.655 20411 INFO rally.task.context [-] Task c708e019-2db7-43ad-b3c8-d031aba2ba2e | Context users@openstack cleanup() started
2019-12-18 02:33:30.332 20411 INFO rally.task.context [-] Task c708e019-2db7-43ad-b3c8-d031aba2ba2e | Context users@openstack cleanup() finished in 4.68 sec
2019-12-18 02:33:30.789 20411 INFO rally.task.engine [-] Load duration is: 1.783648
2019-12-18 02:33:30.789 20411 INFO rally.task.engine [-] Full runner duration is: 1.834576
2019-12-18 02:33:30.790 20411 INFO rally.task.engine [-] Full duration is: 15.643988
2019-12-18 02:33:31.135 20411 INFO rally.task.engine [-] Running workload: position = 0 config = { "version": 2, "title": "A cropped version of a bigger task.", "description": "Auto-generated task from a single workload (uuid=864dc8f5-61cc-4377-921e-b1fe868ad17a)", "subtasks": [ { "title": "NovaKeypair.create_and_list_keypairs", "description": "Create a keypair with random name and list keypairs.", "scenario": { "NovaKeypair.create_and_list_keypairs": {} }, "contexts": { "users": { "tenants": 3, "users_per_tenant": 2 }, "quotas": { "nova": { "cores": -1, "floating_ips": -1, "instances": -1, "key_pairs": -1, "ram": -1, "security_group_rules": -1, "security_groups": -1 } } }, "runner": { "constant": { "concurrency": 4, "times": 10 } }, "hooks": [], "sla": { "failure_rate": { "max": 0 } } } ] }
2019-12-18 02:33:31.159 20411 RALLYDEBUG rally_openstack.contexts.keystone.users [-] Creating 3 tenants using 20 threads
2019-12-18 02:33:32.210 20411 RALLYDEBUG rally_openstack.contexts.keystone.users [-] Creating 6 users using 20 threads
2019-12-18 02:33:33.795 20411 INFO rally.task.context [-] Task c708e019-2db7-43ad-b3c8-d031aba2ba2e | Context users@openstack setup() finished in 2.64 sec
2019-12-18 02:33:35.068 20411 INFO rally.task.context [-] Task c708e019-2db7-43ad-b3c8-d031aba2ba2e | Context quotas@openstack setup() finished in 1.27 sec
2019-12-18 02:33:35.069 20411 INFO rally.task.context [-] Task c708e019-2db7-43ad-b3c8-d031aba2ba2e | Context cleanup@openstack setup() finished in 0.01 msec
2019-12-18 02:33:35.077 20411 RALLYDEBUG rally.task.runner [-] Starting the constant runner (task UUID: c708e019-2db7-43ad-b3c8-d031aba2ba2e). times: 10 concurrency: 4 timeout: 0 max_cpu_used: 16 processes_to_start: 4 concurrency_per_worker: 1 concurrency_overhead: 0
2019-12-18 02:33:35.089 20699 RALLYDEBUG rally.task.runner [-] Starting a worker. times: 10 duration: None concurrency: 1 timeout: 0 cls: method_name: run args: {}
2019-12-18 02:33:35.092 20700 RALLYDEBUG rally.task.runner [-] Starting a worker. times: 10 duration: None concurrency: 1 timeout: 0 cls: method_name: run args: {}
2019-12-18 02:33:35.096 20699 INFO rally.task.runner [-] Task c708e019-2db7-43ad-b3c8-d031aba2ba2e | ITER: 1 START
2019-12-18 02:33:35.095 20701 RALLYDEBUG rally.task.runner [-] Starting a worker. times: 10 duration: None concurrency: 1 timeout: 0 cls: method_name: run args: {}
2019-12-18 02:33:35.099 20700 INFO rally.task.runner [-] Task c708e019-2db7-43ad-b3c8-d031aba2ba2e | ITER: 2 START
2019-12-18 02:33:35.099 20702 RALLYDEBUG rally.task.runner [-] Starting a worker. times: 10 duration: None concurrency: 1 timeout: 0 cls: method_name: run args: {}
2019-12-18 02:33:35.102 20701 INFO rally.task.runner [-] Task c708e019-2db7-43ad-b3c8-d031aba2ba2e | ITER: 3 START
2019-12-18 02:33:35.105 20702 INFO rally.task.runner [-] Task c708e019-2db7-43ad-b3c8-d031aba2ba2e | ITER: 4 START
2019-12-18 02:33:35.668 20699 INFO rally.task.runner [-] Task c708e019-2db7-43ad-b3c8-d031aba2ba2e | ITER: 1 END: OK
2019-12-18 02:33:35.673 20699 INFO rally.task.runner [-] Task c708e019-2db7-43ad-b3c8-d031aba2ba2e | ITER: 5 START
2019-12-18 02:33:35.710 20702 INFO rally.task.runner [-] Task c708e019-2db7-43ad-b3c8-d031aba2ba2e | ITER: 4 END: OK
2019-12-18 02:33:35.714 20702 INFO rally.task.runner [-] Task c708e019-2db7-43ad-b3c8-d031aba2ba2e | ITER: 6 START
2019-12-18 02:33:35.740 20701 INFO rally.task.runner [-] Task c708e019-2db7-43ad-b3c8-d031aba2ba2e | ITER: 3 END: OK
2019-12-18 02:33:35.745 20701 INFO rally.task.runner [-] Task c708e019-2db7-43ad-b3c8-d031aba2ba2e | ITER: 7 START
2019-12-18 02:33:35.803 20700 INFO rally.task.runner [-] Task c708e019-2db7-43ad-b3c8-d031aba2ba2e | ITER: 2 END: OK
2019-12-18 02:33:35.807 20700 INFO rally.task.runner [-] Task c708e019-2db7-43ad-b3c8-d031aba2ba2e | ITER: 8 START
2019-12-18 02:33:36.170 20699 INFO rally.task.runner [-] Task c708e019-2db7-43ad-b3c8-d031aba2ba2e | ITER: 5 END: OK
2019-12-18 02:33:36.173 20699 INFO rally.task.runner [-] Task c708e019-2db7-43ad-b3c8-d031aba2ba2e | ITER: 9 START
2019-12-18 02:33:36.204 20702 INFO rally.task.runner [-] Task c708e019-2db7-43ad-b3c8-d031aba2ba2e | ITER: 6 END: OK
2019-12-18 02:33:36.208 20702 INFO rally.task.runner [-] Task c708e019-2db7-43ad-b3c8-d031aba2ba2e | ITER: 10 START
2019-12-18 02:33:36.307 20701 INFO rally.task.runner [-] Task c708e019-2db7-43ad-b3c8-d031aba2ba2e | ITER: 7 END: OK
2019-12-18 02:33:36.375 20700 INFO rally.task.runner [-] Task c708e019-2db7-43ad-b3c8-d031aba2ba2e | ITER: 8 END: OK
2019-12-18 02:33:36.817 20702 INFO rally.task.runner [-] Task c708e019-2db7-43ad-b3c8-d031aba2ba2e | ITER: 10 END: OK
2019-12-18 02:33:36.827 20699 INFO rally.task.runner [-] Task c708e019-2db7-43ad-b3c8-d031aba2ba2e | ITER: 9 END: OK
2019-12-18 02:33:36.855 20411 INFO rally.task.context [-] Task c708e019-2db7-43ad-b3c8-d031aba2ba2e | Context cleanup@openstack cleanup() started
2019-12-18 02:33:36.859 20411 RALLYDEBUG rally_openstack.cleanup.manager [-] Cleaning up nova servers objects
2019-12-18 02:33:38.367 20411 RALLYDEBUG rally_openstack.cleanup.manager [-] Cleaning up nova server_groups objects
2019-12-18 02:33:39.533 20411 RALLYDEBUG rally_openstack.cleanup.manager [-] Cleaning up nova keypairs objects
2019-12-18 02:33:42.038 20411 RALLYDEBUG rally_openstack.cleanup.manager [-] Deleting nova.keypairs object s_rally_864dc8f5_WEAFW62E (s_rally_864dc8f5_WEAFW62E)
2019-12-18 02:33:42.047 20411 RALLYDEBUG rally_openstack.cleanup.manager [-] Deleting nova.keypairs object s_rally_864dc8f5_yb9qy5TP (s_rally_864dc8f5_yb9qy5TP)
2019-12-18 02:33:42.056 20411 RALLYDEBUG rally_openstack.cleanup.manager [-] Deleting nova.keypairs object s_rally_864dc8f5_d4HcQbAE (s_rally_864dc8f5_d4HcQbAE)
2019-12-18 02:33:42.060 20411 RALLYDEBUG rally_openstack.cleanup.manager [-] Deleting nova.keypairs object s_rally_864dc8f5_I4xcZFrq (s_rally_864dc8f5_I4xcZFrq)
2019-12-18 02:33:42.069 20411 RALLYDEBUG rally_openstack.cleanup.manager [-] Deleting nova.keypairs object s_rally_864dc8f5_1pXfXwjl (s_rally_864dc8f5_1pXfXwjl)
2019-12-18 02:33:42.072 20411 RALLYDEBUG rally_openstack.cleanup.manager [-] Deleting nova.keypairs object s_rally_864dc8f5_ksY9w62B (s_rally_864dc8f5_ksY9w62B)
2019-12-18 02:33:42.078 20411 RALLYDEBUG rally_openstack.cleanup.manager [-] Deleting nova.keypairs object s_rally_864dc8f5_G30x2kA8 (s_rally_864dc8f5_G30x2kA8)
2019-12-18 02:33:42.090 20411 RALLYDEBUG rally_openstack.cleanup.manager [-] Deleting nova.keypairs object s_rally_864dc8f5_MJacEztV (s_rally_864dc8f5_MJacEztV)
2019-12-18 02:33:42.094 20411 RALLYDEBUG rally_openstack.cleanup.manager [-] Deleting nova.keypairs object s_rally_864dc8f5_n9rfk9Te (s_rally_864dc8f5_n9rfk9Te)
2019-12-18 02:33:42.110 20411 RALLYDEBUG rally_openstack.cleanup.manager [-] Deleting nova.keypairs object s_rally_864dc8f5_OJLkBcYD (s_rally_864dc8f5_OJLkBcYD)
2019-12-18 02:33:43.813 20411 INFO rally.task.context [-] Task c708e019-2db7-43ad-b3c8-d031aba2ba2e | Context cleanup@openstack cleanup() finished in 6.96 sec
2019-12-18 02:33:43.814 20411 INFO rally.task.context [-] Task c708e019-2db7-43ad-b3c8-d031aba2ba2e | Context quotas@openstack cleanup() started
2019-12-18 02:33:43.881 20411 INFO rally.task.context [-] Task c708e019-2db7-43ad-b3c8-d031aba2ba2e | Context quotas@openstack cleanup() finished in 67.37 msec
2019-12-18 02:33:43.881 20411 INFO rally.task.context [-] Task c708e019-2db7-43ad-b3c8-d031aba2ba2e | Context users@openstack cleanup() started
2019-12-18 02:33:48.414 20411 INFO rally.task.context [-] Task c708e019-2db7-43ad-b3c8-d031aba2ba2e | Context users@openstack cleanup() finished in 4.53 sec
2019-12-18 02:33:49.313 20411 INFO rally.task.engine [-] Load duration is: 1.7299
2019-12-18 02:33:49.314 20411 INFO rally.task.engine [-] Full runner duration is: 1.778021
2019-12-18 02:33:49.314 20411 INFO rally.task.engine [-] Full duration is: 17.256771
2019-12-18 02:33:49.662 20411 INFO rally.task.engine [-] Running workload: position = 0 config = { "version": 2, "title": "A cropped version of a bigger task.", "description": "Auto-generated task from a single workload (uuid=53e328a0-4f06-4de2-869e-f7ca47943db5)", "subtasks": [ { "title": "NovaServers.boot_and_bounce_server", "description": "Boot a server and run specified actions against it.", "scenario": { "NovaServers.boot_and_bounce_server": { "actions": [ { "hard_reboot": 1 }, { "soft_reboot": 1 }, { "stop_start": 1 }, { "rescue_unrescue": 1 } ], "flavor": { "name": "rally_full-flavor_82abc6db-4b93-46af-8703-7548ccee80b4" }, "image": { "name": "rally_full-img_82abc6db-4b93-46af-8703-7548ccee80b4" }, "nics": [ { "net-id": "a2e4e6ce-5607-4f93-b98b-e192ed4c6f67" } ] } }, "contexts": { "users": { "tenants": 3, "users_per_tenant": 2 }, "network": { "networks_per_tenant": 1, "start_cidr": "100.1.0.0/25" }, "quotas": { "neutron": { "network": -1, "port": -1, "subnet": -1 }, "nova": { "cores": -1, "floating_ips": -1, "instances": -1, "ram": -1, "security_group_rules": -1, "security_groups": -1 } } }, "runner": { "constant": { "concurrency": 4, "times": 10 } }, "hooks": [], "sla": { "failure_rate": { "max": 0 } } } ] }
2019-12-18 02:33:49.688 20411 RALLYDEBUG rally_openstack.contexts.keystone.users [-] Creating 3 tenants using 20 threads
2019-12-18 02:33:50.738 20411 RALLYDEBUG rally_openstack.contexts.keystone.users [-] Creating 6 users using 20 threads
2019-12-18 02:33:52.315 20411 INFO rally.task.context [-] Task c708e019-2db7-43ad-b3c8-d031aba2ba2e | Context users@openstack setup() finished in 2.63 sec
2019-12-18 02:33:54.094 20411 INFO rally.task.context [-] Task c708e019-2db7-43ad-b3c8-d031aba2ba2e | Context quotas@openstack setup() finished in 1.78 sec
2019-12-18 02:33:56.541 20411 RALLYDEBUG rally_openstack.wrappers.network [-] CIDR generated: 100.1.0.0/25
2019-12-18 02:34:01.008 20411 RALLYDEBUG rally_openstack.wrappers.network [-] CIDR generated: 100.1.0.128/25
2019-12-18 02:34:05.100 20411 RALLYDEBUG rally_openstack.wrappers.network [-] CIDR generated: 100.1.1.0/25
2019-12-18 02:34:07.511 20411 INFO rally.task.context [-] Task c708e019-2db7-43ad-b3c8-d031aba2ba2e | Context network@openstack setup() finished in 13.42 sec
2019-12-18 02:34:07.512 20411 INFO rally.task.context [-] Task c708e019-2db7-43ad-b3c8-d031aba2ba2e | Context cleanup@openstack setup() finished in 0.02 msec
2019-12-18 02:34:08.360 20411 RALLYDEBUG rally.task.runner [-] Starting the constant runner (task UUID: c708e019-2db7-43ad-b3c8-d031aba2ba2e). times: 10 concurrency: 4 timeout: 0 max_cpu_used: 16 processes_to_start: 4 concurrency_per_worker: 1 concurrency_overhead: 0
2019-12-18 02:34:08.371 20863 RALLYDEBUG rally.task.runner [-] Starting a worker. times: 10 duration: None concurrency: 1 timeout: 0 cls: method_name: run args: {"actions": [{"hard_reboot": 1}, {"soft_reboot": 1}, {"stop_start": 1}, {"rescue_unrescue": 1}], "flavor": "c3ced0cb-30ea-448e-8a52-6953d615bc6c", "image": "48bf0efe-01ba-4643-8231-99113ba84e63", "nics": [{"net-id": "a2e4e6ce-5607-4f93-b98b-e192ed4c6f67"}]}
2019-12-18 02:34:08.374 20864 RALLYDEBUG rally.task.runner [-] Starting a worker. times: 10 duration: None concurrency: 1 timeout: 0 cls: method_name: run args: {"actions": [{"hard_reboot": 1}, {"soft_reboot": 1}, {"stop_start": 1}, {"rescue_unrescue": 1}], "flavor": "c3ced0cb-30ea-448e-8a52-6953d615bc6c", "image": "48bf0efe-01ba-4643-8231-99113ba84e63", "nics": [{"net-id": "a2e4e6ce-5607-4f93-b98b-e192ed4c6f67"}]}
2019-12-18 02:34:08.378 20865 RALLYDEBUG rally.task.runner [-] Starting a worker. times: 10 duration: None concurrency: 1 timeout: 0 cls: method_name: run args: {"actions": [{"hard_reboot": 1}, {"soft_reboot": 1}, {"stop_start": 1}, {"rescue_unrescue": 1}], "flavor": "c3ced0cb-30ea-448e-8a52-6953d615bc6c", "image": "48bf0efe-01ba-4643-8231-99113ba84e63", "nics": [{"net-id": "a2e4e6ce-5607-4f93-b98b-e192ed4c6f67"}]}
2019-12-18 02:34:08.379 20863 INFO rally.task.runner [-] Task c708e019-2db7-43ad-b3c8-d031aba2ba2e | ITER: 1 START
2019-12-18 02:34:08.382 20864 INFO rally.task.runner [-] Task c708e019-2db7-43ad-b3c8-d031aba2ba2e | ITER: 2 START
2019-12-18 02:34:08.383 20866 RALLYDEBUG rally.task.runner [-] Starting a worker. times: 10 duration: None concurrency: 1 timeout: 0 cls: method_name: run args: {"actions": [{"hard_reboot": 1}, {"soft_reboot": 1}, {"stop_start": 1}, {"rescue_unrescue": 1}], "flavor": "c3ced0cb-30ea-448e-8a52-6953d615bc6c", "image": "48bf0efe-01ba-4643-8231-99113ba84e63", "nics": [{"net-id": "a2e4e6ce-5607-4f93-b98b-e192ed4c6f67"}]}
2019-12-18 02:34:08.385 20865 INFO rally.task.runner [-] Task c708e019-2db7-43ad-b3c8-d031aba2ba2e | ITER: 3 START
2019-12-18 02:34:08.393 20866 INFO rally.task.runner [-] Task c708e019-2db7-43ad-b3c8-d031aba2ba2e | ITER: 4 START
2019-12-18 02:34:18.569 20864 RALLYDEBUG rally.task.utils [-] Waiting for resource s_rally_53e328a0_HLkvHS8G. Status changed: BUILD => ACTIVE in 7.1323981285095215
2019-12-18 02:34:18.581 20866 RALLYDEBUG rally.task.utils [-] Waiting for resource s_rally_53e328a0_XKv6bktK. Status changed: BUILD => ACTIVE in 7.2161266803741455
2019-12-18 02:34:18.856 20865 RALLYDEBUG rally.task.utils [-] Waiting for resource s_rally_53e328a0_ihsJcdZn. Status changed: BUILD => ACTIVE in 7.396098613739014
2019-12-18 02:34:20.434 20863 RALLYDEBUG rally.task.utils [-] Waiting for resource s_rally_53e328a0_wC16tr7k. Status changed: BUILD => ACTIVE in 9.414217710494995
2019-12-18 02:34:20.949 20866 RALLYDEBUG rally.task.utils [-] Waiting for resource s_rally_53e328a0_XKv6bktK. Status changed: ACTIVE => HARD_REBOOT in 0.21570324897766113
2019-12-18 02:34:21.255 20865 RALLYDEBUG rally.task.utils [-] Waiting for resource s_rally_53e328a0_ihsJcdZn. Status changed: ACTIVE => HARD_REBOOT in 0.29616856575012207
2019-12-18 02:34:23.247 20866 RALLYDEBUG rally.task.utils [-] Waiting for resource s_rally_53e328a0_XKv6bktK. Status changed: HARD_REBOOT => ACTIVE in 2.298020839691162
2019-12-18 02:34:23.385 20864 RALLYDEBUG rally.task.utils [-] Waiting for resource s_rally_53e328a0_HLkvHS8G. Status changed: ACTIVE => REBOOT in 0.2041301727294922
2019-12-18 02:34:23.600 20865 RALLYDEBUG rally.task.utils [-] Waiting for resource s_rally_53e328a0_ihsJcdZn. Status changed: HARD_REBOOT => ACTIVE in 2.345064878463745
2019-12-18 02:34:25.157 20863 RALLYDEBUG rally.task.utils [-] Waiting for resource s_rally_53e328a0_wC16tr7k. Status changed: ACTIVE => REBOOT in 0.2163527011871338
2019-12-18 02:34:25.663 20866 RALLYDEBUG rally.task.utils [-] Waiting for resource s_rally_53e328a0_XKv6bktK. Status changed: ACTIVE => REBOOT in 0.29703736305236816
2019-12-18 02:34:25.997 20865 RALLYDEBUG rally.task.utils [-] Waiting for resource s_rally_53e328a0_ihsJcdZn. Status changed: ACTIVE => REBOOT in 0.2949073314666748
2019-12-18 02:36:23.858 20864 RALLYDEBUG rally.task.utils [-] Waiting for resource s_rally_53e328a0_HLkvHS8G. Status changed: REBOOT => ACTIVE in 120.47254180908203
2019-12-18 02:36:25.565 20863 RALLYDEBUG rally.task.utils [-] Waiting for resource s_rally_53e328a0_wC16tr7k. Status changed: REBOOT => ACTIVE in 120.40720248222351
2019-12-18 02:36:26.299 20866 RALLYDEBUG rally.task.utils [-] Waiting for resource s_rally_53e328a0_XKv6bktK. Status changed: REBOOT => ACTIVE in 120.63520216941833
2019-12-18 02:36:27.348 20865 RALLYDEBUG rally.task.utils [-] Waiting for resource s_rally_53e328a0_ihsJcdZn. Status changed: REBOOT => ACTIVE in 121.35115909576416
2019-12-18 02:37:26.070 20864 RALLYDEBUG rally.task.utils [-] Waiting for resource s_rally_53e328a0_HLkvHS8G. Status changed: ACTIVE => SHUTOFF in 62.07810187339783
2019-12-18 02:37:26.366 20864 RALLYDEBUG rally.task.utils [-] Waiting for resource s_rally_53e328a0_HLkvHS8G. Status changed: ACTIVE => SHUTOFF in 0.1617591381072998
2019-12-18 02:37:27.537 20864 RALLYDEBUG rally.task.utils [-] Waiting for resource s_rally_53e328a0_HLkvHS8G. Status changed: SHUTOFF => ACTIVE in 1.1708085536956787
2019-12-18 02:37:28.217 20863 RALLYDEBUG rally.task.utils [-] Waiting for resource s_rally_53e328a0_wC16tr7k. Status changed: ACTIVE => SHUTOFF in 62.51982069015503
2019-12-18 02:37:28.494 20863 RALLYDEBUG rally.task.utils [-] Waiting for resource s_rally_53e328a0_wC16tr7k. Status changed: ACTIVE => SHUTOFF in 0.15016818046569824
2019-12-18 02:37:28.753 20866 RALLYDEBUG rally.task.utils [-] Waiting for resource s_rally_53e328a0_XKv6bktK. Status changed: ACTIVE => SHUTOFF in 62.32547307014465
2019-12-18 02:37:29.143 20866 RALLYDEBUG rally.task.utils [-] Waiting for resource s_rally_53e328a0_XKv6bktK. Status changed: ACTIVE => SHUTOFF in 0.14054489135742188
2019-12-18 02:37:29.358 20865 RALLYDEBUG rally.task.utils [-] Waiting for resource s_rally_53e328a0_ihsJcdZn. Status changed: ACTIVE => SHUTOFF in 61.87073516845703
2019-12-18 02:37:29.624 20865 RALLYDEBUG rally.task.utils [-] Waiting for resource s_rally_53e328a0_ihsJcdZn. Status changed: ACTIVE => SHUTOFF in 0.13687467575073242
2019-12-18 02:37:29.629 20863 RALLYDEBUG rally.task.utils [-] Waiting for resource s_rally_53e328a0_wC16tr7k. Status changed: SHUTOFF => ACTIVE in 1.1346361637115479
2019-12-18 02:37:30.288 20866 RALLYDEBUG rally.task.utils [-] Waiting for resource s_rally_53e328a0_XKv6bktK. Status changed: SHUTOFF => ACTIVE in 1.1453540325164795
2019-12-18 02:37:30.769 20865 RALLYDEBUG rally.task.utils [-] Waiting for resource s_rally_53e328a0_ihsJcdZn. Status changed: SHUTOFF => ACTIVE in 1.1444847583770752
2019-12-18 02:37:42.956 20864 RALLYDEBUG rally.task.utils [-] Waiting for resource s_rally_53e328a0_HLkvHS8G. Status changed: ACTIVE => RESCUE in 13.292206048965454
2019-12-18 02:37:46.162 20865 RALLYDEBUG rally.task.utils [-] Waiting for resource s_rally_53e328a0_ihsJcdZn. Status changed: ACTIVE => RESCUE in 13.241351127624512
2019-12-18 02:37:47.707 20864 INFO rally.task.runner [-] Task c708e019-2db7-43ad-b3c8-d031aba2ba2e | ITER: 2 END: OK
2019-12-18 02:37:47.714 20864 INFO rally.task.runner [-] Task c708e019-2db7-43ad-b3c8-d031aba2ba2e | ITER: 5 START
2019-12-18 02:37:50.752 20865 INFO rally.task.runner [-] Task c708e019-2db7-43ad-b3c8-d031aba2ba2e | ITER: 3 END: OK
2019-12-18 02:37:50.760 20865 INFO rally.task.runner [-] Task c708e019-2db7-43ad-b3c8-d031aba2ba2e | ITER: 6 START
2019-12-18 02:37:57.088 20864 RALLYDEBUG rally.task.utils [-] Waiting for resource s_rally_53e328a0_ZBVb7Fv6. Status changed: BUILD => ACTIVE in 6.850929498672485
2019-12-18 02:37:58.084 20865 RALLYDEBUG rally.task.utils [-] Waiting for resource s_rally_53e328a0_78vPwJAX. Status changed: BUILD => ACTIVE in 4.947821378707886
2019-12-18 02:38:01.838 20864 RALLYDEBUG rally.task.utils [-] Waiting for resource s_rally_53e328a0_ZBVb7Fv6. Status changed: ACTIVE => REBOOT in 0.3250575065612793
2019-12-18 02:38:02.683 20865 RALLYDEBUG rally.task.utils [-] Waiting for resource s_rally_53e328a0_78vPwJAX. Status changed: ACTIVE => REBOOT in 0.1877119541168213
2019-12-18 02:38:33.140 20863 RALLYDEBUG rally.task.utils [-] Waiting for resource s_rally_53e328a0_wC16tr7k. Status changed: ACTIVE => RESCUE in 61.383065700531006
2019-12-18 02:38:34.268 20866 RALLYDEBUG rally.task.utils [-] Waiting for resource s_rally_53e328a0_XKv6bktK. Status changed: ACTIVE => RESCUE in 61.8674898147583
2019-12-18 02:38:35.416 20863 RALLYDEBUG rally.task.utils [-] Waiting for resource s_rally_53e328a0_wC16tr7k. Status changed: ACTIVE => RESCUE in 0.15021681785583496
2019-12-18 02:38:38.940 20866 INFO rally.task.runner [-] Task c708e019-2db7-43ad-b3c8-d031aba2ba2e | ITER: 4 END: OK
2019-12-18 02:38:38.947 20866 INFO rally.task.runner [-] Task c708e019-2db7-43ad-b3c8-d031aba2ba2e | ITER: 7 START
2019-12-18 02:38:39.901 20863 RALLYDEBUG rally.task.utils [-] Waiting for resource s_rally_53e328a0_wC16tr7k. Status changed: RESCUE => ACTIVE in 4.48469352722168
2019-12-18 02:38:42.241 20863 INFO rally.task.runner [-] Task c708e019-2db7-43ad-b3c8-d031aba2ba2e | ITER: 1 END: OK
2019-12-18 02:38:42.248 20863 INFO rally.task.runner [-] Task c708e019-2db7-43ad-b3c8-d031aba2ba2e | ITER: 8 START
2019-12-18 02:38:46.186 20866 RALLYDEBUG rally.task.utils [-] Waiting for resource s_rally_53e328a0_IfE3i00z. Status changed: BUILD => ACTIVE in 4.583714485168457
2019-12-18 02:38:49.447 20863 RALLYDEBUG rally.task.utils [-] Waiting for resource s_rally_53e328a0_Ma5H8LCG. Status changed: BUILD => ACTIVE in 4.532980680465698
2019-12-18 02:38:50.953 20866 RALLYDEBUG rally.task.utils [-] Waiting for resource s_rally_53e328a0_IfE3i00z. Status changed: ACTIVE => REBOOT in 0.17709636688232422
2019-12-18 02:38:54.123 20863 RALLYDEBUG rally.task.utils [-] Waiting for resource s_rally_53e328a0_Ma5H8LCG. Status changed: ACTIVE => REBOOT in 0.21159577369689941
2019-12-18 02:40:02.209 20864 RALLYDEBUG rally.task.utils [-] Waiting for resource s_rally_53e328a0_ZBVb7Fv6. Status changed: REBOOT => ACTIVE in 120.37120509147644
2019-12-18 02:40:04.483 20865 RALLYDEBUG rally.task.utils [-] Waiting for resource s_rally_53e328a0_78vPwJAX. Status changed: REBOOT => ACTIVE in 121.79997301101685
2019-12-18 02:40:09.293 20865 RALLYDEBUG rally.task.utils [-] Waiting for resource s_rally_53e328a0_78vPwJAX. Status changed: ACTIVE => SHUTOFF in 4.659709453582764
2019-12-18 02:40:09.568 20865 RALLYDEBUG rally.task.utils [-] Waiting for resource s_rally_53e328a0_78vPwJAX. Status changed: ACTIVE => SHUTOFF in 0.14119863510131836
2019-12-18 02:40:11.926 20865 RALLYDEBUG rally.task.utils [-] Waiting for resource s_rally_53e328a0_78vPwJAX. Status changed: SHUTOFF => ACTIVE in 2.357786178588867
2019-12-18 02:40:52.235 20866 RALLYDEBUG rally.task.utils [-] Waiting for resource s_rally_53e328a0_IfE3i00z. Status changed: REBOOT => ACTIVE in 121.28157424926758
2019-12-18 02:40:55.767 20863 RALLYDEBUG rally.task.utils [-] Waiting for resource s_rally_53e328a0_Ma5H8LCG. Status changed: REBOOT => ACTIVE in 121.64349627494812
2019-12-18 02:40:57.055 20866 RALLYDEBUG rally.task.utils [-] Waiting for resource s_rally_53e328a0_IfE3i00z. Status changed: ACTIVE => SHUTOFF in 4.689298391342163
2019-12-18 02:40:57.425 20866 RALLYDEBUG rally.task.utils [-] Waiting for resource s_rally_53e328a0_IfE3i00z. Status changed: ACTIVE => SHUTOFF in 0.22787261009216309
2019-12-18 02:40:58.682 20866 RALLYDEBUG rally.task.utils [-] Waiting for resource s_rally_53e328a0_IfE3i00z. Status changed: SHUTOFF => ACTIVE in 1.257047176361084
2019-12-18 02:41:03.089 20864 RALLYDEBUG rally.task.utils [-] Waiting for resource s_rally_53e328a0_ZBVb7Fv6. Status changed: ACTIVE => SHUTOFF in 60.735857009887695
2019-12-18 02:41:03.381 20864 RALLYDEBUG rally.task.utils [-] Waiting for resource s_rally_53e328a0_ZBVb7Fv6. Status changed: ACTIVE => SHUTOFF in 0.14970612525939941
2019-12-18 02:41:05.721 20864 RALLYDEBUG rally.task.utils [-] Waiting for resource s_rally_53e328a0_ZBVb7Fv6. Status changed: SHUTOFF => ACTIVE in 2.340604543685913
2019-12-18 02:41:14.264 20866 RALLYDEBUG rally.task.utils [-] Waiting for resource s_rally_53e328a0_IfE3i00z. Status changed: ACTIVE => RESCUE in 13.445588827133179
2019-12-18 02:41:16.602 20865 RALLYDEBUG rally.task.utils [-] Waiting for resource s_rally_53e328a0_78vPwJAX. Status changed: ACTIVE => RESCUE in 62.557703256607056
2019-12-18 02:41:18.943 20866 INFO rally.task.runner [-] Task c708e019-2db7-43ad-b3c8-d031aba2ba2e | ITER: 7 END: OK
2019-12-18 02:41:18.950 20866 INFO rally.task.runner [-] Task c708e019-2db7-43ad-b3c8-d031aba2ba2e | ITER: 9 START
2019-12-18 02:41:21.371 20865 INFO rally.task.runner [-] Task c708e019-2db7-43ad-b3c8-d031aba2ba2e | ITER: 6 END: OK
2019-12-18 02:41:21.376 20865 INFO rally.task.runner [-] Task c708e019-2db7-43ad-b3c8-d031aba2ba2e | ITER: 10 START
2019-12-18 02:41:30.653 20865 RALLYDEBUG rally.task.utils [-] Waiting for resource s_rally_53e328a0_Va9AWz69. Status changed: BUILD => ACTIVE in 6.8229429721832275
2019-12-18 02:41:30.720 20866 RALLYDEBUG rally.task.utils [-] Waiting for resource s_rally_53e328a0_b6FsPESU. Status changed: BUILD => ACTIVE in 9.11598515510559
2019-12-18 02:41:32.995 20865 RALLYDEBUG rally.task.utils [-] Waiting for resource s_rally_53e328a0_Va9AWz69. Status changed: ACTIVE => HARD_REBOOT in 0.23716974258422852
2019-12-18 02:41:35.260 20865 RALLYDEBUG rally.task.utils [-] Waiting for resource s_rally_53e328a0_Va9AWz69. Status changed: HARD_REBOOT => ACTIVE in 2.2648181915283203
2019-12-18 02:41:35.288 20866 RALLYDEBUG rally.task.utils [-] Waiting for resource s_rally_53e328a0_b6FsPESU. Status changed: ACTIVE => REBOOT in 0.17324113845825195
2019-12-18 02:41:37.546 20865 RALLYDEBUG rally.task.utils [-] Waiting for resource s_rally_53e328a0_Va9AWz69. Status changed: ACTIVE => REBOOT in 0.17603754997253418
2019-12-18 02:41:57.694 20863 RALLYDEBUG rally.task.utils [-] Waiting for resource s_rally_53e328a0_Ma5H8LCG. Status changed: ACTIVE => SHUTOFF in 61.7705614566803
2019-12-18 02:41:58.161 20863 RALLYDEBUG rally.task.utils [-] Waiting for resource s_rally_53e328a0_Ma5H8LCG. Status changed: ACTIVE => SHUTOFF in 0.17464113235473633
2019-12-18 02:41:59.346 20863 RALLYDEBUG rally.task.utils [-] Waiting for resource s_rally_53e328a0_Ma5H8LCG. Status changed: SHUTOFF => ACTIVE in 1.1850271224975586
2019-12-18 02:42:09.895 20864 RALLYDEBUG rally.task.utils [-] Waiting for resource s_rally_53e328a0_ZBVb7Fv6. Status changed: ACTIVE => RESCUE in 62.05131125450134
2019-12-18 02:42:14.540 20864 INFO rally.task.runner [-] Task c708e019-2db7-43ad-b3c8-d031aba2ba2e | ITER: 5 END: OK
2019-12-18 02:43:03.859 20863 RALLYDEBUG rally.task.utils [-] Waiting for resource s_rally_53e328a0_Ma5H8LCG. Status changed: ACTIVE => RESCUE in 62.36621117591858
2019-12-18 02:43:08.901 20863 INFO rally.task.runner [-] Task c708e019-2db7-43ad-b3c8-d031aba2ba2e | ITER: 8 END: OK
2019-12-18 02:43:36.737 20866 RALLYDEBUG rally.task.utils [-] Waiting for resource s_rally_53e328a0_b6FsPESU. Status changed: REBOOT => ACTIVE in 121.44976472854614
2019-12-18 02:43:38.664 20865 RALLYDEBUG rally.task.utils [-] Waiting for resource s_rally_53e328a0_Va9AWz69. Status changed: REBOOT => ACTIVE in 121.11738538742065
2019-12-18 02:44:39.199 20866 RALLYDEBUG rally.task.utils [-] Waiting for resource s_rally_53e328a0_b6FsPESU. Status changed: ACTIVE => SHUTOFF in 62.31726884841919
2019-12-18 02:44:39.620 20866 RALLYDEBUG rally.task.utils [-] Waiting for resource s_rally_53e328a0_b6FsPESU. Status changed: ACTIVE => SHUTOFF in 0.25625038146972656
2019-12-18 02:44:40.816 20866 RALLYDEBUG rally.task.utils [-] Waiting for resource s_rally_53e328a0_b6FsPESU. Status changed: SHUTOFF => ACTIVE in 1.1953234672546387
2019-12-18 02:44:40.971 20865 RALLYDEBUG rally.task.utils [-] Waiting for resource s_rally_53e328a0_Va9AWz69. Status changed: ACTIVE => SHUTOFF in 62.170183181762695
2019-12-18 02:44:41.601 20865 RALLYDEBUG rally.task.utils [-] Waiting for resource s_rally_53e328a0_Va9AWz69. Status changed: ACTIVE => SHUTOFF in 0.4923374652862549
2019-12-18 02:44:42.841 20865 RALLYDEBUG rally.task.utils [-] Waiting for resource s_rally_53e328a0_Va9AWz69. Status changed: SHUTOFF => ACTIVE in 1.2399466037750244
2019-12-18 02:44:56.502 20866 RALLYDEBUG rally.task.utils [-] Waiting for resource s_rally_53e328a0_b6FsPESU. Status changed: ACTIVE => RESCUE in 13.557055473327637
2019-12-18 02:45:01.218 20866 INFO rally.task.runner [-] Task c708e019-2db7-43ad-b3c8-d031aba2ba2e | ITER: 9 END: OK
2019-12-18 02:45:46.029 20865 RALLYDEBUG rally.task.utils [-] Waiting for resource s_rally_53e328a0_Va9AWz69. Status changed: ACTIVE => RESCUE in 61.05854535102844
2019-12-18 02:45:51.497 20865 INFO rally.task.runner [-] Task c708e019-2db7-43ad-b3c8-d031aba2ba2e | ITER: 10 END: OK
2019-12-18 02:45:51.532 20411 INFO rally.task.context [-] Task c708e019-2db7-43ad-b3c8-d031aba2ba2e | Context cleanup@openstack cleanup() started
2019-12-18 02:45:51.537 20411 RALLYDEBUG rally_openstack.cleanup.manager [-] Cleaning up nova servers objects
2019-12-18 02:45:53.373 20411 RALLYDEBUG rally_openstack.cleanup.manager [-] Cleaning up nova server_groups objects
2019-12-18 02:45:54.560 20411 RALLYDEBUG rally_openstack.cleanup.manager [-] Cleaning up nova keypairs objects
2019-12-18 02:45:57.379 20411 INFO rally.task.context [-] Task c708e019-2db7-43ad-b3c8-d031aba2ba2e | Context cleanup@openstack cleanup() finished in 5.85 sec
2019-12-18 02:45:57.379 20411 INFO rally.task.context [-] Task c708e019-2db7-43ad-b3c8-d031aba2ba2e | Context network@openstack cleanup() started
2019-12-18 02:46:20.287 20411 INFO rally.task.context [-] Task c708e019-2db7-43ad-b3c8-d031aba2ba2e | Context network@openstack cleanup() finished in 22.91 sec
2019-12-18 02:46:20.288 20411 INFO rally.task.context [-] Task c708e019-2db7-43ad-b3c8-d031aba2ba2e | Context quotas@openstack cleanup() started
2019-12-18 02:46:20.708 20411 INFO rally.task.context [-] Task c708e019-2db7-43ad-b3c8-d031aba2ba2e | Context quotas@openstack cleanup() finished in 0.42 sec
2019-12-18 02:46:20.708 20411 INFO rally.task.context [-] Task c708e019-2db7-43ad-b3c8-d031aba2ba2e | Context users@openstack cleanup() started
2019-12-18 02:46:24.977 20411 INFO rally.task.context [-] Task c708e019-2db7-43ad-b3c8-d031aba2ba2e | Context users@openstack cleanup() finished in 4.27 sec
2019-12-18 02:46:26.703 20411 INFO rally.task.engine [-] Load duration is: 694.116872
2019-12-18 02:46:26.703 20411 INFO rally.task.engine [-] Full runner duration is: 703.172418
2019-12-18 02:46:26.704 20411 INFO rally.task.engine [-] Full duration is: 755.29166
2019-12-18 02:46:27.036 20411 INFO rally.task.engine [-] Running workload: position = 0 config = { "version": 2, "title": "A cropped version of a bigger task.", "description": "Auto-generated task from a single workload (uuid=f33df338-b33f-4c56-8082-99eb04c0ee8b)", "subtasks": [ { "title": "NovaServers.boot_and_delete_server", "description": "Boot and delete a server.", "scenario": { "NovaServers.boot_and_delete_server": { "flavor": { "name": "rally_full-flavor_82abc6db-4b93-46af-8703-7548ccee80b4" }, "image": { "name": "rally_full-img_82abc6db-4b93-46af-8703-7548ccee80b4" }, "nics": [ { "net-id": "a2e4e6ce-5607-4f93-b98b-e192ed4c6f67" } ] } }, "contexts": { "users": { "tenants": 3, "users_per_tenant": 2 }, "network": { "networks_per_tenant": 1, "start_cidr": "100.1.0.0/25" }, "quotas": { "neutron": { "network": -1, "port": -1, "subnet": -1 }, "nova": { "cores": -1, "floating_ips": -1, "instances": -1, "ram": -1, "security_group_rules": -1, "security_groups": -1 } } }, "runner": { "constant": { "concurrency": 4, "times": 10 } }, "hooks": [], "sla": { "failure_rate": { "max": 0 } } } ] }
2019-12-18 02:46:27.062 20411 RALLYDEBUG rally_openstack.contexts.keystone.users [-] Creating 3 tenants using 20 threads
2019-12-18 02:46:28.093 20411 RALLYDEBUG rally_openstack.contexts.keystone.users [-] Creating 6 users using 20 threads
2019-12-18 02:46:29.586 20411 INFO rally.task.context [-] Task c708e019-2db7-43ad-b3c8-d031aba2ba2e | Context users@openstack setup() finished in 2.52 sec
2019-12-18 02:46:31.287 20411 INFO rally.task.context [-] Task c708e019-2db7-43ad-b3c8-d031aba2ba2e | Context quotas@openstack setup() finished in 1.70 sec
2019-12-18 02:46:33.390 20411 RALLYDEBUG rally_openstack.wrappers.network [-] CIDR generated: 100.1.1.128/25
2019-12-18 02:46:37.571 20411 RALLYDEBUG rally_openstack.wrappers.network [-] CIDR generated: 100.1.2.0/25
2019-12-18 02:46:41.574 20411 RALLYDEBUG rally_openstack.wrappers.network [-] CIDR generated: 100.1.2.128/25
2019-12-18 02:46:43.970 20411 INFO rally.task.context [-] Task c708e019-2db7-43ad-b3c8-d031aba2ba2e | Context network@openstack setup() finished in 12.68 sec
2019-12-18 02:46:43.971 20411 INFO rally.task.context [-] Task c708e019-2db7-43ad-b3c8-d031aba2ba2e | Context cleanup@openstack setup() finished in 0.02 msec
2019-12-18 02:46:44.827 20411 RALLYDEBUG rally.task.runner [-] Starting the constant runner (task UUID: c708e019-2db7-43ad-b3c8-d031aba2ba2e). times: 10 concurrency: 4 timeout: 0 max_cpu_used: 16 processes_to_start: 4 concurrency_per_worker: 1 concurrency_overhead: 0
2019-12-18 02:46:44.840 21027 RALLYDEBUG rally.task.runner [-] Starting a worker. times: 10 duration: None concurrency: 1 timeout: 0 cls: method_name: run args: {"flavor": "c3ced0cb-30ea-448e-8a52-6953d615bc6c", "image": "48bf0efe-01ba-4643-8231-99113ba84e63", "nics": [{"net-id": "a2e4e6ce-5607-4f93-b98b-e192ed4c6f67"}]}
2019-12-18 02:46:44.844 21028 RALLYDEBUG rally.task.runner [-] Starting a worker. times: 10 duration: None concurrency: 1 timeout: 0 cls: method_name: run args: {"flavor": "c3ced0cb-30ea-448e-8a52-6953d615bc6c", "image": "48bf0efe-01ba-4643-8231-99113ba84e63", "nics": [{"net-id": "a2e4e6ce-5607-4f93-b98b-e192ed4c6f67"}]}
2019-12-18 02:46:44.848 21027 INFO rally.task.runner [-] Task c708e019-2db7-43ad-b3c8-d031aba2ba2e | ITER: 1 START
2019-12-18 02:46:44.848 21029 RALLYDEBUG rally.task.runner [-] Starting a worker. times: 10 duration: None concurrency: 1 timeout: 0 cls: method_name: run args: {"flavor": "c3ced0cb-30ea-448e-8a52-6953d615bc6c", "image": "48bf0efe-01ba-4643-8231-99113ba84e63", "nics": [{"net-id": "a2e4e6ce-5607-4f93-b98b-e192ed4c6f67"}]}
2019-12-18 02:46:44.851 21028 INFO rally.task.runner [-] Task c708e019-2db7-43ad-b3c8-d031aba2ba2e | ITER: 2 START
2019-12-18 02:46:44.852 21031 RALLYDEBUG rally.task.runner [-] Starting a worker. times: 10 duration: None concurrency: 1 timeout: 0 cls: method_name: run args: {"flavor": "c3ced0cb-30ea-448e-8a52-6953d615bc6c", "image": "48bf0efe-01ba-4643-8231-99113ba84e63", "nics": [{"net-id": "a2e4e6ce-5607-4f93-b98b-e192ed4c6f67"}]}
2019-12-18 02:46:44.855 21029 INFO rally.task.runner [-] Task c708e019-2db7-43ad-b3c8-d031aba2ba2e | ITER: 3 START
2019-12-18 02:46:44.858 21031 INFO rally.task.runner [-] Task c708e019-2db7-43ad-b3c8-d031aba2ba2e | ITER: 4 START
2019-12-18 02:46:52.363 21029 RALLYDEBUG rally.task.utils [-] Waiting for resource s_rally_f33df338_uvBXZLZP. Status changed: BUILD => ACTIVE in 4.568017244338989
2019-12-18 02:46:54.601 21027 RALLYDEBUG rally.task.utils [-] Waiting for resource s_rally_f33df338_2VGjWc6T. Status changed: BUILD => ACTIVE in 7.026325225830078
2019-12-18 02:46:54.769 21029 INFO rally.task.runner [-] Task c708e019-2db7-43ad-b3c8-d031aba2ba2e | ITER: 3 END: OK
2019-12-18 02:46:54.773 21029 INFO rally.task.runner [-] Task c708e019-2db7-43ad-b3c8-d031aba2ba2e | ITER: 5 START
2019-12-18 02:46:56.468 21031 RALLYDEBUG rally.task.utils [-] Waiting for resource s_rally_f33df338_dWdc89VE. Status changed: BUILD => ACTIVE in 9.177231550216675
2019-12-18 02:46:56.651 21028 RALLYDEBUG rally.task.utils [-] Waiting for resource s_rally_f33df338_13usgESX. Status changed: BUILD => ACTIVE in 9.338378190994263
2019-12-18 02:46:57.064 21027 INFO rally.task.runner [-] Task c708e019-2db7-43ad-b3c8-d031aba2ba2e | ITER: 1 END: OK
2019-12-18 02:46:57.069 21027 INFO rally.task.runner [-] Task c708e019-2db7-43ad-b3c8-d031aba2ba2e | ITER: 6 START
2019-12-18 02:46:58.967 21031 INFO rally.task.runner [-] Task c708e019-2db7-43ad-b3c8-d031aba2ba2e | ITER: 4 END: OK
2019-12-18 02:46:58.971 21031 INFO rally.task.runner [-] Task c708e019-2db7-43ad-b3c8-d031aba2ba2e | ITER: 7 START
2019-12-18 02:46:59.037 21028 INFO rally.task.runner [-] Task c708e019-2db7-43ad-b3c8-d031aba2ba2e | ITER: 2 END: OK
2019-12-18 02:46:59.043 21028 INFO rally.task.runner [-] Task c708e019-2db7-43ad-b3c8-d031aba2ba2e | ITER: 8 START
2019-12-18 02:47:04.026 21027 RALLYDEBUG rally.task.utils [-] Waiting for resource s_rally_f33df338_7a3mKmPO. Status changed: BUILD => ACTIVE in 4.587114095687866
2019-12-18 02:47:04.266 21029 RALLYDEBUG rally.task.utils [-] Waiting for resource s_rally_f33df338_3kkBxGwG. Status changed: BUILD => ACTIVE in 7.044034957885742
2019-12-18 02:47:06.406 21027 INFO rally.task.runner [-] Task c708e019-2db7-43ad-b3c8-d031aba2ba2e | ITER: 6 END: OK
2019-12-18 02:47:06.413 21027 INFO rally.task.runner [-] Task c708e019-2db7-43ad-b3c8-d031aba2ba2e | ITER: 9 START
