2019-12-18 02:26:18.496 13785 RALLYDEBUG rally_openstack.cleanup.manager [-] Deleting neutron.router object s_rally_ddbcebdd_uwPbUtIn (ef7756b6-17d6-4dbc-8c7d-6554aff1257e)
2019-12-18 02:26:20.750 13785 RALLYDEBUG rally_openstack.cleanup.manager [-] Cleaning up neutron security_group objects
2019-12-18 02:26:22.036 13785 INFO rally.task.context [-] Task b391d463-0d30-4735-acd8-41f940efa65b | Context cleanup@openstack cleanup() finished in 27.31 sec
2019-12-18 02:26:22.036 13785 INFO rally.task.context [-] Task b391d463-0d30-4735-acd8-41f940efa65b | Context quotas@openstack cleanup() started
2019-12-18 02:26:22.238 13785 INFO rally.task.context [-] Task b391d463-0d30-4735-acd8-41f940efa65b | Context quotas@openstack cleanup() finished in 0.20 sec
2019-12-18 02:26:22.238 13785 INFO rally.task.context [-] Task b391d463-0d30-4735-acd8-41f940efa65b | Context users@openstack cleanup() started
2019-12-18 02:26:26.493 13785 INFO rally.task.context [-] Task b391d463-0d30-4735-acd8-41f940efa65b | Context users@openstack cleanup() finished in 4.26 sec
2019-12-18 02:26:26.653 13785 INFO rally.task.engine [-] Load duration is: 10.763673
2019-12-18 02:26:26.653 13785 INFO rally.task.engine [-] Full runner duration is: 10.808699
2019-12-18 02:26:26.654 13785 INFO rally.task.engine [-] Full duration is: 46.128761
2019-12-18 02:26:26.968 13785 INFO rally.task.engine [-] Running workload: position = 0 config = { "version": 2, "title": "A cropped version of a bigger task.", "description": "Auto-generated task from a single workload (uuid=687d7435-191c-44eb-a39e-7dc1d3fe3714)", "subtasks": [ { "title": "NeutronNetworks.create_and_list_subnets", "description": "Create and a given number of subnets and list all subnets.", "scenario": { "NeutronNetworks.create_and_list_subnets": { "network_create_args": {}, "subnet_cidr_start": "1.1.0.0/30", "subnet_create_args": {}, "subnets_per_network": 1 } }, "contexts": { "users": { "tenants": 3, "users_per_tenant": 2 }, "quotas": { "neutron": { "network": -1, "subnet": -1 } } }, "runner": { "constant": { "concurrency": 4, "times": 10 } }, "hooks": [], "sla": { "failure_rate": { "max": 0 } } } ] }
2019-12-18 02:26:26.992 13785 RALLYDEBUG rally_openstack.contexts.keystone.users [-] Creating 3 tenants using 20 threads
2019-12-18 02:26:28.129 13785 RALLYDEBUG rally_openstack.contexts.keystone.users [-] Creating 6 users using 20 threads
2019-12-18 02:26:29.764 13785 INFO rally.task.context [-] Task b391d463-0d30-4735-acd8-41f940efa65b | Context users@openstack setup() finished in 2.77 sec
2019-12-18 02:26:30.630 13785 INFO rally.task.context [-] Task b391d463-0d30-4735-acd8-41f940efa65b | Context quotas@openstack setup() finished in 0.86 sec
2019-12-18 02:26:30.630 13785 INFO rally.task.context [-] Task b391d463-0d30-4735-acd8-41f940efa65b | Context cleanup@openstack setup() finished in 0.01 msec
2019-12-18 02:26:30.640 13785 RALLYDEBUG rally.task.runner [-] Starting the constant runner (task UUID: b391d463-0d30-4735-acd8-41f940efa65b). times: 10 concurrency: 4 timeout: 0 max_cpu_used: 16 processes_to_start: 4 concurrency_per_worker: 1 concurrency_overhead: 0
2019-12-18 02:26:30.651 17473 RALLYDEBUG rally.task.runner [-] Starting a worker. times: 10 duration: None concurrency: 1 timeout: 0 cls: method_name: run args: {"network_create_args": {}, "subnet_cidr_start": "1.1.0.0/30", "subnet_create_args": {}, "subnets_per_network": 1}
2019-12-18 02:26:30.655 17474 RALLYDEBUG rally.task.runner [-] Starting a worker. times: 10 duration: None concurrency: 1 timeout: 0 cls: method_name: run args: {"network_create_args": {}, "subnet_cidr_start": "1.1.0.0/30", "subnet_create_args": {}, "subnets_per_network": 1}
2019-12-18 02:26:30.658 17473 INFO rally.task.runner [-] Task b391d463-0d30-4735-acd8-41f940efa65b | ITER: 1 START
2019-12-18 02:26:30.658 17475 RALLYDEBUG rally.task.runner [-] Starting a worker. times: 10 duration: None concurrency: 1 timeout: 0 cls: method_name: run args: {"network_create_args": {}, "subnet_cidr_start": "1.1.0.0/30", "subnet_create_args": {}, "subnets_per_network": 1}
2019-12-18 02:26:30.661 17474 INFO rally.task.runner [-] Task b391d463-0d30-4735-acd8-41f940efa65b | ITER: 2 START
2019-12-18 02:26:30.662 17477 RALLYDEBUG rally.task.runner [-] Starting a worker. times: 10 duration: None concurrency: 1 timeout: 0 cls: method_name: run args: {"network_create_args": {}, "subnet_cidr_start": "1.1.0.0/30", "subnet_create_args": {}, "subnets_per_network": 1}
2019-12-18 02:26:30.665 17475 INFO rally.task.runner [-] Task b391d463-0d30-4735-acd8-41f940efa65b | ITER: 3 START
2019-12-18 02:26:30.667 17477 INFO rally.task.runner [-] Task b391d463-0d30-4735-acd8-41f940efa65b | ITER: 4 START
2019-12-18 02:26:31.295 17477 RALLYDEBUG rally_openstack.wrappers.network [-] CIDR generated: 1.1.0.248/30
2019-12-18 02:26:31.320 17473 RALLYDEBUG rally_openstack.wrappers.network [-] CIDR generated: 1.1.0.252/30
2019-12-18 02:26:31.321 17474 RALLYDEBUG rally_openstack.wrappers.network [-] CIDR generated: 1.1.1.0/30
2019-12-18 02:26:31.840 17475 RALLYDEBUG rally_openstack.wrappers.network [-] CIDR generated: 1.1.1.4/30
2019-12-18 02:26:32.025 17473 INFO rally.task.runner [-] Task b391d463-0d30-4735-acd8-41f940efa65b | ITER: 1 END: OK
2019-12-18 02:26:32.030 17473 INFO rally.task.runner [-] Task b391d463-0d30-4735-acd8-41f940efa65b | ITER: 5 START
2019-12-18 02:26:32.052 17477 INFO rally.task.runner [-] Task b391d463-0d30-4735-acd8-41f940efa65b | ITER: 4 END: OK
2019-12-18 02:26:32.057 17477 INFO rally.task.runner [-] Task b391d463-0d30-4735-acd8-41f940efa65b | ITER: 6 START
2019-12-18 02:26:32.078 17474 INFO rally.task.runner [-] Task b391d463-0d30-4735-acd8-41f940efa65b | ITER: 2 END: OK
2019-12-18 02:26:32.082 17474 INFO rally.task.runner [-] Task b391d463-0d30-4735-acd8-41f940efa65b | ITER: 7 START
2019-12-18 02:26:32.541 17474 RALLYDEBUG rally_openstack.wrappers.network [-] CIDR generated: 1.1.1.8/30
2019-12-18 02:26:32.652 17473 RALLYDEBUG rally_openstack.wrappers.network [-] CIDR generated: 1.1.1.12/30
2019-12-18 02:26:32.714 17477 RALLYDEBUG rally_openstack.wrappers.network [-] CIDR generated: 1.1.1.16/30
2019-12-18 02:26:32.722 17475 INFO rally.task.runner [-] Task b391d463-0d30-4735-acd8-41f940efa65b | ITER: 3 END: OK
2019-12-18 02:26:32.727 17475 INFO rally.task.runner [-] Task b391d463-0d30-4735-acd8-41f940efa65b | ITER: 8 START
2019-12-18 02:26:33.236 17475 RALLYDEBUG rally_openstack.wrappers.network [-] CIDR generated: 1.1.1.20/30
2019-12-18 02:26:33.351 17474 INFO rally.task.runner [-] Task b391d463-0d30-4735-acd8-41f940efa65b | ITER: 7 END: OK
2019-12-18 02:26:33.355 17474 INFO rally.task.runner [-] Task b391d463-0d30-4735-acd8-41f940efa65b | ITER: 9 START
2019-12-18 02:26:33.514 17477 INFO rally.task.runner [-] Task b391d463-0d30-4735-acd8-41f940efa65b | ITER: 6 END: OK
2019-12-18 02:26:33.518 17477 INFO rally.task.runner [-] Task b391d463-0d30-4735-acd8-41f940efa65b | ITER: 10 START
2019-12-18 02:26:33.669 17473 INFO rally.task.runner [-] Task b391d463-0d30-4735-acd8-41f940efa65b | ITER: 5 END: OK
2019-12-18 02:26:33.861 17474 RALLYDEBUG rally_openstack.wrappers.network [-] CIDR generated: 1.1.1.24/30
2019-12-18 02:26:34.017 17477 RALLYDEBUG rally_openstack.wrappers.network [-] CIDR generated: 1.1.1.28/30
2019-12-18 02:26:34.018 17475 INFO rally.task.runner [-] Task b391d463-0d30-4735-acd8-41f940efa65b | ITER: 8 END: OK
2019-12-18 02:26:34.568 17474 INFO rally.task.runner [-] Task b391d463-0d30-4735-acd8-41f940efa65b | ITER: 9 END: OK
2019-12-18 02:26:34.723 17477 INFO rally.task.runner [-] Task b391d463-0d30-4735-acd8-41f940efa65b | ITER: 10 END: OK
2019-12-18 02:26:34.751 13785 INFO rally.task.context [-] Task b391d463-0d30-4735-acd8-41f940efa65b | Context cleanup@openstack cleanup() started
2019-12-18 02:26:34.755 13785 RALLYDEBUG rally_openstack.cleanup.manager [-] Cleaning up neutron vip objects
2019-12-18 02:26:35.954 13785 RALLYDEBUG rally_openstack.cleanup.manager [-] Cleaning up neutron health_monitor objects
2019-12-18 02:26:37.058 13785 RALLYDEBUG rally_openstack.cleanup.manager [-] Cleaning up neutron pool objects
2019-12-18 02:26:38.149 13785 RALLYDEBUG rally_openstack.cleanup.manager [-] Cleaning up neutron loadbalancer objects
2019-12-18 02:26:39.245 13785 RALLYDEBUG rally_openstack.cleanup.manager [-] Cleaning up neutron floatingip objects
2019-12-18 02:26:40.441 13785 RALLYDEBUG rally_openstack.cleanup.manager [-] Cleaning up neutron trunk objects
2019-12-18 02:26:41.595 13785 RALLYDEBUG rally_openstack.cleanup.manager [-] Cleaning up neutron port objects
2019-12-18 02:26:42.949 13785 RALLYDEBUG rally_openstack.cleanup.manager [-] Cleaning up neutron subnet objects
2019-12-18 02:26:44.260 13785 RALLYDEBUG rally_openstack.cleanup.manager [-] Deleting neutron.subnet object s_rally_687d7435_IfaiGBJt (356f8790-55ff-4f93-8b28-0cfaefd33243)
2019-12-18 02:26:44.270 13785 RALLYDEBUG rally_openstack.cleanup.manager [-] Deleting neutron.subnet object s_rally_687d7435_j89iEUMb (87e2e1d2-77eb-4305-890b-c2252782437e)
2019-12-18 02:26:44.279 13785 RALLYDEBUG rally_openstack.cleanup.manager [-] Deleting neutron.subnet object s_rally_687d7435_BWc5xYfO (8f6e4d95-0783-4f38-bdc0-dca5e47a20e8)
2019-12-18 02:26:44.287 13785 RALLYDEBUG rally_openstack.cleanup.manager [-] Deleting neutron.subnet object s_rally_687d7435_d4nRBORX (97622663-b510-4de3-b672-befb2d27ccb8)
2019-12-18 02:26:44.292 13785 RALLYDEBUG rally_openstack.cleanup.manager [-] Deleting neutron.subnet object s_rally_687d7435_UvpEouHG (1a56872c-154f-4e25-b231-4158141f3659)
2019-12-18 02:26:44.304 13785 RALLYDEBUG rally_openstack.cleanup.manager [-] Deleting neutron.subnet object s_rally_687d7435_7dWoZvOu (8a44bf10-15ed-4209-9a9b-dba29eed91ca)
2019-12-18 02:26:44.314 13785 RALLYDEBUG rally_openstack.cleanup.manager [-] Deleting neutron.subnet object s_rally_687d7435_Sh42TYzG (12882e76-8ff4-4979-9b1f-f6e2f5637caf)
2019-12-18 02:26:44.319 13785 RALLYDEBUG rally_openstack.cleanup.manager [-] Deleting neutron.subnet object s_rally_687d7435_keJWJ76z (54948f5b-c504-4e9b-b182-304805c2f7a9)
2019-12-18 02:26:44.332 13785 RALLYDEBUG rally_openstack.cleanup.manager [-] Deleting neutron.subnet object s_rally_687d7435_qqoic1di (8bdfcbf9-72a4-4f88-944e-f3af5c3e9c58)
2019-12-18 02:26:44.343 13785 RALLYDEBUG rally_openstack.cleanup.manager [-] Deleting neutron.subnet object s_rally_687d7435_BNNieeI5 (bf8192cb-1721-47e9-b3b8-07b6c7aa7f91)
2019-12-18 02:26:47.755 13785 RALLYDEBUG rally_openstack.cleanup.manager [-] Cleaning up neutron network objects
2019-12-18 02:26:49.084 13785 RALLYDEBUG rally_openstack.cleanup.manager [-] Deleting neutron.network object s_rally_687d7435_L1KT5igU (29a202c3-54a2-48d7-a909-38e7358c4f6c)
2019-12-18 02:26:49.094 13785 RALLYDEBUG rally_openstack.cleanup.manager [-] Deleting neutron.network object s_rally_687d7435_EkyW5GnW (45cd51b4-625d-4786-83cc-b9dd37b8e5ca)
2019-12-18 02:26:49.103 13785 RALLYDEBUG rally_openstack.cleanup.manager [-] Deleting neutron.network object s_rally_687d7435_KKQ3YwgZ (6c210a40-4d7e-439b-840b-5b29f6e0cb9d)
2019-12-18 02:26:49.107 13785 RALLYDEBUG rally_openstack.cleanup.manager [-] Deleting neutron.network object s_rally_687d7435_KmcwLrD8 (92bdc41b-4de2-4ed7-9f18-21d20d3fca1b)
2019-12-18 02:26:49.121 13785 RALLYDEBUG rally_openstack.cleanup.manager [-] Deleting neutron.network object s_rally_687d7435_ETbvt4Ew (e0c75cc8-6aee-44bc-87ee-7f5ac9293599)
2019-12-18 02:26:49.125 13785 RALLYDEBUG rally_openstack.cleanup.manager [-] Deleting neutron.network object s_rally_687d7435_QPkDcJmq (f30ce566-2484-4265-ae3c-97c22177496e)
2019-12-18 02:26:49.132 13785 RALLYDEBUG rally_openstack.cleanup.manager [-] Deleting neutron.network object s_rally_687d7435_wqY1vJ4C (4267500c-6cdf-413a-9eb7-01e48f19b37a)
2019-12-18 02:26:49.136 13785 RALLYDEBUG rally_openstack.cleanup.manager [-] Deleting neutron.network object s_rally_687d7435_674OC3Zn (5b51ccd8-8fa2-467b-9ff3-61378a0df3ac)
2019-12-18 02:26:49.183 13785 RALLYDEBUG rally_openstack.cleanup.manager [-] Deleting neutron.network object s_rally_687d7435_glCOuQ9j (745f07a0-b6c0-43f0-b26a-8bb4da7668e0)
2019-12-18 02:26:49.194 13785 RALLYDEBUG rally_openstack.cleanup.manager [-] Deleting neutron.network object s_rally_687d7435_9O5fLT77 (db182c9f-de7e-4c2b-ba0e-f13e7dde666a)
2019-12-18 02:26:51.965 13785 RALLYDEBUG rally_openstack.cleanup.manager [-] Cleaning up neutron router objects
2019-12-18 02:26:53.239 13785 RALLYDEBUG rally_openstack.cleanup.manager [-] Cleaning up neutron security_group objects
2019-12-18 02:26:54.543 13785 INFO rally.task.context [-] Task b391d463-0d30-4735-acd8-41f940efa65b | Context cleanup@openstack cleanup() finished in 19.79 sec
2019-12-18 02:26:54.544 13785 INFO rally.task.context [-] Task b391d463-0d30-4735-acd8-41f940efa65b | Context quotas@openstack cleanup() started
2019-12-18 02:26:54.836 13785 INFO rally.task.context [-] Task b391d463-0d30-4735-acd8-41f940efa65b | Context quotas@openstack cleanup() finished in 0.29 sec
2019-12-18 02:26:54.837 13785 INFO rally.task.context [-] Task b391d463-0d30-4735-acd8-41f940efa65b | Context users@openstack cleanup() started
2019-12-18 02:26:58.989 13785 INFO rally.task.context [-] Task b391d463-0d30-4735-acd8-41f940efa65b | Context users@openstack cleanup() finished in 4.15 sec
2019-12-18 02:26:59.273 13785 INFO rally.task.engine [-] Load duration is: 4.063553
2019-12-18 02:26:59.274 13785 INFO rally.task.engine [-] Full runner duration is: 4.11193
2019-12-18 02:26:59.274 13785 INFO rally.task.engine [-] Full duration is: 31.999681
2019-12-18 02:26:59.622 13785 INFO rally.task.engine [-] Running workload: position = 0 config = { "version": 2, "title": "A cropped version of a bigger task.", "description": "Auto-generated task from a single workload (uuid=86b7d82c-4cf4-4498-b63f-ac5cfa92a44c)", "subtasks": [ { "title": "NeutronSecurityGroup.create_and_delete_security_groups", "description": "Create and delete Neutron security-groups.", "scenario": { "NeutronSecurityGroup.create_and_delete_security_groups": {} }, "contexts": { "users": { "tenants": 3, "users_per_tenant": 2 }, "quotas": { "neutron": { "security_group": -1 } } }, "runner": { "constant": { "concurrency": 4, "times": 10 } }, "hooks": [], "sla": { "failure_rate": { "max": 0 } } } ] }
2019-12-18 02:26:59.648 13785 RALLYDEBUG rally_openstack.contexts.keystone.users [-] Creating 3 tenants using 20 threads
2019-12-18 02:27:00.696 13785 RALLYDEBUG rally_openstack.contexts.keystone.users [-] Creating 6 users using 20 threads
2019-12-18 02:27:02.207 13785 INFO rally.task.context [-] Task b391d463-0d30-4735-acd8-41f940efa65b | Context users@openstack setup() finished in 2.56 sec
2019-12-18 02:27:03.118 13785 INFO rally.task.context [-] Task b391d463-0d30-4735-acd8-41f940efa65b | Context quotas@openstack setup() finished in 0.91 sec
2019-12-18 02:27:03.118 13785 INFO rally.task.context [-] Task b391d463-0d30-4735-acd8-41f940efa65b | Context cleanup@openstack setup() finished in 0.01 msec
2019-12-18 02:27:03.127 13785 RALLYDEBUG rally.task.runner [-] Starting the constant runner (task UUID: b391d463-0d30-4735-acd8-41f940efa65b). times: 10 concurrency: 4 timeout: 0 max_cpu_used: 16 processes_to_start: 4 concurrency_per_worker: 1 concurrency_overhead: 0
2019-12-18 02:27:03.138 17797 RALLYDEBUG rally.task.runner [-] Starting a worker. times: 10 duration: None concurrency: 1 timeout: 0 cls: method_name: run args: {}
2019-12-18 02:27:03.142 17798 RALLYDEBUG rally.task.runner [-] Starting a worker. times: 10 duration: None concurrency: 1 timeout: 0 cls: method_name: run args: {}
2019-12-18 02:27:03.145 17797 INFO rally.task.runner [-] Task b391d463-0d30-4735-acd8-41f940efa65b | ITER: 1 START
2019-12-18 02:27:03.145 17799 RALLYDEBUG rally.task.runner [-] Starting a worker. times: 10 duration: None concurrency: 1 timeout: 0 cls: method_name: run args: {}
2019-12-18 02:27:03.149 17798 INFO rally.task.runner [-] Task b391d463-0d30-4735-acd8-41f940efa65b | ITER: 2 START
2019-12-18 02:27:03.149 17800 RALLYDEBUG rally.task.runner [-] Starting a worker. times: 10 duration: None concurrency: 1 timeout: 0 cls: method_name: run args: {}
2019-12-18 02:27:03.152 17799 INFO rally.task.runner [-] Task b391d463-0d30-4735-acd8-41f940efa65b | ITER: 3 START
2019-12-18 02:27:03.155 17800 INFO rally.task.runner [-] Task b391d463-0d30-4735-acd8-41f940efa65b | ITER: 4 START
2019-12-18 02:27:03.923 17799 INFO rally.task.runner [-] Task b391d463-0d30-4735-acd8-41f940efa65b | ITER: 3 END: OK
2019-12-18 02:27:03.928 17799 INFO rally.task.runner [-] Task b391d463-0d30-4735-acd8-41f940efa65b | ITER: 5 START
2019-12-18 02:27:03.957 17800 INFO rally.task.runner [-] Task b391d463-0d30-4735-acd8-41f940efa65b | ITER: 4 END: OK
2019-12-18 02:27:03.961 17800 INFO rally.task.runner [-] Task b391d463-0d30-4735-acd8-41f940efa65b | ITER: 6 START
2019-12-18 02:27:03.966 17798 INFO rally.task.runner [-] Task b391d463-0d30-4735-acd8-41f940efa65b | ITER: 2 END: OK
2019-12-18 02:27:03.971 17798 INFO rally.task.runner [-] Task b391d463-0d30-4735-acd8-41f940efa65b | ITER: 7 START
2019-12-18 02:27:04.018 17797 INFO rally.task.runner [-] Task b391d463-0d30-4735-acd8-41f940efa65b | ITER: 1 END: OK
2019-12-18 02:27:04.022 17797 INFO rally.task.runner [-] Task b391d463-0d30-4735-acd8-41f940efa65b | ITER: 8 START
2019-12-18 02:27:04.491 17799 INFO rally.task.runner [-] Task b391d463-0d30-4735-acd8-41f940efa65b | ITER: 5 END: OK
2019-12-18 02:27:04.494 17799 INFO rally.task.runner [-] Task b391d463-0d30-4735-acd8-41f940efa65b | ITER: 9 START
2019-12-18 02:27:04.509 17800 INFO rally.task.runner [-] Task b391d463-0d30-4735-acd8-41f940efa65b | ITER: 6 END: OK
2019-12-18 02:27:04.513 17800 INFO rally.task.runner [-] Task b391d463-0d30-4735-acd8-41f940efa65b | ITER: 10 START
2019-12-18 02:27:04.676 17798 INFO rally.task.runner [-] Task b391d463-0d30-4735-acd8-41f940efa65b | ITER: 7 END: OK
2019-12-18 02:27:04.750 17797 INFO rally.task.runner [-] Task b391d463-0d30-4735-acd8-41f940efa65b | ITER: 8 END: OK
2019-12-18 02:27:05.120 17799 INFO rally.task.runner [-] Task b391d463-0d30-4735-acd8-41f940efa65b | ITER: 9 END: OK
2019-12-18 02:27:05.136 17800 INFO rally.task.runner [-] Task b391d463-0d30-4735-acd8-41f940efa65b | ITER: 10 END: OK
2019-12-18 02:27:05.161 13785 INFO rally.task.context [-] Task b391d463-0d30-4735-acd8-41f940efa65b | Context cleanup@openstack cleanup() started
2019-12-18 02:27:05.165 13785 RALLYDEBUG rally_openstack.cleanup.manager [-] Cleaning up neutron vip objects
2019-12-18 02:27:06.445 13785 RALLYDEBUG rally_openstack.cleanup.manager [-] Cleaning up neutron health_monitor objects
2019-12-18 02:27:07.589 13785 RALLYDEBUG rally_openstack.cleanup.manager [-] Cleaning up neutron pool objects
2019-12-18 02:27:08.755 13785 RALLYDEBUG rally_openstack.cleanup.manager [-] Cleaning up neutron loadbalancer objects
2019-12-18 02:27:09.900 13785 RALLYDEBUG rally_openstack.cleanup.manager [-] Cleaning up neutron floatingip objects
2019-12-18 02:27:11.264 13785 RALLYDEBUG rally_openstack.cleanup.manager [-] Cleaning up neutron trunk objects
2019-12-18 02:27:12.432 13785 RALLYDEBUG rally_openstack.cleanup.manager [-] Cleaning up neutron port objects
2019-12-18 02:27:13.634 13785 RALLYDEBUG rally_openstack.cleanup.manager [-] Cleaning up neutron subnet objects
2019-12-18 02:27:14.861 13785 RALLYDEBUG rally_openstack.cleanup.manager [-] Cleaning up neutron network objects
2019-12-18 02:27:16.072 13785 RALLYDEBUG rally_openstack.cleanup.manager [-] Cleaning up neutron router objects
2019-12-18 02:27:17.335 13785 RALLYDEBUG rally_openstack.cleanup.manager [-] Cleaning up neutron security_group objects
2019-12-18 02:27:18.653 13785 INFO rally.task.context [-] Task b391d463-0d30-4735-acd8-41f940efa65b | Context cleanup@openstack cleanup() finished in 13.49 sec
2019-12-18 02:27:18.653 13785 INFO rally.task.context [-] Task b391d463-0d30-4735-acd8-41f940efa65b | Context quotas@openstack cleanup() started
2019-12-18 02:27:18.917 13785 INFO rally.task.context [-] Task b391d463-0d30-4735-acd8-41f940efa65b | Context quotas@openstack cleanup() finished in 0.26 sec
2019-12-18 02:27:18.918 13785 INFO rally.task.context [-] Task b391d463-0d30-4735-acd8-41f940efa65b | Context users@openstack cleanup() started
2019-12-18 02:27:23.028 13785 INFO rally.task.context [-] Task b391d463-0d30-4735-acd8-41f940efa65b | Context users@openstack cleanup() finished in 4.11 sec
2019-12-18 02:27:23.790 13785 INFO rally.task.engine [-] Load duration is: 1.989128
2019-12-18 02:27:23.791 13785 INFO rally.task.engine [-] Full runner duration is: 2.034385
2019-12-18 02:27:23.791 13785 INFO rally.task.engine [-] Full duration is: 23.381933
2019-12-18 02:27:24.204 13785 INFO rally.task.engine [-] Running workload: position = 0 config = { "version": 2, "title": "A cropped version of a bigger task.", "description": "Auto-generated task from a single workload (uuid=8c2dc418-0ecb-40aa-acf8-c09e29512fcd)", "subtasks": [ { "title": "NeutronSecurityGroup.create_and_delete_security_group_rule", "description": "Create and delete Neutron security-group-rule.", "scenario": { "NeutronSecurityGroup.create_and_delete_security_group_rule": {} }, "contexts": { "users": { "tenants": 3, "users_per_tenant": 2 }, "quotas": { "neutron": { "security_group": -1 } } }, "runner": { "constant": { "concurrency": 4, "times": 10 } }, "hooks": [], "sla": { "failure_rate": { "max": 0 } } } ] }
2019-12-18 02:27:24.230 13785 RALLYDEBUG rally_openstack.contexts.keystone.users [-] Creating 3 tenants using 20 threads
2019-12-18 02:27:25.190 13785 RALLYDEBUG rally_openstack.contexts.keystone.users [-] Creating 6 users using 20 threads
2019-12-18 02:27:26.781 13785 INFO rally.task.context [-] Task b391d463-0d30-4735-acd8-41f940efa65b | Context users@openstack setup() finished in 2.55 sec
2019-12-18 02:27:27.631 13785 INFO rally.task.context [-] Task b391d463-0d30-4735-acd8-41f940efa65b | Context quotas@openstack setup() finished in 0.85 sec
2019-12-18 02:27:27.631 13785 INFO rally.task.context [-] Task b391d463-0d30-4735-acd8-41f940efa65b | Context cleanup@openstack setup() finished in 0.01 msec
2019-12-18 02:27:27.640 13785 RALLYDEBUG rally.task.runner [-] Starting the constant runner (task UUID: b391d463-0d30-4735-acd8-41f940efa65b). times: 10 concurrency: 4 timeout: 0 max_cpu_used: 16 processes_to_start: 4 concurrency_per_worker: 1 concurrency_overhead: 0
2019-12-18 02:27:27.651 18121 RALLYDEBUG rally.task.runner [-] Starting a worker. times: 10 duration: None concurrency: 1 timeout: 0 cls: method_name: run args: {}
2019-12-18 02:27:27.654 18122 RALLYDEBUG rally.task.runner [-] Starting a worker. times: 10 duration: None concurrency: 1 timeout: 0 cls: method_name: run args: {}
2019-12-18 02:27:27.658 18121 INFO rally.task.runner [-] Task b391d463-0d30-4735-acd8-41f940efa65b | ITER: 1 START
2019-12-18 02:27:27.657 18123 RALLYDEBUG rally.task.runner [-] Starting a worker. times: 10 duration: None concurrency: 1 timeout: 0 cls: method_name: run args: {}
2019-12-18 02:27:27.660 18122 INFO rally.task.runner [-] Task b391d463-0d30-4735-acd8-41f940efa65b | ITER: 2 START
2019-12-18 02:27:27.661 18124 RALLYDEBUG rally.task.runner [-] Starting a worker. times: 10 duration: None concurrency: 1 timeout: 0 cls: method_name: run args: {}
2019-12-18 02:27:27.664 18123 INFO rally.task.runner [-] Task b391d463-0d30-4735-acd8-41f940efa65b | ITER: 3 START
2019-12-18 02:27:27.667 18124 INFO rally.task.runner [-] Task b391d463-0d30-4735-acd8-41f940efa65b | ITER: 4 START
2019-12-18 02:27:28.714 18123 INFO rally.task.runner [-] Task b391d463-0d30-4735-acd8-41f940efa65b | ITER: 3 END: OK
2019-12-18 02:27:28.719 18123 INFO rally.task.runner [-] Task b391d463-0d30-4735-acd8-41f940efa65b | ITER: 5 START
2019-12-18 02:27:28.814 18124 INFO rally.task.runner [-] Task b391d463-0d30-4735-acd8-41f940efa65b | ITER: 4 END: OK
2019-12-18 02:27:28.819 18124 INFO rally.task.runner [-] Task b391d463-0d30-4735-acd8-41f940efa65b | ITER: 6 START
2019-12-18 02:27:29.177 18122 INFO rally.task.runner [-] Task b391d463-0d30-4735-acd8-41f940efa65b | ITER: 2 END: OK
2019-12-18 02:27:29.182 18122 INFO rally.task.runner [-] Task b391d463-0d30-4735-acd8-41f940efa65b | ITER: 7 START
2019-12-18 02:27:29.251 18121 INFO rally.task.runner [-] Task b391d463-0d30-4735-acd8-41f940efa65b | ITER: 1 END: OK
2019-12-18 02:27:29.256 18121 INFO rally.task.runner [-] Task b391d463-0d30-4735-acd8-41f940efa65b | ITER: 8 START
2019-12-18 02:27:29.691 18124 INFO rally.task.runner [-] Task b391d463-0d30-4735-acd8-41f940efa65b | ITER: 6 END: OK
2019-12-18 02:27:29.695 18124 INFO rally.task.runner [-] Task b391d463-0d30-4735-acd8-41f940efa65b | ITER: 9 START
2019-12-18 02:27:29.713 18123 INFO rally.task.runner [-] Task b391d463-0d30-4735-acd8-41f940efa65b | ITER: 5 END: OK
2019-12-18 02:27:29.717 18123 INFO rally.task.runner [-] Task b391d463-0d30-4735-acd8-41f940efa65b | ITER: 10 START
2019-12-18 02:27:30.015 18122 INFO rally.task.runner [-] Task b391d463-0d30-4735-acd8-41f940efa65b | ITER: 7 END: OK
2019-12-18 02:27:30.071 18121 INFO rally.task.runner [-] Task b391d463-0d30-4735-acd8-41f940efa65b | ITER: 8 END: OK
2019-12-18 02:27:30.517 18123 INFO rally.task.runner [-] Task b391d463-0d30-4735-acd8-41f940efa65b | ITER: 10 END: OK
2019-12-18 02:27:30.519 18124 INFO rally.task.runner [-] Task b391d463-0d30-4735-acd8-41f940efa65b | ITER: 9 END: OK
2019-12-18 02:27:30.543 13785 INFO rally.task.context [-] Task b391d463-0d30-4735-acd8-41f940efa65b | Context cleanup@openstack cleanup() started
2019-12-18 02:27:30.547 13785 RALLYDEBUG rally_openstack.cleanup.manager [-] Cleaning up neutron vip objects
2019-12-18 02:27:31.685 13785 RALLYDEBUG rally_openstack.cleanup.manager [-] Cleaning up neutron health_monitor objects
2019-12-18 02:27:32.814 13785 RALLYDEBUG rally_openstack.cleanup.manager [-] Cleaning up neutron pool objects
2019-12-18 02:27:33.966 13785 RALLYDEBUG rally_openstack.cleanup.manager [-] Cleaning up neutron loadbalancer objects
2019-12-18 02:27:35.130 13785 RALLYDEBUG rally_openstack.cleanup.manager [-] Cleaning up neutron floatingip objects
2019-12-18 02:27:36.376 13785 RALLYDEBUG rally_openstack.cleanup.manager [-] Cleaning up neutron trunk objects
2019-12-18 02:27:37.550 13785 RALLYDEBUG rally_openstack.cleanup.manager [-] Cleaning up neutron port objects
2019-12-18 02:27:38.797 13785 RALLYDEBUG rally_openstack.cleanup.manager [-] Cleaning up neutron subnet objects
2019-12-18 02:27:40.023 13785 RALLYDEBUG rally_openstack.cleanup.manager [-] Cleaning up neutron network objects
2019-12-18 02:27:41.251 13785 RALLYDEBUG rally_openstack.cleanup.manager [-] Cleaning up neutron router objects
2019-12-18 02:27:42.755 13785 RALLYDEBUG rally_openstack.cleanup.manager [-] Cleaning up neutron security_group objects
2019-12-18 02:27:44.105 13785 INFO rally.task.context [-] Task b391d463-0d30-4735-acd8-41f940efa65b | Context cleanup@openstack cleanup() finished in 13.56 sec
2019-12-18 02:27:44.106 13785 INFO rally.task.context [-] Task b391d463-0d30-4735-acd8-41f940efa65b | Context quotas@openstack cleanup() started
2019-12-18 02:27:44.301 13785 INFO rally.task.context [-] Task b391d463-0d30-4735-acd8-41f940efa65b | Context quotas@openstack cleanup() finished in 0.19 sec
2019-12-18 02:27:44.301 13785 INFO rally.task.context [-] Task b391d463-0d30-4735-acd8-41f940efa65b | Context users@openstack cleanup() started
2019-12-18 02:27:48.516 13785 INFO rally.task.context [-] Task b391d463-0d30-4735-acd8-41f940efa65b | Context users@openstack cleanup() finished in 4.21 sec
2019-12-18 02:27:50.377 13785 INFO rally.task.engine [-] Load duration is: 2.859115
2019-12-18 02:27:50.377 13785 INFO rally.task.engine [-] Full runner duration is: 2.903529
2019-12-18 02:27:50.378 13785 INFO rally.task.engine [-] Full duration is: 24.288409
2019-12-18 02:27:50.724 13785 INFO rally.task.engine [-] Running workload: position = 0 config = { "version": 2, "title": "A cropped version of a bigger task.", "description": "Auto-generated task from a single workload (uuid=8287b083-7e4e-46e8-a44d-ea7cf78689d2)", "subtasks": [ { "title": "NeutronSecurityGroup.create_and_list_security_group_rules", "description": "Create and list Neutron security-group-rules.", "scenario": { "NeutronSecurityGroup.create_and_list_security_group_rules": {} }, "contexts": { "users": { "tenants": 3, "users_per_tenant": 2 }, "quotas": { "neutron": { "security_group": -1 } } }, "runner": { "constant": { "concurrency": 4, "times": 10 } }, "hooks": [], "sla": { "failure_rate": { "max": 0 } } } ] }
2019-12-18 02:27:50.749 13785 RALLYDEBUG rally_openstack.contexts.keystone.users [-] Creating 3 tenants using 20 threads
2019-12-18 02:27:51.790 13785 RALLYDEBUG rally_openstack.contexts.keystone.users [-] Creating 6 users using 20 threads
2019-12-18 02:27:53.375 13785 INFO rally.task.context [-] Task b391d463-0d30-4735-acd8-41f940efa65b | Context users@openstack setup() finished in 2.63 sec
2019-12-18 02:27:54.290 13785 INFO rally.task.context [-] Task b391d463-0d30-4735-acd8-41f940efa65b | Context quotas@openstack setup() finished in 0.91 sec
2019-12-18 02:27:54.291 13785 INFO rally.task.context [-] Task b391d463-0d30-4735-acd8-41f940efa65b | Context cleanup@openstack setup() finished in 0.01 msec
2019-12-18 02:27:54.299 13785 RALLYDEBUG rally.task.runner [-] Starting the constant runner (task UUID: b391d463-0d30-4735-acd8-41f940efa65b). times: 10 concurrency: 4 timeout: 0 max_cpu_used: 16 processes_to_start: 4 concurrency_per_worker: 1 concurrency_overhead: 0
2019-12-18 02:27:54.310 18445 RALLYDEBUG rally.task.runner [-] Starting a worker. times: 10 duration: None concurrency: 1 timeout: 0 cls: method_name: run args: {}
2019-12-18 02:27:54.313 18446 RALLYDEBUG rally.task.runner [-] Starting a worker. times: 10 duration: None concurrency: 1 timeout: 0 cls: method_name: run args: {}
2019-12-18 02:27:54.317 18445 INFO rally.task.runner [-] Task b391d463-0d30-4735-acd8-41f940efa65b | ITER: 1 START
2019-12-18 02:27:54.316 18447 RALLYDEBUG rally.task.runner [-] Starting a worker. times: 10 duration: None concurrency: 1 timeout: 0 cls: method_name: run args: {}
2019-12-18 02:27:54.320 18446 INFO rally.task.runner [-] Task b391d463-0d30-4735-acd8-41f940efa65b | ITER: 2 START
2019-12-18 02:27:54.320 18448 RALLYDEBUG rally.task.runner [-] Starting a worker. times: 10 duration: None concurrency: 1 timeout: 0 cls: method_name: run args: {}
2019-12-18 02:27:54.323 18447 INFO rally.task.runner [-] Task b391d463-0d30-4735-acd8-41f940efa65b | ITER: 3 START
2019-12-18 02:27:54.327 18448 INFO rally.task.runner [-] Task b391d463-0d30-4735-acd8-41f940efa65b | ITER: 4 START
2019-12-18 02:27:55.097 18446 INFO rally.task.runner [-] Task b391d463-0d30-4735-acd8-41f940efa65b | ITER: 2 END: OK
2019-12-18 02:27:55.102 18446 INFO rally.task.runner [-] Task b391d463-0d30-4735-acd8-41f940efa65b | ITER: 5 START
2019-12-18 02:27:55.144 18448 INFO rally.task.runner [-] Task b391d463-0d30-4735-acd8-41f940efa65b | ITER: 4 END: OK
2019-12-18 02:27:55.148 18448 INFO rally.task.runner [-] Task b391d463-0d30-4735-acd8-41f940efa65b | ITER: 6 START
2019-12-18 02:27:55.607 18445 INFO rally.task.runner [-] Task b391d463-0d30-4735-acd8-41f940efa65b | ITER: 1 END: OK
2019-12-18 02:27:55.611 18445 INFO rally.task.runner [-] Task b391d463-0d30-4735-acd8-41f940efa65b | ITER: 7 START
2019-12-18 02:27:55.760 18447 INFO rally.task.runner [-] Task b391d463-0d30-4735-acd8-41f940efa65b | ITER: 3 END: OK
2019-12-18 02:27:55.765 18447 INFO rally.task.runner [-] Task b391d463-0d30-4735-acd8-41f940efa65b | ITER: 8 START
2019-12-18 02:27:55.791 18446 INFO rally.task.runner [-] Task b391d463-0d30-4735-acd8-41f940efa65b | ITER: 5 END: OK
2019-12-18 02:27:55.794 18446 INFO rally.task.runner [-] Task b391d463-0d30-4735-acd8-41f940efa65b | ITER: 9 START
2019-12-18 02:27:56.054 18448 INFO rally.task.runner [-] Task b391d463-0d30-4735-acd8-41f940efa65b | ITER: 6 END: OK
2019-12-18 02:27:56.057 18448 INFO rally.task.runner [-] Task b391d463-0d30-4735-acd8-41f940efa65b | ITER: 10 START
2019-12-18 02:27:56.243 18445 INFO rally.task.runner [-] Task b391d463-0d30-4735-acd8-41f940efa65b | ITER: 7 END: OK
2019-12-18 02:27:56.414 18447 INFO rally.task.runner [-] Task b391d463-0d30-4735-acd8-41f940efa65b | ITER: 8 END: OK
2019-12-18 02:27:56.750 18446 INFO rally.task.runner [-] Task b391d463-0d30-4735-acd8-41f940efa65b | ITER: 9 END: OK
2019-12-18 02:27:56.760 18448 INFO rally.task.runner [-] Task b391d463-0d30-4735-acd8-41f940efa65b | ITER: 10 END: OK
2019-12-18 02:27:56.781 13785 INFO rally.task.context [-] Task b391d463-0d30-4735-acd8-41f940efa65b | Context cleanup@openstack cleanup() started
2019-12-18 02:27:56.784 13785 RALLYDEBUG rally_openstack.cleanup.manager [-] Cleaning up neutron vip objects
2019-12-18 02:27:57.934 13785 RALLYDEBUG rally_openstack.cleanup.manager [-] Cleaning up neutron health_monitor objects
2019-12-18 02:27:59.080 13785 RALLYDEBUG rally_openstack.cleanup.manager [-] Cleaning up neutron pool objects
2019-12-18 02:28:00.218 13785 RALLYDEBUG rally_openstack.cleanup.manager [-] Cleaning up neutron loadbalancer objects
2019-12-18 02:28:01.357 13785 RALLYDEBUG rally_openstack.cleanup.manager [-] Cleaning up neutron floatingip objects
2019-12-18 02:28:02.631 13785 RALLYDEBUG rally_openstack.cleanup.manager [-] Cleaning up neutron trunk objects
2019-12-18 02:28:03.834 13785 RALLYDEBUG rally_openstack.cleanup.manager [-] Cleaning up neutron port objects
2019-12-18 02:28:05.063 13785 RALLYDEBUG rally_openstack.cleanup.manager [-] Cleaning up neutron subnet objects
2019-12-18 02:28:06.292 13785 RALLYDEBUG rally_openstack.cleanup.manager [-] Cleaning up neutron network objects
2019-12-18 02:28:07.493 13785 RALLYDEBUG rally_openstack.cleanup.manager [-] Cleaning up neutron router objects
2019-12-18 02:28:09.041 13785 RALLYDEBUG rally_openstack.cleanup.manager [-] Cleaning up neutron security_group objects
2019-12-18 02:28:10.541 13785 RALLYDEBUG rally_openstack.cleanup.manager [-] Deleting neutron.security_group object s_rally_8287b083_wNci5GxZ (51b576df-1d24-419d-981f-a986551b664b)
2019-12-18 02:28:10.544 13785 RALLYDEBUG rally_openstack.cleanup.manager [-] Deleting neutron.security_group object s_rally_8287b083_qObGWLIV (e5f34250-7da7-4f2e-958f-7c3c9beabb19)
2019-12-18 02:28:10.554 13785 RALLYDEBUG rally_openstack.cleanup.manager [-] Deleting neutron.security_group object s_rally_8287b083_7NkdOIP0 (045ed7f0-4612-44ab-aa87-df6554d81f8d)
2019-12-18 02:28:10.563 13785 RALLYDEBUG rally_openstack.cleanup.manager [-] Deleting neutron.security_group object s_rally_8287b083_IBZCaFnn (7dbd72c0-b39e-4fe0-8c2e-05ca373edbe3)
2019-12-18 02:28:10.572 13785 RALLYDEBUG rally_openstack.cleanup.manager [-] Deleting neutron.security_group object s_rally_8287b083_HEYSxdE5 (dc15c013-9a3f-4e84-b3a1-575797aef83d)
2019-12-18 02:28:10.589 13785 RALLYDEBUG rally_openstack.cleanup.manager [-] Deleting neutron.security_group object s_rally_8287b083_fALhTlDy (4f60d040-3ec5-4cf2-b722-a7ffbc3f54fa)
2019-12-18 02:28:10.600 13785 RALLYDEBUG rally_openstack.cleanup.manager [-] Deleting neutron.security_group object s_rally_8287b083_ym1LXtPW (6063d900-7e8e-429e-a33d-906b7f488e89)
2019-12-18 02:28:10.613 13785 RALLYDEBUG rally_openstack.cleanup.manager [-] Deleting neutron.security_group object s_rally_8287b083_MqHFJkEk (6b6ce9d6-513d-4c29-8523-8a43c55108b4)
2019-12-18 02:28:10.632 13785 RALLYDEBUG rally_openstack.cleanup.manager [-] Deleting neutron.security_group object s_rally_8287b083_RY5XjXYS (c67005d5-1aad-485c-80f6-159d154dab9b)
2019-12-18 02:28:10.654 13785 RALLYDEBUG rally_openstack.cleanup.manager [-] Deleting neutron.security_group object s_rally_8287b083_2Mg1zcvh (f5f554f6-656f-4b5a-b846-9e800f7763c4)
2019-12-18 02:28:12.411 13785 INFO rally.task.context [-] Task b391d463-0d30-4735-acd8-41f940efa65b | Context cleanup@openstack cleanup() finished in 15.63 sec
2019-12-18 02:28:12.412 13785 INFO rally.task.context [-] Task b391d463-0d30-4735-acd8-41f940efa65b | Context quotas@openstack cleanup() started
2019-12-18 02:28:12.554 13785 INFO rally.task.context [-] Task b391d463-0d30-4735-acd8-41f940efa65b | Context quotas@openstack cleanup() finished in 0.14 sec
2019-12-18 02:28:12.555 13785 INFO rally.task.context [-] Task b391d463-0d30-4735-acd8-41f940efa65b | Context users@openstack cleanup() started
2019-12-18 02:28:17.006 13785 INFO rally.task.context [-] Task b391d463-0d30-4735-acd8-41f940efa65b | Context users@openstack cleanup() finished in 4.45 sec
2019-12-18 02:28:18.896 13785 INFO rally.task.engine [-] Load duration is: 2.441421
2019-12-18 02:28:18.897 13785 INFO rally.task.engine [-] Full runner duration is: 2.482573
2019-12-18 02:28:18.897 13785 INFO rally.task.engine [-] Full duration is: 26.258767
2019-12-18 02:28:19.251 13785 INFO rally.task.engine [-] Running workload: position = 0 config = { "version": 2, "title": "A cropped version of a bigger task.", "description": "Auto-generated task from a single workload (uuid=d11c2f9e-1665-486b-bbf9-b3db2678cfa9)", "subtasks": [ { "title": "NeutronSecurityGroup.create_and_show_security_group", "description": "Create and show Neutron security-group.", "scenario": { "NeutronSecurityGroup.create_and_show_security_group": {} }, "contexts": { "users": { "tenants": 3, "users_per_tenant": 2 }, "quotas": { "neutron": { "security_group": -1 } } }, "runner": { "constant": { "concurrency": 4, "times": 10 } }, "hooks": [], "sla": { "failure_rate": { "max": 0 } } } ] }
2019-12-18 02:28:19.275 13785 RALLYDEBUG rally_openstack.contexts.keystone.users [-] Creating 3 tenants using 20 threads
2019-12-18 02:28:20.405 13785 RALLYDEBUG rally_openstack.contexts.keystone.users [-] Creating 6 users using 20 threads
2019-12-18 02:28:21.908 13785 INFO rally.task.context [-] Task b391d463-0d30-4735-acd8-41f940efa65b | Context users@openstack setup() finished in 2.63 sec
2019-12-18 02:28:22.714 13785 INFO rally.task.context [-] Task b391d463-0d30-4735-acd8-41f940efa65b | Context quotas@openstack setup() finished in 0.80 sec
2019-12-18 02:28:22.714 13785 INFO rally.task.context [-] Task b391d463-0d30-4735-acd8-41f940efa65b | Context cleanup@openstack setup() finished in 0.01 msec
2019-12-18 02:28:22.723 13785 RALLYDEBUG rally.task.runner [-] Starting the constant runner (task UUID: b391d463-0d30-4735-acd8-41f940efa65b). times: 10 concurrency: 4 timeout: 0 max_cpu_used: 16 processes_to_start: 4 concurrency_per_worker: 1 concurrency_overhead: 0
2019-12-18 02:28:22.734 18769 RALLYDEBUG rally.task.runner [-] Starting a worker. times: 10 duration: None concurrency: 1 timeout: 0 cls: method_name: run args: {}
2019-12-18 02:28:22.738 18770 RALLYDEBUG rally.task.runner [-] Starting a worker. times: 10 duration: None concurrency: 1 timeout: 0 cls: method_name: run args: {}
2019-12-18 02:28:22.741 18769 INFO rally.task.runner [-] Task b391d463-0d30-4735-acd8-41f940efa65b | ITER: 1 START
2019-12-18 02:28:22.741 18771 RALLYDEBUG rally.task.runner [-] Starting a worker. times: 10 duration: None concurrency: 1 timeout: 0 cls: method_name: run args: {}
2019-12-18 02:28:22.745 18770 INFO rally.task.runner [-] Task b391d463-0d30-4735-acd8-41f940efa65b | ITER: 2 START
2019-12-18 02:28:22.745 18773 RALLYDEBUG rally.task.runner [-] Starting a worker. times: 10 duration: None concurrency: 1 timeout: 0 cls: method_name: run args: {}
2019-12-18 02:28:22.748 18771 INFO rally.task.runner [-] Task b391d463-0d30-4735-acd8-41f940efa65b | ITER: 3 START
2019-12-18 02:28:22.751 18773 INFO rally.task.runner [-] Task b391d463-0d30-4735-acd8-41f940efa65b | ITER: 4 START
2019-12-18 02:28:23.401 18770 INFO rally.task.runner [-] Task b391d463-0d30-4735-acd8-41f940efa65b | ITER: 2 END: OK
2019-12-18 02:28:23.406 18770 INFO rally.task.runner [-] Task b391d463-0d30-4735-acd8-41f940efa65b | ITER: 5 START
2019-12-18 02:28:23.515 18773 INFO rally.task.runner [-] Task b391d463-0d30-4735-acd8-41f940efa65b | ITER: 4 END: OK
2019-12-18 02:28:23.519 18773 INFO rally.task.runner [-] Task b391d463-0d30-4735-acd8-41f940efa65b | ITER: 6 START
2019-12-18 02:28:23.699 18771 INFO rally.task.runner [-] Task b391d463-0d30-4735-acd8-41f940efa65b | ITER: 3 END: OK
2019-12-18 02:28:23.703 18771 INFO rally.task.runner [-] Task b391d463-0d30-4735-acd8-41f940efa65b | ITER: 7 START
2019-12-18 02:28:23.728 18769 INFO rally.task.runner [-] Task b391d463-0d30-4735-acd8-41f940efa65b | ITER: 1 END: OK
2019-12-18 02:28:23.733 18769 INFO rally.task.runner [-] Task b391d463-0d30-4735-acd8-41f940efa65b | ITER: 8 START
2019-12-18 02:28:23.955 18770 INFO rally.task.runner [-] Task b391d463-0d30-4735-acd8-41f940efa65b | ITER: 5 END: OK
2019-12-18 02:28:23.958 18770 INFO rally.task.runner [-] Task b391d463-0d30-4735-acd8-41f940efa65b | ITER: 9 START
2019-12-18 02:28:24.188 18773 INFO rally.task.runner [-] Task b391d463-0d30-4735-acd8-41f940efa65b | ITER: 6 END: OK
2019-12-18 02:28:24.192 18773 INFO rally.task.runner [-] Task b391d463-0d30-4735-acd8-41f940efa65b | ITER: 10 START
2019-12-18 02:28:24.327 18769 INFO rally.task.runner [-] Task b391d463-0d30-4735-acd8-41f940efa65b | ITER: 8 END: OK
2019-12-18 02:28:24.349 18771 INFO rally.task.runner [-] Task b391d463-0d30-4735-acd8-41f940efa65b | ITER: 7 END: OK
2019-12-18 02:28:24.510 18770 INFO rally.task.runner [-] Task b391d463-0d30-4735-acd8-41f940efa65b | ITER: 9 END: OK
2019-12-18 02:28:24.781 18773 INFO rally.task.runner [-] Task b391d463-0d30-4735-acd8-41f940efa65b | ITER: 10 END: OK
2019-12-18 02:28:24.807 13785 INFO rally.task.context [-] Task b391d463-0d30-4735-acd8-41f940efa65b | Context cleanup@openstack cleanup() started
2019-12-18 02:28:24.810 13785 RALLYDEBUG rally_openstack.cleanup.manager [-] Cleaning up neutron vip objects
2019-12-18 02:28:25.959 13785 RALLYDEBUG rally_openstack.cleanup.manager [-] Cleaning up neutron health_monitor objects
2019-12-18 02:28:27.094 13785 RALLYDEBUG rally_openstack.cleanup.manager [-] Cleaning up neutron pool objects
2019-12-18 02:28:28.301 13785 RALLYDEBUG rally_openstack.cleanup.manager [-] Cleaning up neutron loadbalancer objects
2019-12-18 02:28:29.449 13785 RALLYDEBUG rally_openstack.cleanup.manager [-] Cleaning up neutron floatingip objects
2019-12-18 02:28:30.723 13785 RALLYDEBUG rally_openstack.cleanup.manager [-] Cleaning up neutron trunk objects
2019-12-18 02:28:31.893 13785 RALLYDEBUG rally_openstack.cleanup.manager [-] Cleaning up neutron port objects
2019-12-18 02:28:33.124 13785 RALLYDEBUG rally_openstack.cleanup.manager [-] Cleaning up neutron subnet objects
2019-12-18 02:28:34.333 13785 RALLYDEBUG rally_openstack.cleanup.manager [-] Cleaning up neutron network objects
2019-12-18 02:28:35.558 13785 RALLYDEBUG rally_openstack.cleanup.manager [-] Cleaning up neutron router objects
2019-12-18 02:28:36.802 13785 RALLYDEBUG rally_openstack.cleanup.manager [-] Cleaning up neutron security_group objects
2019-12-18 02:28:38.192 13785 RALLYDEBUG rally_openstack.cleanup.manager [-] Deleting neutron.security_group object s_rally_d11c2f9e_pL24Zuze (2552ffc8-d84a-4d86-b6f3-64a7f390a657)
2019-12-18 02:28:38.196 13785 RALLYDEBUG rally_openstack.cleanup.manager [-] Deleting neutron.security_group object s_rally_d11c2f9e_iE6X7i7y (b47b4415-b21f-467c-9ad7-5e582a5d5b50)
2019-12-18 02:28:38.210 13785 RALLYDEBUG rally_openstack.cleanup.manager [-] Deleting neutron.security_group object s_rally_d11c2f9e_gvTEQ4pH (020a24a5-d500-4e36-a787-72f0813563cf)
2019-12-18 02:28:38.219 13785 RALLYDEBUG rally_openstack.cleanup.manager [-] Deleting neutron.security_group object s_rally_d11c2f9e_AvOUp3tJ (04028d90-0c22-4841-8a0b-b78803e5734a)
2019-12-18 02:28:38.228 13785 RALLYDEBUG rally_openstack.cleanup.manager [-] Deleting neutron.security_group object s_rally_d11c2f9e_yzIIDrpP (49c3d255-3a53-45a6-8d0a-4efac61f5e28)
2019-12-18 02:28:38.239 13785 RALLYDEBUG rally_openstack.cleanup.manager [-] Deleting neutron.security_group object s_rally_d11c2f9e_hE52n89v (6754000c-d1f6-467c-8bb1-5d09fc784d89)
2019-12-18 02:28:38.245 13785 RALLYDEBUG rally_openstack.cleanup.manager [-] Deleting neutron.security_group object s_rally_d11c2f9e_lDFF0UB3 (77e59c61-d560-4525-9bca-41a50eff4c06)
2019-12-18 02:28:38.261 13785 RALLYDEBUG rally_openstack.cleanup.manager [-] Deleting neutron.security_group object s_rally_d11c2f9e_GLcqInyd (c0aeae54-2b81-4f96-be5a-7a25dc0b7314)
2019-12-18 02:28:38.271 13785 RALLYDEBUG rally_openstack.cleanup.manager [-] Deleting neutron.security_group object s_rally_d11c2f9e_TXVP4rjF (c1bc2a40-1ed1-4bb3-bf94-873b9c785c39)
2019-12-18 02:28:38.276 13785 RALLYDEBUG rally_openstack.cleanup.manager [-] Deleting neutron.security_group object s_rally_d11c2f9e_UNG0n8lJ (ce2439db-e149-4246-a186-a862f6295035)
2019-12-18 02:28:39.894 13785 INFO rally.task.context [-] Task b391d463-0d30-4735-acd8-41f940efa65b | Context cleanup@openstack cleanup() finished in 15.09 sec
2019-12-18 02:28:39.895 13785 INFO rally.task.context [-] Task b391d463-0d30-4735-acd8-41f940efa65b | Context quotas@openstack cleanup() started
2019-12-18 02:28:40.108 13785 INFO rally.task.context [-] Task b391d463-0d30-4735-acd8-41f940efa65b | Context quotas@openstack cleanup() finished in 0.21 sec
2019-12-18 02:28:40.109 13785 INFO rally.task.context [-] Task b391d463-0d30-4735-acd8-41f940efa65b | Context users@openstack cleanup() started
2019-12-18 02:28:44.564 13785 INFO rally.task.context [-] Task b391d463-0d30-4735-acd8-41f940efa65b | Context users@openstack cleanup() finished in 4.45 sec
2019-12-18 02:28:45.459 13785 INFO rally.task.engine [-] Load duration is: 2.038817
2019-12-18 02:28:45.459 13785 INFO rally.task.engine [-] Full runner duration is: 2.083925
2019-12-18 02:28:45.459 13785 INFO rally.task.engine [-] Full duration is: 25.290287
2019-12-18 02:28:45.773 13785 INFO rally.task.engine [-] Running workload: position = 0 config = { "version": 2, "title": "A cropped version of a bigger task.", "description": "Auto-generated task from a single workload (uuid=839bb095-aec7-4ef3-9265-f8692527a093)", "subtasks": [ { "title": "NeutronNetworks.set_and_clear_router_gateway", "description": "Set and Remove the external network gateway from a router.", "scenario": { "NeutronNetworks.set_and_clear_router_gateway": { "network_create_args": { "router:external": true } } }, "contexts": { "users": { "tenants": 3, "users_per_tenant": 2 }, "quotas": { "neutron": { "network": -1, "router": -1 } }, "roles": [ "admin" ] }, "runner": { "constant": { "concurrency": 4, "times": 10 } }, "hooks": [], "sla": { "failure_rate": { "max": 0 } } } ] }
2019-12-18 02:28:45.799 13785 RALLYDEBUG rally_openstack.contexts.keystone.users [-] Creating 3 tenants using 20 threads
2019-12-18 02:28:46.733 13785 RALLYDEBUG rally_openstack.contexts.keystone.users [-] Creating 6 users using 20 threads
2019-12-18 02:28:48.292 13785 INFO rally.task.context [-] Task b391d463-0d30-4735-acd8-41f940efa65b | Context users@openstack setup() finished in 2.49 sec
2019-12-18 02:28:49.158 13785 INFO rally.task.context [-] Task b391d463-0d30-4735-acd8-41f940efa65b | Context quotas@openstack setup() finished in 0.87 sec
2019-12-18 02:28:49.871 13785 RALLYDEBUG rally_openstack.contexts.keystone.roles [-] Adding role admin having ID 7d11012bd0af4a4d9c7657c50e5dc0ae to all users using 30 threads
2019-12-18 02:28:55.127 13785 INFO rally.task.context [-] Task b391d463-0d30-4735-acd8-41f940efa65b | Context roles@openstack setup() finished in 5.97 sec
2019-12-18 02:28:55.127 13785 INFO rally.task.context [-] Task b391d463-0d30-4735-acd8-41f940efa65b | Context cleanup@openstack setup() finished in 0.01 msec
2019-12-18 02:28:55.136 13785 RALLYDEBUG rally.task.runner [-] Starting the constant runner (task UUID: b391d463-0d30-4735-acd8-41f940efa65b). times: 10 concurrency: 4 timeout: 0 max_cpu_used: 16 processes_to_start: 4 concurrency_per_worker: 1 concurrency_overhead: 0
2019-12-18 02:28:55.147 19123 RALLYDEBUG rally.task.runner [-] Starting a worker. times: 10 duration: None concurrency: 1 timeout: 0 cls: method_name: run args: {"network_create_args": {"router:external": true}}
2019-12-18 02:28:55.150 19124 RALLYDEBUG rally.task.runner [-] Starting a worker. times: 10 duration: None concurrency: 1 timeout: 0 cls: method_name: run args: {"network_create_args": {"router:external": true}}
2019-12-18 02:28:55.153 19125 RALLYDEBUG rally.task.runner [-] Starting a worker. times: 10 duration: None concurrency: 1 timeout: 0 cls: method_name: run args: {"network_create_args": {"router:external": true}}
2019-12-18 02:28:55.154 19123 INFO rally.task.runner [-] Task b391d463-0d30-4735-acd8-41f940efa65b | ITER: 1 START
2019-12-18 02:28:55.157 19124 INFO rally.task.runner [-] Task b391d463-0d30-4735-acd8-41f940efa65b | ITER: 2 START
2019-12-18 02:28:55.156 19126 RALLYDEBUG rally.task.runner [-] Starting a worker. times: 10 duration: None concurrency: 1 timeout: 0 cls: method_name: run args: {"network_create_args": {"router:external": true}}
2019-12-18 02:28:55.160 19125 INFO rally.task.runner [-] Task b391d463-0d30-4735-acd8-41f940efa65b | ITER: 3 START
2019-12-18 02:28:55.163 19126 INFO rally.task.runner [-] Task b391d463-0d30-4735-acd8-41f940efa65b | ITER: 4 START
2019-12-18 02:28:59.791 19123 INFO rally.task.runner [-] Task b391d463-0d30-4735-acd8-41f940efa65b | ITER: 1 END: OK
2019-12-18 02:28:59.795 19123 INFO rally.task.runner [-] Task b391d463-0d30-4735-acd8-41f940efa65b | ITER: 5 START
2019-12-18 02:28:59.857 19124 INFO rally.task.runner [-] Task b391d463-0d30-4735-acd8-41f940efa65b | ITER: 2 END: OK
2019-12-18 02:28:59.862 19124 INFO rally.task.runner [-] Task b391d463-0d30-4735-acd8-41f940efa65b | ITER: 6 START
2019-12-18 02:28:59.961 19125 INFO rally.task.runner [-] Task b391d463-0d30-4735-acd8-41f940efa65b | ITER: 3 END: OK
2019-12-18 02:28:59.966 19125 INFO rally.task.runner [-] Task b391d463-0d30-4735-acd8-41f940efa65b | ITER: 7 START
2019-12-18 02:29:00.174 19126 INFO rally.task.runner [-] Task b391d463-0d30-4735-acd8-41f940efa65b | ITER: 4 END: OK
2019-12-18 02:29:00.178 19126 INFO rally.task.runner [-] Task b391d463-0d30-4735-acd8-41f940efa65b | ITER: 8 START
