2019-12-18 02:18:02.104 11675 RALLYDEBUG rally_openstack.cleanup.manager [-] Cleaning up keystone user objects
2019-12-18 02:18:02.871 11675 RALLYDEBUG rally_openstack.cleanup.manager [-] Deleting keystone.user object s_rally_bcdd3704_AcE8xtC8 (31091b598d634ba3b193a0b386df4070)
2019-12-18 02:18:02.888 11675 RALLYDEBUG rally_openstack.cleanup.manager [-] Deleting keystone.user object s_rally_bcdd3704_Ek7O1DXd (50ea2e137aef484b9f280114fea6650c)
2019-12-18 02:18:02.902 11675 RALLYDEBUG rally_openstack.cleanup.manager [-] Deleting keystone.user object s_rally_bcdd3704_jcE9fQmS (a029c3bc9e4d4b58a0229bce5573fe92)
2019-12-18 02:18:02.908 11675 RALLYDEBUG rally_openstack.cleanup.manager [-] Deleting keystone.user object s_rally_bcdd3704_whIavlVa (b18328ad1dfa43288a8ac384b3e1a11e)
2019-12-18 02:18:02.914 11675 RALLYDEBUG rally_openstack.cleanup.manager [-] Deleting keystone.user object s_rally_bcdd3704_xJtzkw7z (b4161bf73bf946dea2cf3283b4d06321)
2019-12-18 02:18:02.929 11675 RALLYDEBUG rally_openstack.cleanup.manager [-] Deleting keystone.user object s_rally_bcdd3704_kRxqexwx (c0e8b6456081447c9cf3493351ef2ad4)
2019-12-18 02:18:02.936 11675 RALLYDEBUG rally_openstack.cleanup.manager [-] Deleting keystone.user object s_rally_bcdd3704_BaYMzXi3 (c694875f4615408b81dcdd99f4e94f8b)
2019-12-18 02:18:02.945 11675 RALLYDEBUG rally_openstack.cleanup.manager [-] Deleting keystone.user object s_rally_bcdd3704_2XQlI3g3 (c74b8d7a1c3b4a2593ea7bc5e791616e)
2019-12-18 02:18:02.969 11675 RALLYDEBUG rally_openstack.cleanup.manager [-] Deleting keystone.user object s_rally_bcdd3704_DvZP8MjY (ec482be39b524a809b7e6d9c6ba8b4fa)
2019-12-18 02:18:02.977 11675 RALLYDEBUG rally_openstack.cleanup.manager [-] Deleting keystone.user object s_rally_bcdd3704_ll0eLvAz (fd6f687ebf434148bf11702ae0b5e9f0)
2019-12-18 02:18:05.182 11675 RALLYDEBUG rally_openstack.cleanup.manager [-] Cleaning up keystone project objects
2019-12-18 02:18:06.060 11675 RALLYDEBUG rally_openstack.cleanup.manager [-] Cleaning up keystone service objects
2019-12-18 02:18:06.830 11675 RALLYDEBUG rally_openstack.cleanup.manager [-] Cleaning up keystone role objects
2019-12-18 02:18:07.590 11675 INFO rally.task.context [-] Task a5b96297-0c19-4352-81bd-6b7ecaf198f3 | Context admin_cleanup@openstack cleanup() finished in 5.49 sec
2019-12-18 02:18:07.590 11675 INFO rally.task.context [-] Task a5b96297-0c19-4352-81bd-6b7ecaf198f3 | Context users@openstack cleanup() started
2019-12-18 02:18:10.567 11675 INFO rally.task.context [-] Task a5b96297-0c19-4352-81bd-6b7ecaf198f3 | Context users@openstack cleanup() finished in 2.98 sec
2019-12-18 02:18:11.084 11675 INFO rally.task.engine [-] Load duration is: 3.440045
2019-12-18 02:18:11.085 11675 INFO rally.task.engine [-] Full runner duration is: 4.79653
2019-12-18 02:18:11.085 11675 INFO rally.task.engine [-] Full duration is: 15.577208
2019-12-18 02:18:11.439 11675 INFO rally.task.engine [-] Running workload: position = 0 config = { "version": 2, "title": "A cropped version of a bigger task.", "description": "Auto-generated task from a single workload (uuid=9d6263bb-ed56-4cdc-b474-05745e9b4230)", "subtasks": [ { "title": "KeystoneBasic.create_tenant_with_users", "description": "Create a keystone tenant and several users belonging to it.", "scenario": { "KeystoneBasic.create_tenant_with_users": { "users_per_tenant": 10 } }, "contexts": {}, "runner": { "constant": { "concurrency": 4, "times": 10 } }, "hooks": [], "sla": { "failure_rate": { "max": 0 } } } ] }
2019-12-18 02:18:11.462 11675 RALLYDEBUG rally_openstack.contexts.keystone.users [-] Creating 1 tenants using 20 threads
2019-12-18 02:18:12.349 11675 RALLYDEBUG rally_openstack.contexts.keystone.users [-] Creating 1 users using 20 threads
2019-12-18 02:18:13.702 11675 INFO rally.task.context [-] Task a5b96297-0c19-4352-81bd-6b7ecaf198f3 | Context users@openstack setup() finished in 2.24 sec
2019-12-18 02:18:13.703 11675 INFO rally.task.context [-] Task a5b96297-0c19-4352-81bd-6b7ecaf198f3 | Context admin_cleanup@openstack setup() finished in 0.01 msec
2019-12-18 02:18:13.712 11675 RALLYDEBUG rally.task.runner [-] Starting the constant runner (task UUID: a5b96297-0c19-4352-81bd-6b7ecaf198f3). times: 10 concurrency: 4 timeout: 0 max_cpu_used: 16 processes_to_start: 4 concurrency_per_worker: 1 concurrency_overhead: 0
2019-12-18 02:18:13.723 13639 RALLYDEBUG rally.task.runner [-] Starting a worker. times: 10 duration: None concurrency: 1 timeout: 0 cls: method_name: run args: {"users_per_tenant": 10}
2019-12-18 02:18:13.727 13640 RALLYDEBUG rally.task.runner [-] Starting a worker. times: 10 duration: None concurrency: 1 timeout: 0 cls: method_name: run args: {"users_per_tenant": 10}
2019-12-18 02:18:13.729 13639 INFO rally.task.runner [-] Task a5b96297-0c19-4352-81bd-6b7ecaf198f3 | ITER: 1 START
2019-12-18 02:18:13.730 13641 RALLYDEBUG rally.task.runner [-] Starting a worker. times: 10 duration: None concurrency: 1 timeout: 0 cls: method_name: run args: {"users_per_tenant": 10}
2019-12-18 02:18:13.732 13640 INFO rally.task.runner [-] Task a5b96297-0c19-4352-81bd-6b7ecaf198f3 | ITER: 2 START
2019-12-18 02:18:13.733 13644 RALLYDEBUG rally.task.runner [-] Starting a worker. times: 10 duration: None concurrency: 1 timeout: 0 cls: method_name: run args: {"users_per_tenant": 10}
2019-12-18 02:18:13.736 13641 INFO rally.task.runner [-] Task a5b96297-0c19-4352-81bd-6b7ecaf198f3 | ITER: 3 START
2019-12-18 02:18:13.738 13644 INFO rally.task.runner [-] Task a5b96297-0c19-4352-81bd-6b7ecaf198f3 | ITER: 4 START
2019-12-18 02:18:18.681 13641 INFO rally.task.runner [-] Task a5b96297-0c19-4352-81bd-6b7ecaf198f3 | ITER: 3 END: OK
2019-12-18 02:18:18.685 13641 INFO rally.task.runner [-] Task a5b96297-0c19-4352-81bd-6b7ecaf198f3 | ITER: 5 START
2019-12-18 02:18:18.767 13640 INFO rally.task.runner [-] Task a5b96297-0c19-4352-81bd-6b7ecaf198f3 | ITER: 2 END: OK
2019-12-18 02:18:18.769 13639 INFO rally.task.runner [-] Task a5b96297-0c19-4352-81bd-6b7ecaf198f3 | ITER: 1 END: OK
2019-12-18 02:18:18.770 13640 INFO rally.task.runner [-] Task a5b96297-0c19-4352-81bd-6b7ecaf198f3 | ITER: 6 START
2019-12-18 02:18:18.773 13639 INFO rally.task.runner [-] Task a5b96297-0c19-4352-81bd-6b7ecaf198f3 | ITER: 7 START
2019-12-18 02:18:18.923 13644 INFO rally.task.runner [-] Task a5b96297-0c19-4352-81bd-6b7ecaf198f3 | ITER: 4 END: OK
2019-12-18 02:18:18.927 13644 INFO rally.task.runner [-] Task a5b96297-0c19-4352-81bd-6b7ecaf198f3 | ITER: 8 START
2019-12-18 02:18:23.668 13639 INFO rally.task.runner [-] Task a5b96297-0c19-4352-81bd-6b7ecaf198f3 | ITER: 7 END: OK
2019-12-18 02:18:23.670 13639 INFO rally.task.runner [-] Task a5b96297-0c19-4352-81bd-6b7ecaf198f3 | ITER: 9 START
2019-12-18 02:18:23.751 13640 INFO rally.task.runner [-] Task a5b96297-0c19-4352-81bd-6b7ecaf198f3 | ITER: 6 END: OK
2019-12-18 02:18:23.753 13640 INFO rally.task.runner [-] Task a5b96297-0c19-4352-81bd-6b7ecaf198f3 | ITER: 10 START
2019-12-18 02:18:23.756 13641 INFO rally.task.runner [-] Task a5b96297-0c19-4352-81bd-6b7ecaf198f3 | ITER: 5 END: OK
2019-12-18 02:18:24.036 13644 INFO rally.task.runner [-] Task a5b96297-0c19-4352-81bd-6b7ecaf198f3 | ITER: 8 END: OK
2019-12-18 02:18:29.022 13639 INFO rally.task.runner [-] Task a5b96297-0c19-4352-81bd-6b7ecaf198f3 | ITER: 9 END: OK
2019-12-18 02:18:29.146 13640 INFO rally.task.runner [-] Task a5b96297-0c19-4352-81bd-6b7ecaf198f3 | ITER: 10 END: OK
2019-12-18 02:18:29.173 11675 INFO rally.task.context [-] Task a5b96297-0c19-4352-81bd-6b7ecaf198f3 | Context admin_cleanup@openstack cleanup() started
2019-12-18 02:18:29.176 11675 RALLYDEBUG rally_openstack.cleanup.manager [-] Cleaning up keystone user objects
2019-12-18 02:18:29.955 11675 RALLYDEBUG rally_openstack.cleanup.manager [-] Deleting keystone.user object s_rally_9d6263bb_9IRBEf8B (0356fea831ca441ca141e942277064b6)
2019-12-18 02:18:29.965 11675 RALLYDEBUG rally_openstack.cleanup.manager [-] Deleting keystone.user object s_rally_9d6263bb_wghBXAqJ (048437babb6b4d77bd84f3c0d08f083c)
2019-12-18 02:18:29.974 11675 RALLYDEBUG rally_openstack.cleanup.manager [-] Deleting keystone.user object s_rally_9d6263bb_074kKveS (051a75962adf481f9721b83a603595ea)
2019-12-18 02:18:29.983 11675 RALLYDEBUG rally_openstack.cleanup.manager [-] Deleting keystone.user object s_rally_9d6263bb_NKLus2mK (0598959344df458b8d4db420256601b5)
2019-12-18 02:18:29.988 11675 RALLYDEBUG rally_openstack.cleanup.manager [-] Deleting keystone.user object s_rally_9d6263bb_iOBHFuUZ (087cc18a272b4bbea1adc1ca942ce0d4)
2019-12-18 02:18:30.007 11675 RALLYDEBUG rally_openstack.cleanup.manager [-] Deleting keystone.user object s_rally_9d6263bb_XGmNjkXm (0a49e136be3e423aa951252e1faa19d1)
2019-12-18 02:18:30.012 11675 RALLYDEBUG rally_openstack.cleanup.manager [-] Deleting keystone.user object s_rally_9d6263bb_8rvr6rit (0adc4bb4f9ec4426b61d01dde5ac6f2d)
2019-12-18 02:18:30.033 11675 RALLYDEBUG rally_openstack.cleanup.manager [-] Deleting keystone.user object s_rally_9d6263bb_IzEUFfAC (0cf21cc23ab94e34a23c145c80b9f218)
2019-12-18 02:18:30.052 11675 RALLYDEBUG rally_openstack.cleanup.manager [-] Deleting keystone.user object s_rally_9d6263bb_2qi6MPvG (13ed2e26fb0f4510aef337e3c1a39e28)
2019-12-18 02:18:30.055 11675 RALLYDEBUG rally_openstack.cleanup.manager [-] Deleting keystone.user object s_rally_9d6263bb_rO9Zv3N7 (152d3621e88c44569edb39fe337c6039)
2019-12-18 02:18:30.069 11675 RALLYDEBUG rally_openstack.cleanup.manager [-] Deleting keystone.user object s_rally_9d6263bb_PT7SZiTL (18241a3998414fceac3c28311c8f18cf)
2019-12-18 02:18:30.077 11675 RALLYDEBUG rally_openstack.cleanup.manager [-] Deleting keystone.user object s_rally_9d6263bb_DHKki7zc (1859a7fb5ff6468c94cd87faf2342e96)
2019-12-18 02:18:30.086 11675 RALLYDEBUG rally_openstack.cleanup.manager [-] Deleting keystone.user object s_rally_9d6263bb_s8AFSFqb (199b05b330974256aeeb1d03f58fb0fd)
2019-12-18 02:18:30.116 11675 RALLYDEBUG rally_openstack.cleanup.manager [-] Deleting keystone.user object s_rally_9d6263bb_XZmk6DCW (19c5e16caf63416c8d205e20d7f67d01)
2019-12-18 02:18:30.121 11675 RALLYDEBUG rally_openstack.cleanup.manager [-] Deleting keystone.user object s_rally_9d6263bb_HTOTf2aq (1c4fef50e0f74884b7905216f0e0e43a)
2019-12-18 02:18:30.134 11675 RALLYDEBUG rally_openstack.cleanup.manager [-] Deleting keystone.user object s_rally_9d6263bb_vwJ0NYuY (1eec326105d84d999be29d68d0ec59f2)
2019-12-18 02:18:30.159 11675 RALLYDEBUG rally_openstack.cleanup.manager [-] Deleting keystone.user object s_rally_9d6263bb_xhvqPfRg (203c007881d9430d9872abb584fb9143)
2019-12-18 02:18:30.168 11675 RALLYDEBUG rally_openstack.cleanup.manager [-] Deleting keystone.user object s_rally_9d6263bb_iVe1IFPq (219fd8219b5045eab1f5aa085b4c2e49)
2019-12-18 02:18:30.188 11675 RALLYDEBUG rally_openstack.cleanup.manager [-] Deleting keystone.user object s_rally_9d6263bb_cjMe9QSw (26a1ffa5637343a098541a76dcc7c68f)
2019-12-18 02:18:30.201 11675 RALLYDEBUG rally_openstack.cleanup.manager [-] Deleting keystone.user object s_rally_9d6263bb_RX65MOqB (271b3d9932754b5e973c91654818988a)
2019-12-18 02:18:32.172 11675 RALLYDEBUG rally_openstack.cleanup.manager [-] Deleting keystone.user object s_rally_9d6263bb_OIKTyE1Y (298f4eeb0a664790b65b2a4bff1b35dc)
2019-12-18 02:18:32.185 11675 RALLYDEBUG rally_openstack.cleanup.manager [-] Deleting keystone.user object s_rally_9d6263bb_6KeWyNxC (2b099cfe73934f76b5835f383609e9a0)
2019-12-18 02:18:32.213 11675 RALLYDEBUG rally_openstack.cleanup.manager [-] Deleting keystone.user object s_rally_9d6263bb_UrcJVpvE (2ea26ceea4cd407ba8b058bac2f2ad9a)
2019-12-18 02:18:32.217 11675 RALLYDEBUG rally_openstack.cleanup.manager [-] Deleting keystone.user object s_rally_9d6263bb_Y1zSz3Vi (3091e472185e493a88bdd721871bbd69)
2019-12-18 02:18:32.243 11675 RALLYDEBUG rally_openstack.cleanup.manager [-] Deleting keystone.user object s_rally_9d6263bb_zeFDlAPe (31c39d953aa543f3a81a18fdf659e580)
2019-12-18 02:18:32.253 11675 RALLYDEBUG rally_openstack.cleanup.manager [-] Deleting keystone.user object s_rally_9d6263bb_1AfAzY1M (3758b4e0b7594dcc9cae9da4d2b7cfc1)
2019-12-18 02:18:32.259 11675 RALLYDEBUG rally_openstack.cleanup.manager [-] Deleting keystone.user object s_rally_9d6263bb_Xhci2irF (395d6c0583e54c8cb2d79d61bc8af6f5)
2019-12-18 02:18:32.260 11675 RALLYDEBUG rally_openstack.cleanup.manager [-] Deleting keystone.user object s_rally_9d6263bb_MxhbkMu6 (3435413988a947f59c99350fc7e11ff8)
2019-12-18 02:18:32.298 11675 RALLYDEBUG rally_openstack.cleanup.manager [-] Deleting keystone.user object s_rally_9d6263bb_qiLpioSP (3b31eb6003404996a6531388f8df51e0)
2019-12-18 02:18:32.369 11675 RALLYDEBUG rally_openstack.cleanup.manager [-] Deleting keystone.user object s_rally_9d6263bb_dXLEp3O2 (43e1eded2adf45428c8e85c4e0916867)
2019-12-18 02:18:32.397 11675 RALLYDEBUG rally_openstack.cleanup.manager [-] Deleting keystone.user object s_rally_9d6263bb_8PuhIGiD (453a7f7410f84b6e90f228b2e65cbed5)
2019-12-18 02:18:32.411 11675 RALLYDEBUG rally_openstack.cleanup.manager [-] Deleting keystone.user object s_rally_9d6263bb_d8mCzI4L (4c52e9581dfd44e18d6fbb313f982cc0)
2019-12-18 02:18:32.433 11675 RALLYDEBUG rally_openstack.cleanup.manager [-] Deleting keystone.user object s_rally_9d6263bb_CqrRQhKu (4c7abc9d63a1434e9485e0d2d2c8ddd2)
2019-12-18 02:18:32.533 11675 RALLYDEBUG rally_openstack.cleanup.manager [-] Deleting keystone.user object s_rally_9d6263bb_gzQvmUNu (4d834c68576044fc8b3e98683c744ea8)
2019-12-18 02:18:32.549 11675 RALLYDEBUG rally_openstack.cleanup.manager [-] Deleting keystone.user object s_rally_9d6263bb_t17RdL4F (4db57f665beb4ee98167e0d4d695271a)
2019-12-18 02:18:32.590 11675 RALLYDEBUG rally_openstack.cleanup.manager [-] Deleting keystone.user object s_rally_9d6263bb_TANKIgWK (50d6e22d8aa44cf8bf0b728b290902eb)
2019-12-18 02:18:32.611 11675 RALLYDEBUG rally_openstack.cleanup.manager [-] Deleting keystone.user object s_rally_9d6263bb_hO8ky3rM (549bc93133fe419d84a7af9583140cd8)
2019-12-18 02:18:32.617 11675 RALLYDEBUG rally_openstack.cleanup.manager [-] Deleting keystone.user object s_rally_9d6263bb_8oLHF8sF (5617f56b00014201b2cf8b1ddb423094)
2019-12-18 02:18:32.626 11675 RALLYDEBUG rally_openstack.cleanup.manager [-] Deleting keystone.user object s_rally_9d6263bb_7LMIgYmW (561e09b707ec45c7980791b9afc3e71d)
2019-12-18 02:18:32.788 11675 RALLYDEBUG rally_openstack.cleanup.manager [-] Deleting keystone.user object s_rally_9d6263bb_8hbL7oSN (56a5ac84dd1641c0baa532562563a688)
2019-12-18 02:18:34.386 11675 RALLYDEBUG rally_openstack.cleanup.manager [-] Deleting keystone.user object s_rally_9d6263bb_zBxECWkq (56d4e4ccba9a4fc7b65f5ff900044371)
2019-12-18 02:18:34.434 11675 RALLYDEBUG rally_openstack.cleanup.manager [-] Deleting keystone.user object s_rally_9d6263bb_RV1wq4NL (57494adfae004f65be0d703669f40c24)
2019-12-18 02:18:34.463 11675 RALLYDEBUG rally_openstack.cleanup.manager [-] Deleting keystone.user object s_rally_9d6263bb_Vl5of08L (58f17b7835de4a80b553f54e53891d61)
2019-12-18 02:18:34.500 11675 RALLYDEBUG rally_openstack.cleanup.manager [-] Deleting keystone.user object s_rally_9d6263bb_HlCFzMM6 (6318ee9accd64a52932ae83e59dd7b39)
2019-12-18 02:18:34.576 11675 RALLYDEBUG rally_openstack.cleanup.manager [-] Deleting keystone.user object s_rally_9d6263bb_BbMVzgmA (6afe808b78f741e59e79da4d689a2f85)
2019-12-18 02:18:34.579 11675 RALLYDEBUG rally_openstack.cleanup.manager [-] Deleting keystone.user object s_rally_9d6263bb_2OxPjqYn (64e1a4fc4a0245e684312776f21e847a)
2019-12-18 02:18:34.796 11675 RALLYDEBUG rally_openstack.cleanup.manager [-] Deleting keystone.user object s_rally_9d6263bb_exZBan8T (6bb31743006a467194ccec6c54388ce2)
2019-12-18 02:18:34.809 11675 RALLYDEBUG rally_openstack.cleanup.manager [-] Deleting keystone.user object s_rally_9d6263bb_L0IUleJp (6e796fc0f3494353ad5d7aa81d17eec0)
2019-12-18 02:18:34.823 11675 RALLYDEBUG rally_openstack.cleanup.manager [-] Deleting keystone.user object s_rally_9d6263bb_grwFkOzG (70f6b8c0734647d3905a1caeeb8faff4)
2019-12-18 02:18:34.828 11675 RALLYDEBUG rally_openstack.cleanup.manager [-] Deleting keystone.user object s_rally_9d6263bb_ObeFwHef (737b22db23d54b50867ec830562d3547)
2019-12-18 02:18:34.841 11675 RALLYDEBUG rally_openstack.cleanup.manager [-] Deleting keystone.user object s_rally_9d6263bb_SISZwWlL (7534eb855c684e679eaae89fd91142f5)
2019-12-18 02:18:34.844 11675 RALLYDEBUG rally_openstack.cleanup.manager [-] Deleting keystone.user object s_rally_9d6263bb_EfBA6mKm (75f104bcbbe14abd8095766e4dd12f60)
2019-12-18 02:18:34.863 11675 RALLYDEBUG rally_openstack.cleanup.manager [-] Deleting keystone.user object s_rally_9d6263bb_hxAslDw3 (76418f0058b84c48b46c4f13e80b6827)
2019-12-18 02:18:34.886 11675 RALLYDEBUG rally_openstack.cleanup.manager [-] Deleting keystone.user object s_rally_9d6263bb_uWjZeGfd (79063b912f9e4343ac2364f7ce532458)
2019-12-18 02:18:34.907 11675 RALLYDEBUG rally_openstack.cleanup.manager [-] Deleting keystone.user object s_rally_9d6263bb_HVh9mCoH (79f6a36599474e08ae3e44787ccdec51)
2019-12-18 02:18:34.922 11675 RALLYDEBUG rally_openstack.cleanup.manager [-] Deleting keystone.user object s_rally_9d6263bb_DILUD5C7 (843b4456d55c4e5ca947ba0906991344)
2019-12-18 02:18:34.980 11675 RALLYDEBUG rally_openstack.cleanup.manager [-] Deleting keystone.user object s_rally_9d6263bb_j6hBZ3qo (85a6da11b8a84e0092ae9162b031d2ac)
2019-12-18 02:18:35.135 11675 RALLYDEBUG rally_openstack.cleanup.manager [-] Deleting keystone.user object s_rally_9d6263bb_NxCrZF9Z (8b57d229a3fa4035b1bc043c04bf7012)
2019-12-18 02:18:35.156 11675 RALLYDEBUG rally_openstack.cleanup.manager [-] Deleting keystone.user object s_rally_9d6263bb_3Mhc3Lc9 (8bd15bf2afca4cdc84b69b0603414150)
2019-12-18 02:18:35.194 11675 RALLYDEBUG rally_openstack.cleanup.manager [-] Deleting keystone.user object s_rally_9d6263bb_8ys78HnG (8c92cd1a70874af88c5b6417747d3798)
2019-12-18 02:18:36.291 11675 RALLYDEBUG rally_openstack.cleanup.manager [-] Deleting keystone.user object s_rally_9d6263bb_1LUAmGqI (8eda61103fbf4cdba5d56266cc8f2ea3)
2019-12-18 02:18:36.482 11675 RALLYDEBUG rally_openstack.cleanup.manager [-] Deleting keystone.user object s_rally_9d6263bb_ezUPpjXX (9248ac82594f41caa54ded0c876d75e2)
2019-12-18 02:18:36.486 11675 RALLYDEBUG rally_openstack.cleanup.manager [-] Deleting keystone.user object s_rally_9d6263bb_7JNO6XpU (92941eadb45d4ebaaa825d82c9ee9dbf)
2019-12-18 02:18:36.664 11675 RALLYDEBUG rally_openstack.cleanup.manager [-] Deleting keystone.user object s_rally_9d6263bb_hcXvNHCm (92a5d671a8354062a56791078f59295d)
2019-12-18 02:18:36.896 11675 RALLYDEBUG rally_openstack.cleanup.manager [-] Deleting keystone.user object s_rally_9d6263bb_UMAmqX3L (946a0f4b71244f4eb432ccc9f689cb00)
2019-12-18 02:18:36.998 11675 RALLYDEBUG rally_openstack.cleanup.manager [-] Deleting keystone.user object s_rally_9d6263bb_UhcmtOf2 (9b005129a1b3489d8510437e53308094)
2019-12-18 02:18:37.002 11675 RALLYDEBUG rally_openstack.cleanup.manager [-] Deleting keystone.user object s_rally_9d6263bb_tDQfF4Sn (9b63d0f2420e4576b0e6f9b3ff1e64b8)
2019-12-18 02:18:37.025 11675 RALLYDEBUG rally_openstack.cleanup.manager [-] Deleting keystone.user object s_rally_9d6263bb_pScd0R4y (9d1cecea31d4420b8c069ff10d79e677)
2019-12-18 02:18:37.035 11675 RALLYDEBUG rally_openstack.cleanup.manager [-] Deleting keystone.user object s_rally_9d6263bb_lueRG1MO (9f07358a7e004588875c57d162ce5e7a)
2019-12-18 02:18:37.066 11675 RALLYDEBUG rally_openstack.cleanup.manager [-] Deleting keystone.user object s_rally_9d6263bb_rc9gaNIV (9f576226f6e749b39e89d204f951cc19)
2019-12-18 02:18:37.105 11675 RALLYDEBUG rally_openstack.cleanup.manager [-] Deleting keystone.user object s_rally_9d6263bb_y5bbTQny (a1a1569de6474376a3c3c55e971cfc70)
2019-12-18 02:18:37.120 11675 RALLYDEBUG rally_openstack.cleanup.manager [-] Deleting keystone.user object s_rally_9d6263bb_9UVVZhAC (a8d4b7f0d38847b1b5932b2924fae417)
2019-12-18 02:18:37.210 11675 RALLYDEBUG rally_openstack.cleanup.manager [-] Deleting keystone.user object s_rally_9d6263bb_wIJJ5Gg5 (a9f6d4732f284429bd959f814ebbf5a8)
2019-12-18 02:18:37.225 11675 RALLYDEBUG rally_openstack.cleanup.manager [-] Deleting keystone.user object s_rally_9d6263bb_QM2MjL2K (ac6755cbe65c42d5979f11eb6c9e7fcd)
2019-12-18 02:18:37.237 11675 RALLYDEBUG rally_openstack.cleanup.manager [-] Deleting keystone.user object s_rally_9d6263bb_31SBCz0Z (b1ccaabd30714fe09590e4faa392f87a)
2019-12-18 02:18:37.241 11675 RALLYDEBUG rally_openstack.cleanup.manager [-] Deleting keystone.user object s_rally_9d6263bb_waA64F50 (b3499f3bd19747898daeb72374841756)
2019-12-18 02:18:37.279 11675 RALLYDEBUG rally_openstack.cleanup.manager [-] Deleting keystone.user object s_rally_9d6263bb_xsQ623lC (b4c048fbc6d14ea3923b52e9f7df510e)
2019-12-18 02:18:37.286 11675 RALLYDEBUG rally_openstack.cleanup.manager [-] Deleting keystone.user object s_rally_9d6263bb_im6BYEoJ (b65bf3990855474896cafee8edadb363)
2019-12-18 02:18:37.371 11675 RALLYDEBUG rally_openstack.cleanup.manager [-] Deleting keystone.user object s_rally_9d6263bb_MuH0BjCo (b75904aac665438abb0780485dc016d5)
2019-12-18 02:18:37.427 11675 RALLYDEBUG rally_openstack.cleanup.manager [-] Deleting keystone.user object s_rally_9d6263bb_r04jRxv6 (babb17ec83004a588e1686ba489c5ba3)
2019-12-18 02:18:38.175 11675 RALLYDEBUG rally_openstack.cleanup.manager [-] Deleting keystone.user object s_rally_9d6263bb_HMuU9Ym4 (c3d7569c19914b7da457acbb61acc8dc)
2019-12-18 02:18:38.366 11675 RALLYDEBUG rally_openstack.cleanup.manager [-] Deleting keystone.user object s_rally_9d6263bb_6RRJSDFx (c44bc5db63e843019a2870cfb6304476)
2019-12-18 02:18:38.406 11675 RALLYDEBUG rally_openstack.cleanup.manager [-] Deleting keystone.user object s_rally_9d6263bb_MYqBEyws (c7c09abc073b4f11b67c986e940aaff9)
2019-12-18 02:18:38.599 11675 RALLYDEBUG rally_openstack.cleanup.manager [-] Deleting keystone.user object s_rally_9d6263bb_g0RGqykN (c9f895acffe04c35be058aeac86cd952)
2019-12-18 02:18:38.861 11675 RALLYDEBUG rally_openstack.cleanup.manager [-] Deleting keystone.user object s_rally_9d6263bb_Hgeh3Kyk (ca86f86e353c444498ef9463dbd19a6d)
2019-12-18 02:18:38.938 11675 RALLYDEBUG rally_openstack.cleanup.manager [-] Deleting keystone.user object s_rally_9d6263bb_IonZNje6 (cbb80c4cf785454e95a20567e60f4049)
2019-12-18 02:18:39.081 11675 RALLYDEBUG rally_openstack.cleanup.manager [-] Deleting keystone.user object s_rally_9d6263bb_IRaa9OLv (cc0445753ab5420f96ff5125beea6a25)
2019-12-18 02:18:39.219 11675 RALLYDEBUG rally_openstack.cleanup.manager [-] Deleting keystone.user object s_rally_9d6263bb_7Ws2W7W1 (cc5157de2e6645f4846715311b2be20c)
2019-12-18 02:18:39.230 11675 RALLYDEBUG rally_openstack.cleanup.manager [-] Deleting keystone.user object s_rally_9d6263bb_hEaaVM8r (d006781b478d4ae4b96c0407b427d839)
2019-12-18 02:18:39.337 11675 RALLYDEBUG rally_openstack.cleanup.manager [-] Deleting keystone.user object s_rally_9d6263bb_FBBKlarh (d76c75c9f1a0483fb32c42c659a07e85)
2019-12-18 02:18:39.345 11675 RALLYDEBUG rally_openstack.cleanup.manager [-] Deleting keystone.user object s_rally_9d6263bb_4k5WJ9jo (dc73cfbe55374c68b7b18748ebdbba50)
2019-12-18 02:18:39.353 11675 RALLYDEBUG rally_openstack.cleanup.manager [-] Deleting keystone.user object s_rally_9d6263bb_o6Tl4xuA (dd0c7b8892984b13a6713a43410e5395)
2019-12-18 02:18:39.357 11675 RALLYDEBUG rally_openstack.cleanup.manager [-] Deleting keystone.user object s_rally_9d6263bb_zPA6mZs0 (e3565d0f87644104b9f9fd25185b36c5)
2019-12-18 02:18:39.360 11675 RALLYDEBUG rally_openstack.cleanup.manager [-] Deleting keystone.user object s_rally_9d6263bb_dYNN7Uvr (e6bc3febbe2047ba93dfd5247b1b9fa4)
2019-12-18 02:18:39.394 11675 RALLYDEBUG rally_openstack.cleanup.manager [-] Deleting keystone.user object s_rally_9d6263bb_cSfkbWN9 (ea28c4ff0f154daba8141302e2bb81e6)
2019-12-18 02:18:39.474 11675 RALLYDEBUG rally_openstack.cleanup.manager [-] Deleting keystone.user object s_rally_9d6263bb_hah6gX2k (ed96eab04ae84399a89913d895af2bc1)
2019-12-18 02:18:39.481 11675 RALLYDEBUG rally_openstack.cleanup.manager [-] Deleting keystone.user object s_rally_9d6263bb_GRpYV09M (f0c514201fa147eca1badc3cb5f270d3)
2019-12-18 02:18:39.525 11675 RALLYDEBUG rally_openstack.cleanup.manager [-] Deleting keystone.user object s_rally_9d6263bb_7hyVs5aI (f23f0fdf339143fd92f49c348be26a9d)
2019-12-18 02:18:39.589 11675 RALLYDEBUG rally_openstack.cleanup.manager [-] Deleting keystone.user object s_rally_9d6263bb_2zqCryNB (f50ee1da96d748c0bb4fb48c4dd7e566)
2019-12-18 02:18:39.794 11675 RALLYDEBUG rally_openstack.cleanup.manager [-] Deleting keystone.user object s_rally_9d6263bb_oEpFEax2 (fedc551c2a60429a8875a22765b8cbf8)
2019-12-18 02:18:41.821 11675 RALLYDEBUG rally_openstack.cleanup.manager [-] Cleaning up keystone project objects
2019-12-18 02:18:42.681 11675 RALLYDEBUG rally_openstack.cleanup.manager [-] Deleting keystone.project object s_rally_9d6263bb_y7wx8ilR (087116e174d849cf9f4f1caa454f4a00)
2019-12-18 02:18:42.691 11675 RALLYDEBUG rally_openstack.cleanup.manager [-] Deleting keystone.project object s_rally_9d6263bb_E8MfhSup (19bab279db1046e0b4776e7840c9cf71)
2019-12-18 02:18:42.704 11675 RALLYDEBUG rally_openstack.cleanup.manager [-] Deleting keystone.project object s_rally_9d6263bb_6wLRO5vM (4f778774cff7439096217252142cc7ae)
2019-12-18 02:18:42.713 11675 RALLYDEBUG rally_openstack.cleanup.manager [-] Deleting keystone.project object s_rally_9d6263bb_wyeGtbQO (551d661a66434c66800b9043a5ba710c)
2019-12-18 02:18:42.723 11675 RALLYDEBUG rally_openstack.cleanup.manager [-] Deleting keystone.project object s_rally_9d6263bb_RiReP7Gu (6079c83e5a4a47fa8654b0fa45767911)
2019-12-18 02:18:42.749 11675 RALLYDEBUG rally_openstack.cleanup.manager [-] Deleting keystone.project object s_rally_9d6263bb_83WPP2yl (75ecd0462dd142b79e94558341945210)
2019-12-18 02:18:42.763 11675 RALLYDEBUG rally_openstack.cleanup.manager [-] Deleting keystone.project object s_rally_9d6263bb_nRhwm2Sr (89982b98c46b4abb87b3f5e51d59998e)
2019-12-18 02:18:42.775 11675 RALLYDEBUG rally_openstack.cleanup.manager [-] Deleting keystone.project object s_rally_9d6263bb_ynp3dy63 (aa67950b6a92452f87f29fe3d03824a2)
2019-12-18 02:18:42.806 11675 RALLYDEBUG rally_openstack.cleanup.manager [-] Deleting keystone.project object s_rally_9d6263bb_1JeeYOVl (dd8a6a4f8e414760beda9f04d5917b6f)
2019-12-18 02:18:42.808 11675 RALLYDEBUG rally_openstack.cleanup.manager [-] Deleting keystone.project object s_rally_9d6263bb_oeAHZMIp (d4b7f2a895d741c7ad280d09f6201d31)
2019-12-18 02:18:44.851 11675 RALLYDEBUG rally_openstack.cleanup.manager [-] Cleaning up keystone service objects
2019-12-18 02:18:45.677 11675 RALLYDEBUG rally_openstack.cleanup.manager [-] Cleaning up keystone role objects
2019-12-18 02:18:46.437 11675 INFO rally.task.context [-] Task a5b96297-0c19-4352-81bd-6b7ecaf198f3 | Context admin_cleanup@openstack cleanup() finished in 17.26 sec
2019-12-18 02:18:46.438 11675 INFO rally.task.context [-] Task a5b96297-0c19-4352-81bd-6b7ecaf198f3 | Context users@openstack cleanup() started
2019-12-18 02:18:49.364 11675 INFO rally.task.context [-] Task a5b96297-0c19-4352-81bd-6b7ecaf198f3 | Context users@openstack cleanup() finished in 2.93 sec
2019-12-18 02:18:49.691 11675 INFO rally.task.engine [-] Load duration is: 14.107897
2019-12-18 02:18:49.691 11675 INFO rally.task.engine [-] Full runner duration is: 15.461595
2019-12-18 02:18:49.691 11675 INFO rally.task.engine [-] Full duration is: 37.903374
2019-12-18 02:18:50.007 11675 INFO rally.task.engine [-] Task a5b96297-0c19-4352-81bd-6b7ecaf198f3 | Completed: Running task.
2019-12-18 02:18:51.567 13781 RALLYDEBUG rally.api [-] INFO logs from urllib3 and requests module are hide.
2019-12-18 02:18:51.567 13781 RALLYDEBUG rally.api [-] urllib3 insecure warnings are hidden.
2019-12-18 02:18:51.567 13781 RALLYDEBUG rally.api [-] ERROR log from boto module is hide.
2019-12-18 02:18:52.781 13782 RALLYDEBUG rally.api [-] INFO logs from urllib3 and requests module are hide.
2019-12-18 02:18:52.782 13782 RALLYDEBUG rally.api [-] urllib3 insecure warnings are hidden.
2019-12-18 02:18:52.782 13782 RALLYDEBUG rally.api [-] ERROR log from boto module is hide.
2019-12-18 02:18:54.057 13783 RALLYDEBUG rally.api [-] INFO logs from urllib3 and requests module are hide.
2019-12-18 02:18:54.058 13783 RALLYDEBUG rally.api [-] urllib3 insecure warnings are hidden.
2019-12-18 02:18:54.058 13783 RALLYDEBUG rally.api [-] ERROR log from boto module is hide.
2019-12-18 02:18:55.654 13783 INFO rally.api [-] Building 'json' report for the following task(s): 'a5b96297-0c19-4352-81bd-6b7ecaf198f3'.
2019-12-18 02:18:55.681 13783 INFO rally.api [-] The report has been successfully built.
2019-12-18 02:18:57.040 13785 RALLYDEBUG rally.api [-] INFO logs from urllib3 and requests module are hide.
2019-12-18 02:18:57.040 13785 RALLYDEBUG rally.api [-] urllib3 insecure warnings are hidden.
2019-12-18 02:18:57.040 13785 RALLYDEBUG rally.api [-] ERROR log from boto module is hide.
2019-12-18 02:18:58.999 13785 INFO rally.task.engine [-] Task b391d463-0d30-4735-acd8-41f940efa65b | Starting: Task validation.
2019-12-18 02:18:59.049 13785 INFO rally.task.engine [-] Task b391d463-0d30-4735-acd8-41f940efa65b | Starting: Task validation of syntax.
2019-12-18 02:18:59.354 13785 INFO rally.task.engine [-] Task b391d463-0d30-4735-acd8-41f940efa65b | Completed: Task validation of syntax.
2019-12-18 02:18:59.355 13785 INFO rally.task.engine [-] Task b391d463-0d30-4735-acd8-41f940efa65b | Starting: Task validation of required platforms.
2019-12-18 02:18:59.464 13785 INFO rally.task.engine [-] Task b391d463-0d30-4735-acd8-41f940efa65b | Completed: Task validation of required platforms.
2019-12-18 02:18:59.464 13785 INFO rally.task.engine [-] Task b391d463-0d30-4735-acd8-41f940efa65b | Starting: Task validation of semantic.
2019-12-18 02:18:59.464 13785 INFO rally.task.engine [-] Check health of the environment '35c66681-f0dc-4da3-aba6-b9e1bda3b137'.
2019-12-18 02:19:00.464 13785 INFO rally.task.engine [-] Platform existing@openstack (available: True): OK!
2019-12-18 02:19:00.484 13785 RALLYDEBUG rally_openstack.contexts.keystone.users [-] Creating 1 tenants using 20 threads
2019-12-18 02:19:01.342 13785 RALLYDEBUG rally_openstack.contexts.keystone.users [-] Creating 1 users using 20 threads
2019-12-18 02:19:02.710 13785 INFO rally.task.context [-] Task b391d463-0d30-4735-acd8-41f940efa65b | Context users@openstack setup() finished in 2.23 sec
2019-12-18 02:19:09.170 13785 INFO rally.task.context [-] Task b391d463-0d30-4735-acd8-41f940efa65b | Context users@openstack cleanup() started
2019-12-18 02:19:12.152 13785 INFO rally.task.context [-] Task b391d463-0d30-4735-acd8-41f940efa65b | Context users@openstack cleanup() finished in 2.98 sec
2019-12-18 02:19:12.153 13785 INFO rally.task.engine [-] Task b391d463-0d30-4735-acd8-41f940efa65b | Completed: Task validation of semantic.
2019-12-18 02:19:12.153 13785 INFO rally.task.engine [-] Task b391d463-0d30-4735-acd8-41f940efa65b | Completed: Task validation.
2019-12-18 02:19:12.154 13785 INFO rally.api [-] Task b391d463-0d30-4735-acd8-41f940efa65b input file is valid.
2019-12-18 02:19:12.154 13785 INFO rally.api [-] Run Task b391d463-0d30-4735-acd8-41f940efa65b against Deployment 35c66681-f0dc-4da3-aba6-b9e1bda3b137
2019-12-18 02:19:12.155 13785 INFO rally.task.engine [-] Task b391d463-0d30-4735-acd8-41f940efa65b | Starting: Running task.
2019-12-18 02:19:12.346 13785 INFO rally.task.engine [-] Running workload: position = 0 config = { "version": 2, "title": "A cropped version of a bigger task.", "description": "Auto-generated task from a single workload (uuid=17fc1806-1572-4bc3-8dd2-db755bde8f51)", "subtasks": [ { "title": "NeutronNetworks.create_and_update_networks", "description": "Create and update a network.", "scenario": { "NeutronNetworks.create_and_update_networks": { "network_create_args": {}, "network_update_args": { "admin_state_up": false } } }, "contexts": { "users": { "tenants": 3, "users_per_tenant": 2 }, "quotas": { "neutron": { "network": -1 } } }, "runner": { "constant": { "concurrency": 4, "times": 10 } }, "hooks": [], "sla": { "failure_rate": { "max": 0 } } } ] }
2019-12-18 02:19:12.369 13785 RALLYDEBUG rally_openstack.contexts.keystone.users [-] Creating 3 tenants using 20 threads
2019-12-18 02:19:13.266 13785 RALLYDEBUG rally_openstack.contexts.keystone.users [-] Creating 6 users using 20 threads
2019-12-18 02:19:14.768 13785 INFO rally.task.context [-] Task b391d463-0d30-4735-acd8-41f940efa65b | Context users@openstack setup() finished in 2.40 sec
2019-12-18 02:19:15.686 13785 INFO rally.task.context [-] Task b391d463-0d30-4735-acd8-41f940efa65b | Context quotas@openstack setup() finished in 0.92 sec
2019-12-18 02:19:15.686 13785 INFO rally.task.context [-] Task b391d463-0d30-4735-acd8-41f940efa65b | Context cleanup@openstack setup() finished in 0.01 msec
2019-12-18 02:19:15.696 13785 RALLYDEBUG rally.task.runner [-] Starting the constant runner (task UUID: b391d463-0d30-4735-acd8-41f940efa65b). times: 10 concurrency: 4 timeout: 0 max_cpu_used: 16 processes_to_start: 4 concurrency_per_worker: 1 concurrency_overhead: 0
2019-12-18 02:19:15.710 13909 RALLYDEBUG rally.task.runner [-] Starting a worker. times: 10 duration: None concurrency: 1 timeout: 0 cls: method_name: run args: {"network_create_args": {}, "network_update_args": {"admin_state_up": false}}
2019-12-18 02:19:15.713 13910 RALLYDEBUG rally.task.runner [-] Starting a worker. times: 10 duration: None concurrency: 1 timeout: 0 cls: method_name: run args: {"network_create_args": {}, "network_update_args": {"admin_state_up": false}}
2019-12-18 02:19:15.717 13909 INFO rally.task.runner [-] Task b391d463-0d30-4735-acd8-41f940efa65b | ITER: 1 START
2019-12-18 02:19:15.717 13911 RALLYDEBUG rally.task.runner [-] Starting a worker. times: 10 duration: None concurrency: 1 timeout: 0 cls: method_name: run args: {"network_create_args": {}, "network_update_args": {"admin_state_up": false}}
2019-12-18 02:19:15.720 13910 INFO rally.task.runner [-] Task b391d463-0d30-4735-acd8-41f940efa65b | ITER: 2 START
2019-12-18 02:19:15.720 13913 RALLYDEBUG rally.task.runner [-] Starting a worker. times: 10 duration: None concurrency: 1 timeout: 0 cls: method_name: run args: {"network_create_args": {}, "network_update_args": {"admin_state_up": false}}
2019-12-18 02:19:15.723 13911 INFO rally.task.runner [-] Task b391d463-0d30-4735-acd8-41f940efa65b | ITER: 3 START
2019-12-18 02:19:15.726 13913 INFO rally.task.runner [-] Task b391d463-0d30-4735-acd8-41f940efa65b | ITER: 4 START
2019-12-18 02:19:16.858 13909 INFO rally.task.runner [-] Task b391d463-0d30-4735-acd8-41f940efa65b | ITER: 1 END: OK
2019-12-18 02:19:16.863 13909 INFO rally.task.runner [-] Task b391d463-0d30-4735-acd8-41f940efa65b | ITER: 5 START
2019-12-18 02:19:16.909 13910 INFO rally.task.runner [-] Task b391d463-0d30-4735-acd8-41f940efa65b | ITER: 2 END: OK
2019-12-18 02:19:16.914 13910 INFO rally.task.runner [-] Task b391d463-0d30-4735-acd8-41f940efa65b | ITER: 6 START
2019-12-18 02:19:16.985 13911 INFO rally.task.runner [-] Task b391d463-0d30-4735-acd8-41f940efa65b | ITER: 3 END: OK
2019-12-18 02:19:16.989 13911 INFO rally.task.runner [-] Task b391d463-0d30-4735-acd8-41f940efa65b | ITER: 7 START
2019-12-18 02:19:17.064 13913 INFO rally.task.runner [-] Task b391d463-0d30-4735-acd8-41f940efa65b | ITER: 4 END: OK
2019-12-18 02:19:17.069 13913 INFO rally.task.runner [-] Task b391d463-0d30-4735-acd8-41f940efa65b | ITER: 8 START
2019-12-18 02:19:17.789 13909 INFO rally.task.runner [-] Task b391d463-0d30-4735-acd8-41f940efa65b | ITER: 5 END: OK
2019-12-18 02:19:17.793 13909 INFO rally.task.runner [-] Task b391d463-0d30-4735-acd8-41f940efa65b | ITER: 9 START
2019-12-18 02:19:17.924 13910 INFO rally.task.runner [-] Task b391d463-0d30-4735-acd8-41f940efa65b | ITER: 6 END: OK
2019-12-18 02:19:17.929 13910 INFO rally.task.runner [-] Task b391d463-0d30-4735-acd8-41f940efa65b | ITER: 10 START
2019-12-18 02:19:18.202 13913 INFO rally.task.runner [-] Task b391d463-0d30-4735-acd8-41f940efa65b | ITER: 8 END: OK
2019-12-18 02:19:18.439 13911 INFO rally.task.runner [-] Task b391d463-0d30-4735-acd8-41f940efa65b | ITER: 7 END: OK
2019-12-18 02:19:19.187 13909 INFO rally.task.runner [-] Task b391d463-0d30-4735-acd8-41f940efa65b | ITER: 9 END: OK
2019-12-18 02:19:19.360 13910 INFO rally.task.runner [-] Task b391d463-0d30-4735-acd8-41f940efa65b | ITER: 10 END: OK
2019-12-18 02:19:19.389 13785 INFO rally.task.context [-] Task b391d463-0d30-4735-acd8-41f940efa65b | Context cleanup@openstack cleanup() started
2019-12-18 02:19:19.393 13785 RALLYDEBUG rally_openstack.cleanup.manager [-] Cleaning up neutron vip objects
2019-12-18 02:19:20.877 13785 RALLYDEBUG rally_openstack.cleanup.manager [-] Cleaning up neutron health_monitor objects
2019-12-18 02:19:22.022 13785 RALLYDEBUG rally_openstack.cleanup.manager [-] Cleaning up neutron pool objects
2019-12-18 02:19:23.167 13785 RALLYDEBUG rally_openstack.cleanup.manager [-] Cleaning up neutron loadbalancer objects
2019-12-18 02:19:24.313 13785 RALLYDEBUG rally_openstack.cleanup.manager [-] Cleaning up neutron floatingip objects
2019-12-18 02:19:25.598 13785 RALLYDEBUG rally_openstack.cleanup.manager [-] Cleaning up neutron trunk objects
2019-12-18 02:19:26.772 13785 RALLYDEBUG rally_openstack.cleanup.manager [-] Cleaning up neutron port objects
2019-12-18 02:19:28.003 13785 RALLYDEBUG rally_openstack.cleanup.manager [-] Cleaning up neutron subnet objects
2019-12-18 02:19:29.217 13785 RALLYDEBUG rally_openstack.cleanup.manager [-] Cleaning up neutron network objects
2019-12-18 02:19:30.672 13785 RALLYDEBUG rally_openstack.cleanup.manager [-] Deleting neutron.network object s_rally_17fc1806_J6FNp5hm (27317ac6-f9f2-46d7-90fd-ca523bf37158)
2019-12-18 02:19:30.681 13785 RALLYDEBUG rally_openstack.cleanup.manager [-] Deleting neutron.network object s_rally_17fc1806_9EHPa8W3 (5909845c-3941-43a4-bf97-8d5f6b1c5ba8)
2019-12-18 02:19:30.690 13785 RALLYDEBUG rally_openstack.cleanup.manager [-] Deleting neutron.network object s_rally_17fc1806_iwriGFvL (afcb7258-96ed-402b-90a9-cebac33cfcaf)
2019-12-18 02:19:30.694 13785 RALLYDEBUG rally_openstack.cleanup.manager [-] Deleting neutron.network object s_rally_17fc1806_At8MBeqX (d2016b9b-3de1-4fe2-ae30-0f33b2d66a6a)
2019-12-18 02:19:30.708 13785 RALLYDEBUG rally_openstack.cleanup.manager [-] Deleting neutron.network object s_rally_17fc1806_drvHgOxR (ef93ad63-c1ba-4021-8b43-557da2bac3d5)
2019-12-18 02:19:30.716 13785 RALLYDEBUG rally_openstack.cleanup.manager [-] Deleting neutron.network object s_rally_17fc1806_wRnJWoA6 (49db05c3-a583-47c5-a6c9-954c254cdff8)
2019-12-18 02:19:30.731 13785 RALLYDEBUG rally_openstack.cleanup.manager [-] Deleting neutron.network object s_rally_17fc1806_4ydVS9pf (d5fa5c72-14c4-4446-84b0-cb83d2641661)
2019-12-18 02:19:30.750 13785 RALLYDEBUG rally_openstack.cleanup.manager [-] Deleting neutron.network object s_rally_17fc1806_SE2Clvzh (deacfbeb-edb4-4759-a4fc-5000a2b841f4)
2019-12-18 02:19:30.761 13785 RALLYDEBUG rally_openstack.cleanup.manager [-] Deleting neutron.network object s_rally_17fc1806_YjSrplMt (f059601f-7a1c-4d91-bd6d-1f8098bd5b2f)
2019-12-18 02:19:30.768 13785 RALLYDEBUG rally_openstack.cleanup.manager [-] Deleting neutron.network object s_rally_17fc1806_Orpqmm6r (dcf38f6d-f877-4be0-bbb0-de132ba59fe2)
2019-12-18 02:19:33.240 13785 RALLYDEBUG rally_openstack.cleanup.manager [-] Cleaning up neutron router objects
2019-12-18 02:19:34.514 13785 RALLYDEBUG rally_openstack.cleanup.manager [-] Cleaning up neutron security_group objects
2019-12-18 02:19:35.841 13785 INFO rally.task.context [-] Task b391d463-0d30-4735-acd8-41f940efa65b | Context cleanup@openstack cleanup() finished in 16.45 sec
2019-12-18 02:19:35.842 13785 INFO rally.task.context [-] Task b391d463-0d30-4735-acd8-41f940efa65b | Context quotas@openstack cleanup() started
2019-12-18 02:19:36.093 13785 INFO rally.task.context [-] Task b391d463-0d30-4735-acd8-41f940efa65b | Context quotas@openstack cleanup() finished in 0.25 sec
2019-12-18 02:19:36.093 13785 INFO rally.task.context [-] Task b391d463-0d30-4735-acd8-41f940efa65b | Context users@openstack cleanup() started
2019-12-18 02:19:40.218 13785 INFO rally.task.context [-] Task b391d463-0d30-4735-acd8-41f940efa65b | Context users@openstack cleanup() finished in 4.12 sec
2019-12-18 02:19:40.521 13785 INFO rally.task.engine [-] Load duration is: 3.641558
2019-12-18 02:19:40.521 13785 INFO rally.task.engine [-] Full runner duration is: 3.69431
2019-12-18 02:19:40.522 13785 INFO rally.task.engine [-] Full duration is: 27.851694
2019-12-18 02:19:40.892 13785 INFO rally.task.engine [-] Running workload: position = 0 config = { "version": 2, "title": "A cropped version of a bigger task.", "description": "Auto-generated task from a single workload (uuid=82d04ca3-20f8-462b-8f40-84ba821902e2)", "subtasks": [ { "title": "NeutronNetworks.create_and_update_ports", "description": "Create and update a given number of ports.", "scenario": { "NeutronNetworks.create_and_update_ports": { "network_create_args": {}, "port_create_args": {}, "port_update_args": { "admin_state_up": false, "device_id": "dummy_id", "device_owner": "dummy_owner" }, "ports_per_network": 1 } }, "contexts": { "users": { "tenants": 3, "users_per_tenant": 2 }, "network": { "router": {} }, "quotas": { "neutron": { "network": -1, "port": -1 } } }, "runner": { "constant": { "concurrency": 4, "times": 10 } }, "hooks": [], "sla": { "failure_rate": { "max": 0 } } } ] }
2019-12-18 02:19:40.920 13785 RALLYDEBUG rally_openstack.contexts.keystone.users [-] Creating 3 tenants using 20 threads
2019-12-18 02:19:41.963 13785 RALLYDEBUG rally_openstack.contexts.keystone.users [-] Creating 6 users using 20 threads
2019-12-18 02:19:43.556 13785 INFO rally.task.context [-] Task b391d463-0d30-4735-acd8-41f940efa65b | Context users@openstack setup() finished in 2.64 sec
2019-12-18 02:19:44.445 13785 INFO rally.task.context [-] Task b391d463-0d30-4735-acd8-41f940efa65b | Context quotas@openstack setup() finished in 0.89 sec
2019-12-18 02:19:45.089 13785 RALLYDEBUG rally_openstack.wrappers.network [-] CIDR generated: 10.2.0.0/24
2019-12-18 02:19:46.262 13785 RALLYDEBUG rally_openstack.wrappers.network [-] CIDR generated: 10.2.1.0/24
2019-12-18 02:19:47.221 13785 RALLYDEBUG rally_openstack.wrappers.network [-] CIDR generated: 10.2.2.0/24
2019-12-18 02:19:47.811 13785 INFO rally.task.context [-] Task b391d463-0d30-4735-acd8-41f940efa65b | Context network@openstack setup() finished in 3.37 sec
2019-12-18 02:19:47.812 13785 INFO rally.task.context [-] Task b391d463-0d30-4735-acd8-41f940efa65b | Context cleanup@openstack setup() finished in 0.02 msec
2019-12-18 02:19:47.821 13785 RALLYDEBUG rally.task.runner [-] Starting the constant runner (task UUID: b391d463-0d30-4735-acd8-41f940efa65b). times: 10 concurrency: 4 timeout: 0 max_cpu_used: 16 processes_to_start: 4 concurrency_per_worker: 1 concurrency_overhead: 0
2019-12-18 02:19:47.833 14233 RALLYDEBUG rally.task.runner [-] Starting a worker. times: 10 duration: None concurrency: 1 timeout: 0 cls: method_name: run args: {"network_create_args": {}, "port_create_args": {}, "port_update_args": {"admin_state_up": false, "device_id": "dummy_id", "device_owner": "dummy_owner"}, "ports_per_network": 1}
2019-12-18 02:19:47.837 14234 RALLYDEBUG rally.task.runner [-] Starting a worker. times: 10 duration: None concurrency: 1 timeout: 0 cls: method_name: run args: {"network_create_args": {}, "port_create_args": {}, "port_update_args": {"admin_state_up": false, "device_id": "dummy_id", "device_owner": "dummy_owner"}, "ports_per_network": 1}
2019-12-18 02:19:47.841 14233 INFO rally.task.runner [-] Task b391d463-0d30-4735-acd8-41f940efa65b | ITER: 1 START
2019-12-18 02:19:47.840 14235 RALLYDEBUG rally.task.runner [-] Starting a worker. times: 10 duration: None concurrency: 1 timeout: 0 cls: method_name: run args: {"network_create_args": {}, "port_create_args": {}, "port_update_args": {"admin_state_up": false, "device_id": "dummy_id", "device_owner": "dummy_owner"}, "ports_per_network": 1}
2019-12-18 02:19:47.844 14234 INFO rally.task.runner [-] Task b391d463-0d30-4735-acd8-41f940efa65b | ITER: 2 START
2019-12-18 02:19:47.844 14236 RALLYDEBUG rally.task.runner [-] Starting a worker. times: 10 duration: None concurrency: 1 timeout: 0 cls: method_name: run args: {"network_create_args": {}, "port_create_args": {}, "port_update_args": {"admin_state_up": false, "device_id": "dummy_id", "device_owner": "dummy_owner"}, "ports_per_network": 1}
2019-12-18 02:19:47.846 14235 INFO rally.task.runner [-] Task b391d463-0d30-4735-acd8-41f940efa65b | ITER: 3 START
2019-12-18 02:19:47.850 14236 INFO rally.task.runner [-] Task b391d463-0d30-4735-acd8-41f940efa65b | ITER: 4 START
2019-12-18 02:19:49.297 14234 INFO rally.task.runner [-] Task b391d463-0d30-4735-acd8-41f940efa65b | ITER: 2 END: OK
2019-12-18 02:19:49.302 14234 INFO rally.task.runner [-] Task b391d463-0d30-4735-acd8-41f940efa65b | ITER: 5 START
2019-12-18 02:19:49.303 14236 INFO rally.task.runner [-] Task b391d463-0d30-4735-acd8-41f940efa65b | ITER: 4 END: OK
2019-12-18 02:19:49.308 14236 INFO rally.task.runner [-] Task b391d463-0d30-4735-acd8-41f940efa65b | ITER: 6 START
2019-12-18 02:19:49.364 14233 INFO rally.task.runner [-] Task b391d463-0d30-4735-acd8-41f940efa65b | ITER: 1 END: OK
2019-12-18 02:19:49.368 14233 INFO rally.task.runner [-] Task b391d463-0d30-4735-acd8-41f940efa65b | ITER: 7 START
2019-12-18 02:19:49.567 14235 INFO rally.task.runner [-] Task b391d463-0d30-4735-acd8-41f940efa65b | ITER: 3 END: OK
2019-12-18 02:19:49.571 14235 INFO rally.task.runner [-] Task b391d463-0d30-4735-acd8-41f940efa65b | ITER: 8 START
2019-12-18 02:19:50.660 14236 INFO rally.task.runner [-] Task b391d463-0d30-4735-acd8-41f940efa65b | ITER: 6 END: OK
2019-12-18 02:19:50.664 14236 INFO rally.task.runner [-] Task b391d463-0d30-4735-acd8-41f940efa65b | ITER: 9 START
2019-12-18 02:19:50.745 14233 INFO rally.task.runner [-] Task b391d463-0d30-4735-acd8-41f940efa65b | ITER: 7 END: OK
2019-12-18 02:19:50.749 14233 INFO rally.task.runner [-] Task b391d463-0d30-4735-acd8-41f940efa65b | ITER: 10 START
2019-12-18 02:19:50.902 14235 INFO rally.task.runner [-] Task b391d463-0d30-4735-acd8-41f940efa65b | ITER: 8 END: OK
2019-12-18 02:19:50.918 14234 INFO rally.task.runner [-] Task b391d463-0d30-4735-acd8-41f940efa65b | ITER: 5 END: OK
2019-12-18 02:19:52.294 14233 INFO rally.task.runner [-] Task b391d463-0d30-4735-acd8-41f940efa65b | ITER: 10 END: OK
2019-12-18 02:19:52.346 14236 INFO rally.task.runner [-] Task b391d463-0d30-4735-acd8-41f940efa65b | ITER: 9 END: OK
2019-12-18 02:19:52.376 13785 INFO rally.task.context [-] Task b391d463-0d30-4735-acd8-41f940efa65b | Context cleanup@openstack cleanup() started
2019-12-18 02:19:52.380 13785 RALLYDEBUG rally_openstack.cleanup.manager [-] Cleaning up neutron vip objects
2019-12-18 02:19:53.459 13785 RALLYDEBUG rally_openstack.cleanup.manager [-] Cleaning up neutron health_monitor objects
2019-12-18 02:19:54.549 13785 RALLYDEBUG rally_openstack.cleanup.manager [-] Cleaning up neutron pool objects
2019-12-18 02:19:55.654 13785 RALLYDEBUG rally_openstack.cleanup.manager [-] Cleaning up neutron loadbalancer objects
2019-12-18 02:19:56.793 13785 RALLYDEBUG rally_openstack.cleanup.manager [-] Cleaning up neutron floatingip objects
2019-12-18 02:19:58.058 13785 RALLYDEBUG rally_openstack.cleanup.manager [-] Cleaning up neutron trunk objects
2019-12-18 02:19:59.215 13785 RALLYDEBUG rally_openstack.cleanup.manager [-] Cleaning up neutron port objects
2019-12-18 02:20:00.563 13785 RALLYDEBUG rally_openstack.cleanup.manager [-] Deleting neutron.port object s_rally_82d04ca3_OwaZJZ56 (79023821-053c-403e-9a0e-854f5e942064)
2019-12-18 02:20:00.570 13785 RALLYDEBUG rally_openstack.cleanup.manager [-] Deleting neutron.port object s_rally_82d04ca3_wkB21o4z (a45c9dd8-3f06-42ec-99dd-be2f7ce35211)
2019-12-18 02:20:00.578 13785 RALLYDEBUG rally_openstack.cleanup.manager [-] Deleting neutron.port object s_rally_82d04ca3_i7sfLvGH (5a90cd32-8037-4452-a071-395d9ea18edf)
2019-12-18 02:20:00.582 13785 RALLYDEBUG rally_openstack.cleanup.manager [-] Deleting neutron.port object s_rally_82d04ca3_QzEy3mQd (5d482cf3-0830-4c3f-80f9-e31f485e836e)
2019-12-18 02:20:00.594 13785 RALLYDEBUG rally_openstack.cleanup.manager [-] Deleting neutron.port object s_rally_82d04ca3_EhMstNz5 (70c41878-d493-460a-be35-fbf4c6d2c59f)
2019-12-18 02:20:00.624 13785 RALLYDEBUG rally_openstack.cleanup.manager [-] Deleting neutron.port object s_rally_82d04ca3_OfsenhWb (2102b02b-e08a-46c4-b603-1532936e2402)
2019-12-18 02:20:00.628 13785 RALLYDEBUG rally_openstack.cleanup.manager [-] Deleting neutron.port object s_rally_82d04ca3_Ji3gnKB7 (9e4927d6-9117-44df-9521-5b96b052a045)
2019-12-18 02:20:00.630 13785 RALLYDEBUG rally_openstack.cleanup.manager [-] Deleting neutron.port object s_rally_82d04ca3_tZO0noJa (16f8d1c2-7f95-4168-88bc-0ebbc0fb9167)
2019-12-18 02:20:00.633 13785 RALLYDEBUG rally_openstack.cleanup.manager [-] Deleting neutron.port object s_rally_82d04ca3_1aBGDWqZ (3a8769b0-7d87-4ffa-b80f-486b9e624b9a)
2019-12-18 02:20:00.654 13785 RALLYDEBUG rally_openstack.cleanup.manager [-] Deleting neutron.port object s_rally_82d04ca3_dx8NRAkB (58f84ef6-807d-4657-948c-0028f8f19a78)
2019-12-18 02:20:03.093 13785 RALLYDEBUG rally_openstack.cleanup.manager [-] Cleaning up neutron subnet objects
2019-12-18 02:20:04.386 13785 RALLYDEBUG rally_openstack.cleanup.manager [-] Cleaning up neutron network objects
2019-12-18 02:20:05.830 13785 RALLYDEBUG rally_openstack.cleanup.manager [-] Cleaning up neutron router objects
2019-12-18 02:20:07.082 13785 RALLYDEBUG rally_openstack.cleanup.manager [-] Cleaning up neutron security_group objects
2019-12-18 02:20:08.389 13785 INFO rally.task.context [-] Task b391d463-0d30-4735-acd8-41f940efa65b | Context cleanup@openstack cleanup() finished in 16.01 sec
2019-12-18 02:20:08.389 13785 INFO rally.task.context [-] Task b391d463-0d30-4735-acd8-41f940efa65b | Context network@openstack cleanup() started
2019-12-18 02:20:20.228 13785 INFO rally.task.context [-] Task b391d463-0d30-4735-acd8-41f940efa65b | Context network@openstack cleanup() finished in 11.84 sec
