2019-12-18 01:42:32.975 727 DEBUG glanceclient.common.http [-] Request returned failure status 404. _handle_response /usr/lib/python3.6/site-packages/glanceclient/common/http.py:125
2019-12-18 01:42:32.989 727 DEBUG glanceclient.common.http [-] Request returned failure status 404. _handle_response /usr/lib/python3.6/site-packages/glanceclient/common/http.py:125
2019-12-18 01:42:32.998 727 DEBUG glanceclient.common.http [-] Request returned failure status 404. _handle_response /usr/lib/python3.6/site-packages/glanceclient/common/http.py:125
2019-12-18 01:42:32.999 727 DEBUG glanceclient.common.http [-] Request returned failure status 404. _handle_response /usr/lib/python3.6/site-packages/glanceclient/common/http.py:125
2019-12-18 01:42:33.001 727 DEBUG glanceclient.common.http [-] Request returned failure status 404. _handle_response /usr/lib/python3.6/site-packages/glanceclient/common/http.py:125
2019-12-18 01:42:33.002 727 DEBUG glanceclient.common.http [-] Request returned failure status 404. _handle_response /usr/lib/python3.6/site-packages/glanceclient/common/http.py:125
2019-12-18 01:42:33.005 727 DEBUG glanceclient.common.http [-] Request returned failure status 404. _handle_response /usr/lib/python3.6/site-packages/glanceclient/common/http.py:125
2019-12-18 01:42:33.018 727 DEBUG glanceclient.common.http [-] Request returned failure status 404. _handle_response /usr/lib/python3.6/site-packages/glanceclient/common/http.py:125
2019-12-18 01:42:33.093 727 DEBUG glanceclient.common.http [-] Request returned failure status 404. _handle_response /usr/lib/python3.6/site-packages/glanceclient/common/http.py:125
2019-12-18 01:42:33.110 727 DEBUG glanceclient.common.http [-] Request returned failure status 404. _handle_response /usr/lib/python3.6/site-packages/glanceclient/common/http.py:125
2019-12-18 01:42:34.114 727 INFO rally.task.context [-] Task b0a816ac-1dc9-4056-a2fd-bd35e5838924 | Context cleanup@openstack cleanup() finished in 3.26 sec
2019-12-18 01:42:34.114 727 INFO rally.task.context [-] Task b0a816ac-1dc9-4056-a2fd-bd35e5838924 | Context users@openstack cleanup() started
2019-12-18 01:42:38.759 727 INFO rally.task.context [-] Task b0a816ac-1dc9-4056-a2fd-bd35e5838924 | Context users@openstack cleanup() finished in 4.64 sec
2019-12-18 01:42:40.637 727 INFO rally.task.engine [-] Load duration is: 8.977096
2019-12-18 01:42:40.638 727 INFO rally.task.engine [-] Full runner duration is: 9.71192
2019-12-18 01:42:40.638 727 INFO rally.task.engine [-] Full duration is: 20.264752
2019-12-18 01:42:41.153 727 INFO rally.task.engine [-] Task b0a816ac-1dc9-4056-a2fd-bd35e5838924 | Completed: Running task.
2019-12-18 01:42:42.691 1841 RALLYDEBUG rally.api [-] INFO logs from urllib3 and requests module are hide.
2019-12-18 01:42:42.692 1841 RALLYDEBUG rally.api [-] urllib3 insecure warnings are hidden.
2019-12-18 01:42:42.692 1841 RALLYDEBUG rally.api [-] ERROR log from boto module is hide.
2019-12-18 01:42:43.748 1842 RALLYDEBUG rally.api [-] INFO logs from urllib3 and requests module are hide.
2019-12-18 01:42:43.749 1842 RALLYDEBUG rally.api [-] urllib3 insecure warnings are hidden.
2019-12-18 01:42:43.749 1842 RALLYDEBUG rally.api [-] ERROR log from boto module is hide.
2019-12-18 01:42:44.843 1843 RALLYDEBUG rally.api [-] INFO logs from urllib3 and requests module are hide.
2019-12-18 01:42:44.843 1843 RALLYDEBUG rally.api [-] urllib3 insecure warnings are hidden.
2019-12-18 01:42:44.843 1843 RALLYDEBUG rally.api [-] ERROR log from boto module is hide.
2019-12-18 01:42:46.512 1843 INFO rally.api [-] Building 'json' report for the following task(s): 'b0a816ac-1dc9-4056-a2fd-bd35e5838924'.
2019-12-18 01:42:46.531 1843 INFO rally.api [-] The report has been successfully built.
2019-12-18 01:42:47.795 1845 RALLYDEBUG rally.api [-] INFO logs from urllib3 and requests module are hide.
2019-12-18 01:42:47.796 1845 RALLYDEBUG rally.api [-] urllib3 insecure warnings are hidden.
2019-12-18 01:42:47.796 1845 RALLYDEBUG rally.api [-] ERROR log from boto module is hide.
2019-12-18 01:42:49.660 1845 INFO rally.task.engine [-] Task b94de6b8-2756-4398-b260-951ee1543e30 | Starting: Task validation.
2019-12-18 01:42:49.740 1845 INFO rally.task.engine [-] Task b94de6b8-2756-4398-b260-951ee1543e30 | Starting: Task validation of syntax.
2019-12-18 01:42:50.093 1845 INFO rally.task.engine [-] Task b94de6b8-2756-4398-b260-951ee1543e30 | Completed: Task validation of syntax.
2019-12-18 01:42:50.093 1845 INFO rally.task.engine [-] Task b94de6b8-2756-4398-b260-951ee1543e30 | Starting: Task validation of required platforms.
2019-12-18 01:42:50.218 1845 INFO rally.task.engine [-] Task b94de6b8-2756-4398-b260-951ee1543e30 | Completed: Task validation of required platforms.
2019-12-18 01:42:50.218 1845 INFO rally.task.engine [-] Task b94de6b8-2756-4398-b260-951ee1543e30 | Starting: Task validation of semantic.
2019-12-18 01:42:50.218 1845 INFO rally.task.engine [-] Check health of the environment '35c66681-f0dc-4da3-aba6-b9e1bda3b137'.
2019-12-18 01:42:51.198 1845 INFO rally.task.engine [-] Platform existing@openstack (available: True): OK!
2019-12-18 01:42:51.221 1845 RALLYDEBUG rally_openstack.contexts.keystone.users [-] Creating 1 tenants using 20 threads
2019-12-18 01:42:52.076 1845 RALLYDEBUG rally_openstack.contexts.keystone.users [-] Creating 1 users using 20 threads
2019-12-18 01:42:53.446 1845 INFO rally.task.context [-] Task b94de6b8-2756-4398-b260-951ee1543e30 | Context users@openstack setup() finished in 2.23 sec
2019-12-18 01:43:07.171 1845 INFO rally.task.context [-] Task b94de6b8-2756-4398-b260-951ee1543e30 | Context users@openstack cleanup() started
2019-12-18 01:43:10.014 1845 INFO rally.task.context [-] Task b94de6b8-2756-4398-b260-951ee1543e30 | Context users@openstack cleanup() finished in 2.84 sec
2019-12-18 01:43:10.015 1845 INFO rally.task.engine [-] Task b94de6b8-2756-4398-b260-951ee1543e30 | Completed: Task validation of semantic.
2019-12-18 01:43:10.015 1845 INFO rally.task.engine [-] Task b94de6b8-2756-4398-b260-951ee1543e30 | Completed: Task validation.
2019-12-18 01:43:10.016 1845 INFO rally.api [-] Task b94de6b8-2756-4398-b260-951ee1543e30 input file is valid.
2019-12-18 01:43:10.016 1845 INFO rally.api [-] Run Task b94de6b8-2756-4398-b260-951ee1543e30 against Deployment 35c66681-f0dc-4da3-aba6-b9e1bda3b137
2019-12-18 01:43:10.016 1845 INFO rally.task.engine [-] Task b94de6b8-2756-4398-b260-951ee1543e30 | Starting: Running task.
2019-12-18 01:43:10.316 1845 INFO rally.task.engine [-] Running workload: position = 0 config = { "version": 2, "title": "A cropped version of a bigger task.", "description": "Auto-generated task from a single workload (uuid=3362f0a5-e914-4056-868b-6dff461094e4)", "subtasks": [ { "title": "CinderVolumes.create_and_attach_volume", "description": "Create a VM and attach a volume to it.", "scenario": { "CinderVolumes.create_and_attach_volume": { "flavor": { "name": "rally_full-flavor_82abc6db-4b93-46af-8703-7548ccee80b4" }, "image": { "name": "rally_full-img_82abc6db-4b93-46af-8703-7548ccee80b4" }, "size": 1, "nics": [ { "net-id": "a2e4e6ce-5607-4f93-b98b-e192ed4c6f67" } ] } }, "contexts": { "users": { "tenants": 3, "users_per_tenant": 2 }, "quotas": { "cinder": { "gigabytes": -1, "snapshots": -1, "volumes": -1 } }, "api_versions": { "cinder": { "version": 3, "service_type": "volumev3" } } }, "runner": { "constant": { "concurrency": 4, "times": 10 } }, "hooks": [], "sla": { "failure_rate": { "max": 0 } } } ] }
2019-12-18 01:43:10.342 1845 RALLYDEBUG rally_openstack.contexts.keystone.users [-] Creating 3 tenants using 20 threads
2019-12-18 01:43:11.282 1845 RALLYDEBUG rally_openstack.contexts.keystone.users [-] Creating 6 users using 20 threads
2019-12-18 01:43:12.812 1845 INFO rally.task.context [-] Task b94de6b8-2756-4398-b260-951ee1543e30 | Context users@openstack setup() finished in 2.47 sec
2019-12-18 01:43:13.231 1845 INFO rally.task.context [-] Task b94de6b8-2756-4398-b260-951ee1543e30 | Context api_versions@openstack setup() finished in 0.42 sec
2019-12-18 01:43:14.479 1845 INFO rally.task.context [-] Task b94de6b8-2756-4398-b260-951ee1543e30 | Context quotas@openstack setup() finished in 1.25 sec
2019-12-18 01:43:14.479 1845 INFO rally.task.context [-] Task b94de6b8-2756-4398-b260-951ee1543e30 | Context cleanup@openstack setup() finished in 0.06 msec
2019-12-18 01:43:15.519 1845 RALLYDEBUG rally.task.runner [-] Starting the constant runner (task UUID: b94de6b8-2756-4398-b260-951ee1543e30). times: 10 concurrency: 4 timeout: 0 max_cpu_used: 16 processes_to_start: 4 concurrency_per_worker: 1 concurrency_overhead: 0
2019-12-18 01:43:15.536 1969 RALLYDEBUG rally.task.runner [-] Starting a worker. times: 10 duration: None concurrency: 1 timeout: 0 cls: method_name: run args: {"flavor": "c3ced0cb-30ea-448e-8a52-6953d615bc6c", "image": "48bf0efe-01ba-4643-8231-99113ba84e63", "size": 1, "nics": [{"net-id": "a2e4e6ce-5607-4f93-b98b-e192ed4c6f67"}]}
2019-12-18 01:43:15.539 1970 RALLYDEBUG rally.task.runner [-] Starting a worker. times: 10 duration: None concurrency: 1 timeout: 0 cls: method_name: run args: {"flavor": "c3ced0cb-30ea-448e-8a52-6953d615bc6c", "image": "48bf0efe-01ba-4643-8231-99113ba84e63", "size": 1, "nics": [{"net-id": "a2e4e6ce-5607-4f93-b98b-e192ed4c6f67"}]}
2019-12-18 01:43:15.543 1969 INFO rally.task.runner [-] Task b94de6b8-2756-4398-b260-951ee1543e30 | ITER: 1 START
2019-12-18 01:43:15.543 1971 RALLYDEBUG rally.task.runner [-] Starting a worker. times: 10 duration: None concurrency: 1 timeout: 0 cls: method_name: run args: {"flavor": "c3ced0cb-30ea-448e-8a52-6953d615bc6c", "image": "48bf0efe-01ba-4643-8231-99113ba84e63", "size": 1, "nics": [{"net-id": "a2e4e6ce-5607-4f93-b98b-e192ed4c6f67"}]}
2019-12-18 01:43:15.546 1970 INFO rally.task.runner [-] Task b94de6b8-2756-4398-b260-951ee1543e30 | ITER: 2 START
2019-12-18 01:43:15.546 1972 RALLYDEBUG rally.task.runner [-] Starting a worker. times: 10 duration: None concurrency: 1 timeout: 0 cls: method_name: run args: {"flavor": "c3ced0cb-30ea-448e-8a52-6953d615bc6c", "image": "48bf0efe-01ba-4643-8231-99113ba84e63", "size": 1, "nics": [{"net-id": "a2e4e6ce-5607-4f93-b98b-e192ed4c6f67"}]}
2019-12-18 01:43:15.549 1971 INFO rally.task.runner [-] Task b94de6b8-2756-4398-b260-951ee1543e30 | ITER: 3 START
2019-12-18 01:43:15.553 1972 INFO rally.task.runner [-] Task b94de6b8-2756-4398-b260-951ee1543e30 | ITER: 4 START
2019-12-18 01:43:22.783 1969 RALLYDEBUG rally.task.utils [-] Waiting for resource s_rally_3362f0a5_R49WilOm. Status changed: BUILD => ACTIVE in 4.886696815490723
2019-12-18 01:43:22.905 1971 RALLYDEBUG rally.task.utils [-] Waiting for resource s_rally_3362f0a5_fGuTEO6n. Status changed: BUILD => ACTIVE in 4.67721962928772
2019-12-18 01:43:24.856 1970 RALLYDEBUG rally.task.utils [-] Waiting for resource s_rally_3362f0a5_Rt1I5Bog. Status changed: BUILD => ACTIVE in 6.8586106300354
2019-12-18 01:43:25.321 1972 RALLYDEBUG rally.task.utils [-] Waiting for resource s_rally_3362f0a5_9hATrt4U. Status changed: BUILD => ACTIVE in 7.155536651611328
2019-12-18 01:43:26.023 1971 RALLYDEBUG rally.task.utils [-] Waiting for resource s_rally_3362f0a5_LdAQedVL. Status changed: AVAILABLE => RESERVED in 0.41530847549438477
2019-12-18 01:43:26.286 1969 RALLYDEBUG rally.task.utils [-] Waiting for resource s_rally_3362f0a5_ZoEzkDE4. Status changed: AVAILABLE => RESERVED in 0.6994273662567139
2019-12-18 01:43:28.180 1970 RALLYDEBUG rally.task.utils [-] Waiting for resource s_rally_3362f0a5_w5ZmIBkg. Status changed: AVAILABLE => RESERVED in 0.70005202293396
2019-12-18 01:43:28.341 1972 RALLYDEBUG rally.task.utils [-] Waiting for resource s_rally_3362f0a5_CLsEpPWp. Status changed: AVAILABLE => RESERVED in 0.41286396980285645
2019-12-18 01:43:28.418 1971 RALLYDEBUG rally.task.utils [-] Waiting for resource s_rally_3362f0a5_LdAQedVL. Status changed: RESERVED => IN-USE in 2.395308256149292
2019-12-18 01:43:28.687 1969 RALLYDEBUG rally.task.utils [-] Waiting for resource s_rally_3362f0a5_ZoEzkDE4. Status changed: RESERVED => IN-USE in 2.400675058364868
2019-12-18 01:43:28.974 1971 RALLYDEBUG rally.task.utils [-] Waiting for resource s_rally_3362f0a5_LdAQedVL. Status changed: AVAILABLE => DETACHING in 0.40072059631347656
2019-12-18 01:43:29.256 1969 RALLYDEBUG rally.task.utils [-] Waiting for resource s_rally_3362f0a5_ZoEzkDE4. Status changed: AVAILABLE => DETACHING in 0.4035181999206543
2019-12-18 01:43:30.602 1970 RALLYDEBUG rally.task.utils [-] Waiting for resource s_rally_3362f0a5_w5ZmIBkg. Status changed: RESERVED => IN-USE in 2.4222605228424072
2019-12-18 01:43:30.761 1972 RALLYDEBUG rally.task.utils [-] Waiting for resource s_rally_3362f0a5_CLsEpPWp. Status changed: RESERVED => IN-USE in 2.4198999404907227
2019-12-18 01:43:31.202 1970 RALLYDEBUG rally.task.utils [-] Waiting for resource s_rally_3362f0a5_w5ZmIBkg. Status changed: AVAILABLE => DETACHING in 0.41208314895629883
2019-12-18 01:43:31.372 1971 RALLYDEBUG rally.task.utils [-] Waiting for resource s_rally_3362f0a5_LdAQedVL. Status changed: DETACHING => AVAILABLE in 2.397691249847412
2019-12-18 01:43:31.481 1971 RALLYDEBUG rally.task.utils [-] Waiting for resource s_rally_3362f0a5_LdAQedVL. Status changed: AVAILABLE => DELETING in 0.05245161056518555
2019-12-18 01:43:31.666 1969 RALLYDEBUG rally.task.utils [-] Waiting for resource s_rally_3362f0a5_ZoEzkDE4. Status changed: DETACHING => AVAILABLE in 2.409921884536743
2019-12-18 01:43:31.729 1972 RALLYDEBUG rally.task.utils [-] Waiting for resource s_rally_3362f0a5_CLsEpPWp. Status changed: AVAILABLE => DELETING in 0.059957027435302734
2019-12-18 01:43:31.785 1969 RALLYDEBUG rally.task.utils [-] Waiting for resource s_rally_3362f0a5_ZoEzkDE4. Status changed: AVAILABLE => DELETING in 0.062395572662353516
2019-12-18 01:43:33.907 1970 RALLYDEBUG rally.task.utils [-] Waiting for resource s_rally_3362f0a5_w5ZmIBkg. Status changed: DETACHING => AVAILABLE in 2.704782247543335
2019-12-18 01:43:34.018 1970 RALLYDEBUG rally.task.utils [-] Waiting for resource s_rally_3362f0a5_w5ZmIBkg. Status changed: AVAILABLE => DELETING in 0.055240631103515625
2019-12-18 01:43:35.921 1971 INFO rally.task.runner [-] Task b94de6b8-2756-4398-b260-951ee1543e30 | ITER: 3 END: OK
2019-12-18 01:43:35.925 1971 INFO rally.task.runner [-] Task b94de6b8-2756-4398-b260-951ee1543e30 | ITER: 5 START
2019-12-18 01:43:36.197 1969 INFO rally.task.runner [-] Task b94de6b8-2756-4398-b260-951ee1543e30 | ITER: 1 END: OK
2019-12-18 01:43:36.201 1969 INFO rally.task.runner [-] Task b94de6b8-2756-4398-b260-951ee1543e30 | ITER: 6 START
2019-12-18 01:43:36.401 1972 INFO rally.task.runner [-] Task b94de6b8-2756-4398-b260-951ee1543e30 | ITER: 4 END: OK
2019-12-18 01:43:36.408 1972 INFO rally.task.runner [-] Task b94de6b8-2756-4398-b260-951ee1543e30 | ITER: 7 START
2019-12-18 01:43:38.435 1970 INFO rally.task.runner [-] Task b94de6b8-2756-4398-b260-951ee1543e30 | ITER: 2 END: OK
2019-12-18 01:43:38.443 1970 INFO rally.task.runner [-] Task b94de6b8-2756-4398-b260-951ee1543e30 | ITER: 8 START
2019-12-18 01:43:42.984 1971 RALLYDEBUG rally.task.utils [-] Waiting for resource s_rally_3362f0a5_LVbA0rb4. Status changed: BUILD => ACTIVE in 4.739112138748169
2019-12-18 01:43:45.483 1972 RALLYDEBUG rally.task.utils [-] Waiting for resource s_rally_3362f0a5_c3k4R8ww. Status changed: BUILD => ACTIVE in 6.836304426193237
2019-12-18 01:43:45.582 1969 RALLYDEBUG rally.task.utils [-] Waiting for resource s_rally_3362f0a5_SNpj3Du9. Status changed: BUILD => ACTIVE in 6.96995210647583
2019-12-18 01:43:46.091 1971 RALLYDEBUG rally.task.utils [-] Waiting for resource s_rally_3362f0a5_QpaaZM6a. Status changed: AVAILABLE => RESERVED in 0.4315507411956787
2019-12-18 01:43:47.670 1970 RALLYDEBUG rally.task.utils [-] Waiting for resource s_rally_3362f0a5_01KdPvkb. Status changed: BUILD => ACTIVE in 6.708055734634399
2019-12-18 01:43:48.495 1971 RALLYDEBUG rally.task.utils [-] Waiting for resource s_rally_3362f0a5_QpaaZM6a. Status changed: RESERVED => IN-USE in 2.40389084815979
2019-12-18 01:43:48.501 1972 RALLYDEBUG rally.task.utils [-] Waiting for resource s_rally_3362f0a5_RX6TVojm. Status changed: AVAILABLE => RESERVED in 0.40166640281677246
2019-12-18 01:43:48.619 1969 RALLYDEBUG rally.task.utils [-] Waiting for resource s_rally_3362f0a5_zpdDLiaQ. Status changed: AVAILABLE => RESERVED in 0.40886378288269043
2019-12-18 01:43:49.352 1971 RALLYDEBUG rally.task.utils [-] Waiting for resource s_rally_3362f0a5_QpaaZM6a. Status changed: AVAILABLE => DETACHING in 0.7030651569366455
2019-12-18 01:43:50.788 1970 RALLYDEBUG rally.task.utils [-] Waiting for resource s_rally_3362f0a5_jDFs9WcY. Status changed: AVAILABLE => RESERVED in 0.4168245792388916
2019-12-18 01:43:50.907 1972 RALLYDEBUG rally.task.utils [-] Waiting for resource s_rally_3362f0a5_RX6TVojm. Status changed: RESERVED => IN-USE in 2.4061167240142822
2019-12-18 01:43:51.047 1969 RALLYDEBUG rally.task.utils [-] Waiting for resource s_rally_3362f0a5_zpdDLiaQ. Status changed: RESERVED => ATTACHING in 2.4277193546295166
2019-12-18 01:43:51.749 1971 RALLYDEBUG rally.task.utils [-] Waiting for resource s_rally_3362f0a5_QpaaZM6a. Status changed: DETACHING => AVAILABLE in 2.3970131874084473
2019-12-18 01:43:51.800 1972 RALLYDEBUG rally.task.utils [-] Waiting for resource s_rally_3362f0a5_RX6TVojm. Status changed: AVAILABLE => DETACHING in 0.3882935047149658
2019-12-18 01:43:51.873 1971 RALLYDEBUG rally.task.utils [-] Waiting for resource s_rally_3362f0a5_QpaaZM6a. Status changed: AVAILABLE => DELETING in 0.059059858322143555
2019-12-18 01:43:53.190 1970 RALLYDEBUG rally.task.utils [-] Waiting for resource s_rally_3362f0a5_jDFs9WcY. Status changed: RESERVED => IN-USE in 2.4024243354797363
2019-12-18 01:43:53.473 1969 RALLYDEBUG rally.task.utils [-] Waiting for resource s_rally_3362f0a5_zpdDLiaQ. Status changed: ATTACHING => IN-USE in 2.4266624450683594
2019-12-18 01:43:53.812 1970 RALLYDEBUG rally.task.utils [-] Waiting for resource s_rally_3362f0a5_jDFs9WcY. Status changed: AVAILABLE => DETACHING in 0.4407072067260742
2019-12-18 01:43:54.042 1969 RALLYDEBUG rally.task.utils [-] Waiting for resource s_rally_3362f0a5_zpdDLiaQ. Status changed: AVAILABLE => DETACHING in 0.40203046798706055
2019-12-18 01:43:54.209 1972 RALLYDEBUG rally.task.utils [-] Waiting for resource s_rally_3362f0a5_RX6TVojm. Status changed: DETACHING => AVAILABLE in 2.408517599105835
2019-12-18 01:43:54.318 1972 RALLYDEBUG rally.task.utils [-] Waiting for resource s_rally_3362f0a5_RX6TVojm. Status changed: AVAILABLE => DELETING in 0.0547032356262207
2019-12-18 01:43:56.248 1970 RALLYDEBUG rally.task.utils [-] Waiting for resource s_rally_3362f0a5_jDFs9WcY. Status changed: DETACHING => AVAILABLE in 2.435795307159424
2019-12-18 01:43:56.256 1971 INFO rally.task.runner [-] Task b94de6b8-2756-4398-b260-951ee1543e30 | ITER: 5 END: OK
2019-12-18 01:43:56.261 1971 INFO rally.task.runner [-] Task b94de6b8-2756-4398-b260-951ee1543e30 | ITER: 9 START
2019-12-18 01:43:56.383 1970 RALLYDEBUG rally.task.utils [-] Waiting for resource s_rally_3362f0a5_jDFs9WcY. Status changed: AVAILABLE => DELETING in 0.06229448318481445
2019-12-18 01:43:56.690 1969 RALLYDEBUG rally.task.utils [-] Waiting for resource s_rally_3362f0a5_zpdDLiaQ. Status changed: DETACHING => AVAILABLE in 2.6481587886810303
2019-12-18 01:43:56.821 1969 RALLYDEBUG rally.task.utils [-] Waiting for resource s_rally_3362f0a5_zpdDLiaQ. Status changed: AVAILABLE => DELETING in 0.0676724910736084
2019-12-18 01:43:58.726 1972 INFO rally.task.runner [-] Task b94de6b8-2756-4398-b260-951ee1543e30 | ITER: 7 END: OK
2019-12-18 01:43:58.730 1972 INFO rally.task.runner [-] Task b94de6b8-2756-4398-b260-951ee1543e30 | ITER: 10 START
2019-12-18 01:44:00.851 1970 INFO rally.task.runner [-] Task b94de6b8-2756-4398-b260-951ee1543e30 | ITER: 8 END: OK
2019-12-18 01:44:01.302 1969 INFO rally.task.runner [-] Task b94de6b8-2756-4398-b260-951ee1543e30 | ITER: 6 END: OK
2019-12-18 01:44:03.358 1971 RALLYDEBUG rally.task.utils [-] Waiting for resource s_rally_3362f0a5_UOiHC8YI. Status changed: BUILD => ACTIVE in 4.605708599090576
2019-12-18 01:44:06.110 1972 RALLYDEBUG rally.task.utils [-] Waiting for resource s_rally_3362f0a5_uw3NeLJu. Status changed: BUILD => ACTIVE in 4.960151195526123
2019-12-18 01:44:06.422 1971 RALLYDEBUG rally.task.utils [-] Waiting for resource s_rally_3362f0a5_DmERJSmh. Status changed: AVAILABLE => RESERVED in 0.4020829200744629
2019-12-18 01:44:08.861 1971 RALLYDEBUG rally.task.utils [-] Waiting for resource s_rally_3362f0a5_DmERJSmh. Status changed: RESERVED => IN-USE in 2.438051223754883
2019-12-18 01:44:09.231 1972 RALLYDEBUG rally.task.utils [-] Waiting for resource s_rally_3362f0a5_Wcu05mHC. Status changed: AVAILABLE => RESERVED in 0.43619680404663086
2019-12-18 01:44:09.429 1971 RALLYDEBUG rally.task.utils [-] Waiting for resource s_rally_3362f0a5_DmERJSmh. Status changed: AVAILABLE => DETACHING in 0.3993544578552246
2019-12-18 01:44:11.662 1972 RALLYDEBUG rally.task.utils [-] Waiting for resource s_rally_3362f0a5_Wcu05mHC. Status changed: RESERVED => IN-USE in 2.4307379722595215
2019-12-18 01:44:11.852 1971 RALLYDEBUG rally.task.utils [-] Waiting for resource s_rally_3362f0a5_DmERJSmh. Status changed: DETACHING => AVAILABLE in 2.4237163066864014
2019-12-18 01:44:11.972 1971 RALLYDEBUG rally.task.utils [-] Waiting for resource s_rally_3362f0a5_DmERJSmh. Status changed: AVAILABLE => DELETING in 0.05742526054382324
2019-12-18 01:44:12.242 1972 RALLYDEBUG rally.task.utils [-] Waiting for resource s_rally_3362f0a5_Wcu05mHC. Status changed: AVAILABLE => DETACHING in 0.4159104824066162
2019-12-18 01:44:14.690 1972 RALLYDEBUG rally.task.utils [-] Waiting for resource s_rally_3362f0a5_Wcu05mHC. Status changed: DETACHING => AVAILABLE in 2.4474122524261475
2019-12-18 01:44:14.935 1972 RALLYDEBUG rally.task.utils [-] Waiting for resource s_rally_3362f0a5_Wcu05mHC. Status changed: AVAILABLE => DELETING in 0.18483519554138184
2019-12-18 01:44:16.484 1971 INFO rally.task.runner [-] Task b94de6b8-2756-4398-b260-951ee1543e30 | ITER: 9 END: OK
2019-12-18 01:44:19.361 1972 INFO rally.task.runner [-] Task b94de6b8-2756-4398-b260-951ee1543e30 | ITER: 10 END: OK
2019-12-18 01:44:19.394 1845 INFO rally.task.context [-] Task b94de6b8-2756-4398-b260-951ee1543e30 | Context cleanup@openstack cleanup() started
2019-12-18 01:44:19.399 1845 RALLYDEBUG rally_openstack.cleanup.manager [-] Cleaning up nova servers objects
2019-12-18 01:44:20.867 1845 RALLYDEBUG rally_openstack.cleanup.manager [-] Cleaning up nova server_groups objects
2019-12-18 01:44:22.025 1845 RALLYDEBUG rally_openstack.cleanup.manager [-] Cleaning up nova keypairs objects
2019-12-18 01:44:24.333 1845 RALLYDEBUG rally_openstack.cleanup.manager [-] Cleaning up cinder backups objects
2019-12-18 01:44:25.516 1845 RALLYDEBUG rally_openstack.cleanup.manager [-] Cleaning up cinder volume_snapshots objects
2019-12-18 01:44:26.690 1845 RALLYDEBUG rally_openstack.cleanup.manager [-] Cleaning up cinder transfers objects
2019-12-18 01:44:27.814 1845 RALLYDEBUG rally_openstack.cleanup.manager [-] Cleaning up cinder volumes objects
2019-12-18 01:44:29.047 1845 INFO rally.task.context [-] Task b94de6b8-2756-4398-b260-951ee1543e30 | Context cleanup@openstack cleanup() finished in 9.65 sec
2019-12-18 01:44:29.047 1845 INFO rally.task.context [-] Task b94de6b8-2756-4398-b260-951ee1543e30 | Context quotas@openstack cleanup() started
2019-12-18 01:44:29.125 1845 INFO rally.task.context [-] Task b94de6b8-2756-4398-b260-951ee1543e30 | Context quotas@openstack cleanup() finished in 77.84 msec
2019-12-18 01:44:29.126 1845 INFO rally.task.context [-] Task b94de6b8-2756-4398-b260-951ee1543e30 | Context api_versions@openstack cleanup() started
2019-12-18 01:44:29.126 1845 INFO rally.task.context [-] Task b94de6b8-2756-4398-b260-951ee1543e30 | Context api_versions@openstack cleanup() finished in 0.34 msec
2019-12-18 01:44:29.126 1845 INFO rally.task.context [-] Task b94de6b8-2756-4398-b260-951ee1543e30 | Context users@openstack cleanup() started
2019-12-18 01:44:33.139 1845 INFO rally.task.context [-] Task b94de6b8-2756-4398-b260-951ee1543e30 | Context users@openstack cleanup() finished in 4.01 sec
2019-12-18 01:44:34.768 1845 INFO rally.task.engine [-] Load duration is: 62.811888
2019-12-18 01:44:34.769 1845 INFO rally.task.engine [-] Full runner duration is: 63.878403
2019-12-18 01:44:34.769 1845 INFO rally.task.engine [-] Full duration is: 82.799908
2019-12-18 01:44:35.396 1845 INFO rally.task.engine [-] Running workload: position = 0 config = { "version": 2, "title": "A cropped version of a bigger task.", "description": "Auto-generated task from a single workload (uuid=9b352511-41d7-4bdf-8125-37f35e42f297)", "subtasks": [ { "title": "CinderVolumes.create_and_list_snapshots", "description": "Create and then list a volume-snapshot.", "scenario": { "CinderVolumes.create_and_list_snapshots": { "detailed": true, "force": false } }, "contexts": { "users": { "tenants": 3, "users_per_tenant": 2 }, "quotas": { "cinder": { "gigabytes": -1, "snapshots": -1, "volumes": -1 } }, "api_versions": { "cinder": { "version": 3, "service_type": "volumev3" } }, "volumes": { "size": 1, "volumes_per_tenant": 1 } }, "runner": { "constant": { "concurrency": 4, "times": 10 } }, "hooks": [], "sla": { "failure_rate": { "max": 0 } } } ] }
2019-12-18 01:44:35.422 1845 RALLYDEBUG rally_openstack.contexts.keystone.users [-] Creating 3 tenants using 20 threads
2019-12-18 01:44:36.346 1845 RALLYDEBUG rally_openstack.contexts.keystone.users [-] Creating 6 users using 20 threads
2019-12-18 01:44:37.889 1845 INFO rally.task.context [-] Task b94de6b8-2756-4398-b260-951ee1543e30 | Context users@openstack setup() finished in 2.47 sec
2019-12-18 01:44:38.304 1845 INFO rally.task.context [-] Task b94de6b8-2756-4398-b260-951ee1543e30 | Context api_versions@openstack setup() finished in 0.41 sec
2019-12-18 01:44:39.212 1845 INFO rally.task.context [-] Task b94de6b8-2756-4398-b260-951ee1543e30 | Context quotas@openstack setup() finished in 0.91 sec
2019-12-18 01:44:47.971 1845 INFO rally.task.context [-] Task b94de6b8-2756-4398-b260-951ee1543e30 | Context volumes@openstack setup() finished in 8.76 sec
2019-12-18 01:44:47.972 1845 INFO rally.task.context [-] Task b94de6b8-2756-4398-b260-951ee1543e30 | Context cleanup@openstack setup() finished in 0.02 msec
2019-12-18 01:44:47.981 1845 RALLYDEBUG rally.task.runner [-] Starting the constant runner (task UUID: b94de6b8-2756-4398-b260-951ee1543e30). times: 10 concurrency: 4 timeout: 0 max_cpu_used: 16 processes_to_start: 4 concurrency_per_worker: 1 concurrency_overhead: 0
2019-12-18 01:44:47.994 2213 RALLYDEBUG rally.task.runner [-] Starting a worker. times: 10 duration: None concurrency: 1 timeout: 0 cls: method_name: run args: {"detailed": true, "force": false}
2019-12-18 01:44:47.997 2214 RALLYDEBUG rally.task.runner [-] Starting a worker. times: 10 duration: None concurrency: 1 timeout: 0 cls: method_name: run args: {"detailed": true, "force": false}
2019-12-18 01:44:48.001 2213 INFO rally.task.runner [-] Task b94de6b8-2756-4398-b260-951ee1543e30 | ITER: 1 START
2019-12-18 01:44:48.001 2215 RALLYDEBUG rally.task.runner [-] Starting a worker. times: 10 duration: None concurrency: 1 timeout: 0 cls: method_name: run args: {"detailed": true, "force": false}
2019-12-18 01:44:48.004 2214 INFO rally.task.runner [-] Task b94de6b8-2756-4398-b260-951ee1543e30 | ITER: 2 START
2019-12-18 01:44:48.004 2217 RALLYDEBUG rally.task.runner [-] Starting a worker. times: 10 duration: None concurrency: 1 timeout: 0 cls: method_name: run args: {"detailed": true, "force": false}
2019-12-18 01:44:48.008 2215 INFO rally.task.runner [-] Task b94de6b8-2756-4398-b260-951ee1543e30 | ITER: 3 START
2019-12-18 01:44:48.010 2217 INFO rally.task.runner [-] Task b94de6b8-2756-4398-b260-951ee1543e30 | ITER: 4 START
2019-12-18 01:44:50.640 2214 INFO rally.task.runner [-] Task b94de6b8-2756-4398-b260-951ee1543e30 | ITER: 2 END: OK
2019-12-18 01:44:50.644 2214 INFO rally.task.runner [-] Task b94de6b8-2756-4398-b260-951ee1543e30 | ITER: 5 START
2019-12-18 01:44:50.715 2217 INFO rally.task.runner [-] Task b94de6b8-2756-4398-b260-951ee1543e30 | ITER: 4 END: OK
2019-12-18 01:44:50.720 2217 INFO rally.task.runner [-] Task b94de6b8-2756-4398-b260-951ee1543e30 | ITER: 6 START
2019-12-18 01:44:50.736 2215 INFO rally.task.runner [-] Task b94de6b8-2756-4398-b260-951ee1543e30 | ITER: 3 END: OK
2019-12-18 01:44:50.740 2215 INFO rally.task.runner [-] Task b94de6b8-2756-4398-b260-951ee1543e30 | ITER: 7 START
2019-12-18 01:44:50.744 2213 INFO rally.task.runner [-] Task b94de6b8-2756-4398-b260-951ee1543e30 | ITER: 1 END: OK
2019-12-18 01:44:50.748 2213 INFO rally.task.runner [-] Task b94de6b8-2756-4398-b260-951ee1543e30 | ITER: 8 START
2019-12-18 01:44:53.220 2214 INFO rally.task.runner [-] Task b94de6b8-2756-4398-b260-951ee1543e30 | ITER: 5 END: OK
2019-12-18 01:44:53.224 2214 INFO rally.task.runner [-] Task b94de6b8-2756-4398-b260-951ee1543e30 | ITER: 9 START
2019-12-18 01:44:53.274 2217 INFO rally.task.runner [-] Task b94de6b8-2756-4398-b260-951ee1543e30 | ITER: 6 END: OK
2019-12-18 01:44:53.278 2217 INFO rally.task.runner [-] Task b94de6b8-2756-4398-b260-951ee1543e30 | ITER: 10 START
2019-12-18 01:44:53.313 2213 INFO rally.task.runner [-] Task b94de6b8-2756-4398-b260-951ee1543e30 | ITER: 8 END: OK
2019-12-18 01:44:53.318 2215 INFO rally.task.runner [-] Task b94de6b8-2756-4398-b260-951ee1543e30 | ITER: 7 END: OK
2019-12-18 01:44:55.956 2214 INFO rally.task.runner [-] Task b94de6b8-2756-4398-b260-951ee1543e30 | ITER: 9 END: OK
2019-12-18 01:44:56.021 2217 INFO rally.task.runner [-] Task b94de6b8-2756-4398-b260-951ee1543e30 | ITER: 10 END: OK
2019-12-18 01:44:56.046 1845 INFO rally.task.context [-] Task b94de6b8-2756-4398-b260-951ee1543e30 | Context cleanup@openstack cleanup() started
2019-12-18 01:44:56.048 1845 RALLYDEBUG rally_openstack.cleanup.manager [-] Cleaning up cinder backups objects
2019-12-18 01:44:57.226 1845 RALLYDEBUG rally_openstack.cleanup.manager [-] Cleaning up cinder volume_snapshots objects
2019-12-18 01:44:58.411 1845 RALLYDEBUG rally_openstack.cleanup.manager [-] Deleting cinder.volume_snapshots object s_rally_9b352511_RggI1Y2Y (7b12255d-26d1-4fb3-845d-ca7af2194200)
2019-12-18 01:44:58.415 1845 RALLYDEBUG rally_openstack.cleanup.manager [-] Deleting cinder.volume_snapshots object s_rally_9b352511_drEapm8l (6f1d8381-c300-4d12-af1d-8aec60f79922)
2019-12-18 01:44:58.428 1845 RALLYDEBUG rally_openstack.cleanup.manager [-] Deleting cinder.volume_snapshots object s_rally_9b352511_FJmbGedz (3d86a535-b775-4873-87cf-c8f9a22fc56a)
2019-12-18 01:44:58.437 1845 RALLYDEBUG rally_openstack.cleanup.manager [-] Deleting cinder.volume_snapshots object s_rally_9b352511_ttSe9ITW (07ee8a63-4bff-4e83-ab25-e27b275f47b4)
2019-12-18 01:44:58.445 1845 RALLYDEBUG rally_openstack.cleanup.manager [-] Deleting cinder.volume_snapshots object s_rally_9b352511_aX7GJPVC (ea97157c-e5fb-4880-b47c-72b0c50d4371)
2019-12-18 01:44:58.453 1845 RALLYDEBUG rally_openstack.cleanup.manager [-] Deleting cinder.volume_snapshots object s_rally_9b352511_SBOqJOjg (ef4cb957-a459-408f-a141-cb926dc6ff97)
2019-12-18 01:44:58.465 1845 RALLYDEBUG rally_openstack.cleanup.manager [-] Deleting cinder.volume_snapshots object s_rally_9b352511_TCDZlKQB (b0aec1d1-b71b-4577-9770-fcb84b01667a)
2019-12-18 01:44:58.482 1845 RALLYDEBUG rally_openstack.cleanup.manager [-] Deleting cinder.volume_snapshots object s_rally_9b352511_khAUsquz (c37ed89e-84b9-4257-9e81-5b547d91adcf)
2019-12-18 01:44:58.492 1845 RALLYDEBUG rally_openstack.cleanup.manager [-] Deleting cinder.volume_snapshots object s_rally_9b352511_aiZjLnpp (c18899f0-42ad-4e32-b366-2246a58e3957)
2019-12-18 01:44:58.508 1845 RALLYDEBUG rally_openstack.cleanup.manager [-] Deleting cinder.volume_snapshots object s_rally_9b352511_ZT81ALYX (82ad5121-4d80-442f-89a2-1a9da49a45d6)
2019-12-18 01:45:02.122 1845 RALLYDEBUG rally_openstack.cleanup.manager [-] Cleaning up cinder transfers objects
2019-12-18 01:45:03.254 1845 RALLYDEBUG rally_openstack.cleanup.manager [-] Cleaning up cinder volumes objects
2019-12-18 01:45:04.522 1845 INFO rally.task.context [-] Task b94de6b8-2756-4398-b260-951ee1543e30 | Context cleanup@openstack cleanup() finished in 8.48 sec
2019-12-18 01:45:04.523 1845 INFO rally.task.context [-] Task b94de6b8-2756-4398-b260-951ee1543e30 | Context volumes@openstack cleanup() started
2019-12-18 01:45:04.524 1845 RALLYDEBUG rally_openstack.cleanup.manager [-] Cleaning up cinder volumes objects
2019-12-18 01:45:05.868 1845 RALLYDEBUG rally_openstack.cleanup.manager [-] Deleting cinder.volumes object c_rally_9b352511_FhMexU59 (a2badeeb-2283-4d00-938a-dd947ed076f9)
2019-12-18 01:45:05.879 1845 RALLYDEBUG rally_openstack.cleanup.manager [-] Deleting cinder.volumes object c_rally_9b352511_dbywEAyu (d0534201-0bda-49b1-a234-5556463542e6)
2019-12-18 01:45:05.885 1845 RALLYDEBUG rally_openstack.cleanup.manager [-] Deleting cinder.volumes object c_rally_9b352511_A1NJbfe1 (ec0c27d3-9f1d-4d36-a6ad-8d9ecdf4bf75)
2019-12-18 01:45:09.490 1845 INFO rally.task.context [-] Task b94de6b8-2756-4398-b260-951ee1543e30 | Context volumes@openstack cleanup() finished in 4.97 sec
2019-12-18 01:45:09.491 1845 INFO rally.task.context [-] Task b94de6b8-2756-4398-b260-951ee1543e30 | Context quotas@openstack cleanup() started
2019-12-18 01:45:09.577 1845 INFO rally.task.context [-] Task b94de6b8-2756-4398-b260-951ee1543e30 | Context quotas@openstack cleanup() finished in 85.96 msec
2019-12-18 01:45:09.577 1845 INFO rally.task.context [-] Task b94de6b8-2756-4398-b260-951ee1543e30 | Context api_versions@openstack cleanup() started
2019-12-18 01:45:09.578 1845 INFO rally.task.context [-] Task b94de6b8-2756-4398-b260-951ee1543e30 | Context api_versions@openstack cleanup() finished in 0.37 msec
2019-12-18 01:45:09.578 1845 INFO rally.task.context [-] Task b94de6b8-2756-4398-b260-951ee1543e30 | Context users@openstack cleanup() started
2019-12-18 01:45:13.987 1845 INFO rally.task.context [-] Task b94de6b8-2756-4398-b260-951ee1543e30 | Context users@openstack cleanup() finished in 4.41 sec
2019-12-18 01:45:15.622 1845 INFO rally.task.engine [-] Load duration is: 8.015516
2019-12-18 01:45:15.622 1845 INFO rally.task.engine [-] Full runner duration is: 8.065207
2019-12-18 01:45:15.623 1845 INFO rally.task.engine [-] Full duration is: 38.567178
2019-12-18 01:45:15.928 1845 INFO rally.task.engine [-] Running workload: position = 0 config = { "version": 2, "title": "A cropped version of a bigger task.", "description": "Auto-generated task from a single workload (uuid=c4c06baf-8811-460b-ab35-b543cf5f1103)", "subtasks": [ { "title": "CinderVolumes.create_and_list_volume", "description": "Create a volume and list all volumes.", "scenario": { "CinderVolumes.create_and_list_volume": { "detailed": true, "image": { "name": "rally_full-img_82abc6db-4b93-46af-8703-7548ccee80b4" }, "size": 1 } }, "contexts": { "users": { "tenants": 3, "users_per_tenant": 2 }, "quotas": { "cinder": { "gigabytes": -1, "snapshots": -1, "volumes": -1 } }, "api_versions": { "cinder": { "version": 3, "service_type": "volumev3" } } }, "runner": { "constant": { "concurrency": 4, "times": 10 } }, "hooks": [], "sla": { "failure_rate": { "max": 0 } } } ] }
2019-12-18 01:45:15.954 1845 RALLYDEBUG rally_openstack.contexts.keystone.users [-] Creating 3 tenants using 20 threads
2019-12-18 01:45:16.897 1845 RALLYDEBUG rally_openstack.contexts.keystone.users [-] Creating 6 users using 20 threads
2019-12-18 01:45:18.430 1845 INFO rally.task.context [-] Task b94de6b8-2756-4398-b260-951ee1543e30 | Context users@openstack setup() finished in 2.48 sec
2019-12-18 01:45:18.827 1845 INFO rally.task.context [-] Task b94de6b8-2756-4398-b260-951ee1543e30 | Context api_versions@openstack setup() finished in 0.40 sec
2019-12-18 01:45:19.662 1845 INFO rally.task.context [-] Task b94de6b8-2756-4398-b260-951ee1543e30 | Context quotas@openstack setup() finished in 0.83 sec
2019-12-18 01:45:19.663 1845 INFO rally.task.context [-] Task b94de6b8-2756-4398-b260-951ee1543e30 | Context cleanup@openstack setup() finished in 0.01 msec
2019-12-18 01:45:20.171 1845 RALLYDEBUG rally.task.runner [-] Starting the constant runner (task UUID: b94de6b8-2756-4398-b260-951ee1543e30). times: 10 concurrency: 4 timeout: 0 max_cpu_used: 16 processes_to_start: 4 concurrency_per_worker: 1 concurrency_overhead: 0
2019-12-18 01:45:20.182 2417 RALLYDEBUG rally.task.runner [-] Starting a worker. times: 10 duration: None concurrency: 1 timeout: 0 cls: method_name: run args: {"detailed": true, "image": "48bf0efe-01ba-4643-8231-99113ba84e63", "size": 1}
2019-12-18 01:45:20.186 2418 RALLYDEBUG rally.task.runner [-] Starting a worker. times: 10 duration: None concurrency: 1 timeout: 0 cls: method_name: run args: {"detailed": true, "image": "48bf0efe-01ba-4643-8231-99113ba84e63", "size": 1}
2019-12-18 01:45:20.190 2417 INFO rally.task.runner [-] Task b94de6b8-2756-4398-b260-951ee1543e30 | ITER: 1 START
2019-12-18 01:45:20.190 2419 RALLYDEBUG rally.task.runner [-] Starting a worker. times: 10 duration: None concurrency: 1 timeout: 0 cls: method_name: run args: {"detailed": true, "image": "48bf0efe-01ba-4643-8231-99113ba84e63", "size": 1}
2019-12-18 01:45:20.192 2418 INFO rally.task.runner [-] Task b94de6b8-2756-4398-b260-951ee1543e30 | ITER: 2 START
2019-12-18 01:45:20.193 2421 RALLYDEBUG rally.task.runner [-] Starting a worker. times: 10 duration: None concurrency: 1 timeout: 0 cls: method_name: run args: {"detailed": true, "image": "48bf0efe-01ba-4643-8231-99113ba84e63", "size": 1}
2019-12-18 01:45:20.197 2419 INFO rally.task.runner [-] Task b94de6b8-2756-4398-b260-951ee1543e30 | ITER: 3 START
2019-12-18 01:45:20.200 2421 INFO rally.task.runner [-] Task b94de6b8-2756-4398-b260-951ee1543e30 | ITER: 4 START
2019-12-18 01:45:37.956 2417 RALLYDEBUG rally.task.utils [-] Waiting for resource s_rally_c4c06baf_kF9VZQxH. Status changed: DOWNLOADING => AVAILABLE in 14.639023065567017
2019-12-18 01:45:38.011 2417 INFO rally.task.runner [-] Task b94de6b8-2756-4398-b260-951ee1543e30 | ITER: 1 END: OK
2019-12-18 01:45:38.016 2417 INFO rally.task.runner [-] Task b94de6b8-2756-4398-b260-951ee1543e30 | ITER: 5 START
2019-12-18 01:45:41.037 2417 RALLYDEBUG rally.task.utils [-] Waiting for resource s_rally_c4c06baf_GCaRVP8W. Status changed: CREATING => DOWNLOADING in 0.1478114128112793
2019-12-18 01:45:42.150 2419 RALLYDEBUG rally.task.utils [-] Waiting for resource s_rally_c4c06baf_ZkNxWzut. Status changed: DOWNLOADING => AVAILABLE in 18.806435585021973
2019-12-18 01:45:42.216 2419 INFO rally.task.runner [-] Task b94de6b8-2756-4398-b260-951ee1543e30 | ITER: 3 END: OK
2019-12-18 01:45:42.223 2419 INFO rally.task.runner [-] Task b94de6b8-2756-4398-b260-951ee1543e30 | ITER: 6 START
2019-12-18 01:45:56.617 2418 RALLYDEBUG rally.task.utils [-] Waiting for resource s_rally_c4c06baf_CH6DBb3b. Status changed: DOWNLOADING => AVAILABLE in 33.42268705368042
2019-12-18 01:45:56.675 2418 INFO rally.task.runner [-] Task b94de6b8-2756-4398-b260-951ee1543e30 | ITER: 2 END: OK
2019-12-18 01:45:56.681 2418 INFO rally.task.runner [-] Task b94de6b8-2756-4398-b260-951ee1543e30 | ITER: 7 START
2019-12-18 01:45:57.540 2419 RALLYDEBUG rally.task.utils [-] Waiting for resource s_rally_c4c06baf_dnaGQKhp. Status changed: CREATING => DOWNLOADING in 12.572281122207642
2019-12-18 01:45:58.702 2421 RALLYDEBUG rally.task.utils [-] Waiting for resource s_rally_c4c06baf_N9u7Xebp. Status changed: DOWNLOADING => AVAILABLE in 35.37642574310303
2019-12-18 01:45:58.764 2421 INFO rally.task.runner [-] Task b94de6b8-2756-4398-b260-951ee1543e30 | ITER: 4 END: OK
2019-12-18 01:45:58.770 2421 INFO rally.task.runner [-] Task b94de6b8-2756-4398-b260-951ee1543e30 | ITER: 8 START
2019-12-18 01:46:01.754 2417 RALLYDEBUG rally.task.utils [-] Waiting for resource s_rally_c4c06baf_GCaRVP8W. Status changed: DOWNLOADING => AVAILABLE in 20.717175722122192
2019-12-18 01:46:01.812 2417 INFO rally.task.runner [-] Task b94de6b8-2756-4398-b260-951ee1543e30 | ITER: 5 END: OK
2019-12-18 01:46:01.817 2417 INFO rally.task.runner [-] Task b94de6b8-2756-4398-b260-951ee1543e30 | ITER: 9 START
2019-12-18 01:46:09.975 2419 RALLYDEBUG rally.task.utils [-] Waiting for resource s_rally_c4c06baf_dnaGQKhp. Status changed: DOWNLOADING => AVAILABLE in 12.435730218887329
2019-12-18 01:46:10.037 2419 INFO rally.task.runner [-] Task b94de6b8-2756-4398-b260-951ee1543e30 | ITER: 6 END: OK
2019-12-18 01:46:10.041 2419 INFO rally.task.runner [-] Task b94de6b8-2756-4398-b260-951ee1543e30 | ITER: 10 START
2019-12-18 01:46:24.547 2418 RALLYDEBUG rally.task.utils [-] Waiting for resource s_rally_c4c06baf_uLsrjXuC. Status changed: DOWNLOADING => AVAILABLE in 25.041303634643555
2019-12-18 01:46:24.616 2418 INFO rally.task.runner [-] Task b94de6b8-2756-4398-b260-951ee1543e30 | ITER: 7 END: OK
2019-12-18 01:47:15.195 2419 RALLYDEBUG rally.task.utils [-] Waiting for resource s_rally_c4c06baf_rhLzM2Pg. Status changed: DOWNLOADING => AVAILABLE in 62.40731143951416
2019-12-18 01:47:15.262 2419 INFO rally.task.runner [-] Task b94de6b8-2756-4398-b260-951ee1543e30 | ITER: 10 END: OK
2019-12-18 01:47:15.269 2417 RALLYDEBUG rally.task.utils [-] Waiting for resource s_rally_c4c06baf_iHqLvV8b. Status changed: DOWNLOADING => AVAILABLE in 70.70089864730835
2019-12-18 01:47:15.326 2417 INFO rally.task.runner [-] Task b94de6b8-2756-4398-b260-951ee1543e30 | ITER: 9 END: OK
2019-12-18 01:47:16.628 2421 RALLYDEBUG rally.task.utils [-] Waiting for resource s_rally_c4c06baf_wPHO46dU. Status changed: DOWNLOADING => AVAILABLE in 74.79348707199097
2019-12-18 01:47:16.690 2421 INFO rally.task.runner [-] Task b94de6b8-2756-4398-b260-951ee1543e30 | ITER: 8 END: OK
2019-12-18 01:47:16.719 1845 INFO rally.task.context [-] Task b94de6b8-2756-4398-b260-951ee1543e30 | Context cleanup@openstack cleanup() started
2019-12-18 01:47:16.725 1845 RALLYDEBUG rally_openstack.cleanup.manager [-] Cleaning up cinder backups objects
2019-12-18 01:47:18.192 1845 RALLYDEBUG rally_openstack.cleanup.manager [-] Cleaning up cinder volume_snapshots objects
2019-12-18 01:47:19.383 1845 RALLYDEBUG rally_openstack.cleanup.manager [-] Cleaning up cinder transfers objects
2019-12-18 01:47:20.549 1845 RALLYDEBUG rally_openstack.cleanup.manager [-] Cleaning up cinder volumes objects
2019-12-18 01:47:21.817 1845 RALLYDEBUG rally_openstack.cleanup.manager [-] Deleting cinder.volumes object s_rally_c4c06baf_CH6DBb3b (f0cb1710-5773-4d5a-93b4-f3382f5bdb04)
2019-12-18 01:47:21.824 1845 RALLYDEBUG rally_openstack.cleanup.manager [-] Deleting cinder.volumes object s_rally_c4c06baf_wPHO46dU (a5fcbc11-9a45-4bcf-904a-e7abbf91c27c)
2019-12-18 01:47:21.827 1845 RALLYDEBUG rally_openstack.cleanup.manager [-] Deleting cinder.volumes object s_rally_c4c06baf_iHqLvV8b (c01414a1-193c-4919-b039-6998d1d9d8d7)
2019-12-18 01:47:21.836 1845 RALLYDEBUG rally_openstack.cleanup.manager [-] Deleting cinder.volumes object s_rally_c4c06baf_GCaRVP8W (cb0e4653-7b5d-4df0-b738-b435bbd8d74a)
2019-12-18 01:47:21.853 1845 RALLYDEBUG rally_openstack.cleanup.manager [-] Deleting cinder.volumes object s_rally_c4c06baf_rhLzM2Pg (2362295d-b443-4478-9690-54e6cc8743b7)
2019-12-18 01:47:21.865 1845 RALLYDEBUG rally_openstack.cleanup.manager [-] Deleting cinder.volumes object s_rally_c4c06baf_uLsrjXuC (7b0cef92-9ada-4238-aba4-fe5364b96054)
2019-12-18 01:47:21.881 1845 RALLYDEBUG rally_openstack.cleanup.manager [-] Deleting cinder.volumes object s_rally_c4c06baf_dnaGQKhp (cdf17b28-40de-4bb3-afd0-e6ddedd6c6e2)
2019-12-18 01:47:21.886 1845 RALLYDEBUG rally_openstack.cleanup.manager [-] Deleting cinder.volumes object s_rally_c4c06baf_N9u7Xebp (b7221166-e3be-4412-b001-bcc7f5e1da2c)
2019-12-18 01:47:21.900 1845 RALLYDEBUG rally_openstack.cleanup.manager [-] Deleting cinder.volumes object s_rally_c4c06baf_kF9VZQxH (b1395978-b7c0-4735-aaff-c652eb88453f)
2019-12-18 01:47:21.918 1845 RALLYDEBUG rally_openstack.cleanup.manager [-] Deleting cinder.volumes object s_rally_c4c06baf_ZkNxWzut (79421bc4-1df1-4715-aa2a-b176d743aafa)
2019-12-18 01:47:25.734 1845 INFO rally.task.context [-] Task b94de6b8-2756-4398-b260-951ee1543e30 | Context cleanup@openstack cleanup() finished in 9.02 sec
2019-12-18 01:47:25.735 1845 INFO rally.task.context [-] Task b94de6b8-2756-4398-b260-951ee1543e30 | Context quotas@openstack cleanup() started
2019-12-18 01:47:25.852 1845 INFO rally.task.context [-] Task b94de6b8-2756-4398-b260-951ee1543e30 | Context quotas@openstack cleanup() finished in 0.12 sec
2019-12-18 01:47:25.852 1845 INFO rally.task.context [-] Task b94de6b8-2756-4398-b260-951ee1543e30 | Context api_versions@openstack cleanup() started
2019-12-18 01:47:25.853 1845 INFO rally.task.context [-] Task b94de6b8-2756-4398-b260-951ee1543e30 | Context api_versions@openstack cleanup() finished in 0.40 msec
2019-12-18 01:47:25.853 1845 INFO rally.task.context [-] Task b94de6b8-2756-4398-b260-951ee1543e30 | Context users@openstack cleanup() started
2019-12-18 01:47:30.274 1845 INFO rally.task.context [-] Task b94de6b8-2756-4398-b260-951ee1543e30 | Context users@openstack cleanup() finished in 4.42 sec
2019-12-18 01:47:30.528 1845 INFO rally.task.engine [-] Load duration is: 116.495285
2019-12-18 01:47:30.529 1845 INFO rally.task.engine [-] Full runner duration is: 116.548779
2019-12-18 01:47:30.529 1845 INFO rally.task.engine [-] Full duration is: 134.322524
2019-12-18 01:47:30.774 1845 INFO rally.task.engine [-] Running workload: position = 1 config = { "version": 2, "title": "A cropped version of a bigger task.", "description": "Auto-generated task from a single workload (uuid=8b875747-f623-4d5a-993a-141b2c5ef93b)", "subtasks": [ { "title": "CinderVolumes.create_and_list_volume", "description": "Create a volume and list all volumes.", "scenario": { "CinderVolumes.create_and_list_volume": { "detailed": true, "size": 1 } }, "contexts": { "users": { "tenants": 3, "users_per_tenant": 2 }, "quotas": { "cinder": { "gigabytes": -1, "snapshots": -1, "volumes": -1 } }, "api_versions": { "cinder": { "version": 3, "service_type": "volumev3" } } }, "runner": { "constant": { "concurrency": 4, "times": 10 } }, "hooks": [], "sla": { "failure_rate": { "max": 0 } } } ] }
2019-12-18 01:47:30.799 1845 RALLYDEBUG rally_openstack.contexts.keystone.users [-] Creating 3 tenants using 20 threads
2019-12-18 01:47:31.833 1845 RALLYDEBUG rally_openstack.contexts.keystone.users [-] Creating 6 users using 20 threads
2019-12-18 01:47:33.431 1845 INFO rally.task.context [-] Task b94de6b8-2756-4398-b260-951ee1543e30 | Context users@openstack setup() finished in 2.63 sec
2019-12-18 01:47:33.839 1845 INFO rally.task.context [-] Task b94de6b8-2756-4398-b260-951ee1543e30 | Context api_versions@openstack setup() finished in 0.41 sec
2019-12-18 01:47:34.675 1845 INFO rally.task.context [-] Task b94de6b8-2756-4398-b260-951ee1543e30 | Context quotas@openstack setup() finished in 0.84 sec
2019-12-18 01:47:34.675 1845 INFO rally.task.context [-] Task b94de6b8-2756-4398-b260-951ee1543e30 | Context cleanup@openstack setup() finished in 0.02 msec
2019-12-18 01:47:34.685 1845 RALLYDEBUG rally.task.runner [-] Starting the constant runner (task UUID: b94de6b8-2756-4398-b260-951ee1543e30). times: 10 concurrency: 4 timeout: 0 max_cpu_used: 16 processes_to_start: 4 concurrency_per_worker: 1 concurrency_overhead: 0
2019-12-18 01:47:34.696 2601 RALLYDEBUG rally.task.runner [-] Starting a worker. times: 10 duration: None concurrency: 1 timeout: 0 cls: method_name: run args: {"detailed": true, "size": 1}
2019-12-18 01:47:34.700 2602 RALLYDEBUG rally.task.runner [-] Starting a worker. times: 10 duration: None concurrency: 1 timeout: 0 cls: method_name: run args: {"detailed": true, "size": 1}
2019-12-18 01:47:34.703 2601 INFO rally.task.runner [-] Task b94de6b8-2756-4398-b260-951ee1543e30 | ITER: 1 START
2019-12-18 01:47:34.703 2603 RALLYDEBUG rally.task.runner [-] Starting a worker. times: 10 duration: None concurrency: 1 timeout: 0 cls: method_name: run args: {"detailed": true, "size": 1}
2019-12-18 01:47:34.706 2602 INFO rally.task.runner [-] Task b94de6b8-2756-4398-b260-951ee1543e30 | ITER: 2 START
2019-12-18 01:47:34.707 2604 RALLYDEBUG rally.task.runner [-] Starting a worker. times: 10 duration: None concurrency: 1 timeout: 0 cls: method_name: run args: {"detailed": true, "size": 1}
2019-12-18 01:47:34.710 2603 INFO rally.task.runner [-] Task b94de6b8-2756-4398-b260-951ee1543e30 | ITER: 3 START
2019-12-18 01:47:34.714 2604 INFO rally.task.runner [-] Task b94de6b8-2756-4398-b260-951ee1543e30 | ITER: 4 START
2019-12-18 01:47:37.615 2603 INFO rally.task.runner [-] Task b94de6b8-2756-4398-b260-951ee1543e30 | ITER: 3 END: OK
2019-12-18 01:47:37.620 2603 INFO rally.task.runner [-] Task b94de6b8-2756-4398-b260-951ee1543e30 | ITER: 5 START
2019-12-18 01:47:37.630 2604 INFO rally.task.runner [-] Task b94de6b8-2756-4398-b260-951ee1543e30 | ITER: 4 END: OK
2019-12-18 01:47:37.634 2604 INFO rally.task.runner [-] Task b94de6b8-2756-4398-b260-951ee1543e30 | ITER: 6 START
2019-12-18 01:47:37.637 2601 INFO rally.task.runner [-] Task b94de6b8-2756-4398-b260-951ee1543e30 | ITER: 1 END: OK
2019-12-18 01:47:37.642 2601 INFO rally.task.runner [-] Task b94de6b8-2756-4398-b260-951ee1543e30 | ITER: 7 START
2019-12-18 01:47:37.685 2602 INFO rally.task.runner [-] Task b94de6b8-2756-4398-b260-951ee1543e30 | ITER: 2 END: OK
2019-12-18 01:47:37.690 2602 INFO rally.task.runner [-] Task b94de6b8-2756-4398-b260-951ee1543e30 | ITER: 8 START
2019-12-18 01:47:40.440 2601 INFO rally.task.runner [-] Task b94de6b8-2756-4398-b260-951ee1543e30 | ITER: 7 END: OK
2019-12-18 01:47:40.444 2603 INFO rally.task.runner [-] Task b94de6b8-2756-4398-b260-951ee1543e30 | ITER: 5 END: OK
2019-12-18 01:47:40.444 2601 INFO rally.task.runner [-] Task b94de6b8-2756-4398-b260-951ee1543e30 | ITER: 9 START
2019-12-18 01:47:40.448 2603 INFO rally.task.runner [-] Task b94de6b8-2756-4398-b260-951ee1543e30 | ITER: 10 START
2019-12-18 01:47:40.471 2604 INFO rally.task.runner [-] Task b94de6b8-2756-4398-b260-951ee1543e30 | ITER: 6 END: OK
