2019-12-18 02:47:06.638 21029 INFO rally.task.runner [-] Task c708e019-2db7-43ad-b3c8-d031aba2ba2e | ITER: 5 END: OK
2019-12-18 02:47:06.646 21029 INFO rally.task.runner [-] Task c708e019-2db7-43ad-b3c8-d031aba2ba2e | ITER: 10 START
2019-12-18 02:47:08.336 21031 RALLYDEBUG rally.task.utils [-] Waiting for resource s_rally_f33df338_F86ldt4H. Status changed: BUILD => ACTIVE in 6.8910298347473145
2019-12-18 02:47:08.952 21028 RALLYDEBUG rally.task.utils [-] Waiting for resource s_rally_f33df338_krOfKbLC. Status changed: BUILD => ACTIVE in 7.141626596450806
2019-12-18 02:47:10.771 21031 INFO rally.task.runner [-] Task c708e019-2db7-43ad-b3c8-d031aba2ba2e | ITER: 7 END: OK
2019-12-18 02:47:11.340 21028 INFO rally.task.runner [-] Task c708e019-2db7-43ad-b3c8-d031aba2ba2e | ITER: 8 END: OK
2019-12-18 02:47:13.542 21029 RALLYDEBUG rally.task.utils [-] Waiting for resource s_rally_f33df338_m02SX2zt. Status changed: BUILD => ACTIVE in 4.575382232666016
2019-12-18 02:47:15.639 21027 RALLYDEBUG rally.task.utils [-] Waiting for resource s_rally_f33df338_6BiNjkK1. Status changed: BUILD => ACTIVE in 6.8507936000823975
2019-12-18 02:47:16.069 21029 INFO rally.task.runner [-] Task c708e019-2db7-43ad-b3c8-d031aba2ba2e | ITER: 10 END: OK
2019-12-18 02:47:18.080 21027 INFO rally.task.runner [-] Task c708e019-2db7-43ad-b3c8-d031aba2ba2e | ITER: 9 END: OK
2019-12-18 02:47:18.107 20411 INFO rally.task.context [-] Task c708e019-2db7-43ad-b3c8-d031aba2ba2e | Context cleanup@openstack cleanup() started
2019-12-18 02:47:18.110 20411 RALLYDEBUG rally_openstack.cleanup.manager [-] Cleaning up nova servers objects
2019-12-18 02:47:19.530 20411 RALLYDEBUG rally_openstack.cleanup.manager [-] Cleaning up nova server_groups objects
2019-12-18 02:47:20.691 20411 RALLYDEBUG rally_openstack.cleanup.manager [-] Cleaning up nova keypairs objects
2019-12-18 02:47:23.056 20411 INFO rally.task.context [-] Task c708e019-2db7-43ad-b3c8-d031aba2ba2e | Context cleanup@openstack cleanup() finished in 4.95 sec
2019-12-18 02:47:23.057 20411 INFO rally.task.context [-] Task c708e019-2db7-43ad-b3c8-d031aba2ba2e | Context network@openstack cleanup() started
2019-12-18 02:47:45.905 20411 INFO rally.task.context [-] Task c708e019-2db7-43ad-b3c8-d031aba2ba2e | Context network@openstack cleanup() finished in 22.85 sec
2019-12-18 02:47:45.906 20411 INFO rally.task.context [-] Task c708e019-2db7-43ad-b3c8-d031aba2ba2e | Context quotas@openstack cleanup() started
2019-12-18 02:47:46.274 20411 INFO rally.task.context [-] Task c708e019-2db7-43ad-b3c8-d031aba2ba2e | Context quotas@openstack cleanup() finished in 0.37 sec
2019-12-18 02:47:46.275 20411 INFO rally.task.context [-] Task c708e019-2db7-43ad-b3c8-d031aba2ba2e | Context users@openstack cleanup() started
2019-12-18 02:47:50.753 20411 INFO rally.task.context [-] Task c708e019-2db7-43ad-b3c8-d031aba2ba2e | Context users@openstack cleanup() finished in 4.48 sec
2019-12-18 02:47:51.424 20411 INFO rally.task.engine [-] Load duration is: 32.230696
2019-12-18 02:47:51.424 20411 INFO rally.task.engine [-] Full runner duration is: 33.279728
2019-12-18 02:47:51.425 20411 INFO rally.task.engine [-] Full duration is: 83.693237
2019-12-18 02:47:51.800 20411 INFO rally.task.engine [-] Running workload: position = 0 config = { "version": 2, "title": "A cropped version of a bigger task.", "description": "Auto-generated task from a single workload (uuid=be894131-acb3-44b1-b5f5-5105a6c81d11)", "subtasks": [ { "title": "NovaServers.boot_and_list_server", "description": "Boot a server from an image and then list all servers.", "scenario": { "NovaServers.boot_and_list_server": { "detailed": true, "flavor": { "name": "rally_full-flavor_82abc6db-4b93-46af-8703-7548ccee80b4" }, "image": { "name": "rally_full-img_82abc6db-4b93-46af-8703-7548ccee80b4" }, "nics": [ { "net-id": "a2e4e6ce-5607-4f93-b98b-e192ed4c6f67" } ] } }, "contexts": { "users": { "tenants": 3, "users_per_tenant": 2 }, "network": { "networks_per_tenant": 1, "start_cidr": "100.1.0.0/25" }, "quotas": { "neutron": { "network": -1, "port": -1, "subnet": -1 }, "nova": { "cores": -1, "floating_ips": -1, "instances": -1, "ram": -1, "security_group_rules": -1, "security_groups": -1 } } }, "runner": { "constant": { "concurrency": 4, "times": 10 } }, "hooks": [], "sla": { "failure_rate": { "max": 0 } } } ] }
2019-12-18 02:47:51.825 20411 RALLYDEBUG rally_openstack.contexts.keystone.users [-] Creating 3 tenants using 20 threads
2019-12-18 02:47:52.849 20411 RALLYDEBUG rally_openstack.contexts.keystone.users [-] Creating 6 users using 20 threads
2019-12-18 02:47:54.443 20411 INFO rally.task.context [-] Task c708e019-2db7-43ad-b3c8-d031aba2ba2e | Context users@openstack setup() finished in 2.62 sec
2019-12-18 02:47:56.380 20411 INFO rally.task.context [-] Task c708e019-2db7-43ad-b3c8-d031aba2ba2e | Context quotas@openstack setup() finished in 1.94 sec
2019-12-18 02:47:58.832 20411 RALLYDEBUG rally_openstack.wrappers.network [-] CIDR generated: 100.1.3.0/25
2019-12-18 02:48:03.657 20411 RALLYDEBUG rally_openstack.wrappers.network [-] CIDR generated: 100.1.3.128/25
2019-12-18 02:48:07.727 20411 RALLYDEBUG rally_openstack.wrappers.network [-] CIDR generated: 100.1.4.0/25
2019-12-18 02:48:09.894 20411 INFO rally.task.context [-] Task c708e019-2db7-43ad-b3c8-d031aba2ba2e | Context network@openstack setup() finished in 13.51 sec
2019-12-18 02:48:09.895 20411 INFO rally.task.context [-] Task c708e019-2db7-43ad-b3c8-d031aba2ba2e | Context cleanup@openstack setup() finished in 0.01 msec
2019-12-18 02:48:10.766 20411 RALLYDEBUG rally.task.runner [-] Starting the constant runner (task UUID: c708e019-2db7-43ad-b3c8-d031aba2ba2e). times: 10 concurrency: 4 timeout: 0 max_cpu_used: 16 processes_to_start: 4 concurrency_per_worker: 1 concurrency_overhead: 0
2019-12-18 02:48:10.777 21191 RALLYDEBUG rally.task.runner [-] Starting a worker. times: 10 duration: None concurrency: 1 timeout: 0 cls: method_name: run args: {"detailed": true, "flavor": "c3ced0cb-30ea-448e-8a52-6953d615bc6c", "image": "48bf0efe-01ba-4643-8231-99113ba84e63", "nics": [{"net-id": "a2e4e6ce-5607-4f93-b98b-e192ed4c6f67"}]}
2019-12-18 02:48:10.781 21192 RALLYDEBUG rally.task.runner [-] Starting a worker. times: 10 duration: None concurrency: 1 timeout: 0 cls: method_name: run args: {"detailed": true, "flavor": "c3ced0cb-30ea-448e-8a52-6953d615bc6c", "image": "48bf0efe-01ba-4643-8231-99113ba84e63", "nics": [{"net-id": "a2e4e6ce-5607-4f93-b98b-e192ed4c6f67"}]}
2019-12-18 02:48:10.785 21191 INFO rally.task.runner [-] Task c708e019-2db7-43ad-b3c8-d031aba2ba2e | ITER: 1 START
2019-12-18 02:48:10.784 21193 RALLYDEBUG rally.task.runner [-] Starting a worker. times: 10 duration: None concurrency: 1 timeout: 0 cls: method_name: run args: {"detailed": true, "flavor": "c3ced0cb-30ea-448e-8a52-6953d615bc6c", "image": "48bf0efe-01ba-4643-8231-99113ba84e63", "nics": [{"net-id": "a2e4e6ce-5607-4f93-b98b-e192ed4c6f67"}]}
2019-12-18 02:48:10.788 21192 INFO rally.task.runner [-] Task c708e019-2db7-43ad-b3c8-d031aba2ba2e | ITER: 2 START
2019-12-18 02:48:10.788 21194 RALLYDEBUG rally.task.runner [-] Starting a worker. times: 10 duration: None concurrency: 1 timeout: 0 cls: method_name: run args: {"detailed": true, "flavor": "c3ced0cb-30ea-448e-8a52-6953d615bc6c", "image": "48bf0efe-01ba-4643-8231-99113ba84e63", "nics": [{"net-id": "a2e4e6ce-5607-4f93-b98b-e192ed4c6f67"}]}
2019-12-18 02:48:10.791 21193 INFO rally.task.runner [-] Task c708e019-2db7-43ad-b3c8-d031aba2ba2e | ITER: 3 START
2019-12-18 02:48:10.796 21194 INFO rally.task.runner [-] Task c708e019-2db7-43ad-b3c8-d031aba2ba2e | ITER: 4 START
2019-12-18 02:48:17.856 21194 RALLYDEBUG rally.task.utils [-] Waiting for resource s_rally_be894131_PFcVknXT. Status changed: BUILD => ACTIVE in 4.647149324417114
2019-12-18 02:48:18.080 21194 INFO rally.task.runner [-] Task c708e019-2db7-43ad-b3c8-d031aba2ba2e | ITER: 4 END: OK
2019-12-18 02:48:18.085 21194 INFO rally.task.runner [-] Task c708e019-2db7-43ad-b3c8-d031aba2ba2e | ITER: 5 START
2019-12-18 02:48:19.992 21193 RALLYDEBUG rally.task.utils [-] Waiting for resource s_rally_be894131_g9VR2YHO. Status changed: BUILD => ACTIVE in 6.732025861740112
2019-12-18 02:48:20.183 21192 RALLYDEBUG rally.task.utils [-] Waiting for resource s_rally_be894131_cY5rfVj8. Status changed: BUILD => ACTIVE in 7.062958002090454
2019-12-18 02:48:20.294 21193 INFO rally.task.runner [-] Task c708e019-2db7-43ad-b3c8-d031aba2ba2e | ITER: 3 END: OK
2019-12-18 02:48:20.299 21193 INFO rally.task.runner [-] Task c708e019-2db7-43ad-b3c8-d031aba2ba2e | ITER: 6 START
2019-12-18 02:48:20.392 21191 RALLYDEBUG rally.task.utils [-] Waiting for resource s_rally_be894131_REZEnIKz. Status changed: BUILD => ACTIVE in 6.849187850952148
2019-12-18 02:48:20.442 21192 INFO rally.task.runner [-] Task c708e019-2db7-43ad-b3c8-d031aba2ba2e | ITER: 2 END: OK
2019-12-18 02:48:20.447 21192 INFO rally.task.runner [-] Task c708e019-2db7-43ad-b3c8-d031aba2ba2e | ITER: 7 START
2019-12-18 02:48:20.612 21191 INFO rally.task.runner [-] Task c708e019-2db7-43ad-b3c8-d031aba2ba2e | ITER: 1 END: OK
2019-12-18 02:48:20.617 21191 INFO rally.task.runner [-] Task c708e019-2db7-43ad-b3c8-d031aba2ba2e | ITER: 8 START
2019-12-18 02:48:25.719 21194 RALLYDEBUG rally.task.utils [-] Waiting for resource s_rally_be894131_LdbSxGRm. Status changed: BUILD => ACTIVE in 4.834261178970337
2019-12-18 02:48:25.951 21194 INFO rally.task.runner [-] Task c708e019-2db7-43ad-b3c8-d031aba2ba2e | ITER: 5 END: OK
2019-12-18 02:48:25.955 21194 INFO rally.task.runner [-] Task c708e019-2db7-43ad-b3c8-d031aba2ba2e | ITER: 9 START
2019-12-18 02:48:27.738 21191 RALLYDEBUG rally.task.utils [-] Waiting for resource s_rally_be894131_1zUv6t4T. Status changed: BUILD => ACTIVE in 4.849176645278931
2019-12-18 02:48:28.216 21191 INFO rally.task.runner [-] Task c708e019-2db7-43ad-b3c8-d031aba2ba2e | ITER: 8 END: OK
2019-12-18 02:48:28.220 21191 INFO rally.task.runner [-] Task c708e019-2db7-43ad-b3c8-d031aba2ba2e | ITER: 10 START
2019-12-18 02:48:29.729 21192 RALLYDEBUG rally.task.utils [-] Waiting for resource s_rally_be894131_uVL2iCpT. Status changed: BUILD => ACTIVE in 6.703699350357056
2019-12-18 02:48:29.954 21192 INFO rally.task.runner [-] Task c708e019-2db7-43ad-b3c8-d031aba2ba2e | ITER: 7 END: OK
2019-12-18 02:48:31.934 21193 RALLYDEBUG rally.task.utils [-] Waiting for resource s_rally_be894131_2PXNOZYN. Status changed: BUILD => ACTIVE in 9.00628662109375
2019-12-18 02:48:32.200 21193 INFO rally.task.runner [-] Task c708e019-2db7-43ad-b3c8-d031aba2ba2e | ITER: 6 END: OK
2019-12-18 02:48:35.274 21191 RALLYDEBUG rally.task.utils [-] Waiting for resource s_rally_be894131_79iUUy6E. Status changed: BUILD => ACTIVE in 4.744312524795532
2019-12-18 02:48:35.717 21191 INFO rally.task.runner [-] Task c708e019-2db7-43ad-b3c8-d031aba2ba2e | ITER: 10 END: OK
2019-12-18 02:48:37.473 21194 RALLYDEBUG rally.task.utils [-] Waiting for resource s_rally_be894131_wQempFVY. Status changed: BUILD => ACTIVE in 9.075806140899658
2019-12-18 02:48:37.788 21194 INFO rally.task.runner [-] Task c708e019-2db7-43ad-b3c8-d031aba2ba2e | ITER: 9 END: OK
2019-12-18 02:48:37.818 20411 INFO rally.task.context [-] Task c708e019-2db7-43ad-b3c8-d031aba2ba2e | Context cleanup@openstack cleanup() started
2019-12-18 02:48:37.821 20411 RALLYDEBUG rally_openstack.cleanup.manager [-] Cleaning up nova servers objects
2019-12-18 02:48:40.515 20411 RALLYDEBUG rally_openstack.cleanup.manager [-] Deleting nova.servers object s_rally_be894131_79iUUy6E (6059bc98-8c4a-4dc9-8d73-868cad44dfb3)
2019-12-18 02:48:40.525 20411 RALLYDEBUG rally_openstack.cleanup.manager [-] Deleting nova.servers object s_rally_be894131_2PXNOZYN (86398e1d-a21c-4883-b712-6f923c42c310)
2019-12-18 02:48:40.534 20411 RALLYDEBUG rally_openstack.cleanup.manager [-] Deleting nova.servers object s_rally_be894131_LdbSxGRm (c3ff43a6-f157-4630-ab15-712edfd6419b)
2019-12-18 02:48:40.540 20411 RALLYDEBUG rally_openstack.cleanup.manager [-] Deleting nova.servers object s_rally_be894131_g9VR2YHO (4e07c44f-976e-4d1c-a6c3-7dfad5df84e4)
2019-12-18 02:48:40.552 20411 RALLYDEBUG rally_openstack.cleanup.manager [-] Deleting nova.servers object s_rally_be894131_REZEnIKz (e1910841-0bad-466c-9201-01a9ac8ff347)
2019-12-18 02:48:40.567 20411 RALLYDEBUG rally_openstack.cleanup.manager [-] Deleting nova.servers object s_rally_be894131_wQempFVY (6c8b2b67-9a83-4099-bcf1-fc0d8f1f4048)
2019-12-18 02:48:40.579 20411 RALLYDEBUG rally_openstack.cleanup.manager [-] Deleting nova.servers object s_rally_be894131_uVL2iCpT (7c74231b-704b-4d35-ad8c-2249ea2d431c)
2019-12-18 02:48:40.589 20411 RALLYDEBUG rally_openstack.cleanup.manager [-] Deleting nova.servers object s_rally_be894131_1zUv6t4T (f9d3f76d-f074-4112-bc5c-7cde6c1a9193)
2019-12-18 02:48:40.620 20411 RALLYDEBUG rally_openstack.cleanup.manager [-] Deleting nova.servers object s_rally_be894131_PFcVknXT (1ec8044b-8e07-446f-80d8-9d31aa595a78)
2019-12-18 02:48:40.636 20411 RALLYDEBUG rally_openstack.cleanup.manager [-] Deleting nova.servers object s_rally_be894131_cY5rfVj8 (88bbdeba-3b25-4cff-aa7f-647b6402f33d)
2019-12-18 02:48:46.612 20411 RALLYDEBUG rally_openstack.cleanup.manager [-] Cleaning up nova server_groups objects
2019-12-18 02:48:47.784 20411 RALLYDEBUG rally_openstack.cleanup.manager [-] Cleaning up nova keypairs objects
2019-12-18 02:48:50.221 20411 INFO rally.task.context [-] Task c708e019-2db7-43ad-b3c8-d031aba2ba2e | Context cleanup@openstack cleanup() finished in 12.40 sec
2019-12-18 02:48:50.221 20411 INFO rally.task.context [-] Task c708e019-2db7-43ad-b3c8-d031aba2ba2e | Context network@openstack cleanup() started
2019-12-18 02:49:12.392 20411 INFO rally.task.context [-] Task c708e019-2db7-43ad-b3c8-d031aba2ba2e | Context network@openstack cleanup() finished in 22.17 sec
2019-12-18 02:49:12.393 20411 INFO rally.task.context [-] Task c708e019-2db7-43ad-b3c8-d031aba2ba2e | Context quotas@openstack cleanup() started
2019-12-18 02:49:12.583 20411 INFO rally.task.context [-] Task c708e019-2db7-43ad-b3c8-d031aba2ba2e | Context quotas@openstack cleanup() finished in 0.19 sec
2019-12-18 02:49:12.583 20411 INFO rally.task.context [-] Task c708e019-2db7-43ad-b3c8-d031aba2ba2e | Context users@openstack cleanup() started
2019-12-18 02:49:16.704 20411 INFO rally.task.context [-] Task c708e019-2db7-43ad-b3c8-d031aba2ba2e | Context users@openstack cleanup() finished in 4.12 sec
2019-12-18 02:49:18.215 20411 INFO rally.task.engine [-] Load duration is: 26.00193
2019-12-18 02:49:18.216 20411 INFO rally.task.engine [-] Full runner duration is: 27.052359
2019-12-18 02:49:18.216 20411 INFO rally.task.engine [-] Full duration is: 84.881408
2019-12-18 02:49:18.515 20411 INFO rally.task.engine [-] Running workload: position = 0 config = { "version": 2, "title": "A cropped version of a bigger task.", "description": "Auto-generated task from a single workload (uuid=0aee9011-723a-4a6e-a01e-e60e6c4142eb)", "subtasks": [ { "title": "NovaServers.boot_and_rebuild_server", "description": "Rebuild a server.", "scenario": { "NovaServers.boot_and_rebuild_server": { "flavor": { "name": "rally_full-flavor_82abc6db-4b93-46af-8703-7548ccee80b4" }, "from_image": { "name": "rally_full-img_82abc6db-4b93-46af-8703-7548ccee80b4" }, "to_image": { "name": "rally_full-img_82abc6db-4b93-46af-8703-7548ccee80b4" }, "nics": [ { "net-id": "a2e4e6ce-5607-4f93-b98b-e192ed4c6f67" } ] } }, "contexts": { "users": { "tenants": 3, "users_per_tenant": 2 }, "network": { "networks_per_tenant": 1, "start_cidr": "100.1.0.0/25" }, "quotas": { "neutron": { "network": -1, "port": -1, "subnet": -1 }, "nova": { "cores": -1, "floating_ips": -1, "instances": -1, "ram": -1, "security_group_rules": -1, "security_groups": -1 } } }, "runner": { "constant": { "concurrency": 4, "times": 10 } }, "hooks": [], "sla": { "failure_rate": { "max": 0 } } } ] }
2019-12-18 02:49:18.541 20411 RALLYDEBUG rally_openstack.contexts.keystone.users [-] Creating 3 tenants using 20 threads
2019-12-18 02:49:19.485 20411 RALLYDEBUG rally_openstack.contexts.keystone.users [-] Creating 6 users using 20 threads
2019-12-18 02:49:21.126 20411 INFO rally.task.context [-] Task c708e019-2db7-43ad-b3c8-d031aba2ba2e | Context users@openstack setup() finished in 2.58 sec
2019-12-18 02:49:23.222 20411 INFO rally.task.context [-] Task c708e019-2db7-43ad-b3c8-d031aba2ba2e | Context quotas@openstack setup() finished in 2.10 sec
2019-12-18 02:49:25.679 20411 RALLYDEBUG rally_openstack.wrappers.network [-] CIDR generated: 100.1.4.128/25
2019-12-18 02:49:30.089 20411 RALLYDEBUG rally_openstack.wrappers.network [-] CIDR generated: 100.1.5.0/25
2019-12-18 02:49:34.499 20411 RALLYDEBUG rally_openstack.wrappers.network [-] CIDR generated: 100.1.5.128/25
2019-12-18 02:49:37.168 20411 INFO rally.task.context [-] Task c708e019-2db7-43ad-b3c8-d031aba2ba2e | Context network@openstack setup() finished in 13.95 sec
2019-12-18 02:49:37.169 20411 INFO rally.task.context [-] Task c708e019-2db7-43ad-b3c8-d031aba2ba2e | Context cleanup@openstack setup() finished in 0.01 msec
2019-12-18 02:49:38.036 20411 RALLYDEBUG rally.task.runner [-] Starting the constant runner (task UUID: c708e019-2db7-43ad-b3c8-d031aba2ba2e). times: 10 concurrency: 4 timeout: 0 max_cpu_used: 16 processes_to_start: 4 concurrency_per_worker: 1 concurrency_overhead: 0
2019-12-18 02:49:38.048 21355 RALLYDEBUG rally.task.runner [-] Starting a worker. times: 10 duration: None concurrency: 1 timeout: 0 cls: method_name: run args: {"flavor": "c3ced0cb-30ea-448e-8a52-6953d615bc6c", "from_image": "48bf0efe-01ba-4643-8231-99113ba84e63", "to_image": "48bf0efe-01ba-4643-8231-99113ba84e63", "nics": [{"net-id": "a2e4e6ce-5607-4f93-b98b-e192ed4c6f67"}]}
2019-12-18 02:49:38.052 21356 RALLYDEBUG rally.task.runner [-] Starting a worker. times: 10 duration: None concurrency: 1 timeout: 0 cls: method_name: run args: {"flavor": "c3ced0cb-30ea-448e-8a52-6953d615bc6c", "from_image": "48bf0efe-01ba-4643-8231-99113ba84e63", "to_image": "48bf0efe-01ba-4643-8231-99113ba84e63", "nics": [{"net-id": "a2e4e6ce-5607-4f93-b98b-e192ed4c6f67"}]}
2019-12-18 02:49:38.056 21355 INFO rally.task.runner [-] Task c708e019-2db7-43ad-b3c8-d031aba2ba2e | ITER: 1 START
2019-12-18 02:49:38.055 21357 RALLYDEBUG rally.task.runner [-] Starting a worker. times: 10 duration: None concurrency: 1 timeout: 0 cls: method_name: run args: {"flavor": "c3ced0cb-30ea-448e-8a52-6953d615bc6c", "from_image": "48bf0efe-01ba-4643-8231-99113ba84e63", "to_image": "48bf0efe-01ba-4643-8231-99113ba84e63", "nics": [{"net-id": "a2e4e6ce-5607-4f93-b98b-e192ed4c6f67"}]}
2019-12-18 02:49:38.059 21356 INFO rally.task.runner [-] Task c708e019-2db7-43ad-b3c8-d031aba2ba2e | ITER: 2 START
2019-12-18 02:49:38.059 21359 RALLYDEBUG rally.task.runner [-] Starting a worker. times: 10 duration: None concurrency: 1 timeout: 0 cls: method_name: run args: {"flavor": "c3ced0cb-30ea-448e-8a52-6953d615bc6c", "from_image": "48bf0efe-01ba-4643-8231-99113ba84e63", "to_image": "48bf0efe-01ba-4643-8231-99113ba84e63", "nics": [{"net-id": "a2e4e6ce-5607-4f93-b98b-e192ed4c6f67"}]}
2019-12-18 02:49:38.063 21357 INFO rally.task.runner [-] Task c708e019-2db7-43ad-b3c8-d031aba2ba2e | ITER: 3 START
2019-12-18 02:49:38.066 21359 INFO rally.task.runner [-] Task c708e019-2db7-43ad-b3c8-d031aba2ba2e | ITER: 4 START
2019-12-18 02:49:47.077 21359 RALLYDEBUG rally.task.utils [-] Waiting for resource s_rally_0aee9011_tc7jkjMy. Status changed: BUILD => ACTIVE in 6.780569791793823
2019-12-18 02:49:47.273 21356 RALLYDEBUG rally.task.utils [-] Waiting for resource s_rally_0aee9011_bBLNHnFm. Status changed: BUILD => ACTIVE in 6.885954856872559
2019-12-18 02:49:47.371 21355 RALLYDEBUG rally.task.utils [-] Waiting for resource s_rally_0aee9011_GMCFHysi. Status changed: BUILD => ACTIVE in 6.7417285442352295
2019-12-18 02:49:47.374 21357 RALLYDEBUG rally.task.utils [-] Waiting for resource s_rally_0aee9011_BvwqtAkR. Status changed: BUILD => ACTIVE in 6.991639852523804
2019-12-18 02:49:48.562 21359 RALLYDEBUG rally.task.utils [-] Waiting for resource s_rally_0aee9011_tc7jkjMy. Status changed: ACTIVE => REBUILD in 0.2053849697113037
2019-12-18 02:49:48.777 21356 RALLYDEBUG rally.task.utils [-] Waiting for resource s_rally_0aee9011_bBLNHnFm. Status changed: ACTIVE => REBUILD in 0.23229718208312988
2019-12-18 02:49:48.866 21357 RALLYDEBUG rally.task.utils [-] Waiting for resource s_rally_0aee9011_BvwqtAkR. Status changed: ACTIVE => REBUILD in 0.20520281791687012
2019-12-18 02:49:49.092 21355 RALLYDEBUG rally.task.utils [-] Waiting for resource s_rally_0aee9011_GMCFHysi. Status changed: ACTIVE => REBUILD in 0.2723958492279053
2019-12-18 02:50:05.615 21359 RALLYDEBUG rally.task.utils [-] Waiting for resource s_rally_0aee9011_tc7jkjMy. Status changed: REBUILD => ACTIVE in 17.051865100860596
2019-12-18 02:50:08.007 21359 INFO rally.task.runner [-] Task c708e019-2db7-43ad-b3c8-d031aba2ba2e | ITER: 4 END: OK
2019-12-18 02:50:08.014 21359 INFO rally.task.runner [-] Task c708e019-2db7-43ad-b3c8-d031aba2ba2e | ITER: 5 START
2019-12-18 02:50:08.178 21356 RALLYDEBUG rally.task.utils [-] Waiting for resource s_rally_0aee9011_bBLNHnFm. Status changed: REBUILD => ACTIVE in 19.39994239807129
2019-12-18 02:50:09.195 21357 RALLYDEBUG rally.task.utils [-] Waiting for resource s_rally_0aee9011_BvwqtAkR. Status changed: REBUILD => ACTIVE in 20.32861614227295
2019-12-18 02:50:10.605 21356 INFO rally.task.runner [-] Task c708e019-2db7-43ad-b3c8-d031aba2ba2e | ITER: 2 END: OK
2019-12-18 02:50:10.612 21356 INFO rally.task.runner [-] Task c708e019-2db7-43ad-b3c8-d031aba2ba2e | ITER: 6 START
2019-12-18 02:50:11.568 21357 INFO rally.task.runner [-] Task c708e019-2db7-43ad-b3c8-d031aba2ba2e | ITER: 3 END: OK
2019-12-18 02:50:11.574 21357 INFO rally.task.runner [-] Task c708e019-2db7-43ad-b3c8-d031aba2ba2e | ITER: 7 START
2019-12-18 02:50:12.161 21355 RALLYDEBUG rally.task.utils [-] Waiting for resource s_rally_0aee9011_GMCFHysi. Status changed: REBUILD => ACTIVE in 23.06840991973877
2019-12-18 02:50:14.536 21355 INFO rally.task.runner [-] Task c708e019-2db7-43ad-b3c8-d031aba2ba2e | ITER: 1 END: OK
2019-12-18 02:50:14.542 21355 INFO rally.task.runner [-] Task c708e019-2db7-43ad-b3c8-d031aba2ba2e | ITER: 8 START
2019-12-18 02:50:14.927 21359 RALLYDEBUG rally.task.utils [-] Waiting for resource s_rally_0aee9011_xAIAKWxW. Status changed: BUILD => ACTIVE in 4.702054977416992
2019-12-18 02:50:16.408 21359 RALLYDEBUG rally.task.utils [-] Waiting for resource s_rally_0aee9011_xAIAKWxW. Status changed: ACTIVE => REBUILD in 0.17487406730651855
2019-12-18 02:50:18.214 21357 RALLYDEBUG rally.task.utils [-] Waiting for resource s_rally_0aee9011_Iqladr5g. Status changed: BUILD => ACTIVE in 4.543950080871582
2019-12-18 02:50:19.653 21356 RALLYDEBUG rally.task.utils [-] Waiting for resource s_rally_0aee9011_pbJ8rgYZ. Status changed: BUILD => ACTIVE in 6.857626438140869
2019-12-18 02:50:19.685 21357 RALLYDEBUG rally.task.utils [-] Waiting for resource s_rally_0aee9011_Iqladr5g. Status changed: ACTIVE => REBUILD in 0.18862605094909668
2019-12-18 02:50:21.198 21356 RALLYDEBUG rally.task.utils [-] Waiting for resource s_rally_0aee9011_pbJ8rgYZ. Status changed: ACTIVE => REBUILD in 0.2649104595184326
2019-12-18 02:50:21.596 21355 RALLYDEBUG rally.task.utils [-] Waiting for resource s_rally_0aee9011_a2ZfmXli. Status changed: BUILD => ACTIVE in 4.60157585144043
2019-12-18 02:50:23.138 21355 RALLYDEBUG rally.task.utils [-] Waiting for resource s_rally_0aee9011_a2ZfmXli. Status changed: ACTIVE => REBUILD in 0.23572182655334473
2019-12-18 02:50:32.024 21359 RALLYDEBUG rally.task.utils [-] Waiting for resource s_rally_0aee9011_xAIAKWxW. Status changed: REBUILD => ACTIVE in 15.615310907363892
2019-12-18 02:50:34.366 21359 INFO rally.task.runner [-] Task c708e019-2db7-43ad-b3c8-d031aba2ba2e | ITER: 5 END: OK
2019-12-18 02:50:34.371 21359 INFO rally.task.runner [-] Task c708e019-2db7-43ad-b3c8-d031aba2ba2e | ITER: 9 START
2019-12-18 02:50:38.650 21355 RALLYDEBUG rally.task.utils [-] Waiting for resource s_rally_0aee9011_a2ZfmXli. Status changed: REBUILD => ACTIVE in 15.511584997177124
2019-12-18 02:50:41.027 21355 INFO rally.task.runner [-] Task c708e019-2db7-43ad-b3c8-d031aba2ba2e | ITER: 8 END: OK
2019-12-18 02:50:41.032 21355 INFO rally.task.runner [-] Task c708e019-2db7-43ad-b3c8-d031aba2ba2e | ITER: 10 START
2019-12-18 02:50:41.495 21359 RALLYDEBUG rally.task.utils [-] Waiting for resource s_rally_0aee9011_MDgXzKMR. Status changed: BUILD => ACTIVE in 4.863849401473999
2019-12-18 02:50:42.980 21359 RALLYDEBUG rally.task.utils [-] Waiting for resource s_rally_0aee9011_MDgXzKMR. Status changed: ACTIVE => REBUILD in 0.2071366310119629
2019-12-18 02:50:47.045 21357 RALLYDEBUG rally.task.utils [-] Waiting for resource s_rally_0aee9011_Iqladr5g. Status changed: REBUILD => ACTIVE in 27.360398530960083
2019-12-18 02:50:49.616 21357 INFO rally.task.runner [-] Task c708e019-2db7-43ad-b3c8-d031aba2ba2e | ITER: 7 END: OK
2019-12-18 02:50:50.350 21355 RALLYDEBUG rally.task.utils [-] Waiting for resource s_rally_0aee9011_cvf4ieWR. Status changed: BUILD => ACTIVE in 6.854062557220459
2019-12-18 02:50:51.843 21355 RALLYDEBUG rally.task.utils [-] Waiting for resource s_rally_0aee9011_cvf4ieWR. Status changed: ACTIVE => REBUILD in 0.17893147468566895
2019-12-18 02:50:58.906 21359 RALLYDEBUG rally.task.utils [-] Waiting for resource s_rally_0aee9011_MDgXzKMR. Status changed: REBUILD => ACTIVE in 15.926441431045532
2019-12-18 02:50:59.165 21356 RALLYDEBUG rally.task.utils [-] Waiting for resource s_rally_0aee9011_pbJ8rgYZ. Status changed: REBUILD => ACTIVE in 37.96680021286011
2019-12-18 02:51:01.219 21359 INFO rally.task.runner [-] Task c708e019-2db7-43ad-b3c8-d031aba2ba2e | ITER: 9 END: OK
2019-12-18 02:51:01.481 21356 INFO rally.task.runner [-] Task c708e019-2db7-43ad-b3c8-d031aba2ba2e | ITER: 6 END: OK
2019-12-18 02:51:29.159 21355 RALLYDEBUG rally.task.utils [-] Waiting for resource s_rally_0aee9011_cvf4ieWR. Status changed: REBUILD => ACTIVE in 37.315950870513916
2019-12-18 02:51:31.582 21355 INFO rally.task.runner [-] Task c708e019-2db7-43ad-b3c8-d031aba2ba2e | ITER: 10 END: OK
2019-12-18 02:51:31.616 20411 INFO rally.task.context [-] Task c708e019-2db7-43ad-b3c8-d031aba2ba2e | Context cleanup@openstack cleanup() started
2019-12-18 02:51:31.620 20411 RALLYDEBUG rally_openstack.cleanup.manager [-] Cleaning up nova servers objects
2019-12-18 02:51:32.990 20411 RALLYDEBUG rally_openstack.cleanup.manager [-] Cleaning up nova server_groups objects
2019-12-18 02:51:34.208 20411 RALLYDEBUG rally_openstack.cleanup.manager [-] Cleaning up nova keypairs objects
2019-12-18 02:51:36.703 20411 INFO rally.task.context [-] Task c708e019-2db7-43ad-b3c8-d031aba2ba2e | Context cleanup@openstack cleanup() finished in 5.09 sec
2019-12-18 02:51:36.704 20411 INFO rally.task.context [-] Task c708e019-2db7-43ad-b3c8-d031aba2ba2e | Context network@openstack cleanup() started
2019-12-18 02:52:00.289 20411 INFO rally.task.context [-] Task c708e019-2db7-43ad-b3c8-d031aba2ba2e | Context network@openstack cleanup() finished in 23.59 sec
2019-12-18 02:52:00.290 20411 INFO rally.task.context [-] Task c708e019-2db7-43ad-b3c8-d031aba2ba2e | Context quotas@openstack cleanup() started
2019-12-18 02:52:00.505 20411 INFO rally.task.context [-] Task c708e019-2db7-43ad-b3c8-d031aba2ba2e | Context quotas@openstack cleanup() finished in 0.21 sec
2019-12-18 02:52:00.505 20411 INFO rally.task.context [-] Task c708e019-2db7-43ad-b3c8-d031aba2ba2e | Context users@openstack cleanup() started
2019-12-18 02:52:04.530 20411 INFO rally.task.context [-] Task c708e019-2db7-43ad-b3c8-d031aba2ba2e | Context users@openstack cleanup() finished in 4.02 sec
2019-12-18 02:52:05.226 20411 INFO rally.task.engine [-] Load duration is: 111.525033
2019-12-18 02:52:05.227 20411 INFO rally.task.engine [-] Full runner duration is: 113.581158
2019-12-18 02:52:05.227 20411 INFO rally.task.engine [-] Full duration is: 165.991396
2019-12-18 02:52:05.581 20411 INFO rally.task.engine [-] Running workload: position = 0 config = { "version": 2, "title": "A cropped version of a bigger task.", "description": "Auto-generated task from a single workload (uuid=d78cc319-fa31-4bf2-b48f-15ebe4a44c46)", "subtasks": [ { "title": "NovaServers.snapshot_server", "description": "Boot a server, make its snapshot and delete both.", "scenario": { "NovaServers.snapshot_server": { "flavor": { "name": "rally_full-flavor_82abc6db-4b93-46af-8703-7548ccee80b4" }, "image": { "name": "rally_full-img_82abc6db-4b93-46af-8703-7548ccee80b4" }, "nics": [ { "net-id": "a2e4e6ce-5607-4f93-b98b-e192ed4c6f67" } ] } }, "contexts": { "users": { "tenants": 3, "users_per_tenant": 2 }, "network": { "networks_per_tenant": 1, "start_cidr": "100.1.0.0/25" }, "quotas": { "neutron": { "network": -1, "port": -1, "subnet": -1 }, "nova": { "cores": -1, "floating_ips": -1, "instances": -1, "ram": -1, "security_group_rules": -1, "security_groups": -1 } } }, "runner": { "constant": { "concurrency": 4, "times": 10 } }, "hooks": [], "sla": { "failure_rate": { "max": 0 } } } ] }
2019-12-18 02:52:05.608 20411 RALLYDEBUG rally_openstack.contexts.keystone.users [-] Creating 3 tenants using 20 threads
2019-12-18 02:52:06.658 20411 RALLYDEBUG rally_openstack.contexts.keystone.users [-] Creating 6 users using 20 threads
2019-12-18 02:52:08.183 20411 INFO rally.task.context [-] Task c708e019-2db7-43ad-b3c8-d031aba2ba2e | Context users@openstack setup() finished in 2.57 sec
2019-12-18 02:52:10.039 20411 INFO rally.task.context [-] Task c708e019-2db7-43ad-b3c8-d031aba2ba2e | Context quotas@openstack setup() finished in 1.86 sec
2019-12-18 02:52:12.169 20411 RALLYDEBUG rally_openstack.wrappers.network [-] CIDR generated: 100.1.6.0/25
2019-12-18 02:52:16.501 20411 RALLYDEBUG rally_openstack.wrappers.network [-] CIDR generated: 100.1.6.128/25
2019-12-18 02:52:20.404 20411 RALLYDEBUG rally_openstack.wrappers.network [-] CIDR generated: 100.1.7.0/25
2019-12-18 02:52:22.561 20411 INFO rally.task.context [-] Task c708e019-2db7-43ad-b3c8-d031aba2ba2e | Context network@openstack setup() finished in 12.52 sec
2019-12-18 02:52:22.561 20411 INFO rally.task.context [-] Task c708e019-2db7-43ad-b3c8-d031aba2ba2e | Context cleanup@openstack setup() finished in 0.01 msec
2019-12-18 02:52:23.406 20411 RALLYDEBUG rally.task.runner [-] Starting the constant runner (task UUID: c708e019-2db7-43ad-b3c8-d031aba2ba2e). times: 10 concurrency: 4 timeout: 0 max_cpu_used: 16 processes_to_start: 4 concurrency_per_worker: 1 concurrency_overhead: 0
2019-12-18 02:52:23.417 21519 RALLYDEBUG rally.task.runner [-] Starting a worker. times: 10 duration: None concurrency: 1 timeout: 0 cls: method_name: run args: {"flavor": "c3ced0cb-30ea-448e-8a52-6953d615bc6c", "image": "48bf0efe-01ba-4643-8231-99113ba84e63", "nics": [{"net-id": "a2e4e6ce-5607-4f93-b98b-e192ed4c6f67"}]}
2019-12-18 02:52:23.421 21520 RALLYDEBUG rally.task.runner [-] Starting a worker. times: 10 duration: None concurrency: 1 timeout: 0 cls: method_name: run args: {"flavor": "c3ced0cb-30ea-448e-8a52-6953d615bc6c", "image": "48bf0efe-01ba-4643-8231-99113ba84e63", "nics": [{"net-id": "a2e4e6ce-5607-4f93-b98b-e192ed4c6f67"}]}
2019-12-18 02:52:23.424 21519 INFO rally.task.runner [-] Task c708e019-2db7-43ad-b3c8-d031aba2ba2e | ITER: 1 START
2019-12-18 02:52:23.425 21521 RALLYDEBUG rally.task.runner [-] Starting a worker. times: 10 duration: None concurrency: 1 timeout: 0 cls: method_name: run args: {"flavor": "c3ced0cb-30ea-448e-8a52-6953d615bc6c", "image": "48bf0efe-01ba-4643-8231-99113ba84e63", "nics": [{"net-id": "a2e4e6ce-5607-4f93-b98b-e192ed4c6f67"}]}
2019-12-18 02:52:23.428 21520 INFO rally.task.runner [-] Task c708e019-2db7-43ad-b3c8-d031aba2ba2e | ITER: 2 START
2019-12-18 02:52:23.430 21524 RALLYDEBUG rally.task.runner [-] Starting a worker. times: 10 duration: None concurrency: 1 timeout: 0 cls: method_name: run args: {"flavor": "c3ced0cb-30ea-448e-8a52-6953d615bc6c", "image": "48bf0efe-01ba-4643-8231-99113ba84e63", "nics": [{"net-id": "a2e4e6ce-5607-4f93-b98b-e192ed4c6f67"}]}
2019-12-18 02:52:23.432 21521 INFO rally.task.runner [-] Task c708e019-2db7-43ad-b3c8-d031aba2ba2e | ITER: 3 START
2019-12-18 02:52:23.437 21524 INFO rally.task.runner [-] Task c708e019-2db7-43ad-b3c8-d031aba2ba2e | ITER: 4 START
2019-12-18 02:52:30.645 21521 RALLYDEBUG rally.task.utils [-] Waiting for resource s_rally_d78cc319_zxvlYJHl. Status changed: BUILD => ACTIVE in 4.738564491271973
2019-12-18 02:52:32.717 21520 RALLYDEBUG rally.task.utils [-] Waiting for resource s_rally_d78cc319_9PvUsyuC. Status changed: BUILD => ACTIVE in 6.825401067733765
2019-12-18 02:52:32.917 21521 RALLYDEBUG rally.task.utils [-] Waiting for resource s_rally_d78cc319_zxvlYJHl. Status changed: QUEUED => SAVING in 2.0409555435180664
2019-12-18 02:52:33.082 21519 RALLYDEBUG rally.task.utils [-] Waiting for resource s_rally_d78cc319_Ppl08G2J. Status changed: BUILD => ACTIVE in 6.9492411613464355
2019-12-18 02:52:34.944 21521 RALLYDEBUG rally.task.utils [-] Waiting for resource s_rally_d78cc319_zxvlYJHl. Status changed: SAVING => ACTIVE in 2.027028799057007
2019-12-18 02:52:35.791 21524 RALLYDEBUG rally.task.utils [-] Waiting for resource s_rally_d78cc319_cQMid223. Status changed: BUILD => ACTIVE in 9.509857177734375
2019-12-18 02:52:37.392 21519 RALLYDEBUG rally.task.utils [-] Waiting for resource s_rally_d78cc319_Ppl08G2J. Status changed: QUEUED => ACTIVE in 4.076618909835815
2019-12-18 02:52:37.399 21520 RALLYDEBUG rally.task.utils [-] Waiting for resource s_rally_d78cc319_9PvUsyuC. Status changed: QUEUED => ACTIVE in 4.075241565704346
2019-12-18 02:52:40.116 21524 RALLYDEBUG rally.task.utils [-] Waiting for resource s_rally_d78cc319_cQMid223. Status changed: QUEUED => ACTIVE in 4.064451217651367
2019-12-18 02:52:43.535 21521 RALLYDEBUG rally.task.utils [-] Waiting for resource s_rally_d78cc319_4DIfE9Ze. Status changed: BUILD => ACTIVE in 4.697592496871948
2019-12-18 02:52:46.059 21521 WARNING /usr/lib/python3.6/site-packages/rally_openstack/scenarios/nova/utils.py [-] Method '_delete_image' of NovaScenario class is deprecated since Rally 0.10.0. Use GlanceUtils instead.
2019-12-18 02:52:46.184 21520 RALLYDEBUG rally.task.utils [-] Waiting for resource s_rally_d78cc319_pHQOzapx. Status changed: BUILD => ACTIVE in 4.4521167278289795
2019-12-18 02:52:46.190 21521 DEBUG glanceclient.common.http [-] Request returned failure status 404. _handle_response /usr/lib/python3.6/site-packages/glanceclient/common/http.py:125
2019-12-18 02:52:46.196 21521 INFO rally.task.runner [-] Task c708e019-2db7-43ad-b3c8-d031aba2ba2e | ITER: 3 END: OK
2019-12-18 02:52:46.202 21521 INFO rally.task.runner [-] Task c708e019-2db7-43ad-b3c8-d031aba2ba2e | ITER: 5 START
2019-12-18 02:52:48.464 21519 RALLYDEBUG rally.task.utils [-] Waiting for resource s_rally_d78cc319_Pna3I2Rv. Status changed: BUILD => ACTIVE in 6.941605091094971
2019-12-18 02:52:48.499 21520 WARNING /usr/lib/python3.6/site-packages/rally_openstack/scenarios/nova/utils.py [-] Method '_delete_image' of NovaScenario class is deprecated since Rally 0.10.0. Use GlanceUtils instead.
2019-12-18 02:52:48.627 21520 DEBUG glanceclient.common.http [-] Request returned failure status 404. _handle_response /usr/lib/python3.6/site-packages/glanceclient/common/http.py:125
2019-12-18 02:52:48.633 21520 INFO rally.task.runner [-] Task c708e019-2db7-43ad-b3c8-d031aba2ba2e | ITER: 2 END: OK
2019-12-18 02:52:48.639 21520 INFO rally.task.runner [-] Task c708e019-2db7-43ad-b3c8-d031aba2ba2e | ITER: 6 START
2019-12-18 02:52:48.704 21524 RALLYDEBUG rally.task.utils [-] Waiting for resource s_rally_d78cc319_NPr5yCDt. Status changed: BUILD => ACTIVE in 4.435513734817505
2019-12-18 02:52:50.787 21519 WARNING /usr/lib/python3.6/site-packages/rally_openstack/scenarios/nova/utils.py [-] Method '_delete_image' of NovaScenario class is deprecated since Rally 0.10.0. Use GlanceUtils instead.
2019-12-18 02:52:50.921 21519 DEBUG glanceclient.common.http [-] Request returned failure status 404. _handle_response /usr/lib/python3.6/site-packages/glanceclient/common/http.py:125
2019-12-18 02:52:50.927 21519 INFO rally.task.runner [-] Task c708e019-2db7-43ad-b3c8-d031aba2ba2e | ITER: 1 END: OK
2019-12-18 02:52:50.932 21519 INFO rally.task.runner [-] Task c708e019-2db7-43ad-b3c8-d031aba2ba2e | ITER: 7 START
2019-12-18 02:52:51.280 21524 WARNING /usr/lib/python3.6/site-packages/rally_openstack/scenarios/nova/utils.py [-] Method '_delete_image' of NovaScenario class is deprecated since Rally 0.10.0. Use GlanceUtils instead.
2019-12-18 02:52:51.417 21524 DEBUG glanceclient.common.http [-] Request returned failure status 404. _handle_response /usr/lib/python3.6/site-packages/glanceclient/common/http.py:125
2019-12-18 02:52:51.422 21524 INFO rally.task.runner [-] Task c708e019-2db7-43ad-b3c8-d031aba2ba2e | ITER: 4 END: OK
2019-12-18 02:52:51.429 21524 INFO rally.task.runner [-] Task c708e019-2db7-43ad-b3c8-d031aba2ba2e | ITER: 8 START
2019-12-18 02:52:53.588 21521 RALLYDEBUG rally.task.utils [-] Waiting for resource s_rally_d78cc319_ryzI84fu. Status changed: BUILD => ACTIVE in 4.627464532852173
2019-12-18 02:52:55.707 21520 RALLYDEBUG rally.task.utils [-] Waiting for resource s_rally_d78cc319_Iqzdowvc. Status changed: BUILD => ACTIVE in 4.806794881820679
2019-12-18 02:52:57.904 21521 RALLYDEBUG rally.task.utils [-] Waiting for resource s_rally_d78cc319_ryzI84fu. Status changed: QUEUED => ACTIVE in 4.067099571228027
2019-12-18 02:52:58.316 21524 RALLYDEBUG rally.task.utils [-] Waiting for resource s_rally_d78cc319_BAxteZAe. Status changed: BUILD => ACTIVE in 4.747939586639404
2019-12-18 02:53:00.001 21520 RALLYDEBUG rally.task.utils [-] Waiting for resource s_rally_d78cc319_Iqzdowvc. Status changed: QUEUED => ACTIVE in 4.068232297897339
2019-12-18 02:53:00.088 21519 RALLYDEBUG rally.task.utils [-] Waiting for resource s_rally_d78cc319_I9N0qgLf. Status changed: BUILD => ACTIVE in 6.85575532913208
2019-12-18 02:53:02.648 21524 RALLYDEBUG rally.task.utils [-] Waiting for resource s_rally_d78cc319_BAxteZAe. Status changed: QUEUED => ACTIVE in 4.070091962814331
2019-12-18 02:53:04.485 21519 RALLYDEBUG rally.task.utils [-] Waiting for resource s_rally_d78cc319_I9N0qgLf. Status changed: QUEUED => ACTIVE in 4.073225736618042
2019-12-18 02:53:08.862 21521 RALLYDEBUG rally.task.utils [-] Waiting for resource s_rally_d78cc319_uWPuJDNd. Status changed: BUILD => ACTIVE in 6.685309410095215
2019-12-18 02:53:10.860 21520 RALLYDEBUG rally.task.utils [-] Waiting for resource s_rally_d78cc319_xQpwBuPN. Status changed: BUILD => ACTIVE in 6.844758033752441
2019-12-18 02:53:11.185 21521 WARNING /usr/lib/python3.6/site-packages/rally_openstack/scenarios/nova/utils.py [-] Method '_delete_image' of NovaScenario class is deprecated since Rally 0.10.0. Use GlanceUtils instead.
2019-12-18 02:53:11.310 21521 DEBUG glanceclient.common.http [-] Request returned failure status 404. _handle_response /usr/lib/python3.6/site-packages/glanceclient/common/http.py:125
2019-12-18 02:53:11.311 21521 INFO rally.task.runner [-] Task c708e019-2db7-43ad-b3c8-d031aba2ba2e | ITER: 5 END: OK
2019-12-18 02:53:11.315 21521 INFO rally.task.runner [-] Task c708e019-2db7-43ad-b3c8-d031aba2ba2e | ITER: 9 START
2019-12-18 02:53:11.576 21524 RALLYDEBUG rally.task.utils [-] Waiting for resource s_rally_d78cc319_8llC4T1I. Status changed: BUILD => ACTIVE in 4.542850971221924
2019-12-18 02:53:13.198 21520 WARNING /usr/lib/python3.6/site-packages/rally_openstack/scenarios/nova/utils.py [-] Method '_delete_image' of NovaScenario class is deprecated since Rally 0.10.0. Use GlanceUtils instead.
2019-12-18 02:53:13.324 21520 DEBUG glanceclient.common.http [-] Request returned failure status 404. _handle_response /usr/lib/python3.6/site-packages/glanceclient/common/http.py:125
2019-12-18 02:53:13.325 21520 INFO rally.task.runner [-] Task c708e019-2db7-43ad-b3c8-d031aba2ba2e | ITER: 6 END: OK
2019-12-18 02:53:13.330 21520 INFO rally.task.runner [-] Task c708e019-2db7-43ad-b3c8-d031aba2ba2e | ITER: 10 START
2019-12-18 02:53:13.429 21519 RALLYDEBUG rally.task.utils [-] Waiting for resource s_rally_d78cc319_PIWWCe3X. Status changed: BUILD => ACTIVE in 4.602100610733032
2019-12-18 02:53:13.897 21524 WARNING /usr/lib/python3.6/site-packages/rally_openstack/scenarios/nova/utils.py [-] Method '_delete_image' of NovaScenario class is deprecated since Rally 0.10.0. Use GlanceUtils instead.
2019-12-18 02:53:14.038 21524 DEBUG glanceclient.common.http [-] Request returned failure status 404. _handle_response /usr/lib/python3.6/site-packages/glanceclient/common/http.py:125
2019-12-18 02:53:14.039 21524 INFO rally.task.runner [-] Task c708e019-2db7-43ad-b3c8-d031aba2ba2e | ITER: 8 END: OK
2019-12-18 02:53:15.747 21519 WARNING /usr/lib/python3.6/site-packages/rally_openstack/scenarios/nova/utils.py [-] Method '_delete_image' of NovaScenario class is deprecated since Rally 0.10.0. Use GlanceUtils instead.
2019-12-18 02:53:15.901 21519 DEBUG glanceclient.common.http [-] Request returned failure status 404. _handle_response /usr/lib/python3.6/site-packages/glanceclient/common/http.py:125
2019-12-18 02:53:15.902 21519 INFO rally.task.runner [-] Task c708e019-2db7-43ad-b3c8-d031aba2ba2e | ITER: 7 END: OK
2019-12-18 02:53:19.238 21521 RALLYDEBUG rally.task.utils [-] Waiting for resource s_rally_d78cc319_FTwWbp5u. Status changed: BUILD => ACTIVE in 5.352614402770996
2019-12-18 02:53:20.018 21520 RALLYDEBUG rally.task.utils [-] Waiting for resource s_rally_d78cc319_QfLOKbH4. Status changed: BUILD => ACTIVE in 4.683360576629639
2019-12-18 02:53:23.630 21521 RALLYDEBUG rally.task.utils [-] Waiting for resource s_rally_d78cc319_FTwWbp5u. Status changed: QUEUED => ACTIVE in 4.077581882476807
2019-12-18 02:53:24.342 21520 RALLYDEBUG rally.task.utils [-] Waiting for resource s_rally_d78cc319_QfLOKbH4. Status changed: QUEUED => ACTIVE in 4.071202039718628
2019-12-18 02:53:32.859 21521 RALLYDEBUG rally.task.utils [-] Waiting for resource s_rally_d78cc319_hiv3ckVU. Status changed: BUILD => ACTIVE in 4.89689826965332
2019-12-18 02:53:33.243 21520 RALLYDEBUG rally.task.utils [-] Waiting for resource s_rally_d78cc319_ykew18AV. Status changed: BUILD => ACTIVE in 4.603673696517944
2019-12-18 02:53:35.333 21521 WARNING /usr/lib/python3.6/site-packages/rally_openstack/scenarios/nova/utils.py [-] Method '_delete_image' of NovaScenario class is deprecated since Rally 0.10.0. Use GlanceUtils instead.
2019-12-18 02:53:35.498 21521 DEBUG glanceclient.common.http [-] Request returned failure status 404. _handle_response /usr/lib/python3.6/site-packages/glanceclient/common/http.py:125
2019-12-18 02:53:35.500 21521 INFO rally.task.runner [-] Task c708e019-2db7-43ad-b3c8-d031aba2ba2e | ITER: 9 END: OK
2019-12-18 02:53:35.763 21520 WARNING /usr/lib/python3.6/site-packages/rally_openstack/scenarios/nova/utils.py [-] Method '_delete_image' of NovaScenario class is deprecated since Rally 0.10.0. Use GlanceUtils instead.
2019-12-18 02:53:35.945 21520 DEBUG glanceclient.common.http [-] Request returned failure status 404. _handle_response /usr/lib/python3.6/site-packages/glanceclient/common/http.py:125
2019-12-18 02:53:35.947 21520 INFO rally.task.runner [-] Task c708e019-2db7-43ad-b3c8-d031aba2ba2e | ITER: 10 END: OK
2019-12-18 02:53:35.978 20411 INFO rally.task.context [-] Task c708e019-2db7-43ad-b3c8-d031aba2ba2e | Context cleanup@openstack cleanup() started
2019-12-18 02:53:35.981 20411 RALLYDEBUG rally_openstack.cleanup.manager [-] Cleaning up nova servers objects
2019-12-18 02:53:37.320 20411 RALLYDEBUG rally_openstack.cleanup.manager [-] Cleaning up nova server_groups objects
2019-12-18 02:53:38.505 20411 RALLYDEBUG rally_openstack.cleanup.manager [-] Cleaning up nova keypairs objects
2019-12-18 02:53:40.961 20411 RALLYDEBUG rally_openstack.cleanup.manager [-] Cleaning up glance images objects
2019-12-18 02:53:42.576 20411 INFO rally.task.context [-] Task c708e019-2db7-43ad-b3c8-d031aba2ba2e | Context cleanup@openstack cleanup() finished in 6.60 sec
2019-12-18 02:53:42.576 20411 INFO rally.task.context [-] Task c708e019-2db7-43ad-b3c8-d031aba2ba2e | Context network@openstack cleanup() started
2019-12-18 02:54:05.165 20411 INFO rally.task.context [-] Task c708e019-2db7-43ad-b3c8-d031aba2ba2e | Context network@openstack cleanup() finished in 22.59 sec
2019-12-18 02:54:05.166 20411 INFO rally.task.context [-] Task c708e019-2db7-43ad-b3c8-d031aba2ba2e | Context quotas@openstack cleanup() started
2019-12-18 02:54:05.520 20411 INFO rally.task.context [-] Task c708e019-2db7-43ad-b3c8-d031aba2ba2e | Context quotas@openstack cleanup() finished in 0.35 sec
2019-12-18 02:54:05.521 20411 INFO rally.task.context [-] Task c708e019-2db7-43ad-b3c8-d031aba2ba2e | Context users@openstack cleanup() started
2019-12-18 02:54:09.978 20411 INFO rally.task.context [-] Task c708e019-2db7-43ad-b3c8-d031aba2ba2e | Context users@openstack cleanup() finished in 4.46 sec
2019-12-18 02:54:10.135 20411 INFO rally.task.engine [-] Load duration is: 70.520871
2019-12-18 02:54:10.136 20411 INFO rally.task.engine [-] Full runner duration is: 72.572543
2019-12-18 02:54:10.136 20411 INFO rally.task.engine [-] Full duration is: 124.372761
2019-12-18 02:54:10.493 20411 INFO rally.task.engine [-] Running workload: position = 0 config = { "version": 2, "title": "A cropped version of a bigger task.", "description": "Auto-generated task from a single workload (uuid=4f7c58da-8fd1-408b-b45d-dcf5c3d7653a)", "subtasks": [ { "title": "NovaServers.boot_server_from_volume", "description": "Boot a server from volume.", "scenario": { "NovaServers.boot_server_from_volume": { "flavor": { "name": "rally_full-flavor_82abc6db-4b93-46af-8703-7548ccee80b4" }, "image": { "name": "rally_full-img_82abc6db-4b93-46af-8703-7548ccee80b4" }, "volume_size": 1, "nics": [ { "net-id": "a2e4e6ce-5607-4f93-b98b-e192ed4c6f67" } ] } }, "contexts": { "users": { "tenants": 3, "users_per_tenant": 2 }, "api_versions": { "cinder": { "version": 3, "service_type": "volumev3" } } }, "runner": { "constant": { "concurrency": 4, "times": 10 } }, "hooks": [], "sla": { "failure_rate": { "max": 0 } } } ] }
2019-12-18 02:54:10.519 20411 RALLYDEBUG rally_openstack.contexts.keystone.users [-] Creating 3 tenants using 20 threads
2019-12-18 02:54:11.629 20411 RALLYDEBUG rally_openstack.contexts.keystone.users [-] Creating 6 users using 20 threads
2019-12-18 02:54:13.197 20411 INFO rally.task.context [-] Task c708e019-2db7-43ad-b3c8-d031aba2ba2e | Context users@openstack setup() finished in 2.68 sec
2019-12-18 02:54:13.618 20411 INFO rally.task.context [-] Task c708e019-2db7-43ad-b3c8-d031aba2ba2e | Context api_versions@openstack setup() finished in 0.42 sec
2019-12-18 02:54:13.619 20411 INFO rally.task.context [-] Task c708e019-2db7-43ad-b3c8-d031aba2ba2e | Context cleanup@openstack setup() finished in 0.01 msec
2019-12-18 02:54:14.907 20411 RALLYDEBUG rally.task.runner [-] Starting the constant runner (task UUID: c708e019-2db7-43ad-b3c8-d031aba2ba2e). times: 10 concurrency: 4 timeout: 0 max_cpu_used: 16 processes_to_start: 4 concurrency_per_worker: 1 concurrency_overhead: 0
2019-12-18 02:54:14.919 21703 RALLYDEBUG rally.task.runner [-] Starting a worker. times: 10 duration: None concurrency: 1 timeout: 0 cls: method_name: run args: {"flavor": "c3ced0cb-30ea-448e-8a52-6953d615bc6c", "image": "48bf0efe-01ba-4643-8231-99113ba84e63", "volume_size": 1, "nics": [{"net-id": "a2e4e6ce-5607-4f93-b98b-e192ed4c6f67"}]}
2019-12-18 02:54:14.923 21704 RALLYDEBUG rally.task.runner [-] Starting a worker. times: 10 duration: None concurrency: 1 timeout: 0 cls: method_name: run args: {"flavor": "c3ced0cb-30ea-448e-8a52-6953d615bc6c", "image": "48bf0efe-01ba-4643-8231-99113ba84e63", "volume_size": 1, "nics": [{"net-id": "a2e4e6ce-5607-4f93-b98b-e192ed4c6f67"}]}
2019-12-18 02:54:14.927 21703 INFO rally.task.runner [-] Task c708e019-2db7-43ad-b3c8-d031aba2ba2e | ITER: 1 START
2019-12-18 02:54:14.927 21705 RALLYDEBUG rally.task.runner [-] Starting a worker. times: 10 duration: None concurrency: 1 timeout: 0 cls: method_name: run args: {"flavor": "c3ced0cb-30ea-448e-8a52-6953d615bc6c", "image": "48bf0efe-01ba-4643-8231-99113ba84e63", "volume_size": 1, "nics": [{"net-id": "a2e4e6ce-5607-4f93-b98b-e192ed4c6f67"}]}
2019-12-18 02:54:14.930 21704 INFO rally.task.runner [-] Task c708e019-2db7-43ad-b3c8-d031aba2ba2e | ITER: 2 START
2019-12-18 02:54:14.930 21707 RALLYDEBUG rally.task.runner [-] Starting a worker. times: 10 duration: None concurrency: 1 timeout: 0 cls: method_name: run args: {"flavor": "c3ced0cb-30ea-448e-8a52-6953d615bc6c", "image": "48bf0efe-01ba-4643-8231-99113ba84e63", "volume_size": 1, "nics": [{"net-id": "a2e4e6ce-5607-4f93-b98b-e192ed4c6f67"}]}
2019-12-18 02:54:14.934 21705 INFO rally.task.runner [-] Task c708e019-2db7-43ad-b3c8-d031aba2ba2e | ITER: 3 START
2019-12-18 02:54:14.937 21707 INFO rally.task.runner [-] Task c708e019-2db7-43ad-b3c8-d031aba2ba2e | ITER: 4 START
2019-12-18 02:54:33.132 21707 RALLYDEBUG rally.task.utils [-] Waiting for resource s_rally_4f7c58da_5Px7qYsf. Status changed: DOWNLOADING => AVAILABLE in 14.62706184387207
2019-12-18 02:54:37.273 21704 RALLYDEBUG rally.task.utils [-] Waiting for resource s_rally_4f7c58da_aMQPGLmw. Status changed: DOWNLOADING => AVAILABLE in 18.738279342651367
2019-12-18 02:54:42.543 21707 RALLYDEBUG rally.task.utils [-] Waiting for resource s_rally_4f7c58da_UkhOdMWj. Status changed: BUILD => ACTIVE in 6.861968994140625
2019-12-18 02:54:42.545 21707 INFO rally.task.runner [-] Task c708e019-2db7-43ad-b3c8-d031aba2ba2e | ITER: 4 END: OK
2019-12-18 02:54:42.551 21707 INFO rally.task.runner [-] Task c708e019-2db7-43ad-b3c8-d031aba2ba2e | ITER: 5 START
2019-12-18 02:54:46.449 21704 RALLYDEBUG rally.task.utils [-] Waiting for resource s_rally_4f7c58da_cuJ2oY2n. Status changed: BUILD => ACTIVE in 6.97701096534729
2019-12-18 02:54:46.450 21704 INFO rally.task.runner [-] Task c708e019-2db7-43ad-b3c8-d031aba2ba2e | ITER: 2 END: OK
2019-12-18 02:54:46.455 21704 INFO rally.task.runner [-] Task c708e019-2db7-43ad-b3c8-d031aba2ba2e | ITER: 6 START
