2019-12-18 01:39:28.206 727 RALLYDEBUG rally.task.runner [-] Starting the constant runner (task UUID: b0a816ac-1dc9-4056-a2fd-bd35e5838924). times: 10 concurrency: 4 timeout: 0 max_cpu_used: 16 processes_to_start: 4 concurrency_per_worker: 1 concurrency_overhead: 0
2019-12-18 01:39:28.217 975 RALLYDEBUG rally.task.runner [-] Starting a worker. times: 10 duration: None concurrency: 1 timeout: 0 cls: method_name: run args: {"container_format": "bare", "disk_format": "qcow2", "image_location": "/home/opnfv/functest/images/cirros-0.4.0-x86_64-disk.img"}
2019-12-18 01:39:28.221 976 RALLYDEBUG rally.task.runner [-] Starting a worker. times: 10 duration: None concurrency: 1 timeout: 0 cls: method_name: run args: {"container_format": "bare", "disk_format": "qcow2", "image_location": "/home/opnfv/functest/images/cirros-0.4.0-x86_64-disk.img"}
2019-12-18 01:39:28.224 975 INFO rally.task.runner [-] Task b0a816ac-1dc9-4056-a2fd-bd35e5838924 | ITER: 1 START
2019-12-18 01:39:28.224 977 RALLYDEBUG rally.task.runner [-] Starting a worker. times: 10 duration: None concurrency: 1 timeout: 0 cls: method_name: run args: {"container_format": "bare", "disk_format": "qcow2", "image_location": "/home/opnfv/functest/images/cirros-0.4.0-x86_64-disk.img"}
2019-12-18 01:39:28.228 976 INFO rally.task.runner [-] Task b0a816ac-1dc9-4056-a2fd-bd35e5838924 | ITER: 2 START
2019-12-18 01:39:28.228 978 RALLYDEBUG rally.task.runner [-] Starting a worker. times: 10 duration: None concurrency: 1 timeout: 0 cls: method_name: run args: {"container_format": "bare", "disk_format": "qcow2", "image_location": "/home/opnfv/functest/images/cirros-0.4.0-x86_64-disk.img"}
2019-12-18 01:39:28.230 977 INFO rally.task.runner [-] Task b0a816ac-1dc9-4056-a2fd-bd35e5838924 | ITER: 3 START
2019-12-18 01:39:28.235 978 INFO rally.task.runner [-] Task b0a816ac-1dc9-4056-a2fd-bd35e5838924 | ITER: 4 START
2019-12-18 01:39:31.141 976 RALLYDEBUG rally.task.utils [-] Waiting for resource '31f72bcf-379e-4fb6-82d6-3ded94982a9b'. Status changed: NONE => QUEUED in 0.03741717338562012
2019-12-18 01:39:31.141 977 RALLYDEBUG rally.task.utils [-] Waiting for resource '2595bd65-55d1-4ebf-a745-3b797e90c380'. Status changed: NONE => QUEUED in 0.03888583183288574
2019-12-18 01:39:31.142 978 RALLYDEBUG rally.task.utils [-] Waiting for resource '3fd69972-e0de-4194-b16b-371b03135fbb'. Status changed: NONE => QUEUED in 0.03631114959716797
2019-12-18 01:39:31.233 975 RALLYDEBUG rally.task.utils [-] Waiting for resource '0a85696f-5468-40c9-8be2-1d9b250b06e8'. Status changed: NONE => QUEUED in 0.04090452194213867
2019-12-18 01:39:31.360 977 RALLYDEBUG rally.task.utils [-] Waiting for resource s_rally_d05ace5d_ORnW8OFG. Status changed: QUEUED => ACTIVE in 0.018837451934814453
2019-12-18 01:39:31.361 976 RALLYDEBUG rally.task.utils [-] Waiting for resource s_rally_d05ace5d_cM7ueoec. Status changed: QUEUED => ACTIVE in 0.018501758575439453
2019-12-18 01:39:31.374 978 RALLYDEBUG rally.task.utils [-] Waiting for resource s_rally_d05ace5d_UEmpiQiB. Status changed: QUEUED => ACTIVE in 0.020642518997192383
2019-12-18 01:39:31.392 976 INFO rally.task.runner [-] Task b0a816ac-1dc9-4056-a2fd-bd35e5838924 | ITER: 2 END: OK
2019-12-18 01:39:31.396 976 INFO rally.task.runner [-] Task b0a816ac-1dc9-4056-a2fd-bd35e5838924 | ITER: 5 START
2019-12-18 01:39:31.403 977 INFO rally.task.runner [-] Task b0a816ac-1dc9-4056-a2fd-bd35e5838924 | ITER: 3 END: OK
2019-12-18 01:39:31.407 977 INFO rally.task.runner [-] Task b0a816ac-1dc9-4056-a2fd-bd35e5838924 | ITER: 6 START
2019-12-18 01:39:31.408 978 INFO rally.task.runner [-] Task b0a816ac-1dc9-4056-a2fd-bd35e5838924 | ITER: 4 END: OK
2019-12-18 01:39:31.412 978 INFO rally.task.runner [-] Task b0a816ac-1dc9-4056-a2fd-bd35e5838924 | ITER: 7 START
2019-12-18 01:39:31.446 975 RALLYDEBUG rally.task.utils [-] Waiting for resource s_rally_d05ace5d_5OXWjcbo. Status changed: QUEUED => ACTIVE in 0.017299175262451172
2019-12-18 01:39:31.476 975 INFO rally.task.runner [-] Task b0a816ac-1dc9-4056-a2fd-bd35e5838924 | ITER: 1 END: OK
2019-12-18 01:39:31.480 975 INFO rally.task.runner [-] Task b0a816ac-1dc9-4056-a2fd-bd35e5838924 | ITER: 8 START
2019-12-18 01:39:34.169 976 RALLYDEBUG rally.task.utils [-] Waiting for resource '87d284ca-7fbb-4c97-82e7-7036785b5f46'. Status changed: NONE => QUEUED in 0.03986334800720215
2019-12-18 01:39:34.180 977 RALLYDEBUG rally.task.utils [-] Waiting for resource 'aca77385-2a04-4b71-91d7-ee3f31f02a37'. Status changed: NONE => QUEUED in 0.04166531562805176
2019-12-18 01:39:34.395 976 RALLYDEBUG rally.task.utils [-] Waiting for resource s_rally_d05ace5d_xX4Ax2It. Status changed: QUEUED => ACTIVE in 0.021691083908081055
2019-12-18 01:39:34.427 977 RALLYDEBUG rally.task.utils [-] Waiting for resource s_rally_d05ace5d_Mn4Kiabj. Status changed: QUEUED => ACTIVE in 0.021390199661254883
2019-12-18 01:39:34.428 976 INFO rally.task.runner [-] Task b0a816ac-1dc9-4056-a2fd-bd35e5838924 | ITER: 5 END: OK
2019-12-18 01:39:34.432 976 INFO rally.task.runner [-] Task b0a816ac-1dc9-4056-a2fd-bd35e5838924 | ITER: 9 START
2019-12-18 01:39:34.458 975 RALLYDEBUG rally.task.utils [-] Waiting for resource '27b2fa3d-12cf-4b68-baa1-da749a46ac09'. Status changed: NONE => QUEUED in 0.03436684608459473
2019-12-18 01:39:34.459 977 INFO rally.task.runner [-] Task b0a816ac-1dc9-4056-a2fd-bd35e5838924 | ITER: 6 END: OK
2019-12-18 01:39:34.459 978 RALLYDEBUG rally.task.utils [-] Waiting for resource 'ba084dd1-f56e-42aa-b9a6-cc55b512d2f0'. Status changed: NONE => QUEUED in 0.03410911560058594
2019-12-18 01:39:34.463 977 INFO rally.task.runner [-] Task b0a816ac-1dc9-4056-a2fd-bd35e5838924 | ITER: 10 START
2019-12-18 01:39:34.648 975 RALLYDEBUG rally.task.utils [-] Waiting for resource s_rally_d05ace5d_84XAEShp. Status changed: QUEUED => ACTIVE in 0.018748760223388672
2019-12-18 01:39:34.665 978 RALLYDEBUG rally.task.utils [-] Waiting for resource s_rally_d05ace5d_h6axODXl. Status changed: QUEUED => ACTIVE in 0.018799781799316406
2019-12-18 01:39:34.682 975 INFO rally.task.runner [-] Task b0a816ac-1dc9-4056-a2fd-bd35e5838924 | ITER: 8 END: OK
2019-12-18 01:39:34.697 978 INFO rally.task.runner [-] Task b0a816ac-1dc9-4056-a2fd-bd35e5838924 | ITER: 7 END: OK
2019-12-18 01:39:37.253 977 RALLYDEBUG rally.task.utils [-] Waiting for resource '85ef9ad8-577b-4ac9-9519-904462d35664'. Status changed: NONE => QUEUED in 0.04070258140563965
2019-12-18 01:39:37.263 976 RALLYDEBUG rally.task.utils [-] Waiting for resource 'b8e10aa3-136e-43a5-816e-19f8f963b709'. Status changed: NONE => QUEUED in 0.03928351402282715
2019-12-18 01:39:37.503 977 RALLYDEBUG rally.task.utils [-] Waiting for resource s_rally_d05ace5d_oVqDMwZm. Status changed: QUEUED => ACTIVE in 0.01983165740966797
2019-12-18 01:39:37.504 976 RALLYDEBUG rally.task.utils [-] Waiting for resource s_rally_d05ace5d_GUvNUre4. Status changed: QUEUED => ACTIVE in 0.021168947219848633
2019-12-18 01:39:37.536 977 INFO rally.task.runner [-] Task b0a816ac-1dc9-4056-a2fd-bd35e5838924 | ITER: 10 END: OK
2019-12-18 01:39:37.542 976 INFO rally.task.runner [-] Task b0a816ac-1dc9-4056-a2fd-bd35e5838924 | ITER: 9 END: OK
2019-12-18 01:39:37.571 727 INFO rally.task.context [-] Task b0a816ac-1dc9-4056-a2fd-bd35e5838924 | Context cleanup@openstack cleanup() started
2019-12-18 01:39:37.575 727 RALLYDEBUG rally_openstack.cleanup.manager [-] Cleaning up glance images objects
2019-12-18 01:39:39.052 727 RALLYDEBUG rally_openstack.cleanup.manager [-] Deleting glance.images object s_rally_d05ace5d_oVqDMwZm (85ef9ad8-577b-4ac9-9519-904462d35664)
2019-12-18 01:39:39.062 727 RALLYDEBUG rally_openstack.cleanup.manager [-] Deleting glance.images object s_rally_d05ace5d_h6axODXl (ba084dd1-f56e-42aa-b9a6-cc55b512d2f0)
2019-12-18 01:39:39.071 727 RALLYDEBUG rally_openstack.cleanup.manager [-] Deleting glance.images object s_rally_d05ace5d_84XAEShp (27b2fa3d-12cf-4b68-baa1-da749a46ac09)
2019-12-18 01:39:39.075 727 RALLYDEBUG rally_openstack.cleanup.manager [-] Deleting glance.images object s_rally_d05ace5d_UEmpiQiB (3fd69972-e0de-4194-b16b-371b03135fbb)
2019-12-18 01:39:39.084 727 RALLYDEBUG rally_openstack.cleanup.manager [-] Deleting glance.images object s_rally_d05ace5d_5OXWjcbo (0a85696f-5468-40c9-8be2-1d9b250b06e8)
2019-12-18 01:39:39.089 727 RALLYDEBUG rally_openstack.cleanup.manager [-] Deleting glance.images object s_rally_d05ace5d_GUvNUre4 (b8e10aa3-136e-43a5-816e-19f8f963b709)
2019-12-18 01:39:39.115 727 RALLYDEBUG rally_openstack.cleanup.manager [-] Deleting glance.images object s_rally_d05ace5d_Mn4Kiabj (aca77385-2a04-4b71-91d7-ee3f31f02a37)
2019-12-18 01:39:39.124 727 RALLYDEBUG rally_openstack.cleanup.manager [-] Deleting glance.images object s_rally_d05ace5d_xX4Ax2It (87d284ca-7fbb-4c97-82e7-7036785b5f46)
2019-12-18 01:39:39.138 727 RALLYDEBUG rally_openstack.cleanup.manager [-] Deleting glance.images object s_rally_d05ace5d_cM7ueoec (31f72bcf-379e-4fb6-82d6-3ded94982a9b)
2019-12-18 01:39:39.144 727 RALLYDEBUG rally_openstack.cleanup.manager [-] Deleting glance.images object s_rally_d05ace5d_ORnW8OFG (2595bd65-55d1-4ebf-a745-3b797e90c380)
2019-12-18 01:39:39.622 727 DEBUG glanceclient.common.http [-] Request returned failure status 404. _handle_response /usr/lib/python3.6/site-packages/glanceclient/common/http.py:125
2019-12-18 01:39:39.626 727 DEBUG glanceclient.common.http [-] Request returned failure status 404. _handle_response /usr/lib/python3.6/site-packages/glanceclient/common/http.py:125
2019-12-18 01:39:39.645 727 DEBUG glanceclient.common.http [-] Request returned failure status 404. _handle_response /usr/lib/python3.6/site-packages/glanceclient/common/http.py:125
2019-12-18 01:39:39.647 727 DEBUG glanceclient.common.http [-] Request returned failure status 404. _handle_response /usr/lib/python3.6/site-packages/glanceclient/common/http.py:125
2019-12-18 01:39:39.796 727 DEBUG glanceclient.common.http [-] Request returned failure status 404. _handle_response /usr/lib/python3.6/site-packages/glanceclient/common/http.py:125
2019-12-18 01:39:39.817 727 DEBUG glanceclient.common.http [-] Request returned failure status 404. _handle_response /usr/lib/python3.6/site-packages/glanceclient/common/http.py:125
2019-12-18 01:39:39.818 727 DEBUG glanceclient.common.http [-] Request returned failure status 404. _handle_response /usr/lib/python3.6/site-packages/glanceclient/common/http.py:125
2019-12-18 01:39:39.828 727 DEBUG glanceclient.common.http [-] Request returned failure status 404. _handle_response /usr/lib/python3.6/site-packages/glanceclient/common/http.py:125
2019-12-18 01:39:39.841 727 DEBUG glanceclient.common.http [-] Request returned failure status 404. _handle_response /usr/lib/python3.6/site-packages/glanceclient/common/http.py:125
2019-12-18 01:39:39.846 727 DEBUG glanceclient.common.http [-] Request returned failure status 404. _handle_response /usr/lib/python3.6/site-packages/glanceclient/common/http.py:125
2019-12-18 01:39:39.850 727 DEBUG glanceclient.common.http [-] Request returned failure status 404. _handle_response /usr/lib/python3.6/site-packages/glanceclient/common/http.py:125
2019-12-18 01:39:39.851 727 DEBUG glanceclient.common.http [-] Request returned failure status 404. _handle_response /usr/lib/python3.6/site-packages/glanceclient/common/http.py:125
2019-12-18 01:39:39.869 727 DEBUG glanceclient.common.http [-] Request returned failure status 404. _handle_response /usr/lib/python3.6/site-packages/glanceclient/common/http.py:125
2019-12-18 01:39:39.871 727 DEBUG glanceclient.common.http [-] Request returned failure status 404. _handle_response /usr/lib/python3.6/site-packages/glanceclient/common/http.py:125
2019-12-18 01:39:39.887 727 DEBUG glanceclient.common.http [-] Request returned failure status 404. _handle_response /usr/lib/python3.6/site-packages/glanceclient/common/http.py:125
2019-12-18 01:39:39.913 727 DEBUG glanceclient.common.http [-] Request returned failure status 404. _handle_response /usr/lib/python3.6/site-packages/glanceclient/common/http.py:125
2019-12-18 01:39:39.915 727 DEBUG glanceclient.common.http [-] Request returned failure status 404. _handle_response /usr/lib/python3.6/site-packages/glanceclient/common/http.py:125
2019-12-18 01:39:39.917 727 DEBUG glanceclient.common.http [-] Request returned failure status 404. _handle_response /usr/lib/python3.6/site-packages/glanceclient/common/http.py:125
2019-12-18 01:39:39.935 727 DEBUG glanceclient.common.http [-] Request returned failure status 404. _handle_response /usr/lib/python3.6/site-packages/glanceclient/common/http.py:125
2019-12-18 01:39:39.936 727 DEBUG glanceclient.common.http [-] Request returned failure status 404. _handle_response /usr/lib/python3.6/site-packages/glanceclient/common/http.py:125
2019-12-18 01:39:40.940 727 INFO rally.task.context [-] Task b0a816ac-1dc9-4056-a2fd-bd35e5838924 | Context cleanup@openstack cleanup() finished in 3.37 sec
2019-12-18 01:39:40.941 727 INFO rally.task.context [-] Task b0a816ac-1dc9-4056-a2fd-bd35e5838924 | Context users@openstack cleanup() started
2019-12-18 01:39:45.481 727 INFO rally.task.context [-] Task b0a816ac-1dc9-4056-a2fd-bd35e5838924 | Context users@openstack cleanup() finished in 4.54 sec
2019-12-18 01:39:45.800 727 INFO rally.task.engine [-] Load duration is: 8.637846
2019-12-18 01:39:45.800 727 INFO rally.task.engine [-] Full runner duration is: 9.366201
2019-12-18 01:39:45.801 727 INFO rally.task.engine [-] Full duration is: 19.804568
2019-12-18 01:39:46.373 727 INFO rally.task.engine [-] Running workload: position = 0 config = { "version": 2, "title": "A cropped version of a bigger task.", "description": "Auto-generated task from a single workload (uuid=f4d490ff-195d-43ad-9cd6-2a936442956e)", "subtasks": [ { "title": "GlanceImages.list_images", "description": "List all images.", "scenario": { "GlanceImages.list_images": {} }, "contexts": { "users": { "tenants": 3, "users_per_tenant": 2 } }, "runner": { "constant": { "concurrency": 4, "times": 10 } }, "hooks": [], "sla": { "failure_rate": { "max": 0 } } } ] }
2019-12-18 01:39:46.396 727 RALLYDEBUG rally_openstack.contexts.keystone.users [-] Creating 3 tenants using 20 threads
2019-12-18 01:39:47.478 727 RALLYDEBUG rally_openstack.contexts.keystone.users [-] Creating 6 users using 20 threads
2019-12-18 01:39:49.081 727 INFO rally.task.context [-] Task b0a816ac-1dc9-4056-a2fd-bd35e5838924 | Context users@openstack setup() finished in 2.69 sec
2019-12-18 01:39:49.095 727 RALLYDEBUG rally.task.runner [-] Starting the constant runner (task UUID: b0a816ac-1dc9-4056-a2fd-bd35e5838924). times: 10 concurrency: 4 timeout: 0 max_cpu_used: 16 processes_to_start: 4 concurrency_per_worker: 1 concurrency_overhead: 0
2019-12-18 01:39:49.107 1099 RALLYDEBUG rally.task.runner [-] Starting a worker. times: 10 duration: None concurrency: 1 timeout: 0 cls: method_name: run args: {}
2019-12-18 01:39:49.110 1100 RALLYDEBUG rally.task.runner [-] Starting a worker. times: 10 duration: None concurrency: 1 timeout: 0 cls: method_name: run args: {}
2019-12-18 01:39:49.113 1101 RALLYDEBUG rally.task.runner [-] Starting a worker. times: 10 duration: None concurrency: 1 timeout: 0 cls: method_name: run args: {}
2019-12-18 01:39:49.117 1099 INFO rally.task.runner [-] Task b0a816ac-1dc9-4056-a2fd-bd35e5838924 | ITER: 1 START
2019-12-18 01:39:49.117 1102 RALLYDEBUG rally.task.runner [-] Starting a worker. times: 10 duration: None concurrency: 1 timeout: 0 cls: method_name: run args: {}
2019-12-18 01:39:49.117 1100 INFO rally.task.runner [-] Task b0a816ac-1dc9-4056-a2fd-bd35e5838924 | ITER: 2 START
2019-12-18 01:39:49.120 1101 INFO rally.task.runner [-] Task b0a816ac-1dc9-4056-a2fd-bd35e5838924 | ITER: 3 START
2019-12-18 01:39:49.124 1102 INFO rally.task.runner [-] Task b0a816ac-1dc9-4056-a2fd-bd35e5838924 | ITER: 4 START
2019-12-18 01:39:49.968 1099 INFO rally.task.runner [-] Task b0a816ac-1dc9-4056-a2fd-bd35e5838924 | ITER: 1 END: OK
2019-12-18 01:39:49.968 1102 INFO rally.task.runner [-] Task b0a816ac-1dc9-4056-a2fd-bd35e5838924 | ITER: 4 END: OK
2019-12-18 01:39:49.972 1102 INFO rally.task.runner [-] Task b0a816ac-1dc9-4056-a2fd-bd35e5838924 | ITER: 5 START
2019-12-18 01:39:49.973 1099 INFO rally.task.runner [-] Task b0a816ac-1dc9-4056-a2fd-bd35e5838924 | ITER: 6 START
2019-12-18 01:39:49.976 1101 INFO rally.task.runner [-] Task b0a816ac-1dc9-4056-a2fd-bd35e5838924 | ITER: 3 END: OK
2019-12-18 01:39:49.980 1101 INFO rally.task.runner [-] Task b0a816ac-1dc9-4056-a2fd-bd35e5838924 | ITER: 7 START
2019-12-18 01:39:50.016 1100 INFO rally.task.runner [-] Task b0a816ac-1dc9-4056-a2fd-bd35e5838924 | ITER: 2 END: OK
2019-12-18 01:39:50.020 1100 INFO rally.task.runner [-] Task b0a816ac-1dc9-4056-a2fd-bd35e5838924 | ITER: 8 START
2019-12-18 01:39:50.646 1102 INFO rally.task.runner [-] Task b0a816ac-1dc9-4056-a2fd-bd35e5838924 | ITER: 5 END: OK
2019-12-18 01:39:50.646 1101 INFO rally.task.runner [-] Task b0a816ac-1dc9-4056-a2fd-bd35e5838924 | ITER: 7 END: OK
2019-12-18 01:39:50.651 1101 INFO rally.task.runner [-] Task b0a816ac-1dc9-4056-a2fd-bd35e5838924 | ITER: 9 START
2019-12-18 01:39:50.651 1102 INFO rally.task.runner [-] Task b0a816ac-1dc9-4056-a2fd-bd35e5838924 | ITER: 10 START
2019-12-18 01:39:50.766 1100 INFO rally.task.runner [-] Task b0a816ac-1dc9-4056-a2fd-bd35e5838924 | ITER: 8 END: OK
2019-12-18 01:39:50.865 1099 INFO rally.task.runner [-] Task b0a816ac-1dc9-4056-a2fd-bd35e5838924 | ITER: 6 END: OK
2019-12-18 01:39:51.419 1102 INFO rally.task.runner [-] Task b0a816ac-1dc9-4056-a2fd-bd35e5838924 | ITER: 10 END: OK
2019-12-18 01:39:51.478 1101 INFO rally.task.runner [-] Task b0a816ac-1dc9-4056-a2fd-bd35e5838924 | ITER: 9 END: OK
2019-12-18 01:39:51.500 727 INFO rally.task.context [-] Task b0a816ac-1dc9-4056-a2fd-bd35e5838924 | Context users@openstack cleanup() started
2019-12-18 01:39:56.113 727 INFO rally.task.context [-] Task b0a816ac-1dc9-4056-a2fd-bd35e5838924 | Context users@openstack cleanup() finished in 4.61 sec
2019-12-18 01:39:56.495 727 INFO rally.task.engine [-] Load duration is: 1.647233
2019-12-18 01:39:56.495 727 INFO rally.task.engine [-] Full runner duration is: 2.406821
2019-12-18 01:39:56.496 727 INFO rally.task.engine [-] Full duration is: 9.719109
2019-12-18 01:39:57.157 727 INFO rally.task.engine [-] Running workload: position = 0 config = { "version": 2, "title": "A cropped version of a bigger task.", "description": "Auto-generated task from a single workload (uuid=14959274-c47a-4daa-8cd1-f18cbb35eafc)", "subtasks": [ { "title": "GlanceImages.create_image_and_boot_instances", "description": "Create an image and boot several instances from it.", "scenario": { "GlanceImages.create_image_and_boot_instances": { "container_format": "bare", "disk_format": "qcow2", "image_location": "/home/opnfv/functest/images/cirros-0.4.0-x86_64-disk.img", "flavor": { "name": "rally_full-flavor_82abc6db-4b93-46af-8703-7548ccee80b4" }, "number_instances": 2, "nics": [ { "net-id": "a2e4e6ce-5607-4f93-b98b-e192ed4c6f67" } ] } }, "contexts": { "users": { "tenants": 3, "users_per_tenant": 2 }, "quotas": { "nova": { "cores": -1, "floating_ips": -1, "instances": -1, "ram": -1, "security_group_rules": -1, "security_groups": -1 } } }, "runner": { "constant": { "concurrency": 4, "times": 10 } }, "hooks": [], "sla": { "failure_rate": { "max": 0 } } } ] }
2019-12-18 01:39:57.188 727 RALLYDEBUG rally_openstack.contexts.keystone.users [-] Creating 3 tenants using 20 threads
2019-12-18 01:39:58.176 727 RALLYDEBUG rally_openstack.contexts.keystone.users [-] Creating 6 users using 20 threads
2019-12-18 01:39:59.683 727 INFO rally.task.context [-] Task b0a816ac-1dc9-4056-a2fd-bd35e5838924 | Context users@openstack setup() finished in 2.50 sec
2019-12-18 01:40:01.025 727 INFO rally.task.context [-] Task b0a816ac-1dc9-4056-a2fd-bd35e5838924 | Context quotas@openstack setup() finished in 1.34 sec
2019-12-18 01:40:01.025 727 INFO rally.task.context [-] Task b0a816ac-1dc9-4056-a2fd-bd35e5838924 | Context cleanup@openstack setup() finished in 0.05 msec
2019-12-18 01:40:01.423 727 RALLYDEBUG rally.task.runner [-] Starting the constant runner (task UUID: b0a816ac-1dc9-4056-a2fd-bd35e5838924). times: 10 concurrency: 4 timeout: 0 max_cpu_used: 16 processes_to_start: 4 concurrency_per_worker: 1 concurrency_overhead: 0
2019-12-18 01:40:01.436 1203 RALLYDEBUG rally.task.runner [-] Starting a worker. times: 10 duration: None concurrency: 1 timeout: 0 cls: method_name: run args: {"container_format": "bare", "disk_format": "qcow2", "image_location": "/home/opnfv/functest/images/cirros-0.4.0-x86_64-disk.img", "flavor": "c3ced0cb-30ea-448e-8a52-6953d615bc6c", "number_instances": 2, "nics": [{"net-id": "a2e4e6ce-5607-4f93-b98b-e192ed4c6f67"}]}
2019-12-18 01:40:01.439 1204 RALLYDEBUG rally.task.runner [-] Starting a worker. times: 10 duration: None concurrency: 1 timeout: 0 cls: method_name: run args: {"container_format": "bare", "disk_format": "qcow2", "image_location": "/home/opnfv/functest/images/cirros-0.4.0-x86_64-disk.img", "flavor": "c3ced0cb-30ea-448e-8a52-6953d615bc6c", "number_instances": 2, "nics": [{"net-id": "a2e4e6ce-5607-4f93-b98b-e192ed4c6f67"}]}
2019-12-18 01:40:01.443 1203 INFO rally.task.runner [-] Task b0a816ac-1dc9-4056-a2fd-bd35e5838924 | ITER: 1 START
2019-12-18 01:40:01.443 1205 RALLYDEBUG rally.task.runner [-] Starting a worker. times: 10 duration: None concurrency: 1 timeout: 0 cls: method_name: run args: {"container_format": "bare", "disk_format": "qcow2", "image_location": "/home/opnfv/functest/images/cirros-0.4.0-x86_64-disk.img", "flavor": "c3ced0cb-30ea-448e-8a52-6953d615bc6c", "number_instances": 2, "nics": [{"net-id": "a2e4e6ce-5607-4f93-b98b-e192ed4c6f67"}]}
2019-12-18 01:40:01.446 1204 INFO rally.task.runner [-] Task b0a816ac-1dc9-4056-a2fd-bd35e5838924 | ITER: 2 START
2019-12-18 01:40:01.446 1206 RALLYDEBUG rally.task.runner [-] Starting a worker. times: 10 duration: None concurrency: 1 timeout: 0 cls: method_name: run args: {"container_format": "bare", "disk_format": "qcow2", "image_location": "/home/opnfv/functest/images/cirros-0.4.0-x86_64-disk.img", "flavor": "c3ced0cb-30ea-448e-8a52-6953d615bc6c", "number_instances": 2, "nics": [{"net-id": "a2e4e6ce-5607-4f93-b98b-e192ed4c6f67"}]}
2019-12-18 01:40:01.449 1205 INFO rally.task.runner [-] Task b0a816ac-1dc9-4056-a2fd-bd35e5838924 | ITER: 3 START
2019-12-18 01:40:01.452 1206 INFO rally.task.runner [-] Task b0a816ac-1dc9-4056-a2fd-bd35e5838924 | ITER: 4 START
2019-12-18 01:40:02.144 1204 WARNING rally_openstack.scenarios.glance.images [-] 'kwargs' is deprecated in Rally v0.8.0: Use 'boot_server_kwargs' for additional parameters when booting servers.
2019-12-18 01:40:02.151 1205 WARNING rally_openstack.scenarios.glance.images [-] 'kwargs' is deprecated in Rally v0.8.0: Use 'boot_server_kwargs' for additional parameters when booting servers.
2019-12-18 01:40:02.151 1206 WARNING rally_openstack.scenarios.glance.images [-] 'kwargs' is deprecated in Rally v0.8.0: Use 'boot_server_kwargs' for additional parameters when booting servers.
2019-12-18 01:40:02.162 1203 WARNING rally_openstack.scenarios.glance.images [-] 'kwargs' is deprecated in Rally v0.8.0: Use 'boot_server_kwargs' for additional parameters when booting servers.
2019-12-18 01:40:04.380 1205 RALLYDEBUG rally.task.utils [-] Waiting for resource '7ba28d8a-20b0-459c-ba61-c02507cf5e5e'. Status changed: NONE => QUEUED in 0.039398193359375
2019-12-18 01:40:04.384 1203 RALLYDEBUG rally.task.utils [-] Waiting for resource '256a8d6f-e82c-4e1f-8045-ff002a9beff5'. Status changed: NONE => QUEUED in 0.03819704055786133
2019-12-18 01:40:04.394 1206 RALLYDEBUG rally.task.utils [-] Waiting for resource 'af8579fa-bce6-4a4e-b0ed-69eb24215423'. Status changed: NONE => QUEUED in 0.04399991035461426
2019-12-18 01:40:04.397 1204 RALLYDEBUG rally.task.utils [-] Waiting for resource 'd1ed3c42-0782-4c2b-a109-bbaa30df8b3e'. Status changed: NONE => QUEUED in 0.04614877700805664
2019-12-18 01:40:04.605 1203 RALLYDEBUG rally.task.utils [-] Waiting for resource s_rally_14959274_2tinRi6a. Status changed: QUEUED => ACTIVE in 0.019056320190429688
2019-12-18 01:40:04.629 1206 RALLYDEBUG rally.task.utils [-] Waiting for resource s_rally_14959274_yOS34DjJ. Status changed: QUEUED => ACTIVE in 0.02638840675354004
2019-12-18 01:40:04.641 1204 RALLYDEBUG rally.task.utils [-] Waiting for resource s_rally_14959274_zLyeJX0T. Status changed: QUEUED => ACTIVE in 0.018057584762573242
2019-12-18 01:40:04.696 1205 RALLYDEBUG rally.task.utils [-] Waiting for resource s_rally_14959274_lh6h1e37. Status changed: QUEUED => ACTIVE in 0.01754140853881836
2019-12-18 01:40:14.409 1205 RALLYDEBUG rally.task.utils [-] Waiting for resource s_rally_14959274_EeY5VnT6_1. Status changed: BUILD => ACTIVE in 6.77684211730957
2019-12-18 01:40:14.589 1205 RALLYDEBUG rally.task.utils [-] Waiting for resource s_rally_14959274_EeY5VnT6_0. Status changed: BUILD => ACTIVE in 0.17927813529968262
2019-12-18 01:40:14.589 1205 INFO rally.task.runner [-] Task b0a816ac-1dc9-4056-a2fd-bd35e5838924 | ITER: 3 END: OK
2019-12-18 01:40:14.594 1205 INFO rally.task.runner [-] Task b0a816ac-1dc9-4056-a2fd-bd35e5838924 | ITER: 5 START
2019-12-18 01:40:15.203 1205 WARNING rally_openstack.scenarios.glance.images [-] 'kwargs' is deprecated in Rally v0.8.0: Use 'boot_server_kwargs' for additional parameters when booting servers.
2019-12-18 01:40:16.505 1203 RALLYDEBUG rally.task.utils [-] Waiting for resource s_rally_14959274_9zrXMiP6_1. Status changed: BUILD => ACTIVE in 8.879098415374756
2019-12-18 01:40:16.658 1206 RALLYDEBUG rally.task.utils [-] Waiting for resource s_rally_14959274_rGrXGf8c_1. Status changed: BUILD => ACTIVE in 9.076924324035645
2019-12-18 01:40:16.686 1203 RALLYDEBUG rally.task.utils [-] Waiting for resource s_rally_14959274_9zrXMiP6_0. Status changed: BUILD => ACTIVE in 0.18097448348999023
2019-12-18 01:40:16.687 1203 INFO rally.task.runner [-] Task b0a816ac-1dc9-4056-a2fd-bd35e5838924 | ITER: 1 END: OK
2019-12-18 01:40:16.691 1203 INFO rally.task.runner [-] Task b0a816ac-1dc9-4056-a2fd-bd35e5838924 | ITER: 6 START
2019-12-18 01:40:16.856 1204 RALLYDEBUG rally.task.utils [-] Waiting for resource s_rally_14959274_3vphZhje_1. Status changed: BUILD => ACTIVE in 9.009939193725586
2019-12-18 01:40:16.891 1206 RALLYDEBUG rally.task.utils [-] Waiting for resource s_rally_14959274_rGrXGf8c_0. Status changed: BUILD => ACTIVE in 0.23223114013671875
2019-12-18 01:40:16.891 1206 INFO rally.task.runner [-] Task b0a816ac-1dc9-4056-a2fd-bd35e5838924 | ITER: 4 END: OK
2019-12-18 01:40:16.895 1206 INFO rally.task.runner [-] Task b0a816ac-1dc9-4056-a2fd-bd35e5838924 | ITER: 7 START
2019-12-18 01:40:17.053 1204 RALLYDEBUG rally.task.utils [-] Waiting for resource s_rally_14959274_3vphZhje_0. Status changed: BUILD => ACTIVE in 0.1963822841644287
2019-12-18 01:40:17.053 1204 INFO rally.task.runner [-] Task b0a816ac-1dc9-4056-a2fd-bd35e5838924 | ITER: 2 END: OK
2019-12-18 01:40:17.058 1204 INFO rally.task.runner [-] Task b0a816ac-1dc9-4056-a2fd-bd35e5838924 | ITER: 8 START
2019-12-18 01:40:17.299 1203 WARNING rally_openstack.scenarios.glance.images [-] 'kwargs' is deprecated in Rally v0.8.0: Use 'boot_server_kwargs' for additional parameters when booting servers.
2019-12-18 01:40:17.375 1205 RALLYDEBUG rally.task.utils [-] Waiting for resource '383c8e02-6e91-41a5-ad45-2b4b991cffc0'. Status changed: NONE => QUEUED in 0.03058028221130371
2019-12-18 01:40:17.501 1206 WARNING rally_openstack.scenarios.glance.images [-] 'kwargs' is deprecated in Rally v0.8.0: Use 'boot_server_kwargs' for additional parameters when booting servers.
2019-12-18 01:40:17.612 1205 RALLYDEBUG rally.task.utils [-] Waiting for resource s_rally_14959274_tmsxAIaE. Status changed: QUEUED => ACTIVE in 0.016590595245361328
2019-12-18 01:40:17.670 1204 WARNING rally_openstack.scenarios.glance.images [-] 'kwargs' is deprecated in Rally v0.8.0: Use 'boot_server_kwargs' for additional parameters when booting servers.
2019-12-18 01:40:19.476 1203 RALLYDEBUG rally.task.utils [-] Waiting for resource '461ea6a8-ebcf-46e7-b902-cae7d5e7abd6'. Status changed: NONE => QUEUED in 0.03113269805908203
2019-12-18 01:40:19.673 1206 RALLYDEBUG rally.task.utils [-] Waiting for resource '077cc8c5-8caf-44f2-994b-d08d16b7fa34'. Status changed: NONE => QUEUED in 0.03637075424194336
2019-12-18 01:40:19.790 1203 RALLYDEBUG rally.task.utils [-] Waiting for resource s_rally_14959274_ZtpF0dqS. Status changed: QUEUED => ACTIVE in 0.018332719802856445
2019-12-18 01:40:19.842 1204 RALLYDEBUG rally.task.utils [-] Waiting for resource 'd04af956-f3df-4086-b4c3-e25847017186'. Status changed: NONE => QUEUED in 0.03167462348937988
2019-12-18 01:40:19.964 1206 RALLYDEBUG rally.task.utils [-] Waiting for resource s_rally_14959274_eRoxrevO. Status changed: QUEUED => ACTIVE in 0.0216062068939209
2019-12-18 01:40:20.172 1204 RALLYDEBUG rally.task.utils [-] Waiting for resource s_rally_14959274_2Ov391VT. Status changed: QUEUED => ACTIVE in 0.019275426864624023
2019-12-18 01:40:30.171 1205 RALLYDEBUG rally.task.utils [-] Waiting for resource s_rally_14959274_5HUdLUKm_1. Status changed: BUILD => ACTIVE in 9.268908739089966
2019-12-18 01:40:31.757 1206 RALLYDEBUG rally.task.utils [-] Waiting for resource s_rally_14959274_iw4FXFfT_1. Status changed: BUILD => ACTIVE in 9.02664852142334
2019-12-18 01:40:32.156 1206 RALLYDEBUG rally.task.utils [-] Waiting for resource s_rally_14959274_iw4FXFfT_0. Status changed: BUILD => ACTIVE in 0.39706897735595703
2019-12-18 01:40:32.157 1206 INFO rally.task.runner [-] Task b0a816ac-1dc9-4056-a2fd-bd35e5838924 | ITER: 7 END: OK
2019-12-18 01:40:32.162 1206 INFO rally.task.runner [-] Task b0a816ac-1dc9-4056-a2fd-bd35e5838924 | ITER: 9 START
2019-12-18 01:40:32.628 1204 RALLYDEBUG rally.task.utils [-] Waiting for resource s_rally_14959274_4Kyax3jK_1. Status changed: BUILD => ACTIVE in 9.123117446899414
2019-12-18 01:40:32.641 1205 RALLYDEBUG rally.task.utils [-] Waiting for resource s_rally_14959274_5HUdLUKm_0. Status changed: BUILD => ACTIVE in 2.469374895095825
2019-12-18 01:40:32.642 1205 INFO rally.task.runner [-] Task b0a816ac-1dc9-4056-a2fd-bd35e5838924 | ITER: 5 END: OK
2019-12-18 01:40:32.649 1205 INFO rally.task.runner [-] Task b0a816ac-1dc9-4056-a2fd-bd35e5838924 | ITER: 10 START
2019-12-18 01:40:32.852 1204 RALLYDEBUG rally.task.utils [-] Waiting for resource s_rally_14959274_4Kyax3jK_0. Status changed: BUILD => ACTIVE in 0.2222442626953125
2019-12-18 01:40:32.853 1204 INFO rally.task.runner [-] Task b0a816ac-1dc9-4056-a2fd-bd35e5838924 | ITER: 8 END: OK
2019-12-18 01:40:32.870 1206 WARNING rally_openstack.scenarios.glance.images [-] 'kwargs' is deprecated in Rally v0.8.0: Use 'boot_server_kwargs' for additional parameters when booting servers.
2019-12-18 01:40:33.247 1205 WARNING rally_openstack.scenarios.glance.images [-] 'kwargs' is deprecated in Rally v0.8.0: Use 'boot_server_kwargs' for additional parameters when booting servers.
2019-12-18 01:40:35.039 1206 RALLYDEBUG rally.task.utils [-] Waiting for resource 'af631238-71a5-4aac-bdfd-88e179cacf9e'. Status changed: NONE => QUEUED in 0.03326106071472168
2019-12-18 01:40:35.423 1205 RALLYDEBUG rally.task.utils [-] Waiting for resource '65523eff-f790-449b-9824-a0db80fe3040'. Status changed: NONE => QUEUED in 0.03433799743652344
2019-12-18 01:40:35.491 1206 RALLYDEBUG rally.task.utils [-] Waiting for resource s_rally_14959274_FsNmFJwv. Status changed: QUEUED => ACTIVE in 0.021007061004638672
2019-12-18 01:40:35.682 1205 RALLYDEBUG rally.task.utils [-] Waiting for resource s_rally_14959274_YFGsLjAA. Status changed: QUEUED => ACTIVE in 0.01703619956970215
2019-12-18 01:40:40.808 1203 RALLYDEBUG rally.task.utils [-] Waiting for resource s_rally_14959274_rcACywDR_1. Status changed: BUILD => ACTIVE in 17.933375358581543
2019-12-18 01:40:40.997 1203 RALLYDEBUG rally.task.utils [-] Waiting for resource s_rally_14959274_rcACywDR_0. Status changed: BUILD => ACTIVE in 0.18710827827453613
2019-12-18 01:40:40.997 1203 INFO rally.task.runner [-] Task b0a816ac-1dc9-4056-a2fd-bd35e5838924 | ITER: 6 END: OK
2019-12-18 01:40:49.348 1205 RALLYDEBUG rally.task.utils [-] Waiting for resource s_rally_14959274_9vNtMcnt_1. Status changed: BUILD => ACTIVE in 10.983849287033081
2019-12-18 01:40:49.559 1205 RALLYDEBUG rally.task.utils [-] Waiting for resource s_rally_14959274_9vNtMcnt_0. Status changed: BUILD => ACTIVE in 0.2100670337677002
2019-12-18 01:40:49.560 1205 INFO rally.task.runner [-] Task b0a816ac-1dc9-4056-a2fd-bd35e5838924 | ITER: 10 END: OK
2019-12-18 01:40:51.272 1206 RALLYDEBUG rally.task.utils [-] Waiting for resource s_rally_14959274_6896G7CJ_1. Status changed: BUILD => ACTIVE in 13.474777698516846
2019-12-18 01:40:51.471 1206 RALLYDEBUG rally.task.utils [-] Waiting for resource s_rally_14959274_6896G7CJ_0. Status changed: BUILD => ACTIVE in 0.1972672939300537
2019-12-18 01:40:51.472 1206 INFO rally.task.runner [-] Task b0a816ac-1dc9-4056-a2fd-bd35e5838924 | ITER: 9 END: OK
2019-12-18 01:40:51.500 727 INFO rally.task.context [-] Task b0a816ac-1dc9-4056-a2fd-bd35e5838924 | Context cleanup@openstack cleanup() started
2019-12-18 01:40:51.504 727 RALLYDEBUG rally_openstack.cleanup.manager [-] Cleaning up nova servers objects
2019-12-18 01:40:54.065 727 RALLYDEBUG rally_openstack.cleanup.manager [-] Deleting nova.servers object s_rally_14959274_6896G7CJ_0 (557ec6ce-bbcf-4f9b-a627-ca81d6ecdb2c)
2019-12-18 01:40:54.070 727 RALLYDEBUG rally_openstack.cleanup.manager [-] Deleting nova.servers object s_rally_14959274_6896G7CJ_1 (7da187f0-12c8-4fb2-815a-41edfbd85990)
2019-12-18 01:40:54.079 727 RALLYDEBUG rally_openstack.cleanup.manager [-] Deleting nova.servers object s_rally_14959274_4Kyax3jK_1 (49dcdbc6-4cf9-4e79-bab9-091f1e91c87c)
2019-12-18 01:40:54.089 727 RALLYDEBUG rally_openstack.cleanup.manager [-] Deleting nova.servers object s_rally_14959274_iw4FXFfT_1 (33bf414e-a7cd-4bea-9751-84ac4413c940)
2019-12-18 01:40:54.108 727 RALLYDEBUG rally_openstack.cleanup.manager [-] Deleting nova.servers object s_rally_14959274_4Kyax3jK_0 (81f28b93-0586-4e2f-ad64-7449d55a5cde)
2019-12-18 01:40:54.116 727 RALLYDEBUG rally_openstack.cleanup.manager [-] Deleting nova.servers object s_rally_14959274_iw4FXFfT_0 (5743ac0e-5ce7-40f4-913a-8a4421ec2044)
2019-12-18 01:40:54.132 727 RALLYDEBUG rally_openstack.cleanup.manager [-] Deleting nova.servers object s_rally_14959274_EeY5VnT6_1 (cc52559f-5813-4066-947e-7ea001d48c97)
2019-12-18 01:40:54.151 727 RALLYDEBUG rally_openstack.cleanup.manager [-] Deleting nova.servers object s_rally_14959274_rGrXGf8c_1 (e2e0e205-8423-4d3b-8e16-831572364e6c)
2019-12-18 01:40:54.154 727 RALLYDEBUG rally_openstack.cleanup.manager [-] Deleting nova.servers object s_rally_14959274_EeY5VnT6_0 (404cb1d6-0fdb-43b0-bbf9-d20aae854888)
2019-12-18 01:40:54.167 727 RALLYDEBUG rally_openstack.cleanup.manager [-] Deleting nova.servers object s_rally_14959274_rGrXGf8c_0 (ec851d6b-d8e2-46fd-9957-08218c78e661)
2019-12-18 01:40:54.186 727 RALLYDEBUG rally_openstack.cleanup.manager [-] Deleting nova.servers object s_rally_14959274_9vNtMcnt_1 (0ee00f6c-0872-4ac2-bd52-40dbd968eccb)
2019-12-18 01:40:54.197 727 RALLYDEBUG rally_openstack.cleanup.manager [-] Deleting nova.servers object s_rally_14959274_9vNtMcnt_0 (be59ca3e-239f-4926-8a82-a095978f2c22)
2019-12-18 01:40:54.204 727 RALLYDEBUG rally_openstack.cleanup.manager [-] Deleting nova.servers object s_rally_14959274_rcACywDR_1 (59ccb7e3-9080-47a2-9218-7e96ed466a04)
2019-12-18 01:40:54.211 727 RALLYDEBUG rally_openstack.cleanup.manager [-] Deleting nova.servers object s_rally_14959274_rcACywDR_0 (56f77b9e-60b1-498c-8dc1-04d54deb075f)
2019-12-18 01:40:54.219 727 RALLYDEBUG rally_openstack.cleanup.manager [-] Deleting nova.servers object s_rally_14959274_5HUdLUKm_1 (ab85ec9e-74ea-470f-b0f4-4fedb077f9a3)
2019-12-18 01:40:54.239 727 RALLYDEBUG rally_openstack.cleanup.manager [-] Deleting nova.servers object s_rally_14959274_5HUdLUKm_0 (12b8c584-b3c5-41bd-8153-096ae8416bdf)
2019-12-18 01:40:54.254 727 RALLYDEBUG rally_openstack.cleanup.manager [-] Deleting nova.servers object s_rally_14959274_9zrXMiP6_1 (93004160-4f8a-4979-9996-7e74f3238ae0)
2019-12-18 01:40:54.266 727 RALLYDEBUG rally_openstack.cleanup.manager [-] Deleting nova.servers object s_rally_14959274_3vphZhje_1 (a3e56d39-d9da-4e32-85f3-ababd0606033)
2019-12-18 01:40:54.287 727 RALLYDEBUG rally_openstack.cleanup.manager [-] Deleting nova.servers object s_rally_14959274_9zrXMiP6_0 (2d6399f5-9880-462e-8f15-b9f89a7c47a6)
2019-12-18 01:40:54.290 727 RALLYDEBUG rally_openstack.cleanup.manager [-] Deleting nova.servers object s_rally_14959274_3vphZhje_0 (6bd5955c-9b21-43bd-9579-c1d87f43de23)
2019-12-18 01:41:04.028 727 RALLYDEBUG rally_openstack.cleanup.manager [-] Cleaning up nova server_groups objects
2019-12-18 01:41:05.194 727 RALLYDEBUG rally_openstack.cleanup.manager [-] Cleaning up nova keypairs objects
2019-12-18 01:41:07.496 727 RALLYDEBUG rally_openstack.cleanup.manager [-] Cleaning up glance images objects
2019-12-18 01:41:08.838 727 RALLYDEBUG rally_openstack.cleanup.manager [-] Deleting glance.images object s_rally_14959274_FsNmFJwv (af631238-71a5-4aac-bdfd-88e179cacf9e)
2019-12-18 01:41:08.848 727 RALLYDEBUG rally_openstack.cleanup.manager [-] Deleting glance.images object s_rally_14959274_2Ov391VT (d04af956-f3df-4086-b4c3-e25847017186)
2019-12-18 01:41:08.857 727 RALLYDEBUG rally_openstack.cleanup.manager [-] Deleting glance.images object s_rally_14959274_eRoxrevO (077cc8c5-8caf-44f2-994b-d08d16b7fa34)
2019-12-18 01:41:08.866 727 RALLYDEBUG rally_openstack.cleanup.manager [-] Deleting glance.images object s_rally_14959274_yOS34DjJ (af8579fa-bce6-4a4e-b0ed-69eb24215423)
2019-12-18 01:41:08.882 727 RALLYDEBUG rally_openstack.cleanup.manager [-] Deleting glance.images object s_rally_14959274_lh6h1e37 (7ba28d8a-20b0-459c-ba61-c02507cf5e5e)
2019-12-18 01:41:08.895 727 RALLYDEBUG rally_openstack.cleanup.manager [-] Deleting glance.images object s_rally_14959274_YFGsLjAA (65523eff-f790-449b-9824-a0db80fe3040)
2019-12-18 01:41:08.914 727 RALLYDEBUG rally_openstack.cleanup.manager [-] Deleting glance.images object s_rally_14959274_ZtpF0dqS (461ea6a8-ebcf-46e7-b902-cae7d5e7abd6)
2019-12-18 01:41:08.922 727 RALLYDEBUG rally_openstack.cleanup.manager [-] Deleting glance.images object s_rally_14959274_tmsxAIaE (383c8e02-6e91-41a5-ad45-2b4b991cffc0)
2019-12-18 01:41:08.944 727 RALLYDEBUG rally_openstack.cleanup.manager [-] Deleting glance.images object s_rally_14959274_zLyeJX0T (d1ed3c42-0782-4c2b-a109-bbaa30df8b3e)
2019-12-18 01:41:08.957 727 RALLYDEBUG rally_openstack.cleanup.manager [-] Deleting glance.images object s_rally_14959274_2tinRi6a (256a8d6f-e82c-4e1f-8045-ff002a9beff5)
2019-12-18 01:41:09.741 727 DEBUG glanceclient.common.http [-] Request returned failure status 404. _handle_response /usr/lib/python3.6/site-packages/glanceclient/common/http.py:125
2019-12-18 01:41:09.746 727 DEBUG glanceclient.common.http [-] Request returned failure status 404. _handle_response /usr/lib/python3.6/site-packages/glanceclient/common/http.py:125
2019-12-18 01:41:09.747 727 DEBUG glanceclient.common.http [-] Request returned failure status 404. _handle_response /usr/lib/python3.6/site-packages/glanceclient/common/http.py:125
2019-12-18 01:41:09.758 727 DEBUG glanceclient.common.http [-] Request returned failure status 404. _handle_response /usr/lib/python3.6/site-packages/glanceclient/common/http.py:125
2019-12-18 01:41:09.759 727 DEBUG glanceclient.common.http [-] Request returned failure status 404. _handle_response /usr/lib/python3.6/site-packages/glanceclient/common/http.py:125
2019-12-18 01:41:09.765 727 DEBUG glanceclient.common.http [-] Request returned failure status 404. _handle_response /usr/lib/python3.6/site-packages/glanceclient/common/http.py:125
2019-12-18 01:41:09.769 727 DEBUG glanceclient.common.http [-] Request returned failure status 404. _handle_response /usr/lib/python3.6/site-packages/glanceclient/common/http.py:125
2019-12-18 01:41:09.770 727 DEBUG glanceclient.common.http [-] Request returned failure status 404. _handle_response /usr/lib/python3.6/site-packages/glanceclient/common/http.py:125
2019-12-18 01:41:09.771 727 DEBUG glanceclient.common.http [-] Request returned failure status 404. _handle_response /usr/lib/python3.6/site-packages/glanceclient/common/http.py:125
2019-12-18 01:41:09.776 727 DEBUG glanceclient.common.http [-] Request returned failure status 404. _handle_response /usr/lib/python3.6/site-packages/glanceclient/common/http.py:125
2019-12-18 01:41:09.781 727 DEBUG glanceclient.common.http [-] Request returned failure status 404. _handle_response /usr/lib/python3.6/site-packages/glanceclient/common/http.py:125
2019-12-18 01:41:09.782 727 DEBUG glanceclient.common.http [-] Request returned failure status 404. _handle_response /usr/lib/python3.6/site-packages/glanceclient/common/http.py:125
2019-12-18 01:41:09.783 727 DEBUG glanceclient.common.http [-] Request returned failure status 404. _handle_response /usr/lib/python3.6/site-packages/glanceclient/common/http.py:125
2019-12-18 01:41:09.795 727 DEBUG glanceclient.common.http [-] Request returned failure status 404. _handle_response /usr/lib/python3.6/site-packages/glanceclient/common/http.py:125
2019-12-18 01:41:09.798 727 DEBUG glanceclient.common.http [-] Request returned failure status 404. _handle_response /usr/lib/python3.6/site-packages/glanceclient/common/http.py:125
2019-12-18 01:41:09.799 727 DEBUG glanceclient.common.http [-] Request returned failure status 404. _handle_response /usr/lib/python3.6/site-packages/glanceclient/common/http.py:125
2019-12-18 01:41:09.802 727 DEBUG glanceclient.common.http [-] Request returned failure status 404. _handle_response /usr/lib/python3.6/site-packages/glanceclient/common/http.py:125
2019-12-18 01:41:09.803 727 DEBUG glanceclient.common.http [-] Request returned failure status 404. _handle_response /usr/lib/python3.6/site-packages/glanceclient/common/http.py:125
2019-12-18 01:41:09.804 727 DEBUG glanceclient.common.http [-] Request returned failure status 404. _handle_response /usr/lib/python3.6/site-packages/glanceclient/common/http.py:125
2019-12-18 01:41:09.814 727 DEBUG glanceclient.common.http [-] Request returned failure status 404. _handle_response /usr/lib/python3.6/site-packages/glanceclient/common/http.py:125
2019-12-18 01:41:10.817 727 INFO rally.task.context [-] Task b0a816ac-1dc9-4056-a2fd-bd35e5838924 | Context cleanup@openstack cleanup() finished in 19.32 sec
2019-12-18 01:41:10.818 727 INFO rally.task.context [-] Task b0a816ac-1dc9-4056-a2fd-bd35e5838924 | Context quotas@openstack cleanup() started
2019-12-18 01:41:10.904 727 INFO rally.task.context [-] Task b0a816ac-1dc9-4056-a2fd-bd35e5838924 | Context quotas@openstack cleanup() finished in 85.95 msec
2019-12-18 01:41:10.905 727 INFO rally.task.context [-] Task b0a816ac-1dc9-4056-a2fd-bd35e5838924 | Context users@openstack cleanup() started
2019-12-18 01:41:15.115 727 INFO rally.task.context [-] Task b0a816ac-1dc9-4056-a2fd-bd35e5838924 | Context users@openstack cleanup() finished in 4.21 sec
2019-12-18 01:41:15.541 727 INFO rally.task.engine [-] Load duration is: 48.32794
2019-12-18 01:41:15.542 727 INFO rally.task.engine [-] Full runner duration is: 50.077375
2019-12-18 01:41:15.542 727 INFO rally.task.engine [-] Full duration is: 77.931068
2019-12-18 01:41:16.164 727 INFO rally.task.engine [-] Running workload: position = 0 config = { "version": 2, "title": "A cropped version of a bigger task.", "description": "Auto-generated task from a single workload (uuid=bf544cc8-e67b-4e1e-8e0c-2b4b4fc04c0a)", "subtasks": [ { "title": "GlanceImages.create_and_deactivate_image", "description": "Create an image, then deactivate it.", "scenario": { "GlanceImages.create_and_deactivate_image": { "container_format": "bare", "disk_format": "qcow2", "image_location": "/home/opnfv/functest/images/cirros-0.4.0-x86_64-disk.img" } }, "contexts": { "users": { "tenants": 3, "users_per_tenant": 2 } }, "runner": { "constant": { "concurrency": 4, "times": 10 } }, "hooks": [], "sla": { "failure_rate": { "max": 0 } } } ] }
2019-12-18 01:41:16.188 727 RALLYDEBUG rally_openstack.contexts.keystone.users [-] Creating 3 tenants using 20 threads
2019-12-18 01:41:17.229 727 RALLYDEBUG rally_openstack.contexts.keystone.users [-] Creating 6 users using 20 threads
2019-12-18 01:41:18.802 727 INFO rally.task.context [-] Task b0a816ac-1dc9-4056-a2fd-bd35e5838924 | Context users@openstack setup() finished in 2.61 sec
2019-12-18 01:41:18.803 727 INFO rally.task.context [-] Task b0a816ac-1dc9-4056-a2fd-bd35e5838924 | Context cleanup@openstack setup() finished in 0.01 msec
2019-12-18 01:41:18.812 727 RALLYDEBUG rally.task.runner [-] Starting the constant runner (task UUID: b0a816ac-1dc9-4056-a2fd-bd35e5838924). times: 10 concurrency: 4 timeout: 0 max_cpu_used: 16 processes_to_start: 4 concurrency_per_worker: 1 concurrency_overhead: 0
2019-12-18 01:41:18.823 1387 RALLYDEBUG rally.task.runner [-] Starting a worker. times: 10 duration: None concurrency: 1 timeout: 0 cls: method_name: run args: {"container_format": "bare", "disk_format": "qcow2", "image_location": "/home/opnfv/functest/images/cirros-0.4.0-x86_64-disk.img"}
2019-12-18 01:41:18.827 1388 RALLYDEBUG rally.task.runner [-] Starting a worker. times: 10 duration: None concurrency: 1 timeout: 0 cls: method_name: run args: {"container_format": "bare", "disk_format": "qcow2", "image_location": "/home/opnfv/functest/images/cirros-0.4.0-x86_64-disk.img"}
2019-12-18 01:41:18.831 1387 INFO rally.task.runner [-] Task b0a816ac-1dc9-4056-a2fd-bd35e5838924 | ITER: 1 START
2019-12-18 01:41:18.831 1389 RALLYDEBUG rally.task.runner [-] Starting a worker. times: 10 duration: None concurrency: 1 timeout: 0 cls: method_name: run args: {"container_format": "bare", "disk_format": "qcow2", "image_location": "/home/opnfv/functest/images/cirros-0.4.0-x86_64-disk.img"}
2019-12-18 01:41:18.834 1388 INFO rally.task.runner [-] Task b0a816ac-1dc9-4056-a2fd-bd35e5838924 | ITER: 2 START
2019-12-18 01:41:18.834 1391 RALLYDEBUG rally.task.runner [-] Starting a worker. times: 10 duration: None concurrency: 1 timeout: 0 cls: method_name: run args: {"container_format": "bare", "disk_format": "qcow2", "image_location": "/home/opnfv/functest/images/cirros-0.4.0-x86_64-disk.img"}
2019-12-18 01:41:18.838 1389 INFO rally.task.runner [-] Task b0a816ac-1dc9-4056-a2fd-bd35e5838924 | ITER: 3 START
2019-12-18 01:41:18.840 1391 INFO rally.task.runner [-] Task b0a816ac-1dc9-4056-a2fd-bd35e5838924 | ITER: 4 START
2019-12-18 01:41:21.807 1388 RALLYDEBUG rally.task.utils [-] Waiting for resource '82801539-cdf5-4bb4-94a4-51cefabd2394'. Status changed: NONE => QUEUED in 0.03720903396606445
2019-12-18 01:41:21.810 1391 RALLYDEBUG rally.task.utils [-] Waiting for resource '0af1609a-c97a-4b11-99c8-35b53551d267'. Status changed: NONE => QUEUED in 0.04054832458496094
2019-12-18 01:41:21.818 1387 RALLYDEBUG rally.task.utils [-] Waiting for resource '823da3be-3648-454b-a638-293901b0440c'. Status changed: NONE => QUEUED in 0.04145693778991699
2019-12-18 01:41:21.832 1389 RALLYDEBUG rally.task.utils [-] Waiting for resource 'e2e31b0b-3d4c-4a09-9499-99a400737a04'. Status changed: NONE => QUEUED in 0.039209842681884766
2019-12-18 01:41:22.132 1388 RALLYDEBUG rally.task.utils [-] Waiting for resource s_rally_bf544cc8_gJVcTS91. Status changed: QUEUED => ACTIVE in 0.019899845123291016
2019-12-18 01:41:22.134 1391 RALLYDEBUG rally.task.utils [-] Waiting for resource s_rally_bf544cc8_oeezlLla. Status changed: QUEUED => ACTIVE in 0.021105051040649414
2019-12-18 01:41:22.134 1387 RALLYDEBUG rally.task.utils [-] Waiting for resource s_rally_bf544cc8_Vex0SjOw. Status changed: QUEUED => ACTIVE in 0.018584012985229492
2019-12-18 01:41:22.139 1389 RALLYDEBUG rally.task.utils [-] Waiting for resource s_rally_bf544cc8_meCpGXTi. Status changed: QUEUED => ACTIVE in 0.021767377853393555
2019-12-18 01:41:22.208 1391 INFO rally.task.runner [-] Task b0a816ac-1dc9-4056-a2fd-bd35e5838924 | ITER: 4 END: OK
2019-12-18 01:41:22.212 1391 INFO rally.task.runner [-] Task b0a816ac-1dc9-4056-a2fd-bd35e5838924 | ITER: 5 START
2019-12-18 01:41:22.220 1388 INFO rally.task.runner [-] Task b0a816ac-1dc9-4056-a2fd-bd35e5838924 | ITER: 2 END: OK
2019-12-18 01:41:22.220 1389 INFO rally.task.runner [-] Task b0a816ac-1dc9-4056-a2fd-bd35e5838924 | ITER: 3 END: OK
2019-12-18 01:41:22.221 1387 INFO rally.task.runner [-] Task b0a816ac-1dc9-4056-a2fd-bd35e5838924 | ITER: 1 END: OK
2019-12-18 01:41:22.223 1388 INFO rally.task.runner [-] Task b0a816ac-1dc9-4056-a2fd-bd35e5838924 | ITER: 6 START
2019-12-18 01:41:22.224 1389 INFO rally.task.runner [-] Task b0a816ac-1dc9-4056-a2fd-bd35e5838924 | ITER: 7 START
2019-12-18 01:41:22.225 1387 INFO rally.task.runner [-] Task b0a816ac-1dc9-4056-a2fd-bd35e5838924 | ITER: 8 START
2019-12-18 01:41:24.992 1388 RALLYDEBUG rally.task.utils [-] Waiting for resource '2827e534-fb8d-455f-8c4f-b185acc0d72c'. Status changed: NONE => QUEUED in 0.034612417221069336
2019-12-18 01:41:24.992 1389 RALLYDEBUG rally.task.utils [-] Waiting for resource '7d375dd2-7c56-4d13-9637-a8ebcecf6ccf'. Status changed: NONE => QUEUED in 0.03812718391418457
2019-12-18 01:41:24.993 1391 RALLYDEBUG rally.task.utils [-] Waiting for resource 'b2176d1e-ef8c-490c-86b8-b2130f60832f'. Status changed: NONE => QUEUED in 0.038712501525878906
2019-12-18 01:41:25.108 1387 RALLYDEBUG rally.task.utils [-] Waiting for resource '1c5fbb72-63fb-47e6-8ad9-bd9cbf070bbc'. Status changed: NONE => QUEUED in 0.038741111755371094
2019-12-18 01:41:25.208 1391 RALLYDEBUG rally.task.utils [-] Waiting for resource s_rally_bf544cc8_cadfuqJM. Status changed: QUEUED => ACTIVE in 0.02047562599182129
2019-12-18 01:41:25.230 1388 RALLYDEBUG rally.task.utils [-] Waiting for resource s_rally_bf544cc8_W8m7BKfv. Status changed: QUEUED => ACTIVE in 0.01774907112121582
2019-12-18 01:41:25.233 1389 RALLYDEBUG rally.task.utils [-] Waiting for resource s_rally_bf544cc8_Ar7PYbSD. Status changed: QUEUED => ACTIVE in 0.016547441482543945
