2019-12-18 03:26:32.140 20411 INFO rally.task.engine [-] Full duration is: 15.260616
2019-12-18 03:26:32.503 20411 INFO rally.task.engine [-] Running workload: position = 0 config = { "version": 2, "title": "A cropped version of a bigger task.", "description": "Auto-generated task from a single workload (uuid=685d2368-cbae-4491-ae5d-574102681eac)", "subtasks": [ { "title": "NovaServerGroups.create_and_list_server_groups", "description": "Create a server group, then list all server groups.", "scenario": { "NovaServerGroups.create_and_list_server_groups": { "policies": [ "affinity" ], "all_projects": false } }, "contexts": { "users": { "tenants": 3, "users_per_tenant": 2 } }, "runner": { "constant": { "concurrency": 4, "times": 10 } }, "hooks": [], "sla": { "failure_rate": { "max": 0 } } } ] }
2019-12-18 03:26:32.526 20411 RALLYDEBUG rally_openstack.contexts.keystone.users [-] Creating 3 tenants using 20 threads
2019-12-18 03:26:33.554 20411 RALLYDEBUG rally_openstack.contexts.keystone.users [-] Creating 6 users using 20 threads
2019-12-18 03:26:35.206 20411 INFO rally.task.context [-] Task c708e019-2db7-43ad-b3c8-d031aba2ba2e | Context users@openstack setup() finished in 2.68 sec
2019-12-18 03:26:35.207 20411 INFO rally.task.context [-] Task c708e019-2db7-43ad-b3c8-d031aba2ba2e | Context cleanup@openstack setup() finished in 0.01 msec
2019-12-18 03:26:35.216 20411 RALLYDEBUG rally.task.runner [-] Starting the constant runner (task UUID: c708e019-2db7-43ad-b3c8-d031aba2ba2e). times: 10 concurrency: 4 timeout: 0 max_cpu_used: 16 processes_to_start: 4 concurrency_per_worker: 1 concurrency_overhead: 0
2019-12-18 03:26:35.227 25439 RALLYDEBUG rally.task.runner [-] Starting a worker. times: 10 duration: None concurrency: 1 timeout: 0 cls: method_name: run args: {"policies": ["affinity"], "all_projects": false}
2019-12-18 03:26:35.231 25440 RALLYDEBUG rally.task.runner [-] Starting a worker. times: 10 duration: None concurrency: 1 timeout: 0 cls: method_name: run args: {"policies": ["affinity"], "all_projects": false}
2019-12-18 03:26:35.234 25439 INFO rally.task.runner [-] Task c708e019-2db7-43ad-b3c8-d031aba2ba2e | ITER: 1 START
2019-12-18 03:26:35.234 25441 RALLYDEBUG rally.task.runner [-] Starting a worker. times: 10 duration: None concurrency: 1 timeout: 0 cls: method_name: run args: {"policies": ["affinity"], "all_projects": false}
2019-12-18 03:26:35.237 25440 INFO rally.task.runner [-] Task c708e019-2db7-43ad-b3c8-d031aba2ba2e | ITER: 2 START
2019-12-18 03:26:35.238 25442 RALLYDEBUG rally.task.runner [-] Starting a worker. times: 10 duration: None concurrency: 1 timeout: 0 cls: method_name: run args: {"policies": ["affinity"], "all_projects": false}
2019-12-18 03:26:35.240 25441 INFO rally.task.runner [-] Task c708e019-2db7-43ad-b3c8-d031aba2ba2e | ITER: 3 START
2019-12-18 03:26:35.247 25442 INFO rally.task.runner [-] Task c708e019-2db7-43ad-b3c8-d031aba2ba2e | ITER: 4 START
2019-12-18 03:26:35.859 25441 INFO rally.task.runner [-] Task c708e019-2db7-43ad-b3c8-d031aba2ba2e | ITER: 3 END: OK
2019-12-18 03:26:35.862 25442 INFO rally.task.runner [-] Task c708e019-2db7-43ad-b3c8-d031aba2ba2e | ITER: 4 END: OK
2019-12-18 03:26:35.865 25441 INFO rally.task.runner [-] Task c708e019-2db7-43ad-b3c8-d031aba2ba2e | ITER: 5 START
2019-12-18 03:26:35.865 25442 INFO rally.task.runner [-] Task c708e019-2db7-43ad-b3c8-d031aba2ba2e | ITER: 6 START
2019-12-18 03:26:35.883 25439 INFO rally.task.runner [-] Task c708e019-2db7-43ad-b3c8-d031aba2ba2e | ITER: 1 END: OK
2019-12-18 03:26:35.884 25440 INFO rally.task.runner [-] Task c708e019-2db7-43ad-b3c8-d031aba2ba2e | ITER: 2 END: OK
2019-12-18 03:26:35.887 25439 INFO rally.task.runner [-] Task c708e019-2db7-43ad-b3c8-d031aba2ba2e | ITER: 7 START
2019-12-18 03:26:35.887 25440 INFO rally.task.runner [-] Task c708e019-2db7-43ad-b3c8-d031aba2ba2e | ITER: 8 START
2019-12-18 03:26:36.287 25441 INFO rally.task.runner [-] Task c708e019-2db7-43ad-b3c8-d031aba2ba2e | ITER: 5 END: OK
2019-12-18 03:26:36.287 25442 INFO rally.task.runner [-] Task c708e019-2db7-43ad-b3c8-d031aba2ba2e | ITER: 6 END: OK
2019-12-18 03:26:36.293 25441 INFO rally.task.runner [-] Task c708e019-2db7-43ad-b3c8-d031aba2ba2e | ITER: 10 START
2019-12-18 03:26:36.293 25442 INFO rally.task.runner [-] Task c708e019-2db7-43ad-b3c8-d031aba2ba2e | ITER: 9 START
2019-12-18 03:26:36.352 25440 INFO rally.task.runner [-] Task c708e019-2db7-43ad-b3c8-d031aba2ba2e | ITER: 8 END: OK
2019-12-18 03:26:36.357 25439 INFO rally.task.runner [-] Task c708e019-2db7-43ad-b3c8-d031aba2ba2e | ITER: 7 END: OK
2019-12-18 03:26:36.727 25442 INFO rally.task.runner [-] Task c708e019-2db7-43ad-b3c8-d031aba2ba2e | ITER: 9 END: OK
2019-12-18 03:26:36.841 25441 INFO rally.task.runner [-] Task c708e019-2db7-43ad-b3c8-d031aba2ba2e | ITER: 10 END: OK
2019-12-18 03:26:36.866 20411 INFO rally.task.context [-] Task c708e019-2db7-43ad-b3c8-d031aba2ba2e | Context cleanup@openstack cleanup() started
2019-12-18 03:26:36.867 20411 RALLYDEBUG rally_openstack.cleanup.manager [-] Cleaning up nova servers objects
2019-12-18 03:26:38.303 20411 RALLYDEBUG rally_openstack.cleanup.manager [-] Cleaning up nova server_groups objects
2019-12-18 03:26:39.459 20411 RALLYDEBUG rally_openstack.cleanup.manager [-] Deleting nova.server_groups object s_rally_685d2368_68QrYms3 (99cdf8f3-ffcd-497d-a213-fa6b72ff7171)
2019-12-18 03:26:39.468 20411 RALLYDEBUG rally_openstack.cleanup.manager [-] Deleting nova.server_groups object s_rally_685d2368_FaH1lSRo (0ce727ca-bbea-4a1e-93e4-0add15c0fdca)
2019-12-18 03:26:39.477 20411 RALLYDEBUG rally_openstack.cleanup.manager [-] Deleting nova.server_groups object s_rally_685d2368_AODLRIF8 (ddbd2ade-2d25-41fb-beab-92ccb87d08a3)
2019-12-18 03:26:39.483 20411 RALLYDEBUG rally_openstack.cleanup.manager [-] Deleting nova.server_groups object s_rally_685d2368_AtfuGsvL (495282c8-1952-4f9a-b705-2d3f0c2a04e4)
2019-12-18 03:26:39.496 20411 RALLYDEBUG rally_openstack.cleanup.manager [-] Deleting nova.server_groups object s_rally_685d2368_1ErHlWbt (4b95a4ae-b26f-44aa-bdd4-c176143f231c)
2019-12-18 03:26:39.512 20411 RALLYDEBUG rally_openstack.cleanup.manager [-] Deleting nova.server_groups object s_rally_685d2368_ND1TNmD5 (4d5c7b6d-1925-4aed-8277-859118e68e5e)
2019-12-18 03:26:39.522 20411 RALLYDEBUG rally_openstack.cleanup.manager [-] Deleting nova.server_groups object s_rally_685d2368_fPmv4hlx (6e8241c5-6af9-4a5e-97a0-c69b43d61790)
2019-12-18 03:26:39.530 20411 RALLYDEBUG rally_openstack.cleanup.manager [-] Deleting nova.server_groups object s_rally_685d2368_1bZgjGSw (92cf430b-ea6b-4217-adff-bb4e4d14decf)
2019-12-18 03:26:39.537 20411 RALLYDEBUG rally_openstack.cleanup.manager [-] Deleting nova.server_groups object s_rally_685d2368_OcDyOACN (2a231617-5b11-4238-80e7-dd1790f03093)
2019-12-18 03:26:39.556 20411 RALLYDEBUG rally_openstack.cleanup.manager [-] Deleting nova.server_groups object s_rally_685d2368_aHNDHmZn (07c8cb6e-d14c-49a2-8c56-e37312f6ad95)
2019-12-18 03:26:41.207 20411 RALLYDEBUG rally_openstack.cleanup.manager [-] Cleaning up nova keypairs objects
2019-12-18 03:26:43.691 20411 INFO rally.task.context [-] Task c708e019-2db7-43ad-b3c8-d031aba2ba2e | Context cleanup@openstack cleanup() finished in 6.82 sec
2019-12-18 03:26:43.691 20411 INFO rally.task.context [-] Task c708e019-2db7-43ad-b3c8-d031aba2ba2e | Context users@openstack cleanup() started
2019-12-18 03:26:48.173 20411 INFO rally.task.context [-] Task c708e019-2db7-43ad-b3c8-d031aba2ba2e | Context users@openstack cleanup() finished in 4.48 sec
2019-12-18 03:26:48.626 20411 INFO rally.task.engine [-] Load duration is: 1.605306
2019-12-18 03:26:48.626 20411 INFO rally.task.engine [-] Full runner duration is: 1.650402
2019-12-18 03:26:48.627 20411 INFO rally.task.engine [-] Full duration is: 15.648127
2019-12-18 03:26:48.915 20411 INFO rally.task.engine [-] Task c708e019-2db7-43ad-b3c8-d031aba2ba2e | Completed: Running task.
2019-12-18 03:26:50.551 25561 RALLYDEBUG rally.api [-] INFO logs from urllib3 and requests module are hide.
2019-12-18 03:26:50.552 25561 RALLYDEBUG rally.api [-] urllib3 insecure warnings are hidden.
2019-12-18 03:26:50.552 25561 RALLYDEBUG rally.api [-] ERROR log from boto module is hide.
2019-12-18 03:26:51.770 25562 RALLYDEBUG rally.api [-] INFO logs from urllib3 and requests module are hide.
2019-12-18 03:26:51.770 25562 RALLYDEBUG rally.api [-] urllib3 insecure warnings are hidden.
2019-12-18 03:26:51.770 25562 RALLYDEBUG rally.api [-] ERROR log from boto module is hide.
2019-12-18 03:26:53.124 25563 RALLYDEBUG rally.api [-] INFO logs from urllib3 and requests module are hide.
2019-12-18 03:26:53.124 25563 RALLYDEBUG rally.api [-] urllib3 insecure warnings are hidden.
2019-12-18 03:26:53.124 25563 RALLYDEBUG rally.api [-] ERROR log from boto module is hide.
2019-12-18 03:26:54.791 25563 INFO rally.api [-] Building 'json' report for the following task(s): 'c708e019-2db7-43ad-b3c8-d031aba2ba2e'.
2019-12-18 03:26:54.847 25563 INFO rally.api [-] The report has been successfully built.
2019-12-18 03:26:56.294 25565 RALLYDEBUG rally.api [-] INFO logs from urllib3 and requests module are hide.
2019-12-18 03:26:56.294 25565 RALLYDEBUG rally.api [-] urllib3 insecure warnings are hidden.
2019-12-18 03:26:56.294 25565 RALLYDEBUG rally.api [-] ERROR log from boto module is hide.
2019-12-18 03:26:58.190 25565 INFO rally.task.engine [-] Task db6ee499-64ee-444e-98f7-5716ecd9f0c2 | Starting: Task validation.
2019-12-18 03:26:58.250 25565 INFO rally.task.engine [-] Task db6ee499-64ee-444e-98f7-5716ecd9f0c2 | Starting: Task validation of syntax.
2019-12-18 03:26:58.329 25565 INFO rally.task.engine [-] Task db6ee499-64ee-444e-98f7-5716ecd9f0c2 | Completed: Task validation of syntax.
2019-12-18 03:26:58.329 25565 INFO rally.task.engine [-] Task db6ee499-64ee-444e-98f7-5716ecd9f0c2 | Starting: Task validation of required platforms.
2019-12-18 03:26:58.366 25565 INFO rally.task.engine [-] Task db6ee499-64ee-444e-98f7-5716ecd9f0c2 | Completed: Task validation of required platforms.
2019-12-18 03:26:58.366 25565 INFO rally.task.engine [-] Task db6ee499-64ee-444e-98f7-5716ecd9f0c2 | Starting: Task validation of semantic.
2019-12-18 03:26:58.366 25565 INFO rally.task.engine [-] Check health of the environment '35c66681-f0dc-4da3-aba6-b9e1bda3b137'.
2019-12-18 03:26:59.370 25565 INFO rally.task.engine [-] Platform existing@openstack (available: True): OK!
2019-12-18 03:26:59.396 25565 RALLYDEBUG rally_openstack.contexts.keystone.users [-] Creating 1 tenants using 20 threads
2019-12-18 03:27:00.263 25565 RALLYDEBUG rally_openstack.contexts.keystone.users [-] Creating 1 users using 20 threads
2019-12-18 03:27:01.658 25565 INFO rally.task.context [-] Task db6ee499-64ee-444e-98f7-5716ecd9f0c2 | Context users@openstack setup() finished in 2.26 sec
2019-12-18 03:27:02.954 25565 INFO rally.task.context [-] Task db6ee499-64ee-444e-98f7-5716ecd9f0c2 | Context users@openstack cleanup() started
2019-12-18 03:27:06.037 25565 INFO rally.task.context [-] Task db6ee499-64ee-444e-98f7-5716ecd9f0c2 | Context users@openstack cleanup() finished in 3.08 sec
2019-12-18 03:27:06.038 25565 INFO rally.task.engine [-] Task db6ee499-64ee-444e-98f7-5716ecd9f0c2 | Completed: Task validation of semantic.
2019-12-18 03:27:06.038 25565 INFO rally.task.engine [-] Task db6ee499-64ee-444e-98f7-5716ecd9f0c2 | Completed: Task validation.
2019-12-18 03:27:06.039 25565 INFO rally.api [-] Task db6ee499-64ee-444e-98f7-5716ecd9f0c2 input file is valid.
2019-12-18 03:27:06.039 25565 INFO rally.api [-] Run Task db6ee499-64ee-444e-98f7-5716ecd9f0c2 against Deployment 35c66681-f0dc-4da3-aba6-b9e1bda3b137
2019-12-18 03:27:06.039 25565 INFO rally.task.engine [-] Task db6ee499-64ee-444e-98f7-5716ecd9f0c2 | Starting: Running task.
2019-12-18 03:27:06.233 25565 INFO rally.task.engine [-] Running workload: position = 0 config = { "version": 2, "title": "A cropped version of a bigger task.", "description": "Auto-generated task from a single workload (uuid=79a575f5-75c0-4033-96b6-2033a4bad915)", "subtasks": [ { "title": "Quotas.cinder_update_and_delete", "description": "Update and Delete quotas for Cinder.", "scenario": { "Quotas.cinder_update_and_delete": { "max_quota": 1024 } }, "contexts": { "users": { "tenants": 3, "users_per_tenant": 2 }, "api_versions": { "cinder": { "version": 3, "service_type": "volumev3" } } }, "runner": { "constant": { "concurrency": 4, "times": 10 } }, "hooks": [], "sla": { "failure_rate": { "max": 0 } } } ] }
2019-12-18 03:27:06.257 25565 RALLYDEBUG rally_openstack.contexts.keystone.users [-] Creating 3 tenants using 20 threads
2019-12-18 03:27:07.170 25565 RALLYDEBUG rally_openstack.contexts.keystone.users [-] Creating 6 users using 20 threads
2019-12-18 03:27:08.776 25565 INFO rally.task.context [-] Task db6ee499-64ee-444e-98f7-5716ecd9f0c2 | Context users@openstack setup() finished in 2.52 sec
2019-12-18 03:27:09.198 25565 INFO rally.task.context [-] Task db6ee499-64ee-444e-98f7-5716ecd9f0c2 | Context api_versions@openstack setup() finished in 0.42 sec
2019-12-18 03:27:09.199 25565 INFO rally.task.context [-] Task db6ee499-64ee-444e-98f7-5716ecd9f0c2 | Context admin_cleanup@openstack setup() finished in 0.05 msec
2019-12-18 03:27:09.208 25565 RALLYDEBUG rally.task.runner [-] Starting the constant runner (task UUID: db6ee499-64ee-444e-98f7-5716ecd9f0c2). times: 10 concurrency: 4 timeout: 0 max_cpu_used: 16 processes_to_start: 4 concurrency_per_worker: 1 concurrency_overhead: 0
2019-12-18 03:27:09.221 25689 RALLYDEBUG rally.task.runner [-] Starting a worker. times: 10 duration: None concurrency: 1 timeout: 0 cls: method_name: run args: {"max_quota": 1024}
2019-12-18 03:27:09.224 25690 RALLYDEBUG rally.task.runner [-] Starting a worker. times: 10 duration: None concurrency: 1 timeout: 0 cls: method_name: run args: {"max_quota": 1024}
2019-12-18 03:27:09.228 25689 INFO rally.task.runner [-] Task db6ee499-64ee-444e-98f7-5716ecd9f0c2 | ITER: 1 START
2019-12-18 03:27:09.228 25691 RALLYDEBUG rally.task.runner [-] Starting a worker. times: 10 duration: None concurrency: 1 timeout: 0 cls: method_name: run args: {"max_quota": 1024}
2019-12-18 03:27:09.231 25690 INFO rally.task.runner [-] Task db6ee499-64ee-444e-98f7-5716ecd9f0c2 | ITER: 2 START
2019-12-18 03:27:09.231 25692 RALLYDEBUG rally.task.runner [-] Starting a worker. times: 10 duration: None concurrency: 1 timeout: 0 cls: method_name: run args: {"max_quota": 1024}
2019-12-18 03:27:09.234 25691 INFO rally.task.runner [-] Task db6ee499-64ee-444e-98f7-5716ecd9f0c2 | ITER: 3 START
2019-12-18 03:27:09.237 25692 INFO rally.task.runner [-] Task db6ee499-64ee-444e-98f7-5716ecd9f0c2 | ITER: 4 START
2019-12-18 03:27:09.878 25692 INFO rally.task.runner [-] Task db6ee499-64ee-444e-98f7-5716ecd9f0c2 | ITER: 4 END: OK
2019-12-18 03:27:09.883 25691 INFO rally.task.runner [-] Task db6ee499-64ee-444e-98f7-5716ecd9f0c2 | ITER: 3 END: OK
2019-12-18 03:27:09.883 25692 INFO rally.task.runner [-] Task db6ee499-64ee-444e-98f7-5716ecd9f0c2 | ITER: 5 START
2019-12-18 03:27:09.885 25690 INFO rally.task.runner [-] Task db6ee499-64ee-444e-98f7-5716ecd9f0c2 | ITER: 2 END: OK
2019-12-18 03:27:09.887 25691 INFO rally.task.runner [-] Task db6ee499-64ee-444e-98f7-5716ecd9f0c2 | ITER: 6 START
2019-12-18 03:27:09.890 25690 INFO rally.task.runner [-] Task db6ee499-64ee-444e-98f7-5716ecd9f0c2 | ITER: 7 START
2019-12-18 03:27:09.898 25689 INFO rally.task.runner [-] Task db6ee499-64ee-444e-98f7-5716ecd9f0c2 | ITER: 1 END: OK
2019-12-18 03:27:09.902 25689 INFO rally.task.runner [-] Task db6ee499-64ee-444e-98f7-5716ecd9f0c2 | ITER: 8 START
2019-12-18 03:27:10.337 25692 INFO rally.task.runner [-] Task db6ee499-64ee-444e-98f7-5716ecd9f0c2 | ITER: 5 END: OK
2019-12-18 03:27:10.341 25691 INFO rally.task.runner [-] Task db6ee499-64ee-444e-98f7-5716ecd9f0c2 | ITER: 6 END: OK
2019-12-18 03:27:10.341 25692 INFO rally.task.runner [-] Task db6ee499-64ee-444e-98f7-5716ecd9f0c2 | ITER: 9 START
2019-12-18 03:27:10.344 25691 INFO rally.task.runner [-] Task db6ee499-64ee-444e-98f7-5716ecd9f0c2 | ITER: 10 START
2019-12-18 03:27:10.409 25690 INFO rally.task.runner [-] Task db6ee499-64ee-444e-98f7-5716ecd9f0c2 | ITER: 7 END: OK
2019-12-18 03:27:10.419 25689 INFO rally.task.runner [-] Task db6ee499-64ee-444e-98f7-5716ecd9f0c2 | ITER: 8 END: OK
2019-12-18 03:27:10.818 25692 INFO rally.task.runner [-] Task db6ee499-64ee-444e-98f7-5716ecd9f0c2 | ITER: 9 END: OK
2019-12-18 03:27:10.826 25691 INFO rally.task.runner [-] Task db6ee499-64ee-444e-98f7-5716ecd9f0c2 | ITER: 10 END: OK
2019-12-18 03:27:10.850 25565 INFO rally.task.context [-] Task db6ee499-64ee-444e-98f7-5716ecd9f0c2 | Context admin_cleanup@openstack cleanup() started
2019-12-18 03:27:10.854 25565 RALLYDEBUG rally_openstack.cleanup.manager [-] Cleaning up cinder quotas objects
2019-12-18 03:27:11.647 25565 INFO rally.task.context [-] Task db6ee499-64ee-444e-98f7-5716ecd9f0c2 | Context admin_cleanup@openstack cleanup() finished in 0.80 sec
2019-12-18 03:27:11.648 25565 INFO rally.task.context [-] Task db6ee499-64ee-444e-98f7-5716ecd9f0c2 | Context api_versions@openstack cleanup() started
2019-12-18 03:27:11.648 25565 INFO rally.task.context [-] Task db6ee499-64ee-444e-98f7-5716ecd9f0c2 | Context api_versions@openstack cleanup() finished in 0.41 msec
2019-12-18 03:27:11.649 25565 INFO rally.task.context [-] Task db6ee499-64ee-444e-98f7-5716ecd9f0c2 | Context users@openstack cleanup() started
2019-12-18 03:27:16.444 25565 INFO rally.task.context [-] Task db6ee499-64ee-444e-98f7-5716ecd9f0c2 | Context users@openstack cleanup() finished in 4.80 sec
2019-12-18 03:27:18.350 25565 INFO rally.task.engine [-] Load duration is: 1.596627
2019-12-18 03:27:18.351 25565 INFO rally.task.engine [-] Full runner duration is: 1.642675
2019-12-18 03:27:18.351 25565 INFO rally.task.engine [-] Full duration is: 10.189659
2019-12-18 03:27:18.671 25565 INFO rally.task.engine [-] Running workload: position = 0 config = { "version": 2, "title": "A cropped version of a bigger task.", "description": "Auto-generated task from a single workload (uuid=c3b85aa8-bdb6-4278-9d89-9672c6bebee8)", "subtasks": [ { "title": "Quotas.cinder_update", "description": "Update quotas for Cinder.", "scenario": { "Quotas.cinder_update": { "max_quota": 1024 } }, "contexts": { "users": { "tenants": 3, "users_per_tenant": 2 }, "api_versions": { "cinder": { "version": 3, "service_type": "volumev3" } } }, "runner": { "constant": { "concurrency": 4, "times": 10 } }, "hooks": [], "sla": { "failure_rate": { "max": 0 } } } ] }
2019-12-18 03:27:18.696 25565 RALLYDEBUG rally_openstack.contexts.keystone.users [-] Creating 3 tenants using 20 threads
2019-12-18 03:27:19.711 25565 RALLYDEBUG rally_openstack.contexts.keystone.users [-] Creating 6 users using 20 threads
2019-12-18 03:27:21.247 25565 INFO rally.task.context [-] Task db6ee499-64ee-444e-98f7-5716ecd9f0c2 | Context users@openstack setup() finished in 2.55 sec
2019-12-18 03:27:21.653 25565 INFO rally.task.context [-] Task db6ee499-64ee-444e-98f7-5716ecd9f0c2 | Context api_versions@openstack setup() finished in 0.41 sec
2019-12-18 03:27:21.653 25565 INFO rally.task.context [-] Task db6ee499-64ee-444e-98f7-5716ecd9f0c2 | Context admin_cleanup@openstack setup() finished in 0.03 msec
2019-12-18 03:27:21.662 25565 RALLYDEBUG rally.task.runner [-] Starting the constant runner (task UUID: db6ee499-64ee-444e-98f7-5716ecd9f0c2). times: 10 concurrency: 4 timeout: 0 max_cpu_used: 16 processes_to_start: 4 concurrency_per_worker: 1 concurrency_overhead: 0
2019-12-18 03:27:21.673 25813 RALLYDEBUG rally.task.runner [-] Starting a worker. times: 10 duration: None concurrency: 1 timeout: 0 cls: method_name: run args: {"max_quota": 1024}
2019-12-18 03:27:21.677 25814 RALLYDEBUG rally.task.runner [-] Starting a worker. times: 10 duration: None concurrency: 1 timeout: 0 cls: method_name: run args: {"max_quota": 1024}
2019-12-18 03:27:21.680 25813 INFO rally.task.runner [-] Task db6ee499-64ee-444e-98f7-5716ecd9f0c2 | ITER: 1 START
2019-12-18 03:27:21.680 25815 RALLYDEBUG rally.task.runner [-] Starting a worker. times: 10 duration: None concurrency: 1 timeout: 0 cls: method_name: run args: {"max_quota": 1024}
2019-12-18 03:27:21.683 25814 INFO rally.task.runner [-] Task db6ee499-64ee-444e-98f7-5716ecd9f0c2 | ITER: 2 START
2019-12-18 03:27:21.684 25816 RALLYDEBUG rally.task.runner [-] Starting a worker. times: 10 duration: None concurrency: 1 timeout: 0 cls: method_name: run args: {"max_quota": 1024}
2019-12-18 03:27:21.687 25815 INFO rally.task.runner [-] Task db6ee499-64ee-444e-98f7-5716ecd9f0c2 | ITER: 3 START
2019-12-18 03:27:21.691 25816 INFO rally.task.runner [-] Task db6ee499-64ee-444e-98f7-5716ecd9f0c2 | ITER: 4 START
2019-12-18 03:27:22.226 25816 INFO rally.task.runner [-] Task db6ee499-64ee-444e-98f7-5716ecd9f0c2 | ITER: 4 END: OK
2019-12-18 03:27:22.229 25814 INFO rally.task.runner [-] Task db6ee499-64ee-444e-98f7-5716ecd9f0c2 | ITER: 2 END: OK
2019-12-18 03:27:22.230 25815 INFO rally.task.runner [-] Task db6ee499-64ee-444e-98f7-5716ecd9f0c2 | ITER: 3 END: OK
2019-12-18 03:27:22.232 25816 INFO rally.task.runner [-] Task db6ee499-64ee-444e-98f7-5716ecd9f0c2 | ITER: 5 START
2019-12-18 03:27:22.233 25814 INFO rally.task.runner [-] Task db6ee499-64ee-444e-98f7-5716ecd9f0c2 | ITER: 6 START
2019-12-18 03:27:22.236 25815 INFO rally.task.runner [-] Task db6ee499-64ee-444e-98f7-5716ecd9f0c2 | ITER: 7 START
2019-12-18 03:27:22.247 25813 INFO rally.task.runner [-] Task db6ee499-64ee-444e-98f7-5716ecd9f0c2 | ITER: 1 END: OK
2019-12-18 03:27:22.251 25813 INFO rally.task.runner [-] Task db6ee499-64ee-444e-98f7-5716ecd9f0c2 | ITER: 8 START
2019-12-18 03:27:22.658 25816 INFO rally.task.runner [-] Task db6ee499-64ee-444e-98f7-5716ecd9f0c2 | ITER: 5 END: OK
2019-12-18 03:27:22.658 25814 INFO rally.task.runner [-] Task db6ee499-64ee-444e-98f7-5716ecd9f0c2 | ITER: 6 END: OK
2019-12-18 03:27:22.662 25816 INFO rally.task.runner [-] Task db6ee499-64ee-444e-98f7-5716ecd9f0c2 | ITER: 9 START
2019-12-18 03:27:22.662 25814 INFO rally.task.runner [-] Task db6ee499-64ee-444e-98f7-5716ecd9f0c2 | ITER: 10 START
2019-12-18 03:27:22.693 25813 INFO rally.task.runner [-] Task db6ee499-64ee-444e-98f7-5716ecd9f0c2 | ITER: 8 END: OK
2019-12-18 03:27:22.718 25815 INFO rally.task.runner [-] Task db6ee499-64ee-444e-98f7-5716ecd9f0c2 | ITER: 7 END: OK
2019-12-18 03:27:23.118 25816 INFO rally.task.runner [-] Task db6ee499-64ee-444e-98f7-5716ecd9f0c2 | ITER: 9 END: OK
2019-12-18 03:27:23.187 25814 INFO rally.task.runner [-] Task db6ee499-64ee-444e-98f7-5716ecd9f0c2 | ITER: 10 END: OK
2019-12-18 03:27:23.211 25565 INFO rally.task.context [-] Task db6ee499-64ee-444e-98f7-5716ecd9f0c2 | Context admin_cleanup@openstack cleanup() started
2019-12-18 03:27:23.215 25565 RALLYDEBUG rally_openstack.cleanup.manager [-] Cleaning up cinder quotas objects
2019-12-18 03:27:24.038 25565 INFO rally.task.context [-] Task db6ee499-64ee-444e-98f7-5716ecd9f0c2 | Context admin_cleanup@openstack cleanup() finished in 0.83 sec
2019-12-18 03:27:24.039 25565 INFO rally.task.context [-] Task db6ee499-64ee-444e-98f7-5716ecd9f0c2 | Context api_versions@openstack cleanup() started
2019-12-18 03:27:24.039 25565 INFO rally.task.context [-] Task db6ee499-64ee-444e-98f7-5716ecd9f0c2 | Context api_versions@openstack cleanup() finished in 0.37 msec
2019-12-18 03:27:24.039 25565 INFO rally.task.context [-] Task db6ee499-64ee-444e-98f7-5716ecd9f0c2 | Context users@openstack cleanup() started
2019-12-18 03:27:29.065 25565 INFO rally.task.context [-] Task db6ee499-64ee-444e-98f7-5716ecd9f0c2 | Context users@openstack cleanup() finished in 5.03 sec
2019-12-18 03:27:30.788 25565 INFO rally.task.engine [-] Load duration is: 1.504727
2019-12-18 03:27:30.789 25565 INFO rally.task.engine [-] Full runner duration is: 1.549814
2019-12-18 03:27:30.789 25565 INFO rally.task.engine [-] Full duration is: 10.371442
2019-12-18 03:27:31.120 25565 INFO rally.task.engine [-] Running workload: position = 0 config = { "version": 2, "title": "A cropped version of a bigger task.", "description": "Auto-generated task from a single workload (uuid=3f3ef72b-8bb4-4c80-80df-9ce6404b3aec)", "subtasks": [ { "title": "Quotas.neutron_update", "description": "Update quotas for neutron.", "scenario": { "Quotas.neutron_update": { "max_quota": 1024 } }, "contexts": { "users": { "tenants": 3, "users_per_tenant": 2 } }, "runner": { "constant": { "concurrency": 4, "times": 10 } }, "hooks": [], "sla": { "failure_rate": { "max": 0 } } } ] }
2019-12-18 03:27:31.145 25565 RALLYDEBUG rally_openstack.contexts.keystone.users [-] Creating 3 tenants using 20 threads
2019-12-18 03:27:32.180 25565 RALLYDEBUG rally_openstack.contexts.keystone.users [-] Creating 6 users using 20 threads
2019-12-18 03:27:33.764 25565 INFO rally.task.context [-] Task db6ee499-64ee-444e-98f7-5716ecd9f0c2 | Context users@openstack setup() finished in 2.62 sec
2019-12-18 03:27:33.765 25565 INFO rally.task.context [-] Task db6ee499-64ee-444e-98f7-5716ecd9f0c2 | Context admin_cleanup@openstack setup() finished in 0.01 msec
2019-12-18 03:27:33.773 25565 RALLYDEBUG rally.task.runner [-] Starting the constant runner (task UUID: db6ee499-64ee-444e-98f7-5716ecd9f0c2). times: 10 concurrency: 4 timeout: 0 max_cpu_used: 16 processes_to_start: 4 concurrency_per_worker: 1 concurrency_overhead: 0
2019-12-18 03:27:33.784 25937 RALLYDEBUG rally.task.runner [-] Starting a worker. times: 10 duration: None concurrency: 1 timeout: 0 cls: method_name: run args: {"max_quota": 1024}
2019-12-18 03:27:33.788 25938 RALLYDEBUG rally.task.runner [-] Starting a worker. times: 10 duration: None concurrency: 1 timeout: 0 cls: method_name: run args: {"max_quota": 1024}
2019-12-18 03:27:33.791 25937 INFO rally.task.runner [-] Task db6ee499-64ee-444e-98f7-5716ecd9f0c2 | ITER: 1 START
2019-12-18 03:27:33.791 25939 RALLYDEBUG rally.task.runner [-] Starting a worker. times: 10 duration: None concurrency: 1 timeout: 0 cls: method_name: run args: {"max_quota": 1024}
2019-12-18 03:27:33.794 25938 INFO rally.task.runner [-] Task db6ee499-64ee-444e-98f7-5716ecd9f0c2 | ITER: 2 START
2019-12-18 03:27:33.794 25940 RALLYDEBUG rally.task.runner [-] Starting a worker. times: 10 duration: None concurrency: 1 timeout: 0 cls: method_name: run args: {"max_quota": 1024}
2019-12-18 03:27:33.797 25939 INFO rally.task.runner [-] Task db6ee499-64ee-444e-98f7-5716ecd9f0c2 | ITER: 3 START
2019-12-18 03:27:33.800 25940 INFO rally.task.runner [-] Task db6ee499-64ee-444e-98f7-5716ecd9f0c2 | ITER: 4 START
2019-12-18 03:27:34.277 25940 INFO rally.task.runner [-] Task db6ee499-64ee-444e-98f7-5716ecd9f0c2 | ITER: 4 END: OK
2019-12-18 03:27:34.281 25940 INFO rally.task.runner [-] Task db6ee499-64ee-444e-98f7-5716ecd9f0c2 | ITER: 5 START
2019-12-18 03:27:34.288 25939 INFO rally.task.runner [-] Task db6ee499-64ee-444e-98f7-5716ecd9f0c2 | ITER: 3 END: OK
2019-12-18 03:27:34.292 25939 INFO rally.task.runner [-] Task db6ee499-64ee-444e-98f7-5716ecd9f0c2 | ITER: 6 START
2019-12-18 03:27:34.310 25937 INFO rally.task.runner [-] Task db6ee499-64ee-444e-98f7-5716ecd9f0c2 | ITER: 1 END: OK
2019-12-18 03:27:34.314 25937 INFO rally.task.runner [-] Task db6ee499-64ee-444e-98f7-5716ecd9f0c2 | ITER: 7 START
2019-12-18 03:27:34.322 25938 INFO rally.task.runner [-] Task db6ee499-64ee-444e-98f7-5716ecd9f0c2 | ITER: 2 END: OK
2019-12-18 03:27:34.326 25938 INFO rally.task.runner [-] Task db6ee499-64ee-444e-98f7-5716ecd9f0c2 | ITER: 8 START
2019-12-18 03:27:34.710 25940 INFO rally.task.runner [-] Task db6ee499-64ee-444e-98f7-5716ecd9f0c2 | ITER: 5 END: OK
2019-12-18 03:27:34.713 25940 INFO rally.task.runner [-] Task db6ee499-64ee-444e-98f7-5716ecd9f0c2 | ITER: 9 START
2019-12-18 03:27:34.760 25939 INFO rally.task.runner [-] Task db6ee499-64ee-444e-98f7-5716ecd9f0c2 | ITER: 6 END: OK
2019-12-18 03:27:34.763 25939 INFO rally.task.runner [-] Task db6ee499-64ee-444e-98f7-5716ecd9f0c2 | ITER: 10 START
2019-12-18 03:27:34.781 25937 INFO rally.task.runner [-] Task db6ee499-64ee-444e-98f7-5716ecd9f0c2 | ITER: 7 END: OK
2019-12-18 03:27:34.813 25938 INFO rally.task.runner [-] Task db6ee499-64ee-444e-98f7-5716ecd9f0c2 | ITER: 8 END: OK
2019-12-18 03:27:35.167 25940 INFO rally.task.runner [-] Task db6ee499-64ee-444e-98f7-5716ecd9f0c2 | ITER: 9 END: OK
2019-12-18 03:27:35.225 25939 INFO rally.task.runner [-] Task db6ee499-64ee-444e-98f7-5716ecd9f0c2 | ITER: 10 END: OK
2019-12-18 03:27:35.254 25565 INFO rally.task.context [-] Task db6ee499-64ee-444e-98f7-5716ecd9f0c2 | Context admin_cleanup@openstack cleanup() started
2019-12-18 03:27:35.258 25565 RALLYDEBUG rally_openstack.cleanup.manager [-] Cleaning up neutron quota objects
2019-12-18 03:27:36.099 25565 INFO rally.task.context [-] Task db6ee499-64ee-444e-98f7-5716ecd9f0c2 | Context admin_cleanup@openstack cleanup() finished in 0.84 sec
2019-12-18 03:27:36.099 25565 INFO rally.task.context [-] Task db6ee499-64ee-444e-98f7-5716ecd9f0c2 | Context users@openstack cleanup() started
2019-12-18 03:27:40.970 25565 INFO rally.task.context [-] Task db6ee499-64ee-444e-98f7-5716ecd9f0c2 | Context users@openstack cleanup() finished in 4.87 sec
2019-12-18 03:27:41.236 25565 INFO rally.task.engine [-] Load duration is: 1.433026
2019-12-18 03:27:41.236 25565 INFO rally.task.engine [-] Full runner duration is: 1.48167
2019-12-18 03:27:41.237 25565 INFO rally.task.engine [-] Full duration is: 9.826689
2019-12-18 03:27:41.581 25565 INFO rally.task.engine [-] Running workload: position = 0 config = { "version": 2, "title": "A cropped version of a bigger task.", "description": "Auto-generated task from a single workload (uuid=55837575-8ca6-40ad-b587-8d71012883ea)", "subtasks": [ { "title": "Quotas.nova_update", "description": "Update quotas for Nova.", "scenario": { "Quotas.nova_update": { "max_quota": 1024 } }, "contexts": { "users": { "tenants": 3, "users_per_tenant": 2 } }, "runner": { "constant": { "concurrency": 4, "times": 10 } }, "hooks": [], "sla": { "failure_rate": { "max": 0 } } } ] }
2019-12-18 03:27:41.602 25565 RALLYDEBUG rally_openstack.contexts.keystone.users [-] Creating 3 tenants using 20 threads
2019-12-18 03:27:42.504 25565 RALLYDEBUG rally_openstack.contexts.keystone.users [-] Creating 6 users using 20 threads
2019-12-18 03:27:44.031 25565 INFO rally.task.context [-] Task db6ee499-64ee-444e-98f7-5716ecd9f0c2 | Context users@openstack setup() finished in 2.43 sec
2019-12-18 03:27:44.031 25565 INFO rally.task.context [-] Task db6ee499-64ee-444e-98f7-5716ecd9f0c2 | Context admin_cleanup@openstack setup() finished in 0.01 msec
2019-12-18 03:27:44.040 25565 RALLYDEBUG rally.task.runner [-] Starting the constant runner (task UUID: db6ee499-64ee-444e-98f7-5716ecd9f0c2). times: 10 concurrency: 4 timeout: 0 max_cpu_used: 16 processes_to_start: 4 concurrency_per_worker: 1 concurrency_overhead: 0
2019-12-18 03:27:44.052 26061 RALLYDEBUG rally.task.runner [-] Starting a worker. times: 10 duration: None concurrency: 1 timeout: 0 cls: method_name: run args: {"max_quota": 1024}
2019-12-18 03:27:44.056 26062 RALLYDEBUG rally.task.runner [-] Starting a worker. times: 10 duration: None concurrency: 1 timeout: 0 cls: method_name: run args: {"max_quota": 1024}
2019-12-18 03:27:44.059 26061 INFO rally.task.runner [-] Task db6ee499-64ee-444e-98f7-5716ecd9f0c2 | ITER: 1 START
2019-12-18 03:27:44.060 26063 RALLYDEBUG rally.task.runner [-] Starting a worker. times: 10 duration: None concurrency: 1 timeout: 0 cls: method_name: run args: {"max_quota": 1024}
2019-12-18 03:27:44.062 26062 INFO rally.task.runner [-] Task db6ee499-64ee-444e-98f7-5716ecd9f0c2 | ITER: 2 START
2019-12-18 03:27:44.063 26065 RALLYDEBUG rally.task.runner [-] Starting a worker. times: 10 duration: None concurrency: 1 timeout: 0 cls: method_name: run args: {"max_quota": 1024}
2019-12-18 03:27:44.066 26063 INFO rally.task.runner [-] Task db6ee499-64ee-444e-98f7-5716ecd9f0c2 | ITER: 3 START
2019-12-18 03:27:44.069 26065 INFO rally.task.runner [-] Task db6ee499-64ee-444e-98f7-5716ecd9f0c2 | ITER: 4 START
2019-12-18 03:27:44.716 26061 INFO rally.task.runner [-] Task db6ee499-64ee-444e-98f7-5716ecd9f0c2 | ITER: 1 END: OK
2019-12-18 03:27:44.720 26061 INFO rally.task.runner [-] Task db6ee499-64ee-444e-98f7-5716ecd9f0c2 | ITER: 5 START
2019-12-18 03:27:44.723 26063 INFO rally.task.runner [-] Task db6ee499-64ee-444e-98f7-5716ecd9f0c2 | ITER: 3 END: OK
2019-12-18 03:27:44.728 26063 INFO rally.task.runner [-] Task db6ee499-64ee-444e-98f7-5716ecd9f0c2 | ITER: 6 START
2019-12-18 03:27:44.746 26062 INFO rally.task.runner [-] Task db6ee499-64ee-444e-98f7-5716ecd9f0c2 | ITER: 2 END: OK
2019-12-18 03:27:44.751 26062 INFO rally.task.runner [-] Task db6ee499-64ee-444e-98f7-5716ecd9f0c2 | ITER: 7 START
2019-12-18 03:27:44.781 26065 INFO rally.task.runner [-] Task db6ee499-64ee-444e-98f7-5716ecd9f0c2 | ITER: 4 END: OK
2019-12-18 03:27:44.786 26065 INFO rally.task.runner [-] Task db6ee499-64ee-444e-98f7-5716ecd9f0c2 | ITER: 8 START
2019-12-18 03:27:45.266 26062 INFO rally.task.runner [-] Task db6ee499-64ee-444e-98f7-5716ecd9f0c2 | ITER: 7 END: OK
2019-12-18 03:27:45.269 26062 INFO rally.task.runner [-] Task db6ee499-64ee-444e-98f7-5716ecd9f0c2 | ITER: 9 START
2019-12-18 03:27:45.273 26061 INFO rally.task.runner [-] Task db6ee499-64ee-444e-98f7-5716ecd9f0c2 | ITER: 5 END: OK
2019-12-18 03:27:45.276 26061 INFO rally.task.runner [-] Task db6ee499-64ee-444e-98f7-5716ecd9f0c2 | ITER: 10 START
2019-12-18 03:27:45.281 26063 INFO rally.task.runner [-] Task db6ee499-64ee-444e-98f7-5716ecd9f0c2 | ITER: 6 END: OK
2019-12-18 03:27:45.334 26065 INFO rally.task.runner [-] Task db6ee499-64ee-444e-98f7-5716ecd9f0c2 | ITER: 8 END: OK
2019-12-18 03:27:45.828 26061 INFO rally.task.runner [-] Task db6ee499-64ee-444e-98f7-5716ecd9f0c2 | ITER: 10 END: OK
2019-12-18 03:27:45.831 26062 INFO rally.task.runner [-] Task db6ee499-64ee-444e-98f7-5716ecd9f0c2 | ITER: 9 END: OK
2019-12-18 03:27:45.858 25565 INFO rally.task.context [-] Task db6ee499-64ee-444e-98f7-5716ecd9f0c2 | Context admin_cleanup@openstack cleanup() started
2019-12-18 03:27:45.862 25565 RALLYDEBUG rally_openstack.cleanup.manager [-] Cleaning up nova quotas objects
2019-12-18 03:27:46.672 25565 INFO rally.task.context [-] Task db6ee499-64ee-444e-98f7-5716ecd9f0c2 | Context admin_cleanup@openstack cleanup() finished in 0.81 sec
2019-12-18 03:27:46.673 25565 INFO rally.task.context [-] Task db6ee499-64ee-444e-98f7-5716ecd9f0c2 | Context users@openstack cleanup() started
2019-12-18 03:27:51.301 25565 INFO rally.task.context [-] Task db6ee499-64ee-444e-98f7-5716ecd9f0c2 | Context users@openstack cleanup() finished in 4.63 sec
2019-12-18 03:27:51.676 25565 INFO rally.task.engine [-] Load duration is: 1.770834
2019-12-18 03:27:51.676 25565 INFO rally.task.engine [-] Full runner duration is: 1.818477
2019-12-18 03:27:51.676 25565 INFO rally.task.engine [-] Full duration is: 9.700862
2019-12-18 03:27:51.988 25565 INFO rally.task.engine [-] Task db6ee499-64ee-444e-98f7-5716ecd9f0c2 | Completed: Running task.
2019-12-18 03:27:53.473 26143 RALLYDEBUG rally.api [-] INFO logs from urllib3 and requests module are hide.
2019-12-18 03:27:53.473 26143 RALLYDEBUG rally.api [-] urllib3 insecure warnings are hidden.
2019-12-18 03:27:53.473 26143 RALLYDEBUG rally.api [-] ERROR log from boto module is hide.
2019-12-18 03:27:54.709 26144 RALLYDEBUG rally.api [-] INFO logs from urllib3 and requests module are hide.
2019-12-18 03:27:54.710 26144 RALLYDEBUG rally.api [-] urllib3 insecure warnings are hidden.
2019-12-18 03:27:54.710 26144 RALLYDEBUG rally.api [-] ERROR log from boto module is hide.
2019-12-18 03:27:56.059 26145 RALLYDEBUG rally.api [-] INFO logs from urllib3 and requests module are hide.
2019-12-18 03:27:56.059 26145 RALLYDEBUG rally.api [-] urllib3 insecure warnings are hidden.
2019-12-18 03:27:56.059 26145 RALLYDEBUG rally.api [-] ERROR log from boto module is hide.
2019-12-18 03:27:57.705 26145 INFO rally.api [-] Building 'json' report for the following task(s): 'db6ee499-64ee-444e-98f7-5716ecd9f0c2'.
2019-12-18 03:27:57.712 26145 INFO rally.api [-] The report has been successfully built.
2019-12-18 03:27:59.084 26147 RALLYDEBUG rally.api [-] INFO logs from urllib3 and requests module are hide.
2019-12-18 03:27:59.084 26147 RALLYDEBUG rally.api [-] urllib3 insecure warnings are hidden.
2019-12-18 03:27:59.084 26147 RALLYDEBUG rally.api [-] ERROR log from boto module is hide.
2019-12-18 03:28:00.922 26147 INFO rally.task.engine [-] Task e99e79e3-0575-47b9-8860-310a7810acf1 | Starting: Task validation.
2019-12-18 03:28:00.976 26147 INFO rally.task.engine [-] Task e99e79e3-0575-47b9-8860-310a7810acf1 | Starting: Task validation of syntax.
2019-12-18 03:28:01.069 26147 INFO rally.task.engine [-] Task e99e79e3-0575-47b9-8860-310a7810acf1 | Completed: Task validation of syntax.
2019-12-18 03:28:01.069 26147 INFO rally.task.engine [-] Task e99e79e3-0575-47b9-8860-310a7810acf1 | Starting: Task validation of required platforms.
2019-12-18 03:28:01.116 26147 INFO rally.task.engine [-] Task e99e79e3-0575-47b9-8860-310a7810acf1 | Completed: Task validation of required platforms.
2019-12-18 03:28:01.116 26147 INFO rally.task.engine [-] Task e99e79e3-0575-47b9-8860-310a7810acf1 | Starting: Task validation of semantic.
2019-12-18 03:28:01.116 26147 INFO rally.task.engine [-] Check health of the environment '35c66681-f0dc-4da3-aba6-b9e1bda3b137'.
2019-12-18 03:28:02.127 26147 INFO rally.task.engine [-] Platform existing@openstack (available: True): OK!
2019-12-18 03:28:02.162 26147 RALLYDEBUG rally_openstack.contexts.keystone.users [-] Creating 1 tenants using 20 threads
2019-12-18 03:28:03.048 26147 RALLYDEBUG rally_openstack.contexts.keystone.users [-] Creating 1 users using 20 threads
2019-12-18 03:28:04.497 26147 INFO rally.task.context [-] Task e99e79e3-0575-47b9-8860-310a7810acf1 | Context users@openstack setup() finished in 2.33 sec
2019-12-18 03:28:04.838 26147 INFO rally.task.context [-] Task e99e79e3-0575-47b9-8860-310a7810acf1 | Context users@openstack cleanup() started
2019-12-18 03:28:07.978 26147 INFO rally.task.context [-] Task e99e79e3-0575-47b9-8860-310a7810acf1 | Context users@openstack cleanup() finished in 3.14 sec
2019-12-18 03:28:08.049 26147 ERROR rally.cli.cliutils [-] Unexpected exception in CLI: rally.exceptions.InvalidTaskConfig: Input task is invalid! Subtask SwiftObjects.create_container_and_object_then_list_objects[0] has wrong configuration Subtask configuration: {"version": 2, "title": "A cropped version of a bigger task.", "description": "Auto-generated task from a single workload", "subtasks": [{"title": "SwiftObjects.create_container_and_object_then_list_objects", "description": "Create container and objects then list all objects.", "scenario": {"SwiftObjects.create_container_and_object_then_list_objects": {"objects_per_container": 2, "object_size": 5120}}, "contexts": {"users": {"tenants": 3, "users_per_tenant": 2}, "roles": ["admin"]}, "runner": {"constant": {"concurrency": 4, "times": 10}}, "hooks": [], "sla": {"failure_rate": {"max": 0}}}]} Reason(s): Scenario plugin 'SwiftObjects.create_container_and_object_then_list_objects' doesn't pass required_services@openstack validation. Details: 'swift' service is not available. Hint: If 'swift' service has non-default service_type, try to setup it via 'api_versions@openstack' context.
2019-12-18 03:28:08.049 26147 ERROR rally.cli.cliutils
Traceback (most recent call last):
2019-12-18 03:28:08.049 26147 ERROR rally.cli.cliutils
File "/usr/lib/python3.6/site-packages/rally/cli/cliutils.py", line 674, in run
2019-12-18 03:28:08.049 26147 ERROR rally.cli.cliutils ret = fn(*fn_args, **fn_kwargs)
2019-12-18 03:28:08.049 26147 ERROR rally.cli.cliutils File "", line 2, in start
2019-12-18 03:28:08.049 26147 ERROR rally.cli.cliutils
File "/usr/lib/python3.6/site-packages/rally/cli/envutils.py", line 68, in default_from_global
2019-12-18 03:28:08.049 26147 ERROR rally.cli.cliutils return f(*args, **kwargs)
2019-12-18 03:28:08.049 26147 ERROR rally.cli.cliutils File "", line 2, in start
2019-12-18 03:28:08.049 26147 ERROR rally.cli.cliutils
File "/usr/lib/python3.6/site-packages/rally/plugins/__init__.py", line 51, in ensure_plugins_are_loaded
2019-12-18 03:28:08.049 26147 ERROR rally.cli.cliutils return f(*args, **kwargs)
2019-12-18 03:28:08.049 26147 ERROR rally.cli.cliutils
File "/usr/lib/python3.6/site-packages/rally/cli/commands/task.py", line 307, in start
2019-12-18 03:28:08.049 26147 ERROR rally.cli.cliutils abort_on_sla_failure=abort_on_sla_failure)
2019-12-18 03:28:08.049 26147 ERROR rally.cli.cliutils
File "/usr/lib/python3.6/site-packages/rally/api.py", line 422, in start
2019-12-18 03:28:08.049 26147 ERROR rally.cli.cliutils task_engine.validate()
2019-12-18 03:28:08.049 26147 ERROR rally.cli.cliutils
File "/usr/lib/python3.6/site-packages/rally/common/logging.py", line 248, in wrapper
2019-12-18 03:28:08.049 26147 ERROR rally.cli.cliutils result = f(self, *args, **kwargs)
2019-12-18 03:28:08.049 26147 ERROR rally.cli.cliutils
File "/usr/lib/python3.6/site-packages/rally/task/engine.py", line 394, in validate
2019-12-18 03:28:08.049 26147 ERROR rally.cli.cliutils self._validate_config_semantic(self.config)
2019-12-18 03:28:08.049 26147 ERROR rally.cli.cliutils
File "/usr/lib/python3.6/site-packages/rally/common/logging.py", line 248, in wrapper
2019-12-18 03:28:08.049 26147 ERROR rally.cli.cliutils result = f(self, *args, **kwargs)
2019-12-18 03:28:08.049 26147 ERROR rally.cli.cliutils
File "/usr/lib/python3.6/site-packages/rally/task/engine.py", line 380, in _validate_config_semantic
2019-12-18 03:28:08.049 26147 ERROR rally.cli.cliutils workload, vcontext=ctx_obj, vtype="semantic")
2019-12-18 03:28:08.049 26147 ERROR rally.cli.cliutils
File "/usr/lib/python3.6/site-packages/rally/task/engine.py", line 328, in _validate_workload
2019-12-18 03:28:08.049 26147 ERROR rally.cli.cliutils raise exceptions.InvalidTaskConfig(**kw)
2019-12-18 03:28:08.049 26147 ERROR rally.cli.cliutils rally.exceptions.InvalidTaskConfig: Input task is invalid!
2019-12-18 03:28:08.049 26147 ERROR rally.cli.cliutils
2019-12-18 03:28:08.049 26147 ERROR rally.cli.cliutils Subtask SwiftObjects.create_container_and_object_then_list_objects[0] has wrong configuration
2019-12-18 03:28:08.049 26147 ERROR rally.cli.cliutils Subtask configuration:
2019-12-18 03:28:08.049 26147 ERROR rally.cli.cliutils {"version": 2, "title": "A cropped version of a bigger task.", "description": "Auto-generated task from a single workload", "subtasks": [{"title": "SwiftObjects.create_container_and_object_then_list_objects", "description": "Create container and objects then list all objects.", "scenario": {"SwiftObjects.create_container_and_object_then_list_objects": {"objects_per_container": 2, "object_size": 5120}}, "contexts": {"users": {"tenants": 3, "users_per_tenant": 2}, "roles": ["admin"]}, "runner": {"constant": {"concurrency": 4, "times": 10}}, "hooks": [], "sla": {"failure_rate": {"max": 0}}}]}
2019-12-18 03:28:08.049 26147 ERROR rally.cli.cliutils
2019-12-18 03:28:08.049 26147 ERROR rally.cli.cliutils Reason(s):
2019-12-18 03:28:08.049 26147 ERROR rally.cli.cliutils Scenario plugin 'SwiftObjects.create_container_and_object_then_list_objects' doesn't pass required_services@openstack validation. Details: 'swift' service is not available. Hint: If 'swift' service has non-default service_type, try to setup it via 'api_versions@openstack' context.
2019-12-18 03:28:08.049 26147 ERROR rally.cli.cliutils
2019-12-18 03:28:09.532 26229 RALLYDEBUG rally.api [-] INFO logs from urllib3 and requests module are hide.
2019-12-18 03:28:09.533 26229 RALLYDEBUG rally.api [-] urllib3 insecure warnings are hidden.
2019-12-18 03:28:09.533 26229 RALLYDEBUG rally.api [-] ERROR log from boto module is hide.
2019-12-18 03:28:10.763 26230 RALLYDEBUG rally.api [-] INFO logs from urllib3 and requests module are hide.
2019-12-18 03:28:10.763 26230 RALLYDEBUG rally.api [-] urllib3 insecure warnings are hidden.
2019-12-18 03:28:10.763 26230 RALLYDEBUG rally.api [-] ERROR log from boto module is hide.
2019-12-18 03:28:11.981 26231 RALLYDEBUG rally.api [-] INFO logs from urllib3 and requests module are hide.
2019-12-18 03:28:11.981 26231 RALLYDEBUG rally.api [-] urllib3 insecure warnings are hidden.
2019-12-18 03:28:11.981 26231 RALLYDEBUG rally.api [-] ERROR log from boto module is hide.
2019-12-18 03:28:13.535 26231 INFO rally.api [-] Building 'json' report for the following task(s): 'e99e79e3-0575-47b9-8860-310a7810acf1'.
2019-12-18 03:28:13.537 26231 INFO rally.api [-] The report has been successfully built.
2019-12-18 03:28:14.872 26233 RALLYDEBUG rally.api [-] INFO logs from urllib3 and requests module are hide.
2019-12-18 03:28:14.872 26233 RALLYDEBUG rally.api [-] urllib3 insecure warnings are hidden.
2019-12-18 03:28:14.872 26233 RALLYDEBUG rally.api [-] ERROR log from boto module is hide.
2019-12-18 03:28:16.755 26233 INFO rally.task.engine [-] Task 40248c6d-01d1-4018-9c4e-2446c00cd28c | Starting: Task validation.
2019-12-18 03:28:16.802 26233 INFO rally.task.engine [-] Task 40248c6d-01d1-4018-9c4e-2446c00cd28c | Starting: Task validation of syntax.
2019-12-18 03:28:16.944 26233 INFO rally.task.engine [-] Task 40248c6d-01d1-4018-9c4e-2446c00cd28c | Completed: Task validation of syntax.
2019-12-18 03:28:16.944 26233 INFO rally.task.engine [-] Task 40248c6d-01d1-4018-9c4e-2446c00cd28c | Starting: Task validation of required platforms.
2019-12-18 03:28:17.009 26233 INFO rally.task.engine [-] Task 40248c6d-01d1-4018-9c4e-2446c00cd28c | Completed: Task validation of required platforms.
2019-12-18 03:28:17.010 26233 INFO rally.task.engine [-] Task 40248c6d-01d1-4018-9c4e-2446c00cd28c | Starting: Task validation of semantic.
2019-12-18 03:28:17.011 26233 INFO rally.task.engine [-] Check health of the environment '35c66681-f0dc-4da3-aba6-b9e1bda3b137'.
2019-12-18 03:28:18.003 26233 INFO rally.task.engine [-] Platform existing@openstack (available: True): OK!
2019-12-18 03:28:18.025 26233 RALLYDEBUG rally_openstack.contexts.keystone.users [-] Creating 1 tenants using 20 threads
2019-12-18 03:28:18.864 26233 RALLYDEBUG rally_openstack.contexts.keystone.users [-] Creating 1 users using 20 threads
2019-12-18 03:28:20.270 26233 INFO rally.task.context [-] Task 40248c6d-01d1-4018-9c4e-2446c00cd28c | Context users@openstack setup() finished in 2.24 sec
2019-12-18 03:28:23.799 26233 INFO rally.task.context [-] Task 40248c6d-01d1-4018-9c4e-2446c00cd28c | Context users@openstack cleanup() started
2019-12-18 03:28:26.893 26233 INFO rally.task.context [-] Task 40248c6d-01d1-4018-9c4e-2446c00cd28c | Context users@openstack cleanup() finished in 3.09 sec
2019-12-18 03:28:26.894 26233 INFO rally.task.engine [-] Task 40248c6d-01d1-4018-9c4e-2446c00cd28c | Completed: Task validation of semantic.
2019-12-18 03:28:26.894 26233 INFO rally.task.engine [-] Task 40248c6d-01d1-4018-9c4e-2446c00cd28c | Completed: Task validation.
2019-12-18 03:28:26.894 26233 INFO rally.api [-] Task 40248c6d-01d1-4018-9c4e-2446c00cd28c input file is valid.
2019-12-18 03:28:26.895 26233 INFO rally.api [-] Run Task 40248c6d-01d1-4018-9c4e-2446c00cd28c against Deployment 35c66681-f0dc-4da3-aba6-b9e1bda3b137
2019-12-18 03:28:26.895 26233 INFO rally.task.engine [-] Task 40248c6d-01d1-4018-9c4e-2446c00cd28c | Starting: Running task.
2019-12-18 03:28:27.121 26233 INFO rally.task.engine [-] Running workload: position = 0 config = { "version": 2, "title": "A cropped version of a bigger task.", "description": "Auto-generated task from a single workload (uuid=351f661c-bd41-4f85-ba96-f26601d5edad)", "subtasks": [ { "title": "BarbicanContainers.create_and_add", "description": "Create secret, create generic container, and delete container.", "scenario": { "BarbicanContainers.create_and_add": {} }, "contexts": { "users": { "tenants": 3, "users_per_tenant": 2 } }, "runner": { "constant": { "concurrency": 4, "times": 10 } }, "hooks": [], "sla": { "failure_rate": { "max": 0 } } } ] }
2019-12-18 03:28:27.143 26233 RALLYDEBUG rally_openstack.contexts.keystone.users [-] Creating 3 tenants using 20 threads
2019-12-18 03:28:28.064 26233 RALLYDEBUG rally_openstack.contexts.keystone.users [-] Creating 6 users using 20 threads
2019-12-18 03:28:29.713 26233 INFO rally.task.context [-] Task 40248c6d-01d1-4018-9c4e-2446c00cd28c | Context users@openstack setup() finished in 2.57 sec
2019-12-18 03:28:29.723 26233 RALLYDEBUG rally.task.runner [-] Starting the constant runner (task UUID: 40248c6d-01d1-4018-9c4e-2446c00cd28c). times: 10 concurrency: 4 timeout: 0 max_cpu_used: 16 processes_to_start: 4 concurrency_per_worker: 1 concurrency_overhead: 0
2019-12-18 03:28:29.736 26357 RALLYDEBUG rally.task.runner [-] Starting a worker. times: 10 duration: None concurrency: 1 timeout: 0 cls: method_name: run args: {}
2019-12-18 03:28:29.739 26358 RALLYDEBUG rally.task.runner [-] Starting a worker. times: 10 duration: None concurrency: 1 timeout: 0 cls: method_name: run args: {}
2019-12-18 03:28:29.743 26357 INFO rally.task.runner [-] Task 40248c6d-01d1-4018-9c4e-2446c00cd28c | ITER: 1 START
2019-12-18 03:28:29.743 26359 RALLYDEBUG rally.task.runner [-] Starting a worker. times: 10 duration: None concurrency: 1 timeout: 0 cls: method_name: run args: {}
2019-12-18 03:28:29.746 26358 INFO rally.task.runner [-] Task 40248c6d-01d1-4018-9c4e-2446c00cd28c | ITER: 2 START
2019-12-18 03:28:29.746 26361 RALLYDEBUG rally.task.runner [-] Starting a worker. times: 10 duration: None concurrency: 1 timeout: 0 cls: method_name: run args: {}
2019-12-18 03:28:29.750 26359 INFO rally.task.runner [-] Task 40248c6d-01d1-4018-9c4e-2446c00cd28c | ITER: 3 START
2019-12-18 03:28:29.752 26361 INFO rally.task.runner [-] Task 40248c6d-01d1-4018-9c4e-2446c00cd28c | ITER: 4 START
2019-12-18 03:28:29.775 26359 DEBUG barbicanclient.client [-] Creating Client object Client /usr/lib/python3.6/site-packages/barbicanclient/client.py:156
2019-12-18 03:28:29.775 26357 DEBUG barbicanclient.client [-] Creating Client object Client /usr/lib/python3.6/site-packages/barbicanclient/client.py:156
