2019-12-18 02:23:12.978 15856 INFO rally.task.runner [-] Task b391d463-0d30-4735-acd8-41f940efa65b | ITER: 5 END: OK
2019-12-18 02:23:12.982 15856 INFO rally.task.runner [-] Task b391d463-0d30-4735-acd8-41f940efa65b | ITER: 9 START
2019-12-18 02:23:13.341 15853 INFO rally.task.runner [-] Task b391d463-0d30-4735-acd8-41f940efa65b | ITER: 6 END: OK
2019-12-18 02:23:13.345 15853 INFO rally.task.runner [-] Task b391d463-0d30-4735-acd8-41f940efa65b | ITER: 10 START
2019-12-18 02:23:13.589 15856 RALLYDEBUG rally_openstack.wrappers.network [-] CIDR generated: 1.1.0.136/30
2019-12-18 02:23:13.841 15853 RALLYDEBUG rally_openstack.wrappers.network [-] CIDR generated: 1.1.0.140/30
2019-12-18 02:23:14.306 15855 INFO rally.task.runner [-] Task b391d463-0d30-4735-acd8-41f940efa65b | ITER: 7 END: OK
2019-12-18 02:23:14.820 15854 INFO rally.task.runner [-] Task b391d463-0d30-4735-acd8-41f940efa65b | ITER: 8 END: OK
2019-12-18 02:23:19.317 15856 INFO rally.task.runner [-] Task b391d463-0d30-4735-acd8-41f940efa65b | ITER: 9 END: OK
2019-12-18 02:23:19.714 15853 INFO rally.task.runner [-] Task b391d463-0d30-4735-acd8-41f940efa65b | ITER: 10 END: OK
2019-12-18 02:23:19.741 13785 INFO rally.task.context [-] Task b391d463-0d30-4735-acd8-41f940efa65b | Context cleanup@openstack cleanup() started
2019-12-18 02:23:19.744 13785 RALLYDEBUG rally_openstack.cleanup.manager [-] Cleaning up neutron vip objects
2019-12-18 02:23:21.093 13785 RALLYDEBUG rally_openstack.cleanup.manager [-] Cleaning up neutron health_monitor objects
2019-12-18 02:23:22.230 13785 RALLYDEBUG rally_openstack.cleanup.manager [-] Cleaning up neutron pool objects
2019-12-18 02:23:23.375 13785 RALLYDEBUG rally_openstack.cleanup.manager [-] Cleaning up neutron loadbalancer objects
2019-12-18 02:23:24.510 13785 RALLYDEBUG rally_openstack.cleanup.manager [-] Cleaning up neutron floatingip objects
2019-12-18 02:23:25.759 13785 RALLYDEBUG rally_openstack.cleanup.manager [-] Cleaning up neutron trunk objects
2019-12-18 02:23:27.209 13785 RALLYDEBUG rally_openstack.cleanup.manager [-] Cleaning up neutron port objects
2019-12-18 02:23:28.637 13785 RALLYDEBUG rally_openstack.cleanup.manager [-] Cleaning up neutron subnet objects
2019-12-18 02:23:29.945 13785 RALLYDEBUG rally_openstack.cleanup.manager [-] Deleting neutron.subnet object s_rally_a2fa3972_e6O1Emqq (4e4f1993-d477-449e-ac27-c85ea8079c04)
2019-12-18 02:23:29.955 13785 RALLYDEBUG rally_openstack.cleanup.manager [-] Deleting neutron.subnet object s_rally_a2fa3972_jqMym7ia (6ba1232a-e9ac-4fb6-bec8-087e58b828a1)
2019-12-18 02:23:29.964 13785 RALLYDEBUG rally_openstack.cleanup.manager [-] Deleting neutron.subnet object s_rally_a2fa3972_SNz2mAqq (3890035f-d248-46b0-b6ee-c3bd4d978b49)
2019-12-18 02:23:29.967 13785 RALLYDEBUG rally_openstack.cleanup.manager [-] Deleting neutron.subnet object s_rally_a2fa3972_isnMuAoK (a2fee0b1-e016-4f79-b5a5-b6fdd4efa448)
2019-12-18 02:23:29.976 13785 RALLYDEBUG rally_openstack.cleanup.manager [-] Deleting neutron.subnet object s_rally_a2fa3972_xrhPIlJn (c98a0aca-8dce-47bd-b006-10213bf05531)
2019-12-18 02:23:29.982 13785 RALLYDEBUG rally_openstack.cleanup.manager [-] Deleting neutron.subnet object s_rally_a2fa3972_2JvW47PE (e5b514ec-8442-4234-ac12-949d0808ee99)
2019-12-18 02:23:29.987 13785 RALLYDEBUG rally_openstack.cleanup.manager [-] Deleting neutron.subnet object s_rally_a2fa3972_hTE6T9TC (1f83b94e-f822-4cb4-a01c-f0f008db9f68)
2019-12-18 02:23:30.028 13785 RALLYDEBUG rally_openstack.cleanup.manager [-] Deleting neutron.subnet object s_rally_a2fa3972_TDOoDTlU (2263e77f-787c-47f7-a82b-1890e4dd5124)
2019-12-18 02:23:30.033 13785 RALLYDEBUG rally_openstack.cleanup.manager [-] Deleting neutron.subnet object s_rally_a2fa3972_IqIe2PXF (d591479b-d867-4b33-a172-cd979f200457)
2019-12-18 02:23:30.061 13785 RALLYDEBUG rally_openstack.cleanup.manager [-] Deleting neutron.subnet object s_rally_a2fa3972_eeKkghEf (f1985ac7-9596-48a0-9f18-653f023baecb)
2019-12-18 02:23:32.655 13785 RALLYDEBUG rally_openstack.cleanup.manager [-] Cleaning up neutron network objects
2019-12-18 02:23:34.016 13785 RALLYDEBUG rally_openstack.cleanup.manager [-] Deleting neutron.network object s_rally_a2fa3972_OogA7Uhr (30a515de-6a2a-48c7-b8d1-1c015de52555)
2019-12-18 02:23:34.026 13785 RALLYDEBUG rally_openstack.cleanup.manager [-] Deleting neutron.network object s_rally_a2fa3972_7ciruvzt (60498a42-3087-4ab7-92f6-f21691af2269)
2019-12-18 02:23:34.035 13785 RALLYDEBUG rally_openstack.cleanup.manager [-] Deleting neutron.network object s_rally_a2fa3972_EUsHg5vC (05d14b7b-cffb-46c0-9526-8311296f2353)
2019-12-18 02:23:34.039 13785 RALLYDEBUG rally_openstack.cleanup.manager [-] Deleting neutron.network object s_rally_a2fa3972_XXdKn8ul (0f3a891d-25a5-4935-bc7d-d0884760c4e6)
2019-12-18 02:23:34.055 13785 RALLYDEBUG rally_openstack.cleanup.manager [-] Deleting neutron.network object s_rally_a2fa3972_72SUnUWc (52b6ce27-67d8-471a-8f10-66b0f66fb275)
2019-12-18 02:23:34.065 13785 RALLYDEBUG rally_openstack.cleanup.manager [-] Deleting neutron.network object s_rally_a2fa3972_2SeXPxOW (c80292da-2ae3-443a-ac83-93f351e1426a)
2019-12-18 02:23:34.088 13785 RALLYDEBUG rally_openstack.cleanup.manager [-] Deleting neutron.network object s_rally_a2fa3972_LvgzAL83 (1ef60474-c00a-4724-9894-93d67c99567e)
2019-12-18 02:23:34.092 13785 RALLYDEBUG rally_openstack.cleanup.manager [-] Deleting neutron.network object s_rally_a2fa3972_MsLRaC58 (6d0727de-93f9-46cb-9183-655cec3cb59e)
2019-12-18 02:23:34.122 13785 RALLYDEBUG rally_openstack.cleanup.manager [-] Deleting neutron.network object s_rally_a2fa3972_qv31YaHu (be5af8dc-bf58-4af4-98b4-1ba0699c46a1)
2019-12-18 02:23:34.137 13785 RALLYDEBUG rally_openstack.cleanup.manager [-] Deleting neutron.network object s_rally_a2fa3972_FtGnICXO (e83bdaea-22d4-46ce-bce1-25c3fd3067af)
2019-12-18 02:23:36.588 13785 RALLYDEBUG rally_openstack.cleanup.manager [-] Cleaning up neutron router objects
2019-12-18 02:23:37.868 13785 RALLYDEBUG rally_openstack.cleanup.manager [-] Cleaning up neutron security_group objects
2019-12-18 02:23:39.139 13785 INFO rally.task.context [-] Task b391d463-0d30-4735-acd8-41f940efa65b | Context cleanup@openstack cleanup() finished in 19.40 sec
2019-12-18 02:23:39.140 13785 INFO rally.task.context [-] Task b391d463-0d30-4735-acd8-41f940efa65b | Context quotas@openstack cleanup() started
2019-12-18 02:23:39.411 13785 INFO rally.task.context [-] Task b391d463-0d30-4735-acd8-41f940efa65b | Context quotas@openstack cleanup() finished in 0.27 sec
2019-12-18 02:23:39.411 13785 INFO rally.task.context [-] Task b391d463-0d30-4735-acd8-41f940efa65b | Context users@openstack cleanup() started
2019-12-18 02:23:43.629 13785 INFO rally.task.context [-] Task b391d463-0d30-4735-acd8-41f940efa65b | Context users@openstack cleanup() finished in 4.22 sec
2019-12-18 02:23:44.213 13785 INFO rally.task.engine [-] Load duration is: 18.406796
2019-12-18 02:23:44.213 13785 INFO rally.task.engine [-] Full runner duration is: 18.453733
2019-12-18 02:23:44.214 13785 INFO rally.task.engine [-] Full duration is: 45.82434
2019-12-18 02:23:44.591 13785 INFO rally.task.engine [-] Running workload: position = 0 config = { "version": 2, "title": "A cropped version of a bigger task.", "description": "Auto-generated task from a single workload (uuid=c4f5d0a5-85c2-4879-9331-ea1bdf87d6e9)", "subtasks": [ { "title": "NeutronNetworks.create_and_delete_subnets", "description": "Create and delete a given number of subnets.", "scenario": { "NeutronNetworks.create_and_delete_subnets": { "network_create_args": {}, "subnet_cidr_start": "1.1.0.0/30", "subnet_create_args": {}, "subnets_per_network": 1 } }, "contexts": { "users": { "tenants": 3, "users_per_tenant": 2 }, "network": { "router": {} }, "quotas": { "neutron": { "network": -1, "subnet": -1 } } }, "runner": { "constant": { "concurrency": 4, "times": 10 } }, "hooks": [], "sla": { "failure_rate": { "max": 0 } } } ] }
2019-12-18 02:23:44.617 13785 RALLYDEBUG rally_openstack.contexts.keystone.users [-] Creating 3 tenants using 20 threads
2019-12-18 02:23:45.667 13785 RALLYDEBUG rally_openstack.contexts.keystone.users [-] Creating 6 users using 20 threads
2019-12-18 02:23:47.208 13785 INFO rally.task.context [-] Task b391d463-0d30-4735-acd8-41f940efa65b | Context users@openstack setup() finished in 2.59 sec
2019-12-18 02:23:48.178 13785 INFO rally.task.context [-] Task b391d463-0d30-4735-acd8-41f940efa65b | Context quotas@openstack setup() finished in 0.97 sec
2019-12-18 02:23:48.807 13785 RALLYDEBUG rally_openstack.wrappers.network [-] CIDR generated: 10.2.36.0/24
2019-12-18 02:23:49.695 13785 RALLYDEBUG rally_openstack.wrappers.network [-] CIDR generated: 10.2.37.0/24
2019-12-18 02:23:50.570 13785 RALLYDEBUG rally_openstack.wrappers.network [-] CIDR generated: 10.2.38.0/24
2019-12-18 02:23:51.024 13785 INFO rally.task.context [-] Task b391d463-0d30-4735-acd8-41f940efa65b | Context network@openstack setup() finished in 2.85 sec
2019-12-18 02:23:51.025 13785 INFO rally.task.context [-] Task b391d463-0d30-4735-acd8-41f940efa65b | Context cleanup@openstack setup() finished in 0.01 msec
2019-12-18 02:23:51.034 13785 RALLYDEBUG rally.task.runner [-] Starting the constant runner (task UUID: b391d463-0d30-4735-acd8-41f940efa65b). times: 10 concurrency: 4 timeout: 0 max_cpu_used: 16 processes_to_start: 4 concurrency_per_worker: 1 concurrency_overhead: 0
2019-12-18 02:23:51.045 16177 RALLYDEBUG rally.task.runner [-] Starting a worker. times: 10 duration: None concurrency: 1 timeout: 0 cls: method_name: run args: {"network_create_args": {}, "subnet_cidr_start": "1.1.0.0/30", "subnet_create_args": {}, "subnets_per_network": 1}
2019-12-18 02:23:51.048 16178 RALLYDEBUG rally.task.runner [-] Starting a worker. times: 10 duration: None concurrency: 1 timeout: 0 cls: method_name: run args: {"network_create_args": {}, "subnet_cidr_start": "1.1.0.0/30", "subnet_create_args": {}, "subnets_per_network": 1}
2019-12-18 02:23:51.052 16179 RALLYDEBUG rally.task.runner [-] Starting a worker. times: 10 duration: None concurrency: 1 timeout: 0 cls: method_name: run args: {"network_create_args": {}, "subnet_cidr_start": "1.1.0.0/30", "subnet_create_args": {}, "subnets_per_network": 1}
2019-12-18 02:23:51.053 16177 INFO rally.task.runner [-] Task b391d463-0d30-4735-acd8-41f940efa65b | ITER: 1 START
2019-12-18 02:23:51.055 16177 RALLYDEBUG rally_openstack.wrappers.network [-] CIDR generated: 1.1.0.156/30
2019-12-18 02:23:51.055 16178 INFO rally.task.runner [-] Task b391d463-0d30-4735-acd8-41f940efa65b | ITER: 2 START
2019-12-18 02:23:51.055 16180 RALLYDEBUG rally.task.runner [-] Starting a worker. times: 10 duration: None concurrency: 1 timeout: 0 cls: method_name: run args: {"network_create_args": {}, "subnet_cidr_start": "1.1.0.0/30", "subnet_create_args": {}, "subnets_per_network": 1}
2019-12-18 02:23:51.058 16178 RALLYDEBUG rally_openstack.wrappers.network [-] CIDR generated: 1.1.0.160/30
2019-12-18 02:23:51.059 16179 INFO rally.task.runner [-] Task b391d463-0d30-4735-acd8-41f940efa65b | ITER: 3 START
2019-12-18 02:23:51.062 16179 RALLYDEBUG rally_openstack.wrappers.network [-] CIDR generated: 1.1.0.164/30
2019-12-18 02:23:51.062 16180 INFO rally.task.runner [-] Task b391d463-0d30-4735-acd8-41f940efa65b | ITER: 4 START
2019-12-18 02:23:51.065 16180 RALLYDEBUG rally_openstack.wrappers.network [-] CIDR generated: 1.1.0.168/30
2019-12-18 02:23:52.703 16180 INFO rally.task.runner [-] Task b391d463-0d30-4735-acd8-41f940efa65b | ITER: 4 END: OK
2019-12-18 02:23:52.708 16180 INFO rally.task.runner [-] Task b391d463-0d30-4735-acd8-41f940efa65b | ITER: 5 START
2019-12-18 02:23:52.709 16180 RALLYDEBUG rally_openstack.wrappers.network [-] CIDR generated: 1.1.0.172/30
2019-12-18 02:23:52.853 16178 INFO rally.task.runner [-] Task b391d463-0d30-4735-acd8-41f940efa65b | ITER: 2 END: OK
2019-12-18 02:23:52.858 16178 INFO rally.task.runner [-] Task b391d463-0d30-4735-acd8-41f940efa65b | ITER: 6 START
2019-12-18 02:23:52.859 16178 RALLYDEBUG rally_openstack.wrappers.network [-] CIDR generated: 1.1.0.176/30
2019-12-18 02:23:53.119 16179 INFO rally.task.runner [-] Task b391d463-0d30-4735-acd8-41f940efa65b | ITER: 3 END: OK
2019-12-18 02:23:53.124 16179 INFO rally.task.runner [-] Task b391d463-0d30-4735-acd8-41f940efa65b | ITER: 7 START
2019-12-18 02:23:53.125 16179 RALLYDEBUG rally_openstack.wrappers.network [-] CIDR generated: 1.1.0.180/30
2019-12-18 02:23:53.232 16177 INFO rally.task.runner [-] Task b391d463-0d30-4735-acd8-41f940efa65b | ITER: 1 END: OK
2019-12-18 02:23:53.237 16177 INFO rally.task.runner [-] Task b391d463-0d30-4735-acd8-41f940efa65b | ITER: 8 START
2019-12-18 02:23:53.238 16177 RALLYDEBUG rally_openstack.wrappers.network [-] CIDR generated: 1.1.0.184/30
2019-12-18 02:23:54.288 16178 INFO rally.task.runner [-] Task b391d463-0d30-4735-acd8-41f940efa65b | ITER: 6 END: OK
2019-12-18 02:23:54.292 16178 INFO rally.task.runner [-] Task b391d463-0d30-4735-acd8-41f940efa65b | ITER: 9 START
2019-12-18 02:23:54.293 16178 RALLYDEBUG rally_openstack.wrappers.network [-] CIDR generated: 1.1.0.188/30
2019-12-18 02:23:54.357 16180 INFO rally.task.runner [-] Task b391d463-0d30-4735-acd8-41f940efa65b | ITER: 5 END: OK
2019-12-18 02:23:54.361 16180 INFO rally.task.runner [-] Task b391d463-0d30-4735-acd8-41f940efa65b | ITER: 10 START
2019-12-18 02:23:54.362 16180 RALLYDEBUG rally_openstack.wrappers.network [-] CIDR generated: 1.1.0.192/30
2019-12-18 02:23:54.365 16179 INFO rally.task.runner [-] Task b391d463-0d30-4735-acd8-41f940efa65b | ITER: 7 END: OK
2019-12-18 02:23:54.808 16177 INFO rally.task.runner [-] Task b391d463-0d30-4735-acd8-41f940efa65b | ITER: 8 END: OK
2019-12-18 02:23:55.613 16180 INFO rally.task.runner [-] Task b391d463-0d30-4735-acd8-41f940efa65b | ITER: 10 END: OK
2019-12-18 02:23:55.865 16178 INFO rally.task.runner [-] Task b391d463-0d30-4735-acd8-41f940efa65b | ITER: 9 END: OK
2019-12-18 02:23:55.887 13785 INFO rally.task.context [-] Task b391d463-0d30-4735-acd8-41f940efa65b | Context cleanup@openstack cleanup() started
2019-12-18 02:23:55.891 13785 RALLYDEBUG rally_openstack.cleanup.manager [-] Cleaning up neutron vip objects
2019-12-18 02:23:57.059 13785 RALLYDEBUG rally_openstack.cleanup.manager [-] Cleaning up neutron health_monitor objects
2019-12-18 02:23:58.178 13785 RALLYDEBUG rally_openstack.cleanup.manager [-] Cleaning up neutron pool objects
2019-12-18 02:23:59.248 13785 RALLYDEBUG rally_openstack.cleanup.manager [-] Cleaning up neutron loadbalancer objects
2019-12-18 02:24:00.353 13785 RALLYDEBUG rally_openstack.cleanup.manager [-] Cleaning up neutron floatingip objects
2019-12-18 02:24:01.575 13785 RALLYDEBUG rally_openstack.cleanup.manager [-] Cleaning up neutron trunk objects
2019-12-18 02:24:02.747 13785 RALLYDEBUG rally_openstack.cleanup.manager [-] Cleaning up neutron port objects
2019-12-18 02:24:04.081 13785 RALLYDEBUG rally_openstack.cleanup.manager [-] Cleaning up neutron subnet objects
2019-12-18 02:24:05.397 13785 RALLYDEBUG rally_openstack.cleanup.manager [-] Cleaning up neutron network objects
2019-12-18 02:24:07.037 13785 RALLYDEBUG rally_openstack.cleanup.manager [-] Cleaning up neutron router objects
2019-12-18 02:24:08.257 13785 RALLYDEBUG rally_openstack.cleanup.manager [-] Cleaning up neutron security_group objects
2019-12-18 02:24:09.514 13785 INFO rally.task.context [-] Task b391d463-0d30-4735-acd8-41f940efa65b | Context cleanup@openstack cleanup() finished in 13.63 sec
2019-12-18 02:24:09.514 13785 INFO rally.task.context [-] Task b391d463-0d30-4735-acd8-41f940efa65b | Context network@openstack cleanup() started
2019-12-18 02:24:21.919 13785 INFO rally.task.context [-] Task b391d463-0d30-4735-acd8-41f940efa65b | Context network@openstack cleanup() finished in 12.40 sec
2019-12-18 02:24:21.920 13785 INFO rally.task.context [-] Task b391d463-0d30-4735-acd8-41f940efa65b | Context quotas@openstack cleanup() started
2019-12-18 02:24:22.115 13785 INFO rally.task.context [-] Task b391d463-0d30-4735-acd8-41f940efa65b | Context quotas@openstack cleanup() finished in 0.19 sec
2019-12-18 02:24:22.115 13785 INFO rally.task.context [-] Task b391d463-0d30-4735-acd8-41f940efa65b | Context users@openstack cleanup() started
2019-12-18 02:24:26.246 13785 INFO rally.task.context [-] Task b391d463-0d30-4735-acd8-41f940efa65b | Context users@openstack cleanup() finished in 4.13 sec
2019-12-18 02:24:26.864 13785 INFO rally.task.engine [-] Load duration is: 4.811133
2019-12-18 02:24:26.865 13785 INFO rally.task.engine [-] Full runner duration is: 4.85393
2019-12-18 02:24:26.865 13785 INFO rally.task.engine [-] Full duration is: 41.631653
2019-12-18 02:24:27.200 13785 INFO rally.task.engine [-] Running workload: position = 0 config = { "version": 2, "title": "A cropped version of a bigger task.", "description": "Auto-generated task from a single workload (uuid=363bd0c4-ad33-4315-acba-60e6179e9302)", "subtasks": [ { "title": "NeutronNetworks.create_and_list_networks", "description": "Create a network and then list all networks.", "scenario": { "NeutronNetworks.create_and_list_networks": { "network_create_args": {} } }, "contexts": { "users": { "tenants": 3, "users_per_tenant": 2 }, "quotas": { "neutron": { "network": -1 } } }, "runner": { "constant": { "concurrency": 4, "times": 10 } }, "hooks": [], "sla": { "failure_rate": { "max": 0 } } } ] }
2019-12-18 02:24:27.229 13785 RALLYDEBUG rally_openstack.contexts.keystone.users [-] Creating 3 tenants using 20 threads
2019-12-18 02:24:28.267 13785 RALLYDEBUG rally_openstack.contexts.keystone.users [-] Creating 6 users using 20 threads
2019-12-18 02:24:29.771 13785 INFO rally.task.context [-] Task b391d463-0d30-4735-acd8-41f940efa65b | Context users@openstack setup() finished in 2.54 sec
2019-12-18 02:24:30.486 13785 INFO rally.task.context [-] Task b391d463-0d30-4735-acd8-41f940efa65b | Context quotas@openstack setup() finished in 0.71 sec
2019-12-18 02:24:30.486 13785 INFO rally.task.context [-] Task b391d463-0d30-4735-acd8-41f940efa65b | Context cleanup@openstack setup() finished in 0.02 msec
2019-12-18 02:24:30.496 13785 RALLYDEBUG rally.task.runner [-] Starting the constant runner (task UUID: b391d463-0d30-4735-acd8-41f940efa65b). times: 10 concurrency: 4 timeout: 0 max_cpu_used: 16 processes_to_start: 4 concurrency_per_worker: 1 concurrency_overhead: 0
2019-12-18 02:24:30.507 16501 RALLYDEBUG rally.task.runner [-] Starting a worker. times: 10 duration: None concurrency: 1 timeout: 0 cls: method_name: run args: {"network_create_args": {}}
2019-12-18 02:24:30.510 16502 RALLYDEBUG rally.task.runner [-] Starting a worker. times: 10 duration: None concurrency: 1 timeout: 0 cls: method_name: run args: {"network_create_args": {}}
2019-12-18 02:24:30.513 16501 INFO rally.task.runner [-] Task b391d463-0d30-4735-acd8-41f940efa65b | ITER: 1 START
2019-12-18 02:24:30.513 16503 RALLYDEBUG rally.task.runner [-] Starting a worker. times: 10 duration: None concurrency: 1 timeout: 0 cls: method_name: run args: {"network_create_args": {}}
2019-12-18 02:24:30.516 16502 INFO rally.task.runner [-] Task b391d463-0d30-4735-acd8-41f940efa65b | ITER: 2 START
2019-12-18 02:24:30.517 16504 RALLYDEBUG rally.task.runner [-] Starting a worker. times: 10 duration: None concurrency: 1 timeout: 0 cls: method_name: run args: {"network_create_args": {}}
2019-12-18 02:24:30.520 16503 INFO rally.task.runner [-] Task b391d463-0d30-4735-acd8-41f940efa65b | ITER: 3 START
2019-12-18 02:24:30.523 16504 INFO rally.task.runner [-] Task b391d463-0d30-4735-acd8-41f940efa65b | ITER: 4 START
2019-12-18 02:24:31.303 16502 INFO rally.task.runner [-] Task b391d463-0d30-4735-acd8-41f940efa65b | ITER: 2 END: OK
2019-12-18 02:24:31.307 16502 INFO rally.task.runner [-] Task b391d463-0d30-4735-acd8-41f940efa65b | ITER: 5 START
2019-12-18 02:24:31.308 16503 INFO rally.task.runner [-] Task b391d463-0d30-4735-acd8-41f940efa65b | ITER: 3 END: OK
2019-12-18 02:24:31.312 16503 INFO rally.task.runner [-] Task b391d463-0d30-4735-acd8-41f940efa65b | ITER: 6 START
2019-12-18 02:24:31.355 16504 INFO rally.task.runner [-] Task b391d463-0d30-4735-acd8-41f940efa65b | ITER: 4 END: OK
2019-12-18 02:24:31.358 16504 INFO rally.task.runner [-] Task b391d463-0d30-4735-acd8-41f940efa65b | ITER: 7 START
2019-12-18 02:24:31.364 16501 INFO rally.task.runner [-] Task b391d463-0d30-4735-acd8-41f940efa65b | ITER: 1 END: OK
2019-12-18 02:24:31.368 16501 INFO rally.task.runner [-] Task b391d463-0d30-4735-acd8-41f940efa65b | ITER: 8 START
2019-12-18 02:24:31.961 16504 INFO rally.task.runner [-] Task b391d463-0d30-4735-acd8-41f940efa65b | ITER: 7 END: OK
2019-12-18 02:24:31.965 16504 INFO rally.task.runner [-] Task b391d463-0d30-4735-acd8-41f940efa65b | ITER: 9 START
2019-12-18 02:24:31.973 16502 INFO rally.task.runner [-] Task b391d463-0d30-4735-acd8-41f940efa65b | ITER: 5 END: OK
2019-12-18 02:24:31.977 16502 INFO rally.task.runner [-] Task b391d463-0d30-4735-acd8-41f940efa65b | ITER: 10 START
2019-12-18 02:24:32.238 16503 INFO rally.task.runner [-] Task b391d463-0d30-4735-acd8-41f940efa65b | ITER: 6 END: OK
2019-12-18 02:24:32.408 16501 INFO rally.task.runner [-] Task b391d463-0d30-4735-acd8-41f940efa65b | ITER: 8 END: OK
2019-12-18 02:24:32.664 16502 INFO rally.task.runner [-] Task b391d463-0d30-4735-acd8-41f940efa65b | ITER: 10 END: OK
2019-12-18 02:24:32.846 16504 INFO rally.task.runner [-] Task b391d463-0d30-4735-acd8-41f940efa65b | ITER: 9 END: OK
2019-12-18 02:24:32.874 13785 INFO rally.task.context [-] Task b391d463-0d30-4735-acd8-41f940efa65b | Context cleanup@openstack cleanup() started
2019-12-18 02:24:32.878 13785 RALLYDEBUG rally_openstack.cleanup.manager [-] Cleaning up neutron vip objects
2019-12-18 02:24:34.005 13785 RALLYDEBUG rally_openstack.cleanup.manager [-] Cleaning up neutron health_monitor objects
2019-12-18 02:24:35.144 13785 RALLYDEBUG rally_openstack.cleanup.manager [-] Cleaning up neutron pool objects
2019-12-18 02:24:36.268 13785 RALLYDEBUG rally_openstack.cleanup.manager [-] Cleaning up neutron loadbalancer objects
2019-12-18 02:24:37.441 13785 RALLYDEBUG rally_openstack.cleanup.manager [-] Cleaning up neutron floatingip objects
2019-12-18 02:24:38.700 13785 RALLYDEBUG rally_openstack.cleanup.manager [-] Cleaning up neutron trunk objects
2019-12-18 02:24:39.873 13785 RALLYDEBUG rally_openstack.cleanup.manager [-] Cleaning up neutron port objects
2019-12-18 02:24:41.095 13785 RALLYDEBUG rally_openstack.cleanup.manager [-] Cleaning up neutron subnet objects
2019-12-18 02:24:42.291 13785 RALLYDEBUG rally_openstack.cleanup.manager [-] Cleaning up neutron network objects
2019-12-18 02:24:43.700 13785 RALLYDEBUG rally_openstack.cleanup.manager [-] Deleting neutron.network object s_rally_363bd0c4_50O10ynL (1e17b0ba-bb6a-41e2-8a09-47473add7263)
2019-12-18 02:24:43.704 13785 RALLYDEBUG rally_openstack.cleanup.manager [-] Deleting neutron.network object s_rally_363bd0c4_q76ackUT (30eaeeb6-fcd3-4b92-badf-d62d53396008)
2019-12-18 02:24:43.718 13785 RALLYDEBUG rally_openstack.cleanup.manager [-] Deleting neutron.network object s_rally_363bd0c4_Jz1SncDb (41074c93-9460-491f-9ad4-339426896ad6)
2019-12-18 02:24:43.724 13785 RALLYDEBUG rally_openstack.cleanup.manager [-] Deleting neutron.network object s_rally_363bd0c4_pH89yIGP (5dd74004-cf3a-4c8f-a984-c37e83b33139)
2019-12-18 02:24:43.736 13785 RALLYDEBUG rally_openstack.cleanup.manager [-] Deleting neutron.network object s_rally_363bd0c4_jIoXH5c2 (7acef53e-8b8e-47f8-a208-bcb717caabe4)
2019-12-18 02:24:43.746 13785 RALLYDEBUG rally_openstack.cleanup.manager [-] Deleting neutron.network object s_rally_363bd0c4_ukHRHe1V (a68dacb4-aacc-4df3-8d57-1373e2f732ed)
2019-12-18 02:24:43.752 13785 RALLYDEBUG rally_openstack.cleanup.manager [-] Deleting neutron.network object s_rally_363bd0c4_0rDuQCav (c97abc56-e0d5-40c2-96d2-82ede24e9599)
2019-12-18 02:24:43.767 13785 RALLYDEBUG rally_openstack.cleanup.manager [-] Deleting neutron.network object s_rally_363bd0c4_OuHgsurZ (a7300b18-b04f-4846-be74-b725da5e5eb3)
2019-12-18 02:24:43.783 13785 RALLYDEBUG rally_openstack.cleanup.manager [-] Deleting neutron.network object s_rally_363bd0c4_ErCrDR3I (5b1fce93-3760-4be1-8da9-ab50e8f1af28)
2019-12-18 02:24:43.804 13785 RALLYDEBUG rally_openstack.cleanup.manager [-] Deleting neutron.network object s_rally_363bd0c4_SA42LQPf (b6c95225-f6f4-4df0-befd-36ca951dcc5b)
2019-12-18 02:24:46.777 13785 RALLYDEBUG rally_openstack.cleanup.manager [-] Cleaning up neutron router objects
2019-12-18 02:24:48.018 13785 RALLYDEBUG rally_openstack.cleanup.manager [-] Cleaning up neutron security_group objects
2019-12-18 02:24:49.336 13785 INFO rally.task.context [-] Task b391d463-0d30-4735-acd8-41f940efa65b | Context cleanup@openstack cleanup() finished in 16.46 sec
2019-12-18 02:24:49.336 13785 INFO rally.task.context [-] Task b391d463-0d30-4735-acd8-41f940efa65b | Context quotas@openstack cleanup() started
2019-12-18 02:24:49.537 13785 INFO rally.task.context [-] Task b391d463-0d30-4735-acd8-41f940efa65b | Context quotas@openstack cleanup() finished in 0.20 sec
2019-12-18 02:24:49.538 13785 INFO rally.task.context [-] Task b391d463-0d30-4735-acd8-41f940efa65b | Context users@openstack cleanup() started
2019-12-18 02:24:53.664 13785 INFO rally.task.context [-] Task b391d463-0d30-4735-acd8-41f940efa65b | Context users@openstack cleanup() finished in 4.13 sec
2019-12-18 02:24:55.371 13785 INFO rally.task.engine [-] Load duration is: 2.331235
2019-12-18 02:24:55.372 13785 INFO rally.task.engine [-] Full runner duration is: 2.37864
2019-12-18 02:24:55.373 13785 INFO rally.task.engine [-] Full duration is: 26.437153
2019-12-18 02:24:55.675 13785 INFO rally.task.engine [-] Running workload: position = 0 config = { "version": 2, "title": "A cropped version of a bigger task.", "description": "Auto-generated task from a single workload (uuid=50f018a7-17a5-435f-a310-ea25a06ff9aa)", "subtasks": [ { "title": "NeutronNetworks.create_and_list_ports", "description": "Create and a given number of ports and list all ports.", "scenario": { "NeutronNetworks.create_and_list_ports": { "network_create_args": {}, "port_create_args": {}, "ports_per_network": 1 } }, "contexts": { "users": { "tenants": 3, "users_per_tenant": 2 }, "network": { "router": {} }, "quotas": { "neutron": { "network": -1, "port": -1 } } }, "runner": { "constant": { "concurrency": 4, "times": 10 } }, "hooks": [], "sla": { "failure_rate": { "max": 0 } } } ] }
2019-12-18 02:24:55.702 13785 RALLYDEBUG rally_openstack.contexts.keystone.users [-] Creating 3 tenants using 20 threads
2019-12-18 02:24:56.754 13785 RALLYDEBUG rally_openstack.contexts.keystone.users [-] Creating 6 users using 20 threads
2019-12-18 02:24:58.316 13785 INFO rally.task.context [-] Task b391d463-0d30-4735-acd8-41f940efa65b | Context users@openstack setup() finished in 2.61 sec
2019-12-18 02:24:59.175 13785 INFO rally.task.context [-] Task b391d463-0d30-4735-acd8-41f940efa65b | Context quotas@openstack setup() finished in 0.86 sec
2019-12-18 02:24:59.856 13785 RALLYDEBUG rally_openstack.wrappers.network [-] CIDR generated: 10.2.49.0/24
2019-12-18 02:25:01.045 13785 RALLYDEBUG rally_openstack.wrappers.network [-] CIDR generated: 10.2.50.0/24
2019-12-18 02:25:01.890 13785 RALLYDEBUG rally_openstack.wrappers.network [-] CIDR generated: 10.2.51.0/24
2019-12-18 02:25:02.670 13785 INFO rally.task.context [-] Task b391d463-0d30-4735-acd8-41f940efa65b | Context network@openstack setup() finished in 3.49 sec
2019-12-18 02:25:02.670 13785 INFO rally.task.context [-] Task b391d463-0d30-4735-acd8-41f940efa65b | Context cleanup@openstack setup() finished in 0.01 msec
2019-12-18 02:25:02.680 13785 RALLYDEBUG rally.task.runner [-] Starting the constant runner (task UUID: b391d463-0d30-4735-acd8-41f940efa65b). times: 10 concurrency: 4 timeout: 0 max_cpu_used: 16 processes_to_start: 4 concurrency_per_worker: 1 concurrency_overhead: 0
2019-12-18 02:25:02.691 16825 RALLYDEBUG rally.task.runner [-] Starting a worker. times: 10 duration: None concurrency: 1 timeout: 0 cls: method_name: run args: {"network_create_args": {}, "port_create_args": {}, "ports_per_network": 1}
2019-12-18 02:25:02.695 16826 RALLYDEBUG rally.task.runner [-] Starting a worker. times: 10 duration: None concurrency: 1 timeout: 0 cls: method_name: run args: {"network_create_args": {}, "port_create_args": {}, "ports_per_network": 1}
2019-12-18 02:25:02.699 16825 INFO rally.task.runner [-] Task b391d463-0d30-4735-acd8-41f940efa65b | ITER: 1 START
2019-12-18 02:25:02.698 16827 RALLYDEBUG rally.task.runner [-] Starting a worker. times: 10 duration: None concurrency: 1 timeout: 0 cls: method_name: run args: {"network_create_args": {}, "port_create_args": {}, "ports_per_network": 1}
2019-12-18 02:25:02.702 16826 INFO rally.task.runner [-] Task b391d463-0d30-4735-acd8-41f940efa65b | ITER: 2 START
2019-12-18 02:25:02.702 16828 RALLYDEBUG rally.task.runner [-] Starting a worker. times: 10 duration: None concurrency: 1 timeout: 0 cls: method_name: run args: {"network_create_args": {}, "port_create_args": {}, "ports_per_network": 1}
2019-12-18 02:25:02.705 16827 INFO rally.task.runner [-] Task b391d463-0d30-4735-acd8-41f940efa65b | ITER: 3 START
2019-12-18 02:25:02.709 16828 INFO rally.task.runner [-] Task b391d463-0d30-4735-acd8-41f940efa65b | ITER: 4 START
2019-12-18 02:25:03.814 16825 INFO rally.task.runner [-] Task b391d463-0d30-4735-acd8-41f940efa65b | ITER: 1 END: OK
2019-12-18 02:25:03.818 16825 INFO rally.task.runner [-] Task b391d463-0d30-4735-acd8-41f940efa65b | ITER: 5 START
2019-12-18 02:25:03.837 16828 INFO rally.task.runner [-] Task b391d463-0d30-4735-acd8-41f940efa65b | ITER: 4 END: OK
2019-12-18 02:25:03.842 16828 INFO rally.task.runner [-] Task b391d463-0d30-4735-acd8-41f940efa65b | ITER: 6 START
2019-12-18 02:25:03.910 16826 INFO rally.task.runner [-] Task b391d463-0d30-4735-acd8-41f940efa65b | ITER: 2 END: OK
2019-12-18 02:25:03.914 16826 INFO rally.task.runner [-] Task b391d463-0d30-4735-acd8-41f940efa65b | ITER: 7 START
2019-12-18 02:25:04.064 16827 INFO rally.task.runner [-] Task b391d463-0d30-4735-acd8-41f940efa65b | ITER: 3 END: OK
2019-12-18 02:25:04.069 16827 INFO rally.task.runner [-] Task b391d463-0d30-4735-acd8-41f940efa65b | ITER: 8 START
2019-12-18 02:25:04.846 16825 INFO rally.task.runner [-] Task b391d463-0d30-4735-acd8-41f940efa65b | ITER: 5 END: OK
2019-12-18 02:25:04.851 16825 INFO rally.task.runner [-] Task b391d463-0d30-4735-acd8-41f940efa65b | ITER: 9 START
2019-12-18 02:25:04.969 16828 INFO rally.task.runner [-] Task b391d463-0d30-4735-acd8-41f940efa65b | ITER: 6 END: OK
2019-12-18 02:25:04.974 16828 INFO rally.task.runner [-] Task b391d463-0d30-4735-acd8-41f940efa65b | ITER: 10 START
2019-12-18 02:25:05.027 16826 INFO rally.task.runner [-] Task b391d463-0d30-4735-acd8-41f940efa65b | ITER: 7 END: OK
2019-12-18 02:25:05.454 16827 INFO rally.task.runner [-] Task b391d463-0d30-4735-acd8-41f940efa65b | ITER: 8 END: OK
2019-12-18 02:25:06.087 16825 INFO rally.task.runner [-] Task b391d463-0d30-4735-acd8-41f940efa65b | ITER: 9 END: OK
2019-12-18 02:25:06.224 16828 INFO rally.task.runner [-] Task b391d463-0d30-4735-acd8-41f940efa65b | ITER: 10 END: OK
2019-12-18 02:25:06.246 13785 INFO rally.task.context [-] Task b391d463-0d30-4735-acd8-41f940efa65b | Context cleanup@openstack cleanup() started
2019-12-18 02:25:06.250 13785 RALLYDEBUG rally_openstack.cleanup.manager [-] Cleaning up neutron vip objects
2019-12-18 02:25:07.356 13785 RALLYDEBUG rally_openstack.cleanup.manager [-] Cleaning up neutron health_monitor objects
2019-12-18 02:25:08.449 13785 RALLYDEBUG rally_openstack.cleanup.manager [-] Cleaning up neutron pool objects
2019-12-18 02:25:09.529 13785 RALLYDEBUG rally_openstack.cleanup.manager [-] Cleaning up neutron loadbalancer objects
2019-12-18 02:25:10.713 13785 RALLYDEBUG rally_openstack.cleanup.manager [-] Cleaning up neutron floatingip objects
2019-12-18 02:25:11.943 13785 RALLYDEBUG rally_openstack.cleanup.manager [-] Cleaning up neutron trunk objects
2019-12-18 02:25:13.100 13785 RALLYDEBUG rally_openstack.cleanup.manager [-] Cleaning up neutron port objects
2019-12-18 02:25:14.490 13785 RALLYDEBUG rally_openstack.cleanup.manager [-] Deleting neutron.port object s_rally_50f018a7_SQ7fvXyU (2da8cf86-83e8-475d-8820-e2b27e74ca10)
2019-12-18 02:25:14.499 13785 RALLYDEBUG rally_openstack.cleanup.manager [-] Deleting neutron.port object s_rally_50f018a7_OcueDpSa (5f36aa90-df5e-446c-b51b-b92c5322ad38)
2019-12-18 02:25:14.508 13785 RALLYDEBUG rally_openstack.cleanup.manager [-] Deleting neutron.port object s_rally_50f018a7_qd6iXrko (8825d0f8-20b7-4464-bac6-11fd7e5b2e39)
2019-12-18 02:25:14.515 13785 RALLYDEBUG rally_openstack.cleanup.manager [-] Deleting neutron.port object s_rally_50f018a7_wJpR84pw (c2144ea8-a9b0-4cf4-961b-59c67539b8c9)
2019-12-18 02:25:14.518 13785 RALLYDEBUG rally_openstack.cleanup.manager [-] Deleting neutron.port object s_rally_50f018a7_JGhxBT1P (4fc94b48-9382-47b0-83ec-7be4d2ec1392)
2019-12-18 02:25:14.526 13785 RALLYDEBUG rally_openstack.cleanup.manager [-] Deleting neutron.port object s_rally_50f018a7_cRMvZ2tR (8534eb25-3cce-4e1f-82b4-71f94d646013)
2019-12-18 02:25:14.542 13785 RALLYDEBUG rally_openstack.cleanup.manager [-] Deleting neutron.port object s_rally_50f018a7_XVyby8T1 (fb8f92fa-f8dc-4786-aa3c-4f490d044eeb)
2019-12-18 02:25:14.545 13785 RALLYDEBUG rally_openstack.cleanup.manager [-] Deleting neutron.port object s_rally_50f018a7_CCYC7jjw (2c9541f3-3ac2-457e-aaa9-a8c825162b35)
2019-12-18 02:25:14.548 13785 RALLYDEBUG rally_openstack.cleanup.manager [-] Deleting neutron.port object s_rally_50f018a7_NuHzs2nR (96833b5b-5d49-4bc1-bd07-4d5bcaa4ac93)
2019-12-18 02:25:14.565 13785 RALLYDEBUG rally_openstack.cleanup.manager [-] Deleting neutron.port object s_rally_50f018a7_HYTUlFu0 (a35f0dd7-fb05-4e46-ac03-78c31f0210c5)
2019-12-18 02:25:16.982 13785 RALLYDEBUG rally_openstack.cleanup.manager [-] Cleaning up neutron subnet objects
2019-12-18 02:25:18.282 13785 RALLYDEBUG rally_openstack.cleanup.manager [-] Cleaning up neutron network objects
2019-12-18 02:25:19.745 13785 RALLYDEBUG rally_openstack.cleanup.manager [-] Cleaning up neutron router objects
2019-12-18 02:25:21.004 13785 RALLYDEBUG rally_openstack.cleanup.manager [-] Cleaning up neutron security_group objects
2019-12-18 02:25:22.279 13785 INFO rally.task.context [-] Task b391d463-0d30-4735-acd8-41f940efa65b | Context cleanup@openstack cleanup() finished in 16.03 sec
2019-12-18 02:25:22.280 13785 INFO rally.task.context [-] Task b391d463-0d30-4735-acd8-41f940efa65b | Context network@openstack cleanup() started
2019-12-18 02:25:33.657 13785 INFO rally.task.context [-] Task b391d463-0d30-4735-acd8-41f940efa65b | Context network@openstack cleanup() finished in 11.38 sec
2019-12-18 02:25:33.657 13785 INFO rally.task.context [-] Task b391d463-0d30-4735-acd8-41f940efa65b | Context quotas@openstack cleanup() started
2019-12-18 02:25:33.851 13785 INFO rally.task.context [-] Task b391d463-0d30-4735-acd8-41f940efa65b | Context quotas@openstack cleanup() finished in 0.19 sec
2019-12-18 02:25:33.851 13785 INFO rally.task.context [-] Task b391d463-0d30-4735-acd8-41f940efa65b | Context users@openstack cleanup() started
2019-12-18 02:25:37.938 13785 INFO rally.task.context [-] Task b391d463-0d30-4735-acd8-41f940efa65b | Context users@openstack cleanup() finished in 4.09 sec
2019-12-18 02:25:39.948 13785 INFO rally.task.engine [-] Load duration is: 3.524229
2019-12-18 02:25:39.949 13785 INFO rally.task.engine [-] Full runner duration is: 3.567143
2019-12-18 02:25:39.949 13785 INFO rally.task.engine [-] Full duration is: 42.238867
2019-12-18 02:25:40.341 13785 INFO rally.task.engine [-] Running workload: position = 0 config = { "version": 2, "title": "A cropped version of a bigger task.", "description": "Auto-generated task from a single workload (uuid=ddbcebdd-4f25-413a-8d87-60a5c7f6bbdc)", "subtasks": [ { "title": "NeutronNetworks.create_and_list_routers", "description": "Create and a given number of routers and list all routers.", "scenario": { "NeutronNetworks.create_and_list_routers": { "network_create_args": {}, "router_create_args": {}, "subnet_cidr_start": "1.1.0.0/30", "subnet_create_args": {}, "subnets_per_network": 1 } }, "contexts": { "users": { "tenants": 3, "users_per_tenant": 2 }, "quotas": { "neutron": { "network": -1, "subnet": -1, "router": -1 } } }, "runner": { "constant": { "concurrency": 4, "times": 10 } }, "hooks": [], "sla": { "failure_rate": { "max": 0 } } } ] }
2019-12-18 02:25:40.367 13785 RALLYDEBUG rally_openstack.contexts.keystone.users [-] Creating 3 tenants using 20 threads
2019-12-18 02:25:41.293 13785 RALLYDEBUG rally_openstack.contexts.keystone.users [-] Creating 6 users using 20 threads
2019-12-18 02:25:42.904 13785 INFO rally.task.context [-] Task b391d463-0d30-4735-acd8-41f940efa65b | Context users@openstack setup() finished in 2.54 sec
2019-12-18 02:25:43.910 13785 INFO rally.task.context [-] Task b391d463-0d30-4735-acd8-41f940efa65b | Context quotas@openstack setup() finished in 1.01 sec
2019-12-18 02:25:43.911 13785 INFO rally.task.context [-] Task b391d463-0d30-4735-acd8-41f940efa65b | Context cleanup@openstack setup() finished in 0.00 msec
2019-12-18 02:25:43.919 13785 RALLYDEBUG rally.task.runner [-] Starting the constant runner (task UUID: b391d463-0d30-4735-acd8-41f940efa65b). times: 10 concurrency: 4 timeout: 0 max_cpu_used: 16 processes_to_start: 4 concurrency_per_worker: 1 concurrency_overhead: 0
2019-12-18 02:25:43.931 17149 RALLYDEBUG rally.task.runner [-] Starting a worker. times: 10 duration: None concurrency: 1 timeout: 0 cls: method_name: run args: {"network_create_args": {}, "router_create_args": {}, "subnet_cidr_start": "1.1.0.0/30", "subnet_create_args": {}, "subnets_per_network": 1}
2019-12-18 02:25:43.933 17150 RALLYDEBUG rally.task.runner [-] Starting a worker. times: 10 duration: None concurrency: 1 timeout: 0 cls: method_name: run args: {"network_create_args": {}, "router_create_args": {}, "subnet_cidr_start": "1.1.0.0/30", "subnet_create_args": {}, "subnets_per_network": 1}
2019-12-18 02:25:43.937 17149 INFO rally.task.runner [-] Task b391d463-0d30-4735-acd8-41f940efa65b | ITER: 1 START
2019-12-18 02:25:43.937 17151 RALLYDEBUG rally.task.runner [-] Starting a worker. times: 10 duration: None concurrency: 1 timeout: 0 cls: method_name: run args: {"network_create_args": {}, "router_create_args": {}, "subnet_cidr_start": "1.1.0.0/30", "subnet_create_args": {}, "subnets_per_network": 1}
2019-12-18 02:25:43.938 17150 INFO rally.task.runner [-] Task b391d463-0d30-4735-acd8-41f940efa65b | ITER: 2 START
2019-12-18 02:25:43.940 17155 RALLYDEBUG rally.task.runner [-] Starting a worker. times: 10 duration: None concurrency: 1 timeout: 0 cls: method_name: run args: {"network_create_args": {}, "router_create_args": {}, "subnet_cidr_start": "1.1.0.0/30", "subnet_create_args": {}, "subnets_per_network": 1}
2019-12-18 02:25:43.945 17155 INFO rally.task.runner [-] Task b391d463-0d30-4735-acd8-41f940efa65b | ITER: 4 START
2019-12-18 02:25:43.944 17151 INFO rally.task.runner [-] Task b391d463-0d30-4735-acd8-41f940efa65b | ITER: 3 START
2019-12-18 02:25:44.610 17151 RALLYDEBUG rally_openstack.wrappers.network [-] CIDR generated: 1.1.0.208/30
2019-12-18 02:25:44.636 17155 RALLYDEBUG rally_openstack.wrappers.network [-] CIDR generated: 1.1.0.212/30
2019-12-18 02:25:44.670 17150 RALLYDEBUG rally_openstack.wrappers.network [-] CIDR generated: 1.1.0.216/30
2019-12-18 02:25:45.254 17149 RALLYDEBUG rally_openstack.wrappers.network [-] CIDR generated: 1.1.0.220/30
2019-12-18 02:25:47.309 17155 INFO rally.task.runner [-] Task b391d463-0d30-4735-acd8-41f940efa65b | ITER: 4 END: OK
2019-12-18 02:25:47.313 17155 INFO rally.task.runner [-] Task b391d463-0d30-4735-acd8-41f940efa65b | ITER: 5 START
2019-12-18 02:25:47.589 17151 INFO rally.task.runner [-] Task b391d463-0d30-4735-acd8-41f940efa65b | ITER: 3 END: OK
2019-12-18 02:25:47.593 17151 INFO rally.task.runner [-] Task b391d463-0d30-4735-acd8-41f940efa65b | ITER: 6 START
2019-12-18 02:25:47.771 17150 INFO rally.task.runner [-] Task b391d463-0d30-4735-acd8-41f940efa65b | ITER: 2 END: OK
2019-12-18 02:25:47.776 17150 INFO rally.task.runner [-] Task b391d463-0d30-4735-acd8-41f940efa65b | ITER: 7 START
2019-12-18 02:25:47.927 17155 RALLYDEBUG rally_openstack.wrappers.network [-] CIDR generated: 1.1.0.224/30
2019-12-18 02:25:48.227 17151 RALLYDEBUG rally_openstack.wrappers.network [-] CIDR generated: 1.1.0.228/30
2019-12-18 02:25:48.268 17150 RALLYDEBUG rally_openstack.wrappers.network [-] CIDR generated: 1.1.0.232/30
2019-12-18 02:25:48.454 17149 INFO rally.task.runner [-] Task b391d463-0d30-4735-acd8-41f940efa65b | ITER: 1 END: OK
2019-12-18 02:25:48.458 17149 INFO rally.task.runner [-] Task b391d463-0d30-4735-acd8-41f940efa65b | ITER: 8 START
2019-12-18 02:25:48.936 17149 RALLYDEBUG rally_openstack.wrappers.network [-] CIDR generated: 1.1.0.236/30
2019-12-18 02:25:50.805 17155 INFO rally.task.runner [-] Task b391d463-0d30-4735-acd8-41f940efa65b | ITER: 5 END: OK
2019-12-18 02:25:50.809 17155 INFO rally.task.runner [-] Task b391d463-0d30-4735-acd8-41f940efa65b | ITER: 9 START
2019-12-18 02:25:51.178 17151 INFO rally.task.runner [-] Task b391d463-0d30-4735-acd8-41f940efa65b | ITER: 6 END: OK
2019-12-18 02:25:51.181 17151 INFO rally.task.runner [-] Task b391d463-0d30-4735-acd8-41f940efa65b | ITER: 10 START
2019-12-18 02:25:51.381 17150 INFO rally.task.runner [-] Task b391d463-0d30-4735-acd8-41f940efa65b | ITER: 7 END: OK
2019-12-18 02:25:51.560 17155 RALLYDEBUG rally_openstack.wrappers.network [-] CIDR generated: 1.1.0.240/30
2019-12-18 02:25:51.653 17151 RALLYDEBUG rally_openstack.wrappers.network [-] CIDR generated: 1.1.0.244/30
2019-12-18 02:25:51.783 17149 INFO rally.task.runner [-] Task b391d463-0d30-4735-acd8-41f940efa65b | ITER: 8 END: OK
2019-12-18 02:25:54.570 17151 INFO rally.task.runner [-] Task b391d463-0d30-4735-acd8-41f940efa65b | ITER: 10 END: OK
2019-12-18 02:25:54.703 17155 INFO rally.task.runner [-] Task b391d463-0d30-4735-acd8-41f940efa65b | ITER: 9 END: OK
2019-12-18 02:25:54.728 13785 INFO rally.task.context [-] Task b391d463-0d30-4735-acd8-41f940efa65b | Context cleanup@openstack cleanup() started
2019-12-18 02:25:54.731 13785 RALLYDEBUG rally_openstack.cleanup.manager [-] Cleaning up neutron vip objects
2019-12-18 02:25:55.889 13785 RALLYDEBUG rally_openstack.cleanup.manager [-] Cleaning up neutron health_monitor objects
2019-12-18 02:25:56.984 13785 RALLYDEBUG rally_openstack.cleanup.manager [-] Cleaning up neutron pool objects
2019-12-18 02:25:58.060 13785 RALLYDEBUG rally_openstack.cleanup.manager [-] Cleaning up neutron loadbalancer objects
2019-12-18 02:25:59.145 13785 RALLYDEBUG rally_openstack.cleanup.manager [-] Cleaning up neutron floatingip objects
2019-12-18 02:26:00.340 13785 RALLYDEBUG rally_openstack.cleanup.manager [-] Cleaning up neutron trunk objects
2019-12-18 02:26:01.461 13785 RALLYDEBUG rally_openstack.cleanup.manager [-] Cleaning up neutron port objects
2019-12-18 02:26:03.269 13785 RALLYDEBUG rally_openstack.cleanup.manager [-] Deleting neutron.port object s_rally_ddbcebdd_egWmZ9rF (8a3b3562-6750-4aa1-8823-613a14b51469)
2019-12-18 02:26:03.281 13785 RALLYDEBUG rally_openstack.cleanup.manager [-] Deleting neutron.port object s_rally_ddbcebdd_ilY94KNI (f02904c2-f545-480a-b1b6-9b4db4e53c28)
2019-12-18 02:26:03.290 13785 RALLYDEBUG rally_openstack.cleanup.manager [-] Deleting neutron.port object s_rally_ddbcebdd_Oq5LiCCs (50d08a6f-4b49-4a6f-8cb5-05cbae812f27)
2019-12-18 02:26:03.300 13785 RALLYDEBUG rally_openstack.cleanup.manager [-] Deleting neutron.port object s_rally_ddbcebdd_hN3ZH0hv (a756af7f-5209-4dd9-8943-c006b5b64014)
2019-12-18 02:26:03.316 13785 RALLYDEBUG rally_openstack.cleanup.manager [-] Deleting neutron.port object s_rally_ddbcebdd_JAZRyYUx (da72f840-f9c0-44ba-b865-604bd6f2bf58)
2019-12-18 02:26:03.337 13785 RALLYDEBUG rally_openstack.cleanup.manager [-] Deleting neutron.port object s_rally_ddbcebdd_b6wlWgbx (22532398-5512-401c-af65-ce6c90fd493b)
2019-12-18 02:26:03.365 13785 RALLYDEBUG rally_openstack.cleanup.manager [-] Deleting neutron.port object s_rally_ddbcebdd_H3Yg3qDc (34c0700f-06aa-4773-bd09-38784ab9a9bb)
2019-12-18 02:26:03.370 13785 RALLYDEBUG rally_openstack.cleanup.manager [-] Deleting neutron.port object s_rally_ddbcebdd_UgYy9s8G (44da949a-a673-4238-af34-4e61a341a2fd)
2019-12-18 02:26:03.396 13785 RALLYDEBUG rally_openstack.cleanup.manager [-] Deleting neutron.port object s_rally_ddbcebdd_uwPbUtIn (cdc53923-77ba-4f73-b656-d7be68014255)
2019-12-18 02:26:03.400 13785 RALLYDEBUG rally_openstack.cleanup.manager [-] Deleting neutron.port object s_rally_ddbcebdd_o9FOlfY0 (a10ac93b-a25e-406b-af15-e51afc64f206)
2019-12-18 02:26:07.907 13785 RALLYDEBUG rally_openstack.cleanup.manager [-] Cleaning up neutron subnet objects
2019-12-18 02:26:09.189 13785 RALLYDEBUG rally_openstack.cleanup.manager [-] Deleting neutron.subnet object s_rally_ddbcebdd_RiOZ645D (6b14af8a-467b-4947-8b9c-78d2ad136ebc)
2019-12-18 02:26:09.198 13785 RALLYDEBUG rally_openstack.cleanup.manager [-] Deleting neutron.subnet object s_rally_ddbcebdd_j6sdMwGX (be673c3e-8eda-49c9-9834-d04d66938849)
2019-12-18 02:26:09.207 13785 RALLYDEBUG rally_openstack.cleanup.manager [-] Deleting neutron.subnet object s_rally_ddbcebdd_YWHeCFS1 (251f418e-73e3-4c31-a354-ee08e98e362c)
2019-12-18 02:26:09.216 13785 RALLYDEBUG rally_openstack.cleanup.manager [-] Deleting neutron.subnet object s_rally_ddbcebdd_YPZmyQfv (8bb50c04-eaaf-4b37-ad3b-0d26b088e511)
2019-12-18 02:26:09.221 13785 RALLYDEBUG rally_openstack.cleanup.manager [-] Deleting neutron.subnet object s_rally_ddbcebdd_vYxxpwLL (c4f078b9-6e5f-4177-91fa-c6883b8dc121)
2019-12-18 02:26:09.244 13785 RALLYDEBUG rally_openstack.cleanup.manager [-] Deleting neutron.subnet object s_rally_ddbcebdd_YbuoOyUJ (1c1d3a97-d8fa-41e7-a1f3-27c9ef42d6a5)
2019-12-18 02:26:09.250 13785 RALLYDEBUG rally_openstack.cleanup.manager [-] Deleting neutron.subnet object s_rally_ddbcebdd_Noe2G5tw (311decdf-37c3-42bb-8de2-0e5757e20485)
2019-12-18 02:26:09.261 13785 RALLYDEBUG rally_openstack.cleanup.manager [-] Deleting neutron.subnet object s_rally_ddbcebdd_WozbsKtt (5d5f6042-95c8-450b-9115-15b8cedbd785)
2019-12-18 02:26:09.275 13785 RALLYDEBUG rally_openstack.cleanup.manager [-] Deleting neutron.subnet object s_rally_ddbcebdd_Lvw65hBJ (b4a002da-cc1b-4097-af66-31d25acad824)
2019-12-18 02:26:09.299 13785 RALLYDEBUG rally_openstack.cleanup.manager [-] Deleting neutron.subnet object s_rally_ddbcebdd_93khxpLG (b7652c2c-4108-48f6-847b-5b1ee108f310)
2019-12-18 02:26:12.560 13785 RALLYDEBUG rally_openstack.cleanup.manager [-] Cleaning up neutron network objects
2019-12-18 02:26:14.152 13785 RALLYDEBUG rally_openstack.cleanup.manager [-] Deleting neutron.network object s_rally_ddbcebdd_B0zlU9lz (57a32b92-92d2-4500-b799-ffcceb4fb452)
2019-12-18 02:26:14.161 13785 RALLYDEBUG rally_openstack.cleanup.manager [-] Deleting neutron.network object s_rally_ddbcebdd_7knag4N0 (6a36c253-49ba-4109-bbae-8d3933287947)
2019-12-18 02:26:14.170 13785 RALLYDEBUG rally_openstack.cleanup.manager [-] Deleting neutron.network object s_rally_ddbcebdd_chiIccF4 (0aceb28d-8202-4136-bd14-3b337afd75eb)
2019-12-18 02:26:14.174 13785 RALLYDEBUG rally_openstack.cleanup.manager [-] Deleting neutron.network object s_rally_ddbcebdd_QvDZcWbm (af151c9c-39dd-4a4d-a2b8-1fb84a6e18f4)
2019-12-18 02:26:14.183 13785 RALLYDEBUG rally_openstack.cleanup.manager [-] Deleting neutron.network object s_rally_ddbcebdd_kg9QzCnf (c1b9a6c3-15ad-4470-9e01-b5e0f3bfcf4b)
2019-12-18 02:26:14.188 13785 RALLYDEBUG rally_openstack.cleanup.manager [-] Deleting neutron.network object s_rally_ddbcebdd_6fLj7QWs (01a58d1c-e607-4f35-9b61-92bd2f25faa1)
2019-12-18 02:26:14.213 13785 RALLYDEBUG rally_openstack.cleanup.manager [-] Deleting neutron.network object s_rally_ddbcebdd_1Fn8gj3e (2c9f5e7e-e0a3-4721-b77f-d4bf5753685a)
2019-12-18 02:26:14.233 13785 RALLYDEBUG rally_openstack.cleanup.manager [-] Deleting neutron.network object s_rally_ddbcebdd_mUNPz3qP (afc51388-b8b1-4e9d-8b0e-7d9c13c70282)
2019-12-18 02:26:14.247 13785 RALLYDEBUG rally_openstack.cleanup.manager [-] Deleting neutron.network object s_rally_ddbcebdd_Tqb9NqIR (bdb70c03-b2d4-4bfd-a268-34d58aa8fc55)
2019-12-18 02:26:14.265 13785 RALLYDEBUG rally_openstack.cleanup.manager [-] Deleting neutron.network object s_rally_ddbcebdd_BPnR3waT (f6ba3d12-7175-4d90-8bf8-ed8ea5874758)
2019-12-18 02:26:17.039 13785 RALLYDEBUG rally_openstack.cleanup.manager [-] Cleaning up neutron router objects
2019-12-18 02:26:18.415 13785 RALLYDEBUG rally_openstack.cleanup.manager [-] Deleting neutron.router object s_rally_ddbcebdd_ilY94KNI (99110d19-51e6-4855-a431-69a76071a241)
2019-12-18 02:26:18.424 13785 RALLYDEBUG rally_openstack.cleanup.manager [-] Deleting neutron.router object s_rally_ddbcebdd_egWmZ9rF (991419b0-00a7-4d0d-80f1-e4ca0c0c8eee)
2019-12-18 02:26:18.433 13785 RALLYDEBUG rally_openstack.cleanup.manager [-] Deleting neutron.router object s_rally_ddbcebdd_Oq5LiCCs (11171efd-4a50-44a6-b568-94e755f7e4fc)
2019-12-18 02:26:18.437 13785 RALLYDEBUG rally_openstack.cleanup.manager [-] Deleting neutron.router object s_rally_ddbcebdd_JAZRyYUx (34b3f8f8-d608-402e-bfdb-8d273bca1391)
2019-12-18 02:26:18.445 13785 RALLYDEBUG rally_openstack.cleanup.manager [-] Deleting neutron.router object s_rally_ddbcebdd_hN3ZH0hv (eb471c55-eadd-45e4-826f-444fd0a6b435)
2019-12-18 02:26:18.459 13785 RALLYDEBUG rally_openstack.cleanup.manager [-] Deleting neutron.router object s_rally_ddbcebdd_o9FOlfY0 (6bb8cb34-f7d5-47cb-a8a8-55ce11ddbdf4)
2019-12-18 02:26:18.463 13785 RALLYDEBUG rally_openstack.cleanup.manager [-] Deleting neutron.router object s_rally_ddbcebdd_H3Yg3qDc (c8171462-68a0-4354-8237-e38629f7d30e)
2019-12-18 02:26:18.470 13785 RALLYDEBUG rally_openstack.cleanup.manager [-] Deleting neutron.router object s_rally_ddbcebdd_UgYy9s8G (ca39516b-cf0e-497f-8353-5a701c71a350)
2019-12-18 02:26:18.493 13785 RALLYDEBUG rally_openstack.cleanup.manager [-] Deleting neutron.router object s_rally_ddbcebdd_b6wlWgbx (e9b96a41-7637-49f4-a4db-77aa2800cb9a)
