2019-12-18 01:37:23.229 8 RALLYDEBUG rally.api [-] INFO logs from urllib3 and requests module are hide.
2019-12-18 01:37:23.229 8 RALLYDEBUG rally.api [-] urllib3 insecure warnings are hidden.
2019-12-18 01:37:23.229 8 RALLYDEBUG rally.api [-] ERROR log from boto module is hide.
2019-12-18 01:37:25.169 8 ERROR rally.cli.cliutils [-] Unexpected exception in CLI: rally.exceptions.DBRecordNotFound: Record for uuid or name is opnfv-rally not found in table envs
2019-12-18 01:37:25.169 8 ERROR rally.cli.cliutils
Traceback (most recent call last):
2019-12-18 01:37:25.169 8 ERROR rally.cli.cliutils
File "/usr/lib/python3.6/site-packages/rally/cli/cliutils.py", line 674, in run
2019-12-18 01:37:25.169 8 ERROR rally.cli.cliutils ret = fn(*fn_args, **fn_kwargs)
2019-12-18 01:37:25.169 8 ERROR rally.cli.cliutils File "", line 2, in destroy
2019-12-18 01:37:25.169 8 ERROR rally.cli.cliutils
File "/usr/lib/python3.6/site-packages/rally/cli/envutils.py", line 68, in default_from_global
2019-12-18 01:37:25.169 8 ERROR rally.cli.cliutils return f(*args, **kwargs)
2019-12-18 01:37:25.169 8 ERROR rally.cli.cliutils File "", line 2, in destroy
2019-12-18 01:37:25.169 8 ERROR rally.cli.cliutils
File "/usr/lib/python3.6/site-packages/rally/plugins/__init__.py", line 51, in ensure_plugins_are_loaded
2019-12-18 01:37:25.169 8 ERROR rally.cli.cliutils return f(*args, **kwargs)
2019-12-18 01:37:25.169 8 ERROR rally.cli.cliutils
File "/usr/lib/python3.6/site-packages/rally/cli/commands/deployment.py", line 157, in destroy
2019-12-18 01:37:25.169 8 ERROR rally.cli.cliutils api.deployment.destroy(deployment=deployment)
2019-12-18 01:37:25.169 8 ERROR rally.cli.cliutils
File "/usr/lib/python3.6/site-packages/rally/api.py", line 115, in destroy
2019-12-18 01:37:25.169 8 ERROR rally.cli.cliutils deploy = objects.Deployment.get(deployment)
2019-12-18 01:37:25.169 8 ERROR rally.cli.cliutils
File "/usr/lib/python3.6/site-packages/rally/common/objects/deploy.py", line 124, in get
2019-12-18 01:37:25.169 8 ERROR rally.cli.cliutils return Deployment(env_mgr.EnvManager.get(deploy))
2019-12-18 01:37:25.169 8 ERROR rally.cli.cliutils
File "/usr/lib/python3.6/site-packages/rally/env/env_mgr.py", line 212, in get
2019-12-18 01:37:25.169 8 ERROR rally.cli.cliutils return cls(db.env_get(uuid_or_name))
2019-12-18 01:37:25.169 8 ERROR rally.cli.cliutils
File "/usr/lib/python3.6/site-packages/rally/common/db/api.py", line 135, in wrapper
2019-12-18 01:37:25.169 8 ERROR rally.cli.cliutils result = f(session, *args, **kwargs)
2019-12-18 01:37:25.169 8 ERROR rally.cli.cliutils
File "/usr/lib/python3.6/site-packages/rally/common/db/api.py", line 521, in env_get
2019-12-18 01:37:25.169 8 ERROR rally.cli.cliutils criteria="uuid or name is %s" % uuid_or_name, table="envs")
2019-12-18 01:37:25.169 8 ERROR rally.cli.cliutils rally.exceptions.DBRecordNotFound: Record for uuid or name is opnfv-rally not found in table envs
2019-12-18 01:37:25.169 8 ERROR rally.cli.cliutils
2019-12-18 01:37:26.449 10 RALLYDEBUG rally.api [-] INFO logs from urllib3 and requests module are hide.
2019-12-18 01:37:26.449 10 RALLYDEBUG rally.api [-] urllib3 insecure warnings are hidden.
2019-12-18 01:37:26.450 10 RALLYDEBUG rally.api [-] ERROR log from boto module is hide.
2019-12-18 01:37:29.743 12 RALLYDEBUG rally.api [-] INFO logs from urllib3 and requests module are hide.
2019-12-18 01:37:29.744 12 RALLYDEBUG rally.api [-] urllib3 insecure warnings are hidden.
2019-12-18 01:37:29.744 12 RALLYDEBUG rally.api [-] ERROR log from boto module is hide.
2019-12-18 01:37:34.076 15 RALLYDEBUG rally.api [-] INFO logs from urllib3 and requests module are hide.
2019-12-18 01:37:34.076 15 RALLYDEBUG rally.api [-] urllib3 insecure warnings are hidden.
2019-12-18 01:37:34.077 15 RALLYDEBUG rally.api [-] ERROR log from boto module is hide.
2019-12-18 01:37:35.414 17 RALLYDEBUG rally.api [-] INFO logs from urllib3 and requests module are hide.
2019-12-18 01:37:35.414 17 RALLYDEBUG rally.api [-] urllib3 insecure warnings are hidden.
2019-12-18 01:37:35.414 17 RALLYDEBUG rally.api [-] ERROR log from boto module is hide.
2019-12-18 01:37:37.270 17 INFO rally.task.engine [-] Task f47a1f6d-935a-49ff-bc55-55efa4a06d7d | Starting: Task validation.
2019-12-18 01:37:37.334 17 INFO rally.task.engine [-] Task f47a1f6d-935a-49ff-bc55-55efa4a06d7d | Starting: Task validation of syntax.
2019-12-18 01:37:37.424 17 INFO rally.task.engine [-] Task f47a1f6d-935a-49ff-bc55-55efa4a06d7d | Completed: Task validation of syntax.
2019-12-18 01:37:37.424 17 INFO rally.task.engine [-] Task f47a1f6d-935a-49ff-bc55-55efa4a06d7d | Starting: Task validation of required platforms.
2019-12-18 01:37:37.468 17 INFO rally.task.engine [-] Task f47a1f6d-935a-49ff-bc55-55efa4a06d7d | Completed: Task validation of required platforms.
2019-12-18 01:37:37.469 17 INFO rally.task.engine [-] Task f47a1f6d-935a-49ff-bc55-55efa4a06d7d | Starting: Task validation of semantic.
2019-12-18 01:37:37.469 17 INFO rally.task.engine [-] Check health of the environment '35c66681-f0dc-4da3-aba6-b9e1bda3b137'.
2019-12-18 01:37:38.379 17 INFO rally.task.engine [-] Platform existing@openstack (available: True): OK!
2019-12-18 01:37:38.406 17 RALLYDEBUG rally_openstack.contexts.keystone.users [-] Creating 1 tenants using 20 threads
2019-12-18 01:37:39.258 17 RALLYDEBUG rally_openstack.contexts.keystone.users [-] Creating 1 users using 20 threads
2019-12-18 01:37:40.609 17 INFO rally.task.context [-] Task f47a1f6d-935a-49ff-bc55-55efa4a06d7d | Context users@openstack setup() finished in 2.20 sec
2019-12-18 01:37:40.667 17 INFO rally.task.context [-] Task f47a1f6d-935a-49ff-bc55-55efa4a06d7d | Context users@openstack cleanup() started
2019-12-18 01:37:43.758 17 INFO rally.task.context [-] Task f47a1f6d-935a-49ff-bc55-55efa4a06d7d | Context users@openstack cleanup() finished in 3.09 sec
2019-12-18 01:37:43.759 17 INFO rally.task.engine [-] Task f47a1f6d-935a-49ff-bc55-55efa4a06d7d | Completed: Task validation of semantic.
2019-12-18 01:37:43.759 17 INFO rally.task.engine [-] Task f47a1f6d-935a-49ff-bc55-55efa4a06d7d | Completed: Task validation.
2019-12-18 01:37:43.760 17 INFO rally.api [-] Task f47a1f6d-935a-49ff-bc55-55efa4a06d7d input file is valid.
2019-12-18 01:37:43.760 17 INFO rally.api [-] Run Task f47a1f6d-935a-49ff-bc55-55efa4a06d7d against Deployment 35c66681-f0dc-4da3-aba6-b9e1bda3b137
2019-12-18 01:37:43.761 17 INFO rally.task.engine [-] Task f47a1f6d-935a-49ff-bc55-55efa4a06d7d | Starting: Running task.
2019-12-18 01:37:44.125 17 INFO rally.task.engine [-] Running workload: position = 0 config = { "version": 2, "title": "A cropped version of a bigger task.", "description": "Auto-generated task from a single workload (uuid=84c18d33-0ae5-43c8-b46c-0827bcd71490)", "subtasks": [ { "title": "Authenticate.keystone", "description": "Check Keystone Client.", "scenario": { "Authenticate.keystone": {} }, "contexts": { "users": { "tenants": 3, "users_per_tenant": 2 } }, "runner": { "constant": { "concurrency": 4, "times": 10 } }, "hooks": [], "sla": { "failure_rate": { "max": 0 } } } ] }
2019-12-18 01:37:44.147 17 RALLYDEBUG rally_openstack.contexts.keystone.users [-] Creating 3 tenants using 20 threads
2019-12-18 01:37:45.094 17 RALLYDEBUG rally_openstack.contexts.keystone.users [-] Creating 6 users using 20 threads
2019-12-18 01:37:46.636 17 INFO rally.task.context [-] Task f47a1f6d-935a-49ff-bc55-55efa4a06d7d | Context users@openstack setup() finished in 2.49 sec
2019-12-18 01:37:46.645 17 RALLYDEBUG rally.task.runner [-] Starting the constant runner (task UUID: f47a1f6d-935a-49ff-bc55-55efa4a06d7d). times: 10 concurrency: 4 timeout: 0 max_cpu_used: 16 processes_to_start: 4 concurrency_per_worker: 1 concurrency_overhead: 0
2019-12-18 01:37:46.660 141 RALLYDEBUG rally.task.runner [-] Starting a worker. times: 10 duration: None concurrency: 1 timeout: 0 cls: method_name: run args: {}
2019-12-18 01:37:46.663 142 RALLYDEBUG rally.task.runner [-] Starting a worker. times: 10 duration: None concurrency: 1 timeout: 0 cls: method_name: run args: {}
2019-12-18 01:37:46.666 141 INFO rally.task.runner [-] Task f47a1f6d-935a-49ff-bc55-55efa4a06d7d | ITER: 1 START
2019-12-18 01:37:46.667 143 RALLYDEBUG rally.task.runner [-] Starting a worker. times: 10 duration: None concurrency: 1 timeout: 0 cls: method_name: run args: {}
2019-12-18 01:37:46.670 142 INFO rally.task.runner [-] Task f47a1f6d-935a-49ff-bc55-55efa4a06d7d | ITER: 2 START
2019-12-18 01:37:46.671 146 RALLYDEBUG rally.task.runner [-] Starting a worker. times: 10 duration: None concurrency: 1 timeout: 0 cls: method_name: run args: {}
2019-12-18 01:37:46.673 143 INFO rally.task.runner [-] Task f47a1f6d-935a-49ff-bc55-55efa4a06d7d | ITER: 3 START
2019-12-18 01:37:46.677 146 INFO rally.task.runner [-] Task f47a1f6d-935a-49ff-bc55-55efa4a06d7d | ITER: 4 START
2019-12-18 01:37:47.370 141 INFO rally.task.runner [-] Task f47a1f6d-935a-49ff-bc55-55efa4a06d7d | ITER: 1 END: OK
2019-12-18 01:37:47.371 143 INFO rally.task.runner [-] Task f47a1f6d-935a-49ff-bc55-55efa4a06d7d | ITER: 3 END: OK
2019-12-18 01:37:47.372 142 INFO rally.task.runner [-] Task f47a1f6d-935a-49ff-bc55-55efa4a06d7d | ITER: 2 END: OK
2019-12-18 01:37:47.374 141 INFO rally.task.runner [-] Task f47a1f6d-935a-49ff-bc55-55efa4a06d7d | ITER: 5 START
2019-12-18 01:37:47.376 143 INFO rally.task.runner [-] Task f47a1f6d-935a-49ff-bc55-55efa4a06d7d | ITER: 6 START
2019-12-18 01:37:47.376 142 INFO rally.task.runner [-] Task f47a1f6d-935a-49ff-bc55-55efa4a06d7d | ITER: 7 START
2019-12-18 01:37:47.384 146 INFO rally.task.runner [-] Task f47a1f6d-935a-49ff-bc55-55efa4a06d7d | ITER: 4 END: OK
2019-12-18 01:37:47.388 146 INFO rally.task.runner [-] Task f47a1f6d-935a-49ff-bc55-55efa4a06d7d | ITER: 8 START
2019-12-18 01:37:47.983 142 INFO rally.task.runner [-] Task f47a1f6d-935a-49ff-bc55-55efa4a06d7d | ITER: 7 END: OK
2019-12-18 01:37:47.986 142 INFO rally.task.runner [-] Task f47a1f6d-935a-49ff-bc55-55efa4a06d7d | ITER: 9 START
2019-12-18 01:37:47.989 141 INFO rally.task.runner [-] Task f47a1f6d-935a-49ff-bc55-55efa4a06d7d | ITER: 5 END: OK
2019-12-18 01:37:47.993 141 INFO rally.task.runner [-] Task f47a1f6d-935a-49ff-bc55-55efa4a06d7d | ITER: 10 START
2019-12-18 01:37:48.078 143 INFO rally.task.runner [-] Task f47a1f6d-935a-49ff-bc55-55efa4a06d7d | ITER: 6 END: OK
2019-12-18 01:37:48.085 146 INFO rally.task.runner [-] Task f47a1f6d-935a-49ff-bc55-55efa4a06d7d | ITER: 8 END: OK
2019-12-18 01:37:48.594 142 INFO rally.task.runner [-] Task f47a1f6d-935a-49ff-bc55-55efa4a06d7d | ITER: 9 END: OK
2019-12-18 01:37:48.594 141 INFO rally.task.runner [-] Task f47a1f6d-935a-49ff-bc55-55efa4a06d7d | ITER: 10 END: OK
2019-12-18 01:37:48.625 17 INFO rally.task.context [-] Task f47a1f6d-935a-49ff-bc55-55efa4a06d7d | Context users@openstack cleanup() started
2019-12-18 01:37:53.167 17 INFO rally.task.context [-] Task f47a1f6d-935a-49ff-bc55-55efa4a06d7d | Context users@openstack cleanup() finished in 4.54 sec
2019-12-18 01:37:54.225 17 INFO rally.task.engine [-] Load duration is: 1.926145
2019-12-18 01:37:54.226 17 INFO rally.task.engine [-] Full runner duration is: 1.980418
2019-12-18 01:37:54.226 17 INFO rally.task.engine [-] Full duration is: 9.020823
2019-12-18 01:37:54.507 17 INFO rally.task.engine [-] Running workload: position = 0 config = { "version": 2, "title": "A cropped version of a bigger task.", "description": "Auto-generated task from a single workload (uuid=5b8df4fa-582e-4490-acea-7add000523c9)", "subtasks": [ { "title": "Authenticate.validate_cinder", "description": "Check Cinder Client to ensure validation of token.", "scenario": { "Authenticate.validate_cinder": { "repetitions": 2 } }, "contexts": { "users": { "tenants": 3, "users_per_tenant": 2 } }, "runner": { "constant": { "concurrency": 4, "times": 10 } }, "hooks": [], "sla": { "failure_rate": { "max": 0 } } } ] }
2019-12-18 01:37:54.532 17 RALLYDEBUG rally_openstack.contexts.keystone.users [-] Creating 3 tenants using 20 threads
2019-12-18 01:37:55.475 17 RALLYDEBUG rally_openstack.contexts.keystone.users [-] Creating 6 users using 20 threads
2019-12-18 01:37:56.996 17 INFO rally.task.context [-] Task f47a1f6d-935a-49ff-bc55-55efa4a06d7d | Context users@openstack setup() finished in 2.46 sec
2019-12-18 01:37:57.005 17 RALLYDEBUG rally.task.runner [-] Starting the constant runner (task UUID: f47a1f6d-935a-49ff-bc55-55efa4a06d7d). times: 10 concurrency: 4 timeout: 0 max_cpu_used: 16 processes_to_start: 4 concurrency_per_worker: 1 concurrency_overhead: 0
2019-12-18 01:37:57.016 245 RALLYDEBUG rally.task.runner [-] Starting a worker. times: 10 duration: None concurrency: 1 timeout: 0 cls: method_name: run args: {"repetitions": 2}
2019-12-18 01:37:57.020 246 RALLYDEBUG rally.task.runner [-] Starting a worker. times: 10 duration: None concurrency: 1 timeout: 0 cls: method_name: run args: {"repetitions": 2}
2019-12-18 01:37:57.023 245 INFO rally.task.runner [-] Task f47a1f6d-935a-49ff-bc55-55efa4a06d7d | ITER: 1 START
2019-12-18 01:37:57.023 247 RALLYDEBUG rally.task.runner [-] Starting a worker. times: 10 duration: None concurrency: 1 timeout: 0 cls: method_name: run args: {"repetitions": 2}
2019-12-18 01:37:57.026 246 INFO rally.task.runner [-] Task f47a1f6d-935a-49ff-bc55-55efa4a06d7d | ITER: 2 START
2019-12-18 01:37:57.026 249 RALLYDEBUG rally.task.runner [-] Starting a worker. times: 10 duration: None concurrency: 1 timeout: 0 cls: method_name: run args: {"repetitions": 2}
2019-12-18 01:37:57.029 247 INFO rally.task.runner [-] Task f47a1f6d-935a-49ff-bc55-55efa4a06d7d | ITER: 3 START
2019-12-18 01:37:57.032 249 INFO rally.task.runner [-] Task f47a1f6d-935a-49ff-bc55-55efa4a06d7d | ITER: 4 START
2019-12-18 01:37:57.708 249 INFO rally.task.runner [-] Task f47a1f6d-935a-49ff-bc55-55efa4a06d7d | ITER: 4 END: OK
2019-12-18 01:37:57.713 249 INFO rally.task.runner [-] Task f47a1f6d-935a-49ff-bc55-55efa4a06d7d | ITER: 5 START
2019-12-18 01:37:57.731 245 INFO rally.task.runner [-] Task f47a1f6d-935a-49ff-bc55-55efa4a06d7d | ITER: 1 END: OK
2019-12-18 01:37:57.736 245 INFO rally.task.runner [-] Task f47a1f6d-935a-49ff-bc55-55efa4a06d7d | ITER: 6 START
2019-12-18 01:37:57.915 246 INFO rally.task.runner [-] Task f47a1f6d-935a-49ff-bc55-55efa4a06d7d | ITER: 2 END: OK
2019-12-18 01:37:57.919 246 INFO rally.task.runner [-] Task f47a1f6d-935a-49ff-bc55-55efa4a06d7d | ITER: 7 START
2019-12-18 01:37:57.956 247 INFO rally.task.runner [-] Task f47a1f6d-935a-49ff-bc55-55efa4a06d7d | ITER: 3 END: OK
2019-12-18 01:37:57.960 247 INFO rally.task.runner [-] Task f47a1f6d-935a-49ff-bc55-55efa4a06d7d | ITER: 8 START
2019-12-18 01:37:58.124 245 INFO rally.task.runner [-] Task f47a1f6d-935a-49ff-bc55-55efa4a06d7d | ITER: 6 END: OK
2019-12-18 01:37:58.128 245 INFO rally.task.runner [-] Task f47a1f6d-935a-49ff-bc55-55efa4a06d7d | ITER: 9 START
2019-12-18 01:37:58.386 249 INFO rally.task.runner [-] Task f47a1f6d-935a-49ff-bc55-55efa4a06d7d | ITER: 5 END: OK
2019-12-18 01:37:58.389 249 INFO rally.task.runner [-] Task f47a1f6d-935a-49ff-bc55-55efa4a06d7d | ITER: 10 START
2019-12-18 01:37:58.630 247 INFO rally.task.runner [-] Task f47a1f6d-935a-49ff-bc55-55efa4a06d7d | ITER: 8 END: OK
2019-12-18 01:37:58.650 246 INFO rally.task.runner [-] Task f47a1f6d-935a-49ff-bc55-55efa4a06d7d | ITER: 7 END: OK
2019-12-18 01:37:58.787 249 INFO rally.task.runner [-] Task f47a1f6d-935a-49ff-bc55-55efa4a06d7d | ITER: 10 END: OK
2019-12-18 01:37:59.016 245 INFO rally.task.runner [-] Task f47a1f6d-935a-49ff-bc55-55efa4a06d7d | ITER: 9 END: OK
2019-12-18 01:37:59.040 17 INFO rally.task.context [-] Task f47a1f6d-935a-49ff-bc55-55efa4a06d7d | Context users@openstack cleanup() started
2019-12-18 01:38:03.514 17 INFO rally.task.context [-] Task f47a1f6d-935a-49ff-bc55-55efa4a06d7d | Context users@openstack cleanup() finished in 4.47 sec
2019-12-18 01:38:04.604 17 INFO rally.task.engine [-] Load duration is: 1.991752
2019-12-18 01:38:04.605 17 INFO rally.task.engine [-] Full runner duration is: 2.035586
2019-12-18 01:38:04.605 17 INFO rally.task.engine [-] Full duration is: 8.983487
2019-12-18 01:38:05.077 17 INFO rally.task.engine [-] Running workload: position = 0 config = { "version": 2, "title": "A cropped version of a bigger task.", "description": "Auto-generated task from a single workload (uuid=27bbc2a7-3961-4156-8b72-bbb29d5cceb6)", "subtasks": [ { "title": "Authenticate.validate_glance", "description": "Check Glance Client to ensure validation of token.", "scenario": { "Authenticate.validate_glance": { "repetitions": 2 } }, "contexts": { "users": { "tenants": 3, "users_per_tenant": 2 } }, "runner": { "constant": { "concurrency": 4, "times": 10 } }, "hooks": [], "sla": { "failure_rate": { "max": 0 } } } ] }
2019-12-18 01:38:05.101 17 RALLYDEBUG rally_openstack.contexts.keystone.users [-] Creating 3 tenants using 20 threads
2019-12-18 01:38:06.122 17 RALLYDEBUG rally_openstack.contexts.keystone.users [-] Creating 6 users using 20 threads
2019-12-18 01:38:07.658 17 INFO rally.task.context [-] Task f47a1f6d-935a-49ff-bc55-55efa4a06d7d | Context users@openstack setup() finished in 2.56 sec
2019-12-18 01:38:07.667 17 RALLYDEBUG rally.task.runner [-] Starting the constant runner (task UUID: f47a1f6d-935a-49ff-bc55-55efa4a06d7d). times: 10 concurrency: 4 timeout: 0 max_cpu_used: 16 processes_to_start: 4 concurrency_per_worker: 1 concurrency_overhead: 0
2019-12-18 01:38:07.679 349 RALLYDEBUG rally.task.runner [-] Starting a worker. times: 10 duration: None concurrency: 1 timeout: 0 cls: method_name: run args: {"repetitions": 2}
2019-12-18 01:38:07.682 350 RALLYDEBUG rally.task.runner [-] Starting a worker. times: 10 duration: None concurrency: 1 timeout: 0 cls: method_name: run args: {"repetitions": 2}
2019-12-18 01:38:07.685 349 INFO rally.task.runner [-] Task f47a1f6d-935a-49ff-bc55-55efa4a06d7d | ITER: 1 START
2019-12-18 01:38:07.685 351 RALLYDEBUG rally.task.runner [-] Starting a worker. times: 10 duration: None concurrency: 1 timeout: 0 cls: method_name: run args: {"repetitions": 2}
2019-12-18 01:38:07.689 350 INFO rally.task.runner [-] Task f47a1f6d-935a-49ff-bc55-55efa4a06d7d | ITER: 2 START
2019-12-18 01:38:07.689 352 RALLYDEBUG rally.task.runner [-] Starting a worker. times: 10 duration: None concurrency: 1 timeout: 0 cls: method_name: run args: {"repetitions": 2}
2019-12-18 01:38:07.691 351 INFO rally.task.runner [-] Task f47a1f6d-935a-49ff-bc55-55efa4a06d7d | ITER: 3 START
2019-12-18 01:38:07.695 352 INFO rally.task.runner [-] Task f47a1f6d-935a-49ff-bc55-55efa4a06d7d | ITER: 4 START
2019-12-18 01:38:08.587 350 INFO rally.task.runner [-] Task f47a1f6d-935a-49ff-bc55-55efa4a06d7d | ITER: 2 END: OK
2019-12-18 01:38:08.591 350 INFO rally.task.runner [-] Task f47a1f6d-935a-49ff-bc55-55efa4a06d7d | ITER: 5 START
2019-12-18 01:38:08.594 352 INFO rally.task.runner [-] Task f47a1f6d-935a-49ff-bc55-55efa4a06d7d | ITER: 4 END: OK
2019-12-18 01:38:08.599 352 INFO rally.task.runner [-] Task f47a1f6d-935a-49ff-bc55-55efa4a06d7d | ITER: 6 START
2019-12-18 01:38:08.611 351 INFO rally.task.runner [-] Task f47a1f6d-935a-49ff-bc55-55efa4a06d7d | ITER: 3 END: OK
2019-12-18 01:38:08.615 351 INFO rally.task.runner [-] Task f47a1f6d-935a-49ff-bc55-55efa4a06d7d | ITER: 7 START
2019-12-18 01:38:08.691 349 INFO rally.task.runner [-] Task f47a1f6d-935a-49ff-bc55-55efa4a06d7d | ITER: 1 END: OK
2019-12-18 01:38:08.695 349 INFO rally.task.runner [-] Task f47a1f6d-935a-49ff-bc55-55efa4a06d7d | ITER: 8 START
2019-12-18 01:38:09.065 350 INFO rally.task.runner [-] Task f47a1f6d-935a-49ff-bc55-55efa4a06d7d | ITER: 5 END: OK
2019-12-18 01:38:09.069 350 INFO rally.task.runner [-] Task f47a1f6d-935a-49ff-bc55-55efa4a06d7d | ITER: 9 START
2019-12-18 01:38:09.116 351 INFO rally.task.runner [-] Task f47a1f6d-935a-49ff-bc55-55efa4a06d7d | ITER: 7 END: OK
2019-12-18 01:38:09.119 351 INFO rally.task.runner [-] Task f47a1f6d-935a-49ff-bc55-55efa4a06d7d | ITER: 10 START
2019-12-18 01:38:09.120 352 INFO rally.task.runner [-] Task f47a1f6d-935a-49ff-bc55-55efa4a06d7d | ITER: 6 END: OK
2019-12-18 01:38:09.131 349 INFO rally.task.runner [-] Task f47a1f6d-935a-49ff-bc55-55efa4a06d7d | ITER: 8 END: OK
2019-12-18 01:38:09.601 350 INFO rally.task.runner [-] Task f47a1f6d-935a-49ff-bc55-55efa4a06d7d | ITER: 9 END: OK
2019-12-18 01:38:09.610 351 INFO rally.task.runner [-] Task f47a1f6d-935a-49ff-bc55-55efa4a06d7d | ITER: 10 END: OK
2019-12-18 01:38:09.641 17 INFO rally.task.context [-] Task f47a1f6d-935a-49ff-bc55-55efa4a06d7d | Context users@openstack cleanup() started
2019-12-18 01:38:14.247 17 INFO rally.task.context [-] Task f47a1f6d-935a-49ff-bc55-55efa4a06d7d | Context users@openstack cleanup() finished in 4.61 sec
2019-12-18 01:38:15.222 17 INFO rally.task.engine [-] Load duration is: 1.92258
2019-12-18 01:38:15.222 17 INFO rally.task.engine [-] Full runner duration is: 1.974203
2019-12-18 01:38:15.222 17 INFO rally.task.engine [-] Full duration is: 9.147839
2019-12-18 01:38:15.771 17 INFO rally.task.engine [-] Running workload: position = 0 config = { "version": 2, "title": "A cropped version of a bigger task.", "description": "Auto-generated task from a single workload (uuid=e2e65358-5197-451c-8ef9-f3b50e68a657)", "subtasks": [ { "title": "Authenticate.validate_heat", "description": "Check Heat Client to ensure validation of token.", "scenario": { "Authenticate.validate_heat": { "repetitions": 2 } }, "contexts": { "users": { "tenants": 3, "users_per_tenant": 2 } }, "runner": { "constant": { "concurrency": 4, "times": 10 } }, "hooks": [], "sla": { "failure_rate": { "max": 0 } } } ] }
2019-12-18 01:38:15.794 17 RALLYDEBUG rally_openstack.contexts.keystone.users [-] Creating 3 tenants using 20 threads
2019-12-18 01:38:16.884 17 RALLYDEBUG rally_openstack.contexts.keystone.users [-] Creating 6 users using 20 threads
2019-12-18 01:38:18.424 17 INFO rally.task.context [-] Task f47a1f6d-935a-49ff-bc55-55efa4a06d7d | Context users@openstack setup() finished in 2.63 sec
2019-12-18 01:38:18.433 17 RALLYDEBUG rally.task.runner [-] Starting the constant runner (task UUID: f47a1f6d-935a-49ff-bc55-55efa4a06d7d). times: 10 concurrency: 4 timeout: 0 max_cpu_used: 16 processes_to_start: 4 concurrency_per_worker: 1 concurrency_overhead: 0
2019-12-18 01:38:18.445 453 RALLYDEBUG rally.task.runner [-] Starting a worker. times: 10 duration: None concurrency: 1 timeout: 0 cls: method_name: run args: {"repetitions": 2}
2019-12-18 01:38:18.448 454 RALLYDEBUG rally.task.runner [-] Starting a worker. times: 10 duration: None concurrency: 1 timeout: 0 cls: method_name: run args: {"repetitions": 2}
2019-12-18 01:38:18.452 453 INFO rally.task.runner [-] Task f47a1f6d-935a-49ff-bc55-55efa4a06d7d | ITER: 1 START
2019-12-18 01:38:18.452 455 RALLYDEBUG rally.task.runner [-] Starting a worker. times: 10 duration: None concurrency: 1 timeout: 0 cls: method_name: run args: {"repetitions": 2}
2019-12-18 01:38:18.455 454 INFO rally.task.runner [-] Task f47a1f6d-935a-49ff-bc55-55efa4a06d7d | ITER: 2 START
2019-12-18 01:38:18.455 457 RALLYDEBUG rally.task.runner [-] Starting a worker. times: 10 duration: None concurrency: 1 timeout: 0 cls: method_name: run args: {"repetitions": 2}
2019-12-18 01:38:18.459 455 INFO rally.task.runner [-] Task f47a1f6d-935a-49ff-bc55-55efa4a06d7d | ITER: 3 START
2019-12-18 01:38:18.461 457 INFO rally.task.runner [-] Task f47a1f6d-935a-49ff-bc55-55efa4a06d7d | ITER: 4 START
2019-12-18 01:38:19.365 454 INFO rally.task.runner [-] Task f47a1f6d-935a-49ff-bc55-55efa4a06d7d | ITER: 2 END: OK
2019-12-18 01:38:19.370 454 INFO rally.task.runner [-] Task f47a1f6d-935a-49ff-bc55-55efa4a06d7d | ITER: 5 START
2019-12-18 01:38:19.374 457 INFO rally.task.runner [-] Task f47a1f6d-935a-49ff-bc55-55efa4a06d7d | ITER: 4 END: OK
2019-12-18 01:38:19.378 457 INFO rally.task.runner [-] Task f47a1f6d-935a-49ff-bc55-55efa4a06d7d | ITER: 6 START
2019-12-18 01:38:19.400 453 INFO rally.task.runner [-] Task f47a1f6d-935a-49ff-bc55-55efa4a06d7d | ITER: 1 END: OK
2019-12-18 01:38:19.402 455 INFO rally.task.runner [-] Task f47a1f6d-935a-49ff-bc55-55efa4a06d7d | ITER: 3 END: OK
2019-12-18 01:38:19.405 453 INFO rally.task.runner [-] Task f47a1f6d-935a-49ff-bc55-55efa4a06d7d | ITER: 7 START
2019-12-18 01:38:19.407 455 INFO rally.task.runner [-] Task f47a1f6d-935a-49ff-bc55-55efa4a06d7d | ITER: 8 START
2019-12-18 01:38:19.812 455 INFO rally.task.runner [-] Task f47a1f6d-935a-49ff-bc55-55efa4a06d7d | ITER: 8 END: OK
2019-12-18 01:38:19.815 455 INFO rally.task.runner [-] Task f47a1f6d-935a-49ff-bc55-55efa4a06d7d | ITER: 9 START
2019-12-18 01:38:19.819 457 INFO rally.task.runner [-] Task f47a1f6d-935a-49ff-bc55-55efa4a06d7d | ITER: 6 END: OK
2019-12-18 01:38:19.822 457 INFO rally.task.runner [-] Task f47a1f6d-935a-49ff-bc55-55efa4a06d7d | ITER: 10 START
2019-12-18 01:38:20.151 453 INFO rally.task.runner [-] Task f47a1f6d-935a-49ff-bc55-55efa4a06d7d | ITER: 7 END: OK
2019-12-18 01:38:20.153 454 INFO rally.task.runner [-] Task f47a1f6d-935a-49ff-bc55-55efa4a06d7d | ITER: 5 END: OK
2019-12-18 01:38:20.484 457 INFO rally.task.runner [-] Task f47a1f6d-935a-49ff-bc55-55efa4a06d7d | ITER: 10 END: OK
2019-12-18 01:38:20.634 455 INFO rally.task.runner [-] Task f47a1f6d-935a-49ff-bc55-55efa4a06d7d | ITER: 9 END: OK
2019-12-18 01:38:20.657 17 INFO rally.task.context [-] Task f47a1f6d-935a-49ff-bc55-55efa4a06d7d | Context users@openstack cleanup() started
2019-12-18 01:38:25.226 17 INFO rally.task.context [-] Task f47a1f6d-935a-49ff-bc55-55efa4a06d7d | Context users@openstack cleanup() finished in 4.57 sec
2019-12-18 01:38:25.890 17 INFO rally.task.engine [-] Load duration is: 2.18104
2019-12-18 01:38:25.891 17 INFO rally.task.engine [-] Full runner duration is: 2.224182
2019-12-18 01:38:25.891 17 INFO rally.task.engine [-] Full duration is: 9.43349
2019-12-18 01:38:26.473 17 INFO rally.task.engine [-] Running workload: position = 0 config = { "version": 2, "title": "A cropped version of a bigger task.", "description": "Auto-generated task from a single workload (uuid=61880093-7e46-4c52-b39f-fb349b236a35)", "subtasks": [ { "title": "Authenticate.validate_neutron", "description": "Check Neutron Client to ensure validation of token.", "scenario": { "Authenticate.validate_neutron": { "repetitions": 2 } }, "contexts": { "users": { "tenants": 3, "users_per_tenant": 2 } }, "runner": { "constant": { "concurrency": 4, "times": 10 } }, "hooks": [], "sla": { "failure_rate": { "max": 0 } } } ] }
2019-12-18 01:38:26.497 17 RALLYDEBUG rally_openstack.contexts.keystone.users [-] Creating 3 tenants using 20 threads
2019-12-18 01:38:27.453 17 RALLYDEBUG rally_openstack.contexts.keystone.users [-] Creating 6 users using 20 threads
2019-12-18 01:38:28.977 17 INFO rally.task.context [-] Task f47a1f6d-935a-49ff-bc55-55efa4a06d7d | Context users@openstack setup() finished in 2.48 sec
2019-12-18 01:38:28.985 17 RALLYDEBUG rally.task.runner [-] Starting the constant runner (task UUID: f47a1f6d-935a-49ff-bc55-55efa4a06d7d). times: 10 concurrency: 4 timeout: 0 max_cpu_used: 16 processes_to_start: 4 concurrency_per_worker: 1 concurrency_overhead: 0
2019-12-18 01:38:28.997 557 RALLYDEBUG rally.task.runner [-] Starting a worker. times: 10 duration: None concurrency: 1 timeout: 0 cls: method_name: run args: {"repetitions": 2}
2019-12-18 01:38:29.000 558 RALLYDEBUG rally.task.runner [-] Starting a worker. times: 10 duration: None concurrency: 1 timeout: 0 cls: method_name: run args: {"repetitions": 2}
2019-12-18 01:38:29.003 557 INFO rally.task.runner [-] Task f47a1f6d-935a-49ff-bc55-55efa4a06d7d | ITER: 1 START
2019-12-18 01:38:29.004 559 RALLYDEBUG rally.task.runner [-] Starting a worker. times: 10 duration: None concurrency: 1 timeout: 0 cls: method_name: run args: {"repetitions": 2}
2019-12-18 01:38:29.005 558 INFO rally.task.runner [-] Task f47a1f6d-935a-49ff-bc55-55efa4a06d7d | ITER: 2 START
2019-12-18 01:38:29.007 560 RALLYDEBUG rally.task.runner [-] Starting a worker. times: 10 duration: None concurrency: 1 timeout: 0 cls: method_name: run args: {"repetitions": 2}
2019-12-18 01:38:29.010 559 INFO rally.task.runner [-] Task f47a1f6d-935a-49ff-bc55-55efa4a06d7d | ITER: 3 START
2019-12-18 01:38:29.013 560 INFO rally.task.runner [-] Task f47a1f6d-935a-49ff-bc55-55efa4a06d7d | ITER: 4 START
2019-12-18 01:38:29.712 560 INFO rally.task.runner [-] Task f47a1f6d-935a-49ff-bc55-55efa4a06d7d | ITER: 4 END: OK
2019-12-18 01:38:29.716 560 INFO rally.task.runner [-] Task f47a1f6d-935a-49ff-bc55-55efa4a06d7d | ITER: 5 START
2019-12-18 01:38:29.756 558 INFO rally.task.runner [-] Task f47a1f6d-935a-49ff-bc55-55efa4a06d7d | ITER: 2 END: OK
2019-12-18 01:38:29.760 558 INFO rally.task.runner [-] Task f47a1f6d-935a-49ff-bc55-55efa4a06d7d | ITER: 6 START
2019-12-18 01:38:29.783 557 INFO rally.task.runner [-] Task f47a1f6d-935a-49ff-bc55-55efa4a06d7d | ITER: 1 END: OK
2019-12-18 01:38:29.788 557 INFO rally.task.runner [-] Task f47a1f6d-935a-49ff-bc55-55efa4a06d7d | ITER: 7 START
2019-12-18 01:38:29.808 559 INFO rally.task.runner [-] Task f47a1f6d-935a-49ff-bc55-55efa4a06d7d | ITER: 3 END: OK
2019-12-18 01:38:29.813 559 INFO rally.task.runner [-] Task f47a1f6d-935a-49ff-bc55-55efa4a06d7d | ITER: 8 START
2019-12-18 01:38:30.294 560 INFO rally.task.runner [-] Task f47a1f6d-935a-49ff-bc55-55efa4a06d7d | ITER: 5 END: OK
2019-12-18 01:38:30.298 560 INFO rally.task.runner [-] Task f47a1f6d-935a-49ff-bc55-55efa4a06d7d | ITER: 9 START
2019-12-18 01:38:30.442 559 INFO rally.task.runner [-] Task f47a1f6d-935a-49ff-bc55-55efa4a06d7d | ITER: 8 END: OK
2019-12-18 01:38:30.445 559 INFO rally.task.runner [-] Task f47a1f6d-935a-49ff-bc55-55efa4a06d7d | ITER: 10 START
2019-12-18 01:38:30.453 557 INFO rally.task.runner [-] Task f47a1f6d-935a-49ff-bc55-55efa4a06d7d | ITER: 7 END: OK
2019-12-18 01:38:30.481 558 INFO rally.task.runner [-] Task f47a1f6d-935a-49ff-bc55-55efa4a06d7d | ITER: 6 END: OK
2019-12-18 01:38:30.899 560 INFO rally.task.runner [-] Task f47a1f6d-935a-49ff-bc55-55efa4a06d7d | ITER: 9 END: OK
2019-12-18 01:38:31.284 559 INFO rally.task.runner [-] Task f47a1f6d-935a-49ff-bc55-55efa4a06d7d | ITER: 10 END: OK
2019-12-18 01:38:31.311 17 INFO rally.task.context [-] Task f47a1f6d-935a-49ff-bc55-55efa4a06d7d | Context users@openstack cleanup() started
2019-12-18 01:38:35.687 17 INFO rally.task.context [-] Task f47a1f6d-935a-49ff-bc55-55efa4a06d7d | Context users@openstack cleanup() finished in 4.38 sec
2019-12-18 01:38:36.631 17 INFO rally.task.engine [-] Load duration is: 2.279893
2019-12-18 01:38:36.631 17 INFO rally.task.engine [-] Full runner duration is: 2.325644
2019-12-18 01:38:36.632 17 INFO rally.task.engine [-] Full duration is: 9.191856
2019-12-18 01:38:37.197 17 INFO rally.task.engine [-] Running workload: position = 0 config = { "version": 2, "title": "A cropped version of a bigger task.", "description": "Auto-generated task from a single workload (uuid=1cb446a5-994c-40ce-9eac-50a3e77e9a2a)", "subtasks": [ { "title": "Authenticate.validate_nova", "description": "Check Nova Client to ensure validation of token.", "scenario": { "Authenticate.validate_nova": { "repetitions": 2 } }, "contexts": { "users": { "tenants": 3, "users_per_tenant": 2 } }, "runner": { "constant": { "concurrency": 4, "times": 10 } }, "hooks": [], "sla": { "failure_rate": { "max": 0 } } } ] }
2019-12-18 01:38:37.221 17 RALLYDEBUG rally_openstack.contexts.keystone.users [-] Creating 3 tenants using 20 threads
2019-12-18 01:38:38.289 17 RALLYDEBUG rally_openstack.contexts.keystone.users [-] Creating 6 users using 20 threads
2019-12-18 01:38:39.788 17 INFO rally.task.context [-] Task f47a1f6d-935a-49ff-bc55-55efa4a06d7d | Context users@openstack setup() finished in 2.57 sec
2019-12-18 01:38:39.797 17 RALLYDEBUG rally.task.runner [-] Starting the constant runner (task UUID: f47a1f6d-935a-49ff-bc55-55efa4a06d7d). times: 10 concurrency: 4 timeout: 0 max_cpu_used: 16 processes_to_start: 4 concurrency_per_worker: 1 concurrency_overhead: 0
2019-12-18 01:38:39.808 661 RALLYDEBUG rally.task.runner [-] Starting a worker. times: 10 duration: None concurrency: 1 timeout: 0 cls: method_name: run args: {"repetitions": 2}
2019-12-18 01:38:39.812 662 RALLYDEBUG rally.task.runner [-] Starting a worker. times: 10 duration: None concurrency: 1 timeout: 0 cls: method_name: run args: {"repetitions": 2}
2019-12-18 01:38:39.815 661 INFO rally.task.runner [-] Task f47a1f6d-935a-49ff-bc55-55efa4a06d7d | ITER: 1 START
2019-12-18 01:38:39.815 663 RALLYDEBUG rally.task.runner [-] Starting a worker. times: 10 duration: None concurrency: 1 timeout: 0 cls: method_name: run args: {"repetitions": 2}
2019-12-18 01:38:39.818 662 INFO rally.task.runner [-] Task f47a1f6d-935a-49ff-bc55-55efa4a06d7d | ITER: 2 START
2019-12-18 01:38:39.818 664 RALLYDEBUG rally.task.runner [-] Starting a worker. times: 10 duration: None concurrency: 1 timeout: 0 cls: method_name: run args: {"repetitions": 2}
2019-12-18 01:38:39.821 663 INFO rally.task.runner [-] Task f47a1f6d-935a-49ff-bc55-55efa4a06d7d | ITER: 3 START
2019-12-18 01:38:39.824 664 INFO rally.task.runner [-] Task f47a1f6d-935a-49ff-bc55-55efa4a06d7d | ITER: 4 START
2019-12-18 01:38:40.491 664 INFO rally.task.runner [-] Task f47a1f6d-935a-49ff-bc55-55efa4a06d7d | ITER: 4 END: OK
2019-12-18 01:38:40.491 663 INFO rally.task.runner [-] Task f47a1f6d-935a-49ff-bc55-55efa4a06d7d | ITER: 3 END: OK
2019-12-18 01:38:40.495 664 INFO rally.task.runner [-] Task f47a1f6d-935a-49ff-bc55-55efa4a06d7d | ITER: 5 START
2019-12-18 01:38:40.496 663 INFO rally.task.runner [-] Task f47a1f6d-935a-49ff-bc55-55efa4a06d7d | ITER: 6 START
2019-12-18 01:38:40.511 661 INFO rally.task.runner [-] Task f47a1f6d-935a-49ff-bc55-55efa4a06d7d | ITER: 1 END: OK
2019-12-18 01:38:40.515 661 INFO rally.task.runner [-] Task f47a1f6d-935a-49ff-bc55-55efa4a06d7d | ITER: 7 START
2019-12-18 01:38:40.552 662 INFO rally.task.runner [-] Task f47a1f6d-935a-49ff-bc55-55efa4a06d7d | ITER: 2 END: OK
2019-12-18 01:38:40.555 662 INFO rally.task.runner [-] Task f47a1f6d-935a-49ff-bc55-55efa4a06d7d | ITER: 8 START
2019-12-18 01:38:40.875 664 INFO rally.task.runner [-] Task f47a1f6d-935a-49ff-bc55-55efa4a06d7d | ITER: 5 END: OK
2019-12-18 01:38:40.879 664 INFO rally.task.runner [-] Task f47a1f6d-935a-49ff-bc55-55efa4a06d7d | ITER: 9 START
2019-12-18 01:38:40.884 663 INFO rally.task.runner [-] Task f47a1f6d-935a-49ff-bc55-55efa4a06d7d | ITER: 6 END: OK
2019-12-18 01:38:40.888 663 INFO rally.task.runner [-] Task f47a1f6d-935a-49ff-bc55-55efa4a06d7d | ITER: 10 START
2019-12-18 01:38:40.913 661 INFO rally.task.runner [-] Task f47a1f6d-935a-49ff-bc55-55efa4a06d7d | ITER: 7 END: OK
2019-12-18 01:38:40.924 662 INFO rally.task.runner [-] Task f47a1f6d-935a-49ff-bc55-55efa4a06d7d | ITER: 8 END: OK
2019-12-18 01:38:41.269 663 INFO rally.task.runner [-] Task f47a1f6d-935a-49ff-bc55-55efa4a06d7d | ITER: 10 END: OK
2019-12-18 01:38:41.269 664 INFO rally.task.runner [-] Task f47a1f6d-935a-49ff-bc55-55efa4a06d7d | ITER: 9 END: OK
2019-12-18 01:38:41.296 17 INFO rally.task.context [-] Task f47a1f6d-935a-49ff-bc55-55efa4a06d7d | Context users@openstack cleanup() started
2019-12-18 01:38:45.850 17 INFO rally.task.context [-] Task f47a1f6d-935a-49ff-bc55-55efa4a06d7d | Context users@openstack cleanup() finished in 4.55 sec
2019-12-18 01:38:47.294 17 INFO rally.task.engine [-] Load duration is: 1.453349
2019-12-18 01:38:47.294 17 INFO rally.task.engine [-] Full runner duration is: 1.499443
2019-12-18 01:38:47.294 17 INFO rally.task.engine [-] Full duration is: 8.630049
2019-12-18 01:38:47.778 17 INFO rally.task.engine [-] Task f47a1f6d-935a-49ff-bc55-55efa4a06d7d | Completed: Running task.
2019-12-18 01:38:49.289 723 RALLYDEBUG rally.api [-] INFO logs from urllib3 and requests module are hide.
2019-12-18 01:38:49.289 723 RALLYDEBUG rally.api [-] urllib3 insecure warnings are hidden.
2019-12-18 01:38:49.289 723 RALLYDEBUG rally.api [-] ERROR log from boto module is hide.
2019-12-18 01:38:50.478 724 RALLYDEBUG rally.api [-] INFO logs from urllib3 and requests module are hide.
2019-12-18 01:38:50.479 724 RALLYDEBUG rally.api [-] urllib3 insecure warnings are hidden.
2019-12-18 01:38:50.479 724 RALLYDEBUG rally.api [-] ERROR log from boto module is hide.
2019-12-18 01:38:51.561 725 RALLYDEBUG rally.api [-] INFO logs from urllib3 and requests module are hide.
2019-12-18 01:38:51.561 725 RALLYDEBUG rally.api [-] urllib3 insecure warnings are hidden.
2019-12-18 01:38:51.561 725 RALLYDEBUG rally.api [-] ERROR log from boto module is hide.
2019-12-18 01:38:53.195 725 INFO rally.api [-] Building 'json' report for the following task(s): 'f47a1f6d-935a-49ff-bc55-55efa4a06d7d'.
2019-12-18 01:38:53.204 725 INFO rally.api [-] The report has been successfully built.
2019-12-18 01:38:54.573 727 RALLYDEBUG rally.api [-] INFO logs from urllib3 and requests module are hide.
2019-12-18 01:38:54.574 727 RALLYDEBUG rally.api [-] urllib3 insecure warnings are hidden.
2019-12-18 01:38:54.574 727 RALLYDEBUG rally.api [-] ERROR log from boto module is hide.
2019-12-18 01:38:56.544 727 INFO rally.task.engine [-] Task b0a816ac-1dc9-4056-a2fd-bd35e5838924 | Starting: Task validation.
2019-12-18 01:38:56.671 727 INFO rally.task.engine [-] Task b0a816ac-1dc9-4056-a2fd-bd35e5838924 | Starting: Task validation of syntax.
2019-12-18 01:38:56.803 727 INFO rally.task.engine [-] Task b0a816ac-1dc9-4056-a2fd-bd35e5838924 | Completed: Task validation of syntax.
2019-12-18 01:38:56.803 727 INFO rally.task.engine [-] Task b0a816ac-1dc9-4056-a2fd-bd35e5838924 | Starting: Task validation of required platforms.
2019-12-18 01:38:56.862 727 INFO rally.task.engine [-] Task b0a816ac-1dc9-4056-a2fd-bd35e5838924 | Completed: Task validation of required platforms.
2019-12-18 01:38:56.864 727 INFO rally.task.engine [-] Task b0a816ac-1dc9-4056-a2fd-bd35e5838924 | Starting: Task validation of semantic.
2019-12-18 01:38:56.864 727 INFO rally.task.engine [-] Check health of the environment '35c66681-f0dc-4da3-aba6-b9e1bda3b137'.
2019-12-18 01:38:57.839 727 INFO rally.task.engine [-] Platform existing@openstack (available: True): OK!
2019-12-18 01:38:57.861 727 RALLYDEBUG rally_openstack.contexts.keystone.users [-] Creating 1 tenants using 20 threads
2019-12-18 01:38:58.719 727 RALLYDEBUG rally_openstack.contexts.keystone.users [-] Creating 1 users using 20 threads
2019-12-18 01:39:00.109 727 INFO rally.task.context [-] Task b0a816ac-1dc9-4056-a2fd-bd35e5838924 | Context users@openstack setup() finished in 2.25 sec
2019-12-18 01:39:03.780 727 INFO rally.task.context [-] Task b0a816ac-1dc9-4056-a2fd-bd35e5838924 | Context users@openstack cleanup() started
2019-12-18 01:39:06.638 727 INFO rally.task.context [-] Task b0a816ac-1dc9-4056-a2fd-bd35e5838924 | Context users@openstack cleanup() finished in 2.86 sec
2019-12-18 01:39:06.639 727 INFO rally.task.engine [-] Task b0a816ac-1dc9-4056-a2fd-bd35e5838924 | Completed: Task validation of semantic.
2019-12-18 01:39:06.639 727 INFO rally.task.engine [-] Task b0a816ac-1dc9-4056-a2fd-bd35e5838924 | Completed: Task validation.
2019-12-18 01:39:06.640 727 INFO rally.api [-] Task b0a816ac-1dc9-4056-a2fd-bd35e5838924 input file is valid.
2019-12-18 01:39:06.640 727 INFO rally.api [-] Run Task b0a816ac-1dc9-4056-a2fd-bd35e5838924 against Deployment 35c66681-f0dc-4da3-aba6-b9e1bda3b137
2019-12-18 01:39:06.641 727 INFO rally.task.engine [-] Task b0a816ac-1dc9-4056-a2fd-bd35e5838924 | Starting: Running task.
2019-12-18 01:39:06.953 727 INFO rally.task.engine [-] Running workload: position = 0 config = { "version": 2, "title": "A cropped version of a bigger task.", "description": "Auto-generated task from a single workload (uuid=28850331-a51f-4b78-8e90-d9f0febc422a)", "subtasks": [ { "title": "GlanceImages.create_and_delete_image", "description": "Create and then delete an image.", "scenario": { "GlanceImages.create_and_delete_image": { "container_format": "bare", "disk_format": "qcow2", "image_location": "/home/opnfv/functest/images/cirros-0.4.0-x86_64-disk.img" } }, "contexts": { "users": { "tenants": 3, "users_per_tenant": 2 } }, "runner": { "constant": { "concurrency": 4, "times": 10 } }, "hooks": [], "sla": { "failure_rate": { "max": 0 } } } ] }
2019-12-18 01:39:06.976 727 RALLYDEBUG rally_openstack.contexts.keystone.users [-] Creating 3 tenants using 20 threads
2019-12-18 01:39:07.946 727 RALLYDEBUG rally_openstack.contexts.keystone.users [-] Creating 6 users using 20 threads
2019-12-18 01:39:09.397 727 INFO rally.task.context [-] Task b0a816ac-1dc9-4056-a2fd-bd35e5838924 | Context users@openstack setup() finished in 2.42 sec
2019-12-18 01:39:09.398 727 INFO rally.task.context [-] Task b0a816ac-1dc9-4056-a2fd-bd35e5838924 | Context cleanup@openstack setup() finished in 0.02 msec
2019-12-18 01:39:09.408 727 RALLYDEBUG rally.task.runner [-] Starting the constant runner (task UUID: b0a816ac-1dc9-4056-a2fd-bd35e5838924). times: 10 concurrency: 4 timeout: 0 max_cpu_used: 16 processes_to_start: 4 concurrency_per_worker: 1 concurrency_overhead: 0
2019-12-18 01:39:09.421 851 RALLYDEBUG rally.task.runner [-] Starting a worker. times: 10 duration: None concurrency: 1 timeout: 0 cls: method_name: run args: {"container_format": "bare", "disk_format": "qcow2", "image_location": "/home/opnfv/functest/images/cirros-0.4.0-x86_64-disk.img"}
2019-12-18 01:39:09.425 852 RALLYDEBUG rally.task.runner [-] Starting a worker. times: 10 duration: None concurrency: 1 timeout: 0 cls: method_name: run args: {"container_format": "bare", "disk_format": "qcow2", "image_location": "/home/opnfv/functest/images/cirros-0.4.0-x86_64-disk.img"}
2019-12-18 01:39:09.428 851 INFO rally.task.runner [-] Task b0a816ac-1dc9-4056-a2fd-bd35e5838924 | ITER: 1 START
2019-12-18 01:39:09.428 853 RALLYDEBUG rally.task.runner [-] Starting a worker. times: 10 duration: None concurrency: 1 timeout: 0 cls: method_name: run args: {"container_format": "bare", "disk_format": "qcow2", "image_location": "/home/opnfv/functest/images/cirros-0.4.0-x86_64-disk.img"}
2019-12-18 01:39:09.431 852 INFO rally.task.runner [-] Task b0a816ac-1dc9-4056-a2fd-bd35e5838924 | ITER: 2 START
2019-12-18 01:39:09.432 854 RALLYDEBUG rally.task.runner [-] Starting a worker. times: 10 duration: None concurrency: 1 timeout: 0 cls: method_name: run args: {"container_format": "bare", "disk_format": "qcow2", "image_location": "/home/opnfv/functest/images/cirros-0.4.0-x86_64-disk.img"}
2019-12-18 01:39:09.435 853 INFO rally.task.runner [-] Task b0a816ac-1dc9-4056-a2fd-bd35e5838924 | ITER: 3 START
2019-12-18 01:39:09.438 854 INFO rally.task.runner [-] Task b0a816ac-1dc9-4056-a2fd-bd35e5838924 | ITER: 4 START
2019-12-18 01:39:12.411 854 RALLYDEBUG rally.task.utils [-] Waiting for resource '2486cc8b-efd6-4d46-9dbe-05d7c2431ad5'. Status changed: NONE => QUEUED in 0.03945159912109375
2019-12-18 01:39:12.431 852 RALLYDEBUG rally.task.utils [-] Waiting for resource '8f29631c-b353-48d0-9b5c-61a2d2a4c56e'. Status changed: NONE => QUEUED in 0.03585457801818848
2019-12-18 01:39:12.432 853 RALLYDEBUG rally.task.utils [-] Waiting for resource '951d5546-e228-497b-a693-d226ed15c3c7'. Status changed: NONE => QUEUED in 0.04066276550292969
2019-12-18 01:39:12.440 851 RALLYDEBUG rally.task.utils [-] Waiting for resource 'e4e39485-f30e-4a16-af5b-4a863538ab51'. Status changed: NONE => QUEUED in 0.03934812545776367
2019-12-18 01:39:12.643 854 RALLYDEBUG rally.task.utils [-] Waiting for resource s_rally_28850331_xT2rasOn. Status changed: QUEUED => ACTIVE in 0.02003312110900879
2019-12-18 01:39:12.649 851 RALLYDEBUG rally.task.utils [-] Waiting for resource s_rally_28850331_SPaAMw0w. Status changed: QUEUED => ACTIVE in 0.018351316452026367
2019-12-18 01:39:12.650 853 RALLYDEBUG rally.task.utils [-] Waiting for resource s_rally_28850331_xpCKqrZD. Status changed: QUEUED => ACTIVE in 0.01679253578186035
2019-12-18 01:39:12.665 852 RALLYDEBUG rally.task.utils [-] Waiting for resource s_rally_28850331_rAyBAtAj. Status changed: QUEUED => ACTIVE in 0.02303934097290039
2019-12-18 01:39:12.702 851 INFO rally.task.runner [-] Task b0a816ac-1dc9-4056-a2fd-bd35e5838924 | ITER: 1 END: OK
2019-12-18 01:39:12.707 851 INFO rally.task.runner [-] Task b0a816ac-1dc9-4056-a2fd-bd35e5838924 | ITER: 5 START
2019-12-18 01:39:12.710 853 INFO rally.task.runner [-] Task b0a816ac-1dc9-4056-a2fd-bd35e5838924 | ITER: 3 END: OK
2019-12-18 01:39:12.710 854 INFO rally.task.runner [-] Task b0a816ac-1dc9-4056-a2fd-bd35e5838924 | ITER: 4 END: OK
2019-12-18 01:39:12.715 853 INFO rally.task.runner [-] Task b0a816ac-1dc9-4056-a2fd-bd35e5838924 | ITER: 6 START
2019-12-18 01:39:12.715 854 INFO rally.task.runner [-] Task b0a816ac-1dc9-4056-a2fd-bd35e5838924 | ITER: 7 START
2019-12-18 01:39:12.743 852 INFO rally.task.runner [-] Task b0a816ac-1dc9-4056-a2fd-bd35e5838924 | ITER: 2 END: OK
2019-12-18 01:39:12.747 852 INFO rally.task.runner [-] Task b0a816ac-1dc9-4056-a2fd-bd35e5838924 | ITER: 8 START
2019-12-18 01:39:15.486 851 RALLYDEBUG rally.task.utils [-] Waiting for resource 'f57be17a-52fa-4e58-abed-1767b1baf202'. Status changed: NONE => QUEUED in 0.03900313377380371
2019-12-18 01:39:15.487 854 RALLYDEBUG rally.task.utils [-] Waiting for resource '7b82b9c5-40ad-456e-b97a-0ea5c2f2e703'. Status changed: NONE => QUEUED in 0.03924107551574707
2019-12-18 01:39:15.551 852 RALLYDEBUG rally.task.utils [-] Waiting for resource '3382832f-3d1a-41d4-9ddf-542e66832e47'. Status changed: NONE => QUEUED in 0.04324841499328613
2019-12-18 01:39:15.699 853 RALLYDEBUG rally.task.utils [-] Waiting for resource '9f34d48d-98e2-4504-92a7-406428f2ff6e'. Status changed: NONE => QUEUED in 0.03401374816894531
2019-12-18 01:39:15.707 851 RALLYDEBUG rally.task.utils [-] Waiting for resource s_rally_28850331_xnB1HRVa. Status changed: QUEUED => ACTIVE in 0.01788020133972168
2019-12-18 01:39:15.710 854 RALLYDEBUG rally.task.utils [-] Waiting for resource s_rally_28850331_hq9HWh8O. Status changed: QUEUED => ACTIVE in 0.018003463745117188
2019-12-18 01:39:15.764 851 INFO rally.task.runner [-] Task b0a816ac-1dc9-4056-a2fd-bd35e5838924 | ITER: 5 END: OK
2019-12-18 01:39:15.766 851 INFO rally.task.runner [-] Task b0a816ac-1dc9-4056-a2fd-bd35e5838924 | ITER: 9 START
2019-12-18 01:39:15.771 854 INFO rally.task.runner [-] Task b0a816ac-1dc9-4056-a2fd-bd35e5838924 | ITER: 7 END: OK
2019-12-18 01:39:15.774 854 INFO rally.task.runner [-] Task b0a816ac-1dc9-4056-a2fd-bd35e5838924 | ITER: 10 START
2019-12-18 01:39:15.789 852 RALLYDEBUG rally.task.utils [-] Waiting for resource s_rally_28850331_dgOqKB7J. Status changed: QUEUED => ACTIVE in 0.03459310531616211
2019-12-18 01:39:15.843 852 INFO rally.task.runner [-] Task b0a816ac-1dc9-4056-a2fd-bd35e5838924 | ITER: 8 END: OK
2019-12-18 01:39:15.900 853 RALLYDEBUG rally.task.utils [-] Waiting for resource s_rally_28850331_VkuxE3BX. Status changed: QUEUED => ACTIVE in 0.020618438720703125
2019-12-18 01:39:16.032 853 INFO rally.task.runner [-] Task b0a816ac-1dc9-4056-a2fd-bd35e5838924 | ITER: 6 END: OK
2019-12-18 01:39:18.565 851 RALLYDEBUG rally.task.utils [-] Waiting for resource 'b9654aa6-04e3-4056-980b-adb47ef78c30'. Status changed: NONE => QUEUED in 0.04409193992614746
2019-12-18 01:39:18.576 854 RALLYDEBUG rally.task.utils [-] Waiting for resource 'c3007ae8-ed78-4960-9fea-55f737cd5a16'. Status changed: NONE => QUEUED in 0.042516231536865234
2019-12-18 01:39:18.800 851 RALLYDEBUG rally.task.utils [-] Waiting for resource s_rally_28850331_6DaPRl2x. Status changed: QUEUED => ACTIVE in 0.02420353889465332
2019-12-18 01:39:18.804 854 RALLYDEBUG rally.task.utils [-] Waiting for resource s_rally_28850331_wsV2cu35. Status changed: QUEUED => ACTIVE in 0.018053054809570312
2019-12-18 01:39:18.879 854 INFO rally.task.runner [-] Task b0a816ac-1dc9-4056-a2fd-bd35e5838924 | ITER: 10 END: OK
2019-12-18 01:39:18.945 851 INFO rally.task.runner [-] Task b0a816ac-1dc9-4056-a2fd-bd35e5838924 | ITER: 9 END: OK
2019-12-18 01:39:18.977 727 INFO rally.task.context [-] Task b0a816ac-1dc9-4056-a2fd-bd35e5838924 | Context cleanup@openstack cleanup() started
2019-12-18 01:39:18.981 727 RALLYDEBUG rally_openstack.cleanup.manager [-] Cleaning up glance images objects
2019-12-18 01:39:20.311 727 INFO rally.task.context [-] Task b0a816ac-1dc9-4056-a2fd-bd35e5838924 | Context cleanup@openstack cleanup() finished in 1.33 sec
2019-12-18 01:39:20.312 727 INFO rally.task.context [-] Task b0a816ac-1dc9-4056-a2fd-bd35e5838924 | Context users@openstack cleanup() started
2019-12-18 01:39:24.853 727 INFO rally.task.context [-] Task b0a816ac-1dc9-4056-a2fd-bd35e5838924 | Context users@openstack cleanup() finished in 4.54 sec
2019-12-18 01:39:25.105 727 INFO rally.task.engine [-] Load duration is: 8.793152
2019-12-18 01:39:25.106 727 INFO rally.task.engine [-] Full runner duration is: 9.56973
2019-12-18 01:39:25.106 727 INFO rally.task.engine [-] Full duration is: 17.878609
2019-12-18 01:39:25.654 727 INFO rally.task.engine [-] Running workload: position = 0 config = { "version": 2, "title": "A cropped version of a bigger task.", "description": "Auto-generated task from a single workload (uuid=d05ace5d-c28a-4f51-b2a3-fb93d163a726)", "subtasks": [ { "title": "GlanceImages.create_and_list_image", "description": "Create an image and then list all images.", "scenario": { "GlanceImages.create_and_list_image": { "container_format": "bare", "disk_format": "qcow2", "image_location": "/home/opnfv/functest/images/cirros-0.4.0-x86_64-disk.img" } }, "contexts": { "users": { "tenants": 3, "users_per_tenant": 2 } }, "runner": { "constant": { "concurrency": 4, "times": 10 } }, "hooks": [], "sla": { "failure_rate": { "max": 0 } } } ] }
2019-12-18 01:39:25.678 727 RALLYDEBUG rally_openstack.contexts.keystone.users [-] Creating 3 tenants using 20 threads
2019-12-18 01:39:26.722 727 RALLYDEBUG rally_openstack.contexts.keystone.users [-] Creating 6 users using 20 threads
2019-12-18 01:39:28.195 727 INFO rally.task.context [-] Task b0a816ac-1dc9-4056-a2fd-bd35e5838924 | Context users@openstack setup() finished in 2.52 sec
2019-12-18 01:39:28.196 727 INFO rally.task.context [-] Task b0a816ac-1dc9-4056-a2fd-bd35e5838924 | Context cleanup@openstack setup() finished in 0.01 msec
