2019-12-18 02:54:53.704 21707 RALLYDEBUG rally.task.utils [-] Waiting for resource s_rally_4f7c58da_pzjiBHZ8. Status changed: CREATING => DOWNLOADING in 8.44777774810791
2019-12-18 02:54:53.843 21705 RALLYDEBUG rally.task.utils [-] Waiting for resource s_rally_4f7c58da_Rr7ytsM9. Status changed: DOWNLOADING => AVAILABLE in 35.34633255004883
2019-12-18 02:54:54.004 21703 RALLYDEBUG rally.task.utils [-] Waiting for resource s_rally_4f7c58da_v68r9OPA. Status changed: DOWNLOADING => AVAILABLE in 35.48604941368103
2019-12-18 02:54:54.103 21704 RALLYDEBUG rally.task.utils [-] Waiting for resource s_rally_4f7c58da_UCmQLH0J. Status changed: CREATING => DOWNLOADING in 4.2626097202301025
2019-12-18 02:55:00.937 21705 RALLYDEBUG rally.task.utils [-] Waiting for resource s_rally_4f7c58da_SV38OuSQ. Status changed: BUILD => ACTIVE in 4.642189025878906
2019-12-18 02:55:00.937 21705 INFO rally.task.runner [-] Task c708e019-2db7-43ad-b3c8-d031aba2ba2e | ITER: 3 END: OK
2019-12-18 02:55:00.943 21705 INFO rally.task.runner [-] Task c708e019-2db7-43ad-b3c8-d031aba2ba2e | ITER: 7 START
2019-12-18 02:55:03.450 21703 RALLYDEBUG rally.task.utils [-] Waiting for resource s_rally_4f7c58da_h6XPSbmq. Status changed: BUILD => ACTIVE in 7.3690314292907715
2019-12-18 02:55:03.451 21703 INFO rally.task.runner [-] Task c708e019-2db7-43ad-b3c8-d031aba2ba2e | ITER: 1 END: OK
2019-12-18 02:55:03.457 21703 INFO rally.task.runner [-] Task c708e019-2db7-43ad-b3c8-d031aba2ba2e | ITER: 8 START
2019-12-18 02:55:08.341 21707 RALLYDEBUG rally.task.utils [-] Waiting for resource s_rally_4f7c58da_pzjiBHZ8. Status changed: DOWNLOADING => AVAILABLE in 14.636295318603516
2019-12-18 02:55:09.180 21703 RALLYDEBUG rally.task.utils [-] Waiting for resource s_rally_4f7c58da_8DmASbzB. Status changed: CREATING => DOWNLOADING in 2.213789701461792
2019-12-18 02:55:18.923 21704 RALLYDEBUG rally.task.utils [-] Waiting for resource s_rally_4f7c58da_UCmQLH0J. Status changed: DOWNLOADING => AVAILABLE in 24.82010793685913
2019-12-18 02:55:20.815 21707 RALLYDEBUG rally.task.utils [-] Waiting for resource s_rally_4f7c58da_F03NyYRY. Status changed: BUILD => ACTIVE in 9.506200075149536
2019-12-18 02:55:20.817 21707 INFO rally.task.runner [-] Task c708e019-2db7-43ad-b3c8-d031aba2ba2e | ITER: 5 END: OK
2019-12-18 02:55:20.822 21707 INFO rally.task.runner [-] Task c708e019-2db7-43ad-b3c8-d031aba2ba2e | ITER: 9 START
2019-12-18 02:55:22.424 21705 RALLYDEBUG rally.task.utils [-] Waiting for resource s_rally_4f7c58da_X1dHfqXd. Status changed: DOWNLOADING => AVAILABLE in 18.778596878051758
2019-12-18 02:55:28.782 21704 RALLYDEBUG rally.task.utils [-] Waiting for resource s_rally_4f7c58da_wRvYMejC. Status changed: BUILD => ACTIVE in 7.38044285774231
2019-12-18 02:55:28.783 21704 INFO rally.task.runner [-] Task c708e019-2db7-43ad-b3c8-d031aba2ba2e | ITER: 6 END: OK
2019-12-18 02:55:28.787 21704 INFO rally.task.runner [-] Task c708e019-2db7-43ad-b3c8-d031aba2ba2e | ITER: 10 START
2019-12-18 02:55:31.811 21705 RALLYDEBUG rally.task.utils [-] Waiting for resource s_rally_4f7c58da_wbeIIYxS. Status changed: BUILD => ACTIVE in 7.147818326950073
2019-12-18 02:55:31.812 21705 INFO rally.task.runner [-] Task c708e019-2db7-43ad-b3c8-d031aba2ba2e | ITER: 7 END: OK
2019-12-18 02:55:34.326 21704 RALLYDEBUG rally.task.utils [-] Waiting for resource s_rally_4f7c58da_muE5jmBf. Status changed: CREATING => DOWNLOADING in 2.220128059387207
2019-12-18 02:55:44.405 21703 RALLYDEBUG rally.task.utils [-] Waiting for resource s_rally_4f7c58da_8DmASbzB. Status changed: DOWNLOADING => AVAILABLE in 35.2251832485199
2019-12-18 02:55:54.682 21703 RALLYDEBUG rally.task.utils [-] Waiting for resource s_rally_4f7c58da_i6ZOdfBp. Status changed: BUILD => ACTIVE in 7.288054943084717
2019-12-18 02:55:54.683 21703 INFO rally.task.runner [-] Task c708e019-2db7-43ad-b3c8-d031aba2ba2e | ITER: 8 END: OK
2019-12-18 02:56:17.845 21704 RALLYDEBUG rally.task.utils [-] Waiting for resource s_rally_4f7c58da_muE5jmBf. Status changed: DOWNLOADING => AVAILABLE in 43.518962144851685
2019-12-18 02:56:18.101 21707 RALLYDEBUG rally.task.utils [-] Waiting for resource s_rally_4f7c58da_9uTDrcVK. Status changed: DOWNLOADING => AVAILABLE in 53.98424768447876
2019-12-18 02:56:27.184 21704 RALLYDEBUG rally.task.utils [-] Waiting for resource s_rally_4f7c58da_MYanMK7c. Status changed: BUILD => ACTIVE in 7.009314298629761
2019-12-18 02:56:27.185 21704 INFO rally.task.runner [-] Task c708e019-2db7-43ad-b3c8-d031aba2ba2e | ITER: 10 END: OK
2019-12-18 02:56:27.238 21707 RALLYDEBUG rally.task.utils [-] Waiting for resource s_rally_4f7c58da_HLxPgLp9. Status changed: BUILD => ACTIVE in 7.009403228759766
2019-12-18 02:56:27.238 21707 INFO rally.task.runner [-] Task c708e019-2db7-43ad-b3c8-d031aba2ba2e | ITER: 9 END: OK
2019-12-18 02:56:27.272 20411 INFO rally.task.context [-] Task c708e019-2db7-43ad-b3c8-d031aba2ba2e | Context cleanup@openstack cleanup() started
2019-12-18 02:56:27.276 20411 RALLYDEBUG rally_openstack.cleanup.manager [-] Cleaning up nova servers objects
2019-12-18 02:56:29.437 20411 RALLYDEBUG rally_openstack.cleanup.manager [-] Deleting nova.servers object s_rally_4f7c58da_HLxPgLp9 (311fa19f-a345-4a62-8ece-2acc4f0d6c40)
2019-12-18 02:56:29.446 20411 RALLYDEBUG rally_openstack.cleanup.manager [-] Deleting nova.servers object s_rally_4f7c58da_wRvYMejC (c2376648-f13f-44d3-b235-26daac319cc0)
2019-12-18 02:56:29.455 20411 RALLYDEBUG rally_openstack.cleanup.manager [-] Deleting nova.servers object s_rally_4f7c58da_F03NyYRY (a240589a-134e-46af-86e1-52c623aca7b8)
2019-12-18 02:56:29.464 20411 RALLYDEBUG rally_openstack.cleanup.manager [-] Deleting nova.servers object s_rally_4f7c58da_h6XPSbmq (9a162163-69d1-4ca3-921d-efbd7361469b)
2019-12-18 02:56:29.469 20411 RALLYDEBUG rally_openstack.cleanup.manager [-] Deleting nova.servers object s_rally_4f7c58da_cuJ2oY2n (42d38df4-6133-4ccb-b4b2-59f7f58cd09b)
2019-12-18 02:56:29.481 20411 RALLYDEBUG rally_openstack.cleanup.manager [-] Deleting nova.servers object s_rally_4f7c58da_UkhOdMWj (268359f0-17f3-4d02-82a2-6c7db72c57ab)
2019-12-18 02:56:29.487 20411 RALLYDEBUG rally_openstack.cleanup.manager [-] Deleting nova.servers object s_rally_4f7c58da_MYanMK7c (93c1c911-4645-4952-89df-ee559ce23b1a)
2019-12-18 02:56:29.501 20411 RALLYDEBUG rally_openstack.cleanup.manager [-] Deleting nova.servers object s_rally_4f7c58da_i6ZOdfBp (8b01dfb0-4727-41b6-a2df-b30f1891ac3d)
2019-12-18 02:56:29.512 20411 RALLYDEBUG rally_openstack.cleanup.manager [-] Deleting nova.servers object s_rally_4f7c58da_wbeIIYxS (2f0531a3-1632-4f39-8b34-a80752f14c12)
2019-12-18 02:56:29.535 20411 RALLYDEBUG rally_openstack.cleanup.manager [-] Deleting nova.servers object s_rally_4f7c58da_SV38OuSQ (e5320c24-8149-45a8-8147-2d0ad9eb65b8)
2019-12-18 02:56:35.190 20411 RALLYDEBUG rally_openstack.cleanup.manager [-] Cleaning up nova server_groups objects
2019-12-18 02:56:36.342 20411 RALLYDEBUG rally_openstack.cleanup.manager [-] Cleaning up nova keypairs objects
2019-12-18 02:56:38.841 20411 RALLYDEBUG rally_openstack.cleanup.manager [-] Cleaning up cinder backups objects
2019-12-18 02:56:40.619 20411 RALLYDEBUG rally_openstack.cleanup.manager [-] Cleaning up cinder volume_snapshots objects
2019-12-18 02:56:42.026 20411 RALLYDEBUG rally_openstack.cleanup.manager [-] Cleaning up cinder transfers objects
2019-12-18 02:56:43.186 20411 RALLYDEBUG rally_openstack.cleanup.manager [-] Cleaning up cinder volumes objects
2019-12-18 02:56:44.735 20411 RALLYDEBUG rally_openstack.cleanup.manager [-] Deleting cinder.volumes object s_rally_4f7c58da_9uTDrcVK (c9d60568-0140-4bb7-8694-52c43f752515)
2019-12-18 02:56:44.745 20411 RALLYDEBUG rally_openstack.cleanup.manager [-] Deleting cinder.volumes object s_rally_4f7c58da_UCmQLH0J (721b43c3-ce30-40cc-b922-402cc66efd84)
2019-12-18 02:56:44.754 20411 RALLYDEBUG rally_openstack.cleanup.manager [-] Deleting cinder.volumes object s_rally_4f7c58da_pzjiBHZ8 (40fba0f0-a13f-4945-9fe4-4b3fef5aa979)
2019-12-18 02:56:44.763 20411 RALLYDEBUG rally_openstack.cleanup.manager [-] Deleting cinder.volumes object s_rally_4f7c58da_aMQPGLmw (d0bb4c9f-1699-4e6c-a572-dc5e2b7348f1)
2019-12-18 02:56:44.768 20411 RALLYDEBUG rally_openstack.cleanup.manager [-] Deleting cinder.volumes object s_rally_4f7c58da_v68r9OPA (cb0f523b-a894-4693-a762-57968be202c8)
2019-12-18 02:56:44.780 20411 RALLYDEBUG rally_openstack.cleanup.manager [-] Deleting cinder.volumes object s_rally_4f7c58da_5Px7qYsf (4f6ae18b-0775-4339-8d66-84b6e6d4fd30)
2019-12-18 02:56:44.803 20411 RALLYDEBUG rally_openstack.cleanup.manager [-] Deleting cinder.volumes object s_rally_4f7c58da_muE5jmBf (ed40beda-4bf7-4b17-9675-730db7741d74)
2019-12-18 02:56:44.830 20411 RALLYDEBUG rally_openstack.cleanup.manager [-] Deleting cinder.volumes object s_rally_4f7c58da_8DmASbzB (1af8ccea-f18b-4be8-b4a3-a62bb84695fd)
2019-12-18 02:56:44.835 20411 RALLYDEBUG rally_openstack.cleanup.manager [-] Deleting cinder.volumes object s_rally_4f7c58da_X1dHfqXd (cbedfc88-7520-449c-8b88-5e2ef349f8fa)
2019-12-18 02:56:44.845 20411 RALLYDEBUG rally_openstack.cleanup.manager [-] Deleting cinder.volumes object s_rally_4f7c58da_Rr7ytsM9 (a3ba3883-2a43-4397-9de3-420cd039488a)
2019-12-18 02:56:48.792 20411 INFO rally.task.context [-] Task c708e019-2db7-43ad-b3c8-d031aba2ba2e | Context cleanup@openstack cleanup() finished in 21.52 sec
2019-12-18 02:56:48.793 20411 INFO rally.task.context [-] Task c708e019-2db7-43ad-b3c8-d031aba2ba2e | Context api_versions@openstack cleanup() started
2019-12-18 02:56:48.793 20411 INFO rally.task.context [-] Task c708e019-2db7-43ad-b3c8-d031aba2ba2e | Context api_versions@openstack cleanup() finished in 0.39 msec
2019-12-18 02:56:48.793 20411 INFO rally.task.context [-] Task c708e019-2db7-43ad-b3c8-d031aba2ba2e | Context users@openstack cleanup() started
2019-12-18 02:56:53.320 20411 INFO rally.task.context [-] Task c708e019-2db7-43ad-b3c8-d031aba2ba2e | Context users@openstack cleanup() finished in 4.53 sec
2019-12-18 02:56:55.205 20411 INFO rally.task.engine [-] Load duration is: 131.307065
2019-12-18 02:56:55.206 20411 INFO rally.task.engine [-] Full runner duration is: 132.365697
2019-12-18 02:56:55.206 20411 INFO rally.task.engine [-] Full duration is: 162.804087
2019-12-18 02:56:55.511 20411 INFO rally.task.engine [-] Running workload: position = 0 config = { "version": 2, "title": "A cropped version of a bigger task.", "description": "Auto-generated task from a single workload (uuid=9ee51f5b-c0ab-43df-bb51-4083029f28cc)", "subtasks": [ { "title": "NovaServers.boot_server", "description": "Boot a server.", "scenario": { "NovaServers.boot_server": { "flavor": { "name": "rally_full-flavor_82abc6db-4b93-46af-8703-7548ccee80b4" }, "image": { "name": "rally_full-img_82abc6db-4b93-46af-8703-7548ccee80b4" }, "nics": [ { "net-id": "a2e4e6ce-5607-4f93-b98b-e192ed4c6f67" } ] } }, "contexts": { "users": { "tenants": 3, "users_per_tenant": 2 } }, "runner": { "constant": { "concurrency": 4, "times": 10 } }, "hooks": [], "sla": { "failure_rate": { "max": 0 } } } ] }
2019-12-18 02:56:55.536 20411 RALLYDEBUG rally_openstack.contexts.keystone.users [-] Creating 3 tenants using 20 threads
2019-12-18 02:56:56.561 20411 RALLYDEBUG rally_openstack.contexts.keystone.users [-] Creating 6 users using 20 threads
2019-12-18 02:56:58.039 20411 INFO rally.task.context [-] Task c708e019-2db7-43ad-b3c8-d031aba2ba2e | Context users@openstack setup() finished in 2.50 sec
2019-12-18 02:56:58.039 20411 INFO rally.task.context [-] Task c708e019-2db7-43ad-b3c8-d031aba2ba2e | Context cleanup@openstack setup() finished in 0.01 msec
2019-12-18 02:56:59.082 20411 RALLYDEBUG rally.task.runner [-] Starting the constant runner (task UUID: c708e019-2db7-43ad-b3c8-d031aba2ba2e). times: 10 concurrency: 4 timeout: 0 max_cpu_used: 16 processes_to_start: 4 concurrency_per_worker: 1 concurrency_overhead: 0
2019-12-18 02:56:59.093 21947 RALLYDEBUG rally.task.runner [-] Starting a worker. times: 10 duration: None concurrency: 1 timeout: 0 cls: method_name: run args: {"flavor": "c3ced0cb-30ea-448e-8a52-6953d615bc6c", "image": "48bf0efe-01ba-4643-8231-99113ba84e63", "nics": [{"net-id": "a2e4e6ce-5607-4f93-b98b-e192ed4c6f67"}]}
2019-12-18 02:56:59.097 21948 RALLYDEBUG rally.task.runner [-] Starting a worker. times: 10 duration: None concurrency: 1 timeout: 0 cls: method_name: run args: {"flavor": "c3ced0cb-30ea-448e-8a52-6953d615bc6c", "image": "48bf0efe-01ba-4643-8231-99113ba84e63", "nics": [{"net-id": "a2e4e6ce-5607-4f93-b98b-e192ed4c6f67"}]}
2019-12-18 02:56:59.100 21947 INFO rally.task.runner [-] Task c708e019-2db7-43ad-b3c8-d031aba2ba2e | ITER: 1 START
2019-12-18 02:56:59.100 21949 RALLYDEBUG rally.task.runner [-] Starting a worker. times: 10 duration: None concurrency: 1 timeout: 0 cls: method_name: run args: {"flavor": "c3ced0cb-30ea-448e-8a52-6953d615bc6c", "image": "48bf0efe-01ba-4643-8231-99113ba84e63", "nics": [{"net-id": "a2e4e6ce-5607-4f93-b98b-e192ed4c6f67"}]}
2019-12-18 02:56:59.104 21948 INFO rally.task.runner [-] Task c708e019-2db7-43ad-b3c8-d031aba2ba2e | ITER: 2 START
2019-12-18 02:56:59.104 21951 RALLYDEBUG rally.task.runner [-] Starting a worker. times: 10 duration: None concurrency: 1 timeout: 0 cls: method_name: run args: {"flavor": "c3ced0cb-30ea-448e-8a52-6953d615bc6c", "image": "48bf0efe-01ba-4643-8231-99113ba84e63", "nics": [{"net-id": "a2e4e6ce-5607-4f93-b98b-e192ed4c6f67"}]}
2019-12-18 02:56:59.107 21949 INFO rally.task.runner [-] Task c708e019-2db7-43ad-b3c8-d031aba2ba2e | ITER: 3 START
2019-12-18 02:56:59.110 21951 INFO rally.task.runner [-] Task c708e019-2db7-43ad-b3c8-d031aba2ba2e | ITER: 4 START
2019-12-18 02:57:06.354 21947 RALLYDEBUG rally.task.utils [-] Waiting for resource s_rally_9ee51f5b_nXUSsr1q. Status changed: BUILD => ACTIVE in 4.742276668548584
2019-12-18 02:57:06.354 21947 INFO rally.task.runner [-] Task c708e019-2db7-43ad-b3c8-d031aba2ba2e | ITER: 1 END: OK
2019-12-18 02:57:06.359 21947 INFO rally.task.runner [-] Task c708e019-2db7-43ad-b3c8-d031aba2ba2e | ITER: 5 START
2019-12-18 02:57:06.628 21949 RALLYDEBUG rally.task.utils [-] Waiting for resource s_rally_9ee51f5b_JSvQyO4B. Status changed: BUILD => ACTIVE in 4.725143194198608
2019-12-18 02:57:06.629 21949 INFO rally.task.runner [-] Task c708e019-2db7-43ad-b3c8-d031aba2ba2e | ITER: 3 END: OK
2019-12-18 02:57:06.633 21949 INFO rally.task.runner [-] Task c708e019-2db7-43ad-b3c8-d031aba2ba2e | ITER: 6 START
2019-12-18 02:57:08.536 21948 RALLYDEBUG rally.task.utils [-] Waiting for resource s_rally_9ee51f5b_HFK4IkGD. Status changed: BUILD => ACTIVE in 6.73858118057251
2019-12-18 02:57:08.537 21948 INFO rally.task.runner [-] Task c708e019-2db7-43ad-b3c8-d031aba2ba2e | ITER: 2 END: OK
2019-12-18 02:57:08.541 21948 INFO rally.task.runner [-] Task c708e019-2db7-43ad-b3c8-d031aba2ba2e | ITER: 7 START
2019-12-18 02:57:08.683 21951 RALLYDEBUG rally.task.utils [-] Waiting for resource s_rally_9ee51f5b_3OII4lN0. Status changed: BUILD => ACTIVE in 6.870552062988281
2019-12-18 02:57:08.684 21951 INFO rally.task.runner [-] Task c708e019-2db7-43ad-b3c8-d031aba2ba2e | ITER: 4 END: OK
2019-12-18 02:57:08.688 21951 INFO rally.task.runner [-] Task c708e019-2db7-43ad-b3c8-d031aba2ba2e | ITER: 8 START
2019-12-18 02:57:13.110 21947 RALLYDEBUG rally.task.utils [-] Waiting for resource s_rally_9ee51f5b_mO3u2KOM. Status changed: BUILD => ACTIVE in 4.615783929824829
2019-12-18 02:57:13.110 21947 INFO rally.task.runner [-] Task c708e019-2db7-43ad-b3c8-d031aba2ba2e | ITER: 5 END: OK
2019-12-18 02:57:13.114 21947 INFO rally.task.runner [-] Task c708e019-2db7-43ad-b3c8-d031aba2ba2e | ITER: 9 START
2019-12-18 02:57:15.929 21949 RALLYDEBUG rally.task.utils [-] Waiting for resource s_rally_9ee51f5b_GdYJiEoq. Status changed: BUILD => ACTIVE in 7.065530776977539
2019-12-18 02:57:15.930 21949 INFO rally.task.runner [-] Task c708e019-2db7-43ad-b3c8-d031aba2ba2e | ITER: 6 END: OK
2019-12-18 02:57:15.934 21949 INFO rally.task.runner [-] Task c708e019-2db7-43ad-b3c8-d031aba2ba2e | ITER: 10 START
2019-12-18 02:57:17.792 21951 RALLYDEBUG rally.task.utils [-] Waiting for resource s_rally_9ee51f5b_eknQ83MN. Status changed: BUILD => ACTIVE in 6.9758172035217285
2019-12-18 02:57:17.793 21951 INFO rally.task.runner [-] Task c708e019-2db7-43ad-b3c8-d031aba2ba2e | ITER: 8 END: OK
2019-12-18 02:57:18.164 21947 RALLYDEBUG rally.task.utils [-] Waiting for resource s_rally_9ee51f5b_hsENgWxo. Status changed: BUILD => ACTIVE in 2.4584643840789795
2019-12-18 02:57:18.166 21947 INFO rally.task.runner [-] Task c708e019-2db7-43ad-b3c8-d031aba2ba2e | ITER: 9 END: OK
2019-12-18 02:57:19.739 21948 RALLYDEBUG rally.task.utils [-] Waiting for resource s_rally_9ee51f5b_jlM8E6BP. Status changed: BUILD => ACTIVE in 8.863990545272827
2019-12-18 02:57:19.742 21948 INFO rally.task.runner [-] Task c708e019-2db7-43ad-b3c8-d031aba2ba2e | ITER: 7 END: OK
2019-12-18 02:57:25.360 21949 RALLYDEBUG rally.task.utils [-] Waiting for resource s_rally_9ee51f5b_6rVExhhh. Status changed: BUILD => ACTIVE in 6.987101316452026
2019-12-18 02:57:25.363 21949 INFO rally.task.runner [-] Task c708e019-2db7-43ad-b3c8-d031aba2ba2e | ITER: 10 END: OK
2019-12-18 02:57:25.391 20411 INFO rally.task.context [-] Task c708e019-2db7-43ad-b3c8-d031aba2ba2e | Context cleanup@openstack cleanup() started
2019-12-18 02:57:25.394 20411 RALLYDEBUG rally_openstack.cleanup.manager [-] Cleaning up nova servers objects
2019-12-18 02:57:27.883 20411 RALLYDEBUG rally_openstack.cleanup.manager [-] Deleting nova.servers object s_rally_9ee51f5b_6rVExhhh (3e13d8ff-0167-4b20-843e-fcc2c5b27f00)
2019-12-18 02:57:27.892 20411 RALLYDEBUG rally_openstack.cleanup.manager [-] Deleting nova.servers object s_rally_9ee51f5b_eknQ83MN (61c55628-487c-4800-9b2d-30cad5dbb372)
2019-12-18 02:57:27.901 20411 RALLYDEBUG rally_openstack.cleanup.manager [-] Deleting nova.servers object s_rally_9ee51f5b_mO3u2KOM (b6d453b7-fd9a-4f79-843b-029e8b9a6492)
2019-12-18 02:57:27.911 20411 RALLYDEBUG rally_openstack.cleanup.manager [-] Deleting nova.servers object s_rally_9ee51f5b_JSvQyO4B (53898379-730e-4420-b0c1-63ccc13d1883)
2019-12-18 02:57:27.919 20411 RALLYDEBUG rally_openstack.cleanup.manager [-] Deleting nova.servers object s_rally_9ee51f5b_3OII4lN0 (e6a9891e-b8dc-43d9-90bc-22499dfa2f80)
2019-12-18 02:57:27.924 20411 RALLYDEBUG rally_openstack.cleanup.manager [-] Deleting nova.servers object s_rally_9ee51f5b_GdYJiEoq (747f296d-137f-4f29-8841-68643b5f40cb)
2019-12-18 02:57:27.937 20411 RALLYDEBUG rally_openstack.cleanup.manager [-] Deleting nova.servers object s_rally_9ee51f5b_nXUSsr1q (ae650b3e-b105-4189-9403-a0e0af113a7f)
2019-12-18 02:57:27.964 20411 RALLYDEBUG rally_openstack.cleanup.manager [-] Deleting nova.servers object s_rally_9ee51f5b_hsENgWxo (83d90347-e2c0-4178-b2ae-672ee236d0c8)
2019-12-18 02:57:27.983 20411 RALLYDEBUG rally_openstack.cleanup.manager [-] Deleting nova.servers object s_rally_9ee51f5b_jlM8E6BP (c0e9eaf5-797d-46d0-9c72-874236e29918)
2019-12-18 02:57:27.990 20411 RALLYDEBUG rally_openstack.cleanup.manager [-] Deleting nova.servers object s_rally_9ee51f5b_HFK4IkGD (39e9b1a3-5d25-432c-beba-8b8326405d9f)
2019-12-18 02:57:33.697 20411 RALLYDEBUG rally_openstack.cleanup.manager [-] Cleaning up nova server_groups objects
2019-12-18 02:57:34.951 20411 RALLYDEBUG rally_openstack.cleanup.manager [-] Cleaning up nova keypairs objects
2019-12-18 02:57:37.443 20411 INFO rally.task.context [-] Task c708e019-2db7-43ad-b3c8-d031aba2ba2e | Context cleanup@openstack cleanup() finished in 12.05 sec
2019-12-18 02:57:37.444 20411 INFO rally.task.context [-] Task c708e019-2db7-43ad-b3c8-d031aba2ba2e | Context users@openstack cleanup() started
2019-12-18 02:57:41.753 20411 INFO rally.task.context [-] Task c708e019-2db7-43ad-b3c8-d031aba2ba2e | Context users@openstack cleanup() finished in 4.31 sec
2019-12-18 02:57:41.839 20411 INFO rally.task.engine [-] Load duration is: 25.26025
2019-12-18 02:57:41.839 20411 INFO rally.task.engine [-] Full runner duration is: 26.30954
2019-12-18 02:57:41.840 20411 INFO rally.task.engine [-] Full duration is: 46.218827
2019-12-18 02:57:42.140 20411 INFO rally.task.engine [-] Running workload: position = 0 config = { "version": 2, "title": "A cropped version of a bigger task.", "description": "Auto-generated task from a single workload (uuid=171a731c-9805-4821-bb54-507829e442cc)", "subtasks": [ { "title": "NovaServers.list_servers", "description": "List all servers.", "scenario": { "NovaServers.list_servers": { "detailed": true } }, "contexts": { "users": { "tenants": 3, "users_per_tenant": 2 }, "servers": { "flavor": { "name": "rally_full-flavor_82abc6db-4b93-46af-8703-7548ccee80b4" }, "image": { "name": "rally_full-img_82abc6db-4b93-46af-8703-7548ccee80b4" }, "servers_per_tenant": 2, "auto_assign_nic": true }, "network": {} }, "runner": { "constant": { "concurrency": 4, "times": 10 } }, "hooks": [], "sla": { "failure_rate": { "max": 0 } } } ] }
2019-12-18 02:57:42.164 20411 RALLYDEBUG rally_openstack.contexts.keystone.users [-] Creating 3 tenants using 20 threads
2019-12-18 02:57:43.243 20411 RALLYDEBUG rally_openstack.contexts.keystone.users [-] Creating 6 users using 20 threads
2019-12-18 02:57:44.861 20411 INFO rally.task.context [-] Task c708e019-2db7-43ad-b3c8-d031aba2ba2e | Context users@openstack setup() finished in 2.70 sec
2019-12-18 02:57:47.529 20411 RALLYDEBUG rally_openstack.wrappers.network [-] CIDR generated: 10.2.15.0/24
2019-12-18 02:57:51.855 20411 RALLYDEBUG rally_openstack.wrappers.network [-] CIDR generated: 10.2.16.0/24
2019-12-18 02:57:55.884 20411 RALLYDEBUG rally_openstack.wrappers.network [-] CIDR generated: 10.2.17.0/24
2019-12-18 02:57:58.614 20411 INFO rally.task.context [-] Task c708e019-2db7-43ad-b3c8-d031aba2ba2e | Context network@openstack setup() finished in 13.75 sec
2019-12-18 02:57:59.507 20411 RALLYDEBUG rally_openstack.contexts.nova.servers [-] Booting servers for user tenant f256150db1464adbaf3bd475b94164cb
2019-12-18 02:57:59.508 20411 RALLYDEBUG rally_openstack.contexts.nova.servers [-] Calling _boot_servers with image_id=48bf0efe-01ba-4643-8231-99113ba84e63 flavor_id=c3ced0cb-30ea-448e-8a52-6953d615bc6c servers_per_tenant=2
2019-12-18 02:58:09.802 20411 RALLYDEBUG rally.task.utils [-] Waiting for resource s_rally_171a731c_G9PucnAz_1. Status changed: BUILD => ACTIVE in 6.838892936706543
2019-12-18 02:58:09.986 20411 RALLYDEBUG rally.task.utils [-] Waiting for resource s_rally_171a731c_G9PucnAz_0. Status changed: BUILD => ACTIVE in 0.1826481819152832
2019-12-18 02:58:09.986 20411 RALLYDEBUG rally_openstack.contexts.nova.servers [-] Adding booted servers ['043f8f31-6c7d-4b97-b969-8c8f19290b07', '97fe0b46-b1a4-4330-ba37-0a356d5e9f32'] to context
2019-12-18 02:58:09.987 20411 RALLYDEBUG rally_openstack.contexts.nova.servers [-] Booting servers for user tenant ed15598fc42345e99d76463fd2a0d71d
2019-12-18 02:58:09.987 20411 RALLYDEBUG rally_openstack.contexts.nova.servers [-] Calling _boot_servers with image_id=48bf0efe-01ba-4643-8231-99113ba84e63 flavor_id=c3ced0cb-30ea-448e-8a52-6953d615bc6c servers_per_tenant=2
2019-12-18 02:58:21.063 20411 RALLYDEBUG rally.task.utils [-] Waiting for resource s_rally_171a731c_yk7X9VqU_1. Status changed: BUILD => ACTIVE in 7.1256184577941895
2019-12-18 02:58:21.241 20411 RALLYDEBUG rally.task.utils [-] Waiting for resource s_rally_171a731c_yk7X9VqU_0. Status changed: BUILD => ACTIVE in 0.17755341529846191
2019-12-18 02:58:21.242 20411 RALLYDEBUG rally_openstack.contexts.nova.servers [-] Adding booted servers ['351f50da-4dc8-44f6-8e0e-96812c47c78e', '659c943e-0d0d-461a-9507-2a839f882e56'] to context
2019-12-18 02:58:21.242 20411 RALLYDEBUG rally_openstack.contexts.nova.servers [-] Booting servers for user tenant 82bdfbade28240edb756ca8955efec8f
2019-12-18 02:58:21.243 20411 RALLYDEBUG rally_openstack.contexts.nova.servers [-] Calling _boot_servers with image_id=48bf0efe-01ba-4643-8231-99113ba84e63 flavor_id=c3ced0cb-30ea-448e-8a52-6953d615bc6c servers_per_tenant=2
2019-12-18 02:58:29.366 20411 RALLYDEBUG rally.task.utils [-] Waiting for resource s_rally_171a731c_ElX4iYpz_1. Status changed: BUILD => ACTIVE in 4.731338024139404
2019-12-18 02:58:31.862 20411 RALLYDEBUG rally.task.utils [-] Waiting for resource s_rally_171a731c_ElX4iYpz_0. Status changed: BUILD => ACTIVE in 2.4951579570770264
2019-12-18 02:58:31.863 20411 RALLYDEBUG rally_openstack.contexts.nova.servers [-] Adding booted servers ['caf6e093-dd63-4786-b1af-72281b4aa651', 'ea457028-218e-4260-b847-dcf555ea22df'] to context
2019-12-18 02:58:31.863 20411 INFO rally.task.context [-] Task c708e019-2db7-43ad-b3c8-d031aba2ba2e | Context servers@openstack setup() finished in 33.25 sec
2019-12-18 02:58:31.872 20411 RALLYDEBUG rally.task.runner [-] Starting the constant runner (task UUID: c708e019-2db7-43ad-b3c8-d031aba2ba2e). times: 10 concurrency: 4 timeout: 0 max_cpu_used: 16 processes_to_start: 4 concurrency_per_worker: 1 concurrency_overhead: 0
2019-12-18 02:58:31.884 22111 RALLYDEBUG rally.task.runner [-] Starting a worker. times: 10 duration: None concurrency: 1 timeout: 0 cls: method_name: run args: {"detailed": true}
2019-12-18 02:58:31.888 22112 RALLYDEBUG rally.task.runner [-] Starting a worker. times: 10 duration: None concurrency: 1 timeout: 0 cls: method_name: run args: {"detailed": true}
2019-12-18 02:58:31.891 22111 INFO rally.task.runner [-] Task c708e019-2db7-43ad-b3c8-d031aba2ba2e | ITER: 1 START
2019-12-18 02:58:31.891 22113 RALLYDEBUG rally.task.runner [-] Starting a worker. times: 10 duration: None concurrency: 1 timeout: 0 cls: method_name: run args: {"detailed": true}
2019-12-18 02:58:31.894 22112 INFO rally.task.runner [-] Task c708e019-2db7-43ad-b3c8-d031aba2ba2e | ITER: 2 START
2019-12-18 02:58:31.895 22114 RALLYDEBUG rally.task.runner [-] Starting a worker. times: 10 duration: None concurrency: 1 timeout: 0 cls: method_name: run args: {"detailed": true}
2019-12-18 02:58:31.898 22113 INFO rally.task.runner [-] Task c708e019-2db7-43ad-b3c8-d031aba2ba2e | ITER: 3 START
2019-12-18 02:58:31.902 22114 INFO rally.task.runner [-] Task c708e019-2db7-43ad-b3c8-d031aba2ba2e | ITER: 4 START
2019-12-18 02:58:32.582 22113 INFO rally.task.runner [-] Task c708e019-2db7-43ad-b3c8-d031aba2ba2e | ITER: 3 END: OK
2019-12-18 02:58:32.587 22113 INFO rally.task.runner [-] Task c708e019-2db7-43ad-b3c8-d031aba2ba2e | ITER: 5 START
2019-12-18 02:58:32.651 22114 INFO rally.task.runner [-] Task c708e019-2db7-43ad-b3c8-d031aba2ba2e | ITER: 4 END: OK
2019-12-18 02:58:32.656 22114 INFO rally.task.runner [-] Task c708e019-2db7-43ad-b3c8-d031aba2ba2e | ITER: 6 START
2019-12-18 02:58:33.016 22111 INFO rally.task.runner [-] Task c708e019-2db7-43ad-b3c8-d031aba2ba2e | ITER: 1 END: OK
2019-12-18 02:58:33.021 22111 INFO rally.task.runner [-] Task c708e019-2db7-43ad-b3c8-d031aba2ba2e | ITER: 7 START
2019-12-18 02:58:33.059 22112 INFO rally.task.runner [-] Task c708e019-2db7-43ad-b3c8-d031aba2ba2e | ITER: 2 END: OK
2019-12-18 02:58:33.064 22112 INFO rally.task.runner [-] Task c708e019-2db7-43ad-b3c8-d031aba2ba2e | ITER: 8 START
2019-12-18 02:58:33.320 22114 INFO rally.task.runner [-] Task c708e019-2db7-43ad-b3c8-d031aba2ba2e | ITER: 6 END: OK
2019-12-18 02:58:33.327 22114 INFO rally.task.runner [-] Task c708e019-2db7-43ad-b3c8-d031aba2ba2e | ITER: 9 START
2019-12-18 02:58:33.402 22113 INFO rally.task.runner [-] Task c708e019-2db7-43ad-b3c8-d031aba2ba2e | ITER: 5 END: OK
2019-12-18 02:58:33.406 22113 INFO rally.task.runner [-] Task c708e019-2db7-43ad-b3c8-d031aba2ba2e | ITER: 10 START
2019-12-18 02:58:33.682 22111 INFO rally.task.runner [-] Task c708e019-2db7-43ad-b3c8-d031aba2ba2e | ITER: 7 END: OK
2019-12-18 02:58:33.808 22112 INFO rally.task.runner [-] Task c708e019-2db7-43ad-b3c8-d031aba2ba2e | ITER: 8 END: OK
2019-12-18 02:58:34.082 22114 INFO rally.task.runner [-] Task c708e019-2db7-43ad-b3c8-d031aba2ba2e | ITER: 9 END: OK
2019-12-18 02:58:34.140 22113 INFO rally.task.runner [-] Task c708e019-2db7-43ad-b3c8-d031aba2ba2e | ITER: 10 END: OK
2019-12-18 02:58:34.170 20411 INFO rally.task.context [-] Task c708e019-2db7-43ad-b3c8-d031aba2ba2e | Context servers@openstack cleanup() started
2019-12-18 02:58:34.172 20411 RALLYDEBUG rally_openstack.cleanup.manager [-] Cleaning up nova servers objects
2019-12-18 02:58:36.712 20411 RALLYDEBUG rally_openstack.cleanup.manager [-] Deleting nova.servers object s_rally_171a731c_G9PucnAz_1 (043f8f31-6c7d-4b97-b969-8c8f19290b07)
2019-12-18 02:58:36.719 20411 RALLYDEBUG rally_openstack.cleanup.manager [-] Deleting nova.servers object s_rally_171a731c_G9PucnAz_0 (97fe0b46-b1a4-4330-ba37-0a356d5e9f32)
2019-12-18 02:58:36.726 20411 RALLYDEBUG rally_openstack.cleanup.manager [-] Deleting nova.servers object s_rally_171a731c_yk7X9VqU_1 (351f50da-4dc8-44f6-8e0e-96812c47c78e)
2019-12-18 02:58:36.733 20411 RALLYDEBUG rally_openstack.cleanup.manager [-] Deleting nova.servers object s_rally_171a731c_yk7X9VqU_0 (659c943e-0d0d-461a-9507-2a839f882e56)
2019-12-18 02:58:36.739 20411 RALLYDEBUG rally_openstack.cleanup.manager [-] Deleting nova.servers object s_rally_171a731c_ElX4iYpz_1 (caf6e093-dd63-4786-b1af-72281b4aa651)
2019-12-18 02:58:36.752 20411 RALLYDEBUG rally_openstack.cleanup.manager [-] Deleting nova.servers object s_rally_171a731c_ElX4iYpz_0 (ea457028-218e-4260-b847-dcf555ea22df)
2019-12-18 02:58:41.164 20411 INFO rally.task.context [-] Task c708e019-2db7-43ad-b3c8-d031aba2ba2e | Context servers@openstack cleanup() finished in 6.99 sec
2019-12-18 02:58:41.165 20411 INFO rally.task.context [-] Task c708e019-2db7-43ad-b3c8-d031aba2ba2e | Context network@openstack cleanup() started
2019-12-18 02:59:04.012 20411 INFO rally.task.context [-] Task c708e019-2db7-43ad-b3c8-d031aba2ba2e | Context network@openstack cleanup() finished in 22.85 sec
2019-12-18 02:59:04.013 20411 INFO rally.task.context [-] Task c708e019-2db7-43ad-b3c8-d031aba2ba2e | Context users@openstack cleanup() started
2019-12-18 02:59:08.198 20411 INFO rally.task.context [-] Task c708e019-2db7-43ad-b3c8-d031aba2ba2e | Context users@openstack cleanup() finished in 4.19 sec
2019-12-18 02:59:08.562 20411 INFO rally.task.engine [-] Load duration is: 2.247018
2019-12-18 02:59:08.563 20411 INFO rally.task.engine [-] Full runner duration is: 2.297675
2019-12-18 02:59:08.563 20411 INFO rally.task.engine [-] Full duration is: 86.036499
2019-12-18 02:59:08.901 20411 INFO rally.task.engine [-] Running workload: position = 0 config = { "version": 2, "title": "A cropped version of a bigger task.", "description": "Auto-generated task from a single workload (uuid=ac23202a-0ec7-47b3-8786-0d4be9b77c60)", "subtasks": [ { "title": "NovaServers.resize_server", "description": "Boot a server, then resize and delete it.", "scenario": { "NovaServers.resize_server": { "flavor": { "name": "rally_full-flavor_82abc6db-4b93-46af-8703-7548ccee80b4" }, "image": { "name": "rally_full-img_82abc6db-4b93-46af-8703-7548ccee80b4" }, "to_flavor": { "name": "rally_full-flavor_alt_82abc6db-4b93-46af-8703-7548ccee80b4" }, "confirm": true, "force_delete": false, "nics": [ { "net-id": "a2e4e6ce-5607-4f93-b98b-e192ed4c6f67" } ] } }, "contexts": { "users": { "tenants": 3, "users_per_tenant": 2 } }, "runner": { "constant": { "concurrency": 4, "times": 10 } }, "hooks": [], "sla": { "failure_rate": { "max": 0 } } } ] }
2019-12-18 02:59:08.925 20411 RALLYDEBUG rally_openstack.contexts.keystone.users [-] Creating 3 tenants using 20 threads
2019-12-18 02:59:09.872 20411 RALLYDEBUG rally_openstack.contexts.keystone.users [-] Creating 6 users using 20 threads
2019-12-18 02:59:11.450 20411 INFO rally.task.context [-] Task c708e019-2db7-43ad-b3c8-d031aba2ba2e | Context users@openstack setup() finished in 2.53 sec
2019-12-18 02:59:11.451 20411 INFO rally.task.context [-] Task c708e019-2db7-43ad-b3c8-d031aba2ba2e | Context cleanup@openstack setup() finished in 0.01 msec
2019-12-18 02:59:12.390 20411 RALLYDEBUG rally.task.runner [-] Starting the constant runner (task UUID: c708e019-2db7-43ad-b3c8-d031aba2ba2e). times: 10 concurrency: 4 timeout: 0 max_cpu_used: 16 processes_to_start: 4 concurrency_per_worker: 1 concurrency_overhead: 0
2019-12-18 02:59:12.403 22235 RALLYDEBUG rally.task.runner [-] Starting a worker. times: 10 duration: None concurrency: 1 timeout: 0 cls: method_name: run args: {"flavor": "c3ced0cb-30ea-448e-8a52-6953d615bc6c", "image": "48bf0efe-01ba-4643-8231-99113ba84e63", "to_flavor": "c8ade6c3-70c9-4914-bea2-2200a75c6220", "confirm": true, "force_delete": false, "nics": [{"net-id": "a2e4e6ce-5607-4f93-b98b-e192ed4c6f67"}]}
2019-12-18 02:59:12.407 22236 RALLYDEBUG rally.task.runner [-] Starting a worker. times: 10 duration: None concurrency: 1 timeout: 0 cls: method_name: run args: {"flavor": "c3ced0cb-30ea-448e-8a52-6953d615bc6c", "image": "48bf0efe-01ba-4643-8231-99113ba84e63", "to_flavor": "c8ade6c3-70c9-4914-bea2-2200a75c6220", "confirm": true, "force_delete": false, "nics": [{"net-id": "a2e4e6ce-5607-4f93-b98b-e192ed4c6f67"}]}
2019-12-18 02:59:12.410 22235 INFO rally.task.runner [-] Task c708e019-2db7-43ad-b3c8-d031aba2ba2e | ITER: 1 START
2019-12-18 02:59:12.411 22237 RALLYDEBUG rally.task.runner [-] Starting a worker. times: 10 duration: None concurrency: 1 timeout: 0 cls: method_name: run args: {"flavor": "c3ced0cb-30ea-448e-8a52-6953d615bc6c", "image": "48bf0efe-01ba-4643-8231-99113ba84e63", "to_flavor": "c8ade6c3-70c9-4914-bea2-2200a75c6220", "confirm": true, "force_delete": false, "nics": [{"net-id": "a2e4e6ce-5607-4f93-b98b-e192ed4c6f67"}]}
2019-12-18 02:59:12.414 22236 INFO rally.task.runner [-] Task c708e019-2db7-43ad-b3c8-d031aba2ba2e | ITER: 2 START
2019-12-18 02:59:12.414 22240 RALLYDEBUG rally.task.runner [-] Starting a worker. times: 10 duration: None concurrency: 1 timeout: 0 cls: method_name: run args: {"flavor": "c3ced0cb-30ea-448e-8a52-6953d615bc6c", "image": "48bf0efe-01ba-4643-8231-99113ba84e63", "to_flavor": "c8ade6c3-70c9-4914-bea2-2200a75c6220", "confirm": true, "force_delete": false, "nics": [{"net-id": "a2e4e6ce-5607-4f93-b98b-e192ed4c6f67"}]}
2019-12-18 02:59:12.417 22237 INFO rally.task.runner [-] Task c708e019-2db7-43ad-b3c8-d031aba2ba2e | ITER: 3 START
2019-12-18 02:59:12.421 22240 INFO rally.task.runner [-] Task c708e019-2db7-43ad-b3c8-d031aba2ba2e | ITER: 4 START
2019-12-18 02:59:19.871 22235 RALLYDEBUG rally.task.utils [-] Waiting for resource s_rally_ac23202a_VI7F5cWp. Status changed: BUILD => ACTIVE in 4.4600419998168945
2019-12-18 02:59:20.068 22236 RALLYDEBUG rally.task.utils [-] Waiting for resource s_rally_ac23202a_reXqlwwr. Status changed: BUILD => ACTIVE in 4.7497429847717285
2019-12-18 02:59:21.266 22236 RALLYDEBUG rally.task.utils [-] Waiting for resource s_rally_ac23202a_reXqlwwr. Status changed: ACTIVE => RESIZE in 0.1429157257080078
2019-12-18 02:59:21.426 22235 RALLYDEBUG rally.task.utils [-] Waiting for resource s_rally_ac23202a_VI7F5cWp. Status changed: ACTIVE => RESIZE in 0.2204914093017578
2019-12-18 02:59:21.585 22240 RALLYDEBUG rally.task.utils [-] Waiting for resource s_rally_ac23202a_nBGXgtZB. Status changed: BUILD => ACTIVE in 6.860885143280029
2019-12-18 02:59:21.741 22237 RALLYDEBUG rally.task.utils [-] Waiting for resource s_rally_ac23202a_iY7XFZDf. Status changed: BUILD => ACTIVE in 6.929123401641846
2019-12-18 02:59:22.911 22240 RALLYDEBUG rally.task.utils [-] Waiting for resource s_rally_ac23202a_nBGXgtZB. Status changed: ACTIVE => RESIZE in 0.1549081802368164
2019-12-18 02:59:23.050 22237 RALLYDEBUG rally.task.utils [-] Waiting for resource s_rally_ac23202a_iY7XFZDf. Status changed: ACTIVE => RESIZE in 0.30924153327941895
2019-12-18 02:59:38.777 22237 RALLYDEBUG rally.task.utils [-] Waiting for resource s_rally_ac23202a_iY7XFZDf. Status changed: RESIZE => VERIFY_RESIZE in 15.727147579193115
2019-12-18 02:59:39.206 22237 RALLYDEBUG rally.task.utils [-] Waiting for resource s_rally_ac23202a_iY7XFZDf. Status changed: ACTIVE => VERIFY_RESIZE in 0.3642277717590332
2019-12-18 02:59:41.365 22237 RALLYDEBUG rally.task.utils [-] Waiting for resource s_rally_ac23202a_iY7XFZDf. Status changed: VERIFY_RESIZE => ACTIVE in 2.1593449115753174
2019-12-18 02:59:42.225 22235 RALLYDEBUG rally.task.utils [-] Waiting for resource s_rally_ac23202a_VI7F5cWp. Status changed: RESIZE => VERIFY_RESIZE in 20.7992844581604
2019-12-18 02:59:42.454 22235 RALLYDEBUG rally.task.utils [-] Waiting for resource s_rally_ac23202a_VI7F5cWp. Status changed: ACTIVE => VERIFY_RESIZE in 0.15743803977966309
2019-12-18 02:59:42.461 22236 RALLYDEBUG rally.task.utils [-] Waiting for resource s_rally_ac23202a_reXqlwwr. Status changed: RESIZE => VERIFY_RESIZE in 21.194655895233154
2019-12-18 02:59:42.757 22236 RALLYDEBUG rally.task.utils [-] Waiting for resource s_rally_ac23202a_reXqlwwr. Status changed: ACTIVE => VERIFY_RESIZE in 0.21645498275756836
2019-12-18 02:59:43.850 22237 INFO rally.task.runner [-] Task c708e019-2db7-43ad-b3c8-d031aba2ba2e | ITER: 3 END: OK
2019-12-18 02:59:43.857 22237 INFO rally.task.runner [-] Task c708e019-2db7-43ad-b3c8-d031aba2ba2e | ITER: 5 START
2019-12-18 02:59:43.949 22240 RALLYDEBUG rally.task.utils [-] Waiting for resource s_rally_ac23202a_nBGXgtZB. Status changed: RESIZE => VERIFY_RESIZE in 21.037789344787598
2019-12-18 02:59:44.211 22240 RALLYDEBUG rally.task.utils [-] Waiting for resource s_rally_ac23202a_nBGXgtZB. Status changed: ACTIVE => VERIFY_RESIZE in 0.19066429138183594
2019-12-18 02:59:44.658 22235 RALLYDEBUG rally.task.utils [-] Waiting for resource s_rally_ac23202a_VI7F5cWp. Status changed: VERIFY_RESIZE => ACTIVE in 2.2039377689361572
2019-12-18 02:59:44.921 22236 RALLYDEBUG rally.task.utils [-] Waiting for resource s_rally_ac23202a_reXqlwwr. Status changed: VERIFY_RESIZE => ACTIVE in 2.1631553173065186
2019-12-18 02:59:46.376 22240 RALLYDEBUG rally.task.utils [-] Waiting for resource s_rally_ac23202a_nBGXgtZB. Status changed: VERIFY_RESIZE => ACTIVE in 2.1648316383361816
2019-12-18 02:59:47.005 22235 INFO rally.task.runner [-] Task c708e019-2db7-43ad-b3c8-d031aba2ba2e | ITER: 1 END: OK
2019-12-18 02:59:47.011 22235 INFO rally.task.runner [-] Task c708e019-2db7-43ad-b3c8-d031aba2ba2e | ITER: 6 START
2019-12-18 02:59:47.304 22236 INFO rally.task.runner [-] Task c708e019-2db7-43ad-b3c8-d031aba2ba2e | ITER: 2 END: OK
2019-12-18 02:59:47.312 22236 INFO rally.task.runner [-] Task c708e019-2db7-43ad-b3c8-d031aba2ba2e | ITER: 7 START
2019-12-18 02:59:48.963 22240 INFO rally.task.runner [-] Task c708e019-2db7-43ad-b3c8-d031aba2ba2e | ITER: 4 END: OK
2019-12-18 02:59:48.969 22240 INFO rally.task.runner [-] Task c708e019-2db7-43ad-b3c8-d031aba2ba2e | ITER: 8 START
2019-12-18 02:59:50.844 22237 RALLYDEBUG rally.task.utils [-] Waiting for resource s_rally_ac23202a_uOTYbPpL. Status changed: BUILD => ACTIVE in 4.562609434127808
2019-12-18 02:59:51.942 22237 RALLYDEBUG rally.task.utils [-] Waiting for resource s_rally_ac23202a_uOTYbPpL. Status changed: ACTIVE => RESIZE in 0.20053386688232422
2019-12-18 02:59:53.842 22235 RALLYDEBUG rally.task.utils [-] Waiting for resource s_rally_ac23202a_j8fLOEeW. Status changed: BUILD => ACTIVE in 4.64746618270874
2019-12-18 02:59:54.180 22236 RALLYDEBUG rally.task.utils [-] Waiting for resource s_rally_ac23202a_XiNOCP5T. Status changed: BUILD => ACTIVE in 4.787386417388916
2019-12-18 02:59:55.053 22235 RALLYDEBUG rally.task.utils [-] Waiting for resource s_rally_ac23202a_j8fLOEeW. Status changed: ACTIVE => RESIZE in 0.2616109848022461
2019-12-18 02:59:55.301 22236 RALLYDEBUG rally.task.utils [-] Waiting for resource s_rally_ac23202a_XiNOCP5T. Status changed: ACTIVE => RESIZE in 0.2471785545349121
2019-12-18 02:59:56.234 22240 RALLYDEBUG rally.task.utils [-] Waiting for resource s_rally_ac23202a_JMVuAx8t. Status changed: BUILD => ACTIVE in 5.097269058227539
2019-12-18 02:59:57.583 22240 RALLYDEBUG rally.task.utils [-] Waiting for resource s_rally_ac23202a_JMVuAx8t. Status changed: ACTIVE => RESIZE in 0.3538327217102051
2019-12-18 03:00:12.961 22237 RALLYDEBUG rally.task.utils [-] Waiting for resource s_rally_ac23202a_uOTYbPpL. Status changed: RESIZE => VERIFY_RESIZE in 21.018032550811768
2019-12-18 03:00:13.218 22237 RALLYDEBUG rally.task.utils [-] Waiting for resource s_rally_ac23202a_uOTYbPpL. Status changed: ACTIVE => VERIFY_RESIZE in 0.1923532485961914
2019-12-18 03:00:15.411 22237 RALLYDEBUG rally.task.utils [-] Waiting for resource s_rally_ac23202a_uOTYbPpL. Status changed: VERIFY_RESIZE => ACTIVE in 2.193108558654785
2019-12-18 03:00:16.068 22235 RALLYDEBUG rally.task.utils [-] Waiting for resource s_rally_ac23202a_j8fLOEeW. Status changed: RESIZE => VERIFY_RESIZE in 21.014488220214844
2019-12-18 03:00:16.308 22235 RALLYDEBUG rally.task.utils [-] Waiting for resource s_rally_ac23202a_j8fLOEeW. Status changed: ACTIVE => VERIFY_RESIZE in 0.16569185256958008
2019-12-18 03:00:17.761 22237 INFO rally.task.runner [-] Task c708e019-2db7-43ad-b3c8-d031aba2ba2e | ITER: 5 END: OK
2019-12-18 03:00:17.765 22237 INFO rally.task.runner [-] Task c708e019-2db7-43ad-b3c8-d031aba2ba2e | ITER: 9 START
2019-12-18 03:00:18.361 22240 RALLYDEBUG rally.task.utils [-] Waiting for resource s_rally_ac23202a_JMVuAx8t. Status changed: RESIZE => VERIFY_RESIZE in 20.778141736984253
2019-12-18 03:00:18.464 22235 RALLYDEBUG rally.task.utils [-] Waiting for resource s_rally_ac23202a_j8fLOEeW. Status changed: VERIFY_RESIZE => ACTIVE in 2.1560747623443604
2019-12-18 03:00:18.621 22240 RALLYDEBUG rally.task.utils [-] Waiting for resource s_rally_ac23202a_JMVuAx8t. Status changed: ACTIVE => VERIFY_RESIZE in 0.19488239288330078
2019-12-18 03:00:20.789 22240 RALLYDEBUG rally.task.utils [-] Waiting for resource s_rally_ac23202a_JMVuAx8t. Status changed: VERIFY_RESIZE => ACTIVE in 2.167445659637451
2019-12-18 03:00:20.838 22235 INFO rally.task.runner [-] Task c708e019-2db7-43ad-b3c8-d031aba2ba2e | ITER: 6 END: OK
2019-12-18 03:00:20.842 22235 INFO rally.task.runner [-] Task c708e019-2db7-43ad-b3c8-d031aba2ba2e | ITER: 10 START
2019-12-18 03:00:23.169 22240 INFO rally.task.runner [-] Task c708e019-2db7-43ad-b3c8-d031aba2ba2e | ITER: 8 END: OK
2019-12-18 03:00:24.570 22237 RALLYDEBUG rally.task.utils [-] Waiting for resource s_rally_ac23202a_oGFiiGkq. Status changed: BUILD => ACTIVE in 4.53456711769104
2019-12-18 03:00:25.785 22237 RALLYDEBUG rally.task.utils [-] Waiting for resource s_rally_ac23202a_oGFiiGkq. Status changed: ACTIVE => RESIZE in 0.2442021369934082
2019-12-18 03:00:27.871 22235 RALLYDEBUG rally.task.utils [-] Waiting for resource s_rally_ac23202a_3nc0kzR3. Status changed: BUILD => ACTIVE in 4.790152549743652
2019-12-18 03:00:29.008 22235 RALLYDEBUG rally.task.utils [-] Waiting for resource s_rally_ac23202a_3nc0kzR3. Status changed: ACTIVE => RESIZE in 0.2145094871520996
2019-12-18 03:00:37.232 22236 RALLYDEBUG rally.task.utils [-] Waiting for resource s_rally_ac23202a_XiNOCP5T. Status changed: RESIZE => VERIFY_RESIZE in 41.930543422698975
2019-12-18 03:00:37.462 22236 RALLYDEBUG rally.task.utils [-] Waiting for resource s_rally_ac23202a_XiNOCP5T. Status changed: ACTIVE => VERIFY_RESIZE in 0.15895366668701172
2019-12-18 03:00:39.625 22236 RALLYDEBUG rally.task.utils [-] Waiting for resource s_rally_ac23202a_XiNOCP5T. Status changed: VERIFY_RESIZE => ACTIVE in 2.163254976272583
2019-12-18 03:00:41.961 22236 INFO rally.task.runner [-] Task c708e019-2db7-43ad-b3c8-d031aba2ba2e | ITER: 7 END: OK
2019-12-18 03:00:44.917 22235 RALLYDEBUG rally.task.utils [-] Waiting for resource s_rally_ac23202a_3nc0kzR3. Status changed: RESIZE => VERIFY_RESIZE in 15.908429622650146
2019-12-18 03:00:45.187 22235 RALLYDEBUG rally.task.utils [-] Waiting for resource s_rally_ac23202a_3nc0kzR3. Status changed: ACTIVE => VERIFY_RESIZE in 0.2061009407043457
2019-12-18 03:00:46.656 22237 RALLYDEBUG rally.task.utils [-] Waiting for resource s_rally_ac23202a_oGFiiGkq. Status changed: RESIZE => VERIFY_RESIZE in 20.871628046035767
2019-12-18 03:00:46.980 22237 RALLYDEBUG rally.task.utils [-] Waiting for resource s_rally_ac23202a_oGFiiGkq. Status changed: ACTIVE => VERIFY_RESIZE in 0.2529468536376953
2019-12-18 03:00:47.468 22235 RALLYDEBUG rally.task.utils [-] Waiting for resource s_rally_ac23202a_3nc0kzR3. Status changed: VERIFY_RESIZE => ACTIVE in 2.2816905975341797
2019-12-18 03:00:49.202 22237 RALLYDEBUG rally.task.utils [-] Waiting for resource s_rally_ac23202a_oGFiiGkq. Status changed: VERIFY_RESIZE => ACTIVE in 2.221587657928467
2019-12-18 03:00:49.803 22235 INFO rally.task.runner [-] Task c708e019-2db7-43ad-b3c8-d031aba2ba2e | ITER: 10 END: OK
2019-12-18 03:00:51.570 22237 INFO rally.task.runner [-] Task c708e019-2db7-43ad-b3c8-d031aba2ba2e | ITER: 9 END: OK
2019-12-18 03:00:51.598 20411 INFO rally.task.context [-] Task c708e019-2db7-43ad-b3c8-d031aba2ba2e | Context cleanup@openstack cleanup() started
2019-12-18 03:00:51.602 20411 RALLYDEBUG rally_openstack.cleanup.manager [-] Cleaning up nova servers objects
2019-12-18 03:00:53.055 20411 RALLYDEBUG rally_openstack.cleanup.manager [-] Cleaning up nova server_groups objects
2019-12-18 03:00:54.230 20411 RALLYDEBUG rally_openstack.cleanup.manager [-] Cleaning up nova keypairs objects
2019-12-18 03:00:56.644 20411 INFO rally.task.context [-] Task c708e019-2db7-43ad-b3c8-d031aba2ba2e | Context cleanup@openstack cleanup() finished in 5.05 sec
2019-12-18 03:00:56.645 20411 INFO rally.task.context [-] Task c708e019-2db7-43ad-b3c8-d031aba2ba2e | Context users@openstack cleanup() started
2019-12-18 03:01:00.845 20411 INFO rally.task.context [-] Task c708e019-2db7-43ad-b3c8-d031aba2ba2e | Context users@openstack cleanup() finished in 4.20 sec
2019-12-18 03:01:01.390 20411 INFO rally.task.engine [-] Load duration is: 98.159044
2019-12-18 03:01:01.391 20411 INFO rally.task.engine [-] Full runner duration is: 99.208088
2019-12-18 03:01:01.391 20411 INFO rally.task.engine [-] Full duration is: 111.922334
2019-12-18 03:01:01.729 20411 INFO rally.task.engine [-] Running workload: position = 0 config = { "version": 2, "title": "A cropped version of a bigger task.", "description": "Auto-generated task from a single workload (uuid=fda9fc3a-6941-46f5-ae14-ace6e99a960e)", "subtasks": [ { "title": "NovaServers.boot_and_live_migrate_server", "description": "Live Migrate a server.", "scenario": { "NovaServers.boot_and_live_migrate_server": { "flavor": { "name": "rally_full-flavor_82abc6db-4b93-46af-8703-7548ccee80b4" }, "image": { "name": "rally_full-img_82abc6db-4b93-46af-8703-7548ccee80b4" }, "block_migration": false, "nics": [ { "net-id": "a2e4e6ce-5607-4f93-b98b-e192ed4c6f67" } ] } }, "contexts": { "users": { "tenants": 3, "users_per_tenant": 2 } }, "runner": { "constant": { "concurrency": 4, "times": 10 } }, "hooks": [], "sla": { "failure_rate": { "max": 0 } } } ] }
2019-12-18 03:01:01.752 20411 RALLYDEBUG rally_openstack.contexts.keystone.users [-] Creating 3 tenants using 20 threads
2019-12-18 03:01:02.708 20411 RALLYDEBUG rally_openstack.contexts.keystone.users [-] Creating 6 users using 20 threads
2019-12-18 03:01:04.372 20411 INFO rally.task.context [-] Task c708e019-2db7-43ad-b3c8-d031aba2ba2e | Context users@openstack setup() finished in 2.62 sec
2019-12-18 03:01:04.373 20411 INFO rally.task.context [-] Task c708e019-2db7-43ad-b3c8-d031aba2ba2e | Context cleanup@openstack setup() finished in 0.01 msec
2019-12-18 03:01:05.392 20411 RALLYDEBUG rally.task.runner [-] Starting the constant runner (task UUID: c708e019-2db7-43ad-b3c8-d031aba2ba2e). times: 10 concurrency: 4 timeout: 0 max_cpu_used: 16 processes_to_start: 4 concurrency_per_worker: 1 concurrency_overhead: 0
2019-12-18 03:01:05.404 22399 RALLYDEBUG rally.task.runner [-] Starting a worker. times: 10 duration: None concurrency: 1 timeout: 0 cls: method_name: run args: {"flavor": "c3ced0cb-30ea-448e-8a52-6953d615bc6c", "image": "48bf0efe-01ba-4643-8231-99113ba84e63", "block_migration": false, "nics": [{"net-id": "a2e4e6ce-5607-4f93-b98b-e192ed4c6f67"}]}
2019-12-18 03:01:05.408 22400 RALLYDEBUG rally.task.runner [-] Starting a worker. times: 10 duration: None concurrency: 1 timeout: 0 cls: method_name: run args: {"flavor": "c3ced0cb-30ea-448e-8a52-6953d615bc6c", "image": "48bf0efe-01ba-4643-8231-99113ba84e63", "block_migration": false, "nics": [{"net-id": "a2e4e6ce-5607-4f93-b98b-e192ed4c6f67"}]}
2019-12-18 03:01:05.411 22399 INFO rally.task.runner [-] Task c708e019-2db7-43ad-b3c8-d031aba2ba2e | ITER: 1 START
2019-12-18 03:01:05.412 22401 RALLYDEBUG rally.task.runner [-] Starting a worker. times: 10 duration: None concurrency: 1 timeout: 0 cls: method_name: run args: {"flavor": "c3ced0cb-30ea-448e-8a52-6953d615bc6c", "image": "48bf0efe-01ba-4643-8231-99113ba84e63", "block_migration": false, "nics": [{"net-id": "a2e4e6ce-5607-4f93-b98b-e192ed4c6f67"}]}
2019-12-18 03:01:05.414 22400 INFO rally.task.runner [-] Task c708e019-2db7-43ad-b3c8-d031aba2ba2e | ITER: 2 START
2019-12-18 03:01:05.416 22404 RALLYDEBUG rally.task.runner [-] Starting a worker. times: 10 duration: None concurrency: 1 timeout: 0 cls: method_name: run args: {"flavor": "c3ced0cb-30ea-448e-8a52-6953d615bc6c", "image": "48bf0efe-01ba-4643-8231-99113ba84e63", "block_migration": false, "nics": [{"net-id": "a2e4e6ce-5607-4f93-b98b-e192ed4c6f67"}]}
2019-12-18 03:01:05.419 22401 INFO rally.task.runner [-] Task c708e019-2db7-43ad-b3c8-d031aba2ba2e | ITER: 3 START
2019-12-18 03:01:05.422 22404 INFO rally.task.runner [-] Task c708e019-2db7-43ad-b3c8-d031aba2ba2e | ITER: 4 START
2019-12-18 03:01:12.457 22404 RALLYDEBUG rally.task.utils [-] Waiting for resource s_rally_fda9fc3a_SpgaEuc2. Status changed: BUILD => ACTIVE in 4.607420444488525
2019-12-18 03:01:12.813 22401 RALLYDEBUG rally.task.utils [-] Waiting for resource s_rally_fda9fc3a_7dtOaYi0. Status changed: BUILD => ACTIVE in 4.914021968841553
2019-12-18 03:01:14.551 22399 RALLYDEBUG rally.task.utils [-] Waiting for resource s_rally_fda9fc3a_RKW5pwtY. Status changed: BUILD => ACTIVE in 6.726379871368408
2019-12-18 03:01:14.997 22400 RALLYDEBUG rally.task.utils [-] Waiting for resource s_rally_fda9fc3a_wztIqR8G. Status changed: BUILD => ACTIVE in 7.024430513381958
2019-12-18 03:01:15.463 22404 RALLYDEBUG rally.task.utils [-] Waiting for resource s_rally_fda9fc3a_SpgaEuc2. Status changed: ACTIVE => MIGRATING in 0.1964552402496338
