2019-12-18 01:51:34.064 3235 RALLYDEBUG rally.task.utils [-] Waiting for resource s_rally_caf8df1d_sjx2nmNO. Status changed: AVAILABLE => DELETING in 0.05622220039367676
2019-12-18 01:51:34.146 3233 RALLYDEBUG rally.task.utils [-] Waiting for resource s_rally_caf8df1d_USYDddCs. Status changed: AVAILABLE => DELETING in 0.05312657356262207
2019-12-18 01:51:34.192 3237 RALLYDEBUG rally.task.utils [-] Waiting for resource s_rally_caf8df1d_F9sBobS6. Status changed: AVAILABLE => DETACHING in 0.4172332286834717
2019-12-18 01:51:34.402 3234 RALLYDEBUG rally.task.utils [-] Waiting for resource s_rally_caf8df1d_V0r8JazZ. Status changed: DETACHING => AVAILABLE in 2.4435956478118896
2019-12-18 01:51:34.524 3234 RALLYDEBUG rally.task.utils [-] Waiting for resource s_rally_caf8df1d_Ls1hVPhY. Status changed: AVAILABLE => DELETING in 0.029324769973754883
2019-12-18 01:51:36.616 3237 RALLYDEBUG rally.task.utils [-] Waiting for resource s_rally_caf8df1d_F9sBobS6. Status changed: DETACHING => AVAILABLE in 2.424639940261841
2019-12-18 01:51:36.671 3234 RALLYDEBUG rally.task.utils [-] Waiting for resource s_rally_caf8df1d_V0r8JazZ. Status changed: AVAILABLE => DELETING in 0.05576491355895996
2019-12-18 01:51:36.724 3237 RALLYDEBUG rally.task.utils [-] Waiting for resource s_rally_caf8df1d_9WLWojsq. Status changed: AVAILABLE => DELETING in 0.028680801391601562
2019-12-18 01:51:38.579 3235 INFO rally.task.runner [-] Task b94de6b8-2756-4398-b260-951ee1543e30 | ITER: 6 END: OK
2019-12-18 01:51:38.582 3235 INFO rally.task.runner [-] Task b94de6b8-2756-4398-b260-951ee1543e30 | ITER: 9 START
2019-12-18 01:51:38.656 3233 INFO rally.task.runner [-] Task b94de6b8-2756-4398-b260-951ee1543e30 | ITER: 5 END: OK
2019-12-18 01:51:38.660 3233 INFO rally.task.runner [-] Task b94de6b8-2756-4398-b260-951ee1543e30 | ITER: 10 START
2019-12-18 01:51:38.875 3237 RALLYDEBUG rally.task.utils [-] Waiting for resource s_rally_caf8df1d_F9sBobS6. Status changed: AVAILABLE => DELETING in 0.05398416519165039
2019-12-18 01:51:41.053 3234 INFO rally.task.runner [-] Task b94de6b8-2756-4398-b260-951ee1543e30 | ITER: 7 END: OK
2019-12-18 01:51:43.334 3237 INFO rally.task.runner [-] Task b94de6b8-2756-4398-b260-951ee1543e30 | ITER: 8 END: OK
2019-12-18 01:51:50.074 3233 RALLYDEBUG rally.task.utils [-] Waiting for resource s_rally_caf8df1d_nEuXdCTT. Status changed: BUILD => ACTIVE in 4.6440911293029785
2019-12-18 01:51:50.167 3235 RALLYDEBUG rally.task.utils [-] Waiting for resource s_rally_caf8df1d_jJDEwD31. Status changed: BUILD => ACTIVE in 4.575058460235596
2019-12-18 01:51:50.798 3233 RALLYDEBUG rally.task.utils [-] Waiting for resource s_rally_caf8df1d_dL0bCwXF. Status changed: AVAILABLE => RESERVED in 0.4173924922943115
2019-12-18 01:51:50.874 3235 RALLYDEBUG rally.task.utils [-] Waiting for resource s_rally_caf8df1d_zYiUJ7Sm. Status changed: AVAILABLE => RESERVED in 0.4038126468658447
2019-12-18 01:51:53.230 3233 RALLYDEBUG rally.task.utils [-] Waiting for resource s_rally_caf8df1d_dL0bCwXF. Status changed: RESERVED => IN-USE in 2.432526111602783
2019-12-18 01:51:53.300 3235 RALLYDEBUG rally.task.utils [-] Waiting for resource s_rally_caf8df1d_zYiUJ7Sm. Status changed: RESERVED => IN-USE in 2.4263267517089844
2019-12-18 01:51:53.813 3233 RALLYDEBUG rally.task.utils [-] Waiting for resource s_rally_caf8df1d_dL0bCwXF. Status changed: AVAILABLE => DETACHING in 0.40943050384521484
2019-12-18 01:51:53.902 3235 RALLYDEBUG rally.task.utils [-] Waiting for resource s_rally_caf8df1d_zYiUJ7Sm. Status changed: AVAILABLE => DETACHING in 0.4206376075744629
2019-12-18 01:51:56.240 3233 RALLYDEBUG rally.task.utils [-] Waiting for resource s_rally_caf8df1d_dL0bCwXF. Status changed: DETACHING => AVAILABLE in 2.4270153045654297
2019-12-18 01:51:56.315 3235 RALLYDEBUG rally.task.utils [-] Waiting for resource s_rally_caf8df1d_zYiUJ7Sm. Status changed: DETACHING => AVAILABLE in 2.4123802185058594
2019-12-18 01:51:56.338 3233 RALLYDEBUG rally.task.utils [-] Waiting for resource s_rally_caf8df1d_fbDrg1uV. Status changed: AVAILABLE => DELETING in 0.028580427169799805
2019-12-18 01:51:56.404 3235 RALLYDEBUG rally.task.utils [-] Waiting for resource s_rally_caf8df1d_zfZOpJBD. Status changed: AVAILABLE => DELETING in 0.02570486068725586
2019-12-18 01:51:58.513 3233 RALLYDEBUG rally.task.utils [-] Waiting for resource s_rally_caf8df1d_dL0bCwXF. Status changed: AVAILABLE => DELETING in 0.08033156394958496
2019-12-18 01:51:58.566 3235 RALLYDEBUG rally.task.utils [-] Waiting for resource s_rally_caf8df1d_zYiUJ7Sm. Status changed: AVAILABLE => DELETING in 0.07006144523620605
2019-12-18 01:52:02.941 3233 INFO rally.task.runner [-] Task b94de6b8-2756-4398-b260-951ee1543e30 | ITER: 10 END: OK
2019-12-18 01:52:02.950 3235 INFO rally.task.runner [-] Task b94de6b8-2756-4398-b260-951ee1543e30 | ITER: 9 END: OK
2019-12-18 01:52:02.981 1845 INFO rally.task.context [-] Task b94de6b8-2756-4398-b260-951ee1543e30 | Context cleanup@openstack cleanup() started
2019-12-18 01:52:02.986 1845 RALLYDEBUG rally_openstack.cleanup.manager [-] Cleaning up nova servers objects
2019-12-18 01:52:04.415 1845 RALLYDEBUG rally_openstack.cleanup.manager [-] Cleaning up nova server_groups objects
2019-12-18 01:52:05.560 1845 RALLYDEBUG rally_openstack.cleanup.manager [-] Cleaning up nova keypairs objects
2019-12-18 01:52:08.090 1845 RALLYDEBUG rally_openstack.cleanup.manager [-] Cleaning up cinder backups objects
2019-12-18 01:52:09.297 1845 RALLYDEBUG rally_openstack.cleanup.manager [-] Cleaning up cinder volume_snapshots objects
2019-12-18 01:52:10.460 1845 RALLYDEBUG rally_openstack.cleanup.manager [-] Cleaning up cinder transfers objects
2019-12-18 01:52:11.585 1845 RALLYDEBUG rally_openstack.cleanup.manager [-] Cleaning up cinder volumes objects
2019-12-18 01:52:12.779 1845 INFO rally.task.context [-] Task b94de6b8-2756-4398-b260-951ee1543e30 | Context cleanup@openstack cleanup() finished in 9.80 sec
2019-12-18 01:52:12.780 1845 INFO rally.task.context [-] Task b94de6b8-2756-4398-b260-951ee1543e30 | Context quotas@openstack cleanup() started
2019-12-18 01:52:12.863 1845 INFO rally.task.context [-] Task b94de6b8-2756-4398-b260-951ee1543e30 | Context quotas@openstack cleanup() finished in 83.27 msec
2019-12-18 01:52:12.863 1845 INFO rally.task.context [-] Task b94de6b8-2756-4398-b260-951ee1543e30 | Context api_versions@openstack cleanup() started
2019-12-18 01:52:12.864 1845 INFO rally.task.context [-] Task b94de6b8-2756-4398-b260-951ee1543e30 | Context api_versions@openstack cleanup() finished in 0.36 msec
2019-12-18 01:52:12.864 1845 INFO rally.task.context [-] Task b94de6b8-2756-4398-b260-951ee1543e30 | Context users@openstack cleanup() started
2019-12-18 01:52:17.084 1845 INFO rally.task.context [-] Task b94de6b8-2756-4398-b260-951ee1543e30 | Context users@openstack cleanup() finished in 4.22 sec
2019-12-18 01:52:17.212 1845 INFO rally.task.engine [-] Load duration is: 72.152028
2019-12-18 01:52:17.212 1845 INFO rally.task.engine [-] Full runner duration is: 73.207817
2019-12-18 01:52:17.213 1845 INFO rally.task.engine [-] Full duration is: 92.296083
2019-12-18 01:52:17.547 1845 INFO rally.task.engine [-] Running workload: position = 0 config = { "version": 2, "title": "A cropped version of a bigger task.", "description": "Auto-generated task from a single workload (uuid=c21bfabe-1889-46f2-b0ac-22e7211b8be4)", "subtasks": [ { "title": "CinderVolumes.create_volume", "description": "Create a volume.", "scenario": { "CinderVolumes.create_volume": { "size": 1 } }, "contexts": { "users": { "tenants": 3, "users_per_tenant": 2 }, "api_versions": { "cinder": { "version": 3, "service_type": "volumev3" } } }, "runner": { "constant": { "concurrency": 4, "times": 10 } }, "hooks": [], "sla": { "failure_rate": { "max": 0 } } } ] }
2019-12-18 01:52:17.571 1845 RALLYDEBUG rally_openstack.contexts.keystone.users [-] Creating 3 tenants using 20 threads
2019-12-18 01:52:18.605 1845 RALLYDEBUG rally_openstack.contexts.keystone.users [-] Creating 6 users using 20 threads
2019-12-18 01:52:20.137 1845 INFO rally.task.context [-] Task b94de6b8-2756-4398-b260-951ee1543e30 | Context users@openstack setup() finished in 2.57 sec
2019-12-18 01:52:20.552 1845 INFO rally.task.context [-] Task b94de6b8-2756-4398-b260-951ee1543e30 | Context api_versions@openstack setup() finished in 0.41 sec
2019-12-18 01:52:20.553 1845 INFO rally.task.context [-] Task b94de6b8-2756-4398-b260-951ee1543e30 | Context cleanup@openstack setup() finished in 0.02 msec
2019-12-18 01:52:20.561 1845 RALLYDEBUG rally.task.runner [-] Starting the constant runner (task UUID: b94de6b8-2756-4398-b260-951ee1543e30). times: 10 concurrency: 4 timeout: 0 max_cpu_used: 16 processes_to_start: 4 concurrency_per_worker: 1 concurrency_overhead: 0
2019-12-18 01:52:20.573 3477 RALLYDEBUG rally.task.runner [-] Starting a worker. times: 10 duration: None concurrency: 1 timeout: 0 cls: method_name: run args: {"size": 1}
2019-12-18 01:52:20.577 3478 RALLYDEBUG rally.task.runner [-] Starting a worker. times: 10 duration: None concurrency: 1 timeout: 0 cls: method_name: run args: {"size": 1}
2019-12-18 01:52:20.580 3477 INFO rally.task.runner [-] Task b94de6b8-2756-4398-b260-951ee1543e30 | ITER: 1 START
2019-12-18 01:52:20.580 3479 RALLYDEBUG rally.task.runner [-] Starting a worker. times: 10 duration: None concurrency: 1 timeout: 0 cls: method_name: run args: {"size": 1}
2019-12-18 01:52:20.583 3481 RALLYDEBUG rally.task.runner [-] Starting a worker. times: 10 duration: None concurrency: 1 timeout: 0 cls: method_name: run args: {"size": 1}
2019-12-18 01:52:20.584 3478 INFO rally.task.runner [-] Task b94de6b8-2756-4398-b260-951ee1543e30 | ITER: 2 START
2019-12-18 01:52:20.587 3479 INFO rally.task.runner [-] Task b94de6b8-2756-4398-b260-951ee1543e30 | ITER: 3 START
2019-12-18 01:52:20.590 3481 INFO rally.task.runner [-] Task b94de6b8-2756-4398-b260-951ee1543e30 | ITER: 4 START
2019-12-18 01:52:23.328 3481 INFO rally.task.runner [-] Task b94de6b8-2756-4398-b260-951ee1543e30 | ITER: 4 END: OK
2019-12-18 01:52:23.333 3481 INFO rally.task.runner [-] Task b94de6b8-2756-4398-b260-951ee1543e30 | ITER: 5 START
2019-12-18 01:52:23.342 3479 INFO rally.task.runner [-] Task b94de6b8-2756-4398-b260-951ee1543e30 | ITER: 3 END: OK
2019-12-18 01:52:23.347 3479 INFO rally.task.runner [-] Task b94de6b8-2756-4398-b260-951ee1543e30 | ITER: 6 START
2019-12-18 01:52:23.391 3477 INFO rally.task.runner [-] Task b94de6b8-2756-4398-b260-951ee1543e30 | ITER: 1 END: OK
2019-12-18 01:52:23.396 3477 INFO rally.task.runner [-] Task b94de6b8-2756-4398-b260-951ee1543e30 | ITER: 7 START
2019-12-18 01:52:23.397 3478 INFO rally.task.runner [-] Task b94de6b8-2756-4398-b260-951ee1543e30 | ITER: 2 END: OK
2019-12-18 01:52:23.401 3478 INFO rally.task.runner [-] Task b94de6b8-2756-4398-b260-951ee1543e30 | ITER: 8 START
2019-12-18 01:52:26.069 3477 INFO rally.task.runner [-] Task b94de6b8-2756-4398-b260-951ee1543e30 | ITER: 7 END: OK
2019-12-18 01:52:26.073 3477 INFO rally.task.runner [-] Task b94de6b8-2756-4398-b260-951ee1543e30 | ITER: 9 START
2019-12-18 01:52:26.073 3478 INFO rally.task.runner [-] Task b94de6b8-2756-4398-b260-951ee1543e30 | ITER: 8 END: OK
2019-12-18 01:52:26.079 3478 INFO rally.task.runner [-] Task b94de6b8-2756-4398-b260-951ee1543e30 | ITER: 10 START
2019-12-18 01:52:26.095 3481 INFO rally.task.runner [-] Task b94de6b8-2756-4398-b260-951ee1543e30 | ITER: 5 END: OK
2019-12-18 01:52:26.150 3479 INFO rally.task.runner [-] Task b94de6b8-2756-4398-b260-951ee1543e30 | ITER: 6 END: OK
2019-12-18 01:52:28.768 3477 INFO rally.task.runner [-] Task b94de6b8-2756-4398-b260-951ee1543e30 | ITER: 9 END: OK
2019-12-18 01:52:28.886 3478 INFO rally.task.runner [-] Task b94de6b8-2756-4398-b260-951ee1543e30 | ITER: 10 END: OK
2019-12-18 01:52:28.911 1845 INFO rally.task.context [-] Task b94de6b8-2756-4398-b260-951ee1543e30 | Context cleanup@openstack cleanup() started
2019-12-18 01:52:28.914 1845 RALLYDEBUG rally_openstack.cleanup.manager [-] Cleaning up cinder backups objects
2019-12-18 01:52:30.125 1845 RALLYDEBUG rally_openstack.cleanup.manager [-] Cleaning up cinder volume_snapshots objects
2019-12-18 01:52:31.301 1845 RALLYDEBUG rally_openstack.cleanup.manager [-] Cleaning up cinder transfers objects
2019-12-18 01:52:32.477 1845 RALLYDEBUG rally_openstack.cleanup.manager [-] Cleaning up cinder volumes objects
2019-12-18 01:52:33.715 1845 RALLYDEBUG rally_openstack.cleanup.manager [-] Deleting cinder.volumes object s_rally_c21bfabe_41G627DH (1912bfb4-0bf9-496f-ad79-3fad1bab7591)
2019-12-18 01:52:33.724 1845 RALLYDEBUG rally_openstack.cleanup.manager [-] Deleting cinder.volumes object s_rally_c21bfabe_TfJA7zd2 (870e65ec-c98f-4a10-92c7-07dea2a655a9)
2019-12-18 01:52:33.733 1845 RALLYDEBUG rally_openstack.cleanup.manager [-] Deleting cinder.volumes object s_rally_c21bfabe_8ObHLntk (2a0e81a2-f7ae-440c-9e07-c630ca4be6b6)
2019-12-18 01:52:33.742 1845 RALLYDEBUG rally_openstack.cleanup.manager [-] Deleting cinder.volumes object s_rally_c21bfabe_0NcPV7uq (aadf8a8c-99be-421a-b773-29e60f91c834)
2019-12-18 01:52:33.746 1845 RALLYDEBUG rally_openstack.cleanup.manager [-] Deleting cinder.volumes object s_rally_c21bfabe_pgweDbGs (577279b0-32ee-4a90-ba91-dfe187af9de3)
2019-12-18 01:52:33.754 1845 RALLYDEBUG rally_openstack.cleanup.manager [-] Deleting cinder.volumes object s_rally_c21bfabe_BL4IpVKV (7b1ddff7-841f-4bd4-911c-37005bb270a5)
2019-12-18 01:52:33.768 1845 RALLYDEBUG rally_openstack.cleanup.manager [-] Deleting cinder.volumes object s_rally_c21bfabe_FScNQFcu (3594ec98-4af3-4ce2-a41f-bd8fcbad1250)
2019-12-18 01:52:33.813 1845 RALLYDEBUG rally_openstack.cleanup.manager [-] Deleting cinder.volumes object s_rally_c21bfabe_H02ZjICV (14444d5f-5b5e-4100-afc7-29add4ae7813)
2019-12-18 01:52:33.822 1845 RALLYDEBUG rally_openstack.cleanup.manager [-] Deleting cinder.volumes object s_rally_c21bfabe_xQ8ih19c (a7bbe2a6-7704-43e7-992c-f6f4599c1fc0)
2019-12-18 01:52:33.828 1845 RALLYDEBUG rally_openstack.cleanup.manager [-] Deleting cinder.volumes object s_rally_c21bfabe_TvStr8dY (06b0dbee-bf2c-4087-b578-d0fd73e0b45b)
2019-12-18 01:52:37.495 1845 INFO rally.task.context [-] Task b94de6b8-2756-4398-b260-951ee1543e30 | Context cleanup@openstack cleanup() finished in 8.58 sec
2019-12-18 01:52:37.496 1845 INFO rally.task.context [-] Task b94de6b8-2756-4398-b260-951ee1543e30 | Context api_versions@openstack cleanup() started
2019-12-18 01:52:37.496 1845 INFO rally.task.context [-] Task b94de6b8-2756-4398-b260-951ee1543e30 | Context api_versions@openstack cleanup() finished in 0.42 msec
2019-12-18 01:52:37.497 1845 INFO rally.task.context [-] Task b94de6b8-2756-4398-b260-951ee1543e30 | Context users@openstack cleanup() started
2019-12-18 01:52:41.807 1845 INFO rally.task.context [-] Task b94de6b8-2756-4398-b260-951ee1543e30 | Context users@openstack cleanup() finished in 4.31 sec
2019-12-18 01:52:43.713 1845 INFO rally.task.engine [-] Load duration is: 8.301917
2019-12-18 01:52:43.714 1845 INFO rally.task.engine [-] Full runner duration is: 8.350016
2019-12-18 01:52:43.714 1845 INFO rally.task.engine [-] Full duration is: 24.237927
2019-12-18 01:52:43.942 1845 INFO rally.task.engine [-] Running workload: position = 1 config = { "version": 2, "title": "A cropped version of a bigger task.", "description": "Auto-generated task from a single workload (uuid=d678e9d2-9fce-4d57-90b1-1e893a22905e)", "subtasks": [ { "title": "CinderVolumes.create_volume", "description": "Create a volume.", "scenario": { "CinderVolumes.create_volume": { "size": { "min": 1, "max": 1 } } }, "contexts": { "users": { "tenants": 3, "users_per_tenant": 2 }, "quotas": { "cinder": { "gigabytes": -1, "snapshots": -1, "volumes": -1 } }, "api_versions": { "cinder": { "version": 3, "service_type": "volumev3" } } }, "runner": { "constant": { "concurrency": 4, "times": 10 } }, "hooks": [], "sla": { "failure_rate": { "max": 0 } } } ] }
2019-12-18 01:52:43.967 1845 RALLYDEBUG rally_openstack.contexts.keystone.users [-] Creating 3 tenants using 20 threads
2019-12-18 01:52:45.012 1845 RALLYDEBUG rally_openstack.contexts.keystone.users [-] Creating 6 users using 20 threads
2019-12-18 01:52:46.619 1845 INFO rally.task.context [-] Task b94de6b8-2756-4398-b260-951ee1543e30 | Context users@openstack setup() finished in 2.65 sec
2019-12-18 01:52:47.026 1845 INFO rally.task.context [-] Task b94de6b8-2756-4398-b260-951ee1543e30 | Context api_versions@openstack setup() finished in 0.41 sec
2019-12-18 01:52:47.924 1845 INFO rally.task.context [-] Task b94de6b8-2756-4398-b260-951ee1543e30 | Context quotas@openstack setup() finished in 0.90 sec
2019-12-18 01:52:47.924 1845 INFO rally.task.context [-] Task b94de6b8-2756-4398-b260-951ee1543e30 | Context cleanup@openstack setup() finished in 0.03 msec
2019-12-18 01:52:47.933 1845 RALLYDEBUG rally.task.runner [-] Starting the constant runner (task UUID: b94de6b8-2756-4398-b260-951ee1543e30). times: 10 concurrency: 4 timeout: 0 max_cpu_used: 16 processes_to_start: 4 concurrency_per_worker: 1 concurrency_overhead: 0
2019-12-18 01:52:47.945 3661 RALLYDEBUG rally.task.runner [-] Starting a worker. times: 10 duration: None concurrency: 1 timeout: 0 cls: method_name: run args: {"size": {"min": 1, "max": 1}}
2019-12-18 01:52:47.949 3662 RALLYDEBUG rally.task.runner [-] Starting a worker. times: 10 duration: None concurrency: 1 timeout: 0 cls: method_name: run args: {"size": {"min": 1, "max": 1}}
2019-12-18 01:52:47.952 3661 INFO rally.task.runner [-] Task b94de6b8-2756-4398-b260-951ee1543e30 | ITER: 1 START
2019-12-18 01:52:47.952 3663 RALLYDEBUG rally.task.runner [-] Starting a worker. times: 10 duration: None concurrency: 1 timeout: 0 cls: method_name: run args: {"size": {"min": 1, "max": 1}}
2019-12-18 01:52:47.956 3662 INFO rally.task.runner [-] Task b94de6b8-2756-4398-b260-951ee1543e30 | ITER: 2 START
2019-12-18 01:52:47.956 3664 RALLYDEBUG rally.task.runner [-] Starting a worker. times: 10 duration: None concurrency: 1 timeout: 0 cls: method_name: run args: {"size": {"min": 1, "max": 1}}
2019-12-18 01:52:47.959 3663 INFO rally.task.runner [-] Task b94de6b8-2756-4398-b260-951ee1543e30 | ITER: 3 START
2019-12-18 01:52:47.963 3664 INFO rally.task.runner [-] Task b94de6b8-2756-4398-b260-951ee1543e30 | ITER: 4 START
2019-12-18 01:52:50.710 3661 INFO rally.task.runner [-] Task b94de6b8-2756-4398-b260-951ee1543e30 | ITER: 1 END: OK
2019-12-18 01:52:50.715 3661 INFO rally.task.runner [-] Task b94de6b8-2756-4398-b260-951ee1543e30 | ITER: 5 START
2019-12-18 01:52:50.745 3664 INFO rally.task.runner [-] Task b94de6b8-2756-4398-b260-951ee1543e30 | ITER: 4 END: OK
2019-12-18 01:52:50.750 3664 INFO rally.task.runner [-] Task b94de6b8-2756-4398-b260-951ee1543e30 | ITER: 6 START
2019-12-18 01:52:50.756 3663 INFO rally.task.runner [-] Task b94de6b8-2756-4398-b260-951ee1543e30 | ITER: 3 END: OK
2019-12-18 01:52:50.760 3663 INFO rally.task.runner [-] Task b94de6b8-2756-4398-b260-951ee1543e30 | ITER: 7 START
2019-12-18 01:52:50.864 3662 INFO rally.task.runner [-] Task b94de6b8-2756-4398-b260-951ee1543e30 | ITER: 2 END: OK
2019-12-18 01:52:50.869 3662 INFO rally.task.runner [-] Task b94de6b8-2756-4398-b260-951ee1543e30 | ITER: 8 START
2019-12-18 01:52:53.436 3664 INFO rally.task.runner [-] Task b94de6b8-2756-4398-b260-951ee1543e30 | ITER: 6 END: OK
2019-12-18 01:52:53.440 3664 INFO rally.task.runner [-] Task b94de6b8-2756-4398-b260-951ee1543e30 | ITER: 9 START
2019-12-18 01:52:53.587 3661 INFO rally.task.runner [-] Task b94de6b8-2756-4398-b260-951ee1543e30 | ITER: 5 END: OK
2019-12-18 01:52:53.591 3661 INFO rally.task.runner [-] Task b94de6b8-2756-4398-b260-951ee1543e30 | ITER: 10 START
2019-12-18 01:52:53.598 3663 INFO rally.task.runner [-] Task b94de6b8-2756-4398-b260-951ee1543e30 | ITER: 7 END: OK
2019-12-18 01:52:53.675 3662 INFO rally.task.runner [-] Task b94de6b8-2756-4398-b260-951ee1543e30 | ITER: 8 END: OK
2019-12-18 01:52:56.158 3664 INFO rally.task.runner [-] Task b94de6b8-2756-4398-b260-951ee1543e30 | ITER: 9 END: OK
2019-12-18 01:52:56.303 3661 INFO rally.task.runner [-] Task b94de6b8-2756-4398-b260-951ee1543e30 | ITER: 10 END: OK
2019-12-18 01:52:56.330 1845 INFO rally.task.context [-] Task b94de6b8-2756-4398-b260-951ee1543e30 | Context cleanup@openstack cleanup() started
2019-12-18 01:52:56.333 1845 RALLYDEBUG rally_openstack.cleanup.manager [-] Cleaning up cinder backups objects
2019-12-18 01:52:57.660 1845 RALLYDEBUG rally_openstack.cleanup.manager [-] Cleaning up cinder volume_snapshots objects
2019-12-18 01:52:58.799 1845 RALLYDEBUG rally_openstack.cleanup.manager [-] Cleaning up cinder transfers objects
2019-12-18 01:53:00.033 1845 RALLYDEBUG rally_openstack.cleanup.manager [-] Cleaning up cinder volumes objects
2019-12-18 01:53:01.273 1845 RALLYDEBUG rally_openstack.cleanup.manager [-] Deleting cinder.volumes object s_rally_d678e9d2_DsoWx0pe (3e67d267-514f-431a-bc0c-828e8ab783d3)
2019-12-18 01:53:01.277 1845 RALLYDEBUG rally_openstack.cleanup.manager [-] Deleting cinder.volumes object s_rally_d678e9d2_Bp8eMfL3 (bb7eaea9-cc04-4859-b9c1-7246e2e03cd2)
2019-12-18 01:53:01.292 1845 RALLYDEBUG rally_openstack.cleanup.manager [-] Deleting cinder.volumes object s_rally_d678e9d2_uiTzJ0JZ (0b42590c-2db4-41d2-967e-2d928355a168)
2019-12-18 01:53:01.300 1845 RALLYDEBUG rally_openstack.cleanup.manager [-] Deleting cinder.volumes object s_rally_d678e9d2_u5hQN8GI (e9e15f3b-c460-44b5-9624-3828fe34b622)
2019-12-18 01:53:01.306 1845 RALLYDEBUG rally_openstack.cleanup.manager [-] Deleting cinder.volumes object s_rally_d678e9d2_Cqpq16U0 (e351ea23-c833-4e3e-bbbc-a01dda8c9bee)
2019-12-18 01:53:01.323 1845 RALLYDEBUG rally_openstack.cleanup.manager [-] Deleting cinder.volumes object s_rally_d678e9d2_PsMFyzvn (d285df95-982f-4361-b930-695666226f61)
2019-12-18 01:53:01.332 1845 RALLYDEBUG rally_openstack.cleanup.manager [-] Deleting cinder.volumes object s_rally_d678e9d2_xSf7kT2k (de968ece-7201-4478-b512-f567e7c3c6be)
2019-12-18 01:53:01.355 1845 RALLYDEBUG rally_openstack.cleanup.manager [-] Deleting cinder.volumes object s_rally_d678e9d2_BAmxG7uJ (191c1b77-dfc5-41e5-9500-6434fb61c65c)
2019-12-18 01:53:01.379 1845 RALLYDEBUG rally_openstack.cleanup.manager [-] Deleting cinder.volumes object s_rally_d678e9d2_RT8unWof (cf5fa020-bdea-40ef-a3c7-8893be3dbf54)
2019-12-18 01:53:01.387 1845 RALLYDEBUG rally_openstack.cleanup.manager [-] Deleting cinder.volumes object s_rally_d678e9d2_JbYPqNe1 (e72ced41-1764-4093-a1ab-f693c2ad8fe1)
2019-12-18 01:53:05.238 1845 INFO rally.task.context [-] Task b94de6b8-2756-4398-b260-951ee1543e30 | Context cleanup@openstack cleanup() finished in 8.91 sec
2019-12-18 01:53:05.239 1845 INFO rally.task.context [-] Task b94de6b8-2756-4398-b260-951ee1543e30 | Context quotas@openstack cleanup() started
2019-12-18 01:53:05.323 1845 INFO rally.task.context [-] Task b94de6b8-2756-4398-b260-951ee1543e30 | Context quotas@openstack cleanup() finished in 84.63 msec
2019-12-18 01:53:05.324 1845 INFO rally.task.context [-] Task b94de6b8-2756-4398-b260-951ee1543e30 | Context api_versions@openstack cleanup() started
2019-12-18 01:53:05.324 1845 INFO rally.task.context [-] Task b94de6b8-2756-4398-b260-951ee1543e30 | Context api_versions@openstack cleanup() finished in 0.61 msec
2019-12-18 01:53:05.325 1845 INFO rally.task.context [-] Task b94de6b8-2756-4398-b260-951ee1543e30 | Context users@openstack cleanup() started
2019-12-18 01:53:09.621 1845 INFO rally.task.context [-] Task b94de6b8-2756-4398-b260-951ee1543e30 | Context users@openstack cleanup() finished in 4.30 sec
2019-12-18 01:53:10.114 1845 INFO rally.task.engine [-] Load duration is: 8.346828
2019-12-18 01:53:10.115 1845 INFO rally.task.engine [-] Full runner duration is: 8.397001
2019-12-18 01:53:10.115 1845 INFO rally.task.engine [-] Full duration is: 25.656975
2019-12-18 01:53:10.442 1845 INFO rally.task.engine [-] Running workload: position = 0 config = { "version": 2, "title": "A cropped version of a bigger task.", "description": "Auto-generated task from a single workload (uuid=bea06320-ddea-4c90-b540-d96c0ab51870)", "subtasks": [ { "title": "CinderVolumes.list_volumes", "description": "List all volumes.", "scenario": { "CinderVolumes.list_volumes": { "detailed": true } }, "contexts": { "users": { "tenants": 3, "users_per_tenant": 2 }, "quotas": { "cinder": { "gigabytes": -1, "snapshots": -1, "volumes": -1 } }, "api_versions": { "cinder": { "version": 3, "service_type": "volumev3" } }, "volumes": { "size": 1, "volumes_per_tenant": 4 } }, "runner": { "constant": { "concurrency": 4, "times": 10 } }, "hooks": [], "sla": { "failure_rate": { "max": 0 } } } ] }
2019-12-18 01:53:10.466 1845 RALLYDEBUG rally_openstack.contexts.keystone.users [-] Creating 3 tenants using 20 threads
2019-12-18 01:53:11.473 1845 RALLYDEBUG rally_openstack.contexts.keystone.users [-] Creating 6 users using 20 threads
2019-12-18 01:53:13.096 1845 INFO rally.task.context [-] Task b94de6b8-2756-4398-b260-951ee1543e30 | Context users@openstack setup() finished in 2.63 sec
2019-12-18 01:53:13.509 1845 INFO rally.task.context [-] Task b94de6b8-2756-4398-b260-951ee1543e30 | Context api_versions@openstack setup() finished in 0.41 sec
2019-12-18 01:53:14.457 1845 INFO rally.task.context [-] Task b94de6b8-2756-4398-b260-951ee1543e30 | Context quotas@openstack setup() finished in 0.95 sec
2019-12-18 01:53:44.999 1845 INFO rally.task.context [-] Task b94de6b8-2756-4398-b260-951ee1543e30 | Context volumes@openstack setup() finished in 30.54 sec
2019-12-18 01:53:45.009 1845 RALLYDEBUG rally.task.runner [-] Starting the constant runner (task UUID: b94de6b8-2756-4398-b260-951ee1543e30). times: 10 concurrency: 4 timeout: 0 max_cpu_used: 16 processes_to_start: 4 concurrency_per_worker: 1 concurrency_overhead: 0
2019-12-18 01:53:45.021 3845 RALLYDEBUG rally.task.runner [-] Starting a worker. times: 10 duration: None concurrency: 1 timeout: 0 cls: method_name: run args: {"detailed": true}
2019-12-18 01:53:45.025 3846 RALLYDEBUG rally.task.runner [-] Starting a worker. times: 10 duration: None concurrency: 1 timeout: 0 cls: method_name: run args: {"detailed": true}
2019-12-18 01:53:45.028 3845 INFO rally.task.runner [-] Task b94de6b8-2756-4398-b260-951ee1543e30 | ITER: 1 START
2019-12-18 01:53:45.028 3847 RALLYDEBUG rally.task.runner [-] Starting a worker. times: 10 duration: None concurrency: 1 timeout: 0 cls: method_name: run args: {"detailed": true}
2019-12-18 01:53:45.032 3846 INFO rally.task.runner [-] Task b94de6b8-2756-4398-b260-951ee1543e30 | ITER: 2 START
2019-12-18 01:53:45.032 3848 RALLYDEBUG rally.task.runner [-] Starting a worker. times: 10 duration: None concurrency: 1 timeout: 0 cls: method_name: run args: {"detailed": true}
2019-12-18 01:53:45.035 3847 INFO rally.task.runner [-] Task b94de6b8-2756-4398-b260-951ee1543e30 | ITER: 3 START
2019-12-18 01:53:45.039 3848 INFO rally.task.runner [-] Task b94de6b8-2756-4398-b260-951ee1543e30 | ITER: 4 START
2019-12-18 01:53:45.443 3847 INFO rally.task.runner [-] Task b94de6b8-2756-4398-b260-951ee1543e30 | ITER: 3 END: OK
2019-12-18 01:53:45.443 3846 INFO rally.task.runner [-] Task b94de6b8-2756-4398-b260-951ee1543e30 | ITER: 2 END: OK
2019-12-18 01:53:45.448 3846 INFO rally.task.runner [-] Task b94de6b8-2756-4398-b260-951ee1543e30 | ITER: 5 START
2019-12-18 01:53:45.448 3847 INFO rally.task.runner [-] Task b94de6b8-2756-4398-b260-951ee1543e30 | ITER: 6 START
2019-12-18 01:53:45.556 3848 INFO rally.task.runner [-] Task b94de6b8-2756-4398-b260-951ee1543e30 | ITER: 4 END: OK
2019-12-18 01:53:45.561 3848 INFO rally.task.runner [-] Task b94de6b8-2756-4398-b260-951ee1543e30 | ITER: 7 START
2019-12-18 01:53:45.568 3845 INFO rally.task.runner [-] Task b94de6b8-2756-4398-b260-951ee1543e30 | ITER: 1 END: OK
2019-12-18 01:53:45.573 3845 INFO rally.task.runner [-] Task b94de6b8-2756-4398-b260-951ee1543e30 | ITER: 8 START
2019-12-18 01:53:45.844 3847 INFO rally.task.runner [-] Task b94de6b8-2756-4398-b260-951ee1543e30 | ITER: 6 END: OK
2019-12-18 01:53:45.848 3847 INFO rally.task.runner [-] Task b94de6b8-2756-4398-b260-951ee1543e30 | ITER: 9 START
2019-12-18 01:53:45.938 3846 INFO rally.task.runner [-] Task b94de6b8-2756-4398-b260-951ee1543e30 | ITER: 5 END: OK
2019-12-18 01:53:45.941 3846 INFO rally.task.runner [-] Task b94de6b8-2756-4398-b260-951ee1543e30 | ITER: 10 START
2019-12-18 01:53:45.946 3848 INFO rally.task.runner [-] Task b94de6b8-2756-4398-b260-951ee1543e30 | ITER: 7 END: OK
2019-12-18 01:53:45.961 3845 INFO rally.task.runner [-] Task b94de6b8-2756-4398-b260-951ee1543e30 | ITER: 8 END: OK
2019-12-18 01:53:46.254 3847 INFO rally.task.runner [-] Task b94de6b8-2756-4398-b260-951ee1543e30 | ITER: 9 END: OK
2019-12-18 01:53:46.346 3846 INFO rally.task.runner [-] Task b94de6b8-2756-4398-b260-951ee1543e30 | ITER: 10 END: OK
2019-12-18 01:53:46.371 1845 INFO rally.task.context [-] Task b94de6b8-2756-4398-b260-951ee1543e30 | Context volumes@openstack cleanup() started
2019-12-18 01:53:46.373 1845 RALLYDEBUG rally_openstack.cleanup.manager [-] Cleaning up cinder volumes objects
2019-12-18 01:53:47.631 1845 RALLYDEBUG rally_openstack.cleanup.manager [-] Deleting cinder.volumes object c_rally_bea06320_pgB1pDWS (28b38579-b9ab-4d9f-8269-a1a5b113ce63)
2019-12-18 01:53:47.638 1845 RALLYDEBUG rally_openstack.cleanup.manager [-] Deleting cinder.volumes object c_rally_bea06320_anSvTsDZ (d01c9ae7-a4a3-4691-9dda-b3156ec9997d)
2019-12-18 01:53:47.644 1845 RALLYDEBUG rally_openstack.cleanup.manager [-] Deleting cinder.volumes object c_rally_bea06320_wP2vlwBk (a78ec2c8-c3a4-40ec-b529-518f30cf41b8)
2019-12-18 01:53:47.650 1845 RALLYDEBUG rally_openstack.cleanup.manager [-] Deleting cinder.volumes object c_rally_bea06320_cAxToyCd (b1ecce1d-7e19-4e87-9b51-4b14ee89183e)
2019-12-18 01:53:47.656 1845 RALLYDEBUG rally_openstack.cleanup.manager [-] Deleting cinder.volumes object c_rally_bea06320_DCjzbNV3 (9d9353f7-da94-4aed-bb07-0fbc1b8c9b18)
2019-12-18 01:53:47.663 1845 RALLYDEBUG rally_openstack.cleanup.manager [-] Deleting cinder.volumes object c_rally_bea06320_7xFToJCa (2d86037a-2995-4e94-be48-718c78ebd0ec)
2019-12-18 01:53:47.675 1845 RALLYDEBUG rally_openstack.cleanup.manager [-] Deleting cinder.volumes object c_rally_bea06320_ZTrHtWT2 (ba826bb9-880f-4fb4-a856-4a466376f63c)
2019-12-18 01:53:47.698 1845 RALLYDEBUG rally_openstack.cleanup.manager [-] Deleting cinder.volumes object c_rally_bea06320_AKMH12F5 (f1fe5ff6-def9-4e42-9852-b5b52281e6df)
2019-12-18 01:53:47.714 1845 RALLYDEBUG rally_openstack.cleanup.manager [-] Deleting cinder.volumes object c_rally_bea06320_OCRu57V2 (0ac7d3cd-10d6-47b7-b395-fea6470d8e5a)
2019-12-18 01:53:47.715 1845 RALLYDEBUG rally_openstack.cleanup.manager [-] Deleting cinder.volumes object c_rally_bea06320_hvLSkyto (7833bb26-3a15-4e21-9f6b-13b6c5512ff7)
2019-12-18 01:53:47.719 1845 RALLYDEBUG rally_openstack.cleanup.manager [-] Deleting cinder.volumes object c_rally_bea06320_TOEkkfUb (c4f3d1c2-c0ff-49aa-b3d9-75782b09c995)
2019-12-18 01:53:47.725 1845 RALLYDEBUG rally_openstack.cleanup.manager [-] Deleting cinder.volumes object c_rally_bea06320_4HZbZGuR (dc4d03fa-7d8f-4a28-9f28-5126d73558d9)
2019-12-18 01:53:52.457 1845 INFO rally.task.context [-] Task b94de6b8-2756-4398-b260-951ee1543e30 | Context volumes@openstack cleanup() finished in 6.09 sec
2019-12-18 01:53:52.457 1845 INFO rally.task.context [-] Task b94de6b8-2756-4398-b260-951ee1543e30 | Context quotas@openstack cleanup() started
2019-12-18 01:53:52.537 1845 INFO rally.task.context [-] Task b94de6b8-2756-4398-b260-951ee1543e30 | Context quotas@openstack cleanup() finished in 80.03 msec
2019-12-18 01:53:52.538 1845 INFO rally.task.context [-] Task b94de6b8-2756-4398-b260-951ee1543e30 | Context api_versions@openstack cleanup() started
2019-12-18 01:53:52.538 1845 INFO rally.task.context [-] Task b94de6b8-2756-4398-b260-951ee1543e30 | Context api_versions@openstack cleanup() finished in 0.40 msec
2019-12-18 01:53:52.539 1845 INFO rally.task.context [-] Task b94de6b8-2756-4398-b260-951ee1543e30 | Context users@openstack cleanup() started
2019-12-18 01:53:56.917 1845 INFO rally.task.context [-] Task b94de6b8-2756-4398-b260-951ee1543e30 | Context users@openstack cleanup() finished in 4.38 sec
2019-12-18 01:53:58.684 1845 INFO rally.task.engine [-] Load duration is: 1.313236
2019-12-18 01:53:58.685 1845 INFO rally.task.engine [-] Full runner duration is: 1.362588
2019-12-18 01:53:58.685 1845 INFO rally.task.engine [-] Full duration is: 46.45346
2019-12-18 01:53:59.077 1845 INFO rally.task.engine [-] Running workload: position = 0 config = { "version": 2, "title": "A cropped version of a bigger task.", "description": "Auto-generated task from a single workload (uuid=52b04726-72b5-40b8-bb9b-40301f06523c)", "subtasks": [ { "title": "CinderVolumes.create_and_delete_snapshot", "description": "Create and then delete a volume-snapshot.", "scenario": { "CinderVolumes.create_and_delete_snapshot": { "force": false } }, "contexts": { "users": { "tenants": 3, "users_per_tenant": 2 }, "quotas": { "cinder": { "gigabytes": -1, "snapshots": -1, "volumes": -1 } }, "api_versions": { "cinder": { "version": 3, "service_type": "volumev3" } }, "volumes": { "size": 1, "volumes_per_tenant": 1 } }, "runner": { "constant": { "concurrency": 4, "times": 10 } }, "hooks": [], "sla": { "failure_rate": { "max": 0 } } } ] }
2019-12-18 01:53:59.104 1845 RALLYDEBUG rally_openstack.contexts.keystone.users [-] Creating 3 tenants using 20 threads
2019-12-18 01:54:00.143 1845 RALLYDEBUG rally_openstack.contexts.keystone.users [-] Creating 6 users using 20 threads
2019-12-18 01:54:01.685 1845 INFO rally.task.context [-] Task b94de6b8-2756-4398-b260-951ee1543e30 | Context users@openstack setup() finished in 2.58 sec
2019-12-18 01:54:02.096 1845 INFO rally.task.context [-] Task b94de6b8-2756-4398-b260-951ee1543e30 | Context api_versions@openstack setup() finished in 0.41 sec
2019-12-18 01:54:03.050 1845 INFO rally.task.context [-] Task b94de6b8-2756-4398-b260-951ee1543e30 | Context quotas@openstack setup() finished in 0.95 sec
2019-12-18 01:54:11.814 1845 INFO rally.task.context [-] Task b94de6b8-2756-4398-b260-951ee1543e30 | Context volumes@openstack setup() finished in 8.76 sec
2019-12-18 01:54:11.815 1845 INFO rally.task.context [-] Task b94de6b8-2756-4398-b260-951ee1543e30 | Context cleanup@openstack setup() finished in 0.01 msec
2019-12-18 01:54:11.824 1845 RALLYDEBUG rally.task.runner [-] Starting the constant runner (task UUID: b94de6b8-2756-4398-b260-951ee1543e30). times: 10 concurrency: 4 timeout: 0 max_cpu_used: 16 processes_to_start: 4 concurrency_per_worker: 1 concurrency_overhead: 0
2019-12-18 01:54:11.835 3969 RALLYDEBUG rally.task.runner [-] Starting a worker. times: 10 duration: None concurrency: 1 timeout: 0 cls: method_name: run args: {"force": false}
2019-12-18 01:54:11.839 3970 RALLYDEBUG rally.task.runner [-] Starting a worker. times: 10 duration: None concurrency: 1 timeout: 0 cls: method_name: run args: {"force": false}
2019-12-18 01:54:11.843 3969 INFO rally.task.runner [-] Task b94de6b8-2756-4398-b260-951ee1543e30 | ITER: 1 START
2019-12-18 01:54:11.843 3971 RALLYDEBUG rally.task.runner [-] Starting a worker. times: 10 duration: None concurrency: 1 timeout: 0 cls: method_name: run args: {"force": false}
2019-12-18 01:54:11.846 3970 INFO rally.task.runner [-] Task b94de6b8-2756-4398-b260-951ee1543e30 | ITER: 2 START
2019-12-18 01:54:11.846 3972 RALLYDEBUG rally.task.runner [-] Starting a worker. times: 10 duration: None concurrency: 1 timeout: 0 cls: method_name: run args: {"force": false}
2019-12-18 01:54:11.850 3971 INFO rally.task.runner [-] Task b94de6b8-2756-4398-b260-951ee1543e30 | ITER: 3 START
2019-12-18 01:54:11.853 3972 INFO rally.task.runner [-] Task b94de6b8-2756-4398-b260-951ee1543e30 | ITER: 4 START
2019-12-18 01:54:14.537 3972 RALLYDEBUG rally.task.utils [-] Waiting for resource s_rally_52b04726_Wxo4UvH0. Status changed: AVAILABLE => DELETING in 0.028063297271728516
2019-12-18 01:54:14.586 3969 RALLYDEBUG rally.task.utils [-] Waiting for resource s_rally_52b04726_3km8WwA7. Status changed: AVAILABLE => DELETING in 0.027025461196899414
2019-12-18 01:54:14.587 3970 RALLYDEBUG rally.task.utils [-] Waiting for resource s_rally_52b04726_Pn4KSXoP. Status changed: AVAILABLE => DELETING in 0.028298377990722656
2019-12-18 01:54:14.605 3971 RALLYDEBUG rally.task.utils [-] Waiting for resource s_rally_52b04726_XxnRJRou. Status changed: AVAILABLE => DELETING in 0.025982379913330078
2019-12-18 01:54:16.571 3972 INFO rally.task.runner [-] Task b94de6b8-2756-4398-b260-951ee1543e30 | ITER: 4 END: OK
2019-12-18 01:54:16.575 3972 INFO rally.task.runner [-] Task b94de6b8-2756-4398-b260-951ee1543e30 | ITER: 5 START
2019-12-18 01:54:16.618 3970 INFO rally.task.runner [-] Task b94de6b8-2756-4398-b260-951ee1543e30 | ITER: 2 END: OK
2019-12-18 01:54:16.618 3969 INFO rally.task.runner [-] Task b94de6b8-2756-4398-b260-951ee1543e30 | ITER: 1 END: OK
2019-12-18 01:54:16.622 3970 INFO rally.task.runner [-] Task b94de6b8-2756-4398-b260-951ee1543e30 | ITER: 6 START
2019-12-18 01:54:16.623 3969 INFO rally.task.runner [-] Task b94de6b8-2756-4398-b260-951ee1543e30 | ITER: 7 START
2019-12-18 01:54:16.638 3971 INFO rally.task.runner [-] Task b94de6b8-2756-4398-b260-951ee1543e30 | ITER: 3 END: OK
2019-12-18 01:54:16.643 3971 INFO rally.task.runner [-] Task b94de6b8-2756-4398-b260-951ee1543e30 | ITER: 8 START
2019-12-18 01:54:19.272 3969 RALLYDEBUG rally.task.utils [-] Waiting for resource s_rally_52b04726_GUzsgxOf. Status changed: AVAILABLE => DELETING in 0.02985978126525879
2019-12-18 01:54:19.293 3970 RALLYDEBUG rally.task.utils [-] Waiting for resource s_rally_52b04726_lS3jXfND. Status changed: AVAILABLE => DELETING in 0.030157804489135742
2019-12-18 01:54:19.306 3971 RALLYDEBUG rally.task.utils [-] Waiting for resource s_rally_52b04726_LIECLW1f. Status changed: AVAILABLE => DELETING in 0.025475740432739258
2019-12-18 01:54:19.328 3972 RALLYDEBUG rally.task.utils [-] Waiting for resource s_rally_52b04726_rXuoDLtt. Status changed: AVAILABLE => DELETING in 0.026533842086791992
2019-12-18 01:54:21.308 3969 INFO rally.task.runner [-] Task b94de6b8-2756-4398-b260-951ee1543e30 | ITER: 7 END: OK
2019-12-18 01:54:21.311 3969 INFO rally.task.runner [-] Task b94de6b8-2756-4398-b260-951ee1543e30 | ITER: 9 START
2019-12-18 01:54:21.327 3970 INFO rally.task.runner [-] Task b94de6b8-2756-4398-b260-951ee1543e30 | ITER: 6 END: OK
2019-12-18 01:54:21.330 3970 INFO rally.task.runner [-] Task b94de6b8-2756-4398-b260-951ee1543e30 | ITER: 10 START
2019-12-18 01:54:21.338 3971 INFO rally.task.runner [-] Task b94de6b8-2756-4398-b260-951ee1543e30 | ITER: 8 END: OK
2019-12-18 01:54:21.358 3972 INFO rally.task.runner [-] Task b94de6b8-2756-4398-b260-951ee1543e30 | ITER: 5 END: OK
2019-12-18 01:54:23.986 3969 RALLYDEBUG rally.task.utils [-] Waiting for resource s_rally_52b04726_5kQqVVHP. Status changed: AVAILABLE => DELETING in 0.03179335594177246
2019-12-18 01:54:24.011 3970 RALLYDEBUG rally.task.utils [-] Waiting for resource s_rally_52b04726_FUlQAhKg. Status changed: AVAILABLE => DELETING in 0.029610633850097656
2019-12-18 01:54:26.021 3969 INFO rally.task.runner [-] Task b94de6b8-2756-4398-b260-951ee1543e30 | ITER: 9 END: OK
2019-12-18 01:54:26.040 3970 INFO rally.task.runner [-] Task b94de6b8-2756-4398-b260-951ee1543e30 | ITER: 10 END: OK
2019-12-18 01:54:26.066 1845 INFO rally.task.context [-] Task b94de6b8-2756-4398-b260-951ee1543e30 | Context cleanup@openstack cleanup() started
2019-12-18 01:54:26.070 1845 RALLYDEBUG rally_openstack.cleanup.manager [-] Cleaning up cinder backups objects
2019-12-18 01:54:27.250 1845 RALLYDEBUG rally_openstack.cleanup.manager [-] Cleaning up cinder volume_snapshots objects
2019-12-18 01:54:28.435 1845 RALLYDEBUG rally_openstack.cleanup.manager [-] Cleaning up cinder transfers objects
2019-12-18 01:54:29.599 1845 RALLYDEBUG rally_openstack.cleanup.manager [-] Cleaning up cinder volumes objects
2019-12-18 01:54:30.857 1845 INFO rally.task.context [-] Task b94de6b8-2756-4398-b260-951ee1543e30 | Context cleanup@openstack cleanup() finished in 4.79 sec
2019-12-18 01:54:30.858 1845 INFO rally.task.context [-] Task b94de6b8-2756-4398-b260-951ee1543e30 | Context volumes@openstack cleanup() started
2019-12-18 01:54:30.859 1845 RALLYDEBUG rally_openstack.cleanup.manager [-] Cleaning up cinder volumes objects
2019-12-18 01:54:32.103 1845 RALLYDEBUG rally_openstack.cleanup.manager [-] Deleting cinder.volumes object c_rally_52b04726_upMFTrui (9a3178af-3a38-48c3-8e48-8ac1042d4ace)
2019-12-18 01:54:32.109 1845 RALLYDEBUG rally_openstack.cleanup.manager [-] Deleting cinder.volumes object c_rally_52b04726_w17Ld3pb (6f51e011-f1d4-4850-b66a-194ddcae77b7)
2019-12-18 01:54:32.116 1845 RALLYDEBUG rally_openstack.cleanup.manager [-] Deleting cinder.volumes object c_rally_52b04726_6E8oBWXP (3b263ad3-b0d6-4e89-b529-a78e5285145f)
2019-12-18 01:54:35.733 1845 INFO rally.task.context [-] Task b94de6b8-2756-4398-b260-951ee1543e30 | Context volumes@openstack cleanup() finished in 4.87 sec
2019-12-18 01:54:35.733 1845 INFO rally.task.context [-] Task b94de6b8-2756-4398-b260-951ee1543e30 | Context quotas@openstack cleanup() started
2019-12-18 01:54:35.814 1845 INFO rally.task.context [-] Task b94de6b8-2756-4398-b260-951ee1543e30 | Context quotas@openstack cleanup() finished in 80.86 msec
2019-12-18 01:54:35.815 1845 INFO rally.task.context [-] Task b94de6b8-2756-4398-b260-951ee1543e30 | Context api_versions@openstack cleanup() started
2019-12-18 01:54:35.815 1845 INFO rally.task.context [-] Task b94de6b8-2756-4398-b260-951ee1543e30 | Context api_versions@openstack cleanup() finished in 0.34 msec
2019-12-18 01:54:35.815 1845 INFO rally.task.context [-] Task b94de6b8-2756-4398-b260-951ee1543e30 | Context users@openstack cleanup() started
2019-12-18 01:54:40.284 1845 INFO rally.task.context [-] Task b94de6b8-2756-4398-b260-951ee1543e30 | Context users@openstack cleanup() finished in 4.47 sec
2019-12-18 01:54:41.325 1845 INFO rally.task.engine [-] Load duration is: 14.193439
2019-12-18 01:54:41.325 1845 INFO rally.task.engine [-] Full runner duration is: 14.243014
2019-12-18 01:54:41.326 1845 INFO rally.task.engine [-] Full duration is: 41.183164
2019-12-18 01:54:41.691 1845 INFO rally.task.engine [-] Running workload: position = 0 config = { "version": 2, "title": "A cropped version of a bigger task.", "description": "Auto-generated task from a single workload (uuid=9db31257-4dcf-43fb-b979-572167df9b23)", "subtasks": [ { "title": "CinderVolumes.create_and_delete_volume", "description": "Create and then delete a volume.", "scenario": { "CinderVolumes.create_and_delete_volume": { "size": { "max": 1, "min": 1 } } }, "contexts": { "users": { "tenants": 3, "users_per_tenant": 2 }, "quotas": { "cinder": { "gigabytes": -1, "snapshots": -1, "volumes": -1 } }, "api_versions": { "cinder": { "version": 3, "service_type": "volumev3" } } }, "runner": { "constant": { "concurrency": 4, "times": 10 } }, "hooks": [], "sla": { "failure_rate": { "max": 0 } } } ] }
2019-12-18 01:54:41.717 1845 RALLYDEBUG rally_openstack.contexts.keystone.users [-] Creating 3 tenants using 20 threads
2019-12-18 01:54:42.732 1845 RALLYDEBUG rally_openstack.contexts.keystone.users [-] Creating 6 users using 20 threads
2019-12-18 01:54:44.326 1845 INFO rally.task.context [-] Task b94de6b8-2756-4398-b260-951ee1543e30 | Context users@openstack setup() finished in 2.61 sec
2019-12-18 01:54:44.740 1845 INFO rally.task.context [-] Task b94de6b8-2756-4398-b260-951ee1543e30 | Context api_versions@openstack setup() finished in 0.41 sec
2019-12-18 01:54:45.646 1845 INFO rally.task.context [-] Task b94de6b8-2756-4398-b260-951ee1543e30 | Context quotas@openstack setup() finished in 0.91 sec
2019-12-18 01:54:45.647 1845 INFO rally.task.context [-] Task b94de6b8-2756-4398-b260-951ee1543e30 | Context cleanup@openstack setup() finished in 0.01 msec
2019-12-18 01:54:45.656 1845 RALLYDEBUG rally.task.runner [-] Starting the constant runner (task UUID: b94de6b8-2756-4398-b260-951ee1543e30). times: 10 concurrency: 4 timeout: 0 max_cpu_used: 16 processes_to_start: 4 concurrency_per_worker: 1 concurrency_overhead: 0
2019-12-18 01:54:45.667 4173 RALLYDEBUG rally.task.runner [-] Starting a worker. times: 10 duration: None concurrency: 1 timeout: 0 cls: method_name: run args: {"size": {"max": 1, "min": 1}}
2019-12-18 01:54:45.672 4174 RALLYDEBUG rally.task.runner [-] Starting a worker. times: 10 duration: None concurrency: 1 timeout: 0 cls: method_name: run args: {"size": {"max": 1, "min": 1}}
2019-12-18 01:54:45.675 4173 INFO rally.task.runner [-] Task b94de6b8-2756-4398-b260-951ee1543e30 | ITER: 1 START
2019-12-18 01:54:45.675 4175 RALLYDEBUG rally.task.runner [-] Starting a worker. times: 10 duration: None concurrency: 1 timeout: 0 cls: method_name: run args: {"size": {"max": 1, "min": 1}}
2019-12-18 01:54:45.679 4174 INFO rally.task.runner [-] Task b94de6b8-2756-4398-b260-951ee1543e30 | ITER: 2 START
2019-12-18 01:54:45.678 4177 RALLYDEBUG rally.task.runner [-] Starting a worker. times: 10 duration: None concurrency: 1 timeout: 0 cls: method_name: run args: {"size": {"max": 1, "min": 1}}
2019-12-18 01:54:45.682 4175 INFO rally.task.runner [-] Task b94de6b8-2756-4398-b260-951ee1543e30 | ITER: 3 START
2019-12-18 01:54:45.685 4177 INFO rally.task.runner [-] Task b94de6b8-2756-4398-b260-951ee1543e30 | ITER: 4 START
2019-12-18 01:54:48.555 4175 RALLYDEBUG rally.task.utils [-] Waiting for resource s_rally_9db31257_LzGPyJmJ. Status changed: AVAILABLE => DELETING in 0.0606532096862793
2019-12-18 01:54:48.583 4177 RALLYDEBUG rally.task.utils [-] Waiting for resource s_rally_9db31257_tB00kUw6. Status changed: AVAILABLE => DELETING in 0.05834698677062988
2019-12-18 01:54:48.664 4174 RALLYDEBUG rally.task.utils [-] Waiting for resource s_rally_9db31257_M2RSb8g7. Status changed: AVAILABLE => DELETING in 0.05893683433532715
2019-12-18 01:54:48.697 4173 RALLYDEBUG rally.task.utils [-] Waiting for resource s_rally_9db31257_3JkkleH5. Status changed: AVAILABLE => DELETING in 0.1705000400543213
2019-12-18 01:54:50.600 4175 INFO rally.task.runner [-] Task b94de6b8-2756-4398-b260-951ee1543e30 | ITER: 3 END: OK
2019-12-18 01:54:50.604 4175 INFO rally.task.runner [-] Task b94de6b8-2756-4398-b260-951ee1543e30 | ITER: 5 START
2019-12-18 01:54:50.626 4177 INFO rally.task.runner [-] Task b94de6b8-2756-4398-b260-951ee1543e30 | ITER: 4 END: OK
2019-12-18 01:54:50.631 4177 INFO rally.task.runner [-] Task b94de6b8-2756-4398-b260-951ee1543e30 | ITER: 6 START
2019-12-18 01:54:50.703 4174 INFO rally.task.runner [-] Task b94de6b8-2756-4398-b260-951ee1543e30 | ITER: 2 END: OK
2019-12-18 01:54:50.708 4174 INFO rally.task.runner [-] Task b94de6b8-2756-4398-b260-951ee1543e30 | ITER: 7 START
2019-12-18 01:54:50.736 4173 INFO rally.task.runner [-] Task b94de6b8-2756-4398-b260-951ee1543e30 | ITER: 1 END: OK
2019-12-18 01:54:50.740 4173 INFO rally.task.runner [-] Task b94de6b8-2756-4398-b260-951ee1543e30 | ITER: 8 START
2019-12-18 01:54:53.417 4177 RALLYDEBUG rally.task.utils [-] Waiting for resource s_rally_9db31257_TPwvYt1E. Status changed: AVAILABLE => DELETING in 0.0553288459777832
2019-12-18 01:54:53.422 4175 RALLYDEBUG rally.task.utils [-] Waiting for resource s_rally_9db31257_vCGgmXq0. Status changed: AVAILABLE => DELETING in 0.06098651885986328
2019-12-18 01:54:53.504 4174 RALLYDEBUG rally.task.utils [-] Waiting for resource s_rally_9db31257_Xb5ZEDnH. Status changed: AVAILABLE => DELETING in 0.06301355361938477
2019-12-18 01:54:53.657 4173 RALLYDEBUG rally.task.utils [-] Waiting for resource s_rally_9db31257_pezUTare. Status changed: AVAILABLE => DELETING in 0.06370830535888672
2019-12-18 01:54:55.466 4175 INFO rally.task.runner [-] Task b94de6b8-2756-4398-b260-951ee1543e30 | ITER: 5 END: OK
2019-12-18 01:54:55.470 4175 INFO rally.task.runner [-] Task b94de6b8-2756-4398-b260-951ee1543e30 | ITER: 9 START
2019-12-18 01:54:55.547 4174 INFO rally.task.runner [-] Task b94de6b8-2756-4398-b260-951ee1543e30 | ITER: 7 END: OK
2019-12-18 01:54:55.551 4174 INFO rally.task.runner [-] Task b94de6b8-2756-4398-b260-951ee1543e30 | ITER: 10 START
2019-12-18 01:54:55.585 4177 INFO rally.task.runner [-] Task b94de6b8-2756-4398-b260-951ee1543e30 | ITER: 6 END: OK
2019-12-18 01:54:55.695 4173 INFO rally.task.runner [-] Task b94de6b8-2756-4398-b260-951ee1543e30 | ITER: 8 END: OK
2019-12-18 01:54:58.425 4174 RALLYDEBUG rally.task.utils [-] Waiting for resource s_rally_9db31257_AgJu4wDt. Status changed: AVAILABLE => DELETING in 0.07339310646057129
2019-12-18 01:54:58.695 4175 RALLYDEBUG rally.task.utils [-] Waiting for resource s_rally_9db31257_MNLITvP6. Status changed: AVAILABLE => DELETING in 0.06964731216430664
2019-12-18 01:55:00.471 4174 INFO rally.task.runner [-] Task b94de6b8-2756-4398-b260-951ee1543e30 | ITER: 10 END: OK
2019-12-18 01:55:00.736 4175 INFO rally.task.runner [-] Task b94de6b8-2756-4398-b260-951ee1543e30 | ITER: 9 END: OK
2019-12-18 01:55:00.764 1845 INFO rally.task.context [-] Task b94de6b8-2756-4398-b260-951ee1543e30 | Context cleanup@openstack cleanup() started
2019-12-18 01:55:00.767 1845 RALLYDEBUG rally_openstack.cleanup.manager [-] Cleaning up cinder backups objects
2019-12-18 01:55:02.040 1845 RALLYDEBUG rally_openstack.cleanup.manager [-] Cleaning up cinder volume_snapshots objects
2019-12-18 01:55:03.212 1845 RALLYDEBUG rally_openstack.cleanup.manager [-] Cleaning up cinder transfers objects
2019-12-18 01:55:04.357 1845 RALLYDEBUG rally_openstack.cleanup.manager [-] Cleaning up cinder volumes objects
2019-12-18 01:55:05.573 1845 INFO rally.task.context [-] Task b94de6b8-2756-4398-b260-951ee1543e30 | Context cleanup@openstack cleanup() finished in 4.81 sec
2019-12-18 01:55:05.573 1845 INFO rally.task.context [-] Task b94de6b8-2756-4398-b260-951ee1543e30 | Context quotas@openstack cleanup() started
2019-12-18 01:55:05.644 1845 INFO rally.task.context [-] Task b94de6b8-2756-4398-b260-951ee1543e30 | Context quotas@openstack cleanup() finished in 70.89 msec
2019-12-18 01:55:05.645 1845 INFO rally.task.context [-] Task b94de6b8-2756-4398-b260-951ee1543e30 | Context api_versions@openstack cleanup() started
