2019-12-18 02:20:20.229 13785 INFO rally.task.context [-] Task b391d463-0d30-4735-acd8-41f940efa65b | Context quotas@openstack cleanup() started
2019-12-18 02:20:20.440 13785 INFO rally.task.context [-] Task b391d463-0d30-4735-acd8-41f940efa65b | Context quotas@openstack cleanup() finished in 0.21 sec
2019-12-18 02:20:20.440 13785 INFO rally.task.context [-] Task b391d463-0d30-4735-acd8-41f940efa65b | Context users@openstack cleanup() started
2019-12-18 02:20:24.699 13785 INFO rally.task.context [-] Task b391d463-0d30-4735-acd8-41f940efa65b | Context users@openstack cleanup() finished in 4.26 sec
2019-12-18 02:20:25.155 13785 INFO rally.task.engine [-] Load duration is: 4.503599
2019-12-18 02:20:25.155 13785 INFO rally.task.engine [-] Full runner duration is: 4.555511
2019-12-18 02:20:25.155 13785 INFO rally.task.engine [-] Full duration is: 43.781179
2019-12-18 02:20:25.506 13785 INFO rally.task.engine [-] Running workload: position = 0 config = { "version": 2, "title": "A cropped version of a bigger task.", "description": "Auto-generated task from a single workload (uuid=0d80f798-9b4f-4473-85a5-ed63bf42cea6)", "subtasks": [ { "title": "NeutronNetworks.create_and_update_routers", "description": "Create and update a given number of routers.", "scenario": { "NeutronNetworks.create_and_update_routers": { "network_create_args": {}, "router_create_args": {}, "router_update_args": { "admin_state_up": false }, "subnet_cidr_start": "1.1.0.0/30", "subnet_create_args": {}, "subnets_per_network": 1 } }, "contexts": { "users": { "tenants": 3, "users_per_tenant": 2 }, "quotas": { "neutron": { "network": -1, "subnet": -1, "port": -1, "router": -1 } } }, "runner": { "constant": { "concurrency": 4, "times": 10 } }, "hooks": [], "sla": { "failure_rate": { "max": 0 } } } ] }
2019-12-18 02:20:25.531 13785 RALLYDEBUG rally_openstack.contexts.keystone.users [-] Creating 3 tenants using 20 threads
2019-12-18 02:20:26.694 13785 RALLYDEBUG rally_openstack.contexts.keystone.users [-] Creating 6 users using 20 threads
2019-12-18 02:20:28.258 13785 INFO rally.task.context [-] Task b391d463-0d30-4735-acd8-41f940efa65b | Context users@openstack setup() finished in 2.73 sec
2019-12-18 02:20:29.196 13785 INFO rally.task.context [-] Task b391d463-0d30-4735-acd8-41f940efa65b | Context quotas@openstack setup() finished in 0.94 sec
2019-12-18 02:20:29.196 13785 INFO rally.task.context [-] Task b391d463-0d30-4735-acd8-41f940efa65b | Context cleanup@openstack setup() finished in 0.00 msec
2019-12-18 02:20:29.206 13785 RALLYDEBUG rally.task.runner [-] Starting the constant runner (task UUID: b391d463-0d30-4735-acd8-41f940efa65b). times: 10 concurrency: 4 timeout: 0 max_cpu_used: 16 processes_to_start: 4 concurrency_per_worker: 1 concurrency_overhead: 0
2019-12-18 02:20:29.217 14557 RALLYDEBUG rally.task.runner [-] Starting a worker. times: 10 duration: None concurrency: 1 timeout: 0 cls: method_name: run args: {"network_create_args": {}, "router_create_args": {}, "router_update_args": {"admin_state_up": false}, "subnet_cidr_start": "1.1.0.0/30", "subnet_create_args": {}, "subnets_per_network": 1}
2019-12-18 02:20:29.220 14558 RALLYDEBUG rally.task.runner [-] Starting a worker. times: 10 duration: None concurrency: 1 timeout: 0 cls: method_name: run args: {"network_create_args": {}, "router_create_args": {}, "router_update_args": {"admin_state_up": false}, "subnet_cidr_start": "1.1.0.0/30", "subnet_create_args": {}, "subnets_per_network": 1}
2019-12-18 02:20:29.224 14557 INFO rally.task.runner [-] Task b391d463-0d30-4735-acd8-41f940efa65b | ITER: 1 START
2019-12-18 02:20:29.224 14559 RALLYDEBUG rally.task.runner [-] Starting a worker. times: 10 duration: None concurrency: 1 timeout: 0 cls: method_name: run args: {"network_create_args": {}, "router_create_args": {}, "router_update_args": {"admin_state_up": false}, "subnet_cidr_start": "1.1.0.0/30", "subnet_create_args": {}, "subnets_per_network": 1}
2019-12-18 02:20:29.227 14558 INFO rally.task.runner [-] Task b391d463-0d30-4735-acd8-41f940efa65b | ITER: 2 START
2019-12-18 02:20:29.227 14560 RALLYDEBUG rally.task.runner [-] Starting a worker. times: 10 duration: None concurrency: 1 timeout: 0 cls: method_name: run args: {"network_create_args": {}, "router_create_args": {}, "router_update_args": {"admin_state_up": false}, "subnet_cidr_start": "1.1.0.0/30", "subnet_create_args": {}, "subnets_per_network": 1}
2019-12-18 02:20:29.231 14559 INFO rally.task.runner [-] Task b391d463-0d30-4735-acd8-41f940efa65b | ITER: 3 START
2019-12-18 02:20:29.234 14560 INFO rally.task.runner [-] Task b391d463-0d30-4735-acd8-41f940efa65b | ITER: 4 START
2019-12-18 02:20:29.886 14557 RALLYDEBUG rally_openstack.wrappers.network [-] CIDR generated: 1.1.0.12/30
2019-12-18 02:20:29.888 14558 RALLYDEBUG rally_openstack.wrappers.network [-] CIDR generated: 1.1.0.16/30
2019-12-18 02:20:29.891 14559 RALLYDEBUG rally_openstack.wrappers.network [-] CIDR generated: 1.1.0.20/30
2019-12-18 02:20:30.840 14560 RALLYDEBUG rally_openstack.wrappers.network [-] CIDR generated: 1.1.0.24/30
2019-12-18 02:20:32.824 14558 INFO rally.task.runner [-] Task b391d463-0d30-4735-acd8-41f940efa65b | ITER: 2 END: OK
2019-12-18 02:20:32.829 14558 INFO rally.task.runner [-] Task b391d463-0d30-4735-acd8-41f940efa65b | ITER: 5 START
2019-12-18 02:20:33.449 14558 RALLYDEBUG rally_openstack.wrappers.network [-] CIDR generated: 1.1.0.28/30
2019-12-18 02:20:33.548 14559 INFO rally.task.runner [-] Task b391d463-0d30-4735-acd8-41f940efa65b | ITER: 3 END: OK
2019-12-18 02:20:33.553 14559 INFO rally.task.runner [-] Task b391d463-0d30-4735-acd8-41f940efa65b | ITER: 6 START
2019-12-18 02:20:33.689 14557 INFO rally.task.runner [-] Task b391d463-0d30-4735-acd8-41f940efa65b | ITER: 1 END: OK
2019-12-18 02:20:33.694 14557 INFO rally.task.runner [-] Task b391d463-0d30-4735-acd8-41f940efa65b | ITER: 7 START
2019-12-18 02:20:34.016 14559 RALLYDEBUG rally_openstack.wrappers.network [-] CIDR generated: 1.1.0.32/30
2019-12-18 02:20:34.207 14557 RALLYDEBUG rally_openstack.wrappers.network [-] CIDR generated: 1.1.0.36/30
2019-12-18 02:20:34.331 14560 INFO rally.task.runner [-] Task b391d463-0d30-4735-acd8-41f940efa65b | ITER: 4 END: OK
2019-12-18 02:20:34.336 14560 INFO rally.task.runner [-] Task b391d463-0d30-4735-acd8-41f940efa65b | ITER: 8 START
2019-12-18 02:20:34.892 14560 RALLYDEBUG rally_openstack.wrappers.network [-] CIDR generated: 1.1.0.40/30
2019-12-18 02:20:37.176 14558 INFO rally.task.runner [-] Task b391d463-0d30-4735-acd8-41f940efa65b | ITER: 5 END: OK
2019-12-18 02:20:37.179 14558 INFO rally.task.runner [-] Task b391d463-0d30-4735-acd8-41f940efa65b | ITER: 9 START
2019-12-18 02:20:37.479 14559 INFO rally.task.runner [-] Task b391d463-0d30-4735-acd8-41f940efa65b | ITER: 6 END: OK
2019-12-18 02:20:37.483 14559 INFO rally.task.runner [-] Task b391d463-0d30-4735-acd8-41f940efa65b | ITER: 10 START
2019-12-18 02:20:37.492 14557 INFO rally.task.runner [-] Task b391d463-0d30-4735-acd8-41f940efa65b | ITER: 7 END: OK
2019-12-18 02:20:37.677 14558 RALLYDEBUG rally_openstack.wrappers.network [-] CIDR generated: 1.1.0.44/30
2019-12-18 02:20:37.992 14559 RALLYDEBUG rally_openstack.wrappers.network [-] CIDR generated: 1.1.0.48/30
2019-12-18 02:20:38.166 14560 INFO rally.task.runner [-] Task b391d463-0d30-4735-acd8-41f940efa65b | ITER: 8 END: OK
2019-12-18 02:20:41.087 14558 INFO rally.task.runner [-] Task b391d463-0d30-4735-acd8-41f940efa65b | ITER: 9 END: OK
2019-12-18 02:20:41.196 14559 INFO rally.task.runner [-] Task b391d463-0d30-4735-acd8-41f940efa65b | ITER: 10 END: OK
2019-12-18 02:20:41.218 13785 INFO rally.task.context [-] Task b391d463-0d30-4735-acd8-41f940efa65b | Context cleanup@openstack cleanup() started
2019-12-18 02:20:41.221 13785 RALLYDEBUG rally_openstack.cleanup.manager [-] Cleaning up neutron vip objects
2019-12-18 02:20:42.503 13785 RALLYDEBUG rally_openstack.cleanup.manager [-] Cleaning up neutron health_monitor objects
2019-12-18 02:20:43.623 13785 RALLYDEBUG rally_openstack.cleanup.manager [-] Cleaning up neutron pool objects
2019-12-18 02:20:44.712 13785 RALLYDEBUG rally_openstack.cleanup.manager [-] Cleaning up neutron loadbalancer objects
2019-12-18 02:20:45.846 13785 RALLYDEBUG rally_openstack.cleanup.manager [-] Cleaning up neutron floatingip objects
2019-12-18 02:20:47.088 13785 RALLYDEBUG rally_openstack.cleanup.manager [-] Cleaning up neutron trunk objects
2019-12-18 02:20:48.281 13785 RALLYDEBUG rally_openstack.cleanup.manager [-] Cleaning up neutron port objects
2019-12-18 02:20:50.583 13785 RALLYDEBUG rally_openstack.cleanup.manager [-] Deleting neutron.port object s_rally_0d80f798_tnzkXg47 (17631cf3-a625-40bd-9838-673b2fd147e3)
2019-12-18 02:20:50.592 13785 RALLYDEBUG rally_openstack.cleanup.manager [-] Deleting neutron.port object s_rally_0d80f798_SfOE4gRG (e0152be8-58e6-4a7a-a629-575639f09022)
2019-12-18 02:20:50.597 13785 RALLYDEBUG rally_openstack.cleanup.manager [-] Deleting neutron.port object s_rally_0d80f798_TgyYwrFu (0f0b632a-4f94-42d2-9646-a0c2bce1c58e)
2019-12-18 02:20:50.619 13785 RALLYDEBUG rally_openstack.cleanup.manager [-] Deleting neutron.port object s_rally_0d80f798_5bj0P7mz (2c203aa0-88f5-41d2-8ab8-50589fe64fd4)
2019-12-18 02:20:50.636 13785 RALLYDEBUG rally_openstack.cleanup.manager [-] Deleting neutron.port object s_rally_0d80f798_BeT6LBit (5b606cc7-1d2f-4b9f-b634-2308e12ef898)
2019-12-18 02:20:50.646 13785 RALLYDEBUG rally_openstack.cleanup.manager [-] Deleting neutron.port object s_rally_0d80f798_uHfprmvP (60315b20-4bc6-4c6f-b813-5f043fd9fdc1)
2019-12-18 02:20:50.664 13785 RALLYDEBUG rally_openstack.cleanup.manager [-] Deleting neutron.port object s_rally_0d80f798_6dbNVqIE (baf5ef0d-7b6d-4719-8a99-a740a90a6a03)
2019-12-18 02:20:50.693 13785 RALLYDEBUG rally_openstack.cleanup.manager [-] Deleting neutron.port object s_rally_0d80f798_ePmAMEmH (fb425b4b-3a50-4ab4-b0c5-66d0ad1882a2)
2019-12-18 02:20:50.702 13785 RALLYDEBUG rally_openstack.cleanup.manager [-] Deleting neutron.port object s_rally_0d80f798_5lOA8G9r (375939a0-5791-4bd7-90cc-5c9a6db700e3)
2019-12-18 02:20:50.713 13785 RALLYDEBUG rally_openstack.cleanup.manager [-] Deleting neutron.port object s_rally_0d80f798_2e6yLOCn (f0f9b30a-7343-4889-b24f-9e477b2ae0fb)
2019-12-18 02:20:56.456 13785 RALLYDEBUG rally_openstack.cleanup.manager [-] Cleaning up neutron subnet objects
2019-12-18 02:20:57.784 13785 RALLYDEBUG rally_openstack.cleanup.manager [-] Deleting neutron.subnet object s_rally_0d80f798_FTDuGJTy (9e26f74d-f3e0-418c-bf6e-21309c8ed2fe)
2019-12-18 02:20:57.794 13785 RALLYDEBUG rally_openstack.cleanup.manager [-] Deleting neutron.subnet object s_rally_0d80f798_FugTUKpV (accab162-3e83-436c-b0f3-d6522b6568d6)
2019-12-18 02:20:57.798 13785 RALLYDEBUG rally_openstack.cleanup.manager [-] Deleting neutron.subnet object s_rally_0d80f798_08p8pAbC (322b4934-93be-471b-b80c-cad1dbe91846)
2019-12-18 02:20:57.806 13785 RALLYDEBUG rally_openstack.cleanup.manager [-] Deleting neutron.subnet object s_rally_0d80f798_Err76lfA (42d9201b-de2f-4b2f-9f32-365046d4f3cf)
2019-12-18 02:20:57.810 13785 RALLYDEBUG rally_openstack.cleanup.manager [-] Deleting neutron.subnet object s_rally_0d80f798_r4Pr7AcM (66a5b91a-6335-41ab-820f-3987cc6d3f00)
2019-12-18 02:20:57.820 13785 RALLYDEBUG rally_openstack.cleanup.manager [-] Deleting neutron.subnet object s_rally_0d80f798_5ejPrMNo (866f4cbd-c7d0-464e-a826-7ce572f2b4d6)
2019-12-18 02:20:57.828 13785 RALLYDEBUG rally_openstack.cleanup.manager [-] Deleting neutron.subnet object s_rally_0d80f798_eRo53dm7 (bc7a8e30-f780-4c61-a0fc-ff9c1e179af0)
2019-12-18 02:20:57.833 13785 RALLYDEBUG rally_openstack.cleanup.manager [-] Deleting neutron.subnet object s_rally_0d80f798_3G0TxK9w (d1722d75-1049-44d2-adf9-93412e4d3bec)
2019-12-18 02:20:57.878 13785 RALLYDEBUG rally_openstack.cleanup.manager [-] Deleting neutron.subnet object s_rally_0d80f798_6fsNQTkC (d78f523d-3ad8-4e46-a1aa-a991b79cec43)
2019-12-18 02:20:57.888 13785 RALLYDEBUG rally_openstack.cleanup.manager [-] Deleting neutron.subnet object s_rally_0d80f798_mRxTLC6M (3374d59a-e64c-44f2-86f9-0d2d720ebf7b)
2019-12-18 02:21:01.189 13785 RALLYDEBUG rally_openstack.cleanup.manager [-] Cleaning up neutron network objects
2019-12-18 02:21:02.556 13785 RALLYDEBUG rally_openstack.cleanup.manager [-] Deleting neutron.network object s_rally_0d80f798_id23fBft (7720861f-a6df-41a8-9eef-e22b3f6e9681)
2019-12-18 02:21:02.566 13785 RALLYDEBUG rally_openstack.cleanup.manager [-] Deleting neutron.network object s_rally_0d80f798_hEpoCeu8 (7f9ba8b3-b4c2-468e-bf51-76e5fe661a58)
2019-12-18 02:21:02.575 13785 RALLYDEBUG rally_openstack.cleanup.manager [-] Deleting neutron.network object s_rally_0d80f798_XwNvKgrY (12fd99ce-c1e3-4ae8-9b9a-6accf323c7c1)
2019-12-18 02:21:02.578 13785 RALLYDEBUG rally_openstack.cleanup.manager [-] Deleting neutron.network object s_rally_0d80f798_jQo5XT7j (1d633560-3965-4a02-abd4-dc88a0e54d46)
2019-12-18 02:21:02.593 13785 RALLYDEBUG rally_openstack.cleanup.manager [-] Deleting neutron.network object s_rally_0d80f798_KDcVeIjW (4e136c90-95cc-4942-819c-d5fc46a08682)
2019-12-18 02:21:02.609 13785 RALLYDEBUG rally_openstack.cleanup.manager [-] Deleting neutron.network object s_rally_0d80f798_ms2YYpL4 (6ba47c44-b918-42ed-bd47-d8ceb49ccd09)
2019-12-18 02:21:02.633 13785 RALLYDEBUG rally_openstack.cleanup.manager [-] Deleting neutron.network object s_rally_0d80f798_jGZdvkyJ (daae2d8b-a00c-4ce6-a5cb-b290d097047e)
2019-12-18 02:21:02.648 13785 RALLYDEBUG rally_openstack.cleanup.manager [-] Deleting neutron.network object s_rally_0d80f798_LqhEwgAU (e0ff88c4-fbee-495b-a82f-ba5dc9f86b19)
2019-12-18 02:21:02.654 13785 RALLYDEBUG rally_openstack.cleanup.manager [-] Deleting neutron.network object s_rally_0d80f798_aP4qT6Rb (f2b5d39c-922f-4733-ab71-75db6ad76f5f)
2019-12-18 02:21:02.669 13785 RALLYDEBUG rally_openstack.cleanup.manager [-] Deleting neutron.network object s_rally_0d80f798_KNkR8BDC (a191dcda-2ad9-4f70-9feb-e04edd140e70)
2019-12-18 02:21:05.134 13785 RALLYDEBUG rally_openstack.cleanup.manager [-] Cleaning up neutron router objects
2019-12-18 02:21:06.801 13785 RALLYDEBUG rally_openstack.cleanup.manager [-] Deleting neutron.router object s_rally_0d80f798_tnzkXg47 (582fb884-dcdd-40c9-87ec-9f3e503e87de)
2019-12-18 02:21:06.811 13785 RALLYDEBUG rally_openstack.cleanup.manager [-] Deleting neutron.router object s_rally_0d80f798_SfOE4gRG (f39dd6d1-65cc-4b7c-af22-aee3e9ae4b7c)
2019-12-18 02:21:06.815 13785 RALLYDEBUG rally_openstack.cleanup.manager [-] Deleting neutron.router object s_rally_0d80f798_2e6yLOCn (0a62827c-2f2e-4880-a9aa-9d2496bf62d8)
2019-12-18 02:21:06.829 13785 RALLYDEBUG rally_openstack.cleanup.manager [-] Deleting neutron.router object s_rally_0d80f798_5bj0P7mz (2a5cbdab-6b2e-4a01-b799-1118f6c23eb3)
2019-12-18 02:21:06.839 13785 RALLYDEBUG rally_openstack.cleanup.manager [-] Deleting neutron.router object s_rally_0d80f798_6dbNVqIE (4f7b3cdb-7f24-4115-9da8-2e5a7c10d487)
2019-12-18 02:21:06.849 13785 RALLYDEBUG rally_openstack.cleanup.manager [-] Deleting neutron.router object s_rally_0d80f798_BeT6LBit (554b7725-c355-4732-a42f-b9d289760ce9)
2019-12-18 02:21:06.854 13785 RALLYDEBUG rally_openstack.cleanup.manager [-] Deleting neutron.router object s_rally_0d80f798_ePmAMEmH (67bdfbb1-4e1a-4130-a054-88d8fff6aea9)
2019-12-18 02:21:06.863 13785 RALLYDEBUG rally_openstack.cleanup.manager [-] Deleting neutron.router object s_rally_0d80f798_TgyYwrFu (90bb2ae3-590f-4cbe-9e6e-a34152d6f762)
2019-12-18 02:21:06.880 13785 RALLYDEBUG rally_openstack.cleanup.manager [-] Deleting neutron.router object s_rally_0d80f798_uHfprmvP (eacc2cf9-4d73-4609-b683-2a4a9e1ac45a)
2019-12-18 02:21:06.886 13785 RALLYDEBUG rally_openstack.cleanup.manager [-] Deleting neutron.router object s_rally_0d80f798_5lOA8G9r (b97c438b-ac2f-437c-8a55-9f97278f10e6)
2019-12-18 02:21:09.287 13785 RALLYDEBUG rally_openstack.cleanup.manager [-] Cleaning up neutron security_group objects
2019-12-18 02:21:10.695 13785 INFO rally.task.context [-] Task b391d463-0d30-4735-acd8-41f940efa65b | Context cleanup@openstack cleanup() finished in 29.48 sec
2019-12-18 02:21:10.696 13785 INFO rally.task.context [-] Task b391d463-0d30-4735-acd8-41f940efa65b | Context quotas@openstack cleanup() started
2019-12-18 02:21:10.810 13785 INFO rally.task.context [-] Task b391d463-0d30-4735-acd8-41f940efa65b | Context quotas@openstack cleanup() finished in 0.11 sec
2019-12-18 02:21:10.811 13785 INFO rally.task.context [-] Task b391d463-0d30-4735-acd8-41f940efa65b | Context users@openstack cleanup() started
2019-12-18 02:21:14.876 13785 INFO rally.task.context [-] Task b391d463-0d30-4735-acd8-41f940efa65b | Context users@openstack cleanup() finished in 4.06 sec
2019-12-18 02:21:15.810 13785 INFO rally.task.engine [-] Load duration is: 11.970486
2019-12-18 02:21:15.810 13785 INFO rally.task.engine [-] Full runner duration is: 12.0129
2019-12-18 02:21:15.811 13785 INFO rally.task.engine [-] Full duration is: 49.347134
2019-12-18 02:21:16.171 13785 INFO rally.task.engine [-] Running workload: position = 0 config = { "version": 2, "title": "A cropped version of a bigger task.", "description": "Auto-generated task from a single workload (uuid=841c341d-feaa-4445-a63b-47a564284b62)", "subtasks": [ { "title": "NeutronNetworks.create_and_update_subnets", "description": "Create and update a subnet.", "scenario": { "NeutronNetworks.create_and_update_subnets": { "network_create_args": {}, "subnet_cidr_start": "1.4.0.0/16", "subnet_create_args": {}, "subnet_update_args": { "enable_dhcp": false }, "subnets_per_network": 1 } }, "contexts": { "users": { "tenants": 3, "users_per_tenant": 2 }, "quotas": { "neutron": { "network": -1, "subnet": -1 } } }, "runner": { "constant": { "concurrency": 4, "times": 10 } }, "hooks": [], "sla": { "failure_rate": { "max": 0 } } } ] }
2019-12-18 02:21:16.197 13785 RALLYDEBUG rally_openstack.contexts.keystone.users [-] Creating 3 tenants using 20 threads
2019-12-18 02:21:17.241 13785 RALLYDEBUG rally_openstack.contexts.keystone.users [-] Creating 6 users using 20 threads
2019-12-18 02:21:18.746 13785 INFO rally.task.context [-] Task b391d463-0d30-4735-acd8-41f940efa65b | Context users@openstack setup() finished in 2.55 sec
2019-12-18 02:21:19.665 13785 INFO rally.task.context [-] Task b391d463-0d30-4735-acd8-41f940efa65b | Context quotas@openstack setup() finished in 0.92 sec
2019-12-18 02:21:19.666 13785 INFO rally.task.context [-] Task b391d463-0d30-4735-acd8-41f940efa65b | Context cleanup@openstack setup() finished in 0.02 msec
2019-12-18 02:21:19.675 13785 RALLYDEBUG rally.task.runner [-] Starting the constant runner (task UUID: b391d463-0d30-4735-acd8-41f940efa65b). times: 10 concurrency: 4 timeout: 0 max_cpu_used: 16 processes_to_start: 4 concurrency_per_worker: 1 concurrency_overhead: 0
2019-12-18 02:21:19.686 14881 RALLYDEBUG rally.task.runner [-] Starting a worker. times: 10 duration: None concurrency: 1 timeout: 0 cls: method_name: run args: {"network_create_args": {}, "subnet_cidr_start": "1.4.0.0/16", "subnet_create_args": {}, "subnet_update_args": {"enable_dhcp": false}, "subnets_per_network": 1}
2019-12-18 02:21:19.689 14882 RALLYDEBUG rally.task.runner [-] Starting a worker. times: 10 duration: None concurrency: 1 timeout: 0 cls: method_name: run args: {"network_create_args": {}, "subnet_cidr_start": "1.4.0.0/16", "subnet_create_args": {}, "subnet_update_args": {"enable_dhcp": false}, "subnets_per_network": 1}
2019-12-18 02:21:19.692 14883 RALLYDEBUG rally.task.runner [-] Starting a worker. times: 10 duration: None concurrency: 1 timeout: 0 cls: method_name: run args: {"network_create_args": {}, "subnet_cidr_start": "1.4.0.0/16", "subnet_create_args": {}, "subnet_update_args": {"enable_dhcp": false}, "subnets_per_network": 1}
2019-12-18 02:21:19.692 14881 INFO rally.task.runner [-] Task b391d463-0d30-4735-acd8-41f940efa65b | ITER: 1 START
2019-12-18 02:21:19.696 14882 INFO rally.task.runner [-] Task b391d463-0d30-4735-acd8-41f940efa65b | ITER: 2 START
2019-12-18 02:21:19.695 14884 RALLYDEBUG rally.task.runner [-] Starting a worker. times: 10 duration: None concurrency: 1 timeout: 0 cls: method_name: run args: {"network_create_args": {}, "subnet_cidr_start": "1.4.0.0/16", "subnet_create_args": {}, "subnet_update_args": {"enable_dhcp": false}, "subnets_per_network": 1}
2019-12-18 02:21:19.698 14883 INFO rally.task.runner [-] Task b391d463-0d30-4735-acd8-41f940efa65b | ITER: 3 START
2019-12-18 02:21:19.702 14884 INFO rally.task.runner [-] Task b391d463-0d30-4735-acd8-41f940efa65b | ITER: 4 START
2019-12-18 02:21:20.356 14881 RALLYDEBUG rally_openstack.wrappers.network [-] CIDR generated: 1.17.0.0/16
2019-12-18 02:21:20.609 14884 RALLYDEBUG rally_openstack.wrappers.network [-] CIDR generated: 1.18.0.0/16
2019-12-18 02:21:20.646 14882 RALLYDEBUG rally_openstack.wrappers.network [-] CIDR generated: 1.19.0.0/16
2019-12-18 02:21:21.482 14883 RALLYDEBUG rally_openstack.wrappers.network [-] CIDR generated: 1.20.0.0/16
2019-12-18 02:21:21.573 14884 INFO rally.task.runner [-] Task b391d463-0d30-4735-acd8-41f940efa65b | ITER: 4 END: OK
2019-12-18 02:21:21.577 14884 INFO rally.task.runner [-] Task b391d463-0d30-4735-acd8-41f940efa65b | ITER: 5 START
2019-12-18 02:21:21.611 14881 INFO rally.task.runner [-] Task b391d463-0d30-4735-acd8-41f940efa65b | ITER: 1 END: OK
2019-12-18 02:21:21.616 14881 INFO rally.task.runner [-] Task b391d463-0d30-4735-acd8-41f940efa65b | ITER: 6 START
2019-12-18 02:21:22.072 14884 RALLYDEBUG rally_openstack.wrappers.network [-] CIDR generated: 1.21.0.0/16
2019-12-18 02:21:22.134 14881 RALLYDEBUG rally_openstack.wrappers.network [-] CIDR generated: 1.22.0.0/16
2019-12-18 02:21:22.215 14882 INFO rally.task.runner [-] Task b391d463-0d30-4735-acd8-41f940efa65b | ITER: 2 END: OK
2019-12-18 02:21:22.220 14882 INFO rally.task.runner [-] Task b391d463-0d30-4735-acd8-41f940efa65b | ITER: 7 START
2019-12-18 02:21:22.674 14883 INFO rally.task.runner [-] Task b391d463-0d30-4735-acd8-41f940efa65b | ITER: 3 END: OK
2019-12-18 02:21:22.679 14883 INFO rally.task.runner [-] Task b391d463-0d30-4735-acd8-41f940efa65b | ITER: 8 START
2019-12-18 02:21:22.707 14882 RALLYDEBUG rally_openstack.wrappers.network [-] CIDR generated: 1.23.0.0/16
2019-12-18 02:21:23.190 14883 RALLYDEBUG rally_openstack.wrappers.network [-] CIDR generated: 1.24.0.0/16
2019-12-18 02:21:23.474 14884 INFO rally.task.runner [-] Task b391d463-0d30-4735-acd8-41f940efa65b | ITER: 5 END: OK
2019-12-18 02:21:23.477 14884 INFO rally.task.runner [-] Task b391d463-0d30-4735-acd8-41f940efa65b | ITER: 9 START
2019-12-18 02:21:23.612 14881 INFO rally.task.runner [-] Task b391d463-0d30-4735-acd8-41f940efa65b | ITER: 6 END: OK
2019-12-18 02:21:23.616 14881 INFO rally.task.runner [-] Task b391d463-0d30-4735-acd8-41f940efa65b | ITER: 10 START
2019-12-18 02:21:23.980 14884 RALLYDEBUG rally_openstack.wrappers.network [-] CIDR generated: 1.25.0.0/16
2019-12-18 02:21:24.084 14881 RALLYDEBUG rally_openstack.wrappers.network [-] CIDR generated: 1.26.0.0/16
2019-12-18 02:21:24.159 14882 INFO rally.task.runner [-] Task b391d463-0d30-4735-acd8-41f940efa65b | ITER: 7 END: OK
2019-12-18 02:21:24.205 14883 INFO rally.task.runner [-] Task b391d463-0d30-4735-acd8-41f940efa65b | ITER: 8 END: OK
2019-12-18 02:21:25.128 14881 INFO rally.task.runner [-] Task b391d463-0d30-4735-acd8-41f940efa65b | ITER: 10 END: OK
2019-12-18 02:21:25.185 14884 INFO rally.task.runner [-] Task b391d463-0d30-4735-acd8-41f940efa65b | ITER: 9 END: OK
2019-12-18 02:21:25.212 13785 INFO rally.task.context [-] Task b391d463-0d30-4735-acd8-41f940efa65b | Context cleanup@openstack cleanup() started
2019-12-18 02:21:25.216 13785 RALLYDEBUG rally_openstack.cleanup.manager [-] Cleaning up neutron vip objects
2019-12-18 02:21:26.397 13785 RALLYDEBUG rally_openstack.cleanup.manager [-] Cleaning up neutron health_monitor objects
2019-12-18 02:21:27.477 13785 RALLYDEBUG rally_openstack.cleanup.manager [-] Cleaning up neutron pool objects
2019-12-18 02:21:28.554 13785 RALLYDEBUG rally_openstack.cleanup.manager [-] Cleaning up neutron loadbalancer objects
2019-12-18 02:21:29.617 13785 RALLYDEBUG rally_openstack.cleanup.manager [-] Cleaning up neutron floatingip objects
2019-12-18 02:21:30.807 13785 RALLYDEBUG rally_openstack.cleanup.manager [-] Cleaning up neutron trunk objects
2019-12-18 02:21:32.016 13785 RALLYDEBUG rally_openstack.cleanup.manager [-] Cleaning up neutron port objects
2019-12-18 02:21:33.247 13785 RALLYDEBUG rally_openstack.cleanup.manager [-] Cleaning up neutron subnet objects
2019-12-18 02:21:34.562 13785 RALLYDEBUG rally_openstack.cleanup.manager [-] Deleting neutron.subnet object s_rally_841c341d_oGmpQs2j (70240fc1-149a-4b58-9049-a525fea034ff)
2019-12-18 02:21:34.572 13785 RALLYDEBUG rally_openstack.cleanup.manager [-] Deleting neutron.subnet object s_rally_841c341d_EKyZXEvp (9052dd5e-839f-4479-ae19-768f0ac394b7)
2019-12-18 02:21:34.581 13785 RALLYDEBUG rally_openstack.cleanup.manager [-] Deleting neutron.subnet object s_rally_841c341d_ECsAeZkL (c3866835-d85f-4157-b2e4-a88d1ccb2a2d)
2019-12-18 02:21:34.587 13785 RALLYDEBUG rally_openstack.cleanup.manager [-] Deleting neutron.subnet object s_rally_841c341d_xzUMYJEl (e07bce22-79c6-4b81-ab81-a453e1cb67e0)
2019-12-18 02:21:34.594 13785 RALLYDEBUG rally_openstack.cleanup.manager [-] Deleting neutron.subnet object s_rally_841c341d_aJ3AAJV9 (6c8d8bd0-6b96-4a14-89b3-9b96b13eecae)
2019-12-18 02:21:34.608 13785 RALLYDEBUG rally_openstack.cleanup.manager [-] Deleting neutron.subnet object s_rally_841c341d_CQ0Xd5Vs (b2234922-41e2-4149-a6ba-c1e1ce332f02)
2019-12-18 02:21:34.613 13785 RALLYDEBUG rally_openstack.cleanup.manager [-] Deleting neutron.subnet object s_rally_841c341d_tXAvbm9h (5ad9882e-3158-479b-8cae-2da8683652bf)
2019-12-18 02:21:34.626 13785 RALLYDEBUG rally_openstack.cleanup.manager [-] Deleting neutron.subnet object s_rally_841c341d_wVlXkl5Q (adc48032-294b-4651-b00d-eb023a9eb3db)
2019-12-18 02:21:34.651 13785 RALLYDEBUG rally_openstack.cleanup.manager [-] Deleting neutron.subnet object s_rally_841c341d_nEXwlUox (b22a1525-63a9-496b-8f01-463984168cdf)
2019-12-18 02:21:34.671 13785 RALLYDEBUG rally_openstack.cleanup.manager [-] Deleting neutron.subnet object s_rally_841c341d_ntTqBKTw (c73ff40d-a239-4ad5-8b4d-cdb0b82c8a57)
2019-12-18 02:21:37.214 13785 RALLYDEBUG rally_openstack.cleanup.manager [-] Cleaning up neutron network objects
2019-12-18 02:21:38.669 13785 RALLYDEBUG rally_openstack.cleanup.manager [-] Deleting neutron.network object s_rally_841c341d_312CCZqU (3cd98f38-147e-44ed-8366-6bb46deca457)
2019-12-18 02:21:38.679 13785 RALLYDEBUG rally_openstack.cleanup.manager [-] Deleting neutron.network object s_rally_841c341d_NBoLdXk7 (3d3c477b-d034-4958-bb2d-5c440dc76948)
2019-12-18 02:21:38.688 13785 RALLYDEBUG rally_openstack.cleanup.manager [-] Deleting neutron.network object s_rally_841c341d_7ZlT1bvE (d91e977b-d14e-4df8-b890-81d831e8a2a1)
2019-12-18 02:21:38.696 13785 RALLYDEBUG rally_openstack.cleanup.manager [-] Deleting neutron.network object s_rally_841c341d_Lir670vw (ffe4108c-0fc4-4ff0-b030-90578f44efe9)
2019-12-18 02:21:38.712 13785 RALLYDEBUG rally_openstack.cleanup.manager [-] Deleting neutron.network object s_rally_841c341d_bQQXWSbR (58d96fa6-7561-4ae6-a46e-f05ef6111b49)
2019-12-18 02:21:38.729 13785 RALLYDEBUG rally_openstack.cleanup.manager [-] Deleting neutron.network object s_rally_841c341d_tm81qh2O (5ea29ebd-9b07-4173-aabc-ccbd873f7593)
2019-12-18 02:21:38.739 13785 RALLYDEBUG rally_openstack.cleanup.manager [-] Deleting neutron.network object s_rally_841c341d_StFKv1aR (6e859b56-7ab0-4132-b966-d6f3a9bc7346)
2019-12-18 02:21:38.747 13785 RALLYDEBUG rally_openstack.cleanup.manager [-] Deleting neutron.network object s_rally_841c341d_nuzBIV7R (71d99630-28a9-4831-a5d8-19a91c7684d3)
2019-12-18 02:21:38.762 13785 RALLYDEBUG rally_openstack.cleanup.manager [-] Deleting neutron.network object s_rally_841c341d_89TyQjeT (a601b341-6b01-401f-ab82-55de38524c19)
2019-12-18 02:21:38.767 13785 RALLYDEBUG rally_openstack.cleanup.manager [-] Deleting neutron.network object s_rally_841c341d_x1Un5BJw (c1f09852-dcdb-4477-97f3-6e16f2368615)
2019-12-18 02:21:41.262 13785 RALLYDEBUG rally_openstack.cleanup.manager [-] Cleaning up neutron router objects
2019-12-18 02:21:42.503 13785 RALLYDEBUG rally_openstack.cleanup.manager [-] Cleaning up neutron security_group objects
2019-12-18 02:21:43.794 13785 INFO rally.task.context [-] Task b391d463-0d30-4735-acd8-41f940efa65b | Context cleanup@openstack cleanup() finished in 18.58 sec
2019-12-18 02:21:43.794 13785 INFO rally.task.context [-] Task b391d463-0d30-4735-acd8-41f940efa65b | Context quotas@openstack cleanup() started
2019-12-18 02:21:43.942 13785 INFO rally.task.context [-] Task b391d463-0d30-4735-acd8-41f940efa65b | Context quotas@openstack cleanup() finished in 0.15 sec
2019-12-18 02:21:43.942 13785 INFO rally.task.context [-] Task b391d463-0d30-4735-acd8-41f940efa65b | Context users@openstack cleanup() started
2019-12-18 02:21:48.137 13785 INFO rally.task.context [-] Task b391d463-0d30-4735-acd8-41f940efa65b | Context users@openstack cleanup() finished in 4.19 sec
2019-12-18 02:21:48.390 13785 INFO rally.task.engine [-] Load duration is: 5.490547
2019-12-18 02:21:48.390 13785 INFO rally.task.engine [-] Full runner duration is: 5.537649
2019-12-18 02:21:48.391 13785 INFO rally.task.engine [-] Full duration is: 31.941547
2019-12-18 02:21:48.677 13785 INFO rally.task.engine [-] Running workload: position = 0 config = { "version": 2, "title": "A cropped version of a bigger task.", "description": "Auto-generated task from a single workload (uuid=7150f6db-b5f6-49d8-8e1a-b03b76249abb)", "subtasks": [ { "title": "NeutronNetworks.create_and_delete_networks", "description": "Create and delete a network.", "scenario": { "NeutronNetworks.create_and_delete_networks": { "network_create_args": {} } }, "contexts": { "users": { "tenants": 3, "users_per_tenant": 2 }, "quotas": { "neutron": { "network": -1 } } }, "runner": { "constant": { "concurrency": 4, "times": 10 } }, "hooks": [], "sla": { "failure_rate": { "max": 0 } } } ] }
2019-12-18 02:21:48.702 13785 RALLYDEBUG rally_openstack.contexts.keystone.users [-] Creating 3 tenants using 20 threads
2019-12-18 02:21:49.737 13785 RALLYDEBUG rally_openstack.contexts.keystone.users [-] Creating 6 users using 20 threads
2019-12-18 02:21:51.369 13785 INFO rally.task.context [-] Task b391d463-0d30-4735-acd8-41f940efa65b | Context users@openstack setup() finished in 2.67 sec
2019-12-18 02:21:52.186 13785 INFO rally.task.context [-] Task b391d463-0d30-4735-acd8-41f940efa65b | Context quotas@openstack setup() finished in 0.82 sec
2019-12-18 02:21:52.186 13785 INFO rally.task.context [-] Task b391d463-0d30-4735-acd8-41f940efa65b | Context cleanup@openstack setup() finished in 0.01 msec
2019-12-18 02:21:52.195 13785 RALLYDEBUG rally.task.runner [-] Starting the constant runner (task UUID: b391d463-0d30-4735-acd8-41f940efa65b). times: 10 concurrency: 4 timeout: 0 max_cpu_used: 16 processes_to_start: 4 concurrency_per_worker: 1 concurrency_overhead: 0
2019-12-18 02:21:52.207 15205 RALLYDEBUG rally.task.runner [-] Starting a worker. times: 10 duration: None concurrency: 1 timeout: 0 cls: method_name: run args: {"network_create_args": {}}
2019-12-18 02:21:52.210 15206 RALLYDEBUG rally.task.runner [-] Starting a worker. times: 10 duration: None concurrency: 1 timeout: 0 cls: method_name: run args: {"network_create_args": {}}
2019-12-18 02:21:52.214 15205 INFO rally.task.runner [-] Task b391d463-0d30-4735-acd8-41f940efa65b | ITER: 1 START
2019-12-18 02:21:52.214 15207 RALLYDEBUG rally.task.runner [-] Starting a worker. times: 10 duration: None concurrency: 1 timeout: 0 cls: method_name: run args: {"network_create_args": {}}
2019-12-18 02:21:52.217 15206 INFO rally.task.runner [-] Task b391d463-0d30-4735-acd8-41f940efa65b | ITER: 2 START
2019-12-18 02:21:52.217 15209 RALLYDEBUG rally.task.runner [-] Starting a worker. times: 10 duration: None concurrency: 1 timeout: 0 cls: method_name: run args: {"network_create_args": {}}
2019-12-18 02:21:52.220 15207 INFO rally.task.runner [-] Task b391d463-0d30-4735-acd8-41f940efa65b | ITER: 3 START
2019-12-18 02:21:52.223 15209 INFO rally.task.runner [-] Task b391d463-0d30-4735-acd8-41f940efa65b | ITER: 4 START
2019-12-18 02:21:53.439 15207 INFO rally.task.runner [-] Task b391d463-0d30-4735-acd8-41f940efa65b | ITER: 3 END: OK
2019-12-18 02:21:53.444 15207 INFO rally.task.runner [-] Task b391d463-0d30-4735-acd8-41f940efa65b | ITER: 5 START
2019-12-18 02:21:53.630 15209 INFO rally.task.runner [-] Task b391d463-0d30-4735-acd8-41f940efa65b | ITER: 4 END: OK
2019-12-18 02:21:53.635 15209 INFO rally.task.runner [-] Task b391d463-0d30-4735-acd8-41f940efa65b | ITER: 6 START
2019-12-18 02:21:53.665 15205 INFO rally.task.runner [-] Task b391d463-0d30-4735-acd8-41f940efa65b | ITER: 1 END: OK
2019-12-18 02:21:53.670 15205 INFO rally.task.runner [-] Task b391d463-0d30-4735-acd8-41f940efa65b | ITER: 7 START
2019-12-18 02:21:54.241 15206 INFO rally.task.runner [-] Task b391d463-0d30-4735-acd8-41f940efa65b | ITER: 2 END: OK
2019-12-18 02:21:54.245 15206 INFO rally.task.runner [-] Task b391d463-0d30-4735-acd8-41f940efa65b | ITER: 8 START
2019-12-18 02:21:54.722 15207 INFO rally.task.runner [-] Task b391d463-0d30-4735-acd8-41f940efa65b | ITER: 5 END: OK
2019-12-18 02:21:54.726 15207 INFO rally.task.runner [-] Task b391d463-0d30-4735-acd8-41f940efa65b | ITER: 9 START
2019-12-18 02:21:54.890 15209 INFO rally.task.runner [-] Task b391d463-0d30-4735-acd8-41f940efa65b | ITER: 6 END: OK
2019-12-18 02:21:54.893 15209 INFO rally.task.runner [-] Task b391d463-0d30-4735-acd8-41f940efa65b | ITER: 10 START
2019-12-18 02:21:55.745 15206 INFO rally.task.runner [-] Task b391d463-0d30-4735-acd8-41f940efa65b | ITER: 8 END: OK
2019-12-18 02:21:55.840 15205 INFO rally.task.runner [-] Task b391d463-0d30-4735-acd8-41f940efa65b | ITER: 7 END: OK
2019-12-18 02:21:55.854 15207 INFO rally.task.runner [-] Task b391d463-0d30-4735-acd8-41f940efa65b | ITER: 9 END: OK
2019-12-18 02:21:56.200 15209 INFO rally.task.runner [-] Task b391d463-0d30-4735-acd8-41f940efa65b | ITER: 10 END: OK
2019-12-18 02:21:56.223 13785 INFO rally.task.context [-] Task b391d463-0d30-4735-acd8-41f940efa65b | Context cleanup@openstack cleanup() started
2019-12-18 02:21:56.226 13785 RALLYDEBUG rally_openstack.cleanup.manager [-] Cleaning up neutron vip objects
2019-12-18 02:21:57.460 13785 RALLYDEBUG rally_openstack.cleanup.manager [-] Cleaning up neutron health_monitor objects
2019-12-18 02:21:58.580 13785 RALLYDEBUG rally_openstack.cleanup.manager [-] Cleaning up neutron pool objects
2019-12-18 02:21:59.734 13785 RALLYDEBUG rally_openstack.cleanup.manager [-] Cleaning up neutron loadbalancer objects
2019-12-18 02:22:00.884 13785 RALLYDEBUG rally_openstack.cleanup.manager [-] Cleaning up neutron floatingip objects
2019-12-18 02:22:02.415 13785 RALLYDEBUG rally_openstack.cleanup.manager [-] Cleaning up neutron trunk objects
2019-12-18 02:22:03.599 13785 RALLYDEBUG rally_openstack.cleanup.manager [-] Cleaning up neutron port objects
2019-12-18 02:22:04.831 13785 RALLYDEBUG rally_openstack.cleanup.manager [-] Cleaning up neutron subnet objects
2019-12-18 02:22:06.073 13785 RALLYDEBUG rally_openstack.cleanup.manager [-] Cleaning up neutron network objects
2019-12-18 02:22:07.292 13785 RALLYDEBUG rally_openstack.cleanup.manager [-] Cleaning up neutron router objects
2019-12-18 02:22:08.529 13785 RALLYDEBUG rally_openstack.cleanup.manager [-] Cleaning up neutron security_group objects
2019-12-18 02:22:09.801 13785 INFO rally.task.context [-] Task b391d463-0d30-4735-acd8-41f940efa65b | Context cleanup@openstack cleanup() finished in 13.58 sec
2019-12-18 02:22:09.802 13785 INFO rally.task.context [-] Task b391d463-0d30-4735-acd8-41f940efa65b | Context quotas@openstack cleanup() started
2019-12-18 02:22:10.060 13785 INFO rally.task.context [-] Task b391d463-0d30-4735-acd8-41f940efa65b | Context quotas@openstack cleanup() finished in 0.26 sec
2019-12-18 02:22:10.060 13785 INFO rally.task.context [-] Task b391d463-0d30-4735-acd8-41f940efa65b | Context users@openstack cleanup() started
2019-12-18 02:22:14.157 13785 INFO rally.task.context [-] Task b391d463-0d30-4735-acd8-41f940efa65b | Context users@openstack cleanup() finished in 4.10 sec
2019-12-18 02:22:14.872 13785 INFO rally.task.engine [-] Load duration is: 3.984089
2019-12-18 02:22:14.872 13785 INFO rally.task.engine [-] Full runner duration is: 4.027713
2019-12-18 02:22:14.872 13785 INFO rally.task.engine [-] Full duration is: 25.456995
2019-12-18 02:22:15.163 13785 INFO rally.task.engine [-] Running workload: position = 0 config = { "version": 2, "title": "A cropped version of a bigger task.", "description": "Auto-generated task from a single workload (uuid=3e844672-7c3f-4196-b706-79fbc90d6f9c)", "subtasks": [ { "title": "NeutronNetworks.create_and_delete_ports", "description": "Create and delete a port.", "scenario": { "NeutronNetworks.create_and_delete_ports": { "network_create_args": {}, "port_create_args": {}, "ports_per_network": 1 } }, "contexts": { "users": { "tenants": 3, "users_per_tenant": 2 }, "network": { "router": {} }, "quotas": { "neutron": { "network": -1, "port": -1 } } }, "runner": { "constant": { "concurrency": 4, "times": 10 } }, "hooks": [], "sla": { "failure_rate": { "max": 0 } } } ] }
2019-12-18 02:22:15.188 13785 RALLYDEBUG rally_openstack.contexts.keystone.users [-] Creating 3 tenants using 20 threads
2019-12-18 02:22:16.242 13785 RALLYDEBUG rally_openstack.contexts.keystone.users [-] Creating 6 users using 20 threads
2019-12-18 02:22:17.754 13785 INFO rally.task.context [-] Task b391d463-0d30-4735-acd8-41f940efa65b | Context users@openstack setup() finished in 2.57 sec
2019-12-18 02:22:18.673 13785 INFO rally.task.context [-] Task b391d463-0d30-4735-acd8-41f940efa65b | Context quotas@openstack setup() finished in 0.92 sec
2019-12-18 02:22:19.301 13785 RALLYDEBUG rally_openstack.wrappers.network [-] CIDR generated: 10.2.23.0/24
2019-12-18 02:22:20.149 13785 RALLYDEBUG rally_openstack.wrappers.network [-] CIDR generated: 10.2.24.0/24
2019-12-18 02:22:20.888 13785 RALLYDEBUG rally_openstack.wrappers.network [-] CIDR generated: 10.2.25.0/24
2019-12-18 02:22:21.378 13785 INFO rally.task.context [-] Task b391d463-0d30-4735-acd8-41f940efa65b | Context network@openstack setup() finished in 2.70 sec
2019-12-18 02:22:21.379 13785 INFO rally.task.context [-] Task b391d463-0d30-4735-acd8-41f940efa65b | Context cleanup@openstack setup() finished in 0.01 msec
2019-12-18 02:22:21.388 13785 RALLYDEBUG rally.task.runner [-] Starting the constant runner (task UUID: b391d463-0d30-4735-acd8-41f940efa65b). times: 10 concurrency: 4 timeout: 0 max_cpu_used: 16 processes_to_start: 4 concurrency_per_worker: 1 concurrency_overhead: 0
2019-12-18 02:22:21.400 15529 RALLYDEBUG rally.task.runner [-] Starting a worker. times: 10 duration: None concurrency: 1 timeout: 0 cls: method_name: run args: {"network_create_args": {}, "port_create_args": {}, "ports_per_network": 1}
2019-12-18 02:22:21.403 15530 RALLYDEBUG rally.task.runner [-] Starting a worker. times: 10 duration: None concurrency: 1 timeout: 0 cls: method_name: run args: {"network_create_args": {}, "port_create_args": {}, "ports_per_network": 1}
2019-12-18 02:22:21.407 15529 INFO rally.task.runner [-] Task b391d463-0d30-4735-acd8-41f940efa65b | ITER: 1 START
2019-12-18 02:22:21.407 15531 RALLYDEBUG rally.task.runner [-] Starting a worker. times: 10 duration: None concurrency: 1 timeout: 0 cls: method_name: run args: {"network_create_args": {}, "port_create_args": {}, "ports_per_network": 1}
2019-12-18 02:22:21.411 15530 INFO rally.task.runner [-] Task b391d463-0d30-4735-acd8-41f940efa65b | ITER: 2 START
2019-12-18 02:22:21.411 15532 RALLYDEBUG rally.task.runner [-] Starting a worker. times: 10 duration: None concurrency: 1 timeout: 0 cls: method_name: run args: {"network_create_args": {}, "port_create_args": {}, "ports_per_network": 1}
2019-12-18 02:22:21.414 15531 INFO rally.task.runner [-] Task b391d463-0d30-4735-acd8-41f940efa65b | ITER: 3 START
2019-12-18 02:22:21.417 15532 INFO rally.task.runner [-] Task b391d463-0d30-4735-acd8-41f940efa65b | ITER: 4 START
2019-12-18 02:22:22.901 15530 INFO rally.task.runner [-] Task b391d463-0d30-4735-acd8-41f940efa65b | ITER: 2 END: OK
2019-12-18 02:22:22.904 15530 INFO rally.task.runner [-] Task b391d463-0d30-4735-acd8-41f940efa65b | ITER: 5 START
2019-12-18 02:22:23.112 15529 INFO rally.task.runner [-] Task b391d463-0d30-4735-acd8-41f940efa65b | ITER: 1 END: OK
2019-12-18 02:22:23.114 15529 INFO rally.task.runner [-] Task b391d463-0d30-4735-acd8-41f940efa65b | ITER: 6 START
2019-12-18 02:22:23.456 15532 INFO rally.task.runner [-] Task b391d463-0d30-4735-acd8-41f940efa65b | ITER: 4 END: OK
2019-12-18 02:22:23.461 15532 INFO rally.task.runner [-] Task b391d463-0d30-4735-acd8-41f940efa65b | ITER: 7 START
2019-12-18 02:22:23.497 15531 INFO rally.task.runner [-] Task b391d463-0d30-4735-acd8-41f940efa65b | ITER: 3 END: OK
2019-12-18 02:22:23.501 15531 INFO rally.task.runner [-] Task b391d463-0d30-4735-acd8-41f940efa65b | ITER: 8 START
2019-12-18 02:22:24.269 15530 INFO rally.task.runner [-] Task b391d463-0d30-4735-acd8-41f940efa65b | ITER: 5 END: OK
2019-12-18 02:22:24.272 15530 INFO rally.task.runner [-] Task b391d463-0d30-4735-acd8-41f940efa65b | ITER: 9 START
2019-12-18 02:22:24.644 15529 INFO rally.task.runner [-] Task b391d463-0d30-4735-acd8-41f940efa65b | ITER: 6 END: OK
2019-12-18 02:22:24.648 15529 INFO rally.task.runner [-] Task b391d463-0d30-4735-acd8-41f940efa65b | ITER: 10 START
2019-12-18 02:22:25.261 15532 INFO rally.task.runner [-] Task b391d463-0d30-4735-acd8-41f940efa65b | ITER: 7 END: OK
2019-12-18 02:22:25.486 15531 INFO rally.task.runner [-] Task b391d463-0d30-4735-acd8-41f940efa65b | ITER: 8 END: OK
2019-12-18 02:22:25.645 15530 INFO rally.task.runner [-] Task b391d463-0d30-4735-acd8-41f940efa65b | ITER: 9 END: OK
2019-12-18 02:22:26.367 15529 INFO rally.task.runner [-] Task b391d463-0d30-4735-acd8-41f940efa65b | ITER: 10 END: OK
2019-12-18 02:22:26.396 13785 INFO rally.task.context [-] Task b391d463-0d30-4735-acd8-41f940efa65b | Context cleanup@openstack cleanup() started
2019-12-18 02:22:26.399 13785 RALLYDEBUG rally_openstack.cleanup.manager [-] Cleaning up neutron vip objects
2019-12-18 02:22:27.509 13785 RALLYDEBUG rally_openstack.cleanup.manager [-] Cleaning up neutron health_monitor objects
2019-12-18 02:22:28.638 13785 RALLYDEBUG rally_openstack.cleanup.manager [-] Cleaning up neutron pool objects
2019-12-18 02:22:29.768 13785 RALLYDEBUG rally_openstack.cleanup.manager [-] Cleaning up neutron loadbalancer objects
2019-12-18 02:22:30.877 13785 RALLYDEBUG rally_openstack.cleanup.manager [-] Cleaning up neutron floatingip objects
2019-12-18 02:22:32.160 13785 RALLYDEBUG rally_openstack.cleanup.manager [-] Cleaning up neutron trunk objects
2019-12-18 02:22:33.365 13785 RALLYDEBUG rally_openstack.cleanup.manager [-] Cleaning up neutron port objects
2019-12-18 02:22:34.793 13785 RALLYDEBUG rally_openstack.cleanup.manager [-] Cleaning up neutron subnet objects
2019-12-18 02:22:36.113 13785 RALLYDEBUG rally_openstack.cleanup.manager [-] Cleaning up neutron network objects
2019-12-18 02:22:37.576 13785 RALLYDEBUG rally_openstack.cleanup.manager [-] Cleaning up neutron router objects
2019-12-18 02:22:38.840 13785 RALLYDEBUG rally_openstack.cleanup.manager [-] Cleaning up neutron security_group objects
2019-12-18 02:22:40.143 13785 INFO rally.task.context [-] Task b391d463-0d30-4735-acd8-41f940efa65b | Context cleanup@openstack cleanup() finished in 13.75 sec
2019-12-18 02:22:40.143 13785 INFO rally.task.context [-] Task b391d463-0d30-4735-acd8-41f940efa65b | Context network@openstack cleanup() started
2019-12-18 02:22:51.506 13785 INFO rally.task.context [-] Task b391d463-0d30-4735-acd8-41f940efa65b | Context network@openstack cleanup() finished in 11.36 sec
2019-12-18 02:22:51.507 13785 INFO rally.task.context [-] Task b391d463-0d30-4735-acd8-41f940efa65b | Context quotas@openstack cleanup() started
2019-12-18 02:22:51.702 13785 INFO rally.task.context [-] Task b391d463-0d30-4735-acd8-41f940efa65b | Context quotas@openstack cleanup() finished in 0.19 sec
2019-12-18 02:22:51.702 13785 INFO rally.task.context [-] Task b391d463-0d30-4735-acd8-41f940efa65b | Context users@openstack cleanup() started
2019-12-18 02:22:56.044 13785 INFO rally.task.context [-] Task b391d463-0d30-4735-acd8-41f940efa65b | Context users@openstack cleanup() finished in 4.34 sec
2019-12-18 02:22:57.419 13785 INFO rally.task.engine [-] Load duration is: 4.958269
2019-12-18 02:22:57.420 13785 INFO rally.task.engine [-] Full runner duration is: 5.008201
2019-12-18 02:22:57.420 13785 INFO rally.task.engine [-] Full duration is: 40.85852
2019-12-18 02:22:57.782 13785 INFO rally.task.engine [-] Running workload: position = 0 config = { "version": 2, "title": "A cropped version of a bigger task.", "description": "Auto-generated task from a single workload (uuid=a2fa3972-d0e9-4e1f-8b20-31f901eef79e)", "subtasks": [ { "title": "NeutronNetworks.create_and_delete_routers", "description": "Create and delete a given number of routers.", "scenario": { "NeutronNetworks.create_and_delete_routers": { "network_create_args": {}, "router_create_args": {}, "subnet_cidr_start": "1.1.0.0/30", "subnet_create_args": {}, "subnets_per_network": 1 } }, "contexts": { "users": { "tenants": 3, "users_per_tenant": 2 }, "quotas": { "neutron": { "network": -1, "subnet": -1, "port": -1, "router": -1 } } }, "runner": { "constant": { "concurrency": 4, "times": 10 } }, "hooks": [], "sla": { "failure_rate": { "max": 0 } } } ] }
2019-12-18 02:22:57.807 13785 RALLYDEBUG rally_openstack.contexts.keystone.users [-] Creating 3 tenants using 20 threads
2019-12-18 02:22:58.743 13785 RALLYDEBUG rally_openstack.contexts.keystone.users [-] Creating 6 users using 20 threads
2019-12-18 02:23:00.350 13785 INFO rally.task.context [-] Task b391d463-0d30-4735-acd8-41f940efa65b | Context users@openstack setup() finished in 2.54 sec
2019-12-18 02:23:01.278 13785 INFO rally.task.context [-] Task b391d463-0d30-4735-acd8-41f940efa65b | Context quotas@openstack setup() finished in 0.93 sec
2019-12-18 02:23:01.278 13785 INFO rally.task.context [-] Task b391d463-0d30-4735-acd8-41f940efa65b | Context cleanup@openstack setup() finished in 0.01 msec
2019-12-18 02:23:01.288 13785 RALLYDEBUG rally.task.runner [-] Starting the constant runner (task UUID: b391d463-0d30-4735-acd8-41f940efa65b). times: 10 concurrency: 4 timeout: 0 max_cpu_used: 16 processes_to_start: 4 concurrency_per_worker: 1 concurrency_overhead: 0
2019-12-18 02:23:01.299 15853 RALLYDEBUG rally.task.runner [-] Starting a worker. times: 10 duration: None concurrency: 1 timeout: 0 cls: method_name: run args: {"network_create_args": {}, "router_create_args": {}, "subnet_cidr_start": "1.1.0.0/30", "subnet_create_args": {}, "subnets_per_network": 1}
2019-12-18 02:23:01.303 15854 RALLYDEBUG rally.task.runner [-] Starting a worker. times: 10 duration: None concurrency: 1 timeout: 0 cls: method_name: run args: {"network_create_args": {}, "router_create_args": {}, "subnet_cidr_start": "1.1.0.0/30", "subnet_create_args": {}, "subnets_per_network": 1}
2019-12-18 02:23:01.306 15853 INFO rally.task.runner [-] Task b391d463-0d30-4735-acd8-41f940efa65b | ITER: 1 START
2019-12-18 02:23:01.306 15855 RALLYDEBUG rally.task.runner [-] Starting a worker. times: 10 duration: None concurrency: 1 timeout: 0 cls: method_name: run args: {"network_create_args": {}, "router_create_args": {}, "subnet_cidr_start": "1.1.0.0/30", "subnet_create_args": {}, "subnets_per_network": 1}
2019-12-18 02:23:01.310 15854 INFO rally.task.runner [-] Task b391d463-0d30-4735-acd8-41f940efa65b | ITER: 2 START
2019-12-18 02:23:01.310 15856 RALLYDEBUG rally.task.runner [-] Starting a worker. times: 10 duration: None concurrency: 1 timeout: 0 cls: method_name: run args: {"network_create_args": {}, "router_create_args": {}, "subnet_cidr_start": "1.1.0.0/30", "subnet_create_args": {}, "subnets_per_network": 1}
2019-12-18 02:23:01.313 15855 INFO rally.task.runner [-] Task b391d463-0d30-4735-acd8-41f940efa65b | ITER: 3 START
2019-12-18 02:23:01.316 15856 INFO rally.task.runner [-] Task b391d463-0d30-4735-acd8-41f940efa65b | ITER: 4 START
2019-12-18 02:23:01.964 15853 RALLYDEBUG rally_openstack.wrappers.network [-] CIDR generated: 1.1.0.104/30
2019-12-18 02:23:01.969 15856 RALLYDEBUG rally_openstack.wrappers.network [-] CIDR generated: 1.1.0.108/30
2019-12-18 02:23:02.017 15854 RALLYDEBUG rally_openstack.wrappers.network [-] CIDR generated: 1.1.0.112/30
2019-12-18 02:23:02.587 15855 RALLYDEBUG rally_openstack.wrappers.network [-] CIDR generated: 1.1.0.116/30
2019-12-18 02:23:06.861 15856 INFO rally.task.runner [-] Task b391d463-0d30-4735-acd8-41f940efa65b | ITER: 4 END: OK
2019-12-18 02:23:06.866 15856 INFO rally.task.runner [-] Task b391d463-0d30-4735-acd8-41f940efa65b | ITER: 5 START
2019-12-18 02:23:07.364 15856 RALLYDEBUG rally_openstack.wrappers.network [-] CIDR generated: 1.1.0.120/30
2019-12-18 02:23:08.038 15853 INFO rally.task.runner [-] Task b391d463-0d30-4735-acd8-41f940efa65b | ITER: 1 END: OK
2019-12-18 02:23:08.043 15853 INFO rally.task.runner [-] Task b391d463-0d30-4735-acd8-41f940efa65b | ITER: 6 START
2019-12-18 02:23:08.228 15855 INFO rally.task.runner [-] Task b391d463-0d30-4735-acd8-41f940efa65b | ITER: 3 END: OK
2019-12-18 02:23:08.233 15855 INFO rally.task.runner [-] Task b391d463-0d30-4735-acd8-41f940efa65b | ITER: 7 START
2019-12-18 02:23:08.547 15853 RALLYDEBUG rally_openstack.wrappers.network [-] CIDR generated: 1.1.0.124/30
2019-12-18 02:23:08.736 15854 INFO rally.task.runner [-] Task b391d463-0d30-4735-acd8-41f940efa65b | ITER: 2 END: OK
2019-12-18 02:23:08.741 15854 INFO rally.task.runner [-] Task b391d463-0d30-4735-acd8-41f940efa65b | ITER: 8 START
2019-12-18 02:23:08.779 15855 RALLYDEBUG rally_openstack.wrappers.network [-] CIDR generated: 1.1.0.128/30
2019-12-18 02:23:09.213 15854 RALLYDEBUG rally_openstack.wrappers.network [-] CIDR generated: 1.1.0.132/30
