2019-12-16 04:41:06.749 27676 RALLYDEBUG rally_openstack.cleanup.manager [-] Deleting neutron.port object s_rally_707d2824_OtCapoQU (d6578df3-dde9-4aa8-88b5-dc8a87bb25f9)
2019-12-16 04:41:06.759 27676 RALLYDEBUG rally_openstack.cleanup.manager [-] Deleting neutron.port object s_rally_707d2824_duVxRyLY (d7b6c293-d6b0-4821-91f6-ea7ff685b419)
2019-12-16 04:41:06.770 27676 RALLYDEBUG rally_openstack.cleanup.manager [-] Deleting neutron.port object s_rally_707d2824_Z3YP6FEH (d7ec754c-27a9-495d-8fe1-7c88b3926026)
2019-12-16 04:41:06.899 27676 RALLYDEBUG rally_openstack.cleanup.manager [-] Deleting neutron.port object s_rally_707d2824_IdcM3cpQ (d812fddc-9049-4528-944c-9b0c40cc8e13)
2019-12-16 04:41:07.017 27676 RALLYDEBUG rally_openstack.cleanup.manager [-] Deleting neutron.port object s_rally_707d2824_5BHxRY3J (d9ba17ef-cca4-47cf-a864-6ed46354824e)
2019-12-16 04:41:07.025 27676 RALLYDEBUG rally_openstack.cleanup.manager [-] Deleting neutron.port object s_rally_707d2824_lCHqAoUQ (da3a2f2f-1ac9-4888-ba18-061ca84ba74c)
2019-12-16 04:41:07.077 27676 RALLYDEBUG rally_openstack.cleanup.manager [-] Deleting neutron.port object s_rally_707d2824_Bdy5ycn5 (db0b0466-8783-4606-b4ae-462924e37389)
2019-12-16 04:41:07.298 27676 RALLYDEBUG rally_openstack.cleanup.manager [-] Deleting neutron.port object s_rally_707d2824_P2ZgsTq0 (dc4d7c7a-20fb-4bef-bb1e-893762c0832a)
2019-12-16 04:41:07.509 27676 RALLYDEBUG rally_openstack.cleanup.manager [-] Deleting neutron.port object s_rally_707d2824_V5zRxRlL (de3df94c-6464-43cb-86b4-ad59f89a39d3)
2019-12-16 04:41:07.518 27676 RALLYDEBUG rally_openstack.cleanup.manager [-] Deleting neutron.port object s_rally_707d2824_5tYB2vgR (de849d7b-b9b1-46df-a29c-648b6f9b1cf6)
2019-12-16 04:41:07.642 27676 RALLYDEBUG rally_openstack.cleanup.manager [-] Deleting neutron.port object s_rally_707d2824_q8BBcZ9e (dea1cbc5-0443-47b3-9c8e-23b2690c0df9)
2019-12-16 04:41:07.652 27676 RALLYDEBUG rally_openstack.cleanup.manager [-] Deleting neutron.port object s_rally_707d2824_qSYKNidQ (df2ba113-8f0b-49a0-abb3-9566481831c1)
2019-12-16 04:41:07.681 27676 RALLYDEBUG rally_openstack.cleanup.manager [-] Deleting neutron.port object s_rally_707d2824_gyMWIkDm (dfc5b16d-3afe-4b9e-bc20-68a1b73d75de)
2019-12-16 04:41:07.976 27676 RALLYDEBUG rally_openstack.cleanup.manager [-] Deleting neutron.port object s_rally_707d2824_sOESkHmx (e0860a11-f09c-4579-80fa-83d46bb7dafd)
2019-12-16 04:41:08.024 27676 RALLYDEBUG rally_openstack.cleanup.manager [-] Deleting neutron.port object s_rally_707d2824_pqEQKloz (e09d48db-58f5-4343-88bb-1709dd0a4059)
2019-12-16 04:41:08.181 27676 RALLYDEBUG rally_openstack.cleanup.manager [-] Deleting neutron.port object s_rally_707d2824_32OVmLuB (e3cfce3e-2fe2-4545-978d-640a09897255)
2019-12-16 04:41:08.243 27676 RALLYDEBUG rally_openstack.cleanup.manager [-] Deleting neutron.port object s_rally_707d2824_9kJ5PbwZ (e415bb6c-e068-4bad-aefc-6cd07694b23d)
2019-12-16 04:41:08.333 27676 RALLYDEBUG rally_openstack.cleanup.manager [-] Deleting neutron.port object s_rally_707d2824_xKGvFKyH (e41b2eb8-3c2c-4953-b75c-fab2b49d3df7)
2019-12-16 04:41:08.442 27676 RALLYDEBUG rally_openstack.cleanup.manager [-] Deleting neutron.port object s_rally_707d2824_NpPBDK5B (e5f38deb-1c21-4661-ad5f-6db34f48e31e)
2019-12-16 04:41:08.547 27676 RALLYDEBUG rally_openstack.cleanup.manager [-] Deleting neutron.port object s_rally_707d2824_uR0RD2Dd (e6475986-856e-4d6a-bf8d-48d88bfb090e)
2019-12-16 04:41:08.671 27676 RALLYDEBUG rally_openstack.cleanup.manager [-] Deleting neutron.port object s_rally_707d2824_ESDrChl0 (e65a1791-7137-4d2a-8e58-369b7a446a91)
2019-12-16 04:41:08.675 27676 RALLYDEBUG rally_openstack.cleanup.manager [-] Deleting neutron.port object s_rally_707d2824_1Gh6iTnP (e774c4cc-c4a0-467e-9efa-43c05819c919)
2019-12-16 04:41:08.718 27676 RALLYDEBUG rally_openstack.cleanup.manager [-] Deleting neutron.port object s_rally_707d2824_OIf6VCbo (e7f28e6d-184d-49c6-94de-e6d88e9d7300)
2019-12-16 04:41:08.734 27676 RALLYDEBUG rally_openstack.cleanup.manager [-] Deleting neutron.port object s_rally_707d2824_LIumqOgO (e8c6e34a-29b7-4e0e-a4fd-3cb61dae1c22)
2019-12-16 04:41:08.759 27676 RALLYDEBUG rally_openstack.cleanup.manager [-] Deleting neutron.port object s_rally_707d2824_3XKwXr1P (e8d122b7-8d80-4de4-a64c-88d995c15b9d)
2019-12-16 04:41:08.811 27676 RALLYDEBUG rally_openstack.cleanup.manager [-] Deleting neutron.port object s_rally_707d2824_8paWjIn2 (e8f31e1a-2cb3-49b7-9844-cfacb72db80f)
2019-12-16 04:41:09.002 27676 RALLYDEBUG rally_openstack.cleanup.manager [-] Deleting neutron.port object s_rally_707d2824_JhBdNE2I (e946fcca-3b79-4235-9ba4-efaa1c91bfe7)
2019-12-16 04:41:09.132 27676 RALLYDEBUG rally_openstack.cleanup.manager [-] Deleting neutron.port object s_rally_707d2824_ehquRgqq (e985ad9b-f8e6-4a12-93c2-4c6c0b129d20)
2019-12-16 04:41:09.237 27676 RALLYDEBUG rally_openstack.cleanup.manager [-] Deleting neutron.port object s_rally_707d2824_SAPzV3VP (e9e5737c-12c1-4007-ad76-b278a4e1210f)
2019-12-16 04:41:09.261 27676 RALLYDEBUG rally_openstack.cleanup.manager [-] Deleting neutron.port object s_rally_707d2824_ABxPrt7q (e9edf0f9-f375-44a4-ba86-ba901aecbf0d)
2019-12-16 04:41:09.370 27676 RALLYDEBUG rally_openstack.cleanup.manager [-] Deleting neutron.port object s_rally_707d2824_KYCLlHhL (ebdccf09-0231-481d-8e35-20f86a690d1f)
2019-12-16 04:41:09.411 27676 RALLYDEBUG rally_openstack.cleanup.manager [-] Deleting neutron.port object s_rally_707d2824_rfDQNvWH (ec7a7baf-a753-4a14-bec4-e166c6c58701)
2019-12-16 04:41:09.659 27676 RALLYDEBUG rally_openstack.cleanup.manager [-] Deleting neutron.port object s_rally_707d2824_8U558jHg (ec8a739d-309e-4ac6-92f9-0a572bed8edd)
2019-12-16 04:41:09.720 27676 RALLYDEBUG rally_openstack.cleanup.manager [-] Deleting neutron.port object s_rally_707d2824_vXd1g8Hz (ecb3a080-169b-4ef5-b27d-de2fa36b6d67)
2019-12-16 04:41:09.733 27676 RALLYDEBUG rally_openstack.cleanup.manager [-] Deleting neutron.port object s_rally_707d2824_Gpa2WfAE (eea800e3-aad2-41ab-9944-caa9bc683a8f)
2019-12-16 04:41:09.909 27676 RALLYDEBUG rally_openstack.cleanup.manager [-] Deleting neutron.port object s_rally_707d2824_nkUaYPrZ (eedaaf6b-8b29-4ee9-8036-1d86ca7a92da)
2019-12-16 04:41:10.049 27676 RALLYDEBUG rally_openstack.cleanup.manager [-] Deleting neutron.port object s_rally_707d2824_sfk1L8Hl (ef05de31-f8e1-4392-a481-9819f906cd2c)
2019-12-16 04:41:10.070 27676 RALLYDEBUG rally_openstack.cleanup.manager [-] Deleting neutron.port object s_rally_707d2824_47oLT3OH (efebec66-7f51-4d7c-8170-b70c690686e8)
2019-12-16 04:41:10.258 27676 RALLYDEBUG rally_openstack.cleanup.manager [-] Deleting neutron.port object s_rally_707d2824_GApYreNT (f091b7ed-399e-4d53-bdfb-037de851a832)
2019-12-16 04:41:10.321 27676 RALLYDEBUG rally_openstack.cleanup.manager [-] Deleting neutron.port object s_rally_707d2824_U4rUrtwV (f177bb79-e89a-4b4d-b746-8287f38d877f)
2019-12-16 04:41:10.395 27676 RALLYDEBUG rally_openstack.cleanup.manager [-] Deleting neutron.port object s_rally_707d2824_z5I14eYv (f29d9fb2-1d60-4770-b717-6d25ad28fb9b)
2019-12-16 04:41:10.408 27676 RALLYDEBUG rally_openstack.cleanup.manager [-] Deleting neutron.port object s_rally_707d2824_17PuDaII (f2bf9a25-cb93-4f6c-be4a-3b101b7ddbb9)
2019-12-16 04:41:10.468 27676 RALLYDEBUG rally_openstack.cleanup.manager [-] Deleting neutron.port object s_rally_707d2824_4ymAAF0g (f2c2de88-bd3c-4752-9efe-b67cd3a08a54)
2019-12-16 04:41:10.472 27676 RALLYDEBUG rally_openstack.cleanup.manager [-] Deleting neutron.port object s_rally_707d2824_qhg3UOya (f3236793-59e0-4fe4-9e86-bf0e794af664)
2019-12-16 04:41:10.534 27676 RALLYDEBUG rally_openstack.cleanup.manager [-] Deleting neutron.port object s_rally_707d2824_TlXZej5k (f3bb216e-d37d-49d7-83fc-d06a01b5b533)
2019-12-16 04:41:10.538 27676 RALLYDEBUG rally_openstack.cleanup.manager [-] Deleting neutron.port object s_rally_707d2824_E63pBNCH (f3e68370-c4e5-4753-bf23-d66333c4e3ee)
2019-12-16 04:41:10.785 27676 RALLYDEBUG rally_openstack.cleanup.manager [-] Deleting neutron.port object s_rally_707d2824_8CeTjw6q (f492df22-bfee-4e26-9a8a-d5a1d8d9519c)
2019-12-16 04:41:10.954 27676 RALLYDEBUG rally_openstack.cleanup.manager [-] Deleting neutron.port object s_rally_707d2824_EQ4xjEBb (f59ee529-f9d0-4ca4-b5ce-dd9bbc35b93a)
2019-12-16 04:41:10.996 27676 RALLYDEBUG rally_openstack.cleanup.manager [-] Deleting neutron.port object s_rally_707d2824_vPkqbd1o (f5f479dd-8581-4ee1-9742-ef7fba21274f)
2019-12-16 04:41:11.124 27676 RALLYDEBUG rally_openstack.cleanup.manager [-] Deleting neutron.port object s_rally_707d2824_XzPLFEAx (f60aaec8-cf35-4c48-a92f-52d695fcdb16)
2019-12-16 04:41:11.133 27676 RALLYDEBUG rally_openstack.cleanup.manager [-] Deleting neutron.port object s_rally_707d2824_rDNWnYuR (f689abc7-429d-46c9-be99-dba298a770e8)
2019-12-16 04:41:11.145 27676 RALLYDEBUG rally_openstack.cleanup.manager [-] Deleting neutron.port object s_rally_707d2824_v8CPl2YP (f6e5d2fa-35c5-4e60-8f0f-fa864f447fd3)
2019-12-16 04:41:11.405 27676 RALLYDEBUG rally_openstack.cleanup.manager [-] Deleting neutron.port object s_rally_707d2824_LNB6cLGn (f7c0a3cf-4270-4760-b06e-3892da72a46c)
2019-12-16 04:41:11.679 27676 RALLYDEBUG rally_openstack.cleanup.manager [-] Deleting neutron.port object s_rally_707d2824_NqP0PVI3 (f7d1386e-fab7-4bb8-b23c-a770e22e0f0b)
2019-12-16 04:41:11.788 27676 RALLYDEBUG rally_openstack.cleanup.manager [-] Deleting neutron.port object s_rally_707d2824_QRHcmZnh (f8067a09-9b8d-4463-8fd4-fd3318689efb)
2019-12-16 04:41:11.832 27676 RALLYDEBUG rally_openstack.cleanup.manager [-] Deleting neutron.port object s_rally_707d2824_qc9eRuf9 (f8122cce-563d-4c02-b864-e23fafa30d3c)
2019-12-16 04:41:11.879 27676 RALLYDEBUG rally_openstack.cleanup.manager [-] Deleting neutron.port object s_rally_707d2824_qal5pDCF (f8172b65-bfae-4876-9938-2cacbba539d2)
2019-12-16 04:41:12.074 27676 RALLYDEBUG rally_openstack.cleanup.manager [-] Deleting neutron.port object s_rally_707d2824_Z0VkzIfS (f885d120-cdbd-4279-9897-2324ec362923)
2019-12-16 04:41:12.149 27676 RALLYDEBUG rally_openstack.cleanup.manager [-] Deleting neutron.port object s_rally_707d2824_Ec96hdPn (f98a792c-0adb-4928-82aa-b76275d02688)
2019-12-16 04:41:12.170 27676 RALLYDEBUG rally_openstack.cleanup.manager [-] Deleting neutron.port object s_rally_707d2824_F0dC6fo9 (fa3a7834-eef1-491d-a7f5-7a3e2866bc0e)
2019-12-16 04:41:12.195 27676 RALLYDEBUG rally_openstack.cleanup.manager [-] Deleting neutron.port object s_rally_707d2824_js8hpVGp (fa5fac42-b9a1-4d2c-9f7f-61463510ed36)
2019-12-16 04:41:12.246 27676 RALLYDEBUG rally_openstack.cleanup.manager [-] Deleting neutron.port object s_rally_707d2824_JdryDEY3 (fadc6c7a-3b56-46b6-8f2f-bf129537da20)
2019-12-16 04:41:12.255 27676 RALLYDEBUG rally_openstack.cleanup.manager [-] Deleting neutron.port object s_rally_707d2824_2bcfV29I (fd6f82b8-d7b3-4403-a540-2bf86b2924ec)
2019-12-16 04:41:12.455 27676 RALLYDEBUG rally_openstack.cleanup.manager [-] Deleting neutron.port object s_rally_707d2824_U0EilPPC (fd89d4e4-e52b-4559-882d-6c7de3bbe620)
2019-12-16 04:41:12.530 27676 RALLYDEBUG rally_openstack.cleanup.manager [-] Deleting neutron.port object s_rally_707d2824_awRp0QSQ (fe41bff9-08cc-493a-b66d-eec0cb32d436)
2019-12-16 04:41:12.571 27676 RALLYDEBUG rally_openstack.cleanup.manager [-] Deleting neutron.port object s_rally_707d2824_iH2Lq1TU (fe4f2fb7-2ebd-4679-a6ec-e3aff1ca3c02)
2019-12-16 04:41:14.310 27676 RALLYDEBUG rally_openstack.cleanup.manager [-] Cleaning up neutron subnet objects
2019-12-16 04:41:14.711 27676 RALLYDEBUG rally_openstack.cleanup.manager [-] Cleaning up neutron network objects
2019-12-16 04:41:15.164 27676 RALLYDEBUG rally_openstack.cleanup.manager [-] Deleting neutron.network object s_rally_707d2824_HhLOBAps (4a90ba61-ec3e-47dc-9269-ed66c8527e24)
2019-12-16 04:41:15.174 27676 RALLYDEBUG rally_openstack.cleanup.manager [-] Deleting neutron.network object s_rally_707d2824_Ds6VHDgp (4dfdf792-6c16-4a83-b72d-9a4de8995112)
2019-12-16 04:41:15.184 27676 RALLYDEBUG rally_openstack.cleanup.manager [-] Deleting neutron.network object s_rally_707d2824_TT0mMH0h (79c98d6a-0c75-4139-9b3f-592137b558f8)
2019-12-16 04:41:15.193 27676 RALLYDEBUG rally_openstack.cleanup.manager [-] Deleting neutron.network object s_rally_707d2824_5GDp1Qem (7f24a95a-6074-4a52-96d3-3c600e12d499)
2019-12-16 04:41:15.198 27676 RALLYDEBUG rally_openstack.cleanup.manager [-] Deleting neutron.network object s_rally_707d2824_Cw2snPmL (8bf636ff-5cf4-4f88-8b2e-09f4d798d42b)
2019-12-16 04:41:15.217 27676 RALLYDEBUG rally_openstack.cleanup.manager [-] Deleting neutron.network object s_rally_707d2824_UDeL4Cgf (a67bfee5-49f2-4d2f-8c98-27c28dbbbee8)
2019-12-16 04:41:15.221 27676 RALLYDEBUG rally_openstack.cleanup.manager [-] Deleting neutron.network object s_rally_707d2824_wwlG3xq1 (bc59313c-498b-4ced-a204-4addeaf1164a)
2019-12-16 04:41:15.252 27676 RALLYDEBUG rally_openstack.cleanup.manager [-] Deleting neutron.network object s_rally_707d2824_ohd3m9lC (eb41f611-a140-4475-904e-5fe3e940f56c)
2019-12-16 04:41:18.427 27676 RALLYDEBUG rally_openstack.cleanup.manager [-] Cleaning up neutron router objects
2019-12-16 04:41:18.846 27676 RALLYDEBUG rally_openstack.cleanup.manager [-] Cleaning up neutron security_group objects
2019-12-16 04:41:19.269 27676 INFO rally.task.context [-] Task a987ab1e-825d-42b6-ada2-9080c739105d | Context cleanup@openstack cleanup() finished in 47.50 sec
2019-12-16 04:41:19.270 27676 INFO rally.task.context [-] Task a987ab1e-825d-42b6-ada2-9080c739105d | Context quotas@openstack cleanup() started
2019-12-16 04:41:19.341 27676 INFO rally.task.context [-] Task a987ab1e-825d-42b6-ada2-9080c739105d | Context quotas@openstack cleanup() finished in 71.05 msec
2019-12-16 04:41:19.342 27676 INFO rally.task.context [-] Task a987ab1e-825d-42b6-ada2-9080c739105d | Context users@openstack cleanup() started
2019-12-16 04:41:21.878 27676 INFO rally.task.context [-] Task a987ab1e-825d-42b6-ada2-9080c739105d | Context users@openstack cleanup() finished in 2.54 sec
2019-12-16 04:41:23.742 27676 INFO rally.task.engine [-] Load duration is: 55.716222
2019-12-16 04:41:23.742 27676 INFO rally.task.engine [-] Full runner duration is: 55.761095
2019-12-16 04:41:23.743 27676 INFO rally.task.engine [-] Full duration is: 108.673557
2019-12-16 04:41:24.016 27676 INFO rally.task.engine [-] Running workload: position = 1 config = { "version": 2, "title": "A cropped version of a bigger task.", "description": "Auto-generated task from a single workload (uuid=4b753e20-eb43-4773-98ba-90d10773014c)", "subtasks": [ { "title": "NeutronNetworks.create_and_update_ports", "description": "Create and update a given number of ports.", "scenario": { "NeutronNetworks.create_and_update_ports": { "network_create_args": {}, "port_create_args": {}, "ports_per_network": 5, "port_update_args": { "admin_state_up": false, "device_id": "dummy_id", "device_owner": "dummy_owner", "name": "_port_updated" } } }, "contexts": { "users": { "tenants": 1, "users_per_tenant": 1 }, "quotas": { "neutron": { "network": -1, "port": -1 } } }, "runner": { "constant": { "times": 40, "concurrency": 20 } }, "hooks": [], "sla": { "failure_rate": { "max": 0 } } } ] }
2019-12-16 04:41:24.038 27676 RALLYDEBUG rally_openstack.contexts.keystone.users [-] Creating 1 tenants using 20 threads
2019-12-16 04:41:24.925 27676 RALLYDEBUG rally_openstack.contexts.keystone.users [-] Creating 1 users using 20 threads
2019-12-16 04:41:26.255 27676 INFO rally.task.context [-] Task a987ab1e-825d-42b6-ada2-9080c739105d | Context users@openstack setup() finished in 2.22 sec
2019-12-16 04:41:26.755 27676 INFO rally.task.context [-] Task a987ab1e-825d-42b6-ada2-9080c739105d | Context quotas@openstack setup() finished in 0.50 sec
2019-12-16 04:41:26.756 27676 INFO rally.task.context [-] Task a987ab1e-825d-42b6-ada2-9080c739105d | Context cleanup@openstack setup() finished in 0.01 msec
2019-12-16 04:41:26.765 27676 RALLYDEBUG rally.task.runner [-] Starting the constant runner (task UUID: a987ab1e-825d-42b6-ada2-9080c739105d). times: 40 concurrency: 20 timeout: 0 max_cpu_used: 16 processes_to_start: 16 concurrency_per_worker: 1 concurrency_overhead: 4
2019-12-16 04:41:26.777 31752 RALLYDEBUG rally.task.runner [-] Starting a worker. times: 40 duration: None concurrency: 2 timeout: 0 cls: method_name: run args: {"network_create_args": {}, "port_create_args": {}, "ports_per_network": 5, "port_update_args": {"admin_state_up": false, "device_id": "dummy_id", "device_owner": "dummy_owner", "name": "_port_updated"}}
2019-12-16 04:41:26.781 31753 RALLYDEBUG rally.task.runner [-] Starting a worker. times: 40 duration: None concurrency: 2 timeout: 0 cls: method_name: run args: {"network_create_args": {}, "port_create_args": {}, "ports_per_network": 5, "port_update_args": {"admin_state_up": false, "device_id": "dummy_id", "device_owner": "dummy_owner", "name": "_port_updated"}}
2019-12-16 04:41:26.784 31754 RALLYDEBUG rally.task.runner [-] Starting a worker. times: 40 duration: None concurrency: 2 timeout: 0 cls: method_name: run args: {"network_create_args": {}, "port_create_args": {}, "ports_per_network": 5, "port_update_args": {"admin_state_up": false, "device_id": "dummy_id", "device_owner": "dummy_owner", "name": "_port_updated"}}
2019-12-16 04:41:26.783 31752 INFO rally.task.runner [-] Task a987ab1e-825d-42b6-ada2-9080c739105d | ITER: 1 START
2019-12-16 04:41:26.787 31752 WARNING rally_openstack.scenarios.neutron.utils [-] Running this scenario without either the 'network' or 'existing_network' context is deprecated
2019-12-16 04:41:26.788 31753 INFO rally.task.runner [-] Task a987ab1e-825d-42b6-ada2-9080c739105d | ITER: 2 START
2019-12-16 04:41:26.788 31757 RALLYDEBUG rally.task.runner [-] Starting a worker. times: 40 duration: None concurrency: 2 timeout: 0 cls: method_name: run args: {"network_create_args": {}, "port_create_args": {}, "ports_per_network": 5, "port_update_args": {"admin_state_up": false, "device_id": "dummy_id", "device_owner": "dummy_owner", "name": "_port_updated"}}
2019-12-16 04:41:26.789 31753 WARNING rally_openstack.scenarios.neutron.utils [-] Running this scenario without either the 'network' or 'existing_network' context is deprecated
2019-12-16 04:41:26.791 31754 INFO rally.task.runner [-] Task a987ab1e-825d-42b6-ada2-9080c739105d | ITER: 4 START
2019-12-16 04:41:26.791 31761 RALLYDEBUG rally.task.runner [-] Starting a worker. times: 40 duration: None concurrency: 1 timeout: 0 cls: method_name: run args: {"network_create_args": {}, "port_create_args": {}, "ports_per_network": 5, "port_update_args": {"admin_state_up": false, "device_id": "dummy_id", "device_owner": "dummy_owner", "name": "_port_updated"}}
2019-12-16 04:41:26.793 31754 WARNING rally_openstack.scenarios.neutron.utils [-] Running this scenario without either the 'network' or 'existing_network' context is deprecated
2019-12-16 04:41:26.795 31757 INFO rally.task.runner [-] Task a987ab1e-825d-42b6-ada2-9080c739105d | ITER: 7 START
2019-12-16 04:41:26.797 31761 INFO rally.task.runner [-] Task a987ab1e-825d-42b6-ada2-9080c739105d | ITER: 8 START
2019-12-16 04:41:26.797 31757 INFO rally.task.runner [-] Task a987ab1e-825d-42b6-ada2-9080c739105d | ITER: 9 START
2019-12-16 04:41:26.796 31765 RALLYDEBUG rally.task.runner [-] Starting a worker. times: 40 duration: None concurrency: 1 timeout: 0 cls: method_name: run args: {"network_create_args": {}, "port_create_args": {}, "ports_per_network": 5, "port_update_args": {"admin_state_up": false, "device_id": "dummy_id", "device_owner": "dummy_owner", "name": "_port_updated"}}
2019-12-16 04:41:26.798 31761 WARNING rally_openstack.scenarios.neutron.utils [-] Running this scenario without either the 'network' or 'existing_network' context is deprecated
2019-12-16 04:41:26.798 31757 WARNING rally_openstack.scenarios.neutron.utils [-] Running this scenario without either the 'network' or 'existing_network' context is deprecated
2019-12-16 04:41:26.796 31753 INFO rally.task.runner [-] Task a987ab1e-825d-42b6-ada2-9080c739105d | ITER: 5 START
2019-12-16 04:41:26.788 31752 INFO rally.task.runner [-] Task a987ab1e-825d-42b6-ada2-9080c739105d | ITER: 3 START
2019-12-16 04:41:26.799 31769 RALLYDEBUG rally.task.runner [-] Starting a worker. times: 40 duration: None concurrency: 1 timeout: 0 cls: method_name: run args: {"network_create_args": {}, "port_create_args": {}, "ports_per_network": 5, "port_update_args": {"admin_state_up": false, "device_id": "dummy_id", "device_owner": "dummy_owner", "name": "_port_updated"}}
2019-12-16 04:41:26.801 31752 WARNING rally_openstack.scenarios.neutron.utils [-] Running this scenario without either the 'network' or 'existing_network' context is deprecated
2019-12-16 04:41:26.803 31765 INFO rally.task.runner [-] Task a987ab1e-825d-42b6-ada2-9080c739105d | ITER: 10 START
2019-12-16 04:41:26.804 31769 INFO rally.task.runner [-] Task a987ab1e-825d-42b6-ada2-9080c739105d | ITER: 11 START
2019-12-16 04:41:26.805 31765 WARNING rally_openstack.scenarios.neutron.utils [-] Running this scenario without either the 'network' or 'existing_network' context is deprecated
2019-12-16 04:41:26.806 31753 WARNING rally_openstack.scenarios.neutron.utils [-] Running this scenario without either the 'network' or 'existing_network' context is deprecated
2019-12-16 04:41:26.806 31769 WARNING rally_openstack.scenarios.neutron.utils [-] Running this scenario without either the 'network' or 'existing_network' context is deprecated
2019-12-16 04:41:26.805 31773 RALLYDEBUG rally.task.runner [-] Starting a worker. times: 40 duration: None concurrency: 1 timeout: 0 cls: method_name: run args: {"network_create_args": {}, "port_create_args": {}, "ports_per_network": 5, "port_update_args": {"admin_state_up": false, "device_id": "dummy_id", "device_owner": "dummy_owner", "name": "_port_updated"}}
2019-12-16 04:41:26.805 31754 INFO rally.task.runner [-] Task a987ab1e-825d-42b6-ada2-9080c739105d | ITER: 6 START
2019-12-16 04:41:26.808 31777 RALLYDEBUG rally.task.runner [-] Starting a worker. times: 40 duration: None concurrency: 1 timeout: 0 cls: method_name: run args: {"network_create_args": {}, "port_create_args": {}, "ports_per_network": 5, "port_update_args": {"admin_state_up": false, "device_id": "dummy_id", "device_owner": "dummy_owner", "name": "_port_updated"}}
2019-12-16 04:41:26.809 31754 WARNING rally_openstack.scenarios.neutron.utils [-] Running this scenario without either the 'network' or 'existing_network' context is deprecated
2019-12-16 04:41:26.812 31773 INFO rally.task.runner [-] Task a987ab1e-825d-42b6-ada2-9080c739105d | ITER: 12 START
2019-12-16 04:41:26.798 31757 WARNING rally_openstack.scenarios.neutron.utils [-] Running this scenario without either the 'network' or 'existing_network' context is deprecated
2019-12-16 04:41:26.813 31777 INFO rally.task.runner [-] Task a987ab1e-825d-42b6-ada2-9080c739105d | ITER: 13 START
2019-12-16 04:41:26.813 31779 RALLYDEBUG rally.task.runner [-] Starting a worker. times: 40 duration: None concurrency: 1 timeout: 0 cls: method_name: run args: {"network_create_args": {}, "port_create_args": {}, "ports_per_network": 5, "port_update_args": {"admin_state_up": false, "device_id": "dummy_id", "device_owner": "dummy_owner", "name": "_port_updated"}}
2019-12-16 04:41:26.814 31773 WARNING rally_openstack.scenarios.neutron.utils [-] Running this scenario without either the 'network' or 'existing_network' context is deprecated
2019-12-16 04:41:26.815 31777 WARNING rally_openstack.scenarios.neutron.utils [-] Running this scenario without either the 'network' or 'existing_network' context is deprecated
2019-12-16 04:41:26.819 31779 INFO rally.task.runner [-] Task a987ab1e-825d-42b6-ada2-9080c739105d | ITER: 14 START
2019-12-16 04:41:26.820 31779 WARNING rally_openstack.scenarios.neutron.utils [-] Running this scenario without either the 'network' or 'existing_network' context is deprecated
2019-12-16 04:41:26.821 31784 RALLYDEBUG rally.task.runner [-] Starting a worker. times: 40 duration: None concurrency: 1 timeout: 0 cls: method_name: run args: {"network_create_args": {}, "port_create_args": {}, "ports_per_network": 5, "port_update_args": {"admin_state_up": false, "device_id": "dummy_id", "device_owner": "dummy_owner", "name": "_port_updated"}}
2019-12-16 04:41:26.826 31784 INFO rally.task.runner [-] Task a987ab1e-825d-42b6-ada2-9080c739105d | ITER: 15 START
2019-12-16 04:41:26.828 31784 WARNING rally_openstack.scenarios.neutron.utils [-] Running this scenario without either the 'network' or 'existing_network' context is deprecated
2019-12-16 04:41:26.828 31787 RALLYDEBUG rally.task.runner [-] Starting a worker. times: 40 duration: None concurrency: 1 timeout: 0 cls: method_name: run args: {"network_create_args": {}, "port_create_args": {}, "ports_per_network": 5, "port_update_args": {"admin_state_up": false, "device_id": "dummy_id", "device_owner": "dummy_owner", "name": "_port_updated"}}
2019-12-16 04:41:26.832 31790 RALLYDEBUG rally.task.runner [-] Starting a worker. times: 40 duration: None concurrency: 1 timeout: 0 cls: method_name: run args: {"network_create_args": {}, "port_create_args": {}, "ports_per_network": 5, "port_update_args": {"admin_state_up": false, "device_id": "dummy_id", "device_owner": "dummy_owner", "name": "_port_updated"}}
2019-12-16 04:41:26.834 31787 INFO rally.task.runner [-] Task a987ab1e-825d-42b6-ada2-9080c739105d | ITER: 16 START
2019-12-16 04:41:26.836 31787 WARNING rally_openstack.scenarios.neutron.utils [-] Running this scenario without either the 'network' or 'existing_network' context is deprecated
2019-12-16 04:41:26.837 31792 RALLYDEBUG rally.task.runner [-] Starting a worker. times: 40 duration: None concurrency: 1 timeout: 0 cls: method_name: run args: {"network_create_args": {}, "port_create_args": {}, "ports_per_network": 5, "port_update_args": {"admin_state_up": false, "device_id": "dummy_id", "device_owner": "dummy_owner", "name": "_port_updated"}}
2019-12-16 04:41:26.838 31790 INFO rally.task.runner [-] Task a987ab1e-825d-42b6-ada2-9080c739105d | ITER: 17 START
2019-12-16 04:41:26.840 31790 WARNING rally_openstack.scenarios.neutron.utils [-] Running this scenario without either the 'network' or 'existing_network' context is deprecated
2019-12-16 04:41:26.841 31792 INFO rally.task.runner [-] Task a987ab1e-825d-42b6-ada2-9080c739105d | ITER: 18 START
2019-12-16 04:41:26.843 31792 WARNING rally_openstack.scenarios.neutron.utils [-] Running this scenario without either the 'network' or 'existing_network' context is deprecated
2019-12-16 04:41:26.842 31796 RALLYDEBUG rally.task.runner [-] Starting a worker. times: 40 duration: None concurrency: 1 timeout: 0 cls: method_name: run args: {"network_create_args": {}, "port_create_args": {}, "ports_per_network": 5, "port_update_args": {"admin_state_up": false, "device_id": "dummy_id", "device_owner": "dummy_owner", "name": "_port_updated"}}
2019-12-16 04:41:26.846 31796 INFO rally.task.runner [-] Task a987ab1e-825d-42b6-ada2-9080c739105d | ITER: 19 START
2019-12-16 04:41:26.848 31796 WARNING rally_openstack.scenarios.neutron.utils [-] Running this scenario without either the 'network' or 'existing_network' context is deprecated
2019-12-16 04:41:26.849 31799 RALLYDEBUG rally.task.runner [-] Starting a worker. times: 40 duration: None concurrency: 1 timeout: 0 cls: method_name: run args: {"network_create_args": {}, "port_create_args": {}, "ports_per_network": 5, "port_update_args": {"admin_state_up": false, "device_id": "dummy_id", "device_owner": "dummy_owner", "name": "_port_updated"}}
2019-12-16 04:41:26.854 31799 INFO rally.task.runner [-] Task a987ab1e-825d-42b6-ada2-9080c739105d | ITER: 20 START
2019-12-16 04:41:26.855 31799 WARNING rally_openstack.scenarios.neutron.utils [-] Running this scenario without either the 'network' or 'existing_network' context is deprecated
2019-12-16 04:41:35.118 31752 INFO rally.task.runner [-] Task a987ab1e-825d-42b6-ada2-9080c739105d | ITER: 3 END: OK
2019-12-16 04:41:35.122 31752 INFO rally.task.runner [-] Task a987ab1e-825d-42b6-ada2-9080c739105d | ITER: 21 START
2019-12-16 04:41:35.123 31752 WARNING rally_openstack.scenarios.neutron.utils [-] Running this scenario without either the 'network' or 'existing_network' context is deprecated
2019-12-16 04:41:35.295 31761 INFO rally.task.runner [-] Task a987ab1e-825d-42b6-ada2-9080c739105d | ITER: 8 END: OK
2019-12-16 04:41:35.298 31761 INFO rally.task.runner [-] Task a987ab1e-825d-42b6-ada2-9080c739105d | ITER: 22 START
2019-12-16 04:41:35.299 31761 WARNING rally_openstack.scenarios.neutron.utils [-] Running this scenario without either the 'network' or 'existing_network' context is deprecated
2019-12-16 04:41:35.304 31796 INFO rally.task.runner [-] Task a987ab1e-825d-42b6-ada2-9080c739105d | ITER: 19 END: OK
2019-12-16 04:41:35.308 31796 INFO rally.task.runner [-] Task a987ab1e-825d-42b6-ada2-9080c739105d | ITER: 23 START
2019-12-16 04:41:35.308 31796 WARNING rally_openstack.scenarios.neutron.utils [-] Running this scenario without either the 'network' or 'existing_network' context is deprecated
2019-12-16 04:41:35.350 31753 INFO rally.task.runner [-] Task a987ab1e-825d-42b6-ada2-9080c739105d | ITER: 5 END: OK
2019-12-16 04:41:35.354 31753 INFO rally.task.runner [-] Task a987ab1e-825d-42b6-ada2-9080c739105d | ITER: 24 START
2019-12-16 04:41:35.354 31753 WARNING rally_openstack.scenarios.neutron.utils [-] Running this scenario without either the 'network' or 'existing_network' context is deprecated
2019-12-16 04:41:35.460 31779 INFO rally.task.runner [-] Task a987ab1e-825d-42b6-ada2-9080c739105d | ITER: 14 END: OK
2019-12-16 04:41:35.464 31779 INFO rally.task.runner [-] Task a987ab1e-825d-42b6-ada2-9080c739105d | ITER: 25 START
2019-12-16 04:41:35.465 31779 WARNING rally_openstack.scenarios.neutron.utils [-] Running this scenario without either the 'network' or 'existing_network' context is deprecated
2019-12-16 04:41:35.633 31799 INFO rally.task.runner [-] Task a987ab1e-825d-42b6-ada2-9080c739105d | ITER: 20 END: OK
2019-12-16 04:41:35.637 31799 INFO rally.task.runner [-] Task a987ab1e-825d-42b6-ada2-9080c739105d | ITER: 26 START
2019-12-16 04:41:35.637 31799 WARNING rally_openstack.scenarios.neutron.utils [-] Running this scenario without either the 'network' or 'existing_network' context is deprecated
2019-12-16 04:41:35.900 31754 INFO rally.task.runner [-] Task a987ab1e-825d-42b6-ada2-9080c739105d | ITER: 6 END: OK
2019-12-16 04:41:35.904 31754 INFO rally.task.runner [-] Task a987ab1e-825d-42b6-ada2-9080c739105d | ITER: 27 START
2019-12-16 04:41:35.904 31754 WARNING rally_openstack.scenarios.neutron.utils [-] Running this scenario without either the 'network' or 'existing_network' context is deprecated
2019-12-16 04:41:35.944 31757 INFO rally.task.runner [-] Task a987ab1e-825d-42b6-ada2-9080c739105d | ITER: 9 END: OK
2019-12-16 04:41:35.948 31757 INFO rally.task.runner [-] Task a987ab1e-825d-42b6-ada2-9080c739105d | ITER: 28 START
2019-12-16 04:41:35.949 31757 WARNING rally_openstack.scenarios.neutron.utils [-] Running this scenario without either the 'network' or 'existing_network' context is deprecated
2019-12-16 04:41:36.181 31752 INFO rally.task.runner [-] Task a987ab1e-825d-42b6-ada2-9080c739105d | ITER: 1 END: OK
2019-12-16 04:41:36.184 31752 INFO rally.task.runner [-] Task a987ab1e-825d-42b6-ada2-9080c739105d | ITER: 29 START
2019-12-16 04:41:36.185 31752 WARNING rally_openstack.scenarios.neutron.utils [-] Running this scenario without either the 'network' or 'existing_network' context is deprecated
2019-12-16 04:41:36.253 31777 INFO rally.task.runner [-] Task a987ab1e-825d-42b6-ada2-9080c739105d | ITER: 13 END: OK
2019-12-16 04:41:36.257 31777 INFO rally.task.runner [-] Task a987ab1e-825d-42b6-ada2-9080c739105d | ITER: 30 START
2019-12-16 04:41:36.258 31777 WARNING rally_openstack.scenarios.neutron.utils [-] Running this scenario without either the 'network' or 'existing_network' context is deprecated
2019-12-16 04:41:36.292 31787 INFO rally.task.runner [-] Task a987ab1e-825d-42b6-ada2-9080c739105d | ITER: 16 END: OK
2019-12-16 04:41:36.296 31787 INFO rally.task.runner [-] Task a987ab1e-825d-42b6-ada2-9080c739105d | ITER: 31 START
2019-12-16 04:41:36.297 31787 WARNING rally_openstack.scenarios.neutron.utils [-] Running this scenario without either the 'network' or 'existing_network' context is deprecated
2019-12-16 04:41:36.489 31765 INFO rally.task.runner [-] Task a987ab1e-825d-42b6-ada2-9080c739105d | ITER: 10 END: OK
2019-12-16 04:41:36.492 31765 INFO rally.task.runner [-] Task a987ab1e-825d-42b6-ada2-9080c739105d | ITER: 32 START
2019-12-16 04:41:36.493 31765 WARNING rally_openstack.scenarios.neutron.utils [-] Running this scenario without either the 'network' or 'existing_network' context is deprecated
2019-12-16 04:41:36.710 31784 INFO rally.task.runner [-] Task a987ab1e-825d-42b6-ada2-9080c739105d | ITER: 15 END: OK
2019-12-16 04:41:36.714 31784 INFO rally.task.runner [-] Task a987ab1e-825d-42b6-ada2-9080c739105d | ITER: 33 START
2019-12-16 04:41:36.715 31784 WARNING rally_openstack.scenarios.neutron.utils [-] Running this scenario without either the 'network' or 'existing_network' context is deprecated
2019-12-16 04:41:36.904 31757 INFO rally.task.runner [-] Task a987ab1e-825d-42b6-ada2-9080c739105d | ITER: 7 END: OK
2019-12-16 04:41:36.908 31757 INFO rally.task.runner [-] Task a987ab1e-825d-42b6-ada2-9080c739105d | ITER: 34 START
2019-12-16 04:41:36.909 31757 WARNING rally_openstack.scenarios.neutron.utils [-] Running this scenario without either the 'network' or 'existing_network' context is deprecated
2019-12-16 04:41:37.020 31754 INFO rally.task.runner [-] Task a987ab1e-825d-42b6-ada2-9080c739105d | ITER: 4 END: OK
2019-12-16 04:41:37.023 31754 INFO rally.task.runner [-] Task a987ab1e-825d-42b6-ada2-9080c739105d | ITER: 35 START
2019-12-16 04:41:37.024 31754 WARNING rally_openstack.scenarios.neutron.utils [-] Running this scenario without either the 'network' or 'existing_network' context is deprecated
2019-12-16 04:41:37.073 31769 INFO rally.task.runner [-] Task a987ab1e-825d-42b6-ada2-9080c739105d | ITER: 11 END: OK
2019-12-16 04:41:37.076 31769 INFO rally.task.runner [-] Task a987ab1e-825d-42b6-ada2-9080c739105d | ITER: 36 START
2019-12-16 04:41:37.077 31769 WARNING rally_openstack.scenarios.neutron.utils [-] Running this scenario without either the 'network' or 'existing_network' context is deprecated
2019-12-16 04:41:37.154 31792 INFO rally.task.runner [-] Task a987ab1e-825d-42b6-ada2-9080c739105d | ITER: 18 END: OK
2019-12-16 04:41:37.158 31792 INFO rally.task.runner [-] Task a987ab1e-825d-42b6-ada2-9080c739105d | ITER: 37 START
2019-12-16 04:41:37.159 31792 WARNING rally_openstack.scenarios.neutron.utils [-] Running this scenario without either the 'network' or 'existing_network' context is deprecated
2019-12-16 04:41:37.452 31753 INFO rally.task.runner [-] Task a987ab1e-825d-42b6-ada2-9080c739105d | ITER: 2 END: OK
2019-12-16 04:41:37.455 31753 INFO rally.task.runner [-] Task a987ab1e-825d-42b6-ada2-9080c739105d | ITER: 38 START
2019-12-16 04:41:37.456 31753 WARNING rally_openstack.scenarios.neutron.utils [-] Running this scenario without either the 'network' or 'existing_network' context is deprecated
2019-12-16 04:41:38.855 31790 INFO rally.task.runner [-] Task a987ab1e-825d-42b6-ada2-9080c739105d | ITER: 17 END: OK
2019-12-16 04:41:38.859 31790 INFO rally.task.runner [-] Task a987ab1e-825d-42b6-ada2-9080c739105d | ITER: 39 START
2019-12-16 04:41:38.860 31790 WARNING rally_openstack.scenarios.neutron.utils [-] Running this scenario without either the 'network' or 'existing_network' context is deprecated
2019-12-16 04:41:38.942 31773 INFO rally.task.runner [-] Task a987ab1e-825d-42b6-ada2-9080c739105d | ITER: 12 END: OK
2019-12-16 04:41:38.945 31773 INFO rally.task.runner [-] Task a987ab1e-825d-42b6-ada2-9080c739105d | ITER: 40 START
2019-12-16 04:41:38.946 31773 WARNING rally_openstack.scenarios.neutron.utils [-] Running this scenario without either the 'network' or 'existing_network' context is deprecated
2019-12-16 04:41:43.279 31787 INFO rally.task.runner [-] Task a987ab1e-825d-42b6-ada2-9080c739105d | ITER: 31 END: OK
2019-12-16 04:41:43.307 31752 INFO rally.task.runner [-] Task a987ab1e-825d-42b6-ada2-9080c739105d | ITER: 29 END: OK
2019-12-16 04:41:44.230 31753 INFO rally.task.runner [-] Task a987ab1e-825d-42b6-ada2-9080c739105d | ITER: 24 END: OK
2019-12-16 04:41:44.451 31796 INFO rally.task.runner [-] Task a987ab1e-825d-42b6-ada2-9080c739105d | ITER: 23 END: OK
2019-12-16 04:41:44.489 31769 INFO rally.task.runner [-] Task a987ab1e-825d-42b6-ada2-9080c739105d | ITER: 36 END: OK
2019-12-16 04:41:44.530 31757 INFO rally.task.runner [-] Task a987ab1e-825d-42b6-ada2-9080c739105d | ITER: 34 END: OK
2019-12-16 04:41:44.587 31779 INFO rally.task.runner [-] Task a987ab1e-825d-42b6-ada2-9080c739105d | ITER: 25 END: OK
2019-12-16 04:41:44.633 31799 INFO rally.task.runner [-] Task a987ab1e-825d-42b6-ada2-9080c739105d | ITER: 26 END: OK
2019-12-16 04:41:44.751 31757 INFO rally.task.runner [-] Task a987ab1e-825d-42b6-ada2-9080c739105d | ITER: 28 END: OK
2019-12-16 04:41:44.968 31754 INFO rally.task.runner [-] Task a987ab1e-825d-42b6-ada2-9080c739105d | ITER: 27 END: OK
2019-12-16 04:41:45.052 31761 INFO rally.task.runner [-] Task a987ab1e-825d-42b6-ada2-9080c739105d | ITER: 22 END: OK
2019-12-16 04:41:45.216 31792 INFO rally.task.runner [-] Task a987ab1e-825d-42b6-ada2-9080c739105d | ITER: 37 END: OK
2019-12-16 04:41:45.271 31752 INFO rally.task.runner [-] Task a987ab1e-825d-42b6-ada2-9080c739105d | ITER: 21 END: OK
2019-12-16 04:41:45.435 31777 INFO rally.task.runner [-] Task a987ab1e-825d-42b6-ada2-9080c739105d | ITER: 30 END: OK
2019-12-16 04:41:45.554 31753 INFO rally.task.runner [-] Task a987ab1e-825d-42b6-ada2-9080c739105d | ITER: 38 END: OK
2019-12-16 04:41:45.564 31784 INFO rally.task.runner [-] Task a987ab1e-825d-42b6-ada2-9080c739105d | ITER: 33 END: OK
2019-12-16 04:41:45.710 31765 INFO rally.task.runner [-] Task a987ab1e-825d-42b6-ada2-9080c739105d | ITER: 32 END: OK
2019-12-16 04:41:45.845 31790 INFO rally.task.runner [-] Task a987ab1e-825d-42b6-ada2-9080c739105d | ITER: 39 END: OK
2019-12-16 04:41:46.075 31754 INFO rally.task.runner [-] Task a987ab1e-825d-42b6-ada2-9080c739105d | ITER: 35 END: OK
2019-12-16 04:41:47.399 31773 INFO rally.task.runner [-] Task a987ab1e-825d-42b6-ada2-9080c739105d | ITER: 40 END: OK
2019-12-16 04:41:47.426 27676 INFO rally.task.context [-] Task a987ab1e-825d-42b6-ada2-9080c739105d | Context cleanup@openstack cleanup() started
2019-12-16 04:41:47.431 27676 RALLYDEBUG rally_openstack.cleanup.manager [-] Cleaning up neutron vip objects
2019-12-16 04:41:47.801 27676 RALLYDEBUG rally_openstack.cleanup.manager [-] Cleaning up neutron health_monitor objects
2019-12-16 04:41:48.175 27676 RALLYDEBUG rally_openstack.cleanup.manager [-] Cleaning up neutron pool objects
2019-12-16 04:41:48.552 27676 RALLYDEBUG rally_openstack.cleanup.manager [-] Cleaning up neutron loadbalancer objects
2019-12-16 04:41:48.928 27676 RALLYDEBUG rally_openstack.cleanup.manager [-] Cleaning up neutron floatingip objects
2019-12-16 04:41:49.335 27676 RALLYDEBUG rally_openstack.cleanup.manager [-] Cleaning up neutron trunk objects
2019-12-16 04:41:49.729 27676 RALLYDEBUG rally_openstack.cleanup.manager [-] Cleaning up neutron port objects
2019-12-16 04:41:50.980 27676 RALLYDEBUG rally_openstack.cleanup.manager [-] Deleting neutron.port object s_rally_4b753e20_82bkDEOT (0071f10f-971b-44ea-aece-ca8c86095018)
2019-12-16 04:41:50.990 27676 RALLYDEBUG rally_openstack.cleanup.manager [-] Deleting neutron.port object s_rally_4b753e20_urqgGUTX (00736810-867e-4b07-8d32-2b7028f1c31c)
2019-12-16 04:41:50.999 27676 RALLYDEBUG rally_openstack.cleanup.manager [-] Deleting neutron.port object s_rally_4b753e20_VJO4KymS (0143b207-9224-4e7b-972d-e7aa53d2ab61)
2019-12-16 04:41:51.005 27676 RALLYDEBUG rally_openstack.cleanup.manager [-] Deleting neutron.port object s_rally_4b753e20_WhBekgo7 (0184321b-946e-4e4b-97cf-7a59738588bb)
2019-12-16 04:41:51.010 27676 RALLYDEBUG rally_openstack.cleanup.manager [-] Deleting neutron.port object s_rally_4b753e20_qqMA8KvJ (020c64fa-9a33-48bd-9fc4-66d1bbec1bf1)
2019-12-16 04:41:51.025 27676 RALLYDEBUG rally_openstack.cleanup.manager [-] Deleting neutron.port object s_rally_4b753e20_FJXi11kf (031a2083-d2a3-44c8-8201-d4f6e9e3dc3c)
2019-12-16 04:41:51.031 27676 RALLYDEBUG rally_openstack.cleanup.manager [-] Deleting neutron.port object s_rally_4b753e20_uT8OJ79s (03568c09-5686-477d-802f-a319f1a3dd4e)
2019-12-16 04:41:51.041 27676 RALLYDEBUG rally_openstack.cleanup.manager [-] Deleting neutron.port object s_rally_4b753e20_P0DIgrZO (05391618-6243-4dac-a987-522234f5c70a)
2019-12-16 04:41:51.053 27676 RALLYDEBUG rally_openstack.cleanup.manager [-] Deleting neutron.port object s_rally_4b753e20_FoFlYlK2 (07fb6666-d5f1-4ff6-9dac-3035ce2bf407)
2019-12-16 04:41:51.059 27676 RALLYDEBUG rally_openstack.cleanup.manager [-] Deleting neutron.port object s_rally_4b753e20_ChbywQns (0813e74e-3c9c-4d2e-ae10-1c518a7d123c)
2019-12-16 04:41:51.065 27676 RALLYDEBUG rally_openstack.cleanup.manager [-] Deleting neutron.port object s_rally_4b753e20_dQnz7VBe (09112591-a957-46d9-ba90-c6ff03bf55c9)
2019-12-16 04:41:51.075 27676 RALLYDEBUG rally_openstack.cleanup.manager [-] Deleting neutron.port object s_rally_4b753e20_XjWI0N96 (09ba7455-917f-421c-b5fb-0f3fa51371d0)
2019-12-16 04:41:51.091 27676 RALLYDEBUG rally_openstack.cleanup.manager [-] Deleting neutron.port object s_rally_4b753e20_ipADaC1K (0b00c5ba-3fd5-464e-8f05-0c17c5fe9d1f)
2019-12-16 04:41:51.110 27676 RALLYDEBUG rally_openstack.cleanup.manager [-] Deleting neutron.port object s_rally_4b753e20_KovRQ4it (0b174b10-bcf6-48da-a7f5-edb853d401ed)
2019-12-16 04:41:51.129 27676 RALLYDEBUG rally_openstack.cleanup.manager [-] Deleting neutron.port object s_rally_4b753e20_vEig5I7l (0cb15278-aa50-44d7-b06e-9911f29e18d2)
2019-12-16 04:41:51.154 27676 RALLYDEBUG rally_openstack.cleanup.manager [-] Deleting neutron.port object s_rally_4b753e20_ZBVHUg46 (0f393545-3c69-45f4-9935-c90d8561a1d2)
2019-12-16 04:41:51.173 27676 RALLYDEBUG rally_openstack.cleanup.manager [-] Deleting neutron.port object s_rally_4b753e20_M71yf75a (11724da1-bfea-4a48-9421-3ee5e17f420a)
2019-12-16 04:41:51.175 27676 RALLYDEBUG rally_openstack.cleanup.manager [-] Deleting neutron.port object s_rally_4b753e20_gIvBbnip (0fe697df-0278-4be3-85a5-eb4b591a023f)
2019-12-16 04:41:51.198 27676 RALLYDEBUG rally_openstack.cleanup.manager [-] Deleting neutron.port object s_rally_4b753e20_1O1RJ71M (1183db4d-e13c-4735-8f32-3a43ebb1ba50)
2019-12-16 04:41:51.204 27676 RALLYDEBUG rally_openstack.cleanup.manager [-] Deleting neutron.port object s_rally_4b753e20_4yt3SnXj (146f0000-360c-4884-970e-819fb0f5dc62)
2019-12-16 04:41:52.908 27676 RALLYDEBUG rally_openstack.cleanup.manager [-] Deleting neutron.port object s_rally_4b753e20_yLQpjXPU (17dd9cf4-c597-41e2-bf1a-b97822d391e4)
2019-12-16 04:41:52.993 27676 RALLYDEBUG rally_openstack.cleanup.manager [-] Deleting neutron.port object s_rally_4b753e20_a5LRB9nY (19c1f4bd-5bd9-430a-8424-445de40cd851)
2019-12-16 04:41:53.150 27676 RALLYDEBUG rally_openstack.cleanup.manager [-] Deleting neutron.port object s_rally_4b753e20_i9VlDE5X (1b97392e-76df-403b-b8ad-ae70a99581dc)
2019-12-16 04:41:53.156 27676 RALLYDEBUG rally_openstack.cleanup.manager [-] Deleting neutron.port object s_rally_4b753e20_1LpCR4xj (1c6dee8f-1ade-43bb-a798-dc8972b68ef0)
2019-12-16 04:41:53.182 27676 RALLYDEBUG rally_openstack.cleanup.manager [-] Deleting neutron.port object s_rally_4b753e20_46RjukKI (1cb5fb4b-a4c1-4e50-a192-e95d3105323a)
2019-12-16 04:41:53.239 27676 RALLYDEBUG rally_openstack.cleanup.manager [-] Deleting neutron.port object s_rally_4b753e20_rcRGuYxZ (1d3395cb-0b7b-4344-a88a-3d7f8f0cc860)
2019-12-16 04:41:53.277 27676 RALLYDEBUG rally_openstack.cleanup.manager [-] Deleting neutron.port object s_rally_4b753e20_Yxq8t3Bq (1d378bb6-6154-46e9-a4af-7f4c32eb00eb)
2019-12-16 04:41:53.294 27676 RALLYDEBUG rally_openstack.cleanup.manager [-] Deleting neutron.port object s_rally_4b753e20_KafxDwgF (20e2aafe-9de6-4fdc-8c61-1225b2540080)
2019-12-16 04:41:53.319 27676 RALLYDEBUG rally_openstack.cleanup.manager [-] Deleting neutron.port object s_rally_4b753e20_v8v8cBWW (21fc8776-7cfe-4198-a135-d8e8061be95a)
2019-12-16 04:41:53.366 27676 RALLYDEBUG rally_openstack.cleanup.manager [-] Deleting neutron.port object s_rally_4b753e20_EVFhbNUv (22a51269-dbcf-4594-aa90-b36fd265726a)
2019-12-16 04:41:53.374 27676 RALLYDEBUG rally_openstack.cleanup.manager [-] Deleting neutron.port object s_rally_4b753e20_KhLRPuO7 (23b106bb-05ba-44e3-aa0c-30a934c93f52)
2019-12-16 04:41:53.549 27676 RALLYDEBUG rally_openstack.cleanup.manager [-] Deleting neutron.port object s_rally_4b753e20_0KqM0Mhm (24b9f39e-f674-4886-9067-2f457e8eb0ae)
2019-12-16 04:41:53.651 27676 RALLYDEBUG rally_openstack.cleanup.manager [-] Deleting neutron.port object s_rally_4b753e20_h5xffKSx (274786d8-c5f5-4dd2-a078-3138661397f5)
2019-12-16 04:41:53.660 27676 RALLYDEBUG rally_openstack.cleanup.manager [-] Deleting neutron.port object s_rally_4b753e20_ZQfgfSwC (28fbcd29-30a9-4dab-beda-055fc5c6f73a)
2019-12-16 04:41:53.669 27676 RALLYDEBUG rally_openstack.cleanup.manager [-] Deleting neutron.port object s_rally_4b753e20_99ivBJu7 (2b92223d-1af6-4283-acf7-2088a38f8e9b)
2019-12-16 04:41:53.678 27676 RALLYDEBUG rally_openstack.cleanup.manager [-] Deleting neutron.port object s_rally_4b753e20_CJswJwVA (2e19954a-40e1-48ba-9fa8-4e5089828574)
2019-12-16 04:41:53.934 27676 RALLYDEBUG rally_openstack.cleanup.manager [-] Deleting neutron.port object s_rally_4b753e20_fDtZeRLx (2e47808b-9cb1-4945-be20-502d5d4987e1)
2019-12-16 04:41:53.942 27676 RALLYDEBUG rally_openstack.cleanup.manager [-] Deleting neutron.port object s_rally_4b753e20_dwLNKsXo (30b11da1-f87c-4b19-ac04-25414a71291c)
2019-12-16 04:41:53.951 27676 RALLYDEBUG rally_openstack.cleanup.manager [-] Deleting neutron.port object s_rally_4b753e20_tuLdfNj5 (30fe5005-5981-4823-9d0d-8ef5b22961fd)
2019-12-16 04:41:53.955 27676 RALLYDEBUG rally_openstack.cleanup.manager [-] Deleting neutron.port object s_rally_4b753e20_P9KsYoTP (311454c6-795f-40e4-9909-54f96002ad93)
2019-12-16 04:41:54.724 27676 RALLYDEBUG rally_openstack.cleanup.manager [-] Deleting neutron.port object s_rally_4b753e20_42WEbQlR (321a34bf-f067-4ff4-bd6b-a7165729e56d)
2019-12-16 04:41:54.935 27676 RALLYDEBUG rally_openstack.cleanup.manager [-] Deleting neutron.port object s_rally_4b753e20_ReguAjmm (330f501d-f3bc-4d02-99d6-1e8c6021ce23)
2019-12-16 04:41:55.089 27676 RALLYDEBUG rally_openstack.cleanup.manager [-] Deleting neutron.port object s_rally_4b753e20_ilQSqwnc (33552192-59e1-4710-a12b-1db9708d3673)
2019-12-16 04:41:55.125 27676 RALLYDEBUG rally_openstack.cleanup.manager [-] Deleting neutron.port object s_rally_4b753e20_QxlzjBIX (33575f8b-f6d3-4bfa-94ec-3b6cdb8514b4)
2019-12-16 04:41:55.134 27676 RALLYDEBUG rally_openstack.cleanup.manager [-] Deleting neutron.port object s_rally_4b753e20_wGxBx3Y3 (3434e4dd-8b02-42c4-86f8-711af35ea4dd)
2019-12-16 04:41:55.229 27676 RALLYDEBUG rally_openstack.cleanup.manager [-] Deleting neutron.port object s_rally_4b753e20_hOezOpOz (364c8e50-7ce6-4f3a-a170-bc3a6e5593a0)
2019-12-16 04:41:55.318 27676 RALLYDEBUG rally_openstack.cleanup.manager [-] Deleting neutron.port object s_rally_4b753e20_cIt7wXdB (39abed81-f60b-4d9c-99fe-140fcaecf978)
2019-12-16 04:41:55.348 27676 RALLYDEBUG rally_openstack.cleanup.manager [-] Deleting neutron.port object s_rally_4b753e20_HyF7gIIa (39d21746-6679-4c3f-80d2-ade60ccfc970)
2019-12-16 04:41:55.357 27676 RALLYDEBUG rally_openstack.cleanup.manager [-] Deleting neutron.port object s_rally_4b753e20_D0QXXE6w (3c1a25f6-bad3-4348-a958-71063f6b632a)
2019-12-16 04:41:55.388 27676 RALLYDEBUG rally_openstack.cleanup.manager [-] Deleting neutron.port object s_rally_4b753e20_EPUfGMRw (3fe9a4e5-8049-40ba-8390-73e17917ecd0)
2019-12-16 04:41:55.550 27676 RALLYDEBUG rally_openstack.cleanup.manager [-] Deleting neutron.port object s_rally_4b753e20_DXKMWXiR (40edcbe7-5842-4956-a472-3fc2086520ef)
2019-12-16 04:41:55.563 27676 RALLYDEBUG rally_openstack.cleanup.manager [-] Deleting neutron.port object s_rally_4b753e20_GBVTHoaD (40f17730-e4b1-4457-aad1-89886ffe7f78)
2019-12-16 04:41:55.627 27676 RALLYDEBUG rally_openstack.cleanup.manager [-] Deleting neutron.port object s_rally_4b753e20_3wBso9ZQ (411e6e80-7454-4060-a668-95519590dc33)
2019-12-16 04:41:55.673 27676 RALLYDEBUG rally_openstack.cleanup.manager [-] Deleting neutron.port object s_rally_4b753e20_tKMDgWdS (429eb3d2-afde-4f43-9298-bb3088c0b5f4)
2019-12-16 04:41:55.683 27676 RALLYDEBUG rally_openstack.cleanup.manager [-] Deleting neutron.port object s_rally_4b753e20_xkllDvov (4791d4eb-38af-4f46-af2c-860dd92dcd65)
2019-12-16 04:41:55.698 27676 RALLYDEBUG rally_openstack.cleanup.manager [-] Deleting neutron.port object s_rally_4b753e20_AkRU8BmC (4a85ee15-78eb-4d5e-af4b-ee10f8e68d37)
2019-12-16 04:41:55.716 27676 RALLYDEBUG rally_openstack.cleanup.manager [-] Deleting neutron.port object s_rally_4b753e20_W9OwYMJK (4a89c43e-29fe-4bc5-96cc-c9f961dbacb5)
2019-12-16 04:41:55.720 27676 RALLYDEBUG rally_openstack.cleanup.manager [-] Deleting neutron.port object s_rally_4b753e20_8tY4hyWK (4b63c415-11d3-443a-a813-c2657bffe9b9)
2019-12-16 04:41:55.733 27676 RALLYDEBUG rally_openstack.cleanup.manager [-] Deleting neutron.port object s_rally_4b753e20_eCIk5ews (4e583baa-6c0f-407f-a7ab-dc4142ee167a)
2019-12-16 04:41:56.016 27676 RALLYDEBUG rally_openstack.cleanup.manager [-] Deleting neutron.port object s_rally_4b753e20_yQxOuaYj (4ee13ed1-d77d-4fea-a7e3-823d919a81d6)
2019-12-16 04:41:56.436 27676 RALLYDEBUG rally_openstack.cleanup.manager [-] Deleting neutron.port object s_rally_4b753e20_DXH62wDy (4f5a4a4e-1f95-4d57-b78a-aec43f5ab496)
2019-12-16 04:41:56.675 27676 RALLYDEBUG rally_openstack.cleanup.manager [-] Deleting neutron.port object s_rally_4b753e20_VThmXeUm (50ed3e00-4d77-42d0-8bae-4bb2c43c1342)
