2019-12-16 04:29:11.074 27667 RALLYDEBUG rally.api [-] INFO logs from urllib3 and requests module are hide.
2019-12-16 04:29:11.074 27667 RALLYDEBUG rally.api [-] urllib3 insecure warnings are hidden.
2019-12-16 04:29:11.074 27667 RALLYDEBUG rally.api [-] ERROR log from boto module is hide.
2019-12-16 04:29:14.440 27669 RALLYDEBUG rally.api [-] INFO logs from urllib3 and requests module are hide.
2019-12-16 04:29:14.441 27669 RALLYDEBUG rally.api [-] urllib3 insecure warnings are hidden.
2019-12-16 04:29:14.441 27669 RALLYDEBUG rally.api [-] ERROR log from boto module is hide.
2019-12-16 04:29:17.764 27671 RALLYDEBUG rally.api [-] INFO logs from urllib3 and requests module are hide.
2019-12-16 04:29:17.764 27671 RALLYDEBUG rally.api [-] urllib3 insecure warnings are hidden.
2019-12-16 04:29:17.765 27671 RALLYDEBUG rally.api [-] ERROR log from boto module is hide.
2019-12-16 04:29:21.996 27674 RALLYDEBUG rally.api [-] INFO logs from urllib3 and requests module are hide.
2019-12-16 04:29:21.997 27674 RALLYDEBUG rally.api [-] urllib3 insecure warnings are hidden.
2019-12-16 04:29:21.997 27674 RALLYDEBUG rally.api [-] ERROR log from boto module is hide.
2019-12-16 04:29:23.734 27676 RALLYDEBUG rally.api [-] INFO logs from urllib3 and requests module are hide.
2019-12-16 04:29:23.734 27676 RALLYDEBUG rally.api [-] urllib3 insecure warnings are hidden.
2019-12-16 04:29:23.734 27676 RALLYDEBUG rally.api [-] ERROR log from boto module is hide.
2019-12-16 04:29:25.318 27676 INFO rally.common.plugin.discover [-] Loading plugins from directories /root/.rally/plugins/*
2019-12-16 04:29:25.319 27676 INFO rally.common.plugin.discover [-] Loaded module with plugins: /root/.rally/plugins/__init__.py
2019-12-16 04:29:25.606 27676 INFO rally.task.engine [-] Task a987ab1e-825d-42b6-ada2-9080c739105d | Starting: Task validation.
2019-12-16 04:29:25.652 27676 INFO rally.task.engine [-] Task a987ab1e-825d-42b6-ada2-9080c739105d | Starting: Task validation of syntax.
2019-12-16 04:29:25.937 27676 INFO rally.task.engine [-] Task a987ab1e-825d-42b6-ada2-9080c739105d | Completed: Task validation of syntax.
2019-12-16 04:29:25.938 27676 INFO rally.task.engine [-] Task a987ab1e-825d-42b6-ada2-9080c739105d | Starting: Task validation of required platforms.
2019-12-16 04:29:26.067 27676 INFO rally.task.engine [-] Task a987ab1e-825d-42b6-ada2-9080c739105d | Completed: Task validation of required platforms.
2019-12-16 04:29:26.067 27676 INFO rally.task.engine [-] Task a987ab1e-825d-42b6-ada2-9080c739105d | Starting: Task validation of semantic.
2019-12-16 04:29:26.067 27676 INFO rally.task.engine [-] Check health of the environment 'b3b728c2-5e1e-4123-8678-fb9abd7fefc2'.
2019-12-16 04:29:26.984 27676 INFO rally.task.engine [-] Platform existing@openstack (available: True): OK!
2019-12-16 04:29:27.004 27676 RALLYDEBUG rally_openstack.contexts.keystone.users [-] Creating 1 tenants using 20 threads
2019-12-16 04:29:27.825 27676 RALLYDEBUG rally_openstack.contexts.keystone.users [-] Creating 1 users using 20 threads
2019-12-16 04:29:29.149 27676 INFO rally.task.context [-] Task a987ab1e-825d-42b6-ada2-9080c739105d | Context users@openstack setup() finished in 2.14 sec
2019-12-16 04:29:38.396 27676 INFO rally.task.context [-] Task a987ab1e-825d-42b6-ada2-9080c739105d | Context users@openstack cleanup() started
2019-12-16 04:29:41.016 27676 INFO rally.task.context [-] Task a987ab1e-825d-42b6-ada2-9080c739105d | Context users@openstack cleanup() finished in 2.62 sec
2019-12-16 04:29:41.017 27676 INFO rally.task.engine [-] Task a987ab1e-825d-42b6-ada2-9080c739105d | Completed: Task validation of semantic.
2019-12-16 04:29:41.017 27676 INFO rally.task.engine [-] Task a987ab1e-825d-42b6-ada2-9080c739105d | Completed: Task validation.
2019-12-16 04:29:41.018 27676 INFO rally.api [-] Task a987ab1e-825d-42b6-ada2-9080c739105d input file is valid.
2019-12-16 04:29:41.018 27676 INFO rally.api [-] Run Task a987ab1e-825d-42b6-ada2-9080c739105d against Deployment b3b728c2-5e1e-4123-8678-fb9abd7fefc2
2019-12-16 04:29:41.018 27676 INFO rally.task.engine [-] Task a987ab1e-825d-42b6-ada2-9080c739105d | Starting: Running task.
2019-12-16 04:29:41.210 27676 INFO rally.task.engine [-] Running workload: position = 0 config = { "version": 2, "title": "A cropped version of a bigger task.", "description": "Auto-generated task from a single workload (uuid=35b03609-2ee2-4ca9-8a3e-436e9b9ac500)", "subtasks": [ { "title": "NeutronNetworks.create_and_list_networks", "description": "Check performance of list_networks action and ensure > network quotas are not exceeded", "scenario": { "NeutronNetworks.create_and_list_networks": {} }, "contexts": { "users": { "tenants": 1, "users_per_tenant": 1 }, "quotas": { "neutron": { "network": 119 } } }, "runner": { "constant": { "times": 100, "concurrency": 20 } }, "hooks": [], "sla": { "max_avg_duration_per_atomic": { "neutron.list_networks": 15 }, "failure_rate": { "max": 0 } } } ] }
2019-12-16 04:29:41.235 27676 RALLYDEBUG rally_openstack.contexts.keystone.users [-] Creating 1 tenants using 20 threads
2019-12-16 04:29:42.115 27676 RALLYDEBUG rally_openstack.contexts.keystone.users [-] Creating 1 users using 20 threads
2019-12-16 04:29:43.418 27676 INFO rally.task.context [-] Task a987ab1e-825d-42b6-ada2-9080c739105d | Context users@openstack setup() finished in 2.18 sec
2019-12-16 04:29:43.911 27676 INFO rally.task.context [-] Task a987ab1e-825d-42b6-ada2-9080c739105d | Context quotas@openstack setup() finished in 0.49 sec
2019-12-16 04:29:43.911 27676 INFO rally.task.context [-] Task a987ab1e-825d-42b6-ada2-9080c739105d | Context cleanup@openstack setup() finished in 0.03 msec
2019-12-16 04:29:43.920 27676 RALLYDEBUG rally.task.runner [-] Starting the constant runner (task UUID: a987ab1e-825d-42b6-ada2-9080c739105d). times: 100 concurrency: 20 timeout: 0 max_cpu_used: 16 processes_to_start: 16 concurrency_per_worker: 1 concurrency_overhead: 4
2019-12-16 04:29:43.933 27800 RALLYDEBUG rally.task.runner [-] Starting a worker. times: 100 duration: None concurrency: 2 timeout: 0 cls: method_name: run args: {}
2019-12-16 04:29:43.936 27801 RALLYDEBUG rally.task.runner [-] Starting a worker. times: 100 duration: None concurrency: 2 timeout: 0 cls: method_name: run args: {}
2019-12-16 04:29:43.940 27800 INFO rally.task.runner [-] Task a987ab1e-825d-42b6-ada2-9080c739105d | ITER: 1 START
2019-12-16 04:29:43.939 27802 RALLYDEBUG rally.task.runner [-] Starting a worker. times: 100 duration: None concurrency: 2 timeout: 0 cls: method_name: run args: {}
2019-12-16 04:29:43.942 27801 INFO rally.task.runner [-] Task a987ab1e-825d-42b6-ada2-9080c739105d | ITER: 2 START
2019-12-16 04:29:43.943 27805 RALLYDEBUG rally.task.runner [-] Starting a worker. times: 100 duration: None concurrency: 2 timeout: 0 cls: method_name: run args: {}
2019-12-16 04:29:43.946 27802 INFO rally.task.runner [-] Task a987ab1e-825d-42b6-ada2-9080c739105d | ITER: 5 START
2019-12-16 04:29:43.946 27809 RALLYDEBUG rally.task.runner [-] Starting a worker. times: 100 duration: None concurrency: 1 timeout: 0 cls: method_name: run args: {}
2019-12-16 04:29:43.949 27813 RALLYDEBUG rally.task.runner [-] Starting a worker. times: 100 duration: None concurrency: 1 timeout: 0 cls: method_name: run args: {}
2019-12-16 04:29:43.949 27805 INFO rally.task.runner [-] Task a987ab1e-825d-42b6-ada2-9080c739105d | ITER: 7 START
2019-12-16 04:29:43.951 27809 INFO rally.task.runner [-] Task a987ab1e-825d-42b6-ada2-9080c739105d | ITER: 9 START
2019-12-16 04:29:43.948 27800 INFO rally.task.runner [-] Task a987ab1e-825d-42b6-ada2-9080c739105d | ITER: 3 START
2019-12-16 04:29:43.954 27818 RALLYDEBUG rally.task.runner [-] Starting a worker. times: 100 duration: None concurrency: 1 timeout: 0 cls: method_name: run args: {}
2019-12-16 04:29:43.954 27813 INFO rally.task.runner [-] Task a987ab1e-825d-42b6-ada2-9080c739105d | ITER: 10 START
2019-12-16 04:29:43.958 27822 RALLYDEBUG rally.task.runner [-] Starting a worker. times: 100 duration: None concurrency: 1 timeout: 0 cls: method_name: run args: {}
2019-12-16 04:29:43.957 27801 INFO rally.task.runner [-] Task a987ab1e-825d-42b6-ada2-9080c739105d | ITER: 4 START
2019-12-16 04:29:43.959 27818 INFO rally.task.runner [-] Task a987ab1e-825d-42b6-ada2-9080c739105d | ITER: 11 START
2019-12-16 04:29:43.961 27802 INFO rally.task.runner [-] Task a987ab1e-825d-42b6-ada2-9080c739105d | ITER: 6 START
2019-12-16 04:29:43.963 27822 INFO rally.task.runner [-] Task a987ab1e-825d-42b6-ada2-9080c739105d | ITER: 12 START
2019-12-16 04:29:43.965 27826 RALLYDEBUG rally.task.runner [-] Starting a worker. times: 100 duration: None concurrency: 1 timeout: 0 cls: method_name: run args: {}
2019-12-16 04:29:43.952 27805 INFO rally.task.runner [-] Task a987ab1e-825d-42b6-ada2-9080c739105d | ITER: 8 START
2019-12-16 04:29:43.969 27826 INFO rally.task.runner [-] Task a987ab1e-825d-42b6-ada2-9080c739105d | ITER: 13 START
2019-12-16 04:29:43.973 27830 RALLYDEBUG rally.task.runner [-] Starting a worker. times: 100 duration: None concurrency: 1 timeout: 0 cls: method_name: run args: {}
2019-12-16 04:29:43.978 27830 INFO rally.task.runner [-] Task a987ab1e-825d-42b6-ada2-9080c739105d | ITER: 14 START
2019-12-16 04:29:43.984 27834 RALLYDEBUG rally.task.runner [-] Starting a worker. times: 100 duration: None concurrency: 1 timeout: 0 cls: method_name: run args: {}
2019-12-16 04:29:43.989 27835 RALLYDEBUG rally.task.runner [-] Starting a worker. times: 100 duration: None concurrency: 1 timeout: 0 cls: method_name: run args: {}
2019-12-16 04:29:43.990 27834 INFO rally.task.runner [-] Task a987ab1e-825d-42b6-ada2-9080c739105d | ITER: 15 START
2019-12-16 04:29:43.994 27838 RALLYDEBUG rally.task.runner [-] Starting a worker. times: 100 duration: None concurrency: 1 timeout: 0 cls: method_name: run args: {}
2019-12-16 04:29:43.993 27835 INFO rally.task.runner [-] Task a987ab1e-825d-42b6-ada2-9080c739105d | ITER: 16 START
2019-12-16 04:29:43.997 27838 INFO rally.task.runner [-] Task a987ab1e-825d-42b6-ada2-9080c739105d | ITER: 17 START
2019-12-16 04:29:43.998 27841 RALLYDEBUG rally.task.runner [-] Starting a worker. times: 100 duration: None concurrency: 1 timeout: 0 cls: method_name: run args: {}
2019-12-16 04:29:44.002 27841 INFO rally.task.runner [-] Task a987ab1e-825d-42b6-ada2-9080c739105d | ITER: 18 START
2019-12-16 04:29:44.003 27844 RALLYDEBUG rally.task.runner [-] Starting a worker. times: 100 duration: None concurrency: 1 timeout: 0 cls: method_name: run args: {}
2019-12-16 04:29:44.007 27847 RALLYDEBUG rally.task.runner [-] Starting a worker. times: 100 duration: None concurrency: 1 timeout: 0 cls: method_name: run args: {}
2019-12-16 04:29:44.008 27844 INFO rally.task.runner [-] Task a987ab1e-825d-42b6-ada2-9080c739105d | ITER: 19 START
2019-12-16 04:29:44.011 27847 INFO rally.task.runner [-] Task a987ab1e-825d-42b6-ada2-9080c739105d | ITER: 20 START
2019-12-16 04:29:44.834 27801 INFO rally.task.runner [-] Task a987ab1e-825d-42b6-ada2-9080c739105d | ITER: 2 END: OK
2019-12-16 04:29:44.837 27801 INFO rally.task.runner [-] Task a987ab1e-825d-42b6-ada2-9080c739105d | ITER: 21 START
2019-12-16 04:29:44.893 27801 INFO rally.task.runner [-] Task a987ab1e-825d-42b6-ada2-9080c739105d | ITER: 4 END: OK
2019-12-16 04:29:44.896 27801 INFO rally.task.runner [-] Task a987ab1e-825d-42b6-ada2-9080c739105d | ITER: 22 START
2019-12-16 04:29:45.086 27802 INFO rally.task.runner [-] Task a987ab1e-825d-42b6-ada2-9080c739105d | ITER: 6 END: OK
2019-12-16 04:29:45.089 27802 INFO rally.task.runner [-] Task a987ab1e-825d-42b6-ada2-9080c739105d | ITER: 23 START
2019-12-16 04:29:45.122 27818 INFO rally.task.runner [-] Task a987ab1e-825d-42b6-ada2-9080c739105d | ITER: 11 END: OK
2019-12-16 04:29:45.126 27818 INFO rally.task.runner [-] Task a987ab1e-825d-42b6-ada2-9080c739105d | ITER: 24 START
2019-12-16 04:29:45.140 27805 INFO rally.task.runner [-] Task a987ab1e-825d-42b6-ada2-9080c739105d | ITER: 8 END: OK
2019-12-16 04:29:45.144 27805 INFO rally.task.runner [-] Task a987ab1e-825d-42b6-ada2-9080c739105d | ITER: 25 START
2019-12-16 04:29:45.189 27847 INFO rally.task.runner [-] Task a987ab1e-825d-42b6-ada2-9080c739105d | ITER: 20 END: OK
2019-12-16 04:29:45.192 27847 INFO rally.task.runner [-] Task a987ab1e-825d-42b6-ada2-9080c739105d | ITER: 26 START
2019-12-16 04:29:45.229 27813 INFO rally.task.runner [-] Task a987ab1e-825d-42b6-ada2-9080c739105d | ITER: 10 END: OK
2019-12-16 04:29:45.232 27813 INFO rally.task.runner [-] Task a987ab1e-825d-42b6-ada2-9080c739105d | ITER: 27 START
2019-12-16 04:29:45.329 27805 INFO rally.task.runner [-] Task a987ab1e-825d-42b6-ada2-9080c739105d | ITER: 7 END: OK
2019-12-16 04:29:45.332 27805 INFO rally.task.runner [-] Task a987ab1e-825d-42b6-ada2-9080c739105d | ITER: 28 START
2019-12-16 04:29:45.347 27802 INFO rally.task.runner [-] Task a987ab1e-825d-42b6-ada2-9080c739105d | ITER: 5 END: OK
2019-12-16 04:29:45.350 27802 INFO rally.task.runner [-] Task a987ab1e-825d-42b6-ada2-9080c739105d | ITER: 29 START
2019-12-16 04:29:45.368 27835 INFO rally.task.runner [-] Task a987ab1e-825d-42b6-ada2-9080c739105d | ITER: 16 END: OK
2019-12-16 04:29:45.371 27835 INFO rally.task.runner [-] Task a987ab1e-825d-42b6-ada2-9080c739105d | ITER: 30 START
2019-12-16 04:29:45.419 27844 INFO rally.task.runner [-] Task a987ab1e-825d-42b6-ada2-9080c739105d | ITER: 19 END: OK
2019-12-16 04:29:45.423 27844 INFO rally.task.runner [-] Task a987ab1e-825d-42b6-ada2-9080c739105d | ITER: 31 START
2019-12-16 04:29:45.499 27822 INFO rally.task.runner [-] Task a987ab1e-825d-42b6-ada2-9080c739105d | ITER: 12 END: OK
2019-12-16 04:29:45.502 27822 INFO rally.task.runner [-] Task a987ab1e-825d-42b6-ada2-9080c739105d | ITER: 32 START
2019-12-16 04:29:45.617 27830 INFO rally.task.runner [-] Task a987ab1e-825d-42b6-ada2-9080c739105d | ITER: 14 END: OK
2019-12-16 04:29:45.621 27830 INFO rally.task.runner [-] Task a987ab1e-825d-42b6-ada2-9080c739105d | ITER: 33 START
2019-12-16 04:29:45.622 27801 INFO rally.task.runner [-] Task a987ab1e-825d-42b6-ada2-9080c739105d | ITER: 22 END: OK
2019-12-16 04:29:45.626 27801 INFO rally.task.runner [-] Task a987ab1e-825d-42b6-ada2-9080c739105d | ITER: 34 START
2019-12-16 04:29:45.630 27826 INFO rally.task.runner [-] Task a987ab1e-825d-42b6-ada2-9080c739105d | ITER: 13 END: OK
2019-12-16 04:29:45.633 27826 INFO rally.task.runner [-] Task a987ab1e-825d-42b6-ada2-9080c739105d | ITER: 35 START
2019-12-16 04:29:45.639 27834 INFO rally.task.runner [-] Task a987ab1e-825d-42b6-ada2-9080c739105d | ITER: 15 END: OK
2019-12-16 04:29:45.642 27834 INFO rally.task.runner [-] Task a987ab1e-825d-42b6-ada2-9080c739105d | ITER: 36 START
2019-12-16 04:29:45.658 27809 INFO rally.task.runner [-] Task a987ab1e-825d-42b6-ada2-9080c739105d | ITER: 9 END: OK
2019-12-16 04:29:45.661 27809 INFO rally.task.runner [-] Task a987ab1e-825d-42b6-ada2-9080c739105d | ITER: 37 START
2019-12-16 04:29:45.815 27800 INFO rally.task.runner [-] Task a987ab1e-825d-42b6-ada2-9080c739105d | ITER: 3 END: OK
2019-12-16 04:29:45.819 27800 INFO rally.task.runner [-] Task a987ab1e-825d-42b6-ada2-9080c739105d | ITER: 38 START
2019-12-16 04:29:45.891 27838 INFO rally.task.runner [-] Task a987ab1e-825d-42b6-ada2-9080c739105d | ITER: 17 END: OK
2019-12-16 04:29:45.895 27838 INFO rally.task.runner [-] Task a987ab1e-825d-42b6-ada2-9080c739105d | ITER: 39 START
2019-12-16 04:29:45.903 27801 INFO rally.task.runner [-] Task a987ab1e-825d-42b6-ada2-9080c739105d | ITER: 21 END: OK
2019-12-16 04:29:45.906 27801 INFO rally.task.runner [-] Task a987ab1e-825d-42b6-ada2-9080c739105d | ITER: 40 START
2019-12-16 04:29:45.910 27841 INFO rally.task.runner [-] Task a987ab1e-825d-42b6-ada2-9080c739105d | ITER: 18 END: OK
2019-12-16 04:29:45.914 27841 INFO rally.task.runner [-] Task a987ab1e-825d-42b6-ada2-9080c739105d | ITER: 41 START
2019-12-16 04:29:46.021 27800 INFO rally.task.runner [-] Task a987ab1e-825d-42b6-ada2-9080c739105d | ITER: 1 END: OK
2019-12-16 04:29:46.023 27800 INFO rally.task.runner [-] Task a987ab1e-825d-42b6-ada2-9080c739105d | ITER: 42 START
2019-12-16 04:29:46.267 27847 INFO rally.task.runner [-] Task a987ab1e-825d-42b6-ada2-9080c739105d | ITER: 26 END: OK
2019-12-16 04:29:46.270 27847 INFO rally.task.runner [-] Task a987ab1e-825d-42b6-ada2-9080c739105d | ITER: 43 START
2019-12-16 04:29:46.306 27805 INFO rally.task.runner [-] Task a987ab1e-825d-42b6-ada2-9080c739105d | ITER: 28 END: OK
2019-12-16 04:29:46.309 27805 INFO rally.task.runner [-] Task a987ab1e-825d-42b6-ada2-9080c739105d | ITER: 44 START
2019-12-16 04:29:46.347 27818 INFO rally.task.runner [-] Task a987ab1e-825d-42b6-ada2-9080c739105d | ITER: 24 END: OK
2019-12-16 04:29:46.350 27818 INFO rally.task.runner [-] Task a987ab1e-825d-42b6-ada2-9080c739105d | ITER: 45 START
2019-12-16 04:29:46.364 27802 INFO rally.task.runner [-] Task a987ab1e-825d-42b6-ada2-9080c739105d | ITER: 29 END: OK
2019-12-16 04:29:46.367 27802 INFO rally.task.runner [-] Task a987ab1e-825d-42b6-ada2-9080c739105d | ITER: 46 START
2019-12-16 04:29:46.384 27802 INFO rally.task.runner [-] Task a987ab1e-825d-42b6-ada2-9080c739105d | ITER: 23 END: OK
2019-12-16 04:29:46.387 27802 INFO rally.task.runner [-] Task a987ab1e-825d-42b6-ada2-9080c739105d | ITER: 47 START
2019-12-16 04:29:46.447 27822 INFO rally.task.runner [-] Task a987ab1e-825d-42b6-ada2-9080c739105d | ITER: 32 END: OK
2019-12-16 04:29:46.450 27822 INFO rally.task.runner [-] Task a987ab1e-825d-42b6-ada2-9080c739105d | ITER: 48 START
2019-12-16 04:29:46.474 27844 INFO rally.task.runner [-] Task a987ab1e-825d-42b6-ada2-9080c739105d | ITER: 31 END: OK
2019-12-16 04:29:46.478 27844 INFO rally.task.runner [-] Task a987ab1e-825d-42b6-ada2-9080c739105d | ITER: 49 START
2019-12-16 04:29:46.478 27835 INFO rally.task.runner [-] Task a987ab1e-825d-42b6-ada2-9080c739105d | ITER: 30 END: OK
2019-12-16 04:29:46.482 27835 INFO rally.task.runner [-] Task a987ab1e-825d-42b6-ada2-9080c739105d | ITER: 50 START
2019-12-16 04:29:46.769 27813 INFO rally.task.runner [-] Task a987ab1e-825d-42b6-ada2-9080c739105d | ITER: 27 END: OK
2019-12-16 04:29:46.772 27813 INFO rally.task.runner [-] Task a987ab1e-825d-42b6-ada2-9080c739105d | ITER: 51 START
2019-12-16 04:29:46.782 27830 INFO rally.task.runner [-] Task a987ab1e-825d-42b6-ada2-9080c739105d | ITER: 33 END: OK
2019-12-16 04:29:46.785 27830 INFO rally.task.runner [-] Task a987ab1e-825d-42b6-ada2-9080c739105d | ITER: 52 START
2019-12-16 04:29:46.957 27809 INFO rally.task.runner [-] Task a987ab1e-825d-42b6-ada2-9080c739105d | ITER: 37 END: OK
2019-12-16 04:29:46.960 27809 INFO rally.task.runner [-] Task a987ab1e-825d-42b6-ada2-9080c739105d | ITER: 53 START
2019-12-16 04:29:47.043 27826 INFO rally.task.runner [-] Task a987ab1e-825d-42b6-ada2-9080c739105d | ITER: 35 END: OK
2019-12-16 04:29:47.046 27826 INFO rally.task.runner [-] Task a987ab1e-825d-42b6-ada2-9080c739105d | ITER: 54 START
2019-12-16 04:29:47.081 27800 INFO rally.task.runner [-] Task a987ab1e-825d-42b6-ada2-9080c739105d | ITER: 38 END: OK
2019-12-16 04:29:47.084 27800 INFO rally.task.runner [-] Task a987ab1e-825d-42b6-ada2-9080c739105d | ITER: 55 START
2019-12-16 04:29:47.179 27801 INFO rally.task.runner [-] Task a987ab1e-825d-42b6-ada2-9080c739105d | ITER: 34 END: OK
2019-12-16 04:29:47.183 27801 INFO rally.task.runner [-] Task a987ab1e-825d-42b6-ada2-9080c739105d | ITER: 56 START
2019-12-16 04:29:47.215 27801 INFO rally.task.runner [-] Task a987ab1e-825d-42b6-ada2-9080c739105d | ITER: 40 END: OK
2019-12-16 04:29:47.217 27801 INFO rally.task.runner [-] Task a987ab1e-825d-42b6-ada2-9080c739105d | ITER: 57 START
2019-12-16 04:29:47.379 27841 INFO rally.task.runner [-] Task a987ab1e-825d-42b6-ada2-9080c739105d | ITER: 41 END: OK
2019-12-16 04:29:47.382 27841 INFO rally.task.runner [-] Task a987ab1e-825d-42b6-ada2-9080c739105d | ITER: 58 START
2019-12-16 04:29:47.386 27818 INFO rally.task.runner [-] Task a987ab1e-825d-42b6-ada2-9080c739105d | ITER: 45 END: OK
2019-12-16 04:29:47.389 27818 INFO rally.task.runner [-] Task a987ab1e-825d-42b6-ada2-9080c739105d | ITER: 59 START
2019-12-16 04:29:47.457 27834 INFO rally.task.runner [-] Task a987ab1e-825d-42b6-ada2-9080c739105d | ITER: 36 END: OK
2019-12-16 04:29:47.460 27834 INFO rally.task.runner [-] Task a987ab1e-825d-42b6-ada2-9080c739105d | ITER: 60 START
2019-12-16 04:29:47.471 27805 INFO rally.task.runner [-] Task a987ab1e-825d-42b6-ada2-9080c739105d | ITER: 25 END: OK
2019-12-16 04:29:47.473 27805 INFO rally.task.runner [-] Task a987ab1e-825d-42b6-ada2-9080c739105d | ITER: 61 START
2019-12-16 04:29:47.486 27802 INFO rally.task.runner [-] Task a987ab1e-825d-42b6-ada2-9080c739105d | ITER: 47 END: OK
2019-12-16 04:29:47.489 27802 INFO rally.task.runner [-] Task a987ab1e-825d-42b6-ada2-9080c739105d | ITER: 62 START
2019-12-16 04:29:47.636 27830 INFO rally.task.runner [-] Task a987ab1e-825d-42b6-ada2-9080c739105d | ITER: 52 END: OK
2019-12-16 04:29:47.639 27830 INFO rally.task.runner [-] Task a987ab1e-825d-42b6-ada2-9080c739105d | ITER: 63 START
2019-12-16 04:29:47.643 27822 INFO rally.task.runner [-] Task a987ab1e-825d-42b6-ada2-9080c739105d | ITER: 48 END: OK
2019-12-16 04:29:47.644 27802 INFO rally.task.runner [-] Task a987ab1e-825d-42b6-ada2-9080c739105d | ITER: 46 END: OK
2019-12-16 04:29:47.646 27822 INFO rally.task.runner [-] Task a987ab1e-825d-42b6-ada2-9080c739105d | ITER: 64 START
2019-12-16 04:29:47.647 27802 INFO rally.task.runner [-] Task a987ab1e-825d-42b6-ada2-9080c739105d | ITER: 65 START
2019-12-16 04:29:47.683 27805 INFO rally.task.runner [-] Task a987ab1e-825d-42b6-ada2-9080c739105d | ITER: 44 END: OK
2019-12-16 04:29:47.686 27805 INFO rally.task.runner [-] Task a987ab1e-825d-42b6-ada2-9080c739105d | ITER: 66 START
2019-12-16 04:29:47.709 27847 INFO rally.task.runner [-] Task a987ab1e-825d-42b6-ada2-9080c739105d | ITER: 43 END: OK
2019-12-16 04:29:47.712 27847 INFO rally.task.runner [-] Task a987ab1e-825d-42b6-ada2-9080c739105d | ITER: 67 START
2019-12-16 04:29:47.713 27838 INFO rally.task.runner [-] Task a987ab1e-825d-42b6-ada2-9080c739105d | ITER: 39 END: OK
2019-12-16 04:29:47.715 27838 INFO rally.task.runner [-] Task a987ab1e-825d-42b6-ada2-9080c739105d | ITER: 68 START
2019-12-16 04:29:47.826 27844 INFO rally.task.runner [-] Task a987ab1e-825d-42b6-ada2-9080c739105d | ITER: 49 END: OK
2019-12-16 04:29:47.830 27844 INFO rally.task.runner [-] Task a987ab1e-825d-42b6-ada2-9080c739105d | ITER: 69 START
2019-12-16 04:29:47.882 27835 INFO rally.task.runner [-] Task a987ab1e-825d-42b6-ada2-9080c739105d | ITER: 50 END: OK
2019-12-16 04:29:47.885 27835 INFO rally.task.runner [-] Task a987ab1e-825d-42b6-ada2-9080c739105d | ITER: 70 START
2019-12-16 04:29:47.939 27800 INFO rally.task.runner [-] Task a987ab1e-825d-42b6-ada2-9080c739105d | ITER: 42 END: OK
2019-12-16 04:29:47.943 27800 INFO rally.task.runner [-] Task a987ab1e-825d-42b6-ada2-9080c739105d | ITER: 71 START
2019-12-16 04:29:48.292 27826 INFO rally.task.runner [-] Task a987ab1e-825d-42b6-ada2-9080c739105d | ITER: 54 END: OK
2019-12-16 04:29:48.295 27826 INFO rally.task.runner [-] Task a987ab1e-825d-42b6-ada2-9080c739105d | ITER: 72 START
2019-12-16 04:29:48.332 27809 INFO rally.task.runner [-] Task a987ab1e-825d-42b6-ada2-9080c739105d | ITER: 53 END: OK
2019-12-16 04:29:48.335 27809 INFO rally.task.runner [-] Task a987ab1e-825d-42b6-ada2-9080c739105d | ITER: 73 START
2019-12-16 04:29:48.390 27801 INFO rally.task.runner [-] Task a987ab1e-825d-42b6-ada2-9080c739105d | ITER: 57 END: OK
2019-12-16 04:29:48.393 27801 INFO rally.task.runner [-] Task a987ab1e-825d-42b6-ada2-9080c739105d | ITER: 74 START
2019-12-16 04:29:48.486 27801 INFO rally.task.runner [-] Task a987ab1e-825d-42b6-ada2-9080c739105d | ITER: 56 END: OK
2019-12-16 04:29:48.488 27801 INFO rally.task.runner [-] Task a987ab1e-825d-42b6-ada2-9080c739105d | ITER: 75 START
2019-12-16 04:29:48.509 27818 INFO rally.task.runner [-] Task a987ab1e-825d-42b6-ada2-9080c739105d | ITER: 59 END: OK
2019-12-16 04:29:48.512 27818 INFO rally.task.runner [-] Task a987ab1e-825d-42b6-ada2-9080c739105d | ITER: 76 START
2019-12-16 04:29:48.548 27805 INFO rally.task.runner [-] Task a987ab1e-825d-42b6-ada2-9080c739105d | ITER: 61 END: OK
2019-12-16 04:29:48.551 27805 INFO rally.task.runner [-] Task a987ab1e-825d-42b6-ada2-9080c739105d | ITER: 77 START
2019-12-16 04:29:48.721 27802 INFO rally.task.runner [-] Task a987ab1e-825d-42b6-ada2-9080c739105d | ITER: 62 END: OK
2019-12-16 04:29:48.723 27802 INFO rally.task.runner [-] Task a987ab1e-825d-42b6-ada2-9080c739105d | ITER: 78 START
2019-12-16 04:29:48.878 27841 INFO rally.task.runner [-] Task a987ab1e-825d-42b6-ada2-9080c739105d | ITER: 58 END: OK
2019-12-16 04:29:48.881 27841 INFO rally.task.runner [-] Task a987ab1e-825d-42b6-ada2-9080c739105d | ITER: 79 START
2019-12-16 04:29:48.969 27800 INFO rally.task.runner [-] Task a987ab1e-825d-42b6-ada2-9080c739105d | ITER: 55 END: OK
2019-12-16 04:29:48.972 27800 INFO rally.task.runner [-] Task a987ab1e-825d-42b6-ada2-9080c739105d | ITER: 80 START
2019-12-16 04:29:49.120 27800 INFO rally.task.runner [-] Task a987ab1e-825d-42b6-ada2-9080c739105d | ITER: 71 END: OK
2019-12-16 04:29:49.123 27800 INFO rally.task.runner [-] Task a987ab1e-825d-42b6-ada2-9080c739105d | ITER: 81 START
2019-12-16 04:29:49.239 27834 INFO rally.task.runner [-] Task a987ab1e-825d-42b6-ada2-9080c739105d | ITER: 60 END: OK
2019-12-16 04:29:49.242 27834 INFO rally.task.runner [-] Task a987ab1e-825d-42b6-ada2-9080c739105d | ITER: 82 START
2019-12-16 04:29:49.256 27835 INFO rally.task.runner [-] Task a987ab1e-825d-42b6-ada2-9080c739105d | ITER: 70 END: OK
2019-12-16 04:29:49.259 27835 INFO rally.task.runner [-] Task a987ab1e-825d-42b6-ada2-9080c739105d | ITER: 83 START
2019-12-16 04:29:49.471 27818 INFO rally.task.runner [-] Task a987ab1e-825d-42b6-ada2-9080c739105d | ITER: 76 END: OK
2019-12-16 04:29:49.475 27818 INFO rally.task.runner [-] Task a987ab1e-825d-42b6-ada2-9080c739105d | ITER: 84 START
2019-12-16 04:29:49.531 27813 INFO rally.task.runner [-] Task a987ab1e-825d-42b6-ada2-9080c739105d | ITER: 51 END: OK
2019-12-16 04:29:49.534 27813 INFO rally.task.runner [-] Task a987ab1e-825d-42b6-ada2-9080c739105d | ITER: 85 START
2019-12-16 04:29:49.540 27801 INFO rally.task.runner [-] Task a987ab1e-825d-42b6-ada2-9080c739105d | ITER: 74 END: OK
2019-12-16 04:29:49.543 27801 INFO rally.task.runner [-] Task a987ab1e-825d-42b6-ada2-9080c739105d | ITER: 86 START
2019-12-16 04:29:49.550 27826 INFO rally.task.runner [-] Task a987ab1e-825d-42b6-ada2-9080c739105d | ITER: 72 END: OK
2019-12-16 04:29:49.554 27826 INFO rally.task.runner [-] Task a987ab1e-825d-42b6-ada2-9080c739105d | ITER: 87 START
2019-12-16 04:29:49.616 27830 INFO rally.task.runner [-] Task a987ab1e-825d-42b6-ada2-9080c739105d | ITER: 63 END: OK
2019-12-16 04:29:49.619 27830 INFO rally.task.runner [-] Task a987ab1e-825d-42b6-ada2-9080c739105d | ITER: 88 START
2019-12-16 04:29:49.710 27802 INFO rally.task.runner [-] Task a987ab1e-825d-42b6-ada2-9080c739105d | ITER: 65 END: OK
2019-12-16 04:29:49.714 27802 INFO rally.task.runner [-] Task a987ab1e-825d-42b6-ada2-9080c739105d | ITER: 89 START
2019-12-16 04:29:49.763 27809 INFO rally.task.runner [-] Task a987ab1e-825d-42b6-ada2-9080c739105d | ITER: 73 END: OK
2019-12-16 04:29:49.766 27809 INFO rally.task.runner [-] Task a987ab1e-825d-42b6-ada2-9080c739105d | ITER: 90 START
2019-12-16 04:29:49.882 27805 INFO rally.task.runner [-] Task a987ab1e-825d-42b6-ada2-9080c739105d | ITER: 77 END: OK
2019-12-16 04:29:49.885 27805 INFO rally.task.runner [-] Task a987ab1e-825d-42b6-ada2-9080c739105d | ITER: 91 START
2019-12-16 04:29:49.928 27822 INFO rally.task.runner [-] Task a987ab1e-825d-42b6-ada2-9080c739105d | ITER: 64 END: OK
2019-12-16 04:29:49.930 27801 INFO rally.task.runner [-] Task a987ab1e-825d-42b6-ada2-9080c739105d | ITER: 75 END: OK
2019-12-16 04:29:49.931 27822 INFO rally.task.runner [-] Task a987ab1e-825d-42b6-ada2-9080c739105d | ITER: 92 START
2019-12-16 04:29:49.933 27801 INFO rally.task.runner [-] Task a987ab1e-825d-42b6-ada2-9080c739105d | ITER: 93 START
2019-12-16 04:29:49.961 27838 INFO rally.task.runner [-] Task a987ab1e-825d-42b6-ada2-9080c739105d | ITER: 68 END: OK
2019-12-16 04:29:49.963 27838 INFO rally.task.runner [-] Task a987ab1e-825d-42b6-ada2-9080c739105d | ITER: 94 START
2019-12-16 04:29:50.066 27800 INFO rally.task.runner [-] Task a987ab1e-825d-42b6-ada2-9080c739105d | ITER: 80 END: OK
2019-12-16 04:29:50.069 27800 INFO rally.task.runner [-] Task a987ab1e-825d-42b6-ada2-9080c739105d | ITER: 95 START
2019-12-16 04:29:50.080 27844 INFO rally.task.runner [-] Task a987ab1e-825d-42b6-ada2-9080c739105d | ITER: 69 END: OK
2019-12-16 04:29:50.083 27844 INFO rally.task.runner [-] Task a987ab1e-825d-42b6-ada2-9080c739105d | ITER: 96 START
2019-12-16 04:29:50.118 27834 INFO rally.task.runner [-] Task a987ab1e-825d-42b6-ada2-9080c739105d | ITER: 82 END: OK
2019-12-16 04:29:50.121 27834 INFO rally.task.runner [-] Task a987ab1e-825d-42b6-ada2-9080c739105d | ITER: 97 START
2019-12-16 04:29:50.304 27802 INFO rally.task.runner [-] Task a987ab1e-825d-42b6-ada2-9080c739105d | ITER: 78 END: OK
2019-12-16 04:29:50.308 27802 INFO rally.task.runner [-] Task a987ab1e-825d-42b6-ada2-9080c739105d | ITER: 98 START
2019-12-16 04:29:50.330 27841 INFO rally.task.runner [-] Task a987ab1e-825d-42b6-ada2-9080c739105d | ITER: 79 END: OK
2019-12-16 04:29:50.334 27841 INFO rally.task.runner [-] Task a987ab1e-825d-42b6-ada2-9080c739105d | ITER: 99 START
2019-12-16 04:29:50.560 27802 INFO rally.task.runner [-] Task a987ab1e-825d-42b6-ada2-9080c739105d | ITER: 89 END: OK
2019-12-16 04:29:50.563 27802 INFO rally.task.runner [-] Task a987ab1e-825d-42b6-ada2-9080c739105d | ITER: 100 START
2019-12-16 04:29:50.651 27835 INFO rally.task.runner [-] Task a987ab1e-825d-42b6-ada2-9080c739105d | ITER: 83 END: OK
2019-12-16 04:29:50.759 27818 INFO rally.task.runner [-] Task a987ab1e-825d-42b6-ada2-9080c739105d | ITER: 84 END: OK
2019-12-16 04:29:50.927 27805 INFO rally.task.runner [-] Task a987ab1e-825d-42b6-ada2-9080c739105d | ITER: 91 END: OK
2019-12-16 04:29:50.940 27813 INFO rally.task.runner [-] Task a987ab1e-825d-42b6-ada2-9080c739105d | ITER: 85 END: OK
2019-12-16 04:29:51.038 27830 INFO rally.task.runner [-] Task a987ab1e-825d-42b6-ada2-9080c739105d | ITER: 88 END: OK
2019-12-16 04:29:51.054 27847 INFO rally.task.runner [-] Task a987ab1e-825d-42b6-ada2-9080c739105d | ITER: 67 END: OK
2019-12-16 04:29:51.082 27800 INFO rally.task.runner [-] Task a987ab1e-825d-42b6-ada2-9080c739105d | ITER: 95 END: OK
2019-12-16 04:29:51.083 27801 INFO rally.task.runner [-] Task a987ab1e-825d-42b6-ada2-9080c739105d | ITER: 93 END: OK
2019-12-16 04:29:51.132 27826 INFO rally.task.runner [-] Task a987ab1e-825d-42b6-ada2-9080c739105d | ITER: 87 END: OK
2019-12-16 04:29:51.189 27805 INFO rally.task.runner [-] Task a987ab1e-825d-42b6-ada2-9080c739105d | ITER: 66 END: OK
2019-12-16 04:29:51.210 27838 INFO rally.task.runner [-] Task a987ab1e-825d-42b6-ada2-9080c739105d | ITER: 94 END: OK
2019-12-16 04:29:51.211 27822 INFO rally.task.runner [-] Task a987ab1e-825d-42b6-ada2-9080c739105d | ITER: 92 END: OK
2019-12-16 04:29:51.275 27844 INFO rally.task.runner [-] Task a987ab1e-825d-42b6-ada2-9080c739105d | ITER: 96 END: OK
2019-12-16 04:29:51.308 27809 INFO rally.task.runner [-] Task a987ab1e-825d-42b6-ada2-9080c739105d | ITER: 90 END: OK
2019-12-16 04:29:51.378 27800 INFO rally.task.runner [-] Task a987ab1e-825d-42b6-ada2-9080c739105d | ITER: 81 END: OK
2019-12-16 04:29:51.465 27834 INFO rally.task.runner [-] Task a987ab1e-825d-42b6-ada2-9080c739105d | ITER: 97 END: OK
2019-12-16 04:29:51.556 27802 INFO rally.task.runner [-] Task a987ab1e-825d-42b6-ada2-9080c739105d | ITER: 98 END: OK
2019-12-16 04:29:51.579 27841 INFO rally.task.runner [-] Task a987ab1e-825d-42b6-ada2-9080c739105d | ITER: 99 END: OK
2019-12-16 04:29:51.714 27802 INFO rally.task.runner [-] Task a987ab1e-825d-42b6-ada2-9080c739105d | ITER: 100 END: OK
2019-12-16 04:29:51.779 27801 INFO rally.task.runner [-] Task a987ab1e-825d-42b6-ada2-9080c739105d | ITER: 86 END: OK
2019-12-16 04:29:51.806 27676 INFO rally.task.context [-] Task a987ab1e-825d-42b6-ada2-9080c739105d | Context cleanup@openstack cleanup() started
2019-12-16 04:29:51.809 27676 RALLYDEBUG rally_openstack.cleanup.manager [-] Cleaning up neutron vip objects
2019-12-16 04:29:52.176 27676 RALLYDEBUG rally_openstack.cleanup.manager [-] Cleaning up neutron health_monitor objects
2019-12-16 04:29:52.536 27676 RALLYDEBUG rally_openstack.cleanup.manager [-] Cleaning up neutron pool objects
2019-12-16 04:29:52.903 27676 RALLYDEBUG rally_openstack.cleanup.manager [-] Cleaning up neutron loadbalancer objects
2019-12-16 04:29:53.266 27676 RALLYDEBUG rally_openstack.cleanup.manager [-] Cleaning up neutron floatingip objects
2019-12-16 04:29:53.656 27676 RALLYDEBUG rally_openstack.cleanup.manager [-] Cleaning up neutron trunk objects
2019-12-16 04:29:54.027 27676 RALLYDEBUG rally_openstack.cleanup.manager [-] Cleaning up neutron port objects
2019-12-16 04:29:54.415 27676 RALLYDEBUG rally_openstack.cleanup.manager [-] Cleaning up neutron subnet objects
2019-12-16 04:29:54.795 27676 RALLYDEBUG rally_openstack.cleanup.manager [-] Cleaning up neutron network objects
2019-12-16 04:29:55.750 27676 RALLYDEBUG rally_openstack.cleanup.manager [-] Deleting neutron.network object s_rally_35b03609_khysbbX0 (00cb1eb1-cacb-4e44-a515-c9dee8f369f2)
2019-12-16 04:29:55.757 27676 RALLYDEBUG rally_openstack.cleanup.manager [-] Deleting neutron.network object s_rally_35b03609_RnQBntg4 (0496e35d-291d-4b02-a8e3-291de6cd505d)
2019-12-16 04:29:55.766 27676 RALLYDEBUG rally_openstack.cleanup.manager [-] Deleting neutron.network object s_rally_35b03609_LXowUWEo (051e4cf8-4ce6-4357-9960-be13c8eb23af)
2019-12-16 04:29:55.777 27676 RALLYDEBUG rally_openstack.cleanup.manager [-] Deleting neutron.network object s_rally_35b03609_Dtr40C6f (082e36fe-6b4e-424b-b8c0-67b3fef0adbf)
2019-12-16 04:29:55.787 27676 RALLYDEBUG rally_openstack.cleanup.manager [-] Deleting neutron.network object s_rally_35b03609_P5GFudIT (0a3a07d2-c701-474d-9fd4-ce7c2677d0dc)
2019-12-16 04:29:55.796 27676 RALLYDEBUG rally_openstack.cleanup.manager [-] Deleting neutron.network object s_rally_35b03609_mkyJMWFK (0d5f7f41-bff6-4839-aaca-0e7ed2c3eda0)
2019-12-16 04:29:55.813 27676 RALLYDEBUG rally_openstack.cleanup.manager [-] Deleting neutron.network object s_rally_35b03609_oNzNikDL (13a3d442-8b19-4a0c-94b6-4b8d79ed5e75)
2019-12-16 04:29:55.818 27676 RALLYDEBUG rally_openstack.cleanup.manager [-] Deleting neutron.network object s_rally_35b03609_E64Sikdi (14c38d5d-dff4-4a3b-bd71-6fff7d1ab830)
2019-12-16 04:29:55.831 27676 RALLYDEBUG rally_openstack.cleanup.manager [-] Deleting neutron.network object s_rally_35b03609_2Z0FDHJF (17967a2a-0fb8-4902-a9a3-75437541fba0)
2019-12-16 04:29:55.858 27676 RALLYDEBUG rally_openstack.cleanup.manager [-] Deleting neutron.network object s_rally_35b03609_oIprVLmE (1a82a579-e210-4924-96a3-1b2aba0f87a9)
2019-12-16 04:29:55.867 27676 RALLYDEBUG rally_openstack.cleanup.manager [-] Deleting neutron.network object s_rally_35b03609_1kP9TSYA (1ba0614b-64ef-4bfe-9870-db3ed78f9a40)
2019-12-16 04:29:55.874 27676 RALLYDEBUG rally_openstack.cleanup.manager [-] Deleting neutron.network object s_rally_35b03609_Lj45kjuS (1c69ae9e-04d5-4437-a659-4ed0e8a80fbc)
2019-12-16 04:29:55.883 27676 RALLYDEBUG rally_openstack.cleanup.manager [-] Deleting neutron.network object s_rally_35b03609_BRT8RIBU (1e0d9800-ae37-4eff-bd8a-381bd110df0f)
2019-12-16 04:29:55.888 27676 RALLYDEBUG rally_openstack.cleanup.manager [-] Deleting neutron.network object s_rally_35b03609_4Wl8WQIf (241cb7e8-1947-49b6-a4d9-2ebb9d6ef209)
2019-12-16 04:29:55.891 27676 RALLYDEBUG rally_openstack.cleanup.manager [-] Deleting neutron.network object s_rally_35b03609_DnaiVUYX (280675e4-8d98-47d8-bc2a-56eeb92f90cf)
2019-12-16 04:29:55.910 27676 RALLYDEBUG rally_openstack.cleanup.manager [-] Deleting neutron.network object s_rally_35b03609_kNO71133 (2b96ca75-a55f-4810-b506-bdc6ff09cdac)
2019-12-16 04:29:55.944 27676 RALLYDEBUG rally_openstack.cleanup.manager [-] Deleting neutron.network object s_rally_35b03609_LER6wHNx (2e1f5f13-5e39-4674-9541-8639dbd0b9cd)
2019-12-16 04:29:55.951 27676 RALLYDEBUG rally_openstack.cleanup.manager [-] Deleting neutron.network object s_rally_35b03609_O5z0Rd5I (3191b594-5d6b-4609-8162-b7e0713464b5)
2019-12-16 04:29:55.964 27676 RALLYDEBUG rally_openstack.cleanup.manager [-] Deleting neutron.network object s_rally_35b03609_b7P42fPy (3b7bc8f4-7fdc-4e97-a1bf-0a738825f128)
2019-12-16 04:29:55.969 27676 RALLYDEBUG rally_openstack.cleanup.manager [-] Deleting neutron.network object s_rally_35b03609_odZbESKq (404d6582-93ad-48b2-bd5e-cc9295050262)
2019-12-16 04:29:57.882 27676 RALLYDEBUG rally_openstack.cleanup.manager [-] Deleting neutron.network object s_rally_35b03609_0HUo7gPP (4065f43a-e2be-4a2b-8330-67a18726dd14)
2019-12-16 04:29:58.056 27676 RALLYDEBUG rally_openstack.cleanup.manager [-] Deleting neutron.network object s_rally_35b03609_poJJ8m4G (434ad95c-2ffb-44d2-930e-f6229c3e49ca)
2019-12-16 04:29:58.090 27676 RALLYDEBUG rally_openstack.cleanup.manager [-] Deleting neutron.network object s_rally_35b03609_BUEvenDy (4816c185-daf2-433f-8bc4-6f03743c93b5)
2019-12-16 04:29:58.120 27676 RALLYDEBUG rally_openstack.cleanup.manager [-] Deleting neutron.network object s_rally_35b03609_RDNYNkyp (496241be-3996-4a1d-81a1-48c0219dce0b)
2019-12-16 04:29:58.146 27676 RALLYDEBUG rally_openstack.cleanup.manager [-] Deleting neutron.network object s_rally_35b03609_tN8k2544 (4a0d5b4f-2b78-46cb-91b4-1ca3e96ddf5e)
2019-12-16 04:29:58.178 27676 RALLYDEBUG rally_openstack.cleanup.manager [-] Deleting neutron.network object s_rally_35b03609_vflc3I1A (4d07dde6-1b7e-40d6-b1c7-657e71543022)
2019-12-16 04:29:58.401 27676 RALLYDEBUG rally_openstack.cleanup.manager [-] Deleting neutron.network object s_rally_35b03609_PllnB169 (554f993b-cfc3-40a9-a437-603ae17dec8f)
2019-12-16 04:29:58.420 27676 RALLYDEBUG rally_openstack.cleanup.manager [-] Deleting neutron.network object s_rally_35b03609_IoeIxeyF (56a384b9-4cbf-465e-83a8-48981dade703)
2019-12-16 04:29:58.450 27676 RALLYDEBUG rally_openstack.cleanup.manager [-] Deleting neutron.network object s_rally_35b03609_DCYCpNN6 (57d1bd90-3fd9-43e1-a207-61275770eeaf)
2019-12-16 04:29:58.617 27676 RALLYDEBUG rally_openstack.cleanup.manager [-] Deleting neutron.network object s_rally_35b03609_OEhyn6T2 (593ee76c-f7bb-4f26-ba77-4857c3bc78c3)
2019-12-16 04:29:58.626 27676 RALLYDEBUG rally_openstack.cleanup.manager [-] Deleting neutron.network object s_rally_35b03609_AbkDHh0L (596b7c2e-e7d5-4acd-893d-ad540709b0b6)
2019-12-16 04:29:58.645 27676 RALLYDEBUG rally_openstack.cleanup.manager [-] Deleting neutron.network object s_rally_35b03609_NE5gsJav (5d9b7b78-14c0-4983-b1d2-29cadfeb1850)
2019-12-16 04:29:58.650 27676 RALLYDEBUG rally_openstack.cleanup.manager [-] Deleting neutron.network object s_rally_35b03609_bQjiCY9X (5ed84f76-50f5-4746-8c6f-69e996489c49)
2019-12-16 04:29:58.670 27676 RALLYDEBUG rally_openstack.cleanup.manager [-] Deleting neutron.network object s_rally_35b03609_54hyyBpA (6a445aa2-857a-43c2-946a-dfad8e2b3a08)
2019-12-16 04:29:58.697 27676 RALLYDEBUG rally_openstack.cleanup.manager [-] Deleting neutron.network object s_rally_35b03609_nUpOrDNW (6a51a36b-85a6-494b-b478-bf7f4e75e775)
2019-12-16 04:29:58.700 27676 RALLYDEBUG rally_openstack.cleanup.manager [-] Deleting neutron.network object s_rally_35b03609_NuE9d6Oo (6ccc045c-6e9f-4854-b047-e009863e96ad)
2019-12-16 04:29:58.827 27676 RALLYDEBUG rally_openstack.cleanup.manager [-] Deleting neutron.network object s_rally_35b03609_YS5xenD9 (6ff8a091-5ce3-4ec4-8ebf-8f607e92cdbe)
2019-12-16 04:29:58.857 27676 RALLYDEBUG rally_openstack.cleanup.manager [-] Deleting neutron.network object s_rally_35b03609_Kqjpn30k (7008090e-bbff-4032-ab6d-7612138c76ef)
2019-12-16 04:29:58.908 27676 RALLYDEBUG rally_openstack.cleanup.manager [-] Deleting neutron.network object s_rally_35b03609_dy1fb72y (7021cdf0-76e8-4315-a2be-96b2bd817116)
2019-12-16 04:29:58.937 27676 RALLYDEBUG rally_openstack.cleanup.manager [-] Deleting neutron.network object s_rally_35b03609_9s2IyF0n (7089e386-2e09-4cca-ab12-2a072c2d0948)
2019-12-16 04:29:59.752 27676 RALLYDEBUG rally_openstack.cleanup.manager [-] Deleting neutron.network object s_rally_35b03609_cJ2IVJxg (72a9bd26-f11e-4a86-b492-ec6d58faf034)
2019-12-16 04:29:59.952 27676 RALLYDEBUG rally_openstack.cleanup.manager [-] Deleting neutron.network object s_rally_35b03609_nnmEHB7v (75c8d8cd-10f9-44ee-b70c-ad5f5a7afb62)
2019-12-16 04:29:59.984 27676 RALLYDEBUG rally_openstack.cleanup.manager [-] Deleting neutron.network object s_rally_35b03609_qKNn1OYc (77864405-8d77-476a-9cbb-5c7d50322fd4)
2019-12-16 04:30:00.077 27676 RALLYDEBUG rally_openstack.cleanup.manager [-] Deleting neutron.network object s_rally_35b03609_MHW1BMTx (7bce0eba-2fb9-431e-bcb4-b28ac356edd5)
2019-12-16 04:30:00.100 27676 RALLYDEBUG rally_openstack.cleanup.manager [-] Deleting neutron.network object s_rally_35b03609_2vzyHU1H (7c4877d2-bf17-4f87-9a20-922fa37ddbc6)
2019-12-16 04:30:00.257 27676 RALLYDEBUG rally_openstack.cleanup.manager [-] Deleting neutron.network object s_rally_35b03609_lnAXCcVL (7e02051f-05d5-4a10-8f63-ed7225739536)
2019-12-16 04:30:00.397 27676 RALLYDEBUG rally_openstack.cleanup.manager [-] Deleting neutron.network object s_rally_35b03609_NJ3hri7R (80105a26-68e8-49e8-b078-14fd6d7d669f)
2019-12-16 04:30:00.482 27676 RALLYDEBUG rally_openstack.cleanup.manager [-] Deleting neutron.network object s_rally_35b03609_4DidU5yU (85721358-d717-4fca-b197-f5c1c9bff8cb)
2019-12-16 04:30:00.530 27676 RALLYDEBUG rally_openstack.cleanup.manager [-] Deleting neutron.network object s_rally_35b03609_fwPLFiqi (873c2985-34fe-49ba-b332-116d546418ea)
2019-12-16 04:30:00.599 27676 RALLYDEBUG rally_openstack.cleanup.manager [-] Deleting neutron.network object s_rally_35b03609_BdWQyT3c (8e3a6218-f823-4268-bfe5-7d8f0278d289)
2019-12-16 04:30:00.973 27676 RALLYDEBUG rally_openstack.cleanup.manager [-] Deleting neutron.network object s_rally_35b03609_5GKdKkDN (8ff41434-4690-4ebb-a4f3-8ae6eeecdfdb)
2019-12-16 04:30:01.002 27676 RALLYDEBUG rally_openstack.cleanup.manager [-] Deleting neutron.network object s_rally_35b03609_3gHuw1Op (90cbf1f8-90ea-4bfd-9ff4-865c2a988281)
2019-12-16 04:30:01.023 27676 RALLYDEBUG rally_openstack.cleanup.manager [-] Deleting neutron.network object s_rally_35b03609_pc1HzofL (978ff892-b8b7-4ab0-a4d7-902f056e7968)
2019-12-16 04:30:01.028 27676 RALLYDEBUG rally_openstack.cleanup.manager [-] Deleting neutron.network object s_rally_35b03609_Yn3ERbw1 (99192a26-dcf9-479a-9907-fca90e647a9e)
2019-12-16 04:30:01.106 27676 RALLYDEBUG rally_openstack.cleanup.manager [-] Deleting neutron.network object s_rally_35b03609_pETni2dC (9a0e0d7a-d993-4fad-a532-153bc9083ebc)
2019-12-16 04:30:01.129 27676 RALLYDEBUG rally_openstack.cleanup.manager [-] Deleting neutron.network object s_rally_35b03609_vBfY8M4b (9b1ad945-d17a-40d6-94a2-1225bbf03857)
2019-12-16 04:30:01.141 27676 RALLYDEBUG rally_openstack.cleanup.manager [-] Deleting neutron.network object s_rally_35b03609_VQuNJ3QT (9ca9ede7-cf98-449f-a607-81cf58712541)
2019-12-16 04:30:01.203 27676 RALLYDEBUG rally_openstack.cleanup.manager [-] Deleting neutron.network object s_rally_35b03609_iptupG2E (9cfff11d-27ee-4785-a884-792912557f57)
2019-12-16 04:30:01.229 27676 RALLYDEBUG rally_openstack.cleanup.manager [-] Deleting neutron.network object s_rally_35b03609_A5dchddi (9e6b6a67-6609-4408-91ea-ac642cefc33c)
2019-12-16 04:30:01.425 27676 RALLYDEBUG rally_openstack.cleanup.manager [-] Deleting neutron.network object s_rally_35b03609_aG0OGjCO (a04967c9-c7d5-47ca-a1d0-423be36f0542)
2019-12-16 04:30:01.583 27676 RALLYDEBUG rally_openstack.cleanup.manager [-] Deleting neutron.network object s_rally_35b03609_v434Ozh1 (a27695b5-0886-4885-86ab-f491293b86b9)
2019-12-16 04:30:01.944 27676 RALLYDEBUG rally_openstack.cleanup.manager [-] Deleting neutron.network object s_rally_35b03609_S9lHpc4x (a3bc54e0-f57d-465d-ad37-c0269191139e)
2019-12-16 04:30:01.948 27676 RALLYDEBUG rally_openstack.cleanup.manager [-] Deleting neutron.network object s_rally_35b03609_CxBw22RW (a41aa88f-7680-421a-9bd9-10607421427b)
2019-12-16 04:30:02.078 27676 RALLYDEBUG rally_openstack.cleanup.manager [-] Deleting neutron.network object s_rally_35b03609_Xy3K8iFw (a6015026-0fa7-4b85-a133-aba824c58248)
2019-12-16 04:30:02.112 27676 RALLYDEBUG rally_openstack.cleanup.manager [-] Deleting neutron.network object s_rally_35b03609_Bw1l3G1G (a914ec98-15a0-4e18-bd97-be6965b5d642)
2019-12-16 04:30:02.308 27676 RALLYDEBUG rally_openstack.cleanup.manager [-] Deleting neutron.network object s_rally_35b03609_HkOYhKpE (ac81bbb6-fd40-49e7-99e4-6b5304178583)
2019-12-16 04:30:02.335 27676 RALLYDEBUG rally_openstack.cleanup.manager [-] Deleting neutron.network object s_rally_35b03609_QoIZoPmM (aeb4686b-f6f4-4eb4-9bce-b557eec5058a)
2019-12-16 04:30:02.547 27676 RALLYDEBUG rally_openstack.cleanup.manager [-] Deleting neutron.network object s_rally_35b03609_2p60HjNS (b16a7e08-0321-413e-8c2e-ca6b5d251716)
2019-12-16 04:30:02.791 27676 RALLYDEBUG rally_openstack.cleanup.manager [-] Deleting neutron.network object s_rally_35b03609_jXwL8gjR (b35ebcce-5f2c-44a0-a933-324d82053bb7)
2019-12-16 04:30:02.918 27676 RALLYDEBUG rally_openstack.cleanup.manager [-] Deleting neutron.network object s_rally_35b03609_bI6lXFMc (b41c42ab-6212-4e2c-8458-a07135781582)
2019-12-16 04:30:02.927 27676 RALLYDEBUG rally_openstack.cleanup.manager [-] Deleting neutron.network object s_rally_35b03609_bcxcvphQ (b98510d0-b866-427b-bf17-83f90c6555bc)
2019-12-16 04:30:02.960 27676 RALLYDEBUG rally_openstack.cleanup.manager [-] Deleting neutron.network object s_rally_35b03609_cHNDcE8H (b9d7735c-79ee-421b-a932-19d80b18d053)
2019-12-16 04:30:03.100 27676 RALLYDEBUG rally_openstack.cleanup.manager [-] Deleting neutron.network object s_rally_35b03609_wNQokyD4 (ba54fd7a-d0b4-4153-8b32-6c02e01e2042)
2019-12-16 04:30:03.109 27676 RALLYDEBUG rally_openstack.cleanup.manager [-] Deleting neutron.network object s_rally_35b03609_iilx9AzS (bdfeb8f5-88e7-47d9-bc4b-dae02d8f3c2c)
2019-12-16 04:30:03.122 27676 RALLYDEBUG rally_openstack.cleanup.manager [-] Deleting neutron.network object s_rally_35b03609_hzltKfbX (bf7732a1-32b5-4687-918c-26edf72be8bf)
2019-12-16 04:30:03.143 27676 RALLYDEBUG rally_openstack.cleanup.manager [-] Deleting neutron.network object s_rally_35b03609_CDj9Jl4F (c093692a-53d5-4a44-9ff0-a282d48b728c)
2019-12-16 04:30:03.341 27676 RALLYDEBUG rally_openstack.cleanup.manager [-] Deleting neutron.network object s_rally_35b03609_etF9IOG1 (c11152e5-2625-4fa9-b59e-5f19431c5fe7)
2019-12-16 04:30:03.389 27676 RALLYDEBUG rally_openstack.cleanup.manager [-] Deleting neutron.network object s_rally_35b03609_DLj89f06 (c1ce188a-ed8f-41fa-b8a9-aa9613df55bf)
2019-12-16 04:30:03.460 27676 RALLYDEBUG rally_openstack.cleanup.manager [-] Deleting neutron.network object s_rally_35b03609_7yYvuc1w (c20d3894-d9e4-4b7b-8172-6bc9a2b4caa6)
2019-12-16 04:30:03.464 27676 RALLYDEBUG rally_openstack.cleanup.manager [-] Deleting neutron.network object s_rally_35b03609_egekOLdD (c3085815-aa93-4777-b931-2d32e9a79060)
2019-12-16 04:30:03.615 27676 RALLYDEBUG rally_openstack.cleanup.manager [-] Deleting neutron.network object s_rally_35b03609_gwyKhv0F (c9075005-d6ab-42d1-af5f-6835e139aed6)
2019-12-16 04:30:03.801 27676 RALLYDEBUG rally_openstack.cleanup.manager [-] Deleting neutron.network object s_rally_35b03609_xZxHNnZr (cb79a08b-fec2-4b38-b2c5-8ca4883e01ed)
2019-12-16 04:30:04.155 27676 RALLYDEBUG rally_openstack.cleanup.manager [-] Deleting neutron.network object s_rally_35b03609_TXtKLU9M (d8be3c07-9be6-49c3-a076-815fba79eb6a)
2019-12-16 04:30:04.220 27676 RALLYDEBUG rally_openstack.cleanup.manager [-] Deleting neutron.network object s_rally_35b03609_BgQso7TN (dd8bc3c0-530f-4706-b684-8f55fb8fc3e6)
2019-12-16 04:30:04.224 27676 RALLYDEBUG rally_openstack.cleanup.manager [-] Deleting neutron.network object s_rally_35b03609_xjYUKt3f (df9a0fad-0392-4112-9d30-8390313104a3)
2019-12-16 04:30:04.375 27676 RALLYDEBUG rally_openstack.cleanup.manager [-] Deleting neutron.network object s_rally_35b03609_USVXjfTE (e00140cf-ce87-488f-aa4c-3b7efcee0402)
2019-12-16 04:30:04.413 27676 RALLYDEBUG rally_openstack.cleanup.manager [-] Deleting neutron.network object s_rally_35b03609_OeH6OFeY (e2d8bbeb-599c-4a6b-8871-416cd2140438)
2019-12-16 04:30:04.540 27676 RALLYDEBUG rally_openstack.cleanup.manager [-] Deleting neutron.network object s_rally_35b03609_iCIlIEJN (e5c3fcc7-e606-4f45-89c7-ce94720f7fdf)
2019-12-16 04:30:04.716 27676 RALLYDEBUG rally_openstack.cleanup.manager [-] Deleting neutron.network object s_rally_35b03609_U3gRYz9t (e7568190-7cd7-4696-975a-ce0617644654)
2019-12-16 04:30:04.787 27676 RALLYDEBUG rally_openstack.cleanup.manager [-] Deleting neutron.network object s_rally_35b03609_ajiEQEUt (e7e5de45-c7f0-45a9-9c8b-3fe61505aa88)
2019-12-16 04:30:04.845 27676 RALLYDEBUG rally_openstack.cleanup.manager [-] Deleting neutron.network object s_rally_35b03609_rrAMw3FM (ead0e66d-60f3-465e-9a59-1c1ec1fb81e7)
2019-12-16 04:30:05.155 27676 RALLYDEBUG rally_openstack.cleanup.manager [-] Deleting neutron.network object s_rally_35b03609_bIuE3FX1 (ed6bc926-0ca2-4819-b8bf-1e5f24a8ab8e)
2019-12-16 04:30:05.180 27676 RALLYDEBUG rally_openstack.cleanup.manager [-] Deleting neutron.network object s_rally_35b03609_AF3wExyP (eebbf619-ca73-4454-aec8-aaf14f347b8f)
2019-12-16 04:30:05.298 27676 RALLYDEBUG rally_openstack.cleanup.manager [-] Deleting neutron.network object s_rally_35b03609_Bf78GP3g (efd12d99-2bc0-49e4-aea6-cc8f03266f26)
2019-12-16 04:30:05.347 27676 RALLYDEBUG rally_openstack.cleanup.manager [-] Deleting neutron.network object s_rally_35b03609_kDL6z0aT (f0409547-01db-413a-95c7-70c1fd01b80e)
2019-12-16 04:30:05.364 27676 RALLYDEBUG rally_openstack.cleanup.manager [-] Deleting neutron.network object s_rally_35b03609_wJcoSt3j (f0eabfea-fbf6-4257-ae2b-5f173351fa61)
2019-12-16 04:30:05.454 27676 RALLYDEBUG rally_openstack.cleanup.manager [-] Deleting neutron.network object s_rally_35b03609_fADgYiMb (f23834ba-c99c-4dda-8faf-396199830500)
