2019-12-16 04:41:56.827 27676 RALLYDEBUG rally_openstack.cleanup.manager [-] Deleting neutron.port object s_rally_4b753e20_P2wFONhK (519450bd-257f-49bf-8d33-134899692dc7)
2019-12-16 04:41:56.994 27676 RALLYDEBUG rally_openstack.cleanup.manager [-] Deleting neutron.port object s_rally_4b753e20_YsuqSd9Q (536b9919-3be6-4608-bd3c-3cd4c0f8a0ac)
2019-12-16 04:41:57.105 27676 RALLYDEBUG rally_openstack.cleanup.manager [-] Deleting neutron.port object s_rally_4b753e20_RzcCZKyB (53757817-6cd6-4fb8-8212-a78da8b33e47)
2019-12-16 04:41:57.204 27676 RALLYDEBUG rally_openstack.cleanup.manager [-] Deleting neutron.port object s_rally_4b753e20_aBVXkWVC (5522d369-cbdf-405c-8c53-7900b4ed0622)
2019-12-16 04:41:57.238 27676 RALLYDEBUG rally_openstack.cleanup.manager [-] Deleting neutron.port object s_rally_4b753e20_5g16lYAx (5585691a-cbf5-44f2-ac01-63a2cad14dbe)
2019-12-16 04:41:57.323 27676 RALLYDEBUG rally_openstack.cleanup.manager [-] Deleting neutron.port object s_rally_4b753e20_gCPCe0TC (56ee3fe4-5bf9-4dae-ae03-cb6eaedb8a4e)
2019-12-16 04:41:57.448 27676 RALLYDEBUG rally_openstack.cleanup.manager [-] Deleting neutron.port object s_rally_4b753e20_cdcv6K8a (5c3a15e2-b53c-47fb-880f-eb03dbd6f1f2)
2019-12-16 04:41:57.558 27676 RALLYDEBUG rally_openstack.cleanup.manager [-] Deleting neutron.port object s_rally_4b753e20_upgv9Q1B (5cf7d3c0-973c-40a3-94d0-c6c10434d54d)
2019-12-16 04:41:57.645 27676 RALLYDEBUG rally_openstack.cleanup.manager [-] Deleting neutron.port object s_rally_4b753e20_FMroZEk7 (5d8f1cd6-bdbd-4dd6-b74f-e8d817d6bcbe)
2019-12-16 04:41:57.691 27676 RALLYDEBUG rally_openstack.cleanup.manager [-] Deleting neutron.port object s_rally_4b753e20_prKblsE9 (5ffb2fa1-124f-4312-a62b-c083b4ef915f)
2019-12-16 04:41:57.701 27676 RALLYDEBUG rally_openstack.cleanup.manager [-] Deleting neutron.port object s_rally_4b753e20_MnyjKkFr (60ba6825-c372-4a9b-92b8-b1d75c36df77)
2019-12-16 04:41:57.721 27676 RALLYDEBUG rally_openstack.cleanup.manager [-] Deleting neutron.port object s_rally_4b753e20_hwPdvqDr (60beab0f-628b-45c2-ad7e-172ef8ac4e8d)
2019-12-16 04:41:57.753 27676 RALLYDEBUG rally_openstack.cleanup.manager [-] Deleting neutron.port object s_rally_4b753e20_0vCzFiXG (60ec8684-f72f-4767-88b6-9385f53c02b9)
2019-12-16 04:41:57.843 27676 RALLYDEBUG rally_openstack.cleanup.manager [-] Deleting neutron.port object s_rally_4b753e20_A8yh7biU (616cc590-ca9d-404a-8ab7-f5456ee8dcf2)
2019-12-16 04:41:57.878 27676 RALLYDEBUG rally_openstack.cleanup.manager [-] Deleting neutron.port object s_rally_4b753e20_MWsZYUzp (61efc3a9-b2c4-4a24-8a33-97064bd28944)
2019-12-16 04:41:57.932 27676 RALLYDEBUG rally_openstack.cleanup.manager [-] Deleting neutron.port object s_rally_4b753e20_od92oRhF (631f7f6d-4093-4c74-9583-e69efe3e487a)
2019-12-16 04:41:58.035 27676 RALLYDEBUG rally_openstack.cleanup.manager [-] Deleting neutron.port object s_rally_4b753e20_wbFs2s7v (6335d98a-dcb5-4960-aa2d-e36777de1bcb)
2019-12-16 04:41:58.081 27676 RALLYDEBUG rally_openstack.cleanup.manager [-] Deleting neutron.port object s_rally_4b753e20_ghWdKAl8 (644554bd-ad2e-41df-80f6-303fceee919d)
2019-12-16 04:41:58.130 27676 RALLYDEBUG rally_openstack.cleanup.manager [-] Deleting neutron.port object s_rally_4b753e20_OCQnmNoS (64d6d886-9eea-430e-862c-180ecb96cd05)
2019-12-16 04:41:58.406 27676 RALLYDEBUG rally_openstack.cleanup.manager [-] Deleting neutron.port object s_rally_4b753e20_iluny0rH (6807b161-41c3-4731-b0ce-d5304776e71b)
2019-12-16 04:41:58.535 27676 RALLYDEBUG rally_openstack.cleanup.manager [-] Deleting neutron.port object s_rally_4b753e20_UdjtmTp7 (688901f9-f9f8-4347-bfb6-f4f6550f5a34)
2019-12-16 04:41:58.725 27676 RALLYDEBUG rally_openstack.cleanup.manager [-] Deleting neutron.port object s_rally_4b753e20_5iSeW2Ak (68afc99d-4f3a-4993-9f75-29f60abf698d)
2019-12-16 04:41:58.848 27676 RALLYDEBUG rally_openstack.cleanup.manager [-] Deleting neutron.port object s_rally_4b753e20_qSMfOLM5 (690fc056-5859-42ed-b24e-20878dbdd708)
2019-12-16 04:41:58.922 27676 RALLYDEBUG rally_openstack.cleanup.manager [-] Deleting neutron.port object s_rally_4b753e20_B3koare3 (6b45b1a5-253f-4ed1-a36e-ef9a2fbd3ee3)
2019-12-16 04:41:58.963 27676 RALLYDEBUG rally_openstack.cleanup.manager [-] Deleting neutron.port object s_rally_4b753e20_eZDZCSTy (6b5ac292-62e4-415b-ae91-1ad9db91f839)
2019-12-16 04:41:59.038 27676 RALLYDEBUG rally_openstack.cleanup.manager [-] Deleting neutron.port object s_rally_4b753e20_9C3hXiKI (6bf32684-90bc-4de2-82a1-7a2436d61ebe)
2019-12-16 04:41:59.191 27676 RALLYDEBUG rally_openstack.cleanup.manager [-] Deleting neutron.port object s_rally_4b753e20_DMA3ObQB (6cd6dfeb-7de0-47cf-b06d-d200e32c3047)
2019-12-16 04:41:59.300 27676 RALLYDEBUG rally_openstack.cleanup.manager [-] Deleting neutron.port object s_rally_4b753e20_V0PmOnxH (71e1b59f-709b-4879-864f-c58754b5b0de)
2019-12-16 04:41:59.431 27676 RALLYDEBUG rally_openstack.cleanup.manager [-] Deleting neutron.port object s_rally_4b753e20_Y2tUB6pg (7282468e-f1fd-4251-a078-8402f22a4332)
2019-12-16 04:41:59.476 27676 RALLYDEBUG rally_openstack.cleanup.manager [-] Deleting neutron.port object s_rally_4b753e20_CDZrxMi0 (72959d58-a94d-4e2e-97fc-4738b9ce4fea)
2019-12-16 04:41:59.556 27676 RALLYDEBUG rally_openstack.cleanup.manager [-] Deleting neutron.port object s_rally_4b753e20_b7RZdSEU (7643223c-4a16-4def-b17f-60eef9753a23)
2019-12-16 04:41:59.572 27676 RALLYDEBUG rally_openstack.cleanup.manager [-] Deleting neutron.port object s_rally_4b753e20_1yFsilm1 (77593dec-f69c-4309-ba91-694577165e26)
2019-12-16 04:41:59.750 27676 RALLYDEBUG rally_openstack.cleanup.manager [-] Deleting neutron.port object s_rally_4b753e20_QqzOej3N (78470211-562b-4a0a-923c-45b17e04affe)
2019-12-16 04:41:59.811 27676 RALLYDEBUG rally_openstack.cleanup.manager [-] Deleting neutron.port object s_rally_4b753e20_CPgeWSNv (79922c43-8164-498b-9baa-1d1dfb83465f)
2019-12-16 04:41:59.819 27676 RALLYDEBUG rally_openstack.cleanup.manager [-] Deleting neutron.port object s_rally_4b753e20_lsBjUst9 (79986839-4c7e-45ce-95d1-ffe1dffbd2ad)
2019-12-16 04:41:59.860 27676 RALLYDEBUG rally_openstack.cleanup.manager [-] Deleting neutron.port object s_rally_4b753e20_qeb9uKVV (7a5b59ee-06cd-4e10-812e-db3b48c74226)
2019-12-16 04:41:59.868 27676 RALLYDEBUG rally_openstack.cleanup.manager [-] Deleting neutron.port object s_rally_4b753e20_siIwc2sy (7bc642c8-ca93-4453-ab9d-f842227667b2)
2019-12-16 04:41:59.961 27676 RALLYDEBUG rally_openstack.cleanup.manager [-] Deleting neutron.port object s_rally_4b753e20_aCVhctFr (7d7a30fc-763e-40e4-81a0-cd8671575e7d)
2019-12-16 04:42:00.065 27676 RALLYDEBUG rally_openstack.cleanup.manager [-] Deleting neutron.port object s_rally_4b753e20_8Q8sUS2A (7e1df05f-4fb4-4475-8fc8-531295bd588b)
2019-12-16 04:42:00.132 27676 RALLYDEBUG rally_openstack.cleanup.manager [-] Deleting neutron.port object s_rally_4b753e20_8qfemlTF (7ea584c5-2972-4eeb-ae55-7922655a64b4)
2019-12-16 04:42:00.232 27676 RALLYDEBUG rally_openstack.cleanup.manager [-] Deleting neutron.port object s_rally_4b753e20_y9jCno1t (82168e6e-87b5-4ad5-9fb4-33d75754c8ab)
2019-12-16 04:42:00.461 27676 RALLYDEBUG rally_openstack.cleanup.manager [-] Deleting neutron.port object s_rally_4b753e20_uHUNaBQv (829dfd30-7dda-45aa-a908-71cbe9d4bf98)
2019-12-16 04:42:00.650 27676 RALLYDEBUG rally_openstack.cleanup.manager [-] Deleting neutron.port object s_rally_4b753e20_V3UHZqO7 (82d787c8-6e67-4162-858e-669f4bdb31e3)
2019-12-16 04:42:00.660 27676 RALLYDEBUG rally_openstack.cleanup.manager [-] Deleting neutron.port object s_rally_4b753e20_0rx952gs (8349beb9-f065-4abd-8c49-193ad171f2e8)
2019-12-16 04:42:00.925 27676 RALLYDEBUG rally_openstack.cleanup.manager [-] Deleting neutron.port object s_rally_4b753e20_DRVWE7QL (8376148c-f9cf-4a4b-a2ec-7f482ea3aef3)
2019-12-16 04:42:00.929 27676 RALLYDEBUG rally_openstack.cleanup.manager [-] Deleting neutron.port object s_rally_4b753e20_ONBMKqmZ (877aa257-227e-4905-8aae-74836af98903)
2019-12-16 04:42:01.049 27676 RALLYDEBUG rally_openstack.cleanup.manager [-] Deleting neutron.port object s_rally_4b753e20_MRI32zIv (880c7052-056f-468e-8056-62e1e35feb10)
2019-12-16 04:42:01.158 27676 RALLYDEBUG rally_openstack.cleanup.manager [-] Deleting neutron.port object s_rally_4b753e20_ArzVRZfh (8a18a6c4-0def-4892-9911-21859fe623c7)
2019-12-16 04:42:01.215 27676 RALLYDEBUG rally_openstack.cleanup.manager [-] Deleting neutron.port object s_rally_4b753e20_FswWmw1z (8b435dc8-f770-42f0-a71d-a1dffdc3f0a4)
2019-12-16 04:42:01.298 27676 RALLYDEBUG rally_openstack.cleanup.manager [-] Deleting neutron.port object s_rally_4b753e20_vCUYrV4H (8c3411b5-2038-42e9-8928-09d2e6ab6d64)
2019-12-16 04:42:01.340 27676 RALLYDEBUG rally_openstack.cleanup.manager [-] Deleting neutron.port object s_rally_4b753e20_w9qSNFIL (8e33502a-98a6-4a57-a7f9-34995f4320d7)
2019-12-16 04:42:01.397 27676 RALLYDEBUG rally_openstack.cleanup.manager [-] Deleting neutron.port object s_rally_4b753e20_FaA9sCfV (8e902ec4-7ac5-4ef6-be72-49968cbf7d0d)
2019-12-16 04:42:01.550 27676 RALLYDEBUG rally_openstack.cleanup.manager [-] Deleting neutron.port object s_rally_4b753e20_qVyh4W7i (8f4d9b6f-5afa-4f9c-bc9c-82cb6866612d)
2019-12-16 04:42:01.571 27676 RALLYDEBUG rally_openstack.cleanup.manager [-] Deleting neutron.port object s_rally_4b753e20_aPDGIUYS (8f620ea9-068a-401e-8e6e-dbff365ac108)
2019-12-16 04:42:01.621 27676 RALLYDEBUG rally_openstack.cleanup.manager [-] Deleting neutron.port object s_rally_4b753e20_L7fjQO1e (8f94646e-0d17-4caf-aa36-099a6f1b9dd6)
2019-12-16 04:42:01.750 27676 RALLYDEBUG rally_openstack.cleanup.manager [-] Deleting neutron.port object s_rally_4b753e20_6r0Pi8ld (8fbe8643-0134-4caf-addb-7a96c1aeb7e2)
2019-12-16 04:42:01.876 27676 RALLYDEBUG rally_openstack.cleanup.manager [-] Deleting neutron.port object s_rally_4b753e20_mvzRFVkL (8ffd9415-9f32-435f-a8af-5010552d46c8)
2019-12-16 04:42:01.980 27676 RALLYDEBUG rally_openstack.cleanup.manager [-] Deleting neutron.port object s_rally_4b753e20_FQmlA9Ne (9183b81b-16c2-41fd-b3f8-c7eb5b46996a)
2019-12-16 04:42:02.057 27676 RALLYDEBUG rally_openstack.cleanup.manager [-] Deleting neutron.port object s_rally_4b753e20_Rk2gFxg6 (92db00f6-594e-4dd9-9120-3fb0b88ef28e)
2019-12-16 04:42:02.066 27676 RALLYDEBUG rally_openstack.cleanup.manager [-] Deleting neutron.port object s_rally_4b753e20_uUhmBeDw (933fbb5c-a382-4707-b277-c8af50ae60c0)
2019-12-16 04:42:02.166 27676 RALLYDEBUG rally_openstack.cleanup.manager [-] Deleting neutron.port object s_rally_4b753e20_eVUrJ3ER (9381069f-899f-46eb-90ea-6b97c6bd6173)
2019-12-16 04:42:02.475 27676 RALLYDEBUG rally_openstack.cleanup.manager [-] Deleting neutron.port object s_rally_4b753e20_2JJxoYGV (94aa6792-9224-4e05-80c8-c9cc2dceabb6)
2019-12-16 04:42:02.636 27676 RALLYDEBUG rally_openstack.cleanup.manager [-] Deleting neutron.port object s_rally_4b753e20_KfTP62Mw (972e78bf-eb49-4823-9dda-8626b37ca33f)
2019-12-16 04:42:02.675 27676 RALLYDEBUG rally_openstack.cleanup.manager [-] Deleting neutron.port object s_rally_4b753e20_52Z8LJWw (97e03529-f568-472c-b6db-1f5d8b71450f)
2019-12-16 04:42:02.811 27676 RALLYDEBUG rally_openstack.cleanup.manager [-] Deleting neutron.port object s_rally_4b753e20_97wWR37z (982db72f-119d-482f-aa65-dd0ce34dde95)
2019-12-16 04:42:02.899 27676 RALLYDEBUG rally_openstack.cleanup.manager [-] Deleting neutron.port object s_rally_4b753e20_jyY05zS5 (997eb872-9a93-4db0-a42f-af00f86500fc)
2019-12-16 04:42:02.921 27676 RALLYDEBUG rally_openstack.cleanup.manager [-] Deleting neutron.port object s_rally_4b753e20_gxceJ2vP (9af7dc82-d563-44ca-93dc-eece9927ec7c)
2019-12-16 04:42:02.929 27676 RALLYDEBUG rally_openstack.cleanup.manager [-] Deleting neutron.port object s_rally_4b753e20_KHiY5AvX (9b1e3d8e-cc47-4945-9c1d-66bebc94e279)
2019-12-16 04:42:02.947 27676 RALLYDEBUG rally_openstack.cleanup.manager [-] Deleting neutron.port object s_rally_4b753e20_mgysEWtC (9b9788bf-7693-4a2a-848d-82b4f28a7d54)
2019-12-16 04:42:03.057 27676 RALLYDEBUG rally_openstack.cleanup.manager [-] Deleting neutron.port object s_rally_4b753e20_PGbvEMXO (9c55ccd3-1cdd-47c8-ab8b-c89601e05679)
2019-12-16 04:42:03.148 27676 RALLYDEBUG rally_openstack.cleanup.manager [-] Deleting neutron.port object s_rally_4b753e20_2RVeCw8X (9d0c1829-fe57-49fa-b884-68c27b83343b)
2019-12-16 04:42:03.157 27676 RALLYDEBUG rally_openstack.cleanup.manager [-] Deleting neutron.port object s_rally_4b753e20_95nORjKZ (9f68c0db-78c3-447f-ab0e-5462d716313e)
2019-12-16 04:42:03.295 27676 RALLYDEBUG rally_openstack.cleanup.manager [-] Deleting neutron.port object s_rally_4b753e20_76PqJuFH (9fc1da49-4a7d-4da2-ae0d-e0be1b387faf)
2019-12-16 04:42:03.317 27676 RALLYDEBUG rally_openstack.cleanup.manager [-] Deleting neutron.port object s_rally_4b753e20_kjRXyTcO (a13529e5-c5ca-4712-b884-f01a7ce0e5c0)
2019-12-16 04:42:03.338 27676 RALLYDEBUG rally_openstack.cleanup.manager [-] Deleting neutron.port object s_rally_4b753e20_qDk2s1rk (a1928e43-4df9-4ac6-ba1e-7f07709a69c5)
2019-12-16 04:42:03.516 27676 RALLYDEBUG rally_openstack.cleanup.manager [-] Deleting neutron.port object s_rally_4b753e20_yXTDQzCx (a2a966b1-b00d-4701-8d87-2fcbb043deca)
2019-12-16 04:42:03.624 27676 RALLYDEBUG rally_openstack.cleanup.manager [-] Deleting neutron.port object s_rally_4b753e20_OLrxYju3 (a560760a-cd36-4866-a6df-140501f0c77c)
2019-12-16 04:42:03.694 27676 RALLYDEBUG rally_openstack.cleanup.manager [-] Deleting neutron.port object s_rally_4b753e20_iIK9efJ0 (a57ddb2f-76ec-4ac7-a192-9d938817f31a)
2019-12-16 04:42:03.785 27676 RALLYDEBUG rally_openstack.cleanup.manager [-] Deleting neutron.port object s_rally_4b753e20_4M5dOnGv (a7b96e67-293b-44ce-a15a-7a6ec2399484)
2019-12-16 04:42:03.824 27676 RALLYDEBUG rally_openstack.cleanup.manager [-] Deleting neutron.port object s_rally_4b753e20_MVcaOWdH (a8533ab0-76da-4885-96ce-b2922c900fe8)
2019-12-16 04:42:03.895 27676 RALLYDEBUG rally_openstack.cleanup.manager [-] Deleting neutron.port object s_rally_4b753e20_eWN7uKvY (a8deef95-2d94-46d2-bc1c-3b874df7a4a2)
2019-12-16 04:42:04.217 27676 RALLYDEBUG rally_openstack.cleanup.manager [-] Deleting neutron.port object s_rally_4b753e20_gZLbTDF9 (ae1d2998-e932-4984-8e38-45cf8c5cd360)
2019-12-16 04:42:04.374 27676 RALLYDEBUG rally_openstack.cleanup.manager [-] Deleting neutron.port object s_rally_4b753e20_VAUM9Zd7 (af6316e2-1027-4e42-a3a8-47f10071cb91)
2019-12-16 04:42:04.413 27676 RALLYDEBUG rally_openstack.cleanup.manager [-] Deleting neutron.port object s_rally_4b753e20_AzdRZYJ8 (b0a43039-eb75-477b-8589-c8e73f9031c7)
2019-12-16 04:42:04.517 27676 RALLYDEBUG rally_openstack.cleanup.manager [-] Deleting neutron.port object s_rally_4b753e20_v16rUhBX (b9a72dec-1876-4e4b-b732-50b5043ad562)
2019-12-16 04:42:04.636 27676 RALLYDEBUG rally_openstack.cleanup.manager [-] Deleting neutron.port object s_rally_4b753e20_IdCsukYN (b9bb90d7-9d54-4d10-9dc7-86c6ad0bf089)
2019-12-16 04:42:04.654 27676 RALLYDEBUG rally_openstack.cleanup.manager [-] Deleting neutron.port object s_rally_4b753e20_TlqgJpJt (ba53221f-380a-46c4-bcba-ec5b9aee8f59)
2019-12-16 04:42:04.721 27676 RALLYDEBUG rally_openstack.cleanup.manager [-] Deleting neutron.port object s_rally_4b753e20_xfYDW9Hc (baae40f5-51db-4050-b1a1-81c678ccaa83)
2019-12-16 04:42:04.735 27676 RALLYDEBUG rally_openstack.cleanup.manager [-] Deleting neutron.port object s_rally_4b753e20_2HZH9PsT (bf704d5d-b2bc-48ca-88e8-0ac576628a01)
2019-12-16 04:42:04.763 27676 RALLYDEBUG rally_openstack.cleanup.manager [-] Deleting neutron.port object s_rally_4b753e20_S2biaCOo (c023c350-a062-4ac8-8a5f-1fbcf05df2fb)
2019-12-16 04:42:05.038 27676 RALLYDEBUG rally_openstack.cleanup.manager [-] Deleting neutron.port object s_rally_4b753e20_1QUUqlkd (c12b0ad3-9f67-4114-90d3-39e6ab41e4c1)
2019-12-16 04:42:05.106 27676 RALLYDEBUG rally_openstack.cleanup.manager [-] Deleting neutron.port object s_rally_4b753e20_yBNl8h2M (c1b7b916-5c95-4ef0-8062-ad382fa3622b)
2019-12-16 04:42:05.137 27676 RALLYDEBUG rally_openstack.cleanup.manager [-] Deleting neutron.port object s_rally_4b753e20_QUHoafBO (c2ba10a9-b9fd-445a-a4c7-a6df88fb7c94)
2019-12-16 04:42:05.315 27676 RALLYDEBUG rally_openstack.cleanup.manager [-] Deleting neutron.port object s_rally_4b753e20_G9ex2j9v (c68a6877-3025-47a8-af5a-739896932090)
2019-12-16 04:42:05.354 27676 RALLYDEBUG rally_openstack.cleanup.manager [-] Deleting neutron.port object s_rally_4b753e20_Zs8kAEqB (c7d80aff-8d81-45b2-9216-2ce7334b80bf)
2019-12-16 04:42:05.443 27676 RALLYDEBUG rally_openstack.cleanup.manager [-] Deleting neutron.port object s_rally_4b753e20_L1e7ioHx (cab11eb5-8394-4d24-92fc-e0deb744cafd)
2019-12-16 04:42:05.500 27676 RALLYDEBUG rally_openstack.cleanup.manager [-] Deleting neutron.port object s_rally_4b753e20_3XByv00s (cc2016a5-4268-4a7a-b364-9de18caaf278)
2019-12-16 04:42:05.511 27676 RALLYDEBUG rally_openstack.cleanup.manager [-] Deleting neutron.port object s_rally_4b753e20_QUd1fIZC (cc510500-4d54-4be6-bb81-3c00bc0a2f92)
2019-12-16 04:42:05.521 27676 RALLYDEBUG rally_openstack.cleanup.manager [-] Deleting neutron.port object s_rally_4b753e20_yhrTKDoo (cc7f3b39-eefc-4f4e-bd02-be9a82defd29)
2019-12-16 04:42:05.554 27676 RALLYDEBUG rally_openstack.cleanup.manager [-] Deleting neutron.port object s_rally_4b753e20_NoB3fvhF (ce0cad39-dd6b-47ac-ad4f-7ce6a1ebe8b5)
2019-12-16 04:42:05.591 27676 RALLYDEBUG rally_openstack.cleanup.manager [-] Deleting neutron.port object s_rally_4b753e20_4HkvjCf2 (ce6ca345-b8e7-4d22-9006-1706e64f6e49)
2019-12-16 04:42:05.908 27676 RALLYDEBUG rally_openstack.cleanup.manager [-] Deleting neutron.port object s_rally_4b753e20_4r6VDGql (cf3a5ab4-0c30-4220-8ea5-49cb802dad6a)
2019-12-16 04:42:06.362 27676 RALLYDEBUG rally_openstack.cleanup.manager [-] Deleting neutron.port object s_rally_4b753e20_DDj6Q3BN (d1caaee2-f61d-49e3-b985-d9c66fe40802)
2019-12-16 04:42:06.372 27676 RALLYDEBUG rally_openstack.cleanup.manager [-] Deleting neutron.port object s_rally_4b753e20_7V305uFg (d27c48ef-e2e0-4baa-899f-49a3cc9a96af)
2019-12-16 04:42:06.393 27676 RALLYDEBUG rally_openstack.cleanup.manager [-] Deleting neutron.port object s_rally_4b753e20_pC5Mbq8z (d330a802-8d72-4998-a755-304b1d5a3ca1)
2019-12-16 04:42:06.401 27676 RALLYDEBUG rally_openstack.cleanup.manager [-] Deleting neutron.port object s_rally_4b753e20_5U9hBN61 (d3c008cb-3919-4158-8190-7f83241aff17)
2019-12-16 04:42:06.497 27676 RALLYDEBUG rally_openstack.cleanup.manager [-] Deleting neutron.port object s_rally_4b753e20_WzMp2XxW (d502dbfc-f5ac-4eef-bad8-235f610a7997)
2019-12-16 04:42:06.526 27676 RALLYDEBUG rally_openstack.cleanup.manager [-] Deleting neutron.port object s_rally_4b753e20_AAQAo8IT (d729105f-8ded-41ed-a073-3f466893f43e)
2019-12-16 04:42:06.751 27676 RALLYDEBUG rally_openstack.cleanup.manager [-] Deleting neutron.port object s_rally_4b753e20_RBbKGia9 (d7aecdaa-64bb-4e41-a5c3-91ba73a020be)
2019-12-16 04:42:06.787 27676 RALLYDEBUG rally_openstack.cleanup.manager [-] Deleting neutron.port object s_rally_4b753e20_eNrHdwuE (d9e27f1e-23d7-474a-a50b-020a256987d6)
2019-12-16 04:42:06.819 27676 RALLYDEBUG rally_openstack.cleanup.manager [-] Deleting neutron.port object s_rally_4b753e20_tip7aMQB (da23e265-8217-4a9c-9859-89a08b61ca45)
2019-12-16 04:42:06.830 27676 RALLYDEBUG rally_openstack.cleanup.manager [-] Deleting neutron.port object s_rally_4b753e20_SPNVjDHM (dc70e6ba-cc63-4885-b5d3-0850938e9875)
2019-12-16 04:42:06.860 27676 RALLYDEBUG rally_openstack.cleanup.manager [-] Deleting neutron.port object s_rally_4b753e20_twqEnz7U (dc95d66a-c77a-4096-9061-3c6e12faf0c3)
2019-12-16 04:42:07.145 27676 RALLYDEBUG rally_openstack.cleanup.manager [-] Deleting neutron.port object s_rally_4b753e20_JOLLYmkB (de863206-bfbe-49fa-b011-42142c21c7bf)
2019-12-16 04:42:07.223 27676 RALLYDEBUG rally_openstack.cleanup.manager [-] Deleting neutron.port object s_rally_4b753e20_TK3FG0js (e1036d49-518f-487a-ac1c-11c6dd75791a)
2019-12-16 04:42:07.232 27676 RALLYDEBUG rally_openstack.cleanup.manager [-] Deleting neutron.port object s_rally_4b753e20_oJQyUqyw (e19a31ac-115b-4425-8f05-e3124f70e3a6)
2019-12-16 04:42:07.302 27676 RALLYDEBUG rally_openstack.cleanup.manager [-] Deleting neutron.port object s_rally_4b753e20_lRH0h76M (e4990619-5ee7-4301-a0f7-b78d3ba305cb)
2019-12-16 04:42:07.340 27676 RALLYDEBUG rally_openstack.cleanup.manager [-] Deleting neutron.port object s_rally_4b753e20_zazFE9LH (e6665574-b4b2-4346-a568-20f0a9da4a10)
2019-12-16 04:42:07.477 27676 RALLYDEBUG rally_openstack.cleanup.manager [-] Deleting neutron.port object s_rally_4b753e20_Ok3kILPH (e6d978a1-3e31-4dff-a34c-0a1834130c23)
2019-12-16 04:42:07.488 27676 RALLYDEBUG rally_openstack.cleanup.manager [-] Deleting neutron.port object s_rally_4b753e20_RbzjJy0W (e7545b36-638a-46ff-82c7-75298fb960d5)
2019-12-16 04:42:07.657 27676 RALLYDEBUG rally_openstack.cleanup.manager [-] Deleting neutron.port object s_rally_4b753e20_5Be9GO2M (e7f9be79-1c45-4c35-b7e3-1eaa20e59886)
2019-12-16 04:42:07.891 27676 RALLYDEBUG rally_openstack.cleanup.manager [-] Deleting neutron.port object s_rally_4b753e20_rtVMarm4 (eb6946e0-2c30-4973-90eb-0cb923cdc7b9)
2019-12-16 04:42:08.100 27676 RALLYDEBUG rally_openstack.cleanup.manager [-] Deleting neutron.port object s_rally_4b753e20_l6Z5z4Lc (ec337064-ee07-4b22-a240-28ab1f25db92)
2019-12-16 04:42:08.114 27676 RALLYDEBUG rally_openstack.cleanup.manager [-] Deleting neutron.port object s_rally_4b753e20_2YHYDldt (ed3bac8f-4b0b-44fc-99b5-921ea8274953)
2019-12-16 04:42:08.128 27676 RALLYDEBUG rally_openstack.cleanup.manager [-] Deleting neutron.port object s_rally_4b753e20_LS7BJpuW (ed9538e7-b5c8-405e-82b2-5e171544547a)
2019-12-16 04:42:08.174 27676 RALLYDEBUG rally_openstack.cleanup.manager [-] Deleting neutron.port object s_rally_4b753e20_UxzBl7ye (eda7b6f5-980b-45a8-af81-67cfbc22ab30)
2019-12-16 04:42:08.212 27676 RALLYDEBUG rally_openstack.cleanup.manager [-] Deleting neutron.port object s_rally_4b753e20_D2gCRAx1 (ee39aa4f-6f93-485c-be24-443178e36cac)
2019-12-16 04:42:08.468 27676 RALLYDEBUG rally_openstack.cleanup.manager [-] Deleting neutron.port object s_rally_4b753e20_4G4hD4K7 (f0d6fdd3-3d0e-45aa-9d5a-6a6d2f3721cc)
2019-12-16 04:42:08.507 27676 RALLYDEBUG rally_openstack.cleanup.manager [-] Deleting neutron.port object s_rally_4b753e20_M3mDG6Lk (f14ee6e2-d683-4aa2-b2d2-1f5e8c72e3d5)
2019-12-16 04:42:08.568 27676 RALLYDEBUG rally_openstack.cleanup.manager [-] Deleting neutron.port object s_rally_4b753e20_iOBHCrRb (f1609444-2ff8-4a14-b5ec-144cabc6a94f)
2019-12-16 04:42:08.572 27676 RALLYDEBUG rally_openstack.cleanup.manager [-] Deleting neutron.port object s_rally_4b753e20_zYmfM7mg (f6d07ca7-f10b-45d1-b240-dbc3d61d3b29)
2019-12-16 04:42:08.579 27676 RALLYDEBUG rally_openstack.cleanup.manager [-] Deleting neutron.port object s_rally_4b753e20_AsVItqsb (f786a1be-464b-4ff0-8b07-fd5a7be51422)
2019-12-16 04:42:08.583 27676 RALLYDEBUG rally_openstack.cleanup.manager [-] Deleting neutron.port object s_rally_4b753e20_mCXeGz1v (f7c59b21-06f9-491b-9a5c-29881f0f9035)
2019-12-16 04:42:08.944 27676 RALLYDEBUG rally_openstack.cleanup.manager [-] Deleting neutron.port object s_rally_4b753e20_PmcgxG0v (f8caf709-7eda-451a-b61c-bf8bc36e9bff)
2019-12-16 04:42:08.987 27676 RALLYDEBUG rally_openstack.cleanup.manager [-] Deleting neutron.port object s_rally_4b753e20_cU7KJWgw (fe91951f-68d4-4099-b714-555091472a37)
2019-12-16 04:42:09.205 27676 RALLYDEBUG rally_openstack.cleanup.manager [-] Deleting neutron.port object s_rally_4b753e20_DbB1Q2lL (ff3c4d36-8230-4bfa-907c-6e8e6a7bd06e)
2019-12-16 04:42:09.214 27676 RALLYDEBUG rally_openstack.cleanup.manager [-] Deleting neutron.port object s_rally_4b753e20_NrEXgmmR (ffe9875c-224f-4de8-a13f-92e65ebebfad)
2019-12-16 04:42:09.223 27676 RALLYDEBUG rally_openstack.cleanup.manager [-] Deleting neutron.port object s_rally_4b753e20_9nna6YTR (fff2708a-c5e2-4504-b413-5c491304bae1)
2019-12-16 04:42:11.198 27676 RALLYDEBUG rally_openstack.cleanup.manager [-] Cleaning up neutron subnet objects
2019-12-16 04:42:11.597 27676 RALLYDEBUG rally_openstack.cleanup.manager [-] Cleaning up neutron network objects
2019-12-16 04:42:12.188 27676 RALLYDEBUG rally_openstack.cleanup.manager [-] Deleting neutron.network object s_rally_4b753e20_VWgGZ0iz (017e497c-729d-4fde-8b87-227596ab4fa0)
2019-12-16 04:42:12.197 27676 RALLYDEBUG rally_openstack.cleanup.manager [-] Deleting neutron.network object s_rally_4b753e20_McckAYFe (10da049f-d019-48b5-9fcf-c83ee62101d9)
2019-12-16 04:42:12.206 27676 RALLYDEBUG rally_openstack.cleanup.manager [-] Deleting neutron.network object s_rally_4b753e20_eE7YPkn2 (169548ca-767a-4c5f-b82b-3950fb28bc38)
2019-12-16 04:42:12.214 27676 RALLYDEBUG rally_openstack.cleanup.manager [-] Deleting neutron.network object s_rally_4b753e20_czR85iH9 (184ec8c0-86b6-4a3f-b651-a5090a44dd52)
2019-12-16 04:42:12.221 27676 RALLYDEBUG rally_openstack.cleanup.manager [-] Deleting neutron.network object s_rally_4b753e20_eGATRa5Y (2c1d9ff3-247f-4064-a617-421feea350d5)
2019-12-16 04:42:12.232 27676 RALLYDEBUG rally_openstack.cleanup.manager [-] Deleting neutron.network object s_rally_4b753e20_WQFAYgU0 (3125872b-8e8c-4e8c-a80a-d4c4c5fb951c)
2019-12-16 04:42:12.235 27676 RALLYDEBUG rally_openstack.cleanup.manager [-] Deleting neutron.network object s_rally_4b753e20_xOnnTZuS (34b1ccfc-a114-4b92-9ae9-5787a1a8bfac)
2019-12-16 04:42:12.258 27676 RALLYDEBUG rally_openstack.cleanup.manager [-] Deleting neutron.network object s_rally_4b753e20_xbQEqlt8 (3e5690ad-4170-4361-b404-cfaff1edd84f)
2019-12-16 04:42:12.276 27676 RALLYDEBUG rally_openstack.cleanup.manager [-] Deleting neutron.network object s_rally_4b753e20_6WBWfJcB (4b45b1e4-3686-450f-93fa-e12482c46753)
2019-12-16 04:42:12.280 27676 RALLYDEBUG rally_openstack.cleanup.manager [-] Deleting neutron.network object s_rally_4b753e20_gliGbZY8 (4e2020c1-dd23-445d-9eef-01aeb97eb010)
2019-12-16 04:42:12.291 27676 RALLYDEBUG rally_openstack.cleanup.manager [-] Deleting neutron.network object s_rally_4b753e20_0kJM3Sqw (57c50beb-e4c9-4d02-98b2-6142528ef47a)
2019-12-16 04:42:12.320 27676 RALLYDEBUG rally_openstack.cleanup.manager [-] Deleting neutron.network object s_rally_4b753e20_ZFvK4dab (5eff264c-c6b0-4087-b4bd-5a6274b92674)
2019-12-16 04:42:12.326 27676 RALLYDEBUG rally_openstack.cleanup.manager [-] Deleting neutron.network object s_rally_4b753e20_RlhtameM (5f340b76-75f3-44a2-b18f-e0f05c099ecf)
2019-12-16 04:42:12.337 27676 RALLYDEBUG rally_openstack.cleanup.manager [-] Deleting neutron.network object s_rally_4b753e20_Sl06RfTl (65ec35b8-fc43-422d-b0e2-e95d13ca5ee0)
2019-12-16 04:42:12.342 27676 RALLYDEBUG rally_openstack.cleanup.manager [-] Deleting neutron.network object s_rally_4b753e20_K8VBChXl (6a578f1e-187e-4260-8070-5a2c0a72b493)
2019-12-16 04:42:12.352 27676 RALLYDEBUG rally_openstack.cleanup.manager [-] Deleting neutron.network object s_rally_4b753e20_9aeHJuct (77d54a25-be6c-45f9-9737-4f7b33579359)
2019-12-16 04:42:12.376 27676 RALLYDEBUG rally_openstack.cleanup.manager [-] Deleting neutron.network object s_rally_4b753e20_EcDY0WbT (77f91813-8c82-4c70-8ca3-a21bcb353ee7)
2019-12-16 04:42:12.403 27676 RALLYDEBUG rally_openstack.cleanup.manager [-] Deleting neutron.network object s_rally_4b753e20_5L19tviR (79c6c749-1b92-47a8-987a-15a98cb26e66)
2019-12-16 04:42:12.407 27676 RALLYDEBUG rally_openstack.cleanup.manager [-] Deleting neutron.network object s_rally_4b753e20_GaNe3ABk (7e536e65-f082-40ba-952a-778f8486549b)
2019-12-16 04:42:12.424 27676 RALLYDEBUG rally_openstack.cleanup.manager [-] Deleting neutron.network object s_rally_4b753e20_JhDOr6x4 (8a4be3f0-29df-40ca-a2a4-ae8e088592ca)
2019-12-16 04:42:14.381 27676 RALLYDEBUG rally_openstack.cleanup.manager [-] Deleting neutron.network object s_rally_4b753e20_SBYN7QeD (8e47fa1c-ee9e-45c4-8401-4d8ceb2f57e5)
2019-12-16 04:42:14.491 27676 RALLYDEBUG rally_openstack.cleanup.manager [-] Deleting neutron.network object s_rally_4b753e20_DI6xa4S9 (90d3609b-8d2b-4175-a8f7-4e19a6f49fdd)
2019-12-16 04:42:14.522 27676 RALLYDEBUG rally_openstack.cleanup.manager [-] Deleting neutron.network object s_rally_4b753e20_K3mNcNse (98bf9797-7211-4da2-85ed-af412d21c447)
2019-12-16 04:42:14.565 27676 RALLYDEBUG rally_openstack.cleanup.manager [-] Deleting neutron.network object s_rally_4b753e20_LL7QRSKU (9a163eb6-5816-4715-8720-094272e5c907)
2019-12-16 04:42:14.761 27676 RALLYDEBUG rally_openstack.cleanup.manager [-] Deleting neutron.network object s_rally_4b753e20_ax9p5Oik (a3005211-1277-41f7-b104-6505420ace48)
2019-12-16 04:42:14.940 27676 RALLYDEBUG rally_openstack.cleanup.manager [-] Deleting neutron.network object s_rally_4b753e20_kZbofnbO (a603cf23-103e-4273-9728-81b30c0b7aa0)
2019-12-16 04:42:14.953 27676 RALLYDEBUG rally_openstack.cleanup.manager [-] Deleting neutron.network object s_rally_4b753e20_MAaxkCZ5 (ade01109-14c3-4a85-b484-1b0ed1b1bcc7)
2019-12-16 04:42:14.978 27676 RALLYDEBUG rally_openstack.cleanup.manager [-] Deleting neutron.network object s_rally_4b753e20_qtP6yCNO (bded82fc-0f4f-4ae0-94f9-4c77db97a6bc)
2019-12-16 04:42:15.021 27676 RALLYDEBUG rally_openstack.cleanup.manager [-] Deleting neutron.network object s_rally_4b753e20_ABcwbwe7 (cfb53f75-41eb-4ebe-83bc-76d188f5d7ad)
2019-12-16 04:42:15.040 27676 RALLYDEBUG rally_openstack.cleanup.manager [-] Deleting neutron.network object s_rally_4b753e20_baTkV58h (d5f469d3-f8bb-411f-abba-e3f4c0e9bb7a)
2019-12-16 04:42:15.045 27676 RALLYDEBUG rally_openstack.cleanup.manager [-] Deleting neutron.network object s_rally_4b753e20_XBvhnxgT (d85e211a-40c2-4b2b-adeb-5bcd3b05bc2e)
2019-12-16 04:42:15.063 27676 RALLYDEBUG rally_openstack.cleanup.manager [-] Deleting neutron.network object s_rally_4b753e20_6UmgKY03 (d94778f6-d223-4b58-8f63-9fb46eec7417)
2019-12-16 04:42:15.068 27676 RALLYDEBUG rally_openstack.cleanup.manager [-] Deleting neutron.network object s_rally_4b753e20_e8yy1ocd (e70a21f2-baef-42bf-86ad-8b783f2e1d10)
2019-12-16 04:42:15.081 27676 RALLYDEBUG rally_openstack.cleanup.manager [-] Deleting neutron.network object s_rally_4b753e20_pr4wcORF (e824a4ad-ffa7-4761-854d-6ff00edc2fdf)
2019-12-16 04:42:15.102 27676 RALLYDEBUG rally_openstack.cleanup.manager [-] Deleting neutron.network object s_rally_4b753e20_FxHEyWgY (e9b226e4-e05c-4012-8638-1a96460ca198)
2019-12-16 04:42:15.212 27676 RALLYDEBUG rally_openstack.cleanup.manager [-] Deleting neutron.network object s_rally_4b753e20_sWU3sIwE (f09f10e8-923c-411f-ad5b-04f9d529ff64)
2019-12-16 04:42:15.250 27676 RALLYDEBUG rally_openstack.cleanup.manager [-] Deleting neutron.network object s_rally_4b753e20_0WxG5jxd (f13831ca-6af8-4ec8-b62c-411948120237)
2019-12-16 04:42:15.267 27676 RALLYDEBUG rally_openstack.cleanup.manager [-] Deleting neutron.network object s_rally_4b753e20_4aE2aW9b (f15cf327-9810-4a44-ad97-8d59d4d566a9)
2019-12-16 04:42:15.302 27676 RALLYDEBUG rally_openstack.cleanup.manager [-] Deleting neutron.network object s_rally_4b753e20_bzy0hEkR (fbe2d628-e4ae-427b-b249-f14c0b5f3d67)
2019-12-16 04:42:15.361 27676 RALLYDEBUG rally_openstack.cleanup.manager [-] Deleting neutron.network object s_rally_4b753e20_kasYywp3 (ffb3e7b7-a515-4a6d-87d5-51f4ffa6791f)
2019-12-16 04:42:17.955 27676 RALLYDEBUG rally_openstack.cleanup.manager [-] Cleaning up neutron router objects
2019-12-16 04:42:18.377 27676 RALLYDEBUG rally_openstack.cleanup.manager [-] Cleaning up neutron security_group objects
2019-12-16 04:42:18.780 27676 INFO rally.task.context [-] Task a987ab1e-825d-42b6-ada2-9080c739105d | Context cleanup@openstack cleanup() finished in 31.35 sec
2019-12-16 04:42:18.780 27676 INFO rally.task.context [-] Task a987ab1e-825d-42b6-ada2-9080c739105d | Context quotas@openstack cleanup() started
2019-12-16 04:42:18.855 27676 INFO rally.task.context [-] Task a987ab1e-825d-42b6-ada2-9080c739105d | Context quotas@openstack cleanup() finished in 75.08 msec
2019-12-16 04:42:18.856 27676 INFO rally.task.context [-] Task a987ab1e-825d-42b6-ada2-9080c739105d | Context users@openstack cleanup() started
2019-12-16 04:42:21.400 27676 INFO rally.task.context [-] Task a987ab1e-825d-42b6-ada2-9080c739105d | Context users@openstack cleanup() finished in 2.54 sec
2019-12-16 04:42:22.468 27676 INFO rally.task.engine [-] Load duration is: 20.612737
2019-12-16 04:42:22.469 27676 INFO rally.task.engine [-] Full runner duration is: 20.661287
2019-12-16 04:42:22.469 27676 INFO rally.task.engine [-] Full duration is: 57.364221
2019-12-16 04:42:22.723 27676 INFO rally.task.engine [-] Running workload: position = 2 config = { "version": 2, "title": "A cropped version of a bigger task.", "description": "Auto-generated task from a single workload (uuid=dece8dbe-3150-4ef8-928b-c861df4ef1bc)", "subtasks": [ { "title": "NeutronNetworks.create_and_delete_ports", "description": "Create and delete a port.", "scenario": { "NeutronNetworks.create_and_delete_ports": { "network_create_args": {}, "port_create_args": {}, "ports_per_network": 5 } }, "contexts": { "users": { "tenants": 1, "users_per_tenant": 1 }, "quotas": { "neutron": { "network": -1, "port": -1 } } }, "runner": { "constant": { "times": 40, "concurrency": 20 } }, "hooks": [], "sla": { "failure_rate": { "max": 0 } } } ] }
2019-12-16 04:42:22.747 27676 RALLYDEBUG rally_openstack.contexts.keystone.users [-] Creating 1 tenants using 20 threads
2019-12-16 04:42:23.626 27676 RALLYDEBUG rally_openstack.contexts.keystone.users [-] Creating 1 users using 20 threads
2019-12-16 04:42:24.962 27676 INFO rally.task.context [-] Task a987ab1e-825d-42b6-ada2-9080c739105d | Context users@openstack setup() finished in 2.22 sec
2019-12-16 04:42:25.471 27676 INFO rally.task.context [-] Task a987ab1e-825d-42b6-ada2-9080c739105d | Context quotas@openstack setup() finished in 0.51 sec
2019-12-16 04:42:25.471 27676 INFO rally.task.context [-] Task a987ab1e-825d-42b6-ada2-9080c739105d | Context cleanup@openstack setup() finished in 0.02 msec
2019-12-16 04:42:25.480 27676 RALLYDEBUG rally.task.runner [-] Starting the constant runner (task UUID: a987ab1e-825d-42b6-ada2-9080c739105d). times: 40 concurrency: 20 timeout: 0 max_cpu_used: 16 processes_to_start: 16 concurrency_per_worker: 1 concurrency_overhead: 4
2019-12-16 04:42:25.492 32142 RALLYDEBUG rally.task.runner [-] Starting a worker. times: 40 duration: None concurrency: 2 timeout: 0 cls: method_name: run args: {"network_create_args": {}, "port_create_args": {}, "ports_per_network": 5}
2019-12-16 04:42:25.496 32143 RALLYDEBUG rally.task.runner [-] Starting a worker. times: 40 duration: None concurrency: 2 timeout: 0 cls: method_name: run args: {"network_create_args": {}, "port_create_args": {}, "ports_per_network": 5}
2019-12-16 04:42:25.500 32142 INFO rally.task.runner [-] Task a987ab1e-825d-42b6-ada2-9080c739105d | ITER: 1 START
2019-12-16 04:42:25.499 32144 RALLYDEBUG rally.task.runner [-] Starting a worker. times: 40 duration: None concurrency: 2 timeout: 0 cls: method_name: run args: {"network_create_args": {}, "port_create_args": {}, "ports_per_network": 5}
2019-12-16 04:42:25.501 32142 WARNING rally_openstack.scenarios.neutron.utils [-] Running this scenario without either the 'network' or 'existing_network' context is deprecated
2019-12-16 04:42:25.503 32147 RALLYDEBUG rally.task.runner [-] Starting a worker. times: 40 duration: None concurrency: 2 timeout: 0 cls: method_name: run args: {"network_create_args": {}, "port_create_args": {}, "ports_per_network": 5}
2019-12-16 04:42:25.504 32143 INFO rally.task.runner [-] Task a987ab1e-825d-42b6-ada2-9080c739105d | ITER: 3 START
2019-12-16 04:42:25.505 32144 INFO rally.task.runner [-] Task a987ab1e-825d-42b6-ada2-9080c739105d | ITER: 4 START
2019-12-16 04:42:25.506 32143 INFO rally.task.runner [-] Task a987ab1e-825d-42b6-ada2-9080c739105d | ITER: 5 START
2019-12-16 04:42:25.506 32151 RALLYDEBUG rally.task.runner [-] Starting a worker. times: 40 duration: None concurrency: 1 timeout: 0 cls: method_name: run args: {"network_create_args": {}, "port_create_args": {}, "ports_per_network": 5}
2019-12-16 04:42:25.507 32143 WARNING rally_openstack.scenarios.neutron.utils [-] Running this scenario without either the 'network' or 'existing_network' context is deprecated
2019-12-16 04:42:25.509 32144 INFO rally.task.runner [-] Task a987ab1e-825d-42b6-ada2-9080c739105d | ITER: 7 START
2019-12-16 04:42:25.510 32144 WARNING rally_openstack.scenarios.neutron.utils [-] Running this scenario without either the 'network' or 'existing_network' context is deprecated
2019-12-16 04:42:25.511 32155 RALLYDEBUG rally.task.runner [-] Starting a worker. times: 40 duration: None concurrency: 1 timeout: 0 cls: method_name: run args: {"network_create_args": {}, "port_create_args": {}, "ports_per_network": 5}
2019-12-16 04:42:25.511 32147 INFO rally.task.runner [-] Task a987ab1e-825d-42b6-ada2-9080c739105d | ITER: 6 START
2019-12-16 04:42:25.511 32151 INFO rally.task.runner [-] Task a987ab1e-825d-42b6-ada2-9080c739105d | ITER: 8 START
2019-12-16 04:42:25.513 32147 WARNING rally_openstack.scenarios.neutron.utils [-] Running this scenario without either the 'network' or 'existing_network' context is deprecated
2019-12-16 04:42:25.514 32151 WARNING rally_openstack.scenarios.neutron.utils [-] Running this scenario without either the 'network' or 'existing_network' context is deprecated
2019-12-16 04:42:25.507 32142 INFO rally.task.runner [-] Task a987ab1e-825d-42b6-ada2-9080c739105d | ITER: 2 START
2019-12-16 04:42:25.515 32142 WARNING rally_openstack.scenarios.neutron.utils [-] Running this scenario without either the 'network' or 'existing_network' context is deprecated
2019-12-16 04:42:25.515 32159 RALLYDEBUG rally.task.runner [-] Starting a worker. times: 40 duration: None concurrency: 1 timeout: 0 cls: method_name: run args: {"network_create_args": {}, "port_create_args": {}, "ports_per_network": 5}
2019-12-16 04:42:25.516 32155 INFO rally.task.runner [-] Task a987ab1e-825d-42b6-ada2-9080c739105d | ITER: 10 START
2019-12-16 04:42:25.517 32155 WARNING rally_openstack.scenarios.neutron.utils [-] Running this scenario without either the 'network' or 'existing_network' context is deprecated
2019-12-16 04:42:25.508 32143 WARNING rally_openstack.scenarios.neutron.utils [-] Running this scenario without either the 'network' or 'existing_network' context is deprecated
2019-12-16 04:42:25.520 32163 RALLYDEBUG rally.task.runner [-] Starting a worker. times: 40 duration: None concurrency: 1 timeout: 0 cls: method_name: run args: {"network_create_args": {}, "port_create_args": {}, "ports_per_network": 5}
2019-12-16 04:42:25.521 32159 INFO rally.task.runner [-] Task a987ab1e-825d-42b6-ada2-9080c739105d | ITER: 11 START
2019-12-16 04:42:25.523 32159 WARNING rally_openstack.scenarios.neutron.utils [-] Running this scenario without either the 'network' or 'existing_network' context is deprecated
2019-12-16 04:42:25.523 32166 RALLYDEBUG rally.task.runner [-] Starting a worker. times: 40 duration: None concurrency: 1 timeout: 0 cls: method_name: run args: {"network_create_args": {}, "port_create_args": {}, "ports_per_network": 5}
2019-12-16 04:42:25.512 32144 WARNING rally_openstack.scenarios.neutron.utils [-] Running this scenario without either the 'network' or 'existing_network' context is deprecated
2019-12-16 04:42:25.527 32163 INFO rally.task.runner [-] Task a987ab1e-825d-42b6-ada2-9080c739105d | ITER: 12 START
2019-12-16 04:42:25.514 32147 INFO rally.task.runner [-] Task a987ab1e-825d-42b6-ada2-9080c739105d | ITER: 9 START
2019-12-16 04:42:25.529 32163 WARNING rally_openstack.scenarios.neutron.utils [-] Running this scenario without either the 'network' or 'existing_network' context is deprecated
2019-12-16 04:42:25.529 32166 INFO rally.task.runner [-] Task a987ab1e-825d-42b6-ada2-9080c739105d | ITER: 13 START
2019-12-16 04:42:25.530 32147 WARNING rally_openstack.scenarios.neutron.utils [-] Running this scenario without either the 'network' or 'existing_network' context is deprecated
2019-12-16 04:42:25.531 32166 WARNING rally_openstack.scenarios.neutron.utils [-] Running this scenario without either the 'network' or 'existing_network' context is deprecated
2019-12-16 04:42:25.532 32170 RALLYDEBUG rally.task.runner [-] Starting a worker. times: 40 duration: None concurrency: 1 timeout: 0 cls: method_name: run args: {"network_create_args": {}, "port_create_args": {}, "ports_per_network": 5}
2019-12-16 04:42:25.538 32174 RALLYDEBUG rally.task.runner [-] Starting a worker. times: 40 duration: None concurrency: 1 timeout: 0 cls: method_name: run args: {"network_create_args": {}, "port_create_args": {}, "ports_per_network": 5}
2019-12-16 04:42:25.539 32170 INFO rally.task.runner [-] Task a987ab1e-825d-42b6-ada2-9080c739105d | ITER: 14 START
2019-12-16 04:42:25.541 32170 WARNING rally_openstack.scenarios.neutron.utils [-] Running this scenario without either the 'network' or 'existing_network' context is deprecated
2019-12-16 04:42:25.543 32174 INFO rally.task.runner [-] Task a987ab1e-825d-42b6-ada2-9080c739105d | ITER: 15 START
2019-12-16 04:42:25.545 32174 WARNING rally_openstack.scenarios.neutron.utils [-] Running this scenario without either the 'network' or 'existing_network' context is deprecated
2019-12-16 04:42:25.547 32178 RALLYDEBUG rally.task.runner [-] Starting a worker. times: 40 duration: None concurrency: 1 timeout: 0 cls: method_name: run args: {"network_create_args": {}, "port_create_args": {}, "ports_per_network": 5}
2019-12-16 04:42:25.552 32180 RALLYDEBUG rally.task.runner [-] Starting a worker. times: 40 duration: None concurrency: 1 timeout: 0 cls: method_name: run args: {"network_create_args": {}, "port_create_args": {}, "ports_per_network": 5}
2019-12-16 04:42:25.553 32178 INFO rally.task.runner [-] Task a987ab1e-825d-42b6-ada2-9080c739105d | ITER: 16 START
2019-12-16 04:42:25.555 32178 WARNING rally_openstack.scenarios.neutron.utils [-] Running this scenario without either the 'network' or 'existing_network' context is deprecated
2019-12-16 04:42:25.557 32180 INFO rally.task.runner [-] Task a987ab1e-825d-42b6-ada2-9080c739105d | ITER: 17 START
2019-12-16 04:42:25.557 32183 RALLYDEBUG rally.task.runner [-] Starting a worker. times: 40 duration: None concurrency: 1 timeout: 0 cls: method_name: run args: {"network_create_args": {}, "port_create_args": {}, "ports_per_network": 5}
2019-12-16 04:42:25.559 32180 WARNING rally_openstack.scenarios.neutron.utils [-] Running this scenario without either the 'network' or 'existing_network' context is deprecated
2019-12-16 04:42:25.560 32186 RALLYDEBUG rally.task.runner [-] Starting a worker. times: 40 duration: None concurrency: 1 timeout: 0 cls: method_name: run args: {"network_create_args": {}, "port_create_args": {}, "ports_per_network": 5}
2019-12-16 04:42:25.562 32183 INFO rally.task.runner [-] Task a987ab1e-825d-42b6-ada2-9080c739105d | ITER: 18 START
2019-12-16 04:42:25.563 32183 WARNING rally_openstack.scenarios.neutron.utils [-] Running this scenario without either the 'network' or 'existing_network' context is deprecated
2019-12-16 04:42:25.564 32187 RALLYDEBUG rally.task.runner [-] Starting a worker. times: 40 duration: None concurrency: 1 timeout: 0 cls: method_name: run args: {"network_create_args": {}, "port_create_args": {}, "ports_per_network": 5}
2019-12-16 04:42:25.565 32186 INFO rally.task.runner [-] Task a987ab1e-825d-42b6-ada2-9080c739105d | ITER: 19 START
2019-12-16 04:42:25.566 32186 WARNING rally_openstack.scenarios.neutron.utils [-] Running this scenario without either the 'network' or 'existing_network' context is deprecated
2019-12-16 04:42:25.568 32187 INFO rally.task.runner [-] Task a987ab1e-825d-42b6-ada2-9080c739105d | ITER: 20 START
2019-12-16 04:42:25.569 32187 WARNING rally_openstack.scenarios.neutron.utils [-] Running this scenario without either the 'network' or 'existing_network' context is deprecated
2019-12-16 04:42:33.120 32151 INFO rally.task.runner [-] Task a987ab1e-825d-42b6-ada2-9080c739105d | ITER: 8 END: OK
2019-12-16 04:42:33.124 32151 INFO rally.task.runner [-] Task a987ab1e-825d-42b6-ada2-9080c739105d | ITER: 21 START
2019-12-16 04:42:33.125 32151 WARNING rally_openstack.scenarios.neutron.utils [-] Running this scenario without either the 'network' or 'existing_network' context is deprecated
2019-12-16 04:42:34.363 32166 INFO rally.task.runner [-] Task a987ab1e-825d-42b6-ada2-9080c739105d | ITER: 13 END: OK
2019-12-16 04:42:34.367 32166 INFO rally.task.runner [-] Task a987ab1e-825d-42b6-ada2-9080c739105d | ITER: 22 START
2019-12-16 04:42:34.368 32166 WARNING rally_openstack.scenarios.neutron.utils [-] Running this scenario without either the 'network' or 'existing_network' context is deprecated
2019-12-16 04:42:34.407 32144 INFO rally.task.runner [-] Task a987ab1e-825d-42b6-ada2-9080c739105d | ITER: 7 END: OK
2019-12-16 04:42:34.411 32144 INFO rally.task.runner [-] Task a987ab1e-825d-42b6-ada2-9080c739105d | ITER: 23 START
2019-12-16 04:42:34.412 32144 WARNING rally_openstack.scenarios.neutron.utils [-] Running this scenario without either the 'network' or 'existing_network' context is deprecated
2019-12-16 04:42:34.509 32143 INFO rally.task.runner [-] Task a987ab1e-825d-42b6-ada2-9080c739105d | ITER: 3 END: OK
2019-12-16 04:42:34.513 32143 INFO rally.task.runner [-] Task a987ab1e-825d-42b6-ada2-9080c739105d | ITER: 24 START
2019-12-16 04:42:34.514 32143 WARNING rally_openstack.scenarios.neutron.utils [-] Running this scenario without either the 'network' or 'existing_network' context is deprecated
2019-12-16 04:42:34.522 32142 INFO rally.task.runner [-] Task a987ab1e-825d-42b6-ada2-9080c739105d | ITER: 2 END: OK
2019-12-16 04:42:34.526 32142 INFO rally.task.runner [-] Task a987ab1e-825d-42b6-ada2-9080c739105d | ITER: 25 START
2019-12-16 04:42:34.526 32142 WARNING rally_openstack.scenarios.neutron.utils [-] Running this scenario without either the 'network' or 'existing_network' context is deprecated
2019-12-16 04:42:35.007 32155 INFO rally.task.runner [-] Task a987ab1e-825d-42b6-ada2-9080c739105d | ITER: 10 END: OK
2019-12-16 04:42:35.011 32155 INFO rally.task.runner [-] Task a987ab1e-825d-42b6-ada2-9080c739105d | ITER: 26 START
2019-12-16 04:42:35.012 32155 WARNING rally_openstack.scenarios.neutron.utils [-] Running this scenario without either the 'network' or 'existing_network' context is deprecated
2019-12-16 04:42:35.024 32183 INFO rally.task.runner [-] Task a987ab1e-825d-42b6-ada2-9080c739105d | ITER: 18 END: OK
2019-12-16 04:42:35.028 32183 INFO rally.task.runner [-] Task a987ab1e-825d-42b6-ada2-9080c739105d | ITER: 27 START
2019-12-16 04:42:35.029 32183 WARNING rally_openstack.scenarios.neutron.utils [-] Running this scenario without either the 'network' or 'existing_network' context is deprecated
2019-12-16 04:42:35.186 32178 INFO rally.task.runner [-] Task a987ab1e-825d-42b6-ada2-9080c739105d | ITER: 16 END: OK
2019-12-16 04:42:35.190 32178 INFO rally.task.runner [-] Task a987ab1e-825d-42b6-ada2-9080c739105d | ITER: 28 START
2019-12-16 04:42:35.191 32178 WARNING rally_openstack.scenarios.neutron.utils [-] Running this scenario without either the 'network' or 'existing_network' context is deprecated
2019-12-16 04:42:35.260 32180 INFO rally.task.runner [-] Task a987ab1e-825d-42b6-ada2-9080c739105d | ITER: 17 END: OK
2019-12-16 04:42:35.264 32180 INFO rally.task.runner [-] Task a987ab1e-825d-42b6-ada2-9080c739105d | ITER: 29 START
2019-12-16 04:42:35.265 32180 WARNING rally_openstack.scenarios.neutron.utils [-] Running this scenario without either the 'network' or 'existing_network' context is deprecated
2019-12-16 04:42:35.277 32147 INFO rally.task.runner [-] Task a987ab1e-825d-42b6-ada2-9080c739105d | ITER: 6 END: OK
2019-12-16 04:42:35.280 32147 INFO rally.task.runner [-] Task a987ab1e-825d-42b6-ada2-9080c739105d | ITER: 30 START
2019-12-16 04:42:35.281 32147 WARNING rally_openstack.scenarios.neutron.utils [-] Running this scenario without either the 'network' or 'existing_network' context is deprecated
2019-12-16 04:42:35.409 32143 INFO rally.task.runner [-] Task a987ab1e-825d-42b6-ada2-9080c739105d | ITER: 5 END: OK
2019-12-16 04:42:35.412 32143 INFO rally.task.runner [-] Task a987ab1e-825d-42b6-ada2-9080c739105d | ITER: 31 START
2019-12-16 04:42:35.413 32143 WARNING rally_openstack.scenarios.neutron.utils [-] Running this scenario without either the 'network' or 'existing_network' context is deprecated
2019-12-16 04:42:35.510 32186 INFO rally.task.runner [-] Task a987ab1e-825d-42b6-ada2-9080c739105d | ITER: 19 END: OK
2019-12-16 04:42:35.515 32186 INFO rally.task.runner [-] Task a987ab1e-825d-42b6-ada2-9080c739105d | ITER: 32 START
2019-12-16 04:42:35.516 32186 WARNING rally_openstack.scenarios.neutron.utils [-] Running this scenario without either the 'network' or 'existing_network' context is deprecated
2019-12-16 04:42:35.574 32163 INFO rally.task.runner [-] Task a987ab1e-825d-42b6-ada2-9080c739105d | ITER: 12 END: OK
2019-12-16 04:42:35.577 32163 INFO rally.task.runner [-] Task a987ab1e-825d-42b6-ada2-9080c739105d | ITER: 33 START
2019-12-16 04:42:35.578 32163 WARNING rally_openstack.scenarios.neutron.utils [-] Running this scenario without either the 'network' or 'existing_network' context is deprecated
2019-12-16 04:42:35.583 32159 INFO rally.task.runner [-] Task a987ab1e-825d-42b6-ada2-9080c739105d | ITER: 11 END: OK
2019-12-16 04:42:35.587 32159 INFO rally.task.runner [-] Task a987ab1e-825d-42b6-ada2-9080c739105d | ITER: 34 START
2019-12-16 04:42:35.588 32159 WARNING rally_openstack.scenarios.neutron.utils [-] Running this scenario without either the 'network' or 'existing_network' context is deprecated
2019-12-16 04:42:35.647 32142 INFO rally.task.runner [-] Task a987ab1e-825d-42b6-ada2-9080c739105d | ITER: 1 END: OK
2019-12-16 04:42:35.649 32142 INFO rally.task.runner [-] Task a987ab1e-825d-42b6-ada2-9080c739105d | ITER: 35 START
2019-12-16 04:42:35.650 32142 WARNING rally_openstack.scenarios.neutron.utils [-] Running this scenario without either the 'network' or 'existing_network' context is deprecated
2019-12-16 04:42:36.048 32174 INFO rally.task.runner [-] Task a987ab1e-825d-42b6-ada2-9080c739105d | ITER: 15 END: OK
2019-12-16 04:42:36.051 32174 INFO rally.task.runner [-] Task a987ab1e-825d-42b6-ada2-9080c739105d | ITER: 36 START
2019-12-16 04:42:36.052 32174 WARNING rally_openstack.scenarios.neutron.utils [-] Running this scenario without either the 'network' or 'existing_network' context is deprecated
