2019-12-16 04:33:47.025 29875 WARNING rally_openstack.scenarios.neutron.utils [-] Running this scenario without either the 'network' or 'existing_network' context is deprecated
2019-12-16 04:33:47.019 29870 INFO rally.task.runner [-] Task a987ab1e-825d-42b6-ada2-9080c739105d | ITER: 2 START
2019-12-16 04:33:47.019 29871 WARNING rally_openstack.scenarios.neutron.utils [-] Running this scenario without either the 'network' or 'existing_network' context is deprecated
2019-12-16 04:33:47.027 29870 WARNING rally_openstack.scenarios.neutron.utils [-] Running this scenario without either the 'network' or 'existing_network' context is deprecated
2019-12-16 04:33:47.027 29889 RALLYDEBUG rally.task.runner [-] Starting a worker. times: 40 duration: None concurrency: 1 timeout: 0 cls: method_name: run args: {"network_create_args": {}, "subnet_create_args": {}, "subnet_cidr_start": "1.1.0.0/30", "subnets_per_network": 2}
2019-12-16 04:33:47.029 29884 INFO rally.task.runner [-] Task a987ab1e-825d-42b6-ada2-9080c739105d | ITER: 10 START
2019-12-16 04:33:47.031 29884 WARNING rally_openstack.scenarios.neutron.utils [-] Running this scenario without either the 'network' or 'existing_network' context is deprecated
2019-12-16 04:33:47.021 29872 INFO rally.task.runner [-] Task a987ab1e-825d-42b6-ada2-9080c739105d | ITER: 6 START
2019-12-16 04:33:47.033 29889 INFO rally.task.runner [-] Task a987ab1e-825d-42b6-ada2-9080c739105d | ITER: 11 START
2019-12-16 04:33:47.035 29889 WARNING rally_openstack.scenarios.neutron.utils [-] Running this scenario without either the 'network' or 'existing_network' context is deprecated
2019-12-16 04:33:47.034 29893 RALLYDEBUG rally.task.runner [-] Starting a worker. times: 40 duration: None concurrency: 1 timeout: 0 cls: method_name: run args: {"network_create_args": {}, "subnet_create_args": {}, "subnet_cidr_start": "1.1.0.0/30", "subnets_per_network": 2}
2019-12-16 04:33:47.035 29872 WARNING rally_openstack.scenarios.neutron.utils [-] Running this scenario without either the 'network' or 'existing_network' context is deprecated
2019-12-16 04:33:47.025 29875 INFO rally.task.runner [-] Task a987ab1e-825d-42b6-ada2-9080c739105d | ITER: 9 START
2019-12-16 04:33:47.039 29875 WARNING rally_openstack.scenarios.neutron.utils [-] Running this scenario without either the 'network' or 'existing_network' context is deprecated
2019-12-16 04:33:47.040 29893 INFO rally.task.runner [-] Task a987ab1e-825d-42b6-ada2-9080c739105d | ITER: 12 START
2019-12-16 04:33:47.042 29893 WARNING rally_openstack.scenarios.neutron.utils [-] Running this scenario without either the 'network' or 'existing_network' context is deprecated
2019-12-16 04:33:47.043 29896 RALLYDEBUG rally.task.runner [-] Starting a worker. times: 40 duration: None concurrency: 1 timeout: 0 cls: method_name: run args: {"network_create_args": {}, "subnet_create_args": {}, "subnet_cidr_start": "1.1.0.0/30", "subnets_per_network": 2}
2019-12-16 04:33:47.048 29896 INFO rally.task.runner [-] Task a987ab1e-825d-42b6-ada2-9080c739105d | ITER: 13 START
2019-12-16 04:33:47.050 29896 WARNING rally_openstack.scenarios.neutron.utils [-] Running this scenario without either the 'network' or 'existing_network' context is deprecated
2019-12-16 04:33:47.052 29899 RALLYDEBUG rally.task.runner [-] Starting a worker. times: 40 duration: None concurrency: 1 timeout: 0 cls: method_name: run args: {"network_create_args": {}, "subnet_create_args": {}, "subnet_cidr_start": "1.1.0.0/30", "subnets_per_network": 2}
2019-12-16 04:33:47.057 29902 RALLYDEBUG rally.task.runner [-] Starting a worker. times: 40 duration: None concurrency: 1 timeout: 0 cls: method_name: run args: {"network_create_args": {}, "subnet_create_args": {}, "subnet_cidr_start": "1.1.0.0/30", "subnets_per_network": 2}
2019-12-16 04:33:47.058 29899 INFO rally.task.runner [-] Task a987ab1e-825d-42b6-ada2-9080c739105d | ITER: 14 START
2019-12-16 04:33:47.060 29899 WARNING rally_openstack.scenarios.neutron.utils [-] Running this scenario without either the 'network' or 'existing_network' context is deprecated
2019-12-16 04:33:47.060 29903 RALLYDEBUG rally.task.runner [-] Starting a worker. times: 40 duration: None concurrency: 1 timeout: 0 cls: method_name: run args: {"network_create_args": {}, "subnet_create_args": {}, "subnet_cidr_start": "1.1.0.0/30", "subnets_per_network": 2}
2019-12-16 04:33:47.062 29902 INFO rally.task.runner [-] Task a987ab1e-825d-42b6-ada2-9080c739105d | ITER: 15 START
2019-12-16 04:33:47.064 29902 WARNING rally_openstack.scenarios.neutron.utils [-] Running this scenario without either the 'network' or 'existing_network' context is deprecated
2019-12-16 04:33:47.065 29903 INFO rally.task.runner [-] Task a987ab1e-825d-42b6-ada2-9080c739105d | ITER: 16 START
2019-12-16 04:33:47.066 29903 WARNING rally_openstack.scenarios.neutron.utils [-] Running this scenario without either the 'network' or 'existing_network' context is deprecated
2019-12-16 04:33:47.069 29909 RALLYDEBUG rally.task.runner [-] Starting a worker. times: 40 duration: None concurrency: 1 timeout: 0 cls: method_name: run args: {"network_create_args": {}, "subnet_create_args": {}, "subnet_cidr_start": "1.1.0.0/30", "subnets_per_network": 2}
2019-12-16 04:33:47.072 29911 RALLYDEBUG rally.task.runner [-] Starting a worker. times: 40 duration: None concurrency: 1 timeout: 0 cls: method_name: run args: {"network_create_args": {}, "subnet_create_args": {}, "subnet_cidr_start": "1.1.0.0/30", "subnets_per_network": 2}
2019-12-16 04:33:47.075 29909 INFO rally.task.runner [-] Task a987ab1e-825d-42b6-ada2-9080c739105d | ITER: 17 START
2019-12-16 04:33:47.075 29912 RALLYDEBUG rally.task.runner [-] Starting a worker. times: 40 duration: None concurrency: 1 timeout: 0 cls: method_name: run args: {"network_create_args": {}, "subnet_create_args": {}, "subnet_cidr_start": "1.1.0.0/30", "subnets_per_network": 2}
2019-12-16 04:33:47.076 29909 WARNING rally_openstack.scenarios.neutron.utils [-] Running this scenario without either the 'network' or 'existing_network' context is deprecated
2019-12-16 04:33:47.076 29911 INFO rally.task.runner [-] Task a987ab1e-825d-42b6-ada2-9080c739105d | ITER: 18 START
2019-12-16 04:33:47.078 29911 WARNING rally_openstack.scenarios.neutron.utils [-] Running this scenario without either the 'network' or 'existing_network' context is deprecated
2019-12-16 04:33:47.078 29915 RALLYDEBUG rally.task.runner [-] Starting a worker. times: 40 duration: None concurrency: 1 timeout: 0 cls: method_name: run args: {"network_create_args": {}, "subnet_create_args": {}, "subnet_cidr_start": "1.1.0.0/30", "subnets_per_network": 2}
2019-12-16 04:33:47.079 29912 INFO rally.task.runner [-] Task a987ab1e-825d-42b6-ada2-9080c739105d | ITER: 19 START
2019-12-16 04:33:47.081 29912 WARNING rally_openstack.scenarios.neutron.utils [-] Running this scenario without either the 'network' or 'existing_network' context is deprecated
2019-12-16 04:33:47.082 29915 INFO rally.task.runner [-] Task a987ab1e-825d-42b6-ada2-9080c739105d | ITER: 20 START
2019-12-16 04:33:47.084 29915 WARNING rally_openstack.scenarios.neutron.utils [-] Running this scenario without either the 'network' or 'existing_network' context is deprecated
2019-12-16 04:33:47.709 29893 RALLYDEBUG rally_openstack.wrappers.network [-] CIDR generated: 1.1.4.96/30
2019-12-16 04:33:47.734 29870 RALLYDEBUG rally_openstack.wrappers.network [-] CIDR generated: 1.1.4.100/30
2019-12-16 04:33:47.758 29871 RALLYDEBUG rally_openstack.wrappers.network [-] CIDR generated: 1.1.4.104/30
2019-12-16 04:33:47.762 29889 RALLYDEBUG rally_openstack.wrappers.network [-] CIDR generated: 1.1.4.108/30
2019-12-16 04:33:47.805 29884 RALLYDEBUG rally_openstack.wrappers.network [-] CIDR generated: 1.1.4.112/30
2019-12-16 04:33:47.825 29875 RALLYDEBUG rally_openstack.wrappers.network [-] CIDR generated: 1.1.4.116/30
2019-12-16 04:33:47.865 29872 RALLYDEBUG rally_openstack.wrappers.network [-] CIDR generated: 1.1.4.120/30
2019-12-16 04:33:47.907 29870 RALLYDEBUG rally_openstack.wrappers.network [-] CIDR generated: 1.1.4.124/30
2019-12-16 04:33:47.908 29879 RALLYDEBUG rally_openstack.wrappers.network [-] CIDR generated: 1.1.4.128/30
2019-12-16 04:33:47.955 29875 RALLYDEBUG rally_openstack.wrappers.network [-] CIDR generated: 1.1.4.132/30
2019-12-16 04:33:48.041 29903 RALLYDEBUG rally_openstack.wrappers.network [-] CIDR generated: 1.1.4.136/30
2019-12-16 04:33:48.115 29902 RALLYDEBUG rally_openstack.wrappers.network [-] CIDR generated: 1.1.4.140/30
2019-12-16 04:33:48.154 29896 RALLYDEBUG rally_openstack.wrappers.network [-] CIDR generated: 1.1.4.144/30
2019-12-16 04:33:48.255 29871 RALLYDEBUG rally_openstack.wrappers.network [-] CIDR generated: 1.1.4.148/30
2019-12-16 04:33:48.461 29872 RALLYDEBUG rally_openstack.wrappers.network [-] CIDR generated: 1.1.4.152/30
2019-12-16 04:33:48.515 29915 RALLYDEBUG rally_openstack.wrappers.network [-] CIDR generated: 1.1.4.156/30
2019-12-16 04:33:48.534 29899 RALLYDEBUG rally_openstack.wrappers.network [-] CIDR generated: 1.1.4.160/30
2019-12-16 04:33:48.559 29909 RALLYDEBUG rally_openstack.wrappers.network [-] CIDR generated: 1.1.4.164/30
2019-12-16 04:33:48.586 29911 RALLYDEBUG rally_openstack.wrappers.network [-] CIDR generated: 1.1.4.168/30
2019-12-16 04:33:48.750 29902 RALLYDEBUG rally_openstack.wrappers.network [-] CIDR generated: 1.1.4.172/30
2019-12-16 04:33:48.770 29872 RALLYDEBUG rally_openstack.wrappers.network [-] CIDR generated: 1.1.4.176/30
2019-12-16 04:33:48.771 29879 RALLYDEBUG rally_openstack.wrappers.network [-] CIDR generated: 1.1.4.180/30
2019-12-16 04:33:48.844 29912 RALLYDEBUG rally_openstack.wrappers.network [-] CIDR generated: 1.1.4.184/30
2019-12-16 04:33:49.067 29889 RALLYDEBUG rally_openstack.wrappers.network [-] CIDR generated: 1.1.4.188/30
2019-12-16 04:33:49.252 29903 RALLYDEBUG rally_openstack.wrappers.network [-] CIDR generated: 1.1.4.192/30
2019-12-16 04:33:49.252 29871 RALLYDEBUG rally_openstack.wrappers.network [-] CIDR generated: 1.1.4.196/30
2019-12-16 04:33:49.261 29896 RALLYDEBUG rally_openstack.wrappers.network [-] CIDR generated: 1.1.4.200/30
2019-12-16 04:33:49.445 29884 RALLYDEBUG rally_openstack.wrappers.network [-] CIDR generated: 1.1.4.204/30
2019-12-16 04:33:49.458 29893 RALLYDEBUG rally_openstack.wrappers.network [-] CIDR generated: 1.1.4.208/30
2019-12-16 04:33:49.722 29899 RALLYDEBUG rally_openstack.wrappers.network [-] CIDR generated: 1.1.4.212/30
2019-12-16 04:33:49.894 29870 RALLYDEBUG rally_openstack.wrappers.network [-] CIDR generated: 1.1.4.216/30
2019-12-16 04:33:49.997 29875 RALLYDEBUG rally_openstack.wrappers.network [-] CIDR generated: 1.1.4.220/30
2019-12-16 04:33:50.046 29871 RALLYDEBUG rally_openstack.wrappers.network [-] CIDR generated: 1.1.4.224/30
2019-12-16 04:33:50.138 29872 RALLYDEBUG rally_openstack.wrappers.network [-] CIDR generated: 1.1.4.228/30
2019-12-16 04:33:50.140 29915 RALLYDEBUG rally_openstack.wrappers.network [-] CIDR generated: 1.1.4.232/30
2019-12-16 04:33:50.145 29875 RALLYDEBUG rally_openstack.wrappers.network [-] CIDR generated: 1.1.4.236/30
2019-12-16 04:33:50.172 29870 RALLYDEBUG rally_openstack.wrappers.network [-] CIDR generated: 1.1.4.240/30
2019-12-16 04:33:50.286 29909 RALLYDEBUG rally_openstack.wrappers.network [-] CIDR generated: 1.1.4.244/30
2019-12-16 04:33:50.749 29911 RALLYDEBUG rally_openstack.wrappers.network [-] CIDR generated: 1.1.4.248/30
2019-12-16 04:33:50.937 29912 RALLYDEBUG rally_openstack.wrappers.network [-] CIDR generated: 1.1.4.252/30
2019-12-16 04:33:52.930 29915 INFO rally.task.runner [-] Task a987ab1e-825d-42b6-ada2-9080c739105d | ITER: 20 END: OK
2019-12-16 04:33:52.934 29915 INFO rally.task.runner [-] Task a987ab1e-825d-42b6-ada2-9080c739105d | ITER: 21 START
2019-12-16 04:33:52.935 29915 WARNING rally_openstack.scenarios.neutron.utils [-] Running this scenario without either the 'network' or 'existing_network' context is deprecated
2019-12-16 04:33:53.004 29875 INFO rally.task.runner [-] Task a987ab1e-825d-42b6-ada2-9080c739105d | ITER: 9 END: OK
2019-12-16 04:33:53.008 29875 INFO rally.task.runner [-] Task a987ab1e-825d-42b6-ada2-9080c739105d | ITER: 22 START
2019-12-16 04:33:53.009 29875 WARNING rally_openstack.scenarios.neutron.utils [-] Running this scenario without either the 'network' or 'existing_network' context is deprecated
2019-12-16 04:33:53.634 29875 RALLYDEBUG rally_openstack.wrappers.network [-] CIDR generated: 1.1.5.0/30
2019-12-16 04:33:53.785 29912 INFO rally.task.runner [-] Task a987ab1e-825d-42b6-ada2-9080c739105d | ITER: 19 END: OK
2019-12-16 04:33:53.789 29912 INFO rally.task.runner [-] Task a987ab1e-825d-42b6-ada2-9080c739105d | ITER: 23 START
2019-12-16 04:33:53.790 29912 WARNING rally_openstack.scenarios.neutron.utils [-] Running this scenario without either the 'network' or 'existing_network' context is deprecated
2019-12-16 04:33:53.806 29915 RALLYDEBUG rally_openstack.wrappers.network [-] CIDR generated: 1.1.5.4/30
2019-12-16 04:33:53.809 29871 INFO rally.task.runner [-] Task a987ab1e-825d-42b6-ada2-9080c739105d | ITER: 3 END: OK
2019-12-16 04:33:53.813 29871 INFO rally.task.runner [-] Task a987ab1e-825d-42b6-ada2-9080c739105d | ITER: 24 START
2019-12-16 04:33:53.814 29871 WARNING rally_openstack.scenarios.neutron.utils [-] Running this scenario without either the 'network' or 'existing_network' context is deprecated
2019-12-16 04:33:53.898 29902 INFO rally.task.runner [-] Task a987ab1e-825d-42b6-ada2-9080c739105d | ITER: 15 END: OK
2019-12-16 04:33:53.902 29902 INFO rally.task.runner [-] Task a987ab1e-825d-42b6-ada2-9080c739105d | ITER: 25 START
2019-12-16 04:33:53.903 29902 WARNING rally_openstack.scenarios.neutron.utils [-] Running this scenario without either the 'network' or 'existing_network' context is deprecated
2019-12-16 04:33:54.299 29871 INFO rally.task.runner [-] Task a987ab1e-825d-42b6-ada2-9080c739105d | ITER: 5 END: OK
2019-12-16 04:33:54.302 29871 INFO rally.task.runner [-] Task a987ab1e-825d-42b6-ada2-9080c739105d | ITER: 26 START
2019-12-16 04:33:54.303 29871 WARNING rally_openstack.scenarios.neutron.utils [-] Running this scenario without either the 'network' or 'existing_network' context is deprecated
2019-12-16 04:33:54.386 29912 RALLYDEBUG rally_openstack.wrappers.network [-] CIDR generated: 1.1.5.8/30
2019-12-16 04:33:54.410 29899 INFO rally.task.runner [-] Task a987ab1e-825d-42b6-ada2-9080c739105d | ITER: 14 END: OK
2019-12-16 04:33:54.414 29899 INFO rally.task.runner [-] Task a987ab1e-825d-42b6-ada2-9080c739105d | ITER: 27 START
2019-12-16 04:33:54.415 29899 WARNING rally_openstack.scenarios.neutron.utils [-] Running this scenario without either the 'network' or 'existing_network' context is deprecated
2019-12-16 04:33:54.418 29871 RALLYDEBUG rally_openstack.wrappers.network [-] CIDR generated: 1.1.5.12/30
2019-12-16 04:33:54.461 29893 INFO rally.task.runner [-] Task a987ab1e-825d-42b6-ada2-9080c739105d | ITER: 12 END: OK
2019-12-16 04:33:54.464 29893 INFO rally.task.runner [-] Task a987ab1e-825d-42b6-ada2-9080c739105d | ITER: 28 START
2019-12-16 04:33:54.465 29893 WARNING rally_openstack.scenarios.neutron.utils [-] Running this scenario without either the 'network' or 'existing_network' context is deprecated
2019-12-16 04:33:54.604 29915 RALLYDEBUG rally_openstack.wrappers.network [-] CIDR generated: 1.1.5.16/30
2019-12-16 04:33:54.625 29872 INFO rally.task.runner [-] Task a987ab1e-825d-42b6-ada2-9080c739105d | ITER: 4 END: OK
2019-12-16 04:33:54.629 29872 INFO rally.task.runner [-] Task a987ab1e-825d-42b6-ada2-9080c739105d | ITER: 29 START
2019-12-16 04:33:54.630 29872 WARNING rally_openstack.scenarios.neutron.utils [-] Running this scenario without either the 'network' or 'existing_network' context is deprecated
2019-12-16 04:33:54.702 29879 INFO rally.task.runner [-] Task a987ab1e-825d-42b6-ada2-9080c739105d | ITER: 8 END: OK
2019-12-16 04:33:54.706 29879 INFO rally.task.runner [-] Task a987ab1e-825d-42b6-ada2-9080c739105d | ITER: 30 START
2019-12-16 04:33:54.707 29879 WARNING rally_openstack.scenarios.neutron.utils [-] Running this scenario without either the 'network' or 'existing_network' context is deprecated
2019-12-16 04:33:54.759 29902 RALLYDEBUG rally_openstack.wrappers.network [-] CIDR generated: 1.1.5.20/30
2019-12-16 04:33:55.071 29893 RALLYDEBUG rally_openstack.wrappers.network [-] CIDR generated: 1.1.5.24/30
2019-12-16 04:33:55.088 29903 INFO rally.task.runner [-] Task a987ab1e-825d-42b6-ada2-9080c739105d | ITER: 16 END: OK
2019-12-16 04:33:55.092 29903 INFO rally.task.runner [-] Task a987ab1e-825d-42b6-ada2-9080c739105d | ITER: 31 START
2019-12-16 04:33:55.093 29903 WARNING rally_openstack.scenarios.neutron.utils [-] Running this scenario without either the 'network' or 'existing_network' context is deprecated
2019-12-16 04:33:55.201 29871 RALLYDEBUG rally_openstack.wrappers.network [-] CIDR generated: 1.1.5.28/30
2019-12-16 04:33:55.235 29879 RALLYDEBUG rally_openstack.wrappers.network [-] CIDR generated: 1.1.5.32/30
2019-12-16 04:33:55.279 29884 INFO rally.task.runner [-] Task a987ab1e-825d-42b6-ada2-9080c739105d | ITER: 10 END: OK
2019-12-16 04:33:55.282 29884 INFO rally.task.runner [-] Task a987ab1e-825d-42b6-ada2-9080c739105d | ITER: 32 START
2019-12-16 04:33:55.283 29884 WARNING rally_openstack.scenarios.neutron.utils [-] Running this scenario without either the 'network' or 'existing_network' context is deprecated
2019-12-16 04:33:55.564 29871 RALLYDEBUG rally_openstack.wrappers.network [-] CIDR generated: 1.1.5.36/30
2019-12-16 04:33:55.605 29899 RALLYDEBUG rally_openstack.wrappers.network [-] CIDR generated: 1.1.5.40/30
2019-12-16 04:33:55.757 29903 RALLYDEBUG rally_openstack.wrappers.network [-] CIDR generated: 1.1.5.44/30
2019-12-16 04:33:55.881 29875 INFO rally.task.runner [-] Task a987ab1e-825d-42b6-ada2-9080c739105d | ITER: 7 END: OK
2019-12-16 04:33:55.884 29875 INFO rally.task.runner [-] Task a987ab1e-825d-42b6-ada2-9080c739105d | ITER: 33 START
2019-12-16 04:33:55.884 29875 WARNING rally_openstack.scenarios.neutron.utils [-] Running this scenario without either the 'network' or 'existing_network' context is deprecated
2019-12-16 04:33:56.068 29871 RALLYDEBUG rally_openstack.wrappers.network [-] CIDR generated: 1.1.5.48/30
2019-12-16 04:33:56.091 29912 RALLYDEBUG rally_openstack.wrappers.network [-] CIDR generated: 1.1.5.52/30
2019-12-16 04:33:56.268 29872 RALLYDEBUG rally_openstack.wrappers.network [-] CIDR generated: 1.1.5.56/30
2019-12-16 04:33:56.438 29884 RALLYDEBUG rally_openstack.wrappers.network [-] CIDR generated: 1.1.5.60/30
2019-12-16 04:33:56.441 29899 RALLYDEBUG rally_openstack.wrappers.network [-] CIDR generated: 1.1.5.64/30
2019-12-16 04:33:56.467 29909 INFO rally.task.runner [-] Task a987ab1e-825d-42b6-ada2-9080c739105d | ITER: 17 END: OK
2019-12-16 04:33:56.471 29909 INFO rally.task.runner [-] Task a987ab1e-825d-42b6-ada2-9080c739105d | ITER: 34 START
2019-12-16 04:33:56.472 29909 WARNING rally_openstack.scenarios.neutron.utils [-] Running this scenario without either the 'network' or 'existing_network' context is deprecated
2019-12-16 04:33:56.476 29875 RALLYDEBUG rally_openstack.wrappers.network [-] CIDR generated: 1.1.5.68/30
2019-12-16 04:33:56.484 29889 INFO rally.task.runner [-] Task a987ab1e-825d-42b6-ada2-9080c739105d | ITER: 11 END: OK
2019-12-16 04:33:56.488 29889 INFO rally.task.runner [-] Task a987ab1e-825d-42b6-ada2-9080c739105d | ITER: 35 START
2019-12-16 04:33:56.489 29889 WARNING rally_openstack.scenarios.neutron.utils [-] Running this scenario without either the 'network' or 'existing_network' context is deprecated
2019-12-16 04:33:56.793 29911 INFO rally.task.runner [-] Task a987ab1e-825d-42b6-ada2-9080c739105d | ITER: 18 END: OK
2019-12-16 04:33:56.797 29911 INFO rally.task.runner [-] Task a987ab1e-825d-42b6-ada2-9080c739105d | ITER: 36 START
2019-12-16 04:33:56.798 29911 WARNING rally_openstack.scenarios.neutron.utils [-] Running this scenario without either the 'network' or 'existing_network' context is deprecated
2019-12-16 04:33:57.192 29909 RALLYDEBUG rally_openstack.wrappers.network [-] CIDR generated: 1.1.5.72/30
2019-12-16 04:33:57.231 29889 RALLYDEBUG rally_openstack.wrappers.network [-] CIDR generated: 1.1.5.76/30
2019-12-16 04:33:57.317 29879 RALLYDEBUG rally_openstack.wrappers.network [-] CIDR generated: 1.1.5.80/30
2019-12-16 04:33:57.443 29911 RALLYDEBUG rally_openstack.wrappers.network [-] CIDR generated: 1.1.5.84/30
2019-12-16 04:33:57.474 29872 RALLYDEBUG rally_openstack.wrappers.network [-] CIDR generated: 1.1.5.88/30
2019-12-16 04:33:57.640 29870 INFO rally.task.runner [-] Task a987ab1e-825d-42b6-ada2-9080c739105d | ITER: 1 END: OK
2019-12-16 04:33:57.644 29870 INFO rally.task.runner [-] Task a987ab1e-825d-42b6-ada2-9080c739105d | ITER: 37 START
2019-12-16 04:33:57.645 29870 WARNING rally_openstack.scenarios.neutron.utils [-] Running this scenario without either the 'network' or 'existing_network' context is deprecated
2019-12-16 04:33:57.742 29875 RALLYDEBUG rally_openstack.wrappers.network [-] CIDR generated: 1.1.5.92/30
2019-12-16 04:33:57.807 29896 INFO rally.task.runner [-] Task a987ab1e-825d-42b6-ada2-9080c739105d | ITER: 13 END: OK
2019-12-16 04:33:57.811 29896 INFO rally.task.runner [-] Task a987ab1e-825d-42b6-ada2-9080c739105d | ITER: 38 START
2019-12-16 04:33:57.812 29896 WARNING rally_openstack.scenarios.neutron.utils [-] Running this scenario without either the 'network' or 'existing_network' context is deprecated
2019-12-16 04:33:57.996 29872 INFO rally.task.runner [-] Task a987ab1e-825d-42b6-ada2-9080c739105d | ITER: 6 END: OK
2019-12-16 04:33:57.999 29872 INFO rally.task.runner [-] Task a987ab1e-825d-42b6-ada2-9080c739105d | ITER: 39 START
2019-12-16 04:33:58.000 29872 WARNING rally_openstack.scenarios.neutron.utils [-] Running this scenario without either the 'network' or 'existing_network' context is deprecated
2019-12-16 04:33:58.189 29893 RALLYDEBUG rally_openstack.wrappers.network [-] CIDR generated: 1.1.5.96/30
2019-12-16 04:33:58.273 29902 RALLYDEBUG rally_openstack.wrappers.network [-] CIDR generated: 1.1.5.100/30
2019-12-16 04:33:58.273 29870 RALLYDEBUG rally_openstack.wrappers.network [-] CIDR generated: 1.1.5.104/30
2019-12-16 04:33:58.362 29903 RALLYDEBUG rally_openstack.wrappers.network [-] CIDR generated: 1.1.5.108/30
2019-12-16 04:33:58.477 29889 RALLYDEBUG rally_openstack.wrappers.network [-] CIDR generated: 1.1.5.112/30
2019-12-16 04:33:58.479 29872 RALLYDEBUG rally_openstack.wrappers.network [-] CIDR generated: 1.1.5.116/30
2019-12-16 04:33:58.620 29896 RALLYDEBUG rally_openstack.wrappers.network [-] CIDR generated: 1.1.5.120/30
2019-12-16 04:33:58.662 29884 RALLYDEBUG rally_openstack.wrappers.network [-] CIDR generated: 1.1.5.124/30
2019-12-16 04:33:59.102 29909 RALLYDEBUG rally_openstack.wrappers.network [-] CIDR generated: 1.1.5.128/30
2019-12-16 04:33:59.395 29911 RALLYDEBUG rally_openstack.wrappers.network [-] CIDR generated: 1.1.5.132/30
2019-12-16 04:33:59.472 29870 INFO rally.task.runner [-] Task a987ab1e-825d-42b6-ada2-9080c739105d | ITER: 2 END: OK
2019-12-16 04:33:59.475 29870 INFO rally.task.runner [-] Task a987ab1e-825d-42b6-ada2-9080c739105d | ITER: 40 START
2019-12-16 04:33:59.475 29870 WARNING rally_openstack.scenarios.neutron.utils [-] Running this scenario without either the 'network' or 'existing_network' context is deprecated
2019-12-16 04:33:59.905 29875 RALLYDEBUG rally_openstack.wrappers.network [-] CIDR generated: 1.1.5.136/30
2019-12-16 04:33:59.906 29896 RALLYDEBUG rally_openstack.wrappers.network [-] CIDR generated: 1.1.5.140/30
2019-12-16 04:34:00.047 29872 RALLYDEBUG rally_openstack.wrappers.network [-] CIDR generated: 1.1.5.144/30
2019-12-16 04:34:00.118 29870 RALLYDEBUG rally_openstack.wrappers.network [-] CIDR generated: 1.1.5.148/30
2019-12-16 04:34:00.374 29870 RALLYDEBUG rally_openstack.wrappers.network [-] CIDR generated: 1.1.5.152/30
2019-12-16 04:34:00.486 29912 INFO rally.task.runner [-] Task a987ab1e-825d-42b6-ada2-9080c739105d | ITER: 23 END: OK
2019-12-16 04:34:01.639 29870 RALLYDEBUG rally_openstack.wrappers.network [-] CIDR generated: 1.1.5.156/30
2019-12-16 04:34:01.866 29884 INFO rally.task.runner [-] Task a987ab1e-825d-42b6-ada2-9080c739105d | ITER: 32 END: OK
2019-12-16 04:34:01.937 29915 INFO rally.task.runner [-] Task a987ab1e-825d-42b6-ada2-9080c739105d | ITER: 21 END: OK
2019-12-16 04:34:01.946 29871 INFO rally.task.runner [-] Task a987ab1e-825d-42b6-ada2-9080c739105d | ITER: 24 END: OK
2019-12-16 04:34:02.051 29875 INFO rally.task.runner [-] Task a987ab1e-825d-42b6-ada2-9080c739105d | ITER: 22 END: OK
2019-12-16 04:34:02.090 29871 INFO rally.task.runner [-] Task a987ab1e-825d-42b6-ada2-9080c739105d | ITER: 26 END: OK
2019-12-16 04:34:02.184 29896 INFO rally.task.runner [-] Task a987ab1e-825d-42b6-ada2-9080c739105d | ITER: 38 END: OK
2019-12-16 04:34:02.197 29879 INFO rally.task.runner [-] Task a987ab1e-825d-42b6-ada2-9080c739105d | ITER: 30 END: OK
2019-12-16 04:34:02.609 29870 INFO rally.task.runner [-] Task a987ab1e-825d-42b6-ada2-9080c739105d | ITER: 37 END: OK
2019-12-16 04:34:02.843 29872 INFO rally.task.runner [-] Task a987ab1e-825d-42b6-ada2-9080c739105d | ITER: 39 END: OK
2019-12-16 04:34:03.665 29872 INFO rally.task.runner [-] Task a987ab1e-825d-42b6-ada2-9080c739105d | ITER: 29 END: OK
2019-12-16 04:34:03.716 29899 INFO rally.task.runner [-] Task a987ab1e-825d-42b6-ada2-9080c739105d | ITER: 27 END: OK
2019-12-16 04:34:03.965 29893 INFO rally.task.runner [-] Task a987ab1e-825d-42b6-ada2-9080c739105d | ITER: 28 END: OK
2019-12-16 04:34:04.347 29889 INFO rally.task.runner [-] Task a987ab1e-825d-42b6-ada2-9080c739105d | ITER: 35 END: OK
2019-12-16 04:34:04.558 29870 INFO rally.task.runner [-] Task a987ab1e-825d-42b6-ada2-9080c739105d | ITER: 40 END: OK
2019-12-16 04:34:04.629 29902 INFO rally.task.runner [-] Task a987ab1e-825d-42b6-ada2-9080c739105d | ITER: 25 END: OK
2019-12-16 04:34:04.701 29875 INFO rally.task.runner [-] Task a987ab1e-825d-42b6-ada2-9080c739105d | ITER: 33 END: OK
2019-12-16 04:34:04.728 29909 INFO rally.task.runner [-] Task a987ab1e-825d-42b6-ada2-9080c739105d | ITER: 34 END: OK
2019-12-16 04:34:05.774 29903 INFO rally.task.runner [-] Task a987ab1e-825d-42b6-ada2-9080c739105d | ITER: 31 END: OK
2019-12-16 04:34:06.204 29911 INFO rally.task.runner [-] Task a987ab1e-825d-42b6-ada2-9080c739105d | ITER: 36 END: OK
2019-12-16 04:34:06.232 27676 INFO rally.task.context [-] Task a987ab1e-825d-42b6-ada2-9080c739105d | Context cleanup@openstack cleanup() started
2019-12-16 04:34:06.236 27676 RALLYDEBUG rally_openstack.cleanup.manager [-] Cleaning up neutron vip objects
2019-12-16 04:34:06.618 27676 RALLYDEBUG rally_openstack.cleanup.manager [-] Cleaning up neutron health_monitor objects
2019-12-16 04:34:07.001 27676 RALLYDEBUG rally_openstack.cleanup.manager [-] Cleaning up neutron pool objects
2019-12-16 04:34:07.359 27676 RALLYDEBUG rally_openstack.cleanup.manager [-] Cleaning up neutron loadbalancer objects
2019-12-16 04:34:07.717 27676 RALLYDEBUG rally_openstack.cleanup.manager [-] Cleaning up neutron floatingip objects
2019-12-16 04:34:08.105 27676 RALLYDEBUG rally_openstack.cleanup.manager [-] Cleaning up neutron trunk objects
2019-12-16 04:34:08.475 27676 RALLYDEBUG rally_openstack.cleanup.manager [-] Cleaning up neutron port objects
2019-12-16 04:34:09.044 27676 RALLYDEBUG rally_openstack.cleanup.manager [-] Cleaning up neutron subnet objects
2019-12-16 04:34:09.458 27676 RALLYDEBUG rally_openstack.cleanup.manager [-] Cleaning up neutron network objects
2019-12-16 04:34:10.019 27676 RALLYDEBUG rally_openstack.cleanup.manager [-] Deleting neutron.network object s_rally_763a805c_c5dfJtfm (0726a9d4-67b3-4066-85dc-c8d5a3321779)
2019-12-16 04:34:10.028 27676 RALLYDEBUG rally_openstack.cleanup.manager [-] Deleting neutron.network object s_rally_763a805c_Jh6MTkK2 (10b6422c-cdb1-4da6-9c02-03d17369afc3)
2019-12-16 04:34:10.038 27676 RALLYDEBUG rally_openstack.cleanup.manager [-] Deleting neutron.network object s_rally_763a805c_V37l4Kmq (276f88a4-ef50-4e99-bab5-5deb442702c9)
2019-12-16 04:34:10.042 27676 RALLYDEBUG rally_openstack.cleanup.manager [-] Deleting neutron.network object s_rally_763a805c_vWsSguYr (282e11a5-aa64-4987-90cc-c403ac41fad0)
2019-12-16 04:34:10.057 27676 RALLYDEBUG rally_openstack.cleanup.manager [-] Deleting neutron.network object s_rally_763a805c_VyKKnGnJ (31c30b4b-ff0a-470a-ad83-47738706596e)
2019-12-16 04:34:10.077 27676 RALLYDEBUG rally_openstack.cleanup.manager [-] Deleting neutron.network object s_rally_763a805c_ZF6ol9JQ (3467a3ce-8f87-479c-9d14-ae18eda46be9)
2019-12-16 04:34:10.093 27676 RALLYDEBUG rally_openstack.cleanup.manager [-] Deleting neutron.network object s_rally_763a805c_gC948tIA (365dae04-d517-4864-842c-478076d09953)
2019-12-16 04:34:10.103 27676 RALLYDEBUG rally_openstack.cleanup.manager [-] Deleting neutron.network object s_rally_763a805c_qzPEPvAt (373bf194-325a-4cad-93f1-07d811da5713)
2019-12-16 04:34:10.117 27676 RALLYDEBUG rally_openstack.cleanup.manager [-] Deleting neutron.network object s_rally_763a805c_DFCCRRSl (3a86c3eb-de3b-4194-971d-30fbc1e12fd3)
2019-12-16 04:34:10.134 27676 RALLYDEBUG rally_openstack.cleanup.manager [-] Deleting neutron.network object s_rally_763a805c_AtX0eUKo (3c51bf36-47a1-4e1a-8de4-9489bf6cbf85)
2019-12-16 04:34:10.145 27676 RALLYDEBUG rally_openstack.cleanup.manager [-] Deleting neutron.network object s_rally_763a805c_6QkO4oR1 (3ec5d7ee-fdff-4919-8b76-00fd667c7f77)
2019-12-16 04:34:10.157 27676 RALLYDEBUG rally_openstack.cleanup.manager [-] Deleting neutron.network object s_rally_763a805c_2afQOV1s (435d397b-be6e-4305-9235-ba9d4ac40f5e)
2019-12-16 04:34:10.174 27676 RALLYDEBUG rally_openstack.cleanup.manager [-] Deleting neutron.network object s_rally_763a805c_aAiTCbFt (49a15635-e721-4e16-9c2f-50944d3999c4)
2019-12-16 04:34:10.178 27676 RALLYDEBUG rally_openstack.cleanup.manager [-] Deleting neutron.network object s_rally_763a805c_udtTCBdX (49fc5f21-acad-4acb-b0e5-4c053c32ef6c)
2019-12-16 04:34:10.187 27676 RALLYDEBUG rally_openstack.cleanup.manager [-] Deleting neutron.network object s_rally_763a805c_piAEHTAc (4ed767c3-b84b-411f-80c4-67028b0de304)
2019-12-16 04:34:10.199 27676 RALLYDEBUG rally_openstack.cleanup.manager [-] Deleting neutron.network object s_rally_763a805c_KrOs4GRx (5153fad6-05fb-4330-b2cc-c47180951591)
2019-12-16 04:34:10.216 27676 RALLYDEBUG rally_openstack.cleanup.manager [-] Deleting neutron.network object s_rally_763a805c_ejXK9NdL (52bfb0b9-ff4f-4522-be48-abf0b4f839ac)
2019-12-16 04:34:10.219 27676 RALLYDEBUG rally_openstack.cleanup.manager [-] Deleting neutron.network object s_rally_763a805c_Ip8lwJMF (6ae04497-a88a-4956-8acc-b2e76ad6ff41)
2019-12-16 04:34:10.234 27676 RALLYDEBUG rally_openstack.cleanup.manager [-] Deleting neutron.network object s_rally_763a805c_nAhYzuCW (6cfbd606-4d2b-4c90-bcd6-eb82ef018575)
2019-12-16 04:34:10.242 27676 RALLYDEBUG rally_openstack.cleanup.manager [-] Deleting neutron.network object s_rally_763a805c_vxrcFQ6e (6d274c3f-b571-4f3b-bf7e-bff4a87421a9)
2019-12-16 04:34:12.282 27676 RALLYDEBUG rally_openstack.cleanup.manager [-] Deleting neutron.network object s_rally_763a805c_94Wd97O1 (74fa2b50-f40a-4016-999e-f4e6636e4719)
2019-12-16 04:34:12.300 27676 RALLYDEBUG rally_openstack.cleanup.manager [-] Deleting neutron.network object s_rally_763a805c_hWcpHm9a (811aa5f3-f48d-480c-8491-582b3238de0a)
2019-12-16 04:34:12.304 27676 RALLYDEBUG rally_openstack.cleanup.manager [-] Deleting neutron.network object s_rally_763a805c_EhrgmTK4 (81b3a58d-c64b-4242-8ef8-b70ae1200811)
2019-12-16 04:34:12.400 27676 RALLYDEBUG rally_openstack.cleanup.manager [-] Deleting neutron.network object s_rally_763a805c_oo1VZyuq (85ffc417-a49a-46ed-9790-a6eac1c9abb6)
2019-12-16 04:34:12.548 27676 RALLYDEBUG rally_openstack.cleanup.manager [-] Deleting neutron.network object s_rally_763a805c_2x396xkq (91937303-8ccc-4d55-85e5-48319e96e9cd)
2019-12-16 04:34:12.642 27676 RALLYDEBUG rally_openstack.cleanup.manager [-] Deleting neutron.network object s_rally_763a805c_cvzEaUSF (965254bf-ff3c-4219-bf29-e2f7b571353d)
2019-12-16 04:34:12.693 27676 RALLYDEBUG rally_openstack.cleanup.manager [-] Deleting neutron.network object s_rally_763a805c_hb4DEdcw (a652debe-2775-4057-8b2a-93b7e50a7d50)
2019-12-16 04:34:12.748 27676 RALLYDEBUG rally_openstack.cleanup.manager [-] Deleting neutron.network object s_rally_763a805c_EKam10VI (a8614699-836a-44bd-836d-8344c796d981)
2019-12-16 04:34:12.759 27676 RALLYDEBUG rally_openstack.cleanup.manager [-] Deleting neutron.network object s_rally_763a805c_jrICTnPL (ae270eea-8b8e-46a3-ac17-731537489b49)
2019-12-16 04:34:12.773 27676 RALLYDEBUG rally_openstack.cleanup.manager [-] Deleting neutron.network object s_rally_763a805c_qtiddy9Y (b302c0c7-8e83-4c6c-b5d9-fe7e67e2aa19)
2019-12-16 04:34:12.778 27676 RALLYDEBUG rally_openstack.cleanup.manager [-] Deleting neutron.network object s_rally_763a805c_z1FU4LUp (b9e79ffa-302d-43cd-90b0-f95a791cf8a4)
2019-12-16 04:34:13.093 27676 RALLYDEBUG rally_openstack.cleanup.manager [-] Deleting neutron.network object s_rally_763a805c_KS79m5WX (bf561bc1-5094-4034-a827-b6e800d317d3)
2019-12-16 04:34:13.125 27676 RALLYDEBUG rally_openstack.cleanup.manager [-] Deleting neutron.network object s_rally_763a805c_z9d1sbym (c0ce4b79-3714-4275-9e0a-436641ec1a7c)
2019-12-16 04:34:13.411 27676 RALLYDEBUG rally_openstack.cleanup.manager [-] Deleting neutron.network object s_rally_763a805c_iwV173MO (c13cefb5-ccd1-48ec-8c78-5b33e106def9)
2019-12-16 04:34:13.438 27676 RALLYDEBUG rally_openstack.cleanup.manager [-] Deleting neutron.network object s_rally_763a805c_gbUITrVB (c914848d-20f0-450a-b4c1-5fa6176b20b7)
2019-12-16 04:34:13.502 27676 RALLYDEBUG rally_openstack.cleanup.manager [-] Deleting neutron.network object s_rally_763a805c_jl1rAUIb (d25357cd-b856-43f2-998c-4ba1b8ece0f6)
2019-12-16 04:34:13.528 27676 RALLYDEBUG rally_openstack.cleanup.manager [-] Deleting neutron.network object s_rally_763a805c_M7YDB6Ic (d89fe40a-1277-4284-9b5e-1b8bd972664d)
2019-12-16 04:34:13.538 27676 RALLYDEBUG rally_openstack.cleanup.manager [-] Deleting neutron.network object s_rally_763a805c_UoqZiEqV (e626fcf8-0548-4c42-b5d4-610d291f03f4)
2019-12-16 04:34:13.586 27676 RALLYDEBUG rally_openstack.cleanup.manager [-] Deleting neutron.network object s_rally_763a805c_5QfQ0vKw (f81d3c74-9169-4493-ba94-57249e891557)
2019-12-16 04:34:13.939 27676 RALLYDEBUG rally_openstack.cleanup.manager [-] Deleting neutron.network object s_rally_763a805c_XBshZsCW (ff482a33-7414-405e-999c-264339c84a9f)
2019-12-16 04:34:16.010 27676 RALLYDEBUG rally_openstack.cleanup.manager [-] Cleaning up neutron router objects
2019-12-16 04:34:16.405 27676 RALLYDEBUG rally_openstack.cleanup.manager [-] Cleaning up neutron security_group objects
2019-12-16 04:34:16.818 27676 INFO rally.task.context [-] Task a987ab1e-825d-42b6-ada2-9080c739105d | Context cleanup@openstack cleanup() finished in 10.59 sec
2019-12-16 04:34:16.819 27676 INFO rally.task.context [-] Task a987ab1e-825d-42b6-ada2-9080c739105d | Context quotas@openstack cleanup() started
2019-12-16 04:34:16.893 27676 INFO rally.task.context [-] Task a987ab1e-825d-42b6-ada2-9080c739105d | Context quotas@openstack cleanup() finished in 73.78 msec
2019-12-16 04:34:16.893 27676 INFO rally.task.context [-] Task a987ab1e-825d-42b6-ada2-9080c739105d | Context users@openstack cleanup() started
2019-12-16 04:34:19.503 27676 INFO rally.task.context [-] Task a987ab1e-825d-42b6-ada2-9080c739105d | Context users@openstack cleanup() finished in 2.61 sec
2019-12-16 04:34:20.426 27676 INFO rally.task.engine [-] Load duration is: 19.190836
2019-12-16 04:34:20.426 27676 INFO rally.task.engine [-] Full runner duration is: 19.24048
2019-12-16 04:34:20.426 27676 INFO rally.task.engine [-] Full duration is: 35.267892
2019-12-16 04:34:20.799 27676 INFO rally.task.engine [-] Running workload: position = 0 config = { "version": 2, "title": "A cropped version of a bigger task.", "description": "Auto-generated task from a single workload (uuid=1aa07366-6dd3-4c41-8d6b-fad6e1bca46c)", "subtasks": [ { "title": "NeutronNetworks.create_and_list_routers", "description": "Create and a given number of routers and list all routers.", "scenario": { "NeutronNetworks.create_and_list_routers": { "network_create_args": null, "subnet_create_args": null, "subnet_cidr_start": "1.1.0.0/30", "subnets_per_network": 2, "router_create_args": null } }, "contexts": { "users": { "tenants": 1, "users_per_tenant": 1 }, "quotas": { "neutron": { "network": -1, "subnet": -1, "router": -1 } } }, "runner": { "constant": { "times": 40, "concurrency": 20 } }, "hooks": [], "sla": { "failure_rate": { "max": 0 } } } ] }
2019-12-16 04:34:20.829 27676 RALLYDEBUG rally_openstack.contexts.keystone.users [-] Creating 1 tenants using 20 threads
2019-12-16 04:34:21.707 27676 RALLYDEBUG rally_openstack.contexts.keystone.users [-] Creating 1 users using 20 threads
2019-12-16 04:34:23.038 27676 INFO rally.task.context [-] Task a987ab1e-825d-42b6-ada2-9080c739105d | Context users@openstack setup() finished in 2.21 sec
2019-12-16 04:34:23.551 27676 INFO rally.task.context [-] Task a987ab1e-825d-42b6-ada2-9080c739105d | Context quotas@openstack setup() finished in 0.51 sec
2019-12-16 04:34:23.552 27676 INFO rally.task.context [-] Task a987ab1e-825d-42b6-ada2-9080c739105d | Context cleanup@openstack setup() finished in 0.02 msec
2019-12-16 04:34:23.561 27676 RALLYDEBUG rally.task.runner [-] Starting the constant runner (task UUID: a987ab1e-825d-42b6-ada2-9080c739105d). times: 40 concurrency: 20 timeout: 0 max_cpu_used: 16 processes_to_start: 16 concurrency_per_worker: 1 concurrency_overhead: 4
2019-12-16 04:34:23.573 30260 RALLYDEBUG rally.task.runner [-] Starting a worker. times: 40 duration: None concurrency: 2 timeout: 0 cls: method_name: run args: {"network_create_args": null, "subnet_create_args": null, "subnet_cidr_start": "1.1.0.0/30", "subnets_per_network": 2, "router_create_args": null}
2019-12-16 04:34:23.577 30261 RALLYDEBUG rally.task.runner [-] Starting a worker. times: 40 duration: None concurrency: 2 timeout: 0 cls: method_name: run args: {"network_create_args": null, "subnet_create_args": null, "subnet_cidr_start": "1.1.0.0/30", "subnets_per_network": 2, "router_create_args": null}
2019-12-16 04:34:23.580 30262 RALLYDEBUG rally.task.runner [-] Starting a worker. times: 40 duration: None concurrency: 2 timeout: 0 cls: method_name: run args: {"network_create_args": null, "subnet_create_args": null, "subnet_cidr_start": "1.1.0.0/30", "subnets_per_network": 2, "router_create_args": null}
2019-12-16 04:34:23.581 30260 INFO rally.task.runner [-] Task a987ab1e-825d-42b6-ada2-9080c739105d | ITER: 1 START
2019-12-16 04:34:23.584 30265 RALLYDEBUG rally.task.runner [-] Starting a worker. times: 40 duration: None concurrency: 2 timeout: 0 cls: method_name: run args: {"network_create_args": null, "subnet_create_args": null, "subnet_cidr_start": "1.1.0.0/30", "subnets_per_network": 2, "router_create_args": null}
2019-12-16 04:34:23.584 30261 INFO rally.task.runner [-] Task a987ab1e-825d-42b6-ada2-9080c739105d | ITER: 2 START
2019-12-16 04:34:23.587 30262 INFO rally.task.runner [-] Task a987ab1e-825d-42b6-ada2-9080c739105d | ITER: 4 START
2019-12-16 04:34:23.588 30269 RALLYDEBUG rally.task.runner [-] Starting a worker. times: 40 duration: None concurrency: 1 timeout: 0 cls: method_name: run args: {"network_create_args": null, "subnet_create_args": null, "subnet_cidr_start": "1.1.0.0/30", "subnets_per_network": 2, "router_create_args": null}
2019-12-16 04:34:23.591 30273 RALLYDEBUG rally.task.runner [-] Starting a worker. times: 40 duration: None concurrency: 1 timeout: 0 cls: method_name: run args: {"network_create_args": null, "subnet_create_args": null, "subnet_cidr_start": "1.1.0.0/30", "subnets_per_network": 2, "router_create_args": null}
2019-12-16 04:34:23.592 30265 INFO rally.task.runner [-] Task a987ab1e-825d-42b6-ada2-9080c739105d | ITER: 7 START
2019-12-16 04:34:23.588 30260 INFO rally.task.runner [-] Task a987ab1e-825d-42b6-ada2-9080c739105d | ITER: 3 START
2019-12-16 04:34:23.595 30269 INFO rally.task.runner [-] Task a987ab1e-825d-42b6-ada2-9080c739105d | ITER: 9 START
2019-12-16 04:34:23.592 30261 INFO rally.task.runner [-] Task a987ab1e-825d-42b6-ada2-9080c739105d | ITER: 5 START
2019-12-16 04:34:23.597 30273 INFO rally.task.runner [-] Task a987ab1e-825d-42b6-ada2-9080c739105d | ITER: 10 START
2019-12-16 04:34:23.597 30277 RALLYDEBUG rally.task.runner [-] Starting a worker. times: 40 duration: None concurrency: 1 timeout: 0 cls: method_name: run args: {"network_create_args": null, "subnet_create_args": null, "subnet_cidr_start": "1.1.0.0/30", "subnets_per_network": 2, "router_create_args": null}
2019-12-16 04:34:23.599 30280 RALLYDEBUG rally.task.runner [-] Starting a worker. times: 40 duration: None concurrency: 1 timeout: 0 cls: method_name: run args: {"network_create_args": null, "subnet_create_args": null, "subnet_cidr_start": "1.1.0.0/30", "subnets_per_network": 2, "router_create_args": null}
2019-12-16 04:34:23.595 30262 INFO rally.task.runner [-] Task a987ab1e-825d-42b6-ada2-9080c739105d | ITER: 6 START
2019-12-16 04:34:23.604 30280 INFO rally.task.runner [-] Task a987ab1e-825d-42b6-ada2-9080c739105d | ITER: 12 START
2019-12-16 04:34:23.604 30284 RALLYDEBUG rally.task.runner [-] Starting a worker. times: 40 duration: None concurrency: 1 timeout: 0 cls: method_name: run args: {"network_create_args": null, "subnet_create_args": null, "subnet_cidr_start": "1.1.0.0/30", "subnets_per_network": 2, "router_create_args": null}
2019-12-16 04:34:23.605 30277 INFO rally.task.runner [-] Task a987ab1e-825d-42b6-ada2-9080c739105d | ITER: 11 START
2019-12-16 04:34:23.608 30265 INFO rally.task.runner [-] Task a987ab1e-825d-42b6-ada2-9080c739105d | ITER: 8 START
2019-12-16 04:34:23.609 30284 INFO rally.task.runner [-] Task a987ab1e-825d-42b6-ada2-9080c739105d | ITER: 13 START
2019-12-16 04:34:23.609 30289 RALLYDEBUG rally.task.runner [-] Starting a worker. times: 40 duration: None concurrency: 1 timeout: 0 cls: method_name: run args: {"network_create_args": null, "subnet_create_args": null, "subnet_cidr_start": "1.1.0.0/30", "subnets_per_network": 2, "router_create_args": null}
2019-12-16 04:34:23.614 30289 INFO rally.task.runner [-] Task a987ab1e-825d-42b6-ada2-9080c739105d | ITER: 14 START
2019-12-16 04:34:23.617 30293 RALLYDEBUG rally.task.runner [-] Starting a worker. times: 40 duration: None concurrency: 1 timeout: 0 cls: method_name: run args: {"network_create_args": null, "subnet_create_args": null, "subnet_cidr_start": "1.1.0.0/30", "subnets_per_network": 2, "router_create_args": null}
2019-12-16 04:34:23.622 30293 INFO rally.task.runner [-] Task a987ab1e-825d-42b6-ada2-9080c739105d | ITER: 15 START
2019-12-16 04:34:23.627 30297 RALLYDEBUG rally.task.runner [-] Starting a worker. times: 40 duration: None concurrency: 1 timeout: 0 cls: method_name: run args: {"network_create_args": null, "subnet_create_args": null, "subnet_cidr_start": "1.1.0.0/30", "subnets_per_network": 2, "router_create_args": null}
2019-12-16 04:34:23.632 30297 INFO rally.task.runner [-] Task a987ab1e-825d-42b6-ada2-9080c739105d | ITER: 16 START
2019-12-16 04:34:23.636 30300 RALLYDEBUG rally.task.runner [-] Starting a worker. times: 40 duration: None concurrency: 1 timeout: 0 cls: method_name: run args: {"network_create_args": null, "subnet_create_args": null, "subnet_cidr_start": "1.1.0.0/30", "subnets_per_network": 2, "router_create_args": null}
2019-12-16 04:34:23.640 30301 RALLYDEBUG rally.task.runner [-] Starting a worker. times: 40 duration: None concurrency: 1 timeout: 0 cls: method_name: run args: {"network_create_args": null, "subnet_create_args": null, "subnet_cidr_start": "1.1.0.0/30", "subnets_per_network": 2, "router_create_args": null}
2019-12-16 04:34:23.641 30300 INFO rally.task.runner [-] Task a987ab1e-825d-42b6-ada2-9080c739105d | ITER: 17 START
2019-12-16 04:34:23.643 30302 RALLYDEBUG rally.task.runner [-] Starting a worker. times: 40 duration: None concurrency: 1 timeout: 0 cls: method_name: run args: {"network_create_args": null, "subnet_create_args": null, "subnet_cidr_start": "1.1.0.0/30", "subnets_per_network": 2, "router_create_args": null}
2019-12-16 04:34:23.644 30301 INFO rally.task.runner [-] Task a987ab1e-825d-42b6-ada2-9080c739105d | ITER: 18 START
2019-12-16 04:34:23.646 30305 RALLYDEBUG rally.task.runner [-] Starting a worker. times: 40 duration: None concurrency: 1 timeout: 0 cls: method_name: run args: {"network_create_args": null, "subnet_create_args": null, "subnet_cidr_start": "1.1.0.0/30", "subnets_per_network": 2, "router_create_args": null}
2019-12-16 04:34:23.647 30302 INFO rally.task.runner [-] Task a987ab1e-825d-42b6-ada2-9080c739105d | ITER: 19 START
2019-12-16 04:34:23.649 30305 INFO rally.task.runner [-] Task a987ab1e-825d-42b6-ada2-9080c739105d | ITER: 20 START
2019-12-16 04:34:24.294 30262 RALLYDEBUG rally_openstack.wrappers.network [-] CIDR generated: 1.1.5.160/30
2019-12-16 04:34:24.316 30280 RALLYDEBUG rally_openstack.wrappers.network [-] CIDR generated: 1.1.5.164/30
2019-12-16 04:34:24.356 30261 RALLYDEBUG rally_openstack.wrappers.network [-] CIDR generated: 1.1.5.168/30
2019-12-16 04:34:24.408 30273 RALLYDEBUG rally_openstack.wrappers.network [-] CIDR generated: 1.1.5.172/30
2019-12-16 04:34:24.430 30265 RALLYDEBUG rally_openstack.wrappers.network [-] CIDR generated: 1.1.5.176/30
2019-12-16 04:34:24.452 30269 RALLYDEBUG rally_openstack.wrappers.network [-] CIDR generated: 1.1.5.180/30
2019-12-16 04:34:24.543 30265 RALLYDEBUG rally_openstack.wrappers.network [-] CIDR generated: 1.1.5.184/30
2019-12-16 04:34:24.559 30305 RALLYDEBUG rally_openstack.wrappers.network [-] CIDR generated: 1.1.5.188/30
2019-12-16 04:34:24.593 30301 RALLYDEBUG rally_openstack.wrappers.network [-] CIDR generated: 1.1.5.192/30
2019-12-16 04:34:24.597 30302 RALLYDEBUG rally_openstack.wrappers.network [-] CIDR generated: 1.1.5.196/30
2019-12-16 04:34:24.681 30297 RALLYDEBUG rally_openstack.wrappers.network [-] CIDR generated: 1.1.5.200/30
2019-12-16 04:34:24.682 30260 RALLYDEBUG rally_openstack.wrappers.network [-] CIDR generated: 1.1.5.204/30
2019-12-16 04:34:24.684 30300 RALLYDEBUG rally_openstack.wrappers.network [-] CIDR generated: 1.1.5.208/30
2019-12-16 04:34:24.950 30262 RALLYDEBUG rally_openstack.wrappers.network [-] CIDR generated: 1.1.5.212/30
2019-12-16 04:34:24.977 30277 RALLYDEBUG rally_openstack.wrappers.network [-] CIDR generated: 1.1.5.216/30
2019-12-16 04:34:25.042 30284 RALLYDEBUG rally_openstack.wrappers.network [-] CIDR generated: 1.1.5.220/30
2019-12-16 04:34:25.081 30265 RALLYDEBUG rally_openstack.wrappers.network [-] CIDR generated: 1.1.5.224/30
2019-12-16 04:34:25.179 30289 RALLYDEBUG rally_openstack.wrappers.network [-] CIDR generated: 1.1.5.228/30
2019-12-16 04:34:25.194 30293 RALLYDEBUG rally_openstack.wrappers.network [-] CIDR generated: 1.1.5.232/30
2019-12-16 04:34:25.237 30260 RALLYDEBUG rally_openstack.wrappers.network [-] CIDR generated: 1.1.5.236/30
2019-12-16 04:34:25.243 30261 RALLYDEBUG rally_openstack.wrappers.network [-] CIDR generated: 1.1.5.240/30
2019-12-16 04:34:25.280 30261 RALLYDEBUG rally_openstack.wrappers.network [-] CIDR generated: 1.1.5.244/30
2019-12-16 04:34:25.482 30260 RALLYDEBUG rally_openstack.wrappers.network [-] CIDR generated: 1.1.5.248/30
2019-12-16 04:34:25.637 30265 RALLYDEBUG rally_openstack.wrappers.network [-] CIDR generated: 1.1.5.252/30
2019-12-16 04:34:25.645 30273 RALLYDEBUG rally_openstack.wrappers.network [-] CIDR generated: 1.1.6.0/30
2019-12-16 04:34:25.763 30300 RALLYDEBUG rally_openstack.wrappers.network [-] CIDR generated: 1.1.6.4/30
2019-12-16 04:34:26.220 30280 RALLYDEBUG rally_openstack.wrappers.network [-] CIDR generated: 1.1.6.8/30
2019-12-16 04:34:26.313 30305 RALLYDEBUG rally_openstack.wrappers.network [-] CIDR generated: 1.1.6.12/30
2019-12-16 04:34:26.428 30302 RALLYDEBUG rally_openstack.wrappers.network [-] CIDR generated: 1.1.6.16/30
2019-12-16 04:34:26.551 30262 RALLYDEBUG rally_openstack.wrappers.network [-] CIDR generated: 1.1.6.20/30
2019-12-16 04:34:26.579 30269 RALLYDEBUG rally_openstack.wrappers.network [-] CIDR generated: 1.1.6.24/30
2019-12-16 04:34:26.611 30301 RALLYDEBUG rally_openstack.wrappers.network [-] CIDR generated: 1.1.6.28/30
2019-12-16 04:34:26.613 30262 RALLYDEBUG rally_openstack.wrappers.network [-] CIDR generated: 1.1.6.32/30
2019-12-16 04:34:26.693 30277 RALLYDEBUG rally_openstack.wrappers.network [-] CIDR generated: 1.1.6.36/30
2019-12-16 04:34:26.770 30261 RALLYDEBUG rally_openstack.wrappers.network [-] CIDR generated: 1.1.6.40/30
2019-12-16 04:34:26.844 30284 RALLYDEBUG rally_openstack.wrappers.network [-] CIDR generated: 1.1.6.44/30
2019-12-16 04:34:26.885 30293 RALLYDEBUG rally_openstack.wrappers.network [-] CIDR generated: 1.1.6.48/30
2019-12-16 04:34:27.000 30289 RALLYDEBUG rally_openstack.wrappers.network [-] CIDR generated: 1.1.6.52/30
2019-12-16 04:34:27.043 30297 RALLYDEBUG rally_openstack.wrappers.network [-] CIDR generated: 1.1.6.56/30
2019-12-16 04:34:28.648 30260 RALLYDEBUG rally_openstack.wrappers.network [-] CIDR generated: 1.1.6.60/30
2019-12-16 04:34:35.376 30261 INFO rally.task.runner [-] Task a987ab1e-825d-42b6-ada2-9080c739105d | ITER: 2 END: OK
2019-12-16 04:34:35.380 30261 INFO rally.task.runner [-] Task a987ab1e-825d-42b6-ada2-9080c739105d | ITER: 21 START
2019-12-16 04:34:35.613 30305 INFO rally.task.runner [-] Task a987ab1e-825d-42b6-ada2-9080c739105d | ITER: 20 END: OK
2019-12-16 04:34:35.617 30305 INFO rally.task.runner [-] Task a987ab1e-825d-42b6-ada2-9080c739105d | ITER: 22 START
2019-12-16 04:34:35.849 30265 INFO rally.task.runner [-] Task a987ab1e-825d-42b6-ada2-9080c739105d | ITER: 7 END: OK
2019-12-16 04:34:35.853 30265 INFO rally.task.runner [-] Task a987ab1e-825d-42b6-ada2-9080c739105d | ITER: 23 START
2019-12-16 04:34:35.958 30277 INFO rally.task.runner [-] Task a987ab1e-825d-42b6-ada2-9080c739105d | ITER: 11 END: OK
2019-12-16 04:34:35.962 30277 INFO rally.task.runner [-] Task a987ab1e-825d-42b6-ada2-9080c739105d | ITER: 24 START
