2019-12-16 04:50:08.025 27676 RALLYDEBUG rally_openstack.cleanup.manager [-] Deleting neutron.security_group object s_rally_1e5c9883_zIVmVDxU (fd3b078a-1713-4e29-af1f-37ae96e4dfa4)
2019-12-16 04:50:09.495 27676 INFO rally.task.context [-] Task a987ab1e-825d-42b6-ada2-9080c739105d | Context cleanup@openstack cleanup() finished in 13.78 sec
2019-12-16 04:50:09.495 27676 INFO rally.task.context [-] Task a987ab1e-825d-42b6-ada2-9080c739105d | Context quotas@openstack cleanup() started
2019-12-16 04:50:09.649 27676 INFO rally.task.context [-] Task a987ab1e-825d-42b6-ada2-9080c739105d | Context quotas@openstack cleanup() finished in 0.15 sec
2019-12-16 04:50:09.650 27676 INFO rally.task.context [-] Task a987ab1e-825d-42b6-ada2-9080c739105d | Context users@openstack cleanup() started
2019-12-16 04:50:13.100 27676 INFO rally.task.context [-] Task a987ab1e-825d-42b6-ada2-9080c739105d | Context users@openstack cleanup() finished in 3.45 sec
2019-12-16 04:50:15.017 27676 INFO rally.task.engine [-] Load duration is: 3.697454
2019-12-16 04:50:15.017 27676 INFO rally.task.engine [-] Full runner duration is: 3.745889
2019-12-16 04:50:15.017 27676 INFO rally.task.engine [-] Full duration is: 24.221499
2019-12-16 04:50:15.289 27676 INFO rally.task.engine [-] Running workload: position = 6 config = { "version": 2, "title": "A cropped version of a bigger task.", "description": "Auto-generated task from a single workload (uuid=e925fff2-c447-4d3f-9ef1-633a196b2b46)", "subtasks": [ { "title": "NeutronSecurityGroup.create_and_update_security_groups", "description": "Create and update Neutron security-groups.", "scenario": { "NeutronSecurityGroup.create_and_update_security_groups": { "security_group_create_args": {}, "security_group_update_args": {} } }, "contexts": { "users": { "tenants": 2, "users_per_tenant": 3 }, "quotas": { "neutron": { "security_group": -1 } } }, "runner": { "constant": { "times": 50, "concurrency": 10 } }, "hooks": [], "sla": { "failure_rate": { "max": 0 } } } ] }
2019-12-16 04:50:15.313 27676 RALLYDEBUG rally_openstack.contexts.keystone.users [-] Creating 2 tenants using 20 threads
2019-12-16 04:50:16.229 27676 RALLYDEBUG rally_openstack.contexts.keystone.users [-] Creating 6 users using 20 threads
2019-12-16 04:50:17.711 27676 INFO rally.task.context [-] Task a987ab1e-825d-42b6-ada2-9080c739105d | Context users@openstack setup() finished in 2.40 sec
2019-12-16 04:50:18.334 27676 INFO rally.task.context [-] Task a987ab1e-825d-42b6-ada2-9080c739105d | Context quotas@openstack setup() finished in 0.62 sec
2019-12-16 04:50:18.335 27676 INFO rally.task.context [-] Task a987ab1e-825d-42b6-ada2-9080c739105d | Context cleanup@openstack setup() finished in 0.01 msec
2019-12-16 04:50:18.344 27676 RALLYDEBUG rally.task.runner [-] Starting the constant runner (task UUID: a987ab1e-825d-42b6-ada2-9080c739105d). times: 50 concurrency: 10 timeout: 0 max_cpu_used: 16 processes_to_start: 10 concurrency_per_worker: 1 concurrency_overhead: 0
2019-12-16 04:50:18.356 3845 RALLYDEBUG rally.task.runner [-] Starting a worker. times: 50 duration: None concurrency: 1 timeout: 0 cls: method_name: run args: {"security_group_create_args": {}, "security_group_update_args": {}}
2019-12-16 04:50:18.360 3846 RALLYDEBUG rally.task.runner [-] Starting a worker. times: 50 duration: None concurrency: 1 timeout: 0 cls: method_name: run args: {"security_group_create_args": {}, "security_group_update_args": {}}
2019-12-16 04:50:18.362 3845 INFO rally.task.runner [-] Task a987ab1e-825d-42b6-ada2-9080c739105d | ITER: 1 START
2019-12-16 04:50:18.363 3847 RALLYDEBUG rally.task.runner [-] Starting a worker. times: 50 duration: None concurrency: 1 timeout: 0 cls: method_name: run args: {"security_group_create_args": {}, "security_group_update_args": {}}
2019-12-16 04:50:18.366 3846 INFO rally.task.runner [-] Task a987ab1e-825d-42b6-ada2-9080c739105d | ITER: 2 START
2019-12-16 04:50:18.366 3849 RALLYDEBUG rally.task.runner [-] Starting a worker. times: 50 duration: None concurrency: 1 timeout: 0 cls: method_name: run args: {"security_group_create_args": {}, "security_group_update_args": {}}
2019-12-16 04:50:18.370 3847 INFO rally.task.runner [-] Task a987ab1e-825d-42b6-ada2-9080c739105d | ITER: 3 START
2019-12-16 04:50:18.370 3852 RALLYDEBUG rally.task.runner [-] Starting a worker. times: 50 duration: None concurrency: 1 timeout: 0 cls: method_name: run args: {"security_group_create_args": {}, "security_group_update_args": {}}
2019-12-16 04:50:18.372 3849 INFO rally.task.runner [-] Task a987ab1e-825d-42b6-ada2-9080c739105d | ITER: 4 START
2019-12-16 04:50:18.374 3856 RALLYDEBUG rally.task.runner [-] Starting a worker. times: 50 duration: None concurrency: 1 timeout: 0 cls: method_name: run args: {"security_group_create_args": {}, "security_group_update_args": {}}
2019-12-16 04:50:18.377 3852 INFO rally.task.runner [-] Task a987ab1e-825d-42b6-ada2-9080c739105d | ITER: 5 START
2019-12-16 04:50:18.378 3859 RALLYDEBUG rally.task.runner [-] Starting a worker. times: 50 duration: None concurrency: 1 timeout: 0 cls: method_name: run args: {"security_group_create_args": {}, "security_group_update_args": {}}
2019-12-16 04:50:18.380 3856 INFO rally.task.runner [-] Task a987ab1e-825d-42b6-ada2-9080c739105d | ITER: 6 START
2019-12-16 04:50:18.384 3859 INFO rally.task.runner [-] Task a987ab1e-825d-42b6-ada2-9080c739105d | ITER: 7 START
2019-12-16 04:50:18.385 3862 RALLYDEBUG rally.task.runner [-] Starting a worker. times: 50 duration: None concurrency: 1 timeout: 0 cls: method_name: run args: {"security_group_create_args": {}, "security_group_update_args": {}}
2019-12-16 04:50:18.387 3865 RALLYDEBUG rally.task.runner [-] Starting a worker. times: 50 duration: None concurrency: 1 timeout: 0 cls: method_name: run args: {"security_group_create_args": {}, "security_group_update_args": {}}
2019-12-16 04:50:18.392 3868 RALLYDEBUG rally.task.runner [-] Starting a worker. times: 50 duration: None concurrency: 1 timeout: 0 cls: method_name: run args: {"security_group_create_args": {}, "security_group_update_args": {}}
2019-12-16 04:50:18.393 3865 INFO rally.task.runner [-] Task a987ab1e-825d-42b6-ada2-9080c739105d | ITER: 9 START
2019-12-16 04:50:18.395 3862 INFO rally.task.runner [-] Task a987ab1e-825d-42b6-ada2-9080c739105d | ITER: 8 START
2019-12-16 04:50:18.399 3868 INFO rally.task.runner [-] Task a987ab1e-825d-42b6-ada2-9080c739105d | ITER: 10 START
2019-12-16 04:50:19.096 3846 INFO rally.task.runner [-] Task a987ab1e-825d-42b6-ada2-9080c739105d | ITER: 2 END: OK
2019-12-16 04:50:19.101 3846 INFO rally.task.runner [-] Task a987ab1e-825d-42b6-ada2-9080c739105d | ITER: 11 START
2019-12-16 04:50:19.128 3868 INFO rally.task.runner [-] Task a987ab1e-825d-42b6-ada2-9080c739105d | ITER: 10 END: OK
2019-12-16 04:50:19.133 3868 INFO rally.task.runner [-] Task a987ab1e-825d-42b6-ada2-9080c739105d | ITER: 12 START
2019-12-16 04:50:19.162 3845 INFO rally.task.runner [-] Task a987ab1e-825d-42b6-ada2-9080c739105d | ITER: 1 END: OK
2019-12-16 04:50:19.163 3852 INFO rally.task.runner [-] Task a987ab1e-825d-42b6-ada2-9080c739105d | ITER: 5 END: OK
2019-12-16 04:50:19.167 3845 INFO rally.task.runner [-] Task a987ab1e-825d-42b6-ada2-9080c739105d | ITER: 13 START
2019-12-16 04:50:19.167 3852 INFO rally.task.runner [-] Task a987ab1e-825d-42b6-ada2-9080c739105d | ITER: 14 START
2019-12-16 04:50:19.705 3852 INFO rally.task.runner [-] Task a987ab1e-825d-42b6-ada2-9080c739105d | ITER: 14 END: OK
2019-12-16 04:50:19.709 3852 INFO rally.task.runner [-] Task a987ab1e-825d-42b6-ada2-9080c739105d | ITER: 15 START
2019-12-16 04:50:19.711 3859 INFO rally.task.runner [-] Task a987ab1e-825d-42b6-ada2-9080c739105d | ITER: 7 END: OK
2019-12-16 04:50:19.712 3846 INFO rally.task.runner [-] Task a987ab1e-825d-42b6-ada2-9080c739105d | ITER: 11 END: OK
2019-12-16 04:50:19.716 3859 INFO rally.task.runner [-] Task a987ab1e-825d-42b6-ada2-9080c739105d | ITER: 16 START
2019-12-16 04:50:19.716 3846 INFO rally.task.runner [-] Task a987ab1e-825d-42b6-ada2-9080c739105d | ITER: 17 START
2019-12-16 04:50:19.717 3868 INFO rally.task.runner [-] Task a987ab1e-825d-42b6-ada2-9080c739105d | ITER: 12 END: OK
2019-12-16 04:50:19.720 3868 INFO rally.task.runner [-] Task a987ab1e-825d-42b6-ada2-9080c739105d | ITER: 18 START
2019-12-16 04:50:19.752 3845 INFO rally.task.runner [-] Task a987ab1e-825d-42b6-ada2-9080c739105d | ITER: 13 END: OK
2019-12-16 04:50:19.755 3845 INFO rally.task.runner [-] Task a987ab1e-825d-42b6-ada2-9080c739105d | ITER: 19 START
2019-12-16 04:50:19.756 3865 INFO rally.task.runner [-] Task a987ab1e-825d-42b6-ada2-9080c739105d | ITER: 9 END: OK
2019-12-16 04:50:19.760 3865 INFO rally.task.runner [-] Task a987ab1e-825d-42b6-ada2-9080c739105d | ITER: 20 START
2019-12-16 04:50:19.782 3847 INFO rally.task.runner [-] Task a987ab1e-825d-42b6-ada2-9080c739105d | ITER: 3 END: OK
2019-12-16 04:50:19.786 3847 INFO rally.task.runner [-] Task a987ab1e-825d-42b6-ada2-9080c739105d | ITER: 21 START
2019-12-16 04:50:19.871 3862 INFO rally.task.runner [-] Task a987ab1e-825d-42b6-ada2-9080c739105d | ITER: 8 END: OK
2019-12-16 04:50:19.871 3849 INFO rally.task.runner [-] Task a987ab1e-825d-42b6-ada2-9080c739105d | ITER: 4 END: OK
2019-12-16 04:50:19.875 3849 INFO rally.task.runner [-] Task a987ab1e-825d-42b6-ada2-9080c739105d | ITER: 23 START
2019-12-16 04:50:19.875 3862 INFO rally.task.runner [-] Task a987ab1e-825d-42b6-ada2-9080c739105d | ITER: 22 START
2019-12-16 04:50:19.980 3856 INFO rally.task.runner [-] Task a987ab1e-825d-42b6-ada2-9080c739105d | ITER: 6 END: OK
2019-12-16 04:50:19.985 3856 INFO rally.task.runner [-] Task a987ab1e-825d-42b6-ada2-9080c739105d | ITER: 24 START
2019-12-16 04:50:20.280 3852 INFO rally.task.runner [-] Task a987ab1e-825d-42b6-ada2-9080c739105d | ITER: 15 END: OK
2019-12-16 04:50:20.284 3852 INFO rally.task.runner [-] Task a987ab1e-825d-42b6-ada2-9080c739105d | ITER: 25 START
2019-12-16 04:50:20.293 3859 INFO rally.task.runner [-] Task a987ab1e-825d-42b6-ada2-9080c739105d | ITER: 16 END: OK
2019-12-16 04:50:20.296 3859 INFO rally.task.runner [-] Task a987ab1e-825d-42b6-ada2-9080c739105d | ITER: 26 START
2019-12-16 04:50:20.332 3865 INFO rally.task.runner [-] Task a987ab1e-825d-42b6-ada2-9080c739105d | ITER: 20 END: OK
2019-12-16 04:50:20.336 3865 INFO rally.task.runner [-] Task a987ab1e-825d-42b6-ada2-9080c739105d | ITER: 27 START
2019-12-16 04:50:20.360 3845 INFO rally.task.runner [-] Task a987ab1e-825d-42b6-ada2-9080c739105d | ITER: 19 END: OK
2019-12-16 04:50:20.364 3845 INFO rally.task.runner [-] Task a987ab1e-825d-42b6-ada2-9080c739105d | ITER: 28 START
2019-12-16 04:50:20.425 3868 INFO rally.task.runner [-] Task a987ab1e-825d-42b6-ada2-9080c739105d | ITER: 18 END: OK
2019-12-16 04:50:20.430 3868 INFO rally.task.runner [-] Task a987ab1e-825d-42b6-ada2-9080c739105d | ITER: 29 START
2019-12-16 04:50:20.430 3847 INFO rally.task.runner [-] Task a987ab1e-825d-42b6-ada2-9080c739105d | ITER: 21 END: OK
2019-12-16 04:50:20.433 3847 INFO rally.task.runner [-] Task a987ab1e-825d-42b6-ada2-9080c739105d | ITER: 30 START
2019-12-16 04:50:20.466 3862 INFO rally.task.runner [-] Task a987ab1e-825d-42b6-ada2-9080c739105d | ITER: 22 END: OK
2019-12-16 04:50:20.469 3862 INFO rally.task.runner [-] Task a987ab1e-825d-42b6-ada2-9080c739105d | ITER: 31 START
2019-12-16 04:50:20.475 3849 INFO rally.task.runner [-] Task a987ab1e-825d-42b6-ada2-9080c739105d | ITER: 23 END: OK
2019-12-16 04:50:20.479 3849 INFO rally.task.runner [-] Task a987ab1e-825d-42b6-ada2-9080c739105d | ITER: 32 START
2019-12-16 04:50:20.554 3846 INFO rally.task.runner [-] Task a987ab1e-825d-42b6-ada2-9080c739105d | ITER: 17 END: OK
2019-12-16 04:50:20.557 3846 INFO rally.task.runner [-] Task a987ab1e-825d-42b6-ada2-9080c739105d | ITER: 33 START
2019-12-16 04:50:20.632 3856 INFO rally.task.runner [-] Task a987ab1e-825d-42b6-ada2-9080c739105d | ITER: 24 END: OK
2019-12-16 04:50:20.635 3856 INFO rally.task.runner [-] Task a987ab1e-825d-42b6-ada2-9080c739105d | ITER: 34 START
2019-12-16 04:50:20.864 3852 INFO rally.task.runner [-] Task a987ab1e-825d-42b6-ada2-9080c739105d | ITER: 25 END: OK
2019-12-16 04:50:20.868 3852 INFO rally.task.runner [-] Task a987ab1e-825d-42b6-ada2-9080c739105d | ITER: 35 START
2019-12-16 04:50:20.873 3859 INFO rally.task.runner [-] Task a987ab1e-825d-42b6-ada2-9080c739105d | ITER: 26 END: OK
2019-12-16 04:50:20.877 3859 INFO rally.task.runner [-] Task a987ab1e-825d-42b6-ada2-9080c739105d | ITER: 36 START
2019-12-16 04:50:20.914 3865 INFO rally.task.runner [-] Task a987ab1e-825d-42b6-ada2-9080c739105d | ITER: 27 END: OK
2019-12-16 04:50:20.918 3865 INFO rally.task.runner [-] Task a987ab1e-825d-42b6-ada2-9080c739105d | ITER: 37 START
2019-12-16 04:50:21.061 3868 INFO rally.task.runner [-] Task a987ab1e-825d-42b6-ada2-9080c739105d | ITER: 29 END: OK
2019-12-16 04:50:21.064 3847 INFO rally.task.runner [-] Task a987ab1e-825d-42b6-ada2-9080c739105d | ITER: 30 END: OK
2019-12-16 04:50:21.065 3868 INFO rally.task.runner [-] Task a987ab1e-825d-42b6-ada2-9080c739105d | ITER: 38 START
2019-12-16 04:50:21.068 3847 INFO rally.task.runner [-] Task a987ab1e-825d-42b6-ada2-9080c739105d | ITER: 39 START
2019-12-16 04:50:21.069 3849 INFO rally.task.runner [-] Task a987ab1e-825d-42b6-ada2-9080c739105d | ITER: 32 END: OK
2019-12-16 04:50:21.073 3849 INFO rally.task.runner [-] Task a987ab1e-825d-42b6-ada2-9080c739105d | ITER: 40 START
2019-12-16 04:50:21.091 3845 INFO rally.task.runner [-] Task a987ab1e-825d-42b6-ada2-9080c739105d | ITER: 28 END: OK
2019-12-16 04:50:21.094 3845 INFO rally.task.runner [-] Task a987ab1e-825d-42b6-ada2-9080c739105d | ITER: 41 START
2019-12-16 04:50:21.183 3862 INFO rally.task.runner [-] Task a987ab1e-825d-42b6-ada2-9080c739105d | ITER: 31 END: OK
2019-12-16 04:50:21.188 3862 INFO rally.task.runner [-] Task a987ab1e-825d-42b6-ada2-9080c739105d | ITER: 42 START
2019-12-16 04:50:21.190 3846 INFO rally.task.runner [-] Task a987ab1e-825d-42b6-ada2-9080c739105d | ITER: 33 END: OK
2019-12-16 04:50:21.193 3846 INFO rally.task.runner [-] Task a987ab1e-825d-42b6-ada2-9080c739105d | ITER: 43 START
2019-12-16 04:50:21.249 3856 INFO rally.task.runner [-] Task a987ab1e-825d-42b6-ada2-9080c739105d | ITER: 34 END: OK
2019-12-16 04:50:21.254 3856 INFO rally.task.runner [-] Task a987ab1e-825d-42b6-ada2-9080c739105d | ITER: 44 START
2019-12-16 04:50:21.405 3852 INFO rally.task.runner [-] Task a987ab1e-825d-42b6-ada2-9080c739105d | ITER: 35 END: OK
2019-12-16 04:50:21.409 3852 INFO rally.task.runner [-] Task a987ab1e-825d-42b6-ada2-9080c739105d | ITER: 45 START
2019-12-16 04:50:21.463 3859 INFO rally.task.runner [-] Task a987ab1e-825d-42b6-ada2-9080c739105d | ITER: 36 END: OK
2019-12-16 04:50:21.467 3859 INFO rally.task.runner [-] Task a987ab1e-825d-42b6-ada2-9080c739105d | ITER: 46 START
2019-12-16 04:50:21.521 3865 INFO rally.task.runner [-] Task a987ab1e-825d-42b6-ada2-9080c739105d | ITER: 37 END: OK
2019-12-16 04:50:21.525 3865 INFO rally.task.runner [-] Task a987ab1e-825d-42b6-ada2-9080c739105d | ITER: 47 START
2019-12-16 04:50:21.656 3847 INFO rally.task.runner [-] Task a987ab1e-825d-42b6-ada2-9080c739105d | ITER: 39 END: OK
2019-12-16 04:50:21.658 3868 INFO rally.task.runner [-] Task a987ab1e-825d-42b6-ada2-9080c739105d | ITER: 38 END: OK
2019-12-16 04:50:21.660 3847 INFO rally.task.runner [-] Task a987ab1e-825d-42b6-ada2-9080c739105d | ITER: 48 START
2019-12-16 04:50:21.661 3868 INFO rally.task.runner [-] Task a987ab1e-825d-42b6-ada2-9080c739105d | ITER: 49 START
2019-12-16 04:50:21.669 3849 INFO rally.task.runner [-] Task a987ab1e-825d-42b6-ada2-9080c739105d | ITER: 40 END: OK
2019-12-16 04:50:21.673 3849 INFO rally.task.runner [-] Task a987ab1e-825d-42b6-ada2-9080c739105d | ITER: 50 START
2019-12-16 04:50:21.729 3845 INFO rally.task.runner [-] Task a987ab1e-825d-42b6-ada2-9080c739105d | ITER: 41 END: OK
2019-12-16 04:50:21.758 3846 INFO rally.task.runner [-] Task a987ab1e-825d-42b6-ada2-9080c739105d | ITER: 43 END: OK
2019-12-16 04:50:21.761 3862 INFO rally.task.runner [-] Task a987ab1e-825d-42b6-ada2-9080c739105d | ITER: 42 END: OK
2019-12-16 04:50:21.892 3856 INFO rally.task.runner [-] Task a987ab1e-825d-42b6-ada2-9080c739105d | ITER: 44 END: OK
2019-12-16 04:50:21.974 3852 INFO rally.task.runner [-] Task a987ab1e-825d-42b6-ada2-9080c739105d | ITER: 45 END: OK
2019-12-16 04:50:21.996 3859 INFO rally.task.runner [-] Task a987ab1e-825d-42b6-ada2-9080c739105d | ITER: 46 END: OK
2019-12-16 04:50:22.084 3865 INFO rally.task.runner [-] Task a987ab1e-825d-42b6-ada2-9080c739105d | ITER: 47 END: OK
2019-12-16 04:50:22.214 3849 INFO rally.task.runner [-] Task a987ab1e-825d-42b6-ada2-9080c739105d | ITER: 50 END: OK
2019-12-16 04:50:22.218 3847 INFO rally.task.runner [-] Task a987ab1e-825d-42b6-ada2-9080c739105d | ITER: 48 END: OK
2019-12-16 04:50:22.219 3868 INFO rally.task.runner [-] Task a987ab1e-825d-42b6-ada2-9080c739105d | ITER: 49 END: OK
2019-12-16 04:50:22.246 27676 INFO rally.task.context [-] Task a987ab1e-825d-42b6-ada2-9080c739105d | Context cleanup@openstack cleanup() started
2019-12-16 04:50:22.250 27676 RALLYDEBUG rally_openstack.cleanup.manager [-] Cleaning up neutron vip objects
2019-12-16 04:50:22.985 27676 RALLYDEBUG rally_openstack.cleanup.manager [-] Cleaning up neutron health_monitor objects
2019-12-16 04:50:23.714 27676 RALLYDEBUG rally_openstack.cleanup.manager [-] Cleaning up neutron pool objects
2019-12-16 04:50:24.460 27676 RALLYDEBUG rally_openstack.cleanup.manager [-] Cleaning up neutron loadbalancer objects
2019-12-16 04:50:25.193 27676 RALLYDEBUG rally_openstack.cleanup.manager [-] Cleaning up neutron floatingip objects
2019-12-16 04:50:26.006 27676 RALLYDEBUG rally_openstack.cleanup.manager [-] Cleaning up neutron trunk objects
2019-12-16 04:50:26.760 27676 RALLYDEBUG rally_openstack.cleanup.manager [-] Cleaning up neutron port objects
2019-12-16 04:50:27.550 27676 RALLYDEBUG rally_openstack.cleanup.manager [-] Cleaning up neutron subnet objects
2019-12-16 04:50:28.338 27676 RALLYDEBUG rally_openstack.cleanup.manager [-] Cleaning up neutron network objects
2019-12-16 04:50:29.101 27676 RALLYDEBUG rally_openstack.cleanup.manager [-] Cleaning up neutron router objects
2019-12-16 04:50:29.917 27676 RALLYDEBUG rally_openstack.cleanup.manager [-] Cleaning up neutron security_group objects
2019-12-16 04:50:31.439 27676 RALLYDEBUG rally_openstack.cleanup.manager [-] Deleting neutron.security_group object s_rally_e925fff2_ooquaqkh (03cabb5d-8de8-422e-a262-9fefab324534)
2019-12-16 04:50:31.448 27676 RALLYDEBUG rally_openstack.cleanup.manager [-] Deleting neutron.security_group object s_rally_e925fff2_8tDsDoJR (055fe8bf-0e36-4f15-a296-170fe7c33bd3)
2019-12-16 04:50:31.452 27676 RALLYDEBUG rally_openstack.cleanup.manager [-] Deleting neutron.security_group object s_rally_e925fff2_VtUH2lqA (19579b55-3877-4f57-889c-e01f327e7420)
2019-12-16 04:50:31.465 27676 RALLYDEBUG rally_openstack.cleanup.manager [-] Deleting neutron.security_group object s_rally_e925fff2_HNUX3Ibv (2bb7ff02-3088-452f-937b-8df8c3bcb0a4)
2019-12-16 04:50:31.474 27676 RALLYDEBUG rally_openstack.cleanup.manager [-] Deleting neutron.security_group object s_rally_e925fff2_z7xShT6G (3e7fd987-dc6a-4d9b-b78c-6945ab7b9cbf)
2019-12-16 04:50:31.479 27676 RALLYDEBUG rally_openstack.cleanup.manager [-] Deleting neutron.security_group object s_rally_e925fff2_hPdMj9Xr (43330f88-1c51-4d02-ae94-f151e8d75c22)
2019-12-16 04:50:31.497 27676 RALLYDEBUG rally_openstack.cleanup.manager [-] Deleting neutron.security_group object s_rally_e925fff2_96kh6VOO (517606e2-7016-47e5-8ecb-e8605e0253c3)
2019-12-16 04:50:31.505 27676 RALLYDEBUG rally_openstack.cleanup.manager [-] Deleting neutron.security_group object s_rally_e925fff2_V4G8FHtz (577e685b-ddf4-4354-a071-823b0a277589)
2019-12-16 04:50:31.518 27676 RALLYDEBUG rally_openstack.cleanup.manager [-] Deleting neutron.security_group object s_rally_e925fff2_Bk6BRGqu (6581c6e1-c327-4689-bb2d-3f576226e100)
2019-12-16 04:50:31.521 27676 RALLYDEBUG rally_openstack.cleanup.manager [-] Deleting neutron.security_group object s_rally_e925fff2_G8BMEiW5 (6fe67c79-3685-4409-a151-cb4dad1c9fac)
2019-12-16 04:50:31.538 27676 RALLYDEBUG rally_openstack.cleanup.manager [-] Deleting neutron.security_group object s_rally_e925fff2_7HfLZKPy (7b6e2ee2-1caf-4208-aee9-98d6aaa6359e)
2019-12-16 04:50:31.549 27676 RALLYDEBUG rally_openstack.cleanup.manager [-] Deleting neutron.security_group object s_rally_e925fff2_gAm2j3JW (81189463-2d89-4824-8f62-fc73c5fea0d2)
2019-12-16 04:50:31.569 27676 RALLYDEBUG rally_openstack.cleanup.manager [-] Deleting neutron.security_group object s_rally_e925fff2_vYDJ2E2x (87969e00-36b7-45aa-afeb-e599312c4819)
2019-12-16 04:50:31.579 27676 RALLYDEBUG rally_openstack.cleanup.manager [-] Deleting neutron.security_group object s_rally_e925fff2_grn7IrIP (8994e289-bc49-40cc-b317-e62844206cfa)
2019-12-16 04:50:31.599 27676 RALLYDEBUG rally_openstack.cleanup.manager [-] Deleting neutron.security_group object s_rally_e925fff2_Z7vexkZq (9a300231-5ec5-4c0b-b29e-9bfbfaac5691)
2019-12-16 04:50:31.603 27676 RALLYDEBUG rally_openstack.cleanup.manager [-] Deleting neutron.security_group object s_rally_e925fff2_5QF7QtVc (9e4a477f-b03e-4d05-aa9c-a57040808246)
2019-12-16 04:50:31.619 27676 RALLYDEBUG rally_openstack.cleanup.manager [-] Deleting neutron.security_group object s_rally_e925fff2_TEqELbud (a4381fb3-c829-4f7e-bb6e-739a89d25202)
2019-12-16 04:50:31.629 27676 RALLYDEBUG rally_openstack.cleanup.manager [-] Deleting neutron.security_group object s_rally_e925fff2_t82KMv6U (b7fbe5ef-81ac-4183-8c80-4a35c977319d)
2019-12-16 04:50:31.634 27676 RALLYDEBUG rally_openstack.cleanup.manager [-] Deleting neutron.security_group object s_rally_e925fff2_OBg9iJ5T (c4e05edf-3b58-45ed-ad55-0fc2e144d84c)
2019-12-16 04:50:31.637 27676 RALLYDEBUG rally_openstack.cleanup.manager [-] Deleting neutron.security_group object s_rally_e925fff2_y8XEbfyN (cb629b78-2a3a-4830-bacf-35ed96f82794)
2019-12-16 04:50:33.050 27676 RALLYDEBUG rally_openstack.cleanup.manager [-] Deleting neutron.security_group object s_rally_e925fff2_PM4Xj3Ii (cdc8f854-190b-439c-94c8-c826d169b28b)
2019-12-16 04:50:33.092 27676 RALLYDEBUG rally_openstack.cleanup.manager [-] Deleting neutron.security_group object s_rally_e925fff2_7O4cW7q0 (dc5ebad2-f677-4cf4-87fb-6adb75f61606)
2019-12-16 04:50:33.108 27676 RALLYDEBUG rally_openstack.cleanup.manager [-] Deleting neutron.security_group object s_rally_e925fff2_yzx7pUxy (e2b505d6-9282-4455-859f-350aa71c9ee2)
2019-12-16 04:50:33.123 27676 RALLYDEBUG rally_openstack.cleanup.manager [-] Deleting neutron.security_group object s_rally_e925fff2_7X1L0cfe (e57e3e84-40ca-4f71-95a4-c3b169d7fa97)
2019-12-16 04:50:33.127 27676 RALLYDEBUG rally_openstack.cleanup.manager [-] Deleting neutron.security_group object s_rally_e925fff2_PTBAE7FB (e70c22a3-12fe-45bc-a0b6-69aef65ca6c2)
2019-12-16 04:50:33.154 27676 RALLYDEBUG rally_openstack.cleanup.manager [-] Deleting neutron.security_group object s_rally_e925fff2_UW6PXaXJ (ede6f859-d67b-4e1a-872e-66216f8e202a)
2019-12-16 04:50:33.185 27676 RALLYDEBUG rally_openstack.cleanup.manager [-] Deleting neutron.security_group object s_rally_e925fff2_I5971ODm (ee169f84-6014-4c64-b216-48350886fbfb)
2019-12-16 04:50:33.189 27676 RALLYDEBUG rally_openstack.cleanup.manager [-] Deleting neutron.security_group object s_rally_e925fff2_NRTHRnGb (efb5898e-1ce1-4b16-bb1a-c43e875638c5)
2019-12-16 04:50:33.215 27676 RALLYDEBUG rally_openstack.cleanup.manager [-] Deleting neutron.security_group object s_rally_e925fff2_nNLhvgtm (fa0afc17-4691-4c78-83f3-0080682c1f8b)
2019-12-16 04:50:33.232 27676 RALLYDEBUG rally_openstack.cleanup.manager [-] Deleting neutron.security_group object s_rally_e925fff2_6C4jI6GJ (fb0b2549-2dc5-4870-9cf8-188001f998c1)
2019-12-16 04:50:33.240 27676 RALLYDEBUG rally_openstack.cleanup.manager [-] Deleting neutron.security_group object s_rally_e925fff2_xytTZ11D (fe200e29-fbd3-42dd-afb1-671cbb25fb4b)
2019-12-16 04:50:33.252 27676 RALLYDEBUG rally_openstack.cleanup.manager [-] Deleting neutron.security_group object s_rally_e925fff2_TSVqLjBe (2bc6f5ed-1e06-468d-8ee7-709be04baf5b)
2019-12-16 04:50:33.304 27676 RALLYDEBUG rally_openstack.cleanup.manager [-] Deleting neutron.security_group object s_rally_e925fff2_aLhUDldu (35edcce6-2f1c-4a22-9db8-741b03b1123e)
2019-12-16 04:50:33.369 27676 RALLYDEBUG rally_openstack.cleanup.manager [-] Deleting neutron.security_group object s_rally_e925fff2_oRjG5eS0 (41afcc22-64a3-4622-b28e-3a8d68e6e6dc)
2019-12-16 04:50:33.377 27676 RALLYDEBUG rally_openstack.cleanup.manager [-] Deleting neutron.security_group object s_rally_e925fff2_tafguSzT (44de2118-d872-478e-b026-7c799ef56c5d)
2019-12-16 04:50:33.382 27676 RALLYDEBUG rally_openstack.cleanup.manager [-] Deleting neutron.security_group object s_rally_e925fff2_wKhSr8KE (46097628-c523-4e19-86ce-fa6e44cd0636)
2019-12-16 04:50:33.427 27676 RALLYDEBUG rally_openstack.cleanup.manager [-] Deleting neutron.security_group object s_rally_e925fff2_AzPJayak (4b982928-e684-4f71-b8d2-4f892a9cdf6d)
2019-12-16 04:50:33.449 27676 RALLYDEBUG rally_openstack.cleanup.manager [-] Deleting neutron.security_group object s_rally_e925fff2_5wRwyNFC (4d6189c6-a03a-4a6e-be1c-715287ef7c50)
2019-12-16 04:50:33.495 27676 RALLYDEBUG rally_openstack.cleanup.manager [-] Deleting neutron.security_group object s_rally_e925fff2_uCb119QR (85b88afa-63ca-4716-a14c-cabad07c9c88)
2019-12-16 04:50:33.504 27676 RALLYDEBUG rally_openstack.cleanup.manager [-] Deleting neutron.security_group object s_rally_e925fff2_VjadmbbA (874033f8-043d-40e7-8000-4835ad20d4c1)
2019-12-16 04:50:34.540 27676 RALLYDEBUG rally_openstack.cleanup.manager [-] Deleting neutron.security_group object s_rally_e925fff2_FkGzZ9Xb (976175e2-c4b0-49dc-99b7-12f0aae81fbc)
2019-12-16 04:50:34.618 27676 RALLYDEBUG rally_openstack.cleanup.manager [-] Deleting neutron.security_group object s_rally_e925fff2_Nwo3YQ3y (a5861b91-d059-4ff5-bce7-24804514ddde)
2019-12-16 04:50:34.677 27676 RALLYDEBUG rally_openstack.cleanup.manager [-] Deleting neutron.security_group object s_rally_e925fff2_CGq7XhXX (b7bb7015-f068-4318-8884-d77d50ad2a50)
2019-12-16 04:50:34.708 27676 RALLYDEBUG rally_openstack.cleanup.manager [-] Deleting neutron.security_group object s_rally_e925fff2_kjsgo1Qg (c32875c2-4ae2-471b-b362-010293b3de87)
2019-12-16 04:50:34.749 27676 RALLYDEBUG rally_openstack.cleanup.manager [-] Deleting neutron.security_group object s_rally_e925fff2_eNUPOrjn (d2d6f96e-79d5-46a9-a373-6bdac7a3f009)
2019-12-16 04:50:34.796 27676 RALLYDEBUG rally_openstack.cleanup.manager [-] Deleting neutron.security_group object s_rally_e925fff2_uJfHmAlJ (e1f4857b-718b-4e1c-878e-60ff1ed325fa)
2019-12-16 04:50:34.800 27676 RALLYDEBUG rally_openstack.cleanup.manager [-] Deleting neutron.security_group object s_rally_e925fff2_hHRzclVA (e5588e30-c862-42dd-b868-c868a52e80cc)
2019-12-16 04:50:34.808 27676 RALLYDEBUG rally_openstack.cleanup.manager [-] Deleting neutron.security_group object s_rally_e925fff2_3hVbXJ5A (e8ba1517-2e03-4f19-a575-71d4e68d5dff)
2019-12-16 04:50:34.827 27676 RALLYDEBUG rally_openstack.cleanup.manager [-] Deleting neutron.security_group object s_rally_e925fff2_y6iVjtNC (f47f52c3-2a99-4eaa-b591-b771ad9b70cf)
2019-12-16 04:50:34.830 27676 RALLYDEBUG rally_openstack.cleanup.manager [-] Deleting neutron.security_group object s_rally_e925fff2_G8Oz3k42 (f63447a0-7b04-4993-a9d6-34cca0e30312)
2019-12-16 04:50:36.403 27676 INFO rally.task.context [-] Task a987ab1e-825d-42b6-ada2-9080c739105d | Context cleanup@openstack cleanup() finished in 14.16 sec
2019-12-16 04:50:36.404 27676 INFO rally.task.context [-] Task a987ab1e-825d-42b6-ada2-9080c739105d | Context quotas@openstack cleanup() started
2019-12-16 04:50:36.503 27676 INFO rally.task.context [-] Task a987ab1e-825d-42b6-ada2-9080c739105d | Context quotas@openstack cleanup() finished in 99.18 msec
2019-12-16 04:50:36.503 27676 INFO rally.task.context [-] Task a987ab1e-825d-42b6-ada2-9080c739105d | Context users@openstack cleanup() started
2019-12-16 04:50:39.903 27676 INFO rally.task.context [-] Task a987ab1e-825d-42b6-ada2-9080c739105d | Context users@openstack cleanup() finished in 3.40 sec
2019-12-16 04:50:41.467 27676 INFO rally.task.engine [-] Load duration is: 3.855615
2019-12-16 04:50:41.468 27676 INFO rally.task.engine [-] Full runner duration is: 3.902418
2019-12-16 04:50:41.468 27676 INFO rally.task.engine [-] Full duration is: 24.592335
2019-12-16 04:50:41.761 27676 INFO rally.task.engine [-] Task a987ab1e-825d-42b6-ada2-9080c739105d | Completed: Running task.
2019-12-16 04:50:43.518 4185 RALLYDEBUG rally.api [-] INFO logs from urllib3 and requests module are hide.
2019-12-16 04:50:43.518 4185 RALLYDEBUG rally.api [-] urllib3 insecure warnings are hidden.
2019-12-16 04:50:43.518 4185 RALLYDEBUG rally.api [-] ERROR log from boto module is hide.
2019-12-16 04:50:44.741 4186 RALLYDEBUG rally.api [-] INFO logs from urllib3 and requests module are hide.
2019-12-16 04:50:44.741 4186 RALLYDEBUG rally.api [-] urllib3 insecure warnings are hidden.
2019-12-16 04:50:44.741 4186 RALLYDEBUG rally.api [-] ERROR log from boto module is hide.
2019-12-16 04:50:46.128 4187 RALLYDEBUG rally.api [-] INFO logs from urllib3 and requests module are hide.
2019-12-16 04:50:46.128 4187 RALLYDEBUG rally.api [-] urllib3 insecure warnings are hidden.
2019-12-16 04:50:46.128 4187 RALLYDEBUG rally.api [-] ERROR log from boto module is hide.
2019-12-16 04:50:47.795 4187 INFO rally.common.plugin.discover [-] Loading plugins from directories /root/.rally/plugins/*
2019-12-16 04:50:47.795 4187 INFO rally.common.plugin.discover [-] Loaded module with plugins: /root/.rally/plugins/__init__.py
2019-12-16 04:50:47.969 4187 INFO rally.api [-] Building 'json' report for the following task(s): 'a987ab1e-825d-42b6-ada2-9080c739105d'.
2019-12-16 04:50:48.156 4187 INFO rally.api [-] The report has been successfully built.
2019-12-16 04:50:49.609 4189 RALLYDEBUG rally.api [-] INFO logs from urllib3 and requests module are hide.
2019-12-16 04:50:49.609 4189 RALLYDEBUG rally.api [-] urllib3 insecure warnings are hidden.
2019-12-16 04:50:49.610 4189 RALLYDEBUG rally.api [-] ERROR log from boto module is hide.
2019-12-16 04:50:51.200 4189 INFO rally.common.plugin.discover [-] Loading plugins from directories /root/.rally/plugins/*
2019-12-16 04:50:51.201 4189 INFO rally.common.plugin.discover [-] Loaded module with plugins: /root/.rally/plugins/__init__.py
2019-12-16 04:50:51.374 4189 INFO rally.api [-] Building 'html' report for the following task(s): 'a987ab1e-825d-42b6-ada2-9080c739105d'.
2019-12-16 04:50:51.556 4189 INFO rally.api [-] The report has been successfully built.
2019-12-16 04:50:52.900 4191 RALLYDEBUG rally.api [-] INFO logs from urllib3 and requests module are hide.
2019-12-16 04:50:52.901 4191 RALLYDEBUG rally.api [-] urllib3 insecure warnings are hidden.
2019-12-16 04:50:52.901 4191 RALLYDEBUG rally.api [-] ERROR log from boto module is hide.
2019-12-16 04:50:54.494 4191 INFO rally.common.plugin.discover [-] Loading plugins from directories /root/.rally/plugins/*
2019-12-16 04:50:54.495 4191 INFO rally.common.plugin.discover [-] Loaded module with plugins: /root/.rally/plugins/__init__.py
2019-12-16 04:50:54.666 4191 INFO rally.api [-] Building 'junit-xml' report for the following task(s): 'a987ab1e-825d-42b6-ada2-9080c739105d'.
2019-12-16 04:50:54.671 4191 INFO rally.api [-] The report has been successfully built.