2019-12-16 04:42:36.080 32187 INFO rally.task.runner [-] Task a987ab1e-825d-42b6-ada2-9080c739105d | ITER: 20 END: OK
2019-12-16 04:42:36.084 32187 INFO rally.task.runner [-] Task a987ab1e-825d-42b6-ada2-9080c739105d | ITER: 37 START
2019-12-16 04:42:36.085 32187 WARNING rally_openstack.scenarios.neutron.utils [-] Running this scenario without either the 'network' or 'existing_network' context is deprecated
2019-12-16 04:42:36.832 32144 INFO rally.task.runner [-] Task a987ab1e-825d-42b6-ada2-9080c739105d | ITER: 4 END: OK
2019-12-16 04:42:36.835 32144 INFO rally.task.runner [-] Task a987ab1e-825d-42b6-ada2-9080c739105d | ITER: 38 START
2019-12-16 04:42:36.836 32144 WARNING rally_openstack.scenarios.neutron.utils [-] Running this scenario without either the 'network' or 'existing_network' context is deprecated
2019-12-16 04:42:36.881 32147 INFO rally.task.runner [-] Task a987ab1e-825d-42b6-ada2-9080c739105d | ITER: 9 END: OK
2019-12-16 04:42:36.884 32147 INFO rally.task.runner [-] Task a987ab1e-825d-42b6-ada2-9080c739105d | ITER: 39 START
2019-12-16 04:42:36.885 32147 WARNING rally_openstack.scenarios.neutron.utils [-] Running this scenario without either the 'network' or 'existing_network' context is deprecated
2019-12-16 04:42:38.115 32170 INFO rally.task.runner [-] Task a987ab1e-825d-42b6-ada2-9080c739105d | ITER: 14 END: OK
2019-12-16 04:42:38.119 32170 INFO rally.task.runner [-] Task a987ab1e-825d-42b6-ada2-9080c739105d | ITER: 40 START
2019-12-16 04:42:38.120 32170 WARNING rally_openstack.scenarios.neutron.utils [-] Running this scenario without either the 'network' or 'existing_network' context is deprecated
2019-12-16 04:42:40.648 32151 INFO rally.task.runner [-] Task a987ab1e-825d-42b6-ada2-9080c739105d | ITER: 21 END: OK
2019-12-16 04:42:42.561 32142 INFO rally.task.runner [-] Task a987ab1e-825d-42b6-ada2-9080c739105d | ITER: 25 END: OK
2019-12-16 04:42:42.931 32143 INFO rally.task.runner [-] Task a987ab1e-825d-42b6-ada2-9080c739105d | ITER: 24 END: OK
2019-12-16 04:42:42.978 32144 INFO rally.task.runner [-] Task a987ab1e-825d-42b6-ada2-9080c739105d | ITER: 23 END: OK
2019-12-16 04:42:44.064 32155 INFO rally.task.runner [-] Task a987ab1e-825d-42b6-ada2-9080c739105d | ITER: 26 END: OK
2019-12-16 04:42:44.145 32147 INFO rally.task.runner [-] Task a987ab1e-825d-42b6-ada2-9080c739105d | ITER: 30 END: OK
2019-12-16 04:42:44.186 32166 INFO rally.task.runner [-] Task a987ab1e-825d-42b6-ada2-9080c739105d | ITER: 22 END: OK
2019-12-16 04:42:44.201 32183 INFO rally.task.runner [-] Task a987ab1e-825d-42b6-ada2-9080c739105d | ITER: 27 END: OK
2019-12-16 04:42:44.276 32147 INFO rally.task.runner [-] Task a987ab1e-825d-42b6-ada2-9080c739105d | ITER: 39 END: OK
2019-12-16 04:42:44.490 32178 INFO rally.task.runner [-] Task a987ab1e-825d-42b6-ada2-9080c739105d | ITER: 28 END: OK
2019-12-16 04:42:44.541 32142 INFO rally.task.runner [-] Task a987ab1e-825d-42b6-ada2-9080c739105d | ITER: 35 END: OK
2019-12-16 04:42:44.625 32186 INFO rally.task.runner [-] Task a987ab1e-825d-42b6-ada2-9080c739105d | ITER: 32 END: OK
2019-12-16 04:42:44.973 32143 INFO rally.task.runner [-] Task a987ab1e-825d-42b6-ada2-9080c739105d | ITER: 31 END: OK
2019-12-16 04:42:44.973 32180 INFO rally.task.runner [-] Task a987ab1e-825d-42b6-ada2-9080c739105d | ITER: 29 END: OK
2019-12-16 04:42:45.059 32163 INFO rally.task.runner [-] Task a987ab1e-825d-42b6-ada2-9080c739105d | ITER: 33 END: OK
2019-12-16 04:42:45.134 32159 INFO rally.task.runner [-] Task a987ab1e-825d-42b6-ada2-9080c739105d | ITER: 34 END: OK
2019-12-16 04:42:45.134 32170 INFO rally.task.runner [-] Task a987ab1e-825d-42b6-ada2-9080c739105d | ITER: 40 END: OK
2019-12-16 04:42:45.142 32144 INFO rally.task.runner [-] Task a987ab1e-825d-42b6-ada2-9080c739105d | ITER: 38 END: OK
2019-12-16 04:42:45.204 32174 INFO rally.task.runner [-] Task a987ab1e-825d-42b6-ada2-9080c739105d | ITER: 36 END: OK
2019-12-16 04:42:45.517 32187 INFO rally.task.runner [-] Task a987ab1e-825d-42b6-ada2-9080c739105d | ITER: 37 END: OK
2019-12-16 04:42:45.546 27676 INFO rally.task.context [-] Task a987ab1e-825d-42b6-ada2-9080c739105d | Context cleanup@openstack cleanup() started
2019-12-16 04:42:45.550 27676 RALLYDEBUG rally_openstack.cleanup.manager [-] Cleaning up neutron vip objects
2019-12-16 04:42:45.929 27676 RALLYDEBUG rally_openstack.cleanup.manager [-] Cleaning up neutron health_monitor objects
2019-12-16 04:42:46.295 27676 RALLYDEBUG rally_openstack.cleanup.manager [-] Cleaning up neutron pool objects
2019-12-16 04:42:46.664 27676 RALLYDEBUG rally_openstack.cleanup.manager [-] Cleaning up neutron loadbalancer objects
2019-12-16 04:42:47.044 27676 RALLYDEBUG rally_openstack.cleanup.manager [-] Cleaning up neutron floatingip objects
2019-12-16 04:42:47.448 27676 RALLYDEBUG rally_openstack.cleanup.manager [-] Cleaning up neutron trunk objects
2019-12-16 04:42:47.820 27676 RALLYDEBUG rally_openstack.cleanup.manager [-] Cleaning up neutron port objects
2019-12-16 04:42:48.241 27676 RALLYDEBUG rally_openstack.cleanup.manager [-] Cleaning up neutron subnet objects
2019-12-16 04:42:48.633 27676 RALLYDEBUG rally_openstack.cleanup.manager [-] Cleaning up neutron network objects
2019-12-16 04:42:49.206 27676 RALLYDEBUG rally_openstack.cleanup.manager [-] Deleting neutron.network object s_rally_dece8dbe_ZvZFQdSR (026b94fc-175d-4764-8cdd-4f560194a175)
2019-12-16 04:42:49.216 27676 RALLYDEBUG rally_openstack.cleanup.manager [-] Deleting neutron.network object s_rally_dece8dbe_JrAll65B (04baae5b-7533-43b6-b3d0-c73b5792ef35)
2019-12-16 04:42:49.225 27676 RALLYDEBUG rally_openstack.cleanup.manager [-] Deleting neutron.network object s_rally_dece8dbe_bqntBO23 (05729d60-2c00-4e02-8b9f-39217ff2cfc6)
2019-12-16 04:42:49.229 27676 RALLYDEBUG rally_openstack.cleanup.manager [-] Deleting neutron.network object s_rally_dece8dbe_Y9uySz3k (0a976314-7ee4-4cf9-b252-9ce23974ba17)
2019-12-16 04:42:49.238 27676 RALLYDEBUG rally_openstack.cleanup.manager [-] Deleting neutron.network object s_rally_dece8dbe_IefxZGA7 (18463162-799c-47e7-a71b-d94e7a728ec4)
2019-12-16 04:42:49.269 27676 RALLYDEBUG rally_openstack.cleanup.manager [-] Deleting neutron.network object s_rally_dece8dbe_OJI0A4rS (1aa36aed-01e3-4b98-b012-c18b7cd0c035)
2019-12-16 04:42:49.279 27676 RALLYDEBUG rally_openstack.cleanup.manager [-] Deleting neutron.network object s_rally_dece8dbe_j26UNtCz (21bc1aca-af93-4d9e-bddd-e12c70b60263)
2019-12-16 04:42:49.283 27676 RALLYDEBUG rally_openstack.cleanup.manager [-] Deleting neutron.network object s_rally_dece8dbe_VScFKxC1 (2678a3b6-d07e-45da-98ae-b9c86df7e601)
2019-12-16 04:42:49.302 27676 RALLYDEBUG rally_openstack.cleanup.manager [-] Deleting neutron.network object s_rally_dece8dbe_qJOM1oRx (2db5aae3-4ea8-42fa-acd8-05fad6b5c5ce)
2019-12-16 04:42:49.308 27676 RALLYDEBUG rally_openstack.cleanup.manager [-] Deleting neutron.network object s_rally_dece8dbe_sdR5FsSm (34b692ad-47ec-4b9f-abc6-13bb49511714)
2019-12-16 04:42:49.318 27676 RALLYDEBUG rally_openstack.cleanup.manager [-] Deleting neutron.network object s_rally_dece8dbe_vSahR7xs (35434aa6-c9a9-450c-a5e6-4a53c4336e22)
2019-12-16 04:42:49.333 27676 RALLYDEBUG rally_openstack.cleanup.manager [-] Deleting neutron.network object s_rally_dece8dbe_GPxjSyK0 (38c15a7a-6c73-40f4-85bc-2f770bc40deb)
2019-12-16 04:42:49.347 27676 RALLYDEBUG rally_openstack.cleanup.manager [-] Deleting neutron.network object s_rally_dece8dbe_Z0fFdJWW (3c150cfb-900c-483c-8848-7b5851a533c6)
2019-12-16 04:42:49.367 27676 RALLYDEBUG rally_openstack.cleanup.manager [-] Deleting neutron.network object s_rally_dece8dbe_YDPYf0IH (3fa2d3c1-d815-45f8-8f59-92c54dfc492f)
2019-12-16 04:42:49.383 27676 RALLYDEBUG rally_openstack.cleanup.manager [-] Deleting neutron.network object s_rally_dece8dbe_v3Qb2qB7 (449679a5-88cc-457c-bf5e-2d835fcc26fa)
2019-12-16 04:42:49.393 27676 RALLYDEBUG rally_openstack.cleanup.manager [-] Deleting neutron.network object s_rally_dece8dbe_52CTDs42 (58304c2f-a7c7-4583-bebe-eb7d126aa1e6)
2019-12-16 04:42:49.400 27676 RALLYDEBUG rally_openstack.cleanup.manager [-] Deleting neutron.network object s_rally_dece8dbe_YH0C828f (59bc439c-37ad-4d14-8a81-a21e07b641b1)
2019-12-16 04:42:49.414 27676 RALLYDEBUG rally_openstack.cleanup.manager [-] Deleting neutron.network object s_rally_dece8dbe_j25Q3iuv (61385a70-daa9-4bab-8a73-fa375baf3f40)
2019-12-16 04:42:49.420 27676 RALLYDEBUG rally_openstack.cleanup.manager [-] Deleting neutron.network object s_rally_dece8dbe_1HewzUCd (6c2bf097-2219-4804-bccf-5c585f93ec90)
2019-12-16 04:42:49.426 27676 RALLYDEBUG rally_openstack.cleanup.manager [-] Deleting neutron.network object s_rally_dece8dbe_eawmHwY2 (6c3e269f-24b0-408f-a7bc-6e895bc23bff)
2019-12-16 04:42:51.407 27676 RALLYDEBUG rally_openstack.cleanup.manager [-] Deleting neutron.network object s_rally_dece8dbe_m3zswoOC (73db7ddc-8266-47d8-b469-665acd4907b1)
2019-12-16 04:42:51.411 27676 RALLYDEBUG rally_openstack.cleanup.manager [-] Deleting neutron.network object s_rally_dece8dbe_dEKm58iM (7a3f41b4-f59c-4b14-bec2-8e821cc9b891)
2019-12-16 04:42:51.425 27676 RALLYDEBUG rally_openstack.cleanup.manager [-] Deleting neutron.network object s_rally_dece8dbe_fHKGx8N7 (7e0ef005-4e23-49d8-8c31-205ce2fbe1a9)
2019-12-16 04:42:51.611 27676 RALLYDEBUG rally_openstack.cleanup.manager [-] Deleting neutron.network object s_rally_dece8dbe_ysGMC9NI (8d55935c-5125-49d6-96b9-41451a1bf4d6)
2019-12-16 04:42:51.635 27676 RALLYDEBUG rally_openstack.cleanup.manager [-] Deleting neutron.network object s_rally_dece8dbe_BL3Sm5MZ (9a9c5c98-b33f-4623-8f93-8f7082965670)
2019-12-16 04:42:51.821 27676 RALLYDEBUG rally_openstack.cleanup.manager [-] Deleting neutron.network object s_rally_dece8dbe_mATOy9iW (a2e815bb-6bfd-4f1d-9c8c-2007b71f1034)
2019-12-16 04:42:51.921 27676 RALLYDEBUG rally_openstack.cleanup.manager [-] Deleting neutron.network object s_rally_dece8dbe_OG7LZWjI (ad19db91-0ea6-45ca-b367-159f558a564b)
2019-12-16 04:42:51.946 27676 RALLYDEBUG rally_openstack.cleanup.manager [-] Deleting neutron.network object s_rally_dece8dbe_7ixDIf8k (b5844216-37e2-4866-b64c-e4cecd692513)
2019-12-16 04:42:51.955 27676 RALLYDEBUG rally_openstack.cleanup.manager [-] Deleting neutron.network object s_rally_dece8dbe_vhMdlocg (b66a0df8-97a7-4937-89af-63b24e05609f)
2019-12-16 04:42:51.963 27676 RALLYDEBUG rally_openstack.cleanup.manager [-] Deleting neutron.network object s_rally_dece8dbe_r1PS65BE (ba0590ed-d4fc-4a1c-8eaf-a340044354bd)
2019-12-16 04:42:52.122 27676 RALLYDEBUG rally_openstack.cleanup.manager [-] Deleting neutron.network object s_rally_dece8dbe_N9BbRCr7 (bbff401d-c200-4cb9-a6b7-175f897c2430)
2019-12-16 04:42:52.173 27676 RALLYDEBUG rally_openstack.cleanup.manager [-] Deleting neutron.network object s_rally_dece8dbe_aG8GJgid (bcfb244b-aa6a-44c5-a987-e13f57ece902)
2019-12-16 04:42:52.238 27676 RALLYDEBUG rally_openstack.cleanup.manager [-] Deleting neutron.network object s_rally_dece8dbe_eSe59Q3a (c36ea814-8bab-4660-94e6-9cf88bf9acde)
2019-12-16 04:42:52.326 27676 RALLYDEBUG rally_openstack.cleanup.manager [-] Deleting neutron.network object s_rally_dece8dbe_Zzos3LCN (dbc3bd7a-620d-4173-a6b9-06a8efcf04a8)
2019-12-16 04:42:52.343 27676 RALLYDEBUG rally_openstack.cleanup.manager [-] Deleting neutron.network object s_rally_dece8dbe_nCk2uO37 (e6875a80-39cd-4f2b-8ca6-f7e763aae077)
2019-12-16 04:42:52.369 27676 RALLYDEBUG rally_openstack.cleanup.manager [-] Deleting neutron.network object s_rally_dece8dbe_ZmoUADow (e7ff108b-0033-42aa-81a5-f7b4ce674994)
2019-12-16 04:42:52.372 27676 RALLYDEBUG rally_openstack.cleanup.manager [-] Deleting neutron.network object s_rally_dece8dbe_k7yjt8yB (ebd81153-3b25-4f37-a33f-d4d3455163dd)
2019-12-16 04:42:52.391 27676 RALLYDEBUG rally_openstack.cleanup.manager [-] Deleting neutron.network object s_rally_dece8dbe_0VR870sP (ed91ee39-d020-4a6e-85cb-e1d409517801)
2019-12-16 04:42:52.406 27676 RALLYDEBUG rally_openstack.cleanup.manager [-] Deleting neutron.network object s_rally_dece8dbe_XGhGfyjb (ee295709-ca3a-4a71-850f-b87894043a8f)
2019-12-16 04:42:52.613 27676 RALLYDEBUG rally_openstack.cleanup.manager [-] Deleting neutron.network object s_rally_dece8dbe_hiNF6LQ8 (ff976ac0-a988-4b8a-af91-e0104c2041d1)
2019-12-16 04:42:55.106 27676 RALLYDEBUG rally_openstack.cleanup.manager [-] Cleaning up neutron router objects
2019-12-16 04:42:55.510 27676 RALLYDEBUG rally_openstack.cleanup.manager [-] Cleaning up neutron security_group objects
2019-12-16 04:42:55.918 27676 INFO rally.task.context [-] Task a987ab1e-825d-42b6-ada2-9080c739105d | Context cleanup@openstack cleanup() finished in 10.37 sec
2019-12-16 04:42:55.918 27676 INFO rally.task.context [-] Task a987ab1e-825d-42b6-ada2-9080c739105d | Context quotas@openstack cleanup() started
2019-12-16 04:42:55.939 27676 INFO rally.task.context [-] Task a987ab1e-825d-42b6-ada2-9080c739105d | Context quotas@openstack cleanup() finished in 21.09 msec
2019-12-16 04:42:55.940 27676 INFO rally.task.context [-] Task a987ab1e-825d-42b6-ada2-9080c739105d | Context users@openstack cleanup() started
2019-12-16 04:42:58.439 27676 INFO rally.task.context [-] Task a987ab1e-825d-42b6-ada2-9080c739105d | Context users@openstack cleanup() finished in 2.50 sec
2019-12-16 04:42:58.905 27676 INFO rally.task.engine [-] Load duration is: 20.016249
2019-12-16 04:42:58.906 27676 INFO rally.task.engine [-] Full runner duration is: 20.066328
2019-12-16 04:42:58.906 27676 INFO rally.task.engine [-] Full duration is: 35.695011
2019-12-16 04:42:59.254 27676 INFO rally.task.engine [-] Running workload: position = 0 config = { "version": 2, "title": "A cropped version of a bigger task.", "description": "Auto-generated task from a single workload (uuid=7269ca13-5357-43d8-93ca-45d8ab9d5a1a)", "subtasks": [ { "title": "Quotas.neutron_update", "description": "Update quotas for neutron.", "scenario": { "Quotas.neutron_update": { "max_quota": 1024 } }, "contexts": { "users": { "tenants": 20, "users_per_tenant": 1 } }, "runner": { "constant": { "times": 40, "concurrency": 20 } }, "hooks": [], "sla": { "failure_rate": { "max": 0 } } } ] }
2019-12-16 04:42:59.278 27676 RALLYDEBUG rally_openstack.contexts.keystone.users [-] Creating 20 tenants using 20 threads
2019-12-16 04:43:01.420 27676 RALLYDEBUG rally_openstack.contexts.keystone.users [-] Creating 20 users using 20 threads
2019-12-16 04:43:03.925 27676 INFO rally.task.context [-] Task a987ab1e-825d-42b6-ada2-9080c739105d | Context users@openstack setup() finished in 4.65 sec
2019-12-16 04:43:03.925 27676 INFO rally.task.context [-] Task a987ab1e-825d-42b6-ada2-9080c739105d | Context admin_cleanup@openstack setup() finished in 0.01 msec
2019-12-16 04:43:03.935 27676 RALLYDEBUG rally.task.runner [-] Starting the constant runner (task UUID: a987ab1e-825d-42b6-ada2-9080c739105d). times: 40 concurrency: 20 timeout: 0 max_cpu_used: 16 processes_to_start: 16 concurrency_per_worker: 1 concurrency_overhead: 4
2019-12-16 04:43:03.946 32532 RALLYDEBUG rally.task.runner [-] Starting a worker. times: 40 duration: None concurrency: 2 timeout: 0 cls: method_name: run args: {"max_quota": 1024}
2019-12-16 04:43:03.949 32533 RALLYDEBUG rally.task.runner [-] Starting a worker. times: 40 duration: None concurrency: 2 timeout: 0 cls: method_name: run args: {"max_quota": 1024}
2019-12-16 04:43:03.953 32534 RALLYDEBUG rally.task.runner [-] Starting a worker. times: 40 duration: None concurrency: 2 timeout: 0 cls: method_name: run args: {"max_quota": 1024}
2019-12-16 04:43:03.958 32535 RALLYDEBUG rally.task.runner [-] Starting a worker. times: 40 duration: None concurrency: 2 timeout: 0 cls: method_name: run args: {"max_quota": 1024}
2019-12-16 04:43:03.960 32532 INFO rally.task.runner [-] Task a987ab1e-825d-42b6-ada2-9080c739105d | ITER: 1 START
2019-12-16 04:43:03.964 32541 RALLYDEBUG rally.task.runner [-] Starting a worker. times: 40 duration: None concurrency: 1 timeout: 0 cls: method_name: run args: {"max_quota": 1024}
2019-12-16 04:43:03.965 32533 INFO rally.task.runner [-] Task a987ab1e-825d-42b6-ada2-9080c739105d | ITER: 2 START
2019-12-16 04:43:03.967 32534 INFO rally.task.runner [-] Task a987ab1e-825d-42b6-ada2-9080c739105d | ITER: 3 START
2019-12-16 04:43:03.967 32532 INFO rally.task.runner [-] Task a987ab1e-825d-42b6-ada2-9080c739105d | ITER: 4 START
2019-12-16 04:43:03.972 32547 RALLYDEBUG rally.task.runner [-] Starting a worker. times: 40 duration: None concurrency: 1 timeout: 0 cls: method_name: run args: {"max_quota": 1024}
2019-12-16 04:43:03.973 32535 INFO rally.task.runner [-] Task a987ab1e-825d-42b6-ada2-9080c739105d | ITER: 6 START
2019-12-16 04:43:03.965 32533 INFO rally.task.runner [-] Task a987ab1e-825d-42b6-ada2-9080c739105d | ITER: 5 START
2019-12-16 04:43:03.974 32541 INFO rally.task.runner [-] Task a987ab1e-825d-42b6-ada2-9080c739105d | ITER: 8 START
2019-12-16 04:43:03.979 32535 INFO rally.task.runner [-] Task a987ab1e-825d-42b6-ada2-9080c739105d | ITER: 9 START
2019-12-16 04:43:03.967 32534 INFO rally.task.runner [-] Task a987ab1e-825d-42b6-ada2-9080c739105d | ITER: 7 START
2019-12-16 04:43:03.982 32547 INFO rally.task.runner [-] Task a987ab1e-825d-42b6-ada2-9080c739105d | ITER: 10 START
2019-12-16 04:43:03.982 32552 RALLYDEBUG rally.task.runner [-] Starting a worker. times: 40 duration: None concurrency: 1 timeout: 0 cls: method_name: run args: {"max_quota": 1024}
2019-12-16 04:43:03.987 32555 RALLYDEBUG rally.task.runner [-] Starting a worker. times: 40 duration: None concurrency: 1 timeout: 0 cls: method_name: run args: {"max_quota": 1024}
2019-12-16 04:43:03.995 32552 INFO rally.task.runner [-] Task a987ab1e-825d-42b6-ada2-9080c739105d | ITER: 11 START
2019-12-16 04:43:03.996 32556 RALLYDEBUG rally.task.runner [-] Starting a worker. times: 40 duration: None concurrency: 1 timeout: 0 cls: method_name: run args: {"max_quota": 1024}
2019-12-16 04:43:03.997 32555 INFO rally.task.runner [-] Task a987ab1e-825d-42b6-ada2-9080c739105d | ITER: 12 START
2019-12-16 04:43:04.003 32561 RALLYDEBUG rally.task.runner [-] Starting a worker. times: 40 duration: None concurrency: 1 timeout: 0 cls: method_name: run args: {"max_quota": 1024}
2019-12-16 04:43:04.007 32556 INFO rally.task.runner [-] Task a987ab1e-825d-42b6-ada2-9080c739105d | ITER: 13 START
2019-12-16 04:43:04.010 32562 RALLYDEBUG rally.task.runner [-] Starting a worker. times: 40 duration: None concurrency: 1 timeout: 0 cls: method_name: run args: {"max_quota": 1024}
2019-12-16 04:43:04.012 32561 INFO rally.task.runner [-] Task a987ab1e-825d-42b6-ada2-9080c739105d | ITER: 14 START
2019-12-16 04:43:04.017 32562 INFO rally.task.runner [-] Task a987ab1e-825d-42b6-ada2-9080c739105d | ITER: 15 START
2019-12-16 04:43:04.017 32567 RALLYDEBUG rally.task.runner [-] Starting a worker. times: 40 duration: None concurrency: 1 timeout: 0 cls: method_name: run args: {"max_quota": 1024}
2019-12-16 04:43:04.024 32570 RALLYDEBUG rally.task.runner [-] Starting a worker. times: 40 duration: None concurrency: 1 timeout: 0 cls: method_name: run args: {"max_quota": 1024}
2019-12-16 04:43:04.025 32567 INFO rally.task.runner [-] Task a987ab1e-825d-42b6-ada2-9080c739105d | ITER: 16 START
2019-12-16 04:43:04.030 32573 RALLYDEBUG rally.task.runner [-] Starting a worker. times: 40 duration: None concurrency: 1 timeout: 0 cls: method_name: run args: {"max_quota": 1024}
2019-12-16 04:43:04.033 32570 INFO rally.task.runner [-] Task a987ab1e-825d-42b6-ada2-9080c739105d | ITER: 17 START
2019-12-16 04:43:04.034 32574 RALLYDEBUG rally.task.runner [-] Starting a worker. times: 40 duration: None concurrency: 1 timeout: 0 cls: method_name: run args: {"max_quota": 1024}
2019-12-16 04:43:04.036 32573 INFO rally.task.runner [-] Task a987ab1e-825d-42b6-ada2-9080c739105d | ITER: 18 START
2019-12-16 04:43:04.041 32579 RALLYDEBUG rally.task.runner [-] Starting a worker. times: 40 duration: None concurrency: 1 timeout: 0 cls: method_name: run args: {"max_quota": 1024}
2019-12-16 04:43:04.042 32574 INFO rally.task.runner [-] Task a987ab1e-825d-42b6-ada2-9080c739105d | ITER: 19 START
2019-12-16 04:43:04.048 32579 INFO rally.task.runner [-] Task a987ab1e-825d-42b6-ada2-9080c739105d | ITER: 20 START
2019-12-16 04:43:04.529 32552 INFO rally.task.runner [-] Task a987ab1e-825d-42b6-ada2-9080c739105d | ITER: 11 END: OK
2019-12-16 04:43:04.536 32552 INFO rally.task.runner [-] Task a987ab1e-825d-42b6-ada2-9080c739105d | ITER: 21 START
2019-12-16 04:43:04.543 32535 INFO rally.task.runner [-] Task a987ab1e-825d-42b6-ada2-9080c739105d | ITER: 6 END: OK
2019-12-16 04:43:04.550 32535 INFO rally.task.runner [-] Task a987ab1e-825d-42b6-ada2-9080c739105d | ITER: 22 START
2019-12-16 04:43:04.552 32533 INFO rally.task.runner [-] Task a987ab1e-825d-42b6-ada2-9080c739105d | ITER: 5 END: OK
2019-12-16 04:43:04.561 32533 INFO rally.task.runner [-] Task a987ab1e-825d-42b6-ada2-9080c739105d | ITER: 23 START
2019-12-16 04:43:04.582 32535 INFO rally.task.runner [-] Task a987ab1e-825d-42b6-ada2-9080c739105d | ITER: 9 END: OK
2019-12-16 04:43:04.588 32535 INFO rally.task.runner [-] Task a987ab1e-825d-42b6-ada2-9080c739105d | ITER: 24 START
2019-12-16 04:43:04.592 32541 INFO rally.task.runner [-] Task a987ab1e-825d-42b6-ada2-9080c739105d | ITER: 8 END: OK
2019-12-16 04:43:04.596 32534 INFO rally.task.runner [-] Task a987ab1e-825d-42b6-ada2-9080c739105d | ITER: 7 END: OK
2019-12-16 04:43:04.598 32541 INFO rally.task.runner [-] Task a987ab1e-825d-42b6-ada2-9080c739105d | ITER: 25 START
2019-12-16 04:43:04.602 32534 INFO rally.task.runner [-] Task a987ab1e-825d-42b6-ada2-9080c739105d | ITER: 26 START
2019-12-16 04:43:04.607 32547 INFO rally.task.runner [-] Task a987ab1e-825d-42b6-ada2-9080c739105d | ITER: 10 END: OK
2019-12-16 04:43:04.613 32547 INFO rally.task.runner [-] Task a987ab1e-825d-42b6-ada2-9080c739105d | ITER: 27 START
2019-12-16 04:43:04.620 32532 INFO rally.task.runner [-] Task a987ab1e-825d-42b6-ada2-9080c739105d | ITER: 4 END: OK
2019-12-16 04:43:04.625 32533 INFO rally.task.runner [-] Task a987ab1e-825d-42b6-ada2-9080c739105d | ITER: 2 END: OK
2019-12-16 04:43:04.625 32567 INFO rally.task.runner [-] Task a987ab1e-825d-42b6-ada2-9080c739105d | ITER: 16 END: OK
2019-12-16 04:43:04.626 32532 INFO rally.task.runner [-] Task a987ab1e-825d-42b6-ada2-9080c739105d | ITER: 28 START
2019-12-16 04:43:04.630 32533 INFO rally.task.runner [-] Task a987ab1e-825d-42b6-ada2-9080c739105d | ITER: 29 START
2019-12-16 04:43:04.631 32567 INFO rally.task.runner [-] Task a987ab1e-825d-42b6-ada2-9080c739105d | ITER: 30 START
2019-12-16 04:43:04.642 32534 INFO rally.task.runner [-] Task a987ab1e-825d-42b6-ada2-9080c739105d | ITER: 3 END: OK
2019-12-16 04:43:04.647 32534 INFO rally.task.runner [-] Task a987ab1e-825d-42b6-ada2-9080c739105d | ITER: 31 START
2019-12-16 04:43:04.648 32532 INFO rally.task.runner [-] Task a987ab1e-825d-42b6-ada2-9080c739105d | ITER: 1 END: OK
2019-12-16 04:43:04.653 32532 INFO rally.task.runner [-] Task a987ab1e-825d-42b6-ada2-9080c739105d | ITER: 32 START
2019-12-16 04:43:04.765 32570 INFO rally.task.runner [-] Task a987ab1e-825d-42b6-ada2-9080c739105d | ITER: 17 END: OK
2019-12-16 04:43:04.772 32570 INFO rally.task.runner [-] Task a987ab1e-825d-42b6-ada2-9080c739105d | ITER: 33 START
2019-12-16 04:43:04.794 32562 INFO rally.task.runner [-] Task a987ab1e-825d-42b6-ada2-9080c739105d | ITER: 15 END: OK
2019-12-16 04:43:04.797 32556 INFO rally.task.runner [-] Task a987ab1e-825d-42b6-ada2-9080c739105d | ITER: 13 END: OK
2019-12-16 04:43:04.800 32562 INFO rally.task.runner [-] Task a987ab1e-825d-42b6-ada2-9080c739105d | ITER: 34 START
2019-12-16 04:43:04.803 32556 INFO rally.task.runner [-] Task a987ab1e-825d-42b6-ada2-9080c739105d | ITER: 35 START
2019-12-16 04:43:04.830 32574 INFO rally.task.runner [-] Task a987ab1e-825d-42b6-ada2-9080c739105d | ITER: 19 END: OK
2019-12-16 04:43:04.836 32574 INFO rally.task.runner [-] Task a987ab1e-825d-42b6-ada2-9080c739105d | ITER: 36 START
2019-12-16 04:43:04.867 32555 INFO rally.task.runner [-] Task a987ab1e-825d-42b6-ada2-9080c739105d | ITER: 12 END: OK
2019-12-16 04:43:04.874 32555 INFO rally.task.runner [-] Task a987ab1e-825d-42b6-ada2-9080c739105d | ITER: 37 START
2019-12-16 04:43:04.903 32561 INFO rally.task.runner [-] Task a987ab1e-825d-42b6-ada2-9080c739105d | ITER: 14 END: OK
2019-12-16 04:43:04.910 32561 INFO rally.task.runner [-] Task a987ab1e-825d-42b6-ada2-9080c739105d | ITER: 38 START
2019-12-16 04:43:04.918 32573 INFO rally.task.runner [-] Task a987ab1e-825d-42b6-ada2-9080c739105d | ITER: 18 END: OK
2019-12-16 04:43:04.925 32573 INFO rally.task.runner [-] Task a987ab1e-825d-42b6-ada2-9080c739105d | ITER: 39 START
2019-12-16 04:43:04.992 32579 INFO rally.task.runner [-] Task a987ab1e-825d-42b6-ada2-9080c739105d | ITER: 20 END: OK
2019-12-16 04:43:04.998 32579 INFO rally.task.runner [-] Task a987ab1e-825d-42b6-ada2-9080c739105d | ITER: 40 START
2019-12-16 04:43:05.093 32533 INFO rally.task.runner [-] Task a987ab1e-825d-42b6-ada2-9080c739105d | ITER: 23 END: OK
2019-12-16 04:43:05.093 32535 INFO rally.task.runner [-] Task a987ab1e-825d-42b6-ada2-9080c739105d | ITER: 22 END: OK
2019-12-16 04:43:05.105 32552 INFO rally.task.runner [-] Task a987ab1e-825d-42b6-ada2-9080c739105d | ITER: 21 END: OK
2019-12-16 04:43:05.180 32533 INFO rally.task.runner [-] Task a987ab1e-825d-42b6-ada2-9080c739105d | ITER: 29 END: OK
2019-12-16 04:43:05.184 32547 INFO rally.task.runner [-] Task a987ab1e-825d-42b6-ada2-9080c739105d | ITER: 27 END: OK
2019-12-16 04:43:05.225 32532 INFO rally.task.runner [-] Task a987ab1e-825d-42b6-ada2-9080c739105d | ITER: 28 END: OK
2019-12-16 04:43:05.236 32535 INFO rally.task.runner [-] Task a987ab1e-825d-42b6-ada2-9080c739105d | ITER: 24 END: OK
2019-12-16 04:43:05.238 32532 INFO rally.task.runner [-] Task a987ab1e-825d-42b6-ada2-9080c739105d | ITER: 32 END: OK
2019-12-16 04:43:05.265 32534 INFO rally.task.runner [-] Task a987ab1e-825d-42b6-ada2-9080c739105d | ITER: 26 END: OK
2019-12-16 04:43:05.303 32534 INFO rally.task.runner [-] Task a987ab1e-825d-42b6-ada2-9080c739105d | ITER: 31 END: OK
2019-12-16 04:43:05.303 32541 INFO rally.task.runner [-] Task a987ab1e-825d-42b6-ada2-9080c739105d | ITER: 25 END: OK
2019-12-16 04:43:05.309 32567 INFO rally.task.runner [-] Task a987ab1e-825d-42b6-ada2-9080c739105d | ITER: 30 END: OK
2019-12-16 04:43:05.401 32574 INFO rally.task.runner [-] Task a987ab1e-825d-42b6-ada2-9080c739105d | ITER: 36 END: OK
2019-12-16 04:43:05.430 32570 INFO rally.task.runner [-] Task a987ab1e-825d-42b6-ada2-9080c739105d | ITER: 33 END: OK
2019-12-16 04:43:05.513 32573 INFO rally.task.runner [-] Task a987ab1e-825d-42b6-ada2-9080c739105d | ITER: 39 END: OK
2019-12-16 04:43:05.513 32562 INFO rally.task.runner [-] Task a987ab1e-825d-42b6-ada2-9080c739105d | ITER: 34 END: OK
2019-12-16 04:43:05.527 32556 INFO rally.task.runner [-] Task a987ab1e-825d-42b6-ada2-9080c739105d | ITER: 35 END: OK
2019-12-16 04:43:05.536 32555 INFO rally.task.runner [-] Task a987ab1e-825d-42b6-ada2-9080c739105d | ITER: 37 END: OK
2019-12-16 04:43:05.537 32561 INFO rally.task.runner [-] Task a987ab1e-825d-42b6-ada2-9080c739105d | ITER: 38 END: OK
2019-12-16 04:43:05.550 32579 INFO rally.task.runner [-] Task a987ab1e-825d-42b6-ada2-9080c739105d | ITER: 40 END: OK
2019-12-16 04:43:05.573 27676 INFO rally.task.context [-] Task a987ab1e-825d-42b6-ada2-9080c739105d | Context admin_cleanup@openstack cleanup() started
2019-12-16 04:43:05.576 27676 RALLYDEBUG rally_openstack.cleanup.manager [-] Cleaning up neutron quota objects
2019-12-16 04:43:07.022 27676 INFO rally.task.context [-] Task a987ab1e-825d-42b6-ada2-9080c739105d | Context admin_cleanup@openstack cleanup() finished in 1.45 sec
2019-12-16 04:43:07.023 27676 INFO rally.task.context [-] Task a987ab1e-825d-42b6-ada2-9080c739105d | Context users@openstack cleanup() started
2019-12-16 04:43:26.192 27676 INFO rally.task.context [-] Task a987ab1e-825d-42b6-ada2-9080c739105d | Context users@openstack cleanup() finished in 19.17 sec
2019-12-16 04:43:27.474 27676 INFO rally.task.engine [-] Load duration is: 1.588558
2019-12-16 04:43:27.474 27676 INFO rally.task.engine [-] Full runner duration is: 1.638756
2019-12-16 04:43:27.474 27676 INFO rally.task.engine [-] Full duration is: 26.916094
2019-12-16 04:43:27.794 27676 INFO rally.task.engine [-] Running workload: position = 0 config = { "version": 2, "title": "A cropped version of a bigger task.", "description": "Auto-generated task from a single workload (uuid=128abf7c-e0c5-4eb0-a06c-1ccad077d136)", "subtasks": [ { "title": "NeutronTrunks.create_and_list_trunks", "description": "Create and a given number of trunks with subports and list all trunks", "scenario": { "NeutronTrunks.create_and_list_trunks": { "subport_count": 125 } }, "contexts": { "users": { "tenants": 1, "users_per_tenant": 1 }, "quotas": { "neutron": { "network": -1, "port": 1000 } } }, "runner": { "constant": { "times": 4, "concurrency": 4 } }, "hooks": [], "sla": { "failure_rate": { "max": 0 } } } ] }
2019-12-16 04:43:27.817 27676 RALLYDEBUG rally_openstack.contexts.keystone.users [-] Creating 1 tenants using 20 threads
2019-12-16 04:43:28.689 27676 RALLYDEBUG rally_openstack.contexts.keystone.users [-] Creating 1 users using 20 threads
2019-12-16 04:43:29.987 27676 INFO rally.task.context [-] Task a987ab1e-825d-42b6-ada2-9080c739105d | Context users@openstack setup() finished in 2.17 sec
2019-12-16 04:43:30.504 27676 INFO rally.task.context [-] Task a987ab1e-825d-42b6-ada2-9080c739105d | Context quotas@openstack setup() finished in 0.52 sec
2019-12-16 04:43:30.505 27676 INFO rally.task.context [-] Task a987ab1e-825d-42b6-ada2-9080c739105d | Context cleanup@openstack setup() finished in 0.01 msec
2019-12-16 04:43:30.514 27676 RALLYDEBUG rally.task.runner [-] Starting the constant runner (task UUID: a987ab1e-825d-42b6-ada2-9080c739105d). times: 4 concurrency: 4 timeout: 0 max_cpu_used: 16 processes_to_start: 4 concurrency_per_worker: 1 concurrency_overhead: 0
2019-12-16 04:43:30.526 32722 RALLYDEBUG rally.task.runner [-] Starting a worker. times: 4 duration: None concurrency: 1 timeout: 0 cls: method_name: run args: {"subport_count": 125}
2019-12-16 04:43:30.529 32723 RALLYDEBUG rally.task.runner [-] Starting a worker. times: 4 duration: None concurrency: 1 timeout: 0 cls: method_name: run args: {"subport_count": 125}
2019-12-16 04:43:30.532 32722 INFO rally.task.runner [-] Task a987ab1e-825d-42b6-ada2-9080c739105d | ITER: 1 START
2019-12-16 04:43:30.533 32724 RALLYDEBUG rally.task.runner [-] Starting a worker. times: 4 duration: None concurrency: 1 timeout: 0 cls: method_name: run args: {"subport_count": 125}
2019-12-16 04:43:30.535 32723 INFO rally.task.runner [-] Task a987ab1e-825d-42b6-ada2-9080c739105d | ITER: 2 START
2019-12-16 04:43:30.537 32727 RALLYDEBUG rally.task.runner [-] Starting a worker. times: 4 duration: None concurrency: 1 timeout: 0 cls: method_name: run args: {"subport_count": 125}
2019-12-16 04:43:30.539 32724 INFO rally.task.runner [-] Task a987ab1e-825d-42b6-ada2-9080c739105d | ITER: 3 START
2019-12-16 04:43:30.542 32727 INFO rally.task.runner [-] Task a987ab1e-825d-42b6-ada2-9080c739105d | ITER: 4 START
2019-12-16 04:44:41.115 32722 INFO rally.task.runner [-] Task a987ab1e-825d-42b6-ada2-9080c739105d | ITER: 1 END: OK
2019-12-16 04:44:42.560 32723 INFO rally.task.runner [-] Task a987ab1e-825d-42b6-ada2-9080c739105d | ITER: 2 END: OK
2019-12-16 04:44:42.962 32727 INFO rally.task.runner [-] Task a987ab1e-825d-42b6-ada2-9080c739105d | ITER: 4 END: OK
2019-12-16 04:44:45.762 32724 INFO rally.task.runner [-] Task a987ab1e-825d-42b6-ada2-9080c739105d | ITER: 3 END: OK
2019-12-16 04:44:45.788 27676 INFO rally.task.context [-] Task a987ab1e-825d-42b6-ada2-9080c739105d | Context cleanup@openstack cleanup() started
2019-12-16 04:44:45.793 27676 RALLYDEBUG rally_openstack.cleanup.manager [-] Cleaning up neutron vip objects
2019-12-16 04:44:46.195 27676 RALLYDEBUG rally_openstack.cleanup.manager [-] Cleaning up neutron health_monitor objects
2019-12-16 04:44:46.584 27676 RALLYDEBUG rally_openstack.cleanup.manager [-] Cleaning up neutron pool objects
2019-12-16 04:44:46.948 27676 RALLYDEBUG rally_openstack.cleanup.manager [-] Cleaning up neutron loadbalancer objects
2019-12-16 04:44:47.337 27676 RALLYDEBUG rally_openstack.cleanup.manager [-] Cleaning up neutron floatingip objects
2019-12-16 04:44:47.752 27676 RALLYDEBUG rally_openstack.cleanup.manager [-] Cleaning up neutron trunk objects
2019-12-16 04:44:48.172 27676 RALLYDEBUG rally_openstack.cleanup.manager [-] Deleting neutron.trunk object s_rally_128abf7c_jWbunUZs (2a657381-10e6-4c95-8395-791354b8751d)
2019-12-16 04:44:48.182 27676 RALLYDEBUG rally_openstack.cleanup.manager [-] Deleting neutron.trunk object s_rally_128abf7c_XY1W3O9D (b537d8ad-9c1c-4ff7-a6d6-a0de64915b78)
2019-12-16 04:44:48.193 27676 RALLYDEBUG rally_openstack.cleanup.manager [-] Deleting neutron.trunk object s_rally_128abf7c_oLfO0ynh (c195d514-b3c1-4fb7-a91c-57595978c7e7)
2019-12-16 04:44:48.202 27676 RALLYDEBUG rally_openstack.cleanup.manager [-] Deleting neutron.trunk object s_rally_128abf7c_q3oZir6a (f9c2373f-ae8c-4d70-9f09-e9e885029ae9)
2019-12-16 04:44:50.245 27676 RALLYDEBUG rally_openstack.cleanup.manager [-] Cleaning up neutron port objects
2019-12-16 04:44:52.198 27676 RALLYDEBUG rally_openstack.cleanup.manager [-] Deleting neutron.port object s_rally_128abf7c_FJQqRKlL (01d7cbbe-2ec1-4ce3-b0b0-a436084b653f)
2019-12-16 04:44:52.208 27676 RALLYDEBUG rally_openstack.cleanup.manager [-] Deleting neutron.port object s_rally_128abf7c_kGivUHDX (046f2853-05f0-4e0e-8989-95e87dd6e612)
2019-12-16 04:44:52.217 27676 RALLYDEBUG rally_openstack.cleanup.manager [-] Deleting neutron.port object s_rally_128abf7c_c6m5Rl24 (04820aa0-f4ac-4f1d-9c22-299a95984257)
2019-12-16 04:44:52.227 27676 RALLYDEBUG rally_openstack.cleanup.manager [-] Deleting neutron.port object s_rally_128abf7c_LoEHdd9x (049c052a-3705-4b05-859b-8ce57d7a1e7f)
2019-12-16 04:44:52.232 27676 RALLYDEBUG rally_openstack.cleanup.manager [-] Deleting neutron.port object s_rally_128abf7c_UOkX8G18 (04b4785d-dd47-4373-b539-62df6a48781f)
2019-12-16 04:44:52.237 27676 RALLYDEBUG rally_openstack.cleanup.manager [-] Deleting neutron.port object s_rally_128abf7c_fJTNp5Sx (04c34013-abb0-4ac0-a915-6c49d43f11bb)
2019-12-16 04:44:52.245 27676 RALLYDEBUG rally_openstack.cleanup.manager [-] Deleting neutron.port object s_rally_128abf7c_6ZF7HALy (0502dbc1-bfd9-44ac-97c5-aa972e0b827d)
2019-12-16 04:44:52.271 27676 RALLYDEBUG rally_openstack.cleanup.manager [-] Deleting neutron.port object s_rally_128abf7c_oVHYWpD6 (05515ab9-626b-4e12-a062-e12416283080)
2019-12-16 04:44:52.285 27676 RALLYDEBUG rally_openstack.cleanup.manager [-] Deleting neutron.port object s_rally_128abf7c_N1ARN5yr (057e44fd-93c6-4943-a741-cb4d7d830431)
2019-12-16 04:44:52.290 27676 RALLYDEBUG rally_openstack.cleanup.manager [-] Deleting neutron.port object s_rally_128abf7c_LZnf9C1m (05fadf2f-865b-4ac6-b9a6-3ef327fcb27e)
2019-12-16 04:44:52.295 27676 RALLYDEBUG rally_openstack.cleanup.manager [-] Deleting neutron.port object s_rally_128abf7c_WPlIG6i8 (064bf55f-65b6-46fc-89b3-ebb441b81fdb)
2019-12-16 04:44:52.332 27676 RALLYDEBUG rally_openstack.cleanup.manager [-] Deleting neutron.port object s_rally_128abf7c_5IM3bmfn (0725457e-3fab-4abf-a23c-60086f8b84a8)
2019-12-16 04:44:52.345 27676 RALLYDEBUG rally_openstack.cleanup.manager [-] Deleting neutron.port object s_rally_128abf7c_ZslKizDF (077bcb71-3008-4ebe-9a08-bce6507a90eb)
2019-12-16 04:44:52.355 27676 RALLYDEBUG rally_openstack.cleanup.manager [-] Deleting neutron.port object s_rally_128abf7c_xSTvpNSZ (08a79316-e3b5-4c58-91b9-c1e3c3f4f65f)
2019-12-16 04:44:52.371 27676 RALLYDEBUG rally_openstack.cleanup.manager [-] Deleting neutron.port object s_rally_128abf7c_6sYSyx46 (08b49de6-7418-4d7f-8df8-aed465c46b80)
2019-12-16 04:44:52.386 27676 RALLYDEBUG rally_openstack.cleanup.manager [-] Deleting neutron.port object s_rally_128abf7c_fGCR9sm1 (08cef409-db0a-4d84-a516-1f5f4f53976b)
2019-12-16 04:44:52.392 27676 RALLYDEBUG rally_openstack.cleanup.manager [-] Deleting neutron.port object s_rally_128abf7c_FdNw42wU (09c28d7a-9c76-41a6-ba9b-f1ec60006e67)
2019-12-16 04:44:52.401 27676 RALLYDEBUG rally_openstack.cleanup.manager [-] Deleting neutron.port object s_rally_128abf7c_JJmh83RM (09dcca4e-06db-4be2-bff1-825566141fa9)
2019-12-16 04:44:52.410 27676 RALLYDEBUG rally_openstack.cleanup.manager [-] Deleting neutron.port object s_rally_128abf7c_ENC4OPkc (09f11166-a54f-4e75-bb1b-1ee048faea0a)
2019-12-16 04:44:52.423 27676 RALLYDEBUG rally_openstack.cleanup.manager [-] Deleting neutron.port object s_rally_128abf7c_1MiVVRH1 (0a5b0727-6af6-4033-bad2-62746a5b023f)
2019-12-16 04:44:54.106 27676 RALLYDEBUG rally_openstack.cleanup.manager [-] Deleting neutron.port object s_rally_128abf7c_TzTAfNPj (0adc5fb9-ef2b-458a-9c9f-4b0b2e0f188e)
2019-12-16 04:44:54.315 27676 RALLYDEBUG rally_openstack.cleanup.manager [-] Deleting neutron.port object s_rally_128abf7c_DZpLF1Yk (0b1f0c7b-7a0c-4a15-a8ca-a5a50df3911a)
2019-12-16 04:44:54.430 27676 RALLYDEBUG rally_openstack.cleanup.manager [-] Deleting neutron.port object s_rally_128abf7c_HqroiTr0 (0b49e1bb-fa71-4486-a187-c9f2cedb38cd)
2019-12-16 04:44:54.479 27676 RALLYDEBUG rally_openstack.cleanup.manager [-] Deleting neutron.port object s_rally_128abf7c_sxXq7enp (0c82f8de-3c1e-459e-ab87-e318b5bd09fa)
2019-12-16 04:44:54.504 27676 RALLYDEBUG rally_openstack.cleanup.manager [-] Deleting neutron.port object s_rally_128abf7c_KcxNVlqq (0d80acb4-4ab1-4cb1-b467-c4ea497e3ff1)
2019-12-16 04:44:54.512 27676 RALLYDEBUG rally_openstack.cleanup.manager [-] Deleting neutron.port object s_rally_128abf7c_xm48ssyb (0dbf57dc-15ee-4daf-9112-1d9f0b22972c)
2019-12-16 04:44:54.533 27676 RALLYDEBUG rally_openstack.cleanup.manager [-] Deleting neutron.port object s_rally_128abf7c_V7V6gbHx (0e0ada90-c83a-458b-9699-67cbcbc69153)
2019-12-16 04:44:54.596 27676 RALLYDEBUG rally_openstack.cleanup.manager [-] Deleting neutron.port object s_rally_128abf7c_gJQ6TVW5 (0f162002-e8f5-42a0-ac29-a054a2db2279)
2019-12-16 04:44:54.600 27676 RALLYDEBUG rally_openstack.cleanup.manager [-] Deleting neutron.port object s_rally_128abf7c_KzLFcQCC (0f350a14-4b4e-4191-b2ca-bb6822a8e578)
2019-12-16 04:44:54.604 27676 RALLYDEBUG rally_openstack.cleanup.manager [-] Deleting neutron.port object s_rally_128abf7c_Wu7igPaV (0f810638-2bf2-4728-99eb-f9d97a836884)
2019-12-16 04:44:54.646 27676 RALLYDEBUG rally_openstack.cleanup.manager [-] Deleting neutron.port object s_rally_128abf7c_RJHg2HoL (0fe222f8-3881-4742-a305-e3cc1e0bd2ab)
2019-12-16 04:44:54.655 27676 RALLYDEBUG rally_openstack.cleanup.manager [-] Deleting neutron.port object s_rally_128abf7c_SfHW3eMW (0feb88df-c0cc-4884-b610-28ad305c9570)
2019-12-16 04:44:54.664 27676 RALLYDEBUG rally_openstack.cleanup.manager [-] Deleting neutron.port object s_rally_128abf7c_geWf3wzn (104640aa-8b3a-48b5-b901-c8fdbb375d5e)
2019-12-16 04:44:54.683 27676 RALLYDEBUG rally_openstack.cleanup.manager [-] Deleting neutron.port object s_rally_128abf7c_EMhBMxvU (10ebe407-1545-405c-bd12-dfe89b415a3a)
2019-12-16 04:44:54.691 27676 RALLYDEBUG rally_openstack.cleanup.manager [-] Deleting neutron.port object s_rally_128abf7c_yakwGmd5 (10ec06dc-c276-42ea-b575-1c2c3094d5a2)
2019-12-16 04:44:54.797 27676 RALLYDEBUG rally_openstack.cleanup.manager [-] Deleting neutron.port object s_rally_128abf7c_BMdVK2KD (110b3d62-8afb-47c2-8b12-6763daeb9c26)
2019-12-16 04:44:54.806 27676 RALLYDEBUG rally_openstack.cleanup.manager [-] Deleting neutron.port object s_rally_128abf7c_tLzpIsbC (110f6fa3-e451-4f21-baa4-0b6ca6dea256)
2019-12-16 04:44:55.056 27676 RALLYDEBUG rally_openstack.cleanup.manager [-] Deleting neutron.port object s_rally_128abf7c_vueRKl5U (1131ff92-fb49-4cac-8543-0da430d1c825)
2019-12-16 04:44:55.083 27676 RALLYDEBUG rally_openstack.cleanup.manager [-] Deleting neutron.port object s_rally_128abf7c_iYL6i2Q8 (12139c5f-db0e-4980-956f-89a8d67f42ac)
2019-12-16 04:44:55.110 27676 RALLYDEBUG rally_openstack.cleanup.manager [-] Deleting neutron.port object s_rally_128abf7c_ltSwd2Kj (1251ee0d-1b2b-4f87-ae51-66056d4f6cfb)
2019-12-16 04:44:55.870 27676 RALLYDEBUG rally_openstack.cleanup.manager [-] Deleting neutron.port object s_rally_128abf7c_wtIpCXO1 (1294d245-d5cd-497c-85e0-397d66ad173a)
2019-12-16 04:44:56.424 27676 RALLYDEBUG rally_openstack.cleanup.manager [-] Deleting neutron.port object s_rally_128abf7c_r6TZ6eOX (13383323-d6fe-400c-859d-ba067fe39295)
2019-12-16 04:44:56.434 27676 RALLYDEBUG rally_openstack.cleanup.manager [-] Deleting neutron.port object s_rally_128abf7c_9QUrh93r (13fa67cf-3df0-4bb9-a4f8-790de866b29a)
2019-12-16 04:44:56.476 27676 RALLYDEBUG rally_openstack.cleanup.manager [-] Deleting neutron.port object s_rally_128abf7c_9mGcUu9b (14696af1-487b-415d-a2d4-2f04ebb6630f)
2019-12-16 04:44:56.481 27676 RALLYDEBUG rally_openstack.cleanup.manager [-] Deleting neutron.port object s_rally_128abf7c_yIwNFRiC (147c4f33-983d-4c8f-827b-8580f07f1ad2)
2019-12-16 04:44:56.534 27676 RALLYDEBUG rally_openstack.cleanup.manager [-] Deleting neutron.port object s_rally_128abf7c_kJ3c14cN (14e1b467-f2f6-4593-bde9-11b61dccf0bf)
2019-12-16 04:44:56.543 27676 RALLYDEBUG rally_openstack.cleanup.manager [-] Deleting neutron.port object s_rally_128abf7c_zr7NsMcB (14e5cbaa-2474-4ad3-a8e6-fd527e0135dc)
2019-12-16 04:44:56.605 27676 RALLYDEBUG rally_openstack.cleanup.manager [-] Deleting neutron.port object s_rally_128abf7c_gaKV3Zhr (1530648c-b2c4-4491-84f0-097b0a52b55e)
2019-12-16 04:44:56.623 27676 RALLYDEBUG rally_openstack.cleanup.manager [-] Deleting neutron.port object s_rally_128abf7c_bJouhz6r (17712bbd-0c4d-478b-bf3e-a76c95ed87b9)
2019-12-16 04:44:56.747 27676 RALLYDEBUG rally_openstack.cleanup.manager [-] Deleting neutron.port object s_rally_128abf7c_Xc9NrrXx (17b9c203-2b22-44df-be90-a629f03812a7)
2019-12-16 04:44:56.876 27676 RALLYDEBUG rally_openstack.cleanup.manager [-] Deleting neutron.port object s_rally_128abf7c_FOm7fIIz (188d1f71-2cbe-4ba7-8022-b990bd69509e)
2019-12-16 04:44:56.882 27676 RALLYDEBUG rally_openstack.cleanup.manager [-] Deleting neutron.port object s_rally_128abf7c_allNYze3 (18983a28-16fd-4049-bbe5-164d695186f5)
2019-12-16 04:44:56.965 27676 RALLYDEBUG rally_openstack.cleanup.manager [-] Deleting neutron.port object s_rally_128abf7c_294mTDrb (1932666b-907a-47f8-8b75-804d923dceed)
2019-12-16 04:44:57.048 27676 RALLYDEBUG rally_openstack.cleanup.manager [-] Deleting neutron.port object s_rally_128abf7c_Zgzkbj74 (1a0b8c0c-242f-4c62-8ed7-27df4c8c2a88)
2019-12-16 04:44:57.106 27676 RALLYDEBUG rally_openstack.cleanup.manager [-] Deleting neutron.port object s_rally_128abf7c_BfDZF3Ir (1a4c8704-f6d2-47d4-8389-3e491ea09c1f)
2019-12-16 04:44:57.158 27676 RALLYDEBUG rally_openstack.cleanup.manager [-] Deleting neutron.port object s_rally_128abf7c_CVGNEdyx (1a726114-b472-471d-bea5-054035b65d70)
2019-12-16 04:44:57.175 27676 RALLYDEBUG rally_openstack.cleanup.manager [-] Deleting neutron.port object s_rally_128abf7c_xU3slMVf (1b0876ca-2fe7-4c1d-9d3c-c36fc40995f0)
2019-12-16 04:44:57.275 27676 RALLYDEBUG rally_openstack.cleanup.manager [-] Deleting neutron.port object s_rally_128abf7c_pjgHuhOZ (1c3f3066-098f-4e7f-b18d-b618a493fef3)
2019-12-16 04:44:57.458 27676 RALLYDEBUG rally_openstack.cleanup.manager [-] Deleting neutron.port object s_rally_128abf7c_ruJJwt2n (1c45602b-9f2c-4e56-8a4b-9705989affe6)
2019-12-16 04:44:57.462 27676 RALLYDEBUG rally_openstack.cleanup.manager [-] Deleting neutron.port object s_rally_128abf7c_s7ds87LW (1cd69cc4-7ed2-4f5c-b456-59487c69e818)
2019-12-16 04:44:57.599 27676 RALLYDEBUG rally_openstack.cleanup.manager [-] Deleting neutron.port object s_rally_128abf7c_iMMt94Gx (1cf938cd-2d90-4a90-b9f7-f0c2e632bcfd)
2019-12-16 04:44:58.213 27676 RALLYDEBUG rally_openstack.cleanup.manager [-] Deleting neutron.port object s_rally_128abf7c_CQAc2QPM (1ebc97f9-6a63-46b8-916e-01d0be5d71cd)
2019-12-16 04:44:58.252 27676 RALLYDEBUG rally_openstack.cleanup.manager [-] Deleting neutron.port object s_rally_128abf7c_4MDPB5QS (1edc0985-1448-4166-9618-d4d7fc8ccae6)
2019-12-16 04:44:58.279 27676 RALLYDEBUG rally_openstack.cleanup.manager [-] Deleting neutron.port object s_rally_128abf7c_dmNeN6P7 (1f674eee-0c39-40c2-b449-69fe953522f3)
2019-12-16 04:44:58.304 27676 RALLYDEBUG rally_openstack.cleanup.manager [-] Deleting neutron.port object s_rally_128abf7c_OfjcmBBh (1fc67919-74ec-4c29-91b7-83707c6beeec)
2019-12-16 04:44:58.388 27676 RALLYDEBUG rally_openstack.cleanup.manager [-] Deleting neutron.port object s_rally_128abf7c_lPeUgymz (1fcfa4c6-384d-4fa2-ac23-1e5975aabe53)
2019-12-16 04:44:58.425 27676 RALLYDEBUG rally_openstack.cleanup.manager [-] Deleting neutron.port object s_rally_128abf7c_YYXWx0dF (1fed53bc-d9d4-44cc-a9a2-d1f539dc301d)
2019-12-16 04:44:58.530 27676 RALLYDEBUG rally_openstack.cleanup.manager [-] Deleting neutron.port object s_rally_128abf7c_hKhsgAs9 (20e412c0-96ce-4587-9fd5-ea0f30b0ac94)
2019-12-16 04:44:58.538 27676 RALLYDEBUG rally_openstack.cleanup.manager [-] Deleting neutron.port object s_rally_128abf7c_YVTIIeLP (219a1d32-f436-459c-8f37-9d0073c967a2)
2019-12-16 04:44:58.625 27676 RALLYDEBUG rally_openstack.cleanup.manager [-] Deleting neutron.port object s_rally_128abf7c_OXbp63O6 (224417f9-a6cb-407c-953b-4993635e2359)
2019-12-16 04:44:58.759 27676 RALLYDEBUG rally_openstack.cleanup.manager [-] Deleting neutron.port object s_rally_128abf7c_jhxmNzTa (22770ca7-c800-40d4-aa9d-e6401df6ee2d)
2019-12-16 04:44:58.777 27676 RALLYDEBUG rally_openstack.cleanup.manager [-] Deleting neutron.port object s_rally_128abf7c_yYXpi0oL (22cf8212-f38e-4ce6-b9c0-ba7a18014501)
2019-12-16 04:44:58.808 27676 RALLYDEBUG rally_openstack.cleanup.manager [-] Deleting neutron.port object s_rally_128abf7c_Xm9mtSXl (232d817c-1cd0-4515-acd7-9a9f78df36bd)
2019-12-16 04:44:58.821 27676 RALLYDEBUG rally_openstack.cleanup.manager [-] Deleting neutron.port object s_rally_128abf7c_rMO37ThJ (236128a6-c8e6-43cc-9c7f-00b0ac83bb88)
2019-12-16 04:44:58.886 27676 RALLYDEBUG rally_openstack.cleanup.manager [-] Deleting neutron.port object s_rally_128abf7c_5ZM8ayhE (237a4124-c10e-4518-bf68-a9e2c23a50ac)
2019-12-16 04:44:58.935 27676 RALLYDEBUG rally_openstack.cleanup.manager [-] Deleting neutron.port object s_rally_128abf7c_NBnrdDXc (23d34555-0ced-4211-9377-1015c575f0df)
2019-12-16 04:44:59.048 27676 RALLYDEBUG rally_openstack.cleanup.manager [-] Deleting neutron.port object s_rally_128abf7c_7pYrZNUb (23f19bef-f6ca-4171-8276-0b745b57a1b0)
2019-12-16 04:44:59.230 27676 RALLYDEBUG rally_openstack.cleanup.manager [-] Deleting neutron.port object s_rally_128abf7c_iu0JLax1 (24d07625-2fe1-4e0c-985a-0df7dd828ea7)
2019-12-16 04:44:59.235 27676 RALLYDEBUG rally_openstack.cleanup.manager [-] Deleting neutron.port object s_rally_128abf7c_14RfDs12 (256c0348-76ca-4643-8808-ce437e6ba5c3)
2019-12-16 04:44:59.278 27676 RALLYDEBUG rally_openstack.cleanup.manager [-] Deleting neutron.port object s_rally_128abf7c_JxOrN8wi (25aca951-508c-4618-a11c-a64ac012f3ff)
2019-12-16 04:44:59.584 27676 RALLYDEBUG rally_openstack.cleanup.manager [-] Deleting neutron.port object s_rally_128abf7c_KRhBmOAQ (2635f468-2171-4074-921a-96cdf36e64c2)
2019-12-16 04:44:59.951 27676 RALLYDEBUG rally_openstack.cleanup.manager [-] Deleting neutron.port object s_rally_128abf7c_nuZn6ro5 (265cc472-e55d-45ea-a8a0-1fa794d0edff)
2019-12-16 04:44:59.985 27676 RALLYDEBUG rally_openstack.cleanup.manager [-] Deleting neutron.port object s_rally_128abf7c_h6GpxWZ5 (27491b02-b589-41da-ab47-0aac5425e095)
2019-12-16 04:45:00.004 27676 RALLYDEBUG rally_openstack.cleanup.manager [-] Deleting neutron.port object s_rally_128abf7c_mn8epsU4 (28c35fa1-a0c4-42fd-b4ef-e999bc1d1a59)
2019-12-16 04:45:00.095 27676 RALLYDEBUG rally_openstack.cleanup.manager [-] Deleting neutron.port object s_rally_128abf7c_4kkhZ212 (2903ba9c-ddb6-4a8f-a1db-ca7459c5d6e1)
2019-12-16 04:45:00.321 27676 RALLYDEBUG rally_openstack.cleanup.manager [-] Deleting neutron.port object s_rally_128abf7c_ZQUEVCyO (297988c0-8f06-4b86-8add-5d4f08949db0)
2019-12-16 04:45:00.419 27676 RALLYDEBUG rally_openstack.cleanup.manager [-] Deleting neutron.port object s_rally_128abf7c_N8oEz9px (29eca879-c9b1-4c30-8102-2d769b7bb065)
2019-12-16 04:45:00.438 27676 RALLYDEBUG rally_openstack.cleanup.manager [-] Deleting neutron.port object s_rally_128abf7c_mZEnaj3b (2a1c888a-8ff1-4dc3-a8bb-6cd097639d24)
2019-12-16 04:45:00.606 27676 RALLYDEBUG rally_openstack.cleanup.manager [-] Deleting neutron.port object s_rally_128abf7c_rUjMsDQZ (2a2a70fe-fe31-4da3-91bf-28dc08217a69)
2019-12-16 04:45:00.629 27676 RALLYDEBUG rally_openstack.cleanup.manager [-] Deleting neutron.port object s_rally_128abf7c_P5haGoWV (2b8847df-a87c-40a0-9d74-ac244e64e597)
2019-12-16 04:45:00.748 27676 RALLYDEBUG rally_openstack.cleanup.manager [-] Deleting neutron.port object s_rally_128abf7c_xVLQlqn7 (2c69ceac-5edf-4c34-82eb-115a87e149ea)
2019-12-16 04:45:00.805 27676 RALLYDEBUG rally_openstack.cleanup.manager [-] Deleting neutron.port object s_rally_128abf7c_JSUfTMJh (2c6dcf08-e0a2-423c-8299-e489a2f27d69)
2019-12-16 04:45:00.857 27676 RALLYDEBUG rally_openstack.cleanup.manager [-] Deleting neutron.port object s_rally_128abf7c_Hw4IikL4 (2c7088d7-2b52-43e8-8c15-9f93a742425e)
2019-12-16 04:45:00.885 27676 RALLYDEBUG rally_openstack.cleanup.manager [-] Deleting neutron.port object s_rally_128abf7c_XkRdOPR0 (2c8068df-f42d-46c9-adc8-ec6adfca3d82)
2019-12-16 04:45:00.953 27676 RALLYDEBUG rally_openstack.cleanup.manager [-] Deleting neutron.port object s_rally_128abf7c_hTSpFQP5 (2c8a8aa4-275e-4e26-b02a-d3a6a1e308b7)
2019-12-16 04:45:01.057 27676 RALLYDEBUG rally_openstack.cleanup.manager [-] Deleting neutron.port object s_rally_128abf7c_nsZl6iEY (2cc0a690-ad9d-4579-9285-4255b2cd480c)
2019-12-16 04:45:01.066 27676 RALLYDEBUG rally_openstack.cleanup.manager [-] Deleting neutron.port object s_rally_128abf7c_UCNKSL88 (2d3da51c-0bec-4c7b-8ed6-c0dffc86cd22)
2019-12-16 04:45:01.195 27676 RALLYDEBUG rally_openstack.cleanup.manager [-] Deleting neutron.port object s_rally_128abf7c_SX3El0AH (2dcd1505-6355-42ae-af72-63b541ff680e)
2019-12-16 04:45:01.310 27676 RALLYDEBUG rally_openstack.cleanup.manager [-] Deleting neutron.port object s_rally_128abf7c_rOMNIy89 (2e1b0dae-4e5c-4f7b-b071-57eab641a111)
