2019-12-16 03:15:26.740 11213 INFO rally.task.runner [-] Task 88be84dc-5c87-4b44-99ad-479c0729d6f8 | ITER: 3 END: OK
2019-12-16 03:15:26.745 11213 INFO rally.task.runner [-] Task 88be84dc-5c87-4b44-99ad-479c0729d6f8 | ITER: 7 START
2019-12-16 03:15:26.762 11211 INFO rally.task.runner [-] Task 88be84dc-5c87-4b44-99ad-479c0729d6f8 | ITER: 1 END: OK
2019-12-16 03:15:26.766 11211 INFO rally.task.runner [-] Task 88be84dc-5c87-4b44-99ad-479c0729d6f8 | ITER: 8 START
2019-12-16 03:15:30.117 11212 RALLYDEBUG rally.task.utils [-] Waiting for resource . Status changed: CREATE_IN_PROGRESS => CREATE_COMPLETE in 0.0650787353515625
2019-12-16 03:15:30.142 11211 RALLYDEBUG rally.task.utils [-] Waiting for resource . Status changed: CREATE_IN_PROGRESS => CREATE_COMPLETE in 0.0711519718170166
2019-12-16 03:15:30.149 11214 RALLYDEBUG rally.task.utils [-] Waiting for resource . Status changed: CREATE_IN_PROGRESS => CREATE_COMPLETE in 0.0668938159942627
2019-12-16 03:15:30.150 11213 RALLYDEBUG rally.task.utils [-] Waiting for resource . Status changed: CREATE_IN_PROGRESS => CREATE_COMPLETE in 0.06628251075744629
2019-12-16 03:15:30.258 11212 RALLYDEBUG rally.task.utils [-] Waiting for resource . Status changed: CREATE_COMPLETE => CHECK_COMPLETE in 0.05466485023498535
2019-12-16 03:15:30.284 11211 RALLYDEBUG rally.task.utils [-] Waiting for resource . Status changed: CREATE_COMPLETE => CHECK_COMPLETE in 0.05833721160888672
2019-12-16 03:15:30.291 11213 RALLYDEBUG rally.task.utils [-] Waiting for resource . Status changed: CREATE_COMPLETE => CHECK_COMPLETE in 0.051499128341674805
2019-12-16 03:15:30.294 11214 RALLYDEBUG rally.task.utils [-] Waiting for resource . Status changed: CREATE_COMPLETE => CHECK_IN_PROGRESS in 0.054084062576293945
2019-12-16 03:15:30.355 11212 RALLYDEBUG rally.task.utils [-] Waiting for resource . Status changed: CREATE_COMPLETE => DELETE_IN_PROGRESS in 0.04774045944213867
2019-12-16 03:15:30.384 11211 RALLYDEBUG rally.task.utils [-] Waiting for resource . Status changed: CREATE_COMPLETE => DELETE_IN_PROGRESS in 0.04928398132324219
2019-12-16 03:15:30.389 11213 RALLYDEBUG rally.task.utils [-] Waiting for resource . Status changed: CREATE_COMPLETE => DELETE_IN_PROGRESS in 0.051749229431152344
2019-12-16 03:15:31.366 11214 RALLYDEBUG rally.task.utils [-] Waiting for resource . Status changed: CHECK_IN_PROGRESS => CHECK_COMPLETE in 1.0720865726470947
2019-12-16 03:15:31.489 11214 RALLYDEBUG rally.task.utils [-] Waiting for resource . Status changed: CREATE_COMPLETE => DELETE_IN_PROGRESS in 0.05615878105163574
2019-12-16 03:15:32.507 11211 INFO rally.task.runner [-] Task 88be84dc-5c87-4b44-99ad-479c0729d6f8 | ITER: 8 END: OK
2019-12-16 03:15:32.511 11211 INFO rally.task.runner [-] Task 88be84dc-5c87-4b44-99ad-479c0729d6f8 | ITER: 9 START
2019-12-16 03:15:32.513 11213 INFO rally.task.runner [-] Task 88be84dc-5c87-4b44-99ad-479c0729d6f8 | ITER: 7 END: OK
2019-12-16 03:15:32.519 11213 INFO rally.task.runner [-] Task 88be84dc-5c87-4b44-99ad-479c0729d6f8 | ITER: 10 START
2019-12-16 03:15:32.618 11212 INFO rally.task.runner [-] Task 88be84dc-5c87-4b44-99ad-479c0729d6f8 | ITER: 5 END: OK
2019-12-16 03:15:33.598 11214 INFO rally.task.runner [-] Task 88be84dc-5c87-4b44-99ad-479c0729d6f8 | ITER: 6 END: OK
2019-12-16 03:15:35.996 11211 RALLYDEBUG rally.task.utils [-] Waiting for resource . Status changed: CREATE_IN_PROGRESS => CREATE_COMPLETE in 0.06876754760742188
2019-12-16 03:15:36.023 11213 RALLYDEBUG rally.task.utils [-] Waiting for resource . Status changed: CREATE_IN_PROGRESS => CREATE_COMPLETE in 0.07642221450805664
2019-12-16 03:15:36.156 11211 RALLYDEBUG rally.task.utils [-] Waiting for resource . Status changed: CREATE_COMPLETE => CHECK_IN_PROGRESS in 0.06131124496459961
2019-12-16 03:15:36.218 11213 RALLYDEBUG rally.task.utils [-] Waiting for resource . Status changed: CREATE_COMPLETE => CHECK_IN_PROGRESS in 0.061772823333740234
2019-12-16 03:15:37.226 11211 RALLYDEBUG rally.task.utils [-] Waiting for resource . Status changed: CHECK_IN_PROGRESS => CHECK_COMPLETE in 1.0692012310028076
2019-12-16 03:15:37.285 11213 RALLYDEBUG rally.task.utils [-] Waiting for resource . Status changed: CHECK_IN_PROGRESS => CHECK_COMPLETE in 1.0665154457092285
2019-12-16 03:15:37.343 11211 RALLYDEBUG rally.task.utils [-] Waiting for resource . Status changed: CREATE_COMPLETE => DELETE_IN_PROGRESS in 0.056778907775878906
2019-12-16 03:15:37.409 11213 RALLYDEBUG rally.task.utils [-] Waiting for resource . Status changed: CREATE_COMPLETE => DELETE_IN_PROGRESS in 0.0563654899597168
2019-12-16 03:15:39.463 11211 INFO rally.task.runner [-] Task 88be84dc-5c87-4b44-99ad-479c0729d6f8 | ITER: 9 END: OK
2019-12-16 03:15:39.523 11213 INFO rally.task.runner [-] Task 88be84dc-5c87-4b44-99ad-479c0729d6f8 | ITER: 10 END: OK
2019-12-16 03:15:39.552 8497 INFO rally.task.context [-] Task 88be84dc-5c87-4b44-99ad-479c0729d6f8 | Context cleanup@openstack cleanup() started
2019-12-16 03:15:39.556 8497 RALLYDEBUG rally_openstack.cleanup.manager [-] Cleaning up heat stacks objects
2019-12-16 03:15:41.095 8497 INFO rally.task.context [-] Task 88be84dc-5c87-4b44-99ad-479c0729d6f8 | Context cleanup@openstack cleanup() finished in 1.54 sec
2019-12-16 03:15:41.096 8497 INFO rally.task.context [-] Task 88be84dc-5c87-4b44-99ad-479c0729d6f8 | Context roles@openstack cleanup() started
2019-12-16 03:15:41.096 8497 RALLYDEBUG rally_openstack.contexts.keystone.roles [-] Removing assigned role c76c8d4b150a43ecb6708ce5671ffd4a from all users
2019-12-16 03:15:42.072 8497 INFO rally.task.context [-] Task 88be84dc-5c87-4b44-99ad-479c0729d6f8 | Context roles@openstack cleanup() finished in 0.98 sec
2019-12-16 03:15:42.073 8497 INFO rally.task.context [-] Task 88be84dc-5c87-4b44-99ad-479c0729d6f8 | Context users@openstack cleanup() started
2019-12-16 03:15:47.313 8497 INFO rally.task.context [-] Task 88be84dc-5c87-4b44-99ad-479c0729d6f8 | Context users@openstack cleanup() finished in 5.24 sec
2019-12-16 03:15:48.742 8497 INFO rally.task.engine [-] Load duration is: 16.608156
2019-12-16 03:15:48.742 8497 INFO rally.task.engine [-] Full runner duration is: 18.658145
2019-12-16 03:15:48.743 8497 INFO rally.task.engine [-] Full duration is: 34.767438
2019-12-16 03:15:49.075 8497 INFO rally.task.engine [-] Running workload: position = 0 config = { "version": 2, "title": "A cropped version of a bigger task.", "description": "Auto-generated task from a single workload (uuid=dcd6d678-64e8-406d-9f24-d8b087a4d3fc)", "subtasks": [ { "title": "HeatStacks.create_suspend_resume_delete_stack", "description": "Create, suspend-resume and then delete a stack.", "scenario": { "HeatStacks.create_suspend_resume_delete_stack": { "template_path": "/usr/lib/python3.6/site-packages/functest/opnfv_tests/openstack/rally/scenario/templates/random_strings.yaml.template" } }, "contexts": { "users": { "tenants": 3, "users_per_tenant": 2 }, "roles": [ "heat_stack_owner" ] }, "runner": { "constant": { "concurrency": 4, "times": 10 } }, "hooks": [], "sla": { "failure_rate": { "max": 0 } } } ] }
2019-12-16 03:15:49.101 8497 RALLYDEBUG rally_openstack.contexts.keystone.users [-] Creating 3 tenants using 20 threads
2019-12-16 03:15:50.026 8497 RALLYDEBUG rally_openstack.contexts.keystone.users [-] Creating 6 users using 20 threads
2019-12-16 03:15:51.565 8497 INFO rally.task.context [-] Task 88be84dc-5c87-4b44-99ad-479c0729d6f8 | Context users@openstack setup() finished in 2.46 sec
2019-12-16 03:15:52.250 8497 RALLYDEBUG rally_openstack.contexts.keystone.roles [-] Adding role heat_stack_owner having ID c76c8d4b150a43ecb6708ce5671ffd4a to all users using 30 threads
2019-12-16 03:15:57.343 8497 INFO rally.task.context [-] Task 88be84dc-5c87-4b44-99ad-479c0729d6f8 | Context roles@openstack setup() finished in 5.78 sec
2019-12-16 03:15:57.344 8497 INFO rally.task.context [-] Task 88be84dc-5c87-4b44-99ad-479c0729d6f8 | Context cleanup@openstack setup() finished in 0.01 msec
2019-12-16 03:15:57.354 8497 RALLYDEBUG rally.task.runner [-] Starting the constant runner (task UUID: 88be84dc-5c87-4b44-99ad-479c0729d6f8). times: 10 concurrency: 4 timeout: 0 max_cpu_used: 16 processes_to_start: 4 concurrency_per_worker: 1 concurrency_overhead: 0
2019-12-16 03:15:57.365 11395 RALLYDEBUG rally.task.runner [-] Starting a worker. times: 10 duration: None concurrency: 1 timeout: 0 cls: method_name: run args: {"template_path": "heat_template_version: 2014-10-16\n\ndescription: Test template for rally create-update-delete scenario\n\nresources:\n test_string_one:\n type: OS::Heat::RandomString\n properties:\n length: 20\n test_string_two:\n type: OS::Heat::RandomString\n properties:\n length: 20"}
2019-12-16 03:15:57.369 11396 RALLYDEBUG rally.task.runner [-] Starting a worker. times: 10 duration: None concurrency: 1 timeout: 0 cls: method_name: run args: {"template_path": "heat_template_version: 2014-10-16\n\ndescription: Test template for rally create-update-delete scenario\n\nresources:\n test_string_one:\n type: OS::Heat::RandomString\n properties:\n length: 20\n test_string_two:\n type: OS::Heat::RandomString\n properties:\n length: 20"}
2019-12-16 03:15:57.372 11395 INFO rally.task.runner [-] Task 88be84dc-5c87-4b44-99ad-479c0729d6f8 | ITER: 1 START
2019-12-16 03:15:57.372 11397 RALLYDEBUG rally.task.runner [-] Starting a worker. times: 10 duration: None concurrency: 1 timeout: 0 cls: method_name: run args: {"template_path": "heat_template_version: 2014-10-16\n\ndescription: Test template for rally create-update-delete scenario\n\nresources:\n test_string_one:\n type: OS::Heat::RandomString\n properties:\n length: 20\n test_string_two:\n type: OS::Heat::RandomString\n properties:\n length: 20"}
2019-12-16 03:15:57.377 11396 INFO rally.task.runner [-] Task 88be84dc-5c87-4b44-99ad-479c0729d6f8 | ITER: 2 START
2019-12-16 03:15:57.376 11399 RALLYDEBUG rally.task.runner [-] Starting a worker. times: 10 duration: None concurrency: 1 timeout: 0 cls: method_name: run args: {"template_path": "heat_template_version: 2014-10-16\n\ndescription: Test template for rally create-update-delete scenario\n\nresources:\n test_string_one:\n type: OS::Heat::RandomString\n properties:\n length: 20\n test_string_two:\n type: OS::Heat::RandomString\n properties:\n length: 20"}
2019-12-16 03:15:57.379 11397 INFO rally.task.runner [-] Task 88be84dc-5c87-4b44-99ad-479c0729d6f8 | ITER: 3 START
2019-12-16 03:15:57.383 11399 INFO rally.task.runner [-] Task 88be84dc-5c87-4b44-99ad-479c0729d6f8 | ITER: 4 START
2019-12-16 03:16:00.780 11399 RALLYDEBUG rally.task.utils [-] Waiting for resource . Status changed: CREATE_IN_PROGRESS => CREATE_COMPLETE in 0.07162022590637207
2019-12-16 03:16:00.859 11396 RALLYDEBUG rally.task.utils [-] Waiting for resource . Status changed: CREATE_IN_PROGRESS => CREATE_COMPLETE in 0.07138299942016602
2019-12-16 03:16:00.859 11395 RALLYDEBUG rally.task.utils [-] Waiting for resource . Status changed: CREATE_IN_PROGRESS => CREATE_COMPLETE in 0.06527161598205566
2019-12-16 03:16:00.914 11397 RALLYDEBUG rally.task.utils [-] Waiting for resource . Status changed: CREATE_IN_PROGRESS => CREATE_COMPLETE in 0.07111239433288574
2019-12-16 03:16:00.941 11399 RALLYDEBUG rally.task.utils [-] Waiting for resource . Status changed: CREATE_COMPLETE => SUSPEND_IN_PROGRESS in 0.0579228401184082
2019-12-16 03:16:00.995 11396 RALLYDEBUG rally.task.utils [-] Waiting for resource . Status changed: CREATE_COMPLETE => SUSPEND_COMPLETE in 0.05439352989196777
2019-12-16 03:16:01.005 11395 RALLYDEBUG rally.task.utils [-] Waiting for resource . Status changed: CREATE_COMPLETE => SUSPEND_IN_PROGRESS in 0.05900931358337402
2019-12-16 03:16:01.054 11397 RALLYDEBUG rally.task.utils [-] Waiting for resource . Status changed: CREATE_COMPLETE => SUSPEND_IN_PROGRESS in 0.05326557159423828
2019-12-16 03:16:01.123 11396 RALLYDEBUG rally.task.utils [-] Waiting for resource . Status changed: CREATE_COMPLETE => RESUME_IN_PROGRESS in 0.05239439010620117
2019-12-16 03:16:02.007 11399 RALLYDEBUG rally.task.utils [-] Waiting for resource . Status changed: SUSPEND_IN_PROGRESS => SUSPEND_COMPLETE in 1.065810203552246
2019-12-16 03:16:02.072 11395 RALLYDEBUG rally.task.utils [-] Waiting for resource . Status changed: SUSPEND_IN_PROGRESS => SUSPEND_COMPLETE in 1.066941261291504
2019-12-16 03:16:02.122 11397 RALLYDEBUG rally.task.utils [-] Waiting for resource . Status changed: SUSPEND_IN_PROGRESS => SUSPEND_COMPLETE in 1.0680458545684814
2019-12-16 03:16:02.185 11396 RALLYDEBUG rally.task.utils [-] Waiting for resource . Status changed: RESUME_IN_PROGRESS => RESUME_COMPLETE in 1.0618524551391602
2019-12-16 03:16:02.236 11395 RALLYDEBUG rally.task.utils [-] Waiting for resource . Status changed: CREATE_COMPLETE => RESUME_IN_PROGRESS in 0.05831336975097656
2019-12-16 03:16:02.266 11399 RALLYDEBUG rally.task.utils [-] Waiting for resource . Status changed: CREATE_COMPLETE => RESUME_IN_PROGRESS in 0.06309628486633301
2019-12-16 03:16:02.268 11397 RALLYDEBUG rally.task.utils [-] Waiting for resource . Status changed: CREATE_COMPLETE => RESUME_IN_PROGRESS in 0.06093287467956543
2019-12-16 03:16:02.292 11396 RALLYDEBUG rally.task.utils [-] Waiting for resource . Status changed: CREATE_COMPLETE => DELETE_IN_PROGRESS in 0.04808616638183594
2019-12-16 03:16:03.306 11395 RALLYDEBUG rally.task.utils [-] Waiting for resource . Status changed: RESUME_IN_PROGRESS => RESUME_COMPLETE in 1.0698356628417969
2019-12-16 03:16:03.333 11397 RALLYDEBUG rally.task.utils [-] Waiting for resource . Status changed: RESUME_IN_PROGRESS => RESUME_COMPLETE in 1.0649797916412354
2019-12-16 03:16:03.337 11399 RALLYDEBUG rally.task.utils [-] Waiting for resource . Status changed: RESUME_IN_PROGRESS => RESUME_COMPLETE in 1.070481538772583
2019-12-16 03:16:03.418 11395 RALLYDEBUG rally.task.utils [-] Waiting for resource . Status changed: CREATE_COMPLETE => DELETE_IN_PROGRESS in 0.05861330032348633
2019-12-16 03:16:03.443 11399 RALLYDEBUG rally.task.utils [-] Waiting for resource . Status changed: CREATE_COMPLETE => DELETE_IN_PROGRESS in 0.05559229850769043
2019-12-16 03:16:03.445 11397 RALLYDEBUG rally.task.utils [-] Waiting for resource . Status changed: CREATE_COMPLETE => DELETE_IN_PROGRESS in 0.058515071868896484
2019-12-16 03:16:04.407 11396 INFO rally.task.runner [-] Task 88be84dc-5c87-4b44-99ad-479c0729d6f8 | ITER: 2 END: OK
2019-12-16 03:16:04.411 11396 INFO rally.task.runner [-] Task 88be84dc-5c87-4b44-99ad-479c0729d6f8 | ITER: 5 START
2019-12-16 03:16:05.542 11395 INFO rally.task.runner [-] Task 88be84dc-5c87-4b44-99ad-479c0729d6f8 | ITER: 1 END: OK
2019-12-16 03:16:05.546 11395 INFO rally.task.runner [-] Task 88be84dc-5c87-4b44-99ad-479c0729d6f8 | ITER: 6 START
2019-12-16 03:16:05.561 11399 INFO rally.task.runner [-] Task 88be84dc-5c87-4b44-99ad-479c0729d6f8 | ITER: 4 END: OK
2019-12-16 03:16:05.565 11399 INFO rally.task.runner [-] Task 88be84dc-5c87-4b44-99ad-479c0729d6f8 | ITER: 7 START
2019-12-16 03:16:05.570 11397 INFO rally.task.runner [-] Task 88be84dc-5c87-4b44-99ad-479c0729d6f8 | ITER: 3 END: OK
2019-12-16 03:16:05.574 11397 INFO rally.task.runner [-] Task 88be84dc-5c87-4b44-99ad-479c0729d6f8 | ITER: 8 START
2019-12-16 03:16:07.819 11396 RALLYDEBUG rally.task.utils [-] Waiting for resource . Status changed: CREATE_IN_PROGRESS => CREATE_COMPLETE in 0.07252168655395508
2019-12-16 03:16:07.982 11396 RALLYDEBUG rally.task.utils [-] Waiting for resource . Status changed: CREATE_COMPLETE => SUSPEND_IN_PROGRESS in 0.0638880729675293
2019-12-16 03:16:08.917 11399 RALLYDEBUG rally.task.utils [-] Waiting for resource . Status changed: CREATE_IN_PROGRESS => CREATE_COMPLETE in 0.05576348304748535
2019-12-16 03:16:09.047 11397 RALLYDEBUG rally.task.utils [-] Waiting for resource . Status changed: CREATE_IN_PROGRESS => CREATE_COMPLETE in 0.06397843360900879
2019-12-16 03:16:09.047 11396 RALLYDEBUG rally.task.utils [-] Waiting for resource . Status changed: SUSPEND_IN_PROGRESS => SUSPEND_COMPLETE in 1.06520676612854
2019-12-16 03:16:09.075 11399 RALLYDEBUG rally.task.utils [-] Waiting for resource . Status changed: CREATE_COMPLETE => SUSPEND_COMPLETE in 0.06955552101135254
2019-12-16 03:16:09.148 11395 RALLYDEBUG rally.task.utils [-] Waiting for resource . Status changed: CREATE_IN_PROGRESS => CREATE_COMPLETE in 0.05437469482421875
2019-12-16 03:16:09.180 11396 RALLYDEBUG rally.task.utils [-] Waiting for resource . Status changed: CREATE_COMPLETE => RESUME_COMPLETE in 0.05986738204956055
2019-12-16 03:16:09.181 11397 RALLYDEBUG rally.task.utils [-] Waiting for resource . Status changed: CREATE_COMPLETE => SUSPEND_COMPLETE in 0.05567598342895508
2019-12-16 03:16:09.203 11399 RALLYDEBUG rally.task.utils [-] Waiting for resource . Status changed: CREATE_COMPLETE => RESUME_IN_PROGRESS in 0.05157065391540527
2019-12-16 03:16:09.282 11396 RALLYDEBUG rally.task.utils [-] Waiting for resource . Status changed: CREATE_COMPLETE => DELETE_IN_PROGRESS in 0.051438093185424805
2019-12-16 03:16:09.293 11395 RALLYDEBUG rally.task.utils [-] Waiting for resource . Status changed: CREATE_COMPLETE => SUSPEND_COMPLETE in 0.06643486022949219
2019-12-16 03:16:09.307 11397 RALLYDEBUG rally.task.utils [-] Waiting for resource . Status changed: CREATE_COMPLETE => RESUME_IN_PROGRESS in 0.05251336097717285
2019-12-16 03:16:09.420 11395 RALLYDEBUG rally.task.utils [-] Waiting for resource . Status changed: CREATE_COMPLETE => RESUME_IN_PROGRESS in 0.05474400520324707
2019-12-16 03:16:10.275 11399 RALLYDEBUG rally.task.utils [-] Waiting for resource . Status changed: RESUME_IN_PROGRESS => RESUME_COMPLETE in 1.0722217559814453
2019-12-16 03:16:10.380 11397 RALLYDEBUG rally.task.utils [-] Waiting for resource . Status changed: RESUME_IN_PROGRESS => RESUME_COMPLETE in 1.0725352764129639
2019-12-16 03:16:10.393 11399 RALLYDEBUG rally.task.utils [-] Waiting for resource . Status changed: CREATE_COMPLETE => DELETE_IN_PROGRESS in 0.053128957748413086
2019-12-16 03:16:10.483 11395 RALLYDEBUG rally.task.utils [-] Waiting for resource . Status changed: RESUME_IN_PROGRESS => RESUME_COMPLETE in 1.0628962516784668
2019-12-16 03:16:10.501 11397 RALLYDEBUG rally.task.utils [-] Waiting for resource . Status changed: CREATE_COMPLETE => DELETE_IN_PROGRESS in 0.047740936279296875
2019-12-16 03:16:10.590 11395 RALLYDEBUG rally.task.utils [-] Waiting for resource . Status changed: CREATE_COMPLETE => DELETE_IN_PROGRESS in 0.05206894874572754
2019-12-16 03:16:11.400 11396 INFO rally.task.runner [-] Task 88be84dc-5c87-4b44-99ad-479c0729d6f8 | ITER: 5 END: OK
2019-12-16 03:16:11.404 11396 INFO rally.task.runner [-] Task 88be84dc-5c87-4b44-99ad-479c0729d6f8 | ITER: 9 START
2019-12-16 03:16:12.507 11399 INFO rally.task.runner [-] Task 88be84dc-5c87-4b44-99ad-479c0729d6f8 | ITER: 7 END: OK
2019-12-16 03:16:12.511 11399 INFO rally.task.runner [-] Task 88be84dc-5c87-4b44-99ad-479c0729d6f8 | ITER: 10 START
2019-12-16 03:16:12.608 11397 INFO rally.task.runner [-] Task 88be84dc-5c87-4b44-99ad-479c0729d6f8 | ITER: 8 END: OK
2019-12-16 03:16:12.694 11395 INFO rally.task.runner [-] Task 88be84dc-5c87-4b44-99ad-479c0729d6f8 | ITER: 6 END: OK
2019-12-16 03:16:14.910 11396 RALLYDEBUG rally.task.utils [-] Waiting for resource . Status changed: CREATE_IN_PROGRESS => CREATE_COMPLETE in 0.07238006591796875
2019-12-16 03:16:15.070 11396 RALLYDEBUG rally.task.utils [-] Waiting for resource . Status changed: CREATE_COMPLETE => SUSPEND_IN_PROGRESS in 0.06037163734436035
2019-12-16 03:16:16.013 11399 RALLYDEBUG rally.task.utils [-] Waiting for resource . Status changed: CREATE_IN_PROGRESS => CREATE_COMPLETE in 0.08467507362365723
2019-12-16 03:16:16.140 11396 RALLYDEBUG rally.task.utils [-] Waiting for resource . Status changed: SUSPEND_IN_PROGRESS => SUSPEND_COMPLETE in 1.0692493915557861
2019-12-16 03:16:16.179 11399 RALLYDEBUG rally.task.utils [-] Waiting for resource . Status changed: CREATE_COMPLETE => SUSPEND_COMPLETE in 0.07081913948059082
2019-12-16 03:16:16.289 11396 RALLYDEBUG rally.task.utils [-] Waiting for resource . Status changed: CREATE_COMPLETE => RESUME_IN_PROGRESS in 0.05373382568359375
2019-12-16 03:16:16.324 11399 RALLYDEBUG rally.task.utils [-] Waiting for resource . Status changed: CREATE_COMPLETE => RESUME_IN_PROGRESS in 0.0566713809967041
2019-12-16 03:16:17.370 11396 RALLYDEBUG rally.task.utils [-] Waiting for resource . Status changed: RESUME_IN_PROGRESS => RESUME_COMPLETE in 1.0808124542236328
2019-12-16 03:16:17.404 11399 RALLYDEBUG rally.task.utils [-] Waiting for resource . Status changed: RESUME_IN_PROGRESS => RESUME_COMPLETE in 1.0799129009246826
2019-12-16 03:16:17.491 11396 RALLYDEBUG rally.task.utils [-] Waiting for resource . Status changed: CREATE_COMPLETE => DELETE_IN_PROGRESS in 0.05307173728942871
2019-12-16 03:16:17.525 11399 RALLYDEBUG rally.task.utils [-] Waiting for resource . Status changed: CREATE_COMPLETE => DELETE_IN_PROGRESS in 0.05067181587219238
2019-12-16 03:16:19.619 11396 INFO rally.task.runner [-] Task 88be84dc-5c87-4b44-99ad-479c0729d6f8 | ITER: 9 END: OK
2019-12-16 03:16:19.655 11399 INFO rally.task.runner [-] Task 88be84dc-5c87-4b44-99ad-479c0729d6f8 | ITER: 10 END: OK
2019-12-16 03:16:19.678 8497 INFO rally.task.context [-] Task 88be84dc-5c87-4b44-99ad-479c0729d6f8 | Context cleanup@openstack cleanup() started
2019-12-16 03:16:19.682 8497 RALLYDEBUG rally_openstack.cleanup.manager [-] Cleaning up heat stacks objects
2019-12-16 03:16:21.128 8497 INFO rally.task.context [-] Task 88be84dc-5c87-4b44-99ad-479c0729d6f8 | Context cleanup@openstack cleanup() finished in 1.45 sec
2019-12-16 03:16:21.129 8497 INFO rally.task.context [-] Task 88be84dc-5c87-4b44-99ad-479c0729d6f8 | Context roles@openstack cleanup() started
2019-12-16 03:16:21.129 8497 RALLYDEBUG rally_openstack.contexts.keystone.roles [-] Removing assigned role c76c8d4b150a43ecb6708ce5671ffd4a from all users
2019-12-16 03:16:22.080 8497 INFO rally.task.context [-] Task 88be84dc-5c87-4b44-99ad-479c0729d6f8 | Context roles@openstack cleanup() finished in 0.95 sec
2019-12-16 03:16:22.081 8497 INFO rally.task.context [-] Task 88be84dc-5c87-4b44-99ad-479c0729d6f8 | Context users@openstack cleanup() started
2019-12-16 03:16:27.078 8497 INFO rally.task.context [-] Task 88be84dc-5c87-4b44-99ad-479c0729d6f8 | Context users@openstack cleanup() finished in 5.00 sec
2019-12-16 03:16:27.330 8497 INFO rally.task.engine [-] Load duration is: 20.281709
2019-12-16 03:16:27.331 8497 INFO rally.task.engine [-] Full runner duration is: 22.324645
2019-12-16 03:16:27.331 8497 INFO rally.task.engine [-] Full duration is: 37.979632
2019-12-16 03:16:27.668 8497 INFO rally.task.engine [-] Running workload: position = 0 config = { "version": 2, "title": "A cropped version of a bigger task.", "description": "Auto-generated task from a single workload (uuid=cc95b2e3-0357-45d6-9d23-3125e1ba061e)", "subtasks": [ { "title": "HeatStacks.list_stacks_and_resources", "description": "List all resources from tenant stacks.", "scenario": { "HeatStacks.list_stacks_and_resources": {} }, "contexts": { "users": { "tenants": 3, "users_per_tenant": 2 }, "roles": [ "heat_stack_owner" ] }, "runner": { "constant": { "concurrency": 4, "times": 10 } }, "hooks": [], "sla": { "failure_rate": { "max": 0 } } } ] }
2019-12-16 03:16:27.692 8497 RALLYDEBUG rally_openstack.contexts.keystone.users [-] Creating 3 tenants using 20 threads
2019-12-16 03:16:28.665 8497 RALLYDEBUG rally_openstack.contexts.keystone.users [-] Creating 6 users using 20 threads
2019-12-16 03:16:30.246 8497 INFO rally.task.context [-] Task 88be84dc-5c87-4b44-99ad-479c0729d6f8 | Context users@openstack setup() finished in 2.55 sec
2019-12-16 03:16:30.981 8497 RALLYDEBUG rally_openstack.contexts.keystone.roles [-] Adding role heat_stack_owner having ID c76c8d4b150a43ecb6708ce5671ffd4a to all users using 30 threads
2019-12-16 03:16:36.073 8497 INFO rally.task.context [-] Task 88be84dc-5c87-4b44-99ad-479c0729d6f8 | Context roles@openstack setup() finished in 5.83 sec
2019-12-16 03:16:36.082 8497 RALLYDEBUG rally.task.runner [-] Starting the constant runner (task UUID: 88be84dc-5c87-4b44-99ad-479c0729d6f8). times: 10 concurrency: 4 timeout: 0 max_cpu_used: 16 processes_to_start: 4 concurrency_per_worker: 1 concurrency_overhead: 0
2019-12-16 03:16:36.093 11579 RALLYDEBUG rally.task.runner [-] Starting a worker. times: 10 duration: None concurrency: 1 timeout: 0 cls: method_name: run args: {}
2019-12-16 03:16:36.096 11580 RALLYDEBUG rally.task.runner [-] Starting a worker. times: 10 duration: None concurrency: 1 timeout: 0 cls: method_name: run args: {}
2019-12-16 03:16:36.100 11579 INFO rally.task.runner [-] Task 88be84dc-5c87-4b44-99ad-479c0729d6f8 | ITER: 1 START
2019-12-16 03:16:36.100 11581 RALLYDEBUG rally.task.runner [-] Starting a worker. times: 10 duration: None concurrency: 1 timeout: 0 cls: method_name: run args: {}
2019-12-16 03:16:36.103 11582 RALLYDEBUG rally.task.runner [-] Starting a worker. times: 10 duration: None concurrency: 1 timeout: 0 cls: method_name: run args: {}
2019-12-16 03:16:36.103 11580 INFO rally.task.runner [-] Task 88be84dc-5c87-4b44-99ad-479c0729d6f8 | ITER: 2 START
2019-12-16 03:16:36.106 11581 INFO rally.task.runner [-] Task 88be84dc-5c87-4b44-99ad-479c0729d6f8 | ITER: 3 START
2019-12-16 03:16:36.109 11582 INFO rally.task.runner [-] Task 88be84dc-5c87-4b44-99ad-479c0729d6f8 | ITER: 4 START
2019-12-16 03:16:36.648 11582 INFO rally.task.runner [-] Task 88be84dc-5c87-4b44-99ad-479c0729d6f8 | ITER: 4 END: OK
2019-12-16 03:16:36.649 11580 INFO rally.task.runner [-] Task 88be84dc-5c87-4b44-99ad-479c0729d6f8 | ITER: 2 END: OK
2019-12-16 03:16:36.653 11582 INFO rally.task.runner [-] Task 88be84dc-5c87-4b44-99ad-479c0729d6f8 | ITER: 5 START
2019-12-16 03:16:36.653 11581 INFO rally.task.runner [-] Task 88be84dc-5c87-4b44-99ad-479c0729d6f8 | ITER: 3 END: OK
2019-12-16 03:16:36.653 11580 INFO rally.task.runner [-] Task 88be84dc-5c87-4b44-99ad-479c0729d6f8 | ITER: 6 START
2019-12-16 03:16:36.658 11581 INFO rally.task.runner [-] Task 88be84dc-5c87-4b44-99ad-479c0729d6f8 | ITER: 7 START
2019-12-16 03:16:36.659 11579 INFO rally.task.runner [-] Task 88be84dc-5c87-4b44-99ad-479c0729d6f8 | ITER: 1 END: OK
2019-12-16 03:16:36.665 11579 INFO rally.task.runner [-] Task 88be84dc-5c87-4b44-99ad-479c0729d6f8 | ITER: 8 START
2019-12-16 03:16:37.034 11579 INFO rally.task.runner [-] Task 88be84dc-5c87-4b44-99ad-479c0729d6f8 | ITER: 8 END: OK
2019-12-16 03:16:37.038 11579 INFO rally.task.runner [-] Task 88be84dc-5c87-4b44-99ad-479c0729d6f8 | ITER: 9 START
2019-12-16 03:16:37.072 11582 INFO rally.task.runner [-] Task 88be84dc-5c87-4b44-99ad-479c0729d6f8 | ITER: 5 END: OK
2019-12-16 03:16:37.075 11582 INFO rally.task.runner [-] Task 88be84dc-5c87-4b44-99ad-479c0729d6f8 | ITER: 10 START
2019-12-16 03:16:37.109 11580 INFO rally.task.runner [-] Task 88be84dc-5c87-4b44-99ad-479c0729d6f8 | ITER: 6 END: OK
2019-12-16 03:16:37.122 11581 INFO rally.task.runner [-] Task 88be84dc-5c87-4b44-99ad-479c0729d6f8 | ITER: 7 END: OK
2019-12-16 03:16:37.405 11579 INFO rally.task.runner [-] Task 88be84dc-5c87-4b44-99ad-479c0729d6f8 | ITER: 9 END: OK
2019-12-16 03:16:37.456 11582 INFO rally.task.runner [-] Task 88be84dc-5c87-4b44-99ad-479c0729d6f8 | ITER: 10 END: OK
2019-12-16 03:16:37.483 8497 INFO rally.task.context [-] Task 88be84dc-5c87-4b44-99ad-479c0729d6f8 | Context roles@openstack cleanup() started
2019-12-16 03:16:37.484 8497 RALLYDEBUG rally_openstack.contexts.keystone.roles [-] Removing assigned role c76c8d4b150a43ecb6708ce5671ffd4a from all users
2019-12-16 03:16:38.404 8497 INFO rally.task.context [-] Task 88be84dc-5c87-4b44-99ad-479c0729d6f8 | Context roles@openstack cleanup() finished in 0.92 sec
2019-12-16 03:16:38.404 8497 INFO rally.task.context [-] Task 88be84dc-5c87-4b44-99ad-479c0729d6f8 | Context users@openstack cleanup() started
2019-12-16 03:16:42.943 8497 INFO rally.task.context [-] Task 88be84dc-5c87-4b44-99ad-479c0729d6f8 | Context users@openstack cleanup() finished in 4.54 sec
2019-12-16 03:16:43.825 8497 INFO rally.task.engine [-] Load duration is: 1.354669
2019-12-16 03:16:43.825 8497 INFO rally.task.engine [-] Full runner duration is: 1.401654
2019-12-16 03:16:43.826 8497 INFO rally.task.engine [-] Full duration is: 15.252823
2019-12-16 03:16:44.092 8497 INFO rally.task.engine [-] Task 88be84dc-5c87-4b44-99ad-479c0729d6f8 | Completed: Running task.
2019-12-16 03:16:45.636 11671 RALLYDEBUG rally.api [-] INFO logs from urllib3 and requests module are hide.
2019-12-16 03:16:45.637 11671 RALLYDEBUG rally.api [-] urllib3 insecure warnings are hidden.
2019-12-16 03:16:45.637 11671 RALLYDEBUG rally.api [-] ERROR log from boto module is hide.
2019-12-16 03:16:46.865 11672 RALLYDEBUG rally.api [-] INFO logs from urllib3 and requests module are hide.
2019-12-16 03:16:46.865 11672 RALLYDEBUG rally.api [-] urllib3 insecure warnings are hidden.
2019-12-16 03:16:46.865 11672 RALLYDEBUG rally.api [-] ERROR log from boto module is hide.
2019-12-16 03:16:48.142 11673 RALLYDEBUG rally.api [-] INFO logs from urllib3 and requests module are hide.
2019-12-16 03:16:48.142 11673 RALLYDEBUG rally.api [-] urllib3 insecure warnings are hidden.
2019-12-16 03:16:48.142 11673 RALLYDEBUG rally.api [-] ERROR log from boto module is hide.
2019-12-16 03:16:49.869 11673 INFO rally.api [-] Building 'json' report for the following task(s): '88be84dc-5c87-4b44-99ad-479c0729d6f8'.
2019-12-16 03:16:49.893 11673 INFO rally.api [-] The report has been successfully built.
2019-12-16 03:16:51.269 11675 RALLYDEBUG rally.api [-] INFO logs from urllib3 and requests module are hide.
2019-12-16 03:16:51.270 11675 RALLYDEBUG rally.api [-] urllib3 insecure warnings are hidden.
2019-12-16 03:16:51.270 11675 RALLYDEBUG rally.api [-] ERROR log from boto module is hide.
2019-12-16 03:16:53.135 11675 INFO rally.task.engine [-] Task d9d40418-4ae4-47e5-9be9-76f065acee4f | Starting: Task validation.
2019-12-16 03:16:53.224 11675 INFO rally.task.engine [-] Task d9d40418-4ae4-47e5-9be9-76f065acee4f | Starting: Task validation of syntax.
2019-12-16 03:16:53.372 11675 INFO rally.task.engine [-] Task d9d40418-4ae4-47e5-9be9-76f065acee4f | Completed: Task validation of syntax.
2019-12-16 03:16:53.372 11675 INFO rally.task.engine [-] Task d9d40418-4ae4-47e5-9be9-76f065acee4f | Starting: Task validation of required platforms.
2019-12-16 03:16:53.437 11675 INFO rally.task.engine [-] Task d9d40418-4ae4-47e5-9be9-76f065acee4f | Completed: Task validation of required platforms.
2019-12-16 03:16:53.438 11675 INFO rally.task.engine [-] Task d9d40418-4ae4-47e5-9be9-76f065acee4f | Starting: Task validation of semantic.
2019-12-16 03:16:53.439 11675 INFO rally.task.engine [-] Check health of the environment '15dcd1f7-659f-45e1-9a78-ce52478d58f0'.
2019-12-16 03:16:54.398 11675 INFO rally.task.engine [-] Platform existing@openstack (available: True): OK!
2019-12-16 03:16:54.417 11675 RALLYDEBUG rally_openstack.contexts.keystone.users [-] Creating 1 tenants using 20 threads
2019-12-16 03:16:55.218 11675 RALLYDEBUG rally_openstack.contexts.keystone.users [-] Creating 1 users using 20 threads
2019-12-16 03:16:56.617 11675 INFO rally.task.context [-] Task d9d40418-4ae4-47e5-9be9-76f065acee4f | Context users@openstack setup() finished in 2.20 sec
2019-12-16 03:16:56.711 11675 INFO rally.task.context [-] Task d9d40418-4ae4-47e5-9be9-76f065acee4f | Context users@openstack cleanup() started
2019-12-16 03:16:59.626 11675 INFO rally.task.context [-] Task d9d40418-4ae4-47e5-9be9-76f065acee4f | Context users@openstack cleanup() finished in 2.91 sec
2019-12-16 03:16:59.626 11675 INFO rally.task.engine [-] Task d9d40418-4ae4-47e5-9be9-76f065acee4f | Completed: Task validation of semantic.
2019-12-16 03:16:59.627 11675 INFO rally.task.engine [-] Task d9d40418-4ae4-47e5-9be9-76f065acee4f | Completed: Task validation.
2019-12-16 03:16:59.627 11675 INFO rally.api [-] Task d9d40418-4ae4-47e5-9be9-76f065acee4f input file is valid.
2019-12-16 03:16:59.628 11675 INFO rally.api [-] Run Task d9d40418-4ae4-47e5-9be9-76f065acee4f against Deployment 15dcd1f7-659f-45e1-9a78-ce52478d58f0
2019-12-16 03:16:59.628 11675 INFO rally.task.engine [-] Task d9d40418-4ae4-47e5-9be9-76f065acee4f | Starting: Running task.
2019-12-16 03:16:59.812 11675 INFO rally.task.engine [-] Running workload: position = 0 config = { "version": 2, "title": "A cropped version of a bigger task.", "description": "Auto-generated task from a single workload (uuid=f4d1bf79-8fe8-419b-9fe6-65e3313c9428)", "subtasks": [ { "title": "KeystoneBasic.add_and_remove_user_role", "description": "Create a user role add to a user and disassociate.", "scenario": { "KeystoneBasic.add_and_remove_user_role": {} }, "contexts": { "users": { "tenants": 3, "users_per_tenant": 2 } }, "runner": { "constant": { "concurrency": 4, "times": 10 } }, "hooks": [], "sla": { "failure_rate": { "max": 0 } } } ] }
2019-12-16 03:16:59.835 11675 RALLYDEBUG rally_openstack.contexts.keystone.users [-] Creating 3 tenants using 20 threads
2019-12-16 03:17:00.715 11675 RALLYDEBUG rally_openstack.contexts.keystone.users [-] Creating 6 users using 20 threads
2019-12-16 03:17:02.240 11675 INFO rally.task.context [-] Task d9d40418-4ae4-47e5-9be9-76f065acee4f | Context users@openstack setup() finished in 2.41 sec
2019-12-16 03:17:02.241 11675 INFO rally.task.context [-] Task d9d40418-4ae4-47e5-9be9-76f065acee4f | Context admin_cleanup@openstack setup() finished in 0.02 msec
2019-12-16 03:17:02.251 11675 RALLYDEBUG rally.task.runner [-] Starting the constant runner (task UUID: d9d40418-4ae4-47e5-9be9-76f065acee4f). times: 10 concurrency: 4 timeout: 0 max_cpu_used: 16 processes_to_start: 4 concurrency_per_worker: 1 concurrency_overhead: 0
2019-12-16 03:17:02.265 11799 RALLYDEBUG rally.task.runner [-] Starting a worker. times: 10 duration: None concurrency: 1 timeout: 0 cls: method_name: run args: {}
2019-12-16 03:17:02.268 11800 RALLYDEBUG rally.task.runner [-] Starting a worker. times: 10 duration: None concurrency: 1 timeout: 0 cls: method_name: run args: {}
2019-12-16 03:17:02.271 11799 INFO rally.task.runner [-] Task d9d40418-4ae4-47e5-9be9-76f065acee4f | ITER: 1 START
2019-12-16 03:17:02.272 11801 RALLYDEBUG rally.task.runner [-] Starting a worker. times: 10 duration: None concurrency: 1 timeout: 0 cls: method_name: run args: {}
2019-12-16 03:17:02.275 11800 INFO rally.task.runner [-] Task d9d40418-4ae4-47e5-9be9-76f065acee4f | ITER: 2 START
2019-12-16 03:17:02.275 11803 RALLYDEBUG rally.task.runner [-] Starting a worker. times: 10 duration: None concurrency: 1 timeout: 0 cls: method_name: run args: {}
2019-12-16 03:17:02.278 11801 INFO rally.task.runner [-] Task d9d40418-4ae4-47e5-9be9-76f065acee4f | ITER: 3 START
2019-12-16 03:17:02.281 11803 INFO rally.task.runner [-] Task d9d40418-4ae4-47e5-9be9-76f065acee4f | ITER: 4 START
2019-12-16 03:17:03.771 11803 INFO rally.task.runner [-] Task d9d40418-4ae4-47e5-9be9-76f065acee4f | ITER: 4 END: OK
2019-12-16 03:17:03.771 11799 INFO rally.task.runner [-] Task d9d40418-4ae4-47e5-9be9-76f065acee4f | ITER: 1 END: OK
2019-12-16 03:17:03.775 11801 INFO rally.task.runner [-] Task d9d40418-4ae4-47e5-9be9-76f065acee4f | ITER: 3 END: OK
2019-12-16 03:17:03.776 11803 INFO rally.task.runner [-] Task d9d40418-4ae4-47e5-9be9-76f065acee4f | ITER: 5 START
2019-12-16 03:17:03.775 11799 INFO rally.task.runner [-] Task d9d40418-4ae4-47e5-9be9-76f065acee4f | ITER: 6 START
2019-12-16 03:17:03.779 11801 INFO rally.task.runner [-] Task d9d40418-4ae4-47e5-9be9-76f065acee4f | ITER: 7 START
2019-12-16 03:17:03.883 11800 INFO rally.task.runner [-] Task d9d40418-4ae4-47e5-9be9-76f065acee4f | ITER: 2 END: OK
2019-12-16 03:17:03.887 11800 INFO rally.task.runner [-] Task d9d40418-4ae4-47e5-9be9-76f065acee4f | ITER: 8 START
2019-12-16 03:17:05.259 11803 INFO rally.task.runner [-] Task d9d40418-4ae4-47e5-9be9-76f065acee4f | ITER: 5 END: OK
2019-12-16 03:17:05.263 11803 INFO rally.task.runner [-] Task d9d40418-4ae4-47e5-9be9-76f065acee4f | ITER: 9 START
2019-12-16 03:17:05.339 11800 INFO rally.task.runner [-] Task d9d40418-4ae4-47e5-9be9-76f065acee4f | ITER: 8 END: OK
2019-12-16 03:17:05.342 11800 INFO rally.task.runner [-] Task d9d40418-4ae4-47e5-9be9-76f065acee4f | ITER: 10 START
2019-12-16 03:17:05.361 11801 INFO rally.task.runner [-] Task d9d40418-4ae4-47e5-9be9-76f065acee4f | ITER: 7 END: OK
2019-12-16 03:17:05.373 11799 INFO rally.task.runner [-] Task d9d40418-4ae4-47e5-9be9-76f065acee4f | ITER: 6 END: OK
2019-12-16 03:17:06.850 11803 INFO rally.task.runner [-] Task d9d40418-4ae4-47e5-9be9-76f065acee4f | ITER: 9 END: OK
2019-12-16 03:17:07.063 11800 INFO rally.task.runner [-] Task d9d40418-4ae4-47e5-9be9-76f065acee4f | ITER: 10 END: OK
2019-12-16 03:17:07.095 11675 INFO rally.task.context [-] Task d9d40418-4ae4-47e5-9be9-76f065acee4f | Context admin_cleanup@openstack cleanup() started
2019-12-16 03:17:07.099 11675 RALLYDEBUG rally_openstack.cleanup.manager [-] Cleaning up keystone user objects
2019-12-16 03:17:07.968 11675 RALLYDEBUG rally_openstack.cleanup.manager [-] Cleaning up keystone project objects
2019-12-16 03:17:08.691 11675 RALLYDEBUG rally_openstack.cleanup.manager [-] Cleaning up keystone service objects
2019-12-16 03:17:09.427 11675 RALLYDEBUG rally_openstack.cleanup.manager [-] Cleaning up keystone role objects
2019-12-16 03:17:10.129 11675 RALLYDEBUG rally_openstack.cleanup.manager [-] Deleting keystone.role object s_rally_f4d1bf79_vsTqkR5K (2d05f6234e654e39a466b0390a77aaec)
2019-12-16 03:17:10.138 11675 RALLYDEBUG rally_openstack.cleanup.manager [-] Deleting keystone.role object s_rally_f4d1bf79_L6rqAmy8 (317432ec12ed488aaf0933290a361dce)
2019-12-16 03:17:10.152 11675 RALLYDEBUG rally_openstack.cleanup.manager [-] Deleting keystone.role object s_rally_f4d1bf79_c13thZKL (3e2997a454424b97a84814462de3775a)
2019-12-16 03:17:10.153 11675 RALLYDEBUG rally_openstack.cleanup.manager [-] Deleting keystone.role object s_rally_f4d1bf79_R5rvoiYM (3daba865f3f842c3b3676987dfbdfde1)
2019-12-16 03:17:10.156 11675 RALLYDEBUG rally_openstack.cleanup.manager [-] Deleting keystone.role object s_rally_f4d1bf79_Zg9Rf8KJ (7f60c6e924dc4b1d8dad6c4ab926170f)
2019-12-16 03:17:10.165 11675 RALLYDEBUG rally_openstack.cleanup.manager [-] Deleting keystone.role object s_rally_f4d1bf79_pCexL5EV (91afa23768de4a6b89433cbfa5621141)
2019-12-16 03:17:10.178 11675 RALLYDEBUG rally_openstack.cleanup.manager [-] Deleting keystone.role object s_rally_f4d1bf79_pe3qywMg (9f45187d0d15477dab3185a07505d692)
2019-12-16 03:17:10.182 11675 RALLYDEBUG rally_openstack.cleanup.manager [-] Deleting keystone.role object s_rally_f4d1bf79_KGlfosNx (a11f15d5559f4aea9e790fb148343541)
2019-12-16 03:17:10.191 11675 RALLYDEBUG rally_openstack.cleanup.manager [-] Deleting keystone.role object s_rally_f4d1bf79_4TgZ9O19 (cf9e652b088d4b6b8f5f4e3d3aefd771)
2019-12-16 03:17:10.221 11675 RALLYDEBUG rally_openstack.cleanup.manager [-] Deleting keystone.role object s_rally_f4d1bf79_l2zZxTcJ (ce1446ebe3374412a32ae5c52ff3f1e0)
2019-12-16 03:17:12.258 11675 INFO rally.task.context [-] Task d9d40418-4ae4-47e5-9be9-76f065acee4f | Context admin_cleanup@openstack cleanup() finished in 5.16 sec
2019-12-16 03:17:12.259 11675 INFO rally.task.context [-] Task d9d40418-4ae4-47e5-9be9-76f065acee4f | Context users@openstack cleanup() started
2019-12-16 03:17:17.108 11675 INFO rally.task.context [-] Task d9d40418-4ae4-47e5-9be9-76f065acee4f | Context users@openstack cleanup() finished in 4.85 sec
2019-12-16 03:17:18.055 11675 INFO rally.task.engine [-] Load duration is: 3.490302
2019-12-16 03:17:18.055 11675 INFO rally.task.engine [-] Full runner duration is: 4.844615
2019-12-16 03:17:18.055 11675 INFO rally.task.engine [-] Full duration is: 17.275046
2019-12-16 03:17:18.400 11675 INFO rally.task.engine [-] Running workload: position = 0 config = { "version": 2, "title": "A cropped version of a bigger task.", "description": "Auto-generated task from a single workload (uuid=e386bd23-f758-464f-bd72-40842803f787)", "subtasks": [ { "title": "KeystoneBasic.create_add_and_list_user_roles", "description": "Create user role, add it and list user roles for given user.", "scenario": { "KeystoneBasic.create_add_and_list_user_roles": {} }, "contexts": { "users": { "tenants": 3, "users_per_tenant": 2 } }, "runner": { "constant": { "concurrency": 4, "times": 10 } }, "hooks": [], "sla": { "failure_rate": { "max": 0 } } } ] }
2019-12-16 03:17:18.425 11675 RALLYDEBUG rally_openstack.contexts.keystone.users [-] Creating 3 tenants using 20 threads
2019-12-16 03:17:19.497 11675 RALLYDEBUG rally_openstack.contexts.keystone.users [-] Creating 6 users using 20 threads
2019-12-16 03:17:21.090 11675 INFO rally.task.context [-] Task d9d40418-4ae4-47e5-9be9-76f065acee4f | Context users@openstack setup() finished in 2.67 sec
2019-12-16 03:17:21.091 11675 INFO rally.task.context [-] Task d9d40418-4ae4-47e5-9be9-76f065acee4f | Context admin_cleanup@openstack setup() finished in 0.01 msec
2019-12-16 03:17:21.100 11675 RALLYDEBUG rally.task.runner [-] Starting the constant runner (task UUID: d9d40418-4ae4-47e5-9be9-76f065acee4f). times: 10 concurrency: 4 timeout: 0 max_cpu_used: 16 processes_to_start: 4 concurrency_per_worker: 1 concurrency_overhead: 0
2019-12-16 03:17:21.111 11983 RALLYDEBUG rally.task.runner [-] Starting a worker. times: 10 duration: None concurrency: 1 timeout: 0 cls: method_name: run args: {}
2019-12-16 03:17:21.115 11984 RALLYDEBUG rally.task.runner [-] Starting a worker. times: 10 duration: None concurrency: 1 timeout: 0 cls: method_name: run args: {}
2019-12-16 03:17:21.118 11983 INFO rally.task.runner [-] Task d9d40418-4ae4-47e5-9be9-76f065acee4f | ITER: 1 START
2019-12-16 03:17:21.118 11985 RALLYDEBUG rally.task.runner [-] Starting a worker. times: 10 duration: None concurrency: 1 timeout: 0 cls: method_name: run args: {}
2019-12-16 03:17:21.122 11984 INFO rally.task.runner [-] Task d9d40418-4ae4-47e5-9be9-76f065acee4f | ITER: 2 START
2019-12-16 03:17:21.122 11987 RALLYDEBUG rally.task.runner [-] Starting a worker. times: 10 duration: None concurrency: 1 timeout: 0 cls: method_name: run args: {}
2019-12-16 03:17:21.125 11985 INFO rally.task.runner [-] Task d9d40418-4ae4-47e5-9be9-76f065acee4f | ITER: 3 START
2019-12-16 03:17:21.127 11987 INFO rally.task.runner [-] Task d9d40418-4ae4-47e5-9be9-76f065acee4f | ITER: 4 START
2019-12-16 03:17:22.609 11987 INFO rally.task.runner [-] Task d9d40418-4ae4-47e5-9be9-76f065acee4f | ITER: 4 END: OK
2019-12-16 03:17:22.613 11987 INFO rally.task.runner [-] Task d9d40418-4ae4-47e5-9be9-76f065acee4f | ITER: 5 START
2019-12-16 03:17:22.616 11985 INFO rally.task.runner [-] Task d9d40418-4ae4-47e5-9be9-76f065acee4f | ITER: 3 END: OK
2019-12-16 03:17:22.617 11983 INFO rally.task.runner [-] Task d9d40418-4ae4-47e5-9be9-76f065acee4f | ITER: 1 END: OK
2019-12-16 03:17:22.619 11984 INFO rally.task.runner [-] Task d9d40418-4ae4-47e5-9be9-76f065acee4f | ITER: 2 END: OK
2019-12-16 03:17:22.620 11985 INFO rally.task.runner [-] Task d9d40418-4ae4-47e5-9be9-76f065acee4f | ITER: 6 START
2019-12-16 03:17:22.622 11983 INFO rally.task.runner [-] Task d9d40418-4ae4-47e5-9be9-76f065acee4f | ITER: 7 START
2019-12-16 03:17:22.623 11984 INFO rally.task.runner [-] Task d9d40418-4ae4-47e5-9be9-76f065acee4f | ITER: 8 START
2019-12-16 03:17:24.103 11985 INFO rally.task.runner [-] Task d9d40418-4ae4-47e5-9be9-76f065acee4f | ITER: 6 END: OK
2019-12-16 03:17:24.106 11985 INFO rally.task.runner [-] Task d9d40418-4ae4-47e5-9be9-76f065acee4f | ITER: 9 START
2019-12-16 03:17:24.124 11983 INFO rally.task.runner [-] Task d9d40418-4ae4-47e5-9be9-76f065acee4f | ITER: 7 END: OK
2019-12-16 03:17:24.124 11984 INFO rally.task.runner [-] Task d9d40418-4ae4-47e5-9be9-76f065acee4f | ITER: 8 END: OK
2019-12-16 03:17:24.127 11983 INFO rally.task.runner [-] Task d9d40418-4ae4-47e5-9be9-76f065acee4f | ITER: 10 START
2019-12-16 03:17:24.137 11987 INFO rally.task.runner [-] Task d9d40418-4ae4-47e5-9be9-76f065acee4f | ITER: 5 END: OK
2019-12-16 03:17:25.585 11983 INFO rally.task.runner [-] Task d9d40418-4ae4-47e5-9be9-76f065acee4f | ITER: 10 END: OK
2019-12-16 03:17:25.595 11985 INFO rally.task.runner [-] Task d9d40418-4ae4-47e5-9be9-76f065acee4f | ITER: 9 END: OK
2019-12-16 03:17:25.618 11675 INFO rally.task.context [-] Task d9d40418-4ae4-47e5-9be9-76f065acee4f | Context admin_cleanup@openstack cleanup() started
2019-12-16 03:17:25.620 11675 RALLYDEBUG rally_openstack.cleanup.manager [-] Cleaning up keystone user objects
2019-12-16 03:17:26.395 11675 RALLYDEBUG rally_openstack.cleanup.manager [-] Cleaning up keystone project objects
2019-12-16 03:17:27.117 11675 RALLYDEBUG rally_openstack.cleanup.manager [-] Cleaning up keystone service objects
2019-12-16 03:17:27.847 11675 RALLYDEBUG rally_openstack.cleanup.manager [-] Cleaning up keystone role objects
2019-12-16 03:17:28.542 11675 RALLYDEBUG rally_openstack.cleanup.manager [-] Deleting keystone.role object s_rally_e386bd23_0jxjuFtM (018f61ed660f4bbdaa8fdf0b2dee428b)
2019-12-16 03:17:28.551 11675 RALLYDEBUG rally_openstack.cleanup.manager [-] Deleting keystone.role object s_rally_e386bd23_99MNOpr0 (1631a8f83046435baef4bd9b1f05c103)
2019-12-16 03:17:28.566 11675 RALLYDEBUG rally_openstack.cleanup.manager [-] Deleting keystone.role object s_rally_e386bd23_ZCb3VQbO (2770b34d6aab4c8db5a8956c499c33d4)
2019-12-16 03:17:28.579 11675 RALLYDEBUG rally_openstack.cleanup.manager [-] Deleting keystone.role object s_rally_e386bd23_3C8KHdoO (4cc069b2899844e38b55a3e9f27d8dab)
2019-12-16 03:17:28.587 11675 RALLYDEBUG rally_openstack.cleanup.manager [-] Deleting keystone.role object s_rally_e386bd23_KL3DovnD (5e4cf9013bbb46288cacabc2fe512ec2)
2019-12-16 03:17:28.597 11675 RALLYDEBUG rally_openstack.cleanup.manager [-] Deleting keystone.role object s_rally_e386bd23_OTT1aiMO (bbdd1803e7f944baaf871bd8e83b5092)
2019-12-16 03:17:28.599 11675 RALLYDEBUG rally_openstack.cleanup.manager [-] Deleting keystone.role object s_rally_e386bd23_0s2SPiSU (376d671cea8a48ca80579cefa4091e05)
2019-12-16 03:17:28.603 11675 RALLYDEBUG rally_openstack.cleanup.manager [-] Deleting keystone.role object s_rally_e386bd23_zJfxwOhd (bfcc41bf5bcb48a0bcc78acff1c11203)
2019-12-16 03:17:28.613 11675 RALLYDEBUG rally_openstack.cleanup.manager [-] Deleting keystone.role object s_rally_e386bd23_80jQKjEt (c3a0ab90096e46a99a147ea622524339)
2019-12-16 03:17:28.648 11675 RALLYDEBUG rally_openstack.cleanup.manager [-] Deleting keystone.role object s_rally_e386bd23_c3SsStSI (e02f304645c34ac299c19b62f77b9963)
2019-12-16 03:17:30.799 11675 INFO rally.task.context [-] Task d9d40418-4ae4-47e5-9be9-76f065acee4f | Context admin_cleanup@openstack cleanup() finished in 5.18 sec
2019-12-16 03:17:30.800 11675 INFO rally.task.context [-] Task d9d40418-4ae4-47e5-9be9-76f065acee4f | Context users@openstack cleanup() started
2019-12-16 03:17:35.381 11675 INFO rally.task.context [-] Task d9d40418-4ae4-47e5-9be9-76f065acee4f | Context users@openstack cleanup() finished in 4.58 sec
2019-12-16 03:17:36.560 11675 INFO rally.task.engine [-] Load duration is: 3.177727
2019-12-16 03:17:36.560 11675 INFO rally.task.engine [-] Full runner duration is: 4.518712
2019-12-16 03:17:36.560 11675 INFO rally.task.engine [-] Full duration is: 16.95811
2019-12-16 03:17:36.896 11675 INFO rally.task.engine [-] Running workload: position = 0 config = { "version": 2, "title": "A cropped version of a bigger task.", "description": "Auto-generated task from a single workload (uuid=e2c8db33-f4fc-49d2-8def-a372acc4b701)", "subtasks": [ { "title": "KeystoneBasic.create_and_list_tenants", "description": "Create a keystone tenant with random name and list all tenants.", "scenario": { "KeystoneBasic.create_and_list_tenants": {} }, "contexts": { "users": { "tenants": 3, "users_per_tenant": 2 } }, "runner": { "constant": { "concurrency": 4, "times": 10 } }, "hooks": [], "sla": { "failure_rate": { "max": 0 } } } ] }
2019-12-16 03:17:36.918 11675 RALLYDEBUG rally_openstack.contexts.keystone.users [-] Creating 3 tenants using 20 threads
2019-12-16 03:17:37.951 11675 RALLYDEBUG rally_openstack.contexts.keystone.users [-] Creating 6 users using 20 threads
2019-12-16 03:17:39.442 11675 INFO rally.task.context [-] Task d9d40418-4ae4-47e5-9be9-76f065acee4f | Context users@openstack setup() finished in 2.52 sec
2019-12-16 03:17:39.442 11675 INFO rally.task.context [-] Task d9d40418-4ae4-47e5-9be9-76f065acee4f | Context admin_cleanup@openstack setup() finished in 0.01 msec
2019-12-16 03:17:39.450 11675 RALLYDEBUG rally.task.runner [-] Starting the constant runner (task UUID: d9d40418-4ae4-47e5-9be9-76f065acee4f). times: 10 concurrency: 4 timeout: 0 max_cpu_used: 16 processes_to_start: 4 concurrency_per_worker: 1 concurrency_overhead: 0
2019-12-16 03:17:39.462 12167 RALLYDEBUG rally.task.runner [-] Starting a worker. times: 10 duration: None concurrency: 1 timeout: 0 cls: method_name: run args: {}
2019-12-16 03:17:39.466 12168 RALLYDEBUG rally.task.runner [-] Starting a worker. times: 10 duration: None concurrency: 1 timeout: 0 cls: method_name: run args: {}
2019-12-16 03:17:39.469 12167 INFO rally.task.runner [-] Task d9d40418-4ae4-47e5-9be9-76f065acee4f | ITER: 1 START
2019-12-16 03:17:39.469 12169 RALLYDEBUG rally.task.runner [-] Starting a worker. times: 10 duration: None concurrency: 1 timeout: 0 cls: method_name: run args: {}
2019-12-16 03:17:39.472 12168 INFO rally.task.runner [-] Task d9d40418-4ae4-47e5-9be9-76f065acee4f | ITER: 2 START
2019-12-16 03:17:39.472 12171 RALLYDEBUG rally.task.runner [-] Starting a worker. times: 10 duration: None concurrency: 1 timeout: 0 cls: method_name: run args: {}
2019-12-16 03:17:39.475 12169 INFO rally.task.runner [-] Task d9d40418-4ae4-47e5-9be9-76f065acee4f | ITER: 3 START
2019-12-16 03:17:39.478 12171 INFO rally.task.runner [-] Task d9d40418-4ae4-47e5-9be9-76f065acee4f | ITER: 4 START
2019-12-16 03:17:41.019 12167 INFO rally.task.runner [-] Task d9d40418-4ae4-47e5-9be9-76f065acee4f | ITER: 1 END: OK
2019-12-16 03:17:41.021 12169 INFO rally.task.runner [-] Task d9d40418-4ae4-47e5-9be9-76f065acee4f | ITER: 3 END: OK
2019-12-16 03:17:41.023 12167 INFO rally.task.runner [-] Task d9d40418-4ae4-47e5-9be9-76f065acee4f | ITER: 5 START
