2019-12-16 03:19:42.578 13460 INFO rally.task.runner [-] Task d9d40418-4ae4-47e5-9be9-76f065acee4f | ITER: 4 START
2019-12-16 03:19:44.110 13457 INFO rally.task.runner [-] Task d9d40418-4ae4-47e5-9be9-76f065acee4f | ITER: 3 END: OK
2019-12-16 03:19:44.111 13460 INFO rally.task.runner [-] Task d9d40418-4ae4-47e5-9be9-76f065acee4f | ITER: 4 END: OK
2019-12-16 03:19:44.112 13455 INFO rally.task.runner [-] Task d9d40418-4ae4-47e5-9be9-76f065acee4f | ITER: 1 END: OK
2019-12-16 03:19:44.114 13460 INFO rally.task.runner [-] Task d9d40418-4ae4-47e5-9be9-76f065acee4f | ITER: 5 START
2019-12-16 03:19:44.114 13457 INFO rally.task.runner [-] Task d9d40418-4ae4-47e5-9be9-76f065acee4f | ITER: 6 START
2019-12-16 03:19:44.116 13455 INFO rally.task.runner [-] Task d9d40418-4ae4-47e5-9be9-76f065acee4f | ITER: 7 START
2019-12-16 03:19:44.183 13456 INFO rally.task.runner [-] Task d9d40418-4ae4-47e5-9be9-76f065acee4f | ITER: 2 END: OK
2019-12-16 03:19:44.186 13456 INFO rally.task.runner [-] Task d9d40418-4ae4-47e5-9be9-76f065acee4f | ITER: 8 START
2019-12-16 03:19:45.547 13457 INFO rally.task.runner [-] Task d9d40418-4ae4-47e5-9be9-76f065acee4f | ITER: 6 END: OK
2019-12-16 03:19:45.549 13457 INFO rally.task.runner [-] Task d9d40418-4ae4-47e5-9be9-76f065acee4f | ITER: 9 START
2019-12-16 03:19:45.559 13455 INFO rally.task.runner [-] Task d9d40418-4ae4-47e5-9be9-76f065acee4f | ITER: 7 END: OK
2019-12-16 03:19:45.562 13460 INFO rally.task.runner [-] Task d9d40418-4ae4-47e5-9be9-76f065acee4f | ITER: 5 END: OK
2019-12-16 03:19:45.562 13455 INFO rally.task.runner [-] Task d9d40418-4ae4-47e5-9be9-76f065acee4f | ITER: 10 START
2019-12-16 03:19:45.705 13456 INFO rally.task.runner [-] Task d9d40418-4ae4-47e5-9be9-76f065acee4f | ITER: 8 END: OK
2019-12-16 03:19:47.002 13455 INFO rally.task.runner [-] Task d9d40418-4ae4-47e5-9be9-76f065acee4f | ITER: 10 END: OK
2019-12-16 03:19:47.002 13457 INFO rally.task.runner [-] Task d9d40418-4ae4-47e5-9be9-76f065acee4f | ITER: 9 END: OK
2019-12-16 03:19:47.034 11675 INFO rally.task.context [-] Task d9d40418-4ae4-47e5-9be9-76f065acee4f | Context admin_cleanup@openstack cleanup() started
2019-12-16 03:19:47.037 11675 RALLYDEBUG rally_openstack.cleanup.manager [-] Cleaning up keystone user objects
2019-12-16 03:19:47.755 11675 RALLYDEBUG rally_openstack.cleanup.manager [-] Deleting keystone.user object s_rally_17a99b83_eb8N1BB5 (1323040c0374460892d41af635a19302)
2019-12-16 03:19:47.774 11675 RALLYDEBUG rally_openstack.cleanup.manager [-] Deleting keystone.user object s_rally_17a99b83_78knGxgp (35d8d625b4ea44a582098113e9c99a2c)
2019-12-16 03:19:47.777 11675 RALLYDEBUG rally_openstack.cleanup.manager [-] Deleting keystone.user object s_rally_17a99b83_QdclXw7S (519966d0f30649cd871e949e13c1b82a)
2019-12-16 03:19:47.780 11675 RALLYDEBUG rally_openstack.cleanup.manager [-] Deleting keystone.user object s_rally_17a99b83_lt87u4Qt (346debfc0d7044e69828a53c261b87f7)
2019-12-16 03:19:47.800 11675 RALLYDEBUG rally_openstack.cleanup.manager [-] Deleting keystone.user object s_rally_17a99b83_OcVCvURb (708184ea6f474272bd2eea9d4e4dd6f2)
2019-12-16 03:19:47.800 11675 RALLYDEBUG rally_openstack.cleanup.manager [-] Deleting keystone.user object s_rally_17a99b83_6YycmMDt (5b415cc0ec0546b6a49842e31c8d723d)
2019-12-16 03:19:47.803 11675 RALLYDEBUG rally_openstack.cleanup.manager [-] Deleting keystone.user object s_rally_17a99b83_jw0NBS8f (7e1c04ecdd8d44f7b5500912645d4153)
2019-12-16 03:19:47.860 11675 RALLYDEBUG rally_openstack.cleanup.manager [-] Deleting keystone.user object s_rally_17a99b83_aWP8bGHV (e8b3ad214e724cd59741ffc47c316593)
2019-12-16 03:19:47.866 11675 RALLYDEBUG rally_openstack.cleanup.manager [-] Deleting keystone.user object s_rally_17a99b83_DDRAppGF (e93cc0c9cd244e74944a155cc1a41a0d)
2019-12-16 03:19:47.897 11675 RALLYDEBUG rally_openstack.cleanup.manager [-] Deleting keystone.user object s_rally_17a99b83_IuPeoVxy (fb9dd24b8b764b598d7289a61b44218a)
2019-12-16 03:19:50.066 11675 RALLYDEBUG rally_openstack.cleanup.manager [-] Cleaning up keystone project objects
2019-12-16 03:19:50.894 11675 RALLYDEBUG rally_openstack.cleanup.manager [-] Cleaning up keystone service objects
2019-12-16 03:19:51.642 11675 RALLYDEBUG rally_openstack.cleanup.manager [-] Cleaning up keystone role objects
2019-12-16 03:19:52.351 11675 INFO rally.task.context [-] Task d9d40418-4ae4-47e5-9be9-76f065acee4f | Context admin_cleanup@openstack cleanup() finished in 5.32 sec
2019-12-16 03:19:52.352 11675 INFO rally.task.context [-] Task d9d40418-4ae4-47e5-9be9-76f065acee4f | Context users@openstack cleanup() started
2019-12-16 03:19:55.106 11675 INFO rally.task.context [-] Task d9d40418-4ae4-47e5-9be9-76f065acee4f | Context users@openstack cleanup() finished in 2.75 sec
2019-12-16 03:19:56.458 11675 INFO rally.task.engine [-] Load duration is: 3.134453
2019-12-16 03:19:56.458 11675 INFO rally.task.engine [-] Full runner duration is: 4.483387
2019-12-16 03:19:56.459 11675 INFO rally.task.engine [-] Full duration is: 14.747583
2019-12-16 03:19:56.784 11675 INFO rally.task.engine [-] Running workload: position = 0 config = { "version": 2, "title": "A cropped version of a bigger task.", "description": "Auto-generated task from a single workload (uuid=4172f1d5-1c0f-4e28-98e1-24774e24c262)", "subtasks": [ { "title": "KeystoneBasic.create_tenant_with_users", "description": "Create a keystone tenant and several users belonging to it.", "scenario": { "KeystoneBasic.create_tenant_with_users": { "users_per_tenant": 10 } }, "contexts": {}, "runner": { "constant": { "concurrency": 4, "times": 10 } }, "hooks": [], "sla": { "failure_rate": { "max": 0 } } } ] }
2019-12-16 03:19:56.808 11675 RALLYDEBUG rally_openstack.contexts.keystone.users [-] Creating 1 tenants using 20 threads
2019-12-16 03:19:57.697 11675 RALLYDEBUG rally_openstack.contexts.keystone.users [-] Creating 1 users using 20 threads
2019-12-16 03:19:58.986 11675 INFO rally.task.context [-] Task d9d40418-4ae4-47e5-9be9-76f065acee4f | Context users@openstack setup() finished in 2.18 sec
2019-12-16 03:19:58.987 11675 INFO rally.task.context [-] Task d9d40418-4ae4-47e5-9be9-76f065acee4f | Context admin_cleanup@openstack setup() finished in 0.01 msec
2019-12-16 03:19:58.995 11675 RALLYDEBUG rally.task.runner [-] Starting the constant runner (task UUID: d9d40418-4ae4-47e5-9be9-76f065acee4f). times: 10 concurrency: 4 timeout: 0 max_cpu_used: 16 processes_to_start: 4 concurrency_per_worker: 1 concurrency_overhead: 0
2019-12-16 03:19:59.007 13639 RALLYDEBUG rally.task.runner [-] Starting a worker. times: 10 duration: None concurrency: 1 timeout: 0 cls: method_name: run args: {"users_per_tenant": 10}
2019-12-16 03:19:59.010 13640 RALLYDEBUG rally.task.runner [-] Starting a worker. times: 10 duration: None concurrency: 1 timeout: 0 cls: method_name: run args: {"users_per_tenant": 10}
2019-12-16 03:19:59.013 13639 INFO rally.task.runner [-] Task d9d40418-4ae4-47e5-9be9-76f065acee4f | ITER: 1 START
2019-12-16 03:19:59.014 13641 RALLYDEBUG rally.task.runner [-] Starting a worker. times: 10 duration: None concurrency: 1 timeout: 0 cls: method_name: run args: {"users_per_tenant": 10}
2019-12-16 03:19:59.016 13640 INFO rally.task.runner [-] Task d9d40418-4ae4-47e5-9be9-76f065acee4f | ITER: 2 START
2019-12-16 03:19:59.017 13644 RALLYDEBUG rally.task.runner [-] Starting a worker. times: 10 duration: None concurrency: 1 timeout: 0 cls: method_name: run args: {"users_per_tenant": 10}
2019-12-16 03:19:59.019 13641 INFO rally.task.runner [-] Task d9d40418-4ae4-47e5-9be9-76f065acee4f | ITER: 3 START
2019-12-16 03:19:59.022 13644 INFO rally.task.runner [-] Task d9d40418-4ae4-47e5-9be9-76f065acee4f | ITER: 4 START
2019-12-16 03:20:04.107 13644 INFO rally.task.runner [-] Task d9d40418-4ae4-47e5-9be9-76f065acee4f | ITER: 4 END: OK
2019-12-16 03:20:04.110 13640 INFO rally.task.runner [-] Task d9d40418-4ae4-47e5-9be9-76f065acee4f | ITER: 2 END: OK
2019-12-16 03:20:04.110 13644 INFO rally.task.runner [-] Task d9d40418-4ae4-47e5-9be9-76f065acee4f | ITER: 5 START
2019-12-16 03:20:04.114 13640 INFO rally.task.runner [-] Task d9d40418-4ae4-47e5-9be9-76f065acee4f | ITER: 6 START
2019-12-16 03:20:04.191 13641 INFO rally.task.runner [-] Task d9d40418-4ae4-47e5-9be9-76f065acee4f | ITER: 3 END: OK
2019-12-16 03:20:04.194 13641 INFO rally.task.runner [-] Task d9d40418-4ae4-47e5-9be9-76f065acee4f | ITER: 7 START
2019-12-16 03:20:04.282 13639 INFO rally.task.runner [-] Task d9d40418-4ae4-47e5-9be9-76f065acee4f | ITER: 1 END: OK
2019-12-16 03:20:04.286 13639 INFO rally.task.runner [-] Task d9d40418-4ae4-47e5-9be9-76f065acee4f | ITER: 8 START
2019-12-16 03:20:09.318 13644 INFO rally.task.runner [-] Task d9d40418-4ae4-47e5-9be9-76f065acee4f | ITER: 5 END: OK
2019-12-16 03:20:09.320 13644 INFO rally.task.runner [-] Task d9d40418-4ae4-47e5-9be9-76f065acee4f | ITER: 9 START
2019-12-16 03:20:09.338 13640 INFO rally.task.runner [-] Task d9d40418-4ae4-47e5-9be9-76f065acee4f | ITER: 6 END: OK
2019-12-16 03:20:09.341 13640 INFO rally.task.runner [-] Task d9d40418-4ae4-47e5-9be9-76f065acee4f | ITER: 10 START
2019-12-16 03:20:09.374 13641 INFO rally.task.runner [-] Task d9d40418-4ae4-47e5-9be9-76f065acee4f | ITER: 7 END: OK
2019-12-16 03:20:09.539 13639 INFO rally.task.runner [-] Task d9d40418-4ae4-47e5-9be9-76f065acee4f | ITER: 8 END: OK
2019-12-16 03:20:14.058 13644 INFO rally.task.runner [-] Task d9d40418-4ae4-47e5-9be9-76f065acee4f | ITER: 9 END: OK
2019-12-16 03:20:14.122 13640 INFO rally.task.runner [-] Task d9d40418-4ae4-47e5-9be9-76f065acee4f | ITER: 10 END: OK
2019-12-16 03:20:14.154 11675 INFO rally.task.context [-] Task d9d40418-4ae4-47e5-9be9-76f065acee4f | Context admin_cleanup@openstack cleanup() started
2019-12-16 03:20:14.159 11675 RALLYDEBUG rally_openstack.cleanup.manager [-] Cleaning up keystone user objects
2019-12-16 03:20:14.899 11675 RALLYDEBUG rally_openstack.cleanup.manager [-] Deleting keystone.user object s_rally_4172f1d5_xw1NwwpC (00d81a090f7d4af48b2a571a6d895120)
2019-12-16 03:20:14.909 11675 RALLYDEBUG rally_openstack.cleanup.manager [-] Deleting keystone.user object s_rally_4172f1d5_lqouPhhA (02efbc379ae740d186a6280ec0c80a00)
2019-12-16 03:20:14.918 11675 RALLYDEBUG rally_openstack.cleanup.manager [-] Deleting keystone.user object s_rally_4172f1d5_71MWLrEk (06449e7381e447d69d535ceef4de5921)
2019-12-16 03:20:14.931 11675 RALLYDEBUG rally_openstack.cleanup.manager [-] Deleting keystone.user object s_rally_4172f1d5_d2inedoj (0690c4c1c10e4a8bafad508af63ac041)
2019-12-16 03:20:14.948 11675 RALLYDEBUG rally_openstack.cleanup.manager [-] Deleting keystone.user object s_rally_4172f1d5_aYMHvqO3 (0aeb20ccea08478291fdd9870a8491ac)
2019-12-16 03:20:14.974 11675 RALLYDEBUG rally_openstack.cleanup.manager [-] Deleting keystone.user object s_rally_4172f1d5_z7LpOfVH (140aea1383c34312a9c7e39bbcbfe9af)
2019-12-16 03:20:14.982 11675 RALLYDEBUG rally_openstack.cleanup.manager [-] Deleting keystone.user object s_rally_4172f1d5_0wIlRukx (16cc11c5f1b84f43b6e5f3e6fcffc1ff)
2019-12-16 03:20:14.993 11675 RALLYDEBUG rally_openstack.cleanup.manager [-] Deleting keystone.user object s_rally_4172f1d5_7O1cVpXm (1707f7525f66426f9919a08be47eaf38)
2019-12-16 03:20:15.010 11675 RALLYDEBUG rally_openstack.cleanup.manager [-] Deleting keystone.user object s_rally_4172f1d5_jMpd1wiq (1a67e219091245bfa2c7b65cdf115817)
2019-12-16 03:20:15.012 11675 RALLYDEBUG rally_openstack.cleanup.manager [-] Deleting keystone.user object s_rally_4172f1d5_odaYlVrE (1abe7f701f1346c7ad28996946d29573)
2019-12-16 03:20:15.019 11675 RALLYDEBUG rally_openstack.cleanup.manager [-] Deleting keystone.user object s_rally_4172f1d5_7eYynXNp (2070cf14fa2f4db0a850533462f9e6c0)
2019-12-16 03:20:15.041 11675 RALLYDEBUG rally_openstack.cleanup.manager [-] Deleting keystone.user object s_rally_4172f1d5_PVGhUTj0 (23a65f20cab0462d994521e6445b8540)
2019-12-16 03:20:15.062 11675 RALLYDEBUG rally_openstack.cleanup.manager [-] Deleting keystone.user object s_rally_4172f1d5_USezu4wr (23eef2c6bc274759863d88e7d284f679)
2019-12-16 03:20:15.072 11675 RALLYDEBUG rally_openstack.cleanup.manager [-] Deleting keystone.user object s_rally_4172f1d5_HVIV3AtZ (249376effe694ae8be64edb783a22522)
2019-12-16 03:20:15.098 11675 RALLYDEBUG rally_openstack.cleanup.manager [-] Deleting keystone.user object s_rally_4172f1d5_BaFeOg0M (27e580c4fca644949274bc663e8e3ae2)
2019-12-16 03:20:15.108 11675 RALLYDEBUG rally_openstack.cleanup.manager [-] Deleting keystone.user object s_rally_4172f1d5_8ZoLFnJY (28bf4a6c2bab48fca3e3da891f7a80dd)
2019-12-16 03:20:15.114 11675 RALLYDEBUG rally_openstack.cleanup.manager [-] Deleting keystone.user object s_rally_4172f1d5_iC14ppkH (296c974b60d54650bf969dc501fe60cb)
2019-12-16 03:20:15.137 11675 RALLYDEBUG rally_openstack.cleanup.manager [-] Deleting keystone.user object s_rally_4172f1d5_16tBDmQn (2a1a7c077c0a463391b72e10b18ee23b)
2019-12-16 03:20:15.150 11675 RALLYDEBUG rally_openstack.cleanup.manager [-] Deleting keystone.user object s_rally_4172f1d5_lvijlXYE (2a24aa57e8d94f5193018b0a23030574)
2019-12-16 03:20:15.165 11675 RALLYDEBUG rally_openstack.cleanup.manager [-] Deleting keystone.user object s_rally_4172f1d5_pFSYfgyF (2b5d70457f944778ba3a48f2b7892ec2)
2019-12-16 03:20:17.052 11675 RALLYDEBUG rally_openstack.cleanup.manager [-] Deleting keystone.user object s_rally_4172f1d5_aGUob31e (2b7a6aa318b844b68f17779a50266a01)
2019-12-16 03:20:17.161 11675 RALLYDEBUG rally_openstack.cleanup.manager [-] Deleting keystone.user object s_rally_4172f1d5_F7thLNdk (2bd8201283284256b3b35655f2c9009a)
2019-12-16 03:20:17.165 11675 RALLYDEBUG rally_openstack.cleanup.manager [-] Deleting keystone.user object s_rally_4172f1d5_d4R0DgGg (2f679ce2c067438cbc15efccdbc4ec29)
2019-12-16 03:20:17.190 11675 RALLYDEBUG rally_openstack.cleanup.manager [-] Deleting keystone.user object s_rally_4172f1d5_JPxl9j7E (32edb9b3bff64257ab7ba668a4280e33)
2019-12-16 03:20:17.195 11675 RALLYDEBUG rally_openstack.cleanup.manager [-] Deleting keystone.user object s_rally_4172f1d5_lutxvBFe (32a0a6d0729341659e26ae03f06674d5)
2019-12-16 03:20:17.220 11675 RALLYDEBUG rally_openstack.cleanup.manager [-] Deleting keystone.user object s_rally_4172f1d5_KE5glw50 (33f2daa1636b490fb4bc661fc407e262)
2019-12-16 03:20:17.290 11675 RALLYDEBUG rally_openstack.cleanup.manager [-] Deleting keystone.user object s_rally_4172f1d5_s4XuINDH (3b65a48dc82640a5852cf3b0275182d7)
2019-12-16 03:20:17.362 11675 RALLYDEBUG rally_openstack.cleanup.manager [-] Deleting keystone.user object s_rally_4172f1d5_hjzLYmOU (3fe2f1706a88400680f56ebb586a79eb)
2019-12-16 03:20:17.376 11675 RALLYDEBUG rally_openstack.cleanup.manager [-] Deleting keystone.user object s_rally_4172f1d5_EE14kGiG (400dc9228d97426c802e63610d5cab44)
2019-12-16 03:20:17.406 11675 RALLYDEBUG rally_openstack.cleanup.manager [-] Deleting keystone.user object s_rally_4172f1d5_l97aDv59 (4615e7f9d5f745f793f01fdcb52d8027)
2019-12-16 03:20:17.415 11675 RALLYDEBUG rally_openstack.cleanup.manager [-] Deleting keystone.user object s_rally_4172f1d5_pb8v4EkY (47c2bc65ea1f445eb7d035a29072589e)
2019-12-16 03:20:17.424 11675 RALLYDEBUG rally_openstack.cleanup.manager [-] Deleting keystone.user object s_rally_4172f1d5_t34hiH8F (48db50f010ce4a38827c5451b6b15010)
2019-12-16 03:20:17.451 11675 RALLYDEBUG rally_openstack.cleanup.manager [-] Deleting keystone.user object s_rally_4172f1d5_1sPV6GlU (49e4f004b4104678bce951e7e5acc1ba)
2019-12-16 03:20:17.470 11675 RALLYDEBUG rally_openstack.cleanup.manager [-] Deleting keystone.user object s_rally_4172f1d5_BI2sEbG5 (4e83875a4da3409f9af224fe14604cd3)
2019-12-16 03:20:17.478 11675 RALLYDEBUG rally_openstack.cleanup.manager [-] Deleting keystone.user object s_rally_4172f1d5_YTbTyBPC (52c1d4821dfa48e786a510406e10d929)
2019-12-16 03:20:17.486 11675 RALLYDEBUG rally_openstack.cleanup.manager [-] Deleting keystone.user object s_rally_4172f1d5_41iuDSU7 (5349a27e165342a49c4fef46795d8693)
2019-12-16 03:20:17.572 11675 RALLYDEBUG rally_openstack.cleanup.manager [-] Deleting keystone.user object s_rally_4172f1d5_YIg3yJ6I (540cd50c18bd4a8fa3646b0e9c6b7c0e)
2019-12-16 03:20:17.594 11675 RALLYDEBUG rally_openstack.cleanup.manager [-] Deleting keystone.user object s_rally_4172f1d5_aKr0lHfu (552df014b33248ac86687907774b69a0)
2019-12-16 03:20:17.598 11675 RALLYDEBUG rally_openstack.cleanup.manager [-] Deleting keystone.user object s_rally_4172f1d5_8NqgeJWw (582ce0273f1d46399e47967aeb98a5b8)
2019-12-16 03:20:17.647 11675 RALLYDEBUG rally_openstack.cleanup.manager [-] Deleting keystone.user object s_rally_4172f1d5_adR5dWHK (5a98a7762f9a4356825f47934f7e3c85)
2019-12-16 03:20:19.086 11675 RALLYDEBUG rally_openstack.cleanup.manager [-] Deleting keystone.user object s_rally_4172f1d5_mezKQsHk (5ac5dc3c7ff6428cb8703c5c324ef7cd)
2019-12-16 03:20:19.380 11675 RALLYDEBUG rally_openstack.cleanup.manager [-] Deleting keystone.user object s_rally_4172f1d5_9S6Qya3a (5d5b09ed7a3e42a1977ef6440f9231aa)
2019-12-16 03:20:19.389 11675 RALLYDEBUG rally_openstack.cleanup.manager [-] Deleting keystone.user object s_rally_4172f1d5_W5f42jYw (5d9e23536f154a949d259c84e01e51b7)
2019-12-16 03:20:19.479 11675 RALLYDEBUG rally_openstack.cleanup.manager [-] Deleting keystone.user object s_rally_4172f1d5_ELKIrnIw (6517ded1fd184ba2a298502487ea3c0c)
2019-12-16 03:20:19.593 11675 RALLYDEBUG rally_openstack.cleanup.manager [-] Deleting keystone.user object s_rally_4172f1d5_VKwtjefH (67b05529b81943f28ba1b5f66fc88043)
2019-12-16 03:20:19.602 11675 RALLYDEBUG rally_openstack.cleanup.manager [-] Deleting keystone.user object s_rally_4172f1d5_pcVPjThF (6ae32143730c4630ac7cdd57e503a297)
2019-12-16 03:20:19.683 11675 RALLYDEBUG rally_openstack.cleanup.manager [-] Deleting keystone.user object s_rally_4172f1d5_XH2itFbe (6cebc9963afd496991b0b53c3295a89b)
2019-12-16 03:20:19.697 11675 RALLYDEBUG rally_openstack.cleanup.manager [-] Deleting keystone.user object s_rally_4172f1d5_EFt6Elwe (6dbf20e17dd149808422469785e5bcee)
2019-12-16 03:20:19.777 11675 RALLYDEBUG rally_openstack.cleanup.manager [-] Deleting keystone.user object s_rally_4172f1d5_VMi77g8P (6f3a5cca21b14ebb8a6b62e2c6a6efa9)
2019-12-16 03:20:19.811 11675 RALLYDEBUG rally_openstack.cleanup.manager [-] Deleting keystone.user object s_rally_4172f1d5_tHhljIXF (70cd6d38350d45f58b7420691ec23e76)
2019-12-16 03:20:19.815 11675 RALLYDEBUG rally_openstack.cleanup.manager [-] Deleting keystone.user object s_rally_4172f1d5_XLFciuOm (7163930234654616a96120000b5cee7d)
2019-12-16 03:20:19.907 11675 RALLYDEBUG rally_openstack.cleanup.manager [-] Deleting keystone.user object s_rally_4172f1d5_OOlVbkBv (73f06a663bf34df6b33f6c7376955401)
2019-12-16 03:20:19.915 11675 RALLYDEBUG rally_openstack.cleanup.manager [-] Deleting keystone.user object s_rally_4172f1d5_fB6oXHOB (741641157d7742e4ba86361f21b6365f)
2019-12-16 03:20:20.015 11675 RALLYDEBUG rally_openstack.cleanup.manager [-] Deleting keystone.user object s_rally_4172f1d5_zRE4Vcvu (7925f307cbcf4e1f9e2e9a4b8a1647dc)
2019-12-16 03:20:20.036 11675 RALLYDEBUG rally_openstack.cleanup.manager [-] Deleting keystone.user object s_rally_4172f1d5_rl9VuNUG (7a2625e52d494dcd8ce02da88ee095b6)
2019-12-16 03:20:20.044 11675 RALLYDEBUG rally_openstack.cleanup.manager [-] Deleting keystone.user object s_rally_4172f1d5_IWRRRqD2 (7e3451671bcc416f963ccbd3ab8d640b)
2019-12-16 03:20:20.059 11675 RALLYDEBUG rally_openstack.cleanup.manager [-] Deleting keystone.user object s_rally_4172f1d5_OTrPw586 (84fc07c0b35c4107a4b870e1bbf7f23a)
2019-12-16 03:20:20.129 11675 RALLYDEBUG rally_openstack.cleanup.manager [-] Deleting keystone.user object s_rally_4172f1d5_6XmcqTfj (860359ff8f914385ab9f7899b01f5ba0)
2019-12-16 03:20:20.138 11675 RALLYDEBUG rally_openstack.cleanup.manager [-] Deleting keystone.user object s_rally_4172f1d5_JgAzMQs7 (86a79c5828894eba99adbc64ac23879c)
2019-12-16 03:20:20.145 11675 RALLYDEBUG rally_openstack.cleanup.manager [-] Deleting keystone.user object s_rally_4172f1d5_MBdeWdxr (8b54cc7c074f4e39a6ec69b31438a311)
2019-12-16 03:20:20.911 11675 RALLYDEBUG rally_openstack.cleanup.manager [-] Deleting keystone.user object s_rally_4172f1d5_vyBVIHnG (8e98e64c0c944dd185766f65c421a894)
2019-12-16 03:20:21.353 11675 RALLYDEBUG rally_openstack.cleanup.manager [-] Deleting keystone.user object s_rally_4172f1d5_RAsVIcrU (96a7c342b36e42fca500bdd744780ce6)
2019-12-16 03:20:21.436 11675 RALLYDEBUG rally_openstack.cleanup.manager [-] Deleting keystone.user object s_rally_4172f1d5_yUytpTP9 (9af632bd08c843ee8470b1243f19c825)
2019-12-16 03:20:21.649 11675 RALLYDEBUG rally_openstack.cleanup.manager [-] Deleting keystone.user object s_rally_4172f1d5_JeoXtC0P (9b264247eba844ff8a9d03d0312b7f14)
2019-12-16 03:20:21.682 11675 RALLYDEBUG rally_openstack.cleanup.manager [-] Deleting keystone.user object s_rally_4172f1d5_mxUI8pqQ (9b8e9e70422f4b88adb5da2ec46e1730)
2019-12-16 03:20:21.706 11675 RALLYDEBUG rally_openstack.cleanup.manager [-] Deleting keystone.user object s_rally_4172f1d5_6tzMA8wI (9be767675ce64f279569ce1bc149cdfd)
2019-12-16 03:20:22.040 11675 RALLYDEBUG rally_openstack.cleanup.manager [-] Deleting keystone.user object s_rally_4172f1d5_NtZAXMgL (9cee0e87ab5443649b723a4ead3f60fc)
2019-12-16 03:20:22.051 11675 RALLYDEBUG rally_openstack.cleanup.manager [-] Deleting keystone.user object s_rally_4172f1d5_h3BvCRFw (9f98fad664d64a1f9d3988210d78c6ed)
2019-12-16 03:20:22.068 11675 RALLYDEBUG rally_openstack.cleanup.manager [-] Deleting keystone.user object s_rally_4172f1d5_evpytY98 (a79519f290794c6cbc5f98f7b9fae6df)
2019-12-16 03:20:22.071 11675 RALLYDEBUG rally_openstack.cleanup.manager [-] Deleting keystone.user object s_rally_4172f1d5_EQuMG5bW (a9a99a6aaa644c5a916f58bfed39bac5)
2019-12-16 03:20:22.074 11675 RALLYDEBUG rally_openstack.cleanup.manager [-] Deleting keystone.user object s_rally_4172f1d5_MnU8FvSk (aad470cddffb46f48d4fb5ddacd8f2f8)
2019-12-16 03:20:22.079 11675 RALLYDEBUG rally_openstack.cleanup.manager [-] Deleting keystone.user object s_rally_4172f1d5_hOKDz9kq (aaeef6aa3831474ebc99ab31d2dc3ec4)
2019-12-16 03:20:22.092 11675 RALLYDEBUG rally_openstack.cleanup.manager [-] Deleting keystone.user object s_rally_4172f1d5_IjZKuCOJ (b5285900df604cbaa1d776d247097787)
2019-12-16 03:20:22.095 11675 RALLYDEBUG rally_openstack.cleanup.manager [-] Deleting keystone.user object s_rally_4172f1d5_2xyEUHBL (b4bf7903928548cda636a67cb651e957)
2019-12-16 03:20:22.099 11675 RALLYDEBUG rally_openstack.cleanup.manager [-] Deleting keystone.user object s_rally_4172f1d5_pzBwjWNX (b7c7f07db6ae4fcdafae75eef0b842b8)
2019-12-16 03:20:22.141 11675 RALLYDEBUG rally_openstack.cleanup.manager [-] Deleting keystone.user object s_rally_4172f1d5_WXHAJreo (bb6c295728da4ff2a9eb35782b5331e8)
2019-12-16 03:20:22.365 11675 RALLYDEBUG rally_openstack.cleanup.manager [-] Deleting keystone.user object s_rally_4172f1d5_3jWnahyM (bba2e2e2990e42e8966e34b02d5f32bc)
2019-12-16 03:20:22.386 11675 RALLYDEBUG rally_openstack.cleanup.manager [-] Deleting keystone.user object s_rally_4172f1d5_oNa3xB1E (c732b0dea8e845c5b2ade393e41e7093)
2019-12-16 03:20:22.391 11675 RALLYDEBUG rally_openstack.cleanup.manager [-] Deleting keystone.user object s_rally_4172f1d5_QoKzTFSs (ce07120e8b984585a2177be257cbd954)
2019-12-16 03:20:22.525 11675 RALLYDEBUG rally_openstack.cleanup.manager [-] Deleting keystone.user object s_rally_4172f1d5_Jt6PT2L8 (d3bbce9e162d46ac82384bc0c96b63e5)
2019-12-16 03:20:22.836 11675 RALLYDEBUG rally_openstack.cleanup.manager [-] Deleting keystone.user object s_rally_4172f1d5_lCZ8E0Ho (d5d0ad607bca486f96a61f7b76a08b60)
2019-12-16 03:20:23.292 11675 RALLYDEBUG rally_openstack.cleanup.manager [-] Deleting keystone.user object s_rally_4172f1d5_wZh4qMMQ (d863b12759424a89a387038c0166e641)
2019-12-16 03:20:23.456 11675 RALLYDEBUG rally_openstack.cleanup.manager [-] Deleting keystone.user object s_rally_4172f1d5_CwqpMkNu (d991985855d44fd9a2c3ca93dde89a2c)
2019-12-16 03:20:23.712 11675 RALLYDEBUG rally_openstack.cleanup.manager [-] Deleting keystone.user object s_rally_4172f1d5_I9xFvMoW (de733c7a21814009ab08f98c21be3c09)
2019-12-16 03:20:23.717 11675 RALLYDEBUG rally_openstack.cleanup.manager [-] Deleting keystone.user object s_rally_4172f1d5_dfhA2i5n (df3cc4a87b594bee8326574daf219bef)
2019-12-16 03:20:23.735 11675 RALLYDEBUG rally_openstack.cleanup.manager [-] Deleting keystone.user object s_rally_4172f1d5_jZsrwTym (df70da814839415cb1e5e1cd9dc625e2)
2019-12-16 03:20:24.097 11675 RALLYDEBUG rally_openstack.cleanup.manager [-] Deleting keystone.user object s_rally_4172f1d5_cVQ1iIkm (e249fc528d6b4951951521b08f6d3ba0)
2019-12-16 03:20:24.120 11675 RALLYDEBUG rally_openstack.cleanup.manager [-] Deleting keystone.user object s_rally_4172f1d5_Zcvt9bLf (e4b89b4bac214104b1f7fc1bd27b632c)
2019-12-16 03:20:24.132 11675 RALLYDEBUG rally_openstack.cleanup.manager [-] Deleting keystone.user object s_rally_4172f1d5_eMeT8D8g (e9260b23f26d454bb7a161563246fe24)
2019-12-16 03:20:24.133 11675 RALLYDEBUG rally_openstack.cleanup.manager [-] Deleting keystone.user object s_rally_4172f1d5_06hrvxgr (e59d85fc1eec4210816a603ea37726d1)
2019-12-16 03:20:24.397 11675 RALLYDEBUG rally_openstack.cleanup.manager [-] Deleting keystone.user object s_rally_4172f1d5_kTvKBSkH (e9a5c7cd61fd4978817d121040bb88b8)
2019-12-16 03:20:24.406 11675 RALLYDEBUG rally_openstack.cleanup.manager [-] Deleting keystone.user object s_rally_4172f1d5_M6ifrX8Y (eb9a23bd349e425b8ff32f9e8cfb42ba)
2019-12-16 03:20:24.445 11675 RALLYDEBUG rally_openstack.cleanup.manager [-] Deleting keystone.user object s_rally_4172f1d5_7nw1hiVo (eec692a706984987aa877b5e202eb09a)
2019-12-16 03:20:24.453 11675 RALLYDEBUG rally_openstack.cleanup.manager [-] Deleting keystone.user object s_rally_4172f1d5_jd7wSyEh (eff78ddb4a2d46d5a2857480f894736e)
2019-12-16 03:20:24.500 11675 RALLYDEBUG rally_openstack.cleanup.manager [-] Deleting keystone.user object s_rally_4172f1d5_LBPJv9ue (f02f0409c16a4208874d40ad7707d402)
2019-12-16 03:20:24.554 11675 RALLYDEBUG rally_openstack.cleanup.manager [-] Deleting keystone.user object s_rally_4172f1d5_IUN01kVt (f3c1c322fcc947d0976808ffa88d9f7f)
2019-12-16 03:20:24.626 11675 RALLYDEBUG rally_openstack.cleanup.manager [-] Deleting keystone.user object s_rally_4172f1d5_5eKHT35g (f6a35e70410b468c8c0e929f67e039a9)
2019-12-16 03:20:24.636 11675 RALLYDEBUG rally_openstack.cleanup.manager [-] Deleting keystone.user object s_rally_4172f1d5_9bDdxHNP (f713e4bdac834ad38a2baf2bf76b1f7a)
2019-12-16 03:20:24.774 11675 RALLYDEBUG rally_openstack.cleanup.manager [-] Deleting keystone.user object s_rally_4172f1d5_0r0cyEE2 (f7f17277edc44406a51f28dc40cbcd7d)
2019-12-16 03:20:24.866 11675 RALLYDEBUG rally_openstack.cleanup.manager [-] Deleting keystone.user object s_rally_4172f1d5_8rXUe9n8 (fba29b50e9204990a3f09707c237bf3b)
2019-12-16 03:20:26.843 11675 RALLYDEBUG rally_openstack.cleanup.manager [-] Cleaning up keystone project objects
2019-12-16 03:20:27.635 11675 RALLYDEBUG rally_openstack.cleanup.manager [-] Deleting keystone.project object s_rally_4172f1d5_ClQELcaR (03f3b8e55f8f4a11a0d8ac973f86d622)
2019-12-16 03:20:27.649 11675 RALLYDEBUG rally_openstack.cleanup.manager [-] Deleting keystone.project object s_rally_4172f1d5_PocbNNp1 (1f41bc8931b9406bbaf311902145870b)
2019-12-16 03:20:27.655 11675 RALLYDEBUG rally_openstack.cleanup.manager [-] Deleting keystone.project object s_rally_4172f1d5_c9Y4fQl4 (2d32d8af15f14c92bb47b7124c7ce772)
2019-12-16 03:20:27.664 11675 RALLYDEBUG rally_openstack.cleanup.manager [-] Deleting keystone.project object s_rally_4172f1d5_oGzxGtyL (3c50da9491034d3eac4eb0be3c3ba115)
2019-12-16 03:20:27.676 11675 RALLYDEBUG rally_openstack.cleanup.manager [-] Deleting keystone.project object s_rally_4172f1d5_Oj6KD7KZ (3add7b67a30a448fa5c2b290d63c046f)
2019-12-16 03:20:27.684 11675 RALLYDEBUG rally_openstack.cleanup.manager [-] Deleting keystone.project object s_rally_4172f1d5_TzwyXBTp (48b74ba1bec647d3b0e755777cf19514)
2019-12-16 03:20:27.687 11675 RALLYDEBUG rally_openstack.cleanup.manager [-] Deleting keystone.project object s_rally_4172f1d5_AjyC0zEm (5a8ba4ca24874ca5b6b3c5a5469322e0)
2019-12-16 03:20:27.695 11675 RALLYDEBUG rally_openstack.cleanup.manager [-] Deleting keystone.project object s_rally_4172f1d5_s7cKJFsm (74ae9a040cd9464cbf3389006b7082b3)
2019-12-16 03:20:27.708 11675 RALLYDEBUG rally_openstack.cleanup.manager [-] Deleting keystone.project object s_rally_4172f1d5_3k6Sbt2q (75f7f8fdaa1e4b8f8be623b3787e4801)
2019-12-16 03:20:27.725 11675 RALLYDEBUG rally_openstack.cleanup.manager [-] Deleting keystone.project object s_rally_4172f1d5_TJGKEbd8 (983af6d4f41f4ccd9a084a2309ea63b2)
2019-12-16 03:20:29.770 11675 RALLYDEBUG rally_openstack.cleanup.manager [-] Cleaning up keystone service objects
2019-12-16 03:20:30.619 11675 RALLYDEBUG rally_openstack.cleanup.manager [-] Cleaning up keystone role objects
2019-12-16 03:20:31.416 11675 INFO rally.task.context [-] Task d9d40418-4ae4-47e5-9be9-76f065acee4f | Context admin_cleanup@openstack cleanup() finished in 17.26 sec
2019-12-16 03:20:31.417 11675 INFO rally.task.context [-] Task d9d40418-4ae4-47e5-9be9-76f065acee4f | Context users@openstack cleanup() started
2019-12-16 03:20:34.282 11675 INFO rally.task.context [-] Task d9d40418-4ae4-47e5-9be9-76f065acee4f | Context users@openstack cleanup() finished in 2.87 sec
2019-12-16 03:20:35.172 11675 INFO rally.task.engine [-] Load duration is: 13.802038
2019-12-16 03:20:35.172 11675 INFO rally.task.engine [-] Full runner duration is: 15.158293
2019-12-16 03:20:35.173 11675 INFO rally.task.engine [-] Full duration is: 37.475541
2019-12-16 03:20:35.460 11675 INFO rally.task.engine [-] Task d9d40418-4ae4-47e5-9be9-76f065acee4f | Completed: Running task.
2019-12-16 03:20:37.001 13781 RALLYDEBUG rally.api [-] INFO logs from urllib3 and requests module are hide.
2019-12-16 03:20:37.002 13781 RALLYDEBUG rally.api [-] urllib3 insecure warnings are hidden.
2019-12-16 03:20:37.002 13781 RALLYDEBUG rally.api [-] ERROR log from boto module is hide.
2019-12-16 03:20:38.201 13782 RALLYDEBUG rally.api [-] INFO logs from urllib3 and requests module are hide.
2019-12-16 03:20:38.202 13782 RALLYDEBUG rally.api [-] urllib3 insecure warnings are hidden.
2019-12-16 03:20:38.202 13782 RALLYDEBUG rally.api [-] ERROR log from boto module is hide.
2019-12-16 03:20:39.431 13783 RALLYDEBUG rally.api [-] INFO logs from urllib3 and requests module are hide.
2019-12-16 03:20:39.431 13783 RALLYDEBUG rally.api [-] urllib3 insecure warnings are hidden.
2019-12-16 03:20:39.432 13783 RALLYDEBUG rally.api [-] ERROR log from boto module is hide.
2019-12-16 03:20:40.988 13783 INFO rally.api [-] Building 'json' report for the following task(s): 'd9d40418-4ae4-47e5-9be9-76f065acee4f'.
2019-12-16 03:20:41.015 13783 INFO rally.api [-] The report has been successfully built.
2019-12-16 03:20:42.255 13785 RALLYDEBUG rally.api [-] INFO logs from urllib3 and requests module are hide.
2019-12-16 03:20:42.255 13785 RALLYDEBUG rally.api [-] urllib3 insecure warnings are hidden.
2019-12-16 03:20:42.255 13785 RALLYDEBUG rally.api [-] ERROR log from boto module is hide.
2019-12-16 03:20:44.218 13785 INFO rally.task.engine [-] Task a17d2ce6-4f4c-438d-bb8b-c9a3a19701c8 | Starting: Task validation.
2019-12-16 03:20:44.274 13785 INFO rally.task.engine [-] Task a17d2ce6-4f4c-438d-bb8b-c9a3a19701c8 | Starting: Task validation of syntax.
2019-12-16 03:20:44.568 13785 INFO rally.task.engine [-] Task a17d2ce6-4f4c-438d-bb8b-c9a3a19701c8 | Completed: Task validation of syntax.
2019-12-16 03:20:44.570 13785 INFO rally.task.engine [-] Task a17d2ce6-4f4c-438d-bb8b-c9a3a19701c8 | Starting: Task validation of required platforms.
2019-12-16 03:20:44.678 13785 INFO rally.task.engine [-] Task a17d2ce6-4f4c-438d-bb8b-c9a3a19701c8 | Completed: Task validation of required platforms.
2019-12-16 03:20:44.678 13785 INFO rally.task.engine [-] Task a17d2ce6-4f4c-438d-bb8b-c9a3a19701c8 | Starting: Task validation of semantic.
2019-12-16 03:20:44.679 13785 INFO rally.task.engine [-] Check health of the environment '15dcd1f7-659f-45e1-9a78-ce52478d58f0'.
2019-12-16 03:20:45.707 13785 INFO rally.task.engine [-] Platform existing@openstack (available: True): OK!
2019-12-16 03:20:45.726 13785 RALLYDEBUG rally_openstack.contexts.keystone.users [-] Creating 1 tenants using 20 threads
2019-12-16 03:20:46.549 13785 RALLYDEBUG rally_openstack.contexts.keystone.users [-] Creating 1 users using 20 threads
2019-12-16 03:20:47.860 13785 INFO rally.task.context [-] Task a17d2ce6-4f4c-438d-bb8b-c9a3a19701c8 | Context users@openstack setup() finished in 2.13 sec
2019-12-16 03:20:54.210 13785 INFO rally.task.context [-] Task a17d2ce6-4f4c-438d-bb8b-c9a3a19701c8 | Context users@openstack cleanup() started
2019-12-16 03:20:57.027 13785 INFO rally.task.context [-] Task a17d2ce6-4f4c-438d-bb8b-c9a3a19701c8 | Context users@openstack cleanup() finished in 2.82 sec
2019-12-16 03:20:57.028 13785 INFO rally.task.engine [-] Task a17d2ce6-4f4c-438d-bb8b-c9a3a19701c8 | Completed: Task validation of semantic.
2019-12-16 03:20:57.028 13785 INFO rally.task.engine [-] Task a17d2ce6-4f4c-438d-bb8b-c9a3a19701c8 | Completed: Task validation.
2019-12-16 03:20:57.029 13785 INFO rally.api [-] Task a17d2ce6-4f4c-438d-bb8b-c9a3a19701c8 input file is valid.
2019-12-16 03:20:57.029 13785 INFO rally.api [-] Run Task a17d2ce6-4f4c-438d-bb8b-c9a3a19701c8 against Deployment 15dcd1f7-659f-45e1-9a78-ce52478d58f0
2019-12-16 03:20:57.029 13785 INFO rally.task.engine [-] Task a17d2ce6-4f4c-438d-bb8b-c9a3a19701c8 | Starting: Running task.
2019-12-16 03:20:57.217 13785 INFO rally.task.engine [-] Running workload: position = 0 config = { "version": 2, "title": "A cropped version of a bigger task.", "description": "Auto-generated task from a single workload (uuid=c3fa0216-8b04-4f7d-905e-eda9faa82284)", "subtasks": [ { "title": "NeutronNetworks.create_and_update_networks", "description": "Create and update a network.", "scenario": { "NeutronNetworks.create_and_update_networks": { "network_create_args": {}, "network_update_args": { "admin_state_up": false } } }, "contexts": { "users": { "tenants": 3, "users_per_tenant": 2 }, "quotas": { "neutron": { "network": -1 } } }, "runner": { "constant": { "concurrency": 4, "times": 10 } }, "hooks": [], "sla": { "failure_rate": { "max": 0 } } } ] }
2019-12-16 03:20:57.243 13785 RALLYDEBUG rally_openstack.contexts.keystone.users [-] Creating 3 tenants using 20 threads
2019-12-16 03:20:58.159 13785 RALLYDEBUG rally_openstack.contexts.keystone.users [-] Creating 6 users using 20 threads
2019-12-16 03:20:59.712 13785 INFO rally.task.context [-] Task a17d2ce6-4f4c-438d-bb8b-c9a3a19701c8 | Context users@openstack setup() finished in 2.47 sec
2019-12-16 03:21:00.474 13785 INFO rally.task.context [-] Task a17d2ce6-4f4c-438d-bb8b-c9a3a19701c8 | Context quotas@openstack setup() finished in 0.76 sec
2019-12-16 03:21:00.475 13785 INFO rally.task.context [-] Task a17d2ce6-4f4c-438d-bb8b-c9a3a19701c8 | Context cleanup@openstack setup() finished in 0.03 msec
2019-12-16 03:21:00.484 13785 RALLYDEBUG rally.task.runner [-] Starting the constant runner (task UUID: a17d2ce6-4f4c-438d-bb8b-c9a3a19701c8). times: 10 concurrency: 4 timeout: 0 max_cpu_used: 16 processes_to_start: 4 concurrency_per_worker: 1 concurrency_overhead: 0
2019-12-16 03:21:00.498 13909 RALLYDEBUG rally.task.runner [-] Starting a worker. times: 10 duration: None concurrency: 1 timeout: 0 cls: method_name: run args: {"network_create_args": {}, "network_update_args": {"admin_state_up": false}}
2019-12-16 03:21:00.500 13910 RALLYDEBUG rally.task.runner [-] Starting a worker. times: 10 duration: None concurrency: 1 timeout: 0 cls: method_name: run args: {"network_create_args": {}, "network_update_args": {"admin_state_up": false}}
2019-12-16 03:21:00.504 13909 INFO rally.task.runner [-] Task a17d2ce6-4f4c-438d-bb8b-c9a3a19701c8 | ITER: 1 START
2019-12-16 03:21:00.504 13911 RALLYDEBUG rally.task.runner [-] Starting a worker. times: 10 duration: None concurrency: 1 timeout: 0 cls: method_name: run args: {"network_create_args": {}, "network_update_args": {"admin_state_up": false}}
2019-12-16 03:21:00.506 13910 INFO rally.task.runner [-] Task a17d2ce6-4f4c-438d-bb8b-c9a3a19701c8 | ITER: 2 START
2019-12-16 03:21:00.507 13912 RALLYDEBUG rally.task.runner [-] Starting a worker. times: 10 duration: None concurrency: 1 timeout: 0 cls: method_name: run args: {"network_create_args": {}, "network_update_args": {"admin_state_up": false}}
2019-12-16 03:21:00.510 13911 INFO rally.task.runner [-] Task a17d2ce6-4f4c-438d-bb8b-c9a3a19701c8 | ITER: 3 START
2019-12-16 03:21:00.513 13912 INFO rally.task.runner [-] Task a17d2ce6-4f4c-438d-bb8b-c9a3a19701c8 | ITER: 4 START
2019-12-16 03:21:01.560 13912 INFO rally.task.runner [-] Task a17d2ce6-4f4c-438d-bb8b-c9a3a19701c8 | ITER: 4 END: OK
2019-12-16 03:21:01.564 13912 INFO rally.task.runner [-] Task a17d2ce6-4f4c-438d-bb8b-c9a3a19701c8 | ITER: 5 START
2019-12-16 03:21:01.575 13909 INFO rally.task.runner [-] Task a17d2ce6-4f4c-438d-bb8b-c9a3a19701c8 | ITER: 1 END: OK
2019-12-16 03:21:01.580 13909 INFO rally.task.runner [-] Task a17d2ce6-4f4c-438d-bb8b-c9a3a19701c8 | ITER: 6 START
2019-12-16 03:21:02.063 13911 INFO rally.task.runner [-] Task a17d2ce6-4f4c-438d-bb8b-c9a3a19701c8 | ITER: 3 END: OK
2019-12-16 03:21:02.068 13911 INFO rally.task.runner [-] Task a17d2ce6-4f4c-438d-bb8b-c9a3a19701c8 | ITER: 7 START
2019-12-16 03:21:02.347 13910 INFO rally.task.runner [-] Task a17d2ce6-4f4c-438d-bb8b-c9a3a19701c8 | ITER: 2 END: OK
2019-12-16 03:21:02.352 13910 INFO rally.task.runner [-] Task a17d2ce6-4f4c-438d-bb8b-c9a3a19701c8 | ITER: 8 START
2019-12-16 03:21:02.417 13909 INFO rally.task.runner [-] Task a17d2ce6-4f4c-438d-bb8b-c9a3a19701c8 | ITER: 6 END: OK
2019-12-16 03:21:02.421 13909 INFO rally.task.runner [-] Task a17d2ce6-4f4c-438d-bb8b-c9a3a19701c8 | ITER: 9 START
2019-12-16 03:21:02.863 13912 INFO rally.task.runner [-] Task a17d2ce6-4f4c-438d-bb8b-c9a3a19701c8 | ITER: 5 END: OK
2019-12-16 03:21:02.867 13912 INFO rally.task.runner [-] Task a17d2ce6-4f4c-438d-bb8b-c9a3a19701c8 | ITER: 10 START
2019-12-16 03:21:02.963 13911 INFO rally.task.runner [-] Task a17d2ce6-4f4c-438d-bb8b-c9a3a19701c8 | ITER: 7 END: OK
2019-12-16 03:21:03.285 13910 INFO rally.task.runner [-] Task a17d2ce6-4f4c-438d-bb8b-c9a3a19701c8 | ITER: 8 END: OK
2019-12-16 03:21:03.514 13909 INFO rally.task.runner [-] Task a17d2ce6-4f4c-438d-bb8b-c9a3a19701c8 | ITER: 9 END: OK
2019-12-16 03:21:03.743 13912 INFO rally.task.runner [-] Task a17d2ce6-4f4c-438d-bb8b-c9a3a19701c8 | ITER: 10 END: OK
2019-12-16 03:21:03.764 13785 INFO rally.task.context [-] Task a17d2ce6-4f4c-438d-bb8b-c9a3a19701c8 | Context cleanup@openstack cleanup() started
2019-12-16 03:21:03.767 13785 RALLYDEBUG rally_openstack.cleanup.manager [-] Cleaning up neutron vip objects
2019-12-16 03:21:04.842 13785 RALLYDEBUG rally_openstack.cleanup.manager [-] Cleaning up neutron health_monitor objects
2019-12-16 03:21:05.936 13785 RALLYDEBUG rally_openstack.cleanup.manager [-] Cleaning up neutron pool objects
2019-12-16 03:21:07.014 13785 RALLYDEBUG rally_openstack.cleanup.manager [-] Cleaning up neutron loadbalancer objects
2019-12-16 03:21:08.086 13785 RALLYDEBUG rally_openstack.cleanup.manager [-] Cleaning up neutron floatingip objects
2019-12-16 03:21:09.278 13785 RALLYDEBUG rally_openstack.cleanup.manager [-] Cleaning up neutron trunk objects
2019-12-16 03:21:10.404 13785 RALLYDEBUG rally_openstack.cleanup.manager [-] Cleaning up neutron port objects
2019-12-16 03:21:11.569 13785 RALLYDEBUG rally_openstack.cleanup.manager [-] Cleaning up neutron subnet objects
2019-12-16 03:21:12.712 13785 RALLYDEBUG rally_openstack.cleanup.manager [-] Cleaning up neutron network objects
2019-12-16 03:21:14.028 13785 RALLYDEBUG rally_openstack.cleanup.manager [-] Deleting neutron.network object s_rally_c3fa0216_hzjeROnb (2cac6ccc-a2fb-4b2b-a4f9-24c1a7667164)
2019-12-16 03:21:14.037 13785 RALLYDEBUG rally_openstack.cleanup.manager [-] Deleting neutron.network object s_rally_c3fa0216_bXgoQaEp (5c4390f9-b3b1-4e98-bf23-daa8c63f960c)
2019-12-16 03:21:14.046 13785 RALLYDEBUG rally_openstack.cleanup.manager [-] Deleting neutron.network object s_rally_c3fa0216_jDb0iJWK (737804c7-5dc4-466e-bc7b-f629a74ad73a)
2019-12-16 03:21:14.055 13785 RALLYDEBUG rally_openstack.cleanup.manager [-] Deleting neutron.network object s_rally_c3fa0216_doz5jPuf (7c640168-fe44-4acc-b98e-b26147246266)
2019-12-16 03:21:14.065 13785 RALLYDEBUG rally_openstack.cleanup.manager [-] Deleting neutron.network object s_rally_c3fa0216_WGDEUTQj (d5d3b7f7-9513-412e-8b4b-00701942170e)
2019-12-16 03:21:14.077 13785 RALLYDEBUG rally_openstack.cleanup.manager [-] Deleting neutron.network object s_rally_c3fa0216_IlrUxTKl (de2b0cbc-fa53-440f-9c45-4cc123bb9314)
2019-12-16 03:21:14.098 13785 RALLYDEBUG rally_openstack.cleanup.manager [-] Deleting neutron.network object s_rally_c3fa0216_CjWX1MQU (79d182ec-61c1-4741-870a-e81e51f0219c)
2019-12-16 03:21:14.109 13785 RALLYDEBUG rally_openstack.cleanup.manager [-] Deleting neutron.network object s_rally_c3fa0216_f56q3ZrR (8cce13c4-4e7f-45fc-b63d-9366dd211bf8)
2019-12-16 03:21:14.131 13785 RALLYDEBUG rally_openstack.cleanup.manager [-] Deleting neutron.network object s_rally_c3fa0216_tWi4yBq2 (e289dc6c-b0b5-415d-83fa-ed19d81eb450)
2019-12-16 03:21:14.139 13785 RALLYDEBUG rally_openstack.cleanup.manager [-] Deleting neutron.network object s_rally_c3fa0216_t4zslhcb (f533541d-6aec-4331-ad81-681b4f5e439f)
2019-12-16 03:21:16.572 13785 RALLYDEBUG rally_openstack.cleanup.manager [-] Cleaning up neutron router objects
2019-12-16 03:21:17.766 13785 RALLYDEBUG rally_openstack.cleanup.manager [-] Cleaning up neutron security_group objects
2019-12-16 03:21:18.967 13785 INFO rally.task.context [-] Task a17d2ce6-4f4c-438d-bb8b-c9a3a19701c8 | Context cleanup@openstack cleanup() finished in 15.20 sec
2019-12-16 03:21:18.969 13785 INFO rally.task.context [-] Task a17d2ce6-4f4c-438d-bb8b-c9a3a19701c8 | Context quotas@openstack cleanup() started
2019-12-16 03:21:19.080 13785 INFO rally.task.context [-] Task a17d2ce6-4f4c-438d-bb8b-c9a3a19701c8 | Context quotas@openstack cleanup() finished in 0.11 sec
2019-12-16 03:21:19.080 13785 INFO rally.task.context [-] Task a17d2ce6-4f4c-438d-bb8b-c9a3a19701c8 | Context users@openstack cleanup() started
2019-12-16 03:21:23.044 13785 INFO rally.task.context [-] Task a17d2ce6-4f4c-438d-bb8b-c9a3a19701c8 | Context users@openstack cleanup() finished in 3.96 sec
2019-12-16 03:21:23.405 13785 INFO rally.task.engine [-] Load duration is: 3.237231
2019-12-16 03:21:23.406 13785 INFO rally.task.engine [-] Full runner duration is: 3.280414
2019-12-16 03:21:23.406 13785 INFO rally.task.engine [-] Full duration is: 25.804033
2019-12-16 03:21:23.792 13785 INFO rally.task.engine [-] Running workload: position = 0 config = { "version": 2, "title": "A cropped version of a bigger task.", "description": "Auto-generated task from a single workload (uuid=4bd1dbc8-9357-4008-a800-6cb81448ae05)", "subtasks": [ { "title": "NeutronNetworks.create_and_update_ports", "description": "Create and update a given number of ports.", "scenario": { "NeutronNetworks.create_and_update_ports": { "network_create_args": {}, "port_create_args": {}, "port_update_args": { "admin_state_up": false, "device_id": "dummy_id", "device_owner": "dummy_owner" }, "ports_per_network": 1 } }, "contexts": { "users": { "tenants": 3, "users_per_tenant": 2 }, "network": { "router": {} }, "quotas": { "neutron": { "network": -1, "port": -1 } } }, "runner": { "constant": { "concurrency": 4, "times": 10 } }, "hooks": [], "sla": { "failure_rate": { "max": 0 } } } ] }
2019-12-16 03:21:23.820 13785 RALLYDEBUG rally_openstack.contexts.keystone.users [-] Creating 3 tenants using 20 threads
2019-12-16 03:21:24.831 13785 RALLYDEBUG rally_openstack.contexts.keystone.users [-] Creating 6 users using 20 threads
2019-12-16 03:21:26.397 13785 INFO rally.task.context [-] Task a17d2ce6-4f4c-438d-bb8b-c9a3a19701c8 | Context users@openstack setup() finished in 2.58 sec
2019-12-16 03:21:27.228 13785 INFO rally.task.context [-] Task a17d2ce6-4f4c-438d-bb8b-c9a3a19701c8 | Context quotas@openstack setup() finished in 0.83 sec
2019-12-16 03:21:27.827 13785 RALLYDEBUG rally_openstack.wrappers.network [-] CIDR generated: 10.2.0.0/24
2019-12-16 03:21:28.644 13785 RALLYDEBUG rally_openstack.wrappers.network [-] CIDR generated: 10.2.1.0/24
2019-12-16 03:21:29.644 13785 RALLYDEBUG rally_openstack.wrappers.network [-] CIDR generated: 10.2.2.0/24
2019-12-16 03:21:30.139 13785 INFO rally.task.context [-] Task a17d2ce6-4f4c-438d-bb8b-c9a3a19701c8 | Context network@openstack setup() finished in 2.91 sec
2019-12-16 03:21:30.140 13785 INFO rally.task.context [-] Task a17d2ce6-4f4c-438d-bb8b-c9a3a19701c8 | Context cleanup@openstack setup() finished in 0.02 msec
2019-12-16 03:21:30.149 13785 RALLYDEBUG rally.task.runner [-] Starting the constant runner (task UUID: a17d2ce6-4f4c-438d-bb8b-c9a3a19701c8). times: 10 concurrency: 4 timeout: 0 max_cpu_used: 16 processes_to_start: 4 concurrency_per_worker: 1 concurrency_overhead: 0
2019-12-16 03:21:30.161 14233 RALLYDEBUG rally.task.runner [-] Starting a worker. times: 10 duration: None concurrency: 1 timeout: 0 cls: method_name: run args: {"network_create_args": {}, "port_create_args": {}, "port_update_args": {"admin_state_up": false, "device_id": "dummy_id", "device_owner": "dummy_owner"}, "ports_per_network": 1}
2019-12-16 03:21:30.164 14234 RALLYDEBUG rally.task.runner [-] Starting a worker. times: 10 duration: None concurrency: 1 timeout: 0 cls: method_name: run args: {"network_create_args": {}, "port_create_args": {}, "port_update_args": {"admin_state_up": false, "device_id": "dummy_id", "device_owner": "dummy_owner"}, "ports_per_network": 1}
2019-12-16 03:21:30.168 14233 INFO rally.task.runner [-] Task a17d2ce6-4f4c-438d-bb8b-c9a3a19701c8 | ITER: 1 START
2019-12-16 03:21:30.168 14235 RALLYDEBUG rally.task.runner [-] Starting a worker. times: 10 duration: None concurrency: 1 timeout: 0 cls: method_name: run args: {"network_create_args": {}, "port_create_args": {}, "port_update_args": {"admin_state_up": false, "device_id": "dummy_id", "device_owner": "dummy_owner"}, "ports_per_network": 1}
2019-12-16 03:21:30.171 14234 INFO rally.task.runner [-] Task a17d2ce6-4f4c-438d-bb8b-c9a3a19701c8 | ITER: 2 START
2019-12-16 03:21:30.171 14236 RALLYDEBUG rally.task.runner [-] Starting a worker. times: 10 duration: None concurrency: 1 timeout: 0 cls: method_name: run args: {"network_create_args": {}, "port_create_args": {}, "port_update_args": {"admin_state_up": false, "device_id": "dummy_id", "device_owner": "dummy_owner"}, "ports_per_network": 1}
2019-12-16 03:21:30.174 14235 INFO rally.task.runner [-] Task a17d2ce6-4f4c-438d-bb8b-c9a3a19701c8 | ITER: 3 START
2019-12-16 03:21:30.178 14236 INFO rally.task.runner [-] Task a17d2ce6-4f4c-438d-bb8b-c9a3a19701c8 | ITER: 4 START
2019-12-16 03:21:31.566 14233 INFO rally.task.runner [-] Task a17d2ce6-4f4c-438d-bb8b-c9a3a19701c8 | ITER: 1 END: OK
2019-12-16 03:21:31.566 14234 INFO rally.task.runner [-] Task a17d2ce6-4f4c-438d-bb8b-c9a3a19701c8 | ITER: 2 END: OK
2019-12-16 03:21:31.571 14233 INFO rally.task.runner [-] Task a17d2ce6-4f4c-438d-bb8b-c9a3a19701c8 | ITER: 6 START
2019-12-16 03:21:31.571 14234 INFO rally.task.runner [-] Task a17d2ce6-4f4c-438d-bb8b-c9a3a19701c8 | ITER: 5 START
2019-12-16 03:21:32.080 14235 INFO rally.task.runner [-] Task a17d2ce6-4f4c-438d-bb8b-c9a3a19701c8 | ITER: 3 END: OK
2019-12-16 03:21:32.086 14235 INFO rally.task.runner [-] Task a17d2ce6-4f4c-438d-bb8b-c9a3a19701c8 | ITER: 7 START
2019-12-16 03:21:32.092 14236 INFO rally.task.runner [-] Task a17d2ce6-4f4c-438d-bb8b-c9a3a19701c8 | ITER: 4 END: OK
2019-12-16 03:21:32.097 14236 INFO rally.task.runner [-] Task a17d2ce6-4f4c-438d-bb8b-c9a3a19701c8 | ITER: 8 START
2019-12-16 03:21:33.230 14234 INFO rally.task.runner [-] Task a17d2ce6-4f4c-438d-bb8b-c9a3a19701c8 | ITER: 5 END: OK
2019-12-16 03:21:33.233 14234 INFO rally.task.runner [-] Task a17d2ce6-4f4c-438d-bb8b-c9a3a19701c8 | ITER: 9 START
2019-12-16 03:21:33.508 14233 INFO rally.task.runner [-] Task a17d2ce6-4f4c-438d-bb8b-c9a3a19701c8 | ITER: 6 END: OK
2019-12-16 03:21:33.512 14233 INFO rally.task.runner [-] Task a17d2ce6-4f4c-438d-bb8b-c9a3a19701c8 | ITER: 10 START
2019-12-16 03:21:33.608 14235 INFO rally.task.runner [-] Task a17d2ce6-4f4c-438d-bb8b-c9a3a19701c8 | ITER: 7 END: OK
2019-12-16 03:21:33.729 14236 INFO rally.task.runner [-] Task a17d2ce6-4f4c-438d-bb8b-c9a3a19701c8 | ITER: 8 END: OK
2019-12-16 03:21:34.524 14234 INFO rally.task.runner [-] Task a17d2ce6-4f4c-438d-bb8b-c9a3a19701c8 | ITER: 9 END: OK
2019-12-16 03:21:34.880 14233 INFO rally.task.runner [-] Task a17d2ce6-4f4c-438d-bb8b-c9a3a19701c8 | ITER: 10 END: OK
2019-12-16 03:21:34.904 13785 INFO rally.task.context [-] Task a17d2ce6-4f4c-438d-bb8b-c9a3a19701c8 | Context cleanup@openstack cleanup() started
2019-12-16 03:21:34.908 13785 RALLYDEBUG rally_openstack.cleanup.manager [-] Cleaning up neutron vip objects
2019-12-16 03:21:36.015 13785 RALLYDEBUG rally_openstack.cleanup.manager [-] Cleaning up neutron health_monitor objects
2019-12-16 03:21:37.081 13785 RALLYDEBUG rally_openstack.cleanup.manager [-] Cleaning up neutron pool objects
2019-12-16 03:21:38.187 13785 RALLYDEBUG rally_openstack.cleanup.manager [-] Cleaning up neutron loadbalancer objects
2019-12-16 03:21:39.277 13785 RALLYDEBUG rally_openstack.cleanup.manager [-] Cleaning up neutron floatingip objects
2019-12-16 03:21:40.446 13785 RALLYDEBUG rally_openstack.cleanup.manager [-] Cleaning up neutron trunk objects
2019-12-16 03:21:41.534 13785 RALLYDEBUG rally_openstack.cleanup.manager [-] Cleaning up neutron port objects
2019-12-16 03:21:42.813 13785 RALLYDEBUG rally_openstack.cleanup.manager [-] Deleting neutron.port object s_rally_4bd1dbc8_kUUKNoaE (7f445735-e193-43a3-91dd-7d7e41dd036e)
2019-12-16 03:21:42.833 13785 RALLYDEBUG rally_openstack.cleanup.manager [-] Deleting neutron.port object s_rally_4bd1dbc8_Nux2PNST (25c79a8f-4148-4849-bfe0-f2ae371ab079)
2019-12-16 03:21:42.833 13785 RALLYDEBUG rally_openstack.cleanup.manager [-] Deleting neutron.port object s_rally_4bd1dbc8_Tn3LXqFB (c864d573-e4e7-400d-a906-7e3ec6101cba)
