2019-12-16 02:57:21.185 1845 INFO rally.task.engine [-] Running workload: position = 1 config = { "version": 2, "title": "A cropped version of a bigger task.", "description": "Auto-generated task from a single workload (uuid=93450fb9-b860-4fba-93eb-6bfd342e509b)", "subtasks": [ { "title": "CinderVolumes.create_and_delete_volume", "description": "Create and then delete a volume.", "scenario": { "CinderVolumes.create_and_delete_volume": { "image": { "name": "rally_full-img_102dc671-f436-4d4d-b368-5b0ed177eae0" }, "size": 1 } }, "contexts": { "users": { "tenants": 3, "users_per_tenant": 2 }, "quotas": { "cinder": { "gigabytes": -1, "snapshots": -1, "volumes": -1 } }, "api_versions": { "cinder": { "version": 3, "service_type": "volumev3" } } }, "runner": { "constant": { "concurrency": 4, "times": 10 } }, "hooks": [], "sla": { "failure_rate": { "max": 0 } } } ] }
2019-12-16 02:57:21.210 1845 RALLYDEBUG rally_openstack.contexts.keystone.users [-] Creating 3 tenants using 20 threads
2019-12-16 02:57:22.243 1845 RALLYDEBUG rally_openstack.contexts.keystone.users [-] Creating 6 users using 20 threads
2019-12-16 02:57:23.781 1845 INFO rally.task.context [-] Task 152a923f-0ecc-41ef-b148-1f68907acab3 | Context users@openstack setup() finished in 2.57 sec
2019-12-16 02:57:24.169 1845 INFO rally.task.context [-] Task 152a923f-0ecc-41ef-b148-1f68907acab3 | Context api_versions@openstack setup() finished in 0.39 sec
2019-12-16 02:57:24.965 1845 INFO rally.task.context [-] Task 152a923f-0ecc-41ef-b148-1f68907acab3 | Context quotas@openstack setup() finished in 0.80 sec
2019-12-16 02:57:24.966 1845 INFO rally.task.context [-] Task 152a923f-0ecc-41ef-b148-1f68907acab3 | Context cleanup@openstack setup() finished in 0.01 msec
2019-12-16 02:57:25.512 1845 RALLYDEBUG rally.task.runner [-] Starting the constant runner (task UUID: 152a923f-0ecc-41ef-b148-1f68907acab3). times: 10 concurrency: 4 timeout: 0 max_cpu_used: 16 processes_to_start: 4 concurrency_per_worker: 1 concurrency_overhead: 0
2019-12-16 02:57:25.523 4357 RALLYDEBUG rally.task.runner [-] Starting a worker. times: 10 duration: None concurrency: 1 timeout: 0 cls: method_name: run args: {"image": "02e2d7fc-4c21-4af2-9b3a-22bc0af0001a", "size": 1}
2019-12-16 02:57:25.527 4358 RALLYDEBUG rally.task.runner [-] Starting a worker. times: 10 duration: None concurrency: 1 timeout: 0 cls: method_name: run args: {"image": "02e2d7fc-4c21-4af2-9b3a-22bc0af0001a", "size": 1}
2019-12-16 02:57:25.531 4357 INFO rally.task.runner [-] Task 152a923f-0ecc-41ef-b148-1f68907acab3 | ITER: 1 START
2019-12-16 02:57:25.530 4359 RALLYDEBUG rally.task.runner [-] Starting a worker. times: 10 duration: None concurrency: 1 timeout: 0 cls: method_name: run args: {"image": "02e2d7fc-4c21-4af2-9b3a-22bc0af0001a", "size": 1}
2019-12-16 02:57:25.534 4358 INFO rally.task.runner [-] Task 152a923f-0ecc-41ef-b148-1f68907acab3 | ITER: 2 START
2019-12-16 02:57:25.534 4360 RALLYDEBUG rally.task.runner [-] Starting a worker. times: 10 duration: None concurrency: 1 timeout: 0 cls: method_name: run args: {"image": "02e2d7fc-4c21-4af2-9b3a-22bc0af0001a", "size": 1}
2019-12-16 02:57:25.537 4359 INFO rally.task.runner [-] Task 152a923f-0ecc-41ef-b148-1f68907acab3 | ITER: 3 START
2019-12-16 02:57:25.541 4360 INFO rally.task.runner [-] Task 152a923f-0ecc-41ef-b148-1f68907acab3 | ITER: 4 START
2019-12-16 02:57:43.077 4357 RALLYDEBUG rally.task.utils [-] Waiting for resource s_rally_93450fb9_BEvdZESB. Status changed: DOWNLOADING => AVAILABLE in 14.714164972305298
2019-12-16 02:57:43.211 4357 RALLYDEBUG rally.task.utils [-] Waiting for resource s_rally_93450fb9_BEvdZESB. Status changed: AVAILABLE => DELETING in 0.06572341918945312
2019-12-16 02:57:47.336 4357 INFO rally.task.runner [-] Task 152a923f-0ecc-41ef-b148-1f68907acab3 | ITER: 1 END: OK
2019-12-16 02:57:47.346 4357 INFO rally.task.runner [-] Task 152a923f-0ecc-41ef-b148-1f68907acab3 | ITER: 5 START
2019-12-16 02:57:47.412 4360 RALLYDEBUG rally.task.utils [-] Waiting for resource s_rally_93450fb9_94lhRmIC. Status changed: DOWNLOADING => AVAILABLE in 18.71909236907959
2019-12-16 02:57:47.540 4360 RALLYDEBUG rally.task.utils [-] Waiting for resource s_rally_93450fb9_94lhRmIC. Status changed: AVAILABLE => DELETING in 0.06193852424621582
2019-12-16 02:57:49.577 4360 INFO rally.task.runner [-] Task 152a923f-0ecc-41ef-b148-1f68907acab3 | ITER: 4 END: OK
2019-12-16 02:57:49.584 4360 INFO rally.task.runner [-] Task 152a923f-0ecc-41ef-b148-1f68907acab3 | ITER: 6 START
2019-12-16 02:58:03.713 4359 RALLYDEBUG rally.task.utils [-] Waiting for resource s_rally_93450fb9_d2I6BOYT. Status changed: DOWNLOADING => AVAILABLE in 35.247727394104004
2019-12-16 02:58:03.756 4358 RALLYDEBUG rally.task.utils [-] Waiting for resource s_rally_93450fb9_KqW9fP9A. Status changed: DOWNLOADING => AVAILABLE in 35.36685824394226
2019-12-16 02:58:03.842 4359 RALLYDEBUG rally.task.utils [-] Waiting for resource s_rally_93450fb9_d2I6BOYT. Status changed: AVAILABLE => DELETING in 0.06379032135009766
2019-12-16 02:58:03.868 4358 RALLYDEBUG rally.task.utils [-] Waiting for resource s_rally_93450fb9_KqW9fP9A. Status changed: AVAILABLE => DELETING in 0.05460238456726074
2019-12-16 02:58:05.888 4359 INFO rally.task.runner [-] Task 152a923f-0ecc-41ef-b148-1f68907acab3 | ITER: 3 END: OK
2019-12-16 02:58:05.896 4359 INFO rally.task.runner [-] Task 152a923f-0ecc-41ef-b148-1f68907acab3 | ITER: 7 START
2019-12-16 02:58:05.910 4358 INFO rally.task.runner [-] Task 152a923f-0ecc-41ef-b148-1f68907acab3 | ITER: 2 END: OK
2019-12-16 02:58:05.917 4358 INFO rally.task.runner [-] Task 152a923f-0ecc-41ef-b148-1f68907acab3 | ITER: 8 START
2019-12-16 02:58:11.096 4357 RALLYDEBUG rally.task.utils [-] Waiting for resource s_rally_93450fb9_Zm3iqDwB. Status changed: DOWNLOADING => AVAILABLE in 20.897165536880493
2019-12-16 02:58:11.222 4357 RALLYDEBUG rally.task.utils [-] Waiting for resource s_rally_93450fb9_Zm3iqDwB. Status changed: AVAILABLE => DELETING in 0.06331825256347656
2019-12-16 02:58:13.265 4357 INFO rally.task.runner [-] Task 152a923f-0ecc-41ef-b148-1f68907acab3 | ITER: 5 END: OK
2019-12-16 02:58:13.274 4357 INFO rally.task.runner [-] Task 152a923f-0ecc-41ef-b148-1f68907acab3 | ITER: 9 START
2019-12-16 02:58:20.533 4357 RALLYDEBUG rally.task.utils [-] Waiting for resource s_rally_93450fb9_BCjYBsmN. Status changed: CREATING => DOWNLOADING in 4.25714898109436
2019-12-16 02:58:23.125 4358 RALLYDEBUG rally.task.utils [-] Waiting for resource s_rally_93450fb9_GVKIVuBn. Status changed: DOWNLOADING => AVAILABLE in 14.562880992889404
2019-12-16 02:58:23.388 4358 RALLYDEBUG rally.task.utils [-] Waiting for resource s_rally_93450fb9_GVKIVuBn. Status changed: AVAILABLE => DELETING in 0.06496071815490723
2019-12-16 02:58:25.433 4358 INFO rally.task.runner [-] Task 152a923f-0ecc-41ef-b148-1f68907acab3 | ITER: 8 END: OK
2019-12-16 02:58:25.437 4358 INFO rally.task.runner [-] Task 152a923f-0ecc-41ef-b148-1f68907acab3 | ITER: 10 START
2019-12-16 02:58:25.911 4360 RALLYDEBUG rally.task.utils [-] Waiting for resource s_rally_93450fb9_YNl2JQfa. Status changed: DOWNLOADING => AVAILABLE in 33.34209394454956
2019-12-16 02:58:26.041 4360 RALLYDEBUG rally.task.utils [-] Waiting for resource s_rally_93450fb9_YNl2JQfa. Status changed: AVAILABLE => DELETING in 0.06697845458984375
2019-12-16 02:58:28.081 4360 INFO rally.task.runner [-] Task 152a923f-0ecc-41ef-b148-1f68907acab3 | ITER: 6 END: OK
2019-12-16 02:58:35.578 4359 RALLYDEBUG rally.task.utils [-] Waiting for resource s_rally_93450fb9_AivkMJAZ. Status changed: DOWNLOADING => AVAILABLE in 26.954476594924927
2019-12-16 02:58:35.706 4359 RALLYDEBUG rally.task.utils [-] Waiting for resource s_rally_93450fb9_AivkMJAZ. Status changed: AVAILABLE => DELETING in 0.06344461441040039
2019-12-16 02:58:39.819 4359 INFO rally.task.runner [-] Task 152a923f-0ecc-41ef-b148-1f68907acab3 | ITER: 7 END: OK
2019-12-16 02:58:47.102 4358 RALLYDEBUG rally.task.utils [-] Waiting for resource s_rally_93450fb9_BLGs1ly5. Status changed: DOWNLOADING => AVAILABLE in 18.832414150238037
2019-12-16 02:58:47.234 4358 RALLYDEBUG rally.task.utils [-] Waiting for resource s_rally_93450fb9_BLGs1ly5. Status changed: AVAILABLE => DELETING in 0.07123494148254395
2019-12-16 02:58:47.377 4357 RALLYDEBUG rally.task.utils [-] Waiting for resource s_rally_93450fb9_BCjYBsmN. Status changed: DOWNLOADING => AVAILABLE in 26.843173503875732
2019-12-16 02:58:47.505 4357 RALLYDEBUG rally.task.utils [-] Waiting for resource s_rally_93450fb9_BCjYBsmN. Status changed: AVAILABLE => DELETING in 0.06773996353149414
2019-12-16 02:58:49.279 4358 INFO rally.task.runner [-] Task 152a923f-0ecc-41ef-b148-1f68907acab3 | ITER: 10 END: OK
2019-12-16 02:58:49.542 4357 INFO rally.task.runner [-] Task 152a923f-0ecc-41ef-b148-1f68907acab3 | ITER: 9 END: OK
2019-12-16 02:58:49.575 1845 INFO rally.task.context [-] Task 152a923f-0ecc-41ef-b148-1f68907acab3 | Context cleanup@openstack cleanup() started
2019-12-16 02:58:49.578 1845 RALLYDEBUG rally_openstack.cleanup.manager [-] Cleaning up cinder backups objects
2019-12-16 02:58:50.733 1845 RALLYDEBUG rally_openstack.cleanup.manager [-] Cleaning up cinder volume_snapshots objects
2019-12-16 02:58:51.872 1845 RALLYDEBUG rally_openstack.cleanup.manager [-] Cleaning up cinder transfers objects
2019-12-16 02:58:52.986 1845 RALLYDEBUG rally_openstack.cleanup.manager [-] Cleaning up cinder volumes objects
2019-12-16 02:58:54.193 1845 INFO rally.task.context [-] Task 152a923f-0ecc-41ef-b148-1f68907acab3 | Context cleanup@openstack cleanup() finished in 4.62 sec
2019-12-16 02:58:54.193 1845 INFO rally.task.context [-] Task 152a923f-0ecc-41ef-b148-1f68907acab3 | Context quotas@openstack cleanup() started
2019-12-16 02:58:54.265 1845 INFO rally.task.context [-] Task 152a923f-0ecc-41ef-b148-1f68907acab3 | Context quotas@openstack cleanup() finished in 71.45 msec
2019-12-16 02:58:54.265 1845 INFO rally.task.context [-] Task 152a923f-0ecc-41ef-b148-1f68907acab3 | Context api_versions@openstack cleanup() started
2019-12-16 02:58:54.266 1845 INFO rally.task.context [-] Task 152a923f-0ecc-41ef-b148-1f68907acab3 | Context api_versions@openstack cleanup() finished in 0.34 msec
2019-12-16 02:58:54.266 1845 INFO rally.task.context [-] Task 152a923f-0ecc-41ef-b148-1f68907acab3 | Context users@openstack cleanup() started
2019-12-16 02:58:58.747 1845 INFO rally.task.context [-] Task 152a923f-0ecc-41ef-b148-1f68907acab3 | Context users@openstack cleanup() finished in 4.48 sec
2019-12-16 02:58:59.606 1845 INFO rally.task.engine [-] Load duration is: 84.007122
2019-12-16 02:58:59.607 1845 INFO rally.task.engine [-] Full runner duration is: 84.063658
2019-12-16 02:58:59.607 1845 INFO rally.task.engine [-] Full duration is: 97.540243
2019-12-16 02:58:59.814 1845 INFO rally.task.engine [-] Running workload: position = 2 config = { "version": 2, "title": "A cropped version of a bigger task.", "description": "Auto-generated task from a single workload (uuid=4e6f41e0-dbcc-4ee1-8921-e4b59cb7824c)", "subtasks": [ { "title": "CinderVolumes.create_and_delete_volume", "description": "Create and then delete a volume.", "scenario": { "CinderVolumes.create_and_delete_volume": { "size": 1 } }, "contexts": { "users": { "tenants": 3, "users_per_tenant": 2 }, "quotas": { "cinder": { "gigabytes": -1, "snapshots": -1, "volumes": -1 } }, "api_versions": { "cinder": { "version": 3, "service_type": "volumev3" } } }, "runner": { "constant": { "concurrency": 4, "times": 10 } }, "hooks": [], "sla": { "failure_rate": { "max": 0 } } } ] }
2019-12-16 02:58:59.839 1845 RALLYDEBUG rally_openstack.contexts.keystone.users [-] Creating 3 tenants using 20 threads
2019-12-16 02:59:00.756 1845 RALLYDEBUG rally_openstack.contexts.keystone.users [-] Creating 6 users using 20 threads
2019-12-16 02:59:02.331 1845 INFO rally.task.context [-] Task 152a923f-0ecc-41ef-b148-1f68907acab3 | Context users@openstack setup() finished in 2.49 sec
2019-12-16 02:59:02.725 1845 INFO rally.task.context [-] Task 152a923f-0ecc-41ef-b148-1f68907acab3 | Context api_versions@openstack setup() finished in 0.39 sec
2019-12-16 02:59:03.551 1845 INFO rally.task.context [-] Task 152a923f-0ecc-41ef-b148-1f68907acab3 | Context quotas@openstack setup() finished in 0.83 sec
2019-12-16 02:59:03.552 1845 INFO rally.task.context [-] Task 152a923f-0ecc-41ef-b148-1f68907acab3 | Context cleanup@openstack setup() finished in 0.01 msec
2019-12-16 02:59:03.561 1845 RALLYDEBUG rally.task.runner [-] Starting the constant runner (task UUID: 152a923f-0ecc-41ef-b148-1f68907acab3). times: 10 concurrency: 4 timeout: 0 max_cpu_used: 16 processes_to_start: 4 concurrency_per_worker: 1 concurrency_overhead: 0
2019-12-16 02:59:03.573 4541 RALLYDEBUG rally.task.runner [-] Starting a worker. times: 10 duration: None concurrency: 1 timeout: 0 cls: method_name: run args: {"size": 1}
2019-12-16 02:59:03.577 4542 RALLYDEBUG rally.task.runner [-] Starting a worker. times: 10 duration: None concurrency: 1 timeout: 0 cls: method_name: run args: {"size": 1}
2019-12-16 02:59:03.581 4541 INFO rally.task.runner [-] Task 152a923f-0ecc-41ef-b148-1f68907acab3 | ITER: 1 START
2019-12-16 02:59:03.580 4543 RALLYDEBUG rally.task.runner [-] Starting a worker. times: 10 duration: None concurrency: 1 timeout: 0 cls: method_name: run args: {"size": 1}
2019-12-16 02:59:03.584 4542 INFO rally.task.runner [-] Task 152a923f-0ecc-41ef-b148-1f68907acab3 | ITER: 2 START
2019-12-16 02:59:03.584 4545 RALLYDEBUG rally.task.runner [-] Starting a worker. times: 10 duration: None concurrency: 1 timeout: 0 cls: method_name: run args: {"size": 1}
2019-12-16 02:59:03.587 4543 INFO rally.task.runner [-] Task 152a923f-0ecc-41ef-b148-1f68907acab3 | ITER: 3 START
2019-12-16 02:59:03.590 4545 INFO rally.task.runner [-] Task 152a923f-0ecc-41ef-b148-1f68907acab3 | ITER: 4 START
2019-12-16 02:59:06.509 4542 RALLYDEBUG rally.task.utils [-] Waiting for resource s_rally_4e6f41e0_ZutcZOcA. Status changed: AVAILABLE => DELETING in 0.057312726974487305
2019-12-16 02:59:06.510 4543 RALLYDEBUG rally.task.utils [-] Waiting for resource s_rally_4e6f41e0_j3BlCON4. Status changed: AVAILABLE => DELETING in 0.053758859634399414
2019-12-16 02:59:06.581 4541 RALLYDEBUG rally.task.utils [-] Waiting for resource s_rally_4e6f41e0_7FUQsg0X. Status changed: AVAILABLE => DELETING in 0.05398726463317871
2019-12-16 02:59:06.614 4545 RALLYDEBUG rally.task.utils [-] Waiting for resource s_rally_4e6f41e0_8Ly7iMUm. Status changed: AVAILABLE => DELETING in 0.054006338119506836
2019-12-16 02:59:08.553 4542 INFO rally.task.runner [-] Task 152a923f-0ecc-41ef-b148-1f68907acab3 | ITER: 2 END: OK
2019-12-16 02:59:08.554 4543 INFO rally.task.runner [-] Task 152a923f-0ecc-41ef-b148-1f68907acab3 | ITER: 3 END: OK
2019-12-16 02:59:08.557 4542 INFO rally.task.runner [-] Task 152a923f-0ecc-41ef-b148-1f68907acab3 | ITER: 5 START
2019-12-16 02:59:08.559 4543 INFO rally.task.runner [-] Task 152a923f-0ecc-41ef-b148-1f68907acab3 | ITER: 6 START
2019-12-16 02:59:08.620 4541 INFO rally.task.runner [-] Task 152a923f-0ecc-41ef-b148-1f68907acab3 | ITER: 1 END: OK
2019-12-16 02:59:08.624 4541 INFO rally.task.runner [-] Task 152a923f-0ecc-41ef-b148-1f68907acab3 | ITER: 7 START
2019-12-16 02:59:08.661 4545 INFO rally.task.runner [-] Task 152a923f-0ecc-41ef-b148-1f68907acab3 | ITER: 4 END: OK
2019-12-16 02:59:08.665 4545 INFO rally.task.runner [-] Task 152a923f-0ecc-41ef-b148-1f68907acab3 | ITER: 8 START
2019-12-16 02:59:11.364 4542 RALLYDEBUG rally.task.utils [-] Waiting for resource s_rally_4e6f41e0_t73vCDuv. Status changed: AVAILABLE => DELETING in 0.05515456199645996
2019-12-16 02:59:11.399 4541 RALLYDEBUG rally.task.utils [-] Waiting for resource s_rally_4e6f41e0_diEjM5Xn. Status changed: AVAILABLE => DELETING in 0.056671857833862305
2019-12-16 02:59:11.406 4543 RALLYDEBUG rally.task.utils [-] Waiting for resource s_rally_4e6f41e0_NWaMSxet. Status changed: AVAILABLE => DELETING in 0.05291628837585449
2019-12-16 02:59:11.559 4545 RALLYDEBUG rally.task.utils [-] Waiting for resource s_rally_4e6f41e0_AJbru3IP. Status changed: AVAILABLE => DELETING in 0.0570526123046875
2019-12-16 02:59:13.418 4542 INFO rally.task.runner [-] Task 152a923f-0ecc-41ef-b148-1f68907acab3 | ITER: 5 END: OK
2019-12-16 02:59:13.422 4542 INFO rally.task.runner [-] Task 152a923f-0ecc-41ef-b148-1f68907acab3 | ITER: 9 START
2019-12-16 02:59:13.442 4541 INFO rally.task.runner [-] Task 152a923f-0ecc-41ef-b148-1f68907acab3 | ITER: 7 END: OK
2019-12-16 02:59:13.445 4541 INFO rally.task.runner [-] Task 152a923f-0ecc-41ef-b148-1f68907acab3 | ITER: 10 START
2019-12-16 02:59:13.448 4543 INFO rally.task.runner [-] Task 152a923f-0ecc-41ef-b148-1f68907acab3 | ITER: 6 END: OK
2019-12-16 02:59:13.599 4545 INFO rally.task.runner [-] Task 152a923f-0ecc-41ef-b148-1f68907acab3 | ITER: 8 END: OK
2019-12-16 02:59:16.245 4542 RALLYDEBUG rally.task.utils [-] Waiting for resource s_rally_4e6f41e0_l5Rm2013. Status changed: AVAILABLE => DELETING in 0.06370711326599121
2019-12-16 02:59:16.358 4541 RALLYDEBUG rally.task.utils [-] Waiting for resource s_rally_4e6f41e0_UVGrqLvY. Status changed: AVAILABLE => DELETING in 0.1771259307861328
2019-12-16 02:59:18.287 4542 INFO rally.task.runner [-] Task 152a923f-0ecc-41ef-b148-1f68907acab3 | ITER: 9 END: OK
2019-12-16 02:59:18.400 4541 INFO rally.task.runner [-] Task 152a923f-0ecc-41ef-b148-1f68907acab3 | ITER: 10 END: OK
2019-12-16 02:59:18.423 1845 INFO rally.task.context [-] Task 152a923f-0ecc-41ef-b148-1f68907acab3 | Context cleanup@openstack cleanup() started
2019-12-16 02:59:18.426 1845 RALLYDEBUG rally_openstack.cleanup.manager [-] Cleaning up cinder backups objects
2019-12-16 02:59:19.560 1845 RALLYDEBUG rally_openstack.cleanup.manager [-] Cleaning up cinder volume_snapshots objects
2019-12-16 02:59:20.682 1845 RALLYDEBUG rally_openstack.cleanup.manager [-] Cleaning up cinder transfers objects
2019-12-16 02:59:21.787 1845 RALLYDEBUG rally_openstack.cleanup.manager [-] Cleaning up cinder volumes objects
2019-12-16 02:59:22.964 1845 INFO rally.task.context [-] Task 152a923f-0ecc-41ef-b148-1f68907acab3 | Context cleanup@openstack cleanup() finished in 4.54 sec
2019-12-16 02:59:22.964 1845 INFO rally.task.context [-] Task 152a923f-0ecc-41ef-b148-1f68907acab3 | Context quotas@openstack cleanup() started
2019-12-16 02:59:23.033 1845 INFO rally.task.context [-] Task 152a923f-0ecc-41ef-b148-1f68907acab3 | Context quotas@openstack cleanup() finished in 68.19 msec
2019-12-16 02:59:23.033 1845 INFO rally.task.context [-] Task 152a923f-0ecc-41ef-b148-1f68907acab3 | Context api_versions@openstack cleanup() started
2019-12-16 02:59:23.034 1845 INFO rally.task.context [-] Task 152a923f-0ecc-41ef-b148-1f68907acab3 | Context api_versions@openstack cleanup() finished in 0.35 msec
2019-12-16 02:59:23.034 1845 INFO rally.task.context [-] Task 152a923f-0ecc-41ef-b148-1f68907acab3 | Context users@openstack cleanup() started
2019-12-16 02:59:27.266 1845 INFO rally.task.context [-] Task 152a923f-0ecc-41ef-b148-1f68907acab3 | Context users@openstack cleanup() finished in 4.23 sec
2019-12-16 02:59:28.007 1845 INFO rally.task.engine [-] Load duration is: 14.815642
2019-12-16 02:59:28.007 1845 INFO rally.task.engine [-] Full runner duration is: 14.861828
2019-12-16 02:59:28.007 1845 INFO rally.task.engine [-] Full duration is: 27.430054
2019-12-16 02:59:28.338 1845 INFO rally.task.engine [-] Running workload: position = 0 config = { "version": 2, "title": "A cropped version of a bigger task.", "description": "Auto-generated task from a single workload (uuid=3336d447-f068-4b6d-aa83-6a606b854475)", "subtasks": [ { "title": "CinderVolumes.create_and_extend_volume", "description": "Create and extend a volume and then delete it.", "scenario": { "CinderVolumes.create_and_extend_volume": { "new_size": 2, "size": 1 } }, "contexts": { "users": { "tenants": 3, "users_per_tenant": 2 }, "quotas": { "cinder": { "gigabytes": -1, "snapshots": -1, "volumes": -1 } }, "api_versions": { "cinder": { "version": 3, "service_type": "volumev3" } } }, "runner": { "constant": { "concurrency": 4, "times": 10 } }, "hooks": [], "sla": { "failure_rate": { "max": 0 } } } ] }
2019-12-16 02:59:28.365 1845 RALLYDEBUG rally_openstack.contexts.keystone.users [-] Creating 3 tenants using 20 threads
2019-12-16 02:59:29.377 1845 RALLYDEBUG rally_openstack.contexts.keystone.users [-] Creating 6 users using 20 threads
2019-12-16 02:59:30.876 1845 INFO rally.task.context [-] Task 152a923f-0ecc-41ef-b148-1f68907acab3 | Context users@openstack setup() finished in 2.51 sec
2019-12-16 02:59:31.254 1845 INFO rally.task.context [-] Task 152a923f-0ecc-41ef-b148-1f68907acab3 | Context api_versions@openstack setup() finished in 0.38 sec
2019-12-16 02:59:32.054 1845 INFO rally.task.context [-] Task 152a923f-0ecc-41ef-b148-1f68907acab3 | Context quotas@openstack setup() finished in 0.80 sec
2019-12-16 02:59:32.055 1845 INFO rally.task.context [-] Task 152a923f-0ecc-41ef-b148-1f68907acab3 | Context cleanup@openstack setup() finished in 0.01 msec
2019-12-16 02:59:32.064 1845 RALLYDEBUG rally.task.runner [-] Starting the constant runner (task UUID: 152a923f-0ecc-41ef-b148-1f68907acab3). times: 10 concurrency: 4 timeout: 0 max_cpu_used: 16 processes_to_start: 4 concurrency_per_worker: 1 concurrency_overhead: 0
2019-12-16 02:59:32.076 4725 RALLYDEBUG rally.task.runner [-] Starting a worker. times: 10 duration: None concurrency: 1 timeout: 0 cls: method_name: run args: {"new_size": 2, "size": 1}
2019-12-16 02:59:32.080 4726 RALLYDEBUG rally.task.runner [-] Starting a worker. times: 10 duration: None concurrency: 1 timeout: 0 cls: method_name: run args: {"new_size": 2, "size": 1}
2019-12-16 02:59:32.083 4725 INFO rally.task.runner [-] Task 152a923f-0ecc-41ef-b148-1f68907acab3 | ITER: 1 START
2019-12-16 02:59:32.083 4727 RALLYDEBUG rally.task.runner [-] Starting a worker. times: 10 duration: None concurrency: 1 timeout: 0 cls: method_name: run args: {"new_size": 2, "size": 1}
2019-12-16 02:59:32.087 4726 INFO rally.task.runner [-] Task 152a923f-0ecc-41ef-b148-1f68907acab3 | ITER: 2 START
2019-12-16 02:59:32.087 4728 RALLYDEBUG rally.task.runner [-] Starting a worker. times: 10 duration: None concurrency: 1 timeout: 0 cls: method_name: run args: {"new_size": 2, "size": 1}
2019-12-16 02:59:32.090 4727 INFO rally.task.runner [-] Task 152a923f-0ecc-41ef-b148-1f68907acab3 | ITER: 3 START
2019-12-16 02:59:32.094 4728 INFO rally.task.runner [-] Task 152a923f-0ecc-41ef-b148-1f68907acab3 | ITER: 4 START
2019-12-16 02:59:35.010 4725 RALLYDEBUG rally.task.utils [-] Waiting for resource s_rally_3336d447_TDHUOcAa. Status changed: AVAILABLE => EXTENDING in 0.05385923385620117
2019-12-16 02:59:35.017 4727 RALLYDEBUG rally.task.utils [-] Waiting for resource s_rally_3336d447_T53vAead. Status changed: AVAILABLE => EXTENDING in 0.05536222457885742
2019-12-16 02:59:35.023 4728 RALLYDEBUG rally.task.utils [-] Waiting for resource s_rally_3336d447_88wYUWuf. Status changed: AVAILABLE => EXTENDING in 0.05750584602355957
2019-12-16 02:59:35.112 4726 RALLYDEBUG rally.task.utils [-] Waiting for resource s_rally_3336d447_61rxOy9L. Status changed: AVAILABLE => EXTENDING in 0.17793631553649902
2019-12-16 02:59:37.070 4725 RALLYDEBUG rally.task.utils [-] Waiting for resource s_rally_3336d447_TDHUOcAa. Status changed: EXTENDING => AVAILABLE in 2.0593008995056152
2019-12-16 02:59:37.079 4727 RALLYDEBUG rally.task.utils [-] Waiting for resource s_rally_3336d447_T53vAead. Status changed: EXTENDING => AVAILABLE in 2.062101364135742
2019-12-16 02:59:37.081 4728 RALLYDEBUG rally.task.utils [-] Waiting for resource s_rally_3336d447_88wYUWuf. Status changed: EXTENDING => AVAILABLE in 2.05855655670166
2019-12-16 02:59:37.169 4726 RALLYDEBUG rally.task.utils [-] Waiting for resource s_rally_3336d447_61rxOy9L. Status changed: EXTENDING => AVAILABLE in 2.0568063259124756
2019-12-16 02:59:37.188 4725 RALLYDEBUG rally.task.utils [-] Waiting for resource s_rally_3336d447_TDHUOcAa. Status changed: AVAILABLE => DELETING in 0.05559062957763672
2019-12-16 02:59:37.188 4727 RALLYDEBUG rally.task.utils [-] Waiting for resource s_rally_3336d447_T53vAead. Status changed: AVAILABLE => DELETING in 0.04956340789794922
2019-12-16 02:59:37.195 4728 RALLYDEBUG rally.task.utils [-] Waiting for resource s_rally_3336d447_88wYUWuf. Status changed: AVAILABLE => DELETING in 0.054494619369506836
2019-12-16 02:59:37.285 4726 RALLYDEBUG rally.task.utils [-] Waiting for resource s_rally_3336d447_61rxOy9L. Status changed: AVAILABLE => DELETING in 0.055908918380737305
2019-12-16 02:59:39.233 4725 INFO rally.task.runner [-] Task 152a923f-0ecc-41ef-b148-1f68907acab3 | ITER: 1 END: OK
2019-12-16 02:59:39.235 4727 INFO rally.task.runner [-] Task 152a923f-0ecc-41ef-b148-1f68907acab3 | ITER: 3 END: OK
2019-12-16 02:59:39.236 4728 INFO rally.task.runner [-] Task 152a923f-0ecc-41ef-b148-1f68907acab3 | ITER: 4 END: OK
2019-12-16 02:59:39.237 4725 INFO rally.task.runner [-] Task 152a923f-0ecc-41ef-b148-1f68907acab3 | ITER: 5 START
2019-12-16 02:59:39.240 4727 INFO rally.task.runner [-] Task 152a923f-0ecc-41ef-b148-1f68907acab3 | ITER: 6 START
2019-12-16 02:59:39.241 4728 INFO rally.task.runner [-] Task 152a923f-0ecc-41ef-b148-1f68907acab3 | ITER: 7 START
2019-12-16 02:59:39.322 4726 INFO rally.task.runner [-] Task 152a923f-0ecc-41ef-b148-1f68907acab3 | ITER: 2 END: OK
2019-12-16 02:59:39.326 4726 INFO rally.task.runner [-] Task 152a923f-0ecc-41ef-b148-1f68907acab3 | ITER: 8 START
2019-12-16 02:59:42.084 4725 RALLYDEBUG rally.task.utils [-] Waiting for resource s_rally_3336d447_xHhy4QDB. Status changed: AVAILABLE => EXTENDING in 0.05914616584777832
2019-12-16 02:59:42.132 4727 RALLYDEBUG rally.task.utils [-] Waiting for resource s_rally_3336d447_4bWeajjy. Status changed: AVAILABLE => EXTENDING in 0.054988861083984375
2019-12-16 02:59:42.157 4726 RALLYDEBUG rally.task.utils [-] Waiting for resource s_rally_3336d447_42O8XKYO. Status changed: AVAILABLE => EXTENDING in 0.05340862274169922
2019-12-16 02:59:42.276 4728 RALLYDEBUG rally.task.utils [-] Waiting for resource s_rally_3336d447_2syVyzHM. Status changed: AVAILABLE => EXTENDING in 0.05688953399658203
2019-12-16 02:59:44.151 4725 RALLYDEBUG rally.task.utils [-] Waiting for resource s_rally_3336d447_xHhy4QDB. Status changed: EXTENDING => AVAILABLE in 2.0668632984161377
2019-12-16 02:59:44.200 4727 RALLYDEBUG rally.task.utils [-] Waiting for resource s_rally_3336d447_4bWeajjy. Status changed: EXTENDING => AVAILABLE in 2.0679047107696533
2019-12-16 02:59:44.227 4726 RALLYDEBUG rally.task.utils [-] Waiting for resource s_rally_3336d447_42O8XKYO. Status changed: EXTENDING => AVAILABLE in 2.0698702335357666
2019-12-16 02:59:44.272 4725 RALLYDEBUG rally.task.utils [-] Waiting for resource s_rally_3336d447_xHhy4QDB. Status changed: AVAILABLE => DELETING in 0.05461883544921875
2019-12-16 02:59:44.315 4727 RALLYDEBUG rally.task.utils [-] Waiting for resource s_rally_3336d447_4bWeajjy. Status changed: AVAILABLE => DELETING in 0.05504250526428223
2019-12-16 02:59:44.332 4728 RALLYDEBUG rally.task.utils [-] Waiting for resource s_rally_3336d447_2syVyzHM. Status changed: EXTENDING => AVAILABLE in 2.0557570457458496
2019-12-16 02:59:44.333 4726 RALLYDEBUG rally.task.utils [-] Waiting for resource s_rally_3336d447_42O8XKYO. Status changed: AVAILABLE => DELETING in 0.05267953872680664
2019-12-16 02:59:44.447 4728 RALLYDEBUG rally.task.utils [-] Waiting for resource s_rally_3336d447_2syVyzHM. Status changed: AVAILABLE => DELETING in 0.05576825141906738
2019-12-16 02:59:46.315 4725 INFO rally.task.runner [-] Task 152a923f-0ecc-41ef-b148-1f68907acab3 | ITER: 5 END: OK
2019-12-16 02:59:46.319 4725 INFO rally.task.runner [-] Task 152a923f-0ecc-41ef-b148-1f68907acab3 | ITER: 9 START
2019-12-16 02:59:46.358 4727 INFO rally.task.runner [-] Task 152a923f-0ecc-41ef-b148-1f68907acab3 | ITER: 6 END: OK
2019-12-16 02:59:46.362 4727 INFO rally.task.runner [-] Task 152a923f-0ecc-41ef-b148-1f68907acab3 | ITER: 10 START
2019-12-16 02:59:46.397 4726 INFO rally.task.runner [-] Task 152a923f-0ecc-41ef-b148-1f68907acab3 | ITER: 8 END: OK
2019-12-16 02:59:46.491 4728 INFO rally.task.runner [-] Task 152a923f-0ecc-41ef-b148-1f68907acab3 | ITER: 7 END: OK
2019-12-16 02:59:49.205 4725 RALLYDEBUG rally.task.utils [-] Waiting for resource s_rally_3336d447_5Hez3P8s. Status changed: AVAILABLE => EXTENDING in 0.057073116302490234
2019-12-16 02:59:49.295 4727 RALLYDEBUG rally.task.utils [-] Waiting for resource s_rally_3336d447_unjmOvTe. Status changed: AVAILABLE => EXTENDING in 0.05749678611755371
2019-12-16 02:59:51.285 4725 RALLYDEBUG rally.task.utils [-] Waiting for resource s_rally_3336d447_5Hez3P8s. Status changed: EXTENDING => AVAILABLE in 2.0794923305511475
2019-12-16 02:59:51.366 4727 RALLYDEBUG rally.task.utils [-] Waiting for resource s_rally_3336d447_unjmOvTe. Status changed: EXTENDING => AVAILABLE in 2.070621967315674
2019-12-16 02:59:51.426 4725 RALLYDEBUG rally.task.utils [-] Waiting for resource s_rally_3336d447_5Hez3P8s. Status changed: AVAILABLE => DELETING in 0.06574416160583496
2019-12-16 02:59:51.489 4727 RALLYDEBUG rally.task.utils [-] Waiting for resource s_rally_3336d447_unjmOvTe. Status changed: AVAILABLE => DELETING in 0.06175112724304199
2019-12-16 02:59:53.468 4725 INFO rally.task.runner [-] Task 152a923f-0ecc-41ef-b148-1f68907acab3 | ITER: 9 END: OK
2019-12-16 02:59:53.532 4727 INFO rally.task.runner [-] Task 152a923f-0ecc-41ef-b148-1f68907acab3 | ITER: 10 END: OK
2019-12-16 02:59:53.565 1845 INFO rally.task.context [-] Task 152a923f-0ecc-41ef-b148-1f68907acab3 | Context cleanup@openstack cleanup() started
2019-12-16 02:59:53.569 1845 RALLYDEBUG rally_openstack.cleanup.manager [-] Cleaning up cinder backups objects
2019-12-16 02:59:54.847 1845 RALLYDEBUG rally_openstack.cleanup.manager [-] Cleaning up cinder volume_snapshots objects
2019-12-16 02:59:55.992 1845 RALLYDEBUG rally_openstack.cleanup.manager [-] Cleaning up cinder transfers objects
2019-12-16 02:59:57.110 1845 RALLYDEBUG rally_openstack.cleanup.manager [-] Cleaning up cinder volumes objects
2019-12-16 02:59:58.283 1845 INFO rally.task.context [-] Task 152a923f-0ecc-41ef-b148-1f68907acab3 | Context cleanup@openstack cleanup() finished in 4.72 sec
2019-12-16 02:59:58.284 1845 INFO rally.task.context [-] Task 152a923f-0ecc-41ef-b148-1f68907acab3 | Context quotas@openstack cleanup() started
2019-12-16 02:59:58.354 1845 INFO rally.task.context [-] Task 152a923f-0ecc-41ef-b148-1f68907acab3 | Context quotas@openstack cleanup() finished in 70.14 msec
2019-12-16 02:59:58.354 1845 INFO rally.task.context [-] Task 152a923f-0ecc-41ef-b148-1f68907acab3 | Context api_versions@openstack cleanup() started
2019-12-16 02:59:58.355 1845 INFO rally.task.context [-] Task 152a923f-0ecc-41ef-b148-1f68907acab3 | Context api_versions@openstack cleanup() finished in 0.36 msec
2019-12-16 02:59:58.355 1845 INFO rally.task.context [-] Task 152a923f-0ecc-41ef-b148-1f68907acab3 | Context users@openstack cleanup() started
2019-12-16 03:00:02.603 1845 INFO rally.task.context [-] Task 152a923f-0ecc-41ef-b148-1f68907acab3 | Context users@openstack cleanup() finished in 4.25 sec
2019-12-16 03:00:04.556 1845 INFO rally.task.engine [-] Load duration is: 21.445121
2019-12-16 03:00:04.557 1845 INFO rally.task.engine [-] Full runner duration is: 21.501209
2019-12-16 03:00:04.557 1845 INFO rally.task.engine [-] Full duration is: 34.24157
2019-12-16 03:00:04.886 1845 INFO rally.task.engine [-] Running workload: position = 0 config = { "version": 2, "title": "A cropped version of a bigger task.", "description": "Auto-generated task from a single workload (uuid=3816d19b-cf7e-4471-a3b3-44aa9f2c586a)", "subtasks": [ { "title": "CinderVolumes.create_from_volume_and_delete_volume", "description": "Create volume from volume and then delete it.", "scenario": { "CinderVolumes.create_from_volume_and_delete_volume": { "size": 1 } }, "contexts": { "users": { "tenants": 3, "users_per_tenant": 2 }, "quotas": { "cinder": { "gigabytes": -1, "snapshots": -1, "volumes": -1 } }, "api_versions": { "cinder": { "version": 3, "service_type": "volumev3" } }, "volumes": { "size": 1, "volumes_per_tenant": 1 } }, "runner": { "constant": { "concurrency": 4, "times": 10 } }, "hooks": [], "sla": { "failure_rate": { "max": 0 } } } ] }
2019-12-16 03:00:04.914 1845 RALLYDEBUG rally_openstack.contexts.keystone.users [-] Creating 3 tenants using 20 threads
2019-12-16 03:00:05.937 1845 RALLYDEBUG rally_openstack.contexts.keystone.users [-] Creating 6 users using 20 threads
2019-12-16 03:00:07.478 1845 INFO rally.task.context [-] Task 152a923f-0ecc-41ef-b148-1f68907acab3 | Context users@openstack setup() finished in 2.56 sec
2019-12-16 03:00:07.875 1845 INFO rally.task.context [-] Task 152a923f-0ecc-41ef-b148-1f68907acab3 | Context api_versions@openstack setup() finished in 0.40 sec
2019-12-16 03:00:08.649 1845 INFO rally.task.context [-] Task 152a923f-0ecc-41ef-b148-1f68907acab3 | Context quotas@openstack setup() finished in 0.77 sec
2019-12-16 03:00:17.242 1845 INFO rally.task.context [-] Task 152a923f-0ecc-41ef-b148-1f68907acab3 | Context volumes@openstack setup() finished in 8.59 sec
2019-12-16 03:00:17.243 1845 INFO rally.task.context [-] Task 152a923f-0ecc-41ef-b148-1f68907acab3 | Context cleanup@openstack setup() finished in 0.01 msec
2019-12-16 03:00:17.252 1845 RALLYDEBUG rally.task.runner [-] Starting the constant runner (task UUID: 152a923f-0ecc-41ef-b148-1f68907acab3). times: 10 concurrency: 4 timeout: 0 max_cpu_used: 16 processes_to_start: 4 concurrency_per_worker: 1 concurrency_overhead: 0
2019-12-16 03:00:17.264 4909 RALLYDEBUG rally.task.runner [-] Starting a worker. times: 10 duration: None concurrency: 1 timeout: 0 cls: method_name: run args: {"size": 1}
2019-12-16 03:00:17.267 4910 RALLYDEBUG rally.task.runner [-] Starting a worker. times: 10 duration: None concurrency: 1 timeout: 0 cls: method_name: run args: {"size": 1}
2019-12-16 03:00:17.270 4911 RALLYDEBUG rally.task.runner [-] Starting a worker. times: 10 duration: None concurrency: 1 timeout: 0 cls: method_name: run args: {"size": 1}
2019-12-16 03:00:17.272 4909 INFO rally.task.runner [-] Task 152a923f-0ecc-41ef-b148-1f68907acab3 | ITER: 1 START
2019-12-16 03:00:17.272 4910 INFO rally.task.runner [-] Task 152a923f-0ecc-41ef-b148-1f68907acab3 | ITER: 2 START
2019-12-16 03:00:17.274 4912 RALLYDEBUG rally.task.runner [-] Starting a worker. times: 10 duration: None concurrency: 1 timeout: 0 cls: method_name: run args: {"size": 1}
2019-12-16 03:00:17.276 4911 INFO rally.task.runner [-] Task 152a923f-0ecc-41ef-b148-1f68907acab3 | ITER: 3 START
2019-12-16 03:00:17.281 4912 INFO rally.task.runner [-] Task 152a923f-0ecc-41ef-b148-1f68907acab3 | ITER: 4 START
2019-12-16 03:00:20.208 4910 RALLYDEBUG rally.task.utils [-] Waiting for resource s_rally_3816d19b_iyOuC0bm. Status changed: AVAILABLE => DELETING in 0.05496573448181152
2019-12-16 03:00:20.231 4909 RALLYDEBUG rally.task.utils [-] Waiting for resource s_rally_3816d19b_8opWFaHW. Status changed: AVAILABLE => DELETING in 0.053533315658569336
2019-12-16 03:00:20.243 4911 RALLYDEBUG rally.task.utils [-] Waiting for resource s_rally_3816d19b_IMEWboGb. Status changed: AVAILABLE => DELETING in 0.0520477294921875
2019-12-16 03:00:22.203 4912 RALLYDEBUG rally.task.utils [-] Waiting for resource s_rally_3816d19b_9mwYQbdq. Status changed: CREATING => AVAILABLE in 2.18156099319458
2019-12-16 03:00:22.249 4910 INFO rally.task.runner [-] Task 152a923f-0ecc-41ef-b148-1f68907acab3 | ITER: 2 END: OK
2019-12-16 03:00:22.253 4910 INFO rally.task.runner [-] Task 152a923f-0ecc-41ef-b148-1f68907acab3 | ITER: 5 START
2019-12-16 03:00:22.273 4909 INFO rally.task.runner [-] Task 152a923f-0ecc-41ef-b148-1f68907acab3 | ITER: 1 END: OK
2019-12-16 03:00:22.278 4909 INFO rally.task.runner [-] Task 152a923f-0ecc-41ef-b148-1f68907acab3 | ITER: 6 START
2019-12-16 03:00:22.282 4911 INFO rally.task.runner [-] Task 152a923f-0ecc-41ef-b148-1f68907acab3 | ITER: 3 END: OK
2019-12-16 03:00:22.287 4911 INFO rally.task.runner [-] Task 152a923f-0ecc-41ef-b148-1f68907acab3 | ITER: 7 START
2019-12-16 03:00:22.334 4912 RALLYDEBUG rally.task.utils [-] Waiting for resource s_rally_3816d19b_9mwYQbdq. Status changed: AVAILABLE => DELETING in 0.06240558624267578
2019-12-16 03:00:24.375 4912 INFO rally.task.runner [-] Task 152a923f-0ecc-41ef-b148-1f68907acab3 | ITER: 4 END: OK
2019-12-16 03:00:24.380 4912 INFO rally.task.runner [-] Task 152a923f-0ecc-41ef-b148-1f68907acab3 | ITER: 8 START
2019-12-16 03:00:25.066 4910 RALLYDEBUG rally.task.utils [-] Waiting for resource s_rally_3816d19b_wAPxIXnA. Status changed: AVAILABLE => DELETING in 0.050702571868896484
2019-12-16 03:00:25.213 4911 RALLYDEBUG rally.task.utils [-] Waiting for resource s_rally_3816d19b_m6rtr2AQ. Status changed: AVAILABLE => DELETING in 0.05534982681274414
2019-12-16 03:00:27.090 4909 RALLYDEBUG rally.task.utils [-] Waiting for resource s_rally_3816d19b_Uzv8tN2y. Status changed: CREATING => AVAILABLE in 2.1898086071014404
2019-12-16 03:00:27.105 4910 INFO rally.task.runner [-] Task 152a923f-0ecc-41ef-b148-1f68907acab3 | ITER: 5 END: OK
2019-12-16 03:00:27.109 4910 INFO rally.task.runner [-] Task 152a923f-0ecc-41ef-b148-1f68907acab3 | ITER: 9 START
2019-12-16 03:00:27.210 4909 RALLYDEBUG rally.task.utils [-] Waiting for resource s_rally_3816d19b_Uzv8tN2y. Status changed: AVAILABLE => DELETING in 0.059226274490356445
2019-12-16 03:00:27.248 4911 INFO rally.task.runner [-] Task 152a923f-0ecc-41ef-b148-1f68907acab3 | ITER: 7 END: OK
2019-12-16 03:00:27.252 4911 INFO rally.task.runner [-] Task 152a923f-0ecc-41ef-b148-1f68907acab3 | ITER: 10 START
2019-12-16 03:00:27.297 4912 RALLYDEBUG rally.task.utils [-] Waiting for resource s_rally_3816d19b_TI6vmUWe. Status changed: AVAILABLE => DELETING in 0.06643176078796387
2019-12-16 03:00:29.252 4909 INFO rally.task.runner [-] Task 152a923f-0ecc-41ef-b148-1f68907acab3 | ITER: 6 END: OK
2019-12-16 03:00:29.337 4912 INFO rally.task.runner [-] Task 152a923f-0ecc-41ef-b148-1f68907acab3 | ITER: 8 END: OK
2019-12-16 03:00:29.977 4910 RALLYDEBUG rally.task.utils [-] Waiting for resource s_rally_3816d19b_9xZ9t814. Status changed: AVAILABLE => DELETING in 0.05463671684265137
2019-12-16 03:00:30.102 4911 RALLYDEBUG rally.task.utils [-] Waiting for resource s_rally_3816d19b_9yg2Ev1W. Status changed: AVAILABLE => DELETING in 0.06046295166015625
2019-12-16 03:00:32.019 4910 INFO rally.task.runner [-] Task 152a923f-0ecc-41ef-b148-1f68907acab3 | ITER: 9 END: OK
2019-12-16 03:00:32.147 4911 INFO rally.task.runner [-] Task 152a923f-0ecc-41ef-b148-1f68907acab3 | ITER: 10 END: OK
2019-12-16 03:00:32.177 1845 INFO rally.task.context [-] Task 152a923f-0ecc-41ef-b148-1f68907acab3 | Context cleanup@openstack cleanup() started
2019-12-16 03:00:32.180 1845 RALLYDEBUG rally_openstack.cleanup.manager [-] Cleaning up cinder backups objects
2019-12-16 03:00:33.342 1845 RALLYDEBUG rally_openstack.cleanup.manager [-] Cleaning up cinder volume_snapshots objects
2019-12-16 03:00:34.497 1845 RALLYDEBUG rally_openstack.cleanup.manager [-] Cleaning up cinder transfers objects
2019-12-16 03:00:35.590 1845 RALLYDEBUG rally_openstack.cleanup.manager [-] Cleaning up cinder volumes objects
2019-12-16 03:00:36.784 1845 INFO rally.task.context [-] Task 152a923f-0ecc-41ef-b148-1f68907acab3 | Context cleanup@openstack cleanup() finished in 4.61 sec
2019-12-16 03:00:36.785 1845 INFO rally.task.context [-] Task 152a923f-0ecc-41ef-b148-1f68907acab3 | Context volumes@openstack cleanup() started
2019-12-16 03:00:36.786 1845 RALLYDEBUG rally_openstack.cleanup.manager [-] Cleaning up cinder volumes objects
2019-12-16 03:00:37.958 1845 RALLYDEBUG rally_openstack.cleanup.manager [-] Deleting cinder.volumes object c_rally_3816d19b_BjZmp9zm (938467fb-f8da-4e77-9216-f9218b78d802)
2019-12-16 03:00:37.964 1845 RALLYDEBUG rally_openstack.cleanup.manager [-] Deleting cinder.volumes object c_rally_3816d19b_g8Oct28O (b7f69d75-9792-4bad-9c15-565011cfaee6)
2019-12-16 03:00:37.971 1845 RALLYDEBUG rally_openstack.cleanup.manager [-] Deleting cinder.volumes object c_rally_3816d19b_bysguF7F (e231942a-ecf9-4719-9803-e6440cc5b0c6)
2019-12-16 03:00:41.578 1845 INFO rally.task.context [-] Task 152a923f-0ecc-41ef-b148-1f68907acab3 | Context volumes@openstack cleanup() finished in 4.79 sec
2019-12-16 03:00:41.579 1845 INFO rally.task.context [-] Task 152a923f-0ecc-41ef-b148-1f68907acab3 | Context quotas@openstack cleanup() started
2019-12-16 03:00:41.657 1845 INFO rally.task.context [-] Task 152a923f-0ecc-41ef-b148-1f68907acab3 | Context quotas@openstack cleanup() finished in 77.86 msec
2019-12-16 03:00:41.657 1845 INFO rally.task.context [-] Task 152a923f-0ecc-41ef-b148-1f68907acab3 | Context api_versions@openstack cleanup() started
2019-12-16 03:00:41.657 1845 INFO rally.task.context [-] Task 152a923f-0ecc-41ef-b148-1f68907acab3 | Context api_versions@openstack cleanup() finished in 0.35 msec
2019-12-16 03:00:41.658 1845 INFO rally.task.context [-] Task 152a923f-0ecc-41ef-b148-1f68907acab3 | Context users@openstack cleanup() started
2019-12-16 03:00:46.078 1845 INFO rally.task.context [-] Task 152a923f-0ecc-41ef-b148-1f68907acab3 | Context users@openstack cleanup() finished in 4.42 sec
2019-12-16 03:00:47.108 1845 INFO rally.task.engine [-] Load duration is: 14.869023
2019-12-16 03:00:47.108 1845 INFO rally.task.engine [-] Full runner duration is: 14.925424
2019-12-16 03:00:47.109 1845 INFO rally.task.engine [-] Full duration is: 41.167726
2019-12-16 03:00:47.432 1845 INFO rally.task.engine [-] Running workload: position = 0 config = { "version": 2, "title": "A cropped version of a bigger task.", "description": "Auto-generated task from a single workload (uuid=ef023fdb-267c-4df3-b817-69a164f033be)", "subtasks": [ { "title": "CinderQos.create_and_get_qos", "description": "Create a qos, then get details of the qos.", "scenario": { "CinderQos.create_and_get_qos": { "consumer": "both", "write_iops_sec": "10", "read_iops_sec": "1000" } }, "contexts": { "users": { "tenants": 3, "users_per_tenant": 2 }, "api_versions": { "cinder": { "version": 3, "service_type": "volumev3" } } }, "runner": { "constant": { "concurrency": 4, "times": 10 } }, "hooks": [], "sla": { "failure_rate": { "max": 0 } } } ] }
2019-12-16 03:00:47.458 1845 RALLYDEBUG rally_openstack.contexts.keystone.users [-] Creating 3 tenants using 20 threads
2019-12-16 03:00:48.465 1845 RALLYDEBUG rally_openstack.contexts.keystone.users [-] Creating 6 users using 20 threads
2019-12-16 03:00:49.937 1845 INFO rally.task.context [-] Task 152a923f-0ecc-41ef-b148-1f68907acab3 | Context users@openstack setup() finished in 2.48 sec
2019-12-16 03:00:50.330 1845 INFO rally.task.context [-] Task 152a923f-0ecc-41ef-b148-1f68907acab3 | Context api_versions@openstack setup() finished in 0.39 sec
2019-12-16 03:00:50.331 1845 INFO rally.task.context [-] Task 152a923f-0ecc-41ef-b148-1f68907acab3 | Context admin_cleanup@openstack setup() finished in 0.01 msec
2019-12-16 03:00:50.340 1845 RALLYDEBUG rally.task.runner [-] Starting the constant runner (task UUID: 152a923f-0ecc-41ef-b148-1f68907acab3). times: 10 concurrency: 4 timeout: 0 max_cpu_used: 16 processes_to_start: 4 concurrency_per_worker: 1 concurrency_overhead: 0
2019-12-16 03:00:50.351 5113 RALLYDEBUG rally.task.runner [-] Starting a worker. times: 10 duration: None concurrency: 1 timeout: 0 cls: method_name: run args: {"consumer": "both", "write_iops_sec": "10", "read_iops_sec": "1000"}
2019-12-16 03:00:50.355 5114 RALLYDEBUG rally.task.runner [-] Starting a worker. times: 10 duration: None concurrency: 1 timeout: 0 cls: method_name: run args: {"consumer": "both", "write_iops_sec": "10", "read_iops_sec": "1000"}
2019-12-16 03:00:50.358 5113 INFO rally.task.runner [-] Task 152a923f-0ecc-41ef-b148-1f68907acab3 | ITER: 1 START
2019-12-16 03:00:50.358 5115 RALLYDEBUG rally.task.runner [-] Starting a worker. times: 10 duration: None concurrency: 1 timeout: 0 cls: method_name: run args: {"consumer": "both", "write_iops_sec": "10", "read_iops_sec": "1000"}
2019-12-16 03:00:50.362 5114 INFO rally.task.runner [-] Task 152a923f-0ecc-41ef-b148-1f68907acab3 | ITER: 2 START
2019-12-16 03:00:50.362 5116 RALLYDEBUG rally.task.runner [-] Starting a worker. times: 10 duration: None concurrency: 1 timeout: 0 cls: method_name: run args: {"consumer": "both", "write_iops_sec": "10", "read_iops_sec": "1000"}
2019-12-16 03:00:50.365 5115 INFO rally.task.runner [-] Task 152a923f-0ecc-41ef-b148-1f68907acab3 | ITER: 3 START
2019-12-16 03:00:50.368 5116 INFO rally.task.runner [-] Task 152a923f-0ecc-41ef-b148-1f68907acab3 | ITER: 4 START
2019-12-16 03:00:50.813 5113 INFO rally.task.runner [-] Task 152a923f-0ecc-41ef-b148-1f68907acab3 | ITER: 1 END: OK
2019-12-16 03:00:50.815 5115 INFO rally.task.runner [-] Task 152a923f-0ecc-41ef-b148-1f68907acab3 | ITER: 3 END: OK
2019-12-16 03:00:50.818 5113 INFO rally.task.runner [-] Task 152a923f-0ecc-41ef-b148-1f68907acab3 | ITER: 5 START
2019-12-16 03:00:50.820 5115 INFO rally.task.runner [-] Task 152a923f-0ecc-41ef-b148-1f68907acab3 | ITER: 6 START
2019-12-16 03:00:50.824 5116 INFO rally.task.runner [-] Task 152a923f-0ecc-41ef-b148-1f68907acab3 | ITER: 4 END: OK
2019-12-16 03:00:50.829 5116 INFO rally.task.runner [-] Task 152a923f-0ecc-41ef-b148-1f68907acab3 | ITER: 7 START
2019-12-16 03:00:50.848 5114 INFO rally.task.runner [-] Task 152a923f-0ecc-41ef-b148-1f68907acab3 | ITER: 2 END: OK
2019-12-16 03:00:50.853 5114 INFO rally.task.runner [-] Task 152a923f-0ecc-41ef-b148-1f68907acab3 | ITER: 8 START
2019-12-16 03:00:51.204 5113 INFO rally.task.runner [-] Task 152a923f-0ecc-41ef-b148-1f68907acab3 | ITER: 5 END: OK
2019-12-16 03:00:51.205 5115 INFO rally.task.runner [-] Task 152a923f-0ecc-41ef-b148-1f68907acab3 | ITER: 6 END: OK
2019-12-16 03:00:51.206 5116 INFO rally.task.runner [-] Task 152a923f-0ecc-41ef-b148-1f68907acab3 | ITER: 7 END: OK
2019-12-16 03:00:51.208 5113 INFO rally.task.runner [-] Task 152a923f-0ecc-41ef-b148-1f68907acab3 | ITER: 9 START
2019-12-16 03:00:51.209 5115 INFO rally.task.runner [-] Task 152a923f-0ecc-41ef-b148-1f68907acab3 | ITER: 10 START
2019-12-16 03:00:51.238 5114 INFO rally.task.runner [-] Task 152a923f-0ecc-41ef-b148-1f68907acab3 | ITER: 8 END: OK
2019-12-16 03:00:51.587 5115 INFO rally.task.runner [-] Task 152a923f-0ecc-41ef-b148-1f68907acab3 | ITER: 10 END: OK
2019-12-16 03:00:51.592 5113 INFO rally.task.runner [-] Task 152a923f-0ecc-41ef-b148-1f68907acab3 | ITER: 9 END: OK
2019-12-16 03:00:51.616 1845 INFO rally.task.context [-] Task 152a923f-0ecc-41ef-b148-1f68907acab3 | Context admin_cleanup@openstack cleanup() started
2019-12-16 03:00:51.619 1845 RALLYDEBUG rally_openstack.cleanup.manager [-] Cleaning up cinder volume_types objects
2019-12-16 03:00:52.054 1845 RALLYDEBUG rally_openstack.cleanup.manager [-] Cleaning up cinder image_volumes_cache objects
2019-12-16 03:00:52.628 1845 RALLYDEBUG rally_openstack.cleanup.manager [-] Cleaning up cinder quotas objects
2019-12-16 03:00:53.401 1845 RALLYDEBUG rally_openstack.cleanup.manager [-] Cleaning up cinder qos_specs objects
2019-12-16 03:00:53.793 1845 RALLYDEBUG rally_openstack.cleanup.manager [-] Deleting cinder.qos_specs object s_rally_ef023fdb_yYTcxNbQ (812931a2-879c-45d1-a764-313a5e3ec196)
2019-12-16 03:00:53.802 1845 RALLYDEBUG rally_openstack.cleanup.manager [-] Deleting cinder.qos_specs object s_rally_ef023fdb_7F0M3n5F (4c434f5c-bfc6-4ce5-8864-b65cfcc1f305)
2019-12-16 03:00:53.812 1845 RALLYDEBUG rally_openstack.cleanup.manager [-] Deleting cinder.qos_specs object s_rally_ef023fdb_vDg4cZRV (dec29d16-5d37-4757-ac9d-1568c1a52f1a)
2019-12-16 03:00:53.820 1845 RALLYDEBUG rally_openstack.cleanup.manager [-] Deleting cinder.qos_specs object s_rally_ef023fdb_Q0ebQ5vu (d0a92151-2d78-42ac-8f5a-ade0bf55c973)
2019-12-16 03:00:53.828 1845 RALLYDEBUG rally_openstack.cleanup.manager [-] Deleting cinder.qos_specs object s_rally_ef023fdb_XX2GGUtW (6b58b40f-c981-4e5b-953d-e4b3a5b6c3b1)
2019-12-16 03:00:53.836 1845 RALLYDEBUG rally_openstack.cleanup.manager [-] Deleting cinder.qos_specs object s_rally_ef023fdb_N8dGd6Wr (37262660-6998-45e2-b427-e521339cd3f2)
2019-12-16 03:00:53.851 1845 RALLYDEBUG rally_openstack.cleanup.manager [-] Deleting cinder.qos_specs object s_rally_ef023fdb_NyGzSLPj (191449b3-684b-4c44-883d-555c45fb6d95)
2019-12-16 03:00:53.856 1845 RALLYDEBUG rally_openstack.cleanup.manager [-] Deleting cinder.qos_specs object s_rally_ef023fdb_5Zu121OP (16b98ab7-9d6e-4aa2-9a17-7209a1bb48e8)
2019-12-16 03:00:53.867 1845 RALLYDEBUG rally_openstack.cleanup.manager [-] Deleting cinder.qos_specs object s_rally_ef023fdb_FLJmFqto (05d4d966-bf30-4ca5-bca8-83298dfcaf5c)
2019-12-16 03:00:53.874 1845 RALLYDEBUG rally_openstack.cleanup.manager [-] Deleting cinder.qos_specs object s_rally_ef023fdb_wy4JSMXL (03e73977-19fa-4e29-9d1e-a7cc73793ccd)
2019-12-16 03:00:55.510 1845 INFO rally.task.context [-] Task 152a923f-0ecc-41ef-b148-1f68907acab3 | Context admin_cleanup@openstack cleanup() finished in 3.89 sec
2019-12-16 03:00:55.510 1845 INFO rally.task.context [-] Task 152a923f-0ecc-41ef-b148-1f68907acab3 | Context api_versions@openstack cleanup() started
2019-12-16 03:00:55.511 1845 INFO rally.task.context [-] Task 152a923f-0ecc-41ef-b148-1f68907acab3 | Context api_versions@openstack cleanup() finished in 0.38 msec
2019-12-16 03:00:55.511 1845 INFO rally.task.context [-] Task 152a923f-0ecc-41ef-b148-1f68907acab3 | Context users@openstack cleanup() started
2019-12-16 03:00:59.881 1845 INFO rally.task.context [-] Task 152a923f-0ecc-41ef-b148-1f68907acab3 | Context users@openstack cleanup() finished in 4.37 sec
2019-12-16 03:01:01.556 1845 INFO rally.task.engine [-] Load duration is: 1.22869
2019-12-16 03:01:01.556 1845 INFO rally.task.engine [-] Full runner duration is: 1.277239
2019-12-16 03:01:01.557 1845 INFO rally.task.engine [-] Full duration is: 12.42577
