2019-12-16 03:47:28.525 21028 INFO rally.task.runner [-] Task 5c4ae9b0-0d7d-428b-8cce-b39aab5a9323 | ITER: 2 END: OK
2019-12-16 03:47:28.530 21028 INFO rally.task.runner [-] Task 5c4ae9b0-0d7d-428b-8cce-b39aab5a9323 | ITER: 7 START
2019-12-16 03:47:30.747 21029 INFO rally.task.runner [-] Task 5c4ae9b0-0d7d-428b-8cce-b39aab5a9323 | ITER: 3 END: OK
2019-12-16 03:47:30.752 21029 INFO rally.task.runner [-] Task 5c4ae9b0-0d7d-428b-8cce-b39aab5a9323 | ITER: 8 START
2019-12-16 03:47:33.234 21030 RALLYDEBUG rally.task.utils [-] Waiting for resource s_rally_5b61c6fa_btS4upSM. Status changed: BUILD => ACTIVE in 4.935670852661133
2019-12-16 03:47:35.537 21027 RALLYDEBUG rally.task.utils [-] Waiting for resource s_rally_5b61c6fa_9HTFyX3C. Status changed: BUILD => ACTIVE in 4.677340269088745
2019-12-16 03:47:35.661 21030 INFO rally.task.runner [-] Task 5c4ae9b0-0d7d-428b-8cce-b39aab5a9323 | ITER: 5 END: OK
2019-12-16 03:47:35.665 21030 INFO rally.task.runner [-] Task 5c4ae9b0-0d7d-428b-8cce-b39aab5a9323 | ITER: 9 START
2019-12-16 03:47:37.908 21027 INFO rally.task.runner [-] Task 5c4ae9b0-0d7d-428b-8cce-b39aab5a9323 | ITER: 6 END: OK
2019-12-16 03:47:37.916 21027 INFO rally.task.runner [-] Task 5c4ae9b0-0d7d-428b-8cce-b39aab5a9323 | ITER: 10 START
2019-12-16 03:47:38.071 21028 RALLYDEBUG rally.task.utils [-] Waiting for resource s_rally_5b61c6fa_a9zuDLVs. Status changed: BUILD => ACTIVE in 6.74668288230896
2019-12-16 03:47:38.078 21029 RALLYDEBUG rally.task.utils [-] Waiting for resource s_rally_5b61c6fa_KMv2LoUK. Status changed: BUILD => ACTIVE in 4.651057720184326
2019-12-16 03:47:40.455 21028 INFO rally.task.runner [-] Task 5c4ae9b0-0d7d-428b-8cce-b39aab5a9323 | ITER: 7 END: OK
2019-12-16 03:47:40.467 21029 INFO rally.task.runner [-] Task 5c4ae9b0-0d7d-428b-8cce-b39aab5a9323 | ITER: 8 END: OK
2019-12-16 03:47:42.544 21030 RALLYDEBUG rally.task.utils [-] Waiting for resource s_rally_5b61c6fa_1fPUw8mh. Status changed: BUILD => ACTIVE in 4.566028356552124
2019-12-16 03:47:44.657 21027 RALLYDEBUG rally.task.utils [-] Waiting for resource s_rally_5b61c6fa_iVbtSJzD. Status changed: BUILD => ACTIVE in 4.663471221923828
2019-12-16 03:47:44.947 21030 INFO rally.task.runner [-] Task 5c4ae9b0-0d7d-428b-8cce-b39aab5a9323 | ITER: 9 END: OK
2019-12-16 03:47:47.134 21027 INFO rally.task.runner [-] Task 5c4ae9b0-0d7d-428b-8cce-b39aab5a9323 | ITER: 10 END: OK
2019-12-16 03:47:47.165 20411 INFO rally.task.context [-] Task 5c4ae9b0-0d7d-428b-8cce-b39aab5a9323 | Context cleanup@openstack cleanup() started
2019-12-16 03:47:47.168 20411 RALLYDEBUG rally_openstack.cleanup.manager [-] Cleaning up nova servers objects
2019-12-16 03:47:48.547 20411 RALLYDEBUG rally_openstack.cleanup.manager [-] Cleaning up nova server_groups objects
2019-12-16 03:47:49.653 20411 RALLYDEBUG rally_openstack.cleanup.manager [-] Cleaning up nova keypairs objects
2019-12-16 03:47:52.030 20411 INFO rally.task.context [-] Task 5c4ae9b0-0d7d-428b-8cce-b39aab5a9323 | Context cleanup@openstack cleanup() finished in 4.87 sec
2019-12-16 03:47:52.031 20411 INFO rally.task.context [-] Task 5c4ae9b0-0d7d-428b-8cce-b39aab5a9323 | Context network@openstack cleanup() started
2019-12-16 03:48:13.196 20411 INFO rally.task.context [-] Task 5c4ae9b0-0d7d-428b-8cce-b39aab5a9323 | Context network@openstack cleanup() finished in 21.17 sec
2019-12-16 03:48:13.197 20411 INFO rally.task.context [-] Task 5c4ae9b0-0d7d-428b-8cce-b39aab5a9323 | Context quotas@openstack cleanup() started
2019-12-16 03:48:13.438 20411 INFO rally.task.context [-] Task 5c4ae9b0-0d7d-428b-8cce-b39aab5a9323 | Context quotas@openstack cleanup() finished in 0.24 sec
2019-12-16 03:48:13.438 20411 INFO rally.task.context [-] Task 5c4ae9b0-0d7d-428b-8cce-b39aab5a9323 | Context users@openstack cleanup() started
2019-12-16 03:48:17.450 20411 INFO rally.task.context [-] Task 5c4ae9b0-0d7d-428b-8cce-b39aab5a9323 | Context users@openstack cleanup() finished in 4.01 sec
2019-12-16 03:48:18.643 20411 INFO rally.task.engine [-] Load duration is: 29.704087
2019-12-16 03:48:18.643 20411 INFO rally.task.engine [-] Full runner duration is: 30.756188
2019-12-16 03:48:18.644 20411 INFO rally.task.engine [-] Full duration is: 79.159724
2019-12-16 03:48:18.998 20411 INFO rally.task.engine [-] Running workload: position = 0 config = { "version": 2, "title": "A cropped version of a bigger task.", "description": "Auto-generated task from a single workload (uuid=63178f72-b039-4514-8493-20d7cd675de6)", "subtasks": [ { "title": "NovaServers.boot_and_list_server", "description": "Boot a server from an image and then list all servers.", "scenario": { "NovaServers.boot_and_list_server": { "detailed": true, "flavor": { "name": "rally_full-flavor_102dc671-f436-4d4d-b368-5b0ed177eae0" }, "image": { "name": "rally_full-img_102dc671-f436-4d4d-b368-5b0ed177eae0" }, "nics": [ { "net-id": "c51c8544-d62f-4817-b7df-cb0981aba4ec" } ] } }, "contexts": { "users": { "tenants": 3, "users_per_tenant": 2 }, "network": { "networks_per_tenant": 1, "start_cidr": "100.1.0.0/25" }, "quotas": { "neutron": { "network": -1, "port": -1, "subnet": -1 }, "nova": { "cores": -1, "floating_ips": -1, "instances": -1, "ram": -1, "security_group_rules": -1, "security_groups": -1 } } }, "runner": { "constant": { "concurrency": 4, "times": 10 } }, "hooks": [], "sla": { "failure_rate": { "max": 0 } } } ] }
2019-12-16 03:48:19.026 20411 RALLYDEBUG rally_openstack.contexts.keystone.users [-] Creating 3 tenants using 20 threads
2019-12-16 03:48:19.971 20411 RALLYDEBUG rally_openstack.contexts.keystone.users [-] Creating 6 users using 20 threads
2019-12-16 03:48:21.438 20411 INFO rally.task.context [-] Task 5c4ae9b0-0d7d-428b-8cce-b39aab5a9323 | Context users@openstack setup() finished in 2.41 sec
2019-12-16 03:48:22.985 20411 INFO rally.task.context [-] Task 5c4ae9b0-0d7d-428b-8cce-b39aab5a9323 | Context quotas@openstack setup() finished in 1.55 sec
2019-12-16 03:48:25.144 20411 RALLYDEBUG rally_openstack.wrappers.network [-] CIDR generated: 100.1.3.0/25
2019-12-16 03:48:29.232 20411 RALLYDEBUG rally_openstack.wrappers.network [-] CIDR generated: 100.1.3.128/25
2019-12-16 03:48:33.451 20411 RALLYDEBUG rally_openstack.wrappers.network [-] CIDR generated: 100.1.4.0/25
2019-12-16 03:48:35.811 20411 INFO rally.task.context [-] Task 5c4ae9b0-0d7d-428b-8cce-b39aab5a9323 | Context network@openstack setup() finished in 12.82 sec
2019-12-16 03:48:35.811 20411 INFO rally.task.context [-] Task 5c4ae9b0-0d7d-428b-8cce-b39aab5a9323 | Context cleanup@openstack setup() finished in 0.02 msec
2019-12-16 03:48:36.649 20411 RALLYDEBUG rally.task.runner [-] Starting the constant runner (task UUID: 5c4ae9b0-0d7d-428b-8cce-b39aab5a9323). times: 10 concurrency: 4 timeout: 0 max_cpu_used: 16 processes_to_start: 4 concurrency_per_worker: 1 concurrency_overhead: 0
2019-12-16 03:48:36.661 21191 RALLYDEBUG rally.task.runner [-] Starting a worker. times: 10 duration: None concurrency: 1 timeout: 0 cls: method_name: run args: {"detailed": true, "flavor": "c1b316bb-9aea-40b2-9eed-8480abe7834e", "image": "02e2d7fc-4c21-4af2-9b3a-22bc0af0001a", "nics": [{"net-id": "c51c8544-d62f-4817-b7df-cb0981aba4ec"}]}
2019-12-16 03:48:36.665 21192 RALLYDEBUG rally.task.runner [-] Starting a worker. times: 10 duration: None concurrency: 1 timeout: 0 cls: method_name: run args: {"detailed": true, "flavor": "c1b316bb-9aea-40b2-9eed-8480abe7834e", "image": "02e2d7fc-4c21-4af2-9b3a-22bc0af0001a", "nics": [{"net-id": "c51c8544-d62f-4817-b7df-cb0981aba4ec"}]}
2019-12-16 03:48:36.668 21191 INFO rally.task.runner [-] Task 5c4ae9b0-0d7d-428b-8cce-b39aab5a9323 | ITER: 1 START
2019-12-16 03:48:36.668 21193 RALLYDEBUG rally.task.runner [-] Starting a worker. times: 10 duration: None concurrency: 1 timeout: 0 cls: method_name: run args: {"detailed": true, "flavor": "c1b316bb-9aea-40b2-9eed-8480abe7834e", "image": "02e2d7fc-4c21-4af2-9b3a-22bc0af0001a", "nics": [{"net-id": "c51c8544-d62f-4817-b7df-cb0981aba4ec"}]}
2019-12-16 03:48:36.672 21192 INFO rally.task.runner [-] Task 5c4ae9b0-0d7d-428b-8cce-b39aab5a9323 | ITER: 2 START
2019-12-16 03:48:36.672 21195 RALLYDEBUG rally.task.runner [-] Starting a worker. times: 10 duration: None concurrency: 1 timeout: 0 cls: method_name: run args: {"detailed": true, "flavor": "c1b316bb-9aea-40b2-9eed-8480abe7834e", "image": "02e2d7fc-4c21-4af2-9b3a-22bc0af0001a", "nics": [{"net-id": "c51c8544-d62f-4817-b7df-cb0981aba4ec"}]}
2019-12-16 03:48:36.675 21193 INFO rally.task.runner [-] Task 5c4ae9b0-0d7d-428b-8cce-b39aab5a9323 | ITER: 3 START
2019-12-16 03:48:36.678 21195 INFO rally.task.runner [-] Task 5c4ae9b0-0d7d-428b-8cce-b39aab5a9323 | ITER: 4 START
2019-12-16 03:48:43.461 21191 RALLYDEBUG rally.task.utils [-] Waiting for resource s_rally_63178f72_CHFqOMZz. Status changed: BUILD => ACTIVE in 4.664838075637817
2019-12-16 03:48:43.494 21192 RALLYDEBUG rally.task.utils [-] Waiting for resource s_rally_63178f72_Ko83molv. Status changed: BUILD => ACTIVE in 4.689064264297485
2019-12-16 03:48:43.743 21191 INFO rally.task.runner [-] Task 5c4ae9b0-0d7d-428b-8cce-b39aab5a9323 | ITER: 1 END: OK
2019-12-16 03:48:43.748 21191 INFO rally.task.runner [-] Task 5c4ae9b0-0d7d-428b-8cce-b39aab5a9323 | ITER: 5 START
2019-12-16 03:48:43.753 21192 INFO rally.task.runner [-] Task 5c4ae9b0-0d7d-428b-8cce-b39aab5a9323 | ITER: 2 END: OK
2019-12-16 03:48:43.757 21192 INFO rally.task.runner [-] Task 5c4ae9b0-0d7d-428b-8cce-b39aab5a9323 | ITER: 6 START
2019-12-16 03:48:46.737 21193 RALLYDEBUG rally.task.utils [-] Waiting for resource s_rally_63178f72_sYs4rIGo. Status changed: BUILD => ACTIVE in 7.365993976593018
2019-12-16 03:48:46.999 21193 INFO rally.task.runner [-] Task 5c4ae9b0-0d7d-428b-8cce-b39aab5a9323 | ITER: 3 END: OK
2019-12-16 03:48:47.005 21193 INFO rally.task.runner [-] Task 5c4ae9b0-0d7d-428b-8cce-b39aab5a9323 | ITER: 7 START
2019-12-16 03:48:48.690 21195 RALLYDEBUG rally.task.utils [-] Waiting for resource s_rally_63178f72_RAJWSlau. Status changed: BUILD => ACTIVE in 9.080130100250244
2019-12-16 03:48:48.966 21195 INFO rally.task.runner [-] Task 5c4ae9b0-0d7d-428b-8cce-b39aab5a9323 | ITER: 4 END: OK
2019-12-16 03:48:48.970 21195 INFO rally.task.runner [-] Task 5c4ae9b0-0d7d-428b-8cce-b39aab5a9323 | ITER: 8 START
2019-12-16 03:48:52.715 21192 RALLYDEBUG rally.task.utils [-] Waiting for resource s_rally_63178f72_jdcBH7y0. Status changed: BUILD => ACTIVE in 6.805450201034546
2019-12-16 03:48:53.126 21192 INFO rally.task.runner [-] Task 5c4ae9b0-0d7d-428b-8cce-b39aab5a9323 | ITER: 6 END: OK
2019-12-16 03:48:53.130 21192 INFO rally.task.runner [-] Task 5c4ae9b0-0d7d-428b-8cce-b39aab5a9323 | ITER: 9 START
2019-12-16 03:48:53.843 21193 RALLYDEBUG rally.task.utils [-] Waiting for resource s_rally_63178f72_gyT9WfoE. Status changed: BUILD => ACTIVE in 4.434609889984131
2019-12-16 03:48:54.326 21193 INFO rally.task.runner [-] Task 5c4ae9b0-0d7d-428b-8cce-b39aab5a9323 | ITER: 7 END: OK
2019-12-16 03:48:54.330 21193 INFO rally.task.runner [-] Task 5c4ae9b0-0d7d-428b-8cce-b39aab5a9323 | ITER: 10 START
2019-12-16 03:48:55.107 21191 RALLYDEBUG rally.task.utils [-] Waiting for resource s_rally_63178f72_RVtQja11. Status changed: BUILD => ACTIVE in 9.154874086380005
2019-12-16 03:48:55.335 21191 INFO rally.task.runner [-] Task 5c4ae9b0-0d7d-428b-8cce-b39aab5a9323 | ITER: 5 END: OK
2019-12-16 03:48:58.328 21195 RALLYDEBUG rally.task.utils [-] Waiting for resource s_rally_63178f72_qcmtSkI5. Status changed: BUILD => ACTIVE in 7.074426889419556
2019-12-16 03:48:58.616 21195 INFO rally.task.runner [-] Task 5c4ae9b0-0d7d-428b-8cce-b39aab5a9323 | ITER: 8 END: OK
2019-12-16 03:49:02.353 21192 RALLYDEBUG rally.task.utils [-] Waiting for resource s_rally_63178f72_kksPtsUF. Status changed: BUILD => ACTIVE in 6.7250025272369385
2019-12-16 03:49:02.643 21192 INFO rally.task.runner [-] Task 5c4ae9b0-0d7d-428b-8cce-b39aab5a9323 | ITER: 9 END: OK
2019-12-16 03:49:03.731 21193 RALLYDEBUG rally.task.utils [-] Waiting for resource s_rally_63178f72_Ufr0tyxX. Status changed: BUILD => ACTIVE in 7.151275396347046
2019-12-16 03:49:04.014 21193 INFO rally.task.runner [-] Task 5c4ae9b0-0d7d-428b-8cce-b39aab5a9323 | ITER: 10 END: OK
2019-12-16 03:49:04.040 20411 INFO rally.task.context [-] Task 5c4ae9b0-0d7d-428b-8cce-b39aab5a9323 | Context cleanup@openstack cleanup() started
2019-12-16 03:49:04.043 20411 RALLYDEBUG rally_openstack.cleanup.manager [-] Cleaning up nova servers objects
2019-12-16 03:49:06.304 20411 RALLYDEBUG rally_openstack.cleanup.manager [-] Deleting nova.servers object s_rally_63178f72_RVtQja11 (fd16f9ba-9f3b-4cee-86d6-126f95a6132f)
2019-12-16 03:49:06.313 20411 RALLYDEBUG rally_openstack.cleanup.manager [-] Deleting nova.servers object s_rally_63178f72_sYs4rIGo (0a1383bc-ebe3-40f7-a4ba-2478809efe8c)
2019-12-16 03:49:06.322 20411 RALLYDEBUG rally_openstack.cleanup.manager [-] Deleting nova.servers object s_rally_63178f72_Ko83molv (b1c69093-a159-4ecc-b00f-ddc2ee223202)
2019-12-16 03:49:06.326 20411 RALLYDEBUG rally_openstack.cleanup.manager [-] Deleting nova.servers object s_rally_63178f72_Ufr0tyxX (4e87cdd3-7f8e-48a0-b2cb-52845f4edd9f)
2019-12-16 03:49:06.335 20411 RALLYDEBUG rally_openstack.cleanup.manager [-] Deleting nova.servers object s_rally_63178f72_kksPtsUF (601bde70-efeb-4b9e-8be7-cfc69130f8b9)
2019-12-16 03:49:06.354 20411 RALLYDEBUG rally_openstack.cleanup.manager [-] Deleting nova.servers object s_rally_63178f72_qcmtSkI5 (a662f3e3-ecaa-4491-8392-86cc434df7b2)
2019-12-16 03:49:06.371 20411 RALLYDEBUG rally_openstack.cleanup.manager [-] Deleting nova.servers object s_rally_63178f72_gyT9WfoE (655d21af-1814-4b8d-adfc-bc90cd172b7a)
2019-12-16 03:49:06.380 20411 RALLYDEBUG rally_openstack.cleanup.manager [-] Deleting nova.servers object s_rally_63178f72_jdcBH7y0 (4550782f-d404-47c5-9bbe-9c8ba36c2769)
2019-12-16 03:49:06.389 20411 RALLYDEBUG rally_openstack.cleanup.manager [-] Deleting nova.servers object s_rally_63178f72_RAJWSlau (0136efe6-10d8-4058-a1e2-d9bd46490def)
2019-12-16 03:49:06.399 20411 RALLYDEBUG rally_openstack.cleanup.manager [-] Deleting nova.servers object s_rally_63178f72_CHFqOMZz (dd4a55be-a644-46be-af91-ad594211f49b)
2019-12-16 03:49:12.842 20411 RALLYDEBUG rally_openstack.cleanup.manager [-] Cleaning up nova server_groups objects
2019-12-16 03:49:13.962 20411 RALLYDEBUG rally_openstack.cleanup.manager [-] Cleaning up nova keypairs objects
2019-12-16 03:49:16.293 20411 INFO rally.task.context [-] Task 5c4ae9b0-0d7d-428b-8cce-b39aab5a9323 | Context cleanup@openstack cleanup() finished in 12.25 sec
2019-12-16 03:49:16.293 20411 INFO rally.task.context [-] Task 5c4ae9b0-0d7d-428b-8cce-b39aab5a9323 | Context network@openstack cleanup() started
2019-12-16 03:49:37.676 20411 INFO rally.task.context [-] Task 5c4ae9b0-0d7d-428b-8cce-b39aab5a9323 | Context network@openstack cleanup() finished in 21.38 sec
2019-12-16 03:49:37.676 20411 INFO rally.task.context [-] Task 5c4ae9b0-0d7d-428b-8cce-b39aab5a9323 | Context quotas@openstack cleanup() started
2019-12-16 03:49:37.948 20411 INFO rally.task.context [-] Task 5c4ae9b0-0d7d-428b-8cce-b39aab5a9323 | Context quotas@openstack cleanup() finished in 0.27 sec
2019-12-16 03:49:37.949 20411 INFO rally.task.context [-] Task 5c4ae9b0-0d7d-428b-8cce-b39aab5a9323 | Context users@openstack cleanup() started
2019-12-16 03:49:42.221 20411 INFO rally.task.context [-] Task 5c4ae9b0-0d7d-428b-8cce-b39aab5a9323 | Context users@openstack cleanup() finished in 4.27 sec
2019-12-16 03:49:43.400 20411 INFO rally.task.engine [-] Load duration is: 26.344358
2019-12-16 03:49:43.401 20411 INFO rally.task.engine [-] Full runner duration is: 27.392151
2019-12-16 03:49:43.401 20411 INFO rally.task.engine [-] Full duration is: 83.198657
2019-12-16 03:49:43.719 20411 INFO rally.task.engine [-] Running workload: position = 0 config = { "version": 2, "title": "A cropped version of a bigger task.", "description": "Auto-generated task from a single workload (uuid=b98c0de1-32e3-4b35-94d5-4d7bba26ce96)", "subtasks": [ { "title": "NovaServers.boot_and_rebuild_server", "description": "Rebuild a server.", "scenario": { "NovaServers.boot_and_rebuild_server": { "flavor": { "name": "rally_full-flavor_102dc671-f436-4d4d-b368-5b0ed177eae0" }, "from_image": { "name": "rally_full-img_102dc671-f436-4d4d-b368-5b0ed177eae0" }, "to_image": { "name": "rally_full-img_102dc671-f436-4d4d-b368-5b0ed177eae0" }, "nics": [ { "net-id": "c51c8544-d62f-4817-b7df-cb0981aba4ec" } ] } }, "contexts": { "users": { "tenants": 3, "users_per_tenant": 2 }, "network": { "networks_per_tenant": 1, "start_cidr": "100.1.0.0/25" }, "quotas": { "neutron": { "network": -1, "port": -1, "subnet": -1 }, "nova": { "cores": -1, "floating_ips": -1, "instances": -1, "ram": -1, "security_group_rules": -1, "security_groups": -1 } } }, "runner": { "constant": { "concurrency": 4, "times": 10 } }, "hooks": [], "sla": { "failure_rate": { "max": 0 } } } ] }
2019-12-16 03:49:43.746 20411 RALLYDEBUG rally_openstack.contexts.keystone.users [-] Creating 3 tenants using 20 threads
2019-12-16 03:49:44.859 20411 RALLYDEBUG rally_openstack.contexts.keystone.users [-] Creating 6 users using 20 threads
2019-12-16 03:49:46.406 20411 INFO rally.task.context [-] Task 5c4ae9b0-0d7d-428b-8cce-b39aab5a9323 | Context users@openstack setup() finished in 2.66 sec
2019-12-16 03:49:47.931 20411 INFO rally.task.context [-] Task 5c4ae9b0-0d7d-428b-8cce-b39aab5a9323 | Context quotas@openstack setup() finished in 1.52 sec
2019-12-16 03:49:49.848 20411 RALLYDEBUG rally_openstack.wrappers.network [-] CIDR generated: 100.1.4.128/25
2019-12-16 03:49:53.905 20411 RALLYDEBUG rally_openstack.wrappers.network [-] CIDR generated: 100.1.5.0/25
2019-12-16 03:49:57.870 20411 RALLYDEBUG rally_openstack.wrappers.network [-] CIDR generated: 100.1.5.128/25
2019-12-16 03:50:00.081 20411 INFO rally.task.context [-] Task 5c4ae9b0-0d7d-428b-8cce-b39aab5a9323 | Context network@openstack setup() finished in 12.15 sec
2019-12-16 03:50:00.082 20411 INFO rally.task.context [-] Task 5c4ae9b0-0d7d-428b-8cce-b39aab5a9323 | Context cleanup@openstack setup() finished in 0.01 msec
2019-12-16 03:50:00.909 20411 RALLYDEBUG rally.task.runner [-] Starting the constant runner (task UUID: 5c4ae9b0-0d7d-428b-8cce-b39aab5a9323). times: 10 concurrency: 4 timeout: 0 max_cpu_used: 16 processes_to_start: 4 concurrency_per_worker: 1 concurrency_overhead: 0
2019-12-16 03:50:00.922 21355 RALLYDEBUG rally.task.runner [-] Starting a worker. times: 10 duration: None concurrency: 1 timeout: 0 cls: method_name: run args: {"flavor": "c1b316bb-9aea-40b2-9eed-8480abe7834e", "from_image": "02e2d7fc-4c21-4af2-9b3a-22bc0af0001a", "to_image": "02e2d7fc-4c21-4af2-9b3a-22bc0af0001a", "nics": [{"net-id": "c51c8544-d62f-4817-b7df-cb0981aba4ec"}]}
2019-12-16 03:50:00.925 21356 RALLYDEBUG rally.task.runner [-] Starting a worker. times: 10 duration: None concurrency: 1 timeout: 0 cls: method_name: run args: {"flavor": "c1b316bb-9aea-40b2-9eed-8480abe7834e", "from_image": "02e2d7fc-4c21-4af2-9b3a-22bc0af0001a", "to_image": "02e2d7fc-4c21-4af2-9b3a-22bc0af0001a", "nics": [{"net-id": "c51c8544-d62f-4817-b7df-cb0981aba4ec"}]}
2019-12-16 03:50:00.929 21355 INFO rally.task.runner [-] Task 5c4ae9b0-0d7d-428b-8cce-b39aab5a9323 | ITER: 1 START
2019-12-16 03:50:00.929 21357 RALLYDEBUG rally.task.runner [-] Starting a worker. times: 10 duration: None concurrency: 1 timeout: 0 cls: method_name: run args: {"flavor": "c1b316bb-9aea-40b2-9eed-8480abe7834e", "from_image": "02e2d7fc-4c21-4af2-9b3a-22bc0af0001a", "to_image": "02e2d7fc-4c21-4af2-9b3a-22bc0af0001a", "nics": [{"net-id": "c51c8544-d62f-4817-b7df-cb0981aba4ec"}]}
2019-12-16 03:50:00.932 21356 INFO rally.task.runner [-] Task 5c4ae9b0-0d7d-428b-8cce-b39aab5a9323 | ITER: 2 START
2019-12-16 03:50:00.933 21360 RALLYDEBUG rally.task.runner [-] Starting a worker. times: 10 duration: None concurrency: 1 timeout: 0 cls: method_name: run args: {"flavor": "c1b316bb-9aea-40b2-9eed-8480abe7834e", "from_image": "02e2d7fc-4c21-4af2-9b3a-22bc0af0001a", "to_image": "02e2d7fc-4c21-4af2-9b3a-22bc0af0001a", "nics": [{"net-id": "c51c8544-d62f-4817-b7df-cb0981aba4ec"}]}
2019-12-16 03:50:00.936 21357 INFO rally.task.runner [-] Task 5c4ae9b0-0d7d-428b-8cce-b39aab5a9323 | ITER: 3 START
2019-12-16 03:50:00.941 21360 INFO rally.task.runner [-] Task 5c4ae9b0-0d7d-428b-8cce-b39aab5a9323 | ITER: 4 START
2019-12-16 03:50:07.773 21360 RALLYDEBUG rally.task.utils [-] Waiting for resource s_rally_b98c0de1_AHkLLDex. Status changed: BUILD => ACTIVE in 4.608935117721558
2019-12-16 03:50:08.254 21357 RALLYDEBUG rally.task.utils [-] Waiting for resource s_rally_b98c0de1_1YYgo2FN. Status changed: BUILD => ACTIVE in 4.745471477508545
2019-12-16 03:50:09.258 21360 RALLYDEBUG rally.task.utils [-] Waiting for resource s_rally_b98c0de1_AHkLLDex. Status changed: ACTIVE => REBUILD in 0.19729280471801758
2019-12-16 03:50:09.716 21357 RALLYDEBUG rally.task.utils [-] Waiting for resource s_rally_b98c0de1_1YYgo2FN. Status changed: ACTIVE => REBUILD in 0.20952677726745605
2019-12-16 03:50:09.961 21355 RALLYDEBUG rally.task.utils [-] Waiting for resource s_rally_b98c0de1_8E3JM5kB. Status changed: BUILD => ACTIVE in 6.90938663482666
2019-12-16 03:50:10.125 21356 RALLYDEBUG rally.task.utils [-] Waiting for resource s_rally_b98c0de1_9JW3koYG. Status changed: BUILD => ACTIVE in 6.713540315628052
2019-12-16 03:50:11.388 21355 RALLYDEBUG rally.task.utils [-] Waiting for resource s_rally_b98c0de1_8E3JM5kB. Status changed: ACTIVE => REBUILD in 0.14896202087402344
2019-12-16 03:50:11.724 21356 RALLYDEBUG rally.task.utils [-] Waiting for resource s_rally_b98c0de1_9JW3koYG. Status changed: ACTIVE => REBUILD in 0.289165735244751
2019-12-16 03:50:27.084 21355 RALLYDEBUG rally.task.utils [-] Waiting for resource s_rally_b98c0de1_8E3JM5kB. Status changed: REBUILD => ACTIVE in 15.695227861404419
2019-12-16 03:50:28.222 21360 RALLYDEBUG rally.task.utils [-] Waiting for resource s_rally_b98c0de1_AHkLLDex. Status changed: REBUILD => ACTIVE in 18.96450924873352
2019-12-16 03:50:28.600 21357 RALLYDEBUG rally.task.utils [-] Waiting for resource s_rally_b98c0de1_1YYgo2FN. Status changed: REBUILD => ACTIVE in 18.883347988128662
2019-12-16 03:50:29.410 21355 INFO rally.task.runner [-] Task 5c4ae9b0-0d7d-428b-8cce-b39aab5a9323 | ITER: 1 END: OK
2019-12-16 03:50:29.417 21355 INFO rally.task.runner [-] Task 5c4ae9b0-0d7d-428b-8cce-b39aab5a9323 | ITER: 5 START
2019-12-16 03:50:30.500 21356 RALLYDEBUG rally.task.utils [-] Waiting for resource s_rally_b98c0de1_9JW3koYG. Status changed: REBUILD => ACTIVE in 18.77647089958191
2019-12-16 03:50:30.520 21360 INFO rally.task.runner [-] Task 5c4ae9b0-0d7d-428b-8cce-b39aab5a9323 | ITER: 4 END: OK
2019-12-16 03:50:30.526 21360 INFO rally.task.runner [-] Task 5c4ae9b0-0d7d-428b-8cce-b39aab5a9323 | ITER: 6 START
2019-12-16 03:50:30.984 21357 INFO rally.task.runner [-] Task 5c4ae9b0-0d7d-428b-8cce-b39aab5a9323 | ITER: 3 END: OK
2019-12-16 03:50:30.992 21357 INFO rally.task.runner [-] Task 5c4ae9b0-0d7d-428b-8cce-b39aab5a9323 | ITER: 7 START
2019-12-16 03:50:32.815 21356 INFO rally.task.runner [-] Task 5c4ae9b0-0d7d-428b-8cce-b39aab5a9323 | ITER: 2 END: OK
2019-12-16 03:50:32.821 21356 INFO rally.task.runner [-] Task 5c4ae9b0-0d7d-428b-8cce-b39aab5a9323 | ITER: 8 START
2019-12-16 03:50:36.523 21355 RALLYDEBUG rally.task.utils [-] Waiting for resource s_rally_b98c0de1_sMAW9d7o. Status changed: BUILD => ACTIVE in 4.705388784408569
2019-12-16 03:50:37.704 21357 RALLYDEBUG rally.task.utils [-] Waiting for resource s_rally_b98c0de1_hK7TSERQ. Status changed: BUILD => ACTIVE in 4.621943473815918
2019-12-16 03:50:37.955 21355 RALLYDEBUG rally.task.utils [-] Waiting for resource s_rally_b98c0de1_sMAW9d7o. Status changed: ACTIVE => REBUILD in 0.15031909942626953
2019-12-16 03:50:39.136 21357 RALLYDEBUG rally.task.utils [-] Waiting for resource s_rally_b98c0de1_hK7TSERQ. Status changed: ACTIVE => REBUILD in 0.15686655044555664
2019-12-16 03:50:39.790 21360 RALLYDEBUG rally.task.utils [-] Waiting for resource s_rally_b98c0de1_Qc3egK1m. Status changed: BUILD => ACTIVE in 6.760057687759399
2019-12-16 03:50:41.287 21360 RALLYDEBUG rally.task.utils [-] Waiting for resource s_rally_b98c0de1_Qc3egK1m. Status changed: ACTIVE => REBUILD in 0.20991182327270508
2019-12-16 03:50:41.661 21356 RALLYDEBUG rally.task.utils [-] Waiting for resource s_rally_b98c0de1_nUI90K1P. Status changed: BUILD => ACTIVE in 6.762768030166626
2019-12-16 03:50:43.131 21356 RALLYDEBUG rally.task.utils [-] Waiting for resource s_rally_b98c0de1_nUI90K1P. Status changed: ACTIVE => REBUILD in 0.19994521141052246
2019-12-16 03:50:53.499 21355 RALLYDEBUG rally.task.utils [-] Waiting for resource s_rally_b98c0de1_sMAW9d7o. Status changed: REBUILD => ACTIVE in 15.543575286865234
2019-12-16 03:50:55.743 21357 RALLYDEBUG rally.task.utils [-] Waiting for resource s_rally_b98c0de1_hK7TSERQ. Status changed: REBUILD => ACTIVE in 16.60723876953125
2019-12-16 03:50:55.814 21355 INFO rally.task.runner [-] Task 5c4ae9b0-0d7d-428b-8cce-b39aab5a9323 | ITER: 5 END: OK
2019-12-16 03:50:55.819 21355 INFO rally.task.runner [-] Task 5c4ae9b0-0d7d-428b-8cce-b39aab5a9323 | ITER: 9 START
2019-12-16 03:50:58.070 21357 INFO rally.task.runner [-] Task 5c4ae9b0-0d7d-428b-8cce-b39aab5a9323 | ITER: 7 END: OK
2019-12-16 03:50:58.075 21357 INFO rally.task.runner [-] Task 5c4ae9b0-0d7d-428b-8cce-b39aab5a9323 | ITER: 10 START
2019-12-16 03:50:59.727 21356 RALLYDEBUG rally.task.utils [-] Waiting for resource s_rally_b98c0de1_nUI90K1P. Status changed: REBUILD => ACTIVE in 16.59664273262024
2019-12-16 03:51:01.207 21360 RALLYDEBUG rally.task.utils [-] Waiting for resource s_rally_b98c0de1_Qc3egK1m. Status changed: REBUILD => ACTIVE in 19.91998529434204
2019-12-16 03:51:02.036 21356 INFO rally.task.runner [-] Task 5c4ae9b0-0d7d-428b-8cce-b39aab5a9323 | ITER: 8 END: OK
2019-12-16 03:51:02.553 21355 RALLYDEBUG rally.task.utils [-] Waiting for resource s_rally_b98c0de1_zzpvb1sa. Status changed: BUILD => ACTIVE in 4.58758544921875
2019-12-16 03:51:03.520 21360 INFO rally.task.runner [-] Task 5c4ae9b0-0d7d-428b-8cce-b39aab5a9323 | ITER: 6 END: OK
2019-12-16 03:51:04.518 21355 RALLYDEBUG rally.task.utils [-] Waiting for resource s_rally_b98c0de1_zzpvb1sa. Status changed: ACTIVE => REBUILD in 0.2046661376953125
2019-12-16 03:51:06.865 21357 RALLYDEBUG rally.task.utils [-] Waiting for resource s_rally_b98c0de1_suG2yGTn. Status changed: BUILD => ACTIVE in 6.805993556976318
2019-12-16 03:51:08.325 21357 RALLYDEBUG rally.task.utils [-] Waiting for resource s_rally_b98c0de1_suG2yGTn. Status changed: ACTIVE => REBUILD in 0.16429352760314941
2019-12-16 03:51:21.249 21355 RALLYDEBUG rally.task.utils [-] Waiting for resource s_rally_b98c0de1_zzpvb1sa. Status changed: REBUILD => ACTIVE in 16.731037378311157
2019-12-16 03:51:23.601 21355 INFO rally.task.runner [-] Task 5c4ae9b0-0d7d-428b-8cce-b39aab5a9323 | ITER: 9 END: OK
2019-12-16 03:51:24.945 21357 RALLYDEBUG rally.task.utils [-] Waiting for resource s_rally_b98c0de1_suG2yGTn. Status changed: REBUILD => ACTIVE in 16.619966506958008
2019-12-16 03:51:27.269 21357 INFO rally.task.runner [-] Task 5c4ae9b0-0d7d-428b-8cce-b39aab5a9323 | ITER: 10 END: OK
2019-12-16 03:51:27.293 20411 INFO rally.task.context [-] Task 5c4ae9b0-0d7d-428b-8cce-b39aab5a9323 | Context cleanup@openstack cleanup() started
2019-12-16 03:51:27.296 20411 RALLYDEBUG rally_openstack.cleanup.manager [-] Cleaning up nova servers objects
2019-12-16 03:51:28.597 20411 RALLYDEBUG rally_openstack.cleanup.manager [-] Cleaning up nova server_groups objects
2019-12-16 03:51:29.721 20411 RALLYDEBUG rally_openstack.cleanup.manager [-] Cleaning up nova keypairs objects
2019-12-16 03:51:31.958 20411 INFO rally.task.context [-] Task 5c4ae9b0-0d7d-428b-8cce-b39aab5a9323 | Context cleanup@openstack cleanup() finished in 4.67 sec
2019-12-16 03:51:31.958 20411 INFO rally.task.context [-] Task 5c4ae9b0-0d7d-428b-8cce-b39aab5a9323 | Context network@openstack cleanup() started
2019-12-16 03:51:53.768 20411 INFO rally.task.context [-] Task 5c4ae9b0-0d7d-428b-8cce-b39aab5a9323 | Context network@openstack cleanup() finished in 21.81 sec
2019-12-16 03:51:53.769 20411 INFO rally.task.context [-] Task 5c4ae9b0-0d7d-428b-8cce-b39aab5a9323 | Context quotas@openstack cleanup() started
2019-12-16 03:51:53.997 20411 INFO rally.task.context [-] Task 5c4ae9b0-0d7d-428b-8cce-b39aab5a9323 | Context quotas@openstack cleanup() finished in 0.23 sec
2019-12-16 03:51:53.998 20411 INFO rally.task.context [-] Task 5c4ae9b0-0d7d-428b-8cce-b39aab5a9323 | Context users@openstack cleanup() started
2019-12-16 03:51:57.802 20411 INFO rally.task.context [-] Task 5c4ae9b0-0d7d-428b-8cce-b39aab5a9323 | Context users@openstack cleanup() finished in 3.80 sec
2019-12-16 03:51:58.347 20411 INFO rally.task.engine [-] Load duration is: 84.339085
2019-12-16 03:51:58.348 20411 INFO rally.task.engine [-] Full runner duration is: 86.383615
2019-12-16 03:51:58.348 20411 INFO rally.task.engine [-] Full duration is: 134.059138
2019-12-16 03:51:58.663 20411 INFO rally.task.engine [-] Running workload: position = 0 config = { "version": 2, "title": "A cropped version of a bigger task.", "description": "Auto-generated task from a single workload (uuid=51efbd08-f6eb-4e76-8e81-6ff8baed6336)", "subtasks": [ { "title": "NovaServers.snapshot_server", "description": "Boot a server, make its snapshot and delete both.", "scenario": { "NovaServers.snapshot_server": { "flavor": { "name": "rally_full-flavor_102dc671-f436-4d4d-b368-5b0ed177eae0" }, "image": { "name": "rally_full-img_102dc671-f436-4d4d-b368-5b0ed177eae0" }, "nics": [ { "net-id": "c51c8544-d62f-4817-b7df-cb0981aba4ec" } ] } }, "contexts": { "users": { "tenants": 3, "users_per_tenant": 2 }, "network": { "networks_per_tenant": 1, "start_cidr": "100.1.0.0/25" }, "quotas": { "neutron": { "network": -1, "port": -1, "subnet": -1 }, "nova": { "cores": -1, "floating_ips": -1, "instances": -1, "ram": -1, "security_group_rules": -1, "security_groups": -1 } } }, "runner": { "constant": { "concurrency": 4, "times": 10 } }, "hooks": [], "sla": { "failure_rate": { "max": 0 } } } ] }
2019-12-16 03:51:58.689 20411 RALLYDEBUG rally_openstack.contexts.keystone.users [-] Creating 3 tenants using 20 threads
2019-12-16 03:51:59.703 20411 RALLYDEBUG rally_openstack.contexts.keystone.users [-] Creating 6 users using 20 threads
2019-12-16 03:52:01.364 20411 INFO rally.task.context [-] Task 5c4ae9b0-0d7d-428b-8cce-b39aab5a9323 | Context users@openstack setup() finished in 2.67 sec
2019-12-16 03:52:02.860 20411 INFO rally.task.context [-] Task 5c4ae9b0-0d7d-428b-8cce-b39aab5a9323 | Context quotas@openstack setup() finished in 1.50 sec
2019-12-16 03:52:04.726 20411 RALLYDEBUG rally_openstack.wrappers.network [-] CIDR generated: 100.1.6.0/25
2019-12-16 03:52:09.311 20411 RALLYDEBUG rally_openstack.wrappers.network [-] CIDR generated: 100.1.6.128/25
2019-12-16 03:52:13.533 20411 RALLYDEBUG rally_openstack.wrappers.network [-] CIDR generated: 100.1.7.0/25
2019-12-16 03:52:15.829 20411 INFO rally.task.context [-] Task 5c4ae9b0-0d7d-428b-8cce-b39aab5a9323 | Context network@openstack setup() finished in 12.97 sec
2019-12-16 03:52:15.830 20411 INFO rally.task.context [-] Task 5c4ae9b0-0d7d-428b-8cce-b39aab5a9323 | Context cleanup@openstack setup() finished in 0.02 msec
2019-12-16 03:52:16.650 20411 RALLYDEBUG rally.task.runner [-] Starting the constant runner (task UUID: 5c4ae9b0-0d7d-428b-8cce-b39aab5a9323). times: 10 concurrency: 4 timeout: 0 max_cpu_used: 16 processes_to_start: 4 concurrency_per_worker: 1 concurrency_overhead: 0
2019-12-16 03:52:16.662 21519 RALLYDEBUG rally.task.runner [-] Starting a worker. times: 10 duration: None concurrency: 1 timeout: 0 cls: method_name: run args: {"flavor": "c1b316bb-9aea-40b2-9eed-8480abe7834e", "image": "02e2d7fc-4c21-4af2-9b3a-22bc0af0001a", "nics": [{"net-id": "c51c8544-d62f-4817-b7df-cb0981aba4ec"}]}
2019-12-16 03:52:16.665 21520 RALLYDEBUG rally.task.runner [-] Starting a worker. times: 10 duration: None concurrency: 1 timeout: 0 cls: method_name: run args: {"flavor": "c1b316bb-9aea-40b2-9eed-8480abe7834e", "image": "02e2d7fc-4c21-4af2-9b3a-22bc0af0001a", "nics": [{"net-id": "c51c8544-d62f-4817-b7df-cb0981aba4ec"}]}
2019-12-16 03:52:16.670 21519 INFO rally.task.runner [-] Task 5c4ae9b0-0d7d-428b-8cce-b39aab5a9323 | ITER: 1 START
2019-12-16 03:52:16.669 21521 RALLYDEBUG rally.task.runner [-] Starting a worker. times: 10 duration: None concurrency: 1 timeout: 0 cls: method_name: run args: {"flavor": "c1b316bb-9aea-40b2-9eed-8480abe7834e", "image": "02e2d7fc-4c21-4af2-9b3a-22bc0af0001a", "nics": [{"net-id": "c51c8544-d62f-4817-b7df-cb0981aba4ec"}]}
2019-12-16 03:52:16.673 21520 INFO rally.task.runner [-] Task 5c4ae9b0-0d7d-428b-8cce-b39aab5a9323 | ITER: 2 START
2019-12-16 03:52:16.673 21522 RALLYDEBUG rally.task.runner [-] Starting a worker. times: 10 duration: None concurrency: 1 timeout: 0 cls: method_name: run args: {"flavor": "c1b316bb-9aea-40b2-9eed-8480abe7834e", "image": "02e2d7fc-4c21-4af2-9b3a-22bc0af0001a", "nics": [{"net-id": "c51c8544-d62f-4817-b7df-cb0981aba4ec"}]}
2019-12-16 03:52:16.676 21521 INFO rally.task.runner [-] Task 5c4ae9b0-0d7d-428b-8cce-b39aab5a9323 | ITER: 3 START
2019-12-16 03:52:16.680 21522 INFO rally.task.runner [-] Task 5c4ae9b0-0d7d-428b-8cce-b39aab5a9323 | ITER: 4 START
2019-12-16 03:52:23.669 21521 RALLYDEBUG rally.task.utils [-] Waiting for resource s_rally_51efbd08_gptos55T. Status changed: BUILD => ACTIVE in 4.760998964309692
2019-12-16 03:52:23.693 21522 RALLYDEBUG rally.task.utils [-] Waiting for resource s_rally_51efbd08_UltHZWIP. Status changed: BUILD => ACTIVE in 4.536819696426392
2019-12-16 03:52:25.546 21519 RALLYDEBUG rally.task.utils [-] Waiting for resource s_rally_51efbd08_Un3TqgNK. Status changed: BUILD => ACTIVE in 6.705047369003296
2019-12-16 03:52:25.666 21520 RALLYDEBUG rally.task.utils [-] Waiting for resource s_rally_51efbd08_6ntrBwa8. Status changed: BUILD => ACTIVE in 6.8155035972595215
2019-12-16 03:52:27.940 21520 RALLYDEBUG rally.task.utils [-] Waiting for resource s_rally_51efbd08_6ntrBwa8. Status changed: QUEUED => SAVING in 2.0419483184814453
2019-12-16 03:52:27.964 21521 RALLYDEBUG rally.task.utils [-] Waiting for resource s_rally_51efbd08_gptos55T. Status changed: QUEUED => ACTIVE in 4.067378282546997
2019-12-16 03:52:28.465 21522 RALLYDEBUG rally.task.utils [-] Waiting for resource s_rally_51efbd08_UltHZWIP. Status changed: QUEUED => ACTIVE in 4.070659160614014
2019-12-16 03:52:29.897 21519 RALLYDEBUG rally.task.utils [-] Waiting for resource s_rally_51efbd08_Un3TqgNK. Status changed: QUEUED => ACTIVE in 4.067870378494263
2019-12-16 03:52:29.969 21520 RALLYDEBUG rally.task.utils [-] Waiting for resource s_rally_51efbd08_6ntrBwa8. Status changed: SAVING => ACTIVE in 2.0296823978424072
2019-12-16 03:52:37.323 21522 RALLYDEBUG rally.task.utils [-] Waiting for resource s_rally_51efbd08_uM71tSxw. Status changed: BUILD => ACTIVE in 4.885894775390625
2019-12-16 03:52:38.646 21520 RALLYDEBUG rally.task.utils [-] Waiting for resource s_rally_51efbd08_eQ9dOIlu. Status changed: BUILD => ACTIVE in 4.540245532989502
2019-12-16 03:52:39.300 21521 RALLYDEBUG rally.task.utils [-] Waiting for resource s_rally_51efbd08_fq5htxMU. Status changed: BUILD => ACTIVE in 6.684946298599243
2019-12-16 03:52:39.670 21522 WARNING /usr/lib/python3.6/site-packages/rally_openstack/scenarios/nova/utils.py [-] Method '_delete_image' of NovaScenario class is deprecated since Rally 0.10.0. Use GlanceUtils instead.
2019-12-16 03:52:39.794 21522 DEBUG glanceclient.common.http [-] Request returned failure status 404. _handle_response /usr/lib/python3.6/site-packages/glanceclient/common/http.py:125
2019-12-16 03:52:39.803 21522 INFO rally.task.runner [-] Task 5c4ae9b0-0d7d-428b-8cce-b39aab5a9323 | ITER: 4 END: OK
2019-12-16 03:52:39.809 21522 INFO rally.task.runner [-] Task 5c4ae9b0-0d7d-428b-8cce-b39aab5a9323 | ITER: 5 START
2019-12-16 03:52:40.677 21519 RALLYDEBUG rally.task.utils [-] Waiting for resource s_rally_51efbd08_ceLQBsku. Status changed: BUILD => ACTIVE in 6.7780773639678955
2019-12-16 03:52:41.117 21520 WARNING /usr/lib/python3.6/site-packages/rally_openstack/scenarios/nova/utils.py [-] Method '_delete_image' of NovaScenario class is deprecated since Rally 0.10.0. Use GlanceUtils instead.
2019-12-16 03:52:41.257 21520 DEBUG glanceclient.common.http [-] Request returned failure status 404. _handle_response /usr/lib/python3.6/site-packages/glanceclient/common/http.py:125
2019-12-16 03:52:41.262 21520 INFO rally.task.runner [-] Task 5c4ae9b0-0d7d-428b-8cce-b39aab5a9323 | ITER: 2 END: OK
2019-12-16 03:52:41.270 21520 INFO rally.task.runner [-] Task 5c4ae9b0-0d7d-428b-8cce-b39aab5a9323 | ITER: 6 START
2019-12-16 03:52:41.630 21521 WARNING /usr/lib/python3.6/site-packages/rally_openstack/scenarios/nova/utils.py [-] Method '_delete_image' of NovaScenario class is deprecated since Rally 0.10.0. Use GlanceUtils instead.
2019-12-16 03:52:41.769 21521 DEBUG glanceclient.common.http [-] Request returned failure status 404. _handle_response /usr/lib/python3.6/site-packages/glanceclient/common/http.py:125
2019-12-16 03:52:41.774 21521 INFO rally.task.runner [-] Task 5c4ae9b0-0d7d-428b-8cce-b39aab5a9323 | ITER: 3 END: OK
2019-12-16 03:52:41.781 21521 INFO rally.task.runner [-] Task 5c4ae9b0-0d7d-428b-8cce-b39aab5a9323 | ITER: 7 START
2019-12-16 03:52:43.173 21519 WARNING /usr/lib/python3.6/site-packages/rally_openstack/scenarios/nova/utils.py [-] Method '_delete_image' of NovaScenario class is deprecated since Rally 0.10.0. Use GlanceUtils instead.
2019-12-16 03:52:43.324 21519 DEBUG glanceclient.common.http [-] Request returned failure status 404. _handle_response /usr/lib/python3.6/site-packages/glanceclient/common/http.py:125
2019-12-16 03:52:43.329 21519 INFO rally.task.runner [-] Task 5c4ae9b0-0d7d-428b-8cce-b39aab5a9323 | ITER: 1 END: OK
2019-12-16 03:52:43.335 21519 INFO rally.task.runner [-] Task 5c4ae9b0-0d7d-428b-8cce-b39aab5a9323 | ITER: 8 START
2019-12-16 03:52:48.529 21521 RALLYDEBUG rally.task.utils [-] Waiting for resource s_rally_51efbd08_MqvLJ6MF. Status changed: BUILD => ACTIVE in 4.682790756225586
2019-12-16 03:52:49.036 21522 RALLYDEBUG rally.task.utils [-] Waiting for resource s_rally_51efbd08_uOSJhjt8. Status changed: BUILD => ACTIVE in 6.754667520523071
2019-12-16 03:52:50.203 21520 RALLYDEBUG rally.task.utils [-] Waiting for resource s_rally_51efbd08_tyQP62Py. Status changed: BUILD => ACTIVE in 6.8124425411224365
2019-12-16 03:52:50.805 21521 RALLYDEBUG rally.task.utils [-] Waiting for resource s_rally_51efbd08_MqvLJ6MF. Status changed: QUEUED => SAVING in 2.0468640327453613
2019-12-16 03:52:52.330 21519 RALLYDEBUG rally.task.utils [-] Waiting for resource s_rally_51efbd08_xuT9NJBD. Status changed: BUILD => ACTIVE in 6.863862037658691
2019-12-16 03:52:52.830 21521 RALLYDEBUG rally.task.utils [-] Waiting for resource s_rally_51efbd08_MqvLJ6MF. Status changed: SAVING => ACTIVE in 2.024437665939331
2019-12-16 03:52:53.332 21522 RALLYDEBUG rally.task.utils [-] Waiting for resource s_rally_51efbd08_uOSJhjt8. Status changed: QUEUED => ACTIVE in 4.067427635192871
2019-12-16 03:52:54.500 21520 RALLYDEBUG rally.task.utils [-] Waiting for resource s_rally_51efbd08_tyQP62Py. Status changed: QUEUED => ACTIVE in 4.078574180603027
2019-12-16 03:52:56.611 21519 RALLYDEBUG rally.task.utils [-] Waiting for resource s_rally_51efbd08_xuT9NJBD. Status changed: QUEUED => ACTIVE in 4.062166929244995
2019-12-16 03:53:01.507 21521 RALLYDEBUG rally.task.utils [-] Waiting for resource s_rally_51efbd08_SLBtZyMQ. Status changed: BUILD => ACTIVE in 4.394930124282837
2019-12-16 03:53:03.027 21520 RALLYDEBUG rally.task.utils [-] Waiting for resource s_rally_51efbd08_84LAKVGm. Status changed: BUILD => ACTIVE in 4.506655931472778
2019-12-16 03:53:03.822 21521 WARNING /usr/lib/python3.6/site-packages/rally_openstack/scenarios/nova/utils.py [-] Method '_delete_image' of NovaScenario class is deprecated since Rally 0.10.0. Use GlanceUtils instead.
2019-12-16 03:53:03.978 21521 DEBUG glanceclient.common.http [-] Request returned failure status 404. _handle_response /usr/lib/python3.6/site-packages/glanceclient/common/http.py:125
2019-12-16 03:53:03.979 21521 INFO rally.task.runner [-] Task 5c4ae9b0-0d7d-428b-8cce-b39aab5a9323 | ITER: 7 END: OK
2019-12-16 03:53:03.982 21521 INFO rally.task.runner [-] Task 5c4ae9b0-0d7d-428b-8cce-b39aab5a9323 | ITER: 9 START
2019-12-16 03:53:04.384 21522 RALLYDEBUG rally.task.utils [-] Waiting for resource s_rally_51efbd08_dAiUrQvA. Status changed: BUILD => ACTIVE in 6.597023963928223
2019-12-16 03:53:05.485 21520 WARNING /usr/lib/python3.6/site-packages/rally_openstack/scenarios/nova/utils.py [-] Method '_delete_image' of NovaScenario class is deprecated since Rally 0.10.0. Use GlanceUtils instead.
2019-12-16 03:53:05.605 21520 DEBUG glanceclient.common.http [-] Request returned failure status 404. _handle_response /usr/lib/python3.6/site-packages/glanceclient/common/http.py:125
2019-12-16 03:53:05.607 21520 INFO rally.task.runner [-] Task 5c4ae9b0-0d7d-428b-8cce-b39aab5a9323 | ITER: 6 END: OK
2019-12-16 03:53:05.611 21520 INFO rally.task.runner [-] Task 5c4ae9b0-0d7d-428b-8cce-b39aab5a9323 | ITER: 10 START
2019-12-16 03:53:06.716 21522 WARNING /usr/lib/python3.6/site-packages/rally_openstack/scenarios/nova/utils.py [-] Method '_delete_image' of NovaScenario class is deprecated since Rally 0.10.0. Use GlanceUtils instead.
2019-12-16 03:53:06.838 21522 DEBUG glanceclient.common.http [-] Request returned failure status 404. _handle_response /usr/lib/python3.6/site-packages/glanceclient/common/http.py:125
2019-12-16 03:53:06.839 21522 INFO rally.task.runner [-] Task 5c4ae9b0-0d7d-428b-8cce-b39aab5a9323 | ITER: 5 END: OK
2019-12-16 03:53:07.241 21519 RALLYDEBUG rally.task.utils [-] Waiting for resource s_rally_51efbd08_wS8JCkjU. Status changed: BUILD => ACTIVE in 6.614458322525024
2019-12-16 03:53:09.548 21519 WARNING /usr/lib/python3.6/site-packages/rally_openstack/scenarios/nova/utils.py [-] Method '_delete_image' of NovaScenario class is deprecated since Rally 0.10.0. Use GlanceUtils instead.
2019-12-16 03:53:09.680 21519 DEBUG glanceclient.common.http [-] Request returned failure status 404. _handle_response /usr/lib/python3.6/site-packages/glanceclient/common/http.py:125
2019-12-16 03:53:09.681 21519 INFO rally.task.runner [-] Task 5c4ae9b0-0d7d-428b-8cce-b39aab5a9323 | ITER: 8 END: OK
2019-12-16 03:53:10.748 21521 RALLYDEBUG rally.task.utils [-] Waiting for resource s_rally_51efbd08_gVnvsSWw. Status changed: BUILD => ACTIVE in 4.602622985839844
2019-12-16 03:53:13.047 21521 RALLYDEBUG rally.task.utils [-] Waiting for resource s_rally_51efbd08_gVnvsSWw. Status changed: QUEUED => SAVING in 2.0531179904937744
2019-12-16 03:53:14.760 21520 RALLYDEBUG rally.task.utils [-] Waiting for resource s_rally_51efbd08_j1HZEq2z. Status changed: BUILD => ACTIVE in 7.030352592468262
2019-12-16 03:53:15.072 21521 RALLYDEBUG rally.task.utils [-] Waiting for resource s_rally_51efbd08_gVnvsSWw. Status changed: SAVING => ACTIVE in 2.0246894359588623
2019-12-16 03:53:19.084 21520 RALLYDEBUG rally.task.utils [-] Waiting for resource s_rally_51efbd08_j1HZEq2z. Status changed: QUEUED => ACTIVE in 4.074917316436768
2019-12-16 03:53:23.831 21521 RALLYDEBUG rally.task.utils [-] Waiting for resource s_rally_51efbd08_VWdZOM3F. Status changed: BUILD => ACTIVE in 4.509983539581299
2019-12-16 03:53:26.300 21521 WARNING /usr/lib/python3.6/site-packages/rally_openstack/scenarios/nova/utils.py [-] Method '_delete_image' of NovaScenario class is deprecated since Rally 0.10.0. Use GlanceUtils instead.
2019-12-16 03:53:26.453 21521 DEBUG glanceclient.common.http [-] Request returned failure status 404. _handle_response /usr/lib/python3.6/site-packages/glanceclient/common/http.py:125
2019-12-16 03:53:26.454 21521 INFO rally.task.runner [-] Task 5c4ae9b0-0d7d-428b-8cce-b39aab5a9323 | ITER: 9 END: OK
2019-12-16 03:53:27.697 21520 RALLYDEBUG rally.task.utils [-] Waiting for resource s_rally_51efbd08_GisQCqKy. Status changed: BUILD => ACTIVE in 4.469839572906494
2019-12-16 03:53:30.054 21520 WARNING /usr/lib/python3.6/site-packages/rally_openstack/scenarios/nova/utils.py [-] Method '_delete_image' of NovaScenario class is deprecated since Rally 0.10.0. Use GlanceUtils instead.
2019-12-16 03:53:30.204 21520 DEBUG glanceclient.common.http [-] Request returned failure status 404. _handle_response /usr/lib/python3.6/site-packages/glanceclient/common/http.py:125
2019-12-16 03:53:30.205 21520 INFO rally.task.runner [-] Task 5c4ae9b0-0d7d-428b-8cce-b39aab5a9323 | ITER: 10 END: OK
2019-12-16 03:53:30.238 20411 INFO rally.task.context [-] Task 5c4ae9b0-0d7d-428b-8cce-b39aab5a9323 | Context cleanup@openstack cleanup() started
2019-12-16 03:53:30.243 20411 RALLYDEBUG rally_openstack.cleanup.manager [-] Cleaning up nova servers objects
2019-12-16 03:53:31.760 20411 RALLYDEBUG rally_openstack.cleanup.manager [-] Cleaning up nova server_groups objects
2019-12-16 03:53:32.884 20411 RALLYDEBUG rally_openstack.cleanup.manager [-] Cleaning up nova keypairs objects
2019-12-16 03:53:35.092 20411 RALLYDEBUG rally_openstack.cleanup.manager [-] Cleaning up glance images objects
2019-12-16 03:53:36.626 20411 INFO rally.task.context [-] Task 5c4ae9b0-0d7d-428b-8cce-b39aab5a9323 | Context cleanup@openstack cleanup() finished in 6.39 sec
2019-12-16 03:53:36.626 20411 INFO rally.task.context [-] Task 5c4ae9b0-0d7d-428b-8cce-b39aab5a9323 | Context network@openstack cleanup() started
2019-12-16 03:53:57.968 20411 INFO rally.task.context [-] Task 5c4ae9b0-0d7d-428b-8cce-b39aab5a9323 | Context network@openstack cleanup() finished in 21.34 sec
2019-12-16 03:53:57.969 20411 INFO rally.task.context [-] Task 5c4ae9b0-0d7d-428b-8cce-b39aab5a9323 | Context quotas@openstack cleanup() started
2019-12-16 03:53:58.263 20411 INFO rally.task.context [-] Task 5c4ae9b0-0d7d-428b-8cce-b39aab5a9323 | Context quotas@openstack cleanup() finished in 0.29 sec
2019-12-16 03:53:58.263 20411 INFO rally.task.context [-] Task 5c4ae9b0-0d7d-428b-8cce-b39aab5a9323 | Context users@openstack cleanup() started
2019-12-16 03:54:02.257 20411 INFO rally.task.context [-] Task 5c4ae9b0-0d7d-428b-8cce-b39aab5a9323 | Context users@openstack cleanup() finished in 3.99 sec
2019-12-16 03:54:03.219 20411 INFO rally.task.engine [-] Load duration is: 71.533946
2019-12-16 03:54:03.220 20411 INFO rally.task.engine [-] Full runner duration is: 73.588222
2019-12-16 03:54:03.220 20411 INFO rally.task.engine [-] Full duration is: 123.570859
2019-12-16 03:54:03.590 20411 INFO rally.task.engine [-] Running workload: position = 0 config = { "version": 2, "title": "A cropped version of a bigger task.", "description": "Auto-generated task from a single workload (uuid=7690494c-5b36-4a12-a399-ef78ad839171)", "subtasks": [ { "title": "NovaServers.boot_server_from_volume", "description": "Boot a server from volume.", "scenario": { "NovaServers.boot_server_from_volume": { "flavor": { "name": "rally_full-flavor_102dc671-f436-4d4d-b368-5b0ed177eae0" }, "image": { "name": "rally_full-img_102dc671-f436-4d4d-b368-5b0ed177eae0" }, "volume_size": 1, "nics": [ { "net-id": "c51c8544-d62f-4817-b7df-cb0981aba4ec" } ] } }, "contexts": { "users": { "tenants": 3, "users_per_tenant": 2 }, "api_versions": { "cinder": { "version": 3, "service_type": "volumev3" } } }, "runner": { "constant": { "concurrency": 4, "times": 10 } }, "hooks": [], "sla": { "failure_rate": { "max": 0 } } } ] }
2019-12-16 03:54:03.616 20411 RALLYDEBUG rally_openstack.contexts.keystone.users [-] Creating 3 tenants using 20 threads
2019-12-16 03:54:04.552 20411 RALLYDEBUG rally_openstack.contexts.keystone.users [-] Creating 6 users using 20 threads
2019-12-16 03:54:06.089 20411 INFO rally.task.context [-] Task 5c4ae9b0-0d7d-428b-8cce-b39aab5a9323 | Context users@openstack setup() finished in 2.47 sec
2019-12-16 03:54:06.487 20411 INFO rally.task.context [-] Task 5c4ae9b0-0d7d-428b-8cce-b39aab5a9323 | Context api_versions@openstack setup() finished in 0.40 sec
2019-12-16 03:54:06.488 20411 INFO rally.task.context [-] Task 5c4ae9b0-0d7d-428b-8cce-b39aab5a9323 | Context cleanup@openstack setup() finished in 0.02 msec
2019-12-16 03:54:07.542 20411 RALLYDEBUG rally.task.runner [-] Starting the constant runner (task UUID: 5c4ae9b0-0d7d-428b-8cce-b39aab5a9323). times: 10 concurrency: 4 timeout: 0 max_cpu_used: 16 processes_to_start: 4 concurrency_per_worker: 1 concurrency_overhead: 0
2019-12-16 03:54:07.555 21703 RALLYDEBUG rally.task.runner [-] Starting a worker. times: 10 duration: None concurrency: 1 timeout: 0 cls: method_name: run args: {"flavor": "c1b316bb-9aea-40b2-9eed-8480abe7834e", "image": "02e2d7fc-4c21-4af2-9b3a-22bc0af0001a", "volume_size": 1, "nics": [{"net-id": "c51c8544-d62f-4817-b7df-cb0981aba4ec"}]}
2019-12-16 03:54:07.558 21704 RALLYDEBUG rally.task.runner [-] Starting a worker. times: 10 duration: None concurrency: 1 timeout: 0 cls: method_name: run args: {"flavor": "c1b316bb-9aea-40b2-9eed-8480abe7834e", "image": "02e2d7fc-4c21-4af2-9b3a-22bc0af0001a", "volume_size": 1, "nics": [{"net-id": "c51c8544-d62f-4817-b7df-cb0981aba4ec"}]}
2019-12-16 03:54:07.562 21703 INFO rally.task.runner [-] Task 5c4ae9b0-0d7d-428b-8cce-b39aab5a9323 | ITER: 1 START
2019-12-16 03:54:07.562 21705 RALLYDEBUG rally.task.runner [-] Starting a worker. times: 10 duration: None concurrency: 1 timeout: 0 cls: method_name: run args: {"flavor": "c1b316bb-9aea-40b2-9eed-8480abe7834e", "image": "02e2d7fc-4c21-4af2-9b3a-22bc0af0001a", "volume_size": 1, "nics": [{"net-id": "c51c8544-d62f-4817-b7df-cb0981aba4ec"}]}
2019-12-16 03:54:07.566 21704 INFO rally.task.runner [-] Task 5c4ae9b0-0d7d-428b-8cce-b39aab5a9323 | ITER: 2 START
2019-12-16 03:54:07.566 21706 RALLYDEBUG rally.task.runner [-] Starting a worker. times: 10 duration: None concurrency: 1 timeout: 0 cls: method_name: run args: {"flavor": "c1b316bb-9aea-40b2-9eed-8480abe7834e", "image": "02e2d7fc-4c21-4af2-9b3a-22bc0af0001a", "volume_size": 1, "nics": [{"net-id": "c51c8544-d62f-4817-b7df-cb0981aba4ec"}]}
