2019-12-16 03:21:42.836 13785 RALLYDEBUG rally_openstack.cleanup.manager [-] Deleting neutron.port object s_rally_4bd1dbc8_uqOLd3o2 (385a1cd8-ea80-474d-9324-682a9841c639)
2019-12-16 03:21:42.848 13785 RALLYDEBUG rally_openstack.cleanup.manager [-] Deleting neutron.port object s_rally_4bd1dbc8_HnvOPMku (5a9be8bd-acee-4678-a401-067fe7310b87)
2019-12-16 03:21:42.860 13785 RALLYDEBUG rally_openstack.cleanup.manager [-] Deleting neutron.port object s_rally_4bd1dbc8_61CCi9SW (7ae80448-4d24-45f2-973f-732511519dc1)
2019-12-16 03:21:42.867 13785 RALLYDEBUG rally_openstack.cleanup.manager [-] Deleting neutron.port object s_rally_4bd1dbc8_RM5Rlp7p (9b496f4b-202b-44b7-8222-4bf75bad3179)
2019-12-16 03:21:42.878 13785 RALLYDEBUG rally_openstack.cleanup.manager [-] Deleting neutron.port object s_rally_4bd1dbc8_M4xS3sS5 (270d0ccf-cb06-42f1-9ba3-fcbf4ae5d5dd)
2019-12-16 03:21:42.898 13785 RALLYDEBUG rally_openstack.cleanup.manager [-] Deleting neutron.port object s_rally_4bd1dbc8_71CLgQvj (9ad44c93-8656-4401-8b0b-1bff29151132)
2019-12-16 03:21:42.901 13785 RALLYDEBUG rally_openstack.cleanup.manager [-] Deleting neutron.port object s_rally_4bd1dbc8_AgOMSdzL (c8458331-e099-4da7-8510-153f12eafc3c)
2019-12-16 03:21:45.266 13785 RALLYDEBUG rally_openstack.cleanup.manager [-] Cleaning up neutron subnet objects
2019-12-16 03:21:46.502 13785 RALLYDEBUG rally_openstack.cleanup.manager [-] Cleaning up neutron network objects
2019-12-16 03:21:47.874 13785 RALLYDEBUG rally_openstack.cleanup.manager [-] Cleaning up neutron router objects
2019-12-16 03:21:49.045 13785 RALLYDEBUG rally_openstack.cleanup.manager [-] Cleaning up neutron security_group objects
2019-12-16 03:21:50.242 13785 INFO rally.task.context [-] Task a17d2ce6-4f4c-438d-bb8b-c9a3a19701c8 | Context cleanup@openstack cleanup() finished in 15.34 sec
2019-12-16 03:21:50.242 13785 INFO rally.task.context [-] Task a17d2ce6-4f4c-438d-bb8b-c9a3a19701c8 | Context network@openstack cleanup() started
2019-12-16 03:22:00.679 13785 INFO rally.task.context [-] Task a17d2ce6-4f4c-438d-bb8b-c9a3a19701c8 | Context network@openstack cleanup() finished in 10.44 sec
2019-12-16 03:22:00.680 13785 INFO rally.task.context [-] Task a17d2ce6-4f4c-438d-bb8b-c9a3a19701c8 | Context quotas@openstack cleanup() started
2019-12-16 03:22:00.846 13785 INFO rally.task.context [-] Task a17d2ce6-4f4c-438d-bb8b-c9a3a19701c8 | Context quotas@openstack cleanup() finished in 0.17 sec
2019-12-16 03:22:00.846 13785 INFO rally.task.context [-] Task a17d2ce6-4f4c-438d-bb8b-c9a3a19701c8 | Context users@openstack cleanup() started
2019-12-16 03:22:04.987 13785 INFO rally.task.context [-] Task a17d2ce6-4f4c-438d-bb8b-c9a3a19701c8 | Context users@openstack cleanup() finished in 4.14 sec
2019-12-16 03:22:06.111 13785 INFO rally.task.engine [-] Load duration is: 4.710267
2019-12-16 03:22:06.112 13785 INFO rally.task.engine [-] Full runner duration is: 4.755795
2019-12-16 03:22:06.112 13785 INFO rally.task.engine [-] Full duration is: 41.169005
2019-12-16 03:22:06.480 13785 INFO rally.task.engine [-] Running workload: position = 0 config = { "version": 2, "title": "A cropped version of a bigger task.", "description": "Auto-generated task from a single workload (uuid=0c297b26-c683-4a89-9afc-ed209bd35181)", "subtasks": [ { "title": "NeutronNetworks.create_and_update_routers", "description": "Create and update a given number of routers.", "scenario": { "NeutronNetworks.create_and_update_routers": { "network_create_args": {}, "router_create_args": {}, "router_update_args": { "admin_state_up": false }, "subnet_cidr_start": "1.1.0.0/30", "subnet_create_args": {}, "subnets_per_network": 1 } }, "contexts": { "users": { "tenants": 3, "users_per_tenant": 2 }, "quotas": { "neutron": { "network": -1, "subnet": -1, "port": -1, "router": -1 } } }, "runner": { "constant": { "concurrency": 4, "times": 10 } }, "hooks": [], "sla": { "failure_rate": { "max": 0 } } } ] }
2019-12-16 03:22:06.504 13785 RALLYDEBUG rally_openstack.contexts.keystone.users [-] Creating 3 tenants using 20 threads
2019-12-16 03:22:07.494 13785 RALLYDEBUG rally_openstack.contexts.keystone.users [-] Creating 6 users using 20 threads
2019-12-16 03:22:08.999 13785 INFO rally.task.context [-] Task a17d2ce6-4f4c-438d-bb8b-c9a3a19701c8 | Context users@openstack setup() finished in 2.50 sec
2019-12-16 03:22:09.848 13785 INFO rally.task.context [-] Task a17d2ce6-4f4c-438d-bb8b-c9a3a19701c8 | Context quotas@openstack setup() finished in 0.85 sec
2019-12-16 03:22:09.849 13785 INFO rally.task.context [-] Task a17d2ce6-4f4c-438d-bb8b-c9a3a19701c8 | Context cleanup@openstack setup() finished in 0.01 msec
2019-12-16 03:22:09.857 13785 RALLYDEBUG rally.task.runner [-] Starting the constant runner (task UUID: a17d2ce6-4f4c-438d-bb8b-c9a3a19701c8). times: 10 concurrency: 4 timeout: 0 max_cpu_used: 16 processes_to_start: 4 concurrency_per_worker: 1 concurrency_overhead: 0
2019-12-16 03:22:09.868 14557 RALLYDEBUG rally.task.runner [-] Starting a worker. times: 10 duration: None concurrency: 1 timeout: 0 cls: method_name: run args: {"network_create_args": {}, "router_create_args": {}, "router_update_args": {"admin_state_up": false}, "subnet_cidr_start": "1.1.0.0/30", "subnet_create_args": {}, "subnets_per_network": 1}
2019-12-16 03:22:09.872 14558 RALLYDEBUG rally.task.runner [-] Starting a worker. times: 10 duration: None concurrency: 1 timeout: 0 cls: method_name: run args: {"network_create_args": {}, "router_create_args": {}, "router_update_args": {"admin_state_up": false}, "subnet_cidr_start": "1.1.0.0/30", "subnet_create_args": {}, "subnets_per_network": 1}
2019-12-16 03:22:09.875 14557 INFO rally.task.runner [-] Task a17d2ce6-4f4c-438d-bb8b-c9a3a19701c8 | ITER: 1 START
2019-12-16 03:22:09.875 14559 RALLYDEBUG rally.task.runner [-] Starting a worker. times: 10 duration: None concurrency: 1 timeout: 0 cls: method_name: run args: {"network_create_args": {}, "router_create_args": {}, "router_update_args": {"admin_state_up": false}, "subnet_cidr_start": "1.1.0.0/30", "subnet_create_args": {}, "subnets_per_network": 1}
2019-12-16 03:22:09.878 14558 INFO rally.task.runner [-] Task a17d2ce6-4f4c-438d-bb8b-c9a3a19701c8 | ITER: 2 START
2019-12-16 03:22:09.878 14560 RALLYDEBUG rally.task.runner [-] Starting a worker. times: 10 duration: None concurrency: 1 timeout: 0 cls: method_name: run args: {"network_create_args": {}, "router_create_args": {}, "router_update_args": {"admin_state_up": false}, "subnet_cidr_start": "1.1.0.0/30", "subnet_create_args": {}, "subnets_per_network": 1}
2019-12-16 03:22:09.881 14559 INFO rally.task.runner [-] Task a17d2ce6-4f4c-438d-bb8b-c9a3a19701c8 | ITER: 3 START
2019-12-16 03:22:09.884 14560 INFO rally.task.runner [-] Task a17d2ce6-4f4c-438d-bb8b-c9a3a19701c8 | ITER: 4 START
2019-12-16 03:22:10.518 14558 RALLYDEBUG rally_openstack.wrappers.network [-] CIDR generated: 1.1.0.12/30
2019-12-16 03:22:10.523 14557 RALLYDEBUG rally_openstack.wrappers.network [-] CIDR generated: 1.1.0.16/30
2019-12-16 03:22:10.524 14559 RALLYDEBUG rally_openstack.wrappers.network [-] CIDR generated: 1.1.0.20/30
2019-12-16 03:22:10.542 14560 RALLYDEBUG rally_openstack.wrappers.network [-] CIDR generated: 1.1.0.24/30
2019-12-16 03:22:13.758 14559 INFO rally.task.runner [-] Task a17d2ce6-4f4c-438d-bb8b-c9a3a19701c8 | ITER: 3 END: OK
2019-12-16 03:22:13.763 14559 INFO rally.task.runner [-] Task a17d2ce6-4f4c-438d-bb8b-c9a3a19701c8 | ITER: 5 START
2019-12-16 03:22:13.920 14558 INFO rally.task.runner [-] Task a17d2ce6-4f4c-438d-bb8b-c9a3a19701c8 | ITER: 2 END: OK
2019-12-16 03:22:13.925 14558 INFO rally.task.runner [-] Task a17d2ce6-4f4c-438d-bb8b-c9a3a19701c8 | ITER: 6 START
2019-12-16 03:22:14.113 14557 INFO rally.task.runner [-] Task a17d2ce6-4f4c-438d-bb8b-c9a3a19701c8 | ITER: 1 END: OK
2019-12-16 03:22:14.117 14557 INFO rally.task.runner [-] Task a17d2ce6-4f4c-438d-bb8b-c9a3a19701c8 | ITER: 7 START
2019-12-16 03:22:14.238 14559 RALLYDEBUG rally_openstack.wrappers.network [-] CIDR generated: 1.1.0.28/30
2019-12-16 03:22:14.370 14560 INFO rally.task.runner [-] Task a17d2ce6-4f4c-438d-bb8b-c9a3a19701c8 | ITER: 4 END: OK
2019-12-16 03:22:14.374 14560 INFO rally.task.runner [-] Task a17d2ce6-4f4c-438d-bb8b-c9a3a19701c8 | ITER: 8 START
2019-12-16 03:22:14.417 14558 RALLYDEBUG rally_openstack.wrappers.network [-] CIDR generated: 1.1.0.32/30
2019-12-16 03:22:14.737 14557 RALLYDEBUG rally_openstack.wrappers.network [-] CIDR generated: 1.1.0.36/30
2019-12-16 03:22:14.843 14560 RALLYDEBUG rally_openstack.wrappers.network [-] CIDR generated: 1.1.0.40/30
2019-12-16 03:22:17.645 14559 INFO rally.task.runner [-] Task a17d2ce6-4f4c-438d-bb8b-c9a3a19701c8 | ITER: 5 END: OK
2019-12-16 03:22:17.649 14559 INFO rally.task.runner [-] Task a17d2ce6-4f4c-438d-bb8b-c9a3a19701c8 | ITER: 9 START
2019-12-16 03:22:17.957 14558 INFO rally.task.runner [-] Task a17d2ce6-4f4c-438d-bb8b-c9a3a19701c8 | ITER: 6 END: OK
2019-12-16 03:22:17.960 14558 INFO rally.task.runner [-] Task a17d2ce6-4f4c-438d-bb8b-c9a3a19701c8 | ITER: 10 START
2019-12-16 03:22:18.101 14557 INFO rally.task.runner [-] Task a17d2ce6-4f4c-438d-bb8b-c9a3a19701c8 | ITER: 7 END: OK
2019-12-16 03:22:18.113 14559 RALLYDEBUG rally_openstack.wrappers.network [-] CIDR generated: 1.1.0.44/30
2019-12-16 03:22:18.126 14560 INFO rally.task.runner [-] Task a17d2ce6-4f4c-438d-bb8b-c9a3a19701c8 | ITER: 8 END: OK
2019-12-16 03:22:18.419 14558 RALLYDEBUG rally_openstack.wrappers.network [-] CIDR generated: 1.1.0.48/30
2019-12-16 03:22:21.204 14558 INFO rally.task.runner [-] Task a17d2ce6-4f4c-438d-bb8b-c9a3a19701c8 | ITER: 10 END: OK
2019-12-16 03:22:21.396 14559 INFO rally.task.runner [-] Task a17d2ce6-4f4c-438d-bb8b-c9a3a19701c8 | ITER: 9 END: OK
2019-12-16 03:22:21.424 13785 INFO rally.task.context [-] Task a17d2ce6-4f4c-438d-bb8b-c9a3a19701c8 | Context cleanup@openstack cleanup() started
2019-12-16 03:22:21.427 13785 RALLYDEBUG rally_openstack.cleanup.manager [-] Cleaning up neutron vip objects
2019-12-16 03:22:22.562 13785 RALLYDEBUG rally_openstack.cleanup.manager [-] Cleaning up neutron health_monitor objects
2019-12-16 03:22:23.651 13785 RALLYDEBUG rally_openstack.cleanup.manager [-] Cleaning up neutron pool objects
2019-12-16 03:22:24.716 13785 RALLYDEBUG rally_openstack.cleanup.manager [-] Cleaning up neutron loadbalancer objects
2019-12-16 03:22:25.769 13785 RALLYDEBUG rally_openstack.cleanup.manager [-] Cleaning up neutron floatingip objects
2019-12-16 03:22:26.944 13785 RALLYDEBUG rally_openstack.cleanup.manager [-] Cleaning up neutron trunk objects
2019-12-16 03:22:28.048 13785 RALLYDEBUG rally_openstack.cleanup.manager [-] Cleaning up neutron port objects
2019-12-16 03:22:29.867 13785 RALLYDEBUG rally_openstack.cleanup.manager [-] Deleting neutron.port object s_rally_0c297b26_3DmxoqUm (2d0b43e9-12d9-49a9-ae64-004bd6a7bc76)
2019-12-16 03:22:29.886 13785 RALLYDEBUG rally_openstack.cleanup.manager [-] Deleting neutron.port object s_rally_0c297b26_Tm9jrxUo (d6d1de6d-5014-4d9d-bd26-59b7d463a34a)
2019-12-16 03:22:29.903 13785 RALLYDEBUG rally_openstack.cleanup.manager [-] Deleting neutron.port object s_rally_0c297b26_byZ1fcNM (6368b586-5a3c-4f9f-9a21-ec3b8c74a517)
2019-12-16 03:22:29.913 13785 RALLYDEBUG rally_openstack.cleanup.manager [-] Deleting neutron.port object s_rally_0c297b26_V7HaPjOx (754c2734-bee2-47a8-863f-a4a4eb4a9b6a)
2019-12-16 03:22:29.917 13785 RALLYDEBUG rally_openstack.cleanup.manager [-] Deleting neutron.port object s_rally_0c297b26_6tgdVIJh (9cb9e6ba-99ed-4e35-9fca-c2538810ff7e)
2019-12-16 03:22:29.940 13785 RALLYDEBUG rally_openstack.cleanup.manager [-] Deleting neutron.port object s_rally_0c297b26_VBj6JKLV (aa62ccc9-a884-4a6c-afff-7cf1ce0493f0)
2019-12-16 03:22:29.965 13785 RALLYDEBUG rally_openstack.cleanup.manager [-] Deleting neutron.port object s_rally_0c297b26_CTaG8ltk (5dbd5e04-b479-48dd-8b60-9cde02c5bdd7)
2019-12-16 03:22:29.967 13785 RALLYDEBUG rally_openstack.cleanup.manager [-] Deleting neutron.port object s_rally_0c297b26_OGBGzkRY (bd7d1f91-3563-4ce2-9424-e14ac6c8e98f)
2019-12-16 03:22:29.969 13785 RALLYDEBUG rally_openstack.cleanup.manager [-] Deleting neutron.port object s_rally_0c297b26_ICBIUalz (d5e412ec-2253-40a6-8ce3-da851f9dde84)
2019-12-16 03:22:29.988 13785 RALLYDEBUG rally_openstack.cleanup.manager [-] Deleting neutron.port object s_rally_0c297b26_mavVXsLk (fe677bd4-27f6-46d0-9680-d6e0abfe74ce)
2019-12-16 03:22:35.775 13785 RALLYDEBUG rally_openstack.cleanup.manager [-] Cleaning up neutron subnet objects
2019-12-16 03:22:36.999 13785 RALLYDEBUG rally_openstack.cleanup.manager [-] Deleting neutron.subnet object s_rally_0c297b26_xhQ6WkjL (6fe45833-13d5-494f-9b14-34885822b0e2)
2019-12-16 03:22:37.009 13785 RALLYDEBUG rally_openstack.cleanup.manager [-] Deleting neutron.subnet object s_rally_0c297b26_ycN882zw (ae61d006-8fb7-40dc-bf2d-6c607e839aa7)
2019-12-16 03:22:37.019 13785 RALLYDEBUG rally_openstack.cleanup.manager [-] Deleting neutron.subnet object s_rally_0c297b26_tRFOq1Xm (fdde9f3b-2f90-405b-bde4-4873feca3def)
2019-12-16 03:22:37.024 13785 RALLYDEBUG rally_openstack.cleanup.manager [-] Deleting neutron.subnet object s_rally_0c297b26_ufGboTrU (11a7f9a2-2ea5-47dc-800b-5b49e64aef52)
2019-12-16 03:22:37.036 13785 RALLYDEBUG rally_openstack.cleanup.manager [-] Deleting neutron.subnet object s_rally_0c297b26_9qSSx5NS (45d07b43-e285-45e4-bab2-5940458755b1)
2019-12-16 03:22:37.046 13785 RALLYDEBUG rally_openstack.cleanup.manager [-] Deleting neutron.subnet object s_rally_0c297b26_sN5HJ8we (899e2907-ce81-4c19-8b12-16edae57bd2f)
2019-12-16 03:22:37.050 13785 RALLYDEBUG rally_openstack.cleanup.manager [-] Deleting neutron.subnet object s_rally_0c297b26_nEioiZCN (97542864-1539-4cf8-8d38-671037b9a690)
2019-12-16 03:22:37.059 13785 RALLYDEBUG rally_openstack.cleanup.manager [-] Deleting neutron.subnet object s_rally_0c297b26_4aUoPurc (0ffbce69-b0bd-4933-b310-6e6b8f0b6f60)
2019-12-16 03:22:37.072 13785 RALLYDEBUG rally_openstack.cleanup.manager [-] Deleting neutron.subnet object s_rally_0c297b26_qUQD2xac (22380402-99ef-4685-93a5-ccff957878fa)
2019-12-16 03:22:37.085 13785 RALLYDEBUG rally_openstack.cleanup.manager [-] Deleting neutron.subnet object s_rally_0c297b26_WNJi9bJ7 (b4105cf8-c9a5-4e77-882b-d5113d869b70)
2019-12-16 03:22:40.339 13785 RALLYDEBUG rally_openstack.cleanup.manager [-] Cleaning up neutron network objects
2019-12-16 03:22:41.903 13785 RALLYDEBUG rally_openstack.cleanup.manager [-] Deleting neutron.network object s_rally_0c297b26_vBfZU2f6 (0b01114d-10a4-46af-beee-402b912c84af)
2019-12-16 03:22:41.912 13785 RALLYDEBUG rally_openstack.cleanup.manager [-] Deleting neutron.network object s_rally_0c297b26_Jyqc2Blj (1b73e7c7-bfa8-49c8-9e0d-7202304ae651)
2019-12-16 03:22:41.921 13785 RALLYDEBUG rally_openstack.cleanup.manager [-] Deleting neutron.network object s_rally_0c297b26_2xdOX3yU (4f53521d-d502-43b6-ad28-242ffb32d8f9)
2019-12-16 03:22:41.926 13785 RALLYDEBUG rally_openstack.cleanup.manager [-] Deleting neutron.network object s_rally_0c297b26_uVQqGBmX (8a821b7f-5331-4e2f-a73a-144a3ef3ea20)
2019-12-16 03:22:41.939 13785 RALLYDEBUG rally_openstack.cleanup.manager [-] Deleting neutron.network object s_rally_0c297b26_L2Qp5xSB (98b84d29-180f-4bd7-9339-404ae1f096fd)
2019-12-16 03:22:41.946 13785 RALLYDEBUG rally_openstack.cleanup.manager [-] Deleting neutron.network object s_rally_0c297b26_XWn8CsLR (9ae3a150-e8b3-4a75-ac33-de1eff934e27)
2019-12-16 03:22:41.951 13785 RALLYDEBUG rally_openstack.cleanup.manager [-] Deleting neutron.network object s_rally_0c297b26_RHTHGiEv (cb1bd268-bd4b-4c14-a0ae-c4e5ad7c7af3)
2019-12-16 03:22:41.978 13785 RALLYDEBUG rally_openstack.cleanup.manager [-] Deleting neutron.network object s_rally_0c297b26_0TTsg6h2 (07235648-1a03-46a6-b3f1-cb557d5aa960)
2019-12-16 03:22:41.986 13785 RALLYDEBUG rally_openstack.cleanup.manager [-] Deleting neutron.network object s_rally_0c297b26_XxPrCqUv (2abc1a00-3074-4d51-9ce8-10bdabba9193)
2019-12-16 03:22:41.991 13785 RALLYDEBUG rally_openstack.cleanup.manager [-] Deleting neutron.network object s_rally_0c297b26_gbQOcTsQ (b14e114f-f740-4747-a788-fc78011411a1)
2019-12-16 03:22:44.506 13785 RALLYDEBUG rally_openstack.cleanup.manager [-] Cleaning up neutron router objects
2019-12-16 03:22:46.079 13785 RALLYDEBUG rally_openstack.cleanup.manager [-] Deleting neutron.router object s_rally_0c297b26_Tm9jrxUo (0663c529-7332-48a0-8c95-cab2ef889a5d)
2019-12-16 03:22:46.088 13785 RALLYDEBUG rally_openstack.cleanup.manager [-] Deleting neutron.router object s_rally_0c297b26_3DmxoqUm (80b524fe-b4eb-405e-98d1-f330cd4cd6df)
2019-12-16 03:22:46.097 13785 RALLYDEBUG rally_openstack.cleanup.manager [-] Deleting neutron.router object s_rally_0c297b26_byZ1fcNM (9a9995e5-6a7d-42b2-9421-8b306cda23e9)
2019-12-16 03:22:46.108 13785 RALLYDEBUG rally_openstack.cleanup.manager [-] Deleting neutron.router object s_rally_0c297b26_V7HaPjOx (21fce139-6747-4eec-86d3-2f8ce960eaf0)
2019-12-16 03:22:46.121 13785 RALLYDEBUG rally_openstack.cleanup.manager [-] Deleting neutron.router object s_rally_0c297b26_ICBIUalz (70524598-36ff-4bd6-94e9-2ff54f1fb4f7)
2019-12-16 03:22:46.127 13785 RALLYDEBUG rally_openstack.cleanup.manager [-] Deleting neutron.router object s_rally_0c297b26_VBj6JKLV (8546bbae-61a7-4479-bc65-95d64ecedf07)
2019-12-16 03:22:46.140 13785 RALLYDEBUG rally_openstack.cleanup.manager [-] Deleting neutron.router object s_rally_0c297b26_6tgdVIJh (e536df35-2f6e-45ce-ac57-408825523f32)
2019-12-16 03:22:46.148 13785 RALLYDEBUG rally_openstack.cleanup.manager [-] Deleting neutron.router object s_rally_0c297b26_mavVXsLk (46356284-e350-4c06-a5a2-b1a0a1f165d5)
2019-12-16 03:22:46.164 13785 RALLYDEBUG rally_openstack.cleanup.manager [-] Deleting neutron.router object s_rally_0c297b26_OGBGzkRY (859484ae-b40c-45d6-9c16-75abcce3e646)
2019-12-16 03:22:46.181 13785 RALLYDEBUG rally_openstack.cleanup.manager [-] Deleting neutron.router object s_rally_0c297b26_CTaG8ltk (c7904208-fd4d-4f87-aeda-7746fb769e86)
2019-12-16 03:22:48.313 13785 RALLYDEBUG rally_openstack.cleanup.manager [-] Cleaning up neutron security_group objects
2019-12-16 03:22:49.509 13785 INFO rally.task.context [-] Task a17d2ce6-4f4c-438d-bb8b-c9a3a19701c8 | Context cleanup@openstack cleanup() finished in 28.09 sec
2019-12-16 03:22:49.510 13785 INFO rally.task.context [-] Task a17d2ce6-4f4c-438d-bb8b-c9a3a19701c8 | Context quotas@openstack cleanup() started
2019-12-16 03:22:49.684 13785 INFO rally.task.context [-] Task a17d2ce6-4f4c-438d-bb8b-c9a3a19701c8 | Context quotas@openstack cleanup() finished in 0.17 sec
2019-12-16 03:22:49.685 13785 INFO rally.task.context [-] Task a17d2ce6-4f4c-438d-bb8b-c9a3a19701c8 | Context users@openstack cleanup() started
2019-12-16 03:22:53.593 13785 INFO rally.task.context [-] Task a17d2ce6-4f4c-438d-bb8b-c9a3a19701c8 | Context users@openstack cleanup() finished in 3.91 sec
2019-12-16 03:22:54.747 13785 INFO rally.task.engine [-] Load duration is: 11.520198
2019-12-16 03:22:54.747 13785 INFO rally.task.engine [-] Full runner duration is: 11.566921
2019-12-16 03:22:54.748 13785 INFO rally.task.engine [-] Full duration is: 47.090604
2019-12-16 03:22:55.081 13785 INFO rally.task.engine [-] Running workload: position = 0 config = { "version": 2, "title": "A cropped version of a bigger task.", "description": "Auto-generated task from a single workload (uuid=600193b1-0bf9-4c8b-9a43-938dab014ac2)", "subtasks": [ { "title": "NeutronNetworks.create_and_update_subnets", "description": "Create and update a subnet.", "scenario": { "NeutronNetworks.create_and_update_subnets": { "network_create_args": {}, "subnet_cidr_start": "1.4.0.0/16", "subnet_create_args": {}, "subnet_update_args": { "enable_dhcp": false }, "subnets_per_network": 1 } }, "contexts": { "users": { "tenants": 3, "users_per_tenant": 2 }, "quotas": { "neutron": { "network": -1, "subnet": -1 } } }, "runner": { "constant": { "concurrency": 4, "times": 10 } }, "hooks": [], "sla": { "failure_rate": { "max": 0 } } } ] }
2019-12-16 03:22:55.107 13785 RALLYDEBUG rally_openstack.contexts.keystone.users [-] Creating 3 tenants using 20 threads
2019-12-16 03:22:56.078 13785 RALLYDEBUG rally_openstack.contexts.keystone.users [-] Creating 6 users using 20 threads
2019-12-16 03:22:57.711 13785 INFO rally.task.context [-] Task a17d2ce6-4f4c-438d-bb8b-c9a3a19701c8 | Context users@openstack setup() finished in 2.60 sec
2019-12-16 03:22:58.482 13785 INFO rally.task.context [-] Task a17d2ce6-4f4c-438d-bb8b-c9a3a19701c8 | Context quotas@openstack setup() finished in 0.77 sec
2019-12-16 03:22:58.482 13785 INFO rally.task.context [-] Task a17d2ce6-4f4c-438d-bb8b-c9a3a19701c8 | Context cleanup@openstack setup() finished in 0.01 msec
2019-12-16 03:22:58.491 13785 RALLYDEBUG rally.task.runner [-] Starting the constant runner (task UUID: a17d2ce6-4f4c-438d-bb8b-c9a3a19701c8). times: 10 concurrency: 4 timeout: 0 max_cpu_used: 16 processes_to_start: 4 concurrency_per_worker: 1 concurrency_overhead: 0
2019-12-16 03:22:58.503 14881 RALLYDEBUG rally.task.runner [-] Starting a worker. times: 10 duration: None concurrency: 1 timeout: 0 cls: method_name: run args: {"network_create_args": {}, "subnet_cidr_start": "1.4.0.0/16", "subnet_create_args": {}, "subnet_update_args": {"enable_dhcp": false}, "subnets_per_network": 1}
2019-12-16 03:22:58.507 14882 RALLYDEBUG rally.task.runner [-] Starting a worker. times: 10 duration: None concurrency: 1 timeout: 0 cls: method_name: run args: {"network_create_args": {}, "subnet_cidr_start": "1.4.0.0/16", "subnet_create_args": {}, "subnet_update_args": {"enable_dhcp": false}, "subnets_per_network": 1}
2019-12-16 03:22:58.510 14881 INFO rally.task.runner [-] Task a17d2ce6-4f4c-438d-bb8b-c9a3a19701c8 | ITER: 1 START
2019-12-16 03:22:58.510 14883 RALLYDEBUG rally.task.runner [-] Starting a worker. times: 10 duration: None concurrency: 1 timeout: 0 cls: method_name: run args: {"network_create_args": {}, "subnet_cidr_start": "1.4.0.0/16", "subnet_create_args": {}, "subnet_update_args": {"enable_dhcp": false}, "subnets_per_network": 1}
2019-12-16 03:22:58.513 14882 INFO rally.task.runner [-] Task a17d2ce6-4f4c-438d-bb8b-c9a3a19701c8 | ITER: 2 START
2019-12-16 03:22:58.514 14884 RALLYDEBUG rally.task.runner [-] Starting a worker. times: 10 duration: None concurrency: 1 timeout: 0 cls: method_name: run args: {"network_create_args": {}, "subnet_cidr_start": "1.4.0.0/16", "subnet_create_args": {}, "subnet_update_args": {"enable_dhcp": false}, "subnets_per_network": 1}
2019-12-16 03:22:58.517 14883 INFO rally.task.runner [-] Task a17d2ce6-4f4c-438d-bb8b-c9a3a19701c8 | ITER: 3 START
2019-12-16 03:22:58.520 14884 INFO rally.task.runner [-] Task a17d2ce6-4f4c-438d-bb8b-c9a3a19701c8 | ITER: 4 START
2019-12-16 03:22:59.166 14881 RALLYDEBUG rally_openstack.wrappers.network [-] CIDR generated: 1.17.0.0/16
2019-12-16 03:22:59.189 14882 RALLYDEBUG rally_openstack.wrappers.network [-] CIDR generated: 1.18.0.0/16
2019-12-16 03:22:59.671 14884 RALLYDEBUG rally_openstack.wrappers.network [-] CIDR generated: 1.19.0.0/16
2019-12-16 03:22:59.755 14883 RALLYDEBUG rally_openstack.wrappers.network [-] CIDR generated: 1.20.0.0/16
2019-12-16 03:23:00.414 14881 INFO rally.task.runner [-] Task a17d2ce6-4f4c-438d-bb8b-c9a3a19701c8 | ITER: 1 END: OK
2019-12-16 03:23:00.419 14881 INFO rally.task.runner [-] Task a17d2ce6-4f4c-438d-bb8b-c9a3a19701c8 | ITER: 5 START
2019-12-16 03:23:00.477 14882 INFO rally.task.runner [-] Task a17d2ce6-4f4c-438d-bb8b-c9a3a19701c8 | ITER: 2 END: OK
2019-12-16 03:23:00.482 14882 INFO rally.task.runner [-] Task a17d2ce6-4f4c-438d-bb8b-c9a3a19701c8 | ITER: 6 START
2019-12-16 03:23:00.900 14881 RALLYDEBUG rally_openstack.wrappers.network [-] CIDR generated: 1.21.0.0/16
2019-12-16 03:23:01.062 14883 INFO rally.task.runner [-] Task a17d2ce6-4f4c-438d-bb8b-c9a3a19701c8 | ITER: 3 END: OK
2019-12-16 03:23:01.067 14883 INFO rally.task.runner [-] Task a17d2ce6-4f4c-438d-bb8b-c9a3a19701c8 | ITER: 7 START
2019-12-16 03:23:01.128 14884 INFO rally.task.runner [-] Task a17d2ce6-4f4c-438d-bb8b-c9a3a19701c8 | ITER: 4 END: OK
2019-12-16 03:23:01.132 14884 INFO rally.task.runner [-] Task a17d2ce6-4f4c-438d-bb8b-c9a3a19701c8 | ITER: 8 START
2019-12-16 03:23:01.229 14882 RALLYDEBUG rally_openstack.wrappers.network [-] CIDR generated: 1.22.0.0/16
2019-12-16 03:23:01.545 14883 RALLYDEBUG rally_openstack.wrappers.network [-] CIDR generated: 1.23.0.0/16
2019-12-16 03:23:01.626 14884 RALLYDEBUG rally_openstack.wrappers.network [-] CIDR generated: 1.24.0.0/16
2019-12-16 03:23:02.027 14881 INFO rally.task.runner [-] Task a17d2ce6-4f4c-438d-bb8b-c9a3a19701c8 | ITER: 5 END: OK
2019-12-16 03:23:02.030 14881 INFO rally.task.runner [-] Task a17d2ce6-4f4c-438d-bb8b-c9a3a19701c8 | ITER: 9 START
2019-12-16 03:23:02.454 14883 INFO rally.task.runner [-] Task a17d2ce6-4f4c-438d-bb8b-c9a3a19701c8 | ITER: 7 END: OK
2019-12-16 03:23:02.458 14883 INFO rally.task.runner [-] Task a17d2ce6-4f4c-438d-bb8b-c9a3a19701c8 | ITER: 10 START
2019-12-16 03:23:02.510 14882 INFO rally.task.runner [-] Task a17d2ce6-4f4c-438d-bb8b-c9a3a19701c8 | ITER: 6 END: OK
2019-12-16 03:23:02.613 14881 RALLYDEBUG rally_openstack.wrappers.network [-] CIDR generated: 1.25.0.0/16
2019-12-16 03:23:02.939 14884 INFO rally.task.runner [-] Task a17d2ce6-4f4c-438d-bb8b-c9a3a19701c8 | ITER: 8 END: OK
2019-12-16 03:23:02.990 14883 RALLYDEBUG rally_openstack.wrappers.network [-] CIDR generated: 1.26.0.0/16
2019-12-16 03:23:03.925 14881 INFO rally.task.runner [-] Task a17d2ce6-4f4c-438d-bb8b-c9a3a19701c8 | ITER: 9 END: OK
2019-12-16 03:23:03.995 14883 INFO rally.task.runner [-] Task a17d2ce6-4f4c-438d-bb8b-c9a3a19701c8 | ITER: 10 END: OK
2019-12-16 03:23:04.018 13785 INFO rally.task.context [-] Task a17d2ce6-4f4c-438d-bb8b-c9a3a19701c8 | Context cleanup@openstack cleanup() started
2019-12-16 03:23:04.026 13785 RALLYDEBUG rally_openstack.cleanup.manager [-] Cleaning up neutron vip objects
2019-12-16 03:23:05.185 13785 RALLYDEBUG rally_openstack.cleanup.manager [-] Cleaning up neutron health_monitor objects
2019-12-16 03:23:06.242 13785 RALLYDEBUG rally_openstack.cleanup.manager [-] Cleaning up neutron pool objects
2019-12-16 03:23:07.283 13785 RALLYDEBUG rally_openstack.cleanup.manager [-] Cleaning up neutron loadbalancer objects
2019-12-16 03:23:08.331 13785 RALLYDEBUG rally_openstack.cleanup.manager [-] Cleaning up neutron floatingip objects
2019-12-16 03:23:09.490 13785 RALLYDEBUG rally_openstack.cleanup.manager [-] Cleaning up neutron trunk objects
2019-12-16 03:23:10.608 13785 RALLYDEBUG rally_openstack.cleanup.manager [-] Cleaning up neutron port objects
2019-12-16 03:23:11.767 13785 RALLYDEBUG rally_openstack.cleanup.manager [-] Cleaning up neutron subnet objects
2019-12-16 03:23:12.976 13785 RALLYDEBUG rally_openstack.cleanup.manager [-] Deleting neutron.subnet object s_rally_600193b1_EfUWjGL5 (5bf63cbb-361e-4765-97cb-ec5f7ca8f5b4)
2019-12-16 03:23:12.977 13785 RALLYDEBUG rally_openstack.cleanup.manager [-] Deleting neutron.subnet object s_rally_600193b1_3KYASgtX (4bb94659-7b40-4294-89a8-78173eba086a)
2019-12-16 03:23:12.986 13785 RALLYDEBUG rally_openstack.cleanup.manager [-] Deleting neutron.subnet object s_rally_600193b1_JY97lSkk (702ce045-234d-41f0-bf40-796372cfa1ed)
2019-12-16 03:23:12.992 13785 RALLYDEBUG rally_openstack.cleanup.manager [-] Deleting neutron.subnet object s_rally_600193b1_52sEQ2Z1 (881292c6-5b96-4eb1-8cb4-7a0756963886)
2019-12-16 03:23:13.003 13785 RALLYDEBUG rally_openstack.cleanup.manager [-] Deleting neutron.subnet object s_rally_600193b1_pYhmXEfl (adea0df3-2339-4c78-8195-a80da035481f)
2019-12-16 03:23:13.019 13785 RALLYDEBUG rally_openstack.cleanup.manager [-] Deleting neutron.subnet object s_rally_600193b1_Cvk48prH (f4bc8158-5d83-4eb3-8ded-3dc08aaa82aa)
2019-12-16 03:23:13.024 13785 RALLYDEBUG rally_openstack.cleanup.manager [-] Deleting neutron.subnet object s_rally_600193b1_bqVqBtvR (8d98e720-eb83-4568-bf3b-24472ee703a2)
2019-12-16 03:23:13.044 13785 RALLYDEBUG rally_openstack.cleanup.manager [-] Deleting neutron.subnet object s_rally_600193b1_qDbajXPD (c76f7f51-f0a6-47ee-87c1-d5576c36ea96)
2019-12-16 03:23:13.075 13785 RALLYDEBUG rally_openstack.cleanup.manager [-] Deleting neutron.subnet object s_rally_600193b1_NwDkhhVB (3a5c03fa-7629-4942-9f58-b04732da4612)
2019-12-16 03:23:13.083 13785 RALLYDEBUG rally_openstack.cleanup.manager [-] Deleting neutron.subnet object s_rally_600193b1_Z58dtufb (42961d44-dc56-455f-805a-41a52de4c196)
2019-12-16 03:23:15.401 13785 RALLYDEBUG rally_openstack.cleanup.manager [-] Cleaning up neutron network objects
2019-12-16 03:23:16.729 13785 RALLYDEBUG rally_openstack.cleanup.manager [-] Deleting neutron.network object s_rally_600193b1_NU9mVQGe (17351c43-aa02-4fd7-81a0-6f39996b25ee)
2019-12-16 03:23:16.738 13785 RALLYDEBUG rally_openstack.cleanup.manager [-] Deleting neutron.network object s_rally_600193b1_dFjpzvwJ (1dcb0ca2-8036-4008-a8ee-90f108deb037)
2019-12-16 03:23:16.747 13785 RALLYDEBUG rally_openstack.cleanup.manager [-] Deleting neutron.network object s_rally_600193b1_LLTkfOKH (5bc95a67-29a0-46dd-a00b-ac869dd5335a)
2019-12-16 03:23:16.755 13785 RALLYDEBUG rally_openstack.cleanup.manager [-] Deleting neutron.network object s_rally_600193b1_dCqHZgVl (bb253218-391b-4ff2-a4db-a20e5e012962)
2019-12-16 03:23:16.765 13785 RALLYDEBUG rally_openstack.cleanup.manager [-] Deleting neutron.network object s_rally_600193b1_6iNGnnMf (bcfa7407-4693-4e61-a131-c60e6548fdae)
2019-12-16 03:23:16.770 13785 RALLYDEBUG rally_openstack.cleanup.manager [-] Deleting neutron.network object s_rally_600193b1_PQGkKksK (cff19ad4-d45c-4f96-adf8-ab9f38c98a33)
2019-12-16 03:23:16.789 13785 RALLYDEBUG rally_openstack.cleanup.manager [-] Deleting neutron.network object s_rally_600193b1_QAbtQZSr (30e42eb5-95b9-477e-a5c7-bbbefc22d8e9)
2019-12-16 03:23:16.800 13785 RALLYDEBUG rally_openstack.cleanup.manager [-] Deleting neutron.network object s_rally_600193b1_KkO7eXzA (4fcab183-809e-4c6b-8769-8ebaed48cb7d)
2019-12-16 03:23:16.804 13785 RALLYDEBUG rally_openstack.cleanup.manager [-] Deleting neutron.network object s_rally_600193b1_xsUGqfso (4bcf9e5a-a4e5-496b-afc9-a72c98e66b6c)
2019-12-16 03:23:16.814 13785 RALLYDEBUG rally_openstack.cleanup.manager [-] Deleting neutron.network object s_rally_600193b1_A07AO20L (91473c8b-4993-41d7-bb37-3a4f0c458373)
2019-12-16 03:23:19.382 13785 RALLYDEBUG rally_openstack.cleanup.manager [-] Cleaning up neutron router objects
2019-12-16 03:23:20.568 13785 RALLYDEBUG rally_openstack.cleanup.manager [-] Cleaning up neutron security_group objects
2019-12-16 03:23:21.765 13785 INFO rally.task.context [-] Task a17d2ce6-4f4c-438d-bb8b-c9a3a19701c8 | Context cleanup@openstack cleanup() finished in 17.75 sec
2019-12-16 03:23:21.765 13785 INFO rally.task.context [-] Task a17d2ce6-4f4c-438d-bb8b-c9a3a19701c8 | Context quotas@openstack cleanup() started
2019-12-16 03:23:21.911 13785 INFO rally.task.context [-] Task a17d2ce6-4f4c-438d-bb8b-c9a3a19701c8 | Context quotas@openstack cleanup() finished in 0.15 sec
2019-12-16 03:23:21.911 13785 INFO rally.task.context [-] Task a17d2ce6-4f4c-438d-bb8b-c9a3a19701c8 | Context users@openstack cleanup() started
2019-12-16 03:23:25.813 13785 INFO rally.task.context [-] Task a17d2ce6-4f4c-438d-bb8b-c9a3a19701c8 | Context users@openstack cleanup() finished in 3.90 sec
2019-12-16 03:23:27.301 13785 INFO rally.task.engine [-] Load duration is: 5.483324
2019-12-16 03:23:27.302 13785 INFO rally.task.engine [-] Full runner duration is: 5.526377
2019-12-16 03:23:27.302 13785 INFO rally.task.engine [-] Full duration is: 30.708444
2019-12-16 03:23:27.596 13785 INFO rally.task.engine [-] Running workload: position = 0 config = { "version": 2, "title": "A cropped version of a bigger task.", "description": "Auto-generated task from a single workload (uuid=89a8df75-4d48-4ffc-a0ae-8c1dc86dc3aa)", "subtasks": [ { "title": "NeutronNetworks.create_and_delete_networks", "description": "Create and delete a network.", "scenario": { "NeutronNetworks.create_and_delete_networks": { "network_create_args": {} } }, "contexts": { "users": { "tenants": 3, "users_per_tenant": 2 }, "quotas": { "neutron": { "network": -1 } } }, "runner": { "constant": { "concurrency": 4, "times": 10 } }, "hooks": [], "sla": { "failure_rate": { "max": 0 } } } ] }
2019-12-16 03:23:27.622 13785 RALLYDEBUG rally_openstack.contexts.keystone.users [-] Creating 3 tenants using 20 threads
2019-12-16 03:23:28.520 13785 RALLYDEBUG rally_openstack.contexts.keystone.users [-] Creating 6 users using 20 threads
2019-12-16 03:23:30.110 13785 INFO rally.task.context [-] Task a17d2ce6-4f4c-438d-bb8b-c9a3a19701c8 | Context users@openstack setup() finished in 2.49 sec
2019-12-16 03:23:30.846 13785 INFO rally.task.context [-] Task a17d2ce6-4f4c-438d-bb8b-c9a3a19701c8 | Context quotas@openstack setup() finished in 0.74 sec
2019-12-16 03:23:30.847 13785 INFO rally.task.context [-] Task a17d2ce6-4f4c-438d-bb8b-c9a3a19701c8 | Context cleanup@openstack setup() finished in 0.04 msec
2019-12-16 03:23:30.856 13785 RALLYDEBUG rally.task.runner [-] Starting the constant runner (task UUID: a17d2ce6-4f4c-438d-bb8b-c9a3a19701c8). times: 10 concurrency: 4 timeout: 0 max_cpu_used: 16 processes_to_start: 4 concurrency_per_worker: 1 concurrency_overhead: 0
2019-12-16 03:23:30.869 15205 RALLYDEBUG rally.task.runner [-] Starting a worker. times: 10 duration: None concurrency: 1 timeout: 0 cls: method_name: run args: {"network_create_args": {}}
2019-12-16 03:23:30.872 15206 RALLYDEBUG rally.task.runner [-] Starting a worker. times: 10 duration: None concurrency: 1 timeout: 0 cls: method_name: run args: {"network_create_args": {}}
2019-12-16 03:23:30.876 15205 INFO rally.task.runner [-] Task a17d2ce6-4f4c-438d-bb8b-c9a3a19701c8 | ITER: 1 START
2019-12-16 03:23:30.876 15207 RALLYDEBUG rally.task.runner [-] Starting a worker. times: 10 duration: None concurrency: 1 timeout: 0 cls: method_name: run args: {"network_create_args": {}}
2019-12-16 03:23:30.878 15206 INFO rally.task.runner [-] Task a17d2ce6-4f4c-438d-bb8b-c9a3a19701c8 | ITER: 2 START
2019-12-16 03:23:30.880 15210 RALLYDEBUG rally.task.runner [-] Starting a worker. times: 10 duration: None concurrency: 1 timeout: 0 cls: method_name: run args: {"network_create_args": {}}
2019-12-16 03:23:30.882 15207 INFO rally.task.runner [-] Task a17d2ce6-4f4c-438d-bb8b-c9a3a19701c8 | ITER: 3 START
2019-12-16 03:23:30.886 15210 INFO rally.task.runner [-] Task a17d2ce6-4f4c-438d-bb8b-c9a3a19701c8 | ITER: 4 START
2019-12-16 03:23:32.030 15206 INFO rally.task.runner [-] Task a17d2ce6-4f4c-438d-bb8b-c9a3a19701c8 | ITER: 2 END: OK
2019-12-16 03:23:32.035 15206 INFO rally.task.runner [-] Task a17d2ce6-4f4c-438d-bb8b-c9a3a19701c8 | ITER: 5 START
2019-12-16 03:23:32.347 15210 INFO rally.task.runner [-] Task a17d2ce6-4f4c-438d-bb8b-c9a3a19701c8 | ITER: 4 END: OK
2019-12-16 03:23:32.352 15210 INFO rally.task.runner [-] Task a17d2ce6-4f4c-438d-bb8b-c9a3a19701c8 | ITER: 6 START
2019-12-16 03:23:32.631 15207 INFO rally.task.runner [-] Task a17d2ce6-4f4c-438d-bb8b-c9a3a19701c8 | ITER: 3 END: OK
2019-12-16 03:23:32.636 15207 INFO rally.task.runner [-] Task a17d2ce6-4f4c-438d-bb8b-c9a3a19701c8 | ITER: 7 START
2019-12-16 03:23:32.735 15205 INFO rally.task.runner [-] Task a17d2ce6-4f4c-438d-bb8b-c9a3a19701c8 | ITER: 1 END: OK
2019-12-16 03:23:32.740 15205 INFO rally.task.runner [-] Task a17d2ce6-4f4c-438d-bb8b-c9a3a19701c8 | ITER: 8 START
2019-12-16 03:23:33.586 15206 INFO rally.task.runner [-] Task a17d2ce6-4f4c-438d-bb8b-c9a3a19701c8 | ITER: 5 END: OK
2019-12-16 03:23:33.590 15206 INFO rally.task.runner [-] Task a17d2ce6-4f4c-438d-bb8b-c9a3a19701c8 | ITER: 9 START
2019-12-16 03:23:33.603 15210 INFO rally.task.runner [-] Task a17d2ce6-4f4c-438d-bb8b-c9a3a19701c8 | ITER: 6 END: OK
2019-12-16 03:23:33.604 15207 INFO rally.task.runner [-] Task a17d2ce6-4f4c-438d-bb8b-c9a3a19701c8 | ITER: 7 END: OK
2019-12-16 03:23:33.606 15210 INFO rally.task.runner [-] Task a17d2ce6-4f4c-438d-bb8b-c9a3a19701c8 | ITER: 10 START
2019-12-16 03:23:33.858 15205 INFO rally.task.runner [-] Task a17d2ce6-4f4c-438d-bb8b-c9a3a19701c8 | ITER: 8 END: OK
2019-12-16 03:23:34.588 15206 INFO rally.task.runner [-] Task a17d2ce6-4f4c-438d-bb8b-c9a3a19701c8 | ITER: 9 END: OK
2019-12-16 03:23:34.597 15210 INFO rally.task.runner [-] Task a17d2ce6-4f4c-438d-bb8b-c9a3a19701c8 | ITER: 10 END: OK
2019-12-16 03:23:34.624 13785 INFO rally.task.context [-] Task a17d2ce6-4f4c-438d-bb8b-c9a3a19701c8 | Context cleanup@openstack cleanup() started
2019-12-16 03:23:34.627 13785 RALLYDEBUG rally_openstack.cleanup.manager [-] Cleaning up neutron vip objects
2019-12-16 03:23:35.729 13785 RALLYDEBUG rally_openstack.cleanup.manager [-] Cleaning up neutron health_monitor objects
2019-12-16 03:23:36.799 13785 RALLYDEBUG rally_openstack.cleanup.manager [-] Cleaning up neutron pool objects
2019-12-16 03:23:37.882 13785 RALLYDEBUG rally_openstack.cleanup.manager [-] Cleaning up neutron loadbalancer objects
2019-12-16 03:23:38.954 13785 RALLYDEBUG rally_openstack.cleanup.manager [-] Cleaning up neutron floatingip objects
2019-12-16 03:23:40.161 13785 RALLYDEBUG rally_openstack.cleanup.manager [-] Cleaning up neutron trunk objects
2019-12-16 03:23:41.278 13785 RALLYDEBUG rally_openstack.cleanup.manager [-] Cleaning up neutron port objects
2019-12-16 03:23:42.429 13785 RALLYDEBUG rally_openstack.cleanup.manager [-] Cleaning up neutron subnet objects
2019-12-16 03:23:43.577 13785 RALLYDEBUG rally_openstack.cleanup.manager [-] Cleaning up neutron network objects
2019-12-16 03:23:44.724 13785 RALLYDEBUG rally_openstack.cleanup.manager [-] Cleaning up neutron router objects
2019-12-16 03:23:45.928 13785 RALLYDEBUG rally_openstack.cleanup.manager [-] Cleaning up neutron security_group objects
2019-12-16 03:23:47.103 13785 INFO rally.task.context [-] Task a17d2ce6-4f4c-438d-bb8b-c9a3a19701c8 | Context cleanup@openstack cleanup() finished in 12.48 sec
2019-12-16 03:23:47.103 13785 INFO rally.task.context [-] Task a17d2ce6-4f4c-438d-bb8b-c9a3a19701c8 | Context quotas@openstack cleanup() started
2019-12-16 03:23:47.212 13785 INFO rally.task.context [-] Task a17d2ce6-4f4c-438d-bb8b-c9a3a19701c8 | Context quotas@openstack cleanup() finished in 0.11 sec
2019-12-16 03:23:47.212 13785 INFO rally.task.context [-] Task a17d2ce6-4f4c-438d-bb8b-c9a3a19701c8 | Context users@openstack cleanup() started
2019-12-16 03:23:51.132 13785 INFO rally.task.context [-] Task a17d2ce6-4f4c-438d-bb8b-c9a3a19701c8 | Context users@openstack cleanup() finished in 3.92 sec
2019-12-16 03:23:51.756 13785 INFO rally.task.engine [-] Load duration is: 3.719714
2019-12-16 03:23:51.756 13785 INFO rally.task.engine [-] Full runner duration is: 3.767988
2019-12-16 03:23:51.756 13785 INFO rally.task.engine [-] Full duration is: 23.51283
2019-12-16 03:23:52.085 13785 INFO rally.task.engine [-] Running workload: position = 0 config = { "version": 2, "title": "A cropped version of a bigger task.", "description": "Auto-generated task from a single workload (uuid=c7ed45d8-509f-4699-9053-58a34475e980)", "subtasks": [ { "title": "NeutronNetworks.create_and_delete_ports", "description": "Create and delete a port.", "scenario": { "NeutronNetworks.create_and_delete_ports": { "network_create_args": {}, "port_create_args": {}, "ports_per_network": 1 } }, "contexts": { "users": { "tenants": 3, "users_per_tenant": 2 }, "network": { "router": {} }, "quotas": { "neutron": { "network": -1, "port": -1 } } }, "runner": { "constant": { "concurrency": 4, "times": 10 } }, "hooks": [], "sla": { "failure_rate": { "max": 0 } } } ] }
2019-12-16 03:23:52.110 13785 RALLYDEBUG rally_openstack.contexts.keystone.users [-] Creating 3 tenants using 20 threads
2019-12-16 03:23:53.107 13785 RALLYDEBUG rally_openstack.contexts.keystone.users [-] Creating 6 users using 20 threads
2019-12-16 03:23:54.680 13785 INFO rally.task.context [-] Task a17d2ce6-4f4c-438d-bb8b-c9a3a19701c8 | Context users@openstack setup() finished in 2.57 sec
2019-12-16 03:23:55.558 13785 INFO rally.task.context [-] Task a17d2ce6-4f4c-438d-bb8b-c9a3a19701c8 | Context quotas@openstack setup() finished in 0.88 sec
2019-12-16 03:23:56.461 13785 RALLYDEBUG rally_openstack.wrappers.network [-] CIDR generated: 10.2.23.0/24
2019-12-16 03:23:57.578 13785 RALLYDEBUG rally_openstack.wrappers.network [-] CIDR generated: 10.2.24.0/24
2019-12-16 03:23:58.644 13785 RALLYDEBUG rally_openstack.wrappers.network [-] CIDR generated: 10.2.25.0/24
2019-12-16 03:23:59.150 13785 INFO rally.task.context [-] Task a17d2ce6-4f4c-438d-bb8b-c9a3a19701c8 | Context network@openstack setup() finished in 3.59 sec
2019-12-16 03:23:59.150 13785 INFO rally.task.context [-] Task a17d2ce6-4f4c-438d-bb8b-c9a3a19701c8 | Context cleanup@openstack setup() finished in 0.01 msec
2019-12-16 03:23:59.159 13785 RALLYDEBUG rally.task.runner [-] Starting the constant runner (task UUID: a17d2ce6-4f4c-438d-bb8b-c9a3a19701c8). times: 10 concurrency: 4 timeout: 0 max_cpu_used: 16 processes_to_start: 4 concurrency_per_worker: 1 concurrency_overhead: 0
2019-12-16 03:23:59.171 15529 RALLYDEBUG rally.task.runner [-] Starting a worker. times: 10 duration: None concurrency: 1 timeout: 0 cls: method_name: run args: {"network_create_args": {}, "port_create_args": {}, "ports_per_network": 1}
2019-12-16 03:23:59.174 15530 RALLYDEBUG rally.task.runner [-] Starting a worker. times: 10 duration: None concurrency: 1 timeout: 0 cls: method_name: run args: {"network_create_args": {}, "port_create_args": {}, "ports_per_network": 1}
2019-12-16 03:23:59.178 15529 INFO rally.task.runner [-] Task a17d2ce6-4f4c-438d-bb8b-c9a3a19701c8 | ITER: 1 START
2019-12-16 03:23:59.177 15531 RALLYDEBUG rally.task.runner [-] Starting a worker. times: 10 duration: None concurrency: 1 timeout: 0 cls: method_name: run args: {"network_create_args": {}, "port_create_args": {}, "ports_per_network": 1}
2019-12-16 03:23:59.181 15530 INFO rally.task.runner [-] Task a17d2ce6-4f4c-438d-bb8b-c9a3a19701c8 | ITER: 2 START
2019-12-16 03:23:59.181 15532 RALLYDEBUG rally.task.runner [-] Starting a worker. times: 10 duration: None concurrency: 1 timeout: 0 cls: method_name: run args: {"network_create_args": {}, "port_create_args": {}, "ports_per_network": 1}
2019-12-16 03:23:59.185 15531 INFO rally.task.runner [-] Task a17d2ce6-4f4c-438d-bb8b-c9a3a19701c8 | ITER: 3 START
2019-12-16 03:23:59.188 15532 INFO rally.task.runner [-] Task a17d2ce6-4f4c-438d-bb8b-c9a3a19701c8 | ITER: 4 START
2019-12-16 03:24:00.618 15531 INFO rally.task.runner [-] Task a17d2ce6-4f4c-438d-bb8b-c9a3a19701c8 | ITER: 3 END: OK
2019-12-16 03:24:00.623 15531 INFO rally.task.runner [-] Task a17d2ce6-4f4c-438d-bb8b-c9a3a19701c8 | ITER: 5 START
2019-12-16 03:24:00.648 15529 INFO rally.task.runner [-] Task a17d2ce6-4f4c-438d-bb8b-c9a3a19701c8 | ITER: 1 END: OK
2019-12-16 03:24:00.653 15529 INFO rally.task.runner [-] Task a17d2ce6-4f4c-438d-bb8b-c9a3a19701c8 | ITER: 6 START
2019-12-16 03:24:00.858 15532 INFO rally.task.runner [-] Task a17d2ce6-4f4c-438d-bb8b-c9a3a19701c8 | ITER: 4 END: OK
2019-12-16 03:24:00.863 15532 INFO rally.task.runner [-] Task a17d2ce6-4f4c-438d-bb8b-c9a3a19701c8 | ITER: 7 START
2019-12-16 03:24:01.106 15530 INFO rally.task.runner [-] Task a17d2ce6-4f4c-438d-bb8b-c9a3a19701c8 | ITER: 2 END: OK
2019-12-16 03:24:01.111 15530 INFO rally.task.runner [-] Task a17d2ce6-4f4c-438d-bb8b-c9a3a19701c8 | ITER: 8 START
2019-12-16 03:24:02.211 15531 INFO rally.task.runner [-] Task a17d2ce6-4f4c-438d-bb8b-c9a3a19701c8 | ITER: 5 END: OK
2019-12-16 03:24:02.215 15531 INFO rally.task.runner [-] Task a17d2ce6-4f4c-438d-bb8b-c9a3a19701c8 | ITER: 9 START
2019-12-16 03:24:02.350 15529 INFO rally.task.runner [-] Task a17d2ce6-4f4c-438d-bb8b-c9a3a19701c8 | ITER: 6 END: OK
2019-12-16 03:24:02.354 15529 INFO rally.task.runner [-] Task a17d2ce6-4f4c-438d-bb8b-c9a3a19701c8 | ITER: 10 START
2019-12-16 03:24:02.444 15530 INFO rally.task.runner [-] Task a17d2ce6-4f4c-438d-bb8b-c9a3a19701c8 | ITER: 8 END: OK
2019-12-16 03:24:02.610 15532 INFO rally.task.runner [-] Task a17d2ce6-4f4c-438d-bb8b-c9a3a19701c8 | ITER: 7 END: OK
2019-12-16 03:24:03.744 15529 INFO rally.task.runner [-] Task a17d2ce6-4f4c-438d-bb8b-c9a3a19701c8 | ITER: 10 END: OK
2019-12-16 03:24:03.884 15531 INFO rally.task.runner [-] Task a17d2ce6-4f4c-438d-bb8b-c9a3a19701c8 | ITER: 9 END: OK
2019-12-16 03:24:03.906 13785 INFO rally.task.context [-] Task a17d2ce6-4f4c-438d-bb8b-c9a3a19701c8 | Context cleanup@openstack cleanup() started
2019-12-16 03:24:03.909 13785 RALLYDEBUG rally_openstack.cleanup.manager [-] Cleaning up neutron vip objects
2019-12-16 03:24:04.974 13785 RALLYDEBUG rally_openstack.cleanup.manager [-] Cleaning up neutron health_monitor objects
2019-12-16 03:24:06.026 13785 RALLYDEBUG rally_openstack.cleanup.manager [-] Cleaning up neutron pool objects
2019-12-16 03:24:07.100 13785 RALLYDEBUG rally_openstack.cleanup.manager [-] Cleaning up neutron loadbalancer objects
2019-12-16 03:24:08.179 13785 RALLYDEBUG rally_openstack.cleanup.manager [-] Cleaning up neutron floatingip objects
2019-12-16 03:24:09.366 13785 RALLYDEBUG rally_openstack.cleanup.manager [-] Cleaning up neutron trunk objects
2019-12-16 03:24:10.490 13785 RALLYDEBUG rally_openstack.cleanup.manager [-] Cleaning up neutron port objects
2019-12-16 03:24:11.786 13785 RALLYDEBUG rally_openstack.cleanup.manager [-] Cleaning up neutron subnet objects
2019-12-16 03:24:13.028 13785 RALLYDEBUG rally_openstack.cleanup.manager [-] Cleaning up neutron network objects
2019-12-16 03:24:14.614 13785 RALLYDEBUG rally_openstack.cleanup.manager [-] Cleaning up neutron router objects
2019-12-16 03:24:15.796 13785 RALLYDEBUG rally_openstack.cleanup.manager [-] Cleaning up neutron security_group objects
2019-12-16 03:24:17.015 13785 INFO rally.task.context [-] Task a17d2ce6-4f4c-438d-bb8b-c9a3a19701c8 | Context cleanup@openstack cleanup() finished in 13.11 sec
2019-12-16 03:24:17.016 13785 INFO rally.task.context [-] Task a17d2ce6-4f4c-438d-bb8b-c9a3a19701c8 | Context network@openstack cleanup() started
2019-12-16 03:24:28.150 13785 INFO rally.task.context [-] Task a17d2ce6-4f4c-438d-bb8b-c9a3a19701c8 | Context network@openstack cleanup() finished in 11.13 sec
2019-12-16 03:24:28.151 13785 INFO rally.task.context [-] Task a17d2ce6-4f4c-438d-bb8b-c9a3a19701c8 | Context quotas@openstack cleanup() started
2019-12-16 03:24:28.320 13785 INFO rally.task.context [-] Task a17d2ce6-4f4c-438d-bb8b-c9a3a19701c8 | Context quotas@openstack cleanup() finished in 0.17 sec
2019-12-16 03:24:28.320 13785 INFO rally.task.context [-] Task a17d2ce6-4f4c-438d-bb8b-c9a3a19701c8 | Context users@openstack cleanup() started
2019-12-16 03:24:32.489 13785 INFO rally.task.context [-] Task a17d2ce6-4f4c-438d-bb8b-c9a3a19701c8 | Context users@openstack cleanup() finished in 4.17 sec
2019-12-16 03:24:34.325 13785 INFO rally.task.engine [-] Load duration is: 4.70443
2019-12-16 03:24:34.325 13785 INFO rally.task.engine [-] Full runner duration is: 4.746867
2019-12-16 03:24:34.325 13785 INFO rally.task.engine [-] Full duration is: 40.381525
2019-12-16 03:24:34.685 13785 INFO rally.task.engine [-] Running workload: position = 0 config = { "version": 2, "title": "A cropped version of a bigger task.", "description": "Auto-generated task from a single workload (uuid=e011a1f1-522f-495d-b8a1-2d0b9ae01576)", "subtasks": [ { "title": "NeutronNetworks.create_and_delete_routers", "description": "Create and delete a given number of routers.", "scenario": { "NeutronNetworks.create_and_delete_routers": { "network_create_args": {}, "router_create_args": {}, "subnet_cidr_start": "1.1.0.0/30", "subnet_create_args": {}, "subnets_per_network": 1 } }, "contexts": { "users": { "tenants": 3, "users_per_tenant": 2 }, "quotas": { "neutron": { "network": -1, "subnet": -1, "port": -1, "router": -1 } } }, "runner": { "constant": { "concurrency": 4, "times": 10 } }, "hooks": [], "sla": { "failure_rate": { "max": 0 } } } ] }
2019-12-16 03:24:34.711 13785 RALLYDEBUG rally_openstack.contexts.keystone.users [-] Creating 3 tenants using 20 threads
2019-12-16 03:24:35.689 13785 RALLYDEBUG rally_openstack.contexts.keystone.users [-] Creating 6 users using 20 threads
2019-12-16 03:24:37.222 13785 INFO rally.task.context [-] Task a17d2ce6-4f4c-438d-bb8b-c9a3a19701c8 | Context users@openstack setup() finished in 2.51 sec
2019-12-16 03:24:38.071 13785 INFO rally.task.context [-] Task a17d2ce6-4f4c-438d-bb8b-c9a3a19701c8 | Context quotas@openstack setup() finished in 0.85 sec
2019-12-16 03:24:38.072 13785 INFO rally.task.context [-] Task a17d2ce6-4f4c-438d-bb8b-c9a3a19701c8 | Context cleanup@openstack setup() finished in 0.01 msec
2019-12-16 03:24:38.081 13785 RALLYDEBUG rally.task.runner [-] Starting the constant runner (task UUID: a17d2ce6-4f4c-438d-bb8b-c9a3a19701c8). times: 10 concurrency: 4 timeout: 0 max_cpu_used: 16 processes_to_start: 4 concurrency_per_worker: 1 concurrency_overhead: 0
2019-12-16 03:24:38.093 15853 RALLYDEBUG rally.task.runner [-] Starting a worker. times: 10 duration: None concurrency: 1 timeout: 0 cls: method_name: run args: {"network_create_args": {}, "router_create_args": {}, "subnet_cidr_start": "1.1.0.0/30", "subnet_create_args": {}, "subnets_per_network": 1}
2019-12-16 03:24:38.096 15854 RALLYDEBUG rally.task.runner [-] Starting a worker. times: 10 duration: None concurrency: 1 timeout: 0 cls: method_name: run args: {"network_create_args": {}, "router_create_args": {}, "subnet_cidr_start": "1.1.0.0/30", "subnet_create_args": {}, "subnets_per_network": 1}
2019-12-16 03:24:38.100 15853 INFO rally.task.runner [-] Task a17d2ce6-4f4c-438d-bb8b-c9a3a19701c8 | ITER: 1 START
2019-12-16 03:24:38.100 15855 RALLYDEBUG rally.task.runner [-] Starting a worker. times: 10 duration: None concurrency: 1 timeout: 0 cls: method_name: run args: {"network_create_args": {}, "router_create_args": {}, "subnet_cidr_start": "1.1.0.0/30", "subnet_create_args": {}, "subnets_per_network": 1}
2019-12-16 03:24:38.102 15854 INFO rally.task.runner [-] Task a17d2ce6-4f4c-438d-bb8b-c9a3a19701c8 | ITER: 2 START
