2019-12-16 02:42:27.261 727 RALLYDEBUG rally.task.runner [-] Starting the constant runner (task UUID: cf3e725b-7db9-43f6-8de2-b05f3a0f9046). times: 10 concurrency: 4 timeout: 0 max_cpu_used: 16 processes_to_start: 4 concurrency_per_worker: 1 concurrency_overhead: 0
2019-12-16 02:42:27.272 975 RALLYDEBUG rally.task.runner [-] Starting a worker. times: 10 duration: None concurrency: 1 timeout: 0 cls: method_name: run args: {"container_format": "bare", "disk_format": "qcow2", "image_location": "/home/opnfv/functest/images/cirros-0.4.0-x86_64-disk.img"}
2019-12-16 02:42:27.276 976 RALLYDEBUG rally.task.runner [-] Starting a worker. times: 10 duration: None concurrency: 1 timeout: 0 cls: method_name: run args: {"container_format": "bare", "disk_format": "qcow2", "image_location": "/home/opnfv/functest/images/cirros-0.4.0-x86_64-disk.img"}
2019-12-16 02:42:27.279 975 INFO rally.task.runner [-] Task cf3e725b-7db9-43f6-8de2-b05f3a0f9046 | ITER: 1 START
2019-12-16 02:42:27.279 977 RALLYDEBUG rally.task.runner [-] Starting a worker. times: 10 duration: None concurrency: 1 timeout: 0 cls: method_name: run args: {"container_format": "bare", "disk_format": "qcow2", "image_location": "/home/opnfv/functest/images/cirros-0.4.0-x86_64-disk.img"}
2019-12-16 02:42:27.282 976 INFO rally.task.runner [-] Task cf3e725b-7db9-43f6-8de2-b05f3a0f9046 | ITER: 2 START
2019-12-16 02:42:27.283 979 RALLYDEBUG rally.task.runner [-] Starting a worker. times: 10 duration: None concurrency: 1 timeout: 0 cls: method_name: run args: {"container_format": "bare", "disk_format": "qcow2", "image_location": "/home/opnfv/functest/images/cirros-0.4.0-x86_64-disk.img"}
2019-12-16 02:42:27.286 977 INFO rally.task.runner [-] Task cf3e725b-7db9-43f6-8de2-b05f3a0f9046 | ITER: 3 START
2019-12-16 02:42:27.289 979 INFO rally.task.runner [-] Task cf3e725b-7db9-43f6-8de2-b05f3a0f9046 | ITER: 4 START
2019-12-16 02:42:30.220 979 RALLYDEBUG rally.task.utils [-] Waiting for resource '08a53272-ff3c-4a2c-bdbc-0efc65dcea8f'. Status changed: NONE => QUEUED in 0.03935360908508301
2019-12-16 02:42:30.234 976 RALLYDEBUG rally.task.utils [-] Waiting for resource 'e83fa862-ba58-4815-a71a-a95c97eb73cb'. Status changed: NONE => QUEUED in 0.03810548782348633
2019-12-16 02:42:30.247 977 RALLYDEBUG rally.task.utils [-] Waiting for resource 'fa199d5f-7ec5-4cbd-9863-29747cde3293'. Status changed: NONE => QUEUED in 0.035811424255371094
2019-12-16 02:42:30.247 975 RALLYDEBUG rally.task.utils [-] Waiting for resource '06005c7e-73c6-454f-9a98-96831ead1de0'. Status changed: NONE => QUEUED in 0.03572535514831543
2019-12-16 02:42:30.466 977 RALLYDEBUG rally.task.utils [-] Waiting for resource s_rally_2e02458b_aygDecpP. Status changed: QUEUED => ACTIVE in 0.017630577087402344
2019-12-16 02:42:30.467 976 RALLYDEBUG rally.task.utils [-] Waiting for resource s_rally_2e02458b_mV2sI32l. Status changed: QUEUED => ACTIVE in 0.015126228332519531
2019-12-16 02:42:30.471 979 RALLYDEBUG rally.task.utils [-] Waiting for resource s_rally_2e02458b_iVgArBkZ. Status changed: QUEUED => ACTIVE in 0.01784825325012207
2019-12-16 02:42:30.479 975 RALLYDEBUG rally.task.utils [-] Waiting for resource s_rally_2e02458b_J52kdS6A. Status changed: QUEUED => ACTIVE in 0.017368793487548828
2019-12-16 02:42:30.495 976 INFO rally.task.runner [-] Task cf3e725b-7db9-43f6-8de2-b05f3a0f9046 | ITER: 2 END: OK
2019-12-16 02:42:30.499 976 INFO rally.task.runner [-] Task cf3e725b-7db9-43f6-8de2-b05f3a0f9046 | ITER: 5 START
2019-12-16 02:42:30.501 979 INFO rally.task.runner [-] Task cf3e725b-7db9-43f6-8de2-b05f3a0f9046 | ITER: 4 END: OK
2019-12-16 02:42:30.502 977 INFO rally.task.runner [-] Task cf3e725b-7db9-43f6-8de2-b05f3a0f9046 | ITER: 3 END: OK
2019-12-16 02:42:30.504 979 INFO rally.task.runner [-] Task cf3e725b-7db9-43f6-8de2-b05f3a0f9046 | ITER: 6 START
2019-12-16 02:42:30.506 977 INFO rally.task.runner [-] Task cf3e725b-7db9-43f6-8de2-b05f3a0f9046 | ITER: 7 START
2019-12-16 02:42:30.514 975 INFO rally.task.runner [-] Task cf3e725b-7db9-43f6-8de2-b05f3a0f9046 | ITER: 1 END: OK
2019-12-16 02:42:30.519 975 INFO rally.task.runner [-] Task cf3e725b-7db9-43f6-8de2-b05f3a0f9046 | ITER: 8 START
2019-12-16 02:42:33.261 976 RALLYDEBUG rally.task.utils [-] Waiting for resource '2f19a3c7-8271-4a9d-9c1d-c069b9ab13f3'. Status changed: NONE => QUEUED in 0.03690314292907715
2019-12-16 02:42:33.271 979 RALLYDEBUG rally.task.utils [-] Waiting for resource '8e37f972-7543-4dc1-be69-ae7581fae7f8'. Status changed: NONE => QUEUED in 0.037783145904541016
2019-12-16 02:42:33.274 977 RALLYDEBUG rally.task.utils [-] Waiting for resource 'b4827bf3-fe5c-4da5-834b-5fc002b73e77'. Status changed: NONE => QUEUED in 0.04182791709899902
2019-12-16 02:42:33.290 975 RALLYDEBUG rally.task.utils [-] Waiting for resource '43b6b9a5-847f-4787-b57b-cbf66710cf7f'. Status changed: NONE => QUEUED in 0.034157514572143555
2019-12-16 02:42:33.492 976 RALLYDEBUG rally.task.utils [-] Waiting for resource s_rally_2e02458b_VDlowXi4. Status changed: QUEUED => ACTIVE in 0.01902461051940918
2019-12-16 02:42:33.494 979 RALLYDEBUG rally.task.utils [-] Waiting for resource s_rally_2e02458b_OhhckUQC. Status changed: QUEUED => ACTIVE in 0.018077611923217773
2019-12-16 02:42:33.502 977 RALLYDEBUG rally.task.utils [-] Waiting for resource s_rally_2e02458b_eWe6RYpH. Status changed: QUEUED => ACTIVE in 0.017606496810913086
2019-12-16 02:42:33.523 976 INFO rally.task.runner [-] Task cf3e725b-7db9-43f6-8de2-b05f3a0f9046 | ITER: 5 END: OK
2019-12-16 02:42:33.524 979 INFO rally.task.runner [-] Task cf3e725b-7db9-43f6-8de2-b05f3a0f9046 | ITER: 6 END: OK
2019-12-16 02:42:33.526 976 INFO rally.task.runner [-] Task cf3e725b-7db9-43f6-8de2-b05f3a0f9046 | ITER: 9 START
2019-12-16 02:42:33.528 979 INFO rally.task.runner [-] Task cf3e725b-7db9-43f6-8de2-b05f3a0f9046 | ITER: 10 START
2019-12-16 02:42:33.540 977 INFO rally.task.runner [-] Task cf3e725b-7db9-43f6-8de2-b05f3a0f9046 | ITER: 7 END: OK
2019-12-16 02:42:33.541 975 RALLYDEBUG rally.task.utils [-] Waiting for resource s_rally_2e02458b_zJFlkRzU. Status changed: QUEUED => ACTIVE in 0.016049861907958984
2019-12-16 02:42:33.573 975 INFO rally.task.runner [-] Task cf3e725b-7db9-43f6-8de2-b05f3a0f9046 | ITER: 8 END: OK
2019-12-16 02:42:36.294 979 RALLYDEBUG rally.task.utils [-] Waiting for resource '3dcd7c16-03a8-4a35-917b-c8ab6dbc0fd1'. Status changed: NONE => QUEUED in 0.03797340393066406
2019-12-16 02:42:36.296 976 RALLYDEBUG rally.task.utils [-] Waiting for resource '11de8b58-d8f8-4aff-bb22-49310961e2e9'. Status changed: NONE => QUEUED in 0.04033231735229492
2019-12-16 02:42:36.526 976 RALLYDEBUG rally.task.utils [-] Waiting for resource s_rally_2e02458b_XJeRKEJ1. Status changed: QUEUED => ACTIVE in 0.021142959594726562
2019-12-16 02:42:36.548 979 RALLYDEBUG rally.task.utils [-] Waiting for resource s_rally_2e02458b_YNmHmiGY. Status changed: QUEUED => ACTIVE in 0.0198519229888916
2019-12-16 02:42:36.560 976 INFO rally.task.runner [-] Task cf3e725b-7db9-43f6-8de2-b05f3a0f9046 | ITER: 9 END: OK
2019-12-16 02:42:36.582 979 INFO rally.task.runner [-] Task cf3e725b-7db9-43f6-8de2-b05f3a0f9046 | ITER: 10 END: OK
2019-12-16 02:42:36.606 727 INFO rally.task.context [-] Task cf3e725b-7db9-43f6-8de2-b05f3a0f9046 | Context cleanup@openstack cleanup() started
2019-12-16 02:42:36.609 727 RALLYDEBUG rally_openstack.cleanup.manager [-] Cleaning up glance images objects
2019-12-16 02:42:38.003 727 RALLYDEBUG rally_openstack.cleanup.manager [-] Deleting glance.images object s_rally_2e02458b_VDlowXi4 (2f19a3c7-8271-4a9d-9c1d-c069b9ab13f3)
2019-12-16 02:42:38.012 727 RALLYDEBUG rally_openstack.cleanup.manager [-] Deleting glance.images object s_rally_2e02458b_aygDecpP (fa199d5f-7ec5-4cbd-9863-29747cde3293)
2019-12-16 02:42:38.021 727 RALLYDEBUG rally_openstack.cleanup.manager [-] Deleting glance.images object s_rally_2e02458b_iVgArBkZ (08a53272-ff3c-4a2c-bdbc-0efc65dcea8f)
2019-12-16 02:42:38.026 727 RALLYDEBUG rally_openstack.cleanup.manager [-] Deleting glance.images object s_rally_2e02458b_XJeRKEJ1 (11de8b58-d8f8-4aff-bb22-49310961e2e9)
2019-12-16 02:42:38.041 727 RALLYDEBUG rally_openstack.cleanup.manager [-] Deleting glance.images object s_rally_2e02458b_eWe6RYpH (b4827bf3-fe5c-4da5-834b-5fc002b73e77)
2019-12-16 02:42:38.051 727 RALLYDEBUG rally_openstack.cleanup.manager [-] Deleting glance.images object s_rally_2e02458b_zJFlkRzU (43b6b9a5-847f-4787-b57b-cbf66710cf7f)
2019-12-16 02:42:38.060 727 RALLYDEBUG rally_openstack.cleanup.manager [-] Deleting glance.images object s_rally_2e02458b_mV2sI32l (e83fa862-ba58-4815-a71a-a95c97eb73cb)
2019-12-16 02:42:38.072 727 RALLYDEBUG rally_openstack.cleanup.manager [-] Deleting glance.images object s_rally_2e02458b_YNmHmiGY (3dcd7c16-03a8-4a35-917b-c8ab6dbc0fd1)
2019-12-16 02:42:38.097 727 RALLYDEBUG rally_openstack.cleanup.manager [-] Deleting glance.images object s_rally_2e02458b_OhhckUQC (8e37f972-7543-4dc1-be69-ae7581fae7f8)
2019-12-16 02:42:38.109 727 RALLYDEBUG rally_openstack.cleanup.manager [-] Deleting glance.images object s_rally_2e02458b_J52kdS6A (06005c7e-73c6-454f-9a98-96831ead1de0)
2019-12-16 02:42:38.504 727 DEBUG glanceclient.common.http [-] Request returned failure status 404. _handle_response /usr/lib/python3.6/site-packages/glanceclient/common/http.py:125
2019-12-16 02:42:38.509 727 DEBUG glanceclient.common.http [-] Request returned failure status 404. _handle_response /usr/lib/python3.6/site-packages/glanceclient/common/http.py:125
2019-12-16 02:42:38.522 727 DEBUG glanceclient.common.http [-] Request returned failure status 404. _handle_response /usr/lib/python3.6/site-packages/glanceclient/common/http.py:125
2019-12-16 02:42:38.527 727 DEBUG glanceclient.common.http [-] Request returned failure status 404. _handle_response /usr/lib/python3.6/site-packages/glanceclient/common/http.py:125
2019-12-16 02:42:38.543 727 DEBUG glanceclient.common.http [-] Request returned failure status 404. _handle_response /usr/lib/python3.6/site-packages/glanceclient/common/http.py:125
2019-12-16 02:42:38.558 727 DEBUG glanceclient.common.http [-] Request returned failure status 404. _handle_response /usr/lib/python3.6/site-packages/glanceclient/common/http.py:125
2019-12-16 02:42:38.631 727 DEBUG glanceclient.common.http [-] Request returned failure status 404. _handle_response /usr/lib/python3.6/site-packages/glanceclient/common/http.py:125
2019-12-16 02:42:38.632 727 DEBUG glanceclient.common.http [-] Request returned failure status 404. _handle_response /usr/lib/python3.6/site-packages/glanceclient/common/http.py:125
2019-12-16 02:42:38.633 727 DEBUG glanceclient.common.http [-] Request returned failure status 404. _handle_response /usr/lib/python3.6/site-packages/glanceclient/common/http.py:125
2019-12-16 02:42:38.652 727 DEBUG glanceclient.common.http [-] Request returned failure status 404. _handle_response /usr/lib/python3.6/site-packages/glanceclient/common/http.py:125
2019-12-16 02:42:38.658 727 DEBUG glanceclient.common.http [-] Request returned failure status 404. _handle_response /usr/lib/python3.6/site-packages/glanceclient/common/http.py:125
2019-12-16 02:42:38.660 727 DEBUG glanceclient.common.http [-] Request returned failure status 404. _handle_response /usr/lib/python3.6/site-packages/glanceclient/common/http.py:125
2019-12-16 02:42:38.676 727 DEBUG glanceclient.common.http [-] Request returned failure status 404. _handle_response /usr/lib/python3.6/site-packages/glanceclient/common/http.py:125
2019-12-16 02:42:38.678 727 DEBUG glanceclient.common.http [-] Request returned failure status 404. _handle_response /usr/lib/python3.6/site-packages/glanceclient/common/http.py:125
2019-12-16 02:42:38.682 727 DEBUG glanceclient.common.http [-] Request returned failure status 404. _handle_response /usr/lib/python3.6/site-packages/glanceclient/common/http.py:125
2019-12-16 02:42:38.684 727 DEBUG glanceclient.common.http [-] Request returned failure status 404. _handle_response /usr/lib/python3.6/site-packages/glanceclient/common/http.py:125
2019-12-16 02:42:38.685 727 DEBUG glanceclient.common.http [-] Request returned failure status 404. _handle_response /usr/lib/python3.6/site-packages/glanceclient/common/http.py:125
2019-12-16 02:42:38.695 727 DEBUG glanceclient.common.http [-] Request returned failure status 404. _handle_response /usr/lib/python3.6/site-packages/glanceclient/common/http.py:125
2019-12-16 02:42:38.705 727 DEBUG glanceclient.common.http [-] Request returned failure status 404. _handle_response /usr/lib/python3.6/site-packages/glanceclient/common/http.py:125
2019-12-16 02:42:38.706 727 DEBUG glanceclient.common.http [-] Request returned failure status 404. _handle_response /usr/lib/python3.6/site-packages/glanceclient/common/http.py:125
2019-12-16 02:42:39.709 727 INFO rally.task.context [-] Task cf3e725b-7db9-43f6-8de2-b05f3a0f9046 | Context cleanup@openstack cleanup() finished in 3.10 sec
2019-12-16 02:42:39.710 727 INFO rally.task.context [-] Task cf3e725b-7db9-43f6-8de2-b05f3a0f9046 | Context users@openstack cleanup() started
2019-12-16 02:42:44.061 727 INFO rally.task.context [-] Task cf3e725b-7db9-43f6-8de2-b05f3a0f9046 | Context users@openstack cleanup() finished in 4.35 sec
2019-12-16 02:42:45.042 727 INFO rally.task.engine [-] Load duration is: 8.617799
2019-12-16 02:42:45.043 727 INFO rally.task.engine [-] Full runner duration is: 9.345956
2019-12-16 02:42:45.043 727 INFO rally.task.engine [-] Full duration is: 19.227509
2019-12-16 02:42:45.663 727 INFO rally.task.engine [-] Running workload: position = 0 config = { "version": 2, "title": "A cropped version of a bigger task.", "description": "Auto-generated task from a single workload (uuid=170407cd-e5f1-4585-837a-556108001a16)", "subtasks": [ { "title": "GlanceImages.list_images", "description": "List all images.", "scenario": { "GlanceImages.list_images": {} }, "contexts": { "users": { "tenants": 3, "users_per_tenant": 2 } }, "runner": { "constant": { "concurrency": 4, "times": 10 } }, "hooks": [], "sla": { "failure_rate": { "max": 0 } } } ] }
2019-12-16 02:42:45.685 727 RALLYDEBUG rally_openstack.contexts.keystone.users [-] Creating 3 tenants using 20 threads
2019-12-16 02:42:46.722 727 RALLYDEBUG rally_openstack.contexts.keystone.users [-] Creating 6 users using 20 threads
2019-12-16 02:42:48.202 727 INFO rally.task.context [-] Task cf3e725b-7db9-43f6-8de2-b05f3a0f9046 | Context users@openstack setup() finished in 2.52 sec
2019-12-16 02:42:48.211 727 RALLYDEBUG rally.task.runner [-] Starting the constant runner (task UUID: cf3e725b-7db9-43f6-8de2-b05f3a0f9046). times: 10 concurrency: 4 timeout: 0 max_cpu_used: 16 processes_to_start: 4 concurrency_per_worker: 1 concurrency_overhead: 0
2019-12-16 02:42:48.223 1099 RALLYDEBUG rally.task.runner [-] Starting a worker. times: 10 duration: None concurrency: 1 timeout: 0 cls: method_name: run args: {}
2019-12-16 02:42:48.228 1100 RALLYDEBUG rally.task.runner [-] Starting a worker. times: 10 duration: None concurrency: 1 timeout: 0 cls: method_name: run args: {}
2019-12-16 02:42:48.230 1099 INFO rally.task.runner [-] Task cf3e725b-7db9-43f6-8de2-b05f3a0f9046 | ITER: 1 START
2019-12-16 02:42:48.230 1101 RALLYDEBUG rally.task.runner [-] Starting a worker. times: 10 duration: None concurrency: 1 timeout: 0 cls: method_name: run args: {}
2019-12-16 02:42:48.235 1100 INFO rally.task.runner [-] Task cf3e725b-7db9-43f6-8de2-b05f3a0f9046 | ITER: 2 START
2019-12-16 02:42:48.234 1103 RALLYDEBUG rally.task.runner [-] Starting a worker. times: 10 duration: None concurrency: 1 timeout: 0 cls: method_name: run args: {}
2019-12-16 02:42:48.237 1101 INFO rally.task.runner [-] Task cf3e725b-7db9-43f6-8de2-b05f3a0f9046 | ITER: 3 START
2019-12-16 02:42:48.241 1103 INFO rally.task.runner [-] Task cf3e725b-7db9-43f6-8de2-b05f3a0f9046 | ITER: 4 START
2019-12-16 02:42:49.060 1101 INFO rally.task.runner [-] Task cf3e725b-7db9-43f6-8de2-b05f3a0f9046 | ITER: 3 END: OK
2019-12-16 02:42:49.064 1101 INFO rally.task.runner [-] Task cf3e725b-7db9-43f6-8de2-b05f3a0f9046 | ITER: 5 START
2019-12-16 02:42:49.073 1103 INFO rally.task.runner [-] Task cf3e725b-7db9-43f6-8de2-b05f3a0f9046 | ITER: 4 END: OK
2019-12-16 02:42:49.078 1103 INFO rally.task.runner [-] Task cf3e725b-7db9-43f6-8de2-b05f3a0f9046 | ITER: 6 START
2019-12-16 02:42:49.078 1100 INFO rally.task.runner [-] Task cf3e725b-7db9-43f6-8de2-b05f3a0f9046 | ITER: 2 END: OK
2019-12-16 02:42:49.082 1100 INFO rally.task.runner [-] Task cf3e725b-7db9-43f6-8de2-b05f3a0f9046 | ITER: 7 START
2019-12-16 02:42:49.319 1099 INFO rally.task.runner [-] Task cf3e725b-7db9-43f6-8de2-b05f3a0f9046 | ITER: 1 END: OK
2019-12-16 02:42:49.323 1099 INFO rally.task.runner [-] Task cf3e725b-7db9-43f6-8de2-b05f3a0f9046 | ITER: 8 START
2019-12-16 02:42:49.750 1100 INFO rally.task.runner [-] Task cf3e725b-7db9-43f6-8de2-b05f3a0f9046 | ITER: 7 END: OK
2019-12-16 02:42:49.753 1100 INFO rally.task.runner [-] Task cf3e725b-7db9-43f6-8de2-b05f3a0f9046 | ITER: 9 START
2019-12-16 02:42:49.834 1103 INFO rally.task.runner [-] Task cf3e725b-7db9-43f6-8de2-b05f3a0f9046 | ITER: 6 END: OK
2019-12-16 02:42:49.834 1101 INFO rally.task.runner [-] Task cf3e725b-7db9-43f6-8de2-b05f3a0f9046 | ITER: 5 END: OK
2019-12-16 02:42:49.837 1101 INFO rally.task.runner [-] Task cf3e725b-7db9-43f6-8de2-b05f3a0f9046 | ITER: 10 START
2019-12-16 02:42:50.008 1099 INFO rally.task.runner [-] Task cf3e725b-7db9-43f6-8de2-b05f3a0f9046 | ITER: 8 END: OK
2019-12-16 02:42:50.529 1100 INFO rally.task.runner [-] Task cf3e725b-7db9-43f6-8de2-b05f3a0f9046 | ITER: 9 END: OK
2019-12-16 02:42:50.535 1101 INFO rally.task.runner [-] Task cf3e725b-7db9-43f6-8de2-b05f3a0f9046 | ITER: 10 END: OK
2019-12-16 02:42:50.558 727 INFO rally.task.context [-] Task cf3e725b-7db9-43f6-8de2-b05f3a0f9046 | Context users@openstack cleanup() started
2019-12-16 02:42:55.020 727 INFO rally.task.context [-] Task cf3e725b-7db9-43f6-8de2-b05f3a0f9046 | Context users@openstack cleanup() finished in 4.46 sec
2019-12-16 02:42:55.789 727 INFO rally.task.engine [-] Load duration is: 1.613718
2019-12-16 02:42:55.790 727 INFO rally.task.engine [-] Full runner duration is: 2.346426
2019-12-16 02:42:55.790 727 INFO rally.task.engine [-] Full duration is: 9.336475
2019-12-16 02:42:56.471 727 INFO rally.task.engine [-] Running workload: position = 0 config = { "version": 2, "title": "A cropped version of a bigger task.", "description": "Auto-generated task from a single workload (uuid=3ccf883d-593d-4a04-a77f-dd5e5185183e)", "subtasks": [ { "title": "GlanceImages.create_image_and_boot_instances", "description": "Create an image and boot several instances from it.", "scenario": { "GlanceImages.create_image_and_boot_instances": { "container_format": "bare", "disk_format": "qcow2", "image_location": "/home/opnfv/functest/images/cirros-0.4.0-x86_64-disk.img", "flavor": { "name": "rally_full-flavor_102dc671-f436-4d4d-b368-5b0ed177eae0" }, "number_instances": 2, "nics": [ { "net-id": "c51c8544-d62f-4817-b7df-cb0981aba4ec" } ] } }, "contexts": { "users": { "tenants": 3, "users_per_tenant": 2 }, "quotas": { "nova": { "cores": -1, "floating_ips": -1, "instances": -1, "ram": -1, "security_group_rules": -1, "security_groups": -1 } } }, "runner": { "constant": { "concurrency": 4, "times": 10 } }, "hooks": [], "sla": { "failure_rate": { "max": 0 } } } ] }
2019-12-16 02:42:56.504 727 RALLYDEBUG rally_openstack.contexts.keystone.users [-] Creating 3 tenants using 20 threads
2019-12-16 02:42:57.564 727 RALLYDEBUG rally_openstack.contexts.keystone.users [-] Creating 6 users using 20 threads
2019-12-16 02:42:59.059 727 INFO rally.task.context [-] Task cf3e725b-7db9-43f6-8de2-b05f3a0f9046 | Context users@openstack setup() finished in 2.55 sec
2019-12-16 02:43:00.044 727 INFO rally.task.context [-] Task cf3e725b-7db9-43f6-8de2-b05f3a0f9046 | Context quotas@openstack setup() finished in 0.98 sec
2019-12-16 02:43:00.045 727 INFO rally.task.context [-] Task cf3e725b-7db9-43f6-8de2-b05f3a0f9046 | Context cleanup@openstack setup() finished in 0.02 msec
2019-12-16 02:43:00.423 727 RALLYDEBUG rally.task.runner [-] Starting the constant runner (task UUID: cf3e725b-7db9-43f6-8de2-b05f3a0f9046). times: 10 concurrency: 4 timeout: 0 max_cpu_used: 16 processes_to_start: 4 concurrency_per_worker: 1 concurrency_overhead: 0
2019-12-16 02:43:00.436 1203 RALLYDEBUG rally.task.runner [-] Starting a worker. times: 10 duration: None concurrency: 1 timeout: 0 cls: method_name: run args: {"container_format": "bare", "disk_format": "qcow2", "image_location": "/home/opnfv/functest/images/cirros-0.4.0-x86_64-disk.img", "flavor": "c1b316bb-9aea-40b2-9eed-8480abe7834e", "number_instances": 2, "nics": [{"net-id": "c51c8544-d62f-4817-b7df-cb0981aba4ec"}]}
2019-12-16 02:43:00.439 1204 RALLYDEBUG rally.task.runner [-] Starting a worker. times: 10 duration: None concurrency: 1 timeout: 0 cls: method_name: run args: {"container_format": "bare", "disk_format": "qcow2", "image_location": "/home/opnfv/functest/images/cirros-0.4.0-x86_64-disk.img", "flavor": "c1b316bb-9aea-40b2-9eed-8480abe7834e", "number_instances": 2, "nics": [{"net-id": "c51c8544-d62f-4817-b7df-cb0981aba4ec"}]}
2019-12-16 02:43:00.443 1203 INFO rally.task.runner [-] Task cf3e725b-7db9-43f6-8de2-b05f3a0f9046 | ITER: 1 START
2019-12-16 02:43:00.442 1205 RALLYDEBUG rally.task.runner [-] Starting a worker. times: 10 duration: None concurrency: 1 timeout: 0 cls: method_name: run args: {"container_format": "bare", "disk_format": "qcow2", "image_location": "/home/opnfv/functest/images/cirros-0.4.0-x86_64-disk.img", "flavor": "c1b316bb-9aea-40b2-9eed-8480abe7834e", "number_instances": 2, "nics": [{"net-id": "c51c8544-d62f-4817-b7df-cb0981aba4ec"}]}
2019-12-16 02:43:00.445 1204 INFO rally.task.runner [-] Task cf3e725b-7db9-43f6-8de2-b05f3a0f9046 | ITER: 2 START
2019-12-16 02:43:00.446 1206 RALLYDEBUG rally.task.runner [-] Starting a worker. times: 10 duration: None concurrency: 1 timeout: 0 cls: method_name: run args: {"container_format": "bare", "disk_format": "qcow2", "image_location": "/home/opnfv/functest/images/cirros-0.4.0-x86_64-disk.img", "flavor": "c1b316bb-9aea-40b2-9eed-8480abe7834e", "number_instances": 2, "nics": [{"net-id": "c51c8544-d62f-4817-b7df-cb0981aba4ec"}]}
2019-12-16 02:43:00.449 1205 INFO rally.task.runner [-] Task cf3e725b-7db9-43f6-8de2-b05f3a0f9046 | ITER: 3 START
2019-12-16 02:43:00.454 1206 INFO rally.task.runner [-] Task cf3e725b-7db9-43f6-8de2-b05f3a0f9046 | ITER: 4 START
2019-12-16 02:43:01.129 1206 WARNING rally_openstack.scenarios.glance.images [-] 'kwargs' is deprecated in Rally v0.8.0: Use 'boot_server_kwargs' for additional parameters when booting servers.
2019-12-16 02:43:01.130 1204 WARNING rally_openstack.scenarios.glance.images [-] 'kwargs' is deprecated in Rally v0.8.0: Use 'boot_server_kwargs' for additional parameters when booting servers.
2019-12-16 02:43:01.130 1205 WARNING rally_openstack.scenarios.glance.images [-] 'kwargs' is deprecated in Rally v0.8.0: Use 'boot_server_kwargs' for additional parameters when booting servers.
2019-12-16 02:43:01.156 1203 WARNING rally_openstack.scenarios.glance.images [-] 'kwargs' is deprecated in Rally v0.8.0: Use 'boot_server_kwargs' for additional parameters when booting servers.
2019-12-16 02:43:03.347 1204 RALLYDEBUG rally.task.utils [-] Waiting for resource '920ea537-f501-4666-96c4-a2271d806703'. Status changed: NONE => QUEUED in 0.03879737854003906
2019-12-16 02:43:03.361 1206 RALLYDEBUG rally.task.utils [-] Waiting for resource '90252290-a130-4f2c-bf52-21176ffad6f5'. Status changed: NONE => QUEUED in 0.03881239891052246
2019-12-16 02:43:03.361 1205 RALLYDEBUG rally.task.utils [-] Waiting for resource '8f6686dc-a4e9-46c4-8b03-db32a6ad9d92'. Status changed: NONE => QUEUED in 0.037737131118774414
2019-12-16 02:43:03.373 1203 RALLYDEBUG rally.task.utils [-] Waiting for resource '86af9064-b960-44db-989b-77e467689ca3'. Status changed: NONE => QUEUED in 0.03115987777709961
2019-12-16 02:43:03.567 1206 RALLYDEBUG rally.task.utils [-] Waiting for resource s_rally_3ccf883d_xKIglJYp. Status changed: QUEUED => ACTIVE in 0.018239974975585938
2019-12-16 02:43:03.586 1205 RALLYDEBUG rally.task.utils [-] Waiting for resource s_rally_3ccf883d_aBykVZlA. Status changed: QUEUED => ACTIVE in 0.020282506942749023
2019-12-16 02:43:03.613 1204 RALLYDEBUG rally.task.utils [-] Waiting for resource s_rally_3ccf883d_A65h9nTF. Status changed: QUEUED => ACTIVE in 0.01813507080078125
2019-12-16 02:43:03.613 1203 RALLYDEBUG rally.task.utils [-] Waiting for resource s_rally_3ccf883d_lH2ImQYU. Status changed: QUEUED => ACTIVE in 0.015448331832885742
2019-12-16 02:43:11.049 1206 RALLYDEBUG rally.task.utils [-] Waiting for resource s_rally_3ccf883d_yivTD9MK_1. Status changed: BUILD => ACTIVE in 4.727602481842041
2019-12-16 02:43:13.438 1204 RALLYDEBUG rally.task.utils [-] Waiting for resource s_rally_3ccf883d_AHt80fQd_1. Status changed: BUILD => ACTIVE in 6.82202935218811
2019-12-16 02:43:13.468 1206 RALLYDEBUG rally.task.utils [-] Waiting for resource s_rally_3ccf883d_yivTD9MK_0. Status changed: BUILD => ACTIVE in 2.4184694290161133
2019-12-16 02:43:13.468 1206 INFO rally.task.runner [-] Task cf3e725b-7db9-43f6-8de2-b05f3a0f9046 | ITER: 4 END: OK
2019-12-16 02:43:13.473 1206 INFO rally.task.runner [-] Task cf3e725b-7db9-43f6-8de2-b05f3a0f9046 | ITER: 5 START
2019-12-16 02:43:13.647 1205 RALLYDEBUG rally.task.utils [-] Waiting for resource s_rally_3ccf883d_d17oAZDv_1. Status changed: BUILD => ACTIVE in 7.076376438140869
2019-12-16 02:43:13.671 1204 RALLYDEBUG rally.task.utils [-] Waiting for resource s_rally_3ccf883d_AHt80fQd_0. Status changed: BUILD => ACTIVE in 0.23254895210266113
2019-12-16 02:43:13.672 1204 INFO rally.task.runner [-] Task cf3e725b-7db9-43f6-8de2-b05f3a0f9046 | ITER: 2 END: OK
2019-12-16 02:43:13.675 1204 INFO rally.task.runner [-] Task cf3e725b-7db9-43f6-8de2-b05f3a0f9046 | ITER: 6 START
2019-12-16 02:43:13.818 1205 RALLYDEBUG rally.task.utils [-] Waiting for resource s_rally_3ccf883d_d17oAZDv_0. Status changed: BUILD => ACTIVE in 0.17097020149230957
2019-12-16 02:43:13.819 1205 INFO rally.task.runner [-] Task cf3e725b-7db9-43f6-8de2-b05f3a0f9046 | ITER: 3 END: OK
2019-12-16 02:43:13.823 1205 INFO rally.task.runner [-] Task cf3e725b-7db9-43f6-8de2-b05f3a0f9046 | ITER: 7 START
2019-12-16 02:43:13.852 1203 RALLYDEBUG rally.task.utils [-] Waiting for resource s_rally_3ccf883d_bXojuoMi_1. Status changed: BUILD => ACTIVE in 6.862342596054077
2019-12-16 02:43:14.030 1203 RALLYDEBUG rally.task.utils [-] Waiting for resource s_rally_3ccf883d_bXojuoMi_0. Status changed: BUILD => ACTIVE in 0.17722177505493164
2019-12-16 02:43:14.030 1203 INFO rally.task.runner [-] Task cf3e725b-7db9-43f6-8de2-b05f3a0f9046 | ITER: 1 END: OK
2019-12-16 02:43:14.034 1203 INFO rally.task.runner [-] Task cf3e725b-7db9-43f6-8de2-b05f3a0f9046 | ITER: 8 START
2019-12-16 02:43:14.153 1206 WARNING rally_openstack.scenarios.glance.images [-] 'kwargs' is deprecated in Rally v0.8.0: Use 'boot_server_kwargs' for additional parameters when booting servers.
2019-12-16 02:43:14.376 1204 WARNING rally_openstack.scenarios.glance.images [-] 'kwargs' is deprecated in Rally v0.8.0: Use 'boot_server_kwargs' for additional parameters when booting servers.
2019-12-16 02:43:14.509 1205 WARNING rally_openstack.scenarios.glance.images [-] 'kwargs' is deprecated in Rally v0.8.0: Use 'boot_server_kwargs' for additional parameters when booting servers.
2019-12-16 02:43:14.636 1203 WARNING rally_openstack.scenarios.glance.images [-] 'kwargs' is deprecated in Rally v0.8.0: Use 'boot_server_kwargs' for additional parameters when booting servers.
2019-12-16 02:43:16.296 1206 RALLYDEBUG rally.task.utils [-] Waiting for resource 'a4ae1140-206d-4c52-90a5-202a7d00420e'. Status changed: NONE => QUEUED in 0.035767555236816406
2019-12-16 02:43:16.576 1206 RALLYDEBUG rally.task.utils [-] Waiting for resource s_rally_3ccf883d_SVMqxZPn. Status changed: QUEUED => ACTIVE in 0.019475221633911133
2019-12-16 02:43:16.584 1204 RALLYDEBUG rally.task.utils [-] Waiting for resource 'ede33e81-8386-4b3a-8915-352ac36e0981'. Status changed: NONE => QUEUED in 0.033518075942993164
2019-12-16 02:43:16.680 1205 RALLYDEBUG rally.task.utils [-] Waiting for resource 'ce50fda1-36bc-438e-af5b-acb5a5123013'. Status changed: NONE => QUEUED in 0.03277778625488281
2019-12-16 02:43:16.799 1203 RALLYDEBUG rally.task.utils [-] Waiting for resource '681fa843-d778-40be-b411-07bdbe463267'. Status changed: NONE => QUEUED in 0.03132748603820801
2019-12-16 02:43:16.866 1204 RALLYDEBUG rally.task.utils [-] Waiting for resource s_rally_3ccf883d_4cdiSaRm. Status changed: QUEUED => ACTIVE in 0.017507314682006836
2019-12-16 02:43:16.961 1205 RALLYDEBUG rally.task.utils [-] Waiting for resource s_rally_3ccf883d_Vpc7zNh6. Status changed: QUEUED => ACTIVE in 0.016697168350219727
2019-12-16 02:43:17.133 1203 RALLYDEBUG rally.task.utils [-] Waiting for resource s_rally_3ccf883d_87ynFMXK. Status changed: QUEUED => ACTIVE in 0.0193328857421875
2019-12-16 02:43:26.306 1206 RALLYDEBUG rally.task.utils [-] Waiting for resource s_rally_3ccf883d_ExzQ92CS_1. Status changed: BUILD => ACTIVE in 6.705122709274292
2019-12-16 02:43:28.797 1203 RALLYDEBUG rally.task.utils [-] Waiting for resource s_rally_3ccf883d_iCQcoaNZ_1. Status changed: BUILD => ACTIVE in 8.980859756469727
2019-12-16 02:43:28.857 1204 RALLYDEBUG rally.task.utils [-] Waiting for resource s_rally_3ccf883d_Uw0LaDlG_1. Status changed: BUILD => ACTIVE in 9.052462100982666
2019-12-16 02:43:29.060 1206 RALLYDEBUG rally.task.utils [-] Waiting for resource s_rally_3ccf883d_ExzQ92CS_0. Status changed: BUILD => ACTIVE in 2.751373767852783
2019-12-16 02:43:29.061 1206 INFO rally.task.runner [-] Task cf3e725b-7db9-43f6-8de2-b05f3a0f9046 | ITER: 5 END: OK
2019-12-16 02:43:29.067 1206 INFO rally.task.runner [-] Task cf3e725b-7db9-43f6-8de2-b05f3a0f9046 | ITER: 9 START
2019-12-16 02:43:29.667 1206 WARNING rally_openstack.scenarios.glance.images [-] 'kwargs' is deprecated in Rally v0.8.0: Use 'boot_server_kwargs' for additional parameters when booting servers.
2019-12-16 02:43:30.992 1205 RALLYDEBUG rally.task.utils [-] Waiting for resource s_rally_3ccf883d_jwETa1Rk_1. Status changed: BUILD => ACTIVE in 11.18049168586731
2019-12-16 02:43:31.186 1205 RALLYDEBUG rally.task.utils [-] Waiting for resource s_rally_3ccf883d_jwETa1Rk_0. Status changed: BUILD => ACTIVE in 0.19138884544372559
2019-12-16 02:43:31.187 1205 INFO rally.task.runner [-] Task cf3e725b-7db9-43f6-8de2-b05f3a0f9046 | ITER: 7 END: OK
2019-12-16 02:43:31.193 1205 INFO rally.task.runner [-] Task cf3e725b-7db9-43f6-8de2-b05f3a0f9046 | ITER: 10 START
2019-12-16 02:43:31.220 1203 RALLYDEBUG rally.task.utils [-] Waiting for resource s_rally_3ccf883d_iCQcoaNZ_0. Status changed: BUILD => ACTIVE in 2.4203338623046875
2019-12-16 02:43:31.221 1203 INFO rally.task.runner [-] Task cf3e725b-7db9-43f6-8de2-b05f3a0f9046 | ITER: 8 END: OK
2019-12-16 02:43:31.226 1204 RALLYDEBUG rally.task.utils [-] Waiting for resource s_rally_3ccf883d_Uw0LaDlG_0. Status changed: BUILD => ACTIVE in 2.3674168586730957
2019-12-16 02:43:31.227 1204 INFO rally.task.runner [-] Task cf3e725b-7db9-43f6-8de2-b05f3a0f9046 | ITER: 6 END: OK
2019-12-16 02:43:31.893 1205 WARNING rally_openstack.scenarios.glance.images [-] 'kwargs' is deprecated in Rally v0.8.0: Use 'boot_server_kwargs' for additional parameters when booting servers.
2019-12-16 02:43:31.926 1206 RALLYDEBUG rally.task.utils [-] Waiting for resource '77acf8ae-65d0-4c84-8b34-5b8e5915974a'. Status changed: NONE => QUEUED in 0.03263401985168457
2019-12-16 02:43:32.335 1206 RALLYDEBUG rally.task.utils [-] Waiting for resource s_rally_3ccf883d_YpZqgxJ9. Status changed: QUEUED => ACTIVE in 0.018743276596069336
2019-12-16 02:43:34.114 1205 RALLYDEBUG rally.task.utils [-] Waiting for resource 'f6426da0-9e62-4707-962c-8046cb6fce60'. Status changed: NONE => QUEUED in 0.029519319534301758
2019-12-16 02:43:34.378 1205 RALLYDEBUG rally.task.utils [-] Waiting for resource s_rally_3ccf883d_l8YyJcSu. Status changed: QUEUED => ACTIVE in 0.018659353256225586
2019-12-16 02:43:48.699 1206 RALLYDEBUG rally.task.utils [-] Waiting for resource s_rally_3ccf883d_DoVsfw3J_1. Status changed: BUILD => ACTIVE in 13.579379796981812
2019-12-16 02:43:48.851 1206 RALLYDEBUG rally.task.utils [-] Waiting for resource s_rally_3ccf883d_DoVsfw3J_0. Status changed: BUILD => ACTIVE in 0.1514427661895752
2019-12-16 02:43:48.852 1206 INFO rally.task.runner [-] Task cf3e725b-7db9-43f6-8de2-b05f3a0f9046 | ITER: 9 END: OK
2019-12-16 02:43:52.872 1205 RALLYDEBUG rally.task.utils [-] Waiting for resource s_rally_3ccf883d_9uFgDy7C_1. Status changed: BUILD => ACTIVE in 15.447007894515991
2019-12-16 02:43:53.027 1205 RALLYDEBUG rally.task.utils [-] Waiting for resource s_rally_3ccf883d_9uFgDy7C_0. Status changed: BUILD => ACTIVE in 0.15412569046020508
2019-12-16 02:43:53.028 1205 INFO rally.task.runner [-] Task cf3e725b-7db9-43f6-8de2-b05f3a0f9046 | ITER: 10 END: OK
2019-12-16 02:43:53.059 727 INFO rally.task.context [-] Task cf3e725b-7db9-43f6-8de2-b05f3a0f9046 | Context cleanup@openstack cleanup() started
2019-12-16 02:43:53.063 727 RALLYDEBUG rally_openstack.cleanup.manager [-] Cleaning up nova servers objects
2019-12-16 02:43:55.342 727 RALLYDEBUG rally_openstack.cleanup.manager [-] Deleting nova.servers object s_rally_3ccf883d_DoVsfw3J_1 (23ebca6a-3d72-4adc-9c61-0e12142e328d)
2019-12-16 02:43:55.346 727 RALLYDEBUG rally_openstack.cleanup.manager [-] Deleting nova.servers object s_rally_3ccf883d_DoVsfw3J_0 (dd2db68d-05e8-487f-a6b5-6d66c3362516)
2019-12-16 02:43:55.361 727 RALLYDEBUG rally_openstack.cleanup.manager [-] Deleting nova.servers object s_rally_3ccf883d_ExzQ92CS_1 (4ac2ed2e-8343-4e2d-b918-e50a7ab9db97)
2019-12-16 02:43:55.370 727 RALLYDEBUG rally_openstack.cleanup.manager [-] Deleting nova.servers object s_rally_3ccf883d_iCQcoaNZ_1 (56232477-fb17-4557-9ecc-1435cdba5e6a)
2019-12-16 02:43:55.376 727 RALLYDEBUG rally_openstack.cleanup.manager [-] Deleting nova.servers object s_rally_3ccf883d_ExzQ92CS_0 (329f0586-53bd-4b91-91ed-dda97752f0eb)
2019-12-16 02:43:55.389 727 RALLYDEBUG rally_openstack.cleanup.manager [-] Deleting nova.servers object s_rally_3ccf883d_iCQcoaNZ_0 (f86711f4-2579-41a7-b388-0688bc1b8928)
2019-12-16 02:43:55.395 727 RALLYDEBUG rally_openstack.cleanup.manager [-] Deleting nova.servers object s_rally_3ccf883d_AHt80fQd_1 (565c49b6-e8b6-4d0d-a4c4-ba221e0dafb6)
2019-12-16 02:43:55.419 727 RALLYDEBUG rally_openstack.cleanup.manager [-] Deleting nova.servers object s_rally_3ccf883d_d17oAZDv_1 (92c71988-f957-4763-a9fa-f3ca75702f87)
2019-12-16 02:43:55.434 727 RALLYDEBUG rally_openstack.cleanup.manager [-] Deleting nova.servers object s_rally_3ccf883d_yivTD9MK_1 (932bd18a-d78f-4046-986d-031484892148)
2019-12-16 02:43:55.444 727 RALLYDEBUG rally_openstack.cleanup.manager [-] Deleting nova.servers object s_rally_3ccf883d_AHt80fQd_0 (27b2f9be-e2dd-4047-83fa-f8fca031c31d)
2019-12-16 02:43:55.448 727 RALLYDEBUG rally_openstack.cleanup.manager [-] Deleting nova.servers object s_rally_3ccf883d_d17oAZDv_0 (bcdc2315-ae1a-4505-89c0-0bca08f7a552)
2019-12-16 02:43:55.473 727 RALLYDEBUG rally_openstack.cleanup.manager [-] Deleting nova.servers object s_rally_3ccf883d_yivTD9MK_0 (f402eba9-9dac-472a-8561-8099289e4cef)
2019-12-16 02:43:55.481 727 RALLYDEBUG rally_openstack.cleanup.manager [-] Deleting nova.servers object s_rally_3ccf883d_9uFgDy7C_1 (10c8e404-ae89-4d70-bef4-94ba53621bc1)
2019-12-16 02:43:55.488 727 RALLYDEBUG rally_openstack.cleanup.manager [-] Deleting nova.servers object s_rally_3ccf883d_9uFgDy7C_0 (7da377c2-7580-4bb3-b842-b5d3592686b6)
2019-12-16 02:43:55.495 727 RALLYDEBUG rally_openstack.cleanup.manager [-] Deleting nova.servers object s_rally_3ccf883d_Uw0LaDlG_1 (4b7d887e-cea8-4434-b19c-0bd8b26422f8)
2019-12-16 02:43:55.504 727 RALLYDEBUG rally_openstack.cleanup.manager [-] Deleting nova.servers object s_rally_3ccf883d_Uw0LaDlG_0 (ea5ef4d2-ea08-44e9-bd4c-3edad03fdd9b)
2019-12-16 02:43:55.540 727 RALLYDEBUG rally_openstack.cleanup.manager [-] Deleting nova.servers object s_rally_3ccf883d_jwETa1Rk_1 (cd4a5aa5-6197-4c08-8f6c-6943591848c6)
2019-12-16 02:43:55.553 727 RALLYDEBUG rally_openstack.cleanup.manager [-] Deleting nova.servers object s_rally_3ccf883d_jwETa1Rk_0 (90129d74-df47-4bf3-aad1-555f9d16e0bb)
2019-12-16 02:43:55.559 727 RALLYDEBUG rally_openstack.cleanup.manager [-] Deleting nova.servers object s_rally_3ccf883d_bXojuoMi_1 (64031781-74ee-4ccc-9a5d-b5c221cd7733)
2019-12-16 02:43:55.586 727 RALLYDEBUG rally_openstack.cleanup.manager [-] Deleting nova.servers object s_rally_3ccf883d_bXojuoMi_0 (272bc920-fbf4-408e-bfe9-2aa0521798e2)
2019-12-16 02:44:04.922 727 RALLYDEBUG rally_openstack.cleanup.manager [-] Cleaning up nova server_groups objects
2019-12-16 02:44:06.106 727 RALLYDEBUG rally_openstack.cleanup.manager [-] Cleaning up nova keypairs objects
2019-12-16 02:44:08.337 727 RALLYDEBUG rally_openstack.cleanup.manager [-] Cleaning up glance images objects
2019-12-16 02:44:09.644 727 RALLYDEBUG rally_openstack.cleanup.manager [-] Deleting glance.images object s_rally_3ccf883d_YpZqgxJ9 (77acf8ae-65d0-4c84-8b34-5b8e5915974a)
2019-12-16 02:44:09.655 727 RALLYDEBUG rally_openstack.cleanup.manager [-] Deleting glance.images object s_rally_3ccf883d_87ynFMXK (681fa843-d778-40be-b411-07bdbe463267)
2019-12-16 02:44:09.664 727 RALLYDEBUG rally_openstack.cleanup.manager [-] Deleting glance.images object s_rally_3ccf883d_SVMqxZPn (a4ae1140-206d-4c52-90a5-202a7d00420e)
2019-12-16 02:44:09.669 727 RALLYDEBUG rally_openstack.cleanup.manager [-] Deleting glance.images object s_rally_3ccf883d_A65h9nTF (920ea537-f501-4666-96c4-a2271d806703)
2019-12-16 02:44:09.683 727 RALLYDEBUG rally_openstack.cleanup.manager [-] Deleting glance.images object s_rally_3ccf883d_xKIglJYp (90252290-a130-4f2c-bf52-21176ffad6f5)
2019-12-16 02:44:09.699 727 RALLYDEBUG rally_openstack.cleanup.manager [-] Deleting glance.images object s_rally_3ccf883d_aBykVZlA (8f6686dc-a4e9-46c4-8b03-db32a6ad9d92)
2019-12-16 02:44:09.708 727 RALLYDEBUG rally_openstack.cleanup.manager [-] Deleting glance.images object s_rally_3ccf883d_l8YyJcSu (f6426da0-9e62-4707-962c-8046cb6fce60)
2019-12-16 02:44:09.725 727 RALLYDEBUG rally_openstack.cleanup.manager [-] Deleting glance.images object s_rally_3ccf883d_4cdiSaRm (ede33e81-8386-4b3a-8915-352ac36e0981)
2019-12-16 02:44:09.730 727 RALLYDEBUG rally_openstack.cleanup.manager [-] Deleting glance.images object s_rally_3ccf883d_Vpc7zNh6 (ce50fda1-36bc-438e-af5b-acb5a5123013)
2019-12-16 02:44:09.746 727 RALLYDEBUG rally_openstack.cleanup.manager [-] Deleting glance.images object s_rally_3ccf883d_lH2ImQYU (86af9064-b960-44db-989b-77e467689ca3)
2019-12-16 02:44:10.199 727 DEBUG glanceclient.common.http [-] Request returned failure status 404. _handle_response /usr/lib/python3.6/site-packages/glanceclient/common/http.py:125
2019-12-16 02:44:10.200 727 DEBUG glanceclient.common.http [-] Request returned failure status 404. _handle_response /usr/lib/python3.6/site-packages/glanceclient/common/http.py:125
2019-12-16 02:44:10.220 727 DEBUG glanceclient.common.http [-] Request returned failure status 404. _handle_response /usr/lib/python3.6/site-packages/glanceclient/common/http.py:125
2019-12-16 02:44:10.226 727 DEBUG glanceclient.common.http [-] Request returned failure status 404. _handle_response /usr/lib/python3.6/site-packages/glanceclient/common/http.py:125
2019-12-16 02:44:10.228 727 DEBUG glanceclient.common.http [-] Request returned failure status 404. _handle_response /usr/lib/python3.6/site-packages/glanceclient/common/http.py:125
2019-12-16 02:44:10.243 727 DEBUG glanceclient.common.http [-] Request returned failure status 404. _handle_response /usr/lib/python3.6/site-packages/glanceclient/common/http.py:125
2019-12-16 02:44:10.254 727 DEBUG glanceclient.common.http [-] Request returned failure status 404. _handle_response /usr/lib/python3.6/site-packages/glanceclient/common/http.py:125
2019-12-16 02:44:10.282 727 DEBUG glanceclient.common.http [-] Request returned failure status 404. _handle_response /usr/lib/python3.6/site-packages/glanceclient/common/http.py:125
2019-12-16 02:44:10.283 727 DEBUG glanceclient.common.http [-] Request returned failure status 404. _handle_response /usr/lib/python3.6/site-packages/glanceclient/common/http.py:125
2019-12-16 02:44:10.287 727 DEBUG glanceclient.common.http [-] Request returned failure status 404. _handle_response /usr/lib/python3.6/site-packages/glanceclient/common/http.py:125
2019-12-16 02:44:10.289 727 DEBUG glanceclient.common.http [-] Request returned failure status 404. _handle_response /usr/lib/python3.6/site-packages/glanceclient/common/http.py:125
2019-12-16 02:44:10.291 727 DEBUG glanceclient.common.http [-] Request returned failure status 404. _handle_response /usr/lib/python3.6/site-packages/glanceclient/common/http.py:125
2019-12-16 02:44:10.295 727 DEBUG glanceclient.common.http [-] Request returned failure status 404. _handle_response /usr/lib/python3.6/site-packages/glanceclient/common/http.py:125
2019-12-16 02:44:10.300 727 DEBUG glanceclient.common.http [-] Request returned failure status 404. _handle_response /usr/lib/python3.6/site-packages/glanceclient/common/http.py:125
2019-12-16 02:44:10.301 727 DEBUG glanceclient.common.http [-] Request returned failure status 404. _handle_response /usr/lib/python3.6/site-packages/glanceclient/common/http.py:125
2019-12-16 02:44:10.305 727 DEBUG glanceclient.common.http [-] Request returned failure status 404. _handle_response /usr/lib/python3.6/site-packages/glanceclient/common/http.py:125
2019-12-16 02:44:10.316 727 DEBUG glanceclient.common.http [-] Request returned failure status 404. _handle_response /usr/lib/python3.6/site-packages/glanceclient/common/http.py:125
2019-12-16 02:44:10.317 727 DEBUG glanceclient.common.http [-] Request returned failure status 404. _handle_response /usr/lib/python3.6/site-packages/glanceclient/common/http.py:125
2019-12-16 02:44:10.320 727 DEBUG glanceclient.common.http [-] Request returned failure status 404. _handle_response /usr/lib/python3.6/site-packages/glanceclient/common/http.py:125
2019-12-16 02:44:10.328 727 DEBUG glanceclient.common.http [-] Request returned failure status 404. _handle_response /usr/lib/python3.6/site-packages/glanceclient/common/http.py:125
2019-12-16 02:44:11.331 727 INFO rally.task.context [-] Task cf3e725b-7db9-43f6-8de2-b05f3a0f9046 | Context cleanup@openstack cleanup() finished in 18.27 sec
2019-12-16 02:44:11.331 727 INFO rally.task.context [-] Task cf3e725b-7db9-43f6-8de2-b05f3a0f9046 | Context quotas@openstack cleanup() started
2019-12-16 02:44:11.388 727 INFO rally.task.context [-] Task cf3e725b-7db9-43f6-8de2-b05f3a0f9046 | Context quotas@openstack cleanup() finished in 56.88 msec
2019-12-16 02:44:11.389 727 INFO rally.task.context [-] Task cf3e725b-7db9-43f6-8de2-b05f3a0f9046 | Context users@openstack cleanup() started
2019-12-16 02:44:15.303 727 INFO rally.task.context [-] Task cf3e725b-7db9-43f6-8de2-b05f3a0f9046 | Context users@openstack cleanup() finished in 3.91 sec
2019-12-16 02:44:16.876 727 INFO rally.task.engine [-] Load duration is: 50.898266
2019-12-16 02:44:16.877 727 INFO rally.task.engine [-] Full runner duration is: 52.636511
2019-12-16 02:44:16.877 727 INFO rally.task.engine [-] Full duration is: 78.802011
2019-12-16 02:44:17.488 727 INFO rally.task.engine [-] Running workload: position = 0 config = { "version": 2, "title": "A cropped version of a bigger task.", "description": "Auto-generated task from a single workload (uuid=9365a5cc-d539-4c57-a8ff-8f831aab5f9c)", "subtasks": [ { "title": "GlanceImages.create_and_deactivate_image", "description": "Create an image, then deactivate it.", "scenario": { "GlanceImages.create_and_deactivate_image": { "container_format": "bare", "disk_format": "qcow2", "image_location": "/home/opnfv/functest/images/cirros-0.4.0-x86_64-disk.img" } }, "contexts": { "users": { "tenants": 3, "users_per_tenant": 2 } }, "runner": { "constant": { "concurrency": 4, "times": 10 } }, "hooks": [], "sla": { "failure_rate": { "max": 0 } } } ] }
2019-12-16 02:44:17.515 727 RALLYDEBUG rally_openstack.contexts.keystone.users [-] Creating 3 tenants using 20 threads
2019-12-16 02:44:18.556 727 RALLYDEBUG rally_openstack.contexts.keystone.users [-] Creating 6 users using 20 threads
2019-12-16 02:44:20.103 727 INFO rally.task.context [-] Task cf3e725b-7db9-43f6-8de2-b05f3a0f9046 | Context users@openstack setup() finished in 2.59 sec
2019-12-16 02:44:20.104 727 INFO rally.task.context [-] Task cf3e725b-7db9-43f6-8de2-b05f3a0f9046 | Context cleanup@openstack setup() finished in 0.02 msec
2019-12-16 02:44:20.113 727 RALLYDEBUG rally.task.runner [-] Starting the constant runner (task UUID: cf3e725b-7db9-43f6-8de2-b05f3a0f9046). times: 10 concurrency: 4 timeout: 0 max_cpu_used: 16 processes_to_start: 4 concurrency_per_worker: 1 concurrency_overhead: 0
2019-12-16 02:44:20.124 1387 RALLYDEBUG rally.task.runner [-] Starting a worker. times: 10 duration: None concurrency: 1 timeout: 0 cls: method_name: run args: {"container_format": "bare", "disk_format": "qcow2", "image_location": "/home/opnfv/functest/images/cirros-0.4.0-x86_64-disk.img"}
2019-12-16 02:44:20.128 1388 RALLYDEBUG rally.task.runner [-] Starting a worker. times: 10 duration: None concurrency: 1 timeout: 0 cls: method_name: run args: {"container_format": "bare", "disk_format": "qcow2", "image_location": "/home/opnfv/functest/images/cirros-0.4.0-x86_64-disk.img"}
2019-12-16 02:44:20.131 1387 INFO rally.task.runner [-] Task cf3e725b-7db9-43f6-8de2-b05f3a0f9046 | ITER: 1 START
2019-12-16 02:44:20.131 1389 RALLYDEBUG rally.task.runner [-] Starting a worker. times: 10 duration: None concurrency: 1 timeout: 0 cls: method_name: run args: {"container_format": "bare", "disk_format": "qcow2", "image_location": "/home/opnfv/functest/images/cirros-0.4.0-x86_64-disk.img"}
2019-12-16 02:44:20.135 1388 INFO rally.task.runner [-] Task cf3e725b-7db9-43f6-8de2-b05f3a0f9046 | ITER: 2 START
2019-12-16 02:44:20.135 1390 RALLYDEBUG rally.task.runner [-] Starting a worker. times: 10 duration: None concurrency: 1 timeout: 0 cls: method_name: run args: {"container_format": "bare", "disk_format": "qcow2", "image_location": "/home/opnfv/functest/images/cirros-0.4.0-x86_64-disk.img"}
2019-12-16 02:44:20.139 1389 INFO rally.task.runner [-] Task cf3e725b-7db9-43f6-8de2-b05f3a0f9046 | ITER: 3 START
2019-12-16 02:44:20.141 1390 INFO rally.task.runner [-] Task cf3e725b-7db9-43f6-8de2-b05f3a0f9046 | ITER: 4 START
2019-12-16 02:44:23.101 1389 RALLYDEBUG rally.task.utils [-] Waiting for resource 'eba0d344-8dd8-41da-a33e-d24663156e52'. Status changed: NONE => QUEUED in 0.038692474365234375
2019-12-16 02:44:23.102 1390 RALLYDEBUG rally.task.utils [-] Waiting for resource 'ed84edfb-a5b4-483a-9a3c-a7d4d4ee897f'. Status changed: NONE => QUEUED in 0.03971672058105469
2019-12-16 02:44:23.102 1387 RALLYDEBUG rally.task.utils [-] Waiting for resource 'db3ef63b-1164-4241-a907-174075576011'. Status changed: NONE => QUEUED in 0.0356900691986084
2019-12-16 02:44:23.103 1388 RALLYDEBUG rally.task.utils [-] Waiting for resource '651d52bc-5a04-4058-b11a-3ceea2d7dbc7'. Status changed: NONE => QUEUED in 0.04014229774475098
2019-12-16 02:44:23.318 1388 RALLYDEBUG rally.task.utils [-] Waiting for resource s_rally_9365a5cc_lVQJtzZ2. Status changed: QUEUED => ACTIVE in 0.01789379119873047
2019-12-16 02:44:23.322 1390 RALLYDEBUG rally.task.utils [-] Waiting for resource s_rally_9365a5cc_wuMzcjaR. Status changed: QUEUED => ACTIVE in 0.018051624298095703
2019-12-16 02:44:23.358 1387 RALLYDEBUG rally.task.utils [-] Waiting for resource s_rally_9365a5cc_xEWOeS4E. Status changed: QUEUED => ACTIVE in 0.018228530883789062
2019-12-16 02:44:23.362 1389 RALLYDEBUG rally.task.utils [-] Waiting for resource s_rally_9365a5cc_mjyzx5mm. Status changed: QUEUED => ACTIVE in 0.01706552505493164
2019-12-16 02:44:23.384 1388 INFO rally.task.runner [-] Task cf3e725b-7db9-43f6-8de2-b05f3a0f9046 | ITER: 2 END: OK
2019-12-16 02:44:23.388 1388 INFO rally.task.runner [-] Task cf3e725b-7db9-43f6-8de2-b05f3a0f9046 | ITER: 5 START
2019-12-16 02:44:23.396 1390 INFO rally.task.runner [-] Task cf3e725b-7db9-43f6-8de2-b05f3a0f9046 | ITER: 4 END: OK
2019-12-16 02:44:23.401 1390 INFO rally.task.runner [-] Task cf3e725b-7db9-43f6-8de2-b05f3a0f9046 | ITER: 6 START
2019-12-16 02:44:23.405 1389 INFO rally.task.runner [-] Task cf3e725b-7db9-43f6-8de2-b05f3a0f9046 | ITER: 3 END: OK
2019-12-16 02:44:23.409 1389 INFO rally.task.runner [-] Task cf3e725b-7db9-43f6-8de2-b05f3a0f9046 | ITER: 7 START
2019-12-16 02:44:23.426 1387 INFO rally.task.runner [-] Task cf3e725b-7db9-43f6-8de2-b05f3a0f9046 | ITER: 1 END: OK
2019-12-16 02:44:23.430 1387 INFO rally.task.runner [-] Task cf3e725b-7db9-43f6-8de2-b05f3a0f9046 | ITER: 8 START
2019-12-16 02:44:26.158 1388 RALLYDEBUG rally.task.utils [-] Waiting for resource 'b6cf2e32-3856-470d-93bb-b20e0de9b490'. Status changed: NONE => QUEUED in 0.040642738342285156
2019-12-16 02:44:26.168 1390 RALLYDEBUG rally.task.utils [-] Waiting for resource 'a7fd99e2-d003-4287-a85b-f8744702d593'. Status changed: NONE => QUEUED in 0.03610086441040039
2019-12-16 02:44:26.229 1387 RALLYDEBUG rally.task.utils [-] Waiting for resource 'b004c3bf-1995-4782-9ea3-a84d3abec2a4'. Status changed: NONE => QUEUED in 0.04001426696777344
2019-12-16 02:44:26.259 1389 RALLYDEBUG rally.task.utils [-] Waiting for resource '4806bf47-e2f3-4930-b579-d9f548d5bcc5'. Status changed: NONE => QUEUED in 0.03884077072143555
2019-12-16 02:44:26.372 1388 RALLYDEBUG rally.task.utils [-] Waiting for resource s_rally_9365a5cc_7vdpGjXX. Status changed: QUEUED => ACTIVE in 0.023227214813232422
2019-12-16 02:44:26.396 1390 RALLYDEBUG rally.task.utils [-] Waiting for resource s_rally_9365a5cc_Ajz4zFAd. Status changed: QUEUED => ACTIVE in 0.01983189582824707
2019-12-16 02:44:26.434 1388 INFO rally.task.runner [-] Task cf3e725b-7db9-43f6-8de2-b05f3a0f9046 | ITER: 5 END: OK
2019-12-16 02:44:26.437 1388 INFO rally.task.runner [-] Task cf3e725b-7db9-43f6-8de2-b05f3a0f9046 | ITER: 9 START
