2019-12-16 03:32:56.737 20125 INFO rally.task.runner [-] Task a17d2ce6-4f4c-438d-bb8b-c9a3a19701c8 | ITER: 10 END: OK
2019-12-16 03:32:56.760 13785 INFO rally.task.context [-] Task a17d2ce6-4f4c-438d-bb8b-c9a3a19701c8 | Context cleanup@openstack cleanup() started
2019-12-16 03:32:56.764 13785 RALLYDEBUG rally_openstack.cleanup.manager [-] Cleaning up neutron vip objects
2019-12-16 03:32:58.024 13785 RALLYDEBUG rally_openstack.cleanup.manager [-] Cleaning up neutron health_monitor objects
2019-12-16 03:32:59.120 13785 RALLYDEBUG rally_openstack.cleanup.manager [-] Cleaning up neutron pool objects
2019-12-16 03:33:00.193 13785 RALLYDEBUG rally_openstack.cleanup.manager [-] Cleaning up neutron loadbalancer objects
2019-12-16 03:33:01.259 13785 RALLYDEBUG rally_openstack.cleanup.manager [-] Cleaning up neutron floatingip objects
2019-12-16 03:33:02.429 13785 RALLYDEBUG rally_openstack.cleanup.manager [-] Cleaning up neutron trunk objects
2019-12-16 03:33:03.515 13785 RALLYDEBUG rally_openstack.cleanup.manager [-] Cleaning up neutron port objects
2019-12-16 03:33:04.785 13785 RALLYDEBUG rally_openstack.cleanup.manager [-] Cleaning up neutron subnet objects
2019-12-16 03:33:06.022 13785 RALLYDEBUG rally_openstack.cleanup.manager [-] Deleting neutron.subnet object s_rally_85ba1e00_907C41TJ (1bcb8fed-8cd9-4b1d-82a1-0603a66ee6b4)
2019-12-16 03:33:06.032 13785 RALLYDEBUG rally_openstack.cleanup.manager [-] Deleting neutron.subnet object s_rally_85ba1e00_MQXSRGv3 (3c797024-e89f-4049-85a5-80cbb63d84dd)
2019-12-16 03:33:06.040 13785 RALLYDEBUG rally_openstack.cleanup.manager [-] Deleting neutron.subnet object s_rally_85ba1e00_oPhCyQN2 (4aae654e-9e5d-46c5-8fe0-32b8d17159cd)
2019-12-16 03:33:06.049 13785 RALLYDEBUG rally_openstack.cleanup.manager [-] Deleting neutron.subnet object s_rally_85ba1e00_B6LxEQ6k (882cf134-d610-461d-add6-60014a1839db)
2019-12-16 03:33:06.059 13785 RALLYDEBUG rally_openstack.cleanup.manager [-] Deleting neutron.subnet object s_rally_85ba1e00_EwAegMux (a57585c2-f241-43b5-8adc-546ab44415fa)
2019-12-16 03:33:06.070 13785 RALLYDEBUG rally_openstack.cleanup.manager [-] Deleting neutron.subnet object s_rally_85ba1e00_1I1nTrPw (b3f0b64c-3bf7-4449-b2bc-368642189f18)
2019-12-16 03:33:06.084 13785 RALLYDEBUG rally_openstack.cleanup.manager [-] Deleting neutron.subnet object s_rally_85ba1e00_NFZlqeLp (378e080d-f3ce-4f09-b395-4b2478a67fef)
2019-12-16 03:33:06.099 13785 RALLYDEBUG rally_openstack.cleanup.manager [-] Deleting neutron.subnet object s_rally_85ba1e00_ZwRS0jCS (482f99be-ac6b-457d-bf7b-ee68a9bfc76b)
2019-12-16 03:33:06.113 13785 RALLYDEBUG rally_openstack.cleanup.manager [-] Deleting neutron.subnet object s_rally_85ba1e00_TlFlDcZp (53ce5673-73ac-42b5-98bc-6dcdb298ee40)
2019-12-16 03:33:06.119 13785 RALLYDEBUG rally_openstack.cleanup.manager [-] Deleting neutron.subnet object s_rally_85ba1e00_tdY52ESG (636f1d4b-d49f-488c-892d-c892606205da)
2019-12-16 03:33:06.132 13785 RALLYDEBUG rally_openstack.cleanup.manager [-] Deleting neutron.subnet object s_rally_85ba1e00_jf3XVXwd (739cba06-4ce9-4d13-bf09-7e69caa84127)
2019-12-16 03:33:06.138 13785 RALLYDEBUG rally_openstack.cleanup.manager [-] Deleting neutron.subnet object s_rally_85ba1e00_B5VlTnaE (89cdfb22-55c5-4dd9-bd83-0cac33ca545a)
2019-12-16 03:33:06.145 13785 RALLYDEBUG rally_openstack.cleanup.manager [-] Deleting neutron.subnet object s_rally_85ba1e00_QgH0MP8x (8bce5315-8197-4e20-9538-e2c05a9a58bf)
2019-12-16 03:33:06.169 13785 RALLYDEBUG rally_openstack.cleanup.manager [-] Deleting neutron.subnet object s_rally_85ba1e00_lgIjMKQc (92566f92-b3d4-485e-ac3f-1409046dc951)
2019-12-16 03:33:06.177 13785 RALLYDEBUG rally_openstack.cleanup.manager [-] Deleting neutron.subnet object s_rally_85ba1e00_zxYFeUEU (b1f64913-f85d-443b-a502-4d1f2315a2a7)
2019-12-16 03:33:06.185 13785 RALLYDEBUG rally_openstack.cleanup.manager [-] Deleting neutron.subnet object s_rally_85ba1e00_5j2lYFEA (cd6c65d8-9de7-470c-a122-ec71bb6a168e)
2019-12-16 03:33:06.216 13785 RALLYDEBUG rally_openstack.cleanup.manager [-] Deleting neutron.subnet object s_rally_85ba1e00_O4V0PcNt (d159eb44-f36b-4213-bcf1-6de2ee969321)
2019-12-16 03:33:06.236 13785 RALLYDEBUG rally_openstack.cleanup.manager [-] Deleting neutron.subnet object s_rally_85ba1e00_iovkatPl (ecc54107-3609-43a6-99be-8aeb57f6af94)
2019-12-16 03:33:06.259 13785 RALLYDEBUG rally_openstack.cleanup.manager [-] Deleting neutron.subnet object s_rally_85ba1e00_a6mLIG6e (f117402d-259d-4605-a1c1-b9cc4aa40089)
2019-12-16 03:33:06.270 13785 RALLYDEBUG rally_openstack.cleanup.manager [-] Deleting neutron.subnet object s_rally_85ba1e00_FitUwWV6 (fc80acdf-faf7-4c6d-a1a4-28ad04c62d75)
2019-12-16 03:33:18.179 13785 RALLYDEBUG rally_openstack.cleanup.manager [-] Cleaning up neutron network objects
2019-12-16 03:33:19.527 13785 RALLYDEBUG rally_openstack.cleanup.manager [-] Cleaning up neutron router objects
2019-12-16 03:33:20.703 13785 RALLYDEBUG rally_openstack.cleanup.manager [-] Cleaning up neutron security_group objects
2019-12-16 03:33:21.892 13785 INFO rally.task.context [-] Task a17d2ce6-4f4c-438d-bb8b-c9a3a19701c8 | Context cleanup@openstack cleanup() finished in 25.13 sec
2019-12-16 03:33:21.892 13785 INFO rally.task.context [-] Task a17d2ce6-4f4c-438d-bb8b-c9a3a19701c8 | Context network@openstack cleanup() started
2019-12-16 03:33:34.145 13785 INFO rally.task.context [-] Task a17d2ce6-4f4c-438d-bb8b-c9a3a19701c8 | Context network@openstack cleanup() finished in 12.25 sec
2019-12-16 03:33:34.146 13785 INFO rally.task.context [-] Task a17d2ce6-4f4c-438d-bb8b-c9a3a19701c8 | Context quotas@openstack cleanup() started
2019-12-16 03:33:34.377 13785 INFO rally.task.context [-] Task a17d2ce6-4f4c-438d-bb8b-c9a3a19701c8 | Context quotas@openstack cleanup() finished in 0.23 sec
2019-12-16 03:33:34.378 13785 INFO rally.task.context [-] Task a17d2ce6-4f4c-438d-bb8b-c9a3a19701c8 | Context users@openstack cleanup() started
2019-12-16 03:33:38.658 13785 INFO rally.task.context [-] Task a17d2ce6-4f4c-438d-bb8b-c9a3a19701c8 | Context users@openstack cleanup() finished in 4.28 sec
2019-12-16 03:33:38.721 13785 INFO rally.task.engine [-] Load duration is: 5.892981
2019-12-16 03:33:38.721 13785 INFO rally.task.engine [-] Full runner duration is: 5.937079
2019-12-16 03:33:38.721 13785 INFO rally.task.engine [-] Full duration is: 54.222681
2019-12-16 03:33:38.985 13785 INFO rally.task.engine [-] Task a17d2ce6-4f4c-438d-bb8b-c9a3a19701c8 | Completed: Running task.
2019-12-16 03:33:40.442 20407 RALLYDEBUG rally.api [-] INFO logs from urllib3 and requests module are hide.
2019-12-16 03:33:40.442 20407 RALLYDEBUG rally.api [-] urllib3 insecure warnings are hidden.
2019-12-16 03:33:40.442 20407 RALLYDEBUG rally.api [-] ERROR log from boto module is hide.
2019-12-16 03:33:41.746 20408 RALLYDEBUG rally.api [-] INFO logs from urllib3 and requests module are hide.
2019-12-16 03:33:41.746 20408 RALLYDEBUG rally.api [-] urllib3 insecure warnings are hidden.
2019-12-16 03:33:41.747 20408 RALLYDEBUG rally.api [-] ERROR log from boto module is hide.
2019-12-16 03:33:42.900 20409 RALLYDEBUG rally.api [-] INFO logs from urllib3 and requests module are hide.
2019-12-16 03:33:42.901 20409 RALLYDEBUG rally.api [-] urllib3 insecure warnings are hidden.
2019-12-16 03:33:42.901 20409 RALLYDEBUG rally.api [-] ERROR log from boto module is hide.
2019-12-16 03:33:44.590 20409 INFO rally.api [-] Building 'json' report for the following task(s): 'a17d2ce6-4f4c-438d-bb8b-c9a3a19701c8'.
2019-12-16 03:33:44.629 20409 INFO rally.api [-] The report has been successfully built.
2019-12-16 03:33:46.022 20411 RALLYDEBUG rally.api [-] INFO logs from urllib3 and requests module are hide.
2019-12-16 03:33:46.022 20411 RALLYDEBUG rally.api [-] urllib3 insecure warnings are hidden.
2019-12-16 03:33:46.022 20411 RALLYDEBUG rally.api [-] ERROR log from boto module is hide.
2019-12-16 03:33:48.104 20411 INFO rally.task.engine [-] Task 5c4ae9b0-0d7d-428b-8cce-b39aab5a9323 | Starting: Task validation.
2019-12-16 03:33:48.165 20411 INFO rally.task.engine [-] Task 5c4ae9b0-0d7d-428b-8cce-b39aab5a9323 | Starting: Task validation of syntax.
2019-12-16 03:33:48.515 20411 INFO rally.task.engine [-] Task 5c4ae9b0-0d7d-428b-8cce-b39aab5a9323 | Completed: Task validation of syntax.
2019-12-16 03:33:48.515 20411 INFO rally.task.engine [-] Task 5c4ae9b0-0d7d-428b-8cce-b39aab5a9323 | Starting: Task validation of required platforms.
2019-12-16 03:33:48.652 20411 INFO rally.task.engine [-] Task 5c4ae9b0-0d7d-428b-8cce-b39aab5a9323 | Completed: Task validation of required platforms.
2019-12-16 03:33:48.652 20411 INFO rally.task.engine [-] Task 5c4ae9b0-0d7d-428b-8cce-b39aab5a9323 | Starting: Task validation of semantic.
2019-12-16 03:33:48.652 20411 INFO rally.task.engine [-] Check health of the environment '15dcd1f7-659f-45e1-9a78-ce52478d58f0'.
2019-12-16 03:33:49.589 20411 INFO rally.task.engine [-] Platform existing@openstack (available: True): OK!
2019-12-16 03:33:49.608 20411 RALLYDEBUG rally_openstack.contexts.keystone.users [-] Creating 1 tenants using 20 threads
2019-12-16 03:33:50.466 20411 RALLYDEBUG rally_openstack.contexts.keystone.users [-] Creating 1 users using 20 threads
2019-12-16 03:33:51.782 20411 INFO rally.task.context [-] Task 5c4ae9b0-0d7d-428b-8cce-b39aab5a9323 | Context users@openstack setup() finished in 2.17 sec
2019-12-16 03:34:31.085 20411 INFO rally.task.context [-] Task 5c4ae9b0-0d7d-428b-8cce-b39aab5a9323 | Context users@openstack cleanup() started
2019-12-16 03:34:33.780 20411 INFO rally.task.context [-] Task 5c4ae9b0-0d7d-428b-8cce-b39aab5a9323 | Context users@openstack cleanup() finished in 2.69 sec
2019-12-16 03:34:33.782 20411 INFO rally.task.engine [-] Task 5c4ae9b0-0d7d-428b-8cce-b39aab5a9323 | Completed: Task validation of semantic.
2019-12-16 03:34:33.782 20411 INFO rally.task.engine [-] Task 5c4ae9b0-0d7d-428b-8cce-b39aab5a9323 | Completed: Task validation.
2019-12-16 03:34:33.783 20411 INFO rally.api [-] Task 5c4ae9b0-0d7d-428b-8cce-b39aab5a9323 input file is valid.
2019-12-16 03:34:33.783 20411 INFO rally.api [-] Run Task 5c4ae9b0-0d7d-428b-8cce-b39aab5a9323 against Deployment 15dcd1f7-659f-45e1-9a78-ce52478d58f0
2019-12-16 03:34:33.784 20411 INFO rally.task.engine [-] Task 5c4ae9b0-0d7d-428b-8cce-b39aab5a9323 | Starting: Running task.
2019-12-16 03:34:33.969 20411 INFO rally.task.engine [-] Running workload: position = 0 config = { "version": 2, "title": "A cropped version of a bigger task.", "description": "Auto-generated task from a single workload (uuid=4a31cc2f-d9d5-4d3d-8ded-178dd0d57925)", "subtasks": [ { "title": "NovaKeypair.create_and_delete_keypair", "description": "Create a keypair with random name and delete keypair.", "scenario": { "NovaKeypair.create_and_delete_keypair": {} }, "contexts": { "users": { "tenants": 3, "users_per_tenant": 2 }, "quotas": { "nova": { "cores": -1, "floating_ips": -1, "instances": -1, "key_pairs": -1, "ram": -1, "security_group_rules": -1, "security_groups": -1 } } }, "runner": { "constant": { "concurrency": 4, "times": 10 } }, "hooks": [], "sla": { "failure_rate": { "max": 0 } } } ] }
2019-12-16 03:34:33.985 20411 RALLYDEBUG rally_openstack.contexts.keystone.users [-] Creating 3 tenants using 20 threads
2019-12-16 03:34:34.903 20411 RALLYDEBUG rally_openstack.contexts.keystone.users [-] Creating 6 users using 20 threads
2019-12-16 03:34:36.397 20411 INFO rally.task.context [-] Task 5c4ae9b0-0d7d-428b-8cce-b39aab5a9323 | Context users@openstack setup() finished in 2.41 sec
2019-12-16 03:34:37.525 20411 INFO rally.task.context [-] Task 5c4ae9b0-0d7d-428b-8cce-b39aab5a9323 | Context quotas@openstack setup() finished in 1.13 sec
2019-12-16 03:34:37.526 20411 INFO rally.task.context [-] Task 5c4ae9b0-0d7d-428b-8cce-b39aab5a9323 | Context cleanup@openstack setup() finished in 0.04 msec
2019-12-16 03:34:37.535 20411 RALLYDEBUG rally.task.runner [-] Starting the constant runner (task UUID: 5c4ae9b0-0d7d-428b-8cce-b39aab5a9323). times: 10 concurrency: 4 timeout: 0 max_cpu_used: 16 processes_to_start: 4 concurrency_per_worker: 1 concurrency_overhead: 0
2019-12-16 03:34:37.550 20535 RALLYDEBUG rally.task.runner [-] Starting a worker. times: 10 duration: None concurrency: 1 timeout: 0 cls: method_name: run args: {}
2019-12-16 03:34:37.554 20536 RALLYDEBUG rally.task.runner [-] Starting a worker. times: 10 duration: None concurrency: 1 timeout: 0 cls: method_name: run args: {}
2019-12-16 03:34:37.558 20535 INFO rally.task.runner [-] Task 5c4ae9b0-0d7d-428b-8cce-b39aab5a9323 | ITER: 1 START
2019-12-16 03:34:37.557 20537 RALLYDEBUG rally.task.runner [-] Starting a worker. times: 10 duration: None concurrency: 1 timeout: 0 cls: method_name: run args: {}
2019-12-16 03:34:37.560 20536 INFO rally.task.runner [-] Task 5c4ae9b0-0d7d-428b-8cce-b39aab5a9323 | ITER: 2 START
2019-12-16 03:34:37.561 20538 RALLYDEBUG rally.task.runner [-] Starting a worker. times: 10 duration: None concurrency: 1 timeout: 0 cls: method_name: run args: {}
2019-12-16 03:34:37.564 20537 INFO rally.task.runner [-] Task 5c4ae9b0-0d7d-428b-8cce-b39aab5a9323 | ITER: 3 START
2019-12-16 03:34:37.567 20538 INFO rally.task.runner [-] Task 5c4ae9b0-0d7d-428b-8cce-b39aab5a9323 | ITER: 4 START
2019-12-16 03:34:38.192 20535 INFO rally.task.runner [-] Task 5c4ae9b0-0d7d-428b-8cce-b39aab5a9323 | ITER: 1 END: OK
2019-12-16 03:34:38.196 20535 INFO rally.task.runner [-] Task 5c4ae9b0-0d7d-428b-8cce-b39aab5a9323 | ITER: 5 START
2019-12-16 03:34:38.299 20538 INFO rally.task.runner [-] Task 5c4ae9b0-0d7d-428b-8cce-b39aab5a9323 | ITER: 4 END: OK
2019-12-16 03:34:38.303 20538 INFO rally.task.runner [-] Task 5c4ae9b0-0d7d-428b-8cce-b39aab5a9323 | ITER: 6 START
2019-12-16 03:34:38.421 20536 INFO rally.task.runner [-] Task 5c4ae9b0-0d7d-428b-8cce-b39aab5a9323 | ITER: 2 END: OK
2019-12-16 03:34:38.426 20536 INFO rally.task.runner [-] Task 5c4ae9b0-0d7d-428b-8cce-b39aab5a9323 | ITER: 7 START
2019-12-16 03:34:38.427 20537 INFO rally.task.runner [-] Task 5c4ae9b0-0d7d-428b-8cce-b39aab5a9323 | ITER: 3 END: OK
2019-12-16 03:34:38.431 20537 INFO rally.task.runner [-] Task 5c4ae9b0-0d7d-428b-8cce-b39aab5a9323 | ITER: 8 START
2019-12-16 03:34:38.790 20535 INFO rally.task.runner [-] Task 5c4ae9b0-0d7d-428b-8cce-b39aab5a9323 | ITER: 5 END: OK
2019-12-16 03:34:38.793 20535 INFO rally.task.runner [-] Task 5c4ae9b0-0d7d-428b-8cce-b39aab5a9323 | ITER: 9 START
2019-12-16 03:34:38.848 20538 INFO rally.task.runner [-] Task 5c4ae9b0-0d7d-428b-8cce-b39aab5a9323 | ITER: 6 END: OK
2019-12-16 03:34:38.851 20538 INFO rally.task.runner [-] Task 5c4ae9b0-0d7d-428b-8cce-b39aab5a9323 | ITER: 10 START
2019-12-16 03:34:39.130 20537 INFO rally.task.runner [-] Task 5c4ae9b0-0d7d-428b-8cce-b39aab5a9323 | ITER: 8 END: OK
2019-12-16 03:34:39.190 20536 INFO rally.task.runner [-] Task 5c4ae9b0-0d7d-428b-8cce-b39aab5a9323 | ITER: 7 END: OK
2019-12-16 03:34:39.361 20535 INFO rally.task.runner [-] Task 5c4ae9b0-0d7d-428b-8cce-b39aab5a9323 | ITER: 9 END: OK
2019-12-16 03:34:39.365 20538 INFO rally.task.runner [-] Task 5c4ae9b0-0d7d-428b-8cce-b39aab5a9323 | ITER: 10 END: OK
2019-12-16 03:34:39.388 20411 INFO rally.task.context [-] Task 5c4ae9b0-0d7d-428b-8cce-b39aab5a9323 | Context cleanup@openstack cleanup() started
2019-12-16 03:34:39.392 20411 RALLYDEBUG rally_openstack.cleanup.manager [-] Cleaning up nova servers objects
2019-12-16 03:34:40.879 20411 RALLYDEBUG rally_openstack.cleanup.manager [-] Cleaning up nova server_groups objects
2019-12-16 03:34:42.006 20411 RALLYDEBUG rally_openstack.cleanup.manager [-] Cleaning up nova keypairs objects
2019-12-16 03:34:44.232 20411 INFO rally.task.context [-] Task 5c4ae9b0-0d7d-428b-8cce-b39aab5a9323 | Context cleanup@openstack cleanup() finished in 4.84 sec
2019-12-16 03:34:44.233 20411 INFO rally.task.context [-] Task 5c4ae9b0-0d7d-428b-8cce-b39aab5a9323 | Context quotas@openstack cleanup() started
2019-12-16 03:34:44.285 20411 INFO rally.task.context [-] Task 5c4ae9b0-0d7d-428b-8cce-b39aab5a9323 | Context quotas@openstack cleanup() finished in 52.89 msec
2019-12-16 03:34:44.286 20411 INFO rally.task.context [-] Task 5c4ae9b0-0d7d-428b-8cce-b39aab5a9323 | Context users@openstack cleanup() started
2019-12-16 03:34:48.564 20411 INFO rally.task.context [-] Task 5c4ae9b0-0d7d-428b-8cce-b39aab5a9323 | Context users@openstack cleanup() finished in 4.28 sec
2019-12-16 03:34:50.092 20411 INFO rally.task.engine [-] Load duration is: 1.805694
2019-12-16 03:34:50.093 20411 INFO rally.task.engine [-] Full runner duration is: 1.853477
2019-12-16 03:34:50.093 20411 INFO rally.task.engine [-] Full duration is: 14.580483
2019-12-16 03:34:50.431 20411 INFO rally.task.engine [-] Running workload: position = 0 config = { "version": 2, "title": "A cropped version of a bigger task.", "description": "Auto-generated task from a single workload (uuid=2185ba30-c4d8-4a86-afd2-77a47c30ab81)", "subtasks": [ { "title": "NovaKeypair.create_and_list_keypairs", "description": "Create a keypair with random name and list keypairs.", "scenario": { "NovaKeypair.create_and_list_keypairs": {} }, "contexts": { "users": { "tenants": 3, "users_per_tenant": 2 }, "quotas": { "nova": { "cores": -1, "floating_ips": -1, "instances": -1, "key_pairs": -1, "ram": -1, "security_group_rules": -1, "security_groups": -1 } } }, "runner": { "constant": { "concurrency": 4, "times": 10 } }, "hooks": [], "sla": { "failure_rate": { "max": 0 } } } ] }
2019-12-16 03:34:50.455 20411 RALLYDEBUG rally_openstack.contexts.keystone.users [-] Creating 3 tenants using 20 threads
2019-12-16 03:34:51.457 20411 RALLYDEBUG rally_openstack.contexts.keystone.users [-] Creating 6 users using 20 threads
2019-12-16 03:34:53.002 20411 INFO rally.task.context [-] Task 5c4ae9b0-0d7d-428b-8cce-b39aab5a9323 | Context users@openstack setup() finished in 2.55 sec
2019-12-16 03:34:53.999 20411 INFO rally.task.context [-] Task 5c4ae9b0-0d7d-428b-8cce-b39aab5a9323 | Context quotas@openstack setup() finished in 1.00 sec
2019-12-16 03:34:53.999 20411 INFO rally.task.context [-] Task 5c4ae9b0-0d7d-428b-8cce-b39aab5a9323 | Context cleanup@openstack setup() finished in 0.01 msec
2019-12-16 03:34:54.008 20411 RALLYDEBUG rally.task.runner [-] Starting the constant runner (task UUID: 5c4ae9b0-0d7d-428b-8cce-b39aab5a9323). times: 10 concurrency: 4 timeout: 0 max_cpu_used: 16 processes_to_start: 4 concurrency_per_worker: 1 concurrency_overhead: 0
2019-12-16 03:34:54.020 20699 RALLYDEBUG rally.task.runner [-] Starting a worker. times: 10 duration: None concurrency: 1 timeout: 0 cls: method_name: run args: {}
2019-12-16 03:34:54.023 20700 RALLYDEBUG rally.task.runner [-] Starting a worker. times: 10 duration: None concurrency: 1 timeout: 0 cls: method_name: run args: {}
2019-12-16 03:34:54.027 20699 INFO rally.task.runner [-] Task 5c4ae9b0-0d7d-428b-8cce-b39aab5a9323 | ITER: 1 START
2019-12-16 03:34:54.027 20701 RALLYDEBUG rally.task.runner [-] Starting a worker. times: 10 duration: None concurrency: 1 timeout: 0 cls: method_name: run args: {}
2019-12-16 03:34:54.030 20700 INFO rally.task.runner [-] Task 5c4ae9b0-0d7d-428b-8cce-b39aab5a9323 | ITER: 2 START
2019-12-16 03:34:54.031 20704 RALLYDEBUG rally.task.runner [-] Starting a worker. times: 10 duration: None concurrency: 1 timeout: 0 cls: method_name: run args: {}
2019-12-16 03:34:54.034 20701 INFO rally.task.runner [-] Task 5c4ae9b0-0d7d-428b-8cce-b39aab5a9323 | ITER: 3 START
2019-12-16 03:34:54.037 20704 INFO rally.task.runner [-] Task 5c4ae9b0-0d7d-428b-8cce-b39aab5a9323 | ITER: 4 START
2019-12-16 03:34:54.602 20704 INFO rally.task.runner [-] Task 5c4ae9b0-0d7d-428b-8cce-b39aab5a9323 | ITER: 4 END: OK
2019-12-16 03:34:54.606 20704 INFO rally.task.runner [-] Task 5c4ae9b0-0d7d-428b-8cce-b39aab5a9323 | ITER: 5 START
2019-12-16 03:34:54.612 20700 INFO rally.task.runner [-] Task 5c4ae9b0-0d7d-428b-8cce-b39aab5a9323 | ITER: 2 END: OK
2019-12-16 03:34:54.616 20700 INFO rally.task.runner [-] Task 5c4ae9b0-0d7d-428b-8cce-b39aab5a9323 | ITER: 6 START
2019-12-16 03:34:54.782 20701 INFO rally.task.runner [-] Task 5c4ae9b0-0d7d-428b-8cce-b39aab5a9323 | ITER: 3 END: OK
2019-12-16 03:34:54.786 20701 INFO rally.task.runner [-] Task 5c4ae9b0-0d7d-428b-8cce-b39aab5a9323 | ITER: 7 START
2019-12-16 03:34:54.816 20699 INFO rally.task.runner [-] Task 5c4ae9b0-0d7d-428b-8cce-b39aab5a9323 | ITER: 1 END: OK
2019-12-16 03:34:54.820 20699 INFO rally.task.runner [-] Task 5c4ae9b0-0d7d-428b-8cce-b39aab5a9323 | ITER: 8 START
2019-12-16 03:34:55.302 20704 INFO rally.task.runner [-] Task 5c4ae9b0-0d7d-428b-8cce-b39aab5a9323 | ITER: 5 END: OK
2019-12-16 03:34:55.306 20704 INFO rally.task.runner [-] Task 5c4ae9b0-0d7d-428b-8cce-b39aab5a9323 | ITER: 9 START
2019-12-16 03:34:55.312 20699 INFO rally.task.runner [-] Task 5c4ae9b0-0d7d-428b-8cce-b39aab5a9323 | ITER: 8 END: OK
2019-12-16 03:34:55.315 20699 INFO rally.task.runner [-] Task 5c4ae9b0-0d7d-428b-8cce-b39aab5a9323 | ITER: 10 START
2019-12-16 03:34:55.340 20701 INFO rally.task.runner [-] Task 5c4ae9b0-0d7d-428b-8cce-b39aab5a9323 | ITER: 7 END: OK
2019-12-16 03:34:55.399 20700 INFO rally.task.runner [-] Task 5c4ae9b0-0d7d-428b-8cce-b39aab5a9323 | ITER: 6 END: OK
2019-12-16 03:34:55.852 20704 INFO rally.task.runner [-] Task 5c4ae9b0-0d7d-428b-8cce-b39aab5a9323 | ITER: 9 END: OK
2019-12-16 03:34:55.932 20699 INFO rally.task.runner [-] Task 5c4ae9b0-0d7d-428b-8cce-b39aab5a9323 | ITER: 10 END: OK
2019-12-16 03:34:55.961 20411 INFO rally.task.context [-] Task 5c4ae9b0-0d7d-428b-8cce-b39aab5a9323 | Context cleanup@openstack cleanup() started
2019-12-16 03:34:55.965 20411 RALLYDEBUG rally_openstack.cleanup.manager [-] Cleaning up nova servers objects
2019-12-16 03:34:57.232 20411 RALLYDEBUG rally_openstack.cleanup.manager [-] Cleaning up nova server_groups objects
2019-12-16 03:34:58.330 20411 RALLYDEBUG rally_openstack.cleanup.manager [-] Cleaning up nova keypairs objects
2019-12-16 03:35:00.728 20411 RALLYDEBUG rally_openstack.cleanup.manager [-] Deleting nova.keypairs object s_rally_2185ba30_8y69W7y7 (s_rally_2185ba30_8y69W7y7)
2019-12-16 03:35:00.737 20411 RALLYDEBUG rally_openstack.cleanup.manager [-] Deleting nova.keypairs object s_rally_2185ba30_CT7H9Zdi (s_rally_2185ba30_CT7H9Zdi)
2019-12-16 03:35:00.746 20411 RALLYDEBUG rally_openstack.cleanup.manager [-] Deleting nova.keypairs object s_rally_2185ba30_N9xB9jVF (s_rally_2185ba30_N9xB9jVF)
2019-12-16 03:35:00.750 20411 RALLYDEBUG rally_openstack.cleanup.manager [-] Deleting nova.keypairs object s_rally_2185ba30_rEQvkIu1 (s_rally_2185ba30_rEQvkIu1)
2019-12-16 03:35:00.759 20411 RALLYDEBUG rally_openstack.cleanup.manager [-] Deleting nova.keypairs object s_rally_2185ba30_DE39BuRA (s_rally_2185ba30_DE39BuRA)
2019-12-16 03:35:00.780 20411 RALLYDEBUG rally_openstack.cleanup.manager [-] Deleting nova.keypairs object s_rally_2185ba30_9c3dxeBI (s_rally_2185ba30_9c3dxeBI)
2019-12-16 03:35:00.795 20411 RALLYDEBUG rally_openstack.cleanup.manager [-] Deleting nova.keypairs object s_rally_2185ba30_23wqBX4R (s_rally_2185ba30_23wqBX4R)
2019-12-16 03:35:00.800 20411 RALLYDEBUG rally_openstack.cleanup.manager [-] Deleting nova.keypairs object s_rally_2185ba30_ssvLYnP6 (s_rally_2185ba30_ssvLYnP6)
2019-12-16 03:35:00.812 20411 RALLYDEBUG rally_openstack.cleanup.manager [-] Deleting nova.keypairs object s_rally_2185ba30_4Ll2Nxru (s_rally_2185ba30_4Ll2Nxru)
2019-12-16 03:35:00.829 20411 RALLYDEBUG rally_openstack.cleanup.manager [-] Deleting nova.keypairs object s_rally_2185ba30_frWqDls6 (s_rally_2185ba30_frWqDls6)
2019-12-16 03:35:02.307 20411 INFO rally.task.context [-] Task 5c4ae9b0-0d7d-428b-8cce-b39aab5a9323 | Context cleanup@openstack cleanup() finished in 6.35 sec
2019-12-16 03:35:02.308 20411 INFO rally.task.context [-] Task 5c4ae9b0-0d7d-428b-8cce-b39aab5a9323 | Context quotas@openstack cleanup() started
2019-12-16 03:35:02.367 20411 INFO rally.task.context [-] Task 5c4ae9b0-0d7d-428b-8cce-b39aab5a9323 | Context quotas@openstack cleanup() finished in 58.93 msec
2019-12-16 03:35:02.368 20411 INFO rally.task.context [-] Task 5c4ae9b0-0d7d-428b-8cce-b39aab5a9323 | Context users@openstack cleanup() started
2019-12-16 03:35:06.606 20411 INFO rally.task.context [-] Task 5c4ae9b0-0d7d-428b-8cce-b39aab5a9323 | Context users@openstack cleanup() finished in 4.24 sec
2019-12-16 03:35:08.561 20411 INFO rally.task.engine [-] Load duration is: 1.903821
2019-12-16 03:35:08.562 20411 INFO rally.task.engine [-] Full runner duration is: 1.953405
2019-12-16 03:35:08.562 20411 INFO rally.task.engine [-] Full duration is: 16.152913
2019-12-16 03:35:08.935 20411 INFO rally.task.engine [-] Running workload: position = 0 config = { "version": 2, "title": "A cropped version of a bigger task.", "description": "Auto-generated task from a single workload (uuid=c199d4fb-5935-4169-a213-8c5a94550e12)", "subtasks": [ { "title": "NovaServers.boot_and_bounce_server", "description": "Boot a server and run specified actions against it.", "scenario": { "NovaServers.boot_and_bounce_server": { "actions": [ { "hard_reboot": 1 }, { "soft_reboot": 1 }, { "stop_start": 1 }, { "rescue_unrescue": 1 } ], "flavor": { "name": "rally_full-flavor_102dc671-f436-4d4d-b368-5b0ed177eae0" }, "image": { "name": "rally_full-img_102dc671-f436-4d4d-b368-5b0ed177eae0" }, "nics": [ { "net-id": "c51c8544-d62f-4817-b7df-cb0981aba4ec" } ] } }, "contexts": { "users": { "tenants": 3, "users_per_tenant": 2 }, "network": { "networks_per_tenant": 1, "start_cidr": "100.1.0.0/25" }, "quotas": { "neutron": { "network": -1, "port": -1, "subnet": -1 }, "nova": { "cores": -1, "floating_ips": -1, "instances": -1, "ram": -1, "security_group_rules": -1, "security_groups": -1 } } }, "runner": { "constant": { "concurrency": 4, "times": 10 } }, "hooks": [], "sla": { "failure_rate": { "max": 0 } } } ] }
2019-12-16 03:35:08.960 20411 RALLYDEBUG rally_openstack.contexts.keystone.users [-] Creating 3 tenants using 20 threads
2019-12-16 03:35:10.007 20411 RALLYDEBUG rally_openstack.contexts.keystone.users [-] Creating 6 users using 20 threads
2019-12-16 03:35:11.531 20411 INFO rally.task.context [-] Task 5c4ae9b0-0d7d-428b-8cce-b39aab5a9323 | Context users@openstack setup() finished in 2.57 sec
2019-12-16 03:35:13.145 20411 INFO rally.task.context [-] Task 5c4ae9b0-0d7d-428b-8cce-b39aab5a9323 | Context quotas@openstack setup() finished in 1.61 sec
2019-12-16 03:35:15.055 20411 RALLYDEBUG rally_openstack.wrappers.network [-] CIDR generated: 100.1.0.0/25
2019-12-16 03:35:19.319 20411 RALLYDEBUG rally_openstack.wrappers.network [-] CIDR generated: 100.1.0.128/25
2019-12-16 03:35:23.188 20411 RALLYDEBUG rally_openstack.wrappers.network [-] CIDR generated: 100.1.1.0/25
2019-12-16 03:35:25.580 20411 INFO rally.task.context [-] Task 5c4ae9b0-0d7d-428b-8cce-b39aab5a9323 | Context network@openstack setup() finished in 12.43 sec
2019-12-16 03:35:25.581 20411 INFO rally.task.context [-] Task 5c4ae9b0-0d7d-428b-8cce-b39aab5a9323 | Context cleanup@openstack setup() finished in 0.02 msec
2019-12-16 03:35:26.423 20411 RALLYDEBUG rally.task.runner [-] Starting the constant runner (task UUID: 5c4ae9b0-0d7d-428b-8cce-b39aab5a9323). times: 10 concurrency: 4 timeout: 0 max_cpu_used: 16 processes_to_start: 4 concurrency_per_worker: 1 concurrency_overhead: 0
2019-12-16 03:35:26.435 20863 RALLYDEBUG rally.task.runner [-] Starting a worker. times: 10 duration: None concurrency: 1 timeout: 0 cls: method_name: run args: {"actions": [{"hard_reboot": 1}, {"soft_reboot": 1}, {"stop_start": 1}, {"rescue_unrescue": 1}], "flavor": "c1b316bb-9aea-40b2-9eed-8480abe7834e", "image": "02e2d7fc-4c21-4af2-9b3a-22bc0af0001a", "nics": [{"net-id": "c51c8544-d62f-4817-b7df-cb0981aba4ec"}]}
2019-12-16 03:35:26.439 20864 RALLYDEBUG rally.task.runner [-] Starting a worker. times: 10 duration: None concurrency: 1 timeout: 0 cls: method_name: run args: {"actions": [{"hard_reboot": 1}, {"soft_reboot": 1}, {"stop_start": 1}, {"rescue_unrescue": 1}], "flavor": "c1b316bb-9aea-40b2-9eed-8480abe7834e", "image": "02e2d7fc-4c21-4af2-9b3a-22bc0af0001a", "nics": [{"net-id": "c51c8544-d62f-4817-b7df-cb0981aba4ec"}]}
2019-12-16 03:35:26.442 20865 RALLYDEBUG rally.task.runner [-] Starting a worker. times: 10 duration: None concurrency: 1 timeout: 0 cls: method_name: run args: {"actions": [{"hard_reboot": 1}, {"soft_reboot": 1}, {"stop_start": 1}, {"rescue_unrescue": 1}], "flavor": "c1b316bb-9aea-40b2-9eed-8480abe7834e", "image": "02e2d7fc-4c21-4af2-9b3a-22bc0af0001a", "nics": [{"net-id": "c51c8544-d62f-4817-b7df-cb0981aba4ec"}]}
2019-12-16 03:35:26.443 20863 INFO rally.task.runner [-] Task 5c4ae9b0-0d7d-428b-8cce-b39aab5a9323 | ITER: 1 START
2019-12-16 03:35:26.446 20864 INFO rally.task.runner [-] Task 5c4ae9b0-0d7d-428b-8cce-b39aab5a9323 | ITER: 2 START
2019-12-16 03:35:26.446 20866 RALLYDEBUG rally.task.runner [-] Starting a worker. times: 10 duration: None concurrency: 1 timeout: 0 cls: method_name: run args: {"actions": [{"hard_reboot": 1}, {"soft_reboot": 1}, {"stop_start": 1}, {"rescue_unrescue": 1}], "flavor": "c1b316bb-9aea-40b2-9eed-8480abe7834e", "image": "02e2d7fc-4c21-4af2-9b3a-22bc0af0001a", "nics": [{"net-id": "c51c8544-d62f-4817-b7df-cb0981aba4ec"}]}
2019-12-16 03:35:26.449 20865 INFO rally.task.runner [-] Task 5c4ae9b0-0d7d-428b-8cce-b39aab5a9323 | ITER: 3 START
2019-12-16 03:35:26.453 20866 INFO rally.task.runner [-] Task 5c4ae9b0-0d7d-428b-8cce-b39aab5a9323 | ITER: 4 START
2019-12-16 03:35:34.769 20864 RALLYDEBUG rally.task.utils [-] Waiting for resource s_rally_c199d4fb_R1opLEKN. Status changed: BUILD => ACTIVE in 5.3052449226379395
2019-12-16 03:35:36.437 20863 RALLYDEBUG rally.task.utils [-] Waiting for resource s_rally_c199d4fb_jJyUe3Tx. Status changed: BUILD => ACTIVE in 6.926377534866333
2019-12-16 03:35:37.335 20865 RALLYDEBUG rally.task.utils [-] Waiting for resource s_rally_c199d4fb_ADkZh6zG. Status changed: BUILD => ACTIVE in 7.528641700744629
2019-12-16 03:35:38.857 20866 RALLYDEBUG rally.task.utils [-] Waiting for resource s_rally_c199d4fb_iDheupBC. Status changed: BUILD => ACTIVE in 9.141089916229248
2019-12-16 03:35:39.430 20864 RALLYDEBUG rally.task.utils [-] Waiting for resource s_rally_c199d4fb_R1opLEKN. Status changed: ACTIVE => REBOOT in 0.21260690689086914
2019-12-16 03:35:41.261 20863 RALLYDEBUG rally.task.utils [-] Waiting for resource s_rally_c199d4fb_jJyUe3Tx. Status changed: ACTIVE => REBOOT in 0.25722646713256836
2019-12-16 03:35:42.447 20865 RALLYDEBUG rally.task.utils [-] Waiting for resource s_rally_c199d4fb_ADkZh6zG. Status changed: ACTIVE => REBOOT in 0.2852311134338379
2019-12-16 03:35:43.694 20866 RALLYDEBUG rally.task.utils [-] Waiting for resource s_rally_c199d4fb_iDheupBC. Status changed: ACTIVE => REBOOT in 0.33692002296447754
2019-12-16 03:37:39.786 20864 RALLYDEBUG rally.task.utils [-] Waiting for resource s_rally_c199d4fb_R1opLEKN. Status changed: REBOOT => ACTIVE in 120.35496091842651
2019-12-16 03:37:41.883 20865 RALLYDEBUG rally.task.utils [-] Waiting for resource s_rally_c199d4fb_ADkZh6zG. Status changed: REBOOT => ACTIVE in 119.4362325668335
2019-12-16 03:37:42.030 20863 RALLYDEBUG rally.task.utils [-] Waiting for resource s_rally_c199d4fb_jJyUe3Tx. Status changed: REBOOT => ACTIVE in 120.76907181739807
2019-12-16 03:37:44.324 20866 RALLYDEBUG rally.task.utils [-] Waiting for resource s_rally_c199d4fb_iDheupBC. Status changed: REBOOT => ACTIVE in 120.6303141117096
2019-12-16 03:37:55.212 20864 RALLYDEBUG rally.task.utils [-] Waiting for resource s_rally_c199d4fb_R1opLEKN. Status changed: ACTIVE => SHUTOFF in 15.276654481887817
2019-12-16 03:37:55.549 20864 RALLYDEBUG rally.task.utils [-] Waiting for resource s_rally_c199d4fb_R1opLEKN. Status changed: ACTIVE => SHUTOFF in 0.19969582557678223
2019-12-16 03:37:57.869 20864 RALLYDEBUG rally.task.utils [-] Waiting for resource s_rally_c199d4fb_R1opLEKN. Status changed: SHUTOFF => ACTIVE in 2.3203654289245605
2019-12-16 03:38:04.554 20864 RALLYDEBUG rally.task.utils [-] Waiting for resource s_rally_c199d4fb_R1opLEKN. Status changed: ACTIVE => RESCUE in 4.5490944385528564
2019-12-16 03:38:09.146 20864 INFO rally.task.runner [-] Task 5c4ae9b0-0d7d-428b-8cce-b39aab5a9323 | ITER: 2 END: OK
2019-12-16 03:38:09.153 20864 INFO rally.task.runner [-] Task 5c4ae9b0-0d7d-428b-8cce-b39aab5a9323 | ITER: 5 START
2019-12-16 03:38:16.376 20864 RALLYDEBUG rally.task.utils [-] Waiting for resource s_rally_c199d4fb_N54BHmKs. Status changed: BUILD => ACTIVE in 4.802671432495117
2019-12-16 03:38:21.181 20864 RALLYDEBUG rally.task.utils [-] Waiting for resource s_rally_c199d4fb_N54BHmKs. Status changed: ACTIVE => REBOOT in 0.21710872650146484
2019-12-16 03:38:42.905 20865 RALLYDEBUG rally.task.utils [-] Waiting for resource s_rally_c199d4fb_ADkZh6zG. Status changed: ACTIVE => SHUTOFF in 60.89197874069214
2019-12-16 03:38:43.174 20865 RALLYDEBUG rally.task.utils [-] Waiting for resource s_rally_c199d4fb_ADkZh6zG. Status changed: ACTIVE => SHUTOFF in 0.13858270645141602
2019-12-16 03:38:44.321 20865 RALLYDEBUG rally.task.utils [-] Waiting for resource s_rally_c199d4fb_ADkZh6zG. Status changed: SHUTOFF => ACTIVE in 1.1469800472259521
2019-12-16 03:38:45.118 20863 RALLYDEBUG rally.task.utils [-] Waiting for resource s_rally_c199d4fb_jJyUe3Tx. Status changed: ACTIVE => SHUTOFF in 62.95480155944824
2019-12-16 03:38:45.422 20863 RALLYDEBUG rally.task.utils [-] Waiting for resource s_rally_c199d4fb_jJyUe3Tx. Status changed: ACTIVE => SHUTOFF in 0.1699512004852295
2019-12-16 03:38:46.581 20863 RALLYDEBUG rally.task.utils [-] Waiting for resource s_rally_c199d4fb_jJyUe3Tx. Status changed: SHUTOFF => ACTIVE in 1.1587772369384766
2019-12-16 03:38:47.972 20866 RALLYDEBUG rally.task.utils [-] Waiting for resource s_rally_c199d4fb_iDheupBC. Status changed: ACTIVE => SHUTOFF in 63.519466400146484
2019-12-16 03:38:48.251 20866 RALLYDEBUG rally.task.utils [-] Waiting for resource s_rally_c199d4fb_iDheupBC. Status changed: ACTIVE => SHUTOFF in 0.14818763732910156
2019-12-16 03:38:49.413 20866 RALLYDEBUG rally.task.utils [-] Waiting for resource s_rally_c199d4fb_iDheupBC. Status changed: SHUTOFF => ACTIVE in 1.162440538406372
2019-12-16 03:39:01.846 20863 RALLYDEBUG rally.task.utils [-] Waiting for resource s_rally_c199d4fb_jJyUe3Tx. Status changed: ACTIVE => RESCUE in 13.146118879318237
2019-12-16 03:39:04.731 20866 RALLYDEBUG rally.task.utils [-] Waiting for resource s_rally_c199d4fb_iDheupBC. Status changed: ACTIVE => RESCUE in 13.19163465499878
2019-12-16 03:39:06.418 20863 INFO rally.task.runner [-] Task 5c4ae9b0-0d7d-428b-8cce-b39aab5a9323 | ITER: 1 END: OK
2019-12-16 03:39:06.425 20863 INFO rally.task.runner [-] Task 5c4ae9b0-0d7d-428b-8cce-b39aab5a9323 | ITER: 6 START
2019-12-16 03:39:09.320 20866 INFO rally.task.runner [-] Task 5c4ae9b0-0d7d-428b-8cce-b39aab5a9323 | ITER: 4 END: OK
2019-12-16 03:39:09.325 20866 INFO rally.task.runner [-] Task 5c4ae9b0-0d7d-428b-8cce-b39aab5a9323 | ITER: 7 START
2019-12-16 03:39:13.364 20863 RALLYDEBUG rally.task.utils [-] Waiting for resource s_rally_c199d4fb_KsqNUzvv. Status changed: BUILD => ACTIVE in 4.556458234786987
2019-12-16 03:39:16.244 20866 RALLYDEBUG rally.task.utils [-] Waiting for resource s_rally_c199d4fb_BhDWQaKe. Status changed: BUILD => ACTIVE in 4.443206071853638
2019-12-16 03:39:18.012 20863 RALLYDEBUG rally.task.utils [-] Waiting for resource s_rally_c199d4fb_KsqNUzvv. Status changed: ACTIVE => REBOOT in 0.24728775024414062
2019-12-16 03:39:20.830 20866 RALLYDEBUG rally.task.utils [-] Waiting for resource s_rally_c199d4fb_BhDWQaKe. Status changed: ACTIVE => REBOOT in 0.21922945976257324
2019-12-16 03:39:47.239 20865 RALLYDEBUG rally.task.utils [-] Waiting for resource s_rally_c199d4fb_ADkZh6zG. Status changed: ACTIVE => RESCUE in 60.800073862075806
2019-12-16 03:39:51.835 20865 INFO rally.task.runner [-] Task 5c4ae9b0-0d7d-428b-8cce-b39aab5a9323 | ITER: 3 END: OK
2019-12-16 03:39:51.841 20865 INFO rally.task.runner [-] Task 5c4ae9b0-0d7d-428b-8cce-b39aab5a9323 | ITER: 8 START
2019-12-16 03:40:01.623 20865 RALLYDEBUG rally.task.utils [-] Waiting for resource s_rally_c199d4fb_mwY9ODtG. Status changed: BUILD => ACTIVE in 6.742202281951904
2019-12-16 03:40:06.283 20865 RALLYDEBUG rally.task.utils [-] Waiting for resource s_rally_c199d4fb_mwY9ODtG. Status changed: ACTIVE => REBOOT in 0.20842933654785156
2019-12-16 03:40:21.308 20864 RALLYDEBUG rally.task.utils [-] Waiting for resource s_rally_c199d4fb_N54BHmKs. Status changed: REBOOT => ACTIVE in 120.12664461135864
2019-12-16 03:41:19.455 20863 RALLYDEBUG rally.task.utils [-] Waiting for resource s_rally_c199d4fb_KsqNUzvv. Status changed: REBOOT => ACTIVE in 121.44299626350403
2019-12-16 03:41:22.207 20866 RALLYDEBUG rally.task.utils [-] Waiting for resource s_rally_c199d4fb_BhDWQaKe. Status changed: REBOOT => ACTIVE in 121.37661814689636
2019-12-16 03:41:22.995 20864 RALLYDEBUG rally.task.utils [-] Waiting for resource s_rally_c199d4fb_N54BHmKs. Status changed: ACTIVE => SHUTOFF in 61.54887080192566
2019-12-16 03:41:23.320 20864 RALLYDEBUG rally.task.utils [-] Waiting for resource s_rally_c199d4fb_N54BHmKs. Status changed: ACTIVE => SHUTOFF in 0.19688987731933594
2019-12-16 03:41:25.762 20864 RALLYDEBUG rally.task.utils [-] Waiting for resource s_rally_c199d4fb_N54BHmKs. Status changed: SHUTOFF => ACTIVE in 2.442246675491333
2019-12-16 03:41:32.504 20864 RALLYDEBUG rally.task.utils [-] Waiting for resource s_rally_c199d4fb_N54BHmKs. Status changed: ACTIVE => RESCUE in 4.615007400512695
2019-12-16 03:41:37.133 20864 INFO rally.task.runner [-] Task 5c4ae9b0-0d7d-428b-8cce-b39aab5a9323 | ITER: 5 END: OK
2019-12-16 03:41:37.138 20864 INFO rally.task.runner [-] Task 5c4ae9b0-0d7d-428b-8cce-b39aab5a9323 | ITER: 9 START
2019-12-16 03:41:46.431 20864 RALLYDEBUG rally.task.utils [-] Waiting for resource s_rally_c199d4fb_0Zpbxi79. Status changed: BUILD => ACTIVE in 6.72504448890686
2019-12-16 03:41:50.990 20864 RALLYDEBUG rally.task.utils [-] Waiting for resource s_rally_c199d4fb_0Zpbxi79. Status changed: ACTIVE => REBOOT in 0.16550517082214355
2019-12-16 03:42:07.706 20865 RALLYDEBUG rally.task.utils [-] Waiting for resource s_rally_c199d4fb_mwY9ODtG. Status changed: REBOOT => ACTIVE in 121.42313265800476
2019-12-16 03:42:21.741 20863 RALLYDEBUG rally.task.utils [-] Waiting for resource s_rally_c199d4fb_KsqNUzvv. Status changed: ACTIVE => SHUTOFF in 62.14832377433777
2019-12-16 03:42:22.077 20863 RALLYDEBUG rally.task.utils [-] Waiting for resource s_rally_c199d4fb_KsqNUzvv. Status changed: ACTIVE => SHUTOFF in 0.21109938621520996
2019-12-16 03:42:23.486 20863 RALLYDEBUG rally.task.utils [-] Waiting for resource s_rally_c199d4fb_KsqNUzvv. Status changed: SHUTOFF => ACTIVE in 1.4095613956451416
2019-12-16 03:42:24.303 20866 RALLYDEBUG rally.task.utils [-] Waiting for resource s_rally_c199d4fb_BhDWQaKe. Status changed: ACTIVE => SHUTOFF in 61.95780420303345
2019-12-16 03:42:24.591 20866 RALLYDEBUG rally.task.utils [-] Waiting for resource s_rally_c199d4fb_BhDWQaKe. Status changed: ACTIVE => SHUTOFF in 0.150223970413208
2019-12-16 03:42:25.746 20866 RALLYDEBUG rally.task.utils [-] Waiting for resource s_rally_c199d4fb_BhDWQaKe. Status changed: SHUTOFF => ACTIVE in 1.1542491912841797
2019-12-16 03:42:41.151 20866 RALLYDEBUG rally.task.utils [-] Waiting for resource s_rally_c199d4fb_BhDWQaKe. Status changed: ACTIVE => RESCUE in 13.285473585128784
2019-12-16 03:42:45.936 20866 INFO rally.task.runner [-] Task 5c4ae9b0-0d7d-428b-8cce-b39aab5a9323 | ITER: 7 END: OK
2019-12-16 03:42:45.942 20866 INFO rally.task.runner [-] Task 5c4ae9b0-0d7d-428b-8cce-b39aab5a9323 | ITER: 10 START
2019-12-16 03:42:54.884 20866 RALLYDEBUG rally.task.utils [-] Waiting for resource s_rally_c199d4fb_HTEbFQip. Status changed: BUILD => ACTIVE in 6.707875490188599
2019-12-16 03:42:59.643 20866 RALLYDEBUG rally.task.utils [-] Waiting for resource s_rally_c199d4fb_HTEbFQip. Status changed: ACTIVE => REBOOT in 0.35579657554626465
2019-12-16 03:43:09.491 20865 RALLYDEBUG rally.task.utils [-] Waiting for resource s_rally_c199d4fb_mwY9ODtG. Status changed: ACTIVE => SHUTOFF in 61.649298429489136
2019-12-16 03:43:09.791 20865 RALLYDEBUG rally.task.utils [-] Waiting for resource s_rally_c199d4fb_mwY9ODtG. Status changed: ACTIVE => SHUTOFF in 0.15863752365112305
2019-12-16 03:43:10.943 20865 RALLYDEBUG rally.task.utils [-] Waiting for resource s_rally_c199d4fb_mwY9ODtG. Status changed: SHUTOFF => ACTIVE in 1.1515600681304932
2019-12-16 03:43:26.343 20865 RALLYDEBUG rally.task.utils [-] Waiting for resource s_rally_c199d4fb_mwY9ODtG. Status changed: ACTIVE => RESCUE in 13.277621269226074
2019-12-16 03:43:26.898 20863 RALLYDEBUG rally.task.utils [-] Waiting for resource s_rally_c199d4fb_KsqNUzvv. Status changed: ACTIVE => RESCUE in 61.29246425628662
2019-12-16 03:43:30.916 20865 INFO rally.task.runner [-] Task 5c4ae9b0-0d7d-428b-8cce-b39aab5a9323 | ITER: 8 END: OK
2019-12-16 03:43:31.526 20863 INFO rally.task.runner [-] Task 5c4ae9b0-0d7d-428b-8cce-b39aab5a9323 | ITER: 6 END: OK
2019-12-16 03:43:53.413 20864 RALLYDEBUG rally.task.utils [-] Waiting for resource s_rally_c199d4fb_0Zpbxi79. Status changed: REBOOT => ACTIVE in 122.42370176315308
2019-12-16 03:43:58.307 20864 RALLYDEBUG rally.task.utils [-] Waiting for resource s_rally_c199d4fb_0Zpbxi79. Status changed: ACTIVE => SHUTOFF in 4.751133441925049
2019-12-16 03:43:58.613 20864 RALLYDEBUG rally.task.utils [-] Waiting for resource s_rally_c199d4fb_0Zpbxi79. Status changed: ACTIVE => SHUTOFF in 0.16833710670471191
2019-12-16 03:43:59.792 20864 RALLYDEBUG rally.task.utils [-] Waiting for resource s_rally_c199d4fb_0Zpbxi79. Status changed: SHUTOFF => ACTIVE in 1.1788201332092285
2019-12-16 03:44:06.432 20864 RALLYDEBUG rally.task.utils [-] Waiting for resource s_rally_c199d4fb_0Zpbxi79. Status changed: ACTIVE => RESCUE in 4.498781681060791
2019-12-16 03:44:11.043 20864 INFO rally.task.runner [-] Task 5c4ae9b0-0d7d-428b-8cce-b39aab5a9323 | ITER: 9 END: OK
2019-12-16 03:45:00.784 20866 RALLYDEBUG rally.task.utils [-] Waiting for resource s_rally_c199d4fb_HTEbFQip. Status changed: REBOOT => ACTIVE in 121.1409740447998
2019-12-16 03:45:14.636 20866 RALLYDEBUG rally.task.utils [-] Waiting for resource s_rally_c199d4fb_HTEbFQip. Status changed: ACTIVE => SHUTOFF in 13.722419738769531
2019-12-16 03:45:14.933 20866 RALLYDEBUG rally.task.utils [-] Waiting for resource s_rally_c199d4fb_HTEbFQip. Status changed: ACTIVE => SHUTOFF in 0.16302251815795898
2019-12-16 03:45:16.101 20866 RALLYDEBUG rally.task.utils [-] Waiting for resource s_rally_c199d4fb_HTEbFQip. Status changed: SHUTOFF => ACTIVE in 1.1677744388580322
2019-12-16 03:46:20.965 20866 RALLYDEBUG rally.task.utils [-] Waiting for resource s_rally_c199d4fb_HTEbFQip. Status changed: ACTIVE => RESCUE in 62.73524522781372
2019-12-16 03:46:25.666 20866 INFO rally.task.runner [-] Task 5c4ae9b0-0d7d-428b-8cce-b39aab5a9323 | ITER: 10 END: OK
2019-12-16 03:46:25.691 20411 INFO rally.task.context [-] Task 5c4ae9b0-0d7d-428b-8cce-b39aab5a9323 | Context cleanup@openstack cleanup() started
2019-12-16 03:46:25.697 20411 RALLYDEBUG rally_openstack.cleanup.manager [-] Cleaning up nova servers objects
2019-12-16 03:46:27.337 20411 RALLYDEBUG rally_openstack.cleanup.manager [-] Cleaning up nova server_groups objects
2019-12-16 03:46:28.476 20411 RALLYDEBUG rally_openstack.cleanup.manager [-] Cleaning up nova keypairs objects
2019-12-16 03:46:30.800 20411 INFO rally.task.context [-] Task 5c4ae9b0-0d7d-428b-8cce-b39aab5a9323 | Context cleanup@openstack cleanup() finished in 5.11 sec
2019-12-16 03:46:30.801 20411 INFO rally.task.context [-] Task 5c4ae9b0-0d7d-428b-8cce-b39aab5a9323 | Context network@openstack cleanup() started
2019-12-16 03:46:52.143 20411 INFO rally.task.context [-] Task 5c4ae9b0-0d7d-428b-8cce-b39aab5a9323 | Context network@openstack cleanup() finished in 21.34 sec
2019-12-16 03:46:52.144 20411 INFO rally.task.context [-] Task 5c4ae9b0-0d7d-428b-8cce-b39aab5a9323 | Context quotas@openstack cleanup() started
2019-12-16 03:46:52.499 20411 INFO rally.task.context [-] Task 5c4ae9b0-0d7d-428b-8cce-b39aab5a9323 | Context quotas@openstack cleanup() finished in 0.36 sec
2019-12-16 03:46:52.499 20411 INFO rally.task.context [-] Task 5c4ae9b0-0d7d-428b-8cce-b39aab5a9323 | Context users@openstack cleanup() started
2019-12-16 03:46:56.381 20411 INFO rally.task.context [-] Task 5c4ae9b0-0d7d-428b-8cce-b39aab5a9323 | Context users@openstack cleanup() finished in 3.88 sec
2019-12-16 03:46:57.895 20411 INFO rally.task.engine [-] Load duration is: 650.220899
2019-12-16 03:46:57.895 20411 INFO rally.task.engine [-] Full runner duration is: 659.269146
2019-12-16 03:46:57.896 20411 INFO rally.task.engine [-] Full duration is: 707.423352
2019-12-16 03:46:58.266 20411 INFO rally.task.engine [-] Running workload: position = 0 config = { "version": 2, "title": "A cropped version of a bigger task.", "description": "Auto-generated task from a single workload (uuid=5b61c6fa-094d-4298-8a02-63319e8df054)", "subtasks": [ { "title": "NovaServers.boot_and_delete_server", "description": "Boot and delete a server.", "scenario": { "NovaServers.boot_and_delete_server": { "flavor": { "name": "rally_full-flavor_102dc671-f436-4d4d-b368-5b0ed177eae0" }, "image": { "name": "rally_full-img_102dc671-f436-4d4d-b368-5b0ed177eae0" }, "nics": [ { "net-id": "c51c8544-d62f-4817-b7df-cb0981aba4ec" } ] } }, "contexts": { "users": { "tenants": 3, "users_per_tenant": 2 }, "network": { "networks_per_tenant": 1, "start_cidr": "100.1.0.0/25" }, "quotas": { "neutron": { "network": -1, "port": -1, "subnet": -1 }, "nova": { "cores": -1, "floating_ips": -1, "instances": -1, "ram": -1, "security_group_rules": -1, "security_groups": -1 } } }, "runner": { "constant": { "concurrency": 4, "times": 10 } }, "hooks": [], "sla": { "failure_rate": { "max": 0 } } } ] }
2019-12-16 03:46:58.293 20411 RALLYDEBUG rally_openstack.contexts.keystone.users [-] Creating 3 tenants using 20 threads
2019-12-16 03:46:59.365 20411 RALLYDEBUG rally_openstack.contexts.keystone.users [-] Creating 6 users using 20 threads
2019-12-16 03:47:00.900 20411 INFO rally.task.context [-] Task 5c4ae9b0-0d7d-428b-8cce-b39aab5a9323 | Context users@openstack setup() finished in 2.61 sec
2019-12-16 03:47:02.534 20411 INFO rally.task.context [-] Task 5c4ae9b0-0d7d-428b-8cce-b39aab5a9323 | Context quotas@openstack setup() finished in 1.63 sec
2019-12-16 03:47:04.656 20411 RALLYDEBUG rally_openstack.wrappers.network [-] CIDR generated: 100.1.1.128/25
2019-12-16 03:47:08.762 20411 RALLYDEBUG rally_openstack.wrappers.network [-] CIDR generated: 100.1.2.0/25
2019-12-16 03:47:13.093 20411 RALLYDEBUG rally_openstack.wrappers.network [-] CIDR generated: 100.1.2.128/25
2019-12-16 03:47:15.590 20411 INFO rally.task.context [-] Task 5c4ae9b0-0d7d-428b-8cce-b39aab5a9323 | Context network@openstack setup() finished in 13.06 sec
2019-12-16 03:47:15.590 20411 INFO rally.task.context [-] Task 5c4ae9b0-0d7d-428b-8cce-b39aab5a9323 | Context cleanup@openstack setup() finished in 0.02 msec
2019-12-16 03:47:16.409 20411 RALLYDEBUG rally.task.runner [-] Starting the constant runner (task UUID: 5c4ae9b0-0d7d-428b-8cce-b39aab5a9323). times: 10 concurrency: 4 timeout: 0 max_cpu_used: 16 processes_to_start: 4 concurrency_per_worker: 1 concurrency_overhead: 0
2019-12-16 03:47:16.421 21027 RALLYDEBUG rally.task.runner [-] Starting a worker. times: 10 duration: None concurrency: 1 timeout: 0 cls: method_name: run args: {"flavor": "c1b316bb-9aea-40b2-9eed-8480abe7834e", "image": "02e2d7fc-4c21-4af2-9b3a-22bc0af0001a", "nics": [{"net-id": "c51c8544-d62f-4817-b7df-cb0981aba4ec"}]}
2019-12-16 03:47:16.425 21028 RALLYDEBUG rally.task.runner [-] Starting a worker. times: 10 duration: None concurrency: 1 timeout: 0 cls: method_name: run args: {"flavor": "c1b316bb-9aea-40b2-9eed-8480abe7834e", "image": "02e2d7fc-4c21-4af2-9b3a-22bc0af0001a", "nics": [{"net-id": "c51c8544-d62f-4817-b7df-cb0981aba4ec"}]}
2019-12-16 03:47:16.429 21027 INFO rally.task.runner [-] Task 5c4ae9b0-0d7d-428b-8cce-b39aab5a9323 | ITER: 1 START
2019-12-16 03:47:16.428 21029 RALLYDEBUG rally.task.runner [-] Starting a worker. times: 10 duration: None concurrency: 1 timeout: 0 cls: method_name: run args: {"flavor": "c1b316bb-9aea-40b2-9eed-8480abe7834e", "image": "02e2d7fc-4c21-4af2-9b3a-22bc0af0001a", "nics": [{"net-id": "c51c8544-d62f-4817-b7df-cb0981aba4ec"}]}
2019-12-16 03:47:16.432 21028 INFO rally.task.runner [-] Task 5c4ae9b0-0d7d-428b-8cce-b39aab5a9323 | ITER: 2 START
2019-12-16 03:47:16.432 21030 RALLYDEBUG rally.task.runner [-] Starting a worker. times: 10 duration: None concurrency: 1 timeout: 0 cls: method_name: run args: {"flavor": "c1b316bb-9aea-40b2-9eed-8480abe7834e", "image": "02e2d7fc-4c21-4af2-9b3a-22bc0af0001a", "nics": [{"net-id": "c51c8544-d62f-4817-b7df-cb0981aba4ec"}]}
2019-12-16 03:47:16.435 21029 INFO rally.task.runner [-] Task 5c4ae9b0-0d7d-428b-8cce-b39aab5a9323 | ITER: 3 START
2019-12-16 03:47:16.439 21030 INFO rally.task.runner [-] Task 5c4ae9b0-0d7d-428b-8cce-b39aab5a9323 | ITER: 4 START
2019-12-16 03:47:23.942 21030 RALLYDEBUG rally.task.utils [-] Waiting for resource s_rally_5b61c6fa_LDbOZebT. Status changed: BUILD => ACTIVE in 4.560661554336548
2019-12-16 03:47:26.073 21027 RALLYDEBUG rally.task.utils [-] Waiting for resource s_rally_5b61c6fa_Lj9nIch0. Status changed: BUILD => ACTIVE in 6.985335350036621
2019-12-16 03:47:26.138 21028 RALLYDEBUG rally.task.utils [-] Waiting for resource s_rally_5b61c6fa_mLqdaeeO. Status changed: BUILD => ACTIVE in 6.962473154067993
2019-12-16 03:47:26.256 21030 INFO rally.task.runner [-] Task 5c4ae9b0-0d7d-428b-8cce-b39aab5a9323 | ITER: 4 END: OK
2019-12-16 03:47:26.261 21030 INFO rally.task.runner [-] Task 5c4ae9b0-0d7d-428b-8cce-b39aab5a9323 | ITER: 5 START
2019-12-16 03:47:28.340 21029 RALLYDEBUG rally.task.utils [-] Waiting for resource s_rally_5b61c6fa_wdbwiUJx. Status changed: BUILD => ACTIVE in 9.26848840713501
2019-12-16 03:47:28.457 21027 INFO rally.task.runner [-] Task 5c4ae9b0-0d7d-428b-8cce-b39aab5a9323 | ITER: 1 END: OK
2019-12-16 03:47:28.462 21027 INFO rally.task.runner [-] Task 5c4ae9b0-0d7d-428b-8cce-b39aab5a9323 | ITER: 6 START
