2019-12-16 02:45:33.922 727 DEBUG glanceclient.common.http [-] Request returned failure status 404. _handle_response /usr/lib/python3.6/site-packages/glanceclient/common/http.py:125
2019-12-16 02:45:33.924 727 DEBUG glanceclient.common.http [-] Request returned failure status 404. _handle_response /usr/lib/python3.6/site-packages/glanceclient/common/http.py:125
2019-12-16 02:45:33.926 727 DEBUG glanceclient.common.http [-] Request returned failure status 404. _handle_response /usr/lib/python3.6/site-packages/glanceclient/common/http.py:125
2019-12-16 02:45:33.938 727 DEBUG glanceclient.common.http [-] Request returned failure status 404. _handle_response /usr/lib/python3.6/site-packages/glanceclient/common/http.py:125
2019-12-16 02:45:33.950 727 DEBUG glanceclient.common.http [-] Request returned failure status 404. _handle_response /usr/lib/python3.6/site-packages/glanceclient/common/http.py:125
2019-12-16 02:45:33.951 727 DEBUG glanceclient.common.http [-] Request returned failure status 404. _handle_response /usr/lib/python3.6/site-packages/glanceclient/common/http.py:125
2019-12-16 02:45:33.952 727 DEBUG glanceclient.common.http [-] Request returned failure status 404. _handle_response /usr/lib/python3.6/site-packages/glanceclient/common/http.py:125
2019-12-16 02:45:34.082 727 DEBUG glanceclient.common.http [-] Request returned failure status 404. _handle_response /usr/lib/python3.6/site-packages/glanceclient/common/http.py:125
2019-12-16 02:45:34.097 727 DEBUG glanceclient.common.http [-] Request returned failure status 404. _handle_response /usr/lib/python3.6/site-packages/glanceclient/common/http.py:125
2019-12-16 02:45:35.101 727 INFO rally.task.context [-] Task cf3e725b-7db9-43f6-8de2-b05f3a0f9046 | Context cleanup@openstack cleanup() finished in 3.10 sec
2019-12-16 02:45:35.101 727 INFO rally.task.context [-] Task cf3e725b-7db9-43f6-8de2-b05f3a0f9046 | Context users@openstack cleanup() started
2019-12-16 02:45:39.281 727 INFO rally.task.context [-] Task cf3e725b-7db9-43f6-8de2-b05f3a0f9046 | Context users@openstack cleanup() finished in 4.18 sec
2019-12-16 02:45:39.937 727 INFO rally.task.engine [-] Load duration is: 8.940336
2019-12-16 02:45:39.938 727 INFO rally.task.engine [-] Full runner duration is: 9.662156
2019-12-16 02:45:39.938 727 INFO rally.task.engine [-] Full duration is: 19.506657
2019-12-16 02:45:40.515 727 INFO rally.task.engine [-] Task cf3e725b-7db9-43f6-8de2-b05f3a0f9046 | Completed: Running task.
2019-12-16 02:45:42.045 1841 RALLYDEBUG rally.api [-] INFO logs from urllib3 and requests module are hide.
2019-12-16 02:45:42.045 1841 RALLYDEBUG rally.api [-] urllib3 insecure warnings are hidden.
2019-12-16 02:45:42.045 1841 RALLYDEBUG rally.api [-] ERROR log from boto module is hide.
2019-12-16 02:45:43.257 1842 RALLYDEBUG rally.api [-] INFO logs from urllib3 and requests module are hide.
2019-12-16 02:45:43.257 1842 RALLYDEBUG rally.api [-] urllib3 insecure warnings are hidden.
2019-12-16 02:45:43.257 1842 RALLYDEBUG rally.api [-] ERROR log from boto module is hide.
2019-12-16 02:45:44.518 1843 RALLYDEBUG rally.api [-] INFO logs from urllib3 and requests module are hide.
2019-12-16 02:45:44.518 1843 RALLYDEBUG rally.api [-] urllib3 insecure warnings are hidden.
2019-12-16 02:45:44.519 1843 RALLYDEBUG rally.api [-] ERROR log from boto module is hide.
2019-12-16 02:45:46.188 1843 INFO rally.api [-] Building 'json' report for the following task(s): 'cf3e725b-7db9-43f6-8de2-b05f3a0f9046'.
2019-12-16 02:45:46.207 1843 INFO rally.api [-] The report has been successfully built.
2019-12-16 02:45:47.610 1845 RALLYDEBUG rally.api [-] INFO logs from urllib3 and requests module are hide.
2019-12-16 02:45:47.610 1845 RALLYDEBUG rally.api [-] urllib3 insecure warnings are hidden.
2019-12-16 02:45:47.610 1845 RALLYDEBUG rally.api [-] ERROR log from boto module is hide.
2019-12-16 02:45:49.830 1845 INFO rally.task.engine [-] Task 152a923f-0ecc-41ef-b148-1f68907acab3 | Starting: Task validation.
2019-12-16 02:45:49.916 1845 INFO rally.task.engine [-] Task 152a923f-0ecc-41ef-b148-1f68907acab3 | Starting: Task validation of syntax.
2019-12-16 02:45:50.286 1845 INFO rally.task.engine [-] Task 152a923f-0ecc-41ef-b148-1f68907acab3 | Completed: Task validation of syntax.
2019-12-16 02:45:50.287 1845 INFO rally.task.engine [-] Task 152a923f-0ecc-41ef-b148-1f68907acab3 | Starting: Task validation of required platforms.
2019-12-16 02:45:50.411 1845 INFO rally.task.engine [-] Task 152a923f-0ecc-41ef-b148-1f68907acab3 | Completed: Task validation of required platforms.
2019-12-16 02:45:50.411 1845 INFO rally.task.engine [-] Task 152a923f-0ecc-41ef-b148-1f68907acab3 | Starting: Task validation of semantic.
2019-12-16 02:45:50.411 1845 INFO rally.task.engine [-] Check health of the environment '15dcd1f7-659f-45e1-9a78-ce52478d58f0'.
2019-12-16 02:45:51.354 1845 INFO rally.task.engine [-] Platform existing@openstack (available: True): OK!
2019-12-16 02:45:51.374 1845 RALLYDEBUG rally_openstack.contexts.keystone.users [-] Creating 1 tenants using 20 threads
2019-12-16 02:45:52.209 1845 RALLYDEBUG rally_openstack.contexts.keystone.users [-] Creating 1 users using 20 threads
2019-12-16 02:45:53.504 1845 INFO rally.task.context [-] Task 152a923f-0ecc-41ef-b148-1f68907acab3 | Context users@openstack setup() finished in 2.13 sec
2019-12-16 02:46:06.870 1845 INFO rally.task.context [-] Task 152a923f-0ecc-41ef-b148-1f68907acab3 | Context users@openstack cleanup() started
2019-12-16 02:46:09.510 1845 INFO rally.task.context [-] Task 152a923f-0ecc-41ef-b148-1f68907acab3 | Context users@openstack cleanup() finished in 2.64 sec
2019-12-16 02:46:09.510 1845 INFO rally.task.engine [-] Task 152a923f-0ecc-41ef-b148-1f68907acab3 | Completed: Task validation of semantic.
2019-12-16 02:46:09.511 1845 INFO rally.task.engine [-] Task 152a923f-0ecc-41ef-b148-1f68907acab3 | Completed: Task validation.
2019-12-16 02:46:09.511 1845 INFO rally.api [-] Task 152a923f-0ecc-41ef-b148-1f68907acab3 input file is valid.
2019-12-16 02:46:09.512 1845 INFO rally.api [-] Run Task 152a923f-0ecc-41ef-b148-1f68907acab3 against Deployment 15dcd1f7-659f-45e1-9a78-ce52478d58f0
2019-12-16 02:46:09.512 1845 INFO rally.task.engine [-] Task 152a923f-0ecc-41ef-b148-1f68907acab3 | Starting: Running task.
2019-12-16 02:46:09.844 1845 INFO rally.task.engine [-] Running workload: position = 0 config = { "version": 2, "title": "A cropped version of a bigger task.", "description": "Auto-generated task from a single workload (uuid=fffdee94-a555-4d07-87e6-b63c14c9c6ed)", "subtasks": [ { "title": "CinderVolumes.create_and_attach_volume", "description": "Create a VM and attach a volume to it.", "scenario": { "CinderVolumes.create_and_attach_volume": { "flavor": { "name": "rally_full-flavor_102dc671-f436-4d4d-b368-5b0ed177eae0" }, "image": { "name": "rally_full-img_102dc671-f436-4d4d-b368-5b0ed177eae0" }, "size": 1, "nics": [ { "net-id": "c51c8544-d62f-4817-b7df-cb0981aba4ec" } ] } }, "contexts": { "users": { "tenants": 3, "users_per_tenant": 2 }, "quotas": { "cinder": { "gigabytes": -1, "snapshots": -1, "volumes": -1 } }, "api_versions": { "cinder": { "version": 3, "service_type": "volumev3" } } }, "runner": { "constant": { "concurrency": 4, "times": 10 } }, "hooks": [], "sla": { "failure_rate": { "max": 0 } } } ] }
2019-12-16 02:46:09.871 1845 RALLYDEBUG rally_openstack.contexts.keystone.users [-] Creating 3 tenants using 20 threads
2019-12-16 02:46:10.789 1845 RALLYDEBUG rally_openstack.contexts.keystone.users [-] Creating 6 users using 20 threads
2019-12-16 02:46:12.344 1845 INFO rally.task.context [-] Task 152a923f-0ecc-41ef-b148-1f68907acab3 | Context users@openstack setup() finished in 2.47 sec
2019-12-16 02:46:12.749 1845 INFO rally.task.context [-] Task 152a923f-0ecc-41ef-b148-1f68907acab3 | Context api_versions@openstack setup() finished in 0.41 sec
2019-12-16 02:46:13.636 1845 INFO rally.task.context [-] Task 152a923f-0ecc-41ef-b148-1f68907acab3 | Context quotas@openstack setup() finished in 0.89 sec
2019-12-16 02:46:13.636 1845 INFO rally.task.context [-] Task 152a923f-0ecc-41ef-b148-1f68907acab3 | Context cleanup@openstack setup() finished in 0.02 msec
2019-12-16 02:46:14.598 1845 RALLYDEBUG rally.task.runner [-] Starting the constant runner (task UUID: 152a923f-0ecc-41ef-b148-1f68907acab3). times: 10 concurrency: 4 timeout: 0 max_cpu_used: 16 processes_to_start: 4 concurrency_per_worker: 1 concurrency_overhead: 0
2019-12-16 02:46:14.612 1969 RALLYDEBUG rally.task.runner [-] Starting a worker. times: 10 duration: None concurrency: 1 timeout: 0 cls: method_name: run args: {"flavor": "c1b316bb-9aea-40b2-9eed-8480abe7834e", "image": "02e2d7fc-4c21-4af2-9b3a-22bc0af0001a", "size": 1, "nics": [{"net-id": "c51c8544-d62f-4817-b7df-cb0981aba4ec"}]}
2019-12-16 02:46:14.616 1970 RALLYDEBUG rally.task.runner [-] Starting a worker. times: 10 duration: None concurrency: 1 timeout: 0 cls: method_name: run args: {"flavor": "c1b316bb-9aea-40b2-9eed-8480abe7834e", "image": "02e2d7fc-4c21-4af2-9b3a-22bc0af0001a", "size": 1, "nics": [{"net-id": "c51c8544-d62f-4817-b7df-cb0981aba4ec"}]}
2019-12-16 02:46:14.619 1969 INFO rally.task.runner [-] Task 152a923f-0ecc-41ef-b148-1f68907acab3 | ITER: 1 START
2019-12-16 02:46:14.619 1971 RALLYDEBUG rally.task.runner [-] Starting a worker. times: 10 duration: None concurrency: 1 timeout: 0 cls: method_name: run args: {"flavor": "c1b316bb-9aea-40b2-9eed-8480abe7834e", "image": "02e2d7fc-4c21-4af2-9b3a-22bc0af0001a", "size": 1, "nics": [{"net-id": "c51c8544-d62f-4817-b7df-cb0981aba4ec"}]}
2019-12-16 02:46:14.622 1970 INFO rally.task.runner [-] Task 152a923f-0ecc-41ef-b148-1f68907acab3 | ITER: 2 START
2019-12-16 02:46:14.623 1974 RALLYDEBUG rally.task.runner [-] Starting a worker. times: 10 duration: None concurrency: 1 timeout: 0 cls: method_name: run args: {"flavor": "c1b316bb-9aea-40b2-9eed-8480abe7834e", "image": "02e2d7fc-4c21-4af2-9b3a-22bc0af0001a", "size": 1, "nics": [{"net-id": "c51c8544-d62f-4817-b7df-cb0981aba4ec"}]}
2019-12-16 02:46:14.626 1971 INFO rally.task.runner [-] Task 152a923f-0ecc-41ef-b148-1f68907acab3 | ITER: 3 START
2019-12-16 02:46:14.629 1974 INFO rally.task.runner [-] Task 152a923f-0ecc-41ef-b148-1f68907acab3 | ITER: 4 START
2019-12-16 02:46:21.558 1970 RALLYDEBUG rally.task.utils [-] Waiting for resource s_rally_fffdee94_i9ojd9Kx. Status changed: BUILD => ACTIVE in 4.452345609664917
2019-12-16 02:46:21.980 1974 RALLYDEBUG rally.task.utils [-] Waiting for resource s_rally_fffdee94_Vtq86eXh. Status changed: BUILD => ACTIVE in 4.722237825393677
2019-12-16 02:46:24.091 1971 RALLYDEBUG rally.task.utils [-] Waiting for resource s_rally_fffdee94_hoce52cV. Status changed: BUILD => ACTIVE in 6.6461262702941895
2019-12-16 02:46:24.949 1970 RALLYDEBUG rally.task.utils [-] Waiting for resource s_rally_fffdee94_5YPx5yiP. Status changed: AVAILABLE => RESERVED in 0.41038990020751953
2019-12-16 02:46:25.377 1974 RALLYDEBUG rally.task.utils [-] Waiting for resource s_rally_fffdee94_XbJ9zRnM. Status changed: AVAILABLE => RESERVED in 0.6873195171356201
2019-12-16 02:46:26.451 1969 RALLYDEBUG rally.task.utils [-] Waiting for resource s_rally_fffdee94_1ZwaKoqq. Status changed: BUILD => ACTIVE in 9.147410154342651
2019-12-16 02:46:27.357 1970 RALLYDEBUG rally.task.utils [-] Waiting for resource s_rally_fffdee94_5YPx5yiP. Status changed: RESERVED => IN-USE in 2.407898187637329
2019-12-16 02:46:27.771 1971 RALLYDEBUG rally.task.utils [-] Waiting for resource s_rally_fffdee94_mPglVEgL. Status changed: AVAILABLE => RESERVED in 0.7013258934020996
2019-12-16 02:46:27.788 1974 RALLYDEBUG rally.task.utils [-] Waiting for resource s_rally_fffdee94_XbJ9zRnM. Status changed: RESERVED => IN-USE in 2.4107580184936523
2019-12-16 02:46:28.346 1974 RALLYDEBUG rally.task.utils [-] Waiting for resource s_rally_fffdee94_XbJ9zRnM. Status changed: AVAILABLE => DETACHING in 0.3993525505065918
2019-12-16 02:46:28.355 1970 RALLYDEBUG rally.task.utils [-] Waiting for resource s_rally_fffdee94_5YPx5yiP. Status changed: AVAILABLE => DELETING in 0.05269336700439453
2019-12-16 02:46:29.486 1969 RALLYDEBUG rally.task.utils [-] Waiting for resource s_rally_fffdee94_vrDSLAcd. Status changed: AVAILABLE => RESERVED in 0.40488696098327637
2019-12-16 02:46:30.470 1971 RALLYDEBUG rally.task.utils [-] Waiting for resource s_rally_fffdee94_mPglVEgL. Status changed: RESERVED => IN-USE in 2.698798656463623
2019-12-16 02:46:30.751 1974 RALLYDEBUG rally.task.utils [-] Waiting for resource s_rally_fffdee94_XbJ9zRnM. Status changed: DETACHING => AVAILABLE in 2.404559850692749
2019-12-16 02:46:30.862 1974 RALLYDEBUG rally.task.utils [-] Waiting for resource s_rally_fffdee94_XbJ9zRnM. Status changed: AVAILABLE => DELETING in 0.054380178451538086
2019-12-16 02:46:31.106 1971 RALLYDEBUG rally.task.utils [-] Waiting for resource s_rally_fffdee94_mPglVEgL. Status changed: AVAILABLE => DETACHING in 0.40744757652282715
2019-12-16 02:46:32.182 1969 RALLYDEBUG rally.task.utils [-] Waiting for resource s_rally_fffdee94_vrDSLAcd. Status changed: RESERVED => IN-USE in 2.695613384246826
2019-12-16 02:46:32.755 1969 RALLYDEBUG rally.task.utils [-] Waiting for resource s_rally_fffdee94_vrDSLAcd. Status changed: AVAILABLE => DETACHING in 0.4144861698150635
2019-12-16 02:46:32.851 1970 INFO rally.task.runner [-] Task 152a923f-0ecc-41ef-b148-1f68907acab3 | ITER: 2 END: OK
2019-12-16 02:46:32.856 1970 INFO rally.task.runner [-] Task 152a923f-0ecc-41ef-b148-1f68907acab3 | ITER: 5 START
2019-12-16 02:46:33.513 1971 RALLYDEBUG rally.task.utils [-] Waiting for resource s_rally_fffdee94_mPglVEgL. Status changed: DETACHING => AVAILABLE in 2.4069061279296875
2019-12-16 02:46:33.627 1971 RALLYDEBUG rally.task.utils [-] Waiting for resource s_rally_fffdee94_mPglVEgL. Status changed: AVAILABLE => DELETING in 0.05824995040893555
2019-12-16 02:46:35.194 1969 RALLYDEBUG rally.task.utils [-] Waiting for resource s_rally_fffdee94_vrDSLAcd. Status changed: DETACHING => AVAILABLE in 2.4380240440368652
2019-12-16 02:46:35.296 1974 INFO rally.task.runner [-] Task 152a923f-0ecc-41ef-b148-1f68907acab3 | ITER: 4 END: OK
2019-12-16 02:46:35.304 1974 INFO rally.task.runner [-] Task 152a923f-0ecc-41ef-b148-1f68907acab3 | ITER: 6 START
2019-12-16 02:46:35.316 1969 RALLYDEBUG rally.task.utils [-] Waiting for resource s_rally_fffdee94_vrDSLAcd. Status changed: AVAILABLE => DELETING in 0.058342933654785156
2019-12-16 02:46:38.143 1971 INFO rally.task.runner [-] Task 152a923f-0ecc-41ef-b148-1f68907acab3 | ITER: 3 END: OK
2019-12-16 02:46:38.149 1971 INFO rally.task.runner [-] Task 152a923f-0ecc-41ef-b148-1f68907acab3 | ITER: 7 START
2019-12-16 02:46:39.793 1969 INFO rally.task.runner [-] Task 152a923f-0ecc-41ef-b148-1f68907acab3 | ITER: 1 END: OK
2019-12-16 02:46:39.799 1969 INFO rally.task.runner [-] Task 152a923f-0ecc-41ef-b148-1f68907acab3 | ITER: 8 START
2019-12-16 02:46:40.011 1970 RALLYDEBUG rally.task.utils [-] Waiting for resource s_rally_fffdee94_TaxzpGZz. Status changed: BUILD => ACTIVE in 4.694091081619263
2019-12-16 02:46:42.410 1974 RALLYDEBUG rally.task.utils [-] Waiting for resource s_rally_fffdee94_qHDJWoft. Status changed: BUILD => ACTIVE in 4.637929916381836
2019-12-16 02:46:43.268 1970 RALLYDEBUG rally.task.utils [-] Waiting for resource s_rally_fffdee94_Dw7AteUg. Status changed: AVAILABLE => RESERVED in 0.3951575756072998
2019-12-16 02:46:45.019 1971 RALLYDEBUG rally.task.utils [-] Waiting for resource s_rally_fffdee94_qae7Zezj. Status changed: BUILD => ACTIVE in 4.579784393310547
2019-12-16 02:46:45.366 1974 RALLYDEBUG rally.task.utils [-] Waiting for resource s_rally_fffdee94_kiaQHy0U. Status changed: AVAILABLE => RESERVED in 0.3909268379211426
2019-12-16 02:46:45.675 1970 RALLYDEBUG rally.task.utils [-] Waiting for resource s_rally_fffdee94_Dw7AteUg. Status changed: RESERVED => IN-USE in 2.4069738388061523
2019-12-16 02:46:46.361 1970 RALLYDEBUG rally.task.utils [-] Waiting for resource s_rally_fffdee94_Dw7AteUg. Status changed: AVAILABLE => DETACHING in 0.40990185737609863
2019-12-16 02:46:46.605 1969 RALLYDEBUG rally.task.utils [-] Waiting for resource s_rally_fffdee94_gWr5xis6. Status changed: BUILD => ACTIVE in 4.529930353164673
2019-12-16 02:46:47.777 1974 RALLYDEBUG rally.task.utils [-] Waiting for resource s_rally_fffdee94_kiaQHy0U. Status changed: RESERVED => IN-USE in 2.4110000133514404
2019-12-16 02:46:48.061 1971 RALLYDEBUG rally.task.utils [-] Waiting for resource s_rally_fffdee94_aWklPBDt. Status changed: AVAILABLE => RESERVED in 0.3935103416442871
2019-12-16 02:46:48.727 1974 RALLYDEBUG rally.task.utils [-] Waiting for resource s_rally_fffdee94_kiaQHy0U. Status changed: AVAILABLE => DELETING in 0.058211326599121094
2019-12-16 02:46:49.047 1970 RALLYDEBUG rally.task.utils [-] Waiting for resource s_rally_fffdee94_Dw7AteUg. Status changed: DETACHING => AVAILABLE in 2.685863733291626
2019-12-16 02:46:49.157 1970 RALLYDEBUG rally.task.utils [-] Waiting for resource s_rally_fffdee94_Dw7AteUg. Status changed: AVAILABLE => DELETING in 0.05224323272705078
2019-12-16 02:46:49.572 1969 RALLYDEBUG rally.task.utils [-] Waiting for resource s_rally_fffdee94_IESwMJZN. Status changed: AVAILABLE => RESERVED in 0.39498114585876465
2019-12-16 02:46:50.468 1971 RALLYDEBUG rally.task.utils [-] Waiting for resource s_rally_fffdee94_aWklPBDt. Status changed: RESERVED => IN-USE in 2.407803773880005
2019-12-16 02:46:51.036 1971 RALLYDEBUG rally.task.utils [-] Waiting for resource s_rally_fffdee94_aWklPBDt. Status changed: AVAILABLE => DETACHING in 0.4037289619445801
2019-12-16 02:46:51.972 1969 RALLYDEBUG rally.task.utils [-] Waiting for resource s_rally_fffdee94_IESwMJZN. Status changed: RESERVED => IN-USE in 2.400359630584717
2019-12-16 02:46:52.544 1969 RALLYDEBUG rally.task.utils [-] Waiting for resource s_rally_fffdee94_IESwMJZN. Status changed: AVAILABLE => DETACHING in 0.40964770317077637
2019-12-16 02:46:53.121 1974 INFO rally.task.runner [-] Task 152a923f-0ecc-41ef-b148-1f68907acab3 | ITER: 6 END: OK
2019-12-16 02:46:53.125 1974 INFO rally.task.runner [-] Task 152a923f-0ecc-41ef-b148-1f68907acab3 | ITER: 9 START
2019-12-16 02:46:53.442 1971 RALLYDEBUG rally.task.utils [-] Waiting for resource s_rally_fffdee94_aWklPBDt. Status changed: DETACHING => AVAILABLE in 2.4063186645507812
2019-12-16 02:46:53.554 1971 RALLYDEBUG rally.task.utils [-] Waiting for resource s_rally_fffdee94_aWklPBDt. Status changed: AVAILABLE => DELETING in 0.056900739669799805
2019-12-16 02:46:53.618 1970 INFO rally.task.runner [-] Task 152a923f-0ecc-41ef-b148-1f68907acab3 | ITER: 5 END: OK
2019-12-16 02:46:53.623 1970 INFO rally.task.runner [-] Task 152a923f-0ecc-41ef-b148-1f68907acab3 | ITER: 10 START
2019-12-16 02:46:54.954 1969 RALLYDEBUG rally.task.utils [-] Waiting for resource s_rally_fffdee94_IESwMJZN. Status changed: DETACHING => AVAILABLE in 2.41070556640625
2019-12-16 02:46:55.064 1969 RALLYDEBUG rally.task.utils [-] Waiting for resource s_rally_fffdee94_IESwMJZN. Status changed: AVAILABLE => DELETING in 0.05655956268310547
2019-12-16 02:46:57.957 1971 INFO rally.task.runner [-] Task 152a923f-0ecc-41ef-b148-1f68907acab3 | ITER: 7 END: OK
2019-12-16 02:46:59.441 1969 INFO rally.task.runner [-] Task 152a923f-0ecc-41ef-b148-1f68907acab3 | ITER: 8 END: OK
2019-12-16 02:47:00.085 1974 RALLYDEBUG rally.task.utils [-] Waiting for resource s_rally_fffdee94_SXnUZtjU. Status changed: BUILD => ACTIVE in 4.705116271972656
2019-12-16 02:47:01.164 1970 RALLYDEBUG rally.task.utils [-] Waiting for resource s_rally_fffdee94_VaZXOLoJ. Status changed: BUILD => ACTIVE in 4.589932203292847
2019-12-16 02:47:03.291 1974 RALLYDEBUG rally.task.utils [-] Waiting for resource s_rally_fffdee94_xPux13yi. Status changed: AVAILABLE => RESERVED in 0.6145267486572266
2019-12-16 02:47:04.162 1970 RALLYDEBUG rally.task.utils [-] Waiting for resource s_rally_fffdee94_y37fhn8P. Status changed: AVAILABLE => RESERVED in 0.4037497043609619
2019-12-16 02:47:05.696 1974 RALLYDEBUG rally.task.utils [-] Waiting for resource s_rally_fffdee94_xPux13yi. Status changed: RESERVED => IN-USE in 2.4043960571289062
2019-12-16 02:47:06.263 1974 RALLYDEBUG rally.task.utils [-] Waiting for resource s_rally_fffdee94_xPux13yi. Status changed: AVAILABLE => DETACHING in 0.4120194911956787
2019-12-16 02:47:06.566 1970 RALLYDEBUG rally.task.utils [-] Waiting for resource s_rally_fffdee94_y37fhn8P. Status changed: RESERVED => IN-USE in 2.4040234088897705
2019-12-16 02:47:07.139 1970 RALLYDEBUG rally.task.utils [-] Waiting for resource s_rally_fffdee94_y37fhn8P. Status changed: AVAILABLE => DETACHING in 0.4104747772216797
2019-12-16 02:47:08.672 1974 RALLYDEBUG rally.task.utils [-] Waiting for resource s_rally_fffdee94_xPux13yi. Status changed: DETACHING => AVAILABLE in 2.409517526626587
2019-12-16 02:47:08.806 1974 RALLYDEBUG rally.task.utils [-] Waiting for resource s_rally_fffdee94_xPux13yi. Status changed: AVAILABLE => DELETING in 0.07120251655578613
2019-12-16 02:47:09.552 1970 RALLYDEBUG rally.task.utils [-] Waiting for resource s_rally_fffdee94_y37fhn8P. Status changed: DETACHING => AVAILABLE in 2.413435220718384
2019-12-16 02:47:09.666 1970 RALLYDEBUG rally.task.utils [-] Waiting for resource s_rally_fffdee94_y37fhn8P. Status changed: AVAILABLE => DELETING in 0.058487653732299805
2019-12-16 02:47:13.279 1974 INFO rally.task.runner [-] Task 152a923f-0ecc-41ef-b148-1f68907acab3 | ITER: 9 END: OK
2019-12-16 02:47:14.108 1970 INFO rally.task.runner [-] Task 152a923f-0ecc-41ef-b148-1f68907acab3 | ITER: 10 END: OK
2019-12-16 02:47:14.141 1845 INFO rally.task.context [-] Task 152a923f-0ecc-41ef-b148-1f68907acab3 | Context cleanup@openstack cleanup() started
2019-12-16 02:47:14.146 1845 RALLYDEBUG rally_openstack.cleanup.manager [-] Cleaning up nova servers objects
2019-12-16 02:47:15.533 1845 RALLYDEBUG rally_openstack.cleanup.manager [-] Cleaning up nova server_groups objects
2019-12-16 02:47:16.647 1845 RALLYDEBUG rally_openstack.cleanup.manager [-] Cleaning up nova keypairs objects
2019-12-16 02:47:18.960 1845 RALLYDEBUG rally_openstack.cleanup.manager [-] Cleaning up cinder backups objects
2019-12-16 02:47:20.115 1845 RALLYDEBUG rally_openstack.cleanup.manager [-] Cleaning up cinder volume_snapshots objects
2019-12-16 02:47:21.232 1845 RALLYDEBUG rally_openstack.cleanup.manager [-] Cleaning up cinder transfers objects
2019-12-16 02:47:22.341 1845 RALLYDEBUG rally_openstack.cleanup.manager [-] Cleaning up cinder volumes objects
2019-12-16 02:47:23.492 1845 INFO rally.task.context [-] Task 152a923f-0ecc-41ef-b148-1f68907acab3 | Context cleanup@openstack cleanup() finished in 9.35 sec
2019-12-16 02:47:23.493 1845 INFO rally.task.context [-] Task 152a923f-0ecc-41ef-b148-1f68907acab3 | Context quotas@openstack cleanup() started
2019-12-16 02:47:23.562 1845 INFO rally.task.context [-] Task 152a923f-0ecc-41ef-b148-1f68907acab3 | Context quotas@openstack cleanup() finished in 69.43 msec
2019-12-16 02:47:23.562 1845 INFO rally.task.context [-] Task 152a923f-0ecc-41ef-b148-1f68907acab3 | Context api_versions@openstack cleanup() started
2019-12-16 02:47:23.563 1845 INFO rally.task.context [-] Task 152a923f-0ecc-41ef-b148-1f68907acab3 | Context api_versions@openstack cleanup() finished in 0.34 msec
2019-12-16 02:47:23.563 1845 INFO rally.task.context [-] Task 152a923f-0ecc-41ef-b148-1f68907acab3 | Context users@openstack cleanup() started
2019-12-16 02:47:27.506 1845 INFO rally.task.context [-] Task 152a923f-0ecc-41ef-b148-1f68907acab3 | Context users@openstack cleanup() finished in 3.94 sec
2019-12-16 02:47:28.227 1845 INFO rally.task.engine [-] Load duration is: 58.484917
2019-12-16 02:47:28.227 1845 INFO rally.task.engine [-] Full runner duration is: 59.544005
2019-12-16 02:47:28.227 1845 INFO rally.task.engine [-] Full duration is: 77.637887
2019-12-16 02:47:28.762 1845 INFO rally.task.engine [-] Running workload: position = 0 config = { "version": 2, "title": "A cropped version of a bigger task.", "description": "Auto-generated task from a single workload (uuid=3056e157-b45a-4681-b3cc-a991a461d249)", "subtasks": [ { "title": "CinderVolumes.create_and_list_snapshots", "description": "Create and then list a volume-snapshot.", "scenario": { "CinderVolumes.create_and_list_snapshots": { "detailed": true, "force": false } }, "contexts": { "users": { "tenants": 3, "users_per_tenant": 2 }, "quotas": { "cinder": { "gigabytes": -1, "snapshots": -1, "volumes": -1 } }, "api_versions": { "cinder": { "version": 3, "service_type": "volumev3" } }, "volumes": { "size": 1, "volumes_per_tenant": 1 } }, "runner": { "constant": { "concurrency": 4, "times": 10 } }, "hooks": [], "sla": { "failure_rate": { "max": 0 } } } ] }
2019-12-16 02:47:28.789 1845 RALLYDEBUG rally_openstack.contexts.keystone.users [-] Creating 3 tenants using 20 threads
2019-12-16 02:47:29.898 1845 RALLYDEBUG rally_openstack.contexts.keystone.users [-] Creating 6 users using 20 threads
2019-12-16 02:47:31.400 1845 INFO rally.task.context [-] Task 152a923f-0ecc-41ef-b148-1f68907acab3 | Context users@openstack setup() finished in 2.61 sec
2019-12-16 02:47:31.805 1845 INFO rally.task.context [-] Task 152a923f-0ecc-41ef-b148-1f68907acab3 | Context api_versions@openstack setup() finished in 0.40 sec
2019-12-16 02:47:32.646 1845 INFO rally.task.context [-] Task 152a923f-0ecc-41ef-b148-1f68907acab3 | Context quotas@openstack setup() finished in 0.84 sec
2019-12-16 02:47:41.144 1845 INFO rally.task.context [-] Task 152a923f-0ecc-41ef-b148-1f68907acab3 | Context volumes@openstack setup() finished in 8.50 sec
2019-12-16 02:47:41.145 1845 INFO rally.task.context [-] Task 152a923f-0ecc-41ef-b148-1f68907acab3 | Context cleanup@openstack setup() finished in 0.01 msec
2019-12-16 02:47:41.155 1845 RALLYDEBUG rally.task.runner [-] Starting the constant runner (task UUID: 152a923f-0ecc-41ef-b148-1f68907acab3). times: 10 concurrency: 4 timeout: 0 max_cpu_used: 16 processes_to_start: 4 concurrency_per_worker: 1 concurrency_overhead: 0
2019-12-16 02:47:41.167 2213 RALLYDEBUG rally.task.runner [-] Starting a worker. times: 10 duration: None concurrency: 1 timeout: 0 cls: method_name: run args: {"detailed": true, "force": false}
2019-12-16 02:47:41.170 2214 RALLYDEBUG rally.task.runner [-] Starting a worker. times: 10 duration: None concurrency: 1 timeout: 0 cls: method_name: run args: {"detailed": true, "force": false}
2019-12-16 02:47:41.173 2213 INFO rally.task.runner [-] Task 152a923f-0ecc-41ef-b148-1f68907acab3 | ITER: 1 START
2019-12-16 02:47:41.173 2215 RALLYDEBUG rally.task.runner [-] Starting a worker. times: 10 duration: None concurrency: 1 timeout: 0 cls: method_name: run args: {"detailed": true, "force": false}
2019-12-16 02:47:41.177 2214 INFO rally.task.runner [-] Task 152a923f-0ecc-41ef-b148-1f68907acab3 | ITER: 2 START
2019-12-16 02:47:41.177 2216 RALLYDEBUG rally.task.runner [-] Starting a worker. times: 10 duration: None concurrency: 1 timeout: 0 cls: method_name: run args: {"detailed": true, "force": false}
2019-12-16 02:47:41.180 2215 INFO rally.task.runner [-] Task 152a923f-0ecc-41ef-b148-1f68907acab3 | ITER: 3 START
2019-12-16 02:47:41.183 2216 INFO rally.task.runner [-] Task 152a923f-0ecc-41ef-b148-1f68907acab3 | ITER: 4 START
2019-12-16 02:47:43.785 2213 INFO rally.task.runner [-] Task 152a923f-0ecc-41ef-b148-1f68907acab3 | ITER: 1 END: OK
2019-12-16 02:47:43.790 2213 INFO rally.task.runner [-] Task 152a923f-0ecc-41ef-b148-1f68907acab3 | ITER: 5 START
2019-12-16 02:47:43.874 2214 INFO rally.task.runner [-] Task 152a923f-0ecc-41ef-b148-1f68907acab3 | ITER: 2 END: OK
2019-12-16 02:47:43.878 2214 INFO rally.task.runner [-] Task 152a923f-0ecc-41ef-b148-1f68907acab3 | ITER: 6 START
2019-12-16 02:47:43.880 2216 INFO rally.task.runner [-] Task 152a923f-0ecc-41ef-b148-1f68907acab3 | ITER: 4 END: OK
2019-12-16 02:47:43.884 2216 INFO rally.task.runner [-] Task 152a923f-0ecc-41ef-b148-1f68907acab3 | ITER: 7 START
2019-12-16 02:47:43.895 2215 INFO rally.task.runner [-] Task 152a923f-0ecc-41ef-b148-1f68907acab3 | ITER: 3 END: OK
2019-12-16 02:47:43.901 2215 INFO rally.task.runner [-] Task 152a923f-0ecc-41ef-b148-1f68907acab3 | ITER: 8 START
2019-12-16 02:47:46.369 2213 INFO rally.task.runner [-] Task 152a923f-0ecc-41ef-b148-1f68907acab3 | ITER: 5 END: OK
2019-12-16 02:47:46.373 2213 INFO rally.task.runner [-] Task 152a923f-0ecc-41ef-b148-1f68907acab3 | ITER: 9 START
2019-12-16 02:47:46.461 2214 INFO rally.task.runner [-] Task 152a923f-0ecc-41ef-b148-1f68907acab3 | ITER: 6 END: OK
2019-12-16 02:47:46.465 2214 INFO rally.task.runner [-] Task 152a923f-0ecc-41ef-b148-1f68907acab3 | ITER: 10 START
2019-12-16 02:47:46.466 2216 INFO rally.task.runner [-] Task 152a923f-0ecc-41ef-b148-1f68907acab3 | ITER: 7 END: OK
2019-12-16 02:47:46.565 2215 INFO rally.task.runner [-] Task 152a923f-0ecc-41ef-b148-1f68907acab3 | ITER: 8 END: OK
2019-12-16 02:47:48.990 2213 INFO rally.task.runner [-] Task 152a923f-0ecc-41ef-b148-1f68907acab3 | ITER: 9 END: OK
2019-12-16 02:47:49.038 2214 INFO rally.task.runner [-] Task 152a923f-0ecc-41ef-b148-1f68907acab3 | ITER: 10 END: OK
2019-12-16 02:47:49.058 1845 INFO rally.task.context [-] Task 152a923f-0ecc-41ef-b148-1f68907acab3 | Context cleanup@openstack cleanup() started
2019-12-16 02:47:49.062 1845 RALLYDEBUG rally_openstack.cleanup.manager [-] Cleaning up cinder backups objects
2019-12-16 02:47:50.208 1845 RALLYDEBUG rally_openstack.cleanup.manager [-] Cleaning up cinder volume_snapshots objects
2019-12-16 02:47:51.355 1845 RALLYDEBUG rally_openstack.cleanup.manager [-] Deleting cinder.volume_snapshots object s_rally_3056e157_jyWILO5V (023401a9-5f15-4652-8681-9102a33cd562)
2019-12-16 02:47:51.361 1845 RALLYDEBUG rally_openstack.cleanup.manager [-] Deleting cinder.volume_snapshots object s_rally_3056e157_mlyBTFad (1e7adf43-dbef-48fe-8541-a736cc181530)
2019-12-16 02:47:51.374 1845 RALLYDEBUG rally_openstack.cleanup.manager [-] Deleting cinder.volume_snapshots object s_rally_3056e157_8SemhZ2j (cf62278c-dc2e-4971-b70a-7281c09e661b)
2019-12-16 02:47:51.383 1845 RALLYDEBUG rally_openstack.cleanup.manager [-] Deleting cinder.volume_snapshots object s_rally_3056e157_JSkfdnOK (e4753d38-388c-4370-8baa-df6c7126101f)
2019-12-16 02:47:51.388 1845 RALLYDEBUG rally_openstack.cleanup.manager [-] Deleting cinder.volume_snapshots object s_rally_3056e157_QrNbu0ge (7f9ae7c4-2e09-46fe-a66d-249ec3497258)
2019-12-16 02:47:51.407 1845 RALLYDEBUG rally_openstack.cleanup.manager [-] Deleting cinder.volume_snapshots object s_rally_3056e157_eZa96OCi (cb5a98f3-84b8-4efc-a819-64fddda330f5)
2019-12-16 02:47:51.427 1845 RALLYDEBUG rally_openstack.cleanup.manager [-] Deleting cinder.volume_snapshots object s_rally_3056e157_uJyvzX3O (1b330d74-5b61-48ba-970b-535df5f5bbec)
2019-12-16 02:47:51.437 1845 RALLYDEBUG rally_openstack.cleanup.manager [-] Deleting cinder.volume_snapshots object s_rally_3056e157_V0Meraik (f1e4f9e7-b68d-4482-a756-09e3025e1d2c)
2019-12-16 02:47:51.444 1845 RALLYDEBUG rally_openstack.cleanup.manager [-] Deleting cinder.volume_snapshots object s_rally_3056e157_VbiO4BtT (16125cc7-079c-4a92-8a50-3a36393f68bb)
2019-12-16 02:47:51.456 1845 RALLYDEBUG rally_openstack.cleanup.manager [-] Deleting cinder.volume_snapshots object s_rally_3056e157_HIqwdCRe (0ab1cacd-9316-4c78-b92b-231d4a1511ca)
2019-12-16 02:47:54.057 1845 RALLYDEBUG rally_openstack.cleanup.manager [-] Cleaning up cinder transfers objects
2019-12-16 02:47:55.187 1845 RALLYDEBUG rally_openstack.cleanup.manager [-] Cleaning up cinder volumes objects
2019-12-16 02:47:56.478 1845 INFO rally.task.context [-] Task 152a923f-0ecc-41ef-b148-1f68907acab3 | Context cleanup@openstack cleanup() finished in 7.42 sec
2019-12-16 02:47:56.478 1845 INFO rally.task.context [-] Task 152a923f-0ecc-41ef-b148-1f68907acab3 | Context volumes@openstack cleanup() started
2019-12-16 02:47:56.479 1845 RALLYDEBUG rally_openstack.cleanup.manager [-] Cleaning up cinder volumes objects
2019-12-16 02:47:57.699 1845 RALLYDEBUG rally_openstack.cleanup.manager [-] Deleting cinder.volumes object c_rally_3056e157_FsLUhUhA (9bf3e750-0f59-47bf-8b79-f1c2f1a4c73c)
2019-12-16 02:47:57.705 1845 RALLYDEBUG rally_openstack.cleanup.manager [-] Deleting cinder.volumes object c_rally_3056e157_qpfdFN2Z (f2f7c226-6ea6-43d5-abc7-7ac48c677580)
2019-12-16 02:47:57.713 1845 RALLYDEBUG rally_openstack.cleanup.manager [-] Deleting cinder.volumes object c_rally_3056e157_SEIv01X1 (0dcc1e5d-444a-4a3c-ad00-86c929b374af)
2019-12-16 02:48:00.262 1845 INFO rally.task.context [-] Task 152a923f-0ecc-41ef-b148-1f68907acab3 | Context volumes@openstack cleanup() finished in 3.78 sec
2019-12-16 02:48:00.262 1845 INFO rally.task.context [-] Task 152a923f-0ecc-41ef-b148-1f68907acab3 | Context quotas@openstack cleanup() started
2019-12-16 02:48:00.342 1845 INFO rally.task.context [-] Task 152a923f-0ecc-41ef-b148-1f68907acab3 | Context quotas@openstack cleanup() finished in 79.34 msec
2019-12-16 02:48:00.342 1845 INFO rally.task.context [-] Task 152a923f-0ecc-41ef-b148-1f68907acab3 | Context api_versions@openstack cleanup() started
2019-12-16 02:48:00.342 1845 INFO rally.task.context [-] Task 152a923f-0ecc-41ef-b148-1f68907acab3 | Context api_versions@openstack cleanup() finished in 0.37 msec
2019-12-16 02:48:00.343 1845 INFO rally.task.context [-] Task 152a923f-0ecc-41ef-b148-1f68907acab3 | Context users@openstack cleanup() started
2019-12-16 02:48:04.625 1845 INFO rally.task.context [-] Task 152a923f-0ecc-41ef-b148-1f68907acab3 | Context users@openstack cleanup() finished in 4.28 sec
2019-12-16 02:48:04.982 1845 INFO rally.task.engine [-] Load duration is: 7.859514
2019-12-16 02:48:04.983 1845 INFO rally.task.engine [-] Full runner duration is: 7.904134
2019-12-16 02:48:04.983 1845 INFO rally.task.engine [-] Full duration is: 35.838964
2019-12-16 02:48:05.313 1845 INFO rally.task.engine [-] Running workload: position = 0 config = { "version": 2, "title": "A cropped version of a bigger task.", "description": "Auto-generated task from a single workload (uuid=bf2cd85c-061c-4b41-8785-b63798cc140a)", "subtasks": [ { "title": "CinderVolumes.create_and_list_volume", "description": "Create a volume and list all volumes.", "scenario": { "CinderVolumes.create_and_list_volume": { "detailed": true, "image": { "name": "rally_full-img_102dc671-f436-4d4d-b368-5b0ed177eae0" }, "size": 1 } }, "contexts": { "users": { "tenants": 3, "users_per_tenant": 2 }, "quotas": { "cinder": { "gigabytes": -1, "snapshots": -1, "volumes": -1 } }, "api_versions": { "cinder": { "version": 3, "service_type": "volumev3" } } }, "runner": { "constant": { "concurrency": 4, "times": 10 } }, "hooks": [], "sla": { "failure_rate": { "max": 0 } } } ] }
2019-12-16 02:48:05.340 1845 RALLYDEBUG rally_openstack.contexts.keystone.users [-] Creating 3 tenants using 20 threads
2019-12-16 02:48:06.405 1845 RALLYDEBUG rally_openstack.contexts.keystone.users [-] Creating 6 users using 20 threads
2019-12-16 02:48:07.886 1845 INFO rally.task.context [-] Task 152a923f-0ecc-41ef-b148-1f68907acab3 | Context users@openstack setup() finished in 2.55 sec
2019-12-16 02:48:08.275 1845 INFO rally.task.context [-] Task 152a923f-0ecc-41ef-b148-1f68907acab3 | Context api_versions@openstack setup() finished in 0.39 sec
2019-12-16 02:48:09.063 1845 INFO rally.task.context [-] Task 152a923f-0ecc-41ef-b148-1f68907acab3 | Context quotas@openstack setup() finished in 0.79 sec
2019-12-16 02:48:09.063 1845 INFO rally.task.context [-] Task 152a923f-0ecc-41ef-b148-1f68907acab3 | Context cleanup@openstack setup() finished in 0.01 msec
2019-12-16 02:48:09.573 1845 RALLYDEBUG rally.task.runner [-] Starting the constant runner (task UUID: 152a923f-0ecc-41ef-b148-1f68907acab3). times: 10 concurrency: 4 timeout: 0 max_cpu_used: 16 processes_to_start: 4 concurrency_per_worker: 1 concurrency_overhead: 0
2019-12-16 02:48:09.585 2417 RALLYDEBUG rally.task.runner [-] Starting a worker. times: 10 duration: None concurrency: 1 timeout: 0 cls: method_name: run args: {"detailed": true, "image": "02e2d7fc-4c21-4af2-9b3a-22bc0af0001a", "size": 1}
2019-12-16 02:48:09.588 2418 RALLYDEBUG rally.task.runner [-] Starting a worker. times: 10 duration: None concurrency: 1 timeout: 0 cls: method_name: run args: {"detailed": true, "image": "02e2d7fc-4c21-4af2-9b3a-22bc0af0001a", "size": 1}
2019-12-16 02:48:09.592 2417 INFO rally.task.runner [-] Task 152a923f-0ecc-41ef-b148-1f68907acab3 | ITER: 1 START
2019-12-16 02:48:09.592 2419 RALLYDEBUG rally.task.runner [-] Starting a worker. times: 10 duration: None concurrency: 1 timeout: 0 cls: method_name: run args: {"detailed": true, "image": "02e2d7fc-4c21-4af2-9b3a-22bc0af0001a", "size": 1}
2019-12-16 02:48:09.595 2418 INFO rally.task.runner [-] Task 152a923f-0ecc-41ef-b148-1f68907acab3 | ITER: 2 START
2019-12-16 02:48:09.596 2420 RALLYDEBUG rally.task.runner [-] Starting a worker. times: 10 duration: None concurrency: 1 timeout: 0 cls: method_name: run args: {"detailed": true, "image": "02e2d7fc-4c21-4af2-9b3a-22bc0af0001a", "size": 1}
2019-12-16 02:48:09.598 2419 INFO rally.task.runner [-] Task 152a923f-0ecc-41ef-b148-1f68907acab3 | ITER: 3 START
2019-12-16 02:48:09.603 2420 INFO rally.task.runner [-] Task 152a923f-0ecc-41ef-b148-1f68907acab3 | ITER: 4 START
2019-12-16 02:48:26.985 2417 RALLYDEBUG rally.task.utils [-] Waiting for resource s_rally_bf2cd85c_ZoFcVkfw. Status changed: DOWNLOADING => AVAILABLE in 14.593350887298584
2019-12-16 02:48:27.045 2417 INFO rally.task.runner [-] Task 152a923f-0ecc-41ef-b148-1f68907acab3 | ITER: 1 END: OK
2019-12-16 02:48:27.050 2417 INFO rally.task.runner [-] Task 152a923f-0ecc-41ef-b148-1f68907acab3 | ITER: 5 START
2019-12-16 02:48:32.261 2417 RALLYDEBUG rally.task.utils [-] Waiting for resource s_rally_bf2cd85c_F08daxEu. Status changed: CREATING => DOWNLOADING in 2.210299015045166
2019-12-16 02:48:33.523 2419 RALLYDEBUG rally.task.utils [-] Waiting for resource s_rally_bf2cd85c_DKfICEEv. Status changed: DOWNLOADING => AVAILABLE in 20.79913091659546
2019-12-16 02:48:33.580 2419 INFO rally.task.runner [-] Task 152a923f-0ecc-41ef-b148-1f68907acab3 | ITER: 3 END: OK
2019-12-16 02:48:33.585 2419 INFO rally.task.runner [-] Task 152a923f-0ecc-41ef-b148-1f68907acab3 | ITER: 6 START
2019-12-16 02:48:45.981 2420 RALLYDEBUG rally.task.utils [-] Waiting for resource s_rally_bf2cd85c_2XtGmYVR. Status changed: DOWNLOADING => AVAILABLE in 33.31853175163269
2019-12-16 02:48:45.986 2418 RALLYDEBUG rally.task.utils [-] Waiting for resource s_rally_bf2cd85c_QHjxZ0xJ. Status changed: DOWNLOADING => AVAILABLE in 33.308363914489746
2019-12-16 02:48:46.043 2420 INFO rally.task.runner [-] Task 152a923f-0ecc-41ef-b148-1f68907acab3 | ITER: 4 END: OK
2019-12-16 02:48:46.047 2418 INFO rally.task.runner [-] Task 152a923f-0ecc-41ef-b148-1f68907acab3 | ITER: 2 END: OK
2019-12-16 02:48:46.050 2420 INFO rally.task.runner [-] Task 152a923f-0ecc-41ef-b148-1f68907acab3 | ITER: 7 START
2019-12-16 02:48:46.052 2418 INFO rally.task.runner [-] Task 152a923f-0ecc-41ef-b148-1f68907acab3 | ITER: 8 START
2019-12-16 02:48:52.905 2417 RALLYDEBUG rally.task.utils [-] Waiting for resource s_rally_bf2cd85c_F08daxEu. Status changed: DOWNLOADING => AVAILABLE in 20.64404845237732
2019-12-16 02:48:52.970 2417 INFO rally.task.runner [-] Task 152a923f-0ecc-41ef-b148-1f68907acab3 | ITER: 5 END: OK
2019-12-16 02:48:52.975 2417 INFO rally.task.runner [-] Task 152a923f-0ecc-41ef-b148-1f68907acab3 | ITER: 9 START
2019-12-16 02:48:59.961 2417 RALLYDEBUG rally.task.utils [-] Waiting for resource s_rally_bf2cd85c_N85SSsux. Status changed: CREATING => DOWNLOADING in 4.257679462432861
2019-12-16 02:49:03.368 2418 RALLYDEBUG rally.task.utils [-] Waiting for resource s_rally_bf2cd85c_EPvnwlzf. Status changed: DOWNLOADING => AVAILABLE in 14.599817276000977
2019-12-16 02:49:03.426 2418 INFO rally.task.runner [-] Task 152a923f-0ecc-41ef-b148-1f68907acab3 | ITER: 8 END: OK
2019-12-16 02:49:03.431 2418 INFO rally.task.runner [-] Task 152a923f-0ecc-41ef-b148-1f68907acab3 | ITER: 10 START
2019-12-16 02:49:08.274 2418 RALLYDEBUG rally.task.utils [-] Waiting for resource s_rally_bf2cd85c_4c3v4rcB. Status changed: CREATING => DOWNLOADING in 2.185307502746582
2019-12-16 02:49:09.659 2419 RALLYDEBUG rally.task.utils [-] Waiting for resource s_rally_bf2cd85c_GwLYsdhG. Status changed: DOWNLOADING => AVAILABLE in 33.40390658378601
2019-12-16 02:49:09.721 2419 INFO rally.task.runner [-] Task 152a923f-0ecc-41ef-b148-1f68907acab3 | ITER: 6 END: OK
2019-12-16 02:49:14.099 2420 RALLYDEBUG rally.task.utils [-] Waiting for resource s_rally_bf2cd85c_aMiGiQzq. Status changed: DOWNLOADING => AVAILABLE in 24.93320918083191
2019-12-16 02:49:14.153 2420 INFO rally.task.runner [-] Task 152a923f-0ecc-41ef-b148-1f68907acab3 | ITER: 7 END: OK
2019-12-16 02:49:24.904 2417 RALLYDEBUG rally.task.utils [-] Waiting for resource s_rally_bf2cd85c_N85SSsux. Status changed: DOWNLOADING => AVAILABLE in 24.942700386047363
2019-12-16 02:49:24.974 2417 INFO rally.task.runner [-] Task 152a923f-0ecc-41ef-b148-1f68907acab3 | ITER: 9 END: OK
2019-12-16 02:49:26.876 2418 RALLYDEBUG rally.task.utils [-] Waiting for resource s_rally_bf2cd85c_4c3v4rcB. Status changed: DOWNLOADING => AVAILABLE in 18.601558446884155
2019-12-16 02:49:26.949 2418 INFO rally.task.runner [-] Task 152a923f-0ecc-41ef-b148-1f68907acab3 | ITER: 10 END: OK
2019-12-16 02:49:26.977 1845 INFO rally.task.context [-] Task 152a923f-0ecc-41ef-b148-1f68907acab3 | Context cleanup@openstack cleanup() started
2019-12-16 02:49:26.984 1845 RALLYDEBUG rally_openstack.cleanup.manager [-] Cleaning up cinder backups objects
2019-12-16 02:49:28.239 1845 RALLYDEBUG rally_openstack.cleanup.manager [-] Cleaning up cinder volume_snapshots objects
2019-12-16 02:49:29.367 1845 RALLYDEBUG rally_openstack.cleanup.manager [-] Cleaning up cinder transfers objects
2019-12-16 02:49:30.494 1845 RALLYDEBUG rally_openstack.cleanup.manager [-] Cleaning up cinder volumes objects
2019-12-16 02:49:31.835 1845 RALLYDEBUG rally_openstack.cleanup.manager [-] Deleting cinder.volumes object s_rally_bf2cd85c_N85SSsux (11c7828a-491c-45d5-91c5-01c72fec6fb0)
2019-12-16 02:49:31.844 1845 RALLYDEBUG rally_openstack.cleanup.manager [-] Deleting cinder.volumes object s_rally_bf2cd85c_EPvnwlzf (77155cec-74f4-416c-b7d3-6adfba459dfe)
2019-12-16 02:49:31.853 1845 RALLYDEBUG rally_openstack.cleanup.manager [-] Deleting cinder.volumes object s_rally_bf2cd85c_GwLYsdhG (50f2639f-8e48-49e8-986c-3de14180bbc3)
2019-12-16 02:49:31.864 1845 RALLYDEBUG rally_openstack.cleanup.manager [-] Deleting cinder.volumes object s_rally_bf2cd85c_F08daxEu (abe5a2f9-f5e2-4722-8bf6-a73218278f32)
2019-12-16 02:49:31.873 1845 RALLYDEBUG rally_openstack.cleanup.manager [-] Deleting cinder.volumes object s_rally_bf2cd85c_QHjxZ0xJ (ff7dea8e-4762-4a34-90d4-da49f440565a)
2019-12-16 02:49:31.892 1845 RALLYDEBUG rally_openstack.cleanup.manager [-] Deleting cinder.volumes object s_rally_bf2cd85c_2XtGmYVR (4b65f510-aa42-48be-8f1c-d6afcdb6e958)
2019-12-16 02:49:31.900 1845 RALLYDEBUG rally_openstack.cleanup.manager [-] Deleting cinder.volumes object s_rally_bf2cd85c_ZoFcVkfw (045b4b0e-2a05-4ade-a17b-3168d5aaef54)
2019-12-16 02:49:31.914 1845 RALLYDEBUG rally_openstack.cleanup.manager [-] Deleting cinder.volumes object s_rally_bf2cd85c_4c3v4rcB (b7082a3e-f624-419f-85d8-a9f873fb2bb3)
2019-12-16 02:49:31.925 1845 RALLYDEBUG rally_openstack.cleanup.manager [-] Deleting cinder.volumes object s_rally_bf2cd85c_DKfICEEv (cf93b55c-3e92-4b7b-b386-99ef893436e7)
2019-12-16 02:49:31.937 1845 RALLYDEBUG rally_openstack.cleanup.manager [-] Deleting cinder.volumes object s_rally_bf2cd85c_aMiGiQzq (2ad853bd-7252-4cd2-957a-15ca97a9a3c2)
2019-12-16 02:49:35.610 1845 INFO rally.task.context [-] Task 152a923f-0ecc-41ef-b148-1f68907acab3 | Context cleanup@openstack cleanup() finished in 8.63 sec
2019-12-16 02:49:35.611 1845 INFO rally.task.context [-] Task 152a923f-0ecc-41ef-b148-1f68907acab3 | Context quotas@openstack cleanup() started
2019-12-16 02:49:35.685 1845 INFO rally.task.context [-] Task 152a923f-0ecc-41ef-b148-1f68907acab3 | Context quotas@openstack cleanup() finished in 74.38 msec
2019-12-16 02:49:35.685 1845 INFO rally.task.context [-] Task 152a923f-0ecc-41ef-b148-1f68907acab3 | Context api_versions@openstack cleanup() started
2019-12-16 02:49:35.686 1845 INFO rally.task.context [-] Task 152a923f-0ecc-41ef-b148-1f68907acab3 | Context api_versions@openstack cleanup() finished in 0.26 msec
2019-12-16 02:49:35.686 1845 INFO rally.task.context [-] Task 152a923f-0ecc-41ef-b148-1f68907acab3 | Context users@openstack cleanup() started
2019-12-16 02:49:39.900 1845 INFO rally.task.context [-] Task 152a923f-0ecc-41ef-b148-1f68907acab3 | Context users@openstack cleanup() finished in 4.21 sec
2019-12-16 02:49:41.767 1845 INFO rally.task.engine [-] Load duration is: 77.353176
2019-12-16 02:49:41.768 1845 INFO rally.task.engine [-] Full runner duration is: 77.403579
2019-12-16 02:49:41.768 1845 INFO rally.task.engine [-] Full duration is: 94.563103
2019-12-16 02:49:42.003 1845 INFO rally.task.engine [-] Running workload: position = 1 config = { "version": 2, "title": "A cropped version of a bigger task.", "description": "Auto-generated task from a single workload (uuid=eb534227-c325-434a-96ae-ac546216f0d1)", "subtasks": [ { "title": "CinderVolumes.create_and_list_volume", "description": "Create a volume and list all volumes.", "scenario": { "CinderVolumes.create_and_list_volume": { "detailed": true, "size": 1 } }, "contexts": { "users": { "tenants": 3, "users_per_tenant": 2 }, "quotas": { "cinder": { "gigabytes": -1, "snapshots": -1, "volumes": -1 } }, "api_versions": { "cinder": { "version": 3, "service_type": "volumev3" } } }, "runner": { "constant": { "concurrency": 4, "times": 10 } }, "hooks": [], "sla": { "failure_rate": { "max": 0 } } } ] }
2019-12-16 02:49:42.029 1845 RALLYDEBUG rally_openstack.contexts.keystone.users [-] Creating 3 tenants using 20 threads
2019-12-16 02:49:43.047 1845 RALLYDEBUG rally_openstack.contexts.keystone.users [-] Creating 6 users using 20 threads
2019-12-16 02:49:44.559 1845 INFO rally.task.context [-] Task 152a923f-0ecc-41ef-b148-1f68907acab3 | Context users@openstack setup() finished in 2.53 sec
2019-12-16 02:49:44.958 1845 INFO rally.task.context [-] Task 152a923f-0ecc-41ef-b148-1f68907acab3 | Context api_versions@openstack setup() finished in 0.40 sec
2019-12-16 02:49:45.789 1845 INFO rally.task.context [-] Task 152a923f-0ecc-41ef-b148-1f68907acab3 | Context quotas@openstack setup() finished in 0.83 sec
2019-12-16 02:49:45.789 1845 INFO rally.task.context [-] Task 152a923f-0ecc-41ef-b148-1f68907acab3 | Context cleanup@openstack setup() finished in 0.02 msec
2019-12-16 02:49:45.799 1845 RALLYDEBUG rally.task.runner [-] Starting the constant runner (task UUID: 152a923f-0ecc-41ef-b148-1f68907acab3). times: 10 concurrency: 4 timeout: 0 max_cpu_used: 16 processes_to_start: 4 concurrency_per_worker: 1 concurrency_overhead: 0
2019-12-16 02:49:45.811 2601 RALLYDEBUG rally.task.runner [-] Starting a worker. times: 10 duration: None concurrency: 1 timeout: 0 cls: method_name: run args: {"detailed": true, "size": 1}
2019-12-16 02:49:45.814 2602 RALLYDEBUG rally.task.runner [-] Starting a worker. times: 10 duration: None concurrency: 1 timeout: 0 cls: method_name: run args: {"detailed": true, "size": 1}
2019-12-16 02:49:45.818 2601 INFO rally.task.runner [-] Task 152a923f-0ecc-41ef-b148-1f68907acab3 | ITER: 1 START
2019-12-16 02:49:45.818 2603 RALLYDEBUG rally.task.runner [-] Starting a worker. times: 10 duration: None concurrency: 1 timeout: 0 cls: method_name: run args: {"detailed": true, "size": 1}
2019-12-16 02:49:45.821 2602 INFO rally.task.runner [-] Task 152a923f-0ecc-41ef-b148-1f68907acab3 | ITER: 2 START
2019-12-16 02:49:45.822 2604 RALLYDEBUG rally.task.runner [-] Starting a worker. times: 10 duration: None concurrency: 1 timeout: 0 cls: method_name: run args: {"detailed": true, "size": 1}
2019-12-16 02:49:45.825 2603 INFO rally.task.runner [-] Task 152a923f-0ecc-41ef-b148-1f68907acab3 | ITER: 3 START
2019-12-16 02:49:45.829 2604 INFO rally.task.runner [-] Task 152a923f-0ecc-41ef-b148-1f68907acab3 | ITER: 4 START
2019-12-16 02:49:48.599 2604 INFO rally.task.runner [-] Task 152a923f-0ecc-41ef-b148-1f68907acab3 | ITER: 4 END: OK
2019-12-16 02:49:48.604 2604 INFO rally.task.runner [-] Task 152a923f-0ecc-41ef-b148-1f68907acab3 | ITER: 5 START
2019-12-16 02:49:48.664 2602 INFO rally.task.runner [-] Task 152a923f-0ecc-41ef-b148-1f68907acab3 | ITER: 2 END: OK
2019-12-16 02:49:48.669 2602 INFO rally.task.runner [-] Task 152a923f-0ecc-41ef-b148-1f68907acab3 | ITER: 6 START
2019-12-16 02:49:48.691 2601 INFO rally.task.runner [-] Task 152a923f-0ecc-41ef-b148-1f68907acab3 | ITER: 1 END: OK
2019-12-16 02:49:48.696 2601 INFO rally.task.runner [-] Task 152a923f-0ecc-41ef-b148-1f68907acab3 | ITER: 7 START
2019-12-16 02:49:48.711 2603 INFO rally.task.runner [-] Task 152a923f-0ecc-41ef-b148-1f68907acab3 | ITER: 3 END: OK
2019-12-16 02:49:48.716 2603 INFO rally.task.runner [-] Task 152a923f-0ecc-41ef-b148-1f68907acab3 | ITER: 8 START
2019-12-16 02:49:51.423 2601 INFO rally.task.runner [-] Task 152a923f-0ecc-41ef-b148-1f68907acab3 | ITER: 7 END: OK
2019-12-16 02:49:51.426 2601 INFO rally.task.runner [-] Task 152a923f-0ecc-41ef-b148-1f68907acab3 | ITER: 9 START
2019-12-16 02:49:51.429 2602 INFO rally.task.runner [-] Task 152a923f-0ecc-41ef-b148-1f68907acab3 | ITER: 6 END: OK
2019-12-16 02:49:51.431 2603 INFO rally.task.runner [-] Task 152a923f-0ecc-41ef-b148-1f68907acab3 | ITER: 8 END: OK
2019-12-16 02:49:51.433 2602 INFO rally.task.runner [-] Task 152a923f-0ecc-41ef-b148-1f68907acab3 | ITER: 10 START
2019-12-16 02:49:51.441 2604 INFO rally.task.runner [-] Task 152a923f-0ecc-41ef-b148-1f68907acab3 | ITER: 5 END: OK
2019-12-16 02:49:54.251 2602 INFO rally.task.runner [-] Task 152a923f-0ecc-41ef-b148-1f68907acab3 | ITER: 10 END: OK
2019-12-16 02:49:54.274 2601 INFO rally.task.runner [-] Task 152a923f-0ecc-41ef-b148-1f68907acab3 | ITER: 9 END: OK
2019-12-16 02:49:54.301 1845 INFO rally.task.context [-] Task 152a923f-0ecc-41ef-b148-1f68907acab3 | Context cleanup@openstack cleanup() started
