2019-12-16 03:10:55.876 10108 RALLYDEBUG rally.task.runner [-] Starting a worker. times: 10 duration: None concurrency: 1 timeout: 0 cls: method_name: run args: {"template_path": "heat_template_version: 2014-10-16\n\ndescription: Test template for rally create-update-delete scenario\n\nresources:\n test_string_one:\n type: OS::Heat::RandomString\n properties:\n length: 20\n test_string_two:\n type: OS::Heat::RandomString\n properties:\n length: 20", "updated_template_path": "heat_template_version: 2014-10-16\n\ndescription: >\n Test template for create-update-delete-stack scenario in rally.\n The template updates the stack defined by random_strings.yaml.template with additional resource.\n\nresources:\n test_string_one:\n type: OS::Heat::RandomString\n properties:\n length: 20\n test_string_two:\n type: OS::Heat::RandomString\n properties:\n length: 20\n test_string_three:\n type: OS::Heat::RandomString\n properties:\n length: 20"}
2019-12-16 03:10:55.880 10107 INFO rally.task.runner [-] Task 88be84dc-5c87-4b44-99ad-479c0729d6f8 | ITER: 1 START
2019-12-16 03:10:55.880 10109 RALLYDEBUG rally.task.runner [-] Starting a worker. times: 10 duration: None concurrency: 1 timeout: 0 cls: method_name: run args: {"template_path": "heat_template_version: 2014-10-16\n\ndescription: Test template for rally create-update-delete scenario\n\nresources:\n test_string_one:\n type: OS::Heat::RandomString\n properties:\n length: 20\n test_string_two:\n type: OS::Heat::RandomString\n properties:\n length: 20", "updated_template_path": "heat_template_version: 2014-10-16\n\ndescription: >\n Test template for create-update-delete-stack scenario in rally.\n The template updates the stack defined by random_strings.yaml.template with additional resource.\n\nresources:\n test_string_one:\n type: OS::Heat::RandomString\n properties:\n length: 20\n test_string_two:\n type: OS::Heat::RandomString\n properties:\n length: 20\n test_string_three:\n type: OS::Heat::RandomString\n properties:\n length: 20"}
2019-12-16 03:10:55.884 10108 INFO rally.task.runner [-] Task 88be84dc-5c87-4b44-99ad-479c0729d6f8 | ITER: 2 START
2019-12-16 03:10:55.884 10110 RALLYDEBUG rally.task.runner [-] Starting a worker. times: 10 duration: None concurrency: 1 timeout: 0 cls: method_name: run args: {"template_path": "heat_template_version: 2014-10-16\n\ndescription: Test template for rally create-update-delete scenario\n\nresources:\n test_string_one:\n type: OS::Heat::RandomString\n properties:\n length: 20\n test_string_two:\n type: OS::Heat::RandomString\n properties:\n length: 20", "updated_template_path": "heat_template_version: 2014-10-16\n\ndescription: >\n Test template for create-update-delete-stack scenario in rally.\n The template updates the stack defined by random_strings.yaml.template with additional resource.\n\nresources:\n test_string_one:\n type: OS::Heat::RandomString\n properties:\n length: 20\n test_string_two:\n type: OS::Heat::RandomString\n properties:\n length: 20\n test_string_three:\n type: OS::Heat::RandomString\n properties:\n length: 20"}
2019-12-16 03:10:55.887 10109 INFO rally.task.runner [-] Task 88be84dc-5c87-4b44-99ad-479c0729d6f8 | ITER: 3 START
2019-12-16 03:10:55.891 10110 INFO rally.task.runner [-] Task 88be84dc-5c87-4b44-99ad-479c0729d6f8 | ITER: 4 START
2019-12-16 03:10:59.323 10109 RALLYDEBUG rally.task.utils [-] Waiting for resource . Status changed: CREATE_IN_PROGRESS => CREATE_COMPLETE in 0.0624845027923584
2019-12-16 03:10:59.337 10107 RALLYDEBUG rally.task.utils [-] Waiting for resource . Status changed: CREATE_IN_PROGRESS => CREATE_COMPLETE in 0.07613706588745117
2019-12-16 03:10:59.340 10110 RALLYDEBUG rally.task.utils [-] Waiting for resource . Status changed: CREATE_IN_PROGRESS => CREATE_COMPLETE in 0.07234072685241699
2019-12-16 03:10:59.354 10108 RALLYDEBUG rally.task.utils [-] Waiting for resource . Status changed: CREATE_IN_PROGRESS => CREATE_COMPLETE in 0.07399463653564453
2019-12-16 03:11:01.495 10109 RALLYDEBUG rally.task.utils [-] Waiting for resource . Status changed: CREATE_COMPLETE => UPDATE_IN_PROGRESS in 0.06899237632751465
2019-12-16 03:11:01.500 10110 RALLYDEBUG rally.task.utils [-] Waiting for resource . Status changed: CREATE_COMPLETE => UPDATE_IN_PROGRESS in 0.06956696510314941
2019-12-16 03:11:01.501 10107 RALLYDEBUG rally.task.utils [-] Waiting for resource . Status changed: CREATE_COMPLETE => UPDATE_IN_PROGRESS in 0.07335448265075684
2019-12-16 03:11:01.519 10108 RALLYDEBUG rally.task.utils [-] Waiting for resource . Status changed: CREATE_COMPLETE => UPDATE_IN_PROGRESS in 0.07291817665100098
2019-12-16 03:11:02.567 10109 RALLYDEBUG rally.task.utils [-] Waiting for resource . Status changed: UPDATE_IN_PROGRESS => UPDATE_COMPLETE in 1.0719242095947266
2019-12-16 03:11:02.567 10107 RALLYDEBUG rally.task.utils [-] Waiting for resource . Status changed: UPDATE_IN_PROGRESS => UPDATE_COMPLETE in 1.0664951801300049
2019-12-16 03:11:02.568 10110 RALLYDEBUG rally.task.utils [-] Waiting for resource . Status changed: UPDATE_IN_PROGRESS => UPDATE_COMPLETE in 1.0684313774108887
2019-12-16 03:11:02.590 10108 RALLYDEBUG rally.task.utils [-] Waiting for resource . Status changed: UPDATE_IN_PROGRESS => UPDATE_COMPLETE in 1.0716493129730225
2019-12-16 03:11:02.677 10107 RALLYDEBUG rally.task.utils [-] Waiting for resource . Status changed: CREATE_COMPLETE => DELETE_IN_PROGRESS in 0.05242133140563965
2019-12-16 03:11:02.677 10110 RALLYDEBUG rally.task.utils [-] Waiting for resource . Status changed: CREATE_COMPLETE => DELETE_IN_PROGRESS in 0.044957637786865234
2019-12-16 03:11:02.682 10109 RALLYDEBUG rally.task.utils [-] Waiting for resource . Status changed: CREATE_COMPLETE => DELETE_IN_PROGRESS in 0.0494685173034668
2019-12-16 03:11:02.697 10108 RALLYDEBUG rally.task.utils [-] Waiting for resource . Status changed: CREATE_COMPLETE => DELETE_IN_PROGRESS in 0.04204058647155762
2019-12-16 03:11:04.792 10109 INFO rally.task.runner [-] Task 88be84dc-5c87-4b44-99ad-479c0729d6f8 | ITER: 3 END: OK
2019-12-16 03:11:04.792 10107 INFO rally.task.runner [-] Task 88be84dc-5c87-4b44-99ad-479c0729d6f8 | ITER: 1 END: OK
2019-12-16 03:11:04.797 10107 INFO rally.task.runner [-] Task 88be84dc-5c87-4b44-99ad-479c0729d6f8 | ITER: 5 START
2019-12-16 03:11:04.797 10109 INFO rally.task.runner [-] Task 88be84dc-5c87-4b44-99ad-479c0729d6f8 | ITER: 6 START
2019-12-16 03:11:04.804 10110 INFO rally.task.runner [-] Task 88be84dc-5c87-4b44-99ad-479c0729d6f8 | ITER: 4 END: OK
2019-12-16 03:11:04.808 10110 INFO rally.task.runner [-] Task 88be84dc-5c87-4b44-99ad-479c0729d6f8 | ITER: 7 START
2019-12-16 03:11:04.837 10108 INFO rally.task.runner [-] Task 88be84dc-5c87-4b44-99ad-479c0729d6f8 | ITER: 2 END: OK
2019-12-16 03:11:04.840 10108 INFO rally.task.runner [-] Task 88be84dc-5c87-4b44-99ad-479c0729d6f8 | ITER: 8 START
2019-12-16 03:11:08.244 10108 RALLYDEBUG rally.task.utils [-] Waiting for resource . Status changed: CREATE_IN_PROGRESS => CREATE_COMPLETE in 0.06894612312316895
2019-12-16 03:11:08.246 10109 RALLYDEBUG rally.task.utils [-] Waiting for resource . Status changed: CREATE_IN_PROGRESS => CREATE_COMPLETE in 0.0718393325805664
2019-12-16 03:11:08.274 10110 RALLYDEBUG rally.task.utils [-] Waiting for resource . Status changed: CREATE_IN_PROGRESS => CREATE_COMPLETE in 0.06761837005615234
2019-12-16 03:11:08.285 10107 RALLYDEBUG rally.task.utils [-] Waiting for resource . Status changed: CREATE_IN_PROGRESS => CREATE_COMPLETE in 0.07450342178344727
2019-12-16 03:11:10.425 10108 RALLYDEBUG rally.task.utils [-] Waiting for resource . Status changed: CREATE_COMPLETE => UPDATE_IN_PROGRESS in 0.0768580436706543
2019-12-16 03:11:10.435 10109 RALLYDEBUG rally.task.utils [-] Waiting for resource . Status changed: CREATE_COMPLETE => UPDATE_IN_PROGRESS in 0.0857231616973877
2019-12-16 03:11:10.445 10110 RALLYDEBUG rally.task.utils [-] Waiting for resource . Status changed: CREATE_COMPLETE => UPDATE_IN_PROGRESS in 0.06596183776855469
2019-12-16 03:11:10.452 10107 RALLYDEBUG rally.task.utils [-] Waiting for resource . Status changed: CREATE_COMPLETE => UPDATE_IN_PROGRESS in 0.06591796875
2019-12-16 03:11:11.497 10108 RALLYDEBUG rally.task.utils [-] Waiting for resource . Status changed: UPDATE_IN_PROGRESS => UPDATE_COMPLETE in 1.0715391635894775
2019-12-16 03:11:11.518 10110 RALLYDEBUG rally.task.utils [-] Waiting for resource . Status changed: UPDATE_IN_PROGRESS => UPDATE_COMPLETE in 1.0730700492858887
2019-12-16 03:11:11.521 10107 RALLYDEBUG rally.task.utils [-] Waiting for resource . Status changed: UPDATE_IN_PROGRESS => UPDATE_COMPLETE in 1.0693247318267822
2019-12-16 03:11:11.522 10109 RALLYDEBUG rally.task.utils [-] Waiting for resource . Status changed: UPDATE_IN_PROGRESS => UPDATE_COMPLETE in 1.0871915817260742
2019-12-16 03:11:11.625 10108 RALLYDEBUG rally.task.utils [-] Waiting for resource . Status changed: CREATE_COMPLETE => DELETE_IN_PROGRESS in 0.062039852142333984
2019-12-16 03:11:11.625 10110 RALLYDEBUG rally.task.utils [-] Waiting for resource . Status changed: CREATE_COMPLETE => DELETE_IN_PROGRESS in 0.051836490631103516
2019-12-16 03:11:11.635 10107 RALLYDEBUG rally.task.utils [-] Waiting for resource . Status changed: CREATE_COMPLETE => DELETE_IN_PROGRESS in 0.04790949821472168
2019-12-16 03:11:11.653 10109 RALLYDEBUG rally.task.utils [-] Waiting for resource . Status changed: CREATE_COMPLETE => DELETE_IN_PROGRESS in 0.049706220626831055
2019-12-16 03:11:13.744 10110 INFO rally.task.runner [-] Task 88be84dc-5c87-4b44-99ad-479c0729d6f8 | ITER: 7 END: OK
2019-12-16 03:11:13.748 10110 INFO rally.task.runner [-] Task 88be84dc-5c87-4b44-99ad-479c0729d6f8 | ITER: 9 START
2019-12-16 03:11:13.762 10108 INFO rally.task.runner [-] Task 88be84dc-5c87-4b44-99ad-479c0729d6f8 | ITER: 8 END: OK
2019-12-16 03:11:13.762 10107 INFO rally.task.runner [-] Task 88be84dc-5c87-4b44-99ad-479c0729d6f8 | ITER: 5 END: OK
2019-12-16 03:11:13.766 10107 INFO rally.task.runner [-] Task 88be84dc-5c87-4b44-99ad-479c0729d6f8 | ITER: 10 START
2019-12-16 03:11:13.770 10109 INFO rally.task.runner [-] Task 88be84dc-5c87-4b44-99ad-479c0729d6f8 | ITER: 6 END: OK
2019-12-16 03:11:17.207 10110 RALLYDEBUG rally.task.utils [-] Waiting for resource . Status changed: CREATE_IN_PROGRESS => CREATE_COMPLETE in 0.0760958194732666
2019-12-16 03:11:17.296 10107 RALLYDEBUG rally.task.utils [-] Waiting for resource . Status changed: CREATE_IN_PROGRESS => CREATE_COMPLETE in 0.07331490516662598
2019-12-16 03:11:19.395 10110 RALLYDEBUG rally.task.utils [-] Waiting for resource . Status changed: CREATE_COMPLETE => UPDATE_IN_PROGRESS in 0.0709378719329834
2019-12-16 03:11:19.468 10107 RALLYDEBUG rally.task.utils [-] Waiting for resource . Status changed: CREATE_COMPLETE => UPDATE_IN_PROGRESS in 0.06268763542175293
2019-12-16 03:11:20.469 10110 RALLYDEBUG rally.task.utils [-] Waiting for resource . Status changed: UPDATE_IN_PROGRESS => UPDATE_COMPLETE in 1.0735177993774414
2019-12-16 03:11:20.537 10107 RALLYDEBUG rally.task.utils [-] Waiting for resource . Status changed: UPDATE_IN_PROGRESS => UPDATE_COMPLETE in 1.069305419921875
2019-12-16 03:11:20.593 10110 RALLYDEBUG rally.task.utils [-] Waiting for resource . Status changed: CREATE_COMPLETE => DELETE_IN_PROGRESS in 0.058760881423950195
2019-12-16 03:11:20.666 10107 RALLYDEBUG rally.task.utils [-] Waiting for resource . Status changed: CREATE_COMPLETE => DELETE_IN_PROGRESS in 0.06121945381164551
2019-12-16 03:11:22.709 10110 INFO rally.task.runner [-] Task 88be84dc-5c87-4b44-99ad-479c0729d6f8 | ITER: 9 END: OK
2019-12-16 03:11:22.776 10107 INFO rally.task.runner [-] Task 88be84dc-5c87-4b44-99ad-479c0729d6f8 | ITER: 10 END: OK
2019-12-16 03:11:22.805 8497 INFO rally.task.context [-] Task 88be84dc-5c87-4b44-99ad-479c0729d6f8 | Context cleanup@openstack cleanup() started
2019-12-16 03:11:22.808 8497 RALLYDEBUG rally_openstack.cleanup.manager [-] Cleaning up heat stacks objects
2019-12-16 03:11:24.373 8497 INFO rally.task.context [-] Task 88be84dc-5c87-4b44-99ad-479c0729d6f8 | Context cleanup@openstack cleanup() finished in 1.57 sec
2019-12-16 03:11:24.374 8497 INFO rally.task.context [-] Task 88be84dc-5c87-4b44-99ad-479c0729d6f8 | Context roles@openstack cleanup() started
2019-12-16 03:11:24.374 8497 RALLYDEBUG rally_openstack.contexts.keystone.roles [-] Removing assigned role c76c8d4b150a43ecb6708ce5671ffd4a from all users
2019-12-16 03:11:25.356 8497 INFO rally.task.context [-] Task 88be84dc-5c87-4b44-99ad-479c0729d6f8 | Context roles@openstack cleanup() finished in 0.98 sec
2019-12-16 03:11:25.356 8497 INFO rally.task.context [-] Task 88be84dc-5c87-4b44-99ad-479c0729d6f8 | Context users@openstack cleanup() started
2019-12-16 03:11:30.043 8497 INFO rally.task.context [-] Task 88be84dc-5c87-4b44-99ad-479c0729d6f8 | Context users@openstack cleanup() finished in 4.69 sec
2019-12-16 03:11:31.651 8497 INFO rally.task.engine [-] Load duration is: 22.894782
2019-12-16 03:11:31.651 8497 INFO rally.task.engine [-] Full runner duration is: 26.944285
2019-12-16 03:11:31.652 8497 INFO rally.task.engine [-] Full duration is: 42.630552
2019-12-16 03:11:31.863 8497 INFO rally.task.engine [-] Running workload: position = 1 config = { "version": 2, "title": "A cropped version of a bigger task.", "description": "Auto-generated task from a single workload (uuid=341f3899-846a-4cef-bc32-f15ddea7eb51)", "subtasks": [ { "title": "HeatStacks.create_update_delete_stack", "description": "Create, update and then delete a stack.", "scenario": { "HeatStacks.create_update_delete_stack": { "template_path": "/usr/lib/python3.6/site-packages/functest/opnfv_tests/openstack/rally/scenario/templates/random_strings.yaml.template", "updated_template_path": "/usr/lib/python3.6/site-packages/functest/opnfv_tests/openstack/rally/scenario/templates/updated_random_strings_delete.yaml.template" } }, "contexts": { "users": { "tenants": 3, "users_per_tenant": 2 }, "roles": [ "heat_stack_owner" ] }, "runner": { "constant": { "concurrency": 4, "times": 10 } }, "hooks": [], "sla": { "failure_rate": { "max": 0 } } } ] }
2019-12-16 03:11:31.886 8497 RALLYDEBUG rally_openstack.contexts.keystone.users [-] Creating 3 tenants using 20 threads
2019-12-16 03:11:32.900 8497 RALLYDEBUG rally_openstack.contexts.keystone.users [-] Creating 6 users using 20 threads
2019-12-16 03:11:34.461 8497 INFO rally.task.context [-] Task 88be84dc-5c87-4b44-99ad-479c0729d6f8 | Context users@openstack setup() finished in 2.57 sec
2019-12-16 03:11:35.150 8497 RALLYDEBUG rally_openstack.contexts.keystone.roles [-] Adding role heat_stack_owner having ID c76c8d4b150a43ecb6708ce5671ffd4a to all users using 30 threads
2019-12-16 03:11:40.245 8497 INFO rally.task.context [-] Task 88be84dc-5c87-4b44-99ad-479c0729d6f8 | Context roles@openstack setup() finished in 5.78 sec
2019-12-16 03:11:40.245 8497 INFO rally.task.context [-] Task 88be84dc-5c87-4b44-99ad-479c0729d6f8 | Context cleanup@openstack setup() finished in 0.01 msec
2019-12-16 03:11:40.256 8497 RALLYDEBUG rally.task.runner [-] Starting the constant runner (task UUID: 88be84dc-5c87-4b44-99ad-479c0729d6f8). times: 10 concurrency: 4 timeout: 0 max_cpu_used: 16 processes_to_start: 4 concurrency_per_worker: 1 concurrency_overhead: 0
2019-12-16 03:11:40.267 10291 RALLYDEBUG rally.task.runner [-] Starting a worker. times: 10 duration: None concurrency: 1 timeout: 0 cls: method_name: run args: {"template_path": "heat_template_version: 2014-10-16\n\ndescription: Test template for rally create-update-delete scenario\n\nresources:\n test_string_one:\n type: OS::Heat::RandomString\n properties:\n length: 20\n test_string_two:\n type: OS::Heat::RandomString\n properties:\n length: 20", "updated_template_path": "heat_template_version: 2014-10-16\n\ndescription: >\n Test template for create-update-delete-stack scenario in rally.\n The template deletes one resource from the stack defined by random_strings.yaml.template.\n\nresources:\n test_string_one:\n type: OS::Heat::RandomString\n properties:\n length: 20"}
2019-12-16 03:11:40.271 10292 RALLYDEBUG rally.task.runner [-] Starting a worker. times: 10 duration: None concurrency: 1 timeout: 0 cls: method_name: run args: {"template_path": "heat_template_version: 2014-10-16\n\ndescription: Test template for rally create-update-delete scenario\n\nresources:\n test_string_one:\n type: OS::Heat::RandomString\n properties:\n length: 20\n test_string_two:\n type: OS::Heat::RandomString\n properties:\n length: 20", "updated_template_path": "heat_template_version: 2014-10-16\n\ndescription: >\n Test template for create-update-delete-stack scenario in rally.\n The template deletes one resource from the stack defined by random_strings.yaml.template.\n\nresources:\n test_string_one:\n type: OS::Heat::RandomString\n properties:\n length: 20"}
2019-12-16 03:11:40.273 10293 RALLYDEBUG rally.task.runner [-] Starting a worker. times: 10 duration: None concurrency: 1 timeout: 0 cls: method_name: run args: {"template_path": "heat_template_version: 2014-10-16\n\ndescription: Test template for rally create-update-delete scenario\n\nresources:\n test_string_one:\n type: OS::Heat::RandomString\n properties:\n length: 20\n test_string_two:\n type: OS::Heat::RandomString\n properties:\n length: 20", "updated_template_path": "heat_template_version: 2014-10-16\n\ndescription: >\n Test template for create-update-delete-stack scenario in rally.\n The template deletes one resource from the stack defined by random_strings.yaml.template.\n\nresources:\n test_string_one:\n type: OS::Heat::RandomString\n properties:\n length: 20"}
2019-12-16 03:11:40.273 10291 INFO rally.task.runner [-] Task 88be84dc-5c87-4b44-99ad-479c0729d6f8 | ITER: 1 START
2019-12-16 03:11:40.278 10293 INFO rally.task.runner [-] Task 88be84dc-5c87-4b44-99ad-479c0729d6f8 | ITER: 3 START
2019-12-16 03:11:40.277 10296 RALLYDEBUG rally.task.runner [-] Starting a worker. times: 10 duration: None concurrency: 1 timeout: 0 cls: method_name: run args: {"template_path": "heat_template_version: 2014-10-16\n\ndescription: Test template for rally create-update-delete scenario\n\nresources:\n test_string_one:\n type: OS::Heat::RandomString\n properties:\n length: 20\n test_string_two:\n type: OS::Heat::RandomString\n properties:\n length: 20", "updated_template_path": "heat_template_version: 2014-10-16\n\ndescription: >\n Test template for create-update-delete-stack scenario in rally.\n The template deletes one resource from the stack defined by random_strings.yaml.template.\n\nresources:\n test_string_one:\n type: OS::Heat::RandomString\n properties:\n length: 20"}
2019-12-16 03:11:40.279 10292 INFO rally.task.runner [-] Task 88be84dc-5c87-4b44-99ad-479c0729d6f8 | ITER: 2 START
2019-12-16 03:11:40.283 10296 INFO rally.task.runner [-] Task 88be84dc-5c87-4b44-99ad-479c0729d6f8 | ITER: 4 START
2019-12-16 03:11:43.704 10291 RALLYDEBUG rally.task.utils [-] Waiting for resource . Status changed: CREATE_IN_PROGRESS => CREATE_COMPLETE in 0.07544755935668945
2019-12-16 03:11:43.708 10296 RALLYDEBUG rally.task.utils [-] Waiting for resource . Status changed: CREATE_IN_PROGRESS => CREATE_COMPLETE in 0.07816743850708008
2019-12-16 03:11:43.718 10292 RALLYDEBUG rally.task.utils [-] Waiting for resource . Status changed: CREATE_IN_PROGRESS => CREATE_COMPLETE in 0.060152292251586914
2019-12-16 03:11:43.739 10293 RALLYDEBUG rally.task.utils [-] Waiting for resource . Status changed: CREATE_IN_PROGRESS => CREATE_COMPLETE in 0.062270402908325195
2019-12-16 03:11:45.872 10291 RALLYDEBUG rally.task.utils [-] Waiting for resource . Status changed: CREATE_COMPLETE => UPDATE_COMPLETE in 0.0650627613067627
2019-12-16 03:11:45.875 10296 RALLYDEBUG rally.task.utils [-] Waiting for resource . Status changed: CREATE_COMPLETE => UPDATE_COMPLETE in 0.06783795356750488
2019-12-16 03:11:45.894 10292 RALLYDEBUG rally.task.utils [-] Waiting for resource . Status changed: CREATE_COMPLETE => UPDATE_COMPLETE in 0.07920265197753906
2019-12-16 03:11:45.907 10293 RALLYDEBUG rally.task.utils [-] Waiting for resource . Status changed: CREATE_COMPLETE => UPDATE_COMPLETE in 0.07200431823730469
2019-12-16 03:11:45.984 10296 RALLYDEBUG rally.task.utils [-] Waiting for resource . Status changed: CREATE_COMPLETE => DELETE_IN_PROGRESS in 0.05132889747619629
2019-12-16 03:11:45.995 10291 RALLYDEBUG rally.task.utils [-] Waiting for resource . Status changed: CREATE_COMPLETE => DELETE_IN_PROGRESS in 0.06147146224975586
2019-12-16 03:11:46.012 10292 RALLYDEBUG rally.task.utils [-] Waiting for resource . Status changed: CREATE_COMPLETE => DELETE_IN_PROGRESS in 0.054314613342285156
2019-12-16 03:11:46.040 10293 RALLYDEBUG rally.task.utils [-] Waiting for resource . Status changed: CREATE_COMPLETE => DELETE_IN_PROGRESS in 0.05394244194030762
2019-12-16 03:11:47.042 10296 INFO rally.task.runner [-] Task 88be84dc-5c87-4b44-99ad-479c0729d6f8 | ITER: 4 END: OK
2019-12-16 03:11:47.047 10296 INFO rally.task.runner [-] Task 88be84dc-5c87-4b44-99ad-479c0729d6f8 | ITER: 5 START
2019-12-16 03:11:47.055 10291 INFO rally.task.runner [-] Task 88be84dc-5c87-4b44-99ad-479c0729d6f8 | ITER: 1 END: OK
2019-12-16 03:11:47.061 10291 INFO rally.task.runner [-] Task 88be84dc-5c87-4b44-99ad-479c0729d6f8 | ITER: 6 START
2019-12-16 03:11:47.065 10292 INFO rally.task.runner [-] Task 88be84dc-5c87-4b44-99ad-479c0729d6f8 | ITER: 2 END: OK
2019-12-16 03:11:47.069 10292 INFO rally.task.runner [-] Task 88be84dc-5c87-4b44-99ad-479c0729d6f8 | ITER: 7 START
2019-12-16 03:11:47.092 10293 INFO rally.task.runner [-] Task 88be84dc-5c87-4b44-99ad-479c0729d6f8 | ITER: 3 END: OK
2019-12-16 03:11:47.096 10293 INFO rally.task.runner [-] Task 88be84dc-5c87-4b44-99ad-479c0729d6f8 | ITER: 8 START
2019-12-16 03:11:50.460 10291 RALLYDEBUG rally.task.utils [-] Waiting for resource . Status changed: CREATE_IN_PROGRESS => CREATE_COMPLETE in 0.06934785842895508
2019-12-16 03:11:50.470 10292 RALLYDEBUG rally.task.utils [-] Waiting for resource . Status changed: CREATE_IN_PROGRESS => CREATE_COMPLETE in 0.06453394889831543
2019-12-16 03:11:50.481 10296 RALLYDEBUG rally.task.utils [-] Waiting for resource . Status changed: CREATE_IN_PROGRESS => CREATE_COMPLETE in 0.05524945259094238
2019-12-16 03:11:50.493 10293 RALLYDEBUG rally.task.utils [-] Waiting for resource . Status changed: CREATE_IN_PROGRESS => CREATE_COMPLETE in 0.05991482734680176
2019-12-16 03:11:52.635 10296 RALLYDEBUG rally.task.utils [-] Waiting for resource . Status changed: CREATE_COMPLETE => UPDATE_COMPLETE in 0.06291007995605469
2019-12-16 03:11:52.635 10291 RALLYDEBUG rally.task.utils [-] Waiting for resource . Status changed: CREATE_COMPLETE => UPDATE_COMPLETE in 0.0686190128326416
2019-12-16 03:11:52.649 10293 RALLYDEBUG rally.task.utils [-] Waiting for resource . Status changed: CREATE_COMPLETE => UPDATE_COMPLETE in 0.07039904594421387
2019-12-16 03:11:52.650 10292 RALLYDEBUG rally.task.utils [-] Waiting for resource . Status changed: CREATE_COMPLETE => UPDATE_COMPLETE in 0.07614779472351074
2019-12-16 03:11:52.748 10293 RALLYDEBUG rally.task.utils [-] Waiting for resource . Status changed: CREATE_COMPLETE => DELETE_IN_PROGRESS in 0.050460100173950195
2019-12-16 03:11:52.755 10296 RALLYDEBUG rally.task.utils [-] Waiting for resource . Status changed: CREATE_COMPLETE => DELETE_IN_PROGRESS in 0.06619739532470703
2019-12-16 03:11:52.760 10291 RALLYDEBUG rally.task.utils [-] Waiting for resource . Status changed: CREATE_COMPLETE => DELETE_IN_PROGRESS in 0.06740069389343262
2019-12-16 03:11:52.764 10292 RALLYDEBUG rally.task.utils [-] Waiting for resource . Status changed: CREATE_COMPLETE => DELETE_IN_PROGRESS in 0.06448745727539062
2019-12-16 03:11:53.809 10293 INFO rally.task.runner [-] Task 88be84dc-5c87-4b44-99ad-479c0729d6f8 | ITER: 8 END: OK
2019-12-16 03:11:53.813 10291 INFO rally.task.runner [-] Task 88be84dc-5c87-4b44-99ad-479c0729d6f8 | ITER: 6 END: OK
2019-12-16 03:11:53.812 10293 INFO rally.task.runner [-] Task 88be84dc-5c87-4b44-99ad-479c0729d6f8 | ITER: 9 START
2019-12-16 03:11:53.815 10296 INFO rally.task.runner [-] Task 88be84dc-5c87-4b44-99ad-479c0729d6f8 | ITER: 5 END: OK
2019-12-16 03:11:53.816 10292 INFO rally.task.runner [-] Task 88be84dc-5c87-4b44-99ad-479c0729d6f8 | ITER: 7 END: OK
2019-12-16 03:11:53.816 10291 INFO rally.task.runner [-] Task 88be84dc-5c87-4b44-99ad-479c0729d6f8 | ITER: 10 START
2019-12-16 03:11:57.318 10293 RALLYDEBUG rally.task.utils [-] Waiting for resource . Status changed: CREATE_IN_PROGRESS => CREATE_COMPLETE in 0.06807971000671387
2019-12-16 03:11:57.372 10291 RALLYDEBUG rally.task.utils [-] Waiting for resource . Status changed: CREATE_IN_PROGRESS => CREATE_COMPLETE in 0.06567192077636719
2019-12-16 03:11:59.505 10293 RALLYDEBUG rally.task.utils [-] Waiting for resource . Status changed: CREATE_COMPLETE => UPDATE_COMPLETE in 0.07045674324035645
2019-12-16 03:11:59.550 10291 RALLYDEBUG rally.task.utils [-] Waiting for resource . Status changed: CREATE_COMPLETE => UPDATE_COMPLETE in 0.06986355781555176
2019-12-16 03:11:59.627 10293 RALLYDEBUG rally.task.utils [-] Waiting for resource . Status changed: CREATE_COMPLETE => DELETE_IN_PROGRESS in 0.059658050537109375
2019-12-16 03:11:59.670 10291 RALLYDEBUG rally.task.utils [-] Waiting for resource . Status changed: CREATE_COMPLETE => DELETE_IN_PROGRESS in 0.056046247482299805
2019-12-16 03:12:00.691 10293 INFO rally.task.runner [-] Task 88be84dc-5c87-4b44-99ad-479c0729d6f8 | ITER: 9 END: OK
2019-12-16 03:12:00.748 10291 INFO rally.task.runner [-] Task 88be84dc-5c87-4b44-99ad-479c0729d6f8 | ITER: 10 END: OK
2019-12-16 03:12:00.778 8497 INFO rally.task.context [-] Task 88be84dc-5c87-4b44-99ad-479c0729d6f8 | Context cleanup@openstack cleanup() started
2019-12-16 03:12:00.782 8497 RALLYDEBUG rally_openstack.cleanup.manager [-] Cleaning up heat stacks objects
2019-12-16 03:12:02.220 8497 INFO rally.task.context [-] Task 88be84dc-5c87-4b44-99ad-479c0729d6f8 | Context cleanup@openstack cleanup() finished in 1.44 sec
2019-12-16 03:12:02.221 8497 INFO rally.task.context [-] Task 88be84dc-5c87-4b44-99ad-479c0729d6f8 | Context roles@openstack cleanup() started
2019-12-16 03:12:02.221 8497 RALLYDEBUG rally_openstack.contexts.keystone.roles [-] Removing assigned role c76c8d4b150a43ecb6708ce5671ffd4a from all users
2019-12-16 03:12:03.126 8497 INFO rally.task.context [-] Task 88be84dc-5c87-4b44-99ad-479c0729d6f8 | Context roles@openstack cleanup() finished in 0.91 sec
2019-12-16 03:12:03.127 8497 INFO rally.task.context [-] Task 88be84dc-5c87-4b44-99ad-479c0729d6f8 | Context users@openstack cleanup() started
2019-12-16 03:12:07.715 8497 INFO rally.task.context [-] Task 88be84dc-5c87-4b44-99ad-479c0729d6f8 | Context users@openstack cleanup() finished in 4.59 sec
2019-12-16 03:12:08.086 8497 INFO rally.task.engine [-] Load duration is: 16.473305
2019-12-16 03:12:08.087 8497 INFO rally.task.engine [-] Full runner duration is: 20.52285
2019-12-16 03:12:08.087 8497 INFO rally.task.engine [-] Full duration is: 35.830835
2019-12-16 03:12:08.312 8497 INFO rally.task.engine [-] Running workload: position = 2 config = { "version": 2, "title": "A cropped version of a bigger task.", "description": "Auto-generated task from a single workload (uuid=dac822b9-91ab-4118-874a-aa476128d5ae)", "subtasks": [ { "title": "HeatStacks.create_update_delete_stack", "description": "Create, update and then delete a stack.", "scenario": { "HeatStacks.create_update_delete_stack": { "template_path": "/usr/lib/python3.6/site-packages/functest/opnfv_tests/openstack/rally/scenario/templates/resource_group.yaml.template", "updated_template_path": "/usr/lib/python3.6/site-packages/functest/opnfv_tests/openstack/rally/scenario/templates/updated_resource_group_increase.yaml.template" } }, "contexts": { "users": { "tenants": 3, "users_per_tenant": 2 }, "roles": [ "heat_stack_owner" ] }, "runner": { "constant": { "concurrency": 4, "times": 10 } }, "hooks": [], "sla": { "failure_rate": { "max": 0 } } } ] }
2019-12-16 03:12:08.335 8497 RALLYDEBUG rally_openstack.contexts.keystone.users [-] Creating 3 tenants using 20 threads
2019-12-16 03:12:09.337 8497 RALLYDEBUG rally_openstack.contexts.keystone.users [-] Creating 6 users using 20 threads
2019-12-16 03:12:10.889 8497 INFO rally.task.context [-] Task 88be84dc-5c87-4b44-99ad-479c0729d6f8 | Context users@openstack setup() finished in 2.55 sec
2019-12-16 03:12:11.571 8497 RALLYDEBUG rally_openstack.contexts.keystone.roles [-] Adding role heat_stack_owner having ID c76c8d4b150a43ecb6708ce5671ffd4a to all users using 30 threads
2019-12-16 03:12:16.732 8497 INFO rally.task.context [-] Task 88be84dc-5c87-4b44-99ad-479c0729d6f8 | Context roles@openstack setup() finished in 5.84 sec
2019-12-16 03:12:16.733 8497 INFO rally.task.context [-] Task 88be84dc-5c87-4b44-99ad-479c0729d6f8 | Context cleanup@openstack setup() finished in 0.01 msec
2019-12-16 03:12:16.743 8497 RALLYDEBUG rally.task.runner [-] Starting the constant runner (task UUID: 88be84dc-5c87-4b44-99ad-479c0729d6f8). times: 10 concurrency: 4 timeout: 0 max_cpu_used: 16 processes_to_start: 4 concurrency_per_worker: 1 concurrency_overhead: 0
2019-12-16 03:12:16.755 10475 RALLYDEBUG rally.task.runner [-] Starting a worker. times: 10 duration: None concurrency: 1 timeout: 0 cls: method_name: run args: {"template_path": "heat_template_version: 2014-10-16\n\ndescription: Test template for rally create-update-delete scenario\n\nresources:\n test_group:\n type: OS::Heat::ResourceGroup\n properties:\n count: 2\n resource_def:\n type: OS::Heat::RandomString\n properties:\n length: 20", "updated_template_path": "heat_template_version: 2014-10-16\n\ndescription: >\n Test template for create-update-delete-stack scenario in rally.\n The template updates one resource from the stack defined by resource_group.yaml.template\n and adds children resources to that resource.\n\nresources:\n test_group:\n type: OS::Heat::ResourceGroup\n properties:\n count: 3\n resource_def:\n type: OS::Heat::RandomString\n properties:\n length: 20"}
2019-12-16 03:12:16.759 10476 RALLYDEBUG rally.task.runner [-] Starting a worker. times: 10 duration: None concurrency: 1 timeout: 0 cls: method_name: run args: {"template_path": "heat_template_version: 2014-10-16\n\ndescription: Test template for rally create-update-delete scenario\n\nresources:\n test_group:\n type: OS::Heat::ResourceGroup\n properties:\n count: 2\n resource_def:\n type: OS::Heat::RandomString\n properties:\n length: 20", "updated_template_path": "heat_template_version: 2014-10-16\n\ndescription: >\n Test template for create-update-delete-stack scenario in rally.\n The template updates one resource from the stack defined by resource_group.yaml.template\n and adds children resources to that resource.\n\nresources:\n test_group:\n type: OS::Heat::ResourceGroup\n properties:\n count: 3\n resource_def:\n type: OS::Heat::RandomString\n properties:\n length: 20"}
2019-12-16 03:12:16.761 10477 RALLYDEBUG rally.task.runner [-] Starting a worker. times: 10 duration: None concurrency: 1 timeout: 0 cls: method_name: run args: {"template_path": "heat_template_version: 2014-10-16\n\ndescription: Test template for rally create-update-delete scenario\n\nresources:\n test_group:\n type: OS::Heat::ResourceGroup\n properties:\n count: 2\n resource_def:\n type: OS::Heat::RandomString\n properties:\n length: 20", "updated_template_path": "heat_template_version: 2014-10-16\n\ndescription: >\n Test template for create-update-delete-stack scenario in rally.\n The template updates one resource from the stack defined by resource_group.yaml.template\n and adds children resources to that resource.\n\nresources:\n test_group:\n type: OS::Heat::ResourceGroup\n properties:\n count: 3\n resource_def:\n type: OS::Heat::RandomString\n properties:\n length: 20"}
2019-12-16 03:12:16.762 10475 INFO rally.task.runner [-] Task 88be84dc-5c87-4b44-99ad-479c0729d6f8 | ITER: 1 START
2019-12-16 03:12:16.766 10478 RALLYDEBUG rally.task.runner [-] Starting a worker. times: 10 duration: None concurrency: 1 timeout: 0 cls: method_name: run args: {"template_path": "heat_template_version: 2014-10-16\n\ndescription: Test template for rally create-update-delete scenario\n\nresources:\n test_group:\n type: OS::Heat::ResourceGroup\n properties:\n count: 2\n resource_def:\n type: OS::Heat::RandomString\n properties:\n length: 20", "updated_template_path": "heat_template_version: 2014-10-16\n\ndescription: >\n Test template for create-update-delete-stack scenario in rally.\n The template updates one resource from the stack defined by resource_group.yaml.template\n and adds children resources to that resource.\n\nresources:\n test_group:\n type: OS::Heat::ResourceGroup\n properties:\n count: 3\n resource_def:\n type: OS::Heat::RandomString\n properties:\n length: 20"}
2019-12-16 03:12:16.767 10477 INFO rally.task.runner [-] Task 88be84dc-5c87-4b44-99ad-479c0729d6f8 | ITER: 3 START
2019-12-16 03:12:16.767 10476 INFO rally.task.runner [-] Task 88be84dc-5c87-4b44-99ad-479c0729d6f8 | ITER: 2 START
2019-12-16 03:12:16.773 10478 INFO rally.task.runner [-] Task 88be84dc-5c87-4b44-99ad-479c0729d6f8 | ITER: 4 START
2019-12-16 03:12:21.261 10476 RALLYDEBUG rally.task.utils [-] Waiting for resource . Status changed: CREATE_IN_PROGRESS => CREATE_COMPLETE in 1.1444001197814941
2019-12-16 03:12:21.275 10477 RALLYDEBUG rally.task.utils [-] Waiting for resource . Status changed: CREATE_IN_PROGRESS => CREATE_COMPLETE in 1.1354727745056152
2019-12-16 03:12:21.283 10475 RALLYDEBUG rally.task.utils [-] Waiting for resource . Status changed: CREATE_IN_PROGRESS => CREATE_COMPLETE in 1.1338088512420654
2019-12-16 03:12:21.356 10478 RALLYDEBUG rally.task.utils [-] Waiting for resource . Status changed: CREATE_IN_PROGRESS => CREATE_COMPLETE in 1.1407952308654785
2019-12-16 03:12:23.443 10476 RALLYDEBUG rally.task.utils [-] Waiting for resource . Status changed: CREATE_COMPLETE => UPDATE_IN_PROGRESS in 0.07647252082824707
2019-12-16 03:12:23.454 10477 RALLYDEBUG rally.task.utils [-] Waiting for resource . Status changed: CREATE_COMPLETE => UPDATE_IN_PROGRESS in 0.07175064086914062
2019-12-16 03:12:23.463 10475 RALLYDEBUG rally.task.utils [-] Waiting for resource . Status changed: CREATE_COMPLETE => UPDATE_IN_PROGRESS in 0.07337355613708496
2019-12-16 03:12:23.515 10478 RALLYDEBUG rally.task.utils [-] Waiting for resource . Status changed: CREATE_COMPLETE => UPDATE_IN_PROGRESS in 0.06518077850341797
2019-12-16 03:12:25.594 10476 RALLYDEBUG rally.task.utils [-] Waiting for resource . Status changed: UPDATE_IN_PROGRESS => UPDATE_COMPLETE in 2.1513123512268066
2019-12-16 03:12:25.595 10477 RALLYDEBUG rally.task.utils [-] Waiting for resource . Status changed: UPDATE_IN_PROGRESS => UPDATE_COMPLETE in 2.1416821479797363
2019-12-16 03:12:25.606 10475 RALLYDEBUG rally.task.utils [-] Waiting for resource . Status changed: UPDATE_IN_PROGRESS => UPDATE_COMPLETE in 2.1438353061676025
2019-12-16 03:12:25.647 10478 RALLYDEBUG rally.task.utils [-] Waiting for resource . Status changed: UPDATE_IN_PROGRESS => UPDATE_COMPLETE in 2.132434368133545
2019-12-16 03:12:25.715 10476 RALLYDEBUG rally.task.utils [-] Waiting for resource . Status changed: CREATE_COMPLETE => DELETE_IN_PROGRESS in 0.05977749824523926
2019-12-16 03:12:25.717 10475 RALLYDEBUG rally.task.utils [-] Waiting for resource . Status changed: CREATE_COMPLETE => DELETE_IN_PROGRESS in 0.05141496658325195
2019-12-16 03:12:25.718 10477 RALLYDEBUG rally.task.utils [-] Waiting for resource . Status changed: CREATE_COMPLETE => DELETE_IN_PROGRESS in 0.05511951446533203
2019-12-16 03:12:25.771 10478 RALLYDEBUG rally.task.utils [-] Waiting for resource . Status changed: CREATE_COMPLETE => DELETE_IN_PROGRESS in 0.0530242919921875
2019-12-16 03:12:28.908 10476 INFO rally.task.runner [-] Task 88be84dc-5c87-4b44-99ad-479c0729d6f8 | ITER: 2 END: OK
2019-12-16 03:12:28.912 10476 INFO rally.task.runner [-] Task 88be84dc-5c87-4b44-99ad-479c0729d6f8 | ITER: 5 START
2019-12-16 03:12:28.954 10478 INFO rally.task.runner [-] Task 88be84dc-5c87-4b44-99ad-479c0729d6f8 | ITER: 4 END: OK
2019-12-16 03:12:28.954 10475 INFO rally.task.runner [-] Task 88be84dc-5c87-4b44-99ad-479c0729d6f8 | ITER: 1 END: OK
2019-12-16 03:12:28.958 10478 INFO rally.task.runner [-] Task 88be84dc-5c87-4b44-99ad-479c0729d6f8 | ITER: 6 START
2019-12-16 03:12:28.959 10475 INFO rally.task.runner [-] Task 88be84dc-5c87-4b44-99ad-479c0729d6f8 | ITER: 7 START
2019-12-16 03:12:28.990 10477 INFO rally.task.runner [-] Task 88be84dc-5c87-4b44-99ad-479c0729d6f8 | ITER: 3 END: OK
2019-12-16 03:12:28.993 10477 INFO rally.task.runner [-] Task 88be84dc-5c87-4b44-99ad-479c0729d6f8 | ITER: 8 START
2019-12-16 03:12:33.381 10476 RALLYDEBUG rally.task.utils [-] Waiting for resource . Status changed: CREATE_IN_PROGRESS => CREATE_COMPLETE in 1.1462774276733398
2019-12-16 03:12:33.424 10475 RALLYDEBUG rally.task.utils [-] Waiting for resource . Status changed: CREATE_IN_PROGRESS => CREATE_COMPLETE in 1.1353554725646973
2019-12-16 03:12:33.428 10477 RALLYDEBUG rally.task.utils [-] Waiting for resource . Status changed: CREATE_IN_PROGRESS => CREATE_COMPLETE in 1.1323025226593018
2019-12-16 03:12:33.448 10478 RALLYDEBUG rally.task.utils [-] Waiting for resource . Status changed: CREATE_IN_PROGRESS => CREATE_COMPLETE in 1.1278126239776611
2019-12-16 03:12:35.568 10476 RALLYDEBUG rally.task.utils [-] Waiting for resource . Status changed: CREATE_COMPLETE => UPDATE_IN_PROGRESS in 0.0714411735534668
2019-12-16 03:12:35.647 10475 RALLYDEBUG rally.task.utils [-] Waiting for resource . Status changed: CREATE_COMPLETE => UPDATE_IN_PROGRESS in 0.06521105766296387
2019-12-16 03:12:35.648 10477 RALLYDEBUG rally.task.utils [-] Waiting for resource . Status changed: CREATE_COMPLETE => UPDATE_IN_PROGRESS in 0.06699824333190918
2019-12-16 03:12:35.652 10478 RALLYDEBUG rally.task.utils [-] Waiting for resource . Status changed: CREATE_COMPLETE => UPDATE_IN_PROGRESS in 0.06769680976867676
2019-12-16 03:12:37.707 10476 RALLYDEBUG rally.task.utils [-] Waiting for resource . Status changed: UPDATE_IN_PROGRESS => UPDATE_COMPLETE in 2.138599157333374
2019-12-16 03:12:37.780 10477 RALLYDEBUG rally.task.utils [-] Waiting for resource . Status changed: UPDATE_IN_PROGRESS => UPDATE_COMPLETE in 2.1320037841796875
2019-12-16 03:12:37.786 10475 RALLYDEBUG rally.task.utils [-] Waiting for resource . Status changed: UPDATE_IN_PROGRESS => UPDATE_COMPLETE in 2.139199733734131
2019-12-16 03:12:37.791 10478 RALLYDEBUG rally.task.utils [-] Waiting for resource . Status changed: UPDATE_IN_PROGRESS => UPDATE_COMPLETE in 2.1386001110076904
2019-12-16 03:12:37.823 10476 RALLYDEBUG rally.task.utils [-] Waiting for resource . Status changed: CREATE_COMPLETE => DELETE_IN_PROGRESS in 0.05640554428100586
2019-12-16 03:12:37.883 10477 RALLYDEBUG rally.task.utils [-] Waiting for resource . Status changed: CREATE_COMPLETE => DELETE_IN_PROGRESS in 0.050664663314819336
2019-12-16 03:12:37.898 10478 RALLYDEBUG rally.task.utils [-] Waiting for resource . Status changed: CREATE_COMPLETE => DELETE_IN_PROGRESS in 0.05329632759094238
2019-12-16 03:12:37.903 10475 RALLYDEBUG rally.task.utils [-] Waiting for resource . Status changed: CREATE_COMPLETE => DELETE_IN_PROGRESS in 0.05048775672912598
2019-12-16 03:12:41.021 10476 INFO rally.task.runner [-] Task 88be84dc-5c87-4b44-99ad-479c0729d6f8 | ITER: 5 END: OK
2019-12-16 03:12:41.028 10476 INFO rally.task.runner [-] Task 88be84dc-5c87-4b44-99ad-479c0729d6f8 | ITER: 9 START
2019-12-16 03:12:41.073 10475 INFO rally.task.runner [-] Task 88be84dc-5c87-4b44-99ad-479c0729d6f8 | ITER: 7 END: OK
2019-12-16 03:12:41.078 10475 INFO rally.task.runner [-] Task 88be84dc-5c87-4b44-99ad-479c0729d6f8 | ITER: 10 START
2019-12-16 03:12:41.081 10478 INFO rally.task.runner [-] Task 88be84dc-5c87-4b44-99ad-479c0729d6f8 | ITER: 6 END: OK
2019-12-16 03:12:41.088 10477 INFO rally.task.runner [-] Task 88be84dc-5c87-4b44-99ad-479c0729d6f8 | ITER: 8 END: OK
2019-12-16 03:12:45.569 10476 RALLYDEBUG rally.task.utils [-] Waiting for resource . Status changed: CREATE_IN_PROGRESS => CREATE_COMPLETE in 1.1378681659698486
2019-12-16 03:12:45.575 10475 RALLYDEBUG rally.task.utils [-] Waiting for resource . Status changed: CREATE_IN_PROGRESS => CREATE_COMPLETE in 1.1370658874511719
2019-12-16 03:12:47.743 10476 RALLYDEBUG rally.task.utils [-] Waiting for resource . Status changed: CREATE_COMPLETE => UPDATE_IN_PROGRESS in 0.0722799301147461
2019-12-16 03:12:47.751 10475 RALLYDEBUG rally.task.utils [-] Waiting for resource . Status changed: CREATE_COMPLETE => UPDATE_IN_PROGRESS in 0.07059454917907715
2019-12-16 03:12:49.886 10476 RALLYDEBUG rally.task.utils [-] Waiting for resource . Status changed: UPDATE_IN_PROGRESS => UPDATE_COMPLETE in 2.143301248550415
2019-12-16 03:12:49.911 10475 RALLYDEBUG rally.task.utils [-] Waiting for resource . Status changed: UPDATE_IN_PROGRESS => UPDATE_COMPLETE in 2.1606576442718506
2019-12-16 03:12:50.003 10476 RALLYDEBUG rally.task.utils [-] Waiting for resource . Status changed: CREATE_COMPLETE => DELETE_IN_PROGRESS in 0.05855226516723633
2019-12-16 03:12:50.036 10475 RALLYDEBUG rally.task.utils [-] Waiting for resource . Status changed: CREATE_COMPLETE => DELETE_IN_PROGRESS in 0.054219722747802734
2019-12-16 03:12:53.189 10476 INFO rally.task.runner [-] Task 88be84dc-5c87-4b44-99ad-479c0729d6f8 | ITER: 9 END: OK
2019-12-16 03:12:53.209 10475 INFO rally.task.runner [-] Task 88be84dc-5c87-4b44-99ad-479c0729d6f8 | ITER: 10 END: OK
2019-12-16 03:12:53.235 8497 INFO rally.task.context [-] Task 88be84dc-5c87-4b44-99ad-479c0729d6f8 | Context cleanup@openstack cleanup() started
2019-12-16 03:12:53.238 8497 RALLYDEBUG rally_openstack.cleanup.manager [-] Cleaning up heat stacks objects
2019-12-16 03:12:54.642 8497 RALLYDEBUG rally_openstack.cleanup.manager [-] Deleting heat.stacks object s_rally_dac822b9_6Cc1LJlD (37565a14-92e2-4fe7-afd5-fe69ccab1977)
2019-12-16 03:12:55.203 8497 ERROR rally_openstack.cleanup.manager [-] Resource deletion failed, max retries exceeded for heat.stacks: 37565a14-92e2-4fe7-afd5-fe69ccab1977.: heatclient.exc.HTTPNotFound: ERROR: The Stack (s_rally_dac822b9_6Cc1LJlD) could not be found.
2019-12-16 03:12:55.203 8497 ERROR rally_openstack.cleanup.manager
Traceback (most recent call last):
2019-12-16 03:12:55.203 8497 ERROR rally_openstack.cleanup.manager
File "/usr/lib/python3.6/site-packages/rally_openstack/cleanup/manager.py", line 85, in _delete_single_resource
2019-12-16 03:12:55.203 8497 ERROR rally_openstack.cleanup.manager rutils.retry(resource._max_attempts, resource.delete)
2019-12-16 03:12:55.203 8497 ERROR rally_openstack.cleanup.manager
File "/usr/lib/python3.6/site-packages/rally/common/utils.py", line 230, in retry
2019-12-16 03:12:55.203 8497 ERROR rally_openstack.cleanup.manager return func(*args, **kwargs)
2019-12-16 03:12:55.203 8497 ERROR rally_openstack.cleanup.manager
File "/usr/lib/python3.6/site-packages/rally_openstack/cleanup/base.py", line 129, in delete
2019-12-16 03:12:55.203 8497 ERROR rally_openstack.cleanup.manager self._manager().delete(self.id())
2019-12-16 03:12:55.203 8497 ERROR rally_openstack.cleanup.manager
File "/usr/lib/python3.6/site-packages/heatclient/v1/stacks.py", line 201, in delete
2019-12-16 03:12:55.203 8497 ERROR rally_openstack.cleanup.manager self._delete("/stacks/%s" % stack_id)
2019-12-16 03:12:55.203 8497 ERROR rally_openstack.cleanup.manager
File "/usr/lib/python3.6/site-packages/heatclient/common/base.py", line 207, in _delete
2019-12-16 03:12:55.203 8497 ERROR rally_openstack.cleanup.manager return self.client.delete(url)
2019-12-16 03:12:55.203 8497 ERROR rally_openstack.cleanup.manager
File "/usr/lib/python3.6/site-packages/keystoneauth1/adapter.py", line 390, in delete
2019-12-16 03:12:55.203 8497 ERROR rally_openstack.cleanup.manager return self.request(url, 'DELETE', **kwargs)
2019-12-16 03:12:55.203 8497 ERROR rally_openstack.cleanup.manager
File "/usr/lib/python3.6/site-packages/heatclient/common/http.py", line 320, in request
2019-12-16 03:12:55.203 8497 ERROR rally_openstack.cleanup.manager raise exc.from_response(resp)
2019-12-16 03:12:55.203 8497 ERROR rally_openstack.cleanup.manager heatclient.exc.HTTPNotFound: ERROR: The Stack (s_rally_dac822b9_6Cc1LJlD) could not be found.
2019-12-16 03:12:55.203 8497 ERROR rally_openstack.cleanup.manager
2019-12-16 03:12:55.209 8497 INFO rally.task.context [-] Task 88be84dc-5c87-4b44-99ad-479c0729d6f8 | Context cleanup@openstack cleanup() finished in 1.97 sec
2019-12-16 03:12:55.210 8497 INFO rally.task.context [-] Task 88be84dc-5c87-4b44-99ad-479c0729d6f8 | Context roles@openstack cleanup() started
2019-12-16 03:12:55.210 8497 RALLYDEBUG rally_openstack.contexts.keystone.roles [-] Removing assigned role c76c8d4b150a43ecb6708ce5671ffd4a from all users
2019-12-16 03:12:56.217 8497 INFO rally.task.context [-] Task 88be84dc-5c87-4b44-99ad-479c0729d6f8 | Context roles@openstack cleanup() finished in 1.01 sec
2019-12-16 03:12:56.217 8497 INFO rally.task.context [-] Task 88be84dc-5c87-4b44-99ad-479c0729d6f8 | Context users@openstack cleanup() started
2019-12-16 03:13:00.780 8497 INFO rally.task.context [-] Task 88be84dc-5c87-4b44-99ad-479c0729d6f8 | Context users@openstack cleanup() finished in 4.56 sec
2019-12-16 03:13:02.614 8497 INFO rally.task.engine [-] Load duration is: 32.445956
2019-12-16 03:13:02.614 8497 INFO rally.task.engine [-] Full runner duration is: 36.492149
2019-12-16 03:13:02.615 8497 INFO rally.task.engine [-] Full duration is: 52.446802
2019-12-16 03:13:02.846 8497 INFO rally.task.engine [-] Running workload: position = 3 config = { "version": 2, "title": "A cropped version of a bigger task.", "description": "Auto-generated task from a single workload (uuid=eb296b48-3a99-4587-b09a-0e81ca868768)", "subtasks": [ { "title": "HeatStacks.create_update_delete_stack", "description": "Create, update and then delete a stack.", "scenario": { "HeatStacks.create_update_delete_stack": { "template_path": "/usr/lib/python3.6/site-packages/functest/opnfv_tests/openstack/rally/scenario/templates/autoscaling_policy.yaml.template", "updated_template_path": "/usr/lib/python3.6/site-packages/functest/opnfv_tests/openstack/rally/scenario/templates/updated_autoscaling_policy_inplace.yaml.template" } }, "contexts": { "users": { "tenants": 3, "users_per_tenant": 2 }, "roles": [ "heat_stack_owner" ] }, "runner": { "constant": { "concurrency": 4, "times": 10 } }, "hooks": [], "sla": { "failure_rate": { "max": 0 } } } ] }
2019-12-16 03:13:02.869 8497 RALLYDEBUG rally_openstack.contexts.keystone.users [-] Creating 3 tenants using 20 threads
2019-12-16 03:13:03.932 8497 RALLYDEBUG rally_openstack.contexts.keystone.users [-] Creating 6 users using 20 threads
2019-12-16 03:13:05.436 8497 INFO rally.task.context [-] Task 88be84dc-5c87-4b44-99ad-479c0729d6f8 | Context users@openstack setup() finished in 2.57 sec
2019-12-16 03:13:06.179 8497 RALLYDEBUG rally_openstack.contexts.keystone.roles [-] Adding role heat_stack_owner having ID c76c8d4b150a43ecb6708ce5671ffd4a to all users using 30 threads
2019-12-16 03:13:11.158 8497 INFO rally.task.context [-] Task 88be84dc-5c87-4b44-99ad-479c0729d6f8 | Context roles@openstack setup() finished in 5.72 sec
2019-12-16 03:13:11.159 8497 INFO rally.task.context [-] Task 88be84dc-5c87-4b44-99ad-479c0729d6f8 | Context cleanup@openstack setup() finished in 0.02 msec
2019-12-16 03:13:11.171 8497 RALLYDEBUG rally.task.runner [-] Starting the constant runner (task UUID: 88be84dc-5c87-4b44-99ad-479c0729d6f8). times: 10 concurrency: 4 timeout: 0 max_cpu_used: 16 processes_to_start: 4 concurrency_per_worker: 1 concurrency_overhead: 0
2019-12-16 03:13:11.181 10659 RALLYDEBUG rally.task.runner [-] Starting a worker. times: 10 duration: None concurrency: 1 timeout: 0 cls: method_name: run args: {"template_path": "heat_template_version: 2013-05-23\n\nresources:\n test_group:\n type: OS::Heat::AutoScalingGroup\n properties:\n desired_capacity: 0\n max_size: 0\n min_size: 0\n resource:\n type: OS::Heat::RandomString\n test_policy:\n type: OS::Heat::ScalingPolicy\n properties:\n adjustment_type: change_in_capacity\n auto_scaling_group_id: { get_resource: test_group }\n scaling_adjustment: 1", "updated_template_path": "heat_template_version: 2013-05-23\n\ndescription: >\n Test template for create-update-delete-stack scenario in rally.\n The template updates resource parameters without resource re-creation(replacement)\n in the stack defined by autoscaling_policy.yaml.template. It allows to measure\n performance of \"pure\" resource update operation only.\n\nresources:\n test_group:\n type: OS::Heat::AutoScalingGroup\n properties:\n desired_capacity: 0\n max_size: 0\n min_size: 0\n resource:\n type: OS::Heat::RandomString\n test_policy:\n type: OS::Heat::ScalingPolicy\n properties:\n adjustment_type: change_in_capacity\n auto_scaling_group_id: { get_resource: test_group }\n scaling_adjustment: -1"}
2019-12-16 03:13:11.185 10659 INFO rally.task.runner [-] Task 88be84dc-5c87-4b44-99ad-479c0729d6f8 | ITER: 1 START
