2019-12-16 04:00:08.302 22403 INFO rally.task.runner [-] Task 5c4ae9b0-0d7d-428b-8cce-b39aab5a9323 | ITER: 4 START
2019-12-16 04:00:15.279 22399 RALLYDEBUG rally.task.utils [-] Waiting for resource s_rally_fa3ecbeb_m2KaU5l2. Status changed: BUILD => ACTIVE in 4.6690568923950195
2019-12-16 04:00:17.636 22400 RALLYDEBUG rally.task.utils [-] Waiting for resource s_rally_fa3ecbeb_WQxvWFqs. Status changed: BUILD => ACTIVE in 6.907055139541626
2019-12-16 04:00:18.469 22399 RALLYDEBUG rally.task.utils [-] Waiting for resource s_rally_fa3ecbeb_m2KaU5l2. Status changed: ACTIVE => MIGRATING in 0.14055252075195312
2019-12-16 04:00:19.775 22403 RALLYDEBUG rally.task.utils [-] Waiting for resource s_rally_fa3ecbeb_xws98Znh. Status changed: BUILD => ACTIVE in 8.997698307037354
2019-12-16 04:00:19.776 22401 RALLYDEBUG rally.task.utils [-] Waiting for resource s_rally_fa3ecbeb_xO8M2tKc. Status changed: BUILD => ACTIVE in 9.141535520553589
2019-12-16 04:00:20.620 22400 RALLYDEBUG rally.task.utils [-] Waiting for resource s_rally_fa3ecbeb_WQxvWFqs. Status changed: ACTIVE => MIGRATING in 0.37113428115844727
2019-12-16 04:00:22.536 22403 RALLYDEBUG rally.task.utils [-] Waiting for resource s_rally_fa3ecbeb_xws98Znh. Status changed: ACTIVE => MIGRATING in 0.20019793510437012
2019-12-16 04:00:22.573 22401 RALLYDEBUG rally.task.utils [-] Waiting for resource s_rally_fa3ecbeb_xO8M2tKc. Status changed: ACTIVE => MIGRATING in 0.19421839714050293
2019-12-16 04:00:27.197 22399 RALLYDEBUG rally.task.utils [-] Waiting for resource s_rally_fa3ecbeb_m2KaU5l2. Status changed: MIGRATING => ACTIVE in 8.728391885757446
2019-12-16 04:00:27.245 22400 RALLYDEBUG rally.task.utils [-] Waiting for resource s_rally_fa3ecbeb_WQxvWFqs. Status changed: MIGRATING => ACTIVE in 6.624507665634155
2019-12-16 04:00:29.757 22400 INFO rally.task.runner [-] Task 5c4ae9b0-0d7d-428b-8cce-b39aab5a9323 | ITER: 2 END: OK
2019-12-16 04:00:29.766 22400 INFO rally.task.runner [-] Task 5c4ae9b0-0d7d-428b-8cce-b39aab5a9323 | ITER: 5 START
2019-12-16 04:00:29.913 22399 INFO rally.task.runner [-] Task 5c4ae9b0-0d7d-428b-8cce-b39aab5a9323 | ITER: 1 END: OK
2019-12-16 04:00:29.922 22399 INFO rally.task.runner [-] Task 5c4ae9b0-0d7d-428b-8cce-b39aab5a9323 | ITER: 6 START
2019-12-16 04:00:33.610 22403 RALLYDEBUG rally.task.utils [-] Waiting for resource s_rally_fa3ecbeb_xws98Znh. Status changed: MIGRATING => ACTIVE in 11.073331356048584
2019-12-16 04:00:36.172 22403 INFO rally.task.runner [-] Task 5c4ae9b0-0d7d-428b-8cce-b39aab5a9323 | ITER: 4 END: OK
2019-12-16 04:00:36.178 22403 INFO rally.task.runner [-] Task 5c4ae9b0-0d7d-428b-8cce-b39aab5a9323 | ITER: 7 START
2019-12-16 04:00:38.850 22400 RALLYDEBUG rally.task.utils [-] Waiting for resource s_rally_fa3ecbeb_6MbvPcp8. Status changed: BUILD => ACTIVE in 6.812438488006592
2019-12-16 04:00:39.090 22399 RALLYDEBUG rally.task.utils [-] Waiting for resource s_rally_fa3ecbeb_rUp1DE7j. Status changed: BUILD => ACTIVE in 6.918004512786865
2019-12-16 04:00:40.221 22401 RALLYDEBUG rally.task.utils [-] Waiting for resource s_rally_fa3ecbeb_xO8M2tKc. Status changed: MIGRATING => ACTIVE in 17.647568225860596
2019-12-16 04:00:41.721 22399 RALLYDEBUG rally.task.utils [-] Waiting for resource s_rally_fa3ecbeb_rUp1DE7j. Status changed: ACTIVE => MIGRATING in 0.15271949768066406
2019-12-16 04:00:41.775 22400 RALLYDEBUG rally.task.utils [-] Waiting for resource s_rally_fa3ecbeb_6MbvPcp8. Status changed: ACTIVE => MIGRATING in 0.22979164123535156
2019-12-16 04:00:42.737 22401 INFO rally.task.runner [-] Task 5c4ae9b0-0d7d-428b-8cce-b39aab5a9323 | ITER: 3 END: OK
2019-12-16 04:00:42.743 22401 INFO rally.task.runner [-] Task 5c4ae9b0-0d7d-428b-8cce-b39aab5a9323 | ITER: 8 START
2019-12-16 04:00:43.091 22403 RALLYDEBUG rally.task.utils [-] Waiting for resource s_rally_fa3ecbeb_VjSiWnV5. Status changed: BUILD => ACTIVE in 4.646062135696411
2019-12-16 04:00:45.221 22403 RALLYDEBUG rally.task.utils [-] Waiting for resource s_rally_fa3ecbeb_VjSiWnV5. Status changed: ACTIVE => MIGRATING in 0.20027494430541992
2019-12-16 04:00:46.240 22400 RALLYDEBUG rally.task.utils [-] Waiting for resource s_rally_fa3ecbeb_6MbvPcp8. Status changed: MIGRATING => ACTIVE in 4.464641094207764
2019-12-16 04:00:48.873 22400 INFO rally.task.runner [-] Task 5c4ae9b0-0d7d-428b-8cce-b39aab5a9323 | ITER: 5 END: OK
2019-12-16 04:00:48.877 22400 INFO rally.task.runner [-] Task 5c4ae9b0-0d7d-428b-8cce-b39aab5a9323 | ITER: 9 START
2019-12-16 04:00:49.685 22401 RALLYDEBUG rally.task.utils [-] Waiting for resource s_rally_fa3ecbeb_RBo6mzX1. Status changed: BUILD => ACTIVE in 4.767979860305786
2019-12-16 04:00:52.050 22401 RALLYDEBUG rally.task.utils [-] Waiting for resource s_rally_fa3ecbeb_RBo6mzX1. Status changed: ACTIVE => MIGRATING in 0.23076272010803223
2019-12-16 04:00:52.635 22399 RALLYDEBUG rally.task.utils [-] Waiting for resource s_rally_fa3ecbeb_rUp1DE7j. Status changed: MIGRATING => ACTIVE in 10.914175033569336
2019-12-16 04:00:55.263 22399 INFO rally.task.runner [-] Task 5c4ae9b0-0d7d-428b-8cce-b39aab5a9323 | ITER: 6 END: OK
2019-12-16 04:00:55.267 22399 INFO rally.task.runner [-] Task 5c4ae9b0-0d7d-428b-8cce-b39aab5a9323 | ITER: 10 START
2019-12-16 04:00:57.789 22400 RALLYDEBUG rally.task.utils [-] Waiting for resource s_rally_fa3ecbeb_Bzreg48p. Status changed: BUILD => ACTIVE in 6.824857711791992
2019-12-16 04:00:58.583 22401 RALLYDEBUG rally.task.utils [-] Waiting for resource s_rally_fa3ecbeb_RBo6mzX1. Status changed: MIGRATING => ACTIVE in 6.5324976444244385
2019-12-16 04:00:58.686 22403 RALLYDEBUG rally.task.utils [-] Waiting for resource s_rally_fa3ecbeb_VjSiWnV5. Status changed: MIGRATING => ACTIVE in 13.46578598022461
2019-12-16 04:01:00.486 22400 RALLYDEBUG rally.task.utils [-] Waiting for resource s_rally_fa3ecbeb_Bzreg48p. Status changed: ACTIVE => MIGRATING in 0.1383678913116455
2019-12-16 04:01:01.219 22401 INFO rally.task.runner [-] Task 5c4ae9b0-0d7d-428b-8cce-b39aab5a9323 | ITER: 8 END: OK
2019-12-16 04:01:01.403 22403 INFO rally.task.runner [-] Task 5c4ae9b0-0d7d-428b-8cce-b39aab5a9323 | ITER: 7 END: OK
2019-12-16 04:01:03.107 22399 RALLYDEBUG rally.task.utils [-] Waiting for resource s_rally_fa3ecbeb_Ine8MLlD. Status changed: BUILD => ACTIVE in 5.110392093658447
2019-12-16 04:01:05.778 22399 RALLYDEBUG rally.task.utils [-] Waiting for resource s_rally_fa3ecbeb_Ine8MLlD. Status changed: ACTIVE => MIGRATING in 0.19457411766052246
2019-12-16 04:01:07.060 22400 RALLYDEBUG rally.task.utils [-] Waiting for resource s_rally_fa3ecbeb_Bzreg48p. Status changed: MIGRATING => ACTIVE in 6.574372053146362
2019-12-16 04:01:09.662 22400 INFO rally.task.runner [-] Task 5c4ae9b0-0d7d-428b-8cce-b39aab5a9323 | ITER: 9 END: OK
2019-12-16 04:01:12.267 22399 RALLYDEBUG rally.task.utils [-] Waiting for resource s_rally_fa3ecbeb_Ine8MLlD. Status changed: MIGRATING => ACTIVE in 6.489675760269165
2019-12-16 04:01:14.875 22399 INFO rally.task.runner [-] Task 5c4ae9b0-0d7d-428b-8cce-b39aab5a9323 | ITER: 10 END: OK
2019-12-16 04:01:14.906 20411 INFO rally.task.context [-] Task 5c4ae9b0-0d7d-428b-8cce-b39aab5a9323 | Context cleanup@openstack cleanup() started
2019-12-16 04:01:14.909 20411 RALLYDEBUG rally_openstack.cleanup.manager [-] Cleaning up nova servers objects
2019-12-16 04:01:16.192 20411 RALLYDEBUG rally_openstack.cleanup.manager [-] Cleaning up nova server_groups objects
2019-12-16 04:01:17.499 20411 RALLYDEBUG rally_openstack.cleanup.manager [-] Cleaning up nova keypairs objects
2019-12-16 04:01:19.735 20411 INFO rally.task.context [-] Task 5c4ae9b0-0d7d-428b-8cce-b39aab5a9323 | Context cleanup@openstack cleanup() finished in 4.83 sec
2019-12-16 04:01:19.736 20411 INFO rally.task.context [-] Task 5c4ae9b0-0d7d-428b-8cce-b39aab5a9323 | Context users@openstack cleanup() started
2019-12-16 04:01:23.705 20411 INFO rally.task.context [-] Task 5c4ae9b0-0d7d-428b-8cce-b39aab5a9323 | Context users@openstack cleanup() finished in 3.97 sec
2019-12-16 04:01:25.054 20411 INFO rally.task.engine [-] Load duration is: 65.580306
2019-12-16 04:01:25.054 20411 INFO rally.task.engine [-] Full runner duration is: 66.633002
2019-12-16 04:01:25.054 20411 INFO rally.task.engine [-] Full duration is: 78.999512
2019-12-16 04:01:25.421 20411 INFO rally.task.engine [-] Running workload: position = 0 config = { "version": 2, "title": "A cropped version of a bigger task.", "description": "Auto-generated task from a single workload (uuid=545e5a32-4df2-472d-8d95-3dfd6a66726c)", "subtasks": [ { "title": "NovaServers.boot_server_attach_created_volume_and_live_migrate", "description": "Create a VM, attach a volume to it and live migrate.", "scenario": { "NovaServers.boot_server_attach_created_volume_and_live_migrate": { "flavor": { "name": "rally_full-flavor_102dc671-f436-4d4d-b368-5b0ed177eae0" }, "image": { "name": "rally_full-img_102dc671-f436-4d4d-b368-5b0ed177eae0" }, "size": 10, "block_migration": false, "boot_server_kwargs": { "nics": [ { "net-id": "c51c8544-d62f-4817-b7df-cb0981aba4ec" } ] } } }, "contexts": { "users": { "tenants": 3, "users_per_tenant": 2 }, "api_versions": { "cinder": { "version": 3, "service_type": "volumev3" } } }, "runner": { "constant": { "concurrency": 4, "times": 10 } }, "hooks": [], "sla": { "failure_rate": { "max": 0 } } } ] }
2019-12-16 04:01:25.445 20411 RALLYDEBUG rally_openstack.contexts.keystone.users [-] Creating 3 tenants using 20 threads
2019-12-16 04:01:26.460 20411 RALLYDEBUG rally_openstack.contexts.keystone.users [-] Creating 6 users using 20 threads
2019-12-16 04:01:28.075 20411 INFO rally.task.context [-] Task 5c4ae9b0-0d7d-428b-8cce-b39aab5a9323 | Context users@openstack setup() finished in 2.63 sec
2019-12-16 04:01:28.470 20411 INFO rally.task.context [-] Task 5c4ae9b0-0d7d-428b-8cce-b39aab5a9323 | Context api_versions@openstack setup() finished in 0.39 sec
2019-12-16 04:01:28.471 20411 INFO rally.task.context [-] Task 5c4ae9b0-0d7d-428b-8cce-b39aab5a9323 | Context cleanup@openstack setup() finished in 0.01 msec
2019-12-16 04:01:29.522 20411 RALLYDEBUG rally.task.runner [-] Starting the constant runner (task UUID: 5c4ae9b0-0d7d-428b-8cce-b39aab5a9323). times: 10 concurrency: 4 timeout: 0 max_cpu_used: 16 processes_to_start: 4 concurrency_per_worker: 1 concurrency_overhead: 0
2019-12-16 04:01:29.533 22563 RALLYDEBUG rally.task.runner [-] Starting a worker. times: 10 duration: None concurrency: 1 timeout: 0 cls: method_name: run args: {"flavor": "c1b316bb-9aea-40b2-9eed-8480abe7834e", "image": "02e2d7fc-4c21-4af2-9b3a-22bc0af0001a", "size": 10, "block_migration": false, "boot_server_kwargs": {"nics": [{"net-id": "c51c8544-d62f-4817-b7df-cb0981aba4ec"}]}}
2019-12-16 04:01:29.537 22564 RALLYDEBUG rally.task.runner [-] Starting a worker. times: 10 duration: None concurrency: 1 timeout: 0 cls: method_name: run args: {"flavor": "c1b316bb-9aea-40b2-9eed-8480abe7834e", "image": "02e2d7fc-4c21-4af2-9b3a-22bc0af0001a", "size": 10, "block_migration": false, "boot_server_kwargs": {"nics": [{"net-id": "c51c8544-d62f-4817-b7df-cb0981aba4ec"}]}}
2019-12-16 04:01:29.540 22563 INFO rally.task.runner [-] Task 5c4ae9b0-0d7d-428b-8cce-b39aab5a9323 | ITER: 1 START
2019-12-16 04:01:29.541 22565 RALLYDEBUG rally.task.runner [-] Starting a worker. times: 10 duration: None concurrency: 1 timeout: 0 cls: method_name: run args: {"flavor": "c1b316bb-9aea-40b2-9eed-8480abe7834e", "image": "02e2d7fc-4c21-4af2-9b3a-22bc0af0001a", "size": 10, "block_migration": false, "boot_server_kwargs": {"nics": [{"net-id": "c51c8544-d62f-4817-b7df-cb0981aba4ec"}]}}
2019-12-16 04:01:29.544 22564 INFO rally.task.runner [-] Task 5c4ae9b0-0d7d-428b-8cce-b39aab5a9323 | ITER: 2 START
2019-12-16 04:01:29.544 22568 RALLYDEBUG rally.task.runner [-] Starting a worker. times: 10 duration: None concurrency: 1 timeout: 0 cls: method_name: run args: {"flavor": "c1b316bb-9aea-40b2-9eed-8480abe7834e", "image": "02e2d7fc-4c21-4af2-9b3a-22bc0af0001a", "size": 10, "block_migration": false, "boot_server_kwargs": {"nics": [{"net-id": "c51c8544-d62f-4817-b7df-cb0981aba4ec"}]}}
2019-12-16 04:01:29.548 22565 INFO rally.task.runner [-] Task 5c4ae9b0-0d7d-428b-8cce-b39aab5a9323 | ITER: 3 START
2019-12-16 04:01:29.550 22568 INFO rally.task.runner [-] Task 5c4ae9b0-0d7d-428b-8cce-b39aab5a9323 | ITER: 4 START
2019-12-16 04:01:38.571 22564 RALLYDEBUG rally.task.utils [-] Waiting for resource s_rally_545e5a32_JRVnwoV3. Status changed: BUILD => ACTIVE in 6.817463397979736
2019-12-16 04:01:38.641 22565 RALLYDEBUG rally.task.utils [-] Waiting for resource s_rally_545e5a32_Iq51ptqL. Status changed: BUILD => ACTIVE in 6.6665332317352295
2019-12-16 04:01:38.967 22568 RALLYDEBUG rally.task.utils [-] Waiting for resource s_rally_545e5a32_cmaSR9Pf. Status changed: BUILD => ACTIVE in 6.832831144332886
2019-12-16 04:01:38.983 22563 RALLYDEBUG rally.task.utils [-] Waiting for resource s_rally_545e5a32_mNwAcz5C. Status changed: BUILD => ACTIVE in 6.764171123504639
2019-12-16 04:01:41.724 22565 RALLYDEBUG rally.task.utils [-] Waiting for resource s_rally_545e5a32_mC6tdnLQ. Status changed: AVAILABLE => RESERVED in 0.45813488960266113
2019-12-16 04:01:41.732 22564 RALLYDEBUG rally.task.utils [-] Waiting for resource s_rally_545e5a32_ovYrypOb. Status changed: AVAILABLE => RESERVED in 0.5312995910644531
2019-12-16 04:01:42.105 22563 RALLYDEBUG rally.task.utils [-] Waiting for resource s_rally_545e5a32_kifEwB4g. Status changed: AVAILABLE => RESERVED in 0.39568305015563965
2019-12-16 04:01:42.138 22568 RALLYDEBUG rally.task.utils [-] Waiting for resource s_rally_545e5a32_r1So1bc6. Status changed: AVAILABLE => RESERVED in 0.40233302116394043
2019-12-16 04:01:44.129 22565 RALLYDEBUG rally.task.utils [-] Waiting for resource s_rally_545e5a32_mC6tdnLQ. Status changed: RESERVED => IN-USE in 2.4051129817962646
2019-12-16 04:01:44.139 22564 RALLYDEBUG rally.task.utils [-] Waiting for resource s_rally_545e5a32_ovYrypOb. Status changed: RESERVED => IN-USE in 2.407022476196289
2019-12-16 04:01:44.506 22563 RALLYDEBUG rally.task.utils [-] Waiting for resource s_rally_545e5a32_kifEwB4g. Status changed: RESERVED => IN-USE in 2.4012460708618164
2019-12-16 04:01:44.534 22568 RALLYDEBUG rally.task.utils [-] Waiting for resource s_rally_545e5a32_r1So1bc6. Status changed: RESERVED => IN-USE in 2.3958933353424072
2019-12-16 04:01:46.657 22568 RALLYDEBUG rally.task.utils [-] Waiting for resource s_rally_545e5a32_cmaSR9Pf. Status changed: ACTIVE => MIGRATING in 0.18259787559509277
2019-12-16 04:01:46.900 22565 RALLYDEBUG rally.task.utils [-] Waiting for resource s_rally_545e5a32_Iq51ptqL. Status changed: ACTIVE => MIGRATING in 0.2119731903076172
2019-12-16 04:01:46.914 22564 RALLYDEBUG rally.task.utils [-] Waiting for resource s_rally_545e5a32_JRVnwoV3. Status changed: ACTIVE => MIGRATING in 0.19860267639160156
2019-12-16 04:01:47.600 22563 RALLYDEBUG rally.task.utils [-] Waiting for resource s_rally_545e5a32_mNwAcz5C. Status changed: ACTIVE => MIGRATING in 0.20617079734802246
2019-12-16 04:01:53.279 22568 RALLYDEBUG rally.task.utils [-] Waiting for resource s_rally_545e5a32_cmaSR9Pf. Status changed: MIGRATING => ACTIVE in 6.6218109130859375
2019-12-16 04:01:54.186 22568 RALLYDEBUG rally.task.utils [-] Waiting for resource s_rally_545e5a32_r1So1bc6. Status changed: AVAILABLE => DETACHING in 0.41335058212280273
2019-12-16 04:01:56.603 22568 RALLYDEBUG rally.task.utils [-] Waiting for resource s_rally_545e5a32_r1So1bc6. Status changed: DETACHING => AVAILABLE in 2.416486978530884
2019-12-16 04:01:56.720 22568 RALLYDEBUG rally.task.utils [-] Waiting for resource s_rally_545e5a32_r1So1bc6. Status changed: AVAILABLE => DELETING in 0.05680060386657715
2019-12-16 04:02:01.274 22568 INFO rally.task.runner [-] Task 5c4ae9b0-0d7d-428b-8cce-b39aab5a9323 | ITER: 4 END: OK
2019-12-16 04:02:01.279 22568 INFO rally.task.runner [-] Task 5c4ae9b0-0d7d-428b-8cce-b39aab5a9323 | ITER: 5 START
2019-12-16 04:02:02.338 22565 RALLYDEBUG rally.task.utils [-] Waiting for resource s_rally_545e5a32_Iq51ptqL. Status changed: MIGRATING => ACTIVE in 15.43760347366333
2019-12-16 04:02:03.393 22565 RALLYDEBUG rally.task.utils [-] Waiting for resource s_rally_545e5a32_mC6tdnLQ. Status changed: AVAILABLE => DETACHING in 0.444150447845459
2019-12-16 04:02:05.810 22565 RALLYDEBUG rally.task.utils [-] Waiting for resource s_rally_545e5a32_mC6tdnLQ. Status changed: DETACHING => AVAILABLE in 2.4174818992614746
2019-12-16 04:02:05.923 22565 RALLYDEBUG rally.task.utils [-] Waiting for resource s_rally_545e5a32_mC6tdnLQ. Status changed: AVAILABLE => DELETING in 0.05506300926208496
2019-12-16 04:02:08.334 22568 RALLYDEBUG rally.task.utils [-] Waiting for resource s_rally_545e5a32_by0oViBV. Status changed: BUILD => ACTIVE in 4.58589768409729
2019-12-16 04:02:08.713 22564 RALLYDEBUG rally.task.utils [-] Waiting for resource s_rally_545e5a32_JRVnwoV3. Status changed: MIGRATING => ACTIVE in 21.79862093925476
2019-12-16 04:02:09.472 22564 RALLYDEBUG rally.task.utils [-] Waiting for resource s_rally_545e5a32_ovYrypOb. Status changed: AVAILABLE => DETACHING in 0.40465354919433594
2019-12-16 04:02:10.323 22565 INFO rally.task.runner [-] Task 5c4ae9b0-0d7d-428b-8cce-b39aab5a9323 | ITER: 3 END: OK
2019-12-16 04:02:10.329 22565 INFO rally.task.runner [-] Task 5c4ae9b0-0d7d-428b-8cce-b39aab5a9323 | ITER: 6 START
2019-12-16 04:02:11.328 22568 RALLYDEBUG rally.task.utils [-] Waiting for resource s_rally_545e5a32_nCaZENC3. Status changed: AVAILABLE => RESERVED in 0.41372060775756836
2019-12-16 04:02:11.878 22564 RALLYDEBUG rally.task.utils [-] Waiting for resource s_rally_545e5a32_ovYrypOb. Status changed: DETACHING => AVAILABLE in 2.4057416915893555
2019-12-16 04:02:11.984 22564 RALLYDEBUG rally.task.utils [-] Waiting for resource s_rally_545e5a32_ovYrypOb. Status changed: AVAILABLE => DELETING in 0.04962587356567383
2019-12-16 04:02:13.764 22568 RALLYDEBUG rally.task.utils [-] Waiting for resource s_rally_545e5a32_nCaZENC3. Status changed: RESERVED => IN-USE in 2.4361720085144043
2019-12-16 04:02:16.321 22564 INFO rally.task.runner [-] Task 5c4ae9b0-0d7d-428b-8cce-b39aab5a9323 | ITER: 2 END: OK
2019-12-16 04:02:16.327 22564 INFO rally.task.runner [-] Task 5c4ae9b0-0d7d-428b-8cce-b39aab5a9323 | ITER: 7 START
2019-12-16 04:02:16.332 22563 RALLYDEBUG rally.task.utils [-] Waiting for resource s_rally_545e5a32_mNwAcz5C. Status changed: MIGRATING => ACTIVE in 28.730817556381226
2019-12-16 04:02:16.634 22568 RALLYDEBUG rally.task.utils [-] Waiting for resource s_rally_545e5a32_by0oViBV. Status changed: ACTIVE => MIGRATING in 0.15366315841674805
2019-12-16 04:02:17.066 22563 RALLYDEBUG rally.task.utils [-] Waiting for resource s_rally_545e5a32_kifEwB4g. Status changed: AVAILABLE => DETACHING in 0.4057137966156006
2019-12-16 04:02:19.430 22565 RALLYDEBUG rally.task.utils [-] Waiting for resource s_rally_545e5a32_UKpG2i9j. Status changed: BUILD => ACTIVE in 6.748989820480347
2019-12-16 04:02:19.465 22563 RALLYDEBUG rally.task.utils [-] Waiting for resource s_rally_545e5a32_kifEwB4g. Status changed: DETACHING => AVAILABLE in 2.3994693756103516
2019-12-16 04:02:19.573 22563 RALLYDEBUG rally.task.utils [-] Waiting for resource s_rally_545e5a32_kifEwB4g. Status changed: AVAILABLE => DELETING in 0.05284833908081055
2019-12-16 04:02:22.406 22565 RALLYDEBUG rally.task.utils [-] Waiting for resource s_rally_545e5a32_mdxNm681. Status changed: AVAILABLE => RESERVED in 0.39432764053344727
2019-12-16 04:02:23.251 22568 RALLYDEBUG rally.task.utils [-] Waiting for resource s_rally_545e5a32_by0oViBV. Status changed: MIGRATING => ACTIVE in 6.617056369781494
2019-12-16 04:02:23.388 22564 RALLYDEBUG rally.task.utils [-] Waiting for resource s_rally_545e5a32_FmcxDORl. Status changed: BUILD => ACTIVE in 4.537853240966797
2019-12-16 04:02:23.929 22563 INFO rally.task.runner [-] Task 5c4ae9b0-0d7d-428b-8cce-b39aab5a9323 | ITER: 1 END: OK
2019-12-16 04:02:23.934 22563 INFO rally.task.runner [-] Task 5c4ae9b0-0d7d-428b-8cce-b39aab5a9323 | ITER: 8 START
2019-12-16 04:02:24.000 22568 RALLYDEBUG rally.task.utils [-] Waiting for resource s_rally_545e5a32_nCaZENC3. Status changed: AVAILABLE => DETACHING in 0.42679572105407715
2019-12-16 04:02:24.819 22565 RALLYDEBUG rally.task.utils [-] Waiting for resource s_rally_545e5a32_mdxNm681. Status changed: RESERVED => IN-USE in 2.413390636444092
2019-12-16 04:02:26.399 22564 RALLYDEBUG rally.task.utils [-] Waiting for resource s_rally_545e5a32_5thjXORf. Status changed: AVAILABLE => RESERVED in 0.41736483573913574
2019-12-16 04:02:26.410 22568 RALLYDEBUG rally.task.utils [-] Waiting for resource s_rally_545e5a32_nCaZENC3. Status changed: DETACHING => AVAILABLE in 2.410461187362671
2019-12-16 04:02:26.519 22568 RALLYDEBUG rally.task.utils [-] Waiting for resource s_rally_545e5a32_nCaZENC3. Status changed: AVAILABLE => DELETING in 0.053865671157836914
2019-12-16 04:02:27.623 22565 RALLYDEBUG rally.task.utils [-] Waiting for resource s_rally_545e5a32_UKpG2i9j. Status changed: ACTIVE => MIGRATING in 0.2057046890258789
2019-12-16 04:02:28.827 22564 RALLYDEBUG rally.task.utils [-] Waiting for resource s_rally_545e5a32_5thjXORf. Status changed: RESERVED => IN-USE in 2.427705764770508
2019-12-16 04:02:30.854 22563 RALLYDEBUG rally.task.utils [-] Waiting for resource s_rally_545e5a32_1IvoW5pD. Status changed: BUILD => ACTIVE in 4.486641883850098
2019-12-16 04:02:30.871 22568 INFO rally.task.runner [-] Task 5c4ae9b0-0d7d-428b-8cce-b39aab5a9323 | ITER: 5 END: OK
2019-12-16 04:02:30.876 22568 INFO rally.task.runner [-] Task 5c4ae9b0-0d7d-428b-8cce-b39aab5a9323 | ITER: 9 START
2019-12-16 04:02:31.390 22564 RALLYDEBUG rally.task.utils [-] Waiting for resource s_rally_545e5a32_FmcxDORl. Status changed: ACTIVE => MIGRATING in 0.21282458305358887
2019-12-16 04:02:33.861 22563 RALLYDEBUG rally.task.utils [-] Waiting for resource s_rally_545e5a32_rVioTcNo. Status changed: AVAILABLE => RESERVED in 0.426898717880249
2019-12-16 04:02:34.176 22565 RALLYDEBUG rally.task.utils [-] Waiting for resource s_rally_545e5a32_UKpG2i9j. Status changed: MIGRATING => ACTIVE in 6.5521979331970215
2019-12-16 04:02:34.878 22565 RALLYDEBUG rally.task.utils [-] Waiting for resource s_rally_545e5a32_mdxNm681. Status changed: AVAILABLE => DETACHING in 0.39198851585388184
2019-12-16 04:02:36.274 22563 RALLYDEBUG rally.task.utils [-] Waiting for resource s_rally_545e5a32_rVioTcNo. Status changed: RESERVED => IN-USE in 2.413032293319702
2019-12-16 04:02:37.278 22565 RALLYDEBUG rally.task.utils [-] Waiting for resource s_rally_545e5a32_mdxNm681. Status changed: DETACHING => AVAILABLE in 2.4000561237335205
2019-12-16 04:02:37.390 22565 RALLYDEBUG rally.task.utils [-] Waiting for resource s_rally_545e5a32_mdxNm681. Status changed: AVAILABLE => DELETING in 0.05651140213012695
2019-12-16 04:02:38.025 22564 RALLYDEBUG rally.task.utils [-] Waiting for resource s_rally_545e5a32_FmcxDORl. Status changed: MIGRATING => ACTIVE in 6.635091781616211
2019-12-16 04:02:38.258 22568 RALLYDEBUG rally.task.utils [-] Waiting for resource s_rally_545e5a32_gm8TuRnW. Status changed: BUILD => ACTIVE in 4.767643690109253
2019-12-16 04:02:38.765 22564 RALLYDEBUG rally.task.utils [-] Waiting for resource s_rally_545e5a32_5thjXORf. Status changed: AVAILABLE => DETACHING in 0.40630292892456055
2019-12-16 04:02:39.054 22563 RALLYDEBUG rally.task.utils [-] Waiting for resource s_rally_545e5a32_1IvoW5pD. Status changed: ACTIVE => MIGRATING in 0.2556908130645752
2019-12-16 04:02:41.167 22564 RALLYDEBUG rally.task.utils [-] Waiting for resource s_rally_545e5a32_5thjXORf. Status changed: DETACHING => AVAILABLE in 2.4023470878601074
2019-12-16 04:02:41.270 22568 RALLYDEBUG rally.task.utils [-] Waiting for resource s_rally_545e5a32_CcStBVO4. Status changed: AVAILABLE => RESERVED in 0.3979501724243164
2019-12-16 04:02:41.291 22564 RALLYDEBUG rally.task.utils [-] Waiting for resource s_rally_545e5a32_5thjXORf. Status changed: AVAILABLE => DELETING in 0.06096982955932617
2019-12-16 04:02:41.747 22565 INFO rally.task.runner [-] Task 5c4ae9b0-0d7d-428b-8cce-b39aab5a9323 | ITER: 6 END: OK
2019-12-16 04:02:41.752 22565 INFO rally.task.runner [-] Task 5c4ae9b0-0d7d-428b-8cce-b39aab5a9323 | ITER: 10 START
2019-12-16 04:02:43.700 22568 RALLYDEBUG rally.task.utils [-] Waiting for resource s_rally_545e5a32_CcStBVO4. Status changed: RESERVED => IN-USE in 2.4297280311584473
2019-12-16 04:02:45.674 22564 INFO rally.task.runner [-] Task 5c4ae9b0-0d7d-428b-8cce-b39aab5a9323 | ITER: 7 END: OK
2019-12-16 04:02:45.751 22568 RALLYDEBUG rally.task.utils [-] Waiting for resource s_rally_545e5a32_gm8TuRnW. Status changed: ACTIVE => MIGRATING in 0.14492344856262207
2019-12-16 04:02:45.890 22563 RALLYDEBUG rally.task.utils [-] Waiting for resource s_rally_545e5a32_1IvoW5pD. Status changed: MIGRATING => ACTIVE in 6.836242437362671
2019-12-16 04:02:46.683 22563 RALLYDEBUG rally.task.utils [-] Waiting for resource s_rally_545e5a32_rVioTcNo. Status changed: AVAILABLE => DETACHING in 0.4115254878997803
2019-12-16 04:02:49.091 22563 RALLYDEBUG rally.task.utils [-] Waiting for resource s_rally_545e5a32_rVioTcNo. Status changed: DETACHING => AVAILABLE in 2.407193422317505
2019-12-16 04:02:49.206 22563 RALLYDEBUG rally.task.utils [-] Waiting for resource s_rally_545e5a32_rVioTcNo. Status changed: AVAILABLE => DELETING in 0.05760693550109863
2019-12-16 04:02:50.906 22565 RALLYDEBUG rally.task.utils [-] Waiting for resource s_rally_545e5a32_9yDonnU4. Status changed: BUILD => ACTIVE in 6.778116226196289
2019-12-16 04:02:52.352 22568 RALLYDEBUG rally.task.utils [-] Waiting for resource s_rally_545e5a32_gm8TuRnW. Status changed: MIGRATING => ACTIVE in 6.600622653961182
2019-12-16 04:02:53.343 22568 RALLYDEBUG rally.task.utils [-] Waiting for resource s_rally_545e5a32_CcStBVO4. Status changed: AVAILABLE => DETACHING in 0.4038276672363281
2019-12-16 04:02:53.611 22563 INFO rally.task.runner [-] Task 5c4ae9b0-0d7d-428b-8cce-b39aab5a9323 | ITER: 8 END: OK
2019-12-16 04:02:53.964 22565 RALLYDEBUG rally.task.utils [-] Waiting for resource s_rally_545e5a32_cEMSfkxP. Status changed: AVAILABLE => RESERVED in 0.40845179557800293
2019-12-16 04:02:55.763 22568 RALLYDEBUG rally.task.utils [-] Waiting for resource s_rally_545e5a32_CcStBVO4. Status changed: DETACHING => AVAILABLE in 2.4203200340270996
2019-12-16 04:02:55.895 22568 RALLYDEBUG rally.task.utils [-] Waiting for resource s_rally_545e5a32_CcStBVO4. Status changed: AVAILABLE => DELETING in 0.061788082122802734
2019-12-16 04:02:56.384 22565 RALLYDEBUG rally.task.utils [-] Waiting for resource s_rally_545e5a32_cEMSfkxP. Status changed: RESERVED => IN-USE in 2.4192230701446533
2019-12-16 04:02:59.456 22565 RALLYDEBUG rally.task.utils [-] Waiting for resource s_rally_545e5a32_9yDonnU4. Status changed: ACTIVE => MIGRATING in 0.1509408950805664
2019-12-16 04:03:00.302 22568 INFO rally.task.runner [-] Task 5c4ae9b0-0d7d-428b-8cce-b39aab5a9323 | ITER: 9 END: OK
2019-12-16 04:03:06.105 22565 RALLYDEBUG rally.task.utils [-] Waiting for resource s_rally_545e5a32_9yDonnU4. Status changed: MIGRATING => ACTIVE in 6.649404764175415
2019-12-16 04:03:06.918 22565 RALLYDEBUG rally.task.utils [-] Waiting for resource s_rally_545e5a32_cEMSfkxP. Status changed: AVAILABLE => DETACHING in 0.4072098731994629
2019-12-16 04:03:09.332 22565 RALLYDEBUG rally.task.utils [-] Waiting for resource s_rally_545e5a32_cEMSfkxP. Status changed: DETACHING => AVAILABLE in 2.4130358695983887
2019-12-16 04:03:09.453 22565 RALLYDEBUG rally.task.utils [-] Waiting for resource s_rally_545e5a32_cEMSfkxP. Status changed: AVAILABLE => DELETING in 0.056038618087768555
2019-12-16 04:03:13.848 22565 INFO rally.task.runner [-] Task 5c4ae9b0-0d7d-428b-8cce-b39aab5a9323 | ITER: 10 END: OK
2019-12-16 04:03:13.878 20411 INFO rally.task.context [-] Task 5c4ae9b0-0d7d-428b-8cce-b39aab5a9323 | Context cleanup@openstack cleanup() started
2019-12-16 04:03:13.882 20411 RALLYDEBUG rally_openstack.cleanup.manager [-] Cleaning up nova servers objects
2019-12-16 04:03:15.159 20411 RALLYDEBUG rally_openstack.cleanup.manager [-] Cleaning up nova server_groups objects
2019-12-16 04:03:16.273 20411 RALLYDEBUG rally_openstack.cleanup.manager [-] Cleaning up nova keypairs objects
2019-12-16 04:03:18.556 20411 RALLYDEBUG rally_openstack.cleanup.manager [-] Cleaning up cinder backups objects
2019-12-16 04:03:19.700 20411 RALLYDEBUG rally_openstack.cleanup.manager [-] Cleaning up cinder volume_snapshots objects
2019-12-16 04:03:20.843 20411 RALLYDEBUG rally_openstack.cleanup.manager [-] Cleaning up cinder transfers objects
2019-12-16 04:03:21.955 20411 RALLYDEBUG rally_openstack.cleanup.manager [-] Cleaning up cinder volumes objects
2019-12-16 04:03:23.262 20411 INFO rally.task.context [-] Task 5c4ae9b0-0d7d-428b-8cce-b39aab5a9323 | Context cleanup@openstack cleanup() finished in 9.38 sec
2019-12-16 04:03:23.262 20411 INFO rally.task.context [-] Task 5c4ae9b0-0d7d-428b-8cce-b39aab5a9323 | Context api_versions@openstack cleanup() started
2019-12-16 04:03:23.263 20411 INFO rally.task.context [-] Task 5c4ae9b0-0d7d-428b-8cce-b39aab5a9323 | Context api_versions@openstack cleanup() finished in 0.39 msec
2019-12-16 04:03:23.263 20411 INFO rally.task.context [-] Task 5c4ae9b0-0d7d-428b-8cce-b39aab5a9323 | Context users@openstack cleanup() started
2019-12-16 04:03:27.372 20411 INFO rally.task.context [-] Task 5c4ae9b0-0d7d-428b-8cce-b39aab5a9323 | Context users@openstack cleanup() finished in 4.11 sec
2019-12-16 04:03:27.975 20411 INFO rally.task.engine [-] Load duration is: 103.304744
2019-12-16 04:03:27.975 20411 INFO rally.task.engine [-] Full runner duration is: 104.356952
2019-12-16 04:03:27.976 20411 INFO rally.task.engine [-] Full duration is: 121.928904
2019-12-16 04:03:28.272 20411 INFO rally.task.engine [-] Running workload: position = 0 config = { "version": 2, "title": "A cropped version of a bigger task.", "description": "Auto-generated task from a single workload (uuid=4250370b-79b8-4b43-aed3-200d316b641d)", "subtasks": [ { "title": "NovaServers.boot_server_from_volume_and_live_migrate", "description": "Boot a server from volume and then migrate it.", "scenario": { "NovaServers.boot_server_from_volume_and_live_migrate": { "flavor": { "name": "rally_full-flavor_102dc671-f436-4d4d-b368-5b0ed177eae0" }, "image": { "name": "rally_full-img_102dc671-f436-4d4d-b368-5b0ed177eae0" }, "block_migration": false, "volume_size": 1, "force_delete": false, "nics": [ { "net-id": "c51c8544-d62f-4817-b7df-cb0981aba4ec" } ] } }, "contexts": { "users": { "tenants": 3, "users_per_tenant": 2 }, "api_versions": { "cinder": { "version": 3, "service_type": "volumev3" } } }, "runner": { "constant": { "concurrency": 4, "times": 10 } }, "hooks": [], "sla": { "failure_rate": { "max": 0 } } } ] }
2019-12-16 04:03:28.296 20411 RALLYDEBUG rally_openstack.contexts.keystone.users [-] Creating 3 tenants using 20 threads
2019-12-16 04:03:29.268 20411 RALLYDEBUG rally_openstack.contexts.keystone.users [-] Creating 6 users using 20 threads
2019-12-16 04:03:30.721 20411 INFO rally.task.context [-] Task 5c4ae9b0-0d7d-428b-8cce-b39aab5a9323 | Context users@openstack setup() finished in 2.42 sec
2019-12-16 04:03:31.122 20411 INFO rally.task.context [-] Task 5c4ae9b0-0d7d-428b-8cce-b39aab5a9323 | Context api_versions@openstack setup() finished in 0.40 sec
2019-12-16 04:03:31.122 20411 INFO rally.task.context [-] Task 5c4ae9b0-0d7d-428b-8cce-b39aab5a9323 | Context cleanup@openstack setup() finished in 0.01 msec
2019-12-16 04:03:32.150 20411 RALLYDEBUG rally.task.runner [-] Starting the constant runner (task UUID: 5c4ae9b0-0d7d-428b-8cce-b39aab5a9323). times: 10 concurrency: 4 timeout: 0 max_cpu_used: 16 processes_to_start: 4 concurrency_per_worker: 1 concurrency_overhead: 0
2019-12-16 04:03:32.161 22807 RALLYDEBUG rally.task.runner [-] Starting a worker. times: 10 duration: None concurrency: 1 timeout: 0 cls: method_name: run args: {"flavor": "c1b316bb-9aea-40b2-9eed-8480abe7834e", "image": "02e2d7fc-4c21-4af2-9b3a-22bc0af0001a", "block_migration": false, "volume_size": 1, "force_delete": false, "nics": [{"net-id": "c51c8544-d62f-4817-b7df-cb0981aba4ec"}]}
2019-12-16 04:03:32.165 22808 RALLYDEBUG rally.task.runner [-] Starting a worker. times: 10 duration: None concurrency: 1 timeout: 0 cls: method_name: run args: {"flavor": "c1b316bb-9aea-40b2-9eed-8480abe7834e", "image": "02e2d7fc-4c21-4af2-9b3a-22bc0af0001a", "block_migration": false, "volume_size": 1, "force_delete": false, "nics": [{"net-id": "c51c8544-d62f-4817-b7df-cb0981aba4ec"}]}
2019-12-16 04:03:32.169 22807 INFO rally.task.runner [-] Task 5c4ae9b0-0d7d-428b-8cce-b39aab5a9323 | ITER: 1 START
2019-12-16 04:03:32.168 22809 RALLYDEBUG rally.task.runner [-] Starting a worker. times: 10 duration: None concurrency: 1 timeout: 0 cls: method_name: run args: {"flavor": "c1b316bb-9aea-40b2-9eed-8480abe7834e", "image": "02e2d7fc-4c21-4af2-9b3a-22bc0af0001a", "block_migration": false, "volume_size": 1, "force_delete": false, "nics": [{"net-id": "c51c8544-d62f-4817-b7df-cb0981aba4ec"}]}
2019-12-16 04:03:32.171 22808 INFO rally.task.runner [-] Task 5c4ae9b0-0d7d-428b-8cce-b39aab5a9323 | ITER: 2 START
2019-12-16 04:03:32.172 22810 RALLYDEBUG rally.task.runner [-] Starting a worker. times: 10 duration: None concurrency: 1 timeout: 0 cls: method_name: run args: {"flavor": "c1b316bb-9aea-40b2-9eed-8480abe7834e", "image": "02e2d7fc-4c21-4af2-9b3a-22bc0af0001a", "block_migration": false, "volume_size": 1, "force_delete": false, "nics": [{"net-id": "c51c8544-d62f-4817-b7df-cb0981aba4ec"}]}
2019-12-16 04:03:32.175 22809 INFO rally.task.runner [-] Task 5c4ae9b0-0d7d-428b-8cce-b39aab5a9323 | ITER: 3 START
2019-12-16 04:03:32.179 22810 INFO rally.task.runner [-] Task 5c4ae9b0-0d7d-428b-8cce-b39aab5a9323 | ITER: 4 START
2019-12-16 04:03:49.659 22808 RALLYDEBUG rally.task.utils [-] Waiting for resource s_rally_4250370b_hO5klgtG. Status changed: DOWNLOADING => AVAILABLE in 14.590745687484741
2019-12-16 04:03:54.501 22809 RALLYDEBUG rally.task.utils [-] Waiting for resource s_rally_4250370b_nfr9FTyW. Status changed: DOWNLOADING => AVAILABLE in 18.89649987220764
2019-12-16 04:04:00.925 22808 RALLYDEBUG rally.task.utils [-] Waiting for resource s_rally_4250370b_aEQyGhxX. Status changed: BUILD => ACTIVE in 9.063087463378906
2019-12-16 04:04:03.849 22808 RALLYDEBUG rally.task.utils [-] Waiting for resource s_rally_4250370b_aEQyGhxX. Status changed: ACTIVE => MIGRATING in 0.1890420913696289
2019-12-16 04:04:03.926 22809 RALLYDEBUG rally.task.utils [-] Waiting for resource s_rally_4250370b_BfGzC1GG. Status changed: BUILD => ACTIVE in 6.831876277923584
2019-12-16 04:04:06.162 22809 RALLYDEBUG rally.task.utils [-] Waiting for resource s_rally_4250370b_BfGzC1GG. Status changed: ACTIVE => MIGRATING in 0.23044514656066895
2019-12-16 04:04:10.225 22810 RALLYDEBUG rally.task.utils [-] Waiting for resource s_rally_4250370b_ddJtuqr3. Status changed: DOWNLOADING => AVAILABLE in 35.21878981590271
2019-12-16 04:04:12.606 22808 RALLYDEBUG rally.task.utils [-] Waiting for resource s_rally_4250370b_aEQyGhxX. Status changed: MIGRATING => ACTIVE in 8.757742881774902
2019-12-16 04:04:12.634 22807 RALLYDEBUG rally.task.utils [-] Waiting for resource s_rally_4250370b_2u3sgdQ0. Status changed: DOWNLOADING => AVAILABLE in 37.32469916343689
2019-12-16 04:04:15.148 22808 INFO rally.task.runner [-] Task 5c4ae9b0-0d7d-428b-8cce-b39aab5a9323 | ITER: 2 END: OK
2019-12-16 04:04:15.154 22808 INFO rally.task.runner [-] Task 5c4ae9b0-0d7d-428b-8cce-b39aab5a9323 | ITER: 5 START
2019-12-16 04:04:17.090 22810 RALLYDEBUG rally.task.utils [-] Waiting for resource s_rally_4250370b_krYNX4Qp. Status changed: BUILD => ACTIVE in 4.537529945373535
2019-12-16 04:04:19.232 22810 RALLYDEBUG rally.task.utils [-] Waiting for resource s_rally_4250370b_krYNX4Qp. Status changed: ACTIVE => MIGRATING in 0.1890566349029541
2019-12-16 04:04:21.603 22809 RALLYDEBUG rally.task.utils [-] Waiting for resource s_rally_4250370b_BfGzC1GG. Status changed: MIGRATING => ACTIVE in 15.44171929359436
2019-12-16 04:04:21.727 22807 RALLYDEBUG rally.task.utils [-] Waiting for resource s_rally_4250370b_vPEsskOp. Status changed: BUILD => ACTIVE in 6.820275545120239
2019-12-16 04:04:24.220 22809 INFO rally.task.runner [-] Task 5c4ae9b0-0d7d-428b-8cce-b39aab5a9323 | ITER: 3 END: OK
2019-12-16 04:04:24.226 22809 INFO rally.task.runner [-] Task 5c4ae9b0-0d7d-428b-8cce-b39aab5a9323 | ITER: 6 START
2019-12-16 04:04:24.531 22807 RALLYDEBUG rally.task.utils [-] Waiting for resource s_rally_4250370b_vPEsskOp. Status changed: ACTIVE => MIGRATING in 0.22239923477172852
2019-12-16 04:04:25.933 22810 RALLYDEBUG rally.task.utils [-] Waiting for resource s_rally_4250370b_krYNX4Qp. Status changed: MIGRATING => ACTIVE in 6.701398849487305
2019-12-16 04:04:28.557 22810 INFO rally.task.runner [-] Task 5c4ae9b0-0d7d-428b-8cce-b39aab5a9323 | ITER: 4 END: OK
2019-12-16 04:04:28.564 22810 INFO rally.task.runner [-] Task 5c4ae9b0-0d7d-428b-8cce-b39aab5a9323 | ITER: 7 START
2019-12-16 04:04:31.312 22807 RALLYDEBUG rally.task.utils [-] Waiting for resource s_rally_4250370b_vPEsskOp. Status changed: MIGRATING => ACTIVE in 6.781086206436157
2019-12-16 04:04:34.003 22807 INFO rally.task.runner [-] Task 5c4ae9b0-0d7d-428b-8cce-b39aab5a9323 | ITER: 1 END: OK
2019-12-16 04:04:34.010 22807 INFO rally.task.runner [-] Task 5c4ae9b0-0d7d-428b-8cce-b39aab5a9323 | ITER: 8 START
2019-12-16 04:04:37.649 22810 RALLYDEBUG rally.task.utils [-] Waiting for resource s_rally_4250370b_l6p0wAEM. Status changed: CREATING => DOWNLOADING in 6.3278648853302
2019-12-16 04:04:38.917 22807 RALLYDEBUG rally.task.utils [-] Waiting for resource s_rally_4250370b_OgEjFcQg. Status changed: CREATING => DOWNLOADING in 2.2071080207824707
2019-12-16 04:04:39.151 22808 RALLYDEBUG rally.task.utils [-] Waiting for resource s_rally_4250370b_ncVzDhAo. Status changed: DOWNLOADING => AVAILABLE in 20.735551834106445
2019-12-16 04:04:48.007 22808 RALLYDEBUG rally.task.utils [-] Waiting for resource s_rally_4250370b_CrjMJHDI. Status changed: BUILD => ACTIVE in 6.7437543869018555
2019-12-16 04:04:50.956 22808 RALLYDEBUG rally.task.utils [-] Waiting for resource s_rally_4250370b_CrjMJHDI. Status changed: ACTIVE => MIGRATING in 0.19539761543273926
2019-12-16 04:04:58.441 22809 RALLYDEBUG rally.task.utils [-] Waiting for resource s_rally_4250370b_mmjqj4XV. Status changed: DOWNLOADING => AVAILABLE in 31.08568024635315
2019-12-16 04:04:59.813 22808 RALLYDEBUG rally.task.utils [-] Waiting for resource s_rally_4250370b_CrjMJHDI. Status changed: MIGRATING => ACTIVE in 8.857009887695312
2019-12-16 04:05:02.331 22808 INFO rally.task.runner [-] Task 5c4ae9b0-0d7d-428b-8cce-b39aab5a9323 | ITER: 5 END: OK
2019-12-16 04:05:02.336 22808 INFO rally.task.runner [-] Task 5c4ae9b0-0d7d-428b-8cce-b39aab5a9323 | ITER: 9 START
2019-12-16 04:05:07.311 22809 RALLYDEBUG rally.task.utils [-] Waiting for resource s_rally_4250370b_tPGD1LmP. Status changed: BUILD => ACTIVE in 6.847275733947754
2019-12-16 04:05:09.860 22809 RALLYDEBUG rally.task.utils [-] Waiting for resource s_rally_4250370b_tPGD1LmP. Status changed: ACTIVE => MIGRATING in 0.22922873497009277
2019-12-16 04:05:16.506 22809 RALLYDEBUG rally.task.utils [-] Waiting for resource s_rally_4250370b_tPGD1LmP. Status changed: MIGRATING => ACTIVE in 6.646257638931274
2019-12-16 04:05:17.482 22808 RALLYDEBUG rally.task.utils [-] Waiting for resource s_rally_4250370b_PENggL4b. Status changed: DOWNLOADING => AVAILABLE in 12.49721360206604
2019-12-16 04:05:19.130 22809 INFO rally.task.runner [-] Task 5c4ae9b0-0d7d-428b-8cce-b39aab5a9323 | ITER: 6 END: OK
2019-12-16 04:05:19.135 22809 INFO rally.task.runner [-] Task 5c4ae9b0-0d7d-428b-8cce-b39aab5a9323 | ITER: 10 START
2019-12-16 04:05:24.539 22808 RALLYDEBUG rally.task.utils [-] Waiting for resource s_rally_4250370b_TdinBeSd. Status changed: BUILD => ACTIVE in 5.012463092803955
2019-12-16 04:05:26.805 22808 RALLYDEBUG rally.task.utils [-] Waiting for resource s_rally_4250370b_TdinBeSd. Status changed: ACTIVE => MIGRATING in 0.160752534866333
2019-12-16 04:05:32.744 22807 RALLYDEBUG rally.task.utils [-] Waiting for resource s_rally_4250370b_OgEjFcQg. Status changed: DOWNLOADING => AVAILABLE in 53.82692623138428
2019-12-16 04:05:33.509 22810 RALLYDEBUG rally.task.utils [-] Waiting for resource s_rally_4250370b_l6p0wAEM. Status changed: DOWNLOADING => AVAILABLE in 55.8605260848999
2019-12-16 04:05:35.714 22808 RALLYDEBUG rally.task.utils [-] Waiting for resource s_rally_4250370b_TdinBeSd. Status changed: MIGRATING => ACTIVE in 8.907995700836182
2019-12-16 04:05:36.415 22809 RALLYDEBUG rally.task.utils [-] Waiting for resource s_rally_4250370b_Y2kfLhjJ. Status changed: DOWNLOADING => AVAILABLE in 14.571295499801636
2019-12-16 04:05:38.314 22808 INFO rally.task.runner [-] Task 5c4ae9b0-0d7d-428b-8cce-b39aab5a9323 | ITER: 9 END: OK
2019-12-16 04:05:40.228 22810 RALLYDEBUG rally.task.utils [-] Waiting for resource s_rally_4250370b_NuIMFDBs. Status changed: BUILD => ACTIVE in 4.669993162155151
2019-12-16 04:05:41.528 22807 RALLYDEBUG rally.task.utils [-] Waiting for resource s_rally_4250370b_O0HAmaqy. Status changed: BUILD => ACTIVE in 6.7289252281188965
2019-12-16 04:05:42.397 22810 RALLYDEBUG rally.task.utils [-] Waiting for resource s_rally_4250370b_NuIMFDBs. Status changed: ACTIVE => MIGRATING in 0.298412561416626
2019-12-16 04:05:43.848 22807 RALLYDEBUG rally.task.utils [-] Waiting for resource s_rally_4250370b_O0HAmaqy. Status changed: ACTIVE => MIGRATING in 0.21136975288391113
2019-12-16 04:05:45.540 22809 RALLYDEBUG rally.task.utils [-] Waiting for resource s_rally_4250370b_k4EuClg0. Status changed: BUILD => ACTIVE in 6.950103044509888
2019-12-16 04:05:48.279 22809 RALLYDEBUG rally.task.utils [-] Waiting for resource s_rally_4250370b_k4EuClg0. Status changed: ACTIVE => MIGRATING in 0.2331562042236328
2019-12-16 04:05:50.519 22807 RALLYDEBUG rally.task.utils [-] Waiting for resource s_rally_4250370b_O0HAmaqy. Status changed: MIGRATING => ACTIVE in 6.671222448348999
2019-12-16 04:05:51.132 22810 RALLYDEBUG rally.task.utils [-] Waiting for resource s_rally_4250370b_NuIMFDBs. Status changed: MIGRATING => ACTIVE in 8.73457670211792
2019-12-16 04:05:53.093 22807 INFO rally.task.runner [-] Task 5c4ae9b0-0d7d-428b-8cce-b39aab5a9323 | ITER: 8 END: OK
2019-12-16 04:05:53.571 22810 INFO rally.task.runner [-] Task 5c4ae9b0-0d7d-428b-8cce-b39aab5a9323 | ITER: 7 END: OK
2019-12-16 04:05:57.014 22809 RALLYDEBUG rally.task.utils [-] Waiting for resource s_rally_4250370b_k4EuClg0. Status changed: MIGRATING => ACTIVE in 8.735320091247559
2019-12-16 04:05:59.721 22809 INFO rally.task.runner [-] Task 5c4ae9b0-0d7d-428b-8cce-b39aab5a9323 | ITER: 10 END: OK
2019-12-16 04:05:59.748 20411 INFO rally.task.context [-] Task 5c4ae9b0-0d7d-428b-8cce-b39aab5a9323 | Context cleanup@openstack cleanup() started
2019-12-16 04:05:59.752 20411 RALLYDEBUG rally_openstack.cleanup.manager [-] Cleaning up nova servers objects
2019-12-16 04:06:01.044 20411 RALLYDEBUG rally_openstack.cleanup.manager [-] Cleaning up nova server_groups objects
2019-12-16 04:06:02.184 20411 RALLYDEBUG rally_openstack.cleanup.manager [-] Cleaning up nova keypairs objects
2019-12-16 04:06:04.520 20411 RALLYDEBUG rally_openstack.cleanup.manager [-] Cleaning up cinder backups objects
2019-12-16 04:06:05.644 20411 RALLYDEBUG rally_openstack.cleanup.manager [-] Cleaning up cinder volume_snapshots objects
2019-12-16 04:06:06.761 20411 RALLYDEBUG rally_openstack.cleanup.manager [-] Cleaning up cinder transfers objects
2019-12-16 04:06:07.862 20411 RALLYDEBUG rally_openstack.cleanup.manager [-] Cleaning up cinder volumes objects
2019-12-16 04:06:09.064 20411 RALLYDEBUG rally_openstack.cleanup.manager [-] Deleting cinder.volumes object s_rally_4250370b_Y2kfLhjJ (88c02c00-e18d-4f81-9bac-9d188a6a28be)
2019-12-16 04:06:09.074 20411 RALLYDEBUG rally_openstack.cleanup.manager [-] Deleting cinder.volumes object s_rally_4250370b_OgEjFcQg (c3ce7e19-9df0-46d1-8865-de0b3e937021)
2019-12-16 04:06:09.082 20411 RALLYDEBUG rally_openstack.cleanup.manager [-] Deleting cinder.volumes object s_rally_4250370b_mmjqj4XV (94399eb2-1af9-4724-9541-9ed9f164d43a)
2019-12-16 04:06:09.086 20411 RALLYDEBUG rally_openstack.cleanup.manager [-] Deleting cinder.volumes object s_rally_4250370b_PENggL4b (1e9d01c9-63f9-49b5-b3eb-bc029f59838d)
2019-12-16 04:06:09.100 20411 RALLYDEBUG rally_openstack.cleanup.manager [-] Deleting cinder.volumes object s_rally_4250370b_l6p0wAEM (9bb92e91-e861-4803-b894-2796a0a39c96)
2019-12-16 04:06:09.111 20411 RALLYDEBUG rally_openstack.cleanup.manager [-] Deleting cinder.volumes object s_rally_4250370b_nfr9FTyW (c2798e06-1225-4c18-b3ae-ef959a3f6617)
2019-12-16 04:06:09.124 20411 RALLYDEBUG rally_openstack.cleanup.manager [-] Deleting cinder.volumes object s_rally_4250370b_2u3sgdQ0 (b6fb41b2-f5a4-47ba-9115-d0832596a977)
2019-12-16 04:06:09.131 20411 RALLYDEBUG rally_openstack.cleanup.manager [-] Deleting cinder.volumes object s_rally_4250370b_hO5klgtG (14304951-d114-41ff-9384-78fcf5dd954b)
2019-12-16 04:06:09.148 20411 RALLYDEBUG rally_openstack.cleanup.manager [-] Deleting cinder.volumes object s_rally_4250370b_ncVzDhAo (05bcc908-ed7d-4a4c-877a-6d808ee30ef3)
2019-12-16 04:06:09.155 20411 RALLYDEBUG rally_openstack.cleanup.manager [-] Deleting cinder.volumes object s_rally_4250370b_ddJtuqr3 (d5244f14-2c65-4deb-96a1-205708dbf69e)
2019-12-16 04:06:12.840 20411 INFO rally.task.context [-] Task 5c4ae9b0-0d7d-428b-8cce-b39aab5a9323 | Context cleanup@openstack cleanup() finished in 13.09 sec
2019-12-16 04:06:12.841 20411 INFO rally.task.context [-] Task 5c4ae9b0-0d7d-428b-8cce-b39aab5a9323 | Context api_versions@openstack cleanup() started
2019-12-16 04:06:12.841 20411 INFO rally.task.context [-] Task 5c4ae9b0-0d7d-428b-8cce-b39aab5a9323 | Context api_versions@openstack cleanup() finished in 0.39 msec
2019-12-16 04:06:12.841 20411 INFO rally.task.context [-] Task 5c4ae9b0-0d7d-428b-8cce-b39aab5a9323 | Context users@openstack cleanup() started
2019-12-16 04:06:16.843 20411 INFO rally.task.context [-] Task 5c4ae9b0-0d7d-428b-8cce-b39aab5a9323 | Context users@openstack cleanup() finished in 4.00 sec
2019-12-16 04:06:17.026 20411 INFO rally.task.engine [-] Load duration is: 146.548452
2019-12-16 04:06:17.026 20411 INFO rally.task.engine [-] Full runner duration is: 147.599473
2019-12-16 04:06:17.027 20411 INFO rally.task.engine [-] Full duration is: 168.549522
2019-12-16 04:06:17.309 20411 INFO rally.task.engine [-] Running workload: position = 0 config = { "version": 2, "title": "A cropped version of a bigger task.", "description": "Auto-generated task from a single workload (uuid=2f1f01a0-3d2d-430e-8ff5-564d6ed0856e)", "subtasks": [ { "title": "NovaKeypair.boot_and_delete_server_with_keypair", "description": "Boot and delete server with keypair.", "scenario": { "NovaKeypair.boot_and_delete_server_with_keypair": { "flavor": { "name": "rally_full-flavor_102dc671-f436-4d4d-b368-5b0ed177eae0" }, "image": { "name": "rally_full-img_102dc671-f436-4d4d-b368-5b0ed177eae0" }, "server_kwargs": { "nics": [ { "net-id": "c51c8544-d62f-4817-b7df-cb0981aba4ec" } ] } } }, "contexts": { "users": { "tenants": 3, "users_per_tenant": 2 }, "network": { "networks_per_tenant": 1, "start_cidr": "100.1.0.0/25" }, "quotas": { "neutron": { "network": -1, "port": -1, "subnet": -1 }, "nova": { "cores": -1, "floating_ips": -1, "instances": -1, "key_pairs": -1, "ram": -1, "security_group_rules": -1, "security_groups": -1 } } }, "runner": { "constant": { "concurrency": 4, "times": 10 } }, "hooks": [], "sla": { "failure_rate": { "max": 0 } } } ] }
2019-12-16 04:06:17.335 20411 RALLYDEBUG rally_openstack.contexts.keystone.users [-] Creating 3 tenants using 20 threads
2019-12-16 04:06:18.268 20411 RALLYDEBUG rally_openstack.contexts.keystone.users [-] Creating 6 users using 20 threads
2019-12-16 04:06:19.807 20411 INFO rally.task.context [-] Task 5c4ae9b0-0d7d-428b-8cce-b39aab5a9323 | Context users@openstack setup() finished in 2.47 sec
2019-12-16 04:06:21.430 20411 INFO rally.task.context [-] Task 5c4ae9b0-0d7d-428b-8cce-b39aab5a9323 | Context quotas@openstack setup() finished in 1.62 sec
2019-12-16 04:06:23.728 20411 RALLYDEBUG rally_openstack.wrappers.network [-] CIDR generated: 100.1.9.0/25
2019-12-16 04:06:27.992 20411 RALLYDEBUG rally_openstack.wrappers.network [-] CIDR generated: 100.1.9.128/25
2019-12-16 04:06:31.738 20411 RALLYDEBUG rally_openstack.wrappers.network [-] CIDR generated: 100.1.10.0/25
2019-12-16 04:06:33.912 20411 INFO rally.task.context [-] Task 5c4ae9b0-0d7d-428b-8cce-b39aab5a9323 | Context network@openstack setup() finished in 12.48 sec
2019-12-16 04:06:33.912 20411 INFO rally.task.context [-] Task 5c4ae9b0-0d7d-428b-8cce-b39aab5a9323 | Context cleanup@openstack setup() finished in 0.02 msec
2019-12-16 04:06:34.737 20411 RALLYDEBUG rally.task.runner [-] Starting the constant runner (task UUID: 5c4ae9b0-0d7d-428b-8cce-b39aab5a9323). times: 10 concurrency: 4 timeout: 0 max_cpu_used: 16 processes_to_start: 4 concurrency_per_worker: 1 concurrency_overhead: 0
2019-12-16 04:06:34.749 23051 RALLYDEBUG rally.task.runner [-] Starting a worker. times: 10 duration: None concurrency: 1 timeout: 0 cls: method_name: run args: {"flavor": "c1b316bb-9aea-40b2-9eed-8480abe7834e", "image": "02e2d7fc-4c21-4af2-9b3a-22bc0af0001a", "server_kwargs": {"nics": [{"net-id": "c51c8544-d62f-4817-b7df-cb0981aba4ec"}]}}
2019-12-16 04:06:34.752 23052 RALLYDEBUG rally.task.runner [-] Starting a worker. times: 10 duration: None concurrency: 1 timeout: 0 cls: method_name: run args: {"flavor": "c1b316bb-9aea-40b2-9eed-8480abe7834e", "image": "02e2d7fc-4c21-4af2-9b3a-22bc0af0001a", "server_kwargs": {"nics": [{"net-id": "c51c8544-d62f-4817-b7df-cb0981aba4ec"}]}}
2019-12-16 04:06:34.756 23051 INFO rally.task.runner [-] Task 5c4ae9b0-0d7d-428b-8cce-b39aab5a9323 | ITER: 1 START
