2019-12-16 03:27:39.830 13785 RALLYDEBUG rally_openstack.cleanup.manager [-] Deleting neutron.network object s_rally_91021966_ZTcQm0kz (78a8cd35-a843-495b-b638-60e5e699c052)
2019-12-16 03:27:39.846 13785 RALLYDEBUG rally_openstack.cleanup.manager [-] Deleting neutron.network object s_rally_91021966_Vz21oMfx (ad548f54-1776-4c80-b71e-b808d2db3032)
2019-12-16 03:27:39.859 13785 RALLYDEBUG rally_openstack.cleanup.manager [-] Deleting neutron.network object s_rally_91021966_Lh27OgvH (9283763d-4f23-4ebf-9ae4-d8027e9093b9)
2019-12-16 03:27:39.866 13785 RALLYDEBUG rally_openstack.cleanup.manager [-] Deleting neutron.network object s_rally_91021966_k1kJ92LJ (a6ca2d4f-9e8d-4a8e-bf7a-38e396933893)
2019-12-16 03:27:42.902 13785 RALLYDEBUG rally_openstack.cleanup.manager [-] Cleaning up neutron router objects
2019-12-16 03:27:44.480 13785 RALLYDEBUG rally_openstack.cleanup.manager [-] Deleting neutron.router object s_rally_91021966_TbNV0YnF (7c4e2778-c4e8-4644-840e-18946193c15c)
2019-12-16 03:27:44.489 13785 RALLYDEBUG rally_openstack.cleanup.manager [-] Deleting neutron.router object s_rally_91021966_3SJaPiRM (7f110b10-9ef5-41c6-8bdd-350a0e6384ed)
2019-12-16 03:27:44.498 13785 RALLYDEBUG rally_openstack.cleanup.manager [-] Deleting neutron.router object s_rally_91021966_k1MrsJbs (9c292097-d2ee-4650-adda-a74690f7196b)
2019-12-16 03:27:44.502 13785 RALLYDEBUG rally_openstack.cleanup.manager [-] Deleting neutron.router object s_rally_91021966_NcGXHrCu (e24eea88-081f-4865-9d4f-405d10222bd0)
2019-12-16 03:27:44.517 13785 RALLYDEBUG rally_openstack.cleanup.manager [-] Deleting neutron.router object s_rally_91021966_sqQZw0MP (455b9e7c-f9cd-4bc2-a14a-cc7de429cb80)
2019-12-16 03:27:44.524 13785 RALLYDEBUG rally_openstack.cleanup.manager [-] Deleting neutron.router object s_rally_91021966_bOiCzazq (5d9e9bea-e800-4686-8f81-8a3962ff3548)
2019-12-16 03:27:44.536 13785 RALLYDEBUG rally_openstack.cleanup.manager [-] Deleting neutron.router object s_rally_91021966_PKbIVxD7 (6d1ebbf5-9c44-4982-95d0-4d5223fe48ec)
2019-12-16 03:27:44.558 13785 RALLYDEBUG rally_openstack.cleanup.manager [-] Deleting neutron.router object s_rally_91021966_Vg5eNhi3 (ae0effd7-ce24-4458-81c5-1b53c4bc4f78)
2019-12-16 03:27:44.563 13785 RALLYDEBUG rally_openstack.cleanup.manager [-] Deleting neutron.router object s_rally_91021966_tEDyMnAE (a6dd2f7d-659c-4d58-84cd-039ba21a7feb)
2019-12-16 03:27:44.590 13785 RALLYDEBUG rally_openstack.cleanup.manager [-] Deleting neutron.router object s_rally_91021966_JaOz6jU5 (ed092bfd-f63b-4742-9884-008c32e0e3c8)
2019-12-16 03:27:46.766 13785 RALLYDEBUG rally_openstack.cleanup.manager [-] Cleaning up neutron security_group objects
2019-12-16 03:27:47.975 13785 INFO rally.task.context [-] Task a17d2ce6-4f4c-438d-bb8b-c9a3a19701c8 | Context cleanup@openstack cleanup() finished in 27.06 sec
2019-12-16 03:27:47.975 13785 INFO rally.task.context [-] Task a17d2ce6-4f4c-438d-bb8b-c9a3a19701c8 | Context quotas@openstack cleanup() started
2019-12-16 03:27:48.090 13785 INFO rally.task.context [-] Task a17d2ce6-4f4c-438d-bb8b-c9a3a19701c8 | Context quotas@openstack cleanup() finished in 0.11 sec
2019-12-16 03:27:48.090 13785 INFO rally.task.context [-] Task a17d2ce6-4f4c-438d-bb8b-c9a3a19701c8 | Context users@openstack cleanup() started
2019-12-16 03:27:52.067 13785 INFO rally.task.context [-] Task a17d2ce6-4f4c-438d-bb8b-c9a3a19701c8 | Context users@openstack cleanup() finished in 3.98 sec
2019-12-16 03:27:53.396 13785 INFO rally.task.engine [-] Load duration is: 10.293969
2019-12-16 03:27:53.397 13785 INFO rally.task.engine [-] Full runner duration is: 10.342111
2019-12-16 03:27:53.397 13785 INFO rally.task.engine [-] Full duration is: 44.906479
2019-12-16 03:27:53.713 13785 INFO rally.task.engine [-] Running workload: position = 0 config = { "version": 2, "title": "A cropped version of a bigger task.", "description": "Auto-generated task from a single workload (uuid=06b90495-497d-4f91-94c5-d736d101e915)", "subtasks": [ { "title": "NeutronNetworks.create_and_list_subnets", "description": "Create and a given number of subnets and list all subnets.", "scenario": { "NeutronNetworks.create_and_list_subnets": { "network_create_args": {}, "subnet_cidr_start": "1.1.0.0/30", "subnet_create_args": {}, "subnets_per_network": 1 } }, "contexts": { "users": { "tenants": 3, "users_per_tenant": 2 }, "quotas": { "neutron": { "network": -1, "subnet": -1 } } }, "runner": { "constant": { "concurrency": 4, "times": 10 } }, "hooks": [], "sla": { "failure_rate": { "max": 0 } } } ] }
2019-12-16 03:27:53.739 13785 RALLYDEBUG rally_openstack.contexts.keystone.users [-] Creating 3 tenants using 20 threads
2019-12-16 03:27:54.818 13785 RALLYDEBUG rally_openstack.contexts.keystone.users [-] Creating 6 users using 20 threads
2019-12-16 03:27:56.381 13785 INFO rally.task.context [-] Task a17d2ce6-4f4c-438d-bb8b-c9a3a19701c8 | Context users@openstack setup() finished in 2.64 sec
2019-12-16 03:27:57.202 13785 INFO rally.task.context [-] Task a17d2ce6-4f4c-438d-bb8b-c9a3a19701c8 | Context quotas@openstack setup() finished in 0.82 sec
2019-12-16 03:27:57.203 13785 INFO rally.task.context [-] Task a17d2ce6-4f4c-438d-bb8b-c9a3a19701c8 | Context cleanup@openstack setup() finished in 0.02 msec
2019-12-16 03:27:57.212 13785 RALLYDEBUG rally.task.runner [-] Starting the constant runner (task UUID: a17d2ce6-4f4c-438d-bb8b-c9a3a19701c8). times: 10 concurrency: 4 timeout: 0 max_cpu_used: 16 processes_to_start: 4 concurrency_per_worker: 1 concurrency_overhead: 0
2019-12-16 03:27:57.224 17473 RALLYDEBUG rally.task.runner [-] Starting a worker. times: 10 duration: None concurrency: 1 timeout: 0 cls: method_name: run args: {"network_create_args": {}, "subnet_cidr_start": "1.1.0.0/30", "subnet_create_args": {}, "subnets_per_network": 1}
2019-12-16 03:27:57.227 17474 RALLYDEBUG rally.task.runner [-] Starting a worker. times: 10 duration: None concurrency: 1 timeout: 0 cls: method_name: run args: {"network_create_args": {}, "subnet_cidr_start": "1.1.0.0/30", "subnet_create_args": {}, "subnets_per_network": 1}
2019-12-16 03:27:57.231 17473 INFO rally.task.runner [-] Task a17d2ce6-4f4c-438d-bb8b-c9a3a19701c8 | ITER: 1 START
2019-12-16 03:27:57.231 17475 RALLYDEBUG rally.task.runner [-] Starting a worker. times: 10 duration: None concurrency: 1 timeout: 0 cls: method_name: run args: {"network_create_args": {}, "subnet_cidr_start": "1.1.0.0/30", "subnet_create_args": {}, "subnets_per_network": 1}
2019-12-16 03:27:57.233 17474 INFO rally.task.runner [-] Task a17d2ce6-4f4c-438d-bb8b-c9a3a19701c8 | ITER: 2 START
2019-12-16 03:27:57.234 17477 RALLYDEBUG rally.task.runner [-] Starting a worker. times: 10 duration: None concurrency: 1 timeout: 0 cls: method_name: run args: {"network_create_args": {}, "subnet_cidr_start": "1.1.0.0/30", "subnet_create_args": {}, "subnets_per_network": 1}
2019-12-16 03:27:57.237 17475 INFO rally.task.runner [-] Task a17d2ce6-4f4c-438d-bb8b-c9a3a19701c8 | ITER: 3 START
2019-12-16 03:27:57.240 17477 INFO rally.task.runner [-] Task a17d2ce6-4f4c-438d-bb8b-c9a3a19701c8 | ITER: 4 START
2019-12-16 03:27:57.889 17477 RALLYDEBUG rally_openstack.wrappers.network [-] CIDR generated: 1.1.0.248/30
2019-12-16 03:27:57.935 17473 RALLYDEBUG rally_openstack.wrappers.network [-] CIDR generated: 1.1.0.252/30
2019-12-16 03:27:58.127 17474 RALLYDEBUG rally_openstack.wrappers.network [-] CIDR generated: 1.1.1.0/30
2019-12-16 03:27:58.477 17475 RALLYDEBUG rally_openstack.wrappers.network [-] CIDR generated: 1.1.1.4/30
2019-12-16 03:27:58.857 17474 INFO rally.task.runner [-] Task a17d2ce6-4f4c-438d-bb8b-c9a3a19701c8 | ITER: 2 END: OK
2019-12-16 03:27:58.862 17474 INFO rally.task.runner [-] Task a17d2ce6-4f4c-438d-bb8b-c9a3a19701c8 | ITER: 5 START
2019-12-16 03:27:58.878 17473 INFO rally.task.runner [-] Task a17d2ce6-4f4c-438d-bb8b-c9a3a19701c8 | ITER: 1 END: OK
2019-12-16 03:27:58.883 17473 INFO rally.task.runner [-] Task a17d2ce6-4f4c-438d-bb8b-c9a3a19701c8 | ITER: 6 START
2019-12-16 03:27:58.967 17477 INFO rally.task.runner [-] Task a17d2ce6-4f4c-438d-bb8b-c9a3a19701c8 | ITER: 4 END: OK
2019-12-16 03:27:58.971 17477 INFO rally.task.runner [-] Task a17d2ce6-4f4c-438d-bb8b-c9a3a19701c8 | ITER: 7 START
2019-12-16 03:27:59.253 17475 INFO rally.task.runner [-] Task a17d2ce6-4f4c-438d-bb8b-c9a3a19701c8 | ITER: 3 END: OK
2019-12-16 03:27:59.258 17475 INFO rally.task.runner [-] Task a17d2ce6-4f4c-438d-bb8b-c9a3a19701c8 | ITER: 8 START
2019-12-16 03:27:59.445 17473 RALLYDEBUG rally_openstack.wrappers.network [-] CIDR generated: 1.1.1.8/30
2019-12-16 03:27:59.488 17477 RALLYDEBUG rally_openstack.wrappers.network [-] CIDR generated: 1.1.1.12/30
2019-12-16 03:27:59.518 17474 RALLYDEBUG rally_openstack.wrappers.network [-] CIDR generated: 1.1.1.16/30
2019-12-16 03:27:59.784 17475 RALLYDEBUG rally_openstack.wrappers.network [-] CIDR generated: 1.1.1.20/30
2019-12-16 03:28:00.098 17473 INFO rally.task.runner [-] Task a17d2ce6-4f4c-438d-bb8b-c9a3a19701c8 | ITER: 6 END: OK
2019-12-16 03:28:00.102 17473 INFO rally.task.runner [-] Task a17d2ce6-4f4c-438d-bb8b-c9a3a19701c8 | ITER: 9 START
2019-12-16 03:28:00.240 17477 INFO rally.task.runner [-] Task a17d2ce6-4f4c-438d-bb8b-c9a3a19701c8 | ITER: 7 END: OK
2019-12-16 03:28:00.244 17477 INFO rally.task.runner [-] Task a17d2ce6-4f4c-438d-bb8b-c9a3a19701c8 | ITER: 10 START
2019-12-16 03:28:00.374 17474 INFO rally.task.runner [-] Task a17d2ce6-4f4c-438d-bb8b-c9a3a19701c8 | ITER: 5 END: OK
2019-12-16 03:28:00.576 17473 RALLYDEBUG rally_openstack.wrappers.network [-] CIDR generated: 1.1.1.24/30
2019-12-16 03:28:00.771 17477 RALLYDEBUG rally_openstack.wrappers.network [-] CIDR generated: 1.1.1.28/30
2019-12-16 03:28:00.855 17475 INFO rally.task.runner [-] Task a17d2ce6-4f4c-438d-bb8b-c9a3a19701c8 | ITER: 8 END: OK
2019-12-16 03:28:01.248 17473 INFO rally.task.runner [-] Task a17d2ce6-4f4c-438d-bb8b-c9a3a19701c8 | ITER: 9 END: OK
2019-12-16 03:28:01.414 17477 INFO rally.task.runner [-] Task a17d2ce6-4f4c-438d-bb8b-c9a3a19701c8 | ITER: 10 END: OK
2019-12-16 03:28:01.440 13785 INFO rally.task.context [-] Task a17d2ce6-4f4c-438d-bb8b-c9a3a19701c8 | Context cleanup@openstack cleanup() started
2019-12-16 03:28:01.443 13785 RALLYDEBUG rally_openstack.cleanup.manager [-] Cleaning up neutron vip objects
2019-12-16 03:28:02.491 13785 RALLYDEBUG rally_openstack.cleanup.manager [-] Cleaning up neutron health_monitor objects
2019-12-16 03:28:03.561 13785 RALLYDEBUG rally_openstack.cleanup.manager [-] Cleaning up neutron pool objects
2019-12-16 03:28:04.611 13785 RALLYDEBUG rally_openstack.cleanup.manager [-] Cleaning up neutron loadbalancer objects
2019-12-16 03:28:05.678 13785 RALLYDEBUG rally_openstack.cleanup.manager [-] Cleaning up neutron floatingip objects
2019-12-16 03:28:06.841 13785 RALLYDEBUG rally_openstack.cleanup.manager [-] Cleaning up neutron trunk objects
2019-12-16 03:28:07.955 13785 RALLYDEBUG rally_openstack.cleanup.manager [-] Cleaning up neutron port objects
2019-12-16 03:28:09.224 13785 RALLYDEBUG rally_openstack.cleanup.manager [-] Cleaning up neutron subnet objects
2019-12-16 03:28:10.446 13785 RALLYDEBUG rally_openstack.cleanup.manager [-] Deleting neutron.subnet object s_rally_06b90495_UaFB6J8S (59661f51-b3c8-479d-bad7-c30fb4427967)
2019-12-16 03:28:10.455 13785 RALLYDEBUG rally_openstack.cleanup.manager [-] Deleting neutron.subnet object s_rally_06b90495_iOkMfKkz (6fe931b4-8567-4c6b-9632-f511b14208c0)
2019-12-16 03:28:10.464 13785 RALLYDEBUG rally_openstack.cleanup.manager [-] Deleting neutron.subnet object s_rally_06b90495_zhoLPA7K (9b163573-5c5f-4456-bbf8-56dd5eec6ae0)
2019-12-16 03:28:10.472 13785 RALLYDEBUG rally_openstack.cleanup.manager [-] Deleting neutron.subnet object s_rally_06b90495_hwJrIYNC (b73b1622-db06-46ba-9320-c2e7ab127cf1)
2019-12-16 03:28:10.480 13785 RALLYDEBUG rally_openstack.cleanup.manager [-] Deleting neutron.subnet object s_rally_06b90495_TFkxaaYu (f0533829-1d35-4494-a624-7b18f528eb14)
2019-12-16 03:28:10.489 13785 RALLYDEBUG rally_openstack.cleanup.manager [-] Deleting neutron.subnet object s_rally_06b90495_ahFXvScg (08b4152b-65c3-4474-878c-e8b2f3ecd250)
2019-12-16 03:28:10.518 13785 RALLYDEBUG rally_openstack.cleanup.manager [-] Deleting neutron.subnet object s_rally_06b90495_3oFzGilc (2739af0a-c04b-4295-85eb-eed19d954249)
2019-12-16 03:28:10.532 13785 RALLYDEBUG rally_openstack.cleanup.manager [-] Deleting neutron.subnet object s_rally_06b90495_xJ3PlrTe (4b338b41-3301-422f-ba08-085a87f0fac4)
2019-12-16 03:28:10.537 13785 RALLYDEBUG rally_openstack.cleanup.manager [-] Deleting neutron.subnet object s_rally_06b90495_I7G4Wa0S (0d89625d-5492-4424-aefd-9b45dee290d4)
2019-12-16 03:28:10.543 13785 RALLYDEBUG rally_openstack.cleanup.manager [-] Deleting neutron.subnet object s_rally_06b90495_jXSn1sBz (af66117f-3e76-4a65-b403-c575cfb7b4d3)
2019-12-16 03:28:14.490 13785 RALLYDEBUG rally_openstack.cleanup.manager [-] Cleaning up neutron network objects
2019-12-16 03:28:15.769 13785 RALLYDEBUG rally_openstack.cleanup.manager [-] Deleting neutron.network object s_rally_06b90495_mqUfewwQ (1487acd6-36b0-4a99-a658-ffff755226a9)
2019-12-16 03:28:15.778 13785 RALLYDEBUG rally_openstack.cleanup.manager [-] Deleting neutron.network object s_rally_06b90495_TOKZU9Fm (1d048442-edca-47f3-8a59-68515922dc53)
2019-12-16 03:28:15.786 13785 RALLYDEBUG rally_openstack.cleanup.manager [-] Deleting neutron.network object s_rally_06b90495_INzBb6lE (4ffc7dc1-52f5-44c8-a8f4-1829179c0d99)
2019-12-16 03:28:15.790 13785 RALLYDEBUG rally_openstack.cleanup.manager [-] Deleting neutron.network object s_rally_06b90495_6aMcaVSj (8f50144b-3725-4f03-86ba-2e8041f7ca4a)
2019-12-16 03:28:15.796 13785 RALLYDEBUG rally_openstack.cleanup.manager [-] Deleting neutron.network object s_rally_06b90495_ofNFzsWT (a749cf1a-0ad7-4f0e-87b2-0870a0bf4c1a)
2019-12-16 03:28:15.820 13785 RALLYDEBUG rally_openstack.cleanup.manager [-] Deleting neutron.network object s_rally_06b90495_VmYh5rDh (7cfb136f-8023-484b-9201-e3093cd6af9f)
2019-12-16 03:28:15.824 13785 RALLYDEBUG rally_openstack.cleanup.manager [-] Deleting neutron.network object s_rally_06b90495_k6A3ciN0 (bde51fed-2a50-47f4-8d2b-9986bc35efb7)
2019-12-16 03:28:15.839 13785 RALLYDEBUG rally_openstack.cleanup.manager [-] Deleting neutron.network object s_rally_06b90495_rzm4U8mq (cbbd3364-ef36-498e-b8f7-af5765137af7)
2019-12-16 03:28:15.844 13785 RALLYDEBUG rally_openstack.cleanup.manager [-] Deleting neutron.network object s_rally_06b90495_tedJ8K7C (bfa71b7a-0b2b-4afa-a0f9-8673d089707d)
2019-12-16 03:28:15.848 13785 RALLYDEBUG rally_openstack.cleanup.manager [-] Deleting neutron.network object s_rally_06b90495_MaCkzy4Z (fd23837a-c388-49a5-9058-559fe96ae273)
2019-12-16 03:28:19.603 13785 RALLYDEBUG rally_openstack.cleanup.manager [-] Cleaning up neutron router objects
2019-12-16 03:28:20.796 13785 RALLYDEBUG rally_openstack.cleanup.manager [-] Cleaning up neutron security_group objects
2019-12-16 03:28:21.981 13785 INFO rally.task.context [-] Task a17d2ce6-4f4c-438d-bb8b-c9a3a19701c8 | Context cleanup@openstack cleanup() finished in 20.54 sec
2019-12-16 03:28:21.981 13785 INFO rally.task.context [-] Task a17d2ce6-4f4c-438d-bb8b-c9a3a19701c8 | Context quotas@openstack cleanup() started
2019-12-16 03:28:22.170 13785 INFO rally.task.context [-] Task a17d2ce6-4f4c-438d-bb8b-c9a3a19701c8 | Context quotas@openstack cleanup() finished in 0.19 sec
2019-12-16 03:28:22.170 13785 INFO rally.task.context [-] Task a17d2ce6-4f4c-438d-bb8b-c9a3a19701c8 | Context users@openstack cleanup() started
2019-12-16 03:28:26.122 13785 INFO rally.task.context [-] Task a17d2ce6-4f4c-438d-bb8b-c9a3a19701c8 | Context users@openstack cleanup() finished in 3.95 sec
2019-12-16 03:28:27.963 13785 INFO rally.task.engine [-] Load duration is: 4.181947
2019-12-16 03:28:27.964 13785 INFO rally.task.engine [-] Full runner duration is: 4.228333
2019-12-16 03:28:27.964 13785 INFO rally.task.engine [-] Full duration is: 32.385026
2019-12-16 03:28:28.285 13785 INFO rally.task.engine [-] Running workload: position = 0 config = { "version": 2, "title": "A cropped version of a bigger task.", "description": "Auto-generated task from a single workload (uuid=879f0def-7cc0-4bbd-a8b7-d259c9381d85)", "subtasks": [ { "title": "NeutronSecurityGroup.create_and_delete_security_groups", "description": "Create and delete Neutron security-groups.", "scenario": { "NeutronSecurityGroup.create_and_delete_security_groups": {} }, "contexts": { "users": { "tenants": 3, "users_per_tenant": 2 }, "quotas": { "neutron": { "security_group": -1 } } }, "runner": { "constant": { "concurrency": 4, "times": 10 } }, "hooks": [], "sla": { "failure_rate": { "max": 0 } } } ] }
2019-12-16 03:28:28.309 13785 RALLYDEBUG rally_openstack.contexts.keystone.users [-] Creating 3 tenants using 20 threads
2019-12-16 03:28:29.316 13785 RALLYDEBUG rally_openstack.contexts.keystone.users [-] Creating 6 users using 20 threads
2019-12-16 03:28:30.802 13785 INFO rally.task.context [-] Task a17d2ce6-4f4c-438d-bb8b-c9a3a19701c8 | Context users@openstack setup() finished in 2.49 sec
2019-12-16 03:28:31.553 13785 INFO rally.task.context [-] Task a17d2ce6-4f4c-438d-bb8b-c9a3a19701c8 | Context quotas@openstack setup() finished in 0.75 sec
2019-12-16 03:28:31.554 13785 INFO rally.task.context [-] Task a17d2ce6-4f4c-438d-bb8b-c9a3a19701c8 | Context cleanup@openstack setup() finished in 0.01 msec
2019-12-16 03:28:31.564 13785 RALLYDEBUG rally.task.runner [-] Starting the constant runner (task UUID: a17d2ce6-4f4c-438d-bb8b-c9a3a19701c8). times: 10 concurrency: 4 timeout: 0 max_cpu_used: 16 processes_to_start: 4 concurrency_per_worker: 1 concurrency_overhead: 0
2019-12-16 03:28:31.574 17797 RALLYDEBUG rally.task.runner [-] Starting a worker. times: 10 duration: None concurrency: 1 timeout: 0 cls: method_name: run args: {}
2019-12-16 03:28:31.578 17798 RALLYDEBUG rally.task.runner [-] Starting a worker. times: 10 duration: None concurrency: 1 timeout: 0 cls: method_name: run args: {}
2019-12-16 03:28:31.581 17797 INFO rally.task.runner [-] Task a17d2ce6-4f4c-438d-bb8b-c9a3a19701c8 | ITER: 1 START
2019-12-16 03:28:31.585 17798 INFO rally.task.runner [-] Task a17d2ce6-4f4c-438d-bb8b-c9a3a19701c8 | ITER: 2 START
2019-12-16 03:28:31.587 17802 RALLYDEBUG rally.task.runner [-] Starting a worker. times: 10 duration: None concurrency: 1 timeout: 0 cls: method_name: run args: {}
2019-12-16 03:28:31.587 17799 RALLYDEBUG rally.task.runner [-] Starting a worker. times: 10 duration: None concurrency: 1 timeout: 0 cls: method_name: run args: {}
2019-12-16 03:28:31.598 17799 INFO rally.task.runner [-] Task a17d2ce6-4f4c-438d-bb8b-c9a3a19701c8 | ITER: 3 START
2019-12-16 03:28:31.598 17802 INFO rally.task.runner [-] Task a17d2ce6-4f4c-438d-bb8b-c9a3a19701c8 | ITER: 4 START
2019-12-16 03:28:32.373 17797 INFO rally.task.runner [-] Task a17d2ce6-4f4c-438d-bb8b-c9a3a19701c8 | ITER: 1 END: OK
2019-12-16 03:28:32.378 17797 INFO rally.task.runner [-] Task a17d2ce6-4f4c-438d-bb8b-c9a3a19701c8 | ITER: 5 START
2019-12-16 03:28:32.381 17798 INFO rally.task.runner [-] Task a17d2ce6-4f4c-438d-bb8b-c9a3a19701c8 | ITER: 2 END: OK
2019-12-16 03:28:32.385 17798 INFO rally.task.runner [-] Task a17d2ce6-4f4c-438d-bb8b-c9a3a19701c8 | ITER: 6 START
2019-12-16 03:28:32.398 17799 INFO rally.task.runner [-] Task a17d2ce6-4f4c-438d-bb8b-c9a3a19701c8 | ITER: 3 END: OK
2019-12-16 03:28:32.403 17799 INFO rally.task.runner [-] Task a17d2ce6-4f4c-438d-bb8b-c9a3a19701c8 | ITER: 7 START
2019-12-16 03:28:32.907 17802 INFO rally.task.runner [-] Task a17d2ce6-4f4c-438d-bb8b-c9a3a19701c8 | ITER: 4 END: OK
2019-12-16 03:28:32.912 17802 INFO rally.task.runner [-] Task a17d2ce6-4f4c-438d-bb8b-c9a3a19701c8 | ITER: 8 START
2019-12-16 03:28:32.966 17797 INFO rally.task.runner [-] Task a17d2ce6-4f4c-438d-bb8b-c9a3a19701c8 | ITER: 5 END: OK
2019-12-16 03:28:32.970 17797 INFO rally.task.runner [-] Task a17d2ce6-4f4c-438d-bb8b-c9a3a19701c8 | ITER: 9 START
2019-12-16 03:28:32.973 17798 INFO rally.task.runner [-] Task a17d2ce6-4f4c-438d-bb8b-c9a3a19701c8 | ITER: 6 END: OK
2019-12-16 03:28:32.977 17798 INFO rally.task.runner [-] Task a17d2ce6-4f4c-438d-bb8b-c9a3a19701c8 | ITER: 10 START
2019-12-16 03:28:33.006 17799 INFO rally.task.runner [-] Task a17d2ce6-4f4c-438d-bb8b-c9a3a19701c8 | ITER: 7 END: OK
2019-12-16 03:28:33.528 17802 INFO rally.task.runner [-] Task a17d2ce6-4f4c-438d-bb8b-c9a3a19701c8 | ITER: 8 END: OK
2019-12-16 03:28:33.678 17798 INFO rally.task.runner [-] Task a17d2ce6-4f4c-438d-bb8b-c9a3a19701c8 | ITER: 10 END: OK
2019-12-16 03:28:33.685 17797 INFO rally.task.runner [-] Task a17d2ce6-4f4c-438d-bb8b-c9a3a19701c8 | ITER: 9 END: OK
2019-12-16 03:28:33.714 13785 INFO rally.task.context [-] Task a17d2ce6-4f4c-438d-bb8b-c9a3a19701c8 | Context cleanup@openstack cleanup() started
2019-12-16 03:28:33.722 13785 RALLYDEBUG rally_openstack.cleanup.manager [-] Cleaning up neutron vip objects
2019-12-16 03:28:34.813 13785 RALLYDEBUG rally_openstack.cleanup.manager [-] Cleaning up neutron health_monitor objects
2019-12-16 03:28:35.896 13785 RALLYDEBUG rally_openstack.cleanup.manager [-] Cleaning up neutron pool objects
2019-12-16 03:28:36.979 13785 RALLYDEBUG rally_openstack.cleanup.manager [-] Cleaning up neutron loadbalancer objects
2019-12-16 03:28:38.071 13785 RALLYDEBUG rally_openstack.cleanup.manager [-] Cleaning up neutron floatingip objects
2019-12-16 03:28:39.271 13785 RALLYDEBUG rally_openstack.cleanup.manager [-] Cleaning up neutron trunk objects
2019-12-16 03:28:40.402 13785 RALLYDEBUG rally_openstack.cleanup.manager [-] Cleaning up neutron port objects
2019-12-16 03:28:41.584 13785 RALLYDEBUG rally_openstack.cleanup.manager [-] Cleaning up neutron subnet objects
2019-12-16 03:28:42.750 13785 RALLYDEBUG rally_openstack.cleanup.manager [-] Cleaning up neutron network objects
2019-12-16 03:28:43.881 13785 RALLYDEBUG rally_openstack.cleanup.manager [-] Cleaning up neutron router objects
2019-12-16 03:28:45.084 13785 RALLYDEBUG rally_openstack.cleanup.manager [-] Cleaning up neutron security_group objects
2019-12-16 03:28:46.303 13785 INFO rally.task.context [-] Task a17d2ce6-4f4c-438d-bb8b-c9a3a19701c8 | Context cleanup@openstack cleanup() finished in 12.59 sec
2019-12-16 03:28:46.303 13785 INFO rally.task.context [-] Task a17d2ce6-4f4c-438d-bb8b-c9a3a19701c8 | Context quotas@openstack cleanup() started
2019-12-16 03:28:46.462 13785 INFO rally.task.context [-] Task a17d2ce6-4f4c-438d-bb8b-c9a3a19701c8 | Context quotas@openstack cleanup() finished in 0.16 sec
2019-12-16 03:28:46.463 13785 INFO rally.task.context [-] Task a17d2ce6-4f4c-438d-bb8b-c9a3a19701c8 | Context users@openstack cleanup() started
2019-12-16 03:28:50.621 13785 INFO rally.task.context [-] Task a17d2ce6-4f4c-438d-bb8b-c9a3a19701c8 | Context users@openstack cleanup() finished in 4.16 sec
2019-12-16 03:28:52.469 13785 INFO rally.task.engine [-] Load duration is: 2.10156
2019-12-16 03:28:52.470 13785 INFO rally.task.engine [-] Full runner duration is: 2.151082
2019-12-16 03:28:52.470 13785 INFO rally.task.engine [-] Full duration is: 22.313957
2019-12-16 03:28:52.806 13785 INFO rally.task.engine [-] Running workload: position = 0 config = { "version": 2, "title": "A cropped version of a bigger task.", "description": "Auto-generated task from a single workload (uuid=824c05e2-ef26-463a-9285-1b542979064e)", "subtasks": [ { "title": "NeutronSecurityGroup.create_and_delete_security_group_rule", "description": "Create and delete Neutron security-group-rule.", "scenario": { "NeutronSecurityGroup.create_and_delete_security_group_rule": {} }, "contexts": { "users": { "tenants": 3, "users_per_tenant": 2 }, "quotas": { "neutron": { "security_group": -1 } } }, "runner": { "constant": { "concurrency": 4, "times": 10 } }, "hooks": [], "sla": { "failure_rate": { "max": 0 } } } ] }
2019-12-16 03:28:52.832 13785 RALLYDEBUG rally_openstack.contexts.keystone.users [-] Creating 3 tenants using 20 threads
2019-12-16 03:28:53.941 13785 RALLYDEBUG rally_openstack.contexts.keystone.users [-] Creating 6 users using 20 threads
2019-12-16 03:28:55.401 13785 INFO rally.task.context [-] Task a17d2ce6-4f4c-438d-bb8b-c9a3a19701c8 | Context users@openstack setup() finished in 2.57 sec
2019-12-16 03:28:56.118 13785 INFO rally.task.context [-] Task a17d2ce6-4f4c-438d-bb8b-c9a3a19701c8 | Context quotas@openstack setup() finished in 0.72 sec
2019-12-16 03:28:56.118 13785 INFO rally.task.context [-] Task a17d2ce6-4f4c-438d-bb8b-c9a3a19701c8 | Context cleanup@openstack setup() finished in 0.02 msec
2019-12-16 03:28:56.128 13785 RALLYDEBUG rally.task.runner [-] Starting the constant runner (task UUID: a17d2ce6-4f4c-438d-bb8b-c9a3a19701c8). times: 10 concurrency: 4 timeout: 0 max_cpu_used: 16 processes_to_start: 4 concurrency_per_worker: 1 concurrency_overhead: 0
2019-12-16 03:28:56.139 18121 RALLYDEBUG rally.task.runner [-] Starting a worker. times: 10 duration: None concurrency: 1 timeout: 0 cls: method_name: run args: {}
2019-12-16 03:28:56.143 18122 RALLYDEBUG rally.task.runner [-] Starting a worker. times: 10 duration: None concurrency: 1 timeout: 0 cls: method_name: run args: {}
2019-12-16 03:28:56.146 18121 INFO rally.task.runner [-] Task a17d2ce6-4f4c-438d-bb8b-c9a3a19701c8 | ITER: 1 START
2019-12-16 03:28:56.147 18123 RALLYDEBUG rally.task.runner [-] Starting a worker. times: 10 duration: None concurrency: 1 timeout: 0 cls: method_name: run args: {}
2019-12-16 03:28:56.150 18122 INFO rally.task.runner [-] Task a17d2ce6-4f4c-438d-bb8b-c9a3a19701c8 | ITER: 2 START
2019-12-16 03:28:56.150 18126 RALLYDEBUG rally.task.runner [-] Starting a worker. times: 10 duration: None concurrency: 1 timeout: 0 cls: method_name: run args: {}
2019-12-16 03:28:56.153 18123 INFO rally.task.runner [-] Task a17d2ce6-4f4c-438d-bb8b-c9a3a19701c8 | ITER: 3 START
2019-12-16 03:28:56.157 18126 INFO rally.task.runner [-] Task a17d2ce6-4f4c-438d-bb8b-c9a3a19701c8 | ITER: 4 START
2019-12-16 03:28:57.188 18123 INFO rally.task.runner [-] Task a17d2ce6-4f4c-438d-bb8b-c9a3a19701c8 | ITER: 3 END: OK
2019-12-16 03:28:57.193 18123 INFO rally.task.runner [-] Task a17d2ce6-4f4c-438d-bb8b-c9a3a19701c8 | ITER: 5 START
2019-12-16 03:28:57.198 18126 INFO rally.task.runner [-] Task a17d2ce6-4f4c-438d-bb8b-c9a3a19701c8 | ITER: 4 END: OK
2019-12-16 03:28:57.204 18126 INFO rally.task.runner [-] Task a17d2ce6-4f4c-438d-bb8b-c9a3a19701c8 | ITER: 6 START
2019-12-16 03:28:57.666 18122 INFO rally.task.runner [-] Task a17d2ce6-4f4c-438d-bb8b-c9a3a19701c8 | ITER: 2 END: OK
2019-12-16 03:28:57.671 18122 INFO rally.task.runner [-] Task a17d2ce6-4f4c-438d-bb8b-c9a3a19701c8 | ITER: 7 START
2019-12-16 03:28:57.677 18121 INFO rally.task.runner [-] Task a17d2ce6-4f4c-438d-bb8b-c9a3a19701c8 | ITER: 1 END: OK
2019-12-16 03:28:57.681 18121 INFO rally.task.runner [-] Task a17d2ce6-4f4c-438d-bb8b-c9a3a19701c8 | ITER: 8 START
2019-12-16 03:28:58.055 18126 INFO rally.task.runner [-] Task a17d2ce6-4f4c-438d-bb8b-c9a3a19701c8 | ITER: 6 END: OK
2019-12-16 03:28:58.060 18126 INFO rally.task.runner [-] Task a17d2ce6-4f4c-438d-bb8b-c9a3a19701c8 | ITER: 9 START
2019-12-16 03:28:58.396 18123 INFO rally.task.runner [-] Task a17d2ce6-4f4c-438d-bb8b-c9a3a19701c8 | ITER: 5 END: OK
2019-12-16 03:28:58.399 18123 INFO rally.task.runner [-] Task a17d2ce6-4f4c-438d-bb8b-c9a3a19701c8 | ITER: 10 START
2019-12-16 03:28:58.454 18121 INFO rally.task.runner [-] Task a17d2ce6-4f4c-438d-bb8b-c9a3a19701c8 | ITER: 8 END: OK
2019-12-16 03:28:58.599 18122 INFO rally.task.runner [-] Task a17d2ce6-4f4c-438d-bb8b-c9a3a19701c8 | ITER: 7 END: OK
2019-12-16 03:28:58.820 18126 INFO rally.task.runner [-] Task a17d2ce6-4f4c-438d-bb8b-c9a3a19701c8 | ITER: 9 END: OK
2019-12-16 03:28:59.200 18123 INFO rally.task.runner [-] Task a17d2ce6-4f4c-438d-bb8b-c9a3a19701c8 | ITER: 10 END: OK
2019-12-16 03:28:59.225 13785 INFO rally.task.context [-] Task a17d2ce6-4f4c-438d-bb8b-c9a3a19701c8 | Context cleanup@openstack cleanup() started
2019-12-16 03:28:59.228 13785 RALLYDEBUG rally_openstack.cleanup.manager [-] Cleaning up neutron vip objects
2019-12-16 03:29:00.474 13785 RALLYDEBUG rally_openstack.cleanup.manager [-] Cleaning up neutron health_monitor objects
2019-12-16 03:29:01.565 13785 RALLYDEBUG rally_openstack.cleanup.manager [-] Cleaning up neutron pool objects
2019-12-16 03:29:02.638 13785 RALLYDEBUG rally_openstack.cleanup.manager [-] Cleaning up neutron loadbalancer objects
2019-12-16 03:29:03.713 13785 RALLYDEBUG rally_openstack.cleanup.manager [-] Cleaning up neutron floatingip objects
2019-12-16 03:29:04.890 13785 RALLYDEBUG rally_openstack.cleanup.manager [-] Cleaning up neutron trunk objects
2019-12-16 03:29:06.011 13785 RALLYDEBUG rally_openstack.cleanup.manager [-] Cleaning up neutron port objects
2019-12-16 03:29:07.165 13785 RALLYDEBUG rally_openstack.cleanup.manager [-] Cleaning up neutron subnet objects
2019-12-16 03:29:08.301 13785 RALLYDEBUG rally_openstack.cleanup.manager [-] Cleaning up neutron network objects
2019-12-16 03:29:09.423 13785 RALLYDEBUG rally_openstack.cleanup.manager [-] Cleaning up neutron router objects
2019-12-16 03:29:10.601 13785 RALLYDEBUG rally_openstack.cleanup.manager [-] Cleaning up neutron security_group objects
2019-12-16 03:29:11.763 13785 INFO rally.task.context [-] Task a17d2ce6-4f4c-438d-bb8b-c9a3a19701c8 | Context cleanup@openstack cleanup() finished in 12.54 sec
2019-12-16 03:29:11.764 13785 INFO rally.task.context [-] Task a17d2ce6-4f4c-438d-bb8b-c9a3a19701c8 | Context quotas@openstack cleanup() started
2019-12-16 03:29:11.932 13785 INFO rally.task.context [-] Task a17d2ce6-4f4c-438d-bb8b-c9a3a19701c8 | Context quotas@openstack cleanup() finished in 0.17 sec
2019-12-16 03:29:11.933 13785 INFO rally.task.context [-] Task a17d2ce6-4f4c-438d-bb8b-c9a3a19701c8 | Context users@openstack cleanup() started
2019-12-16 03:29:15.897 13785 INFO rally.task.context [-] Task a17d2ce6-4f4c-438d-bb8b-c9a3a19701c8 | Context users@openstack cleanup() finished in 3.96 sec
2019-12-16 03:29:16.982 13785 INFO rally.task.engine [-] Load duration is: 3.053117
2019-12-16 03:29:16.983 13785 INFO rally.task.engine [-] Full runner duration is: 3.097642
2019-12-16 03:29:16.983 13785 INFO rally.task.engine [-] Full duration is: 23.067622
2019-12-16 03:29:17.301 13785 INFO rally.task.engine [-] Running workload: position = 0 config = { "version": 2, "title": "A cropped version of a bigger task.", "description": "Auto-generated task from a single workload (uuid=59fc855d-b7d8-4689-a6d9-01ce4b0c96cc)", "subtasks": [ { "title": "NeutronSecurityGroup.create_and_list_security_group_rules", "description": "Create and list Neutron security-group-rules.", "scenario": { "NeutronSecurityGroup.create_and_list_security_group_rules": {} }, "contexts": { "users": { "tenants": 3, "users_per_tenant": 2 }, "quotas": { "neutron": { "security_group": -1 } } }, "runner": { "constant": { "concurrency": 4, "times": 10 } }, "hooks": [], "sla": { "failure_rate": { "max": 0 } } } ] }
2019-12-16 03:29:17.326 13785 RALLYDEBUG rally_openstack.contexts.keystone.users [-] Creating 3 tenants using 20 threads
2019-12-16 03:29:18.317 13785 RALLYDEBUG rally_openstack.contexts.keystone.users [-] Creating 6 users using 20 threads
2019-12-16 03:29:19.887 13785 INFO rally.task.context [-] Task a17d2ce6-4f4c-438d-bb8b-c9a3a19701c8 | Context users@openstack setup() finished in 2.56 sec
2019-12-16 03:29:20.578 13785 INFO rally.task.context [-] Task a17d2ce6-4f4c-438d-bb8b-c9a3a19701c8 | Context quotas@openstack setup() finished in 0.69 sec
2019-12-16 03:29:20.578 13785 INFO rally.task.context [-] Task a17d2ce6-4f4c-438d-bb8b-c9a3a19701c8 | Context cleanup@openstack setup() finished in 0.01 msec
2019-12-16 03:29:20.587 13785 RALLYDEBUG rally.task.runner [-] Starting the constant runner (task UUID: a17d2ce6-4f4c-438d-bb8b-c9a3a19701c8). times: 10 concurrency: 4 timeout: 0 max_cpu_used: 16 processes_to_start: 4 concurrency_per_worker: 1 concurrency_overhead: 0
2019-12-16 03:29:20.599 18445 RALLYDEBUG rally.task.runner [-] Starting a worker. times: 10 duration: None concurrency: 1 timeout: 0 cls: method_name: run args: {}
2019-12-16 03:29:20.603 18446 RALLYDEBUG rally.task.runner [-] Starting a worker. times: 10 duration: None concurrency: 1 timeout: 0 cls: method_name: run args: {}
2019-12-16 03:29:20.606 18445 INFO rally.task.runner [-] Task a17d2ce6-4f4c-438d-bb8b-c9a3a19701c8 | ITER: 1 START
2019-12-16 03:29:20.606 18447 RALLYDEBUG rally.task.runner [-] Starting a worker. times: 10 duration: None concurrency: 1 timeout: 0 cls: method_name: run args: {}
2019-12-16 03:29:20.609 18446 INFO rally.task.runner [-] Task a17d2ce6-4f4c-438d-bb8b-c9a3a19701c8 | ITER: 2 START
2019-12-16 03:29:20.609 18449 RALLYDEBUG rally.task.runner [-] Starting a worker. times: 10 duration: None concurrency: 1 timeout: 0 cls: method_name: run args: {}
2019-12-16 03:29:20.613 18447 INFO rally.task.runner [-] Task a17d2ce6-4f4c-438d-bb8b-c9a3a19701c8 | ITER: 3 START
2019-12-16 03:29:20.615 18449 INFO rally.task.runner [-] Task a17d2ce6-4f4c-438d-bb8b-c9a3a19701c8 | ITER: 4 START
2019-12-16 03:29:21.418 18447 INFO rally.task.runner [-] Task a17d2ce6-4f4c-438d-bb8b-c9a3a19701c8 | ITER: 3 END: OK
2019-12-16 03:29:21.422 18446 INFO rally.task.runner [-] Task a17d2ce6-4f4c-438d-bb8b-c9a3a19701c8 | ITER: 2 END: OK
2019-12-16 03:29:21.423 18447 INFO rally.task.runner [-] Task a17d2ce6-4f4c-438d-bb8b-c9a3a19701c8 | ITER: 5 START
2019-12-16 03:29:21.426 18446 INFO rally.task.runner [-] Task a17d2ce6-4f4c-438d-bb8b-c9a3a19701c8 | ITER: 6 START
2019-12-16 03:29:21.996 18445 INFO rally.task.runner [-] Task a17d2ce6-4f4c-438d-bb8b-c9a3a19701c8 | ITER: 1 END: OK
2019-12-16 03:29:22.001 18445 INFO rally.task.runner [-] Task a17d2ce6-4f4c-438d-bb8b-c9a3a19701c8 | ITER: 7 START
2019-12-16 03:29:22.003 18449 INFO rally.task.runner [-] Task a17d2ce6-4f4c-438d-bb8b-c9a3a19701c8 | ITER: 4 END: OK
2019-12-16 03:29:22.007 18449 INFO rally.task.runner [-] Task a17d2ce6-4f4c-438d-bb8b-c9a3a19701c8 | ITER: 8 START
2019-12-16 03:29:22.084 18446 INFO rally.task.runner [-] Task a17d2ce6-4f4c-438d-bb8b-c9a3a19701c8 | ITER: 6 END: OK
2019-12-16 03:29:22.087 18446 INFO rally.task.runner [-] Task a17d2ce6-4f4c-438d-bb8b-c9a3a19701c8 | ITER: 9 START
2019-12-16 03:29:22.236 18447 INFO rally.task.runner [-] Task a17d2ce6-4f4c-438d-bb8b-c9a3a19701c8 | ITER: 5 END: OK
2019-12-16 03:29:22.239 18447 INFO rally.task.runner [-] Task a17d2ce6-4f4c-438d-bb8b-c9a3a19701c8 | ITER: 10 START
2019-12-16 03:29:22.601 18445 INFO rally.task.runner [-] Task a17d2ce6-4f4c-438d-bb8b-c9a3a19701c8 | ITER: 7 END: OK
2019-12-16 03:29:22.695 18446 INFO rally.task.runner [-] Task a17d2ce6-4f4c-438d-bb8b-c9a3a19701c8 | ITER: 9 END: OK
2019-12-16 03:29:22.775 18449 INFO rally.task.runner [-] Task a17d2ce6-4f4c-438d-bb8b-c9a3a19701c8 | ITER: 8 END: OK
2019-12-16 03:29:22.892 18447 INFO rally.task.runner [-] Task a17d2ce6-4f4c-438d-bb8b-c9a3a19701c8 | ITER: 10 END: OK
2019-12-16 03:29:22.916 13785 INFO rally.task.context [-] Task a17d2ce6-4f4c-438d-bb8b-c9a3a19701c8 | Context cleanup@openstack cleanup() started
2019-12-16 03:29:22.919 13785 RALLYDEBUG rally_openstack.cleanup.manager [-] Cleaning up neutron vip objects
2019-12-16 03:29:23.986 13785 RALLYDEBUG rally_openstack.cleanup.manager [-] Cleaning up neutron health_monitor objects
2019-12-16 03:29:25.059 13785 RALLYDEBUG rally_openstack.cleanup.manager [-] Cleaning up neutron pool objects
2019-12-16 03:29:26.145 13785 RALLYDEBUG rally_openstack.cleanup.manager [-] Cleaning up neutron loadbalancer objects
2019-12-16 03:29:27.226 13785 RALLYDEBUG rally_openstack.cleanup.manager [-] Cleaning up neutron floatingip objects
2019-12-16 03:29:28.409 13785 RALLYDEBUG rally_openstack.cleanup.manager [-] Cleaning up neutron trunk objects
2019-12-16 03:29:29.528 13785 RALLYDEBUG rally_openstack.cleanup.manager [-] Cleaning up neutron port objects
2019-12-16 03:29:30.681 13785 RALLYDEBUG rally_openstack.cleanup.manager [-] Cleaning up neutron subnet objects
2019-12-16 03:29:32.071 13785 RALLYDEBUG rally_openstack.cleanup.manager [-] Cleaning up neutron network objects
2019-12-16 03:29:33.198 13785 RALLYDEBUG rally_openstack.cleanup.manager [-] Cleaning up neutron router objects
2019-12-16 03:29:34.574 13785 RALLYDEBUG rally_openstack.cleanup.manager [-] Cleaning up neutron security_group objects
2019-12-16 03:29:35.873 13785 RALLYDEBUG rally_openstack.cleanup.manager [-] Deleting neutron.security_group object s_rally_59fc855d_dMtdxlOZ (27bda82b-538c-482a-bbf9-660a1a358eb6)
2019-12-16 03:29:35.877 13785 RALLYDEBUG rally_openstack.cleanup.manager [-] Deleting neutron.security_group object s_rally_59fc855d_qrc7bJJZ (90d6b710-7836-4033-930d-986175dfcf14)
2019-12-16 03:29:35.885 13785 RALLYDEBUG rally_openstack.cleanup.manager [-] Deleting neutron.security_group object s_rally_59fc855d_3VKQ9wML (9df7332c-a3a1-4eb6-a464-aeb7210583b3)
2019-12-16 03:29:35.900 13785 RALLYDEBUG rally_openstack.cleanup.manager [-] Deleting neutron.security_group object s_rally_59fc855d_mlIGfu0x (ba913c5f-39a3-4965-8509-beed9cddd887)
2019-12-16 03:29:35.914 13785 RALLYDEBUG rally_openstack.cleanup.manager [-] Deleting neutron.security_group object s_rally_59fc855d_UTSxroL7 (445c013c-fe88-42e3-9513-7636786669e0)
2019-12-16 03:29:35.924 13785 RALLYDEBUG rally_openstack.cleanup.manager [-] Deleting neutron.security_group object s_rally_59fc855d_we2edF7K (594da74c-362a-487a-9cce-89c0cf5a8422)
2019-12-16 03:29:35.931 13785 RALLYDEBUG rally_openstack.cleanup.manager [-] Deleting neutron.security_group object s_rally_59fc855d_324hDAOo (418e2fef-fce5-46d0-8a9f-0f344492a3d3)
2019-12-16 03:29:35.941 13785 RALLYDEBUG rally_openstack.cleanup.manager [-] Deleting neutron.security_group object s_rally_59fc855d_uY6BOIcv (51016f15-557d-4613-8863-18ad2cf05267)
2019-12-16 03:29:35.946 13785 RALLYDEBUG rally_openstack.cleanup.manager [-] Deleting neutron.security_group object s_rally_59fc855d_2gPUiiek (9d2858f4-f46d-41c7-8030-77beb4e7caec)
2019-12-16 03:29:35.961 13785 RALLYDEBUG rally_openstack.cleanup.manager [-] Deleting neutron.security_group object s_rally_59fc855d_0aMrLEa0 (d622b1cc-92bd-460d-bf5b-a7149b985065)
2019-12-16 03:29:37.570 13785 INFO rally.task.context [-] Task a17d2ce6-4f4c-438d-bb8b-c9a3a19701c8 | Context cleanup@openstack cleanup() finished in 14.65 sec
2019-12-16 03:29:37.570 13785 INFO rally.task.context [-] Task a17d2ce6-4f4c-438d-bb8b-c9a3a19701c8 | Context quotas@openstack cleanup() started
2019-12-16 03:29:37.791 13785 INFO rally.task.context [-] Task a17d2ce6-4f4c-438d-bb8b-c9a3a19701c8 | Context quotas@openstack cleanup() finished in 0.22 sec
2019-12-16 03:29:37.791 13785 INFO rally.task.context [-] Task a17d2ce6-4f4c-438d-bb8b-c9a3a19701c8 | Context users@openstack cleanup() started
2019-12-16 03:29:41.788 13785 INFO rally.task.context [-] Task a17d2ce6-4f4c-438d-bb8b-c9a3a19701c8 | Context users@openstack cleanup() finished in 4.00 sec
2019-12-16 03:29:43.478 13785 INFO rally.task.engine [-] Load duration is: 2.284342
2019-12-16 03:29:43.479 13785 INFO rally.task.engine [-] Full runner duration is: 2.328665
2019-12-16 03:29:43.479 13785 INFO rally.task.engine [-] Full duration is: 24.464811
2019-12-16 03:29:43.834 13785 INFO rally.task.engine [-] Running workload: position = 0 config = { "version": 2, "title": "A cropped version of a bigger task.", "description": "Auto-generated task from a single workload (uuid=9f9b0e8e-bc89-4eec-bbc1-098fac36cb2f)", "subtasks": [ { "title": "NeutronSecurityGroup.create_and_show_security_group", "description": "Create and show Neutron security-group.", "scenario": { "NeutronSecurityGroup.create_and_show_security_group": {} }, "contexts": { "users": { "tenants": 3, "users_per_tenant": 2 }, "quotas": { "neutron": { "security_group": -1 } } }, "runner": { "constant": { "concurrency": 4, "times": 10 } }, "hooks": [], "sla": { "failure_rate": { "max": 0 } } } ] }
2019-12-16 03:29:43.859 13785 RALLYDEBUG rally_openstack.contexts.keystone.users [-] Creating 3 tenants using 20 threads
2019-12-16 03:29:44.847 13785 RALLYDEBUG rally_openstack.contexts.keystone.users [-] Creating 6 users using 20 threads
2019-12-16 03:29:46.403 13785 INFO rally.task.context [-] Task a17d2ce6-4f4c-438d-bb8b-c9a3a19701c8 | Context users@openstack setup() finished in 2.54 sec
2019-12-16 03:29:47.131 13785 INFO rally.task.context [-] Task a17d2ce6-4f4c-438d-bb8b-c9a3a19701c8 | Context quotas@openstack setup() finished in 0.73 sec
2019-12-16 03:29:47.132 13785 INFO rally.task.context [-] Task a17d2ce6-4f4c-438d-bb8b-c9a3a19701c8 | Context cleanup@openstack setup() finished in 0.01 msec
2019-12-16 03:29:47.141 13785 RALLYDEBUG rally.task.runner [-] Starting the constant runner (task UUID: a17d2ce6-4f4c-438d-bb8b-c9a3a19701c8). times: 10 concurrency: 4 timeout: 0 max_cpu_used: 16 processes_to_start: 4 concurrency_per_worker: 1 concurrency_overhead: 0
2019-12-16 03:29:47.153 18769 RALLYDEBUG rally.task.runner [-] Starting a worker. times: 10 duration: None concurrency: 1 timeout: 0 cls: method_name: run args: {}
2019-12-16 03:29:47.156 18770 RALLYDEBUG rally.task.runner [-] Starting a worker. times: 10 duration: None concurrency: 1 timeout: 0 cls: method_name: run args: {}
2019-12-16 03:29:47.160 18769 INFO rally.task.runner [-] Task a17d2ce6-4f4c-438d-bb8b-c9a3a19701c8 | ITER: 1 START
2019-12-16 03:29:47.160 18771 RALLYDEBUG rally.task.runner [-] Starting a worker. times: 10 duration: None concurrency: 1 timeout: 0 cls: method_name: run args: {}
2019-12-16 03:29:47.163 18770 INFO rally.task.runner [-] Task a17d2ce6-4f4c-438d-bb8b-c9a3a19701c8 | ITER: 2 START
2019-12-16 03:29:47.163 18773 RALLYDEBUG rally.task.runner [-] Starting a worker. times: 10 duration: None concurrency: 1 timeout: 0 cls: method_name: run args: {}
2019-12-16 03:29:47.167 18771 INFO rally.task.runner [-] Task a17d2ce6-4f4c-438d-bb8b-c9a3a19701c8 | ITER: 3 START
2019-12-16 03:29:47.169 18773 INFO rally.task.runner [-] Task a17d2ce6-4f4c-438d-bb8b-c9a3a19701c8 | ITER: 4 START
2019-12-16 03:29:47.939 18770 INFO rally.task.runner [-] Task a17d2ce6-4f4c-438d-bb8b-c9a3a19701c8 | ITER: 2 END: OK
2019-12-16 03:29:47.943 18770 INFO rally.task.runner [-] Task a17d2ce6-4f4c-438d-bb8b-c9a3a19701c8 | ITER: 5 START
2019-12-16 03:29:48.033 18771 INFO rally.task.runner [-] Task a17d2ce6-4f4c-438d-bb8b-c9a3a19701c8 | ITER: 3 END: OK
2019-12-16 03:29:48.037 18771 INFO rally.task.runner [-] Task a17d2ce6-4f4c-438d-bb8b-c9a3a19701c8 | ITER: 6 START
2019-12-16 03:29:48.145 18773 INFO rally.task.runner [-] Task a17d2ce6-4f4c-438d-bb8b-c9a3a19701c8 | ITER: 4 END: OK
2019-12-16 03:29:48.150 18773 INFO rally.task.runner [-] Task a17d2ce6-4f4c-438d-bb8b-c9a3a19701c8 | ITER: 7 START
2019-12-16 03:29:48.483 18769 INFO rally.task.runner [-] Task a17d2ce6-4f4c-438d-bb8b-c9a3a19701c8 | ITER: 1 END: OK
2019-12-16 03:29:48.487 18769 INFO rally.task.runner [-] Task a17d2ce6-4f4c-438d-bb8b-c9a3a19701c8 | ITER: 8 START
2019-12-16 03:29:48.489 18770 INFO rally.task.runner [-] Task a17d2ce6-4f4c-438d-bb8b-c9a3a19701c8 | ITER: 5 END: OK
2019-12-16 03:29:48.492 18770 INFO rally.task.runner [-] Task a17d2ce6-4f4c-438d-bb8b-c9a3a19701c8 | ITER: 9 START
2019-12-16 03:29:48.638 18771 INFO rally.task.runner [-] Task a17d2ce6-4f4c-438d-bb8b-c9a3a19701c8 | ITER: 6 END: OK
2019-12-16 03:29:48.641 18771 INFO rally.task.runner [-] Task a17d2ce6-4f4c-438d-bb8b-c9a3a19701c8 | ITER: 10 START
2019-12-16 03:29:48.761 18773 INFO rally.task.runner [-] Task a17d2ce6-4f4c-438d-bb8b-c9a3a19701c8 | ITER: 7 END: OK
2019-12-16 03:29:49.010 18770 INFO rally.task.runner [-] Task a17d2ce6-4f4c-438d-bb8b-c9a3a19701c8 | ITER: 9 END: OK
2019-12-16 03:29:49.288 18769 INFO rally.task.runner [-] Task a17d2ce6-4f4c-438d-bb8b-c9a3a19701c8 | ITER: 8 END: OK
2019-12-16 03:29:49.373 18771 INFO rally.task.runner [-] Task a17d2ce6-4f4c-438d-bb8b-c9a3a19701c8 | ITER: 10 END: OK
2019-12-16 03:29:49.396 13785 INFO rally.task.context [-] Task a17d2ce6-4f4c-438d-bb8b-c9a3a19701c8 | Context cleanup@openstack cleanup() started
2019-12-16 03:29:49.400 13785 RALLYDEBUG rally_openstack.cleanup.manager [-] Cleaning up neutron vip objects
2019-12-16 03:29:50.572 13785 RALLYDEBUG rally_openstack.cleanup.manager [-] Cleaning up neutron health_monitor objects
2019-12-16 03:29:51.640 13785 RALLYDEBUG rally_openstack.cleanup.manager [-] Cleaning up neutron pool objects
2019-12-16 03:29:52.728 13785 RALLYDEBUG rally_openstack.cleanup.manager [-] Cleaning up neutron loadbalancer objects
2019-12-16 03:29:53.806 13785 RALLYDEBUG rally_openstack.cleanup.manager [-] Cleaning up neutron floatingip objects
2019-12-16 03:29:55.072 13785 RALLYDEBUG rally_openstack.cleanup.manager [-] Cleaning up neutron trunk objects
2019-12-16 03:29:56.180 13785 RALLYDEBUG rally_openstack.cleanup.manager [-] Cleaning up neutron port objects
2019-12-16 03:29:57.322 13785 RALLYDEBUG rally_openstack.cleanup.manager [-] Cleaning up neutron subnet objects
2019-12-16 03:29:58.571 13785 RALLYDEBUG rally_openstack.cleanup.manager [-] Cleaning up neutron network objects
2019-12-16 03:29:59.699 13785 RALLYDEBUG rally_openstack.cleanup.manager [-] Cleaning up neutron router objects
2019-12-16 03:30:00.894 13785 RALLYDEBUG rally_openstack.cleanup.manager [-] Cleaning up neutron security_group objects
2019-12-16 03:30:02.276 13785 RALLYDEBUG rally_openstack.cleanup.manager [-] Deleting neutron.security_group object s_rally_9f9b0e8e_xbEVFhj1 (28da20c0-a56a-41db-92e8-9f44a2df835e)
2019-12-16 03:30:02.285 13785 RALLYDEBUG rally_openstack.cleanup.manager [-] Deleting neutron.security_group object s_rally_9f9b0e8e_dzhk6RtE (2c702e5d-60c8-4bfd-93b5-8bdb6cb4c3f2)
2019-12-16 03:30:02.294 13785 RALLYDEBUG rally_openstack.cleanup.manager [-] Deleting neutron.security_group object s_rally_9f9b0e8e_KJqclaQb (8cc561a1-c00e-4938-b868-95ce35e71094)
2019-12-16 03:30:02.298 13785 RALLYDEBUG rally_openstack.cleanup.manager [-] Deleting neutron.security_group object s_rally_9f9b0e8e_h8Whv4jV (e16b75a5-0bca-4dda-82d7-74851482edd2)
2019-12-16 03:30:02.307 13785 RALLYDEBUG rally_openstack.cleanup.manager [-] Deleting neutron.security_group object s_rally_9f9b0e8e_5HQ8LGFh (20cd587e-3bf5-4c09-a92c-bd30289bc7d7)
2019-12-16 03:30:02.317 13785 RALLYDEBUG rally_openstack.cleanup.manager [-] Deleting neutron.security_group object s_rally_9f9b0e8e_1QUdxsXm (2636ad09-9773-46a4-a079-b556f57fa61f)
2019-12-16 03:30:02.331 13785 RALLYDEBUG rally_openstack.cleanup.manager [-] Deleting neutron.security_group object s_rally_9f9b0e8e_y41Gz57D (39099812-f050-4bc0-ba24-7994cee8eb34)
2019-12-16 03:30:02.335 13785 RALLYDEBUG rally_openstack.cleanup.manager [-] Deleting neutron.security_group object s_rally_9f9b0e8e_fAF39tvs (54e2272b-593c-44ca-ae97-b49d977311bd)
2019-12-16 03:30:02.346 13785 RALLYDEBUG rally_openstack.cleanup.manager [-] Deleting neutron.security_group object s_rally_9f9b0e8e_E0572KPr (2fa97a4b-d139-470c-9034-8adae3cd0206)
2019-12-16 03:30:02.351 13785 RALLYDEBUG rally_openstack.cleanup.manager [-] Deleting neutron.security_group object s_rally_9f9b0e8e_9N2UsdFB (3e487a1c-ec37-46c5-bd17-6020439afbad)
2019-12-16 03:30:03.924 13785 INFO rally.task.context [-] Task a17d2ce6-4f4c-438d-bb8b-c9a3a19701c8 | Context cleanup@openstack cleanup() finished in 14.53 sec
2019-12-16 03:30:03.924 13785 INFO rally.task.context [-] Task a17d2ce6-4f4c-438d-bb8b-c9a3a19701c8 | Context quotas@openstack cleanup() started
2019-12-16 03:30:04.108 13785 INFO rally.task.context [-] Task a17d2ce6-4f4c-438d-bb8b-c9a3a19701c8 | Context quotas@openstack cleanup() finished in 0.18 sec
2019-12-16 03:30:04.109 13785 INFO rally.task.context [-] Task a17d2ce6-4f4c-438d-bb8b-c9a3a19701c8 | Context users@openstack cleanup() started
2019-12-16 03:30:08.099 13785 INFO rally.task.context [-] Task a17d2ce6-4f4c-438d-bb8b-c9a3a19701c8 | Context users@openstack cleanup() finished in 3.99 sec
2019-12-16 03:30:10.018 13785 INFO rally.task.engine [-] Load duration is: 2.211362
2019-12-16 03:30:10.019 13785 INFO rally.task.engine [-] Full runner duration is: 2.255423
2019-12-16 03:30:10.019 13785 INFO rally.task.engine [-] Full duration is: 24.241532
2019-12-16 03:30:10.346 13785 INFO rally.task.engine [-] Running workload: position = 0 config = { "version": 2, "title": "A cropped version of a bigger task.", "description": "Auto-generated task from a single workload (uuid=6d2ba043-ff17-436a-8c48-167be76e6a86)", "subtasks": [ { "title": "NeutronNetworks.set_and_clear_router_gateway", "description": "Set and Remove the external network gateway from a router.", "scenario": { "NeutronNetworks.set_and_clear_router_gateway": { "network_create_args": { "router:external": true } } }, "contexts": { "users": { "tenants": 3, "users_per_tenant": 2 }, "quotas": { "neutron": { "network": -1, "router": -1 } }, "roles": [ "admin" ] }, "runner": { "constant": { "concurrency": 4, "times": 10 } }, "hooks": [], "sla": { "failure_rate": { "max": 0 } } } ] }
2019-12-16 03:30:10.370 13785 RALLYDEBUG rally_openstack.contexts.keystone.users [-] Creating 3 tenants using 20 threads
2019-12-16 03:30:11.381 13785 RALLYDEBUG rally_openstack.contexts.keystone.users [-] Creating 6 users using 20 threads
2019-12-16 03:30:12.949 13785 INFO rally.task.context [-] Task a17d2ce6-4f4c-438d-bb8b-c9a3a19701c8 | Context users@openstack setup() finished in 2.58 sec
2019-12-16 03:30:13.739 13785 INFO rally.task.context [-] Task a17d2ce6-4f4c-438d-bb8b-c9a3a19701c8 | Context quotas@openstack setup() finished in 0.79 sec
2019-12-16 03:30:14.429 13785 RALLYDEBUG rally_openstack.contexts.keystone.roles [-] Adding role admin having ID 18fb621073bc4b46926117f9c2a0eb9a to all users using 30 threads
2019-12-16 03:30:19.520 13785 INFO rally.task.context [-] Task a17d2ce6-4f4c-438d-bb8b-c9a3a19701c8 | Context roles@openstack setup() finished in 5.78 sec
2019-12-16 03:30:19.520 13785 INFO rally.task.context [-] Task a17d2ce6-4f4c-438d-bb8b-c9a3a19701c8 | Context cleanup@openstack setup() finished in 0.01 msec
