2019-12-16 03:30:19.529 13785 RALLYDEBUG rally.task.runner [-] Starting the constant runner (task UUID: a17d2ce6-4f4c-438d-bb8b-c9a3a19701c8). times: 10 concurrency: 4 timeout: 0 max_cpu_used: 16 processes_to_start: 4 concurrency_per_worker: 1 concurrency_overhead: 0
2019-12-16 03:30:19.541 19123 RALLYDEBUG rally.task.runner [-] Starting a worker. times: 10 duration: None concurrency: 1 timeout: 0 cls: method_name: run args: {"network_create_args": {"router:external": true}}
2019-12-16 03:30:19.544 19124 RALLYDEBUG rally.task.runner [-] Starting a worker. times: 10 duration: None concurrency: 1 timeout: 0 cls: method_name: run args: {"network_create_args": {"router:external": true}}
2019-12-16 03:30:19.548 19123 INFO rally.task.runner [-] Task a17d2ce6-4f4c-438d-bb8b-c9a3a19701c8 | ITER: 1 START
2019-12-16 03:30:19.548 19125 RALLYDEBUG rally.task.runner [-] Starting a worker. times: 10 duration: None concurrency: 1 timeout: 0 cls: method_name: run args: {"network_create_args": {"router:external": true}}
2019-12-16 03:30:19.551 19124 INFO rally.task.runner [-] Task a17d2ce6-4f4c-438d-bb8b-c9a3a19701c8 | ITER: 2 START
2019-12-16 03:30:19.551 19126 RALLYDEBUG rally.task.runner [-] Starting a worker. times: 10 duration: None concurrency: 1 timeout: 0 cls: method_name: run args: {"network_create_args": {"router:external": true}}
2019-12-16 03:30:19.554 19125 INFO rally.task.runner [-] Task a17d2ce6-4f4c-438d-bb8b-c9a3a19701c8 | ITER: 3 START
2019-12-16 03:30:19.558 19126 INFO rally.task.runner [-] Task a17d2ce6-4f4c-438d-bb8b-c9a3a19701c8 | ITER: 4 START
2019-12-16 03:30:23.507 19125 INFO rally.task.runner [-] Task a17d2ce6-4f4c-438d-bb8b-c9a3a19701c8 | ITER: 3 END: OK
2019-12-16 03:30:23.511 19125 INFO rally.task.runner [-] Task a17d2ce6-4f4c-438d-bb8b-c9a3a19701c8 | ITER: 5 START
2019-12-16 03:30:24.303 19126 INFO rally.task.runner [-] Task a17d2ce6-4f4c-438d-bb8b-c9a3a19701c8 | ITER: 4 END: OK
2019-12-16 03:30:24.308 19126 INFO rally.task.runner [-] Task a17d2ce6-4f4c-438d-bb8b-c9a3a19701c8 | ITER: 6 START
2019-12-16 03:30:24.324 19123 INFO rally.task.runner [-] Task a17d2ce6-4f4c-438d-bb8b-c9a3a19701c8 | ITER: 1 END: OK
2019-12-16 03:30:24.329 19123 INFO rally.task.runner [-] Task a17d2ce6-4f4c-438d-bb8b-c9a3a19701c8 | ITER: 7 START
2019-12-16 03:30:25.293 19124 INFO rally.task.runner [-] Task a17d2ce6-4f4c-438d-bb8b-c9a3a19701c8 | ITER: 2 END: OK
2019-12-16 03:30:25.298 19124 INFO rally.task.runner [-] Task a17d2ce6-4f4c-438d-bb8b-c9a3a19701c8 | ITER: 8 START
2019-12-16 03:30:27.804 19125 INFO rally.task.runner [-] Task a17d2ce6-4f4c-438d-bb8b-c9a3a19701c8 | ITER: 5 END: OK
2019-12-16 03:30:27.807 19125 INFO rally.task.runner [-] Task a17d2ce6-4f4c-438d-bb8b-c9a3a19701c8 | ITER: 9 START
2019-12-16 03:30:28.432 19126 INFO rally.task.runner [-] Task a17d2ce6-4f4c-438d-bb8b-c9a3a19701c8 | ITER: 6 END: OK
2019-12-16 03:30:28.436 19126 INFO rally.task.runner [-] Task a17d2ce6-4f4c-438d-bb8b-c9a3a19701c8 | ITER: 10 START
2019-12-16 03:30:28.843 19123 INFO rally.task.runner [-] Task a17d2ce6-4f4c-438d-bb8b-c9a3a19701c8 | ITER: 7 END: OK
2019-12-16 03:30:29.634 19124 INFO rally.task.runner [-] Task a17d2ce6-4f4c-438d-bb8b-c9a3a19701c8 | ITER: 8 END: OK
2019-12-16 03:30:31.551 19125 INFO rally.task.runner [-] Task a17d2ce6-4f4c-438d-bb8b-c9a3a19701c8 | ITER: 9 END: OK
2019-12-16 03:30:32.416 19126 INFO rally.task.runner [-] Task a17d2ce6-4f4c-438d-bb8b-c9a3a19701c8 | ITER: 10 END: OK
2019-12-16 03:30:32.444 13785 INFO rally.task.context [-] Task a17d2ce6-4f4c-438d-bb8b-c9a3a19701c8 | Context cleanup@openstack cleanup() started
2019-12-16 03:30:32.450 13785 RALLYDEBUG rally_openstack.cleanup.manager [-] Cleaning up neutron vip objects
2019-12-16 03:30:33.656 13785 RALLYDEBUG rally_openstack.cleanup.manager [-] Cleaning up neutron health_monitor objects
2019-12-16 03:30:34.744 13785 RALLYDEBUG rally_openstack.cleanup.manager [-] Cleaning up neutron pool objects
2019-12-16 03:30:35.837 13785 RALLYDEBUG rally_openstack.cleanup.manager [-] Cleaning up neutron loadbalancer objects
2019-12-16 03:30:36.933 13785 RALLYDEBUG rally_openstack.cleanup.manager [-] Cleaning up neutron floatingip objects
2019-12-16 03:30:38.115 13785 RALLYDEBUG rally_openstack.cleanup.manager [-] Cleaning up neutron trunk objects
2019-12-16 03:30:39.237 13785 RALLYDEBUG rally_openstack.cleanup.manager [-] Cleaning up neutron port objects
2019-12-16 03:30:40.492 13785 RALLYDEBUG rally_openstack.cleanup.manager [-] Cleaning up neutron subnet objects
2019-12-16 03:30:41.649 13785 RALLYDEBUG rally_openstack.cleanup.manager [-] Cleaning up neutron network objects
2019-12-16 03:30:42.963 13785 RALLYDEBUG rally_openstack.cleanup.manager [-] Deleting neutron.network object s_rally_6d2ba043_bSwLNpQJ (18705b5f-c1c6-42ca-b0e3-a4b517ae438c)
2019-12-16 03:30:42.967 13785 RALLYDEBUG rally_openstack.cleanup.manager [-] Deleting neutron.network object s_rally_6d2ba043_GwAd541v (1605976f-6120-4aa1-af6c-6c4d95d6a089)
2019-12-16 03:30:42.977 13785 RALLYDEBUG rally_openstack.cleanup.manager [-] Deleting neutron.network object s_rally_6d2ba043_w8sWYr4u (5719908f-541b-4842-959e-7a5a7558ef93)
2019-12-16 03:30:42.986 13785 RALLYDEBUG rally_openstack.cleanup.manager [-] Deleting neutron.network object s_rally_6d2ba043_KjUTjpXf (5ba1d965-17dc-4e16-920c-20b5d6fe7ce0)
2019-12-16 03:30:42.990 13785 RALLYDEBUG rally_openstack.cleanup.manager [-] Deleting neutron.network object s_rally_6d2ba043_Actpa364 (64f650ce-bf7b-4cd1-96cc-c0623ae4bc29)
2019-12-16 03:30:42.999 13785 RALLYDEBUG rally_openstack.cleanup.manager [-] Deleting neutron.network object s_rally_6d2ba043_wbTTfvkq (84144197-c57b-41fe-994c-7b047687f309)
2019-12-16 03:30:43.014 13785 RALLYDEBUG rally_openstack.cleanup.manager [-] Deleting neutron.network object s_rally_6d2ba043_wr7paUyW (911876c4-b50f-46d0-87b2-9a9dd5e49294)
2019-12-16 03:30:43.027 13785 RALLYDEBUG rally_openstack.cleanup.manager [-] Deleting neutron.network object s_rally_6d2ba043_mdpT6Ayq (06472fa7-f380-4d09-b64f-99d635e13242)
2019-12-16 03:30:43.046 13785 RALLYDEBUG rally_openstack.cleanup.manager [-] Deleting neutron.network object s_rally_6d2ba043_0UugYZfL (2efff639-db4d-421a-954f-d6bfb61bb73b)
2019-12-16 03:30:43.050 13785 RALLYDEBUG rally_openstack.cleanup.manager [-] Deleting neutron.network object s_rally_6d2ba043_LAKZpWvg (fdd070b0-0347-4c60-ac73-0742725c3248)
2019-12-16 03:30:45.492 13785 RALLYDEBUG rally_openstack.cleanup.manager [-] Cleaning up neutron router objects
2019-12-16 03:30:46.828 13785 RALLYDEBUG rally_openstack.cleanup.manager [-] Deleting neutron.router object s_rally_6d2ba043_5TzCs9Zg (b0c4603a-af60-45cf-bb23-72a50b7b6b9c)
2019-12-16 03:30:46.838 13785 RALLYDEBUG rally_openstack.cleanup.manager [-] Deleting neutron.router object s_rally_6d2ba043_j4UYfvPM (2e2660f0-319d-4688-8097-7111686fd61d)
2019-12-16 03:30:46.846 13785 RALLYDEBUG rally_openstack.cleanup.manager [-] Deleting neutron.router object s_rally_6d2ba043_pl79LEW3 (3256d438-a212-4933-8d44-d1d7e12fafac)
2019-12-16 03:30:46.850 13785 RALLYDEBUG rally_openstack.cleanup.manager [-] Deleting neutron.router object s_rally_6d2ba043_sKrHQnWF (411e8c8a-5dd2-4682-9b90-94dc38c4b9e5)
2019-12-16 03:30:46.864 13785 RALLYDEBUG rally_openstack.cleanup.manager [-] Deleting neutron.router object s_rally_6d2ba043_yXoGv6Sc (a19bc0a5-98fd-462d-8822-77c25dd9dd04)
2019-12-16 03:30:46.875 13785 RALLYDEBUG rally_openstack.cleanup.manager [-] Deleting neutron.router object s_rally_6d2ba043_m4aChqKg (b312fa02-0474-486d-9530-d51d39f5496a)
2019-12-16 03:30:46.883 13785 RALLYDEBUG rally_openstack.cleanup.manager [-] Deleting neutron.router object s_rally_6d2ba043_AbwSx0uF (d626465e-1da4-4b5a-9c96-8db2e82e5ac0)
2019-12-16 03:30:46.886 13785 RALLYDEBUG rally_openstack.cleanup.manager [-] Deleting neutron.router object s_rally_6d2ba043_ZmAT9SlD (3c3a86d1-27b5-41fd-9e9f-6291949517ad)
2019-12-16 03:30:46.909 13785 RALLYDEBUG rally_openstack.cleanup.manager [-] Deleting neutron.router object s_rally_6d2ba043_b21KAo9l (6c26078c-5b78-4c7c-99de-b65b7ae48de4)
2019-12-16 03:30:46.913 13785 RALLYDEBUG rally_openstack.cleanup.manager [-] Deleting neutron.router object s_rally_6d2ba043_aKryiesn (f52d13fe-3e49-430c-8bdf-6051643bf85b)
2019-12-16 03:30:49.371 13785 RALLYDEBUG rally_openstack.cleanup.manager [-] Cleaning up neutron security_group objects
2019-12-16 03:30:50.615 13785 INFO rally.task.context [-] Task a17d2ce6-4f4c-438d-bb8b-c9a3a19701c8 | Context cleanup@openstack cleanup() finished in 18.17 sec
2019-12-16 03:30:50.616 13785 INFO rally.task.context [-] Task a17d2ce6-4f4c-438d-bb8b-c9a3a19701c8 | Context roles@openstack cleanup() started
2019-12-16 03:30:50.616 13785 RALLYDEBUG rally_openstack.contexts.keystone.roles [-] Removing assigned role 18fb621073bc4b46926117f9c2a0eb9a from all users
2019-12-16 03:30:51.624 13785 INFO rally.task.context [-] Task a17d2ce6-4f4c-438d-bb8b-c9a3a19701c8 | Context roles@openstack cleanup() finished in 1.01 sec
2019-12-16 03:30:51.625 13785 INFO rally.task.context [-] Task a17d2ce6-4f4c-438d-bb8b-c9a3a19701c8 | Context quotas@openstack cleanup() started
2019-12-16 03:30:51.937 13785 INFO rally.task.context [-] Task a17d2ce6-4f4c-438d-bb8b-c9a3a19701c8 | Context quotas@openstack cleanup() finished in 0.31 sec
2019-12-16 03:30:51.937 13785 INFO rally.task.context [-] Task a17d2ce6-4f4c-438d-bb8b-c9a3a19701c8 | Context users@openstack cleanup() started
2019-12-16 03:30:56.204 13785 INFO rally.task.context [-] Task a17d2ce6-4f4c-438d-bb8b-c9a3a19701c8 | Context users@openstack cleanup() finished in 4.27 sec
2019-12-16 03:30:56.604 13785 INFO rally.task.engine [-] Load duration is: 12.867444
2019-12-16 03:30:56.604 13785 INFO rally.task.engine [-] Full runner duration is: 12.915532
2019-12-16 03:30:56.605 13785 INFO rally.task.engine [-] Full duration is: 45.83721
2019-12-16 03:30:56.961 13785 INFO rally.task.engine [-] Running workload: position = 0 config = { "version": 2, "title": "A cropped version of a bigger task.", "description": "Auto-generated task from a single workload (uuid=60dd3aa4-e9d6-4c66-b1c5-4ea9afef96a5)", "subtasks": [ { "title": "NeutronNetworks.create_and_show_ports", "description": "Create a given number of ports and show created ports in trun.", "scenario": { "NeutronNetworks.create_and_show_ports": { "ports_per_network": 2 } }, "contexts": { "users": { "tenants": 3, "users_per_tenant": 2 }, "network": { "router": {} }, "quotas": { "neutron": { "network": -1, "router": -1 } } }, "runner": { "constant": { "concurrency": 4, "times": 10 } }, "hooks": [], "sla": { "failure_rate": { "max": 0 } } } ] }
2019-12-16 03:30:56.987 13785 RALLYDEBUG rally_openstack.contexts.keystone.users [-] Creating 3 tenants using 20 threads
2019-12-16 03:30:58.025 13785 RALLYDEBUG rally_openstack.contexts.keystone.users [-] Creating 6 users using 20 threads
2019-12-16 03:30:59.779 13785 INFO rally.task.context [-] Task a17d2ce6-4f4c-438d-bb8b-c9a3a19701c8 | Context users@openstack setup() finished in 2.79 sec
2019-12-16 03:31:00.525 13785 INFO rally.task.context [-] Task a17d2ce6-4f4c-438d-bb8b-c9a3a19701c8 | Context quotas@openstack setup() finished in 0.74 sec
2019-12-16 03:31:01.377 13785 RALLYDEBUG rally_openstack.wrappers.network [-] CIDR generated: 10.2.72.0/24
2019-12-16 03:31:02.466 13785 RALLYDEBUG rally_openstack.wrappers.network [-] CIDR generated: 10.2.73.0/24
2019-12-16 03:31:03.560 13785 RALLYDEBUG rally_openstack.wrappers.network [-] CIDR generated: 10.2.74.0/24
2019-12-16 03:31:04.036 13785 INFO rally.task.context [-] Task a17d2ce6-4f4c-438d-bb8b-c9a3a19701c8 | Context network@openstack setup() finished in 3.51 sec
2019-12-16 03:31:04.037 13785 INFO rally.task.context [-] Task a17d2ce6-4f4c-438d-bb8b-c9a3a19701c8 | Context cleanup@openstack setup() finished in 0.01 msec
2019-12-16 03:31:04.046 13785 RALLYDEBUG rally.task.runner [-] Starting the constant runner (task UUID: a17d2ce6-4f4c-438d-bb8b-c9a3a19701c8). times: 10 concurrency: 4 timeout: 0 max_cpu_used: 16 processes_to_start: 4 concurrency_per_worker: 1 concurrency_overhead: 0
2019-12-16 03:31:04.058 19477 RALLYDEBUG rally.task.runner [-] Starting a worker. times: 10 duration: None concurrency: 1 timeout: 0 cls: method_name: run args: {"ports_per_network": 2}
2019-12-16 03:31:04.061 19478 RALLYDEBUG rally.task.runner [-] Starting a worker. times: 10 duration: None concurrency: 1 timeout: 0 cls: method_name: run args: {"ports_per_network": 2}
2019-12-16 03:31:04.065 19477 INFO rally.task.runner [-] Task a17d2ce6-4f4c-438d-bb8b-c9a3a19701c8 | ITER: 1 START
2019-12-16 03:31:04.065 19479 RALLYDEBUG rally.task.runner [-] Starting a worker. times: 10 duration: None concurrency: 1 timeout: 0 cls: method_name: run args: {"ports_per_network": 2}
2019-12-16 03:31:04.068 19478 INFO rally.task.runner [-] Task a17d2ce6-4f4c-438d-bb8b-c9a3a19701c8 | ITER: 2 START
2019-12-16 03:31:04.068 19481 RALLYDEBUG rally.task.runner [-] Starting a worker. times: 10 duration: None concurrency: 1 timeout: 0 cls: method_name: run args: {"ports_per_network": 2}
2019-12-16 03:31:04.072 19479 INFO rally.task.runner [-] Task a17d2ce6-4f4c-438d-bb8b-c9a3a19701c8 | ITER: 3 START
2019-12-16 03:31:04.075 19481 INFO rally.task.runner [-] Task a17d2ce6-4f4c-438d-bb8b-c9a3a19701c8 | ITER: 4 START
2019-12-16 03:31:05.790 19477 INFO rally.task.runner [-] Task a17d2ce6-4f4c-438d-bb8b-c9a3a19701c8 | ITER: 1 END: OK
2019-12-16 03:31:05.795 19477 INFO rally.task.runner [-] Task a17d2ce6-4f4c-438d-bb8b-c9a3a19701c8 | ITER: 5 START
2019-12-16 03:31:06.123 19478 INFO rally.task.runner [-] Task a17d2ce6-4f4c-438d-bb8b-c9a3a19701c8 | ITER: 2 END: OK
2019-12-16 03:31:06.127 19478 INFO rally.task.runner [-] Task a17d2ce6-4f4c-438d-bb8b-c9a3a19701c8 | ITER: 6 START
2019-12-16 03:31:06.503 19481 INFO rally.task.runner [-] Task a17d2ce6-4f4c-438d-bb8b-c9a3a19701c8 | ITER: 4 END: OK
2019-12-16 03:31:06.507 19481 INFO rally.task.runner [-] Task a17d2ce6-4f4c-438d-bb8b-c9a3a19701c8 | ITER: 7 START
2019-12-16 03:31:06.703 19479 INFO rally.task.runner [-] Task a17d2ce6-4f4c-438d-bb8b-c9a3a19701c8 | ITER: 3 END: OK
2019-12-16 03:31:06.707 19479 INFO rally.task.runner [-] Task a17d2ce6-4f4c-438d-bb8b-c9a3a19701c8 | ITER: 8 START
2019-12-16 03:31:07.740 19478 INFO rally.task.runner [-] Task a17d2ce6-4f4c-438d-bb8b-c9a3a19701c8 | ITER: 6 END: OK
2019-12-16 03:31:07.743 19478 INFO rally.task.runner [-] Task a17d2ce6-4f4c-438d-bb8b-c9a3a19701c8 | ITER: 9 START
2019-12-16 03:31:08.093 19477 INFO rally.task.runner [-] Task a17d2ce6-4f4c-438d-bb8b-c9a3a19701c8 | ITER: 5 END: OK
2019-12-16 03:31:08.097 19477 INFO rally.task.runner [-] Task a17d2ce6-4f4c-438d-bb8b-c9a3a19701c8 | ITER: 10 START
2019-12-16 03:31:08.185 19481 INFO rally.task.runner [-] Task a17d2ce6-4f4c-438d-bb8b-c9a3a19701c8 | ITER: 7 END: OK
2019-12-16 03:31:08.330 19479 INFO rally.task.runner [-] Task a17d2ce6-4f4c-438d-bb8b-c9a3a19701c8 | ITER: 8 END: OK
2019-12-16 03:31:09.448 19478 INFO rally.task.runner [-] Task a17d2ce6-4f4c-438d-bb8b-c9a3a19701c8 | ITER: 9 END: OK
2019-12-16 03:31:09.830 19477 INFO rally.task.runner [-] Task a17d2ce6-4f4c-438d-bb8b-c9a3a19701c8 | ITER: 10 END: OK
2019-12-16 03:31:09.861 13785 INFO rally.task.context [-] Task a17d2ce6-4f4c-438d-bb8b-c9a3a19701c8 | Context cleanup@openstack cleanup() started
2019-12-16 03:31:09.864 13785 RALLYDEBUG rally_openstack.cleanup.manager [-] Cleaning up neutron vip objects
2019-12-16 03:31:10.921 13785 RALLYDEBUG rally_openstack.cleanup.manager [-] Cleaning up neutron health_monitor objects
2019-12-16 03:31:11.972 13785 RALLYDEBUG rally_openstack.cleanup.manager [-] Cleaning up neutron pool objects
2019-12-16 03:31:13.034 13785 RALLYDEBUG rally_openstack.cleanup.manager [-] Cleaning up neutron loadbalancer objects
2019-12-16 03:31:14.118 13785 RALLYDEBUG rally_openstack.cleanup.manager [-] Cleaning up neutron floatingip objects
2019-12-16 03:31:15.287 13785 RALLYDEBUG rally_openstack.cleanup.manager [-] Cleaning up neutron trunk objects
2019-12-16 03:31:16.404 13785 RALLYDEBUG rally_openstack.cleanup.manager [-] Cleaning up neutron port objects
2019-12-16 03:31:17.720 13785 RALLYDEBUG rally_openstack.cleanup.manager [-] Deleting neutron.port object s_rally_60dd3aa4_TGBuftxO (0c412c8e-eae2-44d9-ad39-34eb408ef2e0)
2019-12-16 03:31:17.730 13785 RALLYDEBUG rally_openstack.cleanup.manager [-] Deleting neutron.port object s_rally_60dd3aa4_QyEcDjqX (3e6593c0-6d7c-4edb-9ea7-0fd28fd25eb4)
2019-12-16 03:31:17.738 13785 RALLYDEBUG rally_openstack.cleanup.manager [-] Deleting neutron.port object s_rally_60dd3aa4_UhmXSWou (5b8210ff-eb52-4d39-821d-269cf53a2e50)
2019-12-16 03:31:17.752 13785 RALLYDEBUG rally_openstack.cleanup.manager [-] Deleting neutron.port object s_rally_60dd3aa4_TIEWlQR5 (94200fc6-f07b-4375-bc14-348f078245ca)
2019-12-16 03:31:17.761 13785 RALLYDEBUG rally_openstack.cleanup.manager [-] Deleting neutron.port object s_rally_60dd3aa4_rM4WuZOL (961ecabb-a984-4823-ac89-ab8b821f0ec1)
2019-12-16 03:31:17.765 13785 RALLYDEBUG rally_openstack.cleanup.manager [-] Deleting neutron.port object s_rally_60dd3aa4_ckBwQp7y (d6669a87-41f9-4830-a1c2-c3b41f461fb8)
2019-12-16 03:31:17.774 13785 RALLYDEBUG rally_openstack.cleanup.manager [-] Deleting neutron.port object s_rally_60dd3aa4_8twy6hLP (d8cc309e-236e-4fe8-8e93-36d7bcfd371f)
2019-12-16 03:31:17.814 13785 RALLYDEBUG rally_openstack.cleanup.manager [-] Deleting neutron.port object s_rally_60dd3aa4_v1QhRcxS (45fb3401-30c2-4fd1-b9fb-3c805f71ec46)
2019-12-16 03:31:17.822 13785 RALLYDEBUG rally_openstack.cleanup.manager [-] Deleting neutron.port object s_rally_60dd3aa4_OYZTRLzH (feef21c4-55ac-4af3-836d-6f8784e7c91d)
2019-12-16 03:31:17.833 13785 RALLYDEBUG rally_openstack.cleanup.manager [-] Deleting neutron.port object s_rally_60dd3aa4_YoCl2BHB (663e63ce-a2e2-4801-869b-510947c7d122)
2019-12-16 03:31:17.842 13785 RALLYDEBUG rally_openstack.cleanup.manager [-] Deleting neutron.port object s_rally_60dd3aa4_kGMW6Kod (84d5e540-f829-4b10-901f-db4087608b25)
2019-12-16 03:31:17.869 13785 RALLYDEBUG rally_openstack.cleanup.manager [-] Deleting neutron.port object s_rally_60dd3aa4_h3to61Ii (20c26c35-4314-484f-b2ba-43ab85906b28)
2019-12-16 03:31:17.870 13785 RALLYDEBUG rally_openstack.cleanup.manager [-] Deleting neutron.port object s_rally_60dd3aa4_KfHkxXi4 (f5911381-2832-4a30-872b-855ae3783361)
2019-12-16 03:31:17.873 13785 RALLYDEBUG rally_openstack.cleanup.manager [-] Deleting neutron.port object s_rally_60dd3aa4_a7IOYcw9 (458a5cca-00e3-4b61-9206-a0a940ceef07)
2019-12-16 03:31:17.876 13785 RALLYDEBUG rally_openstack.cleanup.manager [-] Deleting neutron.port object s_rally_60dd3aa4_XE244fXg (4f7c5c27-6664-47fc-8e0b-7fb2eb1fc18f)
2019-12-16 03:31:17.896 13785 RALLYDEBUG rally_openstack.cleanup.manager [-] Deleting neutron.port object s_rally_60dd3aa4_Z8HlJuJB (7b2e7af7-3c16-41bd-9e0a-4bc5cbd680c2)
2019-12-16 03:31:17.905 13785 RALLYDEBUG rally_openstack.cleanup.manager [-] Deleting neutron.port object s_rally_60dd3aa4_Hc8uGSrf (945e0f61-a3f6-45be-8e1b-5e5571f4d7a0)
2019-12-16 03:31:17.926 13785 RALLYDEBUG rally_openstack.cleanup.manager [-] Deleting neutron.port object s_rally_60dd3aa4_2yVN4JgW (d4788b07-fa1d-4b6a-b7ce-5e19e918a98c)
2019-12-16 03:31:17.934 13785 RALLYDEBUG rally_openstack.cleanup.manager [-] Deleting neutron.port object s_rally_60dd3aa4_JSPaWRUA (e1c65587-2009-4c3e-88f3-3a4e8bb21639)
2019-12-16 03:31:17.963 13785 RALLYDEBUG rally_openstack.cleanup.manager [-] Deleting neutron.port object s_rally_60dd3aa4_ZfhxDd89 (ecfac4a6-4709-4688-9acd-6ae55e8c0ac1)
2019-12-16 03:31:20.883 13785 RALLYDEBUG rally_openstack.cleanup.manager [-] Cleaning up neutron subnet objects
2019-12-16 03:31:22.118 13785 RALLYDEBUG rally_openstack.cleanup.manager [-] Cleaning up neutron network objects
2019-12-16 03:31:23.484 13785 RALLYDEBUG rally_openstack.cleanup.manager [-] Cleaning up neutron router objects
2019-12-16 03:31:24.686 13785 RALLYDEBUG rally_openstack.cleanup.manager [-] Cleaning up neutron security_group objects
2019-12-16 03:31:25.888 13785 INFO rally.task.context [-] Task a17d2ce6-4f4c-438d-bb8b-c9a3a19701c8 | Context cleanup@openstack cleanup() finished in 16.03 sec
2019-12-16 03:31:25.889 13785 INFO rally.task.context [-] Task a17d2ce6-4f4c-438d-bb8b-c9a3a19701c8 | Context network@openstack cleanup() started
2019-12-16 03:31:37.892 13785 INFO rally.task.context [-] Task a17d2ce6-4f4c-438d-bb8b-c9a3a19701c8 | Context network@openstack cleanup() finished in 12.00 sec
2019-12-16 03:31:37.893 13785 INFO rally.task.context [-] Task a17d2ce6-4f4c-438d-bb8b-c9a3a19701c8 | Context quotas@openstack cleanup() started
2019-12-16 03:31:38.125 13785 INFO rally.task.context [-] Task a17d2ce6-4f4c-438d-bb8b-c9a3a19701c8 | Context quotas@openstack cleanup() finished in 0.23 sec
2019-12-16 03:31:38.125 13785 INFO rally.task.context [-] Task a17d2ce6-4f4c-438d-bb8b-c9a3a19701c8 | Context users@openstack cleanup() started
2019-12-16 03:31:41.982 13785 INFO rally.task.context [-] Task a17d2ce6-4f4c-438d-bb8b-c9a3a19701c8 | Context users@openstack cleanup() finished in 3.86 sec
2019-12-16 03:31:43.274 13785 INFO rally.task.engine [-] Load duration is: 5.763957
2019-12-16 03:31:43.275 13785 INFO rally.task.engine [-] Full runner duration is: 5.815205
2019-12-16 03:31:43.275 13785 INFO rally.task.engine [-] Full duration is: 44.997453
2019-12-16 03:31:43.626 13785 INFO rally.task.engine [-] Running workload: position = 0 config = { "version": 2, "title": "A cropped version of a bigger task.", "description": "Auto-generated task from a single workload (uuid=dc6485dc-1199-4102-ba54-f7916db6893c)", "subtasks": [ { "title": "NeutronNetworks.create_and_show_routers", "description": "Create and show a given number of routers.", "scenario": { "NeutronNetworks.create_and_show_routers": { "subnets_per_network": 2 } }, "contexts": { "users": { "tenants": 3, "users_per_tenant": 2 }, "quotas": { "neutron": { "network": -1, "subnet": -1, "router": -1 } } }, "runner": { "constant": { "concurrency": 4, "times": 10 } }, "hooks": [], "sla": { "failure_rate": { "max": 0 } } } ] }
2019-12-16 03:31:43.652 13785 RALLYDEBUG rally_openstack.contexts.keystone.users [-] Creating 3 tenants using 20 threads
2019-12-16 03:31:44.694 13785 RALLYDEBUG rally_openstack.contexts.keystone.users [-] Creating 6 users using 20 threads
2019-12-16 03:31:46.251 13785 INFO rally.task.context [-] Task a17d2ce6-4f4c-438d-bb8b-c9a3a19701c8 | Context users@openstack setup() finished in 2.60 sec
2019-12-16 03:31:47.027 13785 INFO rally.task.context [-] Task a17d2ce6-4f4c-438d-bb8b-c9a3a19701c8 | Context quotas@openstack setup() finished in 0.78 sec
2019-12-16 03:31:47.028 13785 INFO rally.task.context [-] Task a17d2ce6-4f4c-438d-bb8b-c9a3a19701c8 | Context cleanup@openstack setup() finished in 0.01 msec
2019-12-16 03:31:47.036 13785 RALLYDEBUG rally.task.runner [-] Starting the constant runner (task UUID: a17d2ce6-4f4c-438d-bb8b-c9a3a19701c8). times: 10 concurrency: 4 timeout: 0 max_cpu_used: 16 processes_to_start: 4 concurrency_per_worker: 1 concurrency_overhead: 0
2019-12-16 03:31:47.048 19801 RALLYDEBUG rally.task.runner [-] Starting a worker. times: 10 duration: None concurrency: 1 timeout: 0 cls: method_name: run args: {"subnets_per_network": 2}
2019-12-16 03:31:47.052 19802 RALLYDEBUG rally.task.runner [-] Starting a worker. times: 10 duration: None concurrency: 1 timeout: 0 cls: method_name: run args: {"subnets_per_network": 2}
2019-12-16 03:31:47.055 19801 INFO rally.task.runner [-] Task a17d2ce6-4f4c-438d-bb8b-c9a3a19701c8 | ITER: 1 START
2019-12-16 03:31:47.055 19803 RALLYDEBUG rally.task.runner [-] Starting a worker. times: 10 duration: None concurrency: 1 timeout: 0 cls: method_name: run args: {"subnets_per_network": 2}
2019-12-16 03:31:47.058 19802 INFO rally.task.runner [-] Task a17d2ce6-4f4c-438d-bb8b-c9a3a19701c8 | ITER: 2 START
2019-12-16 03:31:47.059 19804 RALLYDEBUG rally.task.runner [-] Starting a worker. times: 10 duration: None concurrency: 1 timeout: 0 cls: method_name: run args: {"subnets_per_network": 2}
2019-12-16 03:31:47.061 19803 INFO rally.task.runner [-] Task a17d2ce6-4f4c-438d-bb8b-c9a3a19701c8 | ITER: 3 START
2019-12-16 03:31:47.065 19804 INFO rally.task.runner [-] Task a17d2ce6-4f4c-438d-bb8b-c9a3a19701c8 | ITER: 4 START
2019-12-16 03:31:47.707 19803 RALLYDEBUG rally_openstack.wrappers.network [-] CIDR generated: 10.2.75.0/24
2019-12-16 03:31:47.714 19802 RALLYDEBUG rally_openstack.wrappers.network [-] CIDR generated: 10.2.76.0/24
2019-12-16 03:31:47.720 19801 RALLYDEBUG rally_openstack.wrappers.network [-] CIDR generated: 10.2.77.0/24
2019-12-16 03:31:48.233 19804 RALLYDEBUG rally_openstack.wrappers.network [-] CIDR generated: 10.2.78.0/24
2019-12-16 03:31:48.272 19801 RALLYDEBUG rally_openstack.wrappers.network [-] CIDR generated: 10.2.79.0/24
2019-12-16 03:31:48.539 19803 RALLYDEBUG rally_openstack.wrappers.network [-] CIDR generated: 10.2.80.0/24
2019-12-16 03:31:48.563 19802 RALLYDEBUG rally_openstack.wrappers.network [-] CIDR generated: 10.2.81.0/24
2019-12-16 03:31:49.216 19804 RALLYDEBUG rally_openstack.wrappers.network [-] CIDR generated: 10.2.82.0/24
2019-12-16 03:31:52.995 19803 INFO rally.task.runner [-] Task a17d2ce6-4f4c-438d-bb8b-c9a3a19701c8 | ITER: 3 END: OK
2019-12-16 03:31:52.999 19803 INFO rally.task.runner [-] Task a17d2ce6-4f4c-438d-bb8b-c9a3a19701c8 | ITER: 5 START
2019-12-16 03:31:53.020 19801 INFO rally.task.runner [-] Task a17d2ce6-4f4c-438d-bb8b-c9a3a19701c8 | ITER: 1 END: OK
2019-12-16 03:31:53.025 19801 INFO rally.task.runner [-] Task a17d2ce6-4f4c-438d-bb8b-c9a3a19701c8 | ITER: 6 START
2019-12-16 03:31:53.376 19802 INFO rally.task.runner [-] Task a17d2ce6-4f4c-438d-bb8b-c9a3a19701c8 | ITER: 2 END: OK
2019-12-16 03:31:53.380 19802 INFO rally.task.runner [-] Task a17d2ce6-4f4c-438d-bb8b-c9a3a19701c8 | ITER: 7 START
2019-12-16 03:31:53.480 19803 RALLYDEBUG rally_openstack.wrappers.network [-] CIDR generated: 10.2.83.0/24
2019-12-16 03:31:53.501 19801 RALLYDEBUG rally_openstack.wrappers.network [-] CIDR generated: 10.2.84.0/24
2019-12-16 03:31:53.840 19802 RALLYDEBUG rally_openstack.wrappers.network [-] CIDR generated: 10.2.85.0/24
2019-12-16 03:31:54.319 19804 INFO rally.task.runner [-] Task a17d2ce6-4f4c-438d-bb8b-c9a3a19701c8 | ITER: 4 END: OK
2019-12-16 03:31:54.323 19804 INFO rally.task.runner [-] Task a17d2ce6-4f4c-438d-bb8b-c9a3a19701c8 | ITER: 8 START
2019-12-16 03:31:54.373 19803 RALLYDEBUG rally_openstack.wrappers.network [-] CIDR generated: 10.2.86.0/24
2019-12-16 03:31:54.447 19802 RALLYDEBUG rally_openstack.wrappers.network [-] CIDR generated: 10.2.87.0/24
2019-12-16 03:31:54.499 19801 RALLYDEBUG rally_openstack.wrappers.network [-] CIDR generated: 10.2.88.0/24
2019-12-16 03:31:54.788 19804 RALLYDEBUG rally_openstack.wrappers.network [-] CIDR generated: 10.2.89.0/24
2019-12-16 03:31:55.582 19804 RALLYDEBUG rally_openstack.wrappers.network [-] CIDR generated: 10.2.90.0/24
2019-12-16 03:31:59.301 19801 INFO rally.task.runner [-] Task a17d2ce6-4f4c-438d-bb8b-c9a3a19701c8 | ITER: 6 END: OK
2019-12-16 03:31:59.304 19801 INFO rally.task.runner [-] Task a17d2ce6-4f4c-438d-bb8b-c9a3a19701c8 | ITER: 9 START
2019-12-16 03:31:59.606 19802 INFO rally.task.runner [-] Task a17d2ce6-4f4c-438d-bb8b-c9a3a19701c8 | ITER: 7 END: OK
2019-12-16 03:31:59.610 19802 INFO rally.task.runner [-] Task a17d2ce6-4f4c-438d-bb8b-c9a3a19701c8 | ITER: 10 START
2019-12-16 03:31:59.733 19803 INFO rally.task.runner [-] Task a17d2ce6-4f4c-438d-bb8b-c9a3a19701c8 | ITER: 5 END: OK
2019-12-16 03:31:59.850 19801 RALLYDEBUG rally_openstack.wrappers.network [-] CIDR generated: 10.2.91.0/24
2019-12-16 03:32:00.113 19802 RALLYDEBUG rally_openstack.wrappers.network [-] CIDR generated: 10.2.92.0/24
2019-12-16 03:32:00.550 19804 INFO rally.task.runner [-] Task a17d2ce6-4f4c-438d-bb8b-c9a3a19701c8 | ITER: 8 END: OK
2019-12-16 03:32:00.694 19801 RALLYDEBUG rally_openstack.wrappers.network [-] CIDR generated: 10.2.93.0/24
2019-12-16 03:32:00.726 19802 RALLYDEBUG rally_openstack.wrappers.network [-] CIDR generated: 10.2.94.0/24
2019-12-16 03:32:05.115 19802 INFO rally.task.runner [-] Task a17d2ce6-4f4c-438d-bb8b-c9a3a19701c8 | ITER: 10 END: OK
2019-12-16 03:32:05.804 19801 INFO rally.task.runner [-] Task a17d2ce6-4f4c-438d-bb8b-c9a3a19701c8 | ITER: 9 END: OK
2019-12-16 03:32:05.830 13785 INFO rally.task.context [-] Task a17d2ce6-4f4c-438d-bb8b-c9a3a19701c8 | Context cleanup@openstack cleanup() started
2019-12-16 03:32:05.834 13785 RALLYDEBUG rally_openstack.cleanup.manager [-] Cleaning up neutron vip objects
2019-12-16 03:32:06.877 13785 RALLYDEBUG rally_openstack.cleanup.manager [-] Cleaning up neutron health_monitor objects
2019-12-16 03:32:07.924 13785 RALLYDEBUG rally_openstack.cleanup.manager [-] Cleaning up neutron pool objects
2019-12-16 03:32:08.977 13785 RALLYDEBUG rally_openstack.cleanup.manager [-] Cleaning up neutron loadbalancer objects
2019-12-16 03:32:10.025 13785 RALLYDEBUG rally_openstack.cleanup.manager [-] Cleaning up neutron floatingip objects
2019-12-16 03:32:11.150 13785 RALLYDEBUG rally_openstack.cleanup.manager [-] Cleaning up neutron trunk objects
2019-12-16 03:32:12.239 13785 RALLYDEBUG rally_openstack.cleanup.manager [-] Cleaning up neutron port objects
2019-12-16 03:32:14.260 13785 RALLYDEBUG rally_openstack.cleanup.manager [-] Deleting neutron.port object s_rally_dc6485dc_b1mO1kih (08b41a92-bbe5-4274-a187-bb1557107d4d)
2019-12-16 03:32:14.269 13785 RALLYDEBUG rally_openstack.cleanup.manager [-] Deleting neutron.port object s_rally_dc6485dc_2iUkZveP (0c452094-ee3b-4649-b713-f4309fd74de5)
2019-12-16 03:32:14.283 13785 RALLYDEBUG rally_openstack.cleanup.manager [-] Deleting neutron.port object s_rally_dc6485dc_wx92n3me (22e27a4c-837f-4310-ba4a-3878b0ba2a47)
2019-12-16 03:32:14.286 13785 RALLYDEBUG rally_openstack.cleanup.manager [-] Deleting neutron.port object s_rally_dc6485dc_hdCPKnTA (2ce1e3e8-ad5c-4e47-8547-172b2c3005e2)
2019-12-16 03:32:14.310 13785 RALLYDEBUG rally_openstack.cleanup.manager [-] Deleting neutron.port object s_rally_dc6485dc_BiFqKbLB (b6d3f907-6a83-40ac-83d0-7bcde6ac20d9)
2019-12-16 03:32:14.314 13785 RALLYDEBUG rally_openstack.cleanup.manager [-] Deleting neutron.port object s_rally_dc6485dc_hWPUkUeL (97807769-c966-468d-abba-e19dada025a8)
2019-12-16 03:32:14.335 13785 RALLYDEBUG rally_openstack.cleanup.manager [-] Deleting neutron.port object s_rally_dc6485dc_WUDXKnHD (0961d547-908e-4cc1-9e9b-f45ab2db81c3)
2019-12-16 03:32:14.354 13785 RALLYDEBUG rally_openstack.cleanup.manager [-] Deleting neutron.port object s_rally_dc6485dc_zlMnoqym (2a34cd3c-f5b0-4301-a035-899b3860d1d2)
2019-12-16 03:32:14.360 13785 RALLYDEBUG rally_openstack.cleanup.manager [-] Deleting neutron.port object s_rally_dc6485dc_t2CvYV14 (2fa83c2e-e38e-4589-9cb2-0d3f21092495)
2019-12-16 03:32:14.365 13785 RALLYDEBUG rally_openstack.cleanup.manager [-] Deleting neutron.port object s_rally_dc6485dc_7MxGRt6d (557fac4f-9ca1-4883-966c-1e7156e646ae)
2019-12-16 03:32:14.390 13785 RALLYDEBUG rally_openstack.cleanup.manager [-] Deleting neutron.port object s_rally_dc6485dc_dAmjO8ju (7e163e0c-b9f0-4c54-95b2-9c2a95096ec6)
2019-12-16 03:32:14.401 13785 RALLYDEBUG rally_openstack.cleanup.manager [-] Deleting neutron.port object s_rally_dc6485dc_EqtC1qje (ca561d15-8f6e-4d90-a7d5-fe537e18a688)
2019-12-16 03:32:14.416 13785 RALLYDEBUG rally_openstack.cleanup.manager [-] Deleting neutron.port object s_rally_dc6485dc_HPU6eOel (da0ceb10-e09b-4a54-bf86-64d173eb4487)
2019-12-16 03:32:14.424 13785 RALLYDEBUG rally_openstack.cleanup.manager [-] Deleting neutron.port object s_rally_dc6485dc_mSPQVYb4 (dc6d0fc4-30ce-44cf-8e78-9acd416120bf)
2019-12-16 03:32:14.428 13785 RALLYDEBUG rally_openstack.cleanup.manager [-] Deleting neutron.port object s_rally_dc6485dc_dH4XQZVZ (dcfd75d0-4a51-4731-9a20-1841a3ed8f5b)
2019-12-16 03:32:14.436 13785 RALLYDEBUG rally_openstack.cleanup.manager [-] Deleting neutron.port object s_rally_dc6485dc_niELjsIx (e79bd16d-3009-410f-bedf-6f66f6d31fea)
2019-12-16 03:32:14.454 13785 RALLYDEBUG rally_openstack.cleanup.manager [-] Deleting neutron.port object s_rally_dc6485dc_Elw7G7uQ (98ad013b-70be-4c0a-97a0-8c28ff16899c)
2019-12-16 03:32:14.464 13785 RALLYDEBUG rally_openstack.cleanup.manager [-] Deleting neutron.port object s_rally_dc6485dc_OPWGsA09 (5c52f535-e31a-4612-9918-ada3a8e7d7e4)
2019-12-16 03:32:14.492 13785 RALLYDEBUG rally_openstack.cleanup.manager [-] Deleting neutron.port object s_rally_dc6485dc_08Qk8L7z (f40f3284-e3d0-4b57-9269-2b12051b07af)
2019-12-16 03:32:14.502 13785 RALLYDEBUG rally_openstack.cleanup.manager [-] Deleting neutron.port object s_rally_dc6485dc_2zNc3Jw1 (f68b0440-76ee-4606-a4b5-7c4830926f25)
2019-12-16 03:32:21.273 13785 RALLYDEBUG rally_openstack.cleanup.manager [-] Cleaning up neutron subnet objects
2019-12-16 03:32:22.760 13785 RALLYDEBUG rally_openstack.cleanup.manager [-] Deleting neutron.subnet object s_rally_dc6485dc_7SixqFGL (511a19d6-6067-45f6-a3bc-5d48713a8d4e)
2019-12-16 03:32:22.770 13785 RALLYDEBUG rally_openstack.cleanup.manager [-] Deleting neutron.subnet object s_rally_dc6485dc_MOPZLMGW (75df1f18-278d-4897-9a38-26ed0c6ff6d0)
2019-12-16 03:32:22.778 13785 RALLYDEBUG rally_openstack.cleanup.manager [-] Deleting neutron.subnet object s_rally_dc6485dc_DOxPGphR (9ded1e5a-3efb-47e1-a89d-81dcd4f2f217)
2019-12-16 03:32:22.782 13785 RALLYDEBUG rally_openstack.cleanup.manager [-] Deleting neutron.subnet object s_rally_dc6485dc_Qv9XTJv2 (a5575fc9-1ba0-49bb-80d3-feab25ab22b9)
2019-12-16 03:32:22.797 13785 RALLYDEBUG rally_openstack.cleanup.manager [-] Deleting neutron.subnet object s_rally_dc6485dc_Ilz1iQuH (dd226729-eafd-4ea0-8936-02a1e5779f97)
2019-12-16 03:32:22.811 13785 RALLYDEBUG rally_openstack.cleanup.manager [-] Deleting neutron.subnet object s_rally_dc6485dc_TrKYVJ5u (eea4dca4-db23-4c44-9042-17968ac3901d)
2019-12-16 03:32:22.825 13785 RALLYDEBUG rally_openstack.cleanup.manager [-] Deleting neutron.subnet object s_rally_dc6485dc_hLJPydze (0308b2b6-a5af-42a2-939b-96df87d1a8dc)
2019-12-16 03:32:22.836 13785 RALLYDEBUG rally_openstack.cleanup.manager [-] Deleting neutron.subnet object s_rally_dc6485dc_rIndQvve (03d9c43b-dabf-4067-be42-8bcc07f30179)
2019-12-16 03:32:22.855 13785 RALLYDEBUG rally_openstack.cleanup.manager [-] Deleting neutron.subnet object s_rally_dc6485dc_AoEQCSQj (18507dad-aec2-4c22-b6dd-2df584f19eec)
2019-12-16 03:32:22.871 13785 RALLYDEBUG rally_openstack.cleanup.manager [-] Deleting neutron.subnet object s_rally_dc6485dc_9TSlkqSd (46c25f4e-795a-45a9-a759-d97227ebf438)
2019-12-16 03:32:22.876 13785 RALLYDEBUG rally_openstack.cleanup.manager [-] Deleting neutron.subnet object s_rally_dc6485dc_rYnXUpnA (543d0b31-ca39-4a05-b02d-47657c58dbfb)
2019-12-16 03:32:22.889 13785 RALLYDEBUG rally_openstack.cleanup.manager [-] Deleting neutron.subnet object s_rally_dc6485dc_viXBpPdu (66b1ba38-e9f7-43f5-9b6b-700457e98bbd)
2019-12-16 03:32:22.910 13785 RALLYDEBUG rally_openstack.cleanup.manager [-] Deleting neutron.subnet object s_rally_dc6485dc_DBVcKRmr (893c0c31-7382-432a-9201-96cf37fa2dac)
2019-12-16 03:32:22.923 13785 RALLYDEBUG rally_openstack.cleanup.manager [-] Deleting neutron.subnet object s_rally_dc6485dc_yNP71nZY (9894dbba-e785-4584-90eb-db829b659762)
2019-12-16 03:32:22.931 13785 RALLYDEBUG rally_openstack.cleanup.manager [-] Deleting neutron.subnet object s_rally_dc6485dc_z4FGgqfl (ccbaebf1-18c2-4693-a78f-8d6fe2393a84)
2019-12-16 03:32:22.942 13785 RALLYDEBUG rally_openstack.cleanup.manager [-] Deleting neutron.subnet object s_rally_dc6485dc_8pOThLry (eee64202-910c-4225-b432-7feb543cf9c3)
2019-12-16 03:32:22.948 13785 RALLYDEBUG rally_openstack.cleanup.manager [-] Deleting neutron.subnet object s_rally_dc6485dc_W81eB9Wb (5837d331-99a9-483a-b31c-ff41c7036ef6)
2019-12-16 03:32:22.954 13785 RALLYDEBUG rally_openstack.cleanup.manager [-] Deleting neutron.subnet object s_rally_dc6485dc_DPppDQAe (650c79f8-96aa-45a2-a056-4dc47d5c125e)
2019-12-16 03:32:22.976 13785 RALLYDEBUG rally_openstack.cleanup.manager [-] Deleting neutron.subnet object s_rally_dc6485dc_FstJu3Ef (6e2a00b5-16bd-4a50-b5d1-aea34579ea5c)
2019-12-16 03:32:22.989 13785 RALLYDEBUG rally_openstack.cleanup.manager [-] Deleting neutron.subnet object s_rally_dc6485dc_qD5fT1E5 (9bec6106-ae34-4e76-b19d-17fa829d43ed)
2019-12-16 03:32:30.522 13785 RALLYDEBUG rally_openstack.cleanup.manager [-] Cleaning up neutron network objects
2019-12-16 03:32:31.791 13785 RALLYDEBUG rally_openstack.cleanup.manager [-] Deleting neutron.network object s_rally_dc6485dc_bzBS45nD (46341afc-994a-4595-8f23-b26a1de24c35)
2019-12-16 03:32:31.801 13785 RALLYDEBUG rally_openstack.cleanup.manager [-] Deleting neutron.network object s_rally_dc6485dc_UP5VPZyL (7ffdff94-336c-442f-9bfb-c2b989f92d12)
2019-12-16 03:32:31.810 13785 RALLYDEBUG rally_openstack.cleanup.manager [-] Deleting neutron.network object s_rally_dc6485dc_2K1VlKGI (e4bf59e5-19ae-4e94-9493-f40dea81733a)
2019-12-16 03:32:31.814 13785 RALLYDEBUG rally_openstack.cleanup.manager [-] Deleting neutron.network object s_rally_dc6485dc_90xCmUi6 (096c3829-91c5-45ff-af67-cdd44f8df44a)
2019-12-16 03:32:31.828 13785 RALLYDEBUG rally_openstack.cleanup.manager [-] Deleting neutron.network object s_rally_dc6485dc_wXxKAFAy (6a527d1f-f55a-4cf1-ab0e-79f1793ac2b3)
2019-12-16 03:32:31.838 13785 RALLYDEBUG rally_openstack.cleanup.manager [-] Deleting neutron.network object s_rally_dc6485dc_DlbUa0Qb (704c14e5-3d42-48f3-a69c-ce134b806b5b)
2019-12-16 03:32:31.844 13785 RALLYDEBUG rally_openstack.cleanup.manager [-] Deleting neutron.network object s_rally_dc6485dc_CWCXawjp (d961b57f-839f-4e1c-b29b-350aaef350d1)
2019-12-16 03:32:31.854 13785 RALLYDEBUG rally_openstack.cleanup.manager [-] Deleting neutron.network object s_rally_dc6485dc_RVQE2ZKE (e34c2f8c-895d-44f6-9e61-8d52dc6a21c1)
2019-12-16 03:32:31.869 13785 RALLYDEBUG rally_openstack.cleanup.manager [-] Deleting neutron.network object s_rally_dc6485dc_WbXef590 (13b6f0d0-3729-43fa-a01e-0aab46ec9f7c)
2019-12-16 03:32:31.882 13785 RALLYDEBUG rally_openstack.cleanup.manager [-] Deleting neutron.network object s_rally_dc6485dc_6dyvXMXx (6757e543-cbe3-4e54-bc66-b1483ba7eb8f)
2019-12-16 03:32:34.438 13785 RALLYDEBUG rally_openstack.cleanup.manager [-] Cleaning up neutron router objects
2019-12-16 03:32:35.780 13785 RALLYDEBUG rally_openstack.cleanup.manager [-] Deleting neutron.router object s_rally_dc6485dc_BiFqKbLB (13c6fd2a-e410-43cc-b51d-72a045a6e848)
2019-12-16 03:32:35.790 13785 RALLYDEBUG rally_openstack.cleanup.manager [-] Deleting neutron.router object s_rally_dc6485dc_b1mO1kih (1da5f59d-f086-4c4a-9081-31203c9b6c1b)
2019-12-16 03:32:35.799 13785 RALLYDEBUG rally_openstack.cleanup.manager [-] Deleting neutron.router object s_rally_dc6485dc_hdCPKnTA (7e128ac2-9dc5-4b4f-b177-ac11326520fe)
2019-12-16 03:32:35.807 13785 RALLYDEBUG rally_openstack.cleanup.manager [-] Deleting neutron.router object s_rally_dc6485dc_hWPUkUeL (a2e73fd7-5efe-49b0-85ab-65a587b50ee5)
2019-12-16 03:32:35.814 13785 RALLYDEBUG rally_openstack.cleanup.manager [-] Deleting neutron.router object s_rally_dc6485dc_2iUkZveP (aaa15abc-09f4-4580-8b8b-ef62c2e1fa91)
2019-12-16 03:32:35.837 13785 RALLYDEBUG rally_openstack.cleanup.manager [-] Deleting neutron.router object s_rally_dc6485dc_wx92n3me (b3e4a9af-0918-454b-9612-14cf8c8ebfb6)
2019-12-16 03:32:35.843 13785 RALLYDEBUG rally_openstack.cleanup.manager [-] Deleting neutron.router object s_rally_dc6485dc_dAmjO8ju (13c8ce7c-55e8-4d05-b3f2-47138e6dc73d)
2019-12-16 03:32:35.855 13785 RALLYDEBUG rally_openstack.cleanup.manager [-] Deleting neutron.router object s_rally_dc6485dc_HPU6eOel (17e09678-2ab9-4bc0-bb80-16d7e165b0d6)
2019-12-16 03:32:35.879 13785 RALLYDEBUG rally_openstack.cleanup.manager [-] Deleting neutron.router object s_rally_dc6485dc_t2CvYV14 (3dead1f6-88fb-41c2-a74c-5b0adc69d122)
2019-12-16 03:32:35.889 13785 RALLYDEBUG rally_openstack.cleanup.manager [-] Deleting neutron.router object s_rally_dc6485dc_EqtC1qje (61ccfad7-6a57-4163-960a-526138873292)
2019-12-16 03:32:35.903 13785 RALLYDEBUG rally_openstack.cleanup.manager [-] Deleting neutron.router object s_rally_dc6485dc_WUDXKnHD (629075d2-139b-48b1-ac06-fd094795d2d6)
2019-12-16 03:32:35.908 13785 RALLYDEBUG rally_openstack.cleanup.manager [-] Deleting neutron.router object s_rally_dc6485dc_dH4XQZVZ (96c55c51-fe31-4474-8376-05f3c8218ca0)
2019-12-16 03:32:35.928 13785 RALLYDEBUG rally_openstack.cleanup.manager [-] Deleting neutron.router object s_rally_dc6485dc_mSPQVYb4 (c3880c9e-7fc8-427c-9311-107cb3d8f22d)
2019-12-16 03:32:35.938 13785 RALLYDEBUG rally_openstack.cleanup.manager [-] Deleting neutron.router object s_rally_dc6485dc_zlMnoqym (d7487e2d-a79b-461a-a769-5a95ec1006b6)
2019-12-16 03:32:35.960 13785 RALLYDEBUG rally_openstack.cleanup.manager [-] Deleting neutron.router object s_rally_dc6485dc_7MxGRt6d (f860203a-7b1b-421f-a1e1-812d1384f7b6)
2019-12-16 03:32:35.969 13785 RALLYDEBUG rally_openstack.cleanup.manager [-] Deleting neutron.router object s_rally_dc6485dc_niELjsIx (fefa1ed1-1551-4564-bbc6-621478c32c2d)
2019-12-16 03:32:35.980 13785 RALLYDEBUG rally_openstack.cleanup.manager [-] Deleting neutron.router object s_rally_dc6485dc_08Qk8L7z (015831c9-dc97-4cb0-b27a-832b3068a1f2)
2019-12-16 03:32:35.998 13785 RALLYDEBUG rally_openstack.cleanup.manager [-] Deleting neutron.router object s_rally_dc6485dc_Elw7G7uQ (2646121b-a557-4fec-84f9-0ddf3e466981)
2019-12-16 03:32:36.012 13785 RALLYDEBUG rally_openstack.cleanup.manager [-] Deleting neutron.router object s_rally_dc6485dc_OPWGsA09 (680cc166-715e-4dd9-8c0a-f3b8e0d60838)
2019-12-16 03:32:36.019 13785 RALLYDEBUG rally_openstack.cleanup.manager [-] Deleting neutron.router object s_rally_dc6485dc_2zNc3Jw1 (7ed71cf0-1eab-409d-96b3-a04da429445a)
2019-12-16 03:32:38.497 13785 RALLYDEBUG rally_openstack.cleanup.manager [-] Cleaning up neutron security_group objects
2019-12-16 03:32:39.701 13785 INFO rally.task.context [-] Task a17d2ce6-4f4c-438d-bb8b-c9a3a19701c8 | Context cleanup@openstack cleanup() finished in 33.87 sec
2019-12-16 03:32:39.702 13785 INFO rally.task.context [-] Task a17d2ce6-4f4c-438d-bb8b-c9a3a19701c8 | Context quotas@openstack cleanup() started
2019-12-16 03:32:39.878 13785 INFO rally.task.context [-] Task a17d2ce6-4f4c-438d-bb8b-c9a3a19701c8 | Context quotas@openstack cleanup() finished in 0.18 sec
2019-12-16 03:32:39.878 13785 INFO rally.task.context [-] Task a17d2ce6-4f4c-438d-bb8b-c9a3a19701c8 | Context users@openstack cleanup() started
2019-12-16 03:32:43.867 13785 INFO rally.task.context [-] Task a17d2ce6-4f4c-438d-bb8b-c9a3a19701c8 | Context users@openstack cleanup() finished in 3.99 sec
2019-12-16 03:32:44.057 13785 INFO rally.task.engine [-] Load duration is: 18.747993
2019-12-16 03:32:44.057 13785 INFO rally.task.engine [-] Full runner duration is: 18.794189
2019-12-16 03:32:44.057 13785 INFO rally.task.engine [-] Full duration is: 60.217156
2019-12-16 03:32:44.412 13785 INFO rally.task.engine [-] Running workload: position = 0 config = { "version": 2, "title": "A cropped version of a bigger task.", "description": "Auto-generated task from a single workload (uuid=85ba1e00-d009-4d12-9b49-9adb28821a55)", "subtasks": [ { "title": "NeutronNetworks.create_and_show_subnets", "description": "Create and show a subnet details.", "scenario": { "NeutronNetworks.create_and_show_subnets": { "subnets_per_network": 2 } }, "contexts": { "users": { "tenants": 3, "users_per_tenant": 2 }, "network": { "router": {} }, "quotas": { "neutron": { "network": -1, "subnet": -1 } } }, "runner": { "constant": { "concurrency": 4, "times": 10 } }, "hooks": [], "sla": { "failure_rate": { "max": 0 } } } ] }
2019-12-16 03:32:44.438 13785 RALLYDEBUG rally_openstack.contexts.keystone.users [-] Creating 3 tenants using 20 threads
2019-12-16 03:32:45.349 13785 RALLYDEBUG rally_openstack.contexts.keystone.users [-] Creating 6 users using 20 threads
2019-12-16 03:32:46.824 13785 INFO rally.task.context [-] Task a17d2ce6-4f4c-438d-bb8b-c9a3a19701c8 | Context users@openstack setup() finished in 2.39 sec
2019-12-16 03:32:47.616 13785 INFO rally.task.context [-] Task a17d2ce6-4f4c-438d-bb8b-c9a3a19701c8 | Context quotas@openstack setup() finished in 0.79 sec
2019-12-16 03:32:48.163 13785 RALLYDEBUG rally_openstack.wrappers.network [-] CIDR generated: 10.2.95.0/24
2019-12-16 03:32:49.248 13785 RALLYDEBUG rally_openstack.wrappers.network [-] CIDR generated: 10.2.96.0/24
2019-12-16 03:32:50.004 13785 RALLYDEBUG rally_openstack.wrappers.network [-] CIDR generated: 10.2.97.0/24
2019-12-16 03:32:50.814 13785 INFO rally.task.context [-] Task a17d2ce6-4f4c-438d-bb8b-c9a3a19701c8 | Context network@openstack setup() finished in 3.20 sec
2019-12-16 03:32:50.815 13785 INFO rally.task.context [-] Task a17d2ce6-4f4c-438d-bb8b-c9a3a19701c8 | Context cleanup@openstack setup() finished in 0.01 msec
2019-12-16 03:32:50.824 13785 RALLYDEBUG rally.task.runner [-] Starting the constant runner (task UUID: a17d2ce6-4f4c-438d-bb8b-c9a3a19701c8). times: 10 concurrency: 4 timeout: 0 max_cpu_used: 16 processes_to_start: 4 concurrency_per_worker: 1 concurrency_overhead: 0
2019-12-16 03:32:50.836 20125 RALLYDEBUG rally.task.runner [-] Starting a worker. times: 10 duration: None concurrency: 1 timeout: 0 cls: method_name: run args: {"subnets_per_network": 2}
2019-12-16 03:32:50.839 20126 RALLYDEBUG rally.task.runner [-] Starting a worker. times: 10 duration: None concurrency: 1 timeout: 0 cls: method_name: run args: {"subnets_per_network": 2}
2019-12-16 03:32:50.843 20125 INFO rally.task.runner [-] Task a17d2ce6-4f4c-438d-bb8b-c9a3a19701c8 | ITER: 1 START
2019-12-16 03:32:50.843 20127 RALLYDEBUG rally.task.runner [-] Starting a worker. times: 10 duration: None concurrency: 1 timeout: 0 cls: method_name: run args: {"subnets_per_network": 2}
2019-12-16 03:32:50.845 20125 RALLYDEBUG rally_openstack.wrappers.network [-] CIDR generated: 10.2.98.0/24
2019-12-16 03:32:50.846 20126 INFO rally.task.runner [-] Task a17d2ce6-4f4c-438d-bb8b-c9a3a19701c8 | ITER: 2 START
2019-12-16 03:32:50.846 20128 RALLYDEBUG rally.task.runner [-] Starting a worker. times: 10 duration: None concurrency: 1 timeout: 0 cls: method_name: run args: {"subnets_per_network": 2}
2019-12-16 03:32:50.849 20126 RALLYDEBUG rally_openstack.wrappers.network [-] CIDR generated: 10.2.99.0/24
2019-12-16 03:32:50.849 20127 INFO rally.task.runner [-] Task a17d2ce6-4f4c-438d-bb8b-c9a3a19701c8 | ITER: 3 START
2019-12-16 03:32:50.852 20127 RALLYDEBUG rally_openstack.wrappers.network [-] CIDR generated: 10.2.100.0/24
2019-12-16 03:32:50.853 20128 INFO rally.task.runner [-] Task a17d2ce6-4f4c-438d-bb8b-c9a3a19701c8 | ITER: 4 START
2019-12-16 03:32:50.856 20128 RALLYDEBUG rally_openstack.wrappers.network [-] CIDR generated: 10.2.101.0/24
2019-12-16 03:32:51.843 20128 RALLYDEBUG rally_openstack.wrappers.network [-] CIDR generated: 10.2.102.0/24
2019-12-16 03:32:52.163 20126 RALLYDEBUG rally_openstack.wrappers.network [-] CIDR generated: 10.2.103.0/24
2019-12-16 03:32:52.454 20127 RALLYDEBUG rally_openstack.wrappers.network [-] CIDR generated: 10.2.104.0/24
2019-12-16 03:32:52.455 20125 RALLYDEBUG rally_openstack.wrappers.network [-] CIDR generated: 10.2.105.0/24
2019-12-16 03:32:52.892 20126 INFO rally.task.runner [-] Task a17d2ce6-4f4c-438d-bb8b-c9a3a19701c8 | ITER: 2 END: OK
2019-12-16 03:32:52.897 20126 INFO rally.task.runner [-] Task a17d2ce6-4f4c-438d-bb8b-c9a3a19701c8 | ITER: 5 START
2019-12-16 03:32:52.898 20126 RALLYDEBUG rally_openstack.wrappers.network [-] CIDR generated: 10.2.106.0/24
2019-12-16 03:32:53.001 20128 INFO rally.task.runner [-] Task a17d2ce6-4f4c-438d-bb8b-c9a3a19701c8 | ITER: 4 END: OK
2019-12-16 03:32:53.006 20128 INFO rally.task.runner [-] Task a17d2ce6-4f4c-438d-bb8b-c9a3a19701c8 | ITER: 6 START
2019-12-16 03:32:53.007 20128 RALLYDEBUG rally_openstack.wrappers.network [-] CIDR generated: 10.2.107.0/24
2019-12-16 03:32:53.223 20127 INFO rally.task.runner [-] Task a17d2ce6-4f4c-438d-bb8b-c9a3a19701c8 | ITER: 3 END: OK
2019-12-16 03:32:53.228 20127 INFO rally.task.runner [-] Task a17d2ce6-4f4c-438d-bb8b-c9a3a19701c8 | ITER: 7 START
2019-12-16 03:32:53.229 20127 RALLYDEBUG rally_openstack.wrappers.network [-] CIDR generated: 10.2.108.0/24
2019-12-16 03:32:53.353 20125 INFO rally.task.runner [-] Task a17d2ce6-4f4c-438d-bb8b-c9a3a19701c8 | ITER: 1 END: OK
2019-12-16 03:32:53.358 20125 INFO rally.task.runner [-] Task a17d2ce6-4f4c-438d-bb8b-c9a3a19701c8 | ITER: 8 START
2019-12-16 03:32:53.359 20125 RALLYDEBUG rally_openstack.wrappers.network [-] CIDR generated: 10.2.109.0/24
2019-12-16 03:32:54.032 20128 RALLYDEBUG rally_openstack.wrappers.network [-] CIDR generated: 10.2.110.0/24
2019-12-16 03:32:54.032 20126 RALLYDEBUG rally_openstack.wrappers.network [-] CIDR generated: 10.2.111.0/24
2019-12-16 03:32:54.239 20125 RALLYDEBUG rally_openstack.wrappers.network [-] CIDR generated: 10.2.112.0/24
2019-12-16 03:32:54.379 20127 RALLYDEBUG rally_openstack.wrappers.network [-] CIDR generated: 10.2.113.0/24
2019-12-16 03:32:54.764 20128 INFO rally.task.runner [-] Task a17d2ce6-4f4c-438d-bb8b-c9a3a19701c8 | ITER: 6 END: OK
2019-12-16 03:32:54.767 20128 INFO rally.task.runner [-] Task a17d2ce6-4f4c-438d-bb8b-c9a3a19701c8 | ITER: 9 START
2019-12-16 03:32:54.768 20128 RALLYDEBUG rally_openstack.wrappers.network [-] CIDR generated: 10.2.114.0/24
2019-12-16 03:32:55.078 20125 INFO rally.task.runner [-] Task a17d2ce6-4f4c-438d-bb8b-c9a3a19701c8 | ITER: 8 END: OK
2019-12-16 03:32:55.082 20125 INFO rally.task.runner [-] Task a17d2ce6-4f4c-438d-bb8b-c9a3a19701c8 | ITER: 10 START
2019-12-16 03:32:55.083 20125 RALLYDEBUG rally_openstack.wrappers.network [-] CIDR generated: 10.2.115.0/24
2019-12-16 03:32:55.083 20126 INFO rally.task.runner [-] Task a17d2ce6-4f4c-438d-bb8b-c9a3a19701c8 | ITER: 5 END: OK
2019-12-16 03:32:55.172 20127 INFO rally.task.runner [-] Task a17d2ce6-4f4c-438d-bb8b-c9a3a19701c8 | ITER: 7 END: OK
2019-12-16 03:32:55.727 20128 RALLYDEBUG rally_openstack.wrappers.network [-] CIDR generated: 10.2.116.0/24
2019-12-16 03:32:55.950 20125 RALLYDEBUG rally_openstack.wrappers.network [-] CIDR generated: 10.2.117.0/24
2019-12-16 03:32:56.648 20128 INFO rally.task.runner [-] Task a17d2ce6-4f4c-438d-bb8b-c9a3a19701c8 | ITER: 9 END: OK
