2019-12-16 03:54:07.569 21705 INFO rally.task.runner [-] Task 5c4ae9b0-0d7d-428b-8cce-b39aab5a9323 | ITER: 3 START
2019-12-16 03:54:07.573 21706 INFO rally.task.runner [-] Task 5c4ae9b0-0d7d-428b-8cce-b39aab5a9323 | ITER: 4 START
2019-12-16 03:54:23.354 21703 RALLYDEBUG rally.task.utils [-] Waiting for resource s_rally_7690494c_u8pElq5a. Status changed: DOWNLOADING => AVAILABLE in 12.558170557022095
2019-12-16 03:54:30.207 21705 RALLYDEBUG rally.task.utils [-] Waiting for resource s_rally_7690494c_JRkkcjlw. Status changed: DOWNLOADING => AVAILABLE in 18.765089988708496
2019-12-16 03:54:32.858 21703 RALLYDEBUG rally.task.utils [-] Waiting for resource s_rally_7690494c_6areayAP. Status changed: BUILD => ACTIVE in 7.203594207763672
2019-12-16 03:54:32.860 21703 INFO rally.task.runner [-] Task 5c4ae9b0-0d7d-428b-8cce-b39aab5a9323 | ITER: 1 END: OK
2019-12-16 03:54:32.868 21703 INFO rally.task.runner [-] Task 5c4ae9b0-0d7d-428b-8cce-b39aab5a9323 | ITER: 5 START
2019-12-16 03:54:37.356 21705 RALLYDEBUG rally.task.utils [-] Waiting for resource s_rally_7690494c_fNXszsuF. Status changed: BUILD => ACTIVE in 4.683777093887329
2019-12-16 03:54:37.356 21705 INFO rally.task.runner [-] Task 5c4ae9b0-0d7d-428b-8cce-b39aab5a9323 | ITER: 3 END: OK
2019-12-16 03:54:37.363 21705 INFO rally.task.runner [-] Task 5c4ae9b0-0d7d-428b-8cce-b39aab5a9323 | ITER: 6 START
2019-12-16 03:54:44.402 21704 RALLYDEBUG rally.task.utils [-] Waiting for resource s_rally_7690494c_bnHQviF1. Status changed: DOWNLOADING => AVAILABLE in 33.32224774360657
2019-12-16 03:54:46.280 21706 RALLYDEBUG rally.task.utils [-] Waiting for resource s_rally_7690494c_IulA1zk1. Status changed: DOWNLOADING => AVAILABLE in 35.2591986656189
2019-12-16 03:54:53.102 21706 RALLYDEBUG rally.task.utils [-] Waiting for resource s_rally_7690494c_LseK11nG. Status changed: BUILD => ACTIVE in 4.602004766464233
2019-12-16 03:54:53.102 21706 INFO rally.task.runner [-] Task 5c4ae9b0-0d7d-428b-8cce-b39aab5a9323 | ITER: 4 END: OK
2019-12-16 03:54:53.107 21706 INFO rally.task.runner [-] Task 5c4ae9b0-0d7d-428b-8cce-b39aab5a9323 | ITER: 7 START
2019-12-16 03:54:56.456 21703 RALLYDEBUG rally.task.utils [-] Waiting for resource s_rally_7690494c_XDInV2gC. Status changed: DOWNLOADING => AVAILABLE in 20.88736605644226
2019-12-16 03:54:56.496 21704 RALLYDEBUG rally.task.utils [-] Waiting for resource s_rally_7690494c_LWwYfAwO. Status changed: BUILD => ACTIVE in 9.308210611343384
2019-12-16 03:54:56.497 21704 INFO rally.task.runner [-] Task 5c4ae9b0-0d7d-428b-8cce-b39aab5a9323 | ITER: 2 END: OK
2019-12-16 03:54:56.504 21704 INFO rally.task.runner [-] Task 5c4ae9b0-0d7d-428b-8cce-b39aab5a9323 | ITER: 8 START
2019-12-16 03:55:05.391 21703 RALLYDEBUG rally.task.utils [-] Waiting for resource s_rally_7690494c_iwnWOnpw. Status changed: BUILD => ACTIVE in 6.820258617401123
2019-12-16 03:55:05.391 21703 INFO rally.task.runner [-] Task 5c4ae9b0-0d7d-428b-8cce-b39aab5a9323 | ITER: 5 END: OK
2019-12-16 03:55:05.396 21703 INFO rally.task.runner [-] Task 5c4ae9b0-0d7d-428b-8cce-b39aab5a9323 | ITER: 9 START
2019-12-16 03:55:10.969 21706 RALLYDEBUG rally.task.utils [-] Waiting for resource s_rally_7690494c_0QeWr6JP. Status changed: DOWNLOADING => AVAILABLE in 14.584874391555786
2019-12-16 03:55:13.045 21703 RALLYDEBUG rally.task.utils [-] Waiting for resource s_rally_7690494c_OEQF8m08. Status changed: CREATING => DOWNLOADING in 4.245601177215576
2019-12-16 03:55:13.443 21705 RALLYDEBUG rally.task.utils [-] Waiting for resource s_rally_7690494c_brlULgtn. Status changed: DOWNLOADING => AVAILABLE in 33.2755491733551
2019-12-16 03:55:20.320 21706 RALLYDEBUG rally.task.utils [-] Waiting for resource s_rally_7690494c_Qg6s9ZxB. Status changed: BUILD => ACTIVE in 6.963266372680664
2019-12-16 03:55:20.321 21706 INFO rally.task.runner [-] Task 5c4ae9b0-0d7d-428b-8cce-b39aab5a9323 | ITER: 7 END: OK
2019-12-16 03:55:20.326 21706 INFO rally.task.runner [-] Task 5c4ae9b0-0d7d-428b-8cce-b39aab5a9323 | ITER: 10 START
2019-12-16 03:55:22.409 21704 RALLYDEBUG rally.task.utils [-] Waiting for resource s_rally_7690494c_djwDd1ZN. Status changed: DOWNLOADING => AVAILABLE in 22.840762853622437
2019-12-16 03:55:25.125 21705 RALLYDEBUG rally.task.utils [-] Waiting for resource s_rally_7690494c_lPaSApsB. Status changed: BUILD => ACTIVE in 9.297247886657715
2019-12-16 03:55:25.126 21705 INFO rally.task.runner [-] Task 5c4ae9b0-0d7d-428b-8cce-b39aab5a9323 | ITER: 6 END: OK
2019-12-16 03:55:32.227 21704 RALLYDEBUG rally.task.utils [-] Waiting for resource s_rally_7690494c_D6iaRXNC. Status changed: BUILD => ACTIVE in 7.059753656387329
2019-12-16 03:55:32.227 21704 INFO rally.task.runner [-] Task 5c4ae9b0-0d7d-428b-8cce-b39aab5a9323 | ITER: 8 END: OK
2019-12-16 03:55:33.677 21703 RALLYDEBUG rally.task.utils [-] Waiting for resource s_rally_7690494c_OEQF8m08. Status changed: DOWNLOADING => AVAILABLE in 20.632033348083496
2019-12-16 03:55:40.633 21703 RALLYDEBUG rally.task.utils [-] Waiting for resource s_rally_7690494c_l5CYkEGA. Status changed: BUILD => ACTIVE in 4.698194265365601
2019-12-16 03:55:40.634 21703 INFO rally.task.runner [-] Task 5c4ae9b0-0d7d-428b-8cce-b39aab5a9323 | ITER: 9 END: OK
2019-12-16 03:55:41.826 21706 RALLYDEBUG rally.task.utils [-] Waiting for resource s_rally_7690494c_3l4QYMHr. Status changed: DOWNLOADING => AVAILABLE in 18.71685290336609
2019-12-16 03:55:48.688 21706 RALLYDEBUG rally.task.utils [-] Waiting for resource s_rally_7690494c_0C6FsiE7. Status changed: BUILD => ACTIVE in 4.650927543640137
2019-12-16 03:55:48.689 21706 INFO rally.task.runner [-] Task 5c4ae9b0-0d7d-428b-8cce-b39aab5a9323 | ITER: 10 END: OK
2019-12-16 03:55:48.720 20411 INFO rally.task.context [-] Task 5c4ae9b0-0d7d-428b-8cce-b39aab5a9323 | Context cleanup@openstack cleanup() started
2019-12-16 03:55:48.724 20411 RALLYDEBUG rally_openstack.cleanup.manager [-] Cleaning up nova servers objects
2019-12-16 03:55:51.367 20411 RALLYDEBUG rally_openstack.cleanup.manager [-] Deleting nova.servers object s_rally_7690494c_D6iaRXNC (73bd0514-b937-492c-bb73-0ca3b3d94c55)
2019-12-16 03:55:51.376 20411 RALLYDEBUG rally_openstack.cleanup.manager [-] Deleting nova.servers object s_rally_7690494c_iwnWOnpw (912b928b-8e43-40e0-9c1a-c0a57fe7d8fc)
2019-12-16 03:55:51.385 20411 RALLYDEBUG rally_openstack.cleanup.manager [-] Deleting nova.servers object s_rally_7690494c_LseK11nG (4f65206d-7158-495e-9fe6-a0e31535dee4)
2019-12-16 03:55:51.394 20411 RALLYDEBUG rally_openstack.cleanup.manager [-] Deleting nova.servers object s_rally_7690494c_fNXszsuF (50778f31-de4d-4f80-82e6-330a743fe209)
2019-12-16 03:55:51.404 20411 RALLYDEBUG rally_openstack.cleanup.manager [-] Deleting nova.servers object s_rally_7690494c_6areayAP (32da80ca-59ed-401b-a710-4fd3afaf92bc)
2019-12-16 03:55:51.417 20411 RALLYDEBUG rally_openstack.cleanup.manager [-] Deleting nova.servers object s_rally_7690494c_0C6FsiE7 (81db3785-7f7a-42ba-890f-5a9bc6b14601)
2019-12-16 03:55:51.427 20411 RALLYDEBUG rally_openstack.cleanup.manager [-] Deleting nova.servers object s_rally_7690494c_LWwYfAwO (94c8c668-b871-4e28-8586-355c155ee884)
2019-12-16 03:55:51.446 20411 RALLYDEBUG rally_openstack.cleanup.manager [-] Deleting nova.servers object s_rally_7690494c_l5CYkEGA (a33d9d76-4d00-4b67-8b35-1eceb41e3f40)
2019-12-16 03:55:51.465 20411 RALLYDEBUG rally_openstack.cleanup.manager [-] Deleting nova.servers object s_rally_7690494c_lPaSApsB (0b55940c-ec42-4d7d-ac14-814bb74c67ed)
2019-12-16 03:55:51.486 20411 RALLYDEBUG rally_openstack.cleanup.manager [-] Deleting nova.servers object s_rally_7690494c_Qg6s9ZxB (2d8a55ba-cb17-4d63-ae63-8c5cae580f18)
2019-12-16 03:55:58.150 20411 RALLYDEBUG rally_openstack.cleanup.manager [-] Cleaning up nova server_groups objects
2019-12-16 03:55:59.250 20411 RALLYDEBUG rally_openstack.cleanup.manager [-] Cleaning up nova keypairs objects
2019-12-16 03:56:01.472 20411 RALLYDEBUG rally_openstack.cleanup.manager [-] Cleaning up cinder backups objects
2019-12-16 03:56:02.646 20411 RALLYDEBUG rally_openstack.cleanup.manager [-] Cleaning up cinder volume_snapshots objects
2019-12-16 03:56:04.430 20411 RALLYDEBUG rally_openstack.cleanup.manager [-] Cleaning up cinder transfers objects
2019-12-16 03:56:06.073 20411 RALLYDEBUG rally_openstack.cleanup.manager [-] Cleaning up cinder volumes objects
2019-12-16 03:56:07.290 20411 RALLYDEBUG rally_openstack.cleanup.manager [-] Deleting cinder.volumes object s_rally_7690494c_djwDd1ZN (17db26b5-6063-46a6-b8c5-f04eaa04b8d1)
2019-12-16 03:56:07.299 20411 RALLYDEBUG rally_openstack.cleanup.manager [-] Deleting cinder.volumes object s_rally_7690494c_XDInV2gC (2d0cc7e9-41aa-4136-bbfd-a95fa0511067)
2019-12-16 03:56:07.308 20411 RALLYDEBUG rally_openstack.cleanup.manager [-] Deleting cinder.volumes object s_rally_7690494c_u8pElq5a (5025d92a-3499-4e57-a4ba-d6f98e518a68)
2019-12-16 03:56:07.311 20411 RALLYDEBUG rally_openstack.cleanup.manager [-] Deleting cinder.volumes object s_rally_7690494c_JRkkcjlw (28dd90c4-4379-45d1-abe7-0594898333fe)
2019-12-16 03:56:07.326 20411 RALLYDEBUG rally_openstack.cleanup.manager [-] Deleting cinder.volumes object s_rally_7690494c_IulA1zk1 (128ee7d5-4315-476a-aab8-389d66f9118f)
2019-12-16 03:56:07.343 20411 RALLYDEBUG rally_openstack.cleanup.manager [-] Deleting cinder.volumes object s_rally_7690494c_3l4QYMHr (6e9bebf6-995c-4cb5-a62a-ace98771e5c6)
2019-12-16 03:56:07.360 20411 RALLYDEBUG rally_openstack.cleanup.manager [-] Deleting cinder.volumes object s_rally_7690494c_bnHQviF1 (4127ba6e-8f66-4641-bcd5-4a739b2bce76)
2019-12-16 03:56:07.368 20411 RALLYDEBUG rally_openstack.cleanup.manager [-] Deleting cinder.volumes object s_rally_7690494c_OEQF8m08 (cbb085c4-0ca9-44ee-b001-ad7bcc092f88)
2019-12-16 03:56:07.371 20411 RALLYDEBUG rally_openstack.cleanup.manager [-] Deleting cinder.volumes object s_rally_7690494c_0QeWr6JP (a2dd36b7-7a29-47f3-bd7a-9ae04863c885)
2019-12-16 03:56:07.393 20411 RALLYDEBUG rally_openstack.cleanup.manager [-] Deleting cinder.volumes object s_rally_7690494c_brlULgtn (2788282d-c783-47c5-b8ee-6cf1cbd7d70c)
2019-12-16 03:56:11.322 20411 INFO rally.task.context [-] Task 5c4ae9b0-0d7d-428b-8cce-b39aab5a9323 | Context cleanup@openstack cleanup() finished in 22.60 sec
2019-12-16 03:56:11.323 20411 INFO rally.task.context [-] Task 5c4ae9b0-0d7d-428b-8cce-b39aab5a9323 | Context api_versions@openstack cleanup() started
2019-12-16 03:56:11.323 20411 INFO rally.task.context [-] Task 5c4ae9b0-0d7d-428b-8cce-b39aab5a9323 | Context api_versions@openstack cleanup() finished in 0.39 msec
2019-12-16 03:56:11.324 20411 INFO rally.task.context [-] Task 5c4ae9b0-0d7d-428b-8cce-b39aab5a9323 | Context users@openstack cleanup() started
2019-12-16 03:56:15.364 20411 INFO rally.task.context [-] Task 5c4ae9b0-0d7d-428b-8cce-b39aab5a9323 | Context users@openstack cleanup() finished in 4.04 sec
2019-12-16 03:56:16.169 20411 INFO rally.task.engine [-] Load duration is: 100.122083
2019-12-16 03:56:16.169 20411 INFO rally.task.engine [-] Full runner duration is: 101.178549
2019-12-16 03:56:16.170 20411 INFO rally.task.engine [-] Full duration is: 131.750734
2019-12-16 03:56:16.519 20411 INFO rally.task.engine [-] Running workload: position = 0 config = { "version": 2, "title": "A cropped version of a bigger task.", "description": "Auto-generated task from a single workload (uuid=4bc8cec6-0e05-4453-9939-0385dd11bb09)", "subtasks": [ { "title": "NovaServers.boot_server", "description": "Boot a server.", "scenario": { "NovaServers.boot_server": { "flavor": { "name": "rally_full-flavor_102dc671-f436-4d4d-b368-5b0ed177eae0" }, "image": { "name": "rally_full-img_102dc671-f436-4d4d-b368-5b0ed177eae0" }, "nics": [ { "net-id": "c51c8544-d62f-4817-b7df-cb0981aba4ec" } ] } }, "contexts": { "users": { "tenants": 3, "users_per_tenant": 2 } }, "runner": { "constant": { "concurrency": 4, "times": 10 } }, "hooks": [], "sla": { "failure_rate": { "max": 0 } } } ] }
2019-12-16 03:56:16.543 20411 RALLYDEBUG rally_openstack.contexts.keystone.users [-] Creating 3 tenants using 20 threads
2019-12-16 03:56:17.575 20411 RALLYDEBUG rally_openstack.contexts.keystone.users [-] Creating 6 users using 20 threads
2019-12-16 03:56:19.169 20411 INFO rally.task.context [-] Task 5c4ae9b0-0d7d-428b-8cce-b39aab5a9323 | Context users@openstack setup() finished in 2.63 sec
2019-12-16 03:56:19.170 20411 INFO rally.task.context [-] Task 5c4ae9b0-0d7d-428b-8cce-b39aab5a9323 | Context cleanup@openstack setup() finished in 0.01 msec
2019-12-16 03:56:20.119 20411 RALLYDEBUG rally.task.runner [-] Starting the constant runner (task UUID: 5c4ae9b0-0d7d-428b-8cce-b39aab5a9323). times: 10 concurrency: 4 timeout: 0 max_cpu_used: 16 processes_to_start: 4 concurrency_per_worker: 1 concurrency_overhead: 0
2019-12-16 03:56:20.131 21947 RALLYDEBUG rally.task.runner [-] Starting a worker. times: 10 duration: None concurrency: 1 timeout: 0 cls: method_name: run args: {"flavor": "c1b316bb-9aea-40b2-9eed-8480abe7834e", "image": "02e2d7fc-4c21-4af2-9b3a-22bc0af0001a", "nics": [{"net-id": "c51c8544-d62f-4817-b7df-cb0981aba4ec"}]}
2019-12-16 03:56:20.135 21948 RALLYDEBUG rally.task.runner [-] Starting a worker. times: 10 duration: None concurrency: 1 timeout: 0 cls: method_name: run args: {"flavor": "c1b316bb-9aea-40b2-9eed-8480abe7834e", "image": "02e2d7fc-4c21-4af2-9b3a-22bc0af0001a", "nics": [{"net-id": "c51c8544-d62f-4817-b7df-cb0981aba4ec"}]}
2019-12-16 03:56:20.138 21947 INFO rally.task.runner [-] Task 5c4ae9b0-0d7d-428b-8cce-b39aab5a9323 | ITER: 1 START
2019-12-16 03:56:20.139 21949 RALLYDEBUG rally.task.runner [-] Starting a worker. times: 10 duration: None concurrency: 1 timeout: 0 cls: method_name: run args: {"flavor": "c1b316bb-9aea-40b2-9eed-8480abe7834e", "image": "02e2d7fc-4c21-4af2-9b3a-22bc0af0001a", "nics": [{"net-id": "c51c8544-d62f-4817-b7df-cb0981aba4ec"}]}
2019-12-16 03:56:20.141 21948 INFO rally.task.runner [-] Task 5c4ae9b0-0d7d-428b-8cce-b39aab5a9323 | ITER: 2 START
2019-12-16 03:56:20.142 21951 RALLYDEBUG rally.task.runner [-] Starting a worker. times: 10 duration: None concurrency: 1 timeout: 0 cls: method_name: run args: {"flavor": "c1b316bb-9aea-40b2-9eed-8480abe7834e", "image": "02e2d7fc-4c21-4af2-9b3a-22bc0af0001a", "nics": [{"net-id": "c51c8544-d62f-4817-b7df-cb0981aba4ec"}]}
2019-12-16 03:56:20.147 21949 INFO rally.task.runner [-] Task 5c4ae9b0-0d7d-428b-8cce-b39aab5a9323 | ITER: 3 START
2019-12-16 03:56:20.148 21951 INFO rally.task.runner [-] Task 5c4ae9b0-0d7d-428b-8cce-b39aab5a9323 | ITER: 4 START
2019-12-16 03:56:27.107 21949 RALLYDEBUG rally.task.utils [-] Waiting for resource s_rally_4bc8cec6_g0kEsAyw. Status changed: BUILD => ACTIVE in 4.568427801132202
2019-12-16 03:56:27.108 21949 INFO rally.task.runner [-] Task 5c4ae9b0-0d7d-428b-8cce-b39aab5a9323 | ITER: 3 END: OK
2019-12-16 03:56:27.113 21949 INFO rally.task.runner [-] Task 5c4ae9b0-0d7d-428b-8cce-b39aab5a9323 | ITER: 5 START
2019-12-16 03:56:27.243 21951 RALLYDEBUG rally.task.utils [-] Waiting for resource s_rally_4bc8cec6_MFcIkuUg. Status changed: BUILD => ACTIVE in 4.745202541351318
2019-12-16 03:56:27.243 21951 INFO rally.task.runner [-] Task 5c4ae9b0-0d7d-428b-8cce-b39aab5a9323 | ITER: 4 END: OK
2019-12-16 03:56:27.247 21951 INFO rally.task.runner [-] Task 5c4ae9b0-0d7d-428b-8cce-b39aab5a9323 | ITER: 6 START
2019-12-16 03:56:29.325 21948 RALLYDEBUG rally.task.utils [-] Waiting for resource s_rally_4bc8cec6_32gNvKoZ. Status changed: BUILD => ACTIVE in 6.7116193771362305
2019-12-16 03:56:29.325 21948 INFO rally.task.runner [-] Task 5c4ae9b0-0d7d-428b-8cce-b39aab5a9323 | ITER: 2 END: OK
2019-12-16 03:56:29.329 21948 INFO rally.task.runner [-] Task 5c4ae9b0-0d7d-428b-8cce-b39aab5a9323 | ITER: 7 START
2019-12-16 03:56:29.434 21947 RALLYDEBUG rally.task.utils [-] Waiting for resource s_rally_4bc8cec6_bQwwrnih. Status changed: BUILD => ACTIVE in 6.754758358001709
2019-12-16 03:56:29.434 21947 INFO rally.task.runner [-] Task 5c4ae9b0-0d7d-428b-8cce-b39aab5a9323 | ITER: 1 END: OK
2019-12-16 03:56:29.438 21947 INFO rally.task.runner [-] Task 5c4ae9b0-0d7d-428b-8cce-b39aab5a9323 | ITER: 8 START
2019-12-16 03:56:34.040 21951 RALLYDEBUG rally.task.utils [-] Waiting for resource s_rally_4bc8cec6_r205y78x. Status changed: BUILD => ACTIVE in 4.685395002365112
2019-12-16 03:56:34.041 21951 INFO rally.task.runner [-] Task 5c4ae9b0-0d7d-428b-8cce-b39aab5a9323 | ITER: 6 END: OK
2019-12-16 03:56:34.045 21951 INFO rally.task.runner [-] Task 5c4ae9b0-0d7d-428b-8cce-b39aab5a9323 | ITER: 9 START
2019-12-16 03:56:34.236 21949 RALLYDEBUG rally.task.utils [-] Waiting for resource s_rally_4bc8cec6_yiulpfwT. Status changed: BUILD => ACTIVE in 4.670901298522949
2019-12-16 03:56:34.236 21949 INFO rally.task.runner [-] Task 5c4ae9b0-0d7d-428b-8cce-b39aab5a9323 | ITER: 5 END: OK
2019-12-16 03:56:34.240 21949 INFO rally.task.runner [-] Task 5c4ae9b0-0d7d-428b-8cce-b39aab5a9323 | ITER: 10 START
2019-12-16 03:56:36.170 21948 RALLYDEBUG rally.task.utils [-] Waiting for resource s_rally_4bc8cec6_yWIyyhi7. Status changed: BUILD => ACTIVE in 4.565057754516602
2019-12-16 03:56:36.171 21948 INFO rally.task.runner [-] Task 5c4ae9b0-0d7d-428b-8cce-b39aab5a9323 | ITER: 7 END: OK
2019-12-16 03:56:40.412 21947 RALLYDEBUG rally.task.utils [-] Waiting for resource s_rally_4bc8cec6_YehENlV6. Status changed: BUILD => ACTIVE in 8.952447652816772
2019-12-16 03:56:40.414 21947 INFO rally.task.runner [-] Task 5c4ae9b0-0d7d-428b-8cce-b39aab5a9323 | ITER: 8 END: OK
2019-12-16 03:56:40.758 21951 RALLYDEBUG rally.task.utils [-] Waiting for resource s_rally_4bc8cec6_e2PDuh6r. Status changed: BUILD => ACTIVE in 4.6270527839660645
2019-12-16 03:56:40.761 21951 INFO rally.task.runner [-] Task 5c4ae9b0-0d7d-428b-8cce-b39aab5a9323 | ITER: 9 END: OK
2019-12-16 03:56:41.204 21949 RALLYDEBUG rally.task.utils [-] Waiting for resource s_rally_4bc8cec6_vKuItrck. Status changed: BUILD => ACTIVE in 4.5172858238220215
2019-12-16 03:56:41.206 21949 INFO rally.task.runner [-] Task 5c4ae9b0-0d7d-428b-8cce-b39aab5a9323 | ITER: 10 END: OK
2019-12-16 03:56:41.238 20411 INFO rally.task.context [-] Task 5c4ae9b0-0d7d-428b-8cce-b39aab5a9323 | Context cleanup@openstack cleanup() started
2019-12-16 03:56:41.242 20411 RALLYDEBUG rally_openstack.cleanup.manager [-] Cleaning up nova servers objects
2019-12-16 03:56:43.659 20411 RALLYDEBUG rally_openstack.cleanup.manager [-] Deleting nova.servers object s_rally_4bc8cec6_r205y78x (40ecd7db-b373-44fd-8129-8e37b6ca4326)
2019-12-16 03:56:43.669 20411 RALLYDEBUG rally_openstack.cleanup.manager [-] Deleting nova.servers object s_rally_4bc8cec6_32gNvKoZ (0691e053-1ead-4822-b9bd-0044f1b2b2ca)
2019-12-16 03:56:43.678 20411 RALLYDEBUG rally_openstack.cleanup.manager [-] Deleting nova.servers object s_rally_4bc8cec6_yiulpfwT (072b34a2-17c6-46bf-9793-7d45c797b721)
2019-12-16 03:56:43.682 20411 RALLYDEBUG rally_openstack.cleanup.manager [-] Deleting nova.servers object s_rally_4bc8cec6_MFcIkuUg (0037b1de-2683-4794-8fa8-c52828174f49)
2019-12-16 03:56:43.696 20411 RALLYDEBUG rally_openstack.cleanup.manager [-] Deleting nova.servers object s_rally_4bc8cec6_g0kEsAyw (c1ef6fda-cbe9-47b4-8328-822a863511be)
2019-12-16 03:56:43.713 20411 RALLYDEBUG rally_openstack.cleanup.manager [-] Deleting nova.servers object s_rally_4bc8cec6_e2PDuh6r (6a7e9520-e72c-45be-939f-84da5b67a0ee)
2019-12-16 03:56:43.731 20411 RALLYDEBUG rally_openstack.cleanup.manager [-] Deleting nova.servers object s_rally_4bc8cec6_vKuItrck (a6e0b828-b812-4e20-b77a-43847e0d4762)
2019-12-16 03:56:43.741 20411 RALLYDEBUG rally_openstack.cleanup.manager [-] Deleting nova.servers object s_rally_4bc8cec6_yWIyyhi7 (2e76f29b-af08-4d89-9939-0f73763759e2)
2019-12-16 03:56:43.753 20411 RALLYDEBUG rally_openstack.cleanup.manager [-] Deleting nova.servers object s_rally_4bc8cec6_YehENlV6 (87a827e9-24d3-447f-a81e-c563c3b81593)
2019-12-16 03:56:43.764 20411 RALLYDEBUG rally_openstack.cleanup.manager [-] Deleting nova.servers object s_rally_4bc8cec6_bQwwrnih (f7a17e54-e1df-4e61-9267-8679a1235d5e)
2019-12-16 03:56:49.326 20411 RALLYDEBUG rally_openstack.cleanup.manager [-] Cleaning up nova server_groups objects
2019-12-16 03:56:50.455 20411 RALLYDEBUG rally_openstack.cleanup.manager [-] Cleaning up nova keypairs objects
2019-12-16 03:56:52.698 20411 INFO rally.task.context [-] Task 5c4ae9b0-0d7d-428b-8cce-b39aab5a9323 | Context cleanup@openstack cleanup() finished in 11.46 sec
2019-12-16 03:56:52.699 20411 INFO rally.task.context [-] Task 5c4ae9b0-0d7d-428b-8cce-b39aab5a9323 | Context users@openstack cleanup() started
2019-12-16 03:56:56.676 20411 INFO rally.task.context [-] Task 5c4ae9b0-0d7d-428b-8cce-b39aab5a9323 | Context users@openstack cleanup() finished in 3.98 sec
2019-12-16 03:56:56.780 20411 INFO rally.task.engine [-] Load duration is: 20.066771
2019-12-16 03:56:56.780 20411 INFO rally.task.engine [-] Full runner duration is: 21.119662
2019-12-16 03:56:56.781 20411 INFO rally.task.engine [-] Full duration is: 40.134807
2019-12-16 03:56:57.124 20411 INFO rally.task.engine [-] Running workload: position = 0 config = { "version": 2, "title": "A cropped version of a bigger task.", "description": "Auto-generated task from a single workload (uuid=2e61fb92-d6aa-43f8-8862-e51493cf6860)", "subtasks": [ { "title": "NovaServers.list_servers", "description": "List all servers.", "scenario": { "NovaServers.list_servers": { "detailed": true } }, "contexts": { "users": { "tenants": 3, "users_per_tenant": 2 }, "servers": { "flavor": { "name": "rally_full-flavor_102dc671-f436-4d4d-b368-5b0ed177eae0" }, "image": { "name": "rally_full-img_102dc671-f436-4d4d-b368-5b0ed177eae0" }, "servers_per_tenant": 2, "auto_assign_nic": true }, "network": {} }, "runner": { "constant": { "concurrency": 4, "times": 10 } }, "hooks": [], "sla": { "failure_rate": { "max": 0 } } } ] }
2019-12-16 03:56:57.149 20411 RALLYDEBUG rally_openstack.contexts.keystone.users [-] Creating 3 tenants using 20 threads
2019-12-16 03:56:58.153 20411 RALLYDEBUG rally_openstack.contexts.keystone.users [-] Creating 6 users using 20 threads
2019-12-16 03:56:59.655 20411 INFO rally.task.context [-] Task 5c4ae9b0-0d7d-428b-8cce-b39aab5a9323 | Context users@openstack setup() finished in 2.51 sec
2019-12-16 03:57:02.223 20411 RALLYDEBUG rally_openstack.wrappers.network [-] CIDR generated: 10.2.15.0/24
2019-12-16 03:57:06.764 20411 RALLYDEBUG rally_openstack.wrappers.network [-] CIDR generated: 10.2.16.0/24
2019-12-16 03:57:10.701 20411 RALLYDEBUG rally_openstack.wrappers.network [-] CIDR generated: 10.2.17.0/24
2019-12-16 03:57:13.196 20411 INFO rally.task.context [-] Task 5c4ae9b0-0d7d-428b-8cce-b39aab5a9323 | Context network@openstack setup() finished in 13.54 sec
2019-12-16 03:57:14.034 20411 RALLYDEBUG rally_openstack.contexts.nova.servers [-] Booting servers for user tenant fbdad7a4047148b39d300c7e1fbc3641
2019-12-16 03:57:14.035 20411 RALLYDEBUG rally_openstack.contexts.nova.servers [-] Calling _boot_servers with image_id=02e2d7fc-4c21-4af2-9b3a-22bc0af0001a flavor_id=c1b316bb-9aea-40b2-9eed-8480abe7834e servers_per_tenant=2
2019-12-16 03:57:21.895 20411 RALLYDEBUG rally.task.utils [-] Waiting for resource s_rally_2e61fb92_vjL9GjWC_1. Status changed: BUILD => ACTIVE in 4.812864065170288
2019-12-16 03:57:22.098 20411 RALLYDEBUG rally.task.utils [-] Waiting for resource s_rally_2e61fb92_vjL9GjWC_0. Status changed: BUILD => ACTIVE in 0.20246076583862305
2019-12-16 03:57:22.098 20411 RALLYDEBUG rally_openstack.contexts.nova.servers [-] Adding booted servers ['224898d2-0aff-4724-9d4f-59a3a0603f22', '4c3c3d2a-52a1-422f-a22d-51a511ae2d88'] to context
2019-12-16 03:57:22.099 20411 RALLYDEBUG rally_openstack.contexts.nova.servers [-] Booting servers for user tenant 11b8d8525ddb4764b92073d3be87edc6
2019-12-16 03:57:22.099 20411 RALLYDEBUG rally_openstack.contexts.nova.servers [-] Calling _boot_servers with image_id=02e2d7fc-4c21-4af2-9b3a-22bc0af0001a flavor_id=c1b316bb-9aea-40b2-9eed-8480abe7834e servers_per_tenant=2
2019-12-16 03:57:31.892 20411 RALLYDEBUG rally.task.utils [-] Waiting for resource s_rally_2e61fb92_Li6E6DYu_1. Status changed: BUILD => ACTIVE in 6.680992364883423
2019-12-16 03:57:32.091 20411 RALLYDEBUG rally.task.utils [-] Waiting for resource s_rally_2e61fb92_Li6E6DYu_0. Status changed: BUILD => ACTIVE in 0.1989727020263672
2019-12-16 03:57:32.092 20411 RALLYDEBUG rally_openstack.contexts.nova.servers [-] Adding booted servers ['e587b425-ed24-494a-b96b-23bc811f96d1', '91b2d318-4c50-42c4-a0cc-d50b028ff0a3'] to context
2019-12-16 03:57:32.092 20411 RALLYDEBUG rally_openstack.contexts.nova.servers [-] Booting servers for user tenant 443051ea071845f6b8d99fb326c6be9b
2019-12-16 03:57:32.093 20411 RALLYDEBUG rally_openstack.contexts.nova.servers [-] Calling _boot_servers with image_id=02e2d7fc-4c21-4af2-9b3a-22bc0af0001a flavor_id=c1b316bb-9aea-40b2-9eed-8480abe7834e servers_per_tenant=2
2019-12-16 03:57:39.664 20411 RALLYDEBUG rally.task.utils [-] Waiting for resource s_rally_2e61fb92_NBThzu6e_1. Status changed: BUILD => ACTIVE in 4.560625314712524
2019-12-16 03:57:39.899 20411 RALLYDEBUG rally.task.utils [-] Waiting for resource s_rally_2e61fb92_NBThzu6e_0. Status changed: BUILD => ACTIVE in 0.23460841178894043
2019-12-16 03:57:39.900 20411 RALLYDEBUG rally_openstack.contexts.nova.servers [-] Adding booted servers ['78ef6edc-7c3d-4cde-8bf5-b5357af6b0d2', '1fe0d000-3b0a-433e-b80e-da73035a7008'] to context
2019-12-16 03:57:39.900 20411 INFO rally.task.context [-] Task 5c4ae9b0-0d7d-428b-8cce-b39aab5a9323 | Context servers@openstack setup() finished in 26.70 sec
2019-12-16 03:57:39.910 20411 RALLYDEBUG rally.task.runner [-] Starting the constant runner (task UUID: 5c4ae9b0-0d7d-428b-8cce-b39aab5a9323). times: 10 concurrency: 4 timeout: 0 max_cpu_used: 16 processes_to_start: 4 concurrency_per_worker: 1 concurrency_overhead: 0
2019-12-16 03:57:39.922 22111 RALLYDEBUG rally.task.runner [-] Starting a worker. times: 10 duration: None concurrency: 1 timeout: 0 cls: method_name: run args: {"detailed": true}
2019-12-16 03:57:39.925 22112 RALLYDEBUG rally.task.runner [-] Starting a worker. times: 10 duration: None concurrency: 1 timeout: 0 cls: method_name: run args: {"detailed": true}
2019-12-16 03:57:39.929 22111 INFO rally.task.runner [-] Task 5c4ae9b0-0d7d-428b-8cce-b39aab5a9323 | ITER: 1 START
2019-12-16 03:57:39.929 22113 RALLYDEBUG rally.task.runner [-] Starting a worker. times: 10 duration: None concurrency: 1 timeout: 0 cls: method_name: run args: {"detailed": true}
2019-12-16 03:57:39.932 22112 INFO rally.task.runner [-] Task 5c4ae9b0-0d7d-428b-8cce-b39aab5a9323 | ITER: 2 START
2019-12-16 03:57:39.933 22114 RALLYDEBUG rally.task.runner [-] Starting a worker. times: 10 duration: None concurrency: 1 timeout: 0 cls: method_name: run args: {"detailed": true}
2019-12-16 03:57:39.936 22113 INFO rally.task.runner [-] Task 5c4ae9b0-0d7d-428b-8cce-b39aab5a9323 | ITER: 3 START
2019-12-16 03:57:39.940 22114 INFO rally.task.runner [-] Task 5c4ae9b0-0d7d-428b-8cce-b39aab5a9323 | ITER: 4 START
2019-12-16 03:57:40.580 22112 INFO rally.task.runner [-] Task 5c4ae9b0-0d7d-428b-8cce-b39aab5a9323 | ITER: 2 END: OK
2019-12-16 03:57:40.585 22112 INFO rally.task.runner [-] Task 5c4ae9b0-0d7d-428b-8cce-b39aab5a9323 | ITER: 5 START
2019-12-16 03:57:40.626 22113 INFO rally.task.runner [-] Task 5c4ae9b0-0d7d-428b-8cce-b39aab5a9323 | ITER: 3 END: OK
2019-12-16 03:57:40.630 22113 INFO rally.task.runner [-] Task 5c4ae9b0-0d7d-428b-8cce-b39aab5a9323 | ITER: 6 START
2019-12-16 03:57:40.663 22114 INFO rally.task.runner [-] Task 5c4ae9b0-0d7d-428b-8cce-b39aab5a9323 | ITER: 4 END: OK
2019-12-16 03:57:40.667 22114 INFO rally.task.runner [-] Task 5c4ae9b0-0d7d-428b-8cce-b39aab5a9323 | ITER: 7 START
2019-12-16 03:57:40.703 22111 INFO rally.task.runner [-] Task 5c4ae9b0-0d7d-428b-8cce-b39aab5a9323 | ITER: 1 END: OK
2019-12-16 03:57:40.707 22111 INFO rally.task.runner [-] Task 5c4ae9b0-0d7d-428b-8cce-b39aab5a9323 | ITER: 8 START
2019-12-16 03:57:41.272 22113 INFO rally.task.runner [-] Task 5c4ae9b0-0d7d-428b-8cce-b39aab5a9323 | ITER: 6 END: OK
2019-12-16 03:57:41.275 22113 INFO rally.task.runner [-] Task 5c4ae9b0-0d7d-428b-8cce-b39aab5a9323 | ITER: 9 START
2019-12-16 03:57:41.284 22114 INFO rally.task.runner [-] Task 5c4ae9b0-0d7d-428b-8cce-b39aab5a9323 | ITER: 7 END: OK
2019-12-16 03:57:41.288 22114 INFO rally.task.runner [-] Task 5c4ae9b0-0d7d-428b-8cce-b39aab5a9323 | ITER: 10 START
2019-12-16 03:57:41.336 22111 INFO rally.task.runner [-] Task 5c4ae9b0-0d7d-428b-8cce-b39aab5a9323 | ITER: 8 END: OK
2019-12-16 03:57:41.394 22112 INFO rally.task.runner [-] Task 5c4ae9b0-0d7d-428b-8cce-b39aab5a9323 | ITER: 5 END: OK
2019-12-16 03:57:41.912 22114 INFO rally.task.runner [-] Task 5c4ae9b0-0d7d-428b-8cce-b39aab5a9323 | ITER: 10 END: OK
2019-12-16 03:57:41.917 22113 INFO rally.task.runner [-] Task 5c4ae9b0-0d7d-428b-8cce-b39aab5a9323 | ITER: 9 END: OK
2019-12-16 03:57:41.944 20411 INFO rally.task.context [-] Task 5c4ae9b0-0d7d-428b-8cce-b39aab5a9323 | Context servers@openstack cleanup() started
2019-12-16 03:57:41.946 20411 RALLYDEBUG rally_openstack.cleanup.manager [-] Cleaning up nova servers objects
2019-12-16 03:57:44.218 20411 RALLYDEBUG rally_openstack.cleanup.manager [-] Deleting nova.servers object s_rally_2e61fb92_vjL9GjWC_1 (224898d2-0aff-4724-9d4f-59a3a0603f22)
2019-12-16 03:57:44.226 20411 RALLYDEBUG rally_openstack.cleanup.manager [-] Deleting nova.servers object s_rally_2e61fb92_vjL9GjWC_0 (4c3c3d2a-52a1-422f-a22d-51a511ae2d88)
2019-12-16 03:57:44.233 20411 RALLYDEBUG rally_openstack.cleanup.manager [-] Deleting nova.servers object s_rally_2e61fb92_Li6E6DYu_0 (91b2d318-4c50-42c4-a0cc-d50b028ff0a3)
2019-12-16 03:57:44.240 20411 RALLYDEBUG rally_openstack.cleanup.manager [-] Deleting nova.servers object s_rally_2e61fb92_Li6E6DYu_1 (e587b425-ed24-494a-b96b-23bc811f96d1)
2019-12-16 03:57:44.246 20411 RALLYDEBUG rally_openstack.cleanup.manager [-] Deleting nova.servers object s_rally_2e61fb92_NBThzu6e_0 (1fe0d000-3b0a-433e-b80e-da73035a7008)
2019-12-16 03:57:44.257 20411 RALLYDEBUG rally_openstack.cleanup.manager [-] Deleting nova.servers object s_rally_2e61fb92_NBThzu6e_1 (78ef6edc-7c3d-4cde-8bf5-b5357af6b0d2)
2019-12-16 03:57:48.440 20411 INFO rally.task.context [-] Task 5c4ae9b0-0d7d-428b-8cce-b39aab5a9323 | Context servers@openstack cleanup() finished in 6.50 sec
2019-12-16 03:57:48.441 20411 INFO rally.task.context [-] Task 5c4ae9b0-0d7d-428b-8cce-b39aab5a9323 | Context network@openstack cleanup() started
2019-12-16 03:58:10.433 20411 INFO rally.task.context [-] Task 5c4ae9b0-0d7d-428b-8cce-b39aab5a9323 | Context network@openstack cleanup() finished in 21.99 sec
2019-12-16 03:58:10.434 20411 INFO rally.task.context [-] Task 5c4ae9b0-0d7d-428b-8cce-b39aab5a9323 | Context users@openstack cleanup() started
2019-12-16 03:58:14.490 20411 INFO rally.task.context [-] Task 5c4ae9b0-0d7d-428b-8cce-b39aab5a9323 | Context users@openstack cleanup() finished in 4.06 sec
2019-12-16 03:58:15.523 20411 INFO rally.task.engine [-] Load duration is: 1.987041
2019-12-16 03:58:15.523 20411 INFO rally.task.engine [-] Full runner duration is: 2.034656
2019-12-16 03:58:15.523 20411 INFO rally.task.engine [-] Full duration is: 77.342904
2019-12-16 03:58:15.839 20411 INFO rally.task.engine [-] Running workload: position = 0 config = { "version": 2, "title": "A cropped version of a bigger task.", "description": "Auto-generated task from a single workload (uuid=d9efe68b-8c38-45f8-a1af-c9cb0f276813)", "subtasks": [ { "title": "NovaServers.resize_server", "description": "Boot a server, then resize and delete it.", "scenario": { "NovaServers.resize_server": { "flavor": { "name": "rally_full-flavor_102dc671-f436-4d4d-b368-5b0ed177eae0" }, "image": { "name": "rally_full-img_102dc671-f436-4d4d-b368-5b0ed177eae0" }, "to_flavor": { "name": "rally_full-flavor_alt_102dc671-f436-4d4d-b368-5b0ed177eae0" }, "confirm": true, "force_delete": false, "nics": [ { "net-id": "c51c8544-d62f-4817-b7df-cb0981aba4ec" } ] } }, "contexts": { "users": { "tenants": 3, "users_per_tenant": 2 } }, "runner": { "constant": { "concurrency": 4, "times": 10 } }, "hooks": [], "sla": { "failure_rate": { "max": 0 } } } ] }
2019-12-16 03:58:15.863 20411 RALLYDEBUG rally_openstack.contexts.keystone.users [-] Creating 3 tenants using 20 threads
2019-12-16 03:58:16.811 20411 RALLYDEBUG rally_openstack.contexts.keystone.users [-] Creating 6 users using 20 threads
2019-12-16 03:58:18.533 20411 INFO rally.task.context [-] Task 5c4ae9b0-0d7d-428b-8cce-b39aab5a9323 | Context users@openstack setup() finished in 2.67 sec
2019-12-16 03:58:18.534 20411 INFO rally.task.context [-] Task 5c4ae9b0-0d7d-428b-8cce-b39aab5a9323 | Context cleanup@openstack setup() finished in 0.01 msec
2019-12-16 03:58:19.800 20411 RALLYDEBUG rally.task.runner [-] Starting the constant runner (task UUID: 5c4ae9b0-0d7d-428b-8cce-b39aab5a9323). times: 10 concurrency: 4 timeout: 0 max_cpu_used: 16 processes_to_start: 4 concurrency_per_worker: 1 concurrency_overhead: 0
2019-12-16 03:58:19.812 22235 RALLYDEBUG rally.task.runner [-] Starting a worker. times: 10 duration: None concurrency: 1 timeout: 0 cls: method_name: run args: {"flavor": "c1b316bb-9aea-40b2-9eed-8480abe7834e", "image": "02e2d7fc-4c21-4af2-9b3a-22bc0af0001a", "to_flavor": "84b0548b-980e-4231-bafd-cd278174739b", "confirm": true, "force_delete": false, "nics": [{"net-id": "c51c8544-d62f-4817-b7df-cb0981aba4ec"}]}
2019-12-16 03:58:19.815 22236 RALLYDEBUG rally.task.runner [-] Starting a worker. times: 10 duration: None concurrency: 1 timeout: 0 cls: method_name: run args: {"flavor": "c1b316bb-9aea-40b2-9eed-8480abe7834e", "image": "02e2d7fc-4c21-4af2-9b3a-22bc0af0001a", "to_flavor": "84b0548b-980e-4231-bafd-cd278174739b", "confirm": true, "force_delete": false, "nics": [{"net-id": "c51c8544-d62f-4817-b7df-cb0981aba4ec"}]}
2019-12-16 03:58:19.819 22235 INFO rally.task.runner [-] Task 5c4ae9b0-0d7d-428b-8cce-b39aab5a9323 | ITER: 1 START
2019-12-16 03:58:19.819 22237 RALLYDEBUG rally.task.runner [-] Starting a worker. times: 10 duration: None concurrency: 1 timeout: 0 cls: method_name: run args: {"flavor": "c1b316bb-9aea-40b2-9eed-8480abe7834e", "image": "02e2d7fc-4c21-4af2-9b3a-22bc0af0001a", "to_flavor": "84b0548b-980e-4231-bafd-cd278174739b", "confirm": true, "force_delete": false, "nics": [{"net-id": "c51c8544-d62f-4817-b7df-cb0981aba4ec"}]}
2019-12-16 03:58:19.821 22236 INFO rally.task.runner [-] Task 5c4ae9b0-0d7d-428b-8cce-b39aab5a9323 | ITER: 2 START
2019-12-16 03:58:19.822 22239 RALLYDEBUG rally.task.runner [-] Starting a worker. times: 10 duration: None concurrency: 1 timeout: 0 cls: method_name: run args: {"flavor": "c1b316bb-9aea-40b2-9eed-8480abe7834e", "image": "02e2d7fc-4c21-4af2-9b3a-22bc0af0001a", "to_flavor": "84b0548b-980e-4231-bafd-cd278174739b", "confirm": true, "force_delete": false, "nics": [{"net-id": "c51c8544-d62f-4817-b7df-cb0981aba4ec"}]}
2019-12-16 03:58:19.825 22237 INFO rally.task.runner [-] Task 5c4ae9b0-0d7d-428b-8cce-b39aab5a9323 | ITER: 3 START
2019-12-16 03:58:19.828 22239 INFO rally.task.runner [-] Task 5c4ae9b0-0d7d-428b-8cce-b39aab5a9323 | ITER: 4 START
2019-12-16 03:58:26.944 22237 RALLYDEBUG rally.task.utils [-] Waiting for resource s_rally_d9efe68b_BT5hNzxi. Status changed: BUILD => ACTIVE in 4.489311218261719
2019-12-16 03:58:28.219 22237 RALLYDEBUG rally.task.utils [-] Waiting for resource s_rally_d9efe68b_BT5hNzxi. Status changed: ACTIVE => RESIZE in 0.19914627075195312
2019-12-16 03:58:28.924 22239 RALLYDEBUG rally.task.utils [-] Waiting for resource s_rally_d9efe68b_xbG72CJO. Status changed: BUILD => ACTIVE in 6.901377439498901
2019-12-16 03:58:29.053 22235 RALLYDEBUG rally.task.utils [-] Waiting for resource s_rally_d9efe68b_vbcqxO8f. Status changed: BUILD => ACTIVE in 6.937291622161865
2019-12-16 03:58:29.341 22236 RALLYDEBUG rally.task.utils [-] Waiting for resource s_rally_d9efe68b_dhW3G7NX. Status changed: BUILD => ACTIVE in 6.852799892425537
2019-12-16 03:58:30.161 22235 RALLYDEBUG rally.task.utils [-] Waiting for resource s_rally_d9efe68b_vbcqxO8f. Status changed: ACTIVE => RESIZE in 0.13818120956420898
2019-12-16 03:58:30.464 22236 RALLYDEBUG rally.task.utils [-] Waiting for resource s_rally_d9efe68b_dhW3G7NX. Status changed: ACTIVE => RESIZE in 0.2012627124786377
2019-12-16 03:58:31.158 22239 RALLYDEBUG rally.task.utils [-] Waiting for resource s_rally_d9efe68b_xbG72CJO. Status changed: ACTIVE => RESIZE in 0.19578981399536133
2019-12-16 03:58:45.843 22235 RALLYDEBUG rally.task.utils [-] Waiting for resource s_rally_d9efe68b_vbcqxO8f. Status changed: RESIZE => VERIFY_RESIZE in 15.681959867477417
2019-12-16 03:58:46.133 22235 RALLYDEBUG rally.task.utils [-] Waiting for resource s_rally_d9efe68b_vbcqxO8f. Status changed: ACTIVE => VERIFY_RESIZE in 0.2249140739440918
2019-12-16 03:58:48.366 22235 RALLYDEBUG rally.task.utils [-] Waiting for resource s_rally_d9efe68b_vbcqxO8f. Status changed: VERIFY_RESIZE => ACTIVE in 2.2332894802093506
2019-12-16 03:58:49.176 22237 RALLYDEBUG rally.task.utils [-] Waiting for resource s_rally_d9efe68b_BT5hNzxi. Status changed: RESIZE => VERIFY_RESIZE in 20.955928802490234
2019-12-16 03:58:49.423 22237 RALLYDEBUG rally.task.utils [-] Waiting for resource s_rally_d9efe68b_BT5hNzxi. Status changed: ACTIVE => VERIFY_RESIZE in 0.18364477157592773
2019-12-16 03:58:50.906 22235 INFO rally.task.runner [-] Task 5c4ae9b0-0d7d-428b-8cce-b39aab5a9323 | ITER: 1 END: OK
2019-12-16 03:58:50.912 22235 INFO rally.task.runner [-] Task 5c4ae9b0-0d7d-428b-8cce-b39aab5a9323 | ITER: 5 START
2019-12-16 03:58:51.412 22236 RALLYDEBUG rally.task.utils [-] Waiting for resource s_rally_d9efe68b_dhW3G7NX. Status changed: RESIZE => VERIFY_RESIZE in 20.947684288024902
2019-12-16 03:58:51.585 22237 RALLYDEBUG rally.task.utils [-] Waiting for resource s_rally_d9efe68b_BT5hNzxi. Status changed: VERIFY_RESIZE => ACTIVE in 2.162769317626953
2019-12-16 03:58:51.639 22236 RALLYDEBUG rally.task.utils [-] Waiting for resource s_rally_d9efe68b_dhW3G7NX. Status changed: ACTIVE => VERIFY_RESIZE in 0.15749073028564453
2019-12-16 03:58:51.914 22239 RALLYDEBUG rally.task.utils [-] Waiting for resource s_rally_d9efe68b_xbG72CJO. Status changed: RESIZE => VERIFY_RESIZE in 20.755676984786987
2019-12-16 03:58:52.180 22239 RALLYDEBUG rally.task.utils [-] Waiting for resource s_rally_d9efe68b_xbG72CJO. Status changed: ACTIVE => VERIFY_RESIZE in 0.20468640327453613
2019-12-16 03:58:53.829 22236 RALLYDEBUG rally.task.utils [-] Waiting for resource s_rally_d9efe68b_dhW3G7NX. Status changed: VERIFY_RESIZE => ACTIVE in 2.1901774406433105
2019-12-16 03:58:53.956 22237 INFO rally.task.runner [-] Task 5c4ae9b0-0d7d-428b-8cce-b39aab5a9323 | ITER: 3 END: OK
2019-12-16 03:58:53.962 22237 INFO rally.task.runner [-] Task 5c4ae9b0-0d7d-428b-8cce-b39aab5a9323 | ITER: 6 START
2019-12-16 03:58:54.370 22239 RALLYDEBUG rally.task.utils [-] Waiting for resource s_rally_d9efe68b_xbG72CJO. Status changed: VERIFY_RESIZE => ACTIVE in 2.1899147033691406
2019-12-16 03:58:56.272 22236 INFO rally.task.runner [-] Task 5c4ae9b0-0d7d-428b-8cce-b39aab5a9323 | ITER: 2 END: OK
2019-12-16 03:58:56.279 22236 INFO rally.task.runner [-] Task 5c4ae9b0-0d7d-428b-8cce-b39aab5a9323 | ITER: 7 START
2019-12-16 03:58:56.706 22239 INFO rally.task.runner [-] Task 5c4ae9b0-0d7d-428b-8cce-b39aab5a9323 | ITER: 4 END: OK
2019-12-16 03:58:56.713 22239 INFO rally.task.runner [-] Task 5c4ae9b0-0d7d-428b-8cce-b39aab5a9323 | ITER: 8 START
2019-12-16 03:58:57.574 22235 RALLYDEBUG rally.task.utils [-] Waiting for resource s_rally_d9efe68b_Hii2hrUc. Status changed: BUILD => ACTIVE in 4.478274345397949
2019-12-16 03:58:58.751 22235 RALLYDEBUG rally.task.utils [-] Waiting for resource s_rally_d9efe68b_Hii2hrUc. Status changed: ACTIVE => RESIZE in 0.22346043586730957
2019-12-16 03:59:00.573 22237 RALLYDEBUG rally.task.utils [-] Waiting for resource s_rally_d9efe68b_u1Nm3wJt. Status changed: BUILD => ACTIVE in 4.459939241409302
2019-12-16 03:59:01.721 22237 RALLYDEBUG rally.task.utils [-] Waiting for resource s_rally_d9efe68b_u1Nm3wJt. Status changed: ACTIVE => RESIZE in 0.23075175285339355
2019-12-16 03:59:03.538 22239 RALLYDEBUG rally.task.utils [-] Waiting for resource s_rally_d9efe68b_bVnFntfY. Status changed: BUILD => ACTIVE in 4.457916736602783
2019-12-16 03:59:04.657 22239 RALLYDEBUG rally.task.utils [-] Waiting for resource s_rally_d9efe68b_bVnFntfY. Status changed: ACTIVE => RESIZE in 0.19044208526611328
2019-12-16 03:59:05.490 22236 RALLYDEBUG rally.task.utils [-] Waiting for resource s_rally_d9efe68b_cLin9K2s. Status changed: BUILD => ACTIVE in 6.681977272033691
2019-12-16 03:59:06.526 22236 RALLYDEBUG rally.task.utils [-] Waiting for resource s_rally_d9efe68b_cLin9K2s. Status changed: ACTIVE => RESIZE in 0.13547563552856445
2019-12-16 03:59:14.710 22235 RALLYDEBUG rally.task.utils [-] Waiting for resource s_rally_d9efe68b_Hii2hrUc. Status changed: RESIZE => VERIFY_RESIZE in 15.959687948226929
2019-12-16 03:59:15.036 22235 RALLYDEBUG rally.task.utils [-] Waiting for resource s_rally_d9efe68b_Hii2hrUc. Status changed: ACTIVE => VERIFY_RESIZE in 0.24906563758850098
2019-12-16 03:59:17.220 22235 RALLYDEBUG rally.task.utils [-] Waiting for resource s_rally_d9efe68b_Hii2hrUc. Status changed: VERIFY_RESIZE => ACTIVE in 2.1839518547058105
2019-12-16 03:59:19.574 22235 INFO rally.task.runner [-] Task 5c4ae9b0-0d7d-428b-8cce-b39aab5a9323 | ITER: 5 END: OK
2019-12-16 03:59:19.580 22235 INFO rally.task.runner [-] Task 5c4ae9b0-0d7d-428b-8cce-b39aab5a9323 | ITER: 9 START
2019-12-16 03:59:22.601 22237 RALLYDEBUG rally.task.utils [-] Waiting for resource s_rally_d9efe68b_u1Nm3wJt. Status changed: RESIZE => VERIFY_RESIZE in 20.88003706932068
2019-12-16 03:59:22.806 22237 RALLYDEBUG rally.task.utils [-] Waiting for resource s_rally_d9efe68b_u1Nm3wJt. Status changed: ACTIVE => VERIFY_RESIZE in 0.13700461387634277
2019-12-16 03:59:25.029 22237 RALLYDEBUG rally.task.utils [-] Waiting for resource s_rally_d9efe68b_u1Nm3wJt. Status changed: VERIFY_RESIZE => ACTIVE in 2.2228574752807617
2019-12-16 03:59:25.509 22239 RALLYDEBUG rally.task.utils [-] Waiting for resource s_rally_d9efe68b_bVnFntfY. Status changed: RESIZE => VERIFY_RESIZE in 20.85105013847351
2019-12-16 03:59:25.764 22239 RALLYDEBUG rally.task.utils [-] Waiting for resource s_rally_d9efe68b_bVnFntfY. Status changed: ACTIVE => VERIFY_RESIZE in 0.18956375122070312
2019-12-16 03:59:27.291 22236 RALLYDEBUG rally.task.utils [-] Waiting for resource s_rally_d9efe68b_cLin9K2s. Status changed: RESIZE => VERIFY_RESIZE in 20.764019012451172
2019-12-16 03:59:27.365 22237 INFO rally.task.runner [-] Task 5c4ae9b0-0d7d-428b-8cce-b39aab5a9323 | ITER: 6 END: OK
2019-12-16 03:59:27.370 22237 INFO rally.task.runner [-] Task 5c4ae9b0-0d7d-428b-8cce-b39aab5a9323 | ITER: 10 START
2019-12-16 03:59:27.563 22236 RALLYDEBUG rally.task.utils [-] Waiting for resource s_rally_d9efe68b_cLin9K2s. Status changed: ACTIVE => VERIFY_RESIZE in 0.2014157772064209
2019-12-16 03:59:27.967 22239 RALLYDEBUG rally.task.utils [-] Waiting for resource s_rally_d9efe68b_bVnFntfY. Status changed: VERIFY_RESIZE => ACTIVE in 2.2021725177764893
2019-12-16 03:59:28.566 22235 RALLYDEBUG rally.task.utils [-] Waiting for resource s_rally_d9efe68b_j8xmZI6f. Status changed: BUILD => ACTIVE in 6.761147737503052
2019-12-16 03:59:29.602 22235 RALLYDEBUG rally.task.utils [-] Waiting for resource s_rally_d9efe68b_j8xmZI6f. Status changed: ACTIVE => RESIZE in 0.14745450019836426
2019-12-16 03:59:29.748 22236 RALLYDEBUG rally.task.utils [-] Waiting for resource s_rally_d9efe68b_cLin9K2s. Status changed: VERIFY_RESIZE => ACTIVE in 2.1850006580352783
2019-12-16 03:59:30.353 22239 INFO rally.task.runner [-] Task 5c4ae9b0-0d7d-428b-8cce-b39aab5a9323 | ITER: 8 END: OK
2019-12-16 03:59:32.105 22236 INFO rally.task.runner [-] Task 5c4ae9b0-0d7d-428b-8cce-b39aab5a9323 | ITER: 7 END: OK
2019-12-16 03:59:36.359 22237 RALLYDEBUG rally.task.utils [-] Waiting for resource s_rally_d9efe68b_ZGYtoDn5. Status changed: BUILD => ACTIVE in 6.710024118423462
2019-12-16 03:59:37.520 22237 RALLYDEBUG rally.task.utils [-] Waiting for resource s_rally_d9efe68b_ZGYtoDn5. Status changed: ACTIVE => RESIZE in 0.2409672737121582
2019-12-16 03:59:48.016 22237 RALLYDEBUG rally.task.utils [-] Waiting for resource s_rally_d9efe68b_ZGYtoDn5. Status changed: RESIZE => VERIFY_RESIZE in 10.496113538742065
2019-12-16 03:59:48.253 22237 RALLYDEBUG rally.task.utils [-] Waiting for resource s_rally_d9efe68b_ZGYtoDn5. Status changed: ACTIVE => VERIFY_RESIZE in 0.16601896286010742
2019-12-16 03:59:50.488 22237 RALLYDEBUG rally.task.utils [-] Waiting for resource s_rally_d9efe68b_ZGYtoDn5. Status changed: VERIFY_RESIZE => ACTIVE in 2.2348451614379883
2019-12-16 03:59:50.542 22235 RALLYDEBUG rally.task.utils [-] Waiting for resource s_rally_d9efe68b_j8xmZI6f. Status changed: RESIZE => VERIFY_RESIZE in 20.939499855041504
2019-12-16 03:59:50.804 22235 RALLYDEBUG rally.task.utils [-] Waiting for resource s_rally_d9efe68b_j8xmZI6f. Status changed: ACTIVE => VERIFY_RESIZE in 0.1983940601348877
2019-12-16 03:59:52.867 22237 INFO rally.task.runner [-] Task 5c4ae9b0-0d7d-428b-8cce-b39aab5a9323 | ITER: 10 END: OK
2019-12-16 03:59:52.968 22235 RALLYDEBUG rally.task.utils [-] Waiting for resource s_rally_d9efe68b_j8xmZI6f. Status changed: VERIFY_RESIZE => ACTIVE in 2.1641769409179688
2019-12-16 03:59:55.374 22235 INFO rally.task.runner [-] Task 5c4ae9b0-0d7d-428b-8cce-b39aab5a9323 | ITER: 9 END: OK
2019-12-16 03:59:55.397 20411 INFO rally.task.context [-] Task 5c4ae9b0-0d7d-428b-8cce-b39aab5a9323 | Context cleanup@openstack cleanup() started
2019-12-16 03:59:55.400 20411 RALLYDEBUG rally_openstack.cleanup.manager [-] Cleaning up nova servers objects
2019-12-16 03:59:56.799 20411 RALLYDEBUG rally_openstack.cleanup.manager [-] Cleaning up nova server_groups objects
2019-12-16 03:59:57.892 20411 RALLYDEBUG rally_openstack.cleanup.manager [-] Cleaning up nova keypairs objects
2019-12-16 04:00:00.240 20411 INFO rally.task.context [-] Task 5c4ae9b0-0d7d-428b-8cce-b39aab5a9323 | Context cleanup@openstack cleanup() finished in 4.84 sec
2019-12-16 04:00:00.240 20411 INFO rally.task.context [-] Task 5c4ae9b0-0d7d-428b-8cce-b39aab5a9323 | Context users@openstack cleanup() started
2019-12-16 04:00:04.086 20411 INFO rally.task.context [-] Task 5c4ae9b0-0d7d-428b-8cce-b39aab5a9323 | Context users@openstack cleanup() finished in 3.85 sec
2019-12-16 04:00:04.352 20411 INFO rally.task.engine [-] Load duration is: 94.553499
2019-12-16 04:00:04.353 20411 INFO rally.task.engine [-] Full runner duration is: 95.597466
2019-12-16 04:00:04.353 20411 INFO rally.task.engine [-] Full duration is: 108.224956
2019-12-16 04:00:04.683 20411 INFO rally.task.engine [-] Running workload: position = 0 config = { "version": 2, "title": "A cropped version of a bigger task.", "description": "Auto-generated task from a single workload (uuid=fa3ecbeb-dc5f-4bac-a7ae-9a8a81ab8829)", "subtasks": [ { "title": "NovaServers.boot_and_live_migrate_server", "description": "Live Migrate a server.", "scenario": { "NovaServers.boot_and_live_migrate_server": { "flavor": { "name": "rally_full-flavor_102dc671-f436-4d4d-b368-5b0ed177eae0" }, "image": { "name": "rally_full-img_102dc671-f436-4d4d-b368-5b0ed177eae0" }, "block_migration": false, "nics": [ { "net-id": "c51c8544-d62f-4817-b7df-cb0981aba4ec" } ] } }, "contexts": { "users": { "tenants": 3, "users_per_tenant": 2 } }, "runner": { "constant": { "concurrency": 4, "times": 10 } }, "hooks": [], "sla": { "failure_rate": { "max": 0 } } } ] }
2019-12-16 04:00:04.708 20411 RALLYDEBUG rally_openstack.contexts.keystone.users [-] Creating 3 tenants using 20 threads
2019-12-16 04:00:05.695 20411 RALLYDEBUG rally_openstack.contexts.keystone.users [-] Creating 6 users using 20 threads
2019-12-16 04:00:07.290 20411 INFO rally.task.context [-] Task 5c4ae9b0-0d7d-428b-8cce-b39aab5a9323 | Context users@openstack setup() finished in 2.58 sec
2019-12-16 04:00:07.290 20411 INFO rally.task.context [-] Task 5c4ae9b0-0d7d-428b-8cce-b39aab5a9323 | Context cleanup@openstack setup() finished in 0.01 msec
2019-12-16 04:00:08.274 20411 RALLYDEBUG rally.task.runner [-] Starting the constant runner (task UUID: 5c4ae9b0-0d7d-428b-8cce-b39aab5a9323). times: 10 concurrency: 4 timeout: 0 max_cpu_used: 16 processes_to_start: 4 concurrency_per_worker: 1 concurrency_overhead: 0
2019-12-16 04:00:08.286 22399 RALLYDEBUG rally.task.runner [-] Starting a worker. times: 10 duration: None concurrency: 1 timeout: 0 cls: method_name: run args: {"flavor": "c1b316bb-9aea-40b2-9eed-8480abe7834e", "image": "02e2d7fc-4c21-4af2-9b3a-22bc0af0001a", "block_migration": false, "nics": [{"net-id": "c51c8544-d62f-4817-b7df-cb0981aba4ec"}]}
2019-12-16 04:00:08.289 22400 RALLYDEBUG rally.task.runner [-] Starting a worker. times: 10 duration: None concurrency: 1 timeout: 0 cls: method_name: run args: {"flavor": "c1b316bb-9aea-40b2-9eed-8480abe7834e", "image": "02e2d7fc-4c21-4af2-9b3a-22bc0af0001a", "block_migration": false, "nics": [{"net-id": "c51c8544-d62f-4817-b7df-cb0981aba4ec"}]}
2019-12-16 04:00:08.293 22399 INFO rally.task.runner [-] Task 5c4ae9b0-0d7d-428b-8cce-b39aab5a9323 | ITER: 1 START
2019-12-16 04:00:08.293 22401 RALLYDEBUG rally.task.runner [-] Starting a worker. times: 10 duration: None concurrency: 1 timeout: 0 cls: method_name: run args: {"flavor": "c1b316bb-9aea-40b2-9eed-8480abe7834e", "image": "02e2d7fc-4c21-4af2-9b3a-22bc0af0001a", "block_migration": false, "nics": [{"net-id": "c51c8544-d62f-4817-b7df-cb0981aba4ec"}]}
2019-12-16 04:00:08.296 22400 INFO rally.task.runner [-] Task 5c4ae9b0-0d7d-428b-8cce-b39aab5a9323 | ITER: 2 START
2019-12-16 04:00:08.296 22403 RALLYDEBUG rally.task.runner [-] Starting a worker. times: 10 duration: None concurrency: 1 timeout: 0 cls: method_name: run args: {"flavor": "c1b316bb-9aea-40b2-9eed-8480abe7834e", "image": "02e2d7fc-4c21-4af2-9b3a-22bc0af0001a", "block_migration": false, "nics": [{"net-id": "c51c8544-d62f-4817-b7df-cb0981aba4ec"}]}
2019-12-16 04:00:08.300 22401 INFO rally.task.runner [-] Task 5c4ae9b0-0d7d-428b-8cce-b39aab5a9323 | ITER: 3 START
