2019-12-16 04:24:34.926 20411 RALLYDEBUG rally_openstack.cleanup.manager [-] Deleting nova.server_groups object s_rally_5f9f72db_ykaRwINK (666c53cf-e6f7-4794-ac71-9af48f1a578e)
2019-12-16 04:24:34.943 20411 RALLYDEBUG rally_openstack.cleanup.manager [-] Deleting nova.server_groups object s_rally_5f9f72db_9Z3zBIOb (0d31fccd-9e96-4457-a2d3-3734beec1f11)
2019-12-16 04:24:34.948 20411 RALLYDEBUG rally_openstack.cleanup.manager [-] Deleting nova.server_groups object s_rally_5f9f72db_NAkDH5Qz (72fda087-7213-4933-af74-9c220d8b42ef)
2019-12-16 04:24:36.457 20411 RALLYDEBUG rally_openstack.cleanup.manager [-] Cleaning up nova keypairs objects
2019-12-16 04:24:38.814 20411 INFO rally.task.context [-] Task 5c4ae9b0-0d7d-428b-8cce-b39aab5a9323 | Context cleanup@openstack cleanup() finished in 6.33 sec
2019-12-16 04:24:38.814 20411 INFO rally.task.context [-] Task 5c4ae9b0-0d7d-428b-8cce-b39aab5a9323 | Context users@openstack cleanup() started
2019-12-16 04:24:43.292 20411 INFO rally.task.context [-] Task 5c4ae9b0-0d7d-428b-8cce-b39aab5a9323 | Context users@openstack cleanup() finished in 4.48 sec
2019-12-16 04:24:44.429 20411 INFO rally.task.engine [-] Load duration is: 1.538996
2019-12-16 04:24:44.429 20411 INFO rally.task.engine [-] Full runner duration is: 1.581578
2019-12-16 04:24:44.429 20411 INFO rally.task.engine [-] Full duration is: 14.963233
2019-12-16 04:24:44.768 20411 INFO rally.task.engine [-] Running workload: position = 0 config = { "version": 2, "title": "A cropped version of a bigger task.", "description": "Auto-generated task from a single workload (uuid=45150a54-78eb-4bcc-a0f3-80096078cedc)", "subtasks": [ { "title": "NovaServerGroups.create_and_list_server_groups", "description": "Create a server group, then list all server groups.", "scenario": { "NovaServerGroups.create_and_list_server_groups": { "policies": [ "affinity" ], "all_projects": false } }, "contexts": { "users": { "tenants": 3, "users_per_tenant": 2 } }, "runner": { "constant": { "concurrency": 4, "times": 10 } }, "hooks": [], "sla": { "failure_rate": { "max": 0 } } } ] }
2019-12-16 04:24:44.794 20411 RALLYDEBUG rally_openstack.contexts.keystone.users [-] Creating 3 tenants using 20 threads
2019-12-16 04:24:45.785 20411 RALLYDEBUG rally_openstack.contexts.keystone.users [-] Creating 6 users using 20 threads
2019-12-16 04:24:47.407 20411 INFO rally.task.context [-] Task 5c4ae9b0-0d7d-428b-8cce-b39aab5a9323 | Context users@openstack setup() finished in 2.61 sec
2019-12-16 04:24:47.408 20411 INFO rally.task.context [-] Task 5c4ae9b0-0d7d-428b-8cce-b39aab5a9323 | Context cleanup@openstack setup() finished in 0.01 msec
2019-12-16 04:24:47.417 20411 RALLYDEBUG rally.task.runner [-] Starting the constant runner (task UUID: 5c4ae9b0-0d7d-428b-8cce-b39aab5a9323). times: 10 concurrency: 4 timeout: 0 max_cpu_used: 16 processes_to_start: 4 concurrency_per_worker: 1 concurrency_overhead: 0
2019-12-16 04:24:47.428 25439 RALLYDEBUG rally.task.runner [-] Starting a worker. times: 10 duration: None concurrency: 1 timeout: 0 cls: method_name: run args: {"policies": ["affinity"], "all_projects": false}
2019-12-16 04:24:47.432 25440 RALLYDEBUG rally.task.runner [-] Starting a worker. times: 10 duration: None concurrency: 1 timeout: 0 cls: method_name: run args: {"policies": ["affinity"], "all_projects": false}
2019-12-16 04:24:47.436 25439 INFO rally.task.runner [-] Task 5c4ae9b0-0d7d-428b-8cce-b39aab5a9323 | ITER: 1 START
2019-12-16 04:24:47.436 25441 RALLYDEBUG rally.task.runner [-] Starting a worker. times: 10 duration: None concurrency: 1 timeout: 0 cls: method_name: run args: {"policies": ["affinity"], "all_projects": false}
2019-12-16 04:24:47.439 25440 INFO rally.task.runner [-] Task 5c4ae9b0-0d7d-428b-8cce-b39aab5a9323 | ITER: 2 START
2019-12-16 04:24:47.439 25442 RALLYDEBUG rally.task.runner [-] Starting a worker. times: 10 duration: None concurrency: 1 timeout: 0 cls: method_name: run args: {"policies": ["affinity"], "all_projects": false}
2019-12-16 04:24:47.443 25441 INFO rally.task.runner [-] Task 5c4ae9b0-0d7d-428b-8cce-b39aab5a9323 | ITER: 3 START
2019-12-16 04:24:47.446 25442 INFO rally.task.runner [-] Task 5c4ae9b0-0d7d-428b-8cce-b39aab5a9323 | ITER: 4 START
2019-12-16 04:24:48.018 25440 INFO rally.task.runner [-] Task 5c4ae9b0-0d7d-428b-8cce-b39aab5a9323 | ITER: 2 END: OK
2019-12-16 04:24:48.022 25440 INFO rally.task.runner [-] Task 5c4ae9b0-0d7d-428b-8cce-b39aab5a9323 | ITER: 5 START
2019-12-16 04:24:48.031 25439 INFO rally.task.runner [-] Task 5c4ae9b0-0d7d-428b-8cce-b39aab5a9323 | ITER: 1 END: OK
2019-12-16 04:24:48.037 25439 INFO rally.task.runner [-] Task 5c4ae9b0-0d7d-428b-8cce-b39aab5a9323 | ITER: 6 START
2019-12-16 04:24:48.043 25441 INFO rally.task.runner [-] Task 5c4ae9b0-0d7d-428b-8cce-b39aab5a9323 | ITER: 3 END: OK
2019-12-16 04:24:48.045 25442 INFO rally.task.runner [-] Task 5c4ae9b0-0d7d-428b-8cce-b39aab5a9323 | ITER: 4 END: OK
2019-12-16 04:24:48.047 25441 INFO rally.task.runner [-] Task 5c4ae9b0-0d7d-428b-8cce-b39aab5a9323 | ITER: 7 START
2019-12-16 04:24:48.049 25442 INFO rally.task.runner [-] Task 5c4ae9b0-0d7d-428b-8cce-b39aab5a9323 | ITER: 8 START
2019-12-16 04:24:48.477 25439 INFO rally.task.runner [-] Task 5c4ae9b0-0d7d-428b-8cce-b39aab5a9323 | ITER: 6 END: OK
2019-12-16 04:24:48.480 25439 INFO rally.task.runner [-] Task 5c4ae9b0-0d7d-428b-8cce-b39aab5a9323 | ITER: 9 START
2019-12-16 04:24:48.532 25442 INFO rally.task.runner [-] Task 5c4ae9b0-0d7d-428b-8cce-b39aab5a9323 | ITER: 8 END: OK
2019-12-16 04:24:48.535 25442 INFO rally.task.runner [-] Task 5c4ae9b0-0d7d-428b-8cce-b39aab5a9323 | ITER: 10 START
2019-12-16 04:24:48.551 25441 INFO rally.task.runner [-] Task 5c4ae9b0-0d7d-428b-8cce-b39aab5a9323 | ITER: 7 END: OK
2019-12-16 04:24:48.891 25440 INFO rally.task.runner [-] Task 5c4ae9b0-0d7d-428b-8cce-b39aab5a9323 | ITER: 5 END: OK
2019-12-16 04:24:48.917 25439 INFO rally.task.runner [-] Task 5c4ae9b0-0d7d-428b-8cce-b39aab5a9323 | ITER: 9 END: OK
2019-12-16 04:24:48.971 25442 INFO rally.task.runner [-] Task 5c4ae9b0-0d7d-428b-8cce-b39aab5a9323 | ITER: 10 END: OK
2019-12-16 04:24:48.996 20411 INFO rally.task.context [-] Task 5c4ae9b0-0d7d-428b-8cce-b39aab5a9323 | Context cleanup@openstack cleanup() started
2019-12-16 04:24:48.999 20411 RALLYDEBUG rally_openstack.cleanup.manager [-] Cleaning up nova servers objects
2019-12-16 04:24:50.240 20411 RALLYDEBUG rally_openstack.cleanup.manager [-] Cleaning up nova server_groups objects
2019-12-16 04:24:51.350 20411 RALLYDEBUG rally_openstack.cleanup.manager [-] Deleting nova.server_groups object s_rally_45150a54_apU9j6EU (c4119210-51d4-4cc5-9f18-ab95e64aa6ae)
2019-12-16 04:24:51.354 20411 RALLYDEBUG rally_openstack.cleanup.manager [-] Deleting nova.server_groups object s_rally_45150a54_zYYUGrCQ (9e2c401d-9b72-4d16-8b59-784b7b0c6316)
2019-12-16 04:24:51.363 20411 RALLYDEBUG rally_openstack.cleanup.manager [-] Deleting nova.server_groups object s_rally_45150a54_MwNWD94P (985be925-b9b7-4127-974c-9a1f190c0f64)
2019-12-16 04:24:51.371 20411 RALLYDEBUG rally_openstack.cleanup.manager [-] Deleting nova.server_groups object s_rally_45150a54_qh2toJGY (dbf4f3bd-8ba4-41a3-b8bc-2cdc00542849)
2019-12-16 04:24:51.380 20411 RALLYDEBUG rally_openstack.cleanup.manager [-] Deleting nova.server_groups object s_rally_45150a54_wXgBSlWb (875e8b58-2d1a-46c3-9766-527511815221)
2019-12-16 04:24:51.390 20411 RALLYDEBUG rally_openstack.cleanup.manager [-] Deleting nova.server_groups object s_rally_45150a54_2RPHZh2T (cdb0d5cb-5f5c-4edb-bd31-f19c25136dcd)
2019-12-16 04:24:51.395 20411 RALLYDEBUG rally_openstack.cleanup.manager [-] Deleting nova.server_groups object s_rally_45150a54_x7goYK8n (b9ceab4c-9aa4-40af-acd1-72b09933c632)
2019-12-16 04:24:51.428 20411 RALLYDEBUG rally_openstack.cleanup.manager [-] Deleting nova.server_groups object s_rally_45150a54_Kyz1AxSA (f3ca5ac4-4413-4ec5-a099-b6a31bfb93e9)
2019-12-16 04:24:51.436 20411 RALLYDEBUG rally_openstack.cleanup.manager [-] Deleting nova.server_groups object s_rally_45150a54_8Y7w2foo (a515b845-c1b5-4b05-bc1e-0caa7c60b412)
2019-12-16 04:24:51.451 20411 RALLYDEBUG rally_openstack.cleanup.manager [-] Deleting nova.server_groups object s_rally_45150a54_7V4Z7Ltk (46998014-3195-4b23-b1e7-6de07549486c)
2019-12-16 04:24:52.925 20411 RALLYDEBUG rally_openstack.cleanup.manager [-] Cleaning up nova keypairs objects
2019-12-16 04:24:55.243 20411 INFO rally.task.context [-] Task 5c4ae9b0-0d7d-428b-8cce-b39aab5a9323 | Context cleanup@openstack cleanup() finished in 6.25 sec
2019-12-16 04:24:55.243 20411 INFO rally.task.context [-] Task 5c4ae9b0-0d7d-428b-8cce-b39aab5a9323 | Context users@openstack cleanup() started
2019-12-16 04:24:59.559 20411 INFO rally.task.context [-] Task 5c4ae9b0-0d7d-428b-8cce-b39aab5a9323 | Context users@openstack cleanup() finished in 4.32 sec
2019-12-16 04:25:00.887 20411 INFO rally.task.engine [-] Load duration is: 1.533381
2019-12-16 04:25:00.888 20411 INFO rally.task.engine [-] Full runner duration is: 1.57924
2019-12-16 04:25:00.888 20411 INFO rally.task.engine [-] Full duration is: 14.767611
2019-12-16 04:25:01.193 20411 INFO rally.task.engine [-] Task 5c4ae9b0-0d7d-428b-8cce-b39aab5a9323 | Completed: Running task.
2019-12-16 04:25:02.914 25561 RALLYDEBUG rally.api [-] INFO logs from urllib3 and requests module are hide.
2019-12-16 04:25:02.914 25561 RALLYDEBUG rally.api [-] urllib3 insecure warnings are hidden.
2019-12-16 04:25:02.914 25561 RALLYDEBUG rally.api [-] ERROR log from boto module is hide.
2019-12-16 04:25:04.127 25562 RALLYDEBUG rally.api [-] INFO logs from urllib3 and requests module are hide.
2019-12-16 04:25:04.128 25562 RALLYDEBUG rally.api [-] urllib3 insecure warnings are hidden.
2019-12-16 04:25:04.128 25562 RALLYDEBUG rally.api [-] ERROR log from boto module is hide.
2019-12-16 04:25:05.451 25563 RALLYDEBUG rally.api [-] INFO logs from urllib3 and requests module are hide.
2019-12-16 04:25:05.451 25563 RALLYDEBUG rally.api [-] urllib3 insecure warnings are hidden.
2019-12-16 04:25:05.451 25563 RALLYDEBUG rally.api [-] ERROR log from boto module is hide.
2019-12-16 04:25:07.175 25563 INFO rally.api [-] Building 'json' report for the following task(s): '5c4ae9b0-0d7d-428b-8cce-b39aab5a9323'.
2019-12-16 04:25:07.241 25563 INFO rally.api [-] The report has been successfully built.
2019-12-16 04:25:08.661 25565 RALLYDEBUG rally.api [-] INFO logs from urllib3 and requests module are hide.
2019-12-16 04:25:08.662 25565 RALLYDEBUG rally.api [-] urllib3 insecure warnings are hidden.
2019-12-16 04:25:08.662 25565 RALLYDEBUG rally.api [-] ERROR log from boto module is hide.
2019-12-16 04:25:10.627 25565 INFO rally.task.engine [-] Task df65f30f-c64f-48bd-a638-b65d79dead67 | Starting: Task validation.
2019-12-16 04:25:10.678 25565 INFO rally.task.engine [-] Task df65f30f-c64f-48bd-a638-b65d79dead67 | Starting: Task validation of syntax.
2019-12-16 04:25:10.758 25565 INFO rally.task.engine [-] Task df65f30f-c64f-48bd-a638-b65d79dead67 | Completed: Task validation of syntax.
2019-12-16 04:25:10.758 25565 INFO rally.task.engine [-] Task df65f30f-c64f-48bd-a638-b65d79dead67 | Starting: Task validation of required platforms.
2019-12-16 04:25:10.795 25565 INFO rally.task.engine [-] Task df65f30f-c64f-48bd-a638-b65d79dead67 | Completed: Task validation of required platforms.
2019-12-16 04:25:10.796 25565 INFO rally.task.engine [-] Task df65f30f-c64f-48bd-a638-b65d79dead67 | Starting: Task validation of semantic.
2019-12-16 04:25:10.796 25565 INFO rally.task.engine [-] Check health of the environment '15dcd1f7-659f-45e1-9a78-ce52478d58f0'.
2019-12-16 04:25:11.774 25565 INFO rally.task.engine [-] Platform existing@openstack (available: True): OK!
2019-12-16 04:25:11.795 25565 RALLYDEBUG rally_openstack.contexts.keystone.users [-] Creating 1 tenants using 20 threads
2019-12-16 04:25:12.617 25565 RALLYDEBUG rally_openstack.contexts.keystone.users [-] Creating 1 users using 20 threads
2019-12-16 04:25:13.951 25565 INFO rally.task.context [-] Task df65f30f-c64f-48bd-a638-b65d79dead67 | Context users@openstack setup() finished in 2.16 sec
2019-12-16 04:25:15.227 25565 INFO rally.task.context [-] Task df65f30f-c64f-48bd-a638-b65d79dead67 | Context users@openstack cleanup() started
2019-12-16 04:25:18.093 25565 INFO rally.task.context [-] Task df65f30f-c64f-48bd-a638-b65d79dead67 | Context users@openstack cleanup() finished in 2.87 sec
2019-12-16 04:25:18.094 25565 INFO rally.task.engine [-] Task df65f30f-c64f-48bd-a638-b65d79dead67 | Completed: Task validation of semantic.
2019-12-16 04:25:18.094 25565 INFO rally.task.engine [-] Task df65f30f-c64f-48bd-a638-b65d79dead67 | Completed: Task validation.
2019-12-16 04:25:18.095 25565 INFO rally.api [-] Task df65f30f-c64f-48bd-a638-b65d79dead67 input file is valid.
2019-12-16 04:25:18.095 25565 INFO rally.api [-] Run Task df65f30f-c64f-48bd-a638-b65d79dead67 against Deployment 15dcd1f7-659f-45e1-9a78-ce52478d58f0
2019-12-16 04:25:18.095 25565 INFO rally.task.engine [-] Task df65f30f-c64f-48bd-a638-b65d79dead67 | Starting: Running task.
2019-12-16 04:25:18.290 25565 INFO rally.task.engine [-] Running workload: position = 0 config = { "version": 2, "title": "A cropped version of a bigger task.", "description": "Auto-generated task from a single workload (uuid=724374d1-ef2e-41e5-92da-981ebc04286d)", "subtasks": [ { "title": "Quotas.cinder_update_and_delete", "description": "Update and Delete quotas for Cinder.", "scenario": { "Quotas.cinder_update_and_delete": { "max_quota": 1024 } }, "contexts": { "users": { "tenants": 3, "users_per_tenant": 2 }, "api_versions": { "cinder": { "version": 3, "service_type": "volumev3" } } }, "runner": { "constant": { "concurrency": 4, "times": 10 } }, "hooks": [], "sla": { "failure_rate": { "max": 0 } } } ] }
2019-12-16 04:25:18.313 25565 RALLYDEBUG rally_openstack.contexts.keystone.users [-] Creating 3 tenants using 20 threads
2019-12-16 04:25:19.236 25565 RALLYDEBUG rally_openstack.contexts.keystone.users [-] Creating 6 users using 20 threads
2019-12-16 04:25:20.746 25565 INFO rally.task.context [-] Task df65f30f-c64f-48bd-a638-b65d79dead67 | Context users@openstack setup() finished in 2.43 sec
2019-12-16 04:25:21.139 25565 INFO rally.task.context [-] Task df65f30f-c64f-48bd-a638-b65d79dead67 | Context api_versions@openstack setup() finished in 0.39 sec
2019-12-16 04:25:21.140 25565 INFO rally.task.context [-] Task df65f30f-c64f-48bd-a638-b65d79dead67 | Context admin_cleanup@openstack setup() finished in 0.04 msec
2019-12-16 04:25:21.149 25565 RALLYDEBUG rally.task.runner [-] Starting the constant runner (task UUID: df65f30f-c64f-48bd-a638-b65d79dead67). times: 10 concurrency: 4 timeout: 0 max_cpu_used: 16 processes_to_start: 4 concurrency_per_worker: 1 concurrency_overhead: 0
2019-12-16 04:25:21.162 25689 RALLYDEBUG rally.task.runner [-] Starting a worker. times: 10 duration: None concurrency: 1 timeout: 0 cls: method_name: run args: {"max_quota": 1024}
2019-12-16 04:25:21.166 25690 RALLYDEBUG rally.task.runner [-] Starting a worker. times: 10 duration: None concurrency: 1 timeout: 0 cls: method_name: run args: {"max_quota": 1024}
2019-12-16 04:25:21.169 25689 INFO rally.task.runner [-] Task df65f30f-c64f-48bd-a638-b65d79dead67 | ITER: 1 START
2019-12-16 04:25:21.169 25691 RALLYDEBUG rally.task.runner [-] Starting a worker. times: 10 duration: None concurrency: 1 timeout: 0 cls: method_name: run args: {"max_quota": 1024}
2019-12-16 04:25:21.172 25690 INFO rally.task.runner [-] Task df65f30f-c64f-48bd-a638-b65d79dead67 | ITER: 2 START
2019-12-16 04:25:21.173 25693 RALLYDEBUG rally.task.runner [-] Starting a worker. times: 10 duration: None concurrency: 1 timeout: 0 cls: method_name: run args: {"max_quota": 1024}
2019-12-16 04:25:21.175 25691 INFO rally.task.runner [-] Task df65f30f-c64f-48bd-a638-b65d79dead67 | ITER: 3 START
2019-12-16 04:25:21.179 25693 INFO rally.task.runner [-] Task df65f30f-c64f-48bd-a638-b65d79dead67 | ITER: 4 START
2019-12-16 04:25:21.815 25690 INFO rally.task.runner [-] Task df65f30f-c64f-48bd-a638-b65d79dead67 | ITER: 2 END: OK
2019-12-16 04:25:21.820 25690 INFO rally.task.runner [-] Task df65f30f-c64f-48bd-a638-b65d79dead67 | ITER: 5 START
2019-12-16 04:25:21.822 25691 INFO rally.task.runner [-] Task df65f30f-c64f-48bd-a638-b65d79dead67 | ITER: 3 END: OK
2019-12-16 04:25:21.826 25691 INFO rally.task.runner [-] Task df65f30f-c64f-48bd-a638-b65d79dead67 | ITER: 6 START
2019-12-16 04:25:21.830 25689 INFO rally.task.runner [-] Task df65f30f-c64f-48bd-a638-b65d79dead67 | ITER: 1 END: OK
2019-12-16 04:25:21.835 25689 INFO rally.task.runner [-] Task df65f30f-c64f-48bd-a638-b65d79dead67 | ITER: 7 START
2019-12-16 04:25:21.885 25693 INFO rally.task.runner [-] Task df65f30f-c64f-48bd-a638-b65d79dead67 | ITER: 4 END: OK
2019-12-16 04:25:21.890 25693 INFO rally.task.runner [-] Task df65f30f-c64f-48bd-a638-b65d79dead67 | ITER: 8 START
2019-12-16 04:25:22.287 25691 INFO rally.task.runner [-] Task df65f30f-c64f-48bd-a638-b65d79dead67 | ITER: 6 END: OK
2019-12-16 04:25:22.291 25691 INFO rally.task.runner [-] Task df65f30f-c64f-48bd-a638-b65d79dead67 | ITER: 9 START
2019-12-16 04:25:22.291 25690 INFO rally.task.runner [-] Task df65f30f-c64f-48bd-a638-b65d79dead67 | ITER: 5 END: OK
2019-12-16 04:25:22.295 25690 INFO rally.task.runner [-] Task df65f30f-c64f-48bd-a638-b65d79dead67 | ITER: 10 START
2019-12-16 04:25:22.312 25689 INFO rally.task.runner [-] Task df65f30f-c64f-48bd-a638-b65d79dead67 | ITER: 7 END: OK
2019-12-16 04:25:22.400 25693 INFO rally.task.runner [-] Task df65f30f-c64f-48bd-a638-b65d79dead67 | ITER: 8 END: OK
2019-12-16 04:25:22.787 25691 INFO rally.task.runner [-] Task df65f30f-c64f-48bd-a638-b65d79dead67 | ITER: 9 END: OK
2019-12-16 04:25:22.864 25690 INFO rally.task.runner [-] Task df65f30f-c64f-48bd-a638-b65d79dead67 | ITER: 10 END: OK
2019-12-16 04:25:22.886 25565 INFO rally.task.context [-] Task df65f30f-c64f-48bd-a638-b65d79dead67 | Context admin_cleanup@openstack cleanup() started
2019-12-16 04:25:22.890 25565 RALLYDEBUG rally_openstack.cleanup.manager [-] Cleaning up cinder quotas objects
2019-12-16 04:25:23.685 25565 INFO rally.task.context [-] Task df65f30f-c64f-48bd-a638-b65d79dead67 | Context admin_cleanup@openstack cleanup() finished in 0.80 sec
2019-12-16 04:25:23.685 25565 INFO rally.task.context [-] Task df65f30f-c64f-48bd-a638-b65d79dead67 | Context api_versions@openstack cleanup() started
2019-12-16 04:25:23.686 25565 INFO rally.task.context [-] Task df65f30f-c64f-48bd-a638-b65d79dead67 | Context api_versions@openstack cleanup() finished in 0.37 msec
2019-12-16 04:25:23.686 25565 INFO rally.task.context [-] Task df65f30f-c64f-48bd-a638-b65d79dead67 | Context users@openstack cleanup() started
2019-12-16 04:25:28.262 25565 INFO rally.task.context [-] Task df65f30f-c64f-48bd-a638-b65d79dead67 | Context users@openstack cleanup() finished in 4.58 sec
2019-12-16 04:25:28.395 25565 INFO rally.task.engine [-] Load duration is: 1.694215
2019-12-16 04:25:28.396 25565 INFO rally.task.engine [-] Full runner duration is: 1.737155
2019-12-16 04:25:28.396 25565 INFO rally.task.engine [-] Full duration is: 9.951002
2019-12-16 04:25:28.721 25565 INFO rally.task.engine [-] Running workload: position = 0 config = { "version": 2, "title": "A cropped version of a bigger task.", "description": "Auto-generated task from a single workload (uuid=e034ccf4-82f2-4cdd-ba65-230fa3415a30)", "subtasks": [ { "title": "Quotas.cinder_update", "description": "Update quotas for Cinder.", "scenario": { "Quotas.cinder_update": { "max_quota": 1024 } }, "contexts": { "users": { "tenants": 3, "users_per_tenant": 2 }, "api_versions": { "cinder": { "version": 3, "service_type": "volumev3" } } }, "runner": { "constant": { "concurrency": 4, "times": 10 } }, "hooks": [], "sla": { "failure_rate": { "max": 0 } } } ] }
2019-12-16 04:25:28.745 25565 RALLYDEBUG rally_openstack.contexts.keystone.users [-] Creating 3 tenants using 20 threads
2019-12-16 04:25:29.754 25565 RALLYDEBUG rally_openstack.contexts.keystone.users [-] Creating 6 users using 20 threads
2019-12-16 04:25:31.332 25565 INFO rally.task.context [-] Task df65f30f-c64f-48bd-a638-b65d79dead67 | Context users@openstack setup() finished in 2.59 sec
2019-12-16 04:25:31.722 25565 INFO rally.task.context [-] Task df65f30f-c64f-48bd-a638-b65d79dead67 | Context api_versions@openstack setup() finished in 0.39 sec
2019-12-16 04:25:31.723 25565 INFO rally.task.context [-] Task df65f30f-c64f-48bd-a638-b65d79dead67 | Context admin_cleanup@openstack setup() finished in 0.02 msec
2019-12-16 04:25:31.736 25565 RALLYDEBUG rally.task.runner [-] Starting the constant runner (task UUID: df65f30f-c64f-48bd-a638-b65d79dead67). times: 10 concurrency: 4 timeout: 0 max_cpu_used: 16 processes_to_start: 4 concurrency_per_worker: 1 concurrency_overhead: 0
2019-12-16 04:25:31.747 25813 RALLYDEBUG rally.task.runner [-] Starting a worker. times: 10 duration: None concurrency: 1 timeout: 0 cls: method_name: run args: {"max_quota": 1024}
2019-12-16 04:25:31.750 25814 RALLYDEBUG rally.task.runner [-] Starting a worker. times: 10 duration: None concurrency: 1 timeout: 0 cls: method_name: run args: {"max_quota": 1024}
2019-12-16 04:25:31.754 25813 INFO rally.task.runner [-] Task df65f30f-c64f-48bd-a638-b65d79dead67 | ITER: 1 START
2019-12-16 04:25:31.754 25815 RALLYDEBUG rally.task.runner [-] Starting a worker. times: 10 duration: None concurrency: 1 timeout: 0 cls: method_name: run args: {"max_quota": 1024}
2019-12-16 04:25:31.757 25814 INFO rally.task.runner [-] Task df65f30f-c64f-48bd-a638-b65d79dead67 | ITER: 2 START
2019-12-16 04:25:31.757 25816 RALLYDEBUG rally.task.runner [-] Starting a worker. times: 10 duration: None concurrency: 1 timeout: 0 cls: method_name: run args: {"max_quota": 1024}
2019-12-16 04:25:31.760 25815 INFO rally.task.runner [-] Task df65f30f-c64f-48bd-a638-b65d79dead67 | ITER: 3 START
2019-12-16 04:25:31.763 25816 INFO rally.task.runner [-] Task df65f30f-c64f-48bd-a638-b65d79dead67 | ITER: 4 START
2019-12-16 04:25:32.314 25813 INFO rally.task.runner [-] Task df65f30f-c64f-48bd-a638-b65d79dead67 | ITER: 1 END: OK
2019-12-16 04:25:32.316 25814 INFO rally.task.runner [-] Task df65f30f-c64f-48bd-a638-b65d79dead67 | ITER: 2 END: OK
2019-12-16 04:25:32.316 25816 INFO rally.task.runner [-] Task df65f30f-c64f-48bd-a638-b65d79dead67 | ITER: 4 END: OK
2019-12-16 04:25:32.318 25815 INFO rally.task.runner [-] Task df65f30f-c64f-48bd-a638-b65d79dead67 | ITER: 3 END: OK
2019-12-16 04:25:32.319 25813 INFO rally.task.runner [-] Task df65f30f-c64f-48bd-a638-b65d79dead67 | ITER: 5 START
2019-12-16 04:25:32.320 25814 INFO rally.task.runner [-] Task df65f30f-c64f-48bd-a638-b65d79dead67 | ITER: 6 START
2019-12-16 04:25:32.321 25816 INFO rally.task.runner [-] Task df65f30f-c64f-48bd-a638-b65d79dead67 | ITER: 7 START
2019-12-16 04:25:32.322 25815 INFO rally.task.runner [-] Task df65f30f-c64f-48bd-a638-b65d79dead67 | ITER: 8 START
2019-12-16 04:25:32.749 25813 INFO rally.task.runner [-] Task df65f30f-c64f-48bd-a638-b65d79dead67 | ITER: 5 END: OK
2019-12-16 04:25:32.753 25813 INFO rally.task.runner [-] Task df65f30f-c64f-48bd-a638-b65d79dead67 | ITER: 9 START
2019-12-16 04:25:32.796 25815 INFO rally.task.runner [-] Task df65f30f-c64f-48bd-a638-b65d79dead67 | ITER: 8 END: OK
2019-12-16 04:25:32.796 25814 INFO rally.task.runner [-] Task df65f30f-c64f-48bd-a638-b65d79dead67 | ITER: 6 END: OK
2019-12-16 04:25:32.799 25815 INFO rally.task.runner [-] Task df65f30f-c64f-48bd-a638-b65d79dead67 | ITER: 10 START
2019-12-16 04:25:32.810 25816 INFO rally.task.runner [-] Task df65f30f-c64f-48bd-a638-b65d79dead67 | ITER: 7 END: OK
2019-12-16 04:25:33.194 25813 INFO rally.task.runner [-] Task df65f30f-c64f-48bd-a638-b65d79dead67 | ITER: 9 END: OK
2019-12-16 04:25:33.229 25815 INFO rally.task.runner [-] Task df65f30f-c64f-48bd-a638-b65d79dead67 | ITER: 10 END: OK
2019-12-16 04:25:33.254 25565 INFO rally.task.context [-] Task df65f30f-c64f-48bd-a638-b65d79dead67 | Context admin_cleanup@openstack cleanup() started
2019-12-16 04:25:33.258 25565 RALLYDEBUG rally_openstack.cleanup.manager [-] Cleaning up cinder quotas objects
2019-12-16 04:25:34.034 25565 INFO rally.task.context [-] Task df65f30f-c64f-48bd-a638-b65d79dead67 | Context admin_cleanup@openstack cleanup() finished in 0.78 sec
2019-12-16 04:25:34.035 25565 INFO rally.task.context [-] Task df65f30f-c64f-48bd-a638-b65d79dead67 | Context api_versions@openstack cleanup() started
2019-12-16 04:25:34.035 25565 INFO rally.task.context [-] Task df65f30f-c64f-48bd-a638-b65d79dead67 | Context api_versions@openstack cleanup() finished in 0.39 msec
2019-12-16 04:25:34.036 25565 INFO rally.task.context [-] Task df65f30f-c64f-48bd-a638-b65d79dead67 | Context users@openstack cleanup() started
2019-12-16 04:25:38.566 25565 INFO rally.task.context [-] Task df65f30f-c64f-48bd-a638-b65d79dead67 | Context users@openstack cleanup() finished in 4.53 sec
2019-12-16 04:25:38.840 25565 INFO rally.task.engine [-] Load duration is: 1.473193
2019-12-16 04:25:38.840 25565 INFO rally.task.engine [-] Full runner duration is: 1.519247
2019-12-16 04:25:38.840 25565 INFO rally.task.engine [-] Full duration is: 9.822695
2019-12-16 04:25:39.183 25565 INFO rally.task.engine [-] Running workload: position = 0 config = { "version": 2, "title": "A cropped version of a bigger task.", "description": "Auto-generated task from a single workload (uuid=f0a0d686-381a-4392-bc1f-1148e69efb90)", "subtasks": [ { "title": "Quotas.neutron_update", "description": "Update quotas for neutron.", "scenario": { "Quotas.neutron_update": { "max_quota": 1024 } }, "contexts": { "users": { "tenants": 3, "users_per_tenant": 2 } }, "runner": { "constant": { "concurrency": 4, "times": 10 } }, "hooks": [], "sla": { "failure_rate": { "max": 0 } } } ] }
2019-12-16 04:25:39.207 25565 RALLYDEBUG rally_openstack.contexts.keystone.users [-] Creating 3 tenants using 20 threads
2019-12-16 04:25:40.182 25565 RALLYDEBUG rally_openstack.contexts.keystone.users [-] Creating 6 users using 20 threads
2019-12-16 04:25:41.784 25565 INFO rally.task.context [-] Task df65f30f-c64f-48bd-a638-b65d79dead67 | Context users@openstack setup() finished in 2.58 sec
2019-12-16 04:25:41.785 25565 INFO rally.task.context [-] Task df65f30f-c64f-48bd-a638-b65d79dead67 | Context admin_cleanup@openstack setup() finished in 0.01 msec
2019-12-16 04:25:41.794 25565 RALLYDEBUG rally.task.runner [-] Starting the constant runner (task UUID: df65f30f-c64f-48bd-a638-b65d79dead67). times: 10 concurrency: 4 timeout: 0 max_cpu_used: 16 processes_to_start: 4 concurrency_per_worker: 1 concurrency_overhead: 0
2019-12-16 04:25:41.805 25937 RALLYDEBUG rally.task.runner [-] Starting a worker. times: 10 duration: None concurrency: 1 timeout: 0 cls: method_name: run args: {"max_quota": 1024}
2019-12-16 04:25:41.808 25938 RALLYDEBUG rally.task.runner [-] Starting a worker. times: 10 duration: None concurrency: 1 timeout: 0 cls: method_name: run args: {"max_quota": 1024}
2019-12-16 04:25:41.812 25937 INFO rally.task.runner [-] Task df65f30f-c64f-48bd-a638-b65d79dead67 | ITER: 1 START
2019-12-16 04:25:41.812 25939 RALLYDEBUG rally.task.runner [-] Starting a worker. times: 10 duration: None concurrency: 1 timeout: 0 cls: method_name: run args: {"max_quota": 1024}
2019-12-16 04:25:41.813 25938 INFO rally.task.runner [-] Task df65f30f-c64f-48bd-a638-b65d79dead67 | ITER: 2 START
2019-12-16 04:25:41.815 25940 RALLYDEBUG rally.task.runner [-] Starting a worker. times: 10 duration: None concurrency: 1 timeout: 0 cls: method_name: run args: {"max_quota": 1024}
2019-12-16 04:25:41.818 25939 INFO rally.task.runner [-] Task df65f30f-c64f-48bd-a638-b65d79dead67 | ITER: 3 START
2019-12-16 04:25:41.821 25940 INFO rally.task.runner [-] Task df65f30f-c64f-48bd-a638-b65d79dead67 | ITER: 4 START
2019-12-16 04:25:42.327 25938 INFO rally.task.runner [-] Task df65f30f-c64f-48bd-a638-b65d79dead67 | ITER: 2 END: OK
2019-12-16 04:25:42.331 25938 INFO rally.task.runner [-] Task df65f30f-c64f-48bd-a638-b65d79dead67 | ITER: 5 START
2019-12-16 04:25:42.331 25937 INFO rally.task.runner [-] Task df65f30f-c64f-48bd-a638-b65d79dead67 | ITER: 1 END: OK
2019-12-16 04:25:42.331 25940 INFO rally.task.runner [-] Task df65f30f-c64f-48bd-a638-b65d79dead67 | ITER: 4 END: OK
2019-12-16 04:25:42.335 25940 INFO rally.task.runner [-] Task df65f30f-c64f-48bd-a638-b65d79dead67 | ITER: 6 START
2019-12-16 04:25:42.336 25937 INFO rally.task.runner [-] Task df65f30f-c64f-48bd-a638-b65d79dead67 | ITER: 7 START
2019-12-16 04:25:42.415 25939 INFO rally.task.runner [-] Task df65f30f-c64f-48bd-a638-b65d79dead67 | ITER: 3 END: OK
2019-12-16 04:25:42.420 25939 INFO rally.task.runner [-] Task df65f30f-c64f-48bd-a638-b65d79dead67 | ITER: 8 START
2019-12-16 04:25:42.761 25940 INFO rally.task.runner [-] Task df65f30f-c64f-48bd-a638-b65d79dead67 | ITER: 6 END: OK
2019-12-16 04:25:42.762 25938 INFO rally.task.runner [-] Task df65f30f-c64f-48bd-a638-b65d79dead67 | ITER: 5 END: OK
2019-12-16 04:25:42.765 25938 INFO rally.task.runner [-] Task df65f30f-c64f-48bd-a638-b65d79dead67 | ITER: 9 START
2019-12-16 04:25:42.765 25940 INFO rally.task.runner [-] Task df65f30f-c64f-48bd-a638-b65d79dead67 | ITER: 10 START
2019-12-16 04:25:42.770 25937 INFO rally.task.runner [-] Task df65f30f-c64f-48bd-a638-b65d79dead67 | ITER: 7 END: OK
2019-12-16 04:25:42.856 25939 INFO rally.task.runner [-] Task df65f30f-c64f-48bd-a638-b65d79dead67 | ITER: 8 END: OK
2019-12-16 04:25:43.192 25940 INFO rally.task.runner [-] Task df65f30f-c64f-48bd-a638-b65d79dead67 | ITER: 10 END: OK
2019-12-16 04:25:43.195 25938 INFO rally.task.runner [-] Task df65f30f-c64f-48bd-a638-b65d79dead67 | ITER: 9 END: OK
2019-12-16 04:25:43.218 25565 INFO rally.task.context [-] Task df65f30f-c64f-48bd-a638-b65d79dead67 | Context admin_cleanup@openstack cleanup() started
2019-12-16 04:25:43.222 25565 RALLYDEBUG rally_openstack.cleanup.manager [-] Cleaning up neutron quota objects
2019-12-16 04:25:43.998 25565 INFO rally.task.context [-] Task df65f30f-c64f-48bd-a638-b65d79dead67 | Context admin_cleanup@openstack cleanup() finished in 0.78 sec
2019-12-16 04:25:43.998 25565 INFO rally.task.context [-] Task df65f30f-c64f-48bd-a638-b65d79dead67 | Context users@openstack cleanup() started
2019-12-16 04:25:48.682 25565 INFO rally.task.context [-] Task df65f30f-c64f-48bd-a638-b65d79dead67 | Context users@openstack cleanup() finished in 4.68 sec
2019-12-16 04:25:49.273 25565 INFO rally.task.engine [-] Load duration is: 1.381382
2019-12-16 04:25:49.273 25565 INFO rally.task.engine [-] Full runner duration is: 1.424799
2019-12-16 04:25:49.273 25565 INFO rally.task.engine [-] Full duration is: 9.476171
2019-12-16 04:25:49.644 25565 INFO rally.task.engine [-] Running workload: position = 0 config = { "version": 2, "title": "A cropped version of a bigger task.", "description": "Auto-generated task from a single workload (uuid=3edf8a6c-0f70-4553-92ef-86bd7e62e6e1)", "subtasks": [ { "title": "Quotas.nova_update", "description": "Update quotas for Nova.", "scenario": { "Quotas.nova_update": { "max_quota": 1024 } }, "contexts": { "users": { "tenants": 3, "users_per_tenant": 2 } }, "runner": { "constant": { "concurrency": 4, "times": 10 } }, "hooks": [], "sla": { "failure_rate": { "max": 0 } } } ] }
2019-12-16 04:25:49.667 25565 RALLYDEBUG rally_openstack.contexts.keystone.users [-] Creating 3 tenants using 20 threads
2019-12-16 04:25:50.715 25565 RALLYDEBUG rally_openstack.contexts.keystone.users [-] Creating 6 users using 20 threads
2019-12-16 04:25:52.227 25565 INFO rally.task.context [-] Task df65f30f-c64f-48bd-a638-b65d79dead67 | Context users@openstack setup() finished in 2.56 sec
2019-12-16 04:25:52.228 25565 INFO rally.task.context [-] Task df65f30f-c64f-48bd-a638-b65d79dead67 | Context admin_cleanup@openstack setup() finished in 0.01 msec
2019-12-16 04:25:52.237 25565 RALLYDEBUG rally.task.runner [-] Starting the constant runner (task UUID: df65f30f-c64f-48bd-a638-b65d79dead67). times: 10 concurrency: 4 timeout: 0 max_cpu_used: 16 processes_to_start: 4 concurrency_per_worker: 1 concurrency_overhead: 0
2019-12-16 04:25:52.249 26061 RALLYDEBUG rally.task.runner [-] Starting a worker. times: 10 duration: None concurrency: 1 timeout: 0 cls: method_name: run args: {"max_quota": 1024}
2019-12-16 04:25:52.253 26062 RALLYDEBUG rally.task.runner [-] Starting a worker. times: 10 duration: None concurrency: 1 timeout: 0 cls: method_name: run args: {"max_quota": 1024}
2019-12-16 04:25:52.255 26061 INFO rally.task.runner [-] Task df65f30f-c64f-48bd-a638-b65d79dead67 | ITER: 1 START
2019-12-16 04:25:52.256 26063 RALLYDEBUG rally.task.runner [-] Starting a worker. times: 10 duration: None concurrency: 1 timeout: 0 cls: method_name: run args: {"max_quota": 1024}
2019-12-16 04:25:52.259 26062 INFO rally.task.runner [-] Task df65f30f-c64f-48bd-a638-b65d79dead67 | ITER: 2 START
2019-12-16 04:25:52.259 26066 RALLYDEBUG rally.task.runner [-] Starting a worker. times: 10 duration: None concurrency: 1 timeout: 0 cls: method_name: run args: {"max_quota": 1024}
2019-12-16 04:25:52.263 26063 INFO rally.task.runner [-] Task df65f30f-c64f-48bd-a638-b65d79dead67 | ITER: 3 START
2019-12-16 04:25:52.265 26066 INFO rally.task.runner [-] Task df65f30f-c64f-48bd-a638-b65d79dead67 | ITER: 4 START
2019-12-16 04:25:52.934 26061 INFO rally.task.runner [-] Task df65f30f-c64f-48bd-a638-b65d79dead67 | ITER: 1 END: OK
2019-12-16 04:25:52.937 26061 INFO rally.task.runner [-] Task df65f30f-c64f-48bd-a638-b65d79dead67 | ITER: 5 START
2019-12-16 04:25:52.966 26063 INFO rally.task.runner [-] Task df65f30f-c64f-48bd-a638-b65d79dead67 | ITER: 3 END: OK
2019-12-16 04:25:52.970 26063 INFO rally.task.runner [-] Task df65f30f-c64f-48bd-a638-b65d79dead67 | ITER: 6 START
2019-12-16 04:25:52.988 26066 INFO rally.task.runner [-] Task df65f30f-c64f-48bd-a638-b65d79dead67 | ITER: 4 END: OK
2019-12-16 04:25:52.992 26066 INFO rally.task.runner [-] Task df65f30f-c64f-48bd-a638-b65d79dead67 | ITER: 7 START
2019-12-16 04:25:53.055 26062 INFO rally.task.runner [-] Task df65f30f-c64f-48bd-a638-b65d79dead67 | ITER: 2 END: OK
2019-12-16 04:25:53.059 26062 INFO rally.task.runner [-] Task df65f30f-c64f-48bd-a638-b65d79dead67 | ITER: 8 START
2019-12-16 04:25:53.428 26061 INFO rally.task.runner [-] Task df65f30f-c64f-48bd-a638-b65d79dead67 | ITER: 5 END: OK
2019-12-16 04:25:53.430 26061 INFO rally.task.runner [-] Task df65f30f-c64f-48bd-a638-b65d79dead67 | ITER: 9 START
2019-12-16 04:25:53.489 26066 INFO rally.task.runner [-] Task df65f30f-c64f-48bd-a638-b65d79dead67 | ITER: 7 END: OK
2019-12-16 04:25:53.492 26066 INFO rally.task.runner [-] Task df65f30f-c64f-48bd-a638-b65d79dead67 | ITER: 10 START
2019-12-16 04:25:53.529 26063 INFO rally.task.runner [-] Task df65f30f-c64f-48bd-a638-b65d79dead67 | ITER: 6 END: OK
2019-12-16 04:25:53.604 26062 INFO rally.task.runner [-] Task df65f30f-c64f-48bd-a638-b65d79dead67 | ITER: 8 END: OK
2019-12-16 04:25:53.965 26061 INFO rally.task.runner [-] Task df65f30f-c64f-48bd-a638-b65d79dead67 | ITER: 9 END: OK
2019-12-16 04:25:54.018 26066 INFO rally.task.runner [-] Task df65f30f-c64f-48bd-a638-b65d79dead67 | ITER: 10 END: OK
2019-12-16 04:25:54.044 25565 INFO rally.task.context [-] Task df65f30f-c64f-48bd-a638-b65d79dead67 | Context admin_cleanup@openstack cleanup() started
2019-12-16 04:25:54.047 25565 RALLYDEBUG rally_openstack.cleanup.manager [-] Cleaning up nova quotas objects
2019-12-16 04:25:54.807 25565 INFO rally.task.context [-] Task df65f30f-c64f-48bd-a638-b65d79dead67 | Context admin_cleanup@openstack cleanup() finished in 0.76 sec
2019-12-16 04:25:54.807 25565 INFO rally.task.context [-] Task df65f30f-c64f-48bd-a638-b65d79dead67 | Context users@openstack cleanup() started
2019-12-16 04:25:59.330 25565 INFO rally.task.context [-] Task df65f30f-c64f-48bd-a638-b65d79dead67 | Context users@openstack cleanup() finished in 4.52 sec
2019-12-16 04:25:59.751 25565 INFO rally.task.engine [-] Load duration is: 1.760485
2019-12-16 04:25:59.752 25565 INFO rally.task.engine [-] Full runner duration is: 1.807204
2019-12-16 04:25:59.752 25565 INFO rally.task.engine [-] Full duration is: 9.664416
2019-12-16 04:26:00.068 25565 INFO rally.task.engine [-] Task df65f30f-c64f-48bd-a638-b65d79dead67 | Completed: Running task.
2019-12-16 04:26:01.704 26143 RALLYDEBUG rally.api [-] INFO logs from urllib3 and requests module are hide.
2019-12-16 04:26:01.704 26143 RALLYDEBUG rally.api [-] urllib3 insecure warnings are hidden.
2019-12-16 04:26:01.704 26143 RALLYDEBUG rally.api [-] ERROR log from boto module is hide.
2019-12-16 04:26:02.965 26144 RALLYDEBUG rally.api [-] INFO logs from urllib3 and requests module are hide.
2019-12-16 04:26:02.966 26144 RALLYDEBUG rally.api [-] urllib3 insecure warnings are hidden.
2019-12-16 04:26:02.966 26144 RALLYDEBUG rally.api [-] ERROR log from boto module is hide.
2019-12-16 04:26:04.204 26145 RALLYDEBUG rally.api [-] INFO logs from urllib3 and requests module are hide.
2019-12-16 04:26:04.204 26145 RALLYDEBUG rally.api [-] urllib3 insecure warnings are hidden.
2019-12-16 04:26:04.205 26145 RALLYDEBUG rally.api [-] ERROR log from boto module is hide.
2019-12-16 04:26:05.840 26145 INFO rally.api [-] Building 'json' report for the following task(s): 'df65f30f-c64f-48bd-a638-b65d79dead67'.
2019-12-16 04:26:05.847 26145 INFO rally.api [-] The report has been successfully built.
2019-12-16 04:26:07.216 26147 RALLYDEBUG rally.api [-] INFO logs from urllib3 and requests module are hide.
2019-12-16 04:26:07.216 26147 RALLYDEBUG rally.api [-] urllib3 insecure warnings are hidden.
2019-12-16 04:26:07.216 26147 RALLYDEBUG rally.api [-] ERROR log from boto module is hide.
2019-12-16 04:26:09.069 26147 INFO rally.task.engine [-] Task 5946819e-6e49-41dd-97fd-77f80fa36429 | Starting: Task validation.
2019-12-16 04:26:09.128 26147 INFO rally.task.engine [-] Task 5946819e-6e49-41dd-97fd-77f80fa36429 | Starting: Task validation of syntax.
2019-12-16 04:26:09.227 26147 INFO rally.task.engine [-] Task 5946819e-6e49-41dd-97fd-77f80fa36429 | Completed: Task validation of syntax.
2019-12-16 04:26:09.227 26147 INFO rally.task.engine [-] Task 5946819e-6e49-41dd-97fd-77f80fa36429 | Starting: Task validation of required platforms.
2019-12-16 04:26:09.271 26147 INFO rally.task.engine [-] Task 5946819e-6e49-41dd-97fd-77f80fa36429 | Completed: Task validation of required platforms.
2019-12-16 04:26:09.271 26147 INFO rally.task.engine [-] Task 5946819e-6e49-41dd-97fd-77f80fa36429 | Starting: Task validation of semantic.
2019-12-16 04:26:09.272 26147 INFO rally.task.engine [-] Check health of the environment '15dcd1f7-659f-45e1-9a78-ce52478d58f0'.
2019-12-16 04:26:10.245 26147 INFO rally.task.engine [-] Platform existing@openstack (available: True): OK!
2019-12-16 04:26:10.271 26147 RALLYDEBUG rally_openstack.contexts.keystone.users [-] Creating 1 tenants using 20 threads
2019-12-16 04:26:11.100 26147 RALLYDEBUG rally_openstack.contexts.keystone.users [-] Creating 1 users using 20 threads
2019-12-16 04:26:12.389 26147 INFO rally.task.context [-] Task 5946819e-6e49-41dd-97fd-77f80fa36429 | Context users@openstack setup() finished in 2.12 sec
2019-12-16 04:26:12.723 26147 INFO rally.task.context [-] Task 5946819e-6e49-41dd-97fd-77f80fa36429 | Context users@openstack cleanup() started
2019-12-16 04:26:15.954 26147 INFO rally.task.context [-] Task 5946819e-6e49-41dd-97fd-77f80fa36429 | Context users@openstack cleanup() finished in 3.23 sec
2019-12-16 04:26:16.033 26147 ERROR rally.cli.cliutils [-] Unexpected exception in CLI: rally.exceptions.InvalidTaskConfig: Input task is invalid! Subtask SwiftObjects.create_container_and_object_then_list_objects[0] has wrong configuration Subtask configuration: {"version": 2, "title": "A cropped version of a bigger task.", "description": "Auto-generated task from a single workload", "subtasks": [{"title": "SwiftObjects.create_container_and_object_then_list_objects", "description": "Create container and objects then list all objects.", "scenario": {"SwiftObjects.create_container_and_object_then_list_objects": {"objects_per_container": 2, "object_size": 5120}}, "contexts": {"users": {"tenants": 3, "users_per_tenant": 2}, "roles": ["admin"]}, "runner": {"constant": {"concurrency": 4, "times": 10}}, "hooks": [], "sla": {"failure_rate": {"max": 0}}}]} Reason(s): Scenario plugin 'SwiftObjects.create_container_and_object_then_list_objects' doesn't pass required_services@openstack validation. Details: 'swift' service is not available. Hint: If 'swift' service has non-default service_type, try to setup it via 'api_versions@openstack' context.
2019-12-16 04:26:16.033 26147 ERROR rally.cli.cliutils
Traceback (most recent call last):
2019-12-16 04:26:16.033 26147 ERROR rally.cli.cliutils
File "/usr/lib/python3.6/site-packages/rally/cli/cliutils.py", line 674, in run
2019-12-16 04:26:16.033 26147 ERROR rally.cli.cliutils ret = fn(*fn_args, **fn_kwargs)
2019-12-16 04:26:16.033 26147 ERROR rally.cli.cliutils File "", line 2, in start
2019-12-16 04:26:16.033 26147 ERROR rally.cli.cliutils
File "/usr/lib/python3.6/site-packages/rally/cli/envutils.py", line 68, in default_from_global
2019-12-16 04:26:16.033 26147 ERROR rally.cli.cliutils return f(*args, **kwargs)
2019-12-16 04:26:16.033 26147 ERROR rally.cli.cliutils File "", line 2, in start
2019-12-16 04:26:16.033 26147 ERROR rally.cli.cliutils
File "/usr/lib/python3.6/site-packages/rally/plugins/__init__.py", line 51, in ensure_plugins_are_loaded
2019-12-16 04:26:16.033 26147 ERROR rally.cli.cliutils return f(*args, **kwargs)
2019-12-16 04:26:16.033 26147 ERROR rally.cli.cliutils
File "/usr/lib/python3.6/site-packages/rally/cli/commands/task.py", line 307, in start
2019-12-16 04:26:16.033 26147 ERROR rally.cli.cliutils abort_on_sla_failure=abort_on_sla_failure)
2019-12-16 04:26:16.033 26147 ERROR rally.cli.cliutils
File "/usr/lib/python3.6/site-packages/rally/api.py", line 422, in start
2019-12-16 04:26:16.033 26147 ERROR rally.cli.cliutils task_engine.validate()
2019-12-16 04:26:16.033 26147 ERROR rally.cli.cliutils
File "/usr/lib/python3.6/site-packages/rally/common/logging.py", line 248, in wrapper
2019-12-16 04:26:16.033 26147 ERROR rally.cli.cliutils result = f(self, *args, **kwargs)
2019-12-16 04:26:16.033 26147 ERROR rally.cli.cliutils
File "/usr/lib/python3.6/site-packages/rally/task/engine.py", line 394, in validate
2019-12-16 04:26:16.033 26147 ERROR rally.cli.cliutils self._validate_config_semantic(self.config)
2019-12-16 04:26:16.033 26147 ERROR rally.cli.cliutils
File "/usr/lib/python3.6/site-packages/rally/common/logging.py", line 248, in wrapper
2019-12-16 04:26:16.033 26147 ERROR rally.cli.cliutils result = f(self, *args, **kwargs)
2019-12-16 04:26:16.033 26147 ERROR rally.cli.cliutils
File "/usr/lib/python3.6/site-packages/rally/task/engine.py", line 380, in _validate_config_semantic
2019-12-16 04:26:16.033 26147 ERROR rally.cli.cliutils workload, vcontext=ctx_obj, vtype="semantic")
2019-12-16 04:26:16.033 26147 ERROR rally.cli.cliutils
File "/usr/lib/python3.6/site-packages/rally/task/engine.py", line 328, in _validate_workload
2019-12-16 04:26:16.033 26147 ERROR rally.cli.cliutils raise exceptions.InvalidTaskConfig(**kw)
2019-12-16 04:26:16.033 26147 ERROR rally.cli.cliutils rally.exceptions.InvalidTaskConfig: Input task is invalid!
2019-12-16 04:26:16.033 26147 ERROR rally.cli.cliutils
2019-12-16 04:26:16.033 26147 ERROR rally.cli.cliutils Subtask SwiftObjects.create_container_and_object_then_list_objects[0] has wrong configuration
2019-12-16 04:26:16.033 26147 ERROR rally.cli.cliutils Subtask configuration:
2019-12-16 04:26:16.033 26147 ERROR rally.cli.cliutils {"version": 2, "title": "A cropped version of a bigger task.", "description": "Auto-generated task from a single workload", "subtasks": [{"title": "SwiftObjects.create_container_and_object_then_list_objects", "description": "Create container and objects then list all objects.", "scenario": {"SwiftObjects.create_container_and_object_then_list_objects": {"objects_per_container": 2, "object_size": 5120}}, "contexts": {"users": {"tenants": 3, "users_per_tenant": 2}, "roles": ["admin"]}, "runner": {"constant": {"concurrency": 4, "times": 10}}, "hooks": [], "sla": {"failure_rate": {"max": 0}}}]}
2019-12-16 04:26:16.033 26147 ERROR rally.cli.cliutils
2019-12-16 04:26:16.033 26147 ERROR rally.cli.cliutils Reason(s):
2019-12-16 04:26:16.033 26147 ERROR rally.cli.cliutils Scenario plugin 'SwiftObjects.create_container_and_object_then_list_objects' doesn't pass required_services@openstack validation. Details: 'swift' service is not available. Hint: If 'swift' service has non-default service_type, try to setup it via 'api_versions@openstack' context.
2019-12-16 04:26:16.033 26147 ERROR rally.cli.cliutils
2019-12-16 04:26:17.523 26229 RALLYDEBUG rally.api [-] INFO logs from urllib3 and requests module are hide.
2019-12-16 04:26:17.523 26229 RALLYDEBUG rally.api [-] urllib3 insecure warnings are hidden.
2019-12-16 04:26:17.524 26229 RALLYDEBUG rally.api [-] ERROR log from boto module is hide.
2019-12-16 04:26:18.741 26230 RALLYDEBUG rally.api [-] INFO logs from urllib3 and requests module are hide.
2019-12-16 04:26:18.741 26230 RALLYDEBUG rally.api [-] urllib3 insecure warnings are hidden.
2019-12-16 04:26:18.741 26230 RALLYDEBUG rally.api [-] ERROR log from boto module is hide.
2019-12-16 04:26:20.046 26231 RALLYDEBUG rally.api [-] INFO logs from urllib3 and requests module are hide.
2019-12-16 04:26:20.046 26231 RALLYDEBUG rally.api [-] urllib3 insecure warnings are hidden.
2019-12-16 04:26:20.047 26231 RALLYDEBUG rally.api [-] ERROR log from boto module is hide.
2019-12-16 04:26:21.671 26231 INFO rally.api [-] Building 'json' report for the following task(s): '5946819e-6e49-41dd-97fd-77f80fa36429'.
2019-12-16 04:26:21.673 26231 INFO rally.api [-] The report has been successfully built.
2019-12-16 04:26:23.009 26233 RALLYDEBUG rally.api [-] INFO logs from urllib3 and requests module are hide.
2019-12-16 04:26:23.009 26233 RALLYDEBUG rally.api [-] urllib3 insecure warnings are hidden.
2019-12-16 04:26:23.009 26233 RALLYDEBUG rally.api [-] ERROR log from boto module is hide.
2019-12-16 04:26:24.918 26233 INFO rally.task.engine [-] Task 37d94e55-916b-4737-887e-5e9528538045 | Starting: Task validation.
2019-12-16 04:26:24.979 26233 INFO rally.task.engine [-] Task 37d94e55-916b-4737-887e-5e9528538045 | Starting: Task validation of syntax.
2019-12-16 04:26:25.128 26233 INFO rally.task.engine [-] Task 37d94e55-916b-4737-887e-5e9528538045 | Completed: Task validation of syntax.
2019-12-16 04:26:25.128 26233 INFO rally.task.engine [-] Task 37d94e55-916b-4737-887e-5e9528538045 | Starting: Task validation of required platforms.
2019-12-16 04:26:25.194 26233 INFO rally.task.engine [-] Task 37d94e55-916b-4737-887e-5e9528538045 | Completed: Task validation of required platforms.
2019-12-16 04:26:25.195 26233 INFO rally.task.engine [-] Task 37d94e55-916b-4737-887e-5e9528538045 | Starting: Task validation of semantic.
2019-12-16 04:26:25.196 26233 INFO rally.task.engine [-] Check health of the environment '15dcd1f7-659f-45e1-9a78-ce52478d58f0'.
2019-12-16 04:26:26.172 26233 INFO rally.task.engine [-] Platform existing@openstack (available: True): OK!
2019-12-16 04:26:26.194 26233 RALLYDEBUG rally_openstack.contexts.keystone.users [-] Creating 1 tenants using 20 threads
2019-12-16 04:26:27.030 26233 RALLYDEBUG rally_openstack.contexts.keystone.users [-] Creating 1 users using 20 threads
2019-12-16 04:26:28.392 26233 INFO rally.task.context [-] Task 37d94e55-916b-4737-887e-5e9528538045 | Context users@openstack setup() finished in 2.20 sec
2019-12-16 04:26:31.889 26233 INFO rally.task.context [-] Task 37d94e55-916b-4737-887e-5e9528538045 | Context users@openstack cleanup() started
2019-12-16 04:26:34.830 26233 INFO rally.task.context [-] Task 37d94e55-916b-4737-887e-5e9528538045 | Context users@openstack cleanup() finished in 2.94 sec
2019-12-16 04:26:34.831 26233 INFO rally.task.engine [-] Task 37d94e55-916b-4737-887e-5e9528538045 | Completed: Task validation of semantic.
2019-12-16 04:26:34.831 26233 INFO rally.task.engine [-] Task 37d94e55-916b-4737-887e-5e9528538045 | Completed: Task validation.
2019-12-16 04:26:34.832 26233 INFO rally.api [-] Task 37d94e55-916b-4737-887e-5e9528538045 input file is valid.
2019-12-16 04:26:34.832 26233 INFO rally.api [-] Run Task 37d94e55-916b-4737-887e-5e9528538045 against Deployment 15dcd1f7-659f-45e1-9a78-ce52478d58f0
2019-12-16 04:26:34.833 26233 INFO rally.task.engine [-] Task 37d94e55-916b-4737-887e-5e9528538045 | Starting: Running task.
2019-12-16 04:26:35.064 26233 INFO rally.task.engine [-] Running workload: position = 0 config = { "version": 2, "title": "A cropped version of a bigger task.", "description": "Auto-generated task from a single workload (uuid=21bff762-7c7e-497e-b0f3-985394e8f8a0)", "subtasks": [ { "title": "BarbicanContainers.create_and_add", "description": "Create secret, create generic container, and delete container.", "scenario": { "BarbicanContainers.create_and_add": {} }, "contexts": { "users": { "tenants": 3, "users_per_tenant": 2 } }, "runner": { "constant": { "concurrency": 4, "times": 10 } }, "hooks": [], "sla": { "failure_rate": { "max": 0 } } } ] }
2019-12-16 04:26:35.087 26233 RALLYDEBUG rally_openstack.contexts.keystone.users [-] Creating 3 tenants using 20 threads
2019-12-16 04:26:36.118 26233 RALLYDEBUG rally_openstack.contexts.keystone.users [-] Creating 6 users using 20 threads
2019-12-16 04:26:37.670 26233 INFO rally.task.context [-] Task 37d94e55-916b-4737-887e-5e9528538045 | Context users@openstack setup() finished in 2.58 sec
2019-12-16 04:26:37.679 26233 RALLYDEBUG rally.task.runner [-] Starting the constant runner (task UUID: 37d94e55-916b-4737-887e-5e9528538045). times: 10 concurrency: 4 timeout: 0 max_cpu_used: 16 processes_to_start: 4 concurrency_per_worker: 1 concurrency_overhead: 0
2019-12-16 04:26:37.692 26357 RALLYDEBUG rally.task.runner [-] Starting a worker. times: 10 duration: None concurrency: 1 timeout: 0 cls: method_name: run args: {}
