2019-12-16 04:06:34.756 23053 RALLYDEBUG rally.task.runner [-] Starting a worker. times: 10 duration: None concurrency: 1 timeout: 0 cls: method_name: run args: {"flavor": "c1b316bb-9aea-40b2-9eed-8480abe7834e", "image": "02e2d7fc-4c21-4af2-9b3a-22bc0af0001a", "server_kwargs": {"nics": [{"net-id": "c51c8544-d62f-4817-b7df-cb0981aba4ec"}]}}
2019-12-16 04:06:34.759 23052 INFO rally.task.runner [-] Task 5c4ae9b0-0d7d-428b-8cce-b39aab5a9323 | ITER: 2 START
2019-12-16 04:06:34.760 23054 RALLYDEBUG rally.task.runner [-] Starting a worker. times: 10 duration: None concurrency: 1 timeout: 0 cls: method_name: run args: {"flavor": "c1b316bb-9aea-40b2-9eed-8480abe7834e", "image": "02e2d7fc-4c21-4af2-9b3a-22bc0af0001a", "server_kwargs": {"nics": [{"net-id": "c51c8544-d62f-4817-b7df-cb0981aba4ec"}]}}
2019-12-16 04:06:34.762 23051 WARNING rally.common.logging [-] Argument(s): `server_kwargs' of `run()' are deprecated in v0.3.2: 'server_kwargs' has been renamed 'boot_server_kwargs'. Used at
2019-12-16 04:06:34.763 23053 INFO rally.task.runner [-] Task 5c4ae9b0-0d7d-428b-8cce-b39aab5a9323 | ITER: 3 START
2019-12-16 04:06:34.764 23052 WARNING rally.common.logging [-] Argument(s): `server_kwargs' of `run()' are deprecated in v0.3.2: 'server_kwargs' has been renamed 'boot_server_kwargs'. Used at
2019-12-16 04:06:34.767 23054 INFO rally.task.runner [-] Task 5c4ae9b0-0d7d-428b-8cce-b39aab5a9323 | ITER: 4 START
2019-12-16 04:06:34.768 23053 WARNING rally.common.logging [-] Argument(s): `server_kwargs' of `run()' are deprecated in v0.3.2: 'server_kwargs' has been renamed 'boot_server_kwargs'. Used at
2019-12-16 04:06:34.772 23054 WARNING rally.common.logging [-] Argument(s): `server_kwargs' of `run()' are deprecated in v0.3.2: 'server_kwargs' has been renamed 'boot_server_kwargs'. Used at
2019-12-16 04:06:41.686 23052 RALLYDEBUG rally.task.utils [-] Waiting for resource s_rally_2f1f01a0_IM3xJe6R. Status changed: BUILD => ACTIVE in 4.482496500015259
2019-12-16 04:06:41.749 23054 RALLYDEBUG rally.task.utils [-] Waiting for resource s_rally_2f1f01a0_rc0CSmc2. Status changed: BUILD => ACTIVE in 4.639108896255493
2019-12-16 04:06:44.112 23052 INFO rally.task.runner [-] Task 5c4ae9b0-0d7d-428b-8cce-b39aab5a9323 | ITER: 2 END: OK
2019-12-16 04:06:44.117 23052 INFO rally.task.runner [-] Task 5c4ae9b0-0d7d-428b-8cce-b39aab5a9323 | ITER: 5 START
2019-12-16 04:06:44.178 23054 INFO rally.task.runner [-] Task 5c4ae9b0-0d7d-428b-8cce-b39aab5a9323 | ITER: 4 END: OK
2019-12-16 04:06:44.183 23054 INFO rally.task.runner [-] Task 5c4ae9b0-0d7d-428b-8cce-b39aab5a9323 | ITER: 6 START
2019-12-16 04:06:44.832 23053 RALLYDEBUG rally.task.utils [-] Waiting for resource s_rally_2f1f01a0_RtDj7x9A. Status changed: BUILD => ACTIVE in 7.509329557418823
2019-12-16 04:06:46.331 23051 RALLYDEBUG rally.task.utils [-] Waiting for resource s_rally_2f1f01a0_pNNhmUCS. Status changed: BUILD => ACTIVE in 9.094292163848877
2019-12-16 04:06:47.364 23053 INFO rally.task.runner [-] Task 5c4ae9b0-0d7d-428b-8cce-b39aab5a9323 | ITER: 3 END: OK
2019-12-16 04:06:47.370 23053 INFO rally.task.runner [-] Task 5c4ae9b0-0d7d-428b-8cce-b39aab5a9323 | ITER: 7 START
2019-12-16 04:06:48.730 23051 INFO rally.task.runner [-] Task 5c4ae9b0-0d7d-428b-8cce-b39aab5a9323 | ITER: 1 END: OK
2019-12-16 04:06:48.735 23051 INFO rally.task.runner [-] Task 5c4ae9b0-0d7d-428b-8cce-b39aab5a9323 | ITER: 8 START
2019-12-16 04:06:50.996 23054 RALLYDEBUG rally.task.utils [-] Waiting for resource s_rally_2f1f01a0_xGIO5sqo. Status changed: BUILD => ACTIVE in 4.667360067367554
2019-12-16 04:06:53.372 23052 RALLYDEBUG rally.task.utils [-] Waiting for resource s_rally_2f1f01a0_0PtA4oih. Status changed: BUILD => ACTIVE in 6.887517929077148
2019-12-16 04:06:53.379 23054 INFO rally.task.runner [-] Task 5c4ae9b0-0d7d-428b-8cce-b39aab5a9323 | ITER: 6 END: OK
2019-12-16 04:06:53.382 23054 INFO rally.task.runner [-] Task 5c4ae9b0-0d7d-428b-8cce-b39aab5a9323 | ITER: 9 START
2019-12-16 04:06:54.889 23053 RALLYDEBUG rally.task.utils [-] Waiting for resource s_rally_2f1f01a0_Ewpyh5Kb. Status changed: BUILD => ACTIVE in 5.073572397232056
2019-12-16 04:06:55.735 23052 INFO rally.task.runner [-] Task 5c4ae9b0-0d7d-428b-8cce-b39aab5a9323 | ITER: 5 END: OK
2019-12-16 04:06:55.741 23052 INFO rally.task.runner [-] Task 5c4ae9b0-0d7d-428b-8cce-b39aab5a9323 | ITER: 10 START
2019-12-16 04:06:57.236 23053 INFO rally.task.runner [-] Task 5c4ae9b0-0d7d-428b-8cce-b39aab5a9323 | ITER: 7 END: OK
2019-12-16 04:06:57.986 23051 RALLYDEBUG rally.task.utils [-] Waiting for resource s_rally_2f1f01a0_8jiZnBrU. Status changed: BUILD => ACTIVE in 7.020203113555908
2019-12-16 04:07:00.382 23054 RALLYDEBUG rally.task.utils [-] Waiting for resource s_rally_2f1f01a0_TOISBbol. Status changed: BUILD => ACTIVE in 4.629394292831421
2019-12-16 04:07:00.383 23051 INFO rally.task.runner [-] Task 5c4ae9b0-0d7d-428b-8cce-b39aab5a9323 | ITER: 8 END: OK
2019-12-16 04:07:02.776 23052 RALLYDEBUG rally.task.utils [-] Waiting for resource s_rally_2f1f01a0_iybSJmpT. Status changed: BUILD => ACTIVE in 4.730258941650391
2019-12-16 04:07:02.784 23054 INFO rally.task.runner [-] Task 5c4ae9b0-0d7d-428b-8cce-b39aab5a9323 | ITER: 9 END: OK
2019-12-16 04:07:05.134 23052 INFO rally.task.runner [-] Task 5c4ae9b0-0d7d-428b-8cce-b39aab5a9323 | ITER: 10 END: OK
2019-12-16 04:07:05.158 20411 INFO rally.task.context [-] Task 5c4ae9b0-0d7d-428b-8cce-b39aab5a9323 | Context cleanup@openstack cleanup() started
2019-12-16 04:07:05.161 20411 RALLYDEBUG rally_openstack.cleanup.manager [-] Cleaning up nova servers objects
2019-12-16 04:07:06.546 20411 RALLYDEBUG rally_openstack.cleanup.manager [-] Cleaning up nova server_groups objects
2019-12-16 04:07:07.648 20411 RALLYDEBUG rally_openstack.cleanup.manager [-] Cleaning up nova keypairs objects
2019-12-16 04:07:09.897 20411 INFO rally.task.context [-] Task 5c4ae9b0-0d7d-428b-8cce-b39aab5a9323 | Context cleanup@openstack cleanup() finished in 4.74 sec
2019-12-16 04:07:09.898 20411 INFO rally.task.context [-] Task 5c4ae9b0-0d7d-428b-8cce-b39aab5a9323 | Context network@openstack cleanup() started
2019-12-16 04:07:31.486 20411 INFO rally.task.context [-] Task 5c4ae9b0-0d7d-428b-8cce-b39aab5a9323 | Context network@openstack cleanup() finished in 21.59 sec
2019-12-16 04:07:31.487 20411 INFO rally.task.context [-] Task 5c4ae9b0-0d7d-428b-8cce-b39aab5a9323 | Context quotas@openstack cleanup() started
2019-12-16 04:07:31.729 20411 INFO rally.task.context [-] Task 5c4ae9b0-0d7d-428b-8cce-b39aab5a9323 | Context quotas@openstack cleanup() finished in 0.24 sec
2019-12-16 04:07:31.730 20411 INFO rally.task.context [-] Task 5c4ae9b0-0d7d-428b-8cce-b39aab5a9323 | Context users@openstack cleanup() started
2019-12-16 04:07:35.643 20411 INFO rally.task.context [-] Task 5c4ae9b0-0d7d-428b-8cce-b39aab5a9323 | Context users@openstack cleanup() finished in 3.91 sec
2019-12-16 04:07:35.711 20411 INFO rally.task.engine [-] Load duration is: 29.376125
2019-12-16 04:07:35.711 20411 INFO rally.task.engine [-] Full runner duration is: 30.421242
2019-12-16 04:07:35.712 20411 INFO rally.task.engine [-] Full duration is: 78.311029
2019-12-16 04:07:36.029 20411 INFO rally.task.engine [-] Running workload: position = 0 config = { "version": 2, "title": "A cropped version of a bigger task.", "description": "Auto-generated task from a single workload (uuid=d8057982-b211-46ab-8b57-b8ef5988ffbe)", "subtasks": [ { "title": "NovaServers.boot_server_from_volume_and_delete", "description": "Boot a server from volume and then delete it.", "scenario": { "NovaServers.boot_server_from_volume_and_delete": { "flavor": { "name": "rally_full-flavor_102dc671-f436-4d4d-b368-5b0ed177eae0" }, "image": { "name": "rally_full-img_102dc671-f436-4d4d-b368-5b0ed177eae0" }, "volume_size": 1, "nics": [ { "net-id": "c51c8544-d62f-4817-b7df-cb0981aba4ec" } ] } }, "contexts": { "users": { "tenants": 3, "users_per_tenant": 2 }, "network": { "networks_per_tenant": 1, "start_cidr": "100.1.0.0/25" }, "quotas": { "cinder": { "gigabytes": -1, "snapshots": -1, "volumes": -1 }, "neutron": { "network": -1, "port": -1, "subnet": -1 }, "nova": { "cores": -1, "floating_ips": -1, "instances": -1, "ram": -1, "security_group_rules": -1, "security_groups": -1 } }, "api_versions": { "cinder": { "version": 3, "service_type": "volumev3" } } }, "runner": { "constant": { "concurrency": 4, "times": 10 } }, "hooks": [], "sla": { "failure_rate": { "max": 0 } } } ] }
2019-12-16 04:07:36.055 20411 RALLYDEBUG rally_openstack.contexts.keystone.users [-] Creating 3 tenants using 20 threads
2019-12-16 04:07:37.099 20411 RALLYDEBUG rally_openstack.contexts.keystone.users [-] Creating 6 users using 20 threads
2019-12-16 04:07:38.612 20411 INFO rally.task.context [-] Task 5c4ae9b0-0d7d-428b-8cce-b39aab5a9323 | Context users@openstack setup() finished in 2.56 sec
2019-12-16 04:07:39.011 20411 INFO rally.task.context [-] Task 5c4ae9b0-0d7d-428b-8cce-b39aab5a9323 | Context api_versions@openstack setup() finished in 0.40 sec
2019-12-16 04:07:40.923 20411 INFO rally.task.context [-] Task 5c4ae9b0-0d7d-428b-8cce-b39aab5a9323 | Context quotas@openstack setup() finished in 1.91 sec
2019-12-16 04:07:43.156 20411 RALLYDEBUG rally_openstack.wrappers.network [-] CIDR generated: 100.1.10.128/25
2019-12-16 04:07:47.880 20411 RALLYDEBUG rally_openstack.wrappers.network [-] CIDR generated: 100.1.11.0/25
2019-12-16 04:07:51.528 20411 RALLYDEBUG rally_openstack.wrappers.network [-] CIDR generated: 100.1.11.128/25
2019-12-16 04:07:53.663 20411 INFO rally.task.context [-] Task 5c4ae9b0-0d7d-428b-8cce-b39aab5a9323 | Context network@openstack setup() finished in 12.74 sec
2019-12-16 04:07:53.664 20411 INFO rally.task.context [-] Task 5c4ae9b0-0d7d-428b-8cce-b39aab5a9323 | Context cleanup@openstack setup() finished in 0.01 msec
2019-12-16 04:07:54.467 20411 RALLYDEBUG rally.task.runner [-] Starting the constant runner (task UUID: 5c4ae9b0-0d7d-428b-8cce-b39aab5a9323). times: 10 concurrency: 4 timeout: 0 max_cpu_used: 16 processes_to_start: 4 concurrency_per_worker: 1 concurrency_overhead: 0
2019-12-16 04:07:54.479 23215 RALLYDEBUG rally.task.runner [-] Starting a worker. times: 10 duration: None concurrency: 1 timeout: 0 cls: method_name: run args: {"flavor": "c1b316bb-9aea-40b2-9eed-8480abe7834e", "image": "02e2d7fc-4c21-4af2-9b3a-22bc0af0001a", "volume_size": 1, "nics": [{"net-id": "c51c8544-d62f-4817-b7df-cb0981aba4ec"}]}
2019-12-16 04:07:54.483 23216 RALLYDEBUG rally.task.runner [-] Starting a worker. times: 10 duration: None concurrency: 1 timeout: 0 cls: method_name: run args: {"flavor": "c1b316bb-9aea-40b2-9eed-8480abe7834e", "image": "02e2d7fc-4c21-4af2-9b3a-22bc0af0001a", "volume_size": 1, "nics": [{"net-id": "c51c8544-d62f-4817-b7df-cb0981aba4ec"}]}
2019-12-16 04:07:54.487 23215 INFO rally.task.runner [-] Task 5c4ae9b0-0d7d-428b-8cce-b39aab5a9323 | ITER: 1 START
2019-12-16 04:07:54.486 23217 RALLYDEBUG rally.task.runner [-] Starting a worker. times: 10 duration: None concurrency: 1 timeout: 0 cls: method_name: run args: {"flavor": "c1b316bb-9aea-40b2-9eed-8480abe7834e", "image": "02e2d7fc-4c21-4af2-9b3a-22bc0af0001a", "volume_size": 1, "nics": [{"net-id": "c51c8544-d62f-4817-b7df-cb0981aba4ec"}]}
2019-12-16 04:07:54.491 23216 INFO rally.task.runner [-] Task 5c4ae9b0-0d7d-428b-8cce-b39aab5a9323 | ITER: 2 START
2019-12-16 04:07:54.491 23218 RALLYDEBUG rally.task.runner [-] Starting a worker. times: 10 duration: None concurrency: 1 timeout: 0 cls: method_name: run args: {"flavor": "c1b316bb-9aea-40b2-9eed-8480abe7834e", "image": "02e2d7fc-4c21-4af2-9b3a-22bc0af0001a", "volume_size": 1, "nics": [{"net-id": "c51c8544-d62f-4817-b7df-cb0981aba4ec"}]}
2019-12-16 04:07:54.494 23217 INFO rally.task.runner [-] Task 5c4ae9b0-0d7d-428b-8cce-b39aab5a9323 | ITER: 3 START
2019-12-16 04:07:54.498 23218 INFO rally.task.runner [-] Task 5c4ae9b0-0d7d-428b-8cce-b39aab5a9323 | ITER: 4 START
2019-12-16 04:08:11.912 23216 RALLYDEBUG rally.task.utils [-] Waiting for resource s_rally_d8057982_79tm6MMj. Status changed: DOWNLOADING => AVAILABLE in 14.640066862106323
2019-12-16 04:08:18.670 23215 RALLYDEBUG rally.task.utils [-] Waiting for resource s_rally_d8057982_XVYwzZpa. Status changed: DOWNLOADING => AVAILABLE in 21.061258554458618
2019-12-16 04:08:20.807 23216 RALLYDEBUG rally.task.utils [-] Waiting for resource s_rally_d8057982_xnVGMhif. Status changed: BUILD => ACTIVE in 6.832560062408447
2019-12-16 04:08:27.829 23215 RALLYDEBUG rally.task.utils [-] Waiting for resource s_rally_d8057982_S6wqD0zI. Status changed: BUILD => ACTIVE in 6.796562671661377
2019-12-16 04:08:30.239 23215 INFO rally.task.runner [-] Task 5c4ae9b0-0d7d-428b-8cce-b39aab5a9323 | ITER: 1 END: OK
2019-12-16 04:08:30.246 23215 INFO rally.task.runner [-] Task 5c4ae9b0-0d7d-428b-8cce-b39aab5a9323 | ITER: 5 START
2019-12-16 04:08:32.718 23217 RALLYDEBUG rally.task.utils [-] Waiting for resource s_rally_d8057982_iPm69gIP. Status changed: DOWNLOADING => AVAILABLE in 35.369351863861084
2019-12-16 04:08:34.551 23216 INFO rally.task.runner [-] Task 5c4ae9b0-0d7d-428b-8cce-b39aab5a9323 | ITER: 2 END: OK
2019-12-16 04:08:34.557 23216 INFO rally.task.runner [-] Task 5c4ae9b0-0d7d-428b-8cce-b39aab5a9323 | ITER: 6 START
2019-12-16 04:08:35.020 23218 RALLYDEBUG rally.task.utils [-] Waiting for resource s_rally_d8057982_lg9DXUUq. Status changed: DOWNLOADING => AVAILABLE in 37.65951371192932
2019-12-16 04:08:41.716 23217 RALLYDEBUG rally.task.utils [-] Waiting for resource s_rally_d8057982_uGiSfdZ8. Status changed: BUILD => ACTIVE in 7.145813941955566
2019-12-16 04:08:44.172 23217 INFO rally.task.runner [-] Task 5c4ae9b0-0d7d-428b-8cce-b39aab5a9323 | ITER: 3 END: OK
2019-12-16 04:08:44.179 23217 INFO rally.task.runner [-] Task 5c4ae9b0-0d7d-428b-8cce-b39aab5a9323 | ITER: 7 START
2019-12-16 04:08:44.352 23218 RALLYDEBUG rally.task.utils [-] Waiting for resource s_rally_d8057982_gWTWGHmf. Status changed: BUILD => ACTIVE in 7.028968811035156
2019-12-16 04:08:46.727 23218 INFO rally.task.runner [-] Task 5c4ae9b0-0d7d-428b-8cce-b39aab5a9323 | ITER: 4 END: OK
2019-12-16 04:08:46.731 23218 INFO rally.task.runner [-] Task 5c4ae9b0-0d7d-428b-8cce-b39aab5a9323 | ITER: 8 START
2019-12-16 04:08:53.464 23217 RALLYDEBUG rally.task.utils [-] Waiting for resource s_rally_d8057982_RKRV9qp6. Status changed: CREATING => DOWNLOADING in 6.314456939697266
2019-12-16 04:08:53.810 23218 RALLYDEBUG rally.task.utils [-] Waiting for resource s_rally_d8057982_pjKLLFGg. Status changed: CREATING => DOWNLOADING in 4.267734527587891
2019-12-16 04:08:54.120 23215 RALLYDEBUG rally.task.utils [-] Waiting for resource s_rally_d8057982_QicX7cCs. Status changed: DOWNLOADING => AVAILABLE in 20.778868913650513
2019-12-16 04:09:01.599 23215 RALLYDEBUG rally.task.utils [-] Waiting for resource s_rally_d8057982_PEj7o8Zu. Status changed: BUILD => ACTIVE in 4.8091208934783936
2019-12-16 04:09:04.045 23215 INFO rally.task.runner [-] Task 5c4ae9b0-0d7d-428b-8cce-b39aab5a9323 | ITER: 5 END: OK
2019-12-16 04:09:04.050 23215 INFO rally.task.runner [-] Task 5c4ae9b0-0d7d-428b-8cce-b39aab5a9323 | ITER: 9 START
2019-12-16 04:09:14.962 23216 RALLYDEBUG rally.task.utils [-] Waiting for resource s_rally_d8057982_Xk77xqN8. Status changed: DOWNLOADING => AVAILABLE in 37.341660261154175
2019-12-16 04:09:19.670 23215 RALLYDEBUG rally.task.utils [-] Waiting for resource s_rally_d8057982_Bd9tqR7u. Status changed: DOWNLOADING => AVAILABLE in 12.520421028137207
2019-12-16 04:09:24.112 23216 RALLYDEBUG rally.task.utils [-] Waiting for resource s_rally_d8057982_nr6OMEOe. Status changed: BUILD => ACTIVE in 6.894164085388184
2019-12-16 04:09:26.445 23216 INFO rally.task.runner [-] Task 5c4ae9b0-0d7d-428b-8cce-b39aab5a9323 | ITER: 6 END: OK
2019-12-16 04:09:26.451 23216 INFO rally.task.runner [-] Task 5c4ae9b0-0d7d-428b-8cce-b39aab5a9323 | ITER: 10 START
2019-12-16 04:09:28.895 23215 RALLYDEBUG rally.task.utils [-] Waiting for resource s_rally_d8057982_jRVYLeRB. Status changed: BUILD => ACTIVE in 6.825101852416992
2019-12-16 04:09:31.282 23215 INFO rally.task.runner [-] Task 5c4ae9b0-0d7d-428b-8cce-b39aab5a9323 | ITER: 9 END: OK
2019-12-16 04:09:41.715 23216 RALLYDEBUG rally.task.utils [-] Waiting for resource s_rally_d8057982_5JVpDYnm. Status changed: DOWNLOADING => AVAILABLE in 12.529006242752075
2019-12-16 04:09:49.230 23217 RALLYDEBUG rally.task.utils [-] Waiting for resource s_rally_d8057982_RKRV9qp6. Status changed: DOWNLOADING => AVAILABLE in 55.76562762260437
2019-12-16 04:09:49.633 23218 RALLYDEBUG rally.task.utils [-] Waiting for resource s_rally_d8057982_pjKLLFGg. Status changed: DOWNLOADING => AVAILABLE in 55.82264709472656
2019-12-16 04:09:50.834 23216 RALLYDEBUG rally.task.utils [-] Waiting for resource s_rally_d8057982_mFCyg1Rs. Status changed: BUILD => ACTIVE in 7.014452934265137
2019-12-16 04:09:53.149 23216 INFO rally.task.runner [-] Task 5c4ae9b0-0d7d-428b-8cce-b39aab5a9323 | ITER: 10 END: OK
2019-12-16 04:09:56.125 23218 RALLYDEBUG rally.task.utils [-] Waiting for resource s_rally_d8057982_Nsd6TgnJ. Status changed: BUILD => ACTIVE in 4.52645206451416
2019-12-16 04:09:57.977 23217 RALLYDEBUG rally.task.utils [-] Waiting for resource s_rally_d8057982_h1dYvMdT. Status changed: BUILD => ACTIVE in 6.75232720375061
2019-12-16 04:09:58.614 23218 INFO rally.task.runner [-] Task 5c4ae9b0-0d7d-428b-8cce-b39aab5a9323 | ITER: 8 END: OK
2019-12-16 04:10:00.520 23217 INFO rally.task.runner [-] Task 5c4ae9b0-0d7d-428b-8cce-b39aab5a9323 | ITER: 7 END: OK
2019-12-16 04:10:00.549 20411 INFO rally.task.context [-] Task 5c4ae9b0-0d7d-428b-8cce-b39aab5a9323 | Context cleanup@openstack cleanup() started
2019-12-16 04:10:00.553 20411 RALLYDEBUG rally_openstack.cleanup.manager [-] Cleaning up nova servers objects
2019-12-16 04:10:01.842 20411 RALLYDEBUG rally_openstack.cleanup.manager [-] Cleaning up nova server_groups objects
2019-12-16 04:10:02.945 20411 RALLYDEBUG rally_openstack.cleanup.manager [-] Cleaning up nova keypairs objects
2019-12-16 04:10:05.226 20411 RALLYDEBUG rally_openstack.cleanup.manager [-] Cleaning up cinder backups objects
2019-12-16 04:10:06.384 20411 RALLYDEBUG rally_openstack.cleanup.manager [-] Cleaning up cinder volume_snapshots objects
2019-12-16 04:10:07.518 20411 RALLYDEBUG rally_openstack.cleanup.manager [-] Cleaning up cinder transfers objects
2019-12-16 04:10:08.652 20411 RALLYDEBUG rally_openstack.cleanup.manager [-] Cleaning up cinder volumes objects
2019-12-16 04:10:09.887 20411 RALLYDEBUG rally_openstack.cleanup.manager [-] Deleting cinder.volumes object s_rally_d8057982_RKRV9qp6 (c2796283-b4b3-48bf-ac04-bd3ec6366d1f)
2019-12-16 04:10:09.896 20411 RALLYDEBUG rally_openstack.cleanup.manager [-] Deleting cinder.volumes object s_rally_d8057982_QicX7cCs (a31356b2-4183-4d45-9a6d-3d1b9aa5164f)
2019-12-16 04:10:09.905 20411 RALLYDEBUG rally_openstack.cleanup.manager [-] Deleting cinder.volumes object s_rally_d8057982_lg9DXUUq (edf7118d-9ab1-4920-b77c-45b362ceda44)
2019-12-16 04:10:09.909 20411 RALLYDEBUG rally_openstack.cleanup.manager [-] Deleting cinder.volumes object s_rally_d8057982_iPm69gIP (963f275d-f0fe-47d8-8b18-860ef88592eb)
2019-12-16 04:10:09.919 20411 RALLYDEBUG rally_openstack.cleanup.manager [-] Deleting cinder.volumes object s_rally_d8057982_Bd9tqR7u (b85d2b13-c8f2-4fe4-8807-e71ffb225c73)
2019-12-16 04:10:09.931 20411 RALLYDEBUG rally_openstack.cleanup.manager [-] Deleting cinder.volumes object s_rally_d8057982_XVYwzZpa (e8766e52-6f73-4a72-9924-60a5e15a340c)
2019-12-16 04:10:09.939 20411 RALLYDEBUG rally_openstack.cleanup.manager [-] Deleting cinder.volumes object s_rally_d8057982_5JVpDYnm (85ec0a29-d176-4c01-91bf-deaa68995c72)
2019-12-16 04:10:09.959 20411 RALLYDEBUG rally_openstack.cleanup.manager [-] Deleting cinder.volumes object s_rally_d8057982_pjKLLFGg (6c5c4530-716b-48a3-8e34-1663c26e9f0e)
2019-12-16 04:10:09.964 20411 RALLYDEBUG rally_openstack.cleanup.manager [-] Deleting cinder.volumes object s_rally_d8057982_Xk77xqN8 (17aaecf5-c7b9-420c-9828-97babc8537cf)
2019-12-16 04:10:09.982 20411 RALLYDEBUG rally_openstack.cleanup.manager [-] Deleting cinder.volumes object s_rally_d8057982_79tm6MMj (8817c8bb-12bd-4532-bbec-f0f314e41362)
2019-12-16 04:10:13.982 20411 INFO rally.task.context [-] Task 5c4ae9b0-0d7d-428b-8cce-b39aab5a9323 | Context cleanup@openstack cleanup() finished in 13.43 sec
2019-12-16 04:10:13.983 20411 INFO rally.task.context [-] Task 5c4ae9b0-0d7d-428b-8cce-b39aab5a9323 | Context network@openstack cleanup() started
2019-12-16 04:10:36.423 20411 INFO rally.task.context [-] Task 5c4ae9b0-0d7d-428b-8cce-b39aab5a9323 | Context network@openstack cleanup() finished in 22.44 sec
2019-12-16 04:10:36.424 20411 INFO rally.task.context [-] Task 5c4ae9b0-0d7d-428b-8cce-b39aab5a9323 | Context quotas@openstack cleanup() started
2019-12-16 04:10:36.699 20411 INFO rally.task.context [-] Task 5c4ae9b0-0d7d-428b-8cce-b39aab5a9323 | Context quotas@openstack cleanup() finished in 0.27 sec
2019-12-16 04:10:36.700 20411 INFO rally.task.context [-] Task 5c4ae9b0-0d7d-428b-8cce-b39aab5a9323 | Context api_versions@openstack cleanup() started
2019-12-16 04:10:36.700 20411 INFO rally.task.context [-] Task 5c4ae9b0-0d7d-428b-8cce-b39aab5a9323 | Context api_versions@openstack cleanup() finished in 0.39 msec
2019-12-16 04:10:36.701 20411 INFO rally.task.context [-] Task 5c4ae9b0-0d7d-428b-8cce-b39aab5a9323 | Context users@openstack cleanup() started
2019-12-16 04:10:40.648 20411 INFO rally.task.context [-] Task 5c4ae9b0-0d7d-428b-8cce-b39aab5a9323 | Context users@openstack cleanup() finished in 3.95 sec
2019-12-16 04:10:40.798 20411 INFO rally.task.engine [-] Load duration is: 125.028238
2019-12-16 04:10:40.799 20411 INFO rally.task.engine [-] Full runner duration is: 126.083029
2019-12-16 04:10:40.799 20411 INFO rally.task.engine [-] Full duration is: 184.596372
2019-12-16 04:10:41.112 20411 INFO rally.task.engine [-] Running workload: position = 0 config = { "version": 2, "title": "A cropped version of a bigger task.", "description": "Auto-generated task from a single workload (uuid=9a792f80-dc3d-4b49-9f61-c9c86b08687b)", "subtasks": [ { "title": "NovaServers.pause_and_unpause_server", "description": "Create a server, pause, unpause and then delete it", "scenario": { "NovaServers.pause_and_unpause_server": { "flavor": { "name": "rally_full-flavor_102dc671-f436-4d4d-b368-5b0ed177eae0" }, "image": { "name": "rally_full-img_102dc671-f436-4d4d-b368-5b0ed177eae0" }, "force_delete": false, "nics": [ { "net-id": "c51c8544-d62f-4817-b7df-cb0981aba4ec" } ] } }, "contexts": { "users": { "tenants": 3, "users_per_tenant": 2 }, "network": { "networks_per_tenant": 1, "start_cidr": "100.1.0.0/25" }, "quotas": { "neutron": { "network": -1, "port": -1, "subnet": -1 }, "nova": { "cores": -1, "floating_ips": -1, "instances": -1, "ram": -1, "security_group_rules": -1, "security_groups": -1 } } }, "runner": { "constant": { "concurrency": 4, "times": 10 } }, "hooks": [], "sla": { "failure_rate": { "max": 0 } } } ] }
2019-12-16 04:10:41.138 20411 RALLYDEBUG rally_openstack.contexts.keystone.users [-] Creating 3 tenants using 20 threads
2019-12-16 04:10:42.123 20411 RALLYDEBUG rally_openstack.contexts.keystone.users [-] Creating 6 users using 20 threads
2019-12-16 04:10:43.703 20411 INFO rally.task.context [-] Task 5c4ae9b0-0d7d-428b-8cce-b39aab5a9323 | Context users@openstack setup() finished in 2.56 sec
2019-12-16 04:10:45.152 20411 INFO rally.task.context [-] Task 5c4ae9b0-0d7d-428b-8cce-b39aab5a9323 | Context quotas@openstack setup() finished in 1.45 sec
2019-12-16 04:10:47.198 20411 RALLYDEBUG rally_openstack.wrappers.network [-] CIDR generated: 100.1.12.0/25
2019-12-16 04:10:51.139 20411 RALLYDEBUG rally_openstack.wrappers.network [-] CIDR generated: 100.1.12.128/25
2019-12-16 04:10:55.031 20411 RALLYDEBUG rally_openstack.wrappers.network [-] CIDR generated: 100.1.13.0/25
2019-12-16 04:10:57.274 20411 INFO rally.task.context [-] Task 5c4ae9b0-0d7d-428b-8cce-b39aab5a9323 | Context network@openstack setup() finished in 12.12 sec
2019-12-16 04:10:57.275 20411 INFO rally.task.context [-] Task 5c4ae9b0-0d7d-428b-8cce-b39aab5a9323 | Context cleanup@openstack setup() finished in 0.01 msec
2019-12-16 04:10:58.082 20411 RALLYDEBUG rally.task.runner [-] Starting the constant runner (task UUID: 5c4ae9b0-0d7d-428b-8cce-b39aab5a9323). times: 10 concurrency: 4 timeout: 0 max_cpu_used: 16 processes_to_start: 4 concurrency_per_worker: 1 concurrency_overhead: 0
2019-12-16 04:10:58.097 23459 RALLYDEBUG rally.task.runner [-] Starting a worker. times: 10 duration: None concurrency: 1 timeout: 0 cls: method_name: run args: {"flavor": "c1b316bb-9aea-40b2-9eed-8480abe7834e", "image": "02e2d7fc-4c21-4af2-9b3a-22bc0af0001a", "force_delete": false, "nics": [{"net-id": "c51c8544-d62f-4817-b7df-cb0981aba4ec"}]}
2019-12-16 04:10:58.101 23460 RALLYDEBUG rally.task.runner [-] Starting a worker. times: 10 duration: None concurrency: 1 timeout: 0 cls: method_name: run args: {"flavor": "c1b316bb-9aea-40b2-9eed-8480abe7834e", "image": "02e2d7fc-4c21-4af2-9b3a-22bc0af0001a", "force_delete": false, "nics": [{"net-id": "c51c8544-d62f-4817-b7df-cb0981aba4ec"}]}
2019-12-16 04:10:58.105 23459 INFO rally.task.runner [-] Task 5c4ae9b0-0d7d-428b-8cce-b39aab5a9323 | ITER: 1 START
2019-12-16 04:10:58.105 23461 RALLYDEBUG rally.task.runner [-] Starting a worker. times: 10 duration: None concurrency: 1 timeout: 0 cls: method_name: run args: {"flavor": "c1b316bb-9aea-40b2-9eed-8480abe7834e", "image": "02e2d7fc-4c21-4af2-9b3a-22bc0af0001a", "force_delete": false, "nics": [{"net-id": "c51c8544-d62f-4817-b7df-cb0981aba4ec"}]}
2019-12-16 04:10:58.108 23460 INFO rally.task.runner [-] Task 5c4ae9b0-0d7d-428b-8cce-b39aab5a9323 | ITER: 2 START
2019-12-16 04:10:58.109 23463 RALLYDEBUG rally.task.runner [-] Starting a worker. times: 10 duration: None concurrency: 1 timeout: 0 cls: method_name: run args: {"flavor": "c1b316bb-9aea-40b2-9eed-8480abe7834e", "image": "02e2d7fc-4c21-4af2-9b3a-22bc0af0001a", "force_delete": false, "nics": [{"net-id": "c51c8544-d62f-4817-b7df-cb0981aba4ec"}]}
2019-12-16 04:10:58.112 23461 INFO rally.task.runner [-] Task 5c4ae9b0-0d7d-428b-8cce-b39aab5a9323 | ITER: 3 START
2019-12-16 04:10:58.116 23463 INFO rally.task.runner [-] Task 5c4ae9b0-0d7d-428b-8cce-b39aab5a9323 | ITER: 4 START
2019-12-16 04:11:05.103 23461 RALLYDEBUG rally.task.utils [-] Waiting for resource s_rally_9a792f80_twEZ9B6c. Status changed: BUILD => ACTIVE in 4.83817982673645
2019-12-16 04:11:07.358 23460 RALLYDEBUG rally.task.utils [-] Waiting for resource s_rally_9a792f80_wjZivCVn. Status changed: BUILD => ACTIVE in 6.938875913619995
2019-12-16 04:11:07.551 23459 RALLYDEBUG rally.task.utils [-] Waiting for resource s_rally_9a792f80_Cr91QS4j. Status changed: BUILD => ACTIVE in 7.087640047073364
2019-12-16 04:11:07.627 23461 RALLYDEBUG rally.task.utils [-] Waiting for resource s_rally_9a792f80_twEZ9B6c. Status changed: ACTIVE => PAUSED in 0.2613050937652588
2019-12-16 04:11:09.502 23463 RALLYDEBUG rally.task.utils [-] Waiting for resource s_rally_9a792f80_poc57iLv. Status changed: BUILD => ACTIVE in 9.08775281906128
2019-12-16 04:11:09.828 23460 RALLYDEBUG rally.task.utils [-] Waiting for resource s_rally_9a792f80_wjZivCVn. Status changed: ACTIVE => PAUSED in 0.32112908363342285
2019-12-16 04:11:09.889 23459 RALLYDEBUG rally.task.utils [-] Waiting for resource s_rally_9a792f80_Cr91QS4j. Status changed: ACTIVE => PAUSED in 0.21698665618896484
2019-12-16 04:11:11.936 23463 RALLYDEBUG rally.task.utils [-] Waiting for resource s_rally_9a792f80_poc57iLv. Status changed: ACTIVE => PAUSED in 0.30721211433410645
2019-12-16 04:11:14.473 23460 INFO rally.task.runner [-] Task 5c4ae9b0-0d7d-428b-8cce-b39aab5a9323 | ITER: 2 END: OK
2019-12-16 04:11:14.477 23460 INFO rally.task.runner [-] Task 5c4ae9b0-0d7d-428b-8cce-b39aab5a9323 | ITER: 5 START
2019-12-16 04:11:14.696 23461 INFO rally.task.runner [-] Task 5c4ae9b0-0d7d-428b-8cce-b39aab5a9323 | ITER: 3 END: OK
2019-12-16 04:11:14.701 23461 INFO rally.task.runner [-] Task 5c4ae9b0-0d7d-428b-8cce-b39aab5a9323 | ITER: 6 START
2019-12-16 04:11:14.746 23459 INFO rally.task.runner [-] Task 5c4ae9b0-0d7d-428b-8cce-b39aab5a9323 | ITER: 1 END: OK
2019-12-16 04:11:14.751 23459 INFO rally.task.runner [-] Task 5c4ae9b0-0d7d-428b-8cce-b39aab5a9323 | ITER: 7 START
2019-12-16 04:11:16.849 23463 INFO rally.task.runner [-] Task 5c4ae9b0-0d7d-428b-8cce-b39aab5a9323 | ITER: 4 END: OK
2019-12-16 04:11:16.854 23463 INFO rally.task.runner [-] Task 5c4ae9b0-0d7d-428b-8cce-b39aab5a9323 | ITER: 8 START
2019-12-16 04:11:21.567 23459 RALLYDEBUG rally.task.utils [-] Waiting for resource s_rally_9a792f80_pecmy26W. Status changed: BUILD => ACTIVE in 4.672515153884888
2019-12-16 04:11:23.547 23463 RALLYDEBUG rally.task.utils [-] Waiting for resource s_rally_9a792f80_3jhCipgb. Status changed: BUILD => ACTIVE in 4.668653249740601
2019-12-16 04:11:23.862 23461 RALLYDEBUG rally.task.utils [-] Waiting for resource s_rally_9a792f80_nXbYUbch. Status changed: BUILD => ACTIVE in 7.012706756591797
2019-12-16 04:11:23.880 23459 RALLYDEBUG rally.task.utils [-] Waiting for resource s_rally_9a792f80_pecmy26W. Status changed: ACTIVE => PAUSED in 0.15746474266052246
2019-12-16 04:11:25.873 23463 RALLYDEBUG rally.task.utils [-] Waiting for resource s_rally_9a792f80_3jhCipgb. Status changed: ACTIVE => PAUSED in 0.20872783660888672
2019-12-16 04:11:25.933 23460 RALLYDEBUG rally.task.utils [-] Waiting for resource s_rally_9a792f80_Y45q5BgR. Status changed: BUILD => ACTIVE in 9.13521432876587
2019-12-16 04:11:26.302 23461 RALLYDEBUG rally.task.utils [-] Waiting for resource s_rally_9a792f80_nXbYUbch. Status changed: ACTIVE => PAUSED in 0.29644274711608887
2019-12-16 04:11:28.248 23460 RALLYDEBUG rally.task.utils [-] Waiting for resource s_rally_9a792f80_Y45q5BgR. Status changed: ACTIVE => PAUSED in 0.19188547134399414
2019-12-16 04:11:28.720 23459 INFO rally.task.runner [-] Task 5c4ae9b0-0d7d-428b-8cce-b39aab5a9323 | ITER: 7 END: OK
2019-12-16 04:11:28.727 23459 INFO rally.task.runner [-] Task 5c4ae9b0-0d7d-428b-8cce-b39aab5a9323 | ITER: 9 START
2019-12-16 04:11:30.804 23463 INFO rally.task.runner [-] Task 5c4ae9b0-0d7d-428b-8cce-b39aab5a9323 | ITER: 8 END: OK
2019-12-16 04:11:30.810 23463 INFO rally.task.runner [-] Task 5c4ae9b0-0d7d-428b-8cce-b39aab5a9323 | ITER: 10 START
2019-12-16 04:11:30.996 23461 INFO rally.task.runner [-] Task 5c4ae9b0-0d7d-428b-8cce-b39aab5a9323 | ITER: 6 END: OK
2019-12-16 04:11:32.960 23460 INFO rally.task.runner [-] Task 5c4ae9b0-0d7d-428b-8cce-b39aab5a9323 | ITER: 5 END: OK
2019-12-16 04:11:35.582 23459 RALLYDEBUG rally.task.utils [-] Waiting for resource s_rally_9a792f80_B34XXSET. Status changed: BUILD => ACTIVE in 4.580451250076294
2019-12-16 04:11:37.503 23463 RALLYDEBUG rally.task.utils [-] Waiting for resource s_rally_9a792f80_sBq0PwRR. Status changed: BUILD => ACTIVE in 4.634861946105957
2019-12-16 04:11:37.864 23459 RALLYDEBUG rally.task.utils [-] Waiting for resource s_rally_9a792f80_B34XXSET. Status changed: ACTIVE => PAUSED in 0.16453242301940918
2019-12-16 04:11:39.845 23463 RALLYDEBUG rally.task.utils [-] Waiting for resource s_rally_9a792f80_sBq0PwRR. Status changed: ACTIVE => PAUSED in 0.2199711799621582
2019-12-16 04:11:42.906 23459 INFO rally.task.runner [-] Task 5c4ae9b0-0d7d-428b-8cce-b39aab5a9323 | ITER: 9 END: OK
2019-12-16 04:11:44.597 23463 INFO rally.task.runner [-] Task 5c4ae9b0-0d7d-428b-8cce-b39aab5a9323 | ITER: 10 END: OK
2019-12-16 04:11:44.624 20411 INFO rally.task.context [-] Task 5c4ae9b0-0d7d-428b-8cce-b39aab5a9323 | Context cleanup@openstack cleanup() started
2019-12-16 04:11:44.627 20411 RALLYDEBUG rally_openstack.cleanup.manager [-] Cleaning up nova servers objects
2019-12-16 04:11:45.897 20411 RALLYDEBUG rally_openstack.cleanup.manager [-] Cleaning up nova server_groups objects
2019-12-16 04:11:47.004 20411 RALLYDEBUG rally_openstack.cleanup.manager [-] Cleaning up nova keypairs objects
2019-12-16 04:11:49.331 20411 INFO rally.task.context [-] Task 5c4ae9b0-0d7d-428b-8cce-b39aab5a9323 | Context cleanup@openstack cleanup() finished in 4.71 sec
2019-12-16 04:11:49.331 20411 INFO rally.task.context [-] Task 5c4ae9b0-0d7d-428b-8cce-b39aab5a9323 | Context network@openstack cleanup() started
2019-12-16 04:12:10.524 20411 INFO rally.task.context [-] Task 5c4ae9b0-0d7d-428b-8cce-b39aab5a9323 | Context network@openstack cleanup() finished in 21.19 sec
2019-12-16 04:12:10.525 20411 INFO rally.task.context [-] Task 5c4ae9b0-0d7d-428b-8cce-b39aab5a9323 | Context quotas@openstack cleanup() started
2019-12-16 04:12:10.699 20411 INFO rally.task.context [-] Task 5c4ae9b0-0d7d-428b-8cce-b39aab5a9323 | Context quotas@openstack cleanup() finished in 0.17 sec
2019-12-16 04:12:10.699 20411 INFO rally.task.context [-] Task 5c4ae9b0-0d7d-428b-8cce-b39aab5a9323 | Context users@openstack cleanup() started
2019-12-16 04:12:14.557 20411 INFO rally.task.context [-] Task 5c4ae9b0-0d7d-428b-8cce-b39aab5a9323 | Context users@openstack cleanup() finished in 3.86 sec
2019-12-16 04:12:15.582 20411 INFO rally.task.engine [-] Load duration is: 41.490176
2019-12-16 04:12:15.582 20411 INFO rally.task.engine [-] Full runner duration is: 46.542192
2019-12-16 04:12:15.583 20411 INFO rally.task.engine [-] Full duration is: 93.421455
2019-12-16 04:12:15.929 20411 INFO rally.task.engine [-] Running workload: position = 0 config = { "version": 2, "title": "A cropped version of a bigger task.", "description": "Auto-generated task from a single workload (uuid=5cf82fbe-e949-4bf4-8ed3-cd90cb7fe025)", "subtasks": [ { "title": "NovaServers.boot_and_migrate_server", "description": "Migrate a server.", "scenario": { "NovaServers.boot_and_migrate_server": { "flavor": { "name": "rally_full-flavor_102dc671-f436-4d4d-b368-5b0ed177eae0" }, "image": { "name": "rally_full-img_102dc671-f436-4d4d-b368-5b0ed177eae0" }, "nics": [ { "net-id": "c51c8544-d62f-4817-b7df-cb0981aba4ec" } ] } }, "contexts": { "users": { "tenants": 3, "users_per_tenant": 2 } }, "runner": { "constant": { "concurrency": 4, "times": 10 } }, "hooks": [], "sla": { "failure_rate": { "max": 0 } } } ] }
2019-12-16 04:12:15.954 20411 RALLYDEBUG rally_openstack.contexts.keystone.users [-] Creating 3 tenants using 20 threads
2019-12-16 04:12:17.018 20411 RALLYDEBUG rally_openstack.contexts.keystone.users [-] Creating 6 users using 20 threads
2019-12-16 04:12:18.530 20411 INFO rally.task.context [-] Task 5c4ae9b0-0d7d-428b-8cce-b39aab5a9323 | Context users@openstack setup() finished in 2.58 sec
2019-12-16 04:12:18.530 20411 INFO rally.task.context [-] Task 5c4ae9b0-0d7d-428b-8cce-b39aab5a9323 | Context cleanup@openstack setup() finished in 0.01 msec
2019-12-16 04:12:19.543 20411 RALLYDEBUG rally.task.runner [-] Starting the constant runner (task UUID: 5c4ae9b0-0d7d-428b-8cce-b39aab5a9323). times: 10 concurrency: 4 timeout: 0 max_cpu_used: 16 processes_to_start: 4 concurrency_per_worker: 1 concurrency_overhead: 0
2019-12-16 04:12:19.554 23623 RALLYDEBUG rally.task.runner [-] Starting a worker. times: 10 duration: None concurrency: 1 timeout: 0 cls: method_name: run args: {"flavor": "c1b316bb-9aea-40b2-9eed-8480abe7834e", "image": "02e2d7fc-4c21-4af2-9b3a-22bc0af0001a", "nics": [{"net-id": "c51c8544-d62f-4817-b7df-cb0981aba4ec"}]}
2019-12-16 04:12:19.559 23624 RALLYDEBUG rally.task.runner [-] Starting a worker. times: 10 duration: None concurrency: 1 timeout: 0 cls: method_name: run args: {"flavor": "c1b316bb-9aea-40b2-9eed-8480abe7834e", "image": "02e2d7fc-4c21-4af2-9b3a-22bc0af0001a", "nics": [{"net-id": "c51c8544-d62f-4817-b7df-cb0981aba4ec"}]}
2019-12-16 04:12:19.561 23623 INFO rally.task.runner [-] Task 5c4ae9b0-0d7d-428b-8cce-b39aab5a9323 | ITER: 1 START
2019-12-16 04:12:19.562 23625 RALLYDEBUG rally.task.runner [-] Starting a worker. times: 10 duration: None concurrency: 1 timeout: 0 cls: method_name: run args: {"flavor": "c1b316bb-9aea-40b2-9eed-8480abe7834e", "image": "02e2d7fc-4c21-4af2-9b3a-22bc0af0001a", "nics": [{"net-id": "c51c8544-d62f-4817-b7df-cb0981aba4ec"}]}
2019-12-16 04:12:19.566 23624 INFO rally.task.runner [-] Task 5c4ae9b0-0d7d-428b-8cce-b39aab5a9323 | ITER: 2 START
2019-12-16 04:12:19.566 23628 RALLYDEBUG rally.task.runner [-] Starting a worker. times: 10 duration: None concurrency: 1 timeout: 0 cls: method_name: run args: {"flavor": "c1b316bb-9aea-40b2-9eed-8480abe7834e", "image": "02e2d7fc-4c21-4af2-9b3a-22bc0af0001a", "nics": [{"net-id": "c51c8544-d62f-4817-b7df-cb0981aba4ec"}]}
2019-12-16 04:12:19.569 23625 INFO rally.task.runner [-] Task 5c4ae9b0-0d7d-428b-8cce-b39aab5a9323 | ITER: 3 START
2019-12-16 04:12:19.572 23628 INFO rally.task.runner [-] Task 5c4ae9b0-0d7d-428b-8cce-b39aab5a9323 | ITER: 4 START
2019-12-16 04:12:26.768 23624 RALLYDEBUG rally.task.utils [-] Waiting for resource s_rally_5cf82fbe_YqvVtokG. Status changed: BUILD => ACTIVE in 4.884802579879761
2019-12-16 04:12:26.984 23625 RALLYDEBUG rally.task.utils [-] Waiting for resource s_rally_5cf82fbe_turTLVzj. Status changed: BUILD => ACTIVE in 5.014886140823364
2019-12-16 04:12:28.558 23623 RALLYDEBUG rally.task.utils [-] Waiting for resource s_rally_5cf82fbe_dxa2Aij1. Status changed: BUILD => ACTIVE in 6.574426174163818
2019-12-16 04:12:28.619 23625 RALLYDEBUG rally.task.utils [-] Waiting for resource s_rally_5cf82fbe_turTLVzj. Status changed: ACTIVE => RESIZE in 0.14835309982299805
2019-12-16 04:12:28.769 23624 RALLYDEBUG rally.task.utils [-] Waiting for resource s_rally_5cf82fbe_YqvVtokG. Status changed: ACTIVE => RESIZE in 0.26282835006713867
2019-12-16 04:12:29.099 23628 RALLYDEBUG rally.task.utils [-] Waiting for resource s_rally_5cf82fbe_ZEIdjLOE. Status changed: BUILD => ACTIVE in 7.160437822341919
2019-12-16 04:12:30.543 23623 RALLYDEBUG rally.task.utils [-] Waiting for resource s_rally_5cf82fbe_dxa2Aij1. Status changed: ACTIVE => RESIZE in 0.5207891464233398
2019-12-16 04:12:31.268 23628 RALLYDEBUG rally.task.utils [-] Waiting for resource s_rally_5cf82fbe_ZEIdjLOE. Status changed: ACTIVE => RESIZE in 0.25479984283447266
2019-12-16 04:12:37.534 23624 RALLYDEBUG rally.task.utils [-] Waiting for resource s_rally_5cf82fbe_YqvVtokG. Status changed: RESIZE => VERIFY_RESIZE in 8.765169620513916
2019-12-16 04:12:38.078 23624 RALLYDEBUG rally.task.utils [-] Waiting for resource s_rally_5cf82fbe_YqvVtokG. Status changed: ACTIVE => VERIFY_RESIZE in 0.22487425804138184
2019-12-16 04:12:40.128 23625 RALLYDEBUG rally.task.utils [-] Waiting for resource s_rally_5cf82fbe_turTLVzj. Status changed: RESIZE => VERIFY_RESIZE in 11.508991956710815
2019-12-16 04:12:40.229 23624 RALLYDEBUG rally.task.utils [-] Waiting for resource s_rally_5cf82fbe_YqvVtokG. Status changed: VERIFY_RESIZE => ACTIVE in 2.1502957344055176
2019-12-16 04:12:40.533 23625 RALLYDEBUG rally.task.utils [-] Waiting for resource s_rally_5cf82fbe_turTLVzj. Status changed: ACTIVE => VERIFY_RESIZE in 0.15090417861938477
2019-12-16 04:12:42.553 23624 INFO rally.task.runner [-] Task 5c4ae9b0-0d7d-428b-8cce-b39aab5a9323 | ITER: 2 END: OK
2019-12-16 04:12:42.559 23624 INFO rally.task.runner [-] Task 5c4ae9b0-0d7d-428b-8cce-b39aab5a9323 | ITER: 5 START
2019-12-16 04:12:42.755 23625 RALLYDEBUG rally.task.utils [-] Waiting for resource s_rally_5cf82fbe_turTLVzj. Status changed: VERIFY_RESIZE => ACTIVE in 2.222149610519409
2019-12-16 04:12:45.159 23625 INFO rally.task.runner [-] Task 5c4ae9b0-0d7d-428b-8cce-b39aab5a9323 | ITER: 3 END: OK
2019-12-16 04:12:45.165 23625 INFO rally.task.runner [-] Task 5c4ae9b0-0d7d-428b-8cce-b39aab5a9323 | ITER: 6 START
2019-12-16 04:12:49.759 23624 RALLYDEBUG rally.task.utils [-] Waiting for resource s_rally_5cf82fbe_81pRWS3S. Status changed: BUILD => ACTIVE in 4.604640245437622
2019-12-16 04:12:50.246 23623 RALLYDEBUG rally.task.utils [-] Waiting for resource s_rally_5cf82fbe_dxa2Aij1. Status changed: RESIZE => VERIFY_RESIZE in 19.702658653259277
2019-12-16 04:12:50.891 23623 RALLYDEBUG rally.task.utils [-] Waiting for resource s_rally_5cf82fbe_dxa2Aij1. Status changed: ACTIVE => VERIFY_RESIZE in 0.14806270599365234
2019-12-16 04:12:51.831 23624 RALLYDEBUG rally.task.utils [-] Waiting for resource s_rally_5cf82fbe_81pRWS3S. Status changed: ACTIVE => RESIZE in 0.40116143226623535
2019-12-16 04:12:52.271 23625 RALLYDEBUG rally.task.utils [-] Waiting for resource s_rally_5cf82fbe_V5ssmGgX. Status changed: BUILD => ACTIVE in 4.605733156204224
2019-12-16 04:12:53.060 23623 RALLYDEBUG rally.task.utils [-] Waiting for resource s_rally_5cf82fbe_dxa2Aij1. Status changed: VERIFY_RESIZE => ACTIVE in 2.168936252593994
2019-12-16 04:12:54.035 23625 RALLYDEBUG rally.task.utils [-] Waiting for resource s_rally_5cf82fbe_V5ssmGgX. Status changed: ACTIVE => RESIZE in 0.1531975269317627
2019-12-16 04:12:55.555 23623 INFO rally.task.runner [-] Task 5c4ae9b0-0d7d-428b-8cce-b39aab5a9323 | ITER: 1 END: OK
2019-12-16 04:12:55.562 23623 INFO rally.task.runner [-] Task 5c4ae9b0-0d7d-428b-8cce-b39aab5a9323 | ITER: 7 START
2019-12-16 04:13:01.653 23628 RALLYDEBUG rally.task.utils [-] Waiting for resource s_rally_5cf82fbe_ZEIdjLOE. Status changed: RESIZE => VERIFY_RESIZE in 30.38462471961975
2019-12-16 04:13:02.162 23628 RALLYDEBUG rally.task.utils [-] Waiting for resource s_rally_5cf82fbe_ZEIdjLOE. Status changed: ACTIVE => VERIFY_RESIZE in 0.1688084602355957
2019-12-16 04:13:04.326 23628 RALLYDEBUG rally.task.utils [-] Waiting for resource s_rally_5cf82fbe_ZEIdjLOE. Status changed: VERIFY_RESIZE => ACTIVE in 2.1639888286590576
2019-12-16 04:13:04.751 23623 RALLYDEBUG rally.task.utils [-] Waiting for resource s_rally_5cf82fbe_yOryeNuc. Status changed: BUILD => ACTIVE in 6.771522521972656
2019-12-16 04:13:06.511 23623 RALLYDEBUG rally.task.utils [-] Waiting for resource s_rally_5cf82fbe_yOryeNuc. Status changed: ACTIVE => RESIZE in 0.18480658531188965
2019-12-16 04:13:06.719 23628 INFO rally.task.runner [-] Task 5c4ae9b0-0d7d-428b-8cce-b39aab5a9323 | ITER: 4 END: OK
2019-12-16 04:13:06.725 23628 INFO rally.task.runner [-] Task 5c4ae9b0-0d7d-428b-8cce-b39aab5a9323 | ITER: 8 START
2019-12-16 04:13:13.798 23628 RALLYDEBUG rally.task.utils [-] Waiting for resource s_rally_5cf82fbe_35GRpPBF. Status changed: BUILD => ACTIVE in 5.0075554847717285
2019-12-16 04:13:15.414 23628 RALLYDEBUG rally.task.utils [-] Waiting for resource s_rally_5cf82fbe_35GRpPBF. Status changed: ACTIVE => RESIZE in 0.1450498104095459
2019-12-16 04:13:15.538 23623 RALLYDEBUG rally.task.utils [-] Waiting for resource s_rally_5cf82fbe_yOryeNuc. Status changed: RESIZE => VERIFY_RESIZE in 9.026099443435669
2019-12-16 04:13:16.055 23623 RALLYDEBUG rally.task.utils [-] Waiting for resource s_rally_5cf82fbe_yOryeNuc. Status changed: ACTIVE => VERIFY_RESIZE in 0.22256231307983398
2019-12-16 04:13:18.218 23623 RALLYDEBUG rally.task.utils [-] Waiting for resource s_rally_5cf82fbe_yOryeNuc. Status changed: VERIFY_RESIZE => ACTIVE in 2.1629557609558105
2019-12-16 04:13:20.539 23623 INFO rally.task.runner [-] Task 5c4ae9b0-0d7d-428b-8cce-b39aab5a9323 | ITER: 7 END: OK
2019-12-16 04:13:20.543 23623 INFO rally.task.runner [-] Task 5c4ae9b0-0d7d-428b-8cce-b39aab5a9323 | ITER: 9 START
2019-12-16 04:13:22.557 23624 RALLYDEBUG rally.task.utils [-] Waiting for resource s_rally_5cf82fbe_81pRWS3S. Status changed: RESIZE => VERIFY_RESIZE in 30.726089239120483
2019-12-16 04:13:22.961 23624 RALLYDEBUG rally.task.utils [-] Waiting for resource s_rally_5cf82fbe_81pRWS3S. Status changed: ACTIVE => VERIFY_RESIZE in 0.1481316089630127
2019-12-16 04:13:24.236 23628 RALLYDEBUG rally.task.utils [-] Waiting for resource s_rally_5cf82fbe_35GRpPBF. Status changed: RESIZE => VERIFY_RESIZE in 8.822073698043823
2019-12-16 04:13:24.611 23628 RALLYDEBUG rally.task.utils [-] Waiting for resource s_rally_5cf82fbe_35GRpPBF. Status changed: ACTIVE => VERIFY_RESIZE in 0.13804244995117188
2019-12-16 04:13:25.100 23624 RALLYDEBUG rally.task.utils [-] Waiting for resource s_rally_5cf82fbe_81pRWS3S. Status changed: VERIFY_RESIZE => ACTIVE in 2.1393675804138184
2019-12-16 04:13:25.202 23623 RALLYDEBUG rally.task.utils [-] Waiting for resource s_rally_5cf82fbe_EQMmOZ6R. Status changed: BUILD => ACTIVE in 2.5166876316070557
2019-12-16 04:13:26.808 23628 RALLYDEBUG rally.task.utils [-] Waiting for resource s_rally_5cf82fbe_35GRpPBF. Status changed: VERIFY_RESIZE => ACTIVE in 2.1967289447784424
2019-12-16 04:13:26.975 23623 RALLYDEBUG rally.task.utils [-] Waiting for resource s_rally_5cf82fbe_EQMmOZ6R. Status changed: ACTIVE => RESIZE in 0.2242724895477295
2019-12-16 04:13:27.394 23624 INFO rally.task.runner [-] Task 5c4ae9b0-0d7d-428b-8cce-b39aab5a9323 | ITER: 5 END: OK
2019-12-16 04:13:27.399 23624 INFO rally.task.runner [-] Task 5c4ae9b0-0d7d-428b-8cce-b39aab5a9323 | ITER: 10 START
2019-12-16 04:13:29.116 23628 INFO rally.task.runner [-] Task 5c4ae9b0-0d7d-428b-8cce-b39aab5a9323 | ITER: 8 END: OK
2019-12-16 04:13:34.553 23624 RALLYDEBUG rally.task.utils [-] Waiting for resource s_rally_5cf82fbe_pErgHAcF. Status changed: BUILD => ACTIVE in 4.875026226043701
2019-12-16 04:13:35.412 23625 RALLYDEBUG rally.task.utils [-] Waiting for resource s_rally_5cf82fbe_V5ssmGgX. Status changed: RESIZE => VERIFY_RESIZE in 41.376859188079834
2019-12-16 04:13:35.891 23625 RALLYDEBUG rally.task.utils [-] Waiting for resource s_rally_5cf82fbe_V5ssmGgX. Status changed: ACTIVE => VERIFY_RESIZE in 0.15744900703430176
2019-12-16 04:13:36.206 23624 RALLYDEBUG rally.task.utils [-] Waiting for resource s_rally_5cf82fbe_pErgHAcF. Status changed: ACTIVE => RESIZE in 0.14331817626953125
2019-12-16 04:13:36.223 23623 RALLYDEBUG rally.task.utils [-] Waiting for resource s_rally_5cf82fbe_EQMmOZ6R. Status changed: RESIZE => VERIFY_RESIZE in 9.24794316291809
2019-12-16 04:13:36.830 23623 RALLYDEBUG rally.task.utils [-] Waiting for resource s_rally_5cf82fbe_EQMmOZ6R. Status changed: ACTIVE => VERIFY_RESIZE in 0.14597654342651367
2019-12-16 04:13:38.070 23625 RALLYDEBUG rally.task.utils [-] Waiting for resource s_rally_5cf82fbe_V5ssmGgX. Status changed: VERIFY_RESIZE => ACTIVE in 2.1790835857391357
2019-12-16 04:13:38.990 23623 RALLYDEBUG rally.task.utils [-] Waiting for resource s_rally_5cf82fbe_EQMmOZ6R. Status changed: VERIFY_RESIZE => ACTIVE in 2.159757137298584
2019-12-16 04:13:40.374 23625 INFO rally.task.runner [-] Task 5c4ae9b0-0d7d-428b-8cce-b39aab5a9323 | ITER: 6 END: OK
2019-12-16 04:13:41.345 23623 INFO rally.task.runner [-] Task 5c4ae9b0-0d7d-428b-8cce-b39aab5a9323 | ITER: 9 END: OK
2019-12-16 04:13:47.144 23624 RALLYDEBUG rally.task.utils [-] Waiting for resource s_rally_5cf82fbe_pErgHAcF. Status changed: RESIZE => VERIFY_RESIZE in 10.938011169433594
2019-12-16 04:13:47.897 23624 RALLYDEBUG rally.task.utils [-] Waiting for resource s_rally_5cf82fbe_pErgHAcF. Status changed: ACTIVE => VERIFY_RESIZE in 0.16390657424926758
2019-12-16 04:13:50.108 23624 RALLYDEBUG rally.task.utils [-] Waiting for resource s_rally_5cf82fbe_pErgHAcF. Status changed: VERIFY_RESIZE => ACTIVE in 2.210874080657959
2019-12-16 04:13:52.445 23624 INFO rally.task.runner [-] Task 5c4ae9b0-0d7d-428b-8cce-b39aab5a9323 | ITER: 10 END: OK
2019-12-16 04:13:52.473 20411 INFO rally.task.context [-] Task 5c4ae9b0-0d7d-428b-8cce-b39aab5a9323 | Context cleanup@openstack cleanup() started
2019-12-16 04:13:52.476 20411 RALLYDEBUG rally_openstack.cleanup.manager [-] Cleaning up nova servers objects
2019-12-16 04:13:53.850 20411 RALLYDEBUG rally_openstack.cleanup.manager [-] Cleaning up nova server_groups objects
2019-12-16 04:13:54.998 20411 RALLYDEBUG rally_openstack.cleanup.manager [-] Cleaning up nova keypairs objects
2019-12-16 04:13:57.249 20411 INFO rally.task.context [-] Task 5c4ae9b0-0d7d-428b-8cce-b39aab5a9323 | Context cleanup@openstack cleanup() finished in 4.78 sec
2019-12-16 04:13:57.250 20411 INFO rally.task.context [-] Task 5c4ae9b0-0d7d-428b-8cce-b39aab5a9323 | Context users@openstack cleanup() started
2019-12-16 04:14:01.471 20411 INFO rally.task.context [-] Task 5c4ae9b0-0d7d-428b-8cce-b39aab5a9323 | Context users@openstack cleanup() finished in 4.22 sec
2019-12-16 04:14:02.440 20411 INFO rally.task.engine [-] Load duration is: 91.882164
2019-12-16 04:14:02.440 20411 INFO rally.task.engine [-] Full runner duration is: 92.930928
2019-12-16 04:14:02.441 20411 INFO rally.task.engine [-] Full duration is: 105.519073
2019-12-16 04:14:02.804 20411 INFO rally.task.engine [-] Running workload: position = 0 config = { "version": 2, "title": "A cropped version of a bigger task.", "description": "Auto-generated task from a single workload (uuid=e4761dca-c713-40ec-bf12-e0a976091c03)", "subtasks": [ { "title": "NovaServers.boot_server_and_list_interfaces", "description": "Boot a server and list interfaces attached to it.", "scenario": { "NovaServers.boot_server_and_list_interfaces": { "flavor": { "name": "rally_full-flavor_102dc671-f436-4d4d-b368-5b0ed177eae0" }, "image": { "name": "rally_full-img_102dc671-f436-4d4d-b368-5b0ed177eae0" }, "auto_assign_nic": true } }, "contexts": { "users": { "tenants": 3, "users_per_tenant": 2 }, "network": {} }, "runner": { "constant": { "concurrency": 4, "times": 10 } }, "hooks": [], "sla": { "failure_rate": { "max": 0 } } } ] }
2019-12-16 04:14:02.830 20411 RALLYDEBUG rally_openstack.contexts.keystone.users [-] Creating 3 tenants using 20 threads
2019-12-16 04:14:03.877 20411 RALLYDEBUG rally_openstack.contexts.keystone.users [-] Creating 6 users using 20 threads
2019-12-16 04:14:05.487 20411 INFO rally.task.context [-] Task 5c4ae9b0-0d7d-428b-8cce-b39aab5a9323 | Context users@openstack setup() finished in 2.66 sec
2019-12-16 04:14:07.765 20411 RALLYDEBUG rally_openstack.wrappers.network [-] CIDR generated: 10.2.27.0/24
2019-12-16 04:14:11.995 20411 RALLYDEBUG rally_openstack.wrappers.network [-] CIDR generated: 10.2.28.0/24
2019-12-16 04:14:16.224 20411 RALLYDEBUG rally_openstack.wrappers.network [-] CIDR generated: 10.2.29.0/24
2019-12-16 04:14:18.436 20411 INFO rally.task.context [-] Task 5c4ae9b0-0d7d-428b-8cce-b39aab5a9323 | Context network@openstack setup() finished in 12.95 sec
2019-12-16 04:14:18.437 20411 INFO rally.task.context [-] Task 5c4ae9b0-0d7d-428b-8cce-b39aab5a9323 | Context cleanup@openstack setup() finished in 0.01 msec
