2019-12-16 02:40:23.017 8 RALLYDEBUG rally.api [-] INFO logs from urllib3 and requests module are hide.
2019-12-16 02:40:23.017 8 RALLYDEBUG rally.api [-] urllib3 insecure warnings are hidden.
2019-12-16 02:40:23.017 8 RALLYDEBUG rally.api [-] ERROR log from boto module is hide.
2019-12-16 02:40:24.896 8 ERROR rally.cli.cliutils [-] Unexpected exception in CLI: rally.exceptions.DBRecordNotFound: Record for uuid or name is opnfv-rally not found in table envs
2019-12-16 02:40:24.896 8 ERROR rally.cli.cliutils
Traceback (most recent call last):
2019-12-16 02:40:24.896 8 ERROR rally.cli.cliutils
File "/usr/lib/python3.6/site-packages/rally/cli/cliutils.py", line 674, in run
2019-12-16 02:40:24.896 8 ERROR rally.cli.cliutils ret = fn(*fn_args, **fn_kwargs)
2019-12-16 02:40:24.896 8 ERROR rally.cli.cliutils File "", line 2, in destroy
2019-12-16 02:40:24.896 8 ERROR rally.cli.cliutils
File "/usr/lib/python3.6/site-packages/rally/cli/envutils.py", line 68, in default_from_global
2019-12-16 02:40:24.896 8 ERROR rally.cli.cliutils return f(*args, **kwargs)
2019-12-16 02:40:24.896 8 ERROR rally.cli.cliutils File "", line 2, in destroy
2019-12-16 02:40:24.896 8 ERROR rally.cli.cliutils
File "/usr/lib/python3.6/site-packages/rally/plugins/__init__.py", line 51, in ensure_plugins_are_loaded
2019-12-16 02:40:24.896 8 ERROR rally.cli.cliutils return f(*args, **kwargs)
2019-12-16 02:40:24.896 8 ERROR rally.cli.cliutils
File "/usr/lib/python3.6/site-packages/rally/cli/commands/deployment.py", line 157, in destroy
2019-12-16 02:40:24.896 8 ERROR rally.cli.cliutils api.deployment.destroy(deployment=deployment)
2019-12-16 02:40:24.896 8 ERROR rally.cli.cliutils
File "/usr/lib/python3.6/site-packages/rally/api.py", line 115, in destroy
2019-12-16 02:40:24.896 8 ERROR rally.cli.cliutils deploy = objects.Deployment.get(deployment)
2019-12-16 02:40:24.896 8 ERROR rally.cli.cliutils
File "/usr/lib/python3.6/site-packages/rally/common/objects/deploy.py", line 124, in get
2019-12-16 02:40:24.896 8 ERROR rally.cli.cliutils return Deployment(env_mgr.EnvManager.get(deploy))
2019-12-16 02:40:24.896 8 ERROR rally.cli.cliutils
File "/usr/lib/python3.6/site-packages/rally/env/env_mgr.py", line 212, in get
2019-12-16 02:40:24.896 8 ERROR rally.cli.cliutils return cls(db.env_get(uuid_or_name))
2019-12-16 02:40:24.896 8 ERROR rally.cli.cliutils
File "/usr/lib/python3.6/site-packages/rally/common/db/api.py", line 135, in wrapper
2019-12-16 02:40:24.896 8 ERROR rally.cli.cliutils result = f(session, *args, **kwargs)
2019-12-16 02:40:24.896 8 ERROR rally.cli.cliutils
File "/usr/lib/python3.6/site-packages/rally/common/db/api.py", line 521, in env_get
2019-12-16 02:40:24.896 8 ERROR rally.cli.cliutils criteria="uuid or name is %s" % uuid_or_name, table="envs")
2019-12-16 02:40:24.896 8 ERROR rally.cli.cliutils rally.exceptions.DBRecordNotFound: Record for uuid or name is opnfv-rally not found in table envs
2019-12-16 02:40:24.896 8 ERROR rally.cli.cliutils
2019-12-16 02:40:26.328 10 RALLYDEBUG rally.api [-] INFO logs from urllib3 and requests module are hide.
2019-12-16 02:40:26.328 10 RALLYDEBUG rally.api [-] urllib3 insecure warnings are hidden.
2019-12-16 02:40:26.328 10 RALLYDEBUG rally.api [-] ERROR log from boto module is hide.
2019-12-16 02:40:30.009 12 RALLYDEBUG rally.api [-] INFO logs from urllib3 and requests module are hide.
2019-12-16 02:40:30.010 12 RALLYDEBUG rally.api [-] urllib3 insecure warnings are hidden.
2019-12-16 02:40:30.010 12 RALLYDEBUG rally.api [-] ERROR log from boto module is hide.
2019-12-16 02:40:34.319 15 RALLYDEBUG rally.api [-] INFO logs from urllib3 and requests module are hide.
2019-12-16 02:40:34.319 15 RALLYDEBUG rally.api [-] urllib3 insecure warnings are hidden.
2019-12-16 02:40:34.319 15 RALLYDEBUG rally.api [-] ERROR log from boto module is hide.
2019-12-16 02:40:35.638 17 RALLYDEBUG rally.api [-] INFO logs from urllib3 and requests module are hide.
2019-12-16 02:40:35.638 17 RALLYDEBUG rally.api [-] urllib3 insecure warnings are hidden.
2019-12-16 02:40:35.638 17 RALLYDEBUG rally.api [-] ERROR log from boto module is hide.
2019-12-16 02:40:37.456 17 INFO rally.task.engine [-] Task 49c71b8b-1f9d-4d88-b603-a306a7965180 | Starting: Task validation.
2019-12-16 02:40:37.503 17 INFO rally.task.engine [-] Task 49c71b8b-1f9d-4d88-b603-a306a7965180 | Starting: Task validation of syntax.
2019-12-16 02:40:37.573 17 INFO rally.task.engine [-] Task 49c71b8b-1f9d-4d88-b603-a306a7965180 | Completed: Task validation of syntax.
2019-12-16 02:40:37.573 17 INFO rally.task.engine [-] Task 49c71b8b-1f9d-4d88-b603-a306a7965180 | Starting: Task validation of required platforms.
2019-12-16 02:40:37.611 17 INFO rally.task.engine [-] Task 49c71b8b-1f9d-4d88-b603-a306a7965180 | Completed: Task validation of required platforms.
2019-12-16 02:40:37.612 17 INFO rally.task.engine [-] Task 49c71b8b-1f9d-4d88-b603-a306a7965180 | Starting: Task validation of semantic.
2019-12-16 02:40:37.612 17 INFO rally.task.engine [-] Check health of the environment '15dcd1f7-659f-45e1-9a78-ce52478d58f0'.
2019-12-16 02:40:38.541 17 INFO rally.task.engine [-] Platform existing@openstack (available: True): OK!
2019-12-16 02:40:38.569 17 RALLYDEBUG rally_openstack.contexts.keystone.users [-] Creating 1 tenants using 20 threads
2019-12-16 02:40:39.394 17 RALLYDEBUG rally_openstack.contexts.keystone.users [-] Creating 1 users using 20 threads
2019-12-16 02:40:40.685 17 INFO rally.task.context [-] Task 49c71b8b-1f9d-4d88-b603-a306a7965180 | Context users@openstack setup() finished in 2.12 sec
2019-12-16 02:40:40.740 17 INFO rally.task.context [-] Task 49c71b8b-1f9d-4d88-b603-a306a7965180 | Context users@openstack cleanup() started
2019-12-16 02:40:43.621 17 INFO rally.task.context [-] Task 49c71b8b-1f9d-4d88-b603-a306a7965180 | Context users@openstack cleanup() finished in 2.88 sec
2019-12-16 02:40:43.621 17 INFO rally.task.engine [-] Task 49c71b8b-1f9d-4d88-b603-a306a7965180 | Completed: Task validation of semantic.
2019-12-16 02:40:43.622 17 INFO rally.task.engine [-] Task 49c71b8b-1f9d-4d88-b603-a306a7965180 | Completed: Task validation.
2019-12-16 02:40:43.622 17 INFO rally.api [-] Task 49c71b8b-1f9d-4d88-b603-a306a7965180 input file is valid.
2019-12-16 02:40:43.622 17 INFO rally.api [-] Run Task 49c71b8b-1f9d-4d88-b603-a306a7965180 against Deployment 15dcd1f7-659f-45e1-9a78-ce52478d58f0
2019-12-16 02:40:43.623 17 INFO rally.task.engine [-] Task 49c71b8b-1f9d-4d88-b603-a306a7965180 | Starting: Running task.
2019-12-16 02:40:43.948 17 INFO rally.task.engine [-] Running workload: position = 0 config = { "version": 2, "title": "A cropped version of a bigger task.", "description": "Auto-generated task from a single workload (uuid=95eec550-ecaa-43d3-915e-52a991574a1b)", "subtasks": [ { "title": "Authenticate.keystone", "description": "Check Keystone Client.", "scenario": { "Authenticate.keystone": {} }, "contexts": { "users": { "tenants": 3, "users_per_tenant": 2 } }, "runner": { "constant": { "concurrency": 4, "times": 10 } }, "hooks": [], "sla": { "failure_rate": { "max": 0 } } } ] }
2019-12-16 02:40:43.970 17 RALLYDEBUG rally_openstack.contexts.keystone.users [-] Creating 3 tenants using 20 threads
2019-12-16 02:40:44.950 17 RALLYDEBUG rally_openstack.contexts.keystone.users [-] Creating 6 users using 20 threads
2019-12-16 02:40:46.495 17 INFO rally.task.context [-] Task 49c71b8b-1f9d-4d88-b603-a306a7965180 | Context users@openstack setup() finished in 2.52 sec
2019-12-16 02:40:46.504 17 RALLYDEBUG rally.task.runner [-] Starting the constant runner (task UUID: 49c71b8b-1f9d-4d88-b603-a306a7965180). times: 10 concurrency: 4 timeout: 0 max_cpu_used: 16 processes_to_start: 4 concurrency_per_worker: 1 concurrency_overhead: 0
2019-12-16 02:40:46.519 141 RALLYDEBUG rally.task.runner [-] Starting a worker. times: 10 duration: None concurrency: 1 timeout: 0 cls: method_name: run args: {}
2019-12-16 02:40:46.522 142 RALLYDEBUG rally.task.runner [-] Starting a worker. times: 10 duration: None concurrency: 1 timeout: 0 cls: method_name: run args: {}
2019-12-16 02:40:46.525 141 INFO rally.task.runner [-] Task 49c71b8b-1f9d-4d88-b603-a306a7965180 | ITER: 1 START
2019-12-16 02:40:46.526 143 RALLYDEBUG rally.task.runner [-] Starting a worker. times: 10 duration: None concurrency: 1 timeout: 0 cls: method_name: run args: {}
2019-12-16 02:40:46.528 142 INFO rally.task.runner [-] Task 49c71b8b-1f9d-4d88-b603-a306a7965180 | ITER: 2 START
2019-12-16 02:40:46.529 146 RALLYDEBUG rally.task.runner [-] Starting a worker. times: 10 duration: None concurrency: 1 timeout: 0 cls: method_name: run args: {}
2019-12-16 02:40:46.532 143 INFO rally.task.runner [-] Task 49c71b8b-1f9d-4d88-b603-a306a7965180 | ITER: 3 START
2019-12-16 02:40:46.535 146 INFO rally.task.runner [-] Task 49c71b8b-1f9d-4d88-b603-a306a7965180 | ITER: 4 START
2019-12-16 02:40:47.203 141 INFO rally.task.runner [-] Task 49c71b8b-1f9d-4d88-b603-a306a7965180 | ITER: 1 END: OK
2019-12-16 02:40:47.208 141 INFO rally.task.runner [-] Task 49c71b8b-1f9d-4d88-b603-a306a7965180 | ITER: 5 START
2019-12-16 02:40:47.217 142 INFO rally.task.runner [-] Task 49c71b8b-1f9d-4d88-b603-a306a7965180 | ITER: 2 END: OK
2019-12-16 02:40:47.222 146 INFO rally.task.runner [-] Task 49c71b8b-1f9d-4d88-b603-a306a7965180 | ITER: 4 END: OK
2019-12-16 02:40:47.222 142 INFO rally.task.runner [-] Task 49c71b8b-1f9d-4d88-b603-a306a7965180 | ITER: 6 START
2019-12-16 02:40:47.227 146 INFO rally.task.runner [-] Task 49c71b8b-1f9d-4d88-b603-a306a7965180 | ITER: 7 START
2019-12-16 02:40:47.229 143 INFO rally.task.runner [-] Task 49c71b8b-1f9d-4d88-b603-a306a7965180 | ITER: 3 END: OK
2019-12-16 02:40:47.233 143 INFO rally.task.runner [-] Task 49c71b8b-1f9d-4d88-b603-a306a7965180 | ITER: 8 START
2019-12-16 02:40:47.817 141 INFO rally.task.runner [-] Task 49c71b8b-1f9d-4d88-b603-a306a7965180 | ITER: 5 END: OK
2019-12-16 02:40:47.820 141 INFO rally.task.runner [-] Task 49c71b8b-1f9d-4d88-b603-a306a7965180 | ITER: 9 START
2019-12-16 02:40:47.920 142 INFO rally.task.runner [-] Task 49c71b8b-1f9d-4d88-b603-a306a7965180 | ITER: 6 END: OK
2019-12-16 02:40:47.924 142 INFO rally.task.runner [-] Task 49c71b8b-1f9d-4d88-b603-a306a7965180 | ITER: 10 START
2019-12-16 02:40:47.929 146 INFO rally.task.runner [-] Task 49c71b8b-1f9d-4d88-b603-a306a7965180 | ITER: 7 END: OK
2019-12-16 02:40:47.933 143 INFO rally.task.runner [-] Task 49c71b8b-1f9d-4d88-b603-a306a7965180 | ITER: 8 END: OK
2019-12-16 02:40:48.428 141 INFO rally.task.runner [-] Task 49c71b8b-1f9d-4d88-b603-a306a7965180 | ITER: 9 END: OK
2019-12-16 02:40:48.536 142 INFO rally.task.runner [-] Task 49c71b8b-1f9d-4d88-b603-a306a7965180 | ITER: 10 END: OK
2019-12-16 02:40:48.558 17 INFO rally.task.context [-] Task 49c71b8b-1f9d-4d88-b603-a306a7965180 | Context users@openstack cleanup() started
2019-12-16 02:40:52.899 17 INFO rally.task.context [-] Task 49c71b8b-1f9d-4d88-b603-a306a7965180 | Context users@openstack cleanup() finished in 4.34 sec
2019-12-16 02:40:54.049 17 INFO rally.task.engine [-] Load duration is: 2.008763
2019-12-16 02:40:54.049 17 INFO rally.task.engine [-] Full runner duration is: 2.054466
2019-12-16 02:40:54.050 17 INFO rally.task.engine [-] Full duration is: 8.930575
2019-12-16 02:40:54.358 17 INFO rally.task.engine [-] Running workload: position = 0 config = { "version": 2, "title": "A cropped version of a bigger task.", "description": "Auto-generated task from a single workload (uuid=e5ff7453-9d40-4aa8-af30-dc500a13b02e)", "subtasks": [ { "title": "Authenticate.validate_cinder", "description": "Check Cinder Client to ensure validation of token.", "scenario": { "Authenticate.validate_cinder": { "repetitions": 2 } }, "contexts": { "users": { "tenants": 3, "users_per_tenant": 2 } }, "runner": { "constant": { "concurrency": 4, "times": 10 } }, "hooks": [], "sla": { "failure_rate": { "max": 0 } } } ] }
2019-12-16 02:40:54.382 17 RALLYDEBUG rally_openstack.contexts.keystone.users [-] Creating 3 tenants using 20 threads
2019-12-16 02:40:55.374 17 RALLYDEBUG rally_openstack.contexts.keystone.users [-] Creating 6 users using 20 threads
2019-12-16 02:40:56.927 17 INFO rally.task.context [-] Task 49c71b8b-1f9d-4d88-b603-a306a7965180 | Context users@openstack setup() finished in 2.55 sec
2019-12-16 02:40:56.935 17 RALLYDEBUG rally.task.runner [-] Starting the constant runner (task UUID: 49c71b8b-1f9d-4d88-b603-a306a7965180). times: 10 concurrency: 4 timeout: 0 max_cpu_used: 16 processes_to_start: 4 concurrency_per_worker: 1 concurrency_overhead: 0
2019-12-16 02:40:56.946 245 RALLYDEBUG rally.task.runner [-] Starting a worker. times: 10 duration: None concurrency: 1 timeout: 0 cls: method_name: run args: {"repetitions": 2}
2019-12-16 02:40:56.950 246 RALLYDEBUG rally.task.runner [-] Starting a worker. times: 10 duration: None concurrency: 1 timeout: 0 cls: method_name: run args: {"repetitions": 2}
2019-12-16 02:40:56.953 245 INFO rally.task.runner [-] Task 49c71b8b-1f9d-4d88-b603-a306a7965180 | ITER: 1 START
2019-12-16 02:40:56.953 247 RALLYDEBUG rally.task.runner [-] Starting a worker. times: 10 duration: None concurrency: 1 timeout: 0 cls: method_name: run args: {"repetitions": 2}
2019-12-16 02:40:56.956 246 INFO rally.task.runner [-] Task 49c71b8b-1f9d-4d88-b603-a306a7965180 | ITER: 2 START
2019-12-16 02:40:56.956 249 RALLYDEBUG rally.task.runner [-] Starting a worker. times: 10 duration: None concurrency: 1 timeout: 0 cls: method_name: run args: {"repetitions": 2}
2019-12-16 02:40:56.959 247 INFO rally.task.runner [-] Task 49c71b8b-1f9d-4d88-b603-a306a7965180 | ITER: 3 START
2019-12-16 02:40:56.962 249 INFO rally.task.runner [-] Task 49c71b8b-1f9d-4d88-b603-a306a7965180 | ITER: 4 START
2019-12-16 02:40:57.572 249 INFO rally.task.runner [-] Task 49c71b8b-1f9d-4d88-b603-a306a7965180 | ITER: 4 END: OK
2019-12-16 02:40:57.577 249 INFO rally.task.runner [-] Task 49c71b8b-1f9d-4d88-b603-a306a7965180 | ITER: 5 START
2019-12-16 02:40:57.582 246 INFO rally.task.runner [-] Task 49c71b8b-1f9d-4d88-b603-a306a7965180 | ITER: 2 END: OK
2019-12-16 02:40:57.586 246 INFO rally.task.runner [-] Task 49c71b8b-1f9d-4d88-b603-a306a7965180 | ITER: 6 START
2019-12-16 02:40:57.820 245 INFO rally.task.runner [-] Task 49c71b8b-1f9d-4d88-b603-a306a7965180 | ITER: 1 END: OK
2019-12-16 02:40:57.825 245 INFO rally.task.runner [-] Task 49c71b8b-1f9d-4d88-b603-a306a7965180 | ITER: 7 START
2019-12-16 02:40:57.857 247 INFO rally.task.runner [-] Task 49c71b8b-1f9d-4d88-b603-a306a7965180 | ITER: 3 END: OK
2019-12-16 02:40:57.862 247 INFO rally.task.runner [-] Task 49c71b8b-1f9d-4d88-b603-a306a7965180 | ITER: 8 START
2019-12-16 02:40:58.066 249 INFO rally.task.runner [-] Task 49c71b8b-1f9d-4d88-b603-a306a7965180 | ITER: 5 END: OK
2019-12-16 02:40:58.070 249 INFO rally.task.runner [-] Task 49c71b8b-1f9d-4d88-b603-a306a7965180 | ITER: 9 START
2019-12-16 02:40:58.243 246 INFO rally.task.runner [-] Task 49c71b8b-1f9d-4d88-b603-a306a7965180 | ITER: 6 END: OK
2019-12-16 02:40:58.246 246 INFO rally.task.runner [-] Task 49c71b8b-1f9d-4d88-b603-a306a7965180 | ITER: 10 START
2019-12-16 02:40:58.292 245 INFO rally.task.runner [-] Task 49c71b8b-1f9d-4d88-b603-a306a7965180 | ITER: 7 END: OK
2019-12-16 02:40:58.518 249 INFO rally.task.runner [-] Task 49c71b8b-1f9d-4d88-b603-a306a7965180 | ITER: 9 END: OK
2019-12-16 02:40:58.630 246 INFO rally.task.runner [-] Task 49c71b8b-1f9d-4d88-b603-a306a7965180 | ITER: 10 END: OK
2019-12-16 02:40:58.644 247 INFO rally.task.runner [-] Task 49c71b8b-1f9d-4d88-b603-a306a7965180 | ITER: 8 END: OK
2019-12-16 02:40:58.670 17 INFO rally.task.context [-] Task 49c71b8b-1f9d-4d88-b603-a306a7965180 | Context users@openstack cleanup() started
2019-12-16 02:41:02.799 17 INFO rally.task.context [-] Task 49c71b8b-1f9d-4d88-b603-a306a7965180 | Context users@openstack cleanup() finished in 4.13 sec
2019-12-16 02:41:04.451 17 INFO rally.task.engine [-] Load duration is: 1.689836
2019-12-16 02:41:04.452 17 INFO rally.task.engine [-] Full runner duration is: 1.735158
2019-12-16 02:41:04.452 17 INFO rally.task.engine [-] Full duration is: 8.418387
2019-12-16 02:41:04.900 17 INFO rally.task.engine [-] Running workload: position = 0 config = { "version": 2, "title": "A cropped version of a bigger task.", "description": "Auto-generated task from a single workload (uuid=0c13b0b4-0651-4be0-b62d-f4b384a5b0bf)", "subtasks": [ { "title": "Authenticate.validate_glance", "description": "Check Glance Client to ensure validation of token.", "scenario": { "Authenticate.validate_glance": { "repetitions": 2 } }, "contexts": { "users": { "tenants": 3, "users_per_tenant": 2 } }, "runner": { "constant": { "concurrency": 4, "times": 10 } }, "hooks": [], "sla": { "failure_rate": { "max": 0 } } } ] }
2019-12-16 02:41:04.923 17 RALLYDEBUG rally_openstack.contexts.keystone.users [-] Creating 3 tenants using 20 threads
2019-12-16 02:41:06.023 17 RALLYDEBUG rally_openstack.contexts.keystone.users [-] Creating 6 users using 20 threads
2019-12-16 02:41:07.751 17 INFO rally.task.context [-] Task 49c71b8b-1f9d-4d88-b603-a306a7965180 | Context users@openstack setup() finished in 2.83 sec
2019-12-16 02:41:07.761 17 RALLYDEBUG rally.task.runner [-] Starting the constant runner (task UUID: 49c71b8b-1f9d-4d88-b603-a306a7965180). times: 10 concurrency: 4 timeout: 0 max_cpu_used: 16 processes_to_start: 4 concurrency_per_worker: 1 concurrency_overhead: 0
2019-12-16 02:41:07.773 349 RALLYDEBUG rally.task.runner [-] Starting a worker. times: 10 duration: None concurrency: 1 timeout: 0 cls: method_name: run args: {"repetitions": 2}
2019-12-16 02:41:07.776 350 RALLYDEBUG rally.task.runner [-] Starting a worker. times: 10 duration: None concurrency: 1 timeout: 0 cls: method_name: run args: {"repetitions": 2}
2019-12-16 02:41:07.779 349 INFO rally.task.runner [-] Task 49c71b8b-1f9d-4d88-b603-a306a7965180 | ITER: 1 START
2019-12-16 02:41:07.779 351 RALLYDEBUG rally.task.runner [-] Starting a worker. times: 10 duration: None concurrency: 1 timeout: 0 cls: method_name: run args: {"repetitions": 2}
2019-12-16 02:41:07.783 350 INFO rally.task.runner [-] Task 49c71b8b-1f9d-4d88-b603-a306a7965180 | ITER: 2 START
2019-12-16 02:41:07.783 353 RALLYDEBUG rally.task.runner [-] Starting a worker. times: 10 duration: None concurrency: 1 timeout: 0 cls: method_name: run args: {"repetitions": 2}
2019-12-16 02:41:07.786 351 INFO rally.task.runner [-] Task 49c71b8b-1f9d-4d88-b603-a306a7965180 | ITER: 3 START
2019-12-16 02:41:07.788 353 INFO rally.task.runner [-] Task 49c71b8b-1f9d-4d88-b603-a306a7965180 | ITER: 4 START
2019-12-16 02:41:08.447 353 INFO rally.task.runner [-] Task 49c71b8b-1f9d-4d88-b603-a306a7965180 | ITER: 4 END: OK
2019-12-16 02:41:08.448 350 INFO rally.task.runner [-] Task 49c71b8b-1f9d-4d88-b603-a306a7965180 | ITER: 2 END: OK
2019-12-16 02:41:08.452 350 INFO rally.task.runner [-] Task 49c71b8b-1f9d-4d88-b603-a306a7965180 | ITER: 6 START
2019-12-16 02:41:08.452 353 INFO rally.task.runner [-] Task 49c71b8b-1f9d-4d88-b603-a306a7965180 | ITER: 5 START
2019-12-16 02:41:08.465 351 INFO rally.task.runner [-] Task 49c71b8b-1f9d-4d88-b603-a306a7965180 | ITER: 3 END: OK
2019-12-16 02:41:08.466 349 INFO rally.task.runner [-] Task 49c71b8b-1f9d-4d88-b603-a306a7965180 | ITER: 1 END: OK
2019-12-16 02:41:08.469 351 INFO rally.task.runner [-] Task 49c71b8b-1f9d-4d88-b603-a306a7965180 | ITER: 7 START
2019-12-16 02:41:08.470 349 INFO rally.task.runner [-] Task 49c71b8b-1f9d-4d88-b603-a306a7965180 | ITER: 8 START
2019-12-16 02:41:09.070 350 INFO rally.task.runner [-] Task 49c71b8b-1f9d-4d88-b603-a306a7965180 | ITER: 6 END: OK
2019-12-16 02:41:09.073 350 INFO rally.task.runner [-] Task 49c71b8b-1f9d-4d88-b603-a306a7965180 | ITER: 9 START
2019-12-16 02:41:09.073 349 INFO rally.task.runner [-] Task 49c71b8b-1f9d-4d88-b603-a306a7965180 | ITER: 8 END: OK
2019-12-16 02:41:09.077 349 INFO rally.task.runner [-] Task 49c71b8b-1f9d-4d88-b603-a306a7965180 | ITER: 10 START
2019-12-16 02:41:09.083 351 INFO rally.task.runner [-] Task 49c71b8b-1f9d-4d88-b603-a306a7965180 | ITER: 7 END: OK
2019-12-16 02:41:09.100 353 INFO rally.task.runner [-] Task 49c71b8b-1f9d-4d88-b603-a306a7965180 | ITER: 5 END: OK
2019-12-16 02:41:09.477 350 INFO rally.task.runner [-] Task 49c71b8b-1f9d-4d88-b603-a306a7965180 | ITER: 9 END: OK
2019-12-16 02:41:09.535 349 INFO rally.task.runner [-] Task 49c71b8b-1f9d-4d88-b603-a306a7965180 | ITER: 10 END: OK
2019-12-16 02:41:09.565 17 INFO rally.task.context [-] Task 49c71b8b-1f9d-4d88-b603-a306a7965180 | Context users@openstack cleanup() started
2019-12-16 02:41:13.823 17 INFO rally.task.context [-] Task 49c71b8b-1f9d-4d88-b603-a306a7965180 | Context users@openstack cleanup() finished in 4.26 sec
2019-12-16 02:41:14.998 17 INFO rally.task.engine [-] Load duration is: 1.754402
2019-12-16 02:41:14.998 17 INFO rally.task.engine [-] Full runner duration is: 1.804789
2019-12-16 02:41:14.999 17 INFO rally.task.engine [-] Full duration is: 8.901835
2019-12-16 02:41:15.533 17 INFO rally.task.engine [-] Running workload: position = 0 config = { "version": 2, "title": "A cropped version of a bigger task.", "description": "Auto-generated task from a single workload (uuid=e1c9fc62-fba4-4b2e-aca4-9af9daa85ac7)", "subtasks": [ { "title": "Authenticate.validate_heat", "description": "Check Heat Client to ensure validation of token.", "scenario": { "Authenticate.validate_heat": { "repetitions": 2 } }, "contexts": { "users": { "tenants": 3, "users_per_tenant": 2 } }, "runner": { "constant": { "concurrency": 4, "times": 10 } }, "hooks": [], "sla": { "failure_rate": { "max": 0 } } } ] }
2019-12-16 02:41:15.557 17 RALLYDEBUG rally_openstack.contexts.keystone.users [-] Creating 3 tenants using 20 threads
2019-12-16 02:41:16.573 17 RALLYDEBUG rally_openstack.contexts.keystone.users [-] Creating 6 users using 20 threads
2019-12-16 02:41:18.149 17 INFO rally.task.context [-] Task 49c71b8b-1f9d-4d88-b603-a306a7965180 | Context users@openstack setup() finished in 2.59 sec
2019-12-16 02:41:18.158 17 RALLYDEBUG rally.task.runner [-] Starting the constant runner (task UUID: 49c71b8b-1f9d-4d88-b603-a306a7965180). times: 10 concurrency: 4 timeout: 0 max_cpu_used: 16 processes_to_start: 4 concurrency_per_worker: 1 concurrency_overhead: 0
2019-12-16 02:41:18.170 453 RALLYDEBUG rally.task.runner [-] Starting a worker. times: 10 duration: None concurrency: 1 timeout: 0 cls: method_name: run args: {"repetitions": 2}
2019-12-16 02:41:18.173 454 RALLYDEBUG rally.task.runner [-] Starting a worker. times: 10 duration: None concurrency: 1 timeout: 0 cls: method_name: run args: {"repetitions": 2}
2019-12-16 02:41:18.176 453 INFO rally.task.runner [-] Task 49c71b8b-1f9d-4d88-b603-a306a7965180 | ITER: 1 START
2019-12-16 02:41:18.177 455 RALLYDEBUG rally.task.runner [-] Starting a worker. times: 10 duration: None concurrency: 1 timeout: 0 cls: method_name: run args: {"repetitions": 2}
2019-12-16 02:41:18.180 454 INFO rally.task.runner [-] Task 49c71b8b-1f9d-4d88-b603-a306a7965180 | ITER: 2 START
2019-12-16 02:41:18.180 457 RALLYDEBUG rally.task.runner [-] Starting a worker. times: 10 duration: None concurrency: 1 timeout: 0 cls: method_name: run args: {"repetitions": 2}
2019-12-16 02:41:18.183 455 INFO rally.task.runner [-] Task 49c71b8b-1f9d-4d88-b603-a306a7965180 | ITER: 3 START
2019-12-16 02:41:18.186 457 INFO rally.task.runner [-] Task 49c71b8b-1f9d-4d88-b603-a306a7965180 | ITER: 4 START
2019-12-16 02:41:19.085 454 INFO rally.task.runner [-] Task 49c71b8b-1f9d-4d88-b603-a306a7965180 | ITER: 2 END: OK
2019-12-16 02:41:19.089 454 INFO rally.task.runner [-] Task 49c71b8b-1f9d-4d88-b603-a306a7965180 | ITER: 5 START
2019-12-16 02:41:19.099 457 INFO rally.task.runner [-] Task 49c71b8b-1f9d-4d88-b603-a306a7965180 | ITER: 4 END: OK
2019-12-16 02:41:19.104 457 INFO rally.task.runner [-] Task 49c71b8b-1f9d-4d88-b603-a306a7965180 | ITER: 6 START
2019-12-16 02:41:19.119 453 INFO rally.task.runner [-] Task 49c71b8b-1f9d-4d88-b603-a306a7965180 | ITER: 1 END: OK
2019-12-16 02:41:19.123 453 INFO rally.task.runner [-] Task 49c71b8b-1f9d-4d88-b603-a306a7965180 | ITER: 7 START
2019-12-16 02:41:19.152 455 INFO rally.task.runner [-] Task 49c71b8b-1f9d-4d88-b603-a306a7965180 | ITER: 3 END: OK
2019-12-16 02:41:19.157 455 INFO rally.task.runner [-] Task 49c71b8b-1f9d-4d88-b603-a306a7965180 | ITER: 8 START
2019-12-16 02:41:19.766 455 INFO rally.task.runner [-] Task 49c71b8b-1f9d-4d88-b603-a306a7965180 | ITER: 8 END: OK
2019-12-16 02:41:19.769 455 INFO rally.task.runner [-] Task 49c71b8b-1f9d-4d88-b603-a306a7965180 | ITER: 9 START
2019-12-16 02:41:19.778 457 INFO rally.task.runner [-] Task 49c71b8b-1f9d-4d88-b603-a306a7965180 | ITER: 6 END: OK
2019-12-16 02:41:19.782 457 INFO rally.task.runner [-] Task 49c71b8b-1f9d-4d88-b603-a306a7965180 | ITER: 10 START
2019-12-16 02:41:19.791 453 INFO rally.task.runner [-] Task 49c71b8b-1f9d-4d88-b603-a306a7965180 | ITER: 7 END: OK
2019-12-16 02:41:19.856 454 INFO rally.task.runner [-] Task 49c71b8b-1f9d-4d88-b603-a306a7965180 | ITER: 5 END: OK
2019-12-16 02:41:20.163 457 INFO rally.task.runner [-] Task 49c71b8b-1f9d-4d88-b603-a306a7965180 | ITER: 10 END: OK
2019-12-16 02:41:20.231 455 INFO rally.task.runner [-] Task 49c71b8b-1f9d-4d88-b603-a306a7965180 | ITER: 9 END: OK
2019-12-16 02:41:20.258 17 INFO rally.task.context [-] Task 49c71b8b-1f9d-4d88-b603-a306a7965180 | Context users@openstack cleanup() started
2019-12-16 02:41:24.240 17 INFO rally.task.context [-] Task 49c71b8b-1f9d-4d88-b603-a306a7965180 | Context users@openstack cleanup() finished in 3.98 sec
2019-12-16 02:41:25.634 17 INFO rally.task.engine [-] Load duration is: 2.053404
2019-12-16 02:41:25.635 17 INFO rally.task.engine [-] Full runner duration is: 2.100475
2019-12-16 02:41:25.635 17 INFO rally.task.engine [-] Full duration is: 8.684225
2019-12-16 02:41:26.242 17 INFO rally.task.engine [-] Running workload: position = 0 config = { "version": 2, "title": "A cropped version of a bigger task.", "description": "Auto-generated task from a single workload (uuid=6fca6b16-07fe-46f8-af61-973278824ee7)", "subtasks": [ { "title": "Authenticate.validate_neutron", "description": "Check Neutron Client to ensure validation of token.", "scenario": { "Authenticate.validate_neutron": { "repetitions": 2 } }, "contexts": { "users": { "tenants": 3, "users_per_tenant": 2 } }, "runner": { "constant": { "concurrency": 4, "times": 10 } }, "hooks": [], "sla": { "failure_rate": { "max": 0 } } } ] }
2019-12-16 02:41:26.265 17 RALLYDEBUG rally_openstack.contexts.keystone.users [-] Creating 3 tenants using 20 threads
2019-12-16 02:41:27.231 17 RALLYDEBUG rally_openstack.contexts.keystone.users [-] Creating 6 users using 20 threads
2019-12-16 02:41:28.812 17 INFO rally.task.context [-] Task 49c71b8b-1f9d-4d88-b603-a306a7965180 | Context users@openstack setup() finished in 2.55 sec
2019-12-16 02:41:28.821 17 RALLYDEBUG rally.task.runner [-] Starting the constant runner (task UUID: 49c71b8b-1f9d-4d88-b603-a306a7965180). times: 10 concurrency: 4 timeout: 0 max_cpu_used: 16 processes_to_start: 4 concurrency_per_worker: 1 concurrency_overhead: 0
2019-12-16 02:41:28.832 557 RALLYDEBUG rally.task.runner [-] Starting a worker. times: 10 duration: None concurrency: 1 timeout: 0 cls: method_name: run args: {"repetitions": 2}
2019-12-16 02:41:28.836 558 RALLYDEBUG rally.task.runner [-] Starting a worker. times: 10 duration: None concurrency: 1 timeout: 0 cls: method_name: run args: {"repetitions": 2}
2019-12-16 02:41:28.839 557 INFO rally.task.runner [-] Task 49c71b8b-1f9d-4d88-b603-a306a7965180 | ITER: 1 START
2019-12-16 02:41:28.839 559 RALLYDEBUG rally.task.runner [-] Starting a worker. times: 10 duration: None concurrency: 1 timeout: 0 cls: method_name: run args: {"repetitions": 2}
2019-12-16 02:41:28.843 558 INFO rally.task.runner [-] Task 49c71b8b-1f9d-4d88-b603-a306a7965180 | ITER: 2 START
2019-12-16 02:41:28.843 560 RALLYDEBUG rally.task.runner [-] Starting a worker. times: 10 duration: None concurrency: 1 timeout: 0 cls: method_name: run args: {"repetitions": 2}
2019-12-16 02:41:28.846 559 INFO rally.task.runner [-] Task 49c71b8b-1f9d-4d88-b603-a306a7965180 | ITER: 3 START
2019-12-16 02:41:28.848 560 INFO rally.task.runner [-] Task 49c71b8b-1f9d-4d88-b603-a306a7965180 | ITER: 4 START
2019-12-16 02:41:29.551 557 INFO rally.task.runner [-] Task 49c71b8b-1f9d-4d88-b603-a306a7965180 | ITER: 1 END: OK
2019-12-16 02:41:29.551 560 INFO rally.task.runner [-] Task 49c71b8b-1f9d-4d88-b603-a306a7965180 | ITER: 4 END: OK
2019-12-16 02:41:29.555 557 INFO rally.task.runner [-] Task 49c71b8b-1f9d-4d88-b603-a306a7965180 | ITER: 5 START
2019-12-16 02:41:29.556 560 INFO rally.task.runner [-] Task 49c71b8b-1f9d-4d88-b603-a306a7965180 | ITER: 6 START
2019-12-16 02:41:29.556 558 INFO rally.task.runner [-] Task 49c71b8b-1f9d-4d88-b603-a306a7965180 | ITER: 2 END: OK
2019-12-16 02:41:29.561 558 INFO rally.task.runner [-] Task 49c71b8b-1f9d-4d88-b603-a306a7965180 | ITER: 7 START
2019-12-16 02:41:29.600 559 INFO rally.task.runner [-] Task 49c71b8b-1f9d-4d88-b603-a306a7965180 | ITER: 3 END: OK
2019-12-16 02:41:29.604 559 INFO rally.task.runner [-] Task 49c71b8b-1f9d-4d88-b603-a306a7965180 | ITER: 8 START
2019-12-16 02:41:30.111 560 INFO rally.task.runner [-] Task 49c71b8b-1f9d-4d88-b603-a306a7965180 | ITER: 6 END: OK
2019-12-16 02:41:30.114 560 INFO rally.task.runner [-] Task 49c71b8b-1f9d-4d88-b603-a306a7965180 | ITER: 9 START
2019-12-16 02:41:30.129 558 INFO rally.task.runner [-] Task 49c71b8b-1f9d-4d88-b603-a306a7965180 | ITER: 7 END: OK
2019-12-16 02:41:30.133 558 INFO rally.task.runner [-] Task 49c71b8b-1f9d-4d88-b603-a306a7965180 | ITER: 10 START
2019-12-16 02:41:30.156 557 INFO rally.task.runner [-] Task 49c71b8b-1f9d-4d88-b603-a306a7965180 | ITER: 5 END: OK
2019-12-16 02:41:30.227 559 INFO rally.task.runner [-] Task 49c71b8b-1f9d-4d88-b603-a306a7965180 | ITER: 8 END: OK
2019-12-16 02:41:30.690 560 INFO rally.task.runner [-] Task 49c71b8b-1f9d-4d88-b603-a306a7965180 | ITER: 9 END: OK
2019-12-16 02:41:30.801 558 INFO rally.task.runner [-] Task 49c71b8b-1f9d-4d88-b603-a306a7965180 | ITER: 10 END: OK
2019-12-16 02:41:30.826 17 INFO rally.task.context [-] Task 49c71b8b-1f9d-4d88-b603-a306a7965180 | Context users@openstack cleanup() started
2019-12-16 02:41:35.151 17 INFO rally.task.context [-] Task 49c71b8b-1f9d-4d88-b603-a306a7965180 | Context users@openstack cleanup() finished in 4.33 sec
2019-12-16 02:41:36.339 17 INFO rally.task.engine [-] Load duration is: 1.960191
2019-12-16 02:41:36.340 17 INFO rally.task.engine [-] Full runner duration is: 2.004985
2019-12-16 02:41:36.340 17 INFO rally.task.engine [-] Full duration is: 8.887231
2019-12-16 02:41:36.893 17 INFO rally.task.engine [-] Running workload: position = 0 config = { "version": 2, "title": "A cropped version of a bigger task.", "description": "Auto-generated task from a single workload (uuid=2abb1cc1-452a-4ec8-8c05-56ce8764daad)", "subtasks": [ { "title": "Authenticate.validate_nova", "description": "Check Nova Client to ensure validation of token.", "scenario": { "Authenticate.validate_nova": { "repetitions": 2 } }, "contexts": { "users": { "tenants": 3, "users_per_tenant": 2 } }, "runner": { "constant": { "concurrency": 4, "times": 10 } }, "hooks": [], "sla": { "failure_rate": { "max": 0 } } } ] }
2019-12-16 02:41:36.917 17 RALLYDEBUG rally_openstack.contexts.keystone.users [-] Creating 3 tenants using 20 threads
2019-12-16 02:41:37.850 17 RALLYDEBUG rally_openstack.contexts.keystone.users [-] Creating 6 users using 20 threads
2019-12-16 02:41:39.383 17 INFO rally.task.context [-] Task 49c71b8b-1f9d-4d88-b603-a306a7965180 | Context users@openstack setup() finished in 2.47 sec
2019-12-16 02:41:39.390 17 RALLYDEBUG rally.task.runner [-] Starting the constant runner (task UUID: 49c71b8b-1f9d-4d88-b603-a306a7965180). times: 10 concurrency: 4 timeout: 0 max_cpu_used: 16 processes_to_start: 4 concurrency_per_worker: 1 concurrency_overhead: 0
2019-12-16 02:41:39.401 661 RALLYDEBUG rally.task.runner [-] Starting a worker. times: 10 duration: None concurrency: 1 timeout: 0 cls: method_name: run args: {"repetitions": 2}
2019-12-16 02:41:39.404 662 RALLYDEBUG rally.task.runner [-] Starting a worker. times: 10 duration: None concurrency: 1 timeout: 0 cls: method_name: run args: {"repetitions": 2}
2019-12-16 02:41:39.408 661 INFO rally.task.runner [-] Task 49c71b8b-1f9d-4d88-b603-a306a7965180 | ITER: 1 START
2019-12-16 02:41:39.407 663 RALLYDEBUG rally.task.runner [-] Starting a worker. times: 10 duration: None concurrency: 1 timeout: 0 cls: method_name: run args: {"repetitions": 2}
2019-12-16 02:41:39.410 662 INFO rally.task.runner [-] Task 49c71b8b-1f9d-4d88-b603-a306a7965180 | ITER: 2 START
2019-12-16 02:41:39.411 664 RALLYDEBUG rally.task.runner [-] Starting a worker. times: 10 duration: None concurrency: 1 timeout: 0 cls: method_name: run args: {"repetitions": 2}
2019-12-16 02:41:39.414 663 INFO rally.task.runner [-] Task 49c71b8b-1f9d-4d88-b603-a306a7965180 | ITER: 3 START
2019-12-16 02:41:39.417 664 INFO rally.task.runner [-] Task 49c71b8b-1f9d-4d88-b603-a306a7965180 | ITER: 4 START
2019-12-16 02:41:40.044 663 INFO rally.task.runner [-] Task 49c71b8b-1f9d-4d88-b603-a306a7965180 | ITER: 3 END: OK
2019-12-16 02:41:40.049 663 INFO rally.task.runner [-] Task 49c71b8b-1f9d-4d88-b603-a306a7965180 | ITER: 5 START
2019-12-16 02:41:40.049 662 INFO rally.task.runner [-] Task 49c71b8b-1f9d-4d88-b603-a306a7965180 | ITER: 2 END: OK
2019-12-16 02:41:40.050 661 INFO rally.task.runner [-] Task 49c71b8b-1f9d-4d88-b603-a306a7965180 | ITER: 1 END: OK
2019-12-16 02:41:40.052 664 INFO rally.task.runner [-] Task 49c71b8b-1f9d-4d88-b603-a306a7965180 | ITER: 4 END: OK
2019-12-16 02:41:40.054 662 INFO rally.task.runner [-] Task 49c71b8b-1f9d-4d88-b603-a306a7965180 | ITER: 6 START
2019-12-16 02:41:40.056 664 INFO rally.task.runner [-] Task 49c71b8b-1f9d-4d88-b603-a306a7965180 | ITER: 8 START
2019-12-16 02:41:40.056 661 INFO rally.task.runner [-] Task 49c71b8b-1f9d-4d88-b603-a306a7965180 | ITER: 7 START
2019-12-16 02:41:40.430 663 INFO rally.task.runner [-] Task 49c71b8b-1f9d-4d88-b603-a306a7965180 | ITER: 5 END: OK
2019-12-16 02:41:40.431 661 INFO rally.task.runner [-] Task 49c71b8b-1f9d-4d88-b603-a306a7965180 | ITER: 7 END: OK
2019-12-16 02:41:40.434 664 INFO rally.task.runner [-] Task 49c71b8b-1f9d-4d88-b603-a306a7965180 | ITER: 8 END: OK
2019-12-16 02:41:40.434 663 INFO rally.task.runner [-] Task 49c71b8b-1f9d-4d88-b603-a306a7965180 | ITER: 9 START
2019-12-16 02:41:40.435 661 INFO rally.task.runner [-] Task 49c71b8b-1f9d-4d88-b603-a306a7965180 | ITER: 10 START
2019-12-16 02:41:40.437 662 INFO rally.task.runner [-] Task 49c71b8b-1f9d-4d88-b603-a306a7965180 | ITER: 6 END: OK
2019-12-16 02:41:40.825 661 INFO rally.task.runner [-] Task 49c71b8b-1f9d-4d88-b603-a306a7965180 | ITER: 10 END: OK
2019-12-16 02:41:40.926 663 INFO rally.task.runner [-] Task 49c71b8b-1f9d-4d88-b603-a306a7965180 | ITER: 9 END: OK
2019-12-16 02:41:40.948 17 INFO rally.task.context [-] Task 49c71b8b-1f9d-4d88-b603-a306a7965180 | Context users@openstack cleanup() started
2019-12-16 02:41:45.195 17 INFO rally.task.context [-] Task 49c71b8b-1f9d-4d88-b603-a306a7965180 | Context users@openstack cleanup() finished in 4.25 sec
2019-12-16 02:41:46.995 17 INFO rally.task.engine [-] Load duration is: 1.516835
2019-12-16 02:41:46.995 17 INFO rally.task.engine [-] Full runner duration is: 1.558001
2019-12-16 02:41:46.996 17 INFO rally.task.engine [-] Full duration is: 8.280091
2019-12-16 02:41:47.481 17 INFO rally.task.engine [-] Task 49c71b8b-1f9d-4d88-b603-a306a7965180 | Completed: Running task.
2019-12-16 02:41:48.988 723 RALLYDEBUG rally.api [-] INFO logs from urllib3 and requests module are hide.
2019-12-16 02:41:48.988 723 RALLYDEBUG rally.api [-] urllib3 insecure warnings are hidden.
2019-12-16 02:41:48.988 723 RALLYDEBUG rally.api [-] ERROR log from boto module is hide.
2019-12-16 02:41:50.053 724 RALLYDEBUG rally.api [-] INFO logs from urllib3 and requests module are hide.
2019-12-16 02:41:50.053 724 RALLYDEBUG rally.api [-] urllib3 insecure warnings are hidden.
2019-12-16 02:41:50.053 724 RALLYDEBUG rally.api [-] ERROR log from boto module is hide.
2019-12-16 02:41:51.124 725 RALLYDEBUG rally.api [-] INFO logs from urllib3 and requests module are hide.
2019-12-16 02:41:51.124 725 RALLYDEBUG rally.api [-] urllib3 insecure warnings are hidden.
2019-12-16 02:41:51.124 725 RALLYDEBUG rally.api [-] ERROR log from boto module is hide.
2019-12-16 02:41:52.807 725 INFO rally.api [-] Building 'json' report for the following task(s): '49c71b8b-1f9d-4d88-b603-a306a7965180'.
2019-12-16 02:41:52.815 725 INFO rally.api [-] The report has been successfully built.
2019-12-16 02:41:54.129 727 RALLYDEBUG rally.api [-] INFO logs from urllib3 and requests module are hide.
2019-12-16 02:41:54.130 727 RALLYDEBUG rally.api [-] urllib3 insecure warnings are hidden.
2019-12-16 02:41:54.130 727 RALLYDEBUG rally.api [-] ERROR log from boto module is hide.
2019-12-16 02:41:56.081 727 INFO rally.task.engine [-] Task cf3e725b-7db9-43f6-8de2-b05f3a0f9046 | Starting: Task validation.
2019-12-16 02:41:56.206 727 INFO rally.task.engine [-] Task cf3e725b-7db9-43f6-8de2-b05f3a0f9046 | Starting: Task validation of syntax.
2019-12-16 02:41:56.334 727 INFO rally.task.engine [-] Task cf3e725b-7db9-43f6-8de2-b05f3a0f9046 | Completed: Task validation of syntax.
2019-12-16 02:41:56.334 727 INFO rally.task.engine [-] Task cf3e725b-7db9-43f6-8de2-b05f3a0f9046 | Starting: Task validation of required platforms.
2019-12-16 02:41:56.393 727 INFO rally.task.engine [-] Task cf3e725b-7db9-43f6-8de2-b05f3a0f9046 | Completed: Task validation of required platforms.
2019-12-16 02:41:56.395 727 INFO rally.task.engine [-] Task cf3e725b-7db9-43f6-8de2-b05f3a0f9046 | Starting: Task validation of semantic.
2019-12-16 02:41:56.395 727 INFO rally.task.engine [-] Check health of the environment '15dcd1f7-659f-45e1-9a78-ce52478d58f0'.
2019-12-16 02:41:57.354 727 INFO rally.task.engine [-] Platform existing@openstack (available: True): OK!
2019-12-16 02:41:57.372 727 RALLYDEBUG rally_openstack.contexts.keystone.users [-] Creating 1 tenants using 20 threads
2019-12-16 02:41:58.237 727 RALLYDEBUG rally_openstack.contexts.keystone.users [-] Creating 1 users using 20 threads
2019-12-16 02:41:59.533 727 INFO rally.task.context [-] Task cf3e725b-7db9-43f6-8de2-b05f3a0f9046 | Context users@openstack setup() finished in 2.16 sec
2019-12-16 02:42:03.176 727 INFO rally.task.context [-] Task cf3e725b-7db9-43f6-8de2-b05f3a0f9046 | Context users@openstack cleanup() started
2019-12-16 02:42:05.758 727 INFO rally.task.context [-] Task cf3e725b-7db9-43f6-8de2-b05f3a0f9046 | Context users@openstack cleanup() finished in 2.58 sec
2019-12-16 02:42:05.758 727 INFO rally.task.engine [-] Task cf3e725b-7db9-43f6-8de2-b05f3a0f9046 | Completed: Task validation of semantic.
2019-12-16 02:42:05.759 727 INFO rally.task.engine [-] Task cf3e725b-7db9-43f6-8de2-b05f3a0f9046 | Completed: Task validation.
2019-12-16 02:42:05.759 727 INFO rally.api [-] Task cf3e725b-7db9-43f6-8de2-b05f3a0f9046 input file is valid.
2019-12-16 02:42:05.760 727 INFO rally.api [-] Run Task cf3e725b-7db9-43f6-8de2-b05f3a0f9046 against Deployment 15dcd1f7-659f-45e1-9a78-ce52478d58f0
2019-12-16 02:42:05.760 727 INFO rally.task.engine [-] Task cf3e725b-7db9-43f6-8de2-b05f3a0f9046 | Starting: Running task.
2019-12-16 02:42:06.067 727 INFO rally.task.engine [-] Running workload: position = 0 config = { "version": 2, "title": "A cropped version of a bigger task.", "description": "Auto-generated task from a single workload (uuid=c1ed00a5-2d89-4102-a8f5-f35f281d5b8c)", "subtasks": [ { "title": "GlanceImages.create_and_delete_image", "description": "Create and then delete an image.", "scenario": { "GlanceImages.create_and_delete_image": { "container_format": "bare", "disk_format": "qcow2", "image_location": "/home/opnfv/functest/images/cirros-0.4.0-x86_64-disk.img" } }, "contexts": { "users": { "tenants": 3, "users_per_tenant": 2 } }, "runner": { "constant": { "concurrency": 4, "times": 10 } }, "hooks": [], "sla": { "failure_rate": { "max": 0 } } } ] }
2019-12-16 02:42:06.089 727 RALLYDEBUG rally_openstack.contexts.keystone.users [-] Creating 3 tenants using 20 threads
2019-12-16 02:42:06.974 727 RALLYDEBUG rally_openstack.contexts.keystone.users [-] Creating 6 users using 20 threads
2019-12-16 02:42:08.566 727 INFO rally.task.context [-] Task cf3e725b-7db9-43f6-8de2-b05f3a0f9046 | Context users@openstack setup() finished in 2.48 sec
2019-12-16 02:42:08.566 727 INFO rally.task.context [-] Task cf3e725b-7db9-43f6-8de2-b05f3a0f9046 | Context cleanup@openstack setup() finished in 0.01 msec
2019-12-16 02:42:08.570 727 RALLYDEBUG rally.task.runner [-] Starting the constant runner (task UUID: cf3e725b-7db9-43f6-8de2-b05f3a0f9046). times: 10 concurrency: 4 timeout: 0 max_cpu_used: 16 processes_to_start: 4 concurrency_per_worker: 1 concurrency_overhead: 0
2019-12-16 02:42:08.580 852 RALLYDEBUG rally.task.runner [-] Starting a worker. times: 10 duration: None concurrency: 1 timeout: 0 cls: method_name: run args: {"container_format": "bare", "disk_format": "qcow2", "image_location": "/home/opnfv/functest/images/cirros-0.4.0-x86_64-disk.img"}
2019-12-16 02:42:08.580 851 RALLYDEBUG rally.task.runner [-] Starting a worker. times: 10 duration: None concurrency: 1 timeout: 0 cls: method_name: run args: {"container_format": "bare", "disk_format": "qcow2", "image_location": "/home/opnfv/functest/images/cirros-0.4.0-x86_64-disk.img"}
2019-12-16 02:42:08.582 852 INFO rally.task.runner [-] Task cf3e725b-7db9-43f6-8de2-b05f3a0f9046 | ITER: 1 START
2019-12-16 02:42:08.584 853 RALLYDEBUG rally.task.runner [-] Starting a worker. times: 10 duration: None concurrency: 1 timeout: 0 cls: method_name: run args: {"container_format": "bare", "disk_format": "qcow2", "image_location": "/home/opnfv/functest/images/cirros-0.4.0-x86_64-disk.img"}
2019-12-16 02:42:08.584 854 RALLYDEBUG rally.task.runner [-] Starting a worker. times: 10 duration: None concurrency: 1 timeout: 0 cls: method_name: run args: {"container_format": "bare", "disk_format": "qcow2", "image_location": "/home/opnfv/functest/images/cirros-0.4.0-x86_64-disk.img"}
2019-12-16 02:42:08.587 851 INFO rally.task.runner [-] Task cf3e725b-7db9-43f6-8de2-b05f3a0f9046 | ITER: 2 START
2019-12-16 02:42:08.589 854 INFO rally.task.runner [-] Task cf3e725b-7db9-43f6-8de2-b05f3a0f9046 | ITER: 4 START
2019-12-16 02:42:08.590 853 INFO rally.task.runner [-] Task cf3e725b-7db9-43f6-8de2-b05f3a0f9046 | ITER: 3 START
2019-12-16 02:42:11.551 854 RALLYDEBUG rally.task.utils [-] Waiting for resource '8ec61d82-faf7-46cd-88a0-60eb94cf3167'. Status changed: NONE => QUEUED in 0.04287266731262207
2019-12-16 02:42:11.557 851 RALLYDEBUG rally.task.utils [-] Waiting for resource 'bede5444-5b99-4784-91b9-8c415ae624e8'. Status changed: NONE => QUEUED in 0.038403987884521484
2019-12-16 02:42:11.747 852 RALLYDEBUG rally.task.utils [-] Waiting for resource '0785aae2-3233-4d70-8e2d-c0895aa7610e'. Status changed: NONE => QUEUED in 0.03561568260192871
2019-12-16 02:42:11.758 853 RALLYDEBUG rally.task.utils [-] Waiting for resource 'fbc2661b-ad9c-4fca-9b95-2f33f142d885'. Status changed: NONE => QUEUED in 0.035947322845458984
2019-12-16 02:42:11.781 851 RALLYDEBUG rally.task.utils [-] Waiting for resource s_rally_c1ed00a5_F6BoA2HR. Status changed: QUEUED => ACTIVE in 0.020675182342529297
2019-12-16 02:42:11.788 854 RALLYDEBUG rally.task.utils [-] Waiting for resource s_rally_c1ed00a5_30D1fZIM. Status changed: QUEUED => ACTIVE in 0.016634225845336914
2019-12-16 02:42:11.866 851 INFO rally.task.runner [-] Task cf3e725b-7db9-43f6-8de2-b05f3a0f9046 | ITER: 2 END: OK
2019-12-16 02:42:11.867 854 INFO rally.task.runner [-] Task cf3e725b-7db9-43f6-8de2-b05f3a0f9046 | ITER: 4 END: OK
2019-12-16 02:42:11.871 851 INFO rally.task.runner [-] Task cf3e725b-7db9-43f6-8de2-b05f3a0f9046 | ITER: 5 START
2019-12-16 02:42:11.872 854 INFO rally.task.runner [-] Task cf3e725b-7db9-43f6-8de2-b05f3a0f9046 | ITER: 6 START
2019-12-16 02:42:11.959 852 RALLYDEBUG rally.task.utils [-] Waiting for resource s_rally_c1ed00a5_nXq00N2v. Status changed: QUEUED => ACTIVE in 0.017283201217651367
2019-12-16 02:42:11.959 853 RALLYDEBUG rally.task.utils [-] Waiting for resource s_rally_c1ed00a5_gpFUGTYk. Status changed: QUEUED => ACTIVE in 0.016875743865966797
2019-12-16 02:42:12.013 853 INFO rally.task.runner [-] Task cf3e725b-7db9-43f6-8de2-b05f3a0f9046 | ITER: 3 END: OK
2019-12-16 02:42:12.013 852 INFO rally.task.runner [-] Task cf3e725b-7db9-43f6-8de2-b05f3a0f9046 | ITER: 1 END: OK
2019-12-16 02:42:12.017 853 INFO rally.task.runner [-] Task cf3e725b-7db9-43f6-8de2-b05f3a0f9046 | ITER: 7 START
2019-12-16 02:42:12.018 852 INFO rally.task.runner [-] Task cf3e725b-7db9-43f6-8de2-b05f3a0f9046 | ITER: 8 START
2019-12-16 02:42:14.729 851 RALLYDEBUG rally.task.utils [-] Waiting for resource 'bb57cab1-c327-461d-bb3b-bc05c3a803e8'. Status changed: NONE => QUEUED in 0.040845632553100586
2019-12-16 02:42:14.768 853 RALLYDEBUG rally.task.utils [-] Waiting for resource '550ebef3-1e3a-493d-92ce-129dc5345047'. Status changed: NONE => QUEUED in 0.03265118598937988
2019-12-16 02:42:14.851 852 RALLYDEBUG rally.task.utils [-] Waiting for resource '2f8a3717-5265-4496-9db4-a8db45c8d80f'. Status changed: NONE => QUEUED in 0.035689353942871094
2019-12-16 02:42:15.012 854 RALLYDEBUG rally.task.utils [-] Waiting for resource '99a63355-ac3c-4721-9684-5e81fa3e3db6'. Status changed: NONE => QUEUED in 0.033719539642333984
2019-12-16 02:42:15.079 851 RALLYDEBUG rally.task.utils [-] Waiting for resource s_rally_c1ed00a5_0ZvsAA2E. Status changed: QUEUED => ACTIVE in 0.02096700668334961
2019-12-16 02:42:15.100 852 RALLYDEBUG rally.task.utils [-] Waiting for resource s_rally_c1ed00a5_mONUl6NH. Status changed: QUEUED => ACTIVE in 0.020704269409179688
2019-12-16 02:42:15.100 853 RALLYDEBUG rally.task.utils [-] Waiting for resource s_rally_c1ed00a5_7hkDudZh. Status changed: QUEUED => ACTIVE in 0.020165205001831055
2019-12-16 02:42:15.139 851 INFO rally.task.runner [-] Task cf3e725b-7db9-43f6-8de2-b05f3a0f9046 | ITER: 5 END: OK
2019-12-16 02:42:15.142 851 INFO rally.task.runner [-] Task cf3e725b-7db9-43f6-8de2-b05f3a0f9046 | ITER: 9 START
2019-12-16 02:42:15.163 852 INFO rally.task.runner [-] Task cf3e725b-7db9-43f6-8de2-b05f3a0f9046 | ITER: 8 END: OK
2019-12-16 02:42:15.166 852 INFO rally.task.runner [-] Task cf3e725b-7db9-43f6-8de2-b05f3a0f9046 | ITER: 10 START
2019-12-16 02:42:15.177 853 INFO rally.task.runner [-] Task cf3e725b-7db9-43f6-8de2-b05f3a0f9046 | ITER: 7 END: OK
2019-12-16 02:42:15.219 854 RALLYDEBUG rally.task.utils [-] Waiting for resource s_rally_c1ed00a5_pKXYZ7Y3. Status changed: QUEUED => ACTIVE in 0.016642332077026367
2019-12-16 02:42:15.272 854 INFO rally.task.runner [-] Task cf3e725b-7db9-43f6-8de2-b05f3a0f9046 | ITER: 6 END: OK
2019-12-16 02:42:18.001 852 RALLYDEBUG rally.task.utils [-] Waiting for resource '50b8e0fa-b377-453d-a9e9-969593b24ecf'. Status changed: NONE => QUEUED in 0.03407764434814453
2019-12-16 02:42:18.010 851 RALLYDEBUG rally.task.utils [-] Waiting for resource 'd0defee8-1e36-4181-acbe-6fd98b9ece93'. Status changed: NONE => QUEUED in 0.03722834587097168
2019-12-16 02:42:18.214 852 RALLYDEBUG rally.task.utils [-] Waiting for resource s_rally_c1ed00a5_4GlxhZC2. Status changed: QUEUED => ACTIVE in 0.018804311752319336
2019-12-16 02:42:18.217 851 RALLYDEBUG rally.task.utils [-] Waiting for resource s_rally_c1ed00a5_W5XSlY4X. Status changed: QUEUED => ACTIVE in 0.016736268997192383
2019-12-16 02:42:18.270 851 INFO rally.task.runner [-] Task cf3e725b-7db9-43f6-8de2-b05f3a0f9046 | ITER: 9 END: OK
2019-12-16 02:42:18.270 852 INFO rally.task.runner [-] Task cf3e725b-7db9-43f6-8de2-b05f3a0f9046 | ITER: 10 END: OK
2019-12-16 02:42:18.300 727 INFO rally.task.context [-] Task cf3e725b-7db9-43f6-8de2-b05f3a0f9046 | Context cleanup@openstack cleanup() started
2019-12-16 02:42:18.304 727 RALLYDEBUG rally_openstack.cleanup.manager [-] Cleaning up glance images objects
2019-12-16 02:42:19.852 727 INFO rally.task.context [-] Task cf3e725b-7db9-43f6-8de2-b05f3a0f9046 | Context cleanup@openstack cleanup() finished in 1.55 sec
2019-12-16 02:42:19.853 727 INFO rally.task.context [-] Task cf3e725b-7db9-43f6-8de2-b05f3a0f9046 | Context users@openstack cleanup() started
2019-12-16 02:42:23.971 727 INFO rally.task.context [-] Task cf3e725b-7db9-43f6-8de2-b05f3a0f9046 | Context users@openstack cleanup() finished in 4.12 sec
2019-12-16 02:42:24.228 727 INFO rally.task.engine [-] Load duration is: 8.983111
2019-12-16 02:42:24.228 727 INFO rally.task.engine [-] Full runner duration is: 9.730248
2019-12-16 02:42:24.229 727 INFO rally.task.engine [-] Full duration is: 17.88369
2019-12-16 02:42:24.812 727 INFO rally.task.engine [-] Running workload: position = 0 config = { "version": 2, "title": "A cropped version of a bigger task.", "description": "Auto-generated task from a single workload (uuid=2e02458b-a068-4b72-8849-b1bc23d370eb)", "subtasks": [ { "title": "GlanceImages.create_and_list_image", "description": "Create an image and then list all images.", "scenario": { "GlanceImages.create_and_list_image": { "container_format": "bare", "disk_format": "qcow2", "image_location": "/home/opnfv/functest/images/cirros-0.4.0-x86_64-disk.img" } }, "contexts": { "users": { "tenants": 3, "users_per_tenant": 2 } }, "runner": { "constant": { "concurrency": 4, "times": 10 } }, "hooks": [], "sla": { "failure_rate": { "max": 0 } } } ] }
2019-12-16 02:42:24.835 727 RALLYDEBUG rally_openstack.contexts.keystone.users [-] Creating 3 tenants using 20 threads
2019-12-16 02:42:25.732 727 RALLYDEBUG rally_openstack.contexts.keystone.users [-] Creating 6 users using 20 threads
2019-12-16 02:42:27.251 727 INFO rally.task.context [-] Task cf3e725b-7db9-43f6-8de2-b05f3a0f9046 | Context users@openstack setup() finished in 2.42 sec
2019-12-16 02:42:27.251 727 INFO rally.task.context [-] Task cf3e725b-7db9-43f6-8de2-b05f3a0f9046 | Context cleanup@openstack setup() finished in 0.01 msec
