2019-12-16 03:04:41.483 6547 INFO rally.task.engine [-] Running workload: position = 0 config = { "version": 2, "title": "A cropped version of a bigger task.", "description": "Auto-generated task from a single workload (uuid=eab1fdb1-0702-4960-a387-240d9f192047)", "subtasks": [ { "title": "GnocchiResourceType.create_resource_type", "description": "Create resource type.", "scenario": { "GnocchiResourceType.create_resource_type": { "attributes": { "foo": { "required": false, "type": "string" }, "bar": { "required": true, "type": "number" } } } }, "contexts": { "users": { "tenants": 3, "users_per_tenant": 2 } }, "runner": { "constant": { "concurrency": 4, "times": 10 } }, "hooks": [], "sla": { "failure_rate": { "max": 0 } } } ] }
2019-12-16 03:04:41.506 6547 RALLYDEBUG rally_openstack.contexts.keystone.users [-] Creating 3 tenants using 20 threads
2019-12-16 03:04:42.497 6547 RALLYDEBUG rally_openstack.contexts.keystone.users [-] Creating 6 users using 20 threads
2019-12-16 03:04:43.978 6547 INFO rally.task.context [-] Task 387c04f9-d5ce-4578-8458-6826efc253df | Context users@openstack setup() finished in 2.47 sec
2019-12-16 03:04:43.979 6547 INFO rally.task.context [-] Task 387c04f9-d5ce-4578-8458-6826efc253df | Context admin_cleanup@openstack setup() finished in 0.01 msec
2019-12-16 03:04:43.988 6547 RALLYDEBUG rally.task.runner [-] Starting the constant runner (task UUID: 387c04f9-d5ce-4578-8458-6826efc253df). times: 10 concurrency: 4 timeout: 0 max_cpu_used: 16 processes_to_start: 4 concurrency_per_worker: 1 concurrency_overhead: 0
2019-12-16 03:04:44.000 7687 RALLYDEBUG rally.task.runner [-] Starting a worker. times: 10 duration: None concurrency: 1 timeout: 0 cls: method_name: run args: {"attributes": {"foo": {"required": false, "type": "string"}, "bar": {"required": true, "type": "number"}}}
2019-12-16 03:04:44.003 7688 RALLYDEBUG rally.task.runner [-] Starting a worker. times: 10 duration: None concurrency: 1 timeout: 0 cls: method_name: run args: {"attributes": {"foo": {"required": false, "type": "string"}, "bar": {"required": true, "type": "number"}}}
2019-12-16 03:04:44.007 7687 INFO rally.task.runner [-] Task 387c04f9-d5ce-4578-8458-6826efc253df | ITER: 1 START
2019-12-16 03:04:44.007 7689 RALLYDEBUG rally.task.runner [-] Starting a worker. times: 10 duration: None concurrency: 1 timeout: 0 cls: method_name: run args: {"attributes": {"foo": {"required": false, "type": "string"}, "bar": {"required": true, "type": "number"}}}
2019-12-16 03:04:44.010 7688 INFO rally.task.runner [-] Task 387c04f9-d5ce-4578-8458-6826efc253df | ITER: 2 START
2019-12-16 03:04:44.010 7691 RALLYDEBUG rally.task.runner [-] Starting a worker. times: 10 duration: None concurrency: 1 timeout: 0 cls: method_name: run args: {"attributes": {"foo": {"required": false, "type": "string"}, "bar": {"required": true, "type": "number"}}}
2019-12-16 03:04:44.014 7689 INFO rally.task.runner [-] Task 387c04f9-d5ce-4578-8458-6826efc253df | ITER: 3 START
2019-12-16 03:04:44.016 7691 INFO rally.task.runner [-] Task 387c04f9-d5ce-4578-8458-6826efc253df | ITER: 4 START
2019-12-16 03:04:47.460 7691 INFO rally.task.runner [-] Task 387c04f9-d5ce-4578-8458-6826efc253df | ITER: 4 END: OK
2019-12-16 03:04:47.461 7688 INFO rally.task.runner [-] Task 387c04f9-d5ce-4578-8458-6826efc253df | ITER: 2 END: OK
2019-12-16 03:04:47.461 7689 INFO rally.task.runner [-] Task 387c04f9-d5ce-4578-8458-6826efc253df | ITER: 3 END: OK
2019-12-16 03:04:47.465 7688 INFO rally.task.runner [-] Task 387c04f9-d5ce-4578-8458-6826efc253df | ITER: 5 START
2019-12-16 03:04:47.465 7691 INFO rally.task.runner [-] Task 387c04f9-d5ce-4578-8458-6826efc253df | ITER: 6 START
2019-12-16 03:04:47.465 7689 INFO rally.task.runner [-] Task 387c04f9-d5ce-4578-8458-6826efc253df | ITER: 7 START
2019-12-16 03:04:47.771 7687 INFO rally.task.runner [-] Task 387c04f9-d5ce-4578-8458-6826efc253df | ITER: 1 END: OK
2019-12-16 03:04:47.776 7687 INFO rally.task.runner [-] Task 387c04f9-d5ce-4578-8458-6826efc253df | ITER: 8 START
2019-12-16 03:04:50.678 7688 INFO rally.task.runner [-] Task 387c04f9-d5ce-4578-8458-6826efc253df | ITER: 5 END: OK
2019-12-16 03:04:50.679 7689 INFO rally.task.runner [-] Task 387c04f9-d5ce-4578-8458-6826efc253df | ITER: 7 END: OK
2019-12-16 03:04:50.682 7688 INFO rally.task.runner [-] Task 387c04f9-d5ce-4578-8458-6826efc253df | ITER: 9 START
2019-12-16 03:04:50.682 7689 INFO rally.task.runner [-] Task 387c04f9-d5ce-4578-8458-6826efc253df | ITER: 10 START
2019-12-16 03:04:50.926 7691 INFO rally.task.runner [-] Task 387c04f9-d5ce-4578-8458-6826efc253df | ITER: 6 END: OK
2019-12-16 03:04:51.522 7687 INFO rally.task.runner [-] Task 387c04f9-d5ce-4578-8458-6826efc253df | ITER: 8 END: OK
2019-12-16 03:04:52.909 7688 INFO rally.task.runner [-] Task 387c04f9-d5ce-4578-8458-6826efc253df | ITER: 9 END: OK
2019-12-16 03:04:52.930 7689 INFO rally.task.runner [-] Task 387c04f9-d5ce-4578-8458-6826efc253df | ITER: 10 END: OK
2019-12-16 03:04:52.957 6547 INFO rally.task.context [-] Task 387c04f9-d5ce-4578-8458-6826efc253df | Context admin_cleanup@openstack cleanup() started
2019-12-16 03:04:52.961 6547 RALLYDEBUG rally_openstack.cleanup.manager [-] Cleaning up gnocchi resource_type objects
2019-12-16 03:04:53.425 6547 RALLYDEBUG rally_openstack.cleanup.manager [-] Deleting gnocchi.resource_type object s_rally_eab1fdb1_9bPvVqdc (s_rally_eab1fdb1_9bPvVqdc)
2019-12-16 03:04:53.430 6547 RALLYDEBUG rally_openstack.cleanup.manager [-] Deleting gnocchi.resource_type object s_rally_eab1fdb1_a96lf3gs (s_rally_eab1fdb1_a96lf3gs)
2019-12-16 03:04:53.440 6547 RALLYDEBUG rally_openstack.cleanup.manager [-] Deleting gnocchi.resource_type object s_rally_eab1fdb1_iNsIZ0jJ (s_rally_eab1fdb1_iNsIZ0jJ)
2019-12-16 03:04:53.448 6547 RALLYDEBUG rally_openstack.cleanup.manager [-] Deleting gnocchi.resource_type object s_rally_eab1fdb1_7sPeCvQZ (s_rally_eab1fdb1_7sPeCvQZ)
2019-12-16 03:04:53.454 6547 RALLYDEBUG rally_openstack.cleanup.manager [-] Deleting gnocchi.resource_type object s_rally_eab1fdb1_CeE1ktJH (s_rally_eab1fdb1_CeE1ktJH)
2019-12-16 03:04:53.457 6547 RALLYDEBUG rally_openstack.cleanup.manager [-] Deleting gnocchi.resource_type object s_rally_eab1fdb1_iVlajeaQ (s_rally_eab1fdb1_iVlajeaQ)
2019-12-16 03:04:53.477 6547 RALLYDEBUG rally_openstack.cleanup.manager [-] Deleting gnocchi.resource_type object s_rally_eab1fdb1_myrG11x5 (s_rally_eab1fdb1_myrG11x5)
2019-12-16 03:04:53.482 6547 RALLYDEBUG rally_openstack.cleanup.manager [-] Deleting gnocchi.resource_type object s_rally_eab1fdb1_tgRAob5x (s_rally_eab1fdb1_tgRAob5x)
2019-12-16 03:04:53.497 6547 RALLYDEBUG rally_openstack.cleanup.manager [-] Deleting gnocchi.resource_type object s_rally_eab1fdb1_YTArYk4w (s_rally_eab1fdb1_YTArYk4w)
2019-12-16 03:04:53.502 6547 RALLYDEBUG rally_openstack.cleanup.manager [-] Deleting gnocchi.resource_type object s_rally_eab1fdb1_YztUkjon (s_rally_eab1fdb1_YztUkjon)
2019-12-16 03:04:58.016 6547 INFO rally.task.context [-] Task 387c04f9-d5ce-4578-8458-6826efc253df | Context admin_cleanup@openstack cleanup() finished in 5.06 sec
2019-12-16 03:04:58.016 6547 INFO rally.task.context [-] Task 387c04f9-d5ce-4578-8458-6826efc253df | Context users@openstack cleanup() started
2019-12-16 03:05:02.491 6547 INFO rally.task.context [-] Task 387c04f9-d5ce-4578-8458-6826efc253df | Context users@openstack cleanup() finished in 4.47 sec
2019-12-16 03:05:03.635 6547 INFO rally.task.engine [-] Load duration is: 8.92058
2019-12-16 03:05:03.635 6547 INFO rally.task.engine [-] Full runner duration is: 8.969807
2019-12-16 03:05:03.635 6547 INFO rally.task.engine [-] Full duration is: 20.986749
2019-12-16 03:05:03.998 6547 INFO rally.task.engine [-] Running workload: position = 0 config = { "version": 2, "title": "A cropped version of a bigger task.", "description": "Auto-generated task from a single workload (uuid=727334a0-8644-445b-a412-4f28e0924894)", "subtasks": [ { "title": "GnocchiResourceType.create_delete_resource_type", "description": "Create resource type and then delete it.", "scenario": { "GnocchiResourceType.create_delete_resource_type": { "attributes": { "foo": { "required": false, "type": "string" }, "bar": { "required": true, "type": "number" } } } }, "contexts": { "users": { "tenants": 3, "users_per_tenant": 2 } }, "runner": { "constant": { "concurrency": 4, "times": 10 } }, "hooks": [], "sla": { "failure_rate": { "max": 0 } } } ] }
2019-12-16 03:05:04.022 6547 RALLYDEBUG rally_openstack.contexts.keystone.users [-] Creating 3 tenants using 20 threads
2019-12-16 03:05:04.927 6547 RALLYDEBUG rally_openstack.contexts.keystone.users [-] Creating 6 users using 20 threads
2019-12-16 03:05:06.486 6547 INFO rally.task.context [-] Task 387c04f9-d5ce-4578-8458-6826efc253df | Context users@openstack setup() finished in 2.46 sec
2019-12-16 03:05:06.486 6547 INFO rally.task.context [-] Task 387c04f9-d5ce-4578-8458-6826efc253df | Context admin_cleanup@openstack setup() finished in 0.01 msec
2019-12-16 03:05:06.496 6547 RALLYDEBUG rally.task.runner [-] Starting the constant runner (task UUID: 387c04f9-d5ce-4578-8458-6826efc253df). times: 10 concurrency: 4 timeout: 0 max_cpu_used: 16 processes_to_start: 4 concurrency_per_worker: 1 concurrency_overhead: 0
2019-12-16 03:05:06.507 7811 RALLYDEBUG rally.task.runner [-] Starting a worker. times: 10 duration: None concurrency: 1 timeout: 0 cls: method_name: run args: {"attributes": {"foo": {"required": false, "type": "string"}, "bar": {"required": true, "type": "number"}}}
2019-12-16 03:05:06.511 7812 RALLYDEBUG rally.task.runner [-] Starting a worker. times: 10 duration: None concurrency: 1 timeout: 0 cls: method_name: run args: {"attributes": {"foo": {"required": false, "type": "string"}, "bar": {"required": true, "type": "number"}}}
2019-12-16 03:05:06.514 7811 INFO rally.task.runner [-] Task 387c04f9-d5ce-4578-8458-6826efc253df | ITER: 1 START
2019-12-16 03:05:06.515 7813 RALLYDEBUG rally.task.runner [-] Starting a worker. times: 10 duration: None concurrency: 1 timeout: 0 cls: method_name: run args: {"attributes": {"foo": {"required": false, "type": "string"}, "bar": {"required": true, "type": "number"}}}
2019-12-16 03:05:06.517 7812 INFO rally.task.runner [-] Task 387c04f9-d5ce-4578-8458-6826efc253df | ITER: 2 START
2019-12-16 03:05:06.518 7815 RALLYDEBUG rally.task.runner [-] Starting a worker. times: 10 duration: None concurrency: 1 timeout: 0 cls: method_name: run args: {"attributes": {"foo": {"required": false, "type": "string"}, "bar": {"required": true, "type": "number"}}}
2019-12-16 03:05:06.522 7813 INFO rally.task.runner [-] Task 387c04f9-d5ce-4578-8458-6826efc253df | ITER: 3 START
2019-12-16 03:05:06.525 7815 INFO rally.task.runner [-] Task 387c04f9-d5ce-4578-8458-6826efc253df | ITER: 4 START
2019-12-16 03:05:11.256 7813 INFO rally.task.runner [-] Task 387c04f9-d5ce-4578-8458-6826efc253df | ITER: 3 END: OK
2019-12-16 03:05:11.256 7812 INFO rally.task.runner [-] Task 387c04f9-d5ce-4578-8458-6826efc253df | ITER: 2 END: OK
2019-12-16 03:05:11.261 7812 INFO rally.task.runner [-] Task 387c04f9-d5ce-4578-8458-6826efc253df | ITER: 6 START
2019-12-16 03:05:11.261 7813 INFO rally.task.runner [-] Task 387c04f9-d5ce-4578-8458-6826efc253df | ITER: 5 START
2019-12-16 03:05:11.334 7815 INFO rally.task.runner [-] Task 387c04f9-d5ce-4578-8458-6826efc253df | ITER: 4 END: OK
2019-12-16 03:05:11.339 7815 INFO rally.task.runner [-] Task 387c04f9-d5ce-4578-8458-6826efc253df | ITER: 7 START
2019-12-16 03:05:11.363 7811 INFO rally.task.runner [-] Task 387c04f9-d5ce-4578-8458-6826efc253df | ITER: 1 END: OK
2019-12-16 03:05:11.368 7811 INFO rally.task.runner [-] Task 387c04f9-d5ce-4578-8458-6826efc253df | ITER: 8 START
2019-12-16 03:05:16.304 7811 INFO rally.task.runner [-] Task 387c04f9-d5ce-4578-8458-6826efc253df | ITER: 8 END: OK
2019-12-16 03:05:16.304 7812 INFO rally.task.runner [-] Task 387c04f9-d5ce-4578-8458-6826efc253df | ITER: 6 END: OK
2019-12-16 03:05:16.304 7813 INFO rally.task.runner [-] Task 387c04f9-d5ce-4578-8458-6826efc253df | ITER: 5 END: OK
2019-12-16 03:05:16.308 7812 INFO rally.task.runner [-] Task 387c04f9-d5ce-4578-8458-6826efc253df | ITER: 10 START
2019-12-16 03:05:16.307 7811 INFO rally.task.runner [-] Task 387c04f9-d5ce-4578-8458-6826efc253df | ITER: 9 START
2019-12-16 03:05:16.392 7815 INFO rally.task.runner [-] Task 387c04f9-d5ce-4578-8458-6826efc253df | ITER: 7 END: OK
2019-12-16 03:05:19.061 7812 INFO rally.task.runner [-] Task 387c04f9-d5ce-4578-8458-6826efc253df | ITER: 10 END: OK
2019-12-16 03:05:19.087 7811 INFO rally.task.runner [-] Task 387c04f9-d5ce-4578-8458-6826efc253df | ITER: 9 END: OK
2019-12-16 03:05:19.112 6547 INFO rally.task.context [-] Task 387c04f9-d5ce-4578-8458-6826efc253df | Context admin_cleanup@openstack cleanup() started
2019-12-16 03:05:19.115 6547 RALLYDEBUG rally_openstack.cleanup.manager [-] Cleaning up gnocchi resource_type objects
2019-12-16 03:05:19.568 6547 INFO rally.task.context [-] Task 387c04f9-d5ce-4578-8458-6826efc253df | Context admin_cleanup@openstack cleanup() finished in 0.46 sec
2019-12-16 03:05:19.568 6547 INFO rally.task.context [-] Task 387c04f9-d5ce-4578-8458-6826efc253df | Context users@openstack cleanup() started
2019-12-16 03:05:24.211 6547 INFO rally.task.context [-] Task 387c04f9-d5ce-4578-8458-6826efc253df | Context users@openstack cleanup() finished in 4.64 sec
2019-12-16 03:05:26.148 6547 INFO rally.task.engine [-] Load duration is: 12.571604
2019-12-16 03:05:26.148 6547 INFO rally.task.engine [-] Full runner duration is: 12.616446
2019-12-16 03:05:26.149 6547 INFO rally.task.engine [-] Full duration is: 20.189806
2019-12-16 03:05:26.481 6547 INFO rally.task.engine [-] Running workload: position = 0 config = { "version": 2, "title": "A cropped version of a bigger task.", "description": "Auto-generated task from a single workload (uuid=3f5cca21-54fe-4ee9-b3b6-7e2b041ab063)", "subtasks": [ { "title": "GnocchiMetric.list_metric", "description": "List metrics.", "scenario": { "GnocchiMetric.list_metric": { "limit": 10000 } }, "contexts": { "users": { "tenants": 3, "users_per_tenant": 2 } }, "runner": { "constant": { "concurrency": 4, "times": 10 } }, "hooks": [], "sla": { "failure_rate": { "max": 0 } } } ] }
2019-12-16 03:05:26.503 6547 RALLYDEBUG rally_openstack.contexts.keystone.users [-] Creating 3 tenants using 20 threads
2019-12-16 03:05:27.525 6547 RALLYDEBUG rally_openstack.contexts.keystone.users [-] Creating 6 users using 20 threads
2019-12-16 03:05:29.063 6547 INFO rally.task.context [-] Task 387c04f9-d5ce-4578-8458-6826efc253df | Context users@openstack setup() finished in 2.56 sec
2019-12-16 03:05:29.073 6547 RALLYDEBUG rally.task.runner [-] Starting the constant runner (task UUID: 387c04f9-d5ce-4578-8458-6826efc253df). times: 10 concurrency: 4 timeout: 0 max_cpu_used: 16 processes_to_start: 4 concurrency_per_worker: 1 concurrency_overhead: 0
2019-12-16 03:05:29.084 7935 RALLYDEBUG rally.task.runner [-] Starting a worker. times: 10 duration: None concurrency: 1 timeout: 0 cls: method_name: run args: {"limit": 10000}
2019-12-16 03:05:29.088 7936 RALLYDEBUG rally.task.runner [-] Starting a worker. times: 10 duration: None concurrency: 1 timeout: 0 cls: method_name: run args: {"limit": 10000}
2019-12-16 03:05:29.091 7935 INFO rally.task.runner [-] Task 387c04f9-d5ce-4578-8458-6826efc253df | ITER: 1 START
2019-12-16 03:05:29.092 7937 RALLYDEBUG rally.task.runner [-] Starting a worker. times: 10 duration: None concurrency: 1 timeout: 0 cls: method_name: run args: {"limit": 10000}
2019-12-16 03:05:29.095 7939 RALLYDEBUG rally.task.runner [-] Starting a worker. times: 10 duration: None concurrency: 1 timeout: 0 cls: method_name: run args: {"limit": 10000}
2019-12-16 03:05:29.095 7936 INFO rally.task.runner [-] Task 387c04f9-d5ce-4578-8458-6826efc253df | ITER: 2 START
2019-12-16 03:05:29.098 7937 INFO rally.task.runner [-] Task 387c04f9-d5ce-4578-8458-6826efc253df | ITER: 3 START
2019-12-16 03:05:29.101 7939 INFO rally.task.runner [-] Task 387c04f9-d5ce-4578-8458-6826efc253df | ITER: 4 START
2019-12-16 03:05:29.599 7935 INFO rally.task.runner [-] Task 387c04f9-d5ce-4578-8458-6826efc253df | ITER: 1 END: OK
2019-12-16 03:05:29.599 7936 INFO rally.task.runner [-] Task 387c04f9-d5ce-4578-8458-6826efc253df | ITER: 2 END: OK
2019-12-16 03:05:29.601 7939 INFO rally.task.runner [-] Task 387c04f9-d5ce-4578-8458-6826efc253df | ITER: 4 END: OK
2019-12-16 03:05:29.602 7937 INFO rally.task.runner [-] Task 387c04f9-d5ce-4578-8458-6826efc253df | ITER: 3 END: OK
2019-12-16 03:05:29.604 7935 INFO rally.task.runner [-] Task 387c04f9-d5ce-4578-8458-6826efc253df | ITER: 6 START
2019-12-16 03:05:29.604 7936 INFO rally.task.runner [-] Task 387c04f9-d5ce-4578-8458-6826efc253df | ITER: 5 START
2019-12-16 03:05:29.606 7939 INFO rally.task.runner [-] Task 387c04f9-d5ce-4578-8458-6826efc253df | ITER: 7 START
2019-12-16 03:05:29.606 7937 INFO rally.task.runner [-] Task 387c04f9-d5ce-4578-8458-6826efc253df | ITER: 8 START
2019-12-16 03:05:29.959 7937 INFO rally.task.runner [-] Task 387c04f9-d5ce-4578-8458-6826efc253df | ITER: 8 END: OK
2019-12-16 03:05:29.962 7937 INFO rally.task.runner [-] Task 387c04f9-d5ce-4578-8458-6826efc253df | ITER: 9 START
2019-12-16 03:05:30.002 7939 INFO rally.task.runner [-] Task 387c04f9-d5ce-4578-8458-6826efc253df | ITER: 7 END: OK
2019-12-16 03:05:30.005 7939 INFO rally.task.runner [-] Task 387c04f9-d5ce-4578-8458-6826efc253df | ITER: 10 START
2019-12-16 03:05:30.015 7935 INFO rally.task.runner [-] Task 387c04f9-d5ce-4578-8458-6826efc253df | ITER: 6 END: OK
2019-12-16 03:05:30.066 7936 INFO rally.task.runner [-] Task 387c04f9-d5ce-4578-8458-6826efc253df | ITER: 5 END: OK
2019-12-16 03:05:30.323 7937 INFO rally.task.runner [-] Task 387c04f9-d5ce-4578-8458-6826efc253df | ITER: 9 END: OK
2019-12-16 03:05:30.370 7939 INFO rally.task.runner [-] Task 387c04f9-d5ce-4578-8458-6826efc253df | ITER: 10 END: OK
2019-12-16 03:05:30.393 6547 INFO rally.task.context [-] Task 387c04f9-d5ce-4578-8458-6826efc253df | Context users@openstack cleanup() started
2019-12-16 03:05:34.676 6547 INFO rally.task.context [-] Task 387c04f9-d5ce-4578-8458-6826efc253df | Context users@openstack cleanup() finished in 4.28 sec
2019-12-16 03:05:36.586 6547 INFO rally.task.engine [-] Load duration is: 1.277313
2019-12-16 03:05:36.587 6547 INFO rally.task.engine [-] Full runner duration is: 1.320877
2019-12-16 03:05:36.587 6547 INFO rally.task.engine [-] Full duration is: 8.174585
2019-12-16 03:05:36.960 6547 INFO rally.task.engine [-] Running workload: position = 0 config = { "version": 2, "title": "A cropped version of a bigger task.", "description": "Auto-generated task from a single workload (uuid=7be4aae1-bdbd-4cc4-a374-86acb1d1564b)", "subtasks": [ { "title": "GnocchiMetric.create_metric", "description": "Create metric.", "scenario": { "GnocchiMetric.create_metric": { "archive_policy_name": "low" } }, "contexts": { "users": { "tenants": 3, "users_per_tenant": 2 } }, "runner": { "constant": { "concurrency": 4, "times": 10 } }, "hooks": [], "sla": { "failure_rate": { "max": 0 } } } ] }
2019-12-16 03:05:37.005 6547 RALLYDEBUG rally_openstack.contexts.keystone.users [-] Creating 3 tenants using 20 threads
2019-12-16 03:05:38.027 6547 RALLYDEBUG rally_openstack.contexts.keystone.users [-] Creating 6 users using 20 threads
2019-12-16 03:05:39.558 6547 INFO rally.task.context [-] Task 387c04f9-d5ce-4578-8458-6826efc253df | Context users@openstack setup() finished in 2.55 sec
2019-12-16 03:05:39.558 6547 INFO rally.task.context [-] Task 387c04f9-d5ce-4578-8458-6826efc253df | Context cleanup@openstack setup() finished in 0.03 msec
2019-12-16 03:05:39.565 6547 RALLYDEBUG rally.task.runner [-] Starting the constant runner (task UUID: 387c04f9-d5ce-4578-8458-6826efc253df). times: 10 concurrency: 4 timeout: 0 max_cpu_used: 16 processes_to_start: 4 concurrency_per_worker: 1 concurrency_overhead: 0
2019-12-16 03:05:39.576 8039 RALLYDEBUG rally.task.runner [-] Starting a worker. times: 10 duration: None concurrency: 1 timeout: 0 cls: method_name: run args: {"archive_policy_name": "low"}
2019-12-16 03:05:39.578 8040 RALLYDEBUG rally.task.runner [-] Starting a worker. times: 10 duration: None concurrency: 1 timeout: 0 cls: method_name: run args: {"archive_policy_name": "low"}
2019-12-16 03:05:39.579 8041 RALLYDEBUG rally.task.runner [-] Starting a worker. times: 10 duration: None concurrency: 1 timeout: 0 cls: method_name: run args: {"archive_policy_name": "low"}
2019-12-16 03:05:39.582 8042 RALLYDEBUG rally.task.runner [-] Starting a worker. times: 10 duration: None concurrency: 1 timeout: 0 cls: method_name: run args: {"archive_policy_name": "low"}
2019-12-16 03:05:39.582 8039 INFO rally.task.runner [-] Task 387c04f9-d5ce-4578-8458-6826efc253df | ITER: 1 START
2019-12-16 03:05:39.584 8040 INFO rally.task.runner [-] Task 387c04f9-d5ce-4578-8458-6826efc253df | ITER: 2 START
2019-12-16 03:05:39.586 8041 INFO rally.task.runner [-] Task 387c04f9-d5ce-4578-8458-6826efc253df | ITER: 3 START
2019-12-16 03:05:39.588 8042 INFO rally.task.runner [-] Task 387c04f9-d5ce-4578-8458-6826efc253df | ITER: 4 START
2019-12-16 03:05:40.104 8042 INFO rally.task.runner [-] Task 387c04f9-d5ce-4578-8458-6826efc253df | ITER: 4 END: OK
2019-12-16 03:05:40.108 8039 INFO rally.task.runner [-] Task 387c04f9-d5ce-4578-8458-6826efc253df | ITER: 1 END: OK
2019-12-16 03:05:40.108 8042 INFO rally.task.runner [-] Task 387c04f9-d5ce-4578-8458-6826efc253df | ITER: 5 START
2019-12-16 03:05:40.114 8039 INFO rally.task.runner [-] Task 387c04f9-d5ce-4578-8458-6826efc253df | ITER: 6 START
2019-12-16 03:05:40.114 8040 INFO rally.task.runner [-] Task 387c04f9-d5ce-4578-8458-6826efc253df | ITER: 2 END: OK
2019-12-16 03:05:40.120 8040 INFO rally.task.runner [-] Task 387c04f9-d5ce-4578-8458-6826efc253df | ITER: 7 START
2019-12-16 03:05:40.148 8041 INFO rally.task.runner [-] Task 387c04f9-d5ce-4578-8458-6826efc253df | ITER: 3 END: OK
2019-12-16 03:05:40.152 8041 INFO rally.task.runner [-] Task 387c04f9-d5ce-4578-8458-6826efc253df | ITER: 8 START
2019-12-16 03:05:40.487 8042 INFO rally.task.runner [-] Task 387c04f9-d5ce-4578-8458-6826efc253df | ITER: 5 END: OK
2019-12-16 03:05:40.490 8040 INFO rally.task.runner [-] Task 387c04f9-d5ce-4578-8458-6826efc253df | ITER: 7 END: OK
2019-12-16 03:05:40.491 8042 INFO rally.task.runner [-] Task 387c04f9-d5ce-4578-8458-6826efc253df | ITER: 9 START
2019-12-16 03:05:40.493 8040 INFO rally.task.runner [-] Task 387c04f9-d5ce-4578-8458-6826efc253df | ITER: 10 START
2019-12-16 03:05:40.649 8039 INFO rally.task.runner [-] Task 387c04f9-d5ce-4578-8458-6826efc253df | ITER: 6 END: OK
2019-12-16 03:05:40.649 8041 INFO rally.task.runner [-] Task 387c04f9-d5ce-4578-8458-6826efc253df | ITER: 8 END: OK
2019-12-16 03:05:40.883 8042 INFO rally.task.runner [-] Task 387c04f9-d5ce-4578-8458-6826efc253df | ITER: 9 END: OK
2019-12-16 03:05:40.984 8040 INFO rally.task.runner [-] Task 387c04f9-d5ce-4578-8458-6826efc253df | ITER: 10 END: OK
2019-12-16 03:05:41.010 6547 INFO rally.task.context [-] Task 387c04f9-d5ce-4578-8458-6826efc253df | Context cleanup@openstack cleanup() started
2019-12-16 03:05:41.014 6547 RALLYDEBUG rally_openstack.cleanup.manager [-] Cleaning up gnocchi metric objects
2019-12-16 03:05:42.151 6547 INFO rally.task.context [-] Task 387c04f9-d5ce-4578-8458-6826efc253df | Context cleanup@openstack cleanup() finished in 1.14 sec
2019-12-16 03:05:42.151 6547 INFO rally.task.context [-] Task 387c04f9-d5ce-4578-8458-6826efc253df | Context users@openstack cleanup() started
2019-12-16 03:05:46.254 6547 INFO rally.task.context [-] Task 387c04f9-d5ce-4578-8458-6826efc253df | Context users@openstack cleanup() finished in 4.10 sec
2019-12-16 03:05:47.091 6547 INFO rally.task.engine [-] Load duration is: 1.399866
2019-12-16 03:05:47.092 6547 INFO rally.task.engine [-] Full runner duration is: 1.445683
2019-12-16 03:05:47.092 6547 INFO rally.task.engine [-] Full duration is: 9.25266
2019-12-16 03:05:47.442 6547 INFO rally.task.engine [-] Running workload: position = 0 config = { "version": 2, "title": "A cropped version of a bigger task.", "description": "Auto-generated task from a single workload (uuid=c2124caa-bb1c-441b-83f7-8800992d30f2)", "subtasks": [ { "title": "GnocchiMetric.create_delete_metric", "description": "Create metric and then delete it.", "scenario": { "GnocchiMetric.create_delete_metric": { "archive_policy_name": "low" } }, "contexts": { "users": { "tenants": 3, "users_per_tenant": 2 } }, "runner": { "constant": { "concurrency": 4, "times": 10 } }, "hooks": [], "sla": { "failure_rate": { "max": 0 } } } ] }
2019-12-16 03:05:47.466 6547 RALLYDEBUG rally_openstack.contexts.keystone.users [-] Creating 3 tenants using 20 threads
2019-12-16 03:05:48.515 6547 RALLYDEBUG rally_openstack.contexts.keystone.users [-] Creating 6 users using 20 threads
2019-12-16 03:05:50.152 6547 INFO rally.task.context [-] Task 387c04f9-d5ce-4578-8458-6826efc253df | Context users@openstack setup() finished in 2.69 sec
2019-12-16 03:05:50.153 6547 INFO rally.task.context [-] Task 387c04f9-d5ce-4578-8458-6826efc253df | Context cleanup@openstack setup() finished in 0.01 msec
2019-12-16 03:05:50.162 6547 RALLYDEBUG rally.task.runner [-] Starting the constant runner (task UUID: 387c04f9-d5ce-4578-8458-6826efc253df). times: 10 concurrency: 4 timeout: 0 max_cpu_used: 16 processes_to_start: 4 concurrency_per_worker: 1 concurrency_overhead: 0
2019-12-16 03:05:50.173 8163 RALLYDEBUG rally.task.runner [-] Starting a worker. times: 10 duration: None concurrency: 1 timeout: 0 cls: method_name: run args: {"archive_policy_name": "low"}
2019-12-16 03:05:50.177 8164 RALLYDEBUG rally.task.runner [-] Starting a worker. times: 10 duration: None concurrency: 1 timeout: 0 cls: method_name: run args: {"archive_policy_name": "low"}
2019-12-16 03:05:50.180 8163 INFO rally.task.runner [-] Task 387c04f9-d5ce-4578-8458-6826efc253df | ITER: 1 START
2019-12-16 03:05:50.180 8165 RALLYDEBUG rally.task.runner [-] Starting a worker. times: 10 duration: None concurrency: 1 timeout: 0 cls: method_name: run args: {"archive_policy_name": "low"}
2019-12-16 03:05:50.183 8164 INFO rally.task.runner [-] Task 387c04f9-d5ce-4578-8458-6826efc253df | ITER: 2 START
2019-12-16 03:05:50.184 8166 RALLYDEBUG rally.task.runner [-] Starting a worker. times: 10 duration: None concurrency: 1 timeout: 0 cls: method_name: run args: {"archive_policy_name": "low"}
2019-12-16 03:05:50.187 8165 INFO rally.task.runner [-] Task 387c04f9-d5ce-4578-8458-6826efc253df | ITER: 3 START
2019-12-16 03:05:50.190 8166 INFO rally.task.runner [-] Task 387c04f9-d5ce-4578-8458-6826efc253df | ITER: 4 START
2019-12-16 03:05:50.771 8166 INFO rally.task.runner [-] Task 387c04f9-d5ce-4578-8458-6826efc253df | ITER: 4 END: OK
2019-12-16 03:05:50.772 8165 INFO rally.task.runner [-] Task 387c04f9-d5ce-4578-8458-6826efc253df | ITER: 3 END: OK
2019-12-16 03:05:50.775 8166 INFO rally.task.runner [-] Task 387c04f9-d5ce-4578-8458-6826efc253df | ITER: 5 START
2019-12-16 03:05:50.777 8165 INFO rally.task.runner [-] Task 387c04f9-d5ce-4578-8458-6826efc253df | ITER: 6 START
2019-12-16 03:05:50.784 8163 INFO rally.task.runner [-] Task 387c04f9-d5ce-4578-8458-6826efc253df | ITER: 1 END: OK
2019-12-16 03:05:50.789 8163 INFO rally.task.runner [-] Task 387c04f9-d5ce-4578-8458-6826efc253df | ITER: 7 START
2019-12-16 03:05:50.789 8164 INFO rally.task.runner [-] Task 387c04f9-d5ce-4578-8458-6826efc253df | ITER: 2 END: OK
2019-12-16 03:05:50.794 8164 INFO rally.task.runner [-] Task 387c04f9-d5ce-4578-8458-6826efc253df | ITER: 8 START
2019-12-16 03:05:51.172 8166 INFO rally.task.runner [-] Task 387c04f9-d5ce-4578-8458-6826efc253df | ITER: 5 END: OK
2019-12-16 03:05:51.175 8166 INFO rally.task.runner [-] Task 387c04f9-d5ce-4578-8458-6826efc253df | ITER: 9 START
2019-12-16 03:05:51.189 8164 INFO rally.task.runner [-] Task 387c04f9-d5ce-4578-8458-6826efc253df | ITER: 8 END: OK
2019-12-16 03:05:51.192 8164 INFO rally.task.runner [-] Task 387c04f9-d5ce-4578-8458-6826efc253df | ITER: 10 START
2019-12-16 03:05:51.227 8165 INFO rally.task.runner [-] Task 387c04f9-d5ce-4578-8458-6826efc253df | ITER: 6 END: OK
2019-12-16 03:05:51.244 8163 INFO rally.task.runner [-] Task 387c04f9-d5ce-4578-8458-6826efc253df | ITER: 7 END: OK
2019-12-16 03:05:51.613 8164 INFO rally.task.runner [-] Task 387c04f9-d5ce-4578-8458-6826efc253df | ITER: 10 END: OK
2019-12-16 03:05:51.683 8166 INFO rally.task.runner [-] Task 387c04f9-d5ce-4578-8458-6826efc253df | ITER: 9 END: OK
2019-12-16 03:05:51.711 6547 INFO rally.task.context [-] Task 387c04f9-d5ce-4578-8458-6826efc253df | Context cleanup@openstack cleanup() started
2019-12-16 03:05:51.714 6547 RALLYDEBUG rally_openstack.cleanup.manager [-] Cleaning up gnocchi metric objects
2019-12-16 03:05:53.007 6547 INFO rally.task.context [-] Task 387c04f9-d5ce-4578-8458-6826efc253df | Context cleanup@openstack cleanup() finished in 1.30 sec
2019-12-16 03:05:53.008 6547 INFO rally.task.context [-] Task 387c04f9-d5ce-4578-8458-6826efc253df | Context users@openstack cleanup() started
2019-12-16 03:05:57.173 6547 INFO rally.task.context [-] Task 387c04f9-d5ce-4578-8458-6826efc253df | Context users@openstack cleanup() finished in 4.17 sec
2019-12-16 03:05:57.534 6547 INFO rally.task.engine [-] Load duration is: 1.502007
2019-12-16 03:05:57.535 6547 INFO rally.task.engine [-] Full runner duration is: 1.549974
2019-12-16 03:05:57.535 6547 INFO rally.task.engine [-] Full duration is: 9.708483
2019-12-16 03:05:57.855 6547 INFO rally.task.engine [-] Running workload: position = 0 config = { "version": 2, "title": "A cropped version of a bigger task.", "description": "Auto-generated task from a single workload (uuid=3d3a5232-adbf-4e62-9384-4e5adfb0681a)", "subtasks": [ { "title": "GnocchiResource.create_resource", "description": "Create resource.", "scenario": { "GnocchiResource.create_resource": {} }, "contexts": { "users": { "tenants": 3, "users_per_tenant": 2 } }, "runner": { "constant": { "concurrency": 4, "times": 10 } }, "hooks": [], "sla": { "failure_rate": { "max": 0 } } } ] }
2019-12-16 03:05:58.025 6547 RALLYDEBUG rally_openstack.contexts.keystone.users [-] Creating 3 tenants using 20 threads
2019-12-16 03:05:58.946 6547 RALLYDEBUG rally_openstack.contexts.keystone.users [-] Creating 6 users using 20 threads
2019-12-16 03:06:00.461 6547 INFO rally.task.context [-] Task 387c04f9-d5ce-4578-8458-6826efc253df | Context users@openstack setup() finished in 2.44 sec
2019-12-16 03:06:00.462 6547 INFO rally.task.context [-] Task 387c04f9-d5ce-4578-8458-6826efc253df | Context cleanup@openstack setup() finished in 0.01 msec
2019-12-16 03:06:00.471 6547 RALLYDEBUG rally.task.runner [-] Starting the constant runner (task UUID: 387c04f9-d5ce-4578-8458-6826efc253df). times: 10 concurrency: 4 timeout: 0 max_cpu_used: 16 processes_to_start: 4 concurrency_per_worker: 1 concurrency_overhead: 0
2019-12-16 03:06:00.482 8287 RALLYDEBUG rally.task.runner [-] Starting a worker. times: 10 duration: None concurrency: 1 timeout: 0 cls: method_name: run args: {}
2019-12-16 03:06:00.486 8288 RALLYDEBUG rally.task.runner [-] Starting a worker. times: 10 duration: None concurrency: 1 timeout: 0 cls: method_name: run args: {}
2019-12-16 03:06:00.489 8287 INFO rally.task.runner [-] Task 387c04f9-d5ce-4578-8458-6826efc253df | ITER: 1 START
2019-12-16 03:06:00.490 8289 RALLYDEBUG rally.task.runner [-] Starting a worker. times: 10 duration: None concurrency: 1 timeout: 0 cls: method_name: run args: {}
2019-12-16 03:06:00.492 8288 INFO rally.task.runner [-] Task 387c04f9-d5ce-4578-8458-6826efc253df | ITER: 2 START
2019-12-16 03:06:00.493 8292 RALLYDEBUG rally.task.runner [-] Starting a worker. times: 10 duration: None concurrency: 1 timeout: 0 cls: method_name: run args: {}
2019-12-16 03:06:00.496 8289 INFO rally.task.runner [-] Task 387c04f9-d5ce-4578-8458-6826efc253df | ITER: 3 START
2019-12-16 03:06:00.499 8292 INFO rally.task.runner [-] Task 387c04f9-d5ce-4578-8458-6826efc253df | ITER: 4 START
2019-12-16 03:06:00.994 8289 INFO rally.task.runner [-] Task 387c04f9-d5ce-4578-8458-6826efc253df | ITER: 3 END: OK
2019-12-16 03:06:00.999 8289 INFO rally.task.runner [-] Task 387c04f9-d5ce-4578-8458-6826efc253df | ITER: 5 START
2019-12-16 03:06:01.001 8292 INFO rally.task.runner [-] Task 387c04f9-d5ce-4578-8458-6826efc253df | ITER: 4 END: OK
2019-12-16 03:06:01.002 8287 INFO rally.task.runner [-] Task 387c04f9-d5ce-4578-8458-6826efc253df | ITER: 1 END: OK
2019-12-16 03:06:01.005 8292 INFO rally.task.runner [-] Task 387c04f9-d5ce-4578-8458-6826efc253df | ITER: 6 START
2019-12-16 03:06:01.007 8287 INFO rally.task.runner [-] Task 387c04f9-d5ce-4578-8458-6826efc253df | ITER: 7 START
2019-12-16 03:06:01.008 8288 INFO rally.task.runner [-] Task 387c04f9-d5ce-4578-8458-6826efc253df | ITER: 2 END: OK
2019-12-16 03:06:01.013 8288 INFO rally.task.runner [-] Task 387c04f9-d5ce-4578-8458-6826efc253df | ITER: 8 START
2019-12-16 03:06:01.370 8288 INFO rally.task.runner [-] Task 387c04f9-d5ce-4578-8458-6826efc253df | ITER: 8 END: OK
2019-12-16 03:06:01.373 8289 INFO rally.task.runner [-] Task 387c04f9-d5ce-4578-8458-6826efc253df | ITER: 5 END: OK
2019-12-16 03:06:01.373 8288 INFO rally.task.runner [-] Task 387c04f9-d5ce-4578-8458-6826efc253df | ITER: 9 START
2019-12-16 03:06:01.377 8289 INFO rally.task.runner [-] Task 387c04f9-d5ce-4578-8458-6826efc253df | ITER: 10 START
2019-12-16 03:06:01.422 8292 INFO rally.task.runner [-] Task 387c04f9-d5ce-4578-8458-6826efc253df | ITER: 6 END: OK
2019-12-16 03:06:01.430 8287 INFO rally.task.runner [-] Task 387c04f9-d5ce-4578-8458-6826efc253df | ITER: 7 END: OK
2019-12-16 03:06:01.735 8288 INFO rally.task.runner [-] Task 387c04f9-d5ce-4578-8458-6826efc253df | ITER: 9 END: OK
2019-12-16 03:06:01.742 8289 INFO rally.task.runner [-] Task 387c04f9-d5ce-4578-8458-6826efc253df | ITER: 10 END: OK
2019-12-16 03:06:01.771 6547 INFO rally.task.context [-] Task 387c04f9-d5ce-4578-8458-6826efc253df | Context cleanup@openstack cleanup() started
2019-12-16 03:06:01.775 6547 RALLYDEBUG rally_openstack.cleanup.manager [-] Cleaning up gnocchi resource objects
2019-12-16 03:06:03.203 6547 RALLYDEBUG rally_openstack.cleanup.manager [-] Deleting gnocchi.resource object s_rally_3d3a5232_zlBSsnxt (9d1873e4-ab43-5c17-8df0-83bba4cf7b3f)
2019-12-16 03:06:03.211 6547 RALLYDEBUG rally_openstack.cleanup.manager [-] Deleting gnocchi.resource object s_rally_3d3a5232_ilsrboUx (81cc650c-e68c-5f4a-bfa5-7cd3341e1a67)
2019-12-16 03:06:03.219 6547 RALLYDEBUG rally_openstack.cleanup.manager [-] Deleting gnocchi.resource object s_rally_3d3a5232_lX8NJi0V (f0c2dee5-2915-5408-9d3f-9de854772b67)
2019-12-16 03:06:03.223 6547 RALLYDEBUG rally_openstack.cleanup.manager [-] Deleting gnocchi.resource object s_rally_3d3a5232_QcBDZsw5 (fb016afd-b194-5872-a557-a6c04feb75af)
2019-12-16 03:06:03.232 6547 RALLYDEBUG rally_openstack.cleanup.manager [-] Deleting gnocchi.resource object s_rally_3d3a5232_tIdREfni (5539b18c-fc21-5e89-8960-a5fc20cab635)
2019-12-16 03:06:03.236 6547 RALLYDEBUG rally_openstack.cleanup.manager [-] Deleting gnocchi.resource object s_rally_3d3a5232_BLMWec6n (ecb73aa0-23d0-5423-9456-f575bccbb465)
2019-12-16 03:06:03.247 6547 RALLYDEBUG rally_openstack.cleanup.manager [-] Deleting gnocchi.resource object s_rally_3d3a5232_tZAltpzF (d933a455-7bd0-5118-a1c7-dea4e14136dd)
2019-12-16 03:06:03.261 6547 RALLYDEBUG rally_openstack.cleanup.manager [-] Deleting gnocchi.resource object s_rally_3d3a5232_CCEPyhNR (bb5d104a-30e9-5d1f-93f8-6dedbed7b527)
2019-12-16 03:06:03.270 6547 RALLYDEBUG rally_openstack.cleanup.manager [-] Deleting gnocchi.resource object s_rally_3d3a5232_Xc5Gf5S7 (fd550938-0605-5971-bcb9-2fdf43724766)
2019-12-16 03:06:03.276 6547 RALLYDEBUG rally_openstack.cleanup.manager [-] Deleting gnocchi.resource object s_rally_3d3a5232_0Z7y6Rbo (cfbe5b85-8876-5d39-afb6-e607a9ed70ea)
2019-12-16 03:06:04.976 6547 INFO rally.task.context [-] Task 387c04f9-d5ce-4578-8458-6826efc253df | Context cleanup@openstack cleanup() finished in 3.20 sec
2019-12-16 03:06:04.976 6547 INFO rally.task.context [-] Task 387c04f9-d5ce-4578-8458-6826efc253df | Context users@openstack cleanup() started
2019-12-16 03:06:09.294 6547 INFO rally.task.context [-] Task 387c04f9-d5ce-4578-8458-6826efc253df | Context users@openstack cleanup() finished in 4.32 sec
2019-12-16 03:06:10.122 6547 INFO rally.task.engine [-] Load duration is: 1.250781
2019-12-16 03:06:10.122 6547 INFO rally.task.engine [-] Full runner duration is: 1.300538
2019-12-16 03:06:10.123 6547 INFO rally.task.engine [-] Full duration is: 11.269786
2019-12-16 03:06:10.436 6547 INFO rally.task.engine [-] Running workload: position = 0 config = { "version": 2, "title": "A cropped version of a bigger task.", "description": "Auto-generated task from a single workload (uuid=c1d086f1-357c-4044-93ed-f085763df20f)", "subtasks": [ { "title": "GnocchiResource.create_delete_resource", "description": "Create resource and then delete it.", "scenario": { "GnocchiResource.create_delete_resource": {} }, "contexts": { "users": { "tenants": 3, "users_per_tenant": 2 } }, "runner": { "constant": { "concurrency": 4, "times": 10 } }, "hooks": [], "sla": { "failure_rate": { "max": 0 } } } ] }
2019-12-16 03:06:10.460 6547 RALLYDEBUG rally_openstack.contexts.keystone.users [-] Creating 3 tenants using 20 threads
2019-12-16 03:06:11.488 6547 RALLYDEBUG rally_openstack.contexts.keystone.users [-] Creating 6 users using 20 threads
2019-12-16 03:06:13.043 6547 INFO rally.task.context [-] Task 387c04f9-d5ce-4578-8458-6826efc253df | Context users@openstack setup() finished in 2.58 sec
2019-12-16 03:06:13.043 6547 INFO rally.task.context [-] Task 387c04f9-d5ce-4578-8458-6826efc253df | Context cleanup@openstack setup() finished in 0.01 msec
2019-12-16 03:06:13.052 6547 RALLYDEBUG rally.task.runner [-] Starting the constant runner (task UUID: 387c04f9-d5ce-4578-8458-6826efc253df). times: 10 concurrency: 4 timeout: 0 max_cpu_used: 16 processes_to_start: 4 concurrency_per_worker: 1 concurrency_overhead: 0
2019-12-16 03:06:13.064 8411 RALLYDEBUG rally.task.runner [-] Starting a worker. times: 10 duration: None concurrency: 1 timeout: 0 cls: method_name: run args: {}
2019-12-16 03:06:13.067 8412 RALLYDEBUG rally.task.runner [-] Starting a worker. times: 10 duration: None concurrency: 1 timeout: 0 cls: method_name: run args: {}
2019-12-16 03:06:13.071 8411 INFO rally.task.runner [-] Task 387c04f9-d5ce-4578-8458-6826efc253df | ITER: 1 START
2019-12-16 03:06:13.071 8413 RALLYDEBUG rally.task.runner [-] Starting a worker. times: 10 duration: None concurrency: 1 timeout: 0 cls: method_name: run args: {}
2019-12-16 03:06:13.074 8412 INFO rally.task.runner [-] Task 387c04f9-d5ce-4578-8458-6826efc253df | ITER: 2 START
2019-12-16 03:06:13.074 8415 RALLYDEBUG rally.task.runner [-] Starting a worker. times: 10 duration: None concurrency: 1 timeout: 0 cls: method_name: run args: {}
2019-12-16 03:06:13.077 8413 INFO rally.task.runner [-] Task 387c04f9-d5ce-4578-8458-6826efc253df | ITER: 3 START
2019-12-16 03:06:13.080 8415 INFO rally.task.runner [-] Task 387c04f9-d5ce-4578-8458-6826efc253df | ITER: 4 START
2019-12-16 03:06:13.668 8413 INFO rally.task.runner [-] Task 387c04f9-d5ce-4578-8458-6826efc253df | ITER: 3 END: OK
2019-12-16 03:06:13.668 8415 INFO rally.task.runner [-] Task 387c04f9-d5ce-4578-8458-6826efc253df | ITER: 4 END: OK
2019-12-16 03:06:13.668 8411 INFO rally.task.runner [-] Task 387c04f9-d5ce-4578-8458-6826efc253df | ITER: 1 END: OK
2019-12-16 03:06:13.672 8412 INFO rally.task.runner [-] Task 387c04f9-d5ce-4578-8458-6826efc253df | ITER: 2 END: OK
2019-12-16 03:06:13.672 8413 INFO rally.task.runner [-] Task 387c04f9-d5ce-4578-8458-6826efc253df | ITER: 5 START
2019-12-16 03:06:13.673 8415 INFO rally.task.runner [-] Task 387c04f9-d5ce-4578-8458-6826efc253df | ITER: 6 START
2019-12-16 03:06:13.674 8411 INFO rally.task.runner [-] Task 387c04f9-d5ce-4578-8458-6826efc253df | ITER: 7 START
2019-12-16 03:06:13.675 8412 INFO rally.task.runner [-] Task 387c04f9-d5ce-4578-8458-6826efc253df | ITER: 8 START
2019-12-16 03:06:14.157 8413 INFO rally.task.runner [-] Task 387c04f9-d5ce-4578-8458-6826efc253df | ITER: 5 END: OK
2019-12-16 03:06:14.157 8415 INFO rally.task.runner [-] Task 387c04f9-d5ce-4578-8458-6826efc253df | ITER: 6 END: OK
2019-12-16 03:06:14.157 8412 INFO rally.task.runner [-] Task 387c04f9-d5ce-4578-8458-6826efc253df | ITER: 8 END: OK
2019-12-16 03:06:14.160 8413 INFO rally.task.runner [-] Task 387c04f9-d5ce-4578-8458-6826efc253df | ITER: 10 START
2019-12-16 03:06:14.160 8412 INFO rally.task.runner [-] Task 387c04f9-d5ce-4578-8458-6826efc253df | ITER: 9 START
2019-12-16 03:06:14.199 8411 INFO rally.task.runner [-] Task 387c04f9-d5ce-4578-8458-6826efc253df | ITER: 7 END: OK
2019-12-16 03:06:14.569 8412 INFO rally.task.runner [-] Task 387c04f9-d5ce-4578-8458-6826efc253df | ITER: 9 END: OK
2019-12-16 03:06:14.574 8413 INFO rally.task.runner [-] Task 387c04f9-d5ce-4578-8458-6826efc253df | ITER: 10 END: OK
2019-12-16 03:06:14.606 6547 INFO rally.task.context [-] Task 387c04f9-d5ce-4578-8458-6826efc253df | Context cleanup@openstack cleanup() started
2019-12-16 03:06:14.609 6547 RALLYDEBUG rally_openstack.cleanup.manager [-] Cleaning up gnocchi resource objects
2019-12-16 03:06:15.855 6547 INFO rally.task.context [-] Task 387c04f9-d5ce-4578-8458-6826efc253df | Context cleanup@openstack cleanup() finished in 1.25 sec
2019-12-16 03:06:15.855 6547 INFO rally.task.context [-] Task 387c04f9-d5ce-4578-8458-6826efc253df | Context users@openstack cleanup() started
2019-12-16 03:06:20.275 6547 INFO rally.task.context [-] Task 387c04f9-d5ce-4578-8458-6826efc253df | Context users@openstack cleanup() finished in 4.42 sec
2019-12-16 03:06:20.544 6547 INFO rally.task.engine [-] Load duration is: 1.502051
2019-12-16 03:06:20.545 6547 INFO rally.task.engine [-] Full runner duration is: 1.553775
2019-12-16 03:06:20.545 6547 INFO rally.task.engine [-] Full duration is: 9.81706
2019-12-16 03:06:20.846 6547 INFO rally.task.engine [-] Task 387c04f9-d5ce-4578-8458-6826efc253df | Completed: Running task.
2019-12-16 03:06:22.382 8493 RALLYDEBUG rally.api [-] INFO logs from urllib3 and requests module are hide.
2019-12-16 03:06:22.383 8493 RALLYDEBUG rally.api [-] urllib3 insecure warnings are hidden.
2019-12-16 03:06:22.383 8493 RALLYDEBUG rally.api [-] ERROR log from boto module is hide.
2019-12-16 03:06:23.605 8494 RALLYDEBUG rally.api [-] INFO logs from urllib3 and requests module are hide.
2019-12-16 03:06:23.605 8494 RALLYDEBUG rally.api [-] urllib3 insecure warnings are hidden.
2019-12-16 03:06:23.606 8494 RALLYDEBUG rally.api [-] ERROR log from boto module is hide.
2019-12-16 03:06:24.735 8495 RALLYDEBUG rally.api [-] INFO logs from urllib3 and requests module are hide.
2019-12-16 03:06:24.735 8495 RALLYDEBUG rally.api [-] urllib3 insecure warnings are hidden.
2019-12-16 03:06:24.735 8495 RALLYDEBUG rally.api [-] ERROR log from boto module is hide.
2019-12-16 03:06:26.413 8495 INFO rally.api [-] Building 'json' report for the following task(s): '387c04f9-d5ce-4578-8458-6826efc253df'.
2019-12-16 03:06:26.434 8495 INFO rally.api [-] The report has been successfully built.
2019-12-16 03:06:27.811 8497 RALLYDEBUG rally.api [-] INFO logs from urllib3 and requests module are hide.
2019-12-16 03:06:27.811 8497 RALLYDEBUG rally.api [-] urllib3 insecure warnings are hidden.
2019-12-16 03:06:27.812 8497 RALLYDEBUG rally.api [-] ERROR log from boto module is hide.
2019-12-16 03:06:29.759 8497 INFO rally.task.engine [-] Task 88be84dc-5c87-4b44-99ad-479c0729d6f8 | Starting: Task validation.
2019-12-16 03:06:29.805 8497 INFO rally.task.engine [-] Task 88be84dc-5c87-4b44-99ad-479c0729d6f8 | Starting: Task validation of syntax.
2019-12-16 03:06:29.995 8497 INFO rally.task.engine [-] Task 88be84dc-5c87-4b44-99ad-479c0729d6f8 | Completed: Task validation of syntax.
2019-12-16 03:06:29.997 8497 INFO rally.task.engine [-] Task 88be84dc-5c87-4b44-99ad-479c0729d6f8 | Starting: Task validation of required platforms.
2019-12-16 03:06:30.075 8497 INFO rally.task.engine [-] Task 88be84dc-5c87-4b44-99ad-479c0729d6f8 | Completed: Task validation of required platforms.
2019-12-16 03:06:30.075 8497 INFO rally.task.engine [-] Task 88be84dc-5c87-4b44-99ad-479c0729d6f8 | Starting: Task validation of semantic.
2019-12-16 03:06:30.076 8497 INFO rally.task.engine [-] Check health of the environment '15dcd1f7-659f-45e1-9a78-ce52478d58f0'.
2019-12-16 03:06:31.040 8497 INFO rally.task.engine [-] Platform existing@openstack (available: True): OK!
2019-12-16 03:06:31.059 8497 RALLYDEBUG rally_openstack.contexts.keystone.users [-] Creating 1 tenants using 20 threads
2019-12-16 03:06:31.898 8497 RALLYDEBUG rally_openstack.contexts.keystone.users [-] Creating 1 users using 20 threads
2019-12-16 03:06:33.203 8497 INFO rally.task.context [-] Task 88be84dc-5c87-4b44-99ad-479c0729d6f8 | Context users@openstack setup() finished in 2.14 sec
2019-12-16 03:06:33.895 8497 RALLYDEBUG rally_openstack.contexts.keystone.roles [-] Adding role heat_stack_owner having ID c76c8d4b150a43ecb6708ce5671ffd4a to all users using 30 threads
2019-12-16 03:06:36.265 8497 RALLYDEBUG rally_openstack.contexts.keystone.roles [-] Removing assigned role c76c8d4b150a43ecb6708ce5671ffd4a from all users
2019-12-16 03:06:38.105 8497 RALLYDEBUG rally_openstack.contexts.keystone.roles [-] Adding role heat_stack_owner having ID c76c8d4b150a43ecb6708ce5671ffd4a to all users using 30 threads
2019-12-16 03:06:39.576 8497 RALLYDEBUG rally_openstack.contexts.keystone.roles [-] Removing assigned role c76c8d4b150a43ecb6708ce5671ffd4a from all users
2019-12-16 03:06:41.435 8497 RALLYDEBUG rally_openstack.contexts.keystone.roles [-] Adding role heat_stack_owner having ID c76c8d4b150a43ecb6708ce5671ffd4a to all users using 30 threads
2019-12-16 03:06:42.661 8497 RALLYDEBUG rally_openstack.contexts.keystone.roles [-] Removing assigned role c76c8d4b150a43ecb6708ce5671ffd4a from all users
2019-12-16 03:06:44.470 8497 RALLYDEBUG rally_openstack.contexts.keystone.roles [-] Adding role heat_stack_owner having ID c76c8d4b150a43ecb6708ce5671ffd4a to all users using 30 threads
2019-12-16 03:06:45.642 8497 RALLYDEBUG rally_openstack.contexts.keystone.roles [-] Removing assigned role c76c8d4b150a43ecb6708ce5671ffd4a from all users
2019-12-16 03:06:47.493 8497 RALLYDEBUG rally_openstack.contexts.keystone.roles [-] Adding role heat_stack_owner having ID c76c8d4b150a43ecb6708ce5671ffd4a to all users using 30 threads
2019-12-16 03:06:49.039 8497 RALLYDEBUG rally_openstack.contexts.keystone.roles [-] Removing assigned role c76c8d4b150a43ecb6708ce5671ffd4a from all users
2019-12-16 03:06:50.902 8497 RALLYDEBUG rally_openstack.contexts.keystone.roles [-] Adding role heat_stack_owner having ID c76c8d4b150a43ecb6708ce5671ffd4a to all users using 30 threads
2019-12-16 03:06:52.112 8497 RALLYDEBUG rally_openstack.contexts.keystone.roles [-] Removing assigned role c76c8d4b150a43ecb6708ce5671ffd4a from all users
2019-12-16 03:06:53.957 8497 RALLYDEBUG rally_openstack.contexts.keystone.roles [-] Adding role heat_stack_owner having ID c76c8d4b150a43ecb6708ce5671ffd4a to all users using 30 threads
2019-12-16 03:06:55.145 8497 RALLYDEBUG rally_openstack.contexts.keystone.roles [-] Removing assigned role c76c8d4b150a43ecb6708ce5671ffd4a from all users
2019-12-16 03:06:56.955 8497 RALLYDEBUG rally_openstack.contexts.keystone.roles [-] Adding role heat_stack_owner having ID c76c8d4b150a43ecb6708ce5671ffd4a to all users using 30 threads
2019-12-16 03:06:58.226 8497 RALLYDEBUG rally_openstack.contexts.keystone.roles [-] Removing assigned role c76c8d4b150a43ecb6708ce5671ffd4a from all users
2019-12-16 03:07:00.035 8497 RALLYDEBUG rally_openstack.contexts.keystone.roles [-] Adding role heat_stack_owner having ID c76c8d4b150a43ecb6708ce5671ffd4a to all users using 30 threads
2019-12-16 03:07:01.274 8497 RALLYDEBUG rally_openstack.contexts.keystone.roles [-] Removing assigned role c76c8d4b150a43ecb6708ce5671ffd4a from all users
2019-12-16 03:07:03.098 8497 RALLYDEBUG rally_openstack.contexts.keystone.roles [-] Adding role heat_stack_owner having ID c76c8d4b150a43ecb6708ce5671ffd4a to all users using 30 threads
2019-12-16 03:07:04.565 8497 RALLYDEBUG rally_openstack.contexts.keystone.roles [-] Removing assigned role c76c8d4b150a43ecb6708ce5671ffd4a from all users
2019-12-16 03:07:06.378 8497 RALLYDEBUG rally_openstack.contexts.keystone.roles [-] Adding role heat_stack_owner having ID c76c8d4b150a43ecb6708ce5671ffd4a to all users using 30 threads
2019-12-16 03:07:07.718 8497 RALLYDEBUG rally_openstack.contexts.keystone.roles [-] Removing assigned role c76c8d4b150a43ecb6708ce5671ffd4a from all users
2019-12-16 03:07:09.568 8497 RALLYDEBUG rally_openstack.contexts.keystone.roles [-] Adding role heat_stack_owner having ID c76c8d4b150a43ecb6708ce5671ffd4a to all users using 30 threads
2019-12-16 03:07:10.770 8497 RALLYDEBUG rally_openstack.contexts.keystone.roles [-] Removing assigned role c76c8d4b150a43ecb6708ce5671ffd4a from all users
2019-12-16 03:07:12.213 8497 INFO rally.task.context [-] Task 88be84dc-5c87-4b44-99ad-479c0729d6f8 | Context users@openstack cleanup() started
2019-12-16 03:07:14.953 8497 INFO rally.task.context [-] Task 88be84dc-5c87-4b44-99ad-479c0729d6f8 | Context users@openstack cleanup() finished in 2.74 sec
2019-12-16 03:07:14.954 8497 INFO rally.task.engine [-] Task 88be84dc-5c87-4b44-99ad-479c0729d6f8 | Completed: Task validation of semantic.
2019-12-16 03:07:14.954 8497 INFO rally.task.engine [-] Task 88be84dc-5c87-4b44-99ad-479c0729d6f8 | Completed: Task validation.
2019-12-16 03:07:14.954 8497 INFO rally.api [-] Task 88be84dc-5c87-4b44-99ad-479c0729d6f8 input file is valid.
2019-12-16 03:07:14.955 8497 INFO rally.api [-] Run Task 88be84dc-5c87-4b44-99ad-479c0729d6f8 against Deployment 15dcd1f7-659f-45e1-9a78-ce52478d58f0
2019-12-16 03:07:14.955 8497 INFO rally.task.engine [-] Task 88be84dc-5c87-4b44-99ad-479c0729d6f8 | Starting: Running task.
