2019-12-16 02:53:46.823 3235 RALLYDEBUG rally.task.utils [-] Waiting for resource s_rally_10d7b101_0R8WBOfd. Status changed: AVAILABLE => DELETING in 0.06074357032775879
2019-12-16 02:53:47.180 3234 RALLYDEBUG rally.task.utils [-] Waiting for resource s_rally_10d7b101_SogBnzgf. Status changed: DETACHING => AVAILABLE in 2.5358517169952393
2019-12-16 02:53:47.280 3234 RALLYDEBUG rally.task.utils [-] Waiting for resource s_rally_10d7b101_u3wTEAB9. Status changed: AVAILABLE => DELETING in 0.026767969131469727
2019-12-16 02:53:47.489 3238 RALLYDEBUG rally.task.utils [-] Waiting for resource s_rally_10d7b101_DXJa2ZZe. Status changed: AVAILABLE => DELETING in 0.0584108829498291
2019-12-16 02:53:49.409 3234 RALLYDEBUG rally.task.utils [-] Waiting for resource s_rally_10d7b101_SogBnzgf. Status changed: AVAILABLE => DELETING in 0.0502932071685791
2019-12-16 02:53:50.153 3233 INFO rally.task.runner [-] Task 152a923f-0ecc-41ef-b148-1f68907acab3 | ITER: 5 END: OK
2019-12-16 02:53:50.158 3233 INFO rally.task.runner [-] Task 152a923f-0ecc-41ef-b148-1f68907acab3 | ITER: 9 START
2019-12-16 02:53:51.343 3235 INFO rally.task.runner [-] Task 152a923f-0ecc-41ef-b148-1f68907acab3 | ITER: 7 END: OK
2019-12-16 02:53:51.348 3235 INFO rally.task.runner [-] Task 152a923f-0ecc-41ef-b148-1f68907acab3 | ITER: 10 START
2019-12-16 02:53:52.013 3238 INFO rally.task.runner [-] Task 152a923f-0ecc-41ef-b148-1f68907acab3 | ITER: 6 END: OK
2019-12-16 02:53:53.852 3234 INFO rally.task.runner [-] Task 152a923f-0ecc-41ef-b148-1f68907acab3 | ITER: 8 END: OK
2019-12-16 02:54:01.456 3233 RALLYDEBUG rally.task.utils [-] Waiting for resource s_rally_10d7b101_9BsgLHcQ. Status changed: BUILD => ACTIVE in 4.579237222671509
2019-12-16 02:54:02.164 3233 RALLYDEBUG rally.task.utils [-] Waiting for resource s_rally_10d7b101_L9WWLX8F. Status changed: AVAILABLE => RESERVED in 0.4108903408050537
2019-12-16 02:54:04.577 3233 RALLYDEBUG rally.task.utils [-] Waiting for resource s_rally_10d7b101_L9WWLX8F. Status changed: RESERVED => IN-USE in 2.413388967514038
2019-12-16 02:54:04.991 3235 RALLYDEBUG rally.task.utils [-] Waiting for resource s_rally_10d7b101_3YvmbzKz. Status changed: BUILD => ACTIVE in 6.793672800064087
2019-12-16 02:54:05.369 3233 RALLYDEBUG rally.task.utils [-] Waiting for resource s_rally_10d7b101_R6HEIjgg. Status changed: AVAILABLE => DELETING in 0.024271249771118164
2019-12-16 02:54:05.672 3235 RALLYDEBUG rally.task.utils [-] Waiting for resource s_rally_10d7b101_hCKm8AI1. Status changed: AVAILABLE => RESERVED in 0.40687990188598633
2019-12-16 02:54:07.529 3233 RALLYDEBUG rally.task.utils [-] Waiting for resource s_rally_10d7b101_L9WWLX8F. Status changed: AVAILABLE => DELETING in 0.06367707252502441
2019-12-16 02:54:08.118 3235 RALLYDEBUG rally.task.utils [-] Waiting for resource s_rally_10d7b101_hCKm8AI1. Status changed: RESERVED => IN-USE in 2.445671796798706
2019-12-16 02:54:08.691 3235 RALLYDEBUG rally.task.utils [-] Waiting for resource s_rally_10d7b101_hCKm8AI1. Status changed: AVAILABLE => DETACHING in 0.4095897674560547
2019-12-16 02:54:11.114 3235 RALLYDEBUG rally.task.utils [-] Waiting for resource s_rally_10d7b101_hCKm8AI1. Status changed: DETACHING => AVAILABLE in 2.422706365585327
2019-12-16 02:54:11.207 3235 RALLYDEBUG rally.task.utils [-] Waiting for resource s_rally_10d7b101_eav4hAai. Status changed: AVAILABLE => DELETING in 0.029366016387939453
2019-12-16 02:54:11.984 3233 INFO rally.task.runner [-] Task 152a923f-0ecc-41ef-b148-1f68907acab3 | ITER: 9 END: OK
2019-12-16 02:54:13.368 3235 RALLYDEBUG rally.task.utils [-] Waiting for resource s_rally_10d7b101_hCKm8AI1. Status changed: AVAILABLE => DELETING in 0.06522440910339355
2019-12-16 02:54:17.804 3235 INFO rally.task.runner [-] Task 152a923f-0ecc-41ef-b148-1f68907acab3 | ITER: 10 END: OK
2019-12-16 02:54:17.830 1845 INFO rally.task.context [-] Task 152a923f-0ecc-41ef-b148-1f68907acab3 | Context cleanup@openstack cleanup() started
2019-12-16 02:54:17.833 1845 RALLYDEBUG rally_openstack.cleanup.manager [-] Cleaning up nova servers objects
2019-12-16 02:54:19.179 1845 RALLYDEBUG rally_openstack.cleanup.manager [-] Cleaning up nova server_groups objects
2019-12-16 02:54:20.296 1845 RALLYDEBUG rally_openstack.cleanup.manager [-] Cleaning up nova keypairs objects
2019-12-16 02:54:22.547 1845 RALLYDEBUG rally_openstack.cleanup.manager [-] Cleaning up cinder backups objects
2019-12-16 02:54:23.698 1845 RALLYDEBUG rally_openstack.cleanup.manager [-] Cleaning up cinder volume_snapshots objects
2019-12-16 02:54:24.838 1845 RALLYDEBUG rally_openstack.cleanup.manager [-] Cleaning up cinder transfers objects
2019-12-16 02:54:25.972 1845 RALLYDEBUG rally_openstack.cleanup.manager [-] Cleaning up cinder volumes objects
2019-12-16 02:54:27.176 1845 INFO rally.task.context [-] Task 152a923f-0ecc-41ef-b148-1f68907acab3 | Context cleanup@openstack cleanup() finished in 9.35 sec
2019-12-16 02:54:27.176 1845 INFO rally.task.context [-] Task 152a923f-0ecc-41ef-b148-1f68907acab3 | Context quotas@openstack cleanup() started
2019-12-16 02:54:27.255 1845 INFO rally.task.context [-] Task 152a923f-0ecc-41ef-b148-1f68907acab3 | Context quotas@openstack cleanup() finished in 78.81 msec
2019-12-16 02:54:27.256 1845 INFO rally.task.context [-] Task 152a923f-0ecc-41ef-b148-1f68907acab3 | Context api_versions@openstack cleanup() started
2019-12-16 02:54:27.256 1845 INFO rally.task.context [-] Task 152a923f-0ecc-41ef-b148-1f68907acab3 | Context api_versions@openstack cleanup() finished in 0.33 msec
2019-12-16 02:54:27.256 1845 INFO rally.task.context [-] Task 152a923f-0ecc-41ef-b148-1f68907acab3 | Context users@openstack cleanup() started
2019-12-16 02:54:31.302 1845 INFO rally.task.context [-] Task 152a923f-0ecc-41ef-b148-1f68907acab3 | Context users@openstack cleanup() finished in 4.05 sec
2019-12-16 02:54:32.386 1845 INFO rally.task.engine [-] Load duration is: 75.961946
2019-12-16 02:54:32.387 1845 INFO rally.task.engine [-] Full runner duration is: 77.012033
2019-12-16 02:54:32.387 1845 INFO rally.task.engine [-] Full duration is: 95.338341
2019-12-16 02:54:32.688 1845 INFO rally.task.engine [-] Running workload: position = 0 config = { "version": 2, "title": "A cropped version of a bigger task.", "description": "Auto-generated task from a single workload (uuid=43dd7275-489a-447d-9245-fe0c5c15191b)", "subtasks": [ { "title": "CinderVolumes.create_volume", "description": "Create a volume.", "scenario": { "CinderVolumes.create_volume": { "size": 1 } }, "contexts": { "users": { "tenants": 3, "users_per_tenant": 2 }, "api_versions": { "cinder": { "version": 3, "service_type": "volumev3" } } }, "runner": { "constant": { "concurrency": 4, "times": 10 } }, "hooks": [], "sla": { "failure_rate": { "max": 0 } } } ] }
2019-12-16 02:54:32.714 1845 RALLYDEBUG rally_openstack.contexts.keystone.users [-] Creating 3 tenants using 20 threads
2019-12-16 02:54:33.720 1845 RALLYDEBUG rally_openstack.contexts.keystone.users [-] Creating 6 users using 20 threads
2019-12-16 02:54:35.294 1845 INFO rally.task.context [-] Task 152a923f-0ecc-41ef-b148-1f68907acab3 | Context users@openstack setup() finished in 2.58 sec
2019-12-16 02:54:35.687 1845 INFO rally.task.context [-] Task 152a923f-0ecc-41ef-b148-1f68907acab3 | Context api_versions@openstack setup() finished in 0.39 sec
2019-12-16 02:54:35.687 1845 INFO rally.task.context [-] Task 152a923f-0ecc-41ef-b148-1f68907acab3 | Context cleanup@openstack setup() finished in 0.01 msec
2019-12-16 02:54:35.696 1845 RALLYDEBUG rally.task.runner [-] Starting the constant runner (task UUID: 152a923f-0ecc-41ef-b148-1f68907acab3). times: 10 concurrency: 4 timeout: 0 max_cpu_used: 16 processes_to_start: 4 concurrency_per_worker: 1 concurrency_overhead: 0
2019-12-16 02:54:35.708 3477 RALLYDEBUG rally.task.runner [-] Starting a worker. times: 10 duration: None concurrency: 1 timeout: 0 cls: method_name: run args: {"size": 1}
2019-12-16 02:54:35.711 3478 RALLYDEBUG rally.task.runner [-] Starting a worker. times: 10 duration: None concurrency: 1 timeout: 0 cls: method_name: run args: {"size": 1}
2019-12-16 02:54:35.715 3477 INFO rally.task.runner [-] Task 152a923f-0ecc-41ef-b148-1f68907acab3 | ITER: 1 START
2019-12-16 02:54:35.715 3479 RALLYDEBUG rally.task.runner [-] Starting a worker. times: 10 duration: None concurrency: 1 timeout: 0 cls: method_name: run args: {"size": 1}
2019-12-16 02:54:35.718 3478 INFO rally.task.runner [-] Task 152a923f-0ecc-41ef-b148-1f68907acab3 | ITER: 2 START
2019-12-16 02:54:35.719 3480 RALLYDEBUG rally.task.runner [-] Starting a worker. times: 10 duration: None concurrency: 1 timeout: 0 cls: method_name: run args: {"size": 1}
2019-12-16 02:54:35.722 3479 INFO rally.task.runner [-] Task 152a923f-0ecc-41ef-b148-1f68907acab3 | ITER: 3 START
2019-12-16 02:54:35.725 3480 INFO rally.task.runner [-] Task 152a923f-0ecc-41ef-b148-1f68907acab3 | ITER: 4 START
2019-12-16 02:54:38.533 3480 INFO rally.task.runner [-] Task 152a923f-0ecc-41ef-b148-1f68907acab3 | ITER: 4 END: OK
2019-12-16 02:54:38.537 3480 INFO rally.task.runner [-] Task 152a923f-0ecc-41ef-b148-1f68907acab3 | ITER: 5 START
2019-12-16 02:54:38.555 3477 INFO rally.task.runner [-] Task 152a923f-0ecc-41ef-b148-1f68907acab3 | ITER: 1 END: OK
2019-12-16 02:54:38.557 3479 INFO rally.task.runner [-] Task 152a923f-0ecc-41ef-b148-1f68907acab3 | ITER: 3 END: OK
2019-12-16 02:54:38.560 3477 INFO rally.task.runner [-] Task 152a923f-0ecc-41ef-b148-1f68907acab3 | ITER: 6 START
2019-12-16 02:54:38.562 3479 INFO rally.task.runner [-] Task 152a923f-0ecc-41ef-b148-1f68907acab3 | ITER: 7 START
2019-12-16 02:54:38.614 3478 INFO rally.task.runner [-] Task 152a923f-0ecc-41ef-b148-1f68907acab3 | ITER: 2 END: OK
2019-12-16 02:54:38.619 3478 INFO rally.task.runner [-] Task 152a923f-0ecc-41ef-b148-1f68907acab3 | ITER: 8 START
2019-12-16 02:54:41.245 3480 INFO rally.task.runner [-] Task 152a923f-0ecc-41ef-b148-1f68907acab3 | ITER: 5 END: OK
2019-12-16 02:54:41.249 3480 INFO rally.task.runner [-] Task 152a923f-0ecc-41ef-b148-1f68907acab3 | ITER: 9 START
2019-12-16 02:54:41.289 3478 INFO rally.task.runner [-] Task 152a923f-0ecc-41ef-b148-1f68907acab3 | ITER: 8 END: OK
2019-12-16 02:54:41.293 3478 INFO rally.task.runner [-] Task 152a923f-0ecc-41ef-b148-1f68907acab3 | ITER: 10 START
2019-12-16 02:54:41.314 3479 INFO rally.task.runner [-] Task 152a923f-0ecc-41ef-b148-1f68907acab3 | ITER: 7 END: OK
2019-12-16 02:54:41.378 3477 INFO rally.task.runner [-] Task 152a923f-0ecc-41ef-b148-1f68907acab3 | ITER: 6 END: OK
2019-12-16 02:54:43.963 3478 INFO rally.task.runner [-] Task 152a923f-0ecc-41ef-b148-1f68907acab3 | ITER: 10 END: OK
2019-12-16 02:54:43.981 3480 INFO rally.task.runner [-] Task 152a923f-0ecc-41ef-b148-1f68907acab3 | ITER: 9 END: OK
2019-12-16 02:54:44.009 1845 INFO rally.task.context [-] Task 152a923f-0ecc-41ef-b148-1f68907acab3 | Context cleanup@openstack cleanup() started
2019-12-16 02:54:44.012 1845 RALLYDEBUG rally_openstack.cleanup.manager [-] Cleaning up cinder backups objects
2019-12-16 02:54:45.164 1845 RALLYDEBUG rally_openstack.cleanup.manager [-] Cleaning up cinder volume_snapshots objects
2019-12-16 02:54:46.301 1845 RALLYDEBUG rally_openstack.cleanup.manager [-] Cleaning up cinder transfers objects
2019-12-16 02:54:47.429 1845 RALLYDEBUG rally_openstack.cleanup.manager [-] Cleaning up cinder volumes objects
2019-12-16 02:54:48.649 1845 RALLYDEBUG rally_openstack.cleanup.manager [-] Deleting cinder.volumes object s_rally_43dd7275_fW0WPqtY (9328a186-1bf8-4b26-b9ba-d8932d62fdfd)
2019-12-16 02:54:48.655 1845 RALLYDEBUG rally_openstack.cleanup.manager [-] Deleting cinder.volumes object s_rally_43dd7275_JWhPing6 (68994e69-5365-47a9-8fda-636583301e4d)
2019-12-16 02:54:48.664 1845 RALLYDEBUG rally_openstack.cleanup.manager [-] Deleting cinder.volumes object s_rally_43dd7275_8z1PChrH (4d7c9bd0-ae12-449a-9fc4-86ef7abd51db)
2019-12-16 02:54:48.676 1845 RALLYDEBUG rally_openstack.cleanup.manager [-] Deleting cinder.volumes object s_rally_43dd7275_Wibu5grK (f55bd77e-f506-4dc9-a142-c061cba49f72)
2019-12-16 02:54:48.684 1845 RALLYDEBUG rally_openstack.cleanup.manager [-] Deleting cinder.volumes object s_rally_43dd7275_zRyj6OsW (999c25fb-ebc1-46e9-89b9-14383c9aaf89)
2019-12-16 02:54:48.692 1845 RALLYDEBUG rally_openstack.cleanup.manager [-] Deleting cinder.volumes object s_rally_43dd7275_N3BbgrWl (55792034-75d0-4855-b233-96033a5934c9)
2019-12-16 02:54:48.696 1845 RALLYDEBUG rally_openstack.cleanup.manager [-] Deleting cinder.volumes object s_rally_43dd7275_XV1qXYxD (8704bc4b-084e-462f-ad5d-4f61320b8835)
2019-12-16 02:54:48.707 1845 RALLYDEBUG rally_openstack.cleanup.manager [-] Deleting cinder.volumes object s_rally_43dd7275_gkN8V0Pt (58e4849a-4798-48ac-8022-b5fd460bdc97)
2019-12-16 02:54:48.734 1845 RALLYDEBUG rally_openstack.cleanup.manager [-] Deleting cinder.volumes object s_rally_43dd7275_fnvNbpaI (ff123c6f-4b22-4264-bd7b-4ca7de56e452)
2019-12-16 02:54:48.740 1845 RALLYDEBUG rally_openstack.cleanup.manager [-] Deleting cinder.volumes object s_rally_43dd7275_zoNlzTUF (dbc11e28-f217-43d3-b25f-2d11bbf30357)
2019-12-16 02:54:52.505 1845 INFO rally.task.context [-] Task 152a923f-0ecc-41ef-b148-1f68907acab3 | Context cleanup@openstack cleanup() finished in 8.50 sec
2019-12-16 02:54:52.506 1845 INFO rally.task.context [-] Task 152a923f-0ecc-41ef-b148-1f68907acab3 | Context api_versions@openstack cleanup() started
2019-12-16 02:54:52.506 1845 INFO rally.task.context [-] Task 152a923f-0ecc-41ef-b148-1f68907acab3 | Context api_versions@openstack cleanup() finished in 0.39 msec
2019-12-16 02:54:52.507 1845 INFO rally.task.context [-] Task 152a923f-0ecc-41ef-b148-1f68907acab3 | Context users@openstack cleanup() started
2019-12-16 02:54:56.711 1845 INFO rally.task.context [-] Task 152a923f-0ecc-41ef-b148-1f68907acab3 | Context users@openstack cleanup() finished in 4.20 sec
2019-12-16 02:54:56.914 1845 INFO rally.task.engine [-] Load duration is: 8.262254
2019-12-16 02:54:56.914 1845 INFO rally.task.engine [-] Full runner duration is: 8.312969
2019-12-16 02:54:56.915 1845 INFO rally.task.engine [-] Full duration is: 23.998941
2019-12-16 02:54:57.113 1845 INFO rally.task.engine [-] Running workload: position = 1 config = { "version": 2, "title": "A cropped version of a bigger task.", "description": "Auto-generated task from a single workload (uuid=28398723-960a-4bf3-ae24-4c1347f8a4a2)", "subtasks": [ { "title": "CinderVolumes.create_volume", "description": "Create a volume.", "scenario": { "CinderVolumes.create_volume": { "size": { "min": 1, "max": 1 } } }, "contexts": { "users": { "tenants": 3, "users_per_tenant": 2 }, "quotas": { "cinder": { "gigabytes": -1, "snapshots": -1, "volumes": -1 } }, "api_versions": { "cinder": { "version": 3, "service_type": "volumev3" } } }, "runner": { "constant": { "concurrency": 4, "times": 10 } }, "hooks": [], "sla": { "failure_rate": { "max": 0 } } } ] }
2019-12-16 02:54:57.137 1845 RALLYDEBUG rally_openstack.contexts.keystone.users [-] Creating 3 tenants using 20 threads
2019-12-16 02:54:58.131 1845 RALLYDEBUG rally_openstack.contexts.keystone.users [-] Creating 6 users using 20 threads
2019-12-16 02:54:59.723 1845 INFO rally.task.context [-] Task 152a923f-0ecc-41ef-b148-1f68907acab3 | Context users@openstack setup() finished in 2.59 sec
2019-12-16 02:55:00.124 1845 INFO rally.task.context [-] Task 152a923f-0ecc-41ef-b148-1f68907acab3 | Context api_versions@openstack setup() finished in 0.40 sec
2019-12-16 02:55:00.908 1845 INFO rally.task.context [-] Task 152a923f-0ecc-41ef-b148-1f68907acab3 | Context quotas@openstack setup() finished in 0.78 sec
2019-12-16 02:55:00.909 1845 INFO rally.task.context [-] Task 152a923f-0ecc-41ef-b148-1f68907acab3 | Context cleanup@openstack setup() finished in 0.01 msec
2019-12-16 02:55:00.919 1845 RALLYDEBUG rally.task.runner [-] Starting the constant runner (task UUID: 152a923f-0ecc-41ef-b148-1f68907acab3). times: 10 concurrency: 4 timeout: 0 max_cpu_used: 16 processes_to_start: 4 concurrency_per_worker: 1 concurrency_overhead: 0
2019-12-16 02:55:00.931 3661 RALLYDEBUG rally.task.runner [-] Starting a worker. times: 10 duration: None concurrency: 1 timeout: 0 cls: method_name: run args: {"size": {"min": 1, "max": 1}}
2019-12-16 02:55:00.934 3662 RALLYDEBUG rally.task.runner [-] Starting a worker. times: 10 duration: None concurrency: 1 timeout: 0 cls: method_name: run args: {"size": {"min": 1, "max": 1}}
2019-12-16 02:55:00.938 3661 INFO rally.task.runner [-] Task 152a923f-0ecc-41ef-b148-1f68907acab3 | ITER: 1 START
2019-12-16 02:55:00.938 3663 RALLYDEBUG rally.task.runner [-] Starting a worker. times: 10 duration: None concurrency: 1 timeout: 0 cls: method_name: run args: {"size": {"min": 1, "max": 1}}
2019-12-16 02:55:00.941 3662 INFO rally.task.runner [-] Task 152a923f-0ecc-41ef-b148-1f68907acab3 | ITER: 2 START
2019-12-16 02:55:00.941 3664 RALLYDEBUG rally.task.runner [-] Starting a worker. times: 10 duration: None concurrency: 1 timeout: 0 cls: method_name: run args: {"size": {"min": 1, "max": 1}}
2019-12-16 02:55:00.944 3663 INFO rally.task.runner [-] Task 152a923f-0ecc-41ef-b148-1f68907acab3 | ITER: 3 START
2019-12-16 02:55:00.947 3664 INFO rally.task.runner [-] Task 152a923f-0ecc-41ef-b148-1f68907acab3 | ITER: 4 START
2019-12-16 02:55:03.713 3664 INFO rally.task.runner [-] Task 152a923f-0ecc-41ef-b148-1f68907acab3 | ITER: 4 END: OK
2019-12-16 02:55:03.716 3662 INFO rally.task.runner [-] Task 152a923f-0ecc-41ef-b148-1f68907acab3 | ITER: 2 END: OK
2019-12-16 02:55:03.717 3664 INFO rally.task.runner [-] Task 152a923f-0ecc-41ef-b148-1f68907acab3 | ITER: 5 START
2019-12-16 02:55:03.721 3662 INFO rally.task.runner [-] Task 152a923f-0ecc-41ef-b148-1f68907acab3 | ITER: 6 START
2019-12-16 02:55:03.760 3661 INFO rally.task.runner [-] Task 152a923f-0ecc-41ef-b148-1f68907acab3 | ITER: 1 END: OK
2019-12-16 02:55:03.764 3661 INFO rally.task.runner [-] Task 152a923f-0ecc-41ef-b148-1f68907acab3 | ITER: 7 START
2019-12-16 02:55:03.781 3663 INFO rally.task.runner [-] Task 152a923f-0ecc-41ef-b148-1f68907acab3 | ITER: 3 END: OK
2019-12-16 02:55:03.785 3663 INFO rally.task.runner [-] Task 152a923f-0ecc-41ef-b148-1f68907acab3 | ITER: 8 START
2019-12-16 02:55:06.395 3664 INFO rally.task.runner [-] Task 152a923f-0ecc-41ef-b148-1f68907acab3 | ITER: 5 END: OK
2019-12-16 02:55:06.398 3664 INFO rally.task.runner [-] Task 152a923f-0ecc-41ef-b148-1f68907acab3 | ITER: 9 START
2019-12-16 02:55:06.432 3663 INFO rally.task.runner [-] Task 152a923f-0ecc-41ef-b148-1f68907acab3 | ITER: 8 END: OK
2019-12-16 02:55:06.435 3663 INFO rally.task.runner [-] Task 152a923f-0ecc-41ef-b148-1f68907acab3 | ITER: 10 START
2019-12-16 02:55:06.451 3661 INFO rally.task.runner [-] Task 152a923f-0ecc-41ef-b148-1f68907acab3 | ITER: 7 END: OK
2019-12-16 02:55:06.467 3662 INFO rally.task.runner [-] Task 152a923f-0ecc-41ef-b148-1f68907acab3 | ITER: 6 END: OK
2019-12-16 02:55:09.108 3664 INFO rally.task.runner [-] Task 152a923f-0ecc-41ef-b148-1f68907acab3 | ITER: 9 END: OK
2019-12-16 02:55:09.124 3663 INFO rally.task.runner [-] Task 152a923f-0ecc-41ef-b148-1f68907acab3 | ITER: 10 END: OK
2019-12-16 02:55:09.156 1845 INFO rally.task.context [-] Task 152a923f-0ecc-41ef-b148-1f68907acab3 | Context cleanup@openstack cleanup() started
2019-12-16 02:55:09.160 1845 RALLYDEBUG rally_openstack.cleanup.manager [-] Cleaning up cinder backups objects
2019-12-16 02:55:10.339 1845 RALLYDEBUG rally_openstack.cleanup.manager [-] Cleaning up cinder volume_snapshots objects
2019-12-16 02:55:11.453 1845 RALLYDEBUG rally_openstack.cleanup.manager [-] Cleaning up cinder transfers objects
2019-12-16 02:55:12.552 1845 RALLYDEBUG rally_openstack.cleanup.manager [-] Cleaning up cinder volumes objects
2019-12-16 02:55:13.752 1845 RALLYDEBUG rally_openstack.cleanup.manager [-] Deleting cinder.volumes object s_rally_28398723_KIPcKW0H (723036ea-c75d-4bcd-a597-71d732bf7165)
2019-12-16 02:55:13.761 1845 RALLYDEBUG rally_openstack.cleanup.manager [-] Deleting cinder.volumes object s_rally_28398723_I922bIYT (b422673a-927c-4d42-831e-e324523f67e4)
2019-12-16 02:55:13.770 1845 RALLYDEBUG rally_openstack.cleanup.manager [-] Deleting cinder.volumes object s_rally_28398723_PwCevJuw (1de8ea9b-8ba0-459e-a126-4e2d2144dd3c)
2019-12-16 02:55:13.779 1845 RALLYDEBUG rally_openstack.cleanup.manager [-] Deleting cinder.volumes object s_rally_28398723_i7zn1rBm (9727ecc0-de50-4220-9433-8f1c6b477fb9)
2019-12-16 02:55:13.791 1845 RALLYDEBUG rally_openstack.cleanup.manager [-] Deleting cinder.volumes object s_rally_28398723_hIhDmunB (45ffbf12-85fd-4881-8fcb-d7b4137e2dea)
2019-12-16 02:55:13.796 1845 RALLYDEBUG rally_openstack.cleanup.manager [-] Deleting cinder.volumes object s_rally_28398723_omWCYZ5s (8465bd0e-cf43-4c54-8f7c-5576ec849051)
2019-12-16 02:55:13.806 1845 RALLYDEBUG rally_openstack.cleanup.manager [-] Deleting cinder.volumes object s_rally_28398723_sVLudMIW (c1014ba6-8573-4383-84af-5e31f994d326)
2019-12-16 02:55:13.829 1845 RALLYDEBUG rally_openstack.cleanup.manager [-] Deleting cinder.volumes object s_rally_28398723_qAJrn9qg (7f4d5fb6-c216-4a72-95a5-013778ec5e33)
2019-12-16 02:55:13.835 1845 RALLYDEBUG rally_openstack.cleanup.manager [-] Deleting cinder.volumes object s_rally_28398723_BhUOhds4 (48b9874b-260c-4386-8622-b091431a3053)
2019-12-16 02:55:13.844 1845 RALLYDEBUG rally_openstack.cleanup.manager [-] Deleting cinder.volumes object s_rally_28398723_w3lTFMUR (485d90fd-c19e-4988-bd43-485fd17b6cd2)
2019-12-16 02:55:17.486 1845 INFO rally.task.context [-] Task 152a923f-0ecc-41ef-b148-1f68907acab3 | Context cleanup@openstack cleanup() finished in 8.33 sec
2019-12-16 02:55:17.487 1845 INFO rally.task.context [-] Task 152a923f-0ecc-41ef-b148-1f68907acab3 | Context quotas@openstack cleanup() started
2019-12-16 02:55:17.569 1845 INFO rally.task.context [-] Task 152a923f-0ecc-41ef-b148-1f68907acab3 | Context quotas@openstack cleanup() finished in 81.92 msec
2019-12-16 02:55:17.570 1845 INFO rally.task.context [-] Task 152a923f-0ecc-41ef-b148-1f68907acab3 | Context api_versions@openstack cleanup() started
2019-12-16 02:55:17.570 1845 INFO rally.task.context [-] Task 152a923f-0ecc-41ef-b148-1f68907acab3 | Context api_versions@openstack cleanup() finished in 0.35 msec
2019-12-16 02:55:17.570 1845 INFO rally.task.context [-] Task 152a923f-0ecc-41ef-b148-1f68907acab3 | Context users@openstack cleanup() started
2019-12-16 02:55:21.628 1845 INFO rally.task.context [-] Task 152a923f-0ecc-41ef-b148-1f68907acab3 | Context users@openstack cleanup() finished in 4.06 sec
2019-12-16 02:55:23.293 1845 INFO rally.task.engine [-] Load duration is: 8.181859
2019-12-16 02:55:23.294 1845 INFO rally.task.engine [-] Full runner duration is: 8.23792
2019-12-16 02:55:23.294 1845 INFO rally.task.engine [-] Full duration is: 24.493935
2019-12-16 02:55:23.585 1845 INFO rally.task.engine [-] Running workload: position = 0 config = { "version": 2, "title": "A cropped version of a bigger task.", "description": "Auto-generated task from a single workload (uuid=3dbaa4ed-9336-4037-bfa1-015810120a30)", "subtasks": [ { "title": "CinderVolumes.list_volumes", "description": "List all volumes.", "scenario": { "CinderVolumes.list_volumes": { "detailed": true } }, "contexts": { "users": { "tenants": 3, "users_per_tenant": 2 }, "quotas": { "cinder": { "gigabytes": -1, "snapshots": -1, "volumes": -1 } }, "api_versions": { "cinder": { "version": 3, "service_type": "volumev3" } }, "volumes": { "size": 1, "volumes_per_tenant": 4 } }, "runner": { "constant": { "concurrency": 4, "times": 10 } }, "hooks": [], "sla": { "failure_rate": { "max": 0 } } } ] }
2019-12-16 02:55:23.612 1845 RALLYDEBUG rally_openstack.contexts.keystone.users [-] Creating 3 tenants using 20 threads
2019-12-16 02:55:24.577 1845 RALLYDEBUG rally_openstack.contexts.keystone.users [-] Creating 6 users using 20 threads
2019-12-16 02:55:26.084 1845 INFO rally.task.context [-] Task 152a923f-0ecc-41ef-b148-1f68907acab3 | Context users@openstack setup() finished in 2.47 sec
2019-12-16 02:55:26.480 1845 INFO rally.task.context [-] Task 152a923f-0ecc-41ef-b148-1f68907acab3 | Context api_versions@openstack setup() finished in 0.40 sec
2019-12-16 02:55:27.289 1845 INFO rally.task.context [-] Task 152a923f-0ecc-41ef-b148-1f68907acab3 | Context quotas@openstack setup() finished in 0.81 sec
2019-12-16 02:55:56.990 1845 INFO rally.task.context [-] Task 152a923f-0ecc-41ef-b148-1f68907acab3 | Context volumes@openstack setup() finished in 29.70 sec
2019-12-16 02:55:56.999 1845 RALLYDEBUG rally.task.runner [-] Starting the constant runner (task UUID: 152a923f-0ecc-41ef-b148-1f68907acab3). times: 10 concurrency: 4 timeout: 0 max_cpu_used: 16 processes_to_start: 4 concurrency_per_worker: 1 concurrency_overhead: 0
2019-12-16 02:55:57.011 3845 RALLYDEBUG rally.task.runner [-] Starting a worker. times: 10 duration: None concurrency: 1 timeout: 0 cls: method_name: run args: {"detailed": true}
2019-12-16 02:55:57.015 3846 RALLYDEBUG rally.task.runner [-] Starting a worker. times: 10 duration: None concurrency: 1 timeout: 0 cls: method_name: run args: {"detailed": true}
2019-12-16 02:55:57.019 3845 INFO rally.task.runner [-] Task 152a923f-0ecc-41ef-b148-1f68907acab3 | ITER: 1 START
2019-12-16 02:55:57.019 3847 RALLYDEBUG rally.task.runner [-] Starting a worker. times: 10 duration: None concurrency: 1 timeout: 0 cls: method_name: run args: {"detailed": true}
2019-12-16 02:55:57.022 3846 INFO rally.task.runner [-] Task 152a923f-0ecc-41ef-b148-1f68907acab3 | ITER: 2 START
2019-12-16 02:55:57.022 3848 RALLYDEBUG rally.task.runner [-] Starting a worker. times: 10 duration: None concurrency: 1 timeout: 0 cls: method_name: run args: {"detailed": true}
2019-12-16 02:55:57.026 3847 INFO rally.task.runner [-] Task 152a923f-0ecc-41ef-b148-1f68907acab3 | ITER: 3 START
2019-12-16 02:55:57.029 3848 INFO rally.task.runner [-] Task 152a923f-0ecc-41ef-b148-1f68907acab3 | ITER: 4 START
2019-12-16 02:55:57.430 3846 INFO rally.task.runner [-] Task 152a923f-0ecc-41ef-b148-1f68907acab3 | ITER: 2 END: OK
2019-12-16 02:55:57.435 3846 INFO rally.task.runner [-] Task 152a923f-0ecc-41ef-b148-1f68907acab3 | ITER: 5 START
2019-12-16 02:55:57.517 3847 INFO rally.task.runner [-] Task 152a923f-0ecc-41ef-b148-1f68907acab3 | ITER: 3 END: OK
2019-12-16 02:55:57.522 3847 INFO rally.task.runner [-] Task 152a923f-0ecc-41ef-b148-1f68907acab3 | ITER: 6 START
2019-12-16 02:55:57.523 3848 INFO rally.task.runner [-] Task 152a923f-0ecc-41ef-b148-1f68907acab3 | ITER: 4 END: OK
2019-12-16 02:55:57.528 3848 INFO rally.task.runner [-] Task 152a923f-0ecc-41ef-b148-1f68907acab3 | ITER: 7 START
2019-12-16 02:55:57.537 3845 INFO rally.task.runner [-] Task 152a923f-0ecc-41ef-b148-1f68907acab3 | ITER: 1 END: OK
2019-12-16 02:55:57.541 3845 INFO rally.task.runner [-] Task 152a923f-0ecc-41ef-b148-1f68907acab3 | ITER: 8 START
2019-12-16 02:55:57.829 3846 INFO rally.task.runner [-] Task 152a923f-0ecc-41ef-b148-1f68907acab3 | ITER: 5 END: OK
2019-12-16 02:55:57.834 3846 INFO rally.task.runner [-] Task 152a923f-0ecc-41ef-b148-1f68907acab3 | ITER: 9 START
2019-12-16 02:55:57.923 3847 INFO rally.task.runner [-] Task 152a923f-0ecc-41ef-b148-1f68907acab3 | ITER: 6 END: OK
2019-12-16 02:55:57.927 3847 INFO rally.task.runner [-] Task 152a923f-0ecc-41ef-b148-1f68907acab3 | ITER: 10 START
2019-12-16 02:55:57.931 3845 INFO rally.task.runner [-] Task 152a923f-0ecc-41ef-b148-1f68907acab3 | ITER: 8 END: OK
2019-12-16 02:55:58.037 3848 INFO rally.task.runner [-] Task 152a923f-0ecc-41ef-b148-1f68907acab3 | ITER: 7 END: OK
2019-12-16 02:55:58.231 3846 INFO rally.task.runner [-] Task 152a923f-0ecc-41ef-b148-1f68907acab3 | ITER: 9 END: OK
2019-12-16 02:55:58.319 3847 INFO rally.task.runner [-] Task 152a923f-0ecc-41ef-b148-1f68907acab3 | ITER: 10 END: OK
2019-12-16 02:55:58.352 1845 INFO rally.task.context [-] Task 152a923f-0ecc-41ef-b148-1f68907acab3 | Context volumes@openstack cleanup() started
2019-12-16 02:55:58.353 1845 RALLYDEBUG rally_openstack.cleanup.manager [-] Cleaning up cinder volumes objects
2019-12-16 02:55:59.579 1845 RALLYDEBUG rally_openstack.cleanup.manager [-] Deleting cinder.volumes object c_rally_3dbaa4ed_LKS78rVz (30c01b4b-c9f8-42e8-849d-93cd80b1b59e)
2019-12-16 02:55:59.585 1845 RALLYDEBUG rally_openstack.cleanup.manager [-] Deleting cinder.volumes object c_rally_3dbaa4ed_GeLJtjzc (ec67dc65-0840-4d73-be30-e3de527c33f9)
2019-12-16 02:55:59.592 1845 RALLYDEBUG rally_openstack.cleanup.manager [-] Deleting cinder.volumes object c_rally_3dbaa4ed_BfnUsEia (fce48ef0-5e0c-4001-a5e3-194d82be7db6)
2019-12-16 02:55:59.598 1845 RALLYDEBUG rally_openstack.cleanup.manager [-] Deleting cinder.volumes object c_rally_3dbaa4ed_dTyQJGOe (c3b2d486-1044-4712-9256-f6b2a8181f8f)
2019-12-16 02:55:59.605 1845 RALLYDEBUG rally_openstack.cleanup.manager [-] Deleting cinder.volumes object c_rally_3dbaa4ed_54EsEJaO (d6fbca66-c8cc-4926-9ec8-b98784551aea)
2019-12-16 02:55:59.616 1845 RALLYDEBUG rally_openstack.cleanup.manager [-] Deleting cinder.volumes object c_rally_3dbaa4ed_ukXhSatz (97c1386c-4d86-48bb-934d-d50257f19188)
2019-12-16 02:55:59.629 1845 RALLYDEBUG rally_openstack.cleanup.manager [-] Deleting cinder.volumes object c_rally_3dbaa4ed_fBDiN9U5 (f08f90cc-6061-49f2-8ba0-2d33c4cf301c)
2019-12-16 02:55:59.639 1845 RALLYDEBUG rally_openstack.cleanup.manager [-] Deleting cinder.volumes object c_rally_3dbaa4ed_QlwtDG66 (bcdfd506-c731-4b54-8e09-1d0039dbbe86)
2019-12-16 02:55:59.646 1845 RALLYDEBUG rally_openstack.cleanup.manager [-] Deleting cinder.volumes object c_rally_3dbaa4ed_P33zDXW2 (e01f7dca-bd86-4897-8711-252822a01998)
2019-12-16 02:55:59.652 1845 RALLYDEBUG rally_openstack.cleanup.manager [-] Deleting cinder.volumes object c_rally_3dbaa4ed_GF7TPhWh (2142497a-e5e2-4ae5-8198-96cdf35cee54)
2019-12-16 02:55:59.658 1845 RALLYDEBUG rally_openstack.cleanup.manager [-] Deleting cinder.volumes object c_rally_3dbaa4ed_fFKepLi9 (7ea940d1-4b3c-4fe1-87b0-eaa50e35e358)
2019-12-16 02:55:59.675 1845 RALLYDEBUG rally_openstack.cleanup.manager [-] Deleting cinder.volumes object c_rally_3dbaa4ed_V5mxRdjr (8fc91d62-18c1-4588-b31f-805ff866bad3)
2019-12-16 02:56:03.556 1845 INFO rally.task.context [-] Task 152a923f-0ecc-41ef-b148-1f68907acab3 | Context volumes@openstack cleanup() finished in 5.20 sec
2019-12-16 02:56:03.557 1845 INFO rally.task.context [-] Task 152a923f-0ecc-41ef-b148-1f68907acab3 | Context quotas@openstack cleanup() started
2019-12-16 02:56:03.625 1845 INFO rally.task.context [-] Task 152a923f-0ecc-41ef-b148-1f68907acab3 | Context quotas@openstack cleanup() finished in 67.89 msec
2019-12-16 02:56:03.625 1845 INFO rally.task.context [-] Task 152a923f-0ecc-41ef-b148-1f68907acab3 | Context api_versions@openstack cleanup() started
2019-12-16 02:56:03.626 1845 INFO rally.task.context [-] Task 152a923f-0ecc-41ef-b148-1f68907acab3 | Context api_versions@openstack cleanup() finished in 0.36 msec
2019-12-16 02:56:03.626 1845 INFO rally.task.context [-] Task 152a923f-0ecc-41ef-b148-1f68907acab3 | Context users@openstack cleanup() started
2019-12-16 02:56:07.929 1845 INFO rally.task.context [-] Task 152a923f-0ecc-41ef-b148-1f68907acab3 | Context users@openstack cleanup() finished in 4.30 sec
2019-12-16 02:56:09.840 1845 INFO rally.task.engine [-] Load duration is: 1.296289
2019-12-16 02:56:09.841 1845 INFO rally.task.engine [-] Full runner duration is: 1.352847
2019-12-16 02:56:09.841 1845 INFO rally.task.engine [-] Full duration is: 44.320063
2019-12-16 02:56:10.150 1845 INFO rally.task.engine [-] Running workload: position = 0 config = { "version": 2, "title": "A cropped version of a bigger task.", "description": "Auto-generated task from a single workload (uuid=a80ed10d-25ea-4d9d-a26d-7b6dc27fa9c8)", "subtasks": [ { "title": "CinderVolumes.create_and_delete_snapshot", "description": "Create and then delete a volume-snapshot.", "scenario": { "CinderVolumes.create_and_delete_snapshot": { "force": false } }, "contexts": { "users": { "tenants": 3, "users_per_tenant": 2 }, "quotas": { "cinder": { "gigabytes": -1, "snapshots": -1, "volumes": -1 } }, "api_versions": { "cinder": { "version": 3, "service_type": "volumev3" } }, "volumes": { "size": 1, "volumes_per_tenant": 1 } }, "runner": { "constant": { "concurrency": 4, "times": 10 } }, "hooks": [], "sla": { "failure_rate": { "max": 0 } } } ] }
2019-12-16 02:56:10.177 1845 RALLYDEBUG rally_openstack.contexts.keystone.users [-] Creating 3 tenants using 20 threads
2019-12-16 02:56:11.113 1845 RALLYDEBUG rally_openstack.contexts.keystone.users [-] Creating 6 users using 20 threads
2019-12-16 02:56:12.631 1845 INFO rally.task.context [-] Task 152a923f-0ecc-41ef-b148-1f68907acab3 | Context users@openstack setup() finished in 2.45 sec
2019-12-16 02:56:13.029 1845 INFO rally.task.context [-] Task 152a923f-0ecc-41ef-b148-1f68907acab3 | Context api_versions@openstack setup() finished in 0.40 sec
2019-12-16 02:56:13.862 1845 INFO rally.task.context [-] Task 152a923f-0ecc-41ef-b148-1f68907acab3 | Context quotas@openstack setup() finished in 0.83 sec
2019-12-16 02:56:22.443 1845 INFO rally.task.context [-] Task 152a923f-0ecc-41ef-b148-1f68907acab3 | Context volumes@openstack setup() finished in 8.58 sec
2019-12-16 02:56:22.444 1845 INFO rally.task.context [-] Task 152a923f-0ecc-41ef-b148-1f68907acab3 | Context cleanup@openstack setup() finished in 0.01 msec
2019-12-16 02:56:22.453 1845 RALLYDEBUG rally.task.runner [-] Starting the constant runner (task UUID: 152a923f-0ecc-41ef-b148-1f68907acab3). times: 10 concurrency: 4 timeout: 0 max_cpu_used: 16 processes_to_start: 4 concurrency_per_worker: 1 concurrency_overhead: 0
2019-12-16 02:56:22.465 3969 RALLYDEBUG rally.task.runner [-] Starting a worker. times: 10 duration: None concurrency: 1 timeout: 0 cls: method_name: run args: {"force": false}
2019-12-16 02:56:22.469 3970 RALLYDEBUG rally.task.runner [-] Starting a worker. times: 10 duration: None concurrency: 1 timeout: 0 cls: method_name: run args: {"force": false}
2019-12-16 02:56:22.473 3969 INFO rally.task.runner [-] Task 152a923f-0ecc-41ef-b148-1f68907acab3 | ITER: 1 START
2019-12-16 02:56:22.473 3971 RALLYDEBUG rally.task.runner [-] Starting a worker. times: 10 duration: None concurrency: 1 timeout: 0 cls: method_name: run args: {"force": false}
2019-12-16 02:56:22.476 3970 INFO rally.task.runner [-] Task 152a923f-0ecc-41ef-b148-1f68907acab3 | ITER: 2 START
2019-12-16 02:56:22.476 3972 RALLYDEBUG rally.task.runner [-] Starting a worker. times: 10 duration: None concurrency: 1 timeout: 0 cls: method_name: run args: {"force": false}
2019-12-16 02:56:22.480 3971 INFO rally.task.runner [-] Task 152a923f-0ecc-41ef-b148-1f68907acab3 | ITER: 3 START
2019-12-16 02:56:22.483 3972 INFO rally.task.runner [-] Task 152a923f-0ecc-41ef-b148-1f68907acab3 | ITER: 4 START
2019-12-16 02:56:25.131 3971 RALLYDEBUG rally.task.utils [-] Waiting for resource s_rally_a80ed10d_iZ3yB9ba. Status changed: AVAILABLE => DELETING in 0.0260162353515625
2019-12-16 02:56:25.149 3970 RALLYDEBUG rally.task.utils [-] Waiting for resource s_rally_a80ed10d_mAEFNhFl. Status changed: AVAILABLE => DELETING in 0.024920225143432617
2019-12-16 02:56:25.159 3969 RALLYDEBUG rally.task.utils [-] Waiting for resource s_rally_a80ed10d_To0bhMXN. Status changed: AVAILABLE => DELETING in 0.024153470993041992
2019-12-16 02:56:25.167 3972 RALLYDEBUG rally.task.utils [-] Waiting for resource s_rally_a80ed10d_zOcuCMxU. Status changed: AVAILABLE => DELETING in 0.02508378028869629
2019-12-16 02:56:27.169 3971 INFO rally.task.runner [-] Task 152a923f-0ecc-41ef-b148-1f68907acab3 | ITER: 3 END: OK
2019-12-16 02:56:27.175 3971 INFO rally.task.runner [-] Task 152a923f-0ecc-41ef-b148-1f68907acab3 | ITER: 5 START
2019-12-16 02:56:27.177 3970 INFO rally.task.runner [-] Task 152a923f-0ecc-41ef-b148-1f68907acab3 | ITER: 2 END: OK
2019-12-16 02:56:27.182 3970 INFO rally.task.runner [-] Task 152a923f-0ecc-41ef-b148-1f68907acab3 | ITER: 6 START
2019-12-16 02:56:27.193 3969 INFO rally.task.runner [-] Task 152a923f-0ecc-41ef-b148-1f68907acab3 | ITER: 1 END: OK
2019-12-16 02:56:27.194 3972 INFO rally.task.runner [-] Task 152a923f-0ecc-41ef-b148-1f68907acab3 | ITER: 4 END: OK
2019-12-16 02:56:27.198 3969 INFO rally.task.runner [-] Task 152a923f-0ecc-41ef-b148-1f68907acab3 | ITER: 7 START
2019-12-16 02:56:27.199 3972 INFO rally.task.runner [-] Task 152a923f-0ecc-41ef-b148-1f68907acab3 | ITER: 8 START
2019-12-16 02:56:29.825 3971 RALLYDEBUG rally.task.utils [-] Waiting for resource s_rally_a80ed10d_BEjYP8WA. Status changed: AVAILABLE => DELETING in 0.02890634536743164
2019-12-16 02:56:29.825 3970 RALLYDEBUG rally.task.utils [-] Waiting for resource s_rally_a80ed10d_JYSPsRn2. Status changed: AVAILABLE => DELETING in 0.026880264282226562
2019-12-16 02:56:29.944 3969 RALLYDEBUG rally.task.utils [-] Waiting for resource s_rally_a80ed10d_GkVAREfT. Status changed: AVAILABLE => DELETING in 0.025014400482177734
2019-12-16 02:56:29.948 3972 RALLYDEBUG rally.task.utils [-] Waiting for resource s_rally_a80ed10d_OHJ5Yet7. Status changed: AVAILABLE => DELETING in 0.026256799697875977
2019-12-16 02:56:31.856 3971 INFO rally.task.runner [-] Task 152a923f-0ecc-41ef-b148-1f68907acab3 | ITER: 5 END: OK
2019-12-16 02:56:31.858 3970 INFO rally.task.runner [-] Task 152a923f-0ecc-41ef-b148-1f68907acab3 | ITER: 6 END: OK
2019-12-16 02:56:31.861 3971 INFO rally.task.runner [-] Task 152a923f-0ecc-41ef-b148-1f68907acab3 | ITER: 9 START
2019-12-16 02:56:31.862 3970 INFO rally.task.runner [-] Task 152a923f-0ecc-41ef-b148-1f68907acab3 | ITER: 10 START
2019-12-16 02:56:31.974 3972 INFO rally.task.runner [-] Task 152a923f-0ecc-41ef-b148-1f68907acab3 | ITER: 8 END: OK
2019-12-16 02:56:31.980 3969 INFO rally.task.runner [-] Task 152a923f-0ecc-41ef-b148-1f68907acab3 | ITER: 7 END: OK
2019-12-16 02:56:34.514 3971 RALLYDEBUG rally.task.utils [-] Waiting for resource s_rally_a80ed10d_ZaU4g5Dh. Status changed: AVAILABLE => DELETING in 0.03409695625305176
2019-12-16 02:56:34.515 3970 RALLYDEBUG rally.task.utils [-] Waiting for resource s_rally_a80ed10d_vAHqPRbj. Status changed: AVAILABLE => DELETING in 0.026540279388427734
2019-12-16 02:56:36.545 3970 INFO rally.task.runner [-] Task 152a923f-0ecc-41ef-b148-1f68907acab3 | ITER: 10 END: OK
2019-12-16 02:56:36.546 3971 INFO rally.task.runner [-] Task 152a923f-0ecc-41ef-b148-1f68907acab3 | ITER: 9 END: OK
2019-12-16 02:56:36.579 1845 INFO rally.task.context [-] Task 152a923f-0ecc-41ef-b148-1f68907acab3 | Context cleanup@openstack cleanup() started
2019-12-16 02:56:36.582 1845 RALLYDEBUG rally_openstack.cleanup.manager [-] Cleaning up cinder backups objects
2019-12-16 02:56:37.721 1845 RALLYDEBUG rally_openstack.cleanup.manager [-] Cleaning up cinder volume_snapshots objects
2019-12-16 02:56:38.883 1845 RALLYDEBUG rally_openstack.cleanup.manager [-] Cleaning up cinder transfers objects
2019-12-16 02:56:40.023 1845 RALLYDEBUG rally_openstack.cleanup.manager [-] Cleaning up cinder volumes objects
2019-12-16 02:56:41.252 1845 INFO rally.task.context [-] Task 152a923f-0ecc-41ef-b148-1f68907acab3 | Context cleanup@openstack cleanup() finished in 4.67 sec
2019-12-16 02:56:41.253 1845 INFO rally.task.context [-] Task 152a923f-0ecc-41ef-b148-1f68907acab3 | Context volumes@openstack cleanup() started
2019-12-16 02:56:41.254 1845 RALLYDEBUG rally_openstack.cleanup.manager [-] Cleaning up cinder volumes objects
2019-12-16 02:56:42.461 1845 RALLYDEBUG rally_openstack.cleanup.manager [-] Deleting cinder.volumes object c_rally_a80ed10d_erALqP0g (0288dc0e-d075-42bf-9048-59d117e0a4e1)
2019-12-16 02:56:42.470 1845 RALLYDEBUG rally_openstack.cleanup.manager [-] Deleting cinder.volumes object c_rally_a80ed10d_AXBRwN5K (0cd88ed5-dbc3-4d46-a102-9317ead9144e)
2019-12-16 02:56:42.476 1845 RALLYDEBUG rally_openstack.cleanup.manager [-] Deleting cinder.volumes object c_rally_a80ed10d_3uUfbGZF (acd9d762-d83b-4c3c-a6f7-262a46b6416d)
2019-12-16 02:56:46.081 1845 INFO rally.task.context [-] Task 152a923f-0ecc-41ef-b148-1f68907acab3 | Context volumes@openstack cleanup() finished in 4.83 sec
2019-12-16 02:56:46.081 1845 INFO rally.task.context [-] Task 152a923f-0ecc-41ef-b148-1f68907acab3 | Context quotas@openstack cleanup() started
2019-12-16 02:56:46.181 1845 INFO rally.task.context [-] Task 152a923f-0ecc-41ef-b148-1f68907acab3 | Context quotas@openstack cleanup() finished in 99.52 msec
2019-12-16 02:56:46.181 1845 INFO rally.task.context [-] Task 152a923f-0ecc-41ef-b148-1f68907acab3 | Context api_versions@openstack cleanup() started
2019-12-16 02:56:46.182 1845 INFO rally.task.context [-] Task 152a923f-0ecc-41ef-b148-1f68907acab3 | Context api_versions@openstack cleanup() finished in 0.36 msec
2019-12-16 02:56:46.182 1845 INFO rally.task.context [-] Task 152a923f-0ecc-41ef-b148-1f68907acab3 | Context users@openstack cleanup() started
2019-12-16 02:56:50.471 1845 INFO rally.task.context [-] Task 152a923f-0ecc-41ef-b148-1f68907acab3 | Context users@openstack cleanup() finished in 4.29 sec
2019-12-16 02:56:52.403 1845 INFO rally.task.engine [-] Load duration is: 14.069199
2019-12-16 02:56:52.403 1845 INFO rally.task.engine [-] Full runner duration is: 14.125545
2019-12-16 02:56:52.404 1845 INFO rally.task.engine [-] Full duration is: 40.297548
2019-12-16 02:56:52.756 1845 INFO rally.task.engine [-] Running workload: position = 0 config = { "version": 2, "title": "A cropped version of a bigger task.", "description": "Auto-generated task from a single workload (uuid=f6f8e2c4-22e5-40fe-9786-fd9956cf38cc)", "subtasks": [ { "title": "CinderVolumes.create_and_delete_volume", "description": "Create and then delete a volume.", "scenario": { "CinderVolumes.create_and_delete_volume": { "size": { "max": 1, "min": 1 } } }, "contexts": { "users": { "tenants": 3, "users_per_tenant": 2 }, "quotas": { "cinder": { "gigabytes": -1, "snapshots": -1, "volumes": -1 } }, "api_versions": { "cinder": { "version": 3, "service_type": "volumev3" } } }, "runner": { "constant": { "concurrency": 4, "times": 10 } }, "hooks": [], "sla": { "failure_rate": { "max": 0 } } } ] }
2019-12-16 02:56:52.781 1845 RALLYDEBUG rally_openstack.contexts.keystone.users [-] Creating 3 tenants using 20 threads
2019-12-16 02:56:53.926 1845 RALLYDEBUG rally_openstack.contexts.keystone.users [-] Creating 6 users using 20 threads
2019-12-16 02:56:55.441 1845 INFO rally.task.context [-] Task 152a923f-0ecc-41ef-b148-1f68907acab3 | Context users@openstack setup() finished in 2.66 sec
2019-12-16 02:56:55.833 1845 INFO rally.task.context [-] Task 152a923f-0ecc-41ef-b148-1f68907acab3 | Context api_versions@openstack setup() finished in 0.39 sec
2019-12-16 02:56:56.649 1845 INFO rally.task.context [-] Task 152a923f-0ecc-41ef-b148-1f68907acab3 | Context quotas@openstack setup() finished in 0.82 sec
2019-12-16 02:56:56.650 1845 INFO rally.task.context [-] Task 152a923f-0ecc-41ef-b148-1f68907acab3 | Context cleanup@openstack setup() finished in 0.01 msec
2019-12-16 02:56:56.659 1845 RALLYDEBUG rally.task.runner [-] Starting the constant runner (task UUID: 152a923f-0ecc-41ef-b148-1f68907acab3). times: 10 concurrency: 4 timeout: 0 max_cpu_used: 16 processes_to_start: 4 concurrency_per_worker: 1 concurrency_overhead: 0
2019-12-16 02:56:56.671 4173 RALLYDEBUG rally.task.runner [-] Starting a worker. times: 10 duration: None concurrency: 1 timeout: 0 cls: method_name: run args: {"size": {"max": 1, "min": 1}}
2019-12-16 02:56:56.675 4174 RALLYDEBUG rally.task.runner [-] Starting a worker. times: 10 duration: None concurrency: 1 timeout: 0 cls: method_name: run args: {"size": {"max": 1, "min": 1}}
2019-12-16 02:56:56.678 4173 INFO rally.task.runner [-] Task 152a923f-0ecc-41ef-b148-1f68907acab3 | ITER: 1 START
2019-12-16 02:56:56.678 4175 RALLYDEBUG rally.task.runner [-] Starting a worker. times: 10 duration: None concurrency: 1 timeout: 0 cls: method_name: run args: {"size": {"max": 1, "min": 1}}
2019-12-16 02:56:56.682 4174 INFO rally.task.runner [-] Task 152a923f-0ecc-41ef-b148-1f68907acab3 | ITER: 2 START
2019-12-16 02:56:56.683 4177 RALLYDEBUG rally.task.runner [-] Starting a worker. times: 10 duration: None concurrency: 1 timeout: 0 cls: method_name: run args: {"size": {"max": 1, "min": 1}}
2019-12-16 02:56:56.685 4175 INFO rally.task.runner [-] Task 152a923f-0ecc-41ef-b148-1f68907acab3 | ITER: 3 START
2019-12-16 02:56:56.690 4177 INFO rally.task.runner [-] Task 152a923f-0ecc-41ef-b148-1f68907acab3 | ITER: 4 START
2019-12-16 02:56:59.534 4173 RALLYDEBUG rally.task.utils [-] Waiting for resource s_rally_f6f8e2c4_K6eca6RM. Status changed: AVAILABLE => DELETING in 0.05559396743774414
2019-12-16 02:56:59.565 4175 RALLYDEBUG rally.task.utils [-] Waiting for resource s_rally_f6f8e2c4_LLEr2bhE. Status changed: AVAILABLE => DELETING in 0.053320884704589844
2019-12-16 02:56:59.601 4177 RALLYDEBUG rally.task.utils [-] Waiting for resource s_rally_f6f8e2c4_gxsoitif. Status changed: AVAILABLE => DELETING in 0.05220508575439453
2019-12-16 02:56:59.608 4174 RALLYDEBUG rally.task.utils [-] Waiting for resource s_rally_f6f8e2c4_5pG1HeIO. Status changed: AVAILABLE => DELETING in 0.05299186706542969
2019-12-16 02:57:01.573 4173 INFO rally.task.runner [-] Task 152a923f-0ecc-41ef-b148-1f68907acab3 | ITER: 1 END: OK
2019-12-16 02:57:01.578 4173 INFO rally.task.runner [-] Task 152a923f-0ecc-41ef-b148-1f68907acab3 | ITER: 5 START
2019-12-16 02:57:01.608 4175 INFO rally.task.runner [-] Task 152a923f-0ecc-41ef-b148-1f68907acab3 | ITER: 3 END: OK
2019-12-16 02:57:01.612 4175 INFO rally.task.runner [-] Task 152a923f-0ecc-41ef-b148-1f68907acab3 | ITER: 6 START
2019-12-16 02:57:01.645 4174 INFO rally.task.runner [-] Task 152a923f-0ecc-41ef-b148-1f68907acab3 | ITER: 2 END: OK
2019-12-16 02:57:01.645 4177 INFO rally.task.runner [-] Task 152a923f-0ecc-41ef-b148-1f68907acab3 | ITER: 4 END: OK
2019-12-16 02:57:01.649 4174 INFO rally.task.runner [-] Task 152a923f-0ecc-41ef-b148-1f68907acab3 | ITER: 8 START
2019-12-16 02:57:01.649 4177 INFO rally.task.runner [-] Task 152a923f-0ecc-41ef-b148-1f68907acab3 | ITER: 7 START
2019-12-16 02:57:04.393 4173 RALLYDEBUG rally.task.utils [-] Waiting for resource s_rally_f6f8e2c4_WXwUv2YW. Status changed: AVAILABLE => DELETING in 0.06526374816894531
2019-12-16 02:57:04.411 4175 RALLYDEBUG rally.task.utils [-] Waiting for resource s_rally_f6f8e2c4_k7SF5E1h. Status changed: AVAILABLE => DELETING in 0.05472135543823242
2019-12-16 02:57:04.434 4177 RALLYDEBUG rally.task.utils [-] Waiting for resource s_rally_f6f8e2c4_Wzd6JNcY. Status changed: AVAILABLE => DELETING in 0.054477691650390625
2019-12-16 02:57:04.513 4174 RALLYDEBUG rally.task.utils [-] Waiting for resource s_rally_f6f8e2c4_15ZkLqdg. Status changed: AVAILABLE => DELETING in 0.05574369430541992
2019-12-16 02:57:06.434 4173 INFO rally.task.runner [-] Task 152a923f-0ecc-41ef-b148-1f68907acab3 | ITER: 5 END: OK
2019-12-16 02:57:06.438 4173 INFO rally.task.runner [-] Task 152a923f-0ecc-41ef-b148-1f68907acab3 | ITER: 9 START
2019-12-16 02:57:06.455 4175 INFO rally.task.runner [-] Task 152a923f-0ecc-41ef-b148-1f68907acab3 | ITER: 6 END: OK
2019-12-16 02:57:06.458 4175 INFO rally.task.runner [-] Task 152a923f-0ecc-41ef-b148-1f68907acab3 | ITER: 10 START
2019-12-16 02:57:06.477 4177 INFO rally.task.runner [-] Task 152a923f-0ecc-41ef-b148-1f68907acab3 | ITER: 7 END: OK
2019-12-16 02:57:06.551 4174 INFO rally.task.runner [-] Task 152a923f-0ecc-41ef-b148-1f68907acab3 | ITER: 8 END: OK
2019-12-16 02:57:09.347 4175 RALLYDEBUG rally.task.utils [-] Waiting for resource s_rally_f6f8e2c4_XfjFauGO. Status changed: AVAILABLE => DELETING in 0.0535891056060791
2019-12-16 02:57:09.358 4173 RALLYDEBUG rally.task.utils [-] Waiting for resource s_rally_f6f8e2c4_fPhkxs8Y. Status changed: AVAILABLE => DELETING in 0.06858277320861816
2019-12-16 02:57:11.389 4175 INFO rally.task.runner [-] Task 152a923f-0ecc-41ef-b148-1f68907acab3 | ITER: 10 END: OK
2019-12-16 02:57:11.398 4173 INFO rally.task.runner [-] Task 152a923f-0ecc-41ef-b148-1f68907acab3 | ITER: 9 END: OK
2019-12-16 02:57:11.423 1845 INFO rally.task.context [-] Task 152a923f-0ecc-41ef-b148-1f68907acab3 | Context cleanup@openstack cleanup() started
2019-12-16 02:57:11.426 1845 RALLYDEBUG rally_openstack.cleanup.manager [-] Cleaning up cinder backups objects
2019-12-16 02:57:12.596 1845 RALLYDEBUG rally_openstack.cleanup.manager [-] Cleaning up cinder volume_snapshots objects
2019-12-16 02:57:13.742 1845 RALLYDEBUG rally_openstack.cleanup.manager [-] Cleaning up cinder transfers objects
2019-12-16 02:57:14.848 1845 RALLYDEBUG rally_openstack.cleanup.manager [-] Cleaning up cinder volumes objects
2019-12-16 02:57:16.036 1845 INFO rally.task.context [-] Task 152a923f-0ecc-41ef-b148-1f68907acab3 | Context cleanup@openstack cleanup() finished in 4.61 sec
2019-12-16 02:57:16.037 1845 INFO rally.task.context [-] Task 152a923f-0ecc-41ef-b148-1f68907acab3 | Context quotas@openstack cleanup() started
2019-12-16 02:57:16.103 1845 INFO rally.task.context [-] Task 152a923f-0ecc-41ef-b148-1f68907acab3 | Context quotas@openstack cleanup() finished in 66.42 msec
2019-12-16 02:57:16.103 1845 INFO rally.task.context [-] Task 152a923f-0ecc-41ef-b148-1f68907acab3 | Context api_versions@openstack cleanup() started
2019-12-16 02:57:16.104 1845 INFO rally.task.context [-] Task 152a923f-0ecc-41ef-b148-1f68907acab3 | Context api_versions@openstack cleanup() finished in 0.35 msec
2019-12-16 02:57:16.104 1845 INFO rally.task.context [-] Task 152a923f-0ecc-41ef-b148-1f68907acab3 | Context users@openstack cleanup() started
2019-12-16 02:57:20.277 1845 INFO rally.task.context [-] Task 152a923f-0ecc-41ef-b148-1f68907acab3 | Context users@openstack cleanup() finished in 4.17 sec
2019-12-16 02:57:20.968 1845 INFO rally.task.engine [-] Load duration is: 14.715364
2019-12-16 02:57:20.968 1845 INFO rally.task.engine [-] Full runner duration is: 14.764636
2019-12-16 02:57:20.969 1845 INFO rally.task.engine [-] Full duration is: 27.498751
