2019-12-16 02:49:54.304 1845 RALLYDEBUG rally_openstack.cleanup.manager [-] Cleaning up cinder backups objects
2019-12-16 02:49:55.448 1845 RALLYDEBUG rally_openstack.cleanup.manager [-] Cleaning up cinder volume_snapshots objects
2019-12-16 02:49:56.585 1845 RALLYDEBUG rally_openstack.cleanup.manager [-] Cleaning up cinder transfers objects
2019-12-16 02:49:57.690 1845 RALLYDEBUG rally_openstack.cleanup.manager [-] Cleaning up cinder volumes objects
2019-12-16 02:49:58.876 1845 RALLYDEBUG rally_openstack.cleanup.manager [-] Deleting cinder.volumes object s_rally_eb534227_uD38rRFO (6755f8a4-4dbe-4d63-b119-8a4420ae00c4)
2019-12-16 02:49:58.885 1845 RALLYDEBUG rally_openstack.cleanup.manager [-] Deleting cinder.volumes object s_rally_eb534227_YBVPn4n0 (93468e88-6717-437f-b645-1c1de70d06f1)
2019-12-16 02:49:58.894 1845 RALLYDEBUG rally_openstack.cleanup.manager [-] Deleting cinder.volumes object s_rally_eb534227_l93YVA0q (28552790-e4d4-47e4-bed9-3324a0c2138e)
2019-12-16 02:49:58.898 1845 RALLYDEBUG rally_openstack.cleanup.manager [-] Deleting cinder.volumes object s_rally_eb534227_G95JJBlj (22be1662-f56d-4d97-b5de-9429e982fa8d)
2019-12-16 02:49:58.908 1845 RALLYDEBUG rally_openstack.cleanup.manager [-] Deleting cinder.volumes object s_rally_eb534227_KL4qRyTy (0517cb47-dbe3-4268-b9a8-5bbb41961a23)
2019-12-16 02:49:58.927 1845 RALLYDEBUG rally_openstack.cleanup.manager [-] Deleting cinder.volumes object s_rally_eb534227_k0WA1JVe (f6c766f1-4c18-4058-8ceb-15ad0952a45e)
2019-12-16 02:49:58.938 1845 RALLYDEBUG rally_openstack.cleanup.manager [-] Deleting cinder.volumes object s_rally_eb534227_Ml9D8lCA (586f4054-55bf-49a4-80c0-0739b0bf5a67)
2019-12-16 02:49:58.946 1845 RALLYDEBUG rally_openstack.cleanup.manager [-] Deleting cinder.volumes object s_rally_eb534227_ypwE3A8n (a4afd279-8a51-4651-96d6-adf3f448e6a5)
2019-12-16 02:49:58.953 1845 RALLYDEBUG rally_openstack.cleanup.manager [-] Deleting cinder.volumes object s_rally_eb534227_a0cG1zJD (88756c77-2b5a-4e79-8cc2-97cf227dfc65)
2019-12-16 02:49:58.977 1845 RALLYDEBUG rally_openstack.cleanup.manager [-] Deleting cinder.volumes object s_rally_eb534227_SSlXOBgE (2864f9e1-a59c-4bc4-8ca6-7f4d6601d5a9)
2019-12-16 02:50:02.643 1845 INFO rally.task.context [-] Task 152a923f-0ecc-41ef-b148-1f68907acab3 | Context cleanup@openstack cleanup() finished in 8.34 sec
2019-12-16 02:50:02.644 1845 INFO rally.task.context [-] Task 152a923f-0ecc-41ef-b148-1f68907acab3 | Context quotas@openstack cleanup() started
2019-12-16 02:50:02.731 1845 INFO rally.task.context [-] Task 152a923f-0ecc-41ef-b148-1f68907acab3 | Context quotas@openstack cleanup() finished in 87.66 msec
2019-12-16 02:50:02.732 1845 INFO rally.task.context [-] Task 152a923f-0ecc-41ef-b148-1f68907acab3 | Context api_versions@openstack cleanup() started
2019-12-16 02:50:02.732 1845 INFO rally.task.context [-] Task 152a923f-0ecc-41ef-b148-1f68907acab3 | Context api_versions@openstack cleanup() finished in 0.39 msec
2019-12-16 02:50:02.733 1845 INFO rally.task.context [-] Task 152a923f-0ecc-41ef-b148-1f68907acab3 | Context users@openstack cleanup() started
2019-12-16 02:50:07.227 1845 INFO rally.task.context [-] Task 152a923f-0ecc-41ef-b148-1f68907acab3 | Context users@openstack cleanup() finished in 4.49 sec
2019-12-16 02:50:08.184 1845 INFO rally.task.engine [-] Load duration is: 8.451139
2019-12-16 02:50:08.185 1845 INFO rally.task.engine [-] Full runner duration is: 8.502247
2019-12-16 02:50:08.185 1845 INFO rally.task.engine [-] Full duration is: 25.200392
2019-12-16 02:50:08.476 1845 INFO rally.task.engine [-] Running workload: position = 0 config = { "version": 2, "title": "A cropped version of a bigger task.", "description": "Auto-generated task from a single workload (uuid=160d5d30-6f1a-42d2-917c-299bad951c89)", "subtasks": [ { "title": "CinderVolumes.create_and_upload_volume_to_image", "description": "Create and upload a volume to image.", "scenario": { "CinderVolumes.create_and_upload_volume_to_image": { "container_format": "bare", "disk_format": "raw", "do_delete": true, "force": false, "size": 1 } }, "contexts": { "users": { "tenants": 3, "users_per_tenant": 2 }, "quotas": { "cinder": { "gigabytes": -1, "snapshots": -1, "volumes": -1 } }, "api_versions": { "cinder": { "version": 3, "service_type": "volumev3" } } }, "runner": { "constant": { "concurrency": 4, "times": 10 } }, "hooks": [], "sla": { "failure_rate": { "max": 0 } } } ] }
2019-12-16 02:50:08.500 1845 RALLYDEBUG rally_openstack.contexts.keystone.users [-] Creating 3 tenants using 20 threads
2019-12-16 02:50:09.593 1845 RALLYDEBUG rally_openstack.contexts.keystone.users [-] Creating 6 users using 20 threads
2019-12-16 02:50:11.130 1845 INFO rally.task.context [-] Task 152a923f-0ecc-41ef-b148-1f68907acab3 | Context users@openstack setup() finished in 2.63 sec
2019-12-16 02:50:11.525 1845 INFO rally.task.context [-] Task 152a923f-0ecc-41ef-b148-1f68907acab3 | Context api_versions@openstack setup() finished in 0.39 sec
2019-12-16 02:50:12.339 1845 INFO rally.task.context [-] Task 152a923f-0ecc-41ef-b148-1f68907acab3 | Context quotas@openstack setup() finished in 0.81 sec
2019-12-16 02:50:12.340 1845 INFO rally.task.context [-] Task 152a923f-0ecc-41ef-b148-1f68907acab3 | Context cleanup@openstack setup() finished in 0.01 msec
2019-12-16 02:50:12.349 1845 RALLYDEBUG rally.task.runner [-] Starting the constant runner (task UUID: 152a923f-0ecc-41ef-b148-1f68907acab3). times: 10 concurrency: 4 timeout: 0 max_cpu_used: 16 processes_to_start: 4 concurrency_per_worker: 1 concurrency_overhead: 0
2019-12-16 02:50:12.360 2785 RALLYDEBUG rally.task.runner [-] Starting a worker. times: 10 duration: None concurrency: 1 timeout: 0 cls: method_name: run args: {"container_format": "bare", "disk_format": "raw", "do_delete": true, "force": false, "size": 1}
2019-12-16 02:50:12.364 2786 RALLYDEBUG rally.task.runner [-] Starting a worker. times: 10 duration: None concurrency: 1 timeout: 0 cls: method_name: run args: {"container_format": "bare", "disk_format": "raw", "do_delete": true, "force": false, "size": 1}
2019-12-16 02:50:12.368 2785 INFO rally.task.runner [-] Task 152a923f-0ecc-41ef-b148-1f68907acab3 | ITER: 1 START
2019-12-16 02:50:12.367 2787 RALLYDEBUG rally.task.runner [-] Starting a worker. times: 10 duration: None concurrency: 1 timeout: 0 cls: method_name: run args: {"container_format": "bare", "disk_format": "raw", "do_delete": true, "force": false, "size": 1}
2019-12-16 02:50:12.370 2786 INFO rally.task.runner [-] Task 152a923f-0ecc-41ef-b148-1f68907acab3 | ITER: 2 START
2019-12-16 02:50:12.371 2788 RALLYDEBUG rally.task.runner [-] Starting a worker. times: 10 duration: None concurrency: 1 timeout: 0 cls: method_name: run args: {"container_format": "bare", "disk_format": "raw", "do_delete": true, "force": false, "size": 1}
2019-12-16 02:50:12.374 2787 INFO rally.task.runner [-] Task 152a923f-0ecc-41ef-b148-1f68907acab3 | ITER: 3 START
2019-12-16 02:50:12.378 2788 INFO rally.task.runner [-] Task 152a923f-0ecc-41ef-b148-1f68907acab3 | ITER: 4 START
2019-12-16 02:50:15.651 2787 RALLYDEBUG rally.task.utils [-] Waiting for resource s_rally_160d5d30_m09TzdZy. Status changed: AVAILABLE => UPLOADING in 0.06229066848754883
2019-12-16 02:50:15.684 2786 RALLYDEBUG rally.task.utils [-] Waiting for resource s_rally_160d5d30_reuWTfTD. Status changed: AVAILABLE => UPLOADING in 0.05598759651184082
2019-12-16 02:50:15.726 2788 RALLYDEBUG rally.task.utils [-] Waiting for resource s_rally_160d5d30_S7aGdl14. Status changed: AVAILABLE => UPLOADING in 0.06481099128723145
2019-12-16 02:50:15.746 2785 RALLYDEBUG rally.task.utils [-] Waiting for resource s_rally_160d5d30_coOfHv5y. Status changed: AVAILABLE => UPLOADING in 0.05547070503234863
2019-12-16 02:50:26.098 2788 RALLYDEBUG rally.task.utils [-] Waiting for resource s_rally_160d5d30_S7aGdl14. Status changed: UPLOADING => AVAILABLE in 10.372626304626465
2019-12-16 02:50:26.101 2786 RALLYDEBUG rally.task.utils [-] Waiting for resource s_rally_160d5d30_reuWTfTD. Status changed: UPLOADING => AVAILABLE in 10.417332649230957
2019-12-16 02:50:26.263 2786 RALLYDEBUG rally.task.utils [-] Waiting for resource s_rally_160d5d30_reuWTfTD. Status changed: AVAILABLE => DELETING in 0.05433988571166992
2019-12-16 02:50:26.274 2788 RALLYDEBUG rally.task.utils [-] Waiting for resource s_rally_160d5d30_S7aGdl14. Status changed: AVAILABLE => DELETING in 0.05523824691772461
2019-12-16 02:50:28.163 2785 RALLYDEBUG rally.task.utils [-] Waiting for resource s_rally_160d5d30_coOfHv5y. Status changed: UPLOADING => AVAILABLE in 12.417392015457153
2019-12-16 02:50:28.180 2787 RALLYDEBUG rally.task.utils [-] Waiting for resource s_rally_160d5d30_m09TzdZy. Status changed: UPLOADING => AVAILABLE in 12.529166460037231
2019-12-16 02:50:28.632 2785 RALLYDEBUG rally.task.utils [-] Waiting for resource s_rally_160d5d30_coOfHv5y. Status changed: AVAILABLE => DELETING in 0.051161766052246094
2019-12-16 02:50:28.634 2787 RALLYDEBUG rally.task.utils [-] Waiting for resource s_rally_160d5d30_m09TzdZy. Status changed: AVAILABLE => DELETING in 0.05282998085021973
2019-12-16 02:50:34.696 2788 INFO rally.task.runner [-] Task 152a923f-0ecc-41ef-b148-1f68907acab3 | ITER: 4 END: OK
2019-12-16 02:50:34.703 2788 INFO rally.task.runner [-] Task 152a923f-0ecc-41ef-b148-1f68907acab3 | ITER: 5 START
2019-12-16 02:50:34.709 2786 INFO rally.task.runner [-] Task 152a923f-0ecc-41ef-b148-1f68907acab3 | ITER: 2 END: OK
2019-12-16 02:50:34.714 2786 INFO rally.task.runner [-] Task 152a923f-0ecc-41ef-b148-1f68907acab3 | ITER: 6 START
2019-12-16 02:50:34.942 2787 INFO rally.task.runner [-] Task 152a923f-0ecc-41ef-b148-1f68907acab3 | ITER: 3 END: OK
2019-12-16 02:50:34.951 2787 INFO rally.task.runner [-] Task 152a923f-0ecc-41ef-b148-1f68907acab3 | ITER: 7 START
2019-12-16 02:50:35.012 2785 INFO rally.task.runner [-] Task 152a923f-0ecc-41ef-b148-1f68907acab3 | ITER: 1 END: OK
2019-12-16 02:50:35.021 2785 INFO rally.task.runner [-] Task 152a923f-0ecc-41ef-b148-1f68907acab3 | ITER: 8 START
2019-12-16 02:50:38.031 2786 RALLYDEBUG rally.task.utils [-] Waiting for resource s_rally_160d5d30_CcjkK1b6. Status changed: AVAILABLE => UPLOADING in 0.055876731872558594
2019-12-16 02:50:38.090 2787 RALLYDEBUG rally.task.utils [-] Waiting for resource s_rally_160d5d30_dtQSuVtN. Status changed: AVAILABLE => UPLOADING in 0.05562734603881836
2019-12-16 02:50:38.197 2785 RALLYDEBUG rally.task.utils [-] Waiting for resource s_rally_160d5d30_JywFLY3c. Status changed: AVAILABLE => UPLOADING in 0.05370974540710449
2019-12-16 02:50:38.448 2788 RALLYDEBUG rally.task.utils [-] Waiting for resource s_rally_160d5d30_gyyz40qR. Status changed: AVAILABLE => UPLOADING in 0.07400798797607422
2019-12-16 02:50:48.375 2786 RALLYDEBUG rally.task.utils [-] Waiting for resource s_rally_160d5d30_CcjkK1b6. Status changed: UPLOADING => AVAILABLE in 10.3440580368042
2019-12-16 02:50:48.707 2786 RALLYDEBUG rally.task.utils [-] Waiting for resource s_rally_160d5d30_CcjkK1b6. Status changed: AVAILABLE => DELETING in 0.22080016136169434
2019-12-16 02:50:48.869 2788 RALLYDEBUG rally.task.utils [-] Waiting for resource s_rally_160d5d30_gyyz40qR. Status changed: UPLOADING => AVAILABLE in 10.420776128768921
2019-12-16 02:50:49.034 2788 RALLYDEBUG rally.task.utils [-] Waiting for resource s_rally_160d5d30_gyyz40qR. Status changed: AVAILABLE => DELETING in 0.054660797119140625
2019-12-16 02:50:50.498 2787 RALLYDEBUG rally.task.utils [-] Waiting for resource s_rally_160d5d30_dtQSuVtN. Status changed: UPLOADING => AVAILABLE in 12.407913446426392
2019-12-16 02:50:50.693 2787 RALLYDEBUG rally.task.utils [-] Waiting for resource s_rally_160d5d30_dtQSuVtN. Status changed: AVAILABLE => DELETING in 0.0571138858795166
2019-12-16 02:50:50.710 2785 RALLYDEBUG rally.task.utils [-] Waiting for resource s_rally_160d5d30_JywFLY3c. Status changed: UPLOADING => AVAILABLE in 12.513528108596802
2019-12-16 02:50:51.036 2785 RALLYDEBUG rally.task.utils [-] Waiting for resource s_rally_160d5d30_JywFLY3c. Status changed: AVAILABLE => DELETING in 0.19241952896118164
2019-12-16 02:50:51.094 2786 INFO rally.task.runner [-] Task 152a923f-0ecc-41ef-b148-1f68907acab3 | ITER: 6 END: OK
2019-12-16 02:50:51.098 2786 INFO rally.task.runner [-] Task 152a923f-0ecc-41ef-b148-1f68907acab3 | ITER: 9 START
2019-12-16 02:50:51.252 2788 INFO rally.task.runner [-] Task 152a923f-0ecc-41ef-b148-1f68907acab3 | ITER: 5 END: OK
2019-12-16 02:50:51.256 2788 INFO rally.task.runner [-] Task 152a923f-0ecc-41ef-b148-1f68907acab3 | ITER: 10 START
2019-12-16 02:50:52.929 2787 INFO rally.task.runner [-] Task 152a923f-0ecc-41ef-b148-1f68907acab3 | ITER: 7 END: OK
2019-12-16 02:50:53.363 2785 INFO rally.task.runner [-] Task 152a923f-0ecc-41ef-b148-1f68907acab3 | ITER: 8 END: OK
2019-12-16 02:50:54.364 2786 RALLYDEBUG rally.task.utils [-] Waiting for resource s_rally_160d5d30_pxEHN71M. Status changed: AVAILABLE => UPLOADING in 0.053931236267089844
2019-12-16 02:50:54.520 2788 RALLYDEBUG rally.task.utils [-] Waiting for resource s_rally_160d5d30_ZEtZDxL3. Status changed: AVAILABLE => UPLOADING in 0.05897784233093262
2019-12-16 02:51:04.850 2788 RALLYDEBUG rally.task.utils [-] Waiting for resource s_rally_160d5d30_ZEtZDxL3. Status changed: UPLOADING => AVAILABLE in 10.329779624938965
2019-12-16 02:51:05.061 2788 RALLYDEBUG rally.task.utils [-] Waiting for resource s_rally_160d5d30_ZEtZDxL3. Status changed: AVAILABLE => DELETING in 0.07050013542175293
2019-12-16 02:51:05.407 2786 RALLYDEBUG rally.task.utils [-] Waiting for resource s_rally_160d5d30_pxEHN71M. Status changed: UPLOADING => AVAILABLE in 11.042560338973999
2019-12-16 02:51:05.607 2786 RALLYDEBUG rally.task.utils [-] Waiting for resource s_rally_160d5d30_pxEHN71M. Status changed: AVAILABLE => DELETING in 0.06258654594421387
2019-12-16 02:51:07.317 2788 INFO rally.task.runner [-] Task 152a923f-0ecc-41ef-b148-1f68907acab3 | ITER: 10 END: OK
2019-12-16 02:51:09.186 2786 INFO rally.task.runner [-] Task 152a923f-0ecc-41ef-b148-1f68907acab3 | ITER: 9 END: OK
2019-12-16 02:51:09.212 1845 INFO rally.task.context [-] Task 152a923f-0ecc-41ef-b148-1f68907acab3 | Context cleanup@openstack cleanup() started
2019-12-16 02:51:09.216 1845 RALLYDEBUG rally_openstack.cleanup.manager [-] Cleaning up cinder backups objects
2019-12-16 02:51:10.507 1845 RALLYDEBUG rally_openstack.cleanup.manager [-] Cleaning up cinder volume_snapshots objects
2019-12-16 02:51:11.647 1845 RALLYDEBUG rally_openstack.cleanup.manager [-] Cleaning up cinder transfers objects
2019-12-16 02:51:12.749 1845 RALLYDEBUG rally_openstack.cleanup.manager [-] Cleaning up cinder volumes objects
2019-12-16 02:51:13.929 1845 RALLYDEBUG rally_openstack.cleanup.manager [-] Cleaning up glance images objects
2019-12-16 02:51:15.191 1845 INFO rally.task.context [-] Task 152a923f-0ecc-41ef-b148-1f68907acab3 | Context cleanup@openstack cleanup() finished in 5.98 sec
2019-12-16 02:51:15.192 1845 INFO rally.task.context [-] Task 152a923f-0ecc-41ef-b148-1f68907acab3 | Context quotas@openstack cleanup() started
2019-12-16 02:51:15.261 1845 INFO rally.task.context [-] Task 152a923f-0ecc-41ef-b148-1f68907acab3 | Context quotas@openstack cleanup() finished in 69.41 msec
2019-12-16 02:51:15.262 1845 INFO rally.task.context [-] Task 152a923f-0ecc-41ef-b148-1f68907acab3 | Context api_versions@openstack cleanup() started
2019-12-16 02:51:15.262 1845 INFO rally.task.context [-] Task 152a923f-0ecc-41ef-b148-1f68907acab3 | Context api_versions@openstack cleanup() finished in 0.35 msec
2019-12-16 02:51:15.262 1845 INFO rally.task.context [-] Task 152a923f-0ecc-41ef-b148-1f68907acab3 | Context users@openstack cleanup() started
2019-12-16 02:51:19.605 1845 INFO rally.task.context [-] Task 152a923f-0ecc-41ef-b148-1f68907acab3 | Context users@openstack cleanup() finished in 4.34 sec
2019-12-16 02:51:20.849 1845 INFO rally.task.engine [-] Load duration is: 56.20427
2019-12-16 02:51:20.850 1845 INFO rally.task.engine [-] Full runner duration is: 56.863907
2019-12-16 02:51:20.850 1845 INFO rally.task.engine [-] Full duration is: 71.107328
2019-12-16 02:51:21.160 1845 INFO rally.task.engine [-] Running workload: position = 0 config = { "version": 2, "title": "A cropped version of a bigger task.", "description": "Auto-generated task from a single workload (uuid=ba560bcc-748f-4af2-b23c-81761c0cac29)", "subtasks": [ { "title": "CinderVolumes.create_nested_snapshots_and_attach_volume", "description": "Create a volume from snapshot and attach/detach the volume", "scenario": { "CinderVolumes.create_nested_snapshots_and_attach_volume": { "flavor": { "name": "rally_full-flavor_102dc671-f436-4d4d-b368-5b0ed177eae0" }, "image": { "name": "rally_full-img_102dc671-f436-4d4d-b368-5b0ed177eae0" }, "nested_level": 1, "size": { "max": 1, "min": 1 }, "create_vm_params": { "nics": [ { "net-id": "c51c8544-d62f-4817-b7df-cb0981aba4ec" } ] } } }, "contexts": { "users": { "tenants": 3, "users_per_tenant": 2 }, "quotas": { "cinder": { "gigabytes": -1, "snapshots": -1, "volumes": -1 } }, "api_versions": { "cinder": { "version": 3, "service_type": "volumev3" } } }, "runner": { "constant": { "concurrency": 4, "times": 10 } }, "hooks": [], "sla": { "failure_rate": { "max": 0 } } } ] }
2019-12-16 02:51:21.185 1845 RALLYDEBUG rally_openstack.contexts.keystone.users [-] Creating 3 tenants using 20 threads
2019-12-16 02:51:22.203 1845 RALLYDEBUG rally_openstack.contexts.keystone.users [-] Creating 6 users using 20 threads
2019-12-16 02:51:23.723 1845 INFO rally.task.context [-] Task 152a923f-0ecc-41ef-b148-1f68907acab3 | Context users@openstack setup() finished in 2.54 sec
2019-12-16 02:51:24.126 1845 INFO rally.task.context [-] Task 152a923f-0ecc-41ef-b148-1f68907acab3 | Context api_versions@openstack setup() finished in 0.40 sec
2019-12-16 02:51:24.968 1845 INFO rally.task.context [-] Task 152a923f-0ecc-41ef-b148-1f68907acab3 | Context quotas@openstack setup() finished in 0.84 sec
2019-12-16 02:51:24.969 1845 INFO rally.task.context [-] Task 152a923f-0ecc-41ef-b148-1f68907acab3 | Context cleanup@openstack setup() finished in 0.01 msec
2019-12-16 02:51:25.915 1845 RALLYDEBUG rally.task.runner [-] Starting the constant runner (task UUID: 152a923f-0ecc-41ef-b148-1f68907acab3). times: 10 concurrency: 4 timeout: 0 max_cpu_used: 16 processes_to_start: 4 concurrency_per_worker: 1 concurrency_overhead: 0
2019-12-16 02:51:25.928 2989 RALLYDEBUG rally.task.runner [-] Starting a worker. times: 10 duration: None concurrency: 1 timeout: 0 cls: method_name: run args: {"flavor": "c1b316bb-9aea-40b2-9eed-8480abe7834e", "image": "02e2d7fc-4c21-4af2-9b3a-22bc0af0001a", "nested_level": 1, "size": {"max": 1, "min": 1}, "create_vm_params": {"nics": [{"net-id": "c51c8544-d62f-4817-b7df-cb0981aba4ec"}]}}
2019-12-16 02:51:25.931 2990 RALLYDEBUG rally.task.runner [-] Starting a worker. times: 10 duration: None concurrency: 1 timeout: 0 cls: method_name: run args: {"flavor": "c1b316bb-9aea-40b2-9eed-8480abe7834e", "image": "02e2d7fc-4c21-4af2-9b3a-22bc0af0001a", "nested_level": 1, "size": {"max": 1, "min": 1}, "create_vm_params": {"nics": [{"net-id": "c51c8544-d62f-4817-b7df-cb0981aba4ec"}]}}
2019-12-16 02:51:25.935 2989 INFO rally.task.runner [-] Task 152a923f-0ecc-41ef-b148-1f68907acab3 | ITER: 1 START
2019-12-16 02:51:25.935 2991 RALLYDEBUG rally.task.runner [-] Starting a worker. times: 10 duration: None concurrency: 1 timeout: 0 cls: method_name: run args: {"flavor": "c1b316bb-9aea-40b2-9eed-8480abe7834e", "image": "02e2d7fc-4c21-4af2-9b3a-22bc0af0001a", "nested_level": 1, "size": {"max": 1, "min": 1}, "create_vm_params": {"nics": [{"net-id": "c51c8544-d62f-4817-b7df-cb0981aba4ec"}]}}
2019-12-16 02:51:25.939 2990 INFO rally.task.runner [-] Task 152a923f-0ecc-41ef-b148-1f68907acab3 | ITER: 2 START
2019-12-16 02:51:25.938 2992 RALLYDEBUG rally.task.runner [-] Starting a worker. times: 10 duration: None concurrency: 1 timeout: 0 cls: method_name: run args: {"flavor": "c1b316bb-9aea-40b2-9eed-8480abe7834e", "image": "02e2d7fc-4c21-4af2-9b3a-22bc0af0001a", "nested_level": 1, "size": {"max": 1, "min": 1}, "create_vm_params": {"nics": [{"net-id": "c51c8544-d62f-4817-b7df-cb0981aba4ec"}]}}
2019-12-16 02:51:25.942 2991 INFO rally.task.runner [-] Task 152a923f-0ecc-41ef-b148-1f68907acab3 | ITER: 3 START
2019-12-16 02:51:25.945 2992 INFO rally.task.runner [-] Task 152a923f-0ecc-41ef-b148-1f68907acab3 | ITER: 4 START
2019-12-16 02:51:33.226 2991 RALLYDEBUG rally.task.utils [-] Waiting for resource s_rally_ba560bcc_JheaUgx7. Status changed: BUILD => ACTIVE in 4.666881799697876
2019-12-16 02:51:35.277 2989 RALLYDEBUG rally.task.utils [-] Waiting for resource s_rally_ba560bcc_bi2vX0A3. Status changed: BUILD => ACTIVE in 6.954294919967651
2019-12-16 02:51:35.351 2990 RALLYDEBUG rally.task.utils [-] Waiting for resource s_rally_ba560bcc_73US5eMd. Status changed: BUILD => ACTIVE in 6.872798681259155
2019-12-16 02:51:35.530 2992 RALLYDEBUG rally.task.utils [-] Waiting for resource s_rally_ba560bcc_WZISYbMt. Status changed: BUILD => ACTIVE in 7.112755537033081
2019-12-16 02:51:38.460 2991 RALLYDEBUG rally.task.utils [-] Waiting for resource s_rally_ba560bcc_eEO7kLPh. Status changed: AVAILABLE => RESERVED in 0.40307021141052246
2019-12-16 02:51:40.599 2990 RALLYDEBUG rally.task.utils [-] Waiting for resource s_rally_ba560bcc_jHVfRiBQ. Status changed: AVAILABLE => RESERVED in 0.41749119758605957
2019-12-16 02:51:40.664 2989 RALLYDEBUG rally.task.utils [-] Waiting for resource s_rally_ba560bcc_1A8YwTqd. Status changed: AVAILABLE => RESERVED in 0.391157865524292
2019-12-16 02:51:40.828 2992 RALLYDEBUG rally.task.utils [-] Waiting for resource s_rally_ba560bcc_WSnRjB9C. Status changed: AVAILABLE => RESERVED in 0.4160029888153076
2019-12-16 02:51:40.861 2991 RALLYDEBUG rally.task.utils [-] Waiting for resource s_rally_ba560bcc_eEO7kLPh. Status changed: RESERVED => IN-USE in 2.4005470275878906
2019-12-16 02:51:41.468 2991 RALLYDEBUG rally.task.utils [-] Waiting for resource s_rally_ba560bcc_eEO7kLPh. Status changed: AVAILABLE => DETACHING in 0.40262675285339355
2019-12-16 02:51:43.000 2990 RALLYDEBUG rally.task.utils [-] Waiting for resource s_rally_ba560bcc_jHVfRiBQ. Status changed: RESERVED => IN-USE in 2.400322914123535
2019-12-16 02:51:43.086 2989 RALLYDEBUG rally.task.utils [-] Waiting for resource s_rally_ba560bcc_1A8YwTqd. Status changed: RESERVED => IN-USE in 2.422409772872925
2019-12-16 02:51:43.239 2992 RALLYDEBUG rally.task.utils [-] Waiting for resource s_rally_ba560bcc_WSnRjB9C. Status changed: RESERVED => IN-USE in 2.4115986824035645
2019-12-16 02:51:43.640 2990 RALLYDEBUG rally.task.utils [-] Waiting for resource s_rally_ba560bcc_jHVfRiBQ. Status changed: AVAILABLE => DETACHING in 0.42000865936279297
2019-12-16 02:51:43.640 2989 RALLYDEBUG rally.task.utils [-] Waiting for resource s_rally_ba560bcc_1A8YwTqd. Status changed: AVAILABLE => DETACHING in 0.3923497200012207
2019-12-16 02:51:43.840 2992 RALLYDEBUG rally.task.utils [-] Waiting for resource s_rally_ba560bcc_WSnRjB9C. Status changed: AVAILABLE => DETACHING in 0.4043703079223633
2019-12-16 02:51:43.901 2991 RALLYDEBUG rally.task.utils [-] Waiting for resource s_rally_ba560bcc_eEO7kLPh. Status changed: DETACHING => AVAILABLE in 2.4336607456207275
2019-12-16 02:51:43.994 2991 RALLYDEBUG rally.task.utils [-] Waiting for resource s_rally_ba560bcc_YBvooA4C. Status changed: AVAILABLE => DELETING in 0.03127598762512207
2019-12-16 02:51:46.038 2990 RALLYDEBUG rally.task.utils [-] Waiting for resource s_rally_ba560bcc_jHVfRiBQ. Status changed: DETACHING => AVAILABLE in 2.3982350826263428
2019-12-16 02:51:46.062 2989 RALLYDEBUG rally.task.utils [-] Waiting for resource s_rally_ba560bcc_1A8YwTqd. Status changed: DETACHING => AVAILABLE in 2.422008752822876
2019-12-16 02:51:46.125 2991 RALLYDEBUG rally.task.utils [-] Waiting for resource s_rally_ba560bcc_eEO7kLPh. Status changed: AVAILABLE => DELETING in 0.05106067657470703
2019-12-16 02:51:46.130 2990 RALLYDEBUG rally.task.utils [-] Waiting for resource s_rally_ba560bcc_ryz1bwrZ. Status changed: AVAILABLE => DELETING in 0.024919748306274414
2019-12-16 02:51:46.147 2989 RALLYDEBUG rally.task.utils [-] Waiting for resource s_rally_ba560bcc_xX45z8go. Status changed: AVAILABLE => DELETING in 0.024359941482543945
2019-12-16 02:51:46.251 2992 RALLYDEBUG rally.task.utils [-] Waiting for resource s_rally_ba560bcc_WSnRjB9C. Status changed: DETACHING => AVAILABLE in 2.410989284515381
2019-12-16 02:51:46.343 2992 RALLYDEBUG rally.task.utils [-] Waiting for resource s_rally_ba560bcc_WaBB2J2B. Status changed: AVAILABLE => DELETING in 0.028162479400634766
2019-12-16 02:51:48.285 2990 RALLYDEBUG rally.task.utils [-] Waiting for resource s_rally_ba560bcc_jHVfRiBQ. Status changed: AVAILABLE => DELETING in 0.05561661720275879
2019-12-16 02:51:48.313 2989 RALLYDEBUG rally.task.utils [-] Waiting for resource s_rally_ba560bcc_1A8YwTqd. Status changed: AVAILABLE => DELETING in 0.06578373908996582
2019-12-16 02:51:48.504 2992 RALLYDEBUG rally.task.utils [-] Waiting for resource s_rally_ba560bcc_WSnRjB9C. Status changed: AVAILABLE => DELETING in 0.0735933780670166
2019-12-16 02:51:50.656 2991 INFO rally.task.runner [-] Task 152a923f-0ecc-41ef-b148-1f68907acab3 | ITER: 3 END: OK
2019-12-16 02:51:50.665 2991 INFO rally.task.runner [-] Task 152a923f-0ecc-41ef-b148-1f68907acab3 | ITER: 5 START
2019-12-16 02:51:52.755 2990 INFO rally.task.runner [-] Task 152a923f-0ecc-41ef-b148-1f68907acab3 | ITER: 2 END: OK
2019-12-16 02:51:52.761 2990 INFO rally.task.runner [-] Task 152a923f-0ecc-41ef-b148-1f68907acab3 | ITER: 6 START
2019-12-16 02:51:52.772 2989 INFO rally.task.runner [-] Task 152a923f-0ecc-41ef-b148-1f68907acab3 | ITER: 1 END: OK
2019-12-16 02:51:52.779 2989 INFO rally.task.runner [-] Task 152a923f-0ecc-41ef-b148-1f68907acab3 | ITER: 7 START
2019-12-16 02:51:53.000 2992 INFO rally.task.runner [-] Task 152a923f-0ecc-41ef-b148-1f68907acab3 | ITER: 4 END: OK
2019-12-16 02:51:53.007 2992 INFO rally.task.runner [-] Task 152a923f-0ecc-41ef-b148-1f68907acab3 | ITER: 8 START
2019-12-16 02:51:58.336 2991 RALLYDEBUG rally.task.utils [-] Waiting for resource s_rally_ba560bcc_rwVs1MwR. Status changed: BUILD => ACTIVE in 5.045618534088135
2019-12-16 02:51:59.853 2990 RALLYDEBUG rally.task.utils [-] Waiting for resource s_rally_ba560bcc_TZHYnQgb. Status changed: BUILD => ACTIVE in 4.844898700714111
2019-12-16 02:52:02.104 2989 RALLYDEBUG rally.task.utils [-] Waiting for resource s_rally_ba560bcc_nqPfKsye. Status changed: BUILD => ACTIVE in 6.878483057022095
2019-12-16 02:52:03.791 2991 RALLYDEBUG rally.task.utils [-] Waiting for resource s_rally_ba560bcc_xcNJKuii. Status changed: AVAILABLE => RESERVED in 0.41130685806274414
2019-12-16 02:52:04.896 2992 RALLYDEBUG rally.task.utils [-] Waiting for resource s_rally_ba560bcc_Y0fAn9EG. Status changed: BUILD => ACTIVE in 9.232850313186646
2019-12-16 02:52:05.227 2990 RALLYDEBUG rally.task.utils [-] Waiting for resource s_rally_ba560bcc_gGf6CSOq. Status changed: AVAILABLE => RESERVED in 0.40050625801086426
2019-12-16 02:52:06.200 2991 RALLYDEBUG rally.task.utils [-] Waiting for resource s_rally_ba560bcc_xcNJKuii. Status changed: RESERVED => IN-USE in 2.4088306427001953
2019-12-16 02:52:06.754 2991 RALLYDEBUG rally.task.utils [-] Waiting for resource s_rally_ba560bcc_xcNJKuii. Status changed: AVAILABLE => DETACHING in 0.3973264694213867
2019-12-16 02:52:07.352 2989 RALLYDEBUG rally.task.utils [-] Waiting for resource s_rally_ba560bcc_T8hTqrGS. Status changed: AVAILABLE => RESERVED in 0.3923313617706299
2019-12-16 02:52:07.627 2990 RALLYDEBUG rally.task.utils [-] Waiting for resource s_rally_ba560bcc_gGf6CSOq. Status changed: RESERVED => IN-USE in 2.399195671081543
2019-12-16 02:52:08.231 2990 RALLYDEBUG rally.task.utils [-] Waiting for resource s_rally_ba560bcc_gGf6CSOq. Status changed: AVAILABLE => DETACHING in 0.39778804779052734
2019-12-16 02:52:09.167 2991 RALLYDEBUG rally.task.utils [-] Waiting for resource s_rally_ba560bcc_xcNJKuii. Status changed: DETACHING => AVAILABLE in 2.4129531383514404
2019-12-16 02:52:09.251 2991 RALLYDEBUG rally.task.utils [-] Waiting for resource s_rally_ba560bcc_MLPmlUfi. Status changed: AVAILABLE => DELETING in 0.025331497192382812
2019-12-16 02:52:09.761 2989 RALLYDEBUG rally.task.utils [-] Waiting for resource s_rally_ba560bcc_T8hTqrGS. Status changed: RESERVED => IN-USE in 2.4094398021698
2019-12-16 02:52:10.134 2992 RALLYDEBUG rally.task.utils [-] Waiting for resource s_rally_ba560bcc_SlfA1x2d. Status changed: AVAILABLE => RESERVED in 0.4181067943572998
2019-12-16 02:52:10.338 2989 RALLYDEBUG rally.task.utils [-] Waiting for resource s_rally_ba560bcc_T8hTqrGS. Status changed: AVAILABLE => DETACHING in 0.42501306533813477
2019-12-16 02:52:10.649 2990 RALLYDEBUG rally.task.utils [-] Waiting for resource s_rally_ba560bcc_gGf6CSOq. Status changed: DETACHING => AVAILABLE in 2.4181129932403564
2019-12-16 02:52:10.737 2990 RALLYDEBUG rally.task.utils [-] Waiting for resource s_rally_ba560bcc_iQnLB7Su. Status changed: AVAILABLE => DELETING in 0.02524399757385254
2019-12-16 02:52:11.540 2991 RALLYDEBUG rally.task.utils [-] Waiting for resource s_rally_ba560bcc_xcNJKuii. Status changed: AVAILABLE => DELETING in 0.1813797950744629
2019-12-16 02:52:12.574 2992 RALLYDEBUG rally.task.utils [-] Waiting for resource s_rally_ba560bcc_SlfA1x2d. Status changed: RESERVED => IN-USE in 2.4400875568389893
2019-12-16 02:52:12.764 2989 RALLYDEBUG rally.task.utils [-] Waiting for resource s_rally_ba560bcc_T8hTqrGS. Status changed: DETACHING => AVAILABLE in 2.4256341457366943
2019-12-16 02:52:12.857 2989 RALLYDEBUG rally.task.utils [-] Waiting for resource s_rally_ba560bcc_qcUt07QT. Status changed: AVAILABLE => DELETING in 0.027368783950805664
2019-12-16 02:52:12.879 2990 RALLYDEBUG rally.task.utils [-] Waiting for resource s_rally_ba560bcc_gGf6CSOq. Status changed: AVAILABLE => DELETING in 0.05259108543395996
2019-12-16 02:52:13.164 2992 RALLYDEBUG rally.task.utils [-] Waiting for resource s_rally_ba560bcc_SlfA1x2d. Status changed: AVAILABLE => DETACHING in 0.4099287986755371
2019-12-16 02:52:15.011 2989 RALLYDEBUG rally.task.utils [-] Waiting for resource s_rally_ba560bcc_T8hTqrGS. Status changed: AVAILABLE => DELETING in 0.05852818489074707
2019-12-16 02:52:15.582 2992 RALLYDEBUG rally.task.utils [-] Waiting for resource s_rally_ba560bcc_SlfA1x2d. Status changed: DETACHING => AVAILABLE in 2.4177918434143066
2019-12-16 02:52:15.668 2992 RALLYDEBUG rally.task.utils [-] Waiting for resource s_rally_ba560bcc_ZbWXwCrU. Status changed: AVAILABLE => DELETING in 0.026913881301879883
2019-12-16 02:52:15.986 2991 INFO rally.task.runner [-] Task 152a923f-0ecc-41ef-b148-1f68907acab3 | ITER: 5 END: OK
2019-12-16 02:52:15.991 2991 INFO rally.task.runner [-] Task 152a923f-0ecc-41ef-b148-1f68907acab3 | ITER: 9 START
2019-12-16 02:52:17.297 2990 INFO rally.task.runner [-] Task 152a923f-0ecc-41ef-b148-1f68907acab3 | ITER: 6 END: OK
2019-12-16 02:52:17.302 2990 INFO rally.task.runner [-] Task 152a923f-0ecc-41ef-b148-1f68907acab3 | ITER: 10 START
2019-12-16 02:52:17.830 2992 RALLYDEBUG rally.task.utils [-] Waiting for resource s_rally_ba560bcc_SlfA1x2d. Status changed: AVAILABLE => DELETING in 0.07762432098388672
2019-12-16 02:52:19.481 2989 INFO rally.task.runner [-] Task 152a923f-0ecc-41ef-b148-1f68907acab3 | ITER: 7 END: OK
2019-12-16 02:52:22.255 2992 INFO rally.task.runner [-] Task 152a923f-0ecc-41ef-b148-1f68907acab3 | ITER: 8 END: OK
2019-12-16 02:52:23.178 2991 RALLYDEBUG rally.task.utils [-] Waiting for resource s_rally_ba560bcc_CODEbVQM. Status changed: BUILD => ACTIVE in 4.8856940269470215
2019-12-16 02:52:24.380 2990 RALLYDEBUG rally.task.utils [-] Waiting for resource s_rally_ba560bcc_Jvhn6Vlx. Status changed: BUILD => ACTIVE in 4.660384178161621
2019-12-16 02:52:28.573 2991 RALLYDEBUG rally.task.utils [-] Waiting for resource s_rally_ba560bcc_H9Il0BRg. Status changed: AVAILABLE => RESERVED in 0.43458056449890137
2019-12-16 02:52:29.676 2990 RALLYDEBUG rally.task.utils [-] Waiting for resource s_rally_ba560bcc_CeJ05yBu. Status changed: AVAILABLE => RESERVED in 0.4145491123199463
2019-12-16 02:52:30.981 2991 RALLYDEBUG rally.task.utils [-] Waiting for resource s_rally_ba560bcc_H9Il0BRg. Status changed: RESERVED => IN-USE in 2.4077441692352295
2019-12-16 02:52:31.702 2991 RALLYDEBUG rally.task.utils [-] Waiting for resource s_rally_ba560bcc_H9Il0BRg. Status changed: AVAILABLE => DETACHING in 0.41724514961242676
2019-12-16 02:52:32.092 2990 RALLYDEBUG rally.task.utils [-] Waiting for resource s_rally_ba560bcc_CeJ05yBu. Status changed: RESERVED => IN-USE in 2.416501045227051
2019-12-16 02:52:32.675 2990 RALLYDEBUG rally.task.utils [-] Waiting for resource s_rally_ba560bcc_CeJ05yBu. Status changed: AVAILABLE => DETACHING in 0.4032907485961914
2019-12-16 02:52:34.140 2991 RALLYDEBUG rally.task.utils [-] Waiting for resource s_rally_ba560bcc_H9Il0BRg. Status changed: DETACHING => AVAILABLE in 2.4382400512695312
2019-12-16 02:52:34.233 2991 RALLYDEBUG rally.task.utils [-] Waiting for resource s_rally_ba560bcc_qLrTMsD5. Status changed: AVAILABLE => DELETING in 0.02949666976928711
2019-12-16 02:52:35.093 2990 RALLYDEBUG rally.task.utils [-] Waiting for resource s_rally_ba560bcc_CeJ05yBu. Status changed: DETACHING => AVAILABLE in 2.4178731441497803
2019-12-16 02:52:35.186 2990 RALLYDEBUG rally.task.utils [-] Waiting for resource s_rally_ba560bcc_WIkAnf8U. Status changed: AVAILABLE => DELETING in 0.02615499496459961
2019-12-16 02:52:36.398 2991 RALLYDEBUG rally.task.utils [-] Waiting for resource s_rally_ba560bcc_H9Il0BRg. Status changed: AVAILABLE => DELETING in 0.06585979461669922
2019-12-16 02:52:37.350 2990 RALLYDEBUG rally.task.utils [-] Waiting for resource s_rally_ba560bcc_CeJ05yBu. Status changed: AVAILABLE => DELETING in 0.06234431266784668
2019-12-16 02:52:40.942 2991 INFO rally.task.runner [-] Task 152a923f-0ecc-41ef-b148-1f68907acab3 | ITER: 9 END: OK
2019-12-16 02:52:41.751 2990 INFO rally.task.runner [-] Task 152a923f-0ecc-41ef-b148-1f68907acab3 | ITER: 10 END: OK
2019-12-16 02:52:41.784 1845 INFO rally.task.context [-] Task 152a923f-0ecc-41ef-b148-1f68907acab3 | Context cleanup@openstack cleanup() started
2019-12-16 02:52:41.788 1845 RALLYDEBUG rally_openstack.cleanup.manager [-] Cleaning up nova servers objects
2019-12-16 02:52:43.147 1845 RALLYDEBUG rally_openstack.cleanup.manager [-] Cleaning up nova server_groups objects
2019-12-16 02:52:44.280 1845 RALLYDEBUG rally_openstack.cleanup.manager [-] Cleaning up nova keypairs objects
2019-12-16 02:52:46.530 1845 RALLYDEBUG rally_openstack.cleanup.manager [-] Cleaning up cinder backups objects
2019-12-16 02:52:47.676 1845 RALLYDEBUG rally_openstack.cleanup.manager [-] Cleaning up cinder volume_snapshots objects
2019-12-16 02:52:48.795 1845 RALLYDEBUG rally_openstack.cleanup.manager [-] Cleaning up cinder transfers objects
2019-12-16 02:52:49.892 1845 RALLYDEBUG rally_openstack.cleanup.manager [-] Cleaning up cinder volumes objects
2019-12-16 02:52:51.082 1845 INFO rally.task.context [-] Task 152a923f-0ecc-41ef-b148-1f68907acab3 | Context cleanup@openstack cleanup() finished in 9.30 sec
2019-12-16 02:52:51.082 1845 INFO rally.task.context [-] Task 152a923f-0ecc-41ef-b148-1f68907acab3 | Context quotas@openstack cleanup() started
2019-12-16 02:52:51.146 1845 INFO rally.task.context [-] Task 152a923f-0ecc-41ef-b148-1f68907acab3 | Context quotas@openstack cleanup() finished in 63.24 msec
2019-12-16 02:52:51.146 1845 INFO rally.task.context [-] Task 152a923f-0ecc-41ef-b148-1f68907acab3 | Context api_versions@openstack cleanup() started
2019-12-16 02:52:51.146 1845 INFO rally.task.context [-] Task 152a923f-0ecc-41ef-b148-1f68907acab3 | Context api_versions@openstack cleanup() finished in 0.30 msec
2019-12-16 02:52:51.147 1845 INFO rally.task.context [-] Task 152a923f-0ecc-41ef-b148-1f68907acab3 | Context users@openstack cleanup() started
2019-12-16 02:52:54.949 1845 INFO rally.task.context [-] Task 152a923f-0ecc-41ef-b148-1f68907acab3 | Context users@openstack cleanup() finished in 3.80 sec
2019-12-16 02:52:55.608 1845 INFO rally.task.engine [-] Load duration is: 74.812019
2019-12-16 02:52:55.608 1845 INFO rally.task.engine [-] Full runner duration is: 75.869261
2019-12-16 02:52:55.609 1845 INFO rally.task.engine [-] Full duration is: 93.766794
2019-12-16 02:52:55.938 1845 INFO rally.task.engine [-] Running workload: position = 0 config = { "version": 2, "title": "A cropped version of a bigger task.", "description": "Auto-generated task from a single workload (uuid=10d7b101-d425-4373-a228-ea6417bafe5b)", "subtasks": [ { "title": "CinderVolumes.create_snapshot_and_attach_volume", "description": "Create vm, volume, snapshot and attach/detach volume.", "scenario": { "CinderVolumes.create_snapshot_and_attach_volume": { "flavor": { "name": "rally_full-flavor_102dc671-f436-4d4d-b368-5b0ed177eae0" }, "image": { "name": "rally_full-img_102dc671-f436-4d4d-b368-5b0ed177eae0" }, "size": { "min": 1, "max": 1 }, "create_vm_params": { "nics": [ { "net-id": "c51c8544-d62f-4817-b7df-cb0981aba4ec" } ] } } }, "contexts": { "users": { "tenants": 3, "users_per_tenant": 2 }, "quotas": { "cinder": { "gigabytes": -1, "snapshots": -1, "volumes": -1 } }, "api_versions": { "cinder": { "version": 3, "service_type": "volumev3" } } }, "runner": { "constant": { "concurrency": 4, "times": 10 } }, "hooks": [], "sla": { "failure_rate": { "max": 0 } } } ] }
2019-12-16 02:52:55.967 1845 RALLYDEBUG rally_openstack.contexts.keystone.users [-] Creating 3 tenants using 20 threads
2019-12-16 02:52:56.977 1845 RALLYDEBUG rally_openstack.contexts.keystone.users [-] Creating 6 users using 20 threads
2019-12-16 02:52:58.660 1845 INFO rally.task.context [-] Task 152a923f-0ecc-41ef-b148-1f68907acab3 | Context users@openstack setup() finished in 2.69 sec
2019-12-16 02:52:59.054 1845 INFO rally.task.context [-] Task 152a923f-0ecc-41ef-b148-1f68907acab3 | Context api_versions@openstack setup() finished in 0.39 sec
2019-12-16 02:52:59.842 1845 INFO rally.task.context [-] Task 152a923f-0ecc-41ef-b148-1f68907acab3 | Context quotas@openstack setup() finished in 0.79 sec
2019-12-16 02:52:59.842 1845 INFO rally.task.context [-] Task 152a923f-0ecc-41ef-b148-1f68907acab3 | Context cleanup@openstack setup() finished in 0.02 msec
2019-12-16 02:53:00.818 1845 RALLYDEBUG rally.task.runner [-] Starting the constant runner (task UUID: 152a923f-0ecc-41ef-b148-1f68907acab3). times: 10 concurrency: 4 timeout: 0 max_cpu_used: 16 processes_to_start: 4 concurrency_per_worker: 1 concurrency_overhead: 0
2019-12-16 02:53:00.831 3233 RALLYDEBUG rally.task.runner [-] Starting a worker. times: 10 duration: None concurrency: 1 timeout: 0 cls: method_name: run args: {"flavor": "c1b316bb-9aea-40b2-9eed-8480abe7834e", "image": "02e2d7fc-4c21-4af2-9b3a-22bc0af0001a", "size": {"min": 1, "max": 1}, "create_vm_params": {"nics": [{"net-id": "c51c8544-d62f-4817-b7df-cb0981aba4ec"}]}}
2019-12-16 02:53:00.835 3234 RALLYDEBUG rally.task.runner [-] Starting a worker. times: 10 duration: None concurrency: 1 timeout: 0 cls: method_name: run args: {"flavor": "c1b316bb-9aea-40b2-9eed-8480abe7834e", "image": "02e2d7fc-4c21-4af2-9b3a-22bc0af0001a", "size": {"min": 1, "max": 1}, "create_vm_params": {"nics": [{"net-id": "c51c8544-d62f-4817-b7df-cb0981aba4ec"}]}}
2019-12-16 02:53:00.838 3233 INFO rally.task.runner [-] Task 152a923f-0ecc-41ef-b148-1f68907acab3 | ITER: 1 START
2019-12-16 02:53:00.838 3235 RALLYDEBUG rally.task.runner [-] Starting a worker. times: 10 duration: None concurrency: 1 timeout: 0 cls: method_name: run args: {"flavor": "c1b316bb-9aea-40b2-9eed-8480abe7834e", "image": "02e2d7fc-4c21-4af2-9b3a-22bc0af0001a", "size": {"min": 1, "max": 1}, "create_vm_params": {"nics": [{"net-id": "c51c8544-d62f-4817-b7df-cb0981aba4ec"}]}}
2019-12-16 02:53:00.842 3234 INFO rally.task.runner [-] Task 152a923f-0ecc-41ef-b148-1f68907acab3 | ITER: 2 START
2019-12-16 02:53:00.842 3238 RALLYDEBUG rally.task.runner [-] Starting a worker. times: 10 duration: None concurrency: 1 timeout: 0 cls: method_name: run args: {"flavor": "c1b316bb-9aea-40b2-9eed-8480abe7834e", "image": "02e2d7fc-4c21-4af2-9b3a-22bc0af0001a", "size": {"min": 1, "max": 1}, "create_vm_params": {"nics": [{"net-id": "c51c8544-d62f-4817-b7df-cb0981aba4ec"}]}}
2019-12-16 02:53:00.846 3235 INFO rally.task.runner [-] Task 152a923f-0ecc-41ef-b148-1f68907acab3 | ITER: 3 START
2019-12-16 02:53:00.849 3238 INFO rally.task.runner [-] Task 152a923f-0ecc-41ef-b148-1f68907acab3 | ITER: 4 START
2019-12-16 02:53:12.803 3233 RALLYDEBUG rally.task.utils [-] Waiting for resource s_rally_10d7b101_EdICinC0. Status changed: BUILD => ACTIVE in 4.716825485229492
2019-12-16 02:53:12.958 3238 RALLYDEBUG rally.task.utils [-] Waiting for resource s_rally_10d7b101_KfXz1uqN. Status changed: BUILD => ACTIVE in 4.711671590805054
2019-12-16 02:53:13.495 3233 RALLYDEBUG rally.task.utils [-] Waiting for resource s_rally_10d7b101_fgyZzkxX. Status changed: AVAILABLE => RESERVED in 0.41344213485717773
2019-12-16 02:53:13.648 3238 RALLYDEBUG rally.task.utils [-] Waiting for resource s_rally_10d7b101_Rn4Zv7NO. Status changed: AVAILABLE => RESERVED in 0.4153759479522705
2019-12-16 02:53:14.368 3235 RALLYDEBUG rally.task.utils [-] Waiting for resource s_rally_10d7b101_71RVJ6N0. Status changed: BUILD => ACTIVE in 6.8260602951049805
2019-12-16 02:53:14.451 3234 RALLYDEBUG rally.task.utils [-] Waiting for resource s_rally_10d7b101_lgHDu5Mv. Status changed: BUILD => ACTIVE in 6.815912961959839
2019-12-16 02:53:15.032 3235 RALLYDEBUG rally.task.utils [-] Waiting for resource s_rally_10d7b101_ANnPhona. Status changed: AVAILABLE => RESERVED in 0.4023745059967041
2019-12-16 02:53:15.147 3234 RALLYDEBUG rally.task.utils [-] Waiting for resource s_rally_10d7b101_vyJhCjXJ. Status changed: AVAILABLE => RESERVED in 0.4436485767364502
2019-12-16 02:53:15.900 3233 RALLYDEBUG rally.task.utils [-] Waiting for resource s_rally_10d7b101_fgyZzkxX. Status changed: RESERVED => IN-USE in 2.4047486782073975
2019-12-16 02:53:16.058 3238 RALLYDEBUG rally.task.utils [-] Waiting for resource s_rally_10d7b101_Rn4Zv7NO. Status changed: RESERVED => IN-USE in 2.410766839981079
2019-12-16 02:53:16.471 3233 RALLYDEBUG rally.task.utils [-] Waiting for resource s_rally_10d7b101_fgyZzkxX. Status changed: AVAILABLE => DETACHING in 0.4122650623321533
2019-12-16 02:53:16.640 3238 RALLYDEBUG rally.task.utils [-] Waiting for resource s_rally_10d7b101_Rn4Zv7NO. Status changed: AVAILABLE => DETACHING in 0.42376279830932617
2019-12-16 02:53:17.450 3235 RALLYDEBUG rally.task.utils [-] Waiting for resource s_rally_10d7b101_ANnPhona. Status changed: RESERVED => IN-USE in 2.418520450592041
2019-12-16 02:53:17.557 3234 RALLYDEBUG rally.task.utils [-] Waiting for resource s_rally_10d7b101_vyJhCjXJ. Status changed: RESERVED => IN-USE in 2.410097360610962
2019-12-16 02:53:18.027 3235 RALLYDEBUG rally.task.utils [-] Waiting for resource s_rally_10d7b101_ANnPhona. Status changed: AVAILABLE => DETACHING in 0.4114408493041992
2019-12-16 02:53:18.126 3234 RALLYDEBUG rally.task.utils [-] Waiting for resource s_rally_10d7b101_vyJhCjXJ. Status changed: AVAILABLE => DETACHING in 0.4132535457611084
2019-12-16 02:53:18.877 3233 RALLYDEBUG rally.task.utils [-] Waiting for resource s_rally_10d7b101_fgyZzkxX. Status changed: DETACHING => AVAILABLE in 2.4062533378601074
2019-12-16 02:53:18.969 3233 RALLYDEBUG rally.task.utils [-] Waiting for resource s_rally_10d7b101_WrHVQtPl. Status changed: AVAILABLE => DELETING in 0.027680635452270508
2019-12-16 02:53:19.038 3238 RALLYDEBUG rally.task.utils [-] Waiting for resource s_rally_10d7b101_Rn4Zv7NO. Status changed: DETACHING => AVAILABLE in 2.397177219390869
2019-12-16 02:53:19.127 3238 RALLYDEBUG rally.task.utils [-] Waiting for resource s_rally_10d7b101_OnFeP4fR. Status changed: AVAILABLE => DELETING in 0.02588200569152832
2019-12-16 02:53:20.454 3235 RALLYDEBUG rally.task.utils [-] Waiting for resource s_rally_10d7b101_ANnPhona. Status changed: DETACHING => AVAILABLE in 2.427022695541382
2019-12-16 02:53:20.541 3234 RALLYDEBUG rally.task.utils [-] Waiting for resource s_rally_10d7b101_vyJhCjXJ. Status changed: DETACHING => AVAILABLE in 2.414849281311035
2019-12-16 02:53:20.544 3235 RALLYDEBUG rally.task.utils [-] Waiting for resource s_rally_10d7b101_xxt63k3o. Status changed: AVAILABLE => DELETING in 0.026224374771118164
2019-12-16 02:53:20.631 3234 RALLYDEBUG rally.task.utils [-] Waiting for resource s_rally_10d7b101_ny2oFm5d. Status changed: AVAILABLE => DELETING in 0.02882552146911621
2019-12-16 02:53:21.122 3233 RALLYDEBUG rally.task.utils [-] Waiting for resource s_rally_10d7b101_fgyZzkxX. Status changed: AVAILABLE => DELETING in 0.054946184158325195
2019-12-16 02:53:21.280 3238 RALLYDEBUG rally.task.utils [-] Waiting for resource s_rally_10d7b101_Rn4Zv7NO. Status changed: AVAILABLE => DELETING in 0.05536961555480957
2019-12-16 02:53:22.714 3235 RALLYDEBUG rally.task.utils [-] Waiting for resource s_rally_10d7b101_ANnPhona. Status changed: AVAILABLE => DELETING in 0.0639185905456543
2019-12-16 02:53:22.791 3234 RALLYDEBUG rally.task.utils [-] Waiting for resource s_rally_10d7b101_vyJhCjXJ. Status changed: AVAILABLE => DELETING in 0.061430931091308594
2019-12-16 02:53:25.586 3233 INFO rally.task.runner [-] Task 152a923f-0ecc-41ef-b148-1f68907acab3 | ITER: 1 END: OK
2019-12-16 02:53:25.592 3233 INFO rally.task.runner [-] Task 152a923f-0ecc-41ef-b148-1f68907acab3 | ITER: 5 START
2019-12-16 02:53:25.668 3238 INFO rally.task.runner [-] Task 152a923f-0ecc-41ef-b148-1f68907acab3 | ITER: 4 END: OK
2019-12-16 02:53:25.675 3238 INFO rally.task.runner [-] Task 152a923f-0ecc-41ef-b148-1f68907acab3 | ITER: 6 START
2019-12-16 02:53:27.069 3235 INFO rally.task.runner [-] Task 152a923f-0ecc-41ef-b148-1f68907acab3 | ITER: 3 END: OK
2019-12-16 02:53:27.075 3235 INFO rally.task.runner [-] Task 152a923f-0ecc-41ef-b148-1f68907acab3 | ITER: 7 START
2019-12-16 02:53:27.271 3234 INFO rally.task.runner [-] Task 152a923f-0ecc-41ef-b148-1f68907acab3 | ITER: 2 END: OK
2019-12-16 02:53:27.277 3234 INFO rally.task.runner [-] Task 152a923f-0ecc-41ef-b148-1f68907acab3 | ITER: 8 START
2019-12-16 02:53:37.173 3233 RALLYDEBUG rally.task.utils [-] Waiting for resource s_rally_10d7b101_8qOZVzwH. Status changed: BUILD => ACTIVE in 4.5901854038238525
2019-12-16 02:53:37.888 3233 RALLYDEBUG rally.task.utils [-] Waiting for resource s_rally_10d7b101_oiSXzdfA. Status changed: AVAILABLE => RESERVED in 0.4042201042175293
2019-12-16 02:53:38.526 3235 RALLYDEBUG rally.task.utils [-] Waiting for resource s_rally_10d7b101_0jGqYLqU. Status changed: BUILD => ACTIVE in 4.550112009048462
2019-12-16 02:53:39.177 3238 RALLYDEBUG rally.task.utils [-] Waiting for resource s_rally_10d7b101_vcmkh6wl. Status changed: BUILD => ACTIVE in 6.727845668792725
2019-12-16 02:53:39.200 3235 RALLYDEBUG rally.task.utils [-] Waiting for resource s_rally_10d7b101_0R8WBOfd. Status changed: AVAILABLE => RESERVED in 0.40416932106018066
2019-12-16 02:53:39.861 3238 RALLYDEBUG rally.task.utils [-] Waiting for resource s_rally_10d7b101_DXJa2ZZe. Status changed: AVAILABLE => RESERVED in 0.4023284912109375
2019-12-16 02:53:40.410 3233 RALLYDEBUG rally.task.utils [-] Waiting for resource s_rally_10d7b101_oiSXzdfA. Status changed: RESERVED => IN-USE in 2.521709680557251
2019-12-16 02:53:40.988 3234 RALLYDEBUG rally.task.utils [-] Waiting for resource s_rally_10d7b101_UefmvjaV. Status changed: BUILD => ACTIVE in 6.8525426387786865
2019-12-16 02:53:41.015 3233 RALLYDEBUG rally.task.utils [-] Waiting for resource s_rally_10d7b101_oiSXzdfA. Status changed: AVAILABLE => DETACHING in 0.40683984756469727
2019-12-16 02:53:41.603 3235 RALLYDEBUG rally.task.utils [-] Waiting for resource s_rally_10d7b101_0R8WBOfd. Status changed: RESERVED => IN-USE in 2.4023597240448
2019-12-16 02:53:41.658 3234 RALLYDEBUG rally.task.utils [-] Waiting for resource s_rally_10d7b101_SogBnzgf. Status changed: AVAILABLE => RESERVED in 0.41495633125305176
2019-12-16 02:53:42.178 3235 RALLYDEBUG rally.task.utils [-] Waiting for resource s_rally_10d7b101_0R8WBOfd. Status changed: AVAILABLE => DETACHING in 0.4199831485748291
2019-12-16 02:53:42.277 3238 RALLYDEBUG rally.task.utils [-] Waiting for resource s_rally_10d7b101_DXJa2ZZe. Status changed: RESERVED => IN-USE in 2.4161272048950195
2019-12-16 02:53:42.843 3238 RALLYDEBUG rally.task.utils [-] Waiting for resource s_rally_10d7b101_DXJa2ZZe. Status changed: AVAILABLE => DETACHING in 0.4146089553833008
2019-12-16 02:53:43.416 3233 RALLYDEBUG rally.task.utils [-] Waiting for resource s_rally_10d7b101_oiSXzdfA. Status changed: DETACHING => AVAILABLE in 2.4008519649505615
2019-12-16 02:53:43.509 3233 RALLYDEBUG rally.task.utils [-] Waiting for resource s_rally_10d7b101_6oaHXmZ4. Status changed: AVAILABLE => DELETING in 0.029268503189086914
2019-12-16 02:53:44.080 3234 RALLYDEBUG rally.task.utils [-] Waiting for resource s_rally_10d7b101_SogBnzgf. Status changed: RESERVED => IN-USE in 2.421245574951172
2019-12-16 02:53:44.581 3235 RALLYDEBUG rally.task.utils [-] Waiting for resource s_rally_10d7b101_0R8WBOfd. Status changed: DETACHING => AVAILABLE in 2.4034180641174316
2019-12-16 02:53:44.645 3234 RALLYDEBUG rally.task.utils [-] Waiting for resource s_rally_10d7b101_SogBnzgf. Status changed: AVAILABLE => DETACHING in 0.4120032787322998
2019-12-16 02:53:44.671 3235 RALLYDEBUG rally.task.utils [-] Waiting for resource s_rally_10d7b101_bt38UOFi. Status changed: AVAILABLE => DELETING in 0.02707839012145996
2019-12-16 02:53:45.248 3238 RALLYDEBUG rally.task.utils [-] Waiting for resource s_rally_10d7b101_DXJa2ZZe. Status changed: DETACHING => AVAILABLE in 2.405460834503174
2019-12-16 02:53:45.336 3238 RALLYDEBUG rally.task.utils [-] Waiting for resource s_rally_10d7b101_3Jypahka. Status changed: AVAILABLE => DELETING in 0.025880813598632812
2019-12-16 02:53:45.674 3233 RALLYDEBUG rally.task.utils [-] Waiting for resource s_rally_10d7b101_oiSXzdfA. Status changed: AVAILABLE => DELETING in 0.05911827087402344
