2019-12-16 03:24:38.103 15857 RALLYDEBUG rally.task.runner [-] Starting a worker. times: 10 duration: None concurrency: 1 timeout: 0 cls: method_name: run args: {"network_create_args": {}, "router_create_args": {}, "subnet_cidr_start": "1.1.0.0/30", "subnet_create_args": {}, "subnets_per_network": 1}
2019-12-16 03:24:38.106 15855 INFO rally.task.runner [-] Task a17d2ce6-4f4c-438d-bb8b-c9a3a19701c8 | ITER: 3 START
2019-12-16 03:24:38.110 15857 INFO rally.task.runner [-] Task a17d2ce6-4f4c-438d-bb8b-c9a3a19701c8 | ITER: 4 START
2019-12-16 03:24:38.745 15854 RALLYDEBUG rally_openstack.wrappers.network [-] CIDR generated: 1.1.0.104/30
2019-12-16 03:24:38.798 15857 RALLYDEBUG rally_openstack.wrappers.network [-] CIDR generated: 1.1.0.108/30
2019-12-16 03:24:38.820 15853 RALLYDEBUG rally_openstack.wrappers.network [-] CIDR generated: 1.1.0.112/30
2019-12-16 03:24:39.342 15855 RALLYDEBUG rally_openstack.wrappers.network [-] CIDR generated: 1.1.0.116/30
2019-12-16 03:24:44.058 15857 INFO rally.task.runner [-] Task a17d2ce6-4f4c-438d-bb8b-c9a3a19701c8 | ITER: 4 END: OK
2019-12-16 03:24:44.058 15853 INFO rally.task.runner [-] Task a17d2ce6-4f4c-438d-bb8b-c9a3a19701c8 | ITER: 1 END: OK
2019-12-16 03:24:44.063 15857 INFO rally.task.runner [-] Task a17d2ce6-4f4c-438d-bb8b-c9a3a19701c8 | ITER: 5 START
2019-12-16 03:24:44.063 15853 INFO rally.task.runner [-] Task a17d2ce6-4f4c-438d-bb8b-c9a3a19701c8 | ITER: 6 START
2019-12-16 03:24:44.102 15854 INFO rally.task.runner [-] Task a17d2ce6-4f4c-438d-bb8b-c9a3a19701c8 | ITER: 2 END: OK
2019-12-16 03:24:44.107 15854 INFO rally.task.runner [-] Task a17d2ce6-4f4c-438d-bb8b-c9a3a19701c8 | ITER: 7 START
2019-12-16 03:24:44.576 15854 RALLYDEBUG rally_openstack.wrappers.network [-] CIDR generated: 1.1.0.120/30
2019-12-16 03:24:44.624 15857 RALLYDEBUG rally_openstack.wrappers.network [-] CIDR generated: 1.1.0.124/30
2019-12-16 03:24:44.625 15853 RALLYDEBUG rally_openstack.wrappers.network [-] CIDR generated: 1.1.0.128/30
2019-12-16 03:24:45.047 15855 INFO rally.task.runner [-] Task a17d2ce6-4f4c-438d-bb8b-c9a3a19701c8 | ITER: 3 END: OK
2019-12-16 03:24:45.052 15855 INFO rally.task.runner [-] Task a17d2ce6-4f4c-438d-bb8b-c9a3a19701c8 | ITER: 8 START
2019-12-16 03:24:45.572 15855 RALLYDEBUG rally_openstack.wrappers.network [-] CIDR generated: 1.1.0.132/30
2019-12-16 03:24:49.077 15853 INFO rally.task.runner [-] Task a17d2ce6-4f4c-438d-bb8b-c9a3a19701c8 | ITER: 6 END: OK
2019-12-16 03:24:49.081 15853 INFO rally.task.runner [-] Task a17d2ce6-4f4c-438d-bb8b-c9a3a19701c8 | ITER: 9 START
2019-12-16 03:24:49.428 15854 INFO rally.task.runner [-] Task a17d2ce6-4f4c-438d-bb8b-c9a3a19701c8 | ITER: 7 END: OK
2019-12-16 03:24:49.431 15854 INFO rally.task.runner [-] Task a17d2ce6-4f4c-438d-bb8b-c9a3a19701c8 | ITER: 10 START
2019-12-16 03:24:49.659 15853 RALLYDEBUG rally_openstack.wrappers.network [-] CIDR generated: 1.1.0.136/30
2019-12-16 03:24:49.900 15854 RALLYDEBUG rally_openstack.wrappers.network [-] CIDR generated: 1.1.0.140/30
2019-12-16 03:24:50.161 15857 INFO rally.task.runner [-] Task a17d2ce6-4f4c-438d-bb8b-c9a3a19701c8 | ITER: 5 END: OK
2019-12-16 03:24:50.958 15855 INFO rally.task.runner [-] Task a17d2ce6-4f4c-438d-bb8b-c9a3a19701c8 | ITER: 8 END: OK
2019-12-16 03:24:54.502 15854 INFO rally.task.runner [-] Task a17d2ce6-4f4c-438d-bb8b-c9a3a19701c8 | ITER: 10 END: OK
2019-12-16 03:24:54.803 15853 INFO rally.task.runner [-] Task a17d2ce6-4f4c-438d-bb8b-c9a3a19701c8 | ITER: 9 END: OK
2019-12-16 03:24:54.834 13785 INFO rally.task.context [-] Task a17d2ce6-4f4c-438d-bb8b-c9a3a19701c8 | Context cleanup@openstack cleanup() started
2019-12-16 03:24:54.837 13785 RALLYDEBUG rally_openstack.cleanup.manager [-] Cleaning up neutron vip objects
2019-12-16 03:24:55.997 13785 RALLYDEBUG rally_openstack.cleanup.manager [-] Cleaning up neutron health_monitor objects
2019-12-16 03:24:57.069 13785 RALLYDEBUG rally_openstack.cleanup.manager [-] Cleaning up neutron pool objects
2019-12-16 03:24:58.124 13785 RALLYDEBUG rally_openstack.cleanup.manager [-] Cleaning up neutron loadbalancer objects
2019-12-16 03:24:59.217 13785 RALLYDEBUG rally_openstack.cleanup.manager [-] Cleaning up neutron floatingip objects
2019-12-16 03:25:00.400 13785 RALLYDEBUG rally_openstack.cleanup.manager [-] Cleaning up neutron trunk objects
2019-12-16 03:25:01.513 13785 RALLYDEBUG rally_openstack.cleanup.manager [-] Cleaning up neutron port objects
2019-12-16 03:25:02.830 13785 RALLYDEBUG rally_openstack.cleanup.manager [-] Cleaning up neutron subnet objects
2019-12-16 03:25:04.060 13785 RALLYDEBUG rally_openstack.cleanup.manager [-] Deleting neutron.subnet object s_rally_e011a1f1_IVmMZwve (3be21d38-6a88-438e-9e1a-c01292e8f370)
2019-12-16 03:25:04.069 13785 RALLYDEBUG rally_openstack.cleanup.manager [-] Deleting neutron.subnet object s_rally_e011a1f1_UE8l6UvP (8a49ae6d-764e-41c9-922c-bed0ed10e391)
2019-12-16 03:25:04.078 13785 RALLYDEBUG rally_openstack.cleanup.manager [-] Deleting neutron.subnet object s_rally_e011a1f1_PQlCp7oo (c850aeab-3754-44c2-a38e-e82b5af0ea22)
2019-12-16 03:25:04.082 13785 RALLYDEBUG rally_openstack.cleanup.manager [-] Deleting neutron.subnet object s_rally_e011a1f1_JH4ercDY (dd0fe915-80ea-4e61-9fd2-6a3831e20f0e)
2019-12-16 03:25:04.097 13785 RALLYDEBUG rally_openstack.cleanup.manager [-] Deleting neutron.subnet object s_rally_e011a1f1_X3fS3ROJ (45c2f1f3-9ab0-4207-8698-ab597cdfdbb1)
2019-12-16 03:25:04.102 13785 RALLYDEBUG rally_openstack.cleanup.manager [-] Deleting neutron.subnet object s_rally_e011a1f1_KWde7aIa (96773d54-d104-49d2-b758-8e4032b7b8f6)
2019-12-16 03:25:04.106 13785 RALLYDEBUG rally_openstack.cleanup.manager [-] Deleting neutron.subnet object s_rally_e011a1f1_XnSzx8Pg (c7a4feff-2984-4929-9e49-0fd79f18fa1c)
2019-12-16 03:25:04.121 13785 RALLYDEBUG rally_openstack.cleanup.manager [-] Deleting neutron.subnet object s_rally_e011a1f1_8UofOkw4 (867320e1-8f55-43be-9ea7-45d7bb34662e)
2019-12-16 03:25:04.135 13785 RALLYDEBUG rally_openstack.cleanup.manager [-] Deleting neutron.subnet object s_rally_e011a1f1_uin53lfn (c79dae27-7af7-4dbc-82d0-77191377e697)
2019-12-16 03:25:04.152 13785 RALLYDEBUG rally_openstack.cleanup.manager [-] Deleting neutron.subnet object s_rally_e011a1f1_Q6Q2SyFg (ca31467e-ee48-439e-93b2-c75697cff4b6)
2019-12-16 03:25:07.350 13785 RALLYDEBUG rally_openstack.cleanup.manager [-] Cleaning up neutron network objects
2019-12-16 03:25:08.644 13785 RALLYDEBUG rally_openstack.cleanup.manager [-] Deleting neutron.network object s_rally_e011a1f1_g5JqvQXq (22b9dfb8-bef3-4af1-83bf-7233b1b7f703)
2019-12-16 03:25:08.648 13785 RALLYDEBUG rally_openstack.cleanup.manager [-] Deleting neutron.network object s_rally_e011a1f1_xC0j3FMa (8e02ba6c-8717-4d9c-b9df-ec0d30271f64)
2019-12-16 03:25:08.658 13785 RALLYDEBUG rally_openstack.cleanup.manager [-] Deleting neutron.network object s_rally_e011a1f1_XaaRwU5A (d60c60d1-4234-489d-a718-4325c315e086)
2019-12-16 03:25:08.671 13785 RALLYDEBUG rally_openstack.cleanup.manager [-] Deleting neutron.network object s_rally_e011a1f1_wOjMGeej (dc5b79b6-172e-4c46-823c-21cf3650b4b6)
2019-12-16 03:25:08.677 13785 RALLYDEBUG rally_openstack.cleanup.manager [-] Deleting neutron.network object s_rally_e011a1f1_pj6LY35H (08d57e5d-7909-4b06-a185-9a354ae348fd)
2019-12-16 03:25:08.682 13785 RALLYDEBUG rally_openstack.cleanup.manager [-] Deleting neutron.network object s_rally_e011a1f1_5akgHIOD (aea95106-1baa-4fea-8849-e13043237699)
2019-12-16 03:25:08.706 13785 RALLYDEBUG rally_openstack.cleanup.manager [-] Deleting neutron.network object s_rally_e011a1f1_QLpTE7nf (f877b573-7e74-4cd8-8c6b-3904bf99f76f)
2019-12-16 03:25:08.711 13785 RALLYDEBUG rally_openstack.cleanup.manager [-] Deleting neutron.network object s_rally_e011a1f1_CV2Gfocy (2194ee87-0548-4273-96a1-a0a221204203)
2019-12-16 03:25:08.726 13785 RALLYDEBUG rally_openstack.cleanup.manager [-] Deleting neutron.network object s_rally_e011a1f1_ZelQ0RRs (aed96679-7381-46ca-93c4-79bdf0357d3a)
2019-12-16 03:25:08.733 13785 RALLYDEBUG rally_openstack.cleanup.manager [-] Deleting neutron.network object s_rally_e011a1f1_6lewdqI4 (d0c87768-734c-48bd-8b7a-47c01343abc4)
2019-12-16 03:25:11.908 13785 RALLYDEBUG rally_openstack.cleanup.manager [-] Cleaning up neutron router objects
2019-12-16 03:25:13.166 13785 RALLYDEBUG rally_openstack.cleanup.manager [-] Cleaning up neutron security_group objects
2019-12-16 03:25:14.373 13785 INFO rally.task.context [-] Task a17d2ce6-4f4c-438d-bb8b-c9a3a19701c8 | Context cleanup@openstack cleanup() finished in 19.54 sec
2019-12-16 03:25:14.374 13785 INFO rally.task.context [-] Task a17d2ce6-4f4c-438d-bb8b-c9a3a19701c8 | Context quotas@openstack cleanup() started
2019-12-16 03:25:14.534 13785 INFO rally.task.context [-] Task a17d2ce6-4f4c-438d-bb8b-c9a3a19701c8 | Context quotas@openstack cleanup() finished in 0.16 sec
2019-12-16 03:25:14.534 13785 INFO rally.task.context [-] Task a17d2ce6-4f4c-438d-bb8b-c9a3a19701c8 | Context users@openstack cleanup() started
2019-12-16 03:25:18.411 13785 INFO rally.task.context [-] Task a17d2ce6-4f4c-438d-bb8b-c9a3a19701c8 | Context users@openstack cleanup() finished in 3.88 sec
2019-12-16 03:25:18.990 13785 INFO rally.task.engine [-] Load duration is: 16.701751
2019-12-16 03:25:18.990 13785 INFO rally.task.engine [-] Full runner duration is: 16.753703
2019-12-16 03:25:18.991 13785 INFO rally.task.engine [-] Full duration is: 43.701975
2019-12-16 03:25:19.346 13785 INFO rally.task.engine [-] Running workload: position = 0 config = { "version": 2, "title": "A cropped version of a bigger task.", "description": "Auto-generated task from a single workload (uuid=666d993f-28b9-4184-9936-ae6d78d57118)", "subtasks": [ { "title": "NeutronNetworks.create_and_delete_subnets", "description": "Create and delete a given number of subnets.", "scenario": { "NeutronNetworks.create_and_delete_subnets": { "network_create_args": {}, "subnet_cidr_start": "1.1.0.0/30", "subnet_create_args": {}, "subnets_per_network": 1 } }, "contexts": { "users": { "tenants": 3, "users_per_tenant": 2 }, "network": { "router": {} }, "quotas": { "neutron": { "network": -1, "subnet": -1 } } }, "runner": { "constant": { "concurrency": 4, "times": 10 } }, "hooks": [], "sla": { "failure_rate": { "max": 0 } } } ] }
2019-12-16 03:25:19.371 13785 RALLYDEBUG rally_openstack.contexts.keystone.users [-] Creating 3 tenants using 20 threads
2019-12-16 03:25:20.376 13785 RALLYDEBUG rally_openstack.contexts.keystone.users [-] Creating 6 users using 20 threads
2019-12-16 03:25:21.940 13785 INFO rally.task.context [-] Task a17d2ce6-4f4c-438d-bb8b-c9a3a19701c8 | Context users@openstack setup() finished in 2.57 sec
2019-12-16 03:25:22.743 13785 INFO rally.task.context [-] Task a17d2ce6-4f4c-438d-bb8b-c9a3a19701c8 | Context quotas@openstack setup() finished in 0.80 sec
2019-12-16 03:25:23.351 13785 RALLYDEBUG rally_openstack.wrappers.network [-] CIDR generated: 10.2.36.0/24
2019-12-16 03:25:24.230 13785 RALLYDEBUG rally_openstack.wrappers.network [-] CIDR generated: 10.2.37.0/24
2019-12-16 03:25:25.242 13785 RALLYDEBUG rally_openstack.wrappers.network [-] CIDR generated: 10.2.38.0/24
2019-12-16 03:25:25.716 13785 INFO rally.task.context [-] Task a17d2ce6-4f4c-438d-bb8b-c9a3a19701c8 | Context network@openstack setup() finished in 2.97 sec
2019-12-16 03:25:25.717 13785 INFO rally.task.context [-] Task a17d2ce6-4f4c-438d-bb8b-c9a3a19701c8 | Context cleanup@openstack setup() finished in 0.02 msec
2019-12-16 03:25:25.729 13785 RALLYDEBUG rally.task.runner [-] Starting the constant runner (task UUID: a17d2ce6-4f4c-438d-bb8b-c9a3a19701c8). times: 10 concurrency: 4 timeout: 0 max_cpu_used: 16 processes_to_start: 4 concurrency_per_worker: 1 concurrency_overhead: 0
2019-12-16 03:25:25.741 16177 RALLYDEBUG rally.task.runner [-] Starting a worker. times: 10 duration: None concurrency: 1 timeout: 0 cls: method_name: run args: {"network_create_args": {}, "subnet_cidr_start": "1.1.0.0/30", "subnet_create_args": {}, "subnets_per_network": 1}
2019-12-16 03:25:25.744 16178 RALLYDEBUG rally.task.runner [-] Starting a worker. times: 10 duration: None concurrency: 1 timeout: 0 cls: method_name: run args: {"network_create_args": {}, "subnet_cidr_start": "1.1.0.0/30", "subnet_create_args": {}, "subnets_per_network": 1}
2019-12-16 03:25:25.748 16179 RALLYDEBUG rally.task.runner [-] Starting a worker. times: 10 duration: None concurrency: 1 timeout: 0 cls: method_name: run args: {"network_create_args": {}, "subnet_cidr_start": "1.1.0.0/30", "subnet_create_args": {}, "subnets_per_network": 1}
2019-12-16 03:25:25.749 16177 INFO rally.task.runner [-] Task a17d2ce6-4f4c-438d-bb8b-c9a3a19701c8 | ITER: 1 START
2019-12-16 03:25:25.751 16178 INFO rally.task.runner [-] Task a17d2ce6-4f4c-438d-bb8b-c9a3a19701c8 | ITER: 2 START
2019-12-16 03:25:25.752 16177 RALLYDEBUG rally_openstack.wrappers.network [-] CIDR generated: 1.1.0.156/30
2019-12-16 03:25:25.751 16180 RALLYDEBUG rally.task.runner [-] Starting a worker. times: 10 duration: None concurrency: 1 timeout: 0 cls: method_name: run args: {"network_create_args": {}, "subnet_cidr_start": "1.1.0.0/30", "subnet_create_args": {}, "subnets_per_network": 1}
2019-12-16 03:25:25.755 16179 INFO rally.task.runner [-] Task a17d2ce6-4f4c-438d-bb8b-c9a3a19701c8 | ITER: 3 START
2019-12-16 03:25:25.755 16178 RALLYDEBUG rally_openstack.wrappers.network [-] CIDR generated: 1.1.0.160/30
2019-12-16 03:25:25.757 16179 RALLYDEBUG rally_openstack.wrappers.network [-] CIDR generated: 1.1.0.164/30
2019-12-16 03:25:25.759 16180 INFO rally.task.runner [-] Task a17d2ce6-4f4c-438d-bb8b-c9a3a19701c8 | ITER: 4 START
2019-12-16 03:25:25.762 16180 RALLYDEBUG rally_openstack.wrappers.network [-] CIDR generated: 1.1.0.168/30
2019-12-16 03:25:27.354 16178 INFO rally.task.runner [-] Task a17d2ce6-4f4c-438d-bb8b-c9a3a19701c8 | ITER: 2 END: OK
2019-12-16 03:25:27.359 16178 INFO rally.task.runner [-] Task a17d2ce6-4f4c-438d-bb8b-c9a3a19701c8 | ITER: 5 START
2019-12-16 03:25:27.360 16178 RALLYDEBUG rally_openstack.wrappers.network [-] CIDR generated: 1.1.0.172/30
2019-12-16 03:25:27.462 16177 INFO rally.task.runner [-] Task a17d2ce6-4f4c-438d-bb8b-c9a3a19701c8 | ITER: 1 END: OK
2019-12-16 03:25:27.467 16177 INFO rally.task.runner [-] Task a17d2ce6-4f4c-438d-bb8b-c9a3a19701c8 | ITER: 6 START
2019-12-16 03:25:27.469 16177 RALLYDEBUG rally_openstack.wrappers.network [-] CIDR generated: 1.1.0.176/30
2019-12-16 03:25:27.671 16180 INFO rally.task.runner [-] Task a17d2ce6-4f4c-438d-bb8b-c9a3a19701c8 | ITER: 4 END: OK
2019-12-16 03:25:27.676 16180 INFO rally.task.runner [-] Task a17d2ce6-4f4c-438d-bb8b-c9a3a19701c8 | ITER: 7 START
2019-12-16 03:25:27.677 16180 RALLYDEBUG rally_openstack.wrappers.network [-] CIDR generated: 1.1.0.180/30
2019-12-16 03:25:27.702 16179 INFO rally.task.runner [-] Task a17d2ce6-4f4c-438d-bb8b-c9a3a19701c8 | ITER: 3 END: OK
2019-12-16 03:25:27.707 16179 INFO rally.task.runner [-] Task a17d2ce6-4f4c-438d-bb8b-c9a3a19701c8 | ITER: 8 START
2019-12-16 03:25:27.708 16179 RALLYDEBUG rally_openstack.wrappers.network [-] CIDR generated: 1.1.0.184/30
2019-12-16 03:25:28.840 16178 INFO rally.task.runner [-] Task a17d2ce6-4f4c-438d-bb8b-c9a3a19701c8 | ITER: 5 END: OK
2019-12-16 03:25:28.844 16178 INFO rally.task.runner [-] Task a17d2ce6-4f4c-438d-bb8b-c9a3a19701c8 | ITER: 9 START
2019-12-16 03:25:28.845 16178 RALLYDEBUG rally_openstack.wrappers.network [-] CIDR generated: 1.1.0.188/30
2019-12-16 03:25:28.956 16180 INFO rally.task.runner [-] Task a17d2ce6-4f4c-438d-bb8b-c9a3a19701c8 | ITER: 7 END: OK
2019-12-16 03:25:28.959 16180 INFO rally.task.runner [-] Task a17d2ce6-4f4c-438d-bb8b-c9a3a19701c8 | ITER: 10 START
2019-12-16 03:25:28.960 16180 RALLYDEBUG rally_openstack.wrappers.network [-] CIDR generated: 1.1.0.192/30
2019-12-16 03:25:29.173 16177 INFO rally.task.runner [-] Task a17d2ce6-4f4c-438d-bb8b-c9a3a19701c8 | ITER: 6 END: OK
2019-12-16 03:25:29.248 16179 INFO rally.task.runner [-] Task a17d2ce6-4f4c-438d-bb8b-c9a3a19701c8 | ITER: 8 END: OK
2019-12-16 03:25:30.249 16178 INFO rally.task.runner [-] Task a17d2ce6-4f4c-438d-bb8b-c9a3a19701c8 | ITER: 9 END: OK
2019-12-16 03:25:30.815 16180 INFO rally.task.runner [-] Task a17d2ce6-4f4c-438d-bb8b-c9a3a19701c8 | ITER: 10 END: OK
2019-12-16 03:25:30.837 13785 INFO rally.task.context [-] Task a17d2ce6-4f4c-438d-bb8b-c9a3a19701c8 | Context cleanup@openstack cleanup() started
2019-12-16 03:25:30.841 13785 RALLYDEBUG rally_openstack.cleanup.manager [-] Cleaning up neutron vip objects
2019-12-16 03:25:31.899 13785 RALLYDEBUG rally_openstack.cleanup.manager [-] Cleaning up neutron health_monitor objects
2019-12-16 03:25:32.942 13785 RALLYDEBUG rally_openstack.cleanup.manager [-] Cleaning up neutron pool objects
2019-12-16 03:25:34.010 13785 RALLYDEBUG rally_openstack.cleanup.manager [-] Cleaning up neutron loadbalancer objects
2019-12-16 03:25:35.078 13785 RALLYDEBUG rally_openstack.cleanup.manager [-] Cleaning up neutron floatingip objects
2019-12-16 03:25:36.262 13785 RALLYDEBUG rally_openstack.cleanup.manager [-] Cleaning up neutron trunk objects
2019-12-16 03:25:37.358 13785 RALLYDEBUG rally_openstack.cleanup.manager [-] Cleaning up neutron port objects
2019-12-16 03:25:38.647 13785 RALLYDEBUG rally_openstack.cleanup.manager [-] Cleaning up neutron subnet objects
2019-12-16 03:25:39.860 13785 RALLYDEBUG rally_openstack.cleanup.manager [-] Cleaning up neutron network objects
2019-12-16 03:25:41.423 13785 RALLYDEBUG rally_openstack.cleanup.manager [-] Cleaning up neutron router objects
2019-12-16 03:25:42.603 13785 RALLYDEBUG rally_openstack.cleanup.manager [-] Cleaning up neutron security_group objects
2019-12-16 03:25:43.751 13785 INFO rally.task.context [-] Task a17d2ce6-4f4c-438d-bb8b-c9a3a19701c8 | Context cleanup@openstack cleanup() finished in 12.91 sec
2019-12-16 03:25:43.751 13785 INFO rally.task.context [-] Task a17d2ce6-4f4c-438d-bb8b-c9a3a19701c8 | Context network@openstack cleanup() started
2019-12-16 03:25:53.919 13785 INFO rally.task.context [-] Task a17d2ce6-4f4c-438d-bb8b-c9a3a19701c8 | Context network@openstack cleanup() finished in 10.17 sec
2019-12-16 03:25:53.920 13785 INFO rally.task.context [-] Task a17d2ce6-4f4c-438d-bb8b-c9a3a19701c8 | Context quotas@openstack cleanup() started
2019-12-16 03:25:54.047 13785 INFO rally.task.context [-] Task a17d2ce6-4f4c-438d-bb8b-c9a3a19701c8 | Context quotas@openstack cleanup() finished in 0.13 sec
2019-12-16 03:25:54.048 13785 INFO rally.task.context [-] Task a17d2ce6-4f4c-438d-bb8b-c9a3a19701c8 | Context users@openstack cleanup() started
2019-12-16 03:25:58.064 13785 INFO rally.task.context [-] Task a17d2ce6-4f4c-438d-bb8b-c9a3a19701c8 | Context users@openstack cleanup() finished in 4.02 sec
2019-12-16 03:25:59.581 13785 INFO rally.task.engine [-] Load duration is: 5.064289
2019-12-16 03:25:59.582 13785 INFO rally.task.engine [-] Full runner duration is: 5.108897
2019-12-16 03:25:59.582 13785 INFO rally.task.engine [-] Full duration is: 38.695346
2019-12-16 03:25:59.888 13785 INFO rally.task.engine [-] Running workload: position = 0 config = { "version": 2, "title": "A cropped version of a bigger task.", "description": "Auto-generated task from a single workload (uuid=6b9fc74c-171b-4481-9646-8bf31bd8608f)", "subtasks": [ { "title": "NeutronNetworks.create_and_list_networks", "description": "Create a network and then list all networks.", "scenario": { "NeutronNetworks.create_and_list_networks": { "network_create_args": {} } }, "contexts": { "users": { "tenants": 3, "users_per_tenant": 2 }, "quotas": { "neutron": { "network": -1 } } }, "runner": { "constant": { "concurrency": 4, "times": 10 } }, "hooks": [], "sla": { "failure_rate": { "max": 0 } } } ] }
2019-12-16 03:25:59.914 13785 RALLYDEBUG rally_openstack.contexts.keystone.users [-] Creating 3 tenants using 20 threads
2019-12-16 03:26:00.839 13785 RALLYDEBUG rally_openstack.contexts.keystone.users [-] Creating 6 users using 20 threads
2019-12-16 03:26:02.331 13785 INFO rally.task.context [-] Task a17d2ce6-4f4c-438d-bb8b-c9a3a19701c8 | Context users@openstack setup() finished in 2.42 sec
2019-12-16 03:26:03.038 13785 INFO rally.task.context [-] Task a17d2ce6-4f4c-438d-bb8b-c9a3a19701c8 | Context quotas@openstack setup() finished in 0.71 sec
2019-12-16 03:26:03.038 13785 INFO rally.task.context [-] Task a17d2ce6-4f4c-438d-bb8b-c9a3a19701c8 | Context cleanup@openstack setup() finished in 0.01 msec
2019-12-16 03:26:03.048 13785 RALLYDEBUG rally.task.runner [-] Starting the constant runner (task UUID: a17d2ce6-4f4c-438d-bb8b-c9a3a19701c8). times: 10 concurrency: 4 timeout: 0 max_cpu_used: 16 processes_to_start: 4 concurrency_per_worker: 1 concurrency_overhead: 0
2019-12-16 03:26:03.059 16501 RALLYDEBUG rally.task.runner [-] Starting a worker. times: 10 duration: None concurrency: 1 timeout: 0 cls: method_name: run args: {"network_create_args": {}}
2019-12-16 03:26:03.063 16502 RALLYDEBUG rally.task.runner [-] Starting a worker. times: 10 duration: None concurrency: 1 timeout: 0 cls: method_name: run args: {"network_create_args": {}}
2019-12-16 03:26:03.066 16501 INFO rally.task.runner [-] Task a17d2ce6-4f4c-438d-bb8b-c9a3a19701c8 | ITER: 1 START
2019-12-16 03:26:03.067 16503 RALLYDEBUG rally.task.runner [-] Starting a worker. times: 10 duration: None concurrency: 1 timeout: 0 cls: method_name: run args: {"network_create_args": {}}
2019-12-16 03:26:03.069 16502 INFO rally.task.runner [-] Task a17d2ce6-4f4c-438d-bb8b-c9a3a19701c8 | ITER: 2 START
2019-12-16 03:26:03.070 16505 RALLYDEBUG rally.task.runner [-] Starting a worker. times: 10 duration: None concurrency: 1 timeout: 0 cls: method_name: run args: {"network_create_args": {}}
2019-12-16 03:26:03.073 16503 INFO rally.task.runner [-] Task a17d2ce6-4f4c-438d-bb8b-c9a3a19701c8 | ITER: 3 START
2019-12-16 03:26:03.076 16505 INFO rally.task.runner [-] Task a17d2ce6-4f4c-438d-bb8b-c9a3a19701c8 | ITER: 4 START
2019-12-16 03:26:03.821 16502 INFO rally.task.runner [-] Task a17d2ce6-4f4c-438d-bb8b-c9a3a19701c8 | ITER: 2 END: OK
2019-12-16 03:26:03.825 16502 INFO rally.task.runner [-] Task a17d2ce6-4f4c-438d-bb8b-c9a3a19701c8 | ITER: 5 START
2019-12-16 03:26:03.884 16503 INFO rally.task.runner [-] Task a17d2ce6-4f4c-438d-bb8b-c9a3a19701c8 | ITER: 3 END: OK
2019-12-16 03:26:03.889 16503 INFO rally.task.runner [-] Task a17d2ce6-4f4c-438d-bb8b-c9a3a19701c8 | ITER: 6 START
2019-12-16 03:26:04.408 16505 INFO rally.task.runner [-] Task a17d2ce6-4f4c-438d-bb8b-c9a3a19701c8 | ITER: 4 END: OK
2019-12-16 03:26:04.412 16505 INFO rally.task.runner [-] Task a17d2ce6-4f4c-438d-bb8b-c9a3a19701c8 | ITER: 7 START
2019-12-16 03:26:04.454 16501 INFO rally.task.runner [-] Task a17d2ce6-4f4c-438d-bb8b-c9a3a19701c8 | ITER: 1 END: OK
2019-12-16 03:26:04.459 16501 INFO rally.task.runner [-] Task a17d2ce6-4f4c-438d-bb8b-c9a3a19701c8 | ITER: 8 START
2019-12-16 03:26:04.564 16503 INFO rally.task.runner [-] Task a17d2ce6-4f4c-438d-bb8b-c9a3a19701c8 | ITER: 6 END: OK
2019-12-16 03:26:04.568 16503 INFO rally.task.runner [-] Task a17d2ce6-4f4c-438d-bb8b-c9a3a19701c8 | ITER: 9 START
2019-12-16 03:26:04.755 16502 INFO rally.task.runner [-] Task a17d2ce6-4f4c-438d-bb8b-c9a3a19701c8 | ITER: 5 END: OK
2019-12-16 03:26:04.759 16502 INFO rally.task.runner [-] Task a17d2ce6-4f4c-438d-bb8b-c9a3a19701c8 | ITER: 10 START
2019-12-16 03:26:05.033 16505 INFO rally.task.runner [-] Task a17d2ce6-4f4c-438d-bb8b-c9a3a19701c8 | ITER: 7 END: OK
2019-12-16 03:26:05.260 16503 INFO rally.task.runner [-] Task a17d2ce6-4f4c-438d-bb8b-c9a3a19701c8 | ITER: 9 END: OK
2019-12-16 03:26:05.297 16501 INFO rally.task.runner [-] Task a17d2ce6-4f4c-438d-bb8b-c9a3a19701c8 | ITER: 8 END: OK
2019-12-16 03:26:05.457 16502 INFO rally.task.runner [-] Task a17d2ce6-4f4c-438d-bb8b-c9a3a19701c8 | ITER: 10 END: OK
2019-12-16 03:26:05.482 13785 INFO rally.task.context [-] Task a17d2ce6-4f4c-438d-bb8b-c9a3a19701c8 | Context cleanup@openstack cleanup() started
2019-12-16 03:26:05.486 13785 RALLYDEBUG rally_openstack.cleanup.manager [-] Cleaning up neutron vip objects
2019-12-16 03:26:06.654 13785 RALLYDEBUG rally_openstack.cleanup.manager [-] Cleaning up neutron health_monitor objects
2019-12-16 03:26:07.743 13785 RALLYDEBUG rally_openstack.cleanup.manager [-] Cleaning up neutron pool objects
2019-12-16 03:26:08.821 13785 RALLYDEBUG rally_openstack.cleanup.manager [-] Cleaning up neutron loadbalancer objects
2019-12-16 03:26:09.905 13785 RALLYDEBUG rally_openstack.cleanup.manager [-] Cleaning up neutron floatingip objects
2019-12-16 03:26:11.100 13785 RALLYDEBUG rally_openstack.cleanup.manager [-] Cleaning up neutron trunk objects
2019-12-16 03:26:12.221 13785 RALLYDEBUG rally_openstack.cleanup.manager [-] Cleaning up neutron port objects
2019-12-16 03:26:13.356 13785 RALLYDEBUG rally_openstack.cleanup.manager [-] Cleaning up neutron subnet objects
2019-12-16 03:26:14.538 13785 RALLYDEBUG rally_openstack.cleanup.manager [-] Cleaning up neutron network objects
2019-12-16 03:26:15.840 13785 RALLYDEBUG rally_openstack.cleanup.manager [-] Deleting neutron.network object s_rally_6b9fc74c_90uQDcWz (71300fb3-5174-4444-8fbe-14e1de1d4280)
2019-12-16 03:26:15.843 13785 RALLYDEBUG rally_openstack.cleanup.manager [-] Deleting neutron.network object s_rally_6b9fc74c_DghLbqZL (ac17a57e-4cbe-4e15-aa8b-e7d56691abd3)
2019-12-16 03:26:15.859 13785 RALLYDEBUG rally_openstack.cleanup.manager [-] Deleting neutron.network object s_rally_6b9fc74c_ZoVcqb4a (2ca28626-27e2-44c7-aa47-6f3e473912f0)
2019-12-16 03:26:15.868 13785 RALLYDEBUG rally_openstack.cleanup.manager [-] Deleting neutron.network object s_rally_6b9fc74c_9PgberM8 (7001d9bc-0320-498c-9315-facb000f1ec0)
2019-12-16 03:26:15.874 13785 RALLYDEBUG rally_openstack.cleanup.manager [-] Deleting neutron.network object s_rally_6b9fc74c_8UrKsbeL (a144dd9b-77bb-49c2-9bf1-a3f16c1191c3)
2019-12-16 03:26:15.881 13785 RALLYDEBUG rally_openstack.cleanup.manager [-] Deleting neutron.network object s_rally_6b9fc74c_xNOBiA2Q (d3ad11cf-ebb9-497b-abab-f0d7ca1e0bca)
2019-12-16 03:26:15.911 13785 RALLYDEBUG rally_openstack.cleanup.manager [-] Deleting neutron.network object s_rally_6b9fc74c_ovg6Yvxm (09835728-269f-448b-9704-ed0e90a5b1e2)
2019-12-16 03:26:15.917 13785 RALLYDEBUG rally_openstack.cleanup.manager [-] Deleting neutron.network object s_rally_6b9fc74c_gJ4lxzHc (15d073ad-80df-48a3-bced-b830a4a5e68e)
2019-12-16 03:26:15.923 13785 RALLYDEBUG rally_openstack.cleanup.manager [-] Deleting neutron.network object s_rally_6b9fc74c_cLCHEVZk (dcd4f92a-acfb-4e31-ac04-12860f1f284c)
2019-12-16 03:26:15.929 13785 RALLYDEBUG rally_openstack.cleanup.manager [-] Deleting neutron.network object s_rally_6b9fc74c_uNM4JLCt (e6d6c98f-931e-4297-971b-5b3f0b202eb2)
2019-12-16 03:26:18.424 13785 RALLYDEBUG rally_openstack.cleanup.manager [-] Cleaning up neutron router objects
2019-12-16 03:26:19.817 13785 RALLYDEBUG rally_openstack.cleanup.manager [-] Cleaning up neutron security_group objects
2019-12-16 03:26:21.033 13785 INFO rally.task.context [-] Task a17d2ce6-4f4c-438d-bb8b-c9a3a19701c8 | Context cleanup@openstack cleanup() finished in 15.55 sec
2019-12-16 03:26:21.033 13785 INFO rally.task.context [-] Task a17d2ce6-4f4c-438d-bb8b-c9a3a19701c8 | Context quotas@openstack cleanup() started
2019-12-16 03:26:21.148 13785 INFO rally.task.context [-] Task a17d2ce6-4f4c-438d-bb8b-c9a3a19701c8 | Context quotas@openstack cleanup() finished in 0.11 sec
2019-12-16 03:26:21.149 13785 INFO rally.task.context [-] Task a17d2ce6-4f4c-438d-bb8b-c9a3a19701c8 | Context users@openstack cleanup() started
2019-12-16 03:26:25.040 13785 INFO rally.task.context [-] Task a17d2ce6-4f4c-438d-bb8b-c9a3a19701c8 | Context users@openstack cleanup() finished in 3.89 sec
2019-12-16 03:26:26.064 13785 INFO rally.task.engine [-] Load duration is: 2.388831
2019-12-16 03:26:26.064 13785 INFO rally.task.engine [-] Full runner duration is: 2.434847
2019-12-16 03:26:26.065 13785 INFO rally.task.engine [-] Full duration is: 25.12764
2019-12-16 03:26:26.398 13785 INFO rally.task.engine [-] Running workload: position = 0 config = { "version": 2, "title": "A cropped version of a bigger task.", "description": "Auto-generated task from a single workload (uuid=f6ef8788-8f8f-419b-8b73-b6b0e24355f7)", "subtasks": [ { "title": "NeutronNetworks.create_and_list_ports", "description": "Create and a given number of ports and list all ports.", "scenario": { "NeutronNetworks.create_and_list_ports": { "network_create_args": {}, "port_create_args": {}, "ports_per_network": 1 } }, "contexts": { "users": { "tenants": 3, "users_per_tenant": 2 }, "network": { "router": {} }, "quotas": { "neutron": { "network": -1, "port": -1 } } }, "runner": { "constant": { "concurrency": 4, "times": 10 } }, "hooks": [], "sla": { "failure_rate": { "max": 0 } } } ] }
2019-12-16 03:26:26.424 13785 RALLYDEBUG rally_openstack.contexts.keystone.users [-] Creating 3 tenants using 20 threads
2019-12-16 03:26:27.440 13785 RALLYDEBUG rally_openstack.contexts.keystone.users [-] Creating 6 users using 20 threads
2019-12-16 03:26:28.944 13785 INFO rally.task.context [-] Task a17d2ce6-4f4c-438d-bb8b-c9a3a19701c8 | Context users@openstack setup() finished in 2.52 sec
2019-12-16 03:26:29.694 13785 INFO rally.task.context [-] Task a17d2ce6-4f4c-438d-bb8b-c9a3a19701c8 | Context quotas@openstack setup() finished in 0.75 sec
2019-12-16 03:26:30.278 13785 RALLYDEBUG rally_openstack.wrappers.network [-] CIDR generated: 10.2.49.0/24
2019-12-16 03:26:31.416 13785 RALLYDEBUG rally_openstack.wrappers.network [-] CIDR generated: 10.2.50.0/24
2019-12-16 03:26:32.199 13785 RALLYDEBUG rally_openstack.wrappers.network [-] CIDR generated: 10.2.51.0/24
2019-12-16 03:26:32.743 13785 INFO rally.task.context [-] Task a17d2ce6-4f4c-438d-bb8b-c9a3a19701c8 | Context network@openstack setup() finished in 3.05 sec
2019-12-16 03:26:32.744 13785 INFO rally.task.context [-] Task a17d2ce6-4f4c-438d-bb8b-c9a3a19701c8 | Context cleanup@openstack setup() finished in 0.02 msec
2019-12-16 03:26:32.753 13785 RALLYDEBUG rally.task.runner [-] Starting the constant runner (task UUID: a17d2ce6-4f4c-438d-bb8b-c9a3a19701c8). times: 10 concurrency: 4 timeout: 0 max_cpu_used: 16 processes_to_start: 4 concurrency_per_worker: 1 concurrency_overhead: 0
2019-12-16 03:26:32.764 16825 RALLYDEBUG rally.task.runner [-] Starting a worker. times: 10 duration: None concurrency: 1 timeout: 0 cls: method_name: run args: {"network_create_args": {}, "port_create_args": {}, "ports_per_network": 1}
2019-12-16 03:26:32.768 16826 RALLYDEBUG rally.task.runner [-] Starting a worker. times: 10 duration: None concurrency: 1 timeout: 0 cls: method_name: run args: {"network_create_args": {}, "port_create_args": {}, "ports_per_network": 1}
2019-12-16 03:26:32.771 16825 INFO rally.task.runner [-] Task a17d2ce6-4f4c-438d-bb8b-c9a3a19701c8 | ITER: 1 START
2019-12-16 03:26:32.772 16827 RALLYDEBUG rally.task.runner [-] Starting a worker. times: 10 duration: None concurrency: 1 timeout: 0 cls: method_name: run args: {"network_create_args": {}, "port_create_args": {}, "ports_per_network": 1}
2019-12-16 03:26:32.775 16826 INFO rally.task.runner [-] Task a17d2ce6-4f4c-438d-bb8b-c9a3a19701c8 | ITER: 2 START
2019-12-16 03:26:32.775 16829 RALLYDEBUG rally.task.runner [-] Starting a worker. times: 10 duration: None concurrency: 1 timeout: 0 cls: method_name: run args: {"network_create_args": {}, "port_create_args": {}, "ports_per_network": 1}
2019-12-16 03:26:32.779 16827 INFO rally.task.runner [-] Task a17d2ce6-4f4c-438d-bb8b-c9a3a19701c8 | ITER: 3 START
2019-12-16 03:26:32.781 16829 INFO rally.task.runner [-] Task a17d2ce6-4f4c-438d-bb8b-c9a3a19701c8 | ITER: 4 START
2019-12-16 03:26:33.960 16825 INFO rally.task.runner [-] Task a17d2ce6-4f4c-438d-bb8b-c9a3a19701c8 | ITER: 1 END: OK
2019-12-16 03:26:33.964 16825 INFO rally.task.runner [-] Task a17d2ce6-4f4c-438d-bb8b-c9a3a19701c8 | ITER: 5 START
2019-12-16 03:26:34.119 16829 INFO rally.task.runner [-] Task a17d2ce6-4f4c-438d-bb8b-c9a3a19701c8 | ITER: 4 END: OK
2019-12-16 03:26:34.125 16829 INFO rally.task.runner [-] Task a17d2ce6-4f4c-438d-bb8b-c9a3a19701c8 | ITER: 6 START
2019-12-16 03:26:34.493 16826 INFO rally.task.runner [-] Task a17d2ce6-4f4c-438d-bb8b-c9a3a19701c8 | ITER: 2 END: OK
2019-12-16 03:26:34.495 16827 INFO rally.task.runner [-] Task a17d2ce6-4f4c-438d-bb8b-c9a3a19701c8 | ITER: 3 END: OK
2019-12-16 03:26:34.498 16826 INFO rally.task.runner [-] Task a17d2ce6-4f4c-438d-bb8b-c9a3a19701c8 | ITER: 7 START
2019-12-16 03:26:34.500 16827 INFO rally.task.runner [-] Task a17d2ce6-4f4c-438d-bb8b-c9a3a19701c8 | ITER: 8 START
2019-12-16 03:26:34.975 16825 INFO rally.task.runner [-] Task a17d2ce6-4f4c-438d-bb8b-c9a3a19701c8 | ITER: 5 END: OK
2019-12-16 03:26:34.978 16825 INFO rally.task.runner [-] Task a17d2ce6-4f4c-438d-bb8b-c9a3a19701c8 | ITER: 9 START
2019-12-16 03:26:35.472 16829 INFO rally.task.runner [-] Task a17d2ce6-4f4c-438d-bb8b-c9a3a19701c8 | ITER: 6 END: OK
2019-12-16 03:26:35.476 16829 INFO rally.task.runner [-] Task a17d2ce6-4f4c-438d-bb8b-c9a3a19701c8 | ITER: 10 START
2019-12-16 03:26:35.503 16826 INFO rally.task.runner [-] Task a17d2ce6-4f4c-438d-bb8b-c9a3a19701c8 | ITER: 7 END: OK
2019-12-16 03:26:35.932 16827 INFO rally.task.runner [-] Task a17d2ce6-4f4c-438d-bb8b-c9a3a19701c8 | ITER: 8 END: OK
2019-12-16 03:26:36.192 16825 INFO rally.task.runner [-] Task a17d2ce6-4f4c-438d-bb8b-c9a3a19701c8 | ITER: 9 END: OK
2019-12-16 03:26:36.470 16829 INFO rally.task.runner [-] Task a17d2ce6-4f4c-438d-bb8b-c9a3a19701c8 | ITER: 10 END: OK
2019-12-16 03:26:36.491 13785 INFO rally.task.context [-] Task a17d2ce6-4f4c-438d-bb8b-c9a3a19701c8 | Context cleanup@openstack cleanup() started
2019-12-16 03:26:36.494 13785 RALLYDEBUG rally_openstack.cleanup.manager [-] Cleaning up neutron vip objects
2019-12-16 03:26:37.670 13785 RALLYDEBUG rally_openstack.cleanup.manager [-] Cleaning up neutron health_monitor objects
2019-12-16 03:26:38.729 13785 RALLYDEBUG rally_openstack.cleanup.manager [-] Cleaning up neutron pool objects
2019-12-16 03:26:39.795 13785 RALLYDEBUG rally_openstack.cleanup.manager [-] Cleaning up neutron loadbalancer objects
2019-12-16 03:26:40.852 13785 RALLYDEBUG rally_openstack.cleanup.manager [-] Cleaning up neutron floatingip objects
2019-12-16 03:26:42.302 13785 RALLYDEBUG rally_openstack.cleanup.manager [-] Cleaning up neutron trunk objects
2019-12-16 03:26:43.413 13785 RALLYDEBUG rally_openstack.cleanup.manager [-] Cleaning up neutron port objects
2019-12-16 03:26:44.686 13785 RALLYDEBUG rally_openstack.cleanup.manager [-] Deleting neutron.port object s_rally_f6ef8788_v996chZr (022bf3b6-5ebd-41ce-b6d1-1ba45742937f)
2019-12-16 03:26:44.695 13785 RALLYDEBUG rally_openstack.cleanup.manager [-] Deleting neutron.port object s_rally_f6ef8788_TOcTp6ml (9533988d-e6f1-4316-9d22-a3300e56766a)
2019-12-16 03:26:44.704 13785 RALLYDEBUG rally_openstack.cleanup.manager [-] Deleting neutron.port object s_rally_f6ef8788_25LJzTIz (aa9a7174-912f-4b5d-b3bf-c8afefdc4a90)
2019-12-16 03:26:44.720 13785 RALLYDEBUG rally_openstack.cleanup.manager [-] Deleting neutron.port object s_rally_f6ef8788_QmX4JKlz (eeee888f-26fd-4260-a7e8-74f4ce09aace)
2019-12-16 03:26:44.736 13785 RALLYDEBUG rally_openstack.cleanup.manager [-] Deleting neutron.port object s_rally_f6ef8788_qa60ezBl (0a5f2259-8ab9-4406-9b7c-4b7b5639fb83)
2019-12-16 03:26:44.745 13785 RALLYDEBUG rally_openstack.cleanup.manager [-] Deleting neutron.port object s_rally_f6ef8788_U4ywQD9F (2dd1aeca-09cf-422f-add7-846adf1eafb7)
2019-12-16 03:26:44.748 13785 RALLYDEBUG rally_openstack.cleanup.manager [-] Deleting neutron.port object s_rally_f6ef8788_3Kgr3S5i (12eb094b-5505-4c7a-96f4-64228d3658cc)
2019-12-16 03:26:44.775 13785 RALLYDEBUG rally_openstack.cleanup.manager [-] Deleting neutron.port object s_rally_f6ef8788_vq9fxBn4 (63b8c7e2-2ca2-428b-a21a-756c60fecc5d)
2019-12-16 03:26:44.780 13785 RALLYDEBUG rally_openstack.cleanup.manager [-] Deleting neutron.port object s_rally_f6ef8788_Rziu6Grp (70b27e61-7f3f-448d-bee4-8bac6e554d3d)
2019-12-16 03:26:44.791 13785 RALLYDEBUG rally_openstack.cleanup.manager [-] Deleting neutron.port object s_rally_f6ef8788_YWFcAVmI (b4e80a02-1f10-4979-85a7-08d5aa5f6baa)
2019-12-16 03:26:47.166 13785 RALLYDEBUG rally_openstack.cleanup.manager [-] Cleaning up neutron subnet objects
2019-12-16 03:26:48.376 13785 RALLYDEBUG rally_openstack.cleanup.manager [-] Cleaning up neutron network objects
2019-12-16 03:26:49.705 13785 RALLYDEBUG rally_openstack.cleanup.manager [-] Cleaning up neutron router objects
2019-12-16 03:26:50.898 13785 RALLYDEBUG rally_openstack.cleanup.manager [-] Cleaning up neutron security_group objects
2019-12-16 03:26:52.152 13785 INFO rally.task.context [-] Task a17d2ce6-4f4c-438d-bb8b-c9a3a19701c8 | Context cleanup@openstack cleanup() finished in 15.66 sec
2019-12-16 03:26:52.153 13785 INFO rally.task.context [-] Task a17d2ce6-4f4c-438d-bb8b-c9a3a19701c8 | Context network@openstack cleanup() started
2019-12-16 03:27:02.317 13785 INFO rally.task.context [-] Task a17d2ce6-4f4c-438d-bb8b-c9a3a19701c8 | Context network@openstack cleanup() finished in 10.16 sec
2019-12-16 03:27:02.318 13785 INFO rally.task.context [-] Task a17d2ce6-4f4c-438d-bb8b-c9a3a19701c8 | Context quotas@openstack cleanup() started
2019-12-16 03:27:02.526 13785 INFO rally.task.context [-] Task a17d2ce6-4f4c-438d-bb8b-c9a3a19701c8 | Context quotas@openstack cleanup() finished in 0.21 sec
2019-12-16 03:27:02.526 13785 INFO rally.task.context [-] Task a17d2ce6-4f4c-438d-bb8b-c9a3a19701c8 | Context users@openstack cleanup() started
2019-12-16 03:27:06.424 13785 INFO rally.task.context [-] Task a17d2ce6-4f4c-438d-bb8b-c9a3a19701c8 | Context users@openstack cleanup() finished in 3.90 sec
2019-12-16 03:27:06.630 13785 INFO rally.task.engine [-] Load duration is: 3.697629
2019-12-16 03:27:06.631 13785 INFO rally.task.engine [-] Full runner duration is: 3.738234
2019-12-16 03:27:06.631 13785 INFO rally.task.engine [-] Full duration is: 40.002938
2019-12-16 03:27:07.138 13785 INFO rally.task.engine [-] Running workload: position = 0 config = { "version": 2, "title": "A cropped version of a bigger task.", "description": "Auto-generated task from a single workload (uuid=91021966-b0ae-4190-8985-793bfc0a8e36)", "subtasks": [ { "title": "NeutronNetworks.create_and_list_routers", "description": "Create and a given number of routers and list all routers.", "scenario": { "NeutronNetworks.create_and_list_routers": { "network_create_args": {}, "router_create_args": {}, "subnet_cidr_start": "1.1.0.0/30", "subnet_create_args": {}, "subnets_per_network": 1 } }, "contexts": { "users": { "tenants": 3, "users_per_tenant": 2 }, "quotas": { "neutron": { "network": -1, "subnet": -1, "router": -1 } } }, "runner": { "constant": { "concurrency": 4, "times": 10 } }, "hooks": [], "sla": { "failure_rate": { "max": 0 } } } ] }
2019-12-16 03:27:07.163 13785 RALLYDEBUG rally_openstack.contexts.keystone.users [-] Creating 3 tenants using 20 threads
2019-12-16 03:27:08.197 13785 RALLYDEBUG rally_openstack.contexts.keystone.users [-] Creating 6 users using 20 threads
2019-12-16 03:27:09.726 13785 INFO rally.task.context [-] Task a17d2ce6-4f4c-438d-bb8b-c9a3a19701c8 | Context users@openstack setup() finished in 2.56 sec
2019-12-16 03:27:10.567 13785 INFO rally.task.context [-] Task a17d2ce6-4f4c-438d-bb8b-c9a3a19701c8 | Context quotas@openstack setup() finished in 0.84 sec
2019-12-16 03:27:10.567 13785 INFO rally.task.context [-] Task a17d2ce6-4f4c-438d-bb8b-c9a3a19701c8 | Context cleanup@openstack setup() finished in 0.01 msec
2019-12-16 03:27:10.577 13785 RALLYDEBUG rally.task.runner [-] Starting the constant runner (task UUID: a17d2ce6-4f4c-438d-bb8b-c9a3a19701c8). times: 10 concurrency: 4 timeout: 0 max_cpu_used: 16 processes_to_start: 4 concurrency_per_worker: 1 concurrency_overhead: 0
2019-12-16 03:27:10.588 17149 RALLYDEBUG rally.task.runner [-] Starting a worker. times: 10 duration: None concurrency: 1 timeout: 0 cls: method_name: run args: {"network_create_args": {}, "router_create_args": {}, "subnet_cidr_start": "1.1.0.0/30", "subnet_create_args": {}, "subnets_per_network": 1}
2019-12-16 03:27:10.592 17150 RALLYDEBUG rally.task.runner [-] Starting a worker. times: 10 duration: None concurrency: 1 timeout: 0 cls: method_name: run args: {"network_create_args": {}, "router_create_args": {}, "subnet_cidr_start": "1.1.0.0/30", "subnet_create_args": {}, "subnets_per_network": 1}
2019-12-16 03:27:10.595 17149 INFO rally.task.runner [-] Task a17d2ce6-4f4c-438d-bb8b-c9a3a19701c8 | ITER: 1 START
2019-12-16 03:27:10.595 17151 RALLYDEBUG rally.task.runner [-] Starting a worker. times: 10 duration: None concurrency: 1 timeout: 0 cls: method_name: run args: {"network_create_args": {}, "router_create_args": {}, "subnet_cidr_start": "1.1.0.0/30", "subnet_create_args": {}, "subnets_per_network": 1}
2019-12-16 03:27:10.598 17150 INFO rally.task.runner [-] Task a17d2ce6-4f4c-438d-bb8b-c9a3a19701c8 | ITER: 2 START
2019-12-16 03:27:10.598 17153 RALLYDEBUG rally.task.runner [-] Starting a worker. times: 10 duration: None concurrency: 1 timeout: 0 cls: method_name: run args: {"network_create_args": {}, "router_create_args": {}, "subnet_cidr_start": "1.1.0.0/30", "subnet_create_args": {}, "subnets_per_network": 1}
2019-12-16 03:27:10.601 17151 INFO rally.task.runner [-] Task a17d2ce6-4f4c-438d-bb8b-c9a3a19701c8 | ITER: 3 START
2019-12-16 03:27:10.604 17153 INFO rally.task.runner [-] Task a17d2ce6-4f4c-438d-bb8b-c9a3a19701c8 | ITER: 4 START
2019-12-16 03:27:11.235 17150 RALLYDEBUG rally_openstack.wrappers.network [-] CIDR generated: 1.1.0.208/30
2019-12-16 03:27:11.287 17149 RALLYDEBUG rally_openstack.wrappers.network [-] CIDR generated: 1.1.0.212/30
2019-12-16 03:27:11.759 17153 RALLYDEBUG rally_openstack.wrappers.network [-] CIDR generated: 1.1.0.216/30
2019-12-16 03:27:11.829 17151 RALLYDEBUG rally_openstack.wrappers.network [-] CIDR generated: 1.1.0.220/30
2019-12-16 03:27:13.838 17150 INFO rally.task.runner [-] Task a17d2ce6-4f4c-438d-bb8b-c9a3a19701c8 | ITER: 2 END: OK
2019-12-16 03:27:13.842 17150 INFO rally.task.runner [-] Task a17d2ce6-4f4c-438d-bb8b-c9a3a19701c8 | ITER: 5 START
2019-12-16 03:27:14.246 17149 INFO rally.task.runner [-] Task a17d2ce6-4f4c-438d-bb8b-c9a3a19701c8 | ITER: 1 END: OK
2019-12-16 03:27:14.251 17149 INFO rally.task.runner [-] Task a17d2ce6-4f4c-438d-bb8b-c9a3a19701c8 | ITER: 6 START
2019-12-16 03:27:14.513 17150 RALLYDEBUG rally_openstack.wrappers.network [-] CIDR generated: 1.1.0.224/30
2019-12-16 03:27:14.678 17151 INFO rally.task.runner [-] Task a17d2ce6-4f4c-438d-bb8b-c9a3a19701c8 | ITER: 3 END: OK
2019-12-16 03:27:14.683 17151 INFO rally.task.runner [-] Task a17d2ce6-4f4c-438d-bb8b-c9a3a19701c8 | ITER: 7 START
2019-12-16 03:27:14.729 17153 INFO rally.task.runner [-] Task a17d2ce6-4f4c-438d-bb8b-c9a3a19701c8 | ITER: 4 END: OK
2019-12-16 03:27:14.734 17153 INFO rally.task.runner [-] Task a17d2ce6-4f4c-438d-bb8b-c9a3a19701c8 | ITER: 8 START
2019-12-16 03:27:14.843 17149 RALLYDEBUG rally_openstack.wrappers.network [-] CIDR generated: 1.1.0.228/30
2019-12-16 03:27:15.198 17153 RALLYDEBUG rally_openstack.wrappers.network [-] CIDR generated: 1.1.0.232/30
2019-12-16 03:27:15.277 17151 RALLYDEBUG rally_openstack.wrappers.network [-] CIDR generated: 1.1.0.236/30
2019-12-16 03:27:17.529 17150 INFO rally.task.runner [-] Task a17d2ce6-4f4c-438d-bb8b-c9a3a19701c8 | ITER: 5 END: OK
2019-12-16 03:27:17.534 17150 INFO rally.task.runner [-] Task a17d2ce6-4f4c-438d-bb8b-c9a3a19701c8 | ITER: 9 START
2019-12-16 03:27:17.644 17149 INFO rally.task.runner [-] Task a17d2ce6-4f4c-438d-bb8b-c9a3a19701c8 | ITER: 6 END: OK
2019-12-16 03:27:17.648 17149 INFO rally.task.runner [-] Task a17d2ce6-4f4c-438d-bb8b-c9a3a19701c8 | ITER: 10 START
2019-12-16 03:27:18.012 17150 RALLYDEBUG rally_openstack.wrappers.network [-] CIDR generated: 1.1.0.240/30
2019-12-16 03:27:18.179 17153 INFO rally.task.runner [-] Task a17d2ce6-4f4c-438d-bb8b-c9a3a19701c8 | ITER: 8 END: OK
2019-12-16 03:27:18.308 17151 INFO rally.task.runner [-] Task a17d2ce6-4f4c-438d-bb8b-c9a3a19701c8 | ITER: 7 END: OK
2019-12-16 03:27:18.353 17149 RALLYDEBUG rally_openstack.wrappers.network [-] CIDR generated: 1.1.0.244/30
2019-12-16 03:27:20.592 17150 INFO rally.task.runner [-] Task a17d2ce6-4f4c-438d-bb8b-c9a3a19701c8 | ITER: 9 END: OK
2019-12-16 03:27:20.891 17149 INFO rally.task.runner [-] Task a17d2ce6-4f4c-438d-bb8b-c9a3a19701c8 | ITER: 10 END: OK
2019-12-16 03:27:20.918 13785 INFO rally.task.context [-] Task a17d2ce6-4f4c-438d-bb8b-c9a3a19701c8 | Context cleanup@openstack cleanup() started
2019-12-16 03:27:20.922 13785 RALLYDEBUG rally_openstack.cleanup.manager [-] Cleaning up neutron vip objects
2019-12-16 03:27:22.013 13785 RALLYDEBUG rally_openstack.cleanup.manager [-] Cleaning up neutron health_monitor objects
2019-12-16 03:27:23.157 13785 RALLYDEBUG rally_openstack.cleanup.manager [-] Cleaning up neutron pool objects
2019-12-16 03:27:24.224 13785 RALLYDEBUG rally_openstack.cleanup.manager [-] Cleaning up neutron loadbalancer objects
2019-12-16 03:27:25.271 13785 RALLYDEBUG rally_openstack.cleanup.manager [-] Cleaning up neutron floatingip objects
2019-12-16 03:27:26.438 13785 RALLYDEBUG rally_openstack.cleanup.manager [-] Cleaning up neutron trunk objects
2019-12-16 03:27:27.522 13785 RALLYDEBUG rally_openstack.cleanup.manager [-] Cleaning up neutron port objects
2019-12-16 03:27:29.359 13785 RALLYDEBUG rally_openstack.cleanup.manager [-] Deleting neutron.port object s_rally_91021966_k1MrsJbs (acb00f8d-6aed-40de-ba85-00220136b2e7)
2019-12-16 03:27:29.362 13785 RALLYDEBUG rally_openstack.cleanup.manager [-] Deleting neutron.port object s_rally_91021966_TbNV0YnF (07d062c6-ca75-457c-abde-741be36d2d08)
2019-12-16 03:27:29.373 13785 RALLYDEBUG rally_openstack.cleanup.manager [-] Deleting neutron.port object s_rally_91021966_3SJaPiRM (97654513-118b-4f3d-83b9-212773c5efd7)
2019-12-16 03:27:29.381 13785 RALLYDEBUG rally_openstack.cleanup.manager [-] Deleting neutron.port object s_rally_91021966_NcGXHrCu (f5a5e921-7265-4394-9f88-ecd924f2b7f8)
2019-12-16 03:27:29.393 13785 RALLYDEBUG rally_openstack.cleanup.manager [-] Deleting neutron.port object s_rally_91021966_bOiCzazq (2a111314-5afd-42bb-a69b-c2010d91bcf3)
2019-12-16 03:27:29.398 13785 RALLYDEBUG rally_openstack.cleanup.manager [-] Deleting neutron.port object s_rally_91021966_sqQZw0MP (5321eab0-c7ab-4849-b9b5-ef430c39d207)
2019-12-16 03:27:29.412 13785 RALLYDEBUG rally_openstack.cleanup.manager [-] Deleting neutron.port object s_rally_91021966_Vg5eNhi3 (5ead951c-8229-4666-9eb3-2683c79d3ab5)
2019-12-16 03:27:29.423 13785 RALLYDEBUG rally_openstack.cleanup.manager [-] Deleting neutron.port object s_rally_91021966_PKbIVxD7 (7bdca375-c527-4185-8bcd-294423ed7565)
2019-12-16 03:27:29.444 13785 RALLYDEBUG rally_openstack.cleanup.manager [-] Deleting neutron.port object s_rally_91021966_JaOz6jU5 (518763e5-48cf-4476-ad8b-ade33b3e9058)
2019-12-16 03:27:29.460 13785 RALLYDEBUG rally_openstack.cleanup.manager [-] Deleting neutron.port object s_rally_91021966_tEDyMnAE (d81fdb54-223e-4093-994f-7bbbba1f279d)
2019-12-16 03:27:33.870 13785 RALLYDEBUG rally_openstack.cleanup.manager [-] Cleaning up neutron subnet objects
2019-12-16 03:27:35.113 13785 RALLYDEBUG rally_openstack.cleanup.manager [-] Deleting neutron.subnet object s_rally_91021966_aYCrqZNY (5a12f695-875e-469c-aa99-2318678c3641)
2019-12-16 03:27:35.123 13785 RALLYDEBUG rally_openstack.cleanup.manager [-] Deleting neutron.subnet object s_rally_91021966_f5zTFGkB (64a9b321-baa9-4557-a9be-bf345e3656d8)
2019-12-16 03:27:35.132 13785 RALLYDEBUG rally_openstack.cleanup.manager [-] Deleting neutron.subnet object s_rally_91021966_eoDyZxWf (689470db-79a3-4028-bc18-06597d9373be)
2019-12-16 03:27:35.141 13785 RALLYDEBUG rally_openstack.cleanup.manager [-] Deleting neutron.subnet object s_rally_91021966_RJ69rHip (6f6100b5-6419-43ae-8334-0f8497ad1f7f)
2019-12-16 03:27:35.151 13785 RALLYDEBUG rally_openstack.cleanup.manager [-] Deleting neutron.subnet object s_rally_91021966_jv57El6w (0eb41da1-f8c9-4183-9626-68db903f0143)
2019-12-16 03:27:35.160 13785 RALLYDEBUG rally_openstack.cleanup.manager [-] Deleting neutron.subnet object s_rally_91021966_Ui8Eigzc (3ac7f05a-42d8-4d11-947e-d9eaaadf19f5)
2019-12-16 03:27:35.180 13785 RALLYDEBUG rally_openstack.cleanup.manager [-] Deleting neutron.subnet object s_rally_91021966_ll7tHKfB (7d4b6bd6-aaeb-4529-9750-c6c7446077c3)
2019-12-16 03:27:35.184 13785 RALLYDEBUG rally_openstack.cleanup.manager [-] Deleting neutron.subnet object s_rally_91021966_31ChdMkl (87fec93a-6589-41e3-a85a-cffaaf2e3c6a)
2019-12-16 03:27:35.187 13785 RALLYDEBUG rally_openstack.cleanup.manager [-] Deleting neutron.subnet object s_rally_91021966_e7TMCjD7 (6a0c0036-fa32-4882-a144-85fb111ec3ee)
2019-12-16 03:27:35.193 13785 RALLYDEBUG rally_openstack.cleanup.manager [-] Deleting neutron.subnet object s_rally_91021966_km230JvJ (8e5bb6ba-3f70-4874-9069-62caa463ecbf)
2019-12-16 03:27:38.272 13785 RALLYDEBUG rally_openstack.cleanup.manager [-] Cleaning up neutron network objects
2019-12-16 03:27:39.770 13785 RALLYDEBUG rally_openstack.cleanup.manager [-] Deleting neutron.network object s_rally_91021966_7bOHqJKn (29fd4dbb-b647-4b3a-9fe4-7d6fbf76bdf6)
2019-12-16 03:27:39.779 13785 RALLYDEBUG rally_openstack.cleanup.manager [-] Deleting neutron.network object s_rally_91021966_ZvKZnAi6 (2dbba5ed-74a3-49d1-9514-a8dc3c170a39)
2019-12-16 03:27:39.788 13785 RALLYDEBUG rally_openstack.cleanup.manager [-] Deleting neutron.network object s_rally_91021966_687tR5Jb (4dcd8872-26da-4849-9058-d69617234cda)
2019-12-16 03:27:39.792 13785 RALLYDEBUG rally_openstack.cleanup.manager [-] Deleting neutron.network object s_rally_91021966_n2eZEvHq (ef7d2e75-c16a-4a37-8050-035e8280848c)
2019-12-16 03:27:39.800 13785 RALLYDEBUG rally_openstack.cleanup.manager [-] Deleting neutron.network object s_rally_91021966_DIlb9Ldt (28f1c7a4-373b-4f15-97df-d447587c22b7)
2019-12-16 03:27:39.809 13785 RALLYDEBUG rally_openstack.cleanup.manager [-] Deleting neutron.network object s_rally_91021966_0NQf6dbx (6c72b36c-b3f0-4759-ae96-d50323103bd3)
