2019-12-10 08:21:38.142 29881 RALLYDEBUG rally.task.runner [-] Starting a worker. times: 40 duration: None concurrency: 1 timeout: 0 cls: method_name: run args: {"network_create_args": {}, "subnet_create_args": {}, "subnet_cidr_start": "1.1.0.0/30", "subnets_per_network": 2}
2019-12-10 08:21:38.146 29882 RALLYDEBUG rally.task.runner [-] Starting a worker. times: 40 duration: None concurrency: 1 timeout: 0 cls: method_name: run args: {"network_create_args": {}, "subnet_create_args": {}, "subnet_cidr_start": "1.1.0.0/30", "subnets_per_network": 2}
2019-12-10 08:21:38.147 29869 INFO rally.task.runner [-] Task 0f0400ed-8717-43f4-a6bb-dcf4ce7e8198 | ITER: 6 START
2019-12-10 08:21:38.148 29869 WARNING rally_openstack.scenarios.neutron.utils [-] Running this scenario without either the 'network' or 'existing_network' context is deprecated
2019-12-10 08:21:38.148 29876 INFO rally.task.runner [-] Task 0f0400ed-8717-43f4-a6bb-dcf4ce7e8198 | ITER: 8 START
2019-12-10 08:21:38.148 29881 INFO rally.task.runner [-] Task 0f0400ed-8717-43f4-a6bb-dcf4ce7e8198 | ITER: 10 START
2019-12-10 08:21:38.149 29879 INFO rally.task.runner [-] Task 0f0400ed-8717-43f4-a6bb-dcf4ce7e8198 | ITER: 9 START
2019-12-10 08:21:38.149 29872 INFO rally.task.runner [-] Task 0f0400ed-8717-43f4-a6bb-dcf4ce7e8198 | ITER: 7 START
2019-12-10 08:21:38.151 29876 WARNING rally_openstack.scenarios.neutron.utils [-] Running this scenario without either the 'network' or 'existing_network' context is deprecated
2019-12-10 08:21:38.151 29881 WARNING rally_openstack.scenarios.neutron.utils [-] Running this scenario without either the 'network' or 'existing_network' context is deprecated
2019-12-10 08:21:38.151 29879 WARNING rally_openstack.scenarios.neutron.utils [-] Running this scenario without either the 'network' or 'existing_network' context is deprecated
2019-12-10 08:21:38.150 29883 RALLYDEBUG rally.task.runner [-] Starting a worker. times: 40 duration: None concurrency: 1 timeout: 0 cls: method_name: run args: {"network_create_args": {}, "subnet_create_args": {}, "subnet_cidr_start": "1.1.0.0/30", "subnets_per_network": 2}
2019-12-10 08:21:38.152 29882 INFO rally.task.runner [-] Task 0f0400ed-8717-43f4-a6bb-dcf4ce7e8198 | ITER: 12 START
2019-12-10 08:21:38.151 29872 INFO rally.task.runner [-] Task 0f0400ed-8717-43f4-a6bb-dcf4ce7e8198 | ITER: 11 START
2019-12-10 08:21:38.152 29872 WARNING rally_openstack.scenarios.neutron.utils [-] Running this scenario without either the 'network' or 'existing_network' context is deprecated
2019-12-10 08:21:38.155 29882 WARNING rally_openstack.scenarios.neutron.utils [-] Running this scenario without either the 'network' or 'existing_network' context is deprecated
2019-12-10 08:21:38.156 29883 INFO rally.task.runner [-] Task 0f0400ed-8717-43f4-a6bb-dcf4ce7e8198 | ITER: 13 START
2019-12-10 08:21:38.156 29894 RALLYDEBUG rally.task.runner [-] Starting a worker. times: 40 duration: None concurrency: 1 timeout: 0 cls: method_name: run args: {"network_create_args": {}, "subnet_create_args": {}, "subnet_cidr_start": "1.1.0.0/30", "subnets_per_network": 2}
2019-12-10 08:21:38.158 29883 WARNING rally_openstack.scenarios.neutron.utils [-] Running this scenario without either the 'network' or 'existing_network' context is deprecated
2019-12-10 08:21:38.161 29899 RALLYDEBUG rally.task.runner [-] Starting a worker. times: 40 duration: None concurrency: 1 timeout: 0 cls: method_name: run args: {"network_create_args": {}, "subnet_create_args": {}, "subnet_cidr_start": "1.1.0.0/30", "subnets_per_network": 2}
2019-12-10 08:21:38.161 29894 INFO rally.task.runner [-] Task 0f0400ed-8717-43f4-a6bb-dcf4ce7e8198 | ITER: 14 START
2019-12-10 08:21:38.163 29894 WARNING rally_openstack.scenarios.neutron.utils [-] Running this scenario without either the 'network' or 'existing_network' context is deprecated
2019-12-10 08:21:38.154 29872 WARNING rally_openstack.scenarios.neutron.utils [-] Running this scenario without either the 'network' or 'existing_network' context is deprecated
2019-12-10 08:21:38.167 29899 INFO rally.task.runner [-] Task 0f0400ed-8717-43f4-a6bb-dcf4ce7e8198 | ITER: 15 START
2019-12-10 08:21:38.169 29899 WARNING rally_openstack.scenarios.neutron.utils [-] Running this scenario without either the 'network' or 'existing_network' context is deprecated
2019-12-10 08:21:38.171 29903 RALLYDEBUG rally.task.runner [-] Starting a worker. times: 40 duration: None concurrency: 1 timeout: 0 cls: method_name: run args: {"network_create_args": {}, "subnet_create_args": {}, "subnet_cidr_start": "1.1.0.0/30", "subnets_per_network": 2}
2019-12-10 08:21:38.176 29903 INFO rally.task.runner [-] Task 0f0400ed-8717-43f4-a6bb-dcf4ce7e8198 | ITER: 16 START
2019-12-10 08:21:38.177 29903 WARNING rally_openstack.scenarios.neutron.utils [-] Running this scenario without either the 'network' or 'existing_network' context is deprecated
2019-12-10 08:21:38.178 29905 RALLYDEBUG rally.task.runner [-] Starting a worker. times: 40 duration: None concurrency: 1 timeout: 0 cls: method_name: run args: {"network_create_args": {}, "subnet_create_args": {}, "subnet_cidr_start": "1.1.0.0/30", "subnets_per_network": 2}
2019-12-10 08:21:38.183 29905 INFO rally.task.runner [-] Task 0f0400ed-8717-43f4-a6bb-dcf4ce7e8198 | ITER: 17 START
2019-12-10 08:21:38.183 29908 RALLYDEBUG rally.task.runner [-] Starting a worker. times: 40 duration: None concurrency: 1 timeout: 0 cls: method_name: run args: {"network_create_args": {}, "subnet_create_args": {}, "subnet_cidr_start": "1.1.0.0/30", "subnets_per_network": 2}
2019-12-10 08:21:38.185 29905 WARNING rally_openstack.scenarios.neutron.utils [-] Running this scenario without either the 'network' or 'existing_network' context is deprecated
2019-12-10 08:21:38.187 29911 RALLYDEBUG rally.task.runner [-] Starting a worker. times: 40 duration: None concurrency: 1 timeout: 0 cls: method_name: run args: {"network_create_args": {}, "subnet_create_args": {}, "subnet_cidr_start": "1.1.0.0/30", "subnets_per_network": 2}
2019-12-10 08:21:38.188 29908 INFO rally.task.runner [-] Task 0f0400ed-8717-43f4-a6bb-dcf4ce7e8198 | ITER: 18 START
2019-12-10 08:21:38.190 29908 WARNING rally_openstack.scenarios.neutron.utils [-] Running this scenario without either the 'network' or 'existing_network' context is deprecated
2019-12-10 08:21:38.191 29914 RALLYDEBUG rally.task.runner [-] Starting a worker. times: 40 duration: None concurrency: 1 timeout: 0 cls: method_name: run args: {"network_create_args": {}, "subnet_create_args": {}, "subnet_cidr_start": "1.1.0.0/30", "subnets_per_network": 2}
2019-12-10 08:21:38.192 29911 INFO rally.task.runner [-] Task 0f0400ed-8717-43f4-a6bb-dcf4ce7e8198 | ITER: 19 START
2019-12-10 08:21:38.194 29911 WARNING rally_openstack.scenarios.neutron.utils [-] Running this scenario without either the 'network' or 'existing_network' context is deprecated
2019-12-10 08:21:38.195 29914 INFO rally.task.runner [-] Task 0f0400ed-8717-43f4-a6bb-dcf4ce7e8198 | ITER: 20 START
2019-12-10 08:21:38.197 29914 WARNING rally_openstack.scenarios.neutron.utils [-] Running this scenario without either the 'network' or 'existing_network' context is deprecated
2019-12-10 08:21:38.835 29867 RALLYDEBUG rally_openstack.wrappers.network [-] CIDR generated: 1.1.4.96/30
2019-12-10 08:21:38.850 29879 RALLYDEBUG rally_openstack.wrappers.network [-] CIDR generated: 1.1.4.100/30
2019-12-10 08:21:38.870 29876 RALLYDEBUG rally_openstack.wrappers.network [-] CIDR generated: 1.1.4.104/30
2019-12-10 08:21:38.913 29869 RALLYDEBUG rally_openstack.wrappers.network [-] CIDR generated: 1.1.4.108/30
2019-12-10 08:21:38.918 29881 RALLYDEBUG rally_openstack.wrappers.network [-] CIDR generated: 1.1.4.112/30
2019-12-10 08:21:38.971 29894 RALLYDEBUG rally_openstack.wrappers.network [-] CIDR generated: 1.1.4.116/30
2019-12-10 08:21:39.008 29883 RALLYDEBUG rally_openstack.wrappers.network [-] CIDR generated: 1.1.4.120/30
2019-12-10 08:21:39.139 29908 RALLYDEBUG rally_openstack.wrappers.network [-] CIDR generated: 1.1.4.124/30
2019-12-10 08:21:39.147 29905 RALLYDEBUG rally_openstack.wrappers.network [-] CIDR generated: 1.1.4.128/30
2019-12-10 08:21:39.155 29911 RALLYDEBUG rally_openstack.wrappers.network [-] CIDR generated: 1.1.4.132/30
2019-12-10 08:21:39.183 29899 RALLYDEBUG rally_openstack.wrappers.network [-] CIDR generated: 1.1.4.136/30
2019-12-10 08:21:39.203 29914 RALLYDEBUG rally_openstack.wrappers.network [-] CIDR generated: 1.1.4.140/30
2019-12-10 08:21:39.256 29872 RALLYDEBUG rally_openstack.wrappers.network [-] CIDR generated: 1.1.4.144/30
2019-12-10 08:21:39.314 29872 RALLYDEBUG rally_openstack.wrappers.network [-] CIDR generated: 1.1.4.148/30
2019-12-10 08:21:39.329 29903 RALLYDEBUG rally_openstack.wrappers.network [-] CIDR generated: 1.1.4.152/30
2019-12-10 08:21:39.420 29869 RALLYDEBUG rally_openstack.wrappers.network [-] CIDR generated: 1.1.4.156/30
2019-12-10 08:21:39.450 29882 RALLYDEBUG rally_openstack.wrappers.network [-] CIDR generated: 1.1.4.160/30
2019-12-10 08:21:39.612 29867 RALLYDEBUG rally_openstack.wrappers.network [-] CIDR generated: 1.1.4.164/30
2019-12-10 08:21:39.640 29876 RALLYDEBUG rally_openstack.wrappers.network [-] CIDR generated: 1.1.4.168/30
2019-12-10 08:21:39.732 29867 RALLYDEBUG rally_openstack.wrappers.network [-] CIDR generated: 1.1.4.172/30
2019-12-10 08:21:39.786 29879 RALLYDEBUG rally_openstack.wrappers.network [-] CIDR generated: 1.1.4.176/30
2019-12-10 08:21:39.983 29911 RALLYDEBUG rally_openstack.wrappers.network [-] CIDR generated: 1.1.4.180/30
2019-12-10 08:21:39.984 29868 RALLYDEBUG rally_openstack.wrappers.network [-] CIDR generated: 1.1.4.184/30
2019-12-10 08:21:40.005 29868 RALLYDEBUG rally_openstack.wrappers.network [-] CIDR generated: 1.1.4.188/30
2019-12-10 08:21:40.303 29903 RALLYDEBUG rally_openstack.wrappers.network [-] CIDR generated: 1.1.4.192/30
2019-12-10 08:21:40.321 29908 RALLYDEBUG rally_openstack.wrappers.network [-] CIDR generated: 1.1.4.196/30
2019-12-10 08:21:40.476 29894 RALLYDEBUG rally_openstack.wrappers.network [-] CIDR generated: 1.1.4.200/30
2019-12-10 08:21:40.638 29872 RALLYDEBUG rally_openstack.wrappers.network [-] CIDR generated: 1.1.4.204/30
2019-12-10 08:21:40.672 29869 RALLYDEBUG rally_openstack.wrappers.network [-] CIDR generated: 1.1.4.208/30
2019-12-10 08:21:40.788 29881 RALLYDEBUG rally_openstack.wrappers.network [-] CIDR generated: 1.1.4.212/30
2019-12-10 08:21:40.923 29914 RALLYDEBUG rally_openstack.wrappers.network [-] CIDR generated: 1.1.4.216/30
2019-12-10 08:21:40.934 29883 RALLYDEBUG rally_openstack.wrappers.network [-] CIDR generated: 1.1.4.220/30
2019-12-10 08:21:40.951 29869 RALLYDEBUG rally_openstack.wrappers.network [-] CIDR generated: 1.1.4.224/30
2019-12-10 08:21:40.976 29905 RALLYDEBUG rally_openstack.wrappers.network [-] CIDR generated: 1.1.4.228/30
2019-12-10 08:21:41.278 29899 RALLYDEBUG rally_openstack.wrappers.network [-] CIDR generated: 1.1.4.232/30
2019-12-10 08:21:41.374 29872 RALLYDEBUG rally_openstack.wrappers.network [-] CIDR generated: 1.1.4.236/30
2019-12-10 08:21:41.654 29882 RALLYDEBUG rally_openstack.wrappers.network [-] CIDR generated: 1.1.4.240/30
2019-12-10 08:21:42.232 29867 RALLYDEBUG rally_openstack.wrappers.network [-] CIDR generated: 1.1.4.244/30
2019-12-10 08:21:42.481 29868 RALLYDEBUG rally_openstack.wrappers.network [-] CIDR generated: 1.1.4.248/30
2019-12-10 08:21:43.179 29899 INFO rally.task.runner [-] Task 0f0400ed-8717-43f4-a6bb-dcf4ce7e8198 | ITER: 15 END: OK
2019-12-10 08:21:43.182 29899 INFO rally.task.runner [-] Task 0f0400ed-8717-43f4-a6bb-dcf4ce7e8198 | ITER: 21 START
2019-12-10 08:21:43.183 29899 WARNING rally_openstack.scenarios.neutron.utils [-] Running this scenario without either the 'network' or 'existing_network' context is deprecated
2019-12-10 08:21:43.226 29868 RALLYDEBUG rally_openstack.wrappers.network [-] CIDR generated: 1.1.4.252/30
2019-12-10 08:21:43.928 29899 RALLYDEBUG rally_openstack.wrappers.network [-] CIDR generated: 1.1.5.0/30
2019-12-10 08:21:44.454 29881 INFO rally.task.runner [-] Task 0f0400ed-8717-43f4-a6bb-dcf4ce7e8198 | ITER: 10 END: OK
2019-12-10 08:21:44.457 29881 INFO rally.task.runner [-] Task 0f0400ed-8717-43f4-a6bb-dcf4ce7e8198 | ITER: 22 START
2019-12-10 08:21:44.457 29881 WARNING rally_openstack.scenarios.neutron.utils [-] Running this scenario without either the 'network' or 'existing_network' context is deprecated
2019-12-10 08:21:44.820 29914 INFO rally.task.runner [-] Task 0f0400ed-8717-43f4-a6bb-dcf4ce7e8198 | ITER: 20 END: OK
2019-12-10 08:21:44.824 29914 INFO rally.task.runner [-] Task 0f0400ed-8717-43f4-a6bb-dcf4ce7e8198 | ITER: 23 START
2019-12-10 08:21:44.825 29914 WARNING rally_openstack.scenarios.neutron.utils [-] Running this scenario without either the 'network' or 'existing_network' context is deprecated
2019-12-10 08:21:44.854 29905 INFO rally.task.runner [-] Task 0f0400ed-8717-43f4-a6bb-dcf4ce7e8198 | ITER: 17 END: OK
2019-12-10 08:21:44.857 29905 INFO rally.task.runner [-] Task 0f0400ed-8717-43f4-a6bb-dcf4ce7e8198 | ITER: 24 START
2019-12-10 08:21:44.858 29905 WARNING rally_openstack.scenarios.neutron.utils [-] Running this scenario without either the 'network' or 'existing_network' context is deprecated
2019-12-10 08:21:45.016 29869 INFO rally.task.runner [-] Task 0f0400ed-8717-43f4-a6bb-dcf4ce7e8198 | ITER: 4 END: OK
2019-12-10 08:21:45.020 29869 INFO rally.task.runner [-] Task 0f0400ed-8717-43f4-a6bb-dcf4ce7e8198 | ITER: 25 START
2019-12-10 08:21:45.021 29869 WARNING rally_openstack.scenarios.neutron.utils [-] Running this scenario without either the 'network' or 'existing_network' context is deprecated
2019-12-10 08:21:45.203 29881 RALLYDEBUG rally_openstack.wrappers.network [-] CIDR generated: 1.1.5.4/30
2019-12-10 08:21:45.376 29872 INFO rally.task.runner [-] Task 0f0400ed-8717-43f4-a6bb-dcf4ce7e8198 | ITER: 11 END: OK
2019-12-10 08:21:45.379 29872 INFO rally.task.runner [-] Task 0f0400ed-8717-43f4-a6bb-dcf4ce7e8198 | ITER: 26 START
2019-12-10 08:21:45.380 29872 WARNING rally_openstack.scenarios.neutron.utils [-] Running this scenario without either the 'network' or 'existing_network' context is deprecated
2019-12-10 08:21:45.452 29883 INFO rally.task.runner [-] Task 0f0400ed-8717-43f4-a6bb-dcf4ce7e8198 | ITER: 13 END: OK
2019-12-10 08:21:45.455 29883 INFO rally.task.runner [-] Task 0f0400ed-8717-43f4-a6bb-dcf4ce7e8198 | ITER: 27 START
2019-12-10 08:21:45.456 29883 WARNING rally_openstack.scenarios.neutron.utils [-] Running this scenario without either the 'network' or 'existing_network' context is deprecated
2019-12-10 08:21:45.504 29905 RALLYDEBUG rally_openstack.wrappers.network [-] CIDR generated: 1.1.5.8/30
2019-12-10 08:21:45.518 29894 INFO rally.task.runner [-] Task 0f0400ed-8717-43f4-a6bb-dcf4ce7e8198 | ITER: 14 END: OK
2019-12-10 08:21:45.521 29894 INFO rally.task.runner [-] Task 0f0400ed-8717-43f4-a6bb-dcf4ce7e8198 | ITER: 28 START
2019-12-10 08:21:45.522 29868 INFO rally.task.runner [-] Task 0f0400ed-8717-43f4-a6bb-dcf4ce7e8198 | ITER: 3 END: OK
2019-12-10 08:21:45.522 29894 WARNING rally_openstack.scenarios.neutron.utils [-] Running this scenario without either the 'network' or 'existing_network' context is deprecated
2019-12-10 08:21:45.522 29867 INFO rally.task.runner [-] Task 0f0400ed-8717-43f4-a6bb-dcf4ce7e8198 | ITER: 1 END: OK
2019-12-10 08:21:45.525 29868 INFO rally.task.runner [-] Task 0f0400ed-8717-43f4-a6bb-dcf4ce7e8198 | ITER: 29 START
2019-12-10 08:21:45.525 29867 INFO rally.task.runner [-] Task 0f0400ed-8717-43f4-a6bb-dcf4ce7e8198 | ITER: 30 START
2019-12-10 08:21:45.526 29868 WARNING rally_openstack.scenarios.neutron.utils [-] Running this scenario without either the 'network' or 'existing_network' context is deprecated
2019-12-10 08:21:45.526 29867 WARNING rally_openstack.scenarios.neutron.utils [-] Running this scenario without either the 'network' or 'existing_network' context is deprecated
2019-12-10 08:21:45.560 29914 RALLYDEBUG rally_openstack.wrappers.network [-] CIDR generated: 1.1.5.12/30
2019-12-10 08:21:45.694 29869 RALLYDEBUG rally_openstack.wrappers.network [-] CIDR generated: 1.1.5.16/30
2019-12-10 08:21:46.002 29872 RALLYDEBUG rally_openstack.wrappers.network [-] CIDR generated: 1.1.5.20/30
2019-12-10 08:21:46.034 29899 RALLYDEBUG rally_openstack.wrappers.network [-] CIDR generated: 1.1.5.24/30
2019-12-10 08:21:46.072 29911 INFO rally.task.runner [-] Task 0f0400ed-8717-43f4-a6bb-dcf4ce7e8198 | ITER: 19 END: OK
2019-12-10 08:21:46.075 29911 INFO rally.task.runner [-] Task 0f0400ed-8717-43f4-a6bb-dcf4ce7e8198 | ITER: 31 START
2019-12-10 08:21:46.076 29911 WARNING rally_openstack.scenarios.neutron.utils [-] Running this scenario without either the 'network' or 'existing_network' context is deprecated
2019-12-10 08:21:46.109 29879 INFO rally.task.runner [-] Task 0f0400ed-8717-43f4-a6bb-dcf4ce7e8198 | ITER: 9 END: OK
2019-12-10 08:21:46.113 29879 INFO rally.task.runner [-] Task 0f0400ed-8717-43f4-a6bb-dcf4ce7e8198 | ITER: 32 START
2019-12-10 08:21:46.114 29879 WARNING rally_openstack.scenarios.neutron.utils [-] Running this scenario without either the 'network' or 'existing_network' context is deprecated
2019-12-10 08:21:46.164 29894 RALLYDEBUG rally_openstack.wrappers.network [-] CIDR generated: 1.1.5.28/30
2019-12-10 08:21:46.296 29883 RALLYDEBUG rally_openstack.wrappers.network [-] CIDR generated: 1.1.5.32/30
2019-12-10 08:21:46.422 29867 RALLYDEBUG rally_openstack.wrappers.network [-] CIDR generated: 1.1.5.36/30
2019-12-10 08:21:46.621 29869 INFO rally.task.runner [-] Task 0f0400ed-8717-43f4-a6bb-dcf4ce7e8198 | ITER: 6 END: OK
2019-12-10 08:21:46.624 29869 INFO rally.task.runner [-] Task 0f0400ed-8717-43f4-a6bb-dcf4ce7e8198 | ITER: 33 START
2019-12-10 08:21:46.625 29869 WARNING rally_openstack.scenarios.neutron.utils [-] Running this scenario without either the 'network' or 'existing_network' context is deprecated
2019-12-10 08:21:46.647 29914 RALLYDEBUG rally_openstack.wrappers.network [-] CIDR generated: 1.1.5.40/30
2019-12-10 08:21:46.690 29911 RALLYDEBUG rally_openstack.wrappers.network [-] CIDR generated: 1.1.5.44/30
2019-12-10 08:21:46.758 29882 INFO rally.task.runner [-] Task 0f0400ed-8717-43f4-a6bb-dcf4ce7e8198 | ITER: 12 END: OK
2019-12-10 08:21:46.762 29882 INFO rally.task.runner [-] Task 0f0400ed-8717-43f4-a6bb-dcf4ce7e8198 | ITER: 34 START
2019-12-10 08:21:46.763 29882 WARNING rally_openstack.scenarios.neutron.utils [-] Running this scenario without either the 'network' or 'existing_network' context is deprecated
2019-12-10 08:21:47.040 29879 RALLYDEBUG rally_openstack.wrappers.network [-] CIDR generated: 1.1.5.48/30
2019-12-10 08:21:47.042 29867 INFO rally.task.runner [-] Task 0f0400ed-8717-43f4-a6bb-dcf4ce7e8198 | ITER: 2 END: OK
2019-12-10 08:21:47.042 29872 INFO rally.task.runner [-] Task 0f0400ed-8717-43f4-a6bb-dcf4ce7e8198 | ITER: 7 END: OK
2019-12-10 08:21:47.044 29867 INFO rally.task.runner [-] Task 0f0400ed-8717-43f4-a6bb-dcf4ce7e8198 | ITER: 35 START
2019-12-10 08:21:47.045 29872 INFO rally.task.runner [-] Task 0f0400ed-8717-43f4-a6bb-dcf4ce7e8198 | ITER: 36 START
2019-12-10 08:21:47.045 29867 WARNING rally_openstack.scenarios.neutron.utils [-] Running this scenario without either the 'network' or 'existing_network' context is deprecated
2019-12-10 08:21:47.046 29872 WARNING rally_openstack.scenarios.neutron.utils [-] Running this scenario without either the 'network' or 'existing_network' context is deprecated
2019-12-10 08:21:47.191 29876 INFO rally.task.runner [-] Task 0f0400ed-8717-43f4-a6bb-dcf4ce7e8198 | ITER: 8 END: OK
2019-12-10 08:21:47.194 29869 RALLYDEBUG rally_openstack.wrappers.network [-] CIDR generated: 1.1.5.52/30
2019-12-10 08:21:47.195 29876 INFO rally.task.runner [-] Task 0f0400ed-8717-43f4-a6bb-dcf4ce7e8198 | ITER: 37 START
2019-12-10 08:21:47.196 29876 WARNING rally_openstack.scenarios.neutron.utils [-] Running this scenario without either the 'network' or 'existing_network' context is deprecated
2019-12-10 08:21:47.294 29908 INFO rally.task.runner [-] Task 0f0400ed-8717-43f4-a6bb-dcf4ce7e8198 | ITER: 18 END: OK
2019-12-10 08:21:47.298 29908 INFO rally.task.runner [-] Task 0f0400ed-8717-43f4-a6bb-dcf4ce7e8198 | ITER: 38 START
2019-12-10 08:21:47.299 29908 WARNING rally_openstack.scenarios.neutron.utils [-] Running this scenario without either the 'network' or 'existing_network' context is deprecated
2019-12-10 08:21:47.318 29868 RALLYDEBUG rally_openstack.wrappers.network [-] CIDR generated: 1.1.5.56/30
2019-12-10 08:21:47.671 29867 RALLYDEBUG rally_openstack.wrappers.network [-] CIDR generated: 1.1.5.60/30
2019-12-10 08:21:47.750 29905 RALLYDEBUG rally_openstack.wrappers.network [-] CIDR generated: 1.1.5.64/30
2019-12-10 08:21:47.847 29882 RALLYDEBUG rally_openstack.wrappers.network [-] CIDR generated: 1.1.5.68/30
2019-12-10 08:21:47.897 29908 RALLYDEBUG rally_openstack.wrappers.network [-] CIDR generated: 1.1.5.72/30
2019-12-10 08:21:47.936 29903 INFO rally.task.runner [-] Task 0f0400ed-8717-43f4-a6bb-dcf4ce7e8198 | ITER: 16 END: OK
2019-12-10 08:21:47.939 29903 INFO rally.task.runner [-] Task 0f0400ed-8717-43f4-a6bb-dcf4ce7e8198 | ITER: 39 START
2019-12-10 08:21:47.940 29903 WARNING rally_openstack.scenarios.neutron.utils [-] Running this scenario without either the 'network' or 'existing_network' context is deprecated
2019-12-10 08:21:48.055 29911 RALLYDEBUG rally_openstack.wrappers.network [-] CIDR generated: 1.1.5.76/30
2019-12-10 08:21:48.082 29869 RALLYDEBUG rally_openstack.wrappers.network [-] CIDR generated: 1.1.5.80/30
2019-12-10 08:21:48.085 29872 RALLYDEBUG rally_openstack.wrappers.network [-] CIDR generated: 1.1.5.84/30
2019-12-10 08:21:48.464 29876 RALLYDEBUG rally_openstack.wrappers.network [-] CIDR generated: 1.1.5.88/30
2019-12-10 08:21:48.543 29881 RALLYDEBUG rally_openstack.wrappers.network [-] CIDR generated: 1.1.5.92/30
2019-12-10 08:21:48.545 29882 RALLYDEBUG rally_openstack.wrappers.network [-] CIDR generated: 1.1.5.96/30
2019-12-10 08:21:48.893 29914 INFO rally.task.runner [-] Task 0f0400ed-8717-43f4-a6bb-dcf4ce7e8198 | ITER: 23 END: OK
2019-12-10 08:21:48.896 29914 INFO rally.task.runner [-] Task 0f0400ed-8717-43f4-a6bb-dcf4ce7e8198 | ITER: 40 START
2019-12-10 08:21:48.897 29914 WARNING rally_openstack.scenarios.neutron.utils [-] Running this scenario without either the 'network' or 'existing_network' context is deprecated
2019-12-10 08:21:48.992 29908 RALLYDEBUG rally_openstack.wrappers.network [-] CIDR generated: 1.1.5.100/30
2019-12-10 08:21:49.163 29883 RALLYDEBUG rally_openstack.wrappers.network [-] CIDR generated: 1.1.5.104/30
2019-12-10 08:21:49.406 29903 RALLYDEBUG rally_openstack.wrappers.network [-] CIDR generated: 1.1.5.108/30
2019-12-10 08:21:49.508 29914 RALLYDEBUG rally_openstack.wrappers.network [-] CIDR generated: 1.1.5.112/30
2019-12-10 08:21:49.522 29868 RALLYDEBUG rally_openstack.wrappers.network [-] CIDR generated: 1.1.5.116/30
2019-12-10 08:21:49.548 29872 RALLYDEBUG rally_openstack.wrappers.network [-] CIDR generated: 1.1.5.120/30
2019-12-10 08:21:49.772 29867 RALLYDEBUG rally_openstack.wrappers.network [-] CIDR generated: 1.1.5.124/30
2019-12-10 08:21:49.812 29867 RALLYDEBUG rally_openstack.wrappers.network [-] CIDR generated: 1.1.5.128/30
2019-12-10 08:21:49.820 29894 RALLYDEBUG rally_openstack.wrappers.network [-] CIDR generated: 1.1.5.132/30
2019-12-10 08:21:50.101 29899 INFO rally.task.runner [-] Task 0f0400ed-8717-43f4-a6bb-dcf4ce7e8198 | ITER: 21 END: OK
2019-12-10 08:21:50.201 29869 RALLYDEBUG rally_openstack.wrappers.network [-] CIDR generated: 1.1.5.136/30
2019-12-10 08:21:50.245 29879 RALLYDEBUG rally_openstack.wrappers.network [-] CIDR generated: 1.1.5.140/30
2019-12-10 08:21:50.294 29872 RALLYDEBUG rally_openstack.wrappers.network [-] CIDR generated: 1.1.5.144/30
2019-12-10 08:21:50.606 29876 RALLYDEBUG rally_openstack.wrappers.network [-] CIDR generated: 1.1.5.148/30
2019-12-10 08:21:50.656 29903 RALLYDEBUG rally_openstack.wrappers.network [-] CIDR generated: 1.1.5.152/30
2019-12-10 08:21:51.921 29868 INFO rally.task.runner [-] Task 0f0400ed-8717-43f4-a6bb-dcf4ce7e8198 | ITER: 5 END: OK
2019-12-10 08:21:52.321 29881 INFO rally.task.runner [-] Task 0f0400ed-8717-43f4-a6bb-dcf4ce7e8198 | ITER: 22 END: OK
2019-12-10 08:21:52.407 29905 INFO rally.task.runner [-] Task 0f0400ed-8717-43f4-a6bb-dcf4ce7e8198 | ITER: 24 END: OK
2019-12-10 08:21:53.067 29869 INFO rally.task.runner [-] Task 0f0400ed-8717-43f4-a6bb-dcf4ce7e8198 | ITER: 25 END: OK
2019-12-10 08:21:53.072 29872 INFO rally.task.runner [-] Task 0f0400ed-8717-43f4-a6bb-dcf4ce7e8198 | ITER: 26 END: OK
2019-12-10 08:21:53.412 29908 INFO rally.task.runner [-] Task 0f0400ed-8717-43f4-a6bb-dcf4ce7e8198 | ITER: 38 END: OK
2019-12-10 08:21:53.519 29869 INFO rally.task.runner [-] Task 0f0400ed-8717-43f4-a6bb-dcf4ce7e8198 | ITER: 33 END: OK
2019-12-10 08:21:53.647 29868 INFO rally.task.runner [-] Task 0f0400ed-8717-43f4-a6bb-dcf4ce7e8198 | ITER: 29 END: OK
2019-12-10 08:21:53.650 29883 INFO rally.task.runner [-] Task 0f0400ed-8717-43f4-a6bb-dcf4ce7e8198 | ITER: 27 END: OK
2019-12-10 08:21:53.792 29879 INFO rally.task.runner [-] Task 0f0400ed-8717-43f4-a6bb-dcf4ce7e8198 | ITER: 32 END: OK
2019-12-10 08:21:54.117 29876 INFO rally.task.runner [-] Task 0f0400ed-8717-43f4-a6bb-dcf4ce7e8198 | ITER: 37 END: OK
2019-12-10 08:21:54.306 29914 RALLYDEBUG rally_openstack.wrappers.network [-] CIDR generated: 1.1.5.156/30
2019-12-10 08:21:55.230 29882 INFO rally.task.runner [-] Task 0f0400ed-8717-43f4-a6bb-dcf4ce7e8198 | ITER: 34 END: OK
2019-12-10 08:21:55.554 29872 INFO rally.task.runner [-] Task 0f0400ed-8717-43f4-a6bb-dcf4ce7e8198 | ITER: 36 END: OK
2019-12-10 08:21:56.311 29867 INFO rally.task.runner [-] Task 0f0400ed-8717-43f4-a6bb-dcf4ce7e8198 | ITER: 30 END: OK
2019-12-10 08:21:56.450 29903 INFO rally.task.runner [-] Task 0f0400ed-8717-43f4-a6bb-dcf4ce7e8198 | ITER: 39 END: OK
2019-12-10 08:21:56.591 29867 INFO rally.task.runner [-] Task 0f0400ed-8717-43f4-a6bb-dcf4ce7e8198 | ITER: 35 END: OK
2019-12-10 08:21:56.609 29914 INFO rally.task.runner [-] Task 0f0400ed-8717-43f4-a6bb-dcf4ce7e8198 | ITER: 40 END: OK
2019-12-10 08:21:57.233 29911 INFO rally.task.runner [-] Task 0f0400ed-8717-43f4-a6bb-dcf4ce7e8198 | ITER: 31 END: OK
2019-12-10 08:21:57.468 29894 INFO rally.task.runner [-] Task 0f0400ed-8717-43f4-a6bb-dcf4ce7e8198 | ITER: 28 END: OK
2019-12-10 08:21:57.500 27673 INFO rally.task.context [-] Task 0f0400ed-8717-43f4-a6bb-dcf4ce7e8198 | Context cleanup@openstack cleanup() started
2019-12-10 08:21:57.503 27673 RALLYDEBUG rally_openstack.cleanup.manager [-] Cleaning up neutron vip objects
2019-12-10 08:21:57.884 27673 RALLYDEBUG rally_openstack.cleanup.manager [-] Cleaning up neutron health_monitor objects
2019-12-10 08:21:58.264 27673 RALLYDEBUG rally_openstack.cleanup.manager [-] Cleaning up neutron pool objects
2019-12-10 08:21:58.626 27673 RALLYDEBUG rally_openstack.cleanup.manager [-] Cleaning up neutron loadbalancer objects
2019-12-10 08:21:58.996 27673 RALLYDEBUG rally_openstack.cleanup.manager [-] Cleaning up neutron floatingip objects
2019-12-10 08:21:59.391 27673 RALLYDEBUG rally_openstack.cleanup.manager [-] Cleaning up neutron trunk objects
2019-12-10 08:21:59.767 27673 RALLYDEBUG rally_openstack.cleanup.manager [-] Cleaning up neutron port objects
2019-12-10 08:22:00.279 27673 RALLYDEBUG rally_openstack.cleanup.manager [-] Cleaning up neutron subnet objects
2019-12-10 08:22:00.692 27673 RALLYDEBUG rally_openstack.cleanup.manager [-] Cleaning up neutron network objects
2019-12-10 08:22:01.272 27673 RALLYDEBUG rally_openstack.cleanup.manager [-] Deleting neutron.network object s_rally_932bd407_zYkcPDeN (00e0eeb2-13b4-4652-a9c1-6d8bad800d34)
2019-12-10 08:22:01.281 27673 RALLYDEBUG rally_openstack.cleanup.manager [-] Deleting neutron.network object s_rally_932bd407_l6ClAeOb (090ae2fe-c2d9-4ae0-88ee-110f3008afdc)
2019-12-10 08:22:01.290 27673 RALLYDEBUG rally_openstack.cleanup.manager [-] Deleting neutron.network object s_rally_932bd407_RkoW4ytP (0faed4c4-6915-44dd-9c4a-ef2a793ddc3b)
2019-12-10 08:22:01.300 27673 RALLYDEBUG rally_openstack.cleanup.manager [-] Deleting neutron.network object s_rally_932bd407_prj2wQ7i (180305a6-f40f-4062-96ed-7730844db23e)
2019-12-10 08:22:01.307 27673 RALLYDEBUG rally_openstack.cleanup.manager [-] Deleting neutron.network object s_rally_932bd407_poGNxDeN (26450299-54c3-4ab2-b243-325ff2950bb9)
2019-12-10 08:22:01.316 27673 RALLYDEBUG rally_openstack.cleanup.manager [-] Deleting neutron.network object s_rally_932bd407_jsIrnNMD (292e4ef1-9747-428d-8649-8afed76c9173)
2019-12-10 08:22:01.321 27673 RALLYDEBUG rally_openstack.cleanup.manager [-] Deleting neutron.network object s_rally_932bd407_UrhV7N4f (293f6ef4-63d7-4453-993f-ff84047d66e8)
2019-12-10 08:22:01.328 27673 RALLYDEBUG rally_openstack.cleanup.manager [-] Deleting neutron.network object s_rally_932bd407_2l73vSNB (324b83b8-713d-4cb9-80fa-5b98bdc55dae)
2019-12-10 08:22:01.333 27673 RALLYDEBUG rally_openstack.cleanup.manager [-] Deleting neutron.network object s_rally_932bd407_kbWrQ88k (3472e1af-7293-438a-9524-6004a9fd73a3)
2019-12-10 08:22:01.350 27673 RALLYDEBUG rally_openstack.cleanup.manager [-] Deleting neutron.network object s_rally_932bd407_rZTLbDSR (3d75c622-fec8-4248-b90d-22b207889fa3)
2019-12-10 08:22:01.365 27673 RALLYDEBUG rally_openstack.cleanup.manager [-] Deleting neutron.network object s_rally_932bd407_O4MZ9m5l (4456dcf1-700a-4343-892a-2d5f06bed0d6)
2019-12-10 08:22:01.369 27673 RALLYDEBUG rally_openstack.cleanup.manager [-] Deleting neutron.network object s_rally_932bd407_T3USCd2N (4516c03b-aee7-45dc-ab49-6c402b053642)
2019-12-10 08:22:01.385 27673 RALLYDEBUG rally_openstack.cleanup.manager [-] Deleting neutron.network object s_rally_932bd407_LB5qfNSw (45f89467-aa11-470b-ac3d-5fae1604b791)
2019-12-10 08:22:01.394 27673 RALLYDEBUG rally_openstack.cleanup.manager [-] Deleting neutron.network object s_rally_932bd407_tVuXEJW3 (4b509518-9802-40f7-991a-907b06e6509a)
2019-12-10 08:22:01.412 27673 RALLYDEBUG rally_openstack.cleanup.manager [-] Deleting neutron.network object s_rally_932bd407_VKKvWFw3 (4d9e0c8d-586e-479c-973e-5938b70bc0fd)
2019-12-10 08:22:01.417 27673 RALLYDEBUG rally_openstack.cleanup.manager [-] Deleting neutron.network object s_rally_932bd407_RKWxZZMR (572f11bc-e491-499e-93de-ef2b7532a755)
2019-12-10 08:22:01.445 27673 RALLYDEBUG rally_openstack.cleanup.manager [-] Deleting neutron.network object s_rally_932bd407_9ELxufZz (58b2d65e-fe21-424d-8bc1-16435abe9b53)
2019-12-10 08:22:01.448 27673 RALLYDEBUG rally_openstack.cleanup.manager [-] Deleting neutron.network object s_rally_932bd407_aDF53eJH (5aa9c0aa-28f0-41b7-88ba-6ddabdd8aae1)
2019-12-10 08:22:01.452 27673 RALLYDEBUG rally_openstack.cleanup.manager [-] Deleting neutron.network object s_rally_932bd407_jrsxtpoh (5e6bcac0-f6ba-4f97-a1a4-e26752d46e98)
2019-12-10 08:22:01.462 27673 RALLYDEBUG rally_openstack.cleanup.manager [-] Deleting neutron.network object s_rally_932bd407_8rb3oQIx (6a173488-c287-4f6e-bfa1-fcd880c309e4)
2019-12-10 08:22:03.467 27673 RALLYDEBUG rally_openstack.cleanup.manager [-] Deleting neutron.network object s_rally_932bd407_fbG5rLNb (8835c275-182e-47ad-bf63-8fada9f47acf)
2019-12-10 08:22:03.620 27673 RALLYDEBUG rally_openstack.cleanup.manager [-] Deleting neutron.network object s_rally_932bd407_3WkgSWRp (9807b008-f1da-4b9a-b3a5-8a794560d380)
2019-12-10 08:22:03.628 27673 RALLYDEBUG rally_openstack.cleanup.manager [-] Deleting neutron.network object s_rally_932bd407_21cmMDOE (9f41115f-785c-40f5-935c-d94bf0a63e63)
2019-12-10 08:22:03.749 27673 RALLYDEBUG rally_openstack.cleanup.manager [-] Deleting neutron.network object s_rally_932bd407_15dF6Vxr (a138e3d2-ba4f-451a-814c-fb2919bb9c0e)
2019-12-10 08:22:03.874 27673 RALLYDEBUG rally_openstack.cleanup.manager [-] Deleting neutron.network object s_rally_932bd407_2JzjvSMG (a8105b8e-80cd-4693-8be7-c229218e4347)
2019-12-10 08:22:03.908 27673 RALLYDEBUG rally_openstack.cleanup.manager [-] Deleting neutron.network object s_rally_932bd407_dxtLU34K (b4343d0e-97a3-4b0c-8773-8211abde42ca)
2019-12-10 08:22:03.936 27673 RALLYDEBUG rally_openstack.cleanup.manager [-] Deleting neutron.network object s_rally_932bd407_r2vfMepe (b557a7e4-860c-4eea-9034-030e8abd23b6)
2019-12-10 08:22:03.968 27673 RALLYDEBUG rally_openstack.cleanup.manager [-] Deleting neutron.network object s_rally_932bd407_9ZlQOdAk (bf173e2c-c518-495c-9c2e-905f370f8442)
2019-12-10 08:22:04.178 27673 RALLYDEBUG rally_openstack.cleanup.manager [-] Deleting neutron.network object s_rally_932bd407_Xnw4Jngv (c0e9db8c-dbab-4301-8ec4-6b28152d92dd)
2019-12-10 08:22:04.462 27673 RALLYDEBUG rally_openstack.cleanup.manager [-] Deleting neutron.network object s_rally_932bd407_5t8dtsuh (c18f07ec-2230-4cef-8c51-b279361e90fa)
2019-12-10 08:22:04.570 27673 RALLYDEBUG rally_openstack.cleanup.manager [-] Deleting neutron.network object s_rally_932bd407_RJa4LKsa (c1b6d652-5948-47fd-b9ed-8b4b594a9263)
2019-12-10 08:22:04.579 27673 RALLYDEBUG rally_openstack.cleanup.manager [-] Deleting neutron.network object s_rally_932bd407_EZTSdnxR (c88276a8-deff-40bd-93de-fcd9e7726b05)
2019-12-10 08:22:04.588 27673 RALLYDEBUG rally_openstack.cleanup.manager [-] Deleting neutron.network object s_rally_932bd407_4By2OZNH (d1372659-95c4-4762-8d84-e2d91d5341bb)
2019-12-10 08:22:04.609 27673 RALLYDEBUG rally_openstack.cleanup.manager [-] Deleting neutron.network object s_rally_932bd407_PTLaB7ne (d2fae3f6-91cb-434e-8cf0-824d014eaa26)
2019-12-10 08:22:04.655 27673 RALLYDEBUG rally_openstack.cleanup.manager [-] Deleting neutron.network object s_rally_932bd407_gm26pPnl (d3bf0507-308f-4308-a153-9a1f941b1f98)
2019-12-10 08:22:04.697 27673 RALLYDEBUG rally_openstack.cleanup.manager [-] Deleting neutron.network object s_rally_932bd407_J83A5K6N (df5ab5cb-1f84-4977-b35c-531726bb0405)
2019-12-10 08:22:04.788 27673 RALLYDEBUG rally_openstack.cleanup.manager [-] Deleting neutron.network object s_rally_932bd407_k4QlUpKH (e27ecb7b-d17b-4a7d-8617-ed8f003d42e5)
2019-12-10 08:22:04.798 27673 RALLYDEBUG rally_openstack.cleanup.manager [-] Deleting neutron.network object s_rally_932bd407_tvTAlZ20 (e7dbd3d4-9c05-451e-bdbe-5bd70246340b)
2019-12-10 08:22:05.037 27673 RALLYDEBUG rally_openstack.cleanup.manager [-] Deleting neutron.network object s_rally_932bd407_UEhnjcjp (ed1c8f4e-1132-49b3-87a1-9307877cf668)
2019-12-10 08:22:05.113 27673 RALLYDEBUG rally_openstack.cleanup.manager [-] Deleting neutron.network object s_rally_932bd407_4PyQqs4G (f026a1a2-8e17-4cee-af79-4782fbf6d0f0)
2019-12-10 08:22:07.598 27673 RALLYDEBUG rally_openstack.cleanup.manager [-] Cleaning up neutron router objects
2019-12-10 08:22:08.014 27673 RALLYDEBUG rally_openstack.cleanup.manager [-] Cleaning up neutron security_group objects
2019-12-10 08:22:08.444 27673 INFO rally.task.context [-] Task 0f0400ed-8717-43f4-a6bb-dcf4ce7e8198 | Context cleanup@openstack cleanup() finished in 10.94 sec
2019-12-10 08:22:08.444 27673 INFO rally.task.context [-] Task 0f0400ed-8717-43f4-a6bb-dcf4ce7e8198 | Context quotas@openstack cleanup() started
2019-12-10 08:22:08.526 27673 INFO rally.task.context [-] Task 0f0400ed-8717-43f4-a6bb-dcf4ce7e8198 | Context quotas@openstack cleanup() finished in 81.60 msec
2019-12-10 08:22:08.527 27673 INFO rally.task.context [-] Task 0f0400ed-8717-43f4-a6bb-dcf4ce7e8198 | Context users@openstack cleanup() started
2019-12-10 08:22:11.254 27673 INFO rally.task.context [-] Task 0f0400ed-8717-43f4-a6bb-dcf4ce7e8198 | Context users@openstack cleanup() finished in 2.73 sec
2019-12-10 08:22:13.173 27673 INFO rally.task.engine [-] Load duration is: 19.341613
2019-12-10 08:22:13.173 27673 INFO rally.task.engine [-] Full runner duration is: 19.395306
2019-12-10 08:22:13.174 27673 INFO rally.task.engine [-] Full duration is: 36.251729
2019-12-10 08:22:13.552 27673 INFO rally.task.engine [-] Running workload: position = 0 config = { "version": 2, "title": "A cropped version of a bigger task.", "description": "Auto-generated task from a single workload (uuid=0af4d059-7e26-42c2-a3a5-1552c2550567)", "subtasks": [ { "title": "NeutronNetworks.create_and_list_routers", "description": "Create and a given number of routers and list all routers.", "scenario": { "NeutronNetworks.create_and_list_routers": { "network_create_args": null, "subnet_create_args": null, "subnet_cidr_start": "1.1.0.0/30", "subnets_per_network": 2, "router_create_args": null } }, "contexts": { "users": { "tenants": 1, "users_per_tenant": 1 }, "quotas": { "neutron": { "network": -1, "subnet": -1, "router": -1 } } }, "runner": { "constant": { "times": 40, "concurrency": 20 } }, "hooks": [], "sla": { "failure_rate": { "max": 0 } } } ] }
2019-12-10 08:22:13.576 27673 RALLYDEBUG rally_openstack.contexts.keystone.users [-] Creating 1 tenants using 20 threads
2019-12-10 08:22:14.642 27673 RALLYDEBUG rally_openstack.contexts.keystone.users [-] Creating 1 users using 20 threads
2019-12-10 08:22:16.060 27673 INFO rally.task.context [-] Task 0f0400ed-8717-43f4-a6bb-dcf4ce7e8198 | Context users@openstack setup() finished in 2.48 sec
2019-12-10 08:22:16.600 27673 INFO rally.task.context [-] Task 0f0400ed-8717-43f4-a6bb-dcf4ce7e8198 | Context quotas@openstack setup() finished in 0.54 sec
2019-12-10 08:22:16.601 27673 INFO rally.task.context [-] Task 0f0400ed-8717-43f4-a6bb-dcf4ce7e8198 | Context cleanup@openstack setup() finished in 0.01 msec
2019-12-10 08:22:16.610 27673 RALLYDEBUG rally.task.runner [-] Starting the constant runner (task UUID: 0f0400ed-8717-43f4-a6bb-dcf4ce7e8198). times: 40 concurrency: 20 timeout: 0 max_cpu_used: 16 processes_to_start: 16 concurrency_per_worker: 1 concurrency_overhead: 4
2019-12-10 08:22:16.622 30257 RALLYDEBUG rally.task.runner [-] Starting a worker. times: 40 duration: None concurrency: 2 timeout: 0 cls: method_name: run args: {"network_create_args": null, "subnet_create_args": null, "subnet_cidr_start": "1.1.0.0/30", "subnets_per_network": 2, "router_create_args": null}
2019-12-10 08:22:16.625 30258 RALLYDEBUG rally.task.runner [-] Starting a worker. times: 40 duration: None concurrency: 2 timeout: 0 cls: method_name: run args: {"network_create_args": null, "subnet_create_args": null, "subnet_cidr_start": "1.1.0.0/30", "subnets_per_network": 2, "router_create_args": null}
2019-12-10 08:22:16.629 30257 INFO rally.task.runner [-] Task 0f0400ed-8717-43f4-a6bb-dcf4ce7e8198 | ITER: 1 START
2019-12-10 08:22:16.629 30259 RALLYDEBUG rally.task.runner [-] Starting a worker. times: 40 duration: None concurrency: 2 timeout: 0 cls: method_name: run args: {"network_create_args": null, "subnet_create_args": null, "subnet_cidr_start": "1.1.0.0/30", "subnets_per_network": 2, "router_create_args": null}
2019-12-10 08:22:16.633 30258 INFO rally.task.runner [-] Task 0f0400ed-8717-43f4-a6bb-dcf4ce7e8198 | ITER: 3 START
2019-12-10 08:22:16.635 30259 INFO rally.task.runner [-] Task 0f0400ed-8717-43f4-a6bb-dcf4ce7e8198 | ITER: 4 START
2019-12-10 08:22:16.641 30259 INFO rally.task.runner [-] Task 0f0400ed-8717-43f4-a6bb-dcf4ce7e8198 | ITER: 6 START
2019-12-10 08:22:16.640 30265 RALLYDEBUG rally.task.runner [-] Starting a worker. times: 40 duration: None concurrency: 2 timeout: 0 cls: method_name: run args: {"network_create_args": null, "subnet_create_args": null, "subnet_cidr_start": "1.1.0.0/30", "subnets_per_network": 2, "router_create_args": null}
2019-12-10 08:22:16.635 30257 INFO rally.task.runner [-] Task 0f0400ed-8717-43f4-a6bb-dcf4ce7e8198 | ITER: 2 START
2019-12-10 08:22:16.642 30270 RALLYDEBUG rally.task.runner [-] Starting a worker. times: 40 duration: None concurrency: 1 timeout: 0 cls: method_name: run args: {"network_create_args": null, "subnet_create_args": null, "subnet_cidr_start": "1.1.0.0/30", "subnets_per_network": 2, "router_create_args": null}
2019-12-10 08:22:16.639 30258 INFO rally.task.runner [-] Task 0f0400ed-8717-43f4-a6bb-dcf4ce7e8198 | ITER: 5 START
2019-12-10 08:22:16.647 30271 RALLYDEBUG rally.task.runner [-] Starting a worker. times: 40 duration: None concurrency: 1 timeout: 0 cls: method_name: run args: {"network_create_args": null, "subnet_create_args": null, "subnet_cidr_start": "1.1.0.0/30", "subnets_per_network": 2, "router_create_args": null}
2019-12-10 08:22:16.652 30272 RALLYDEBUG rally.task.runner [-] Starting a worker. times: 40 duration: None concurrency: 1 timeout: 0 cls: method_name: run args: {"network_create_args": null, "subnet_create_args": null, "subnet_cidr_start": "1.1.0.0/30", "subnets_per_network": 2, "router_create_args": null}
2019-12-10 08:22:16.653 30270 INFO rally.task.runner [-] Task 0f0400ed-8717-43f4-a6bb-dcf4ce7e8198 | ITER: 8 START
2019-12-10 08:22:16.655 30271 INFO rally.task.runner [-] Task 0f0400ed-8717-43f4-a6bb-dcf4ce7e8198 | ITER: 9 START
2019-12-10 08:22:16.655 30273 RALLYDEBUG rally.task.runner [-] Starting a worker. times: 40 duration: None concurrency: 1 timeout: 0 cls: method_name: run args: {"network_create_args": null, "subnet_create_args": null, "subnet_cidr_start": "1.1.0.0/30", "subnets_per_network": 2, "router_create_args": null}
2019-12-10 08:22:16.655 30265 INFO rally.task.runner [-] Task 0f0400ed-8717-43f4-a6bb-dcf4ce7e8198 | ITER: 7 START
2019-12-10 08:22:16.658 30278 RALLYDEBUG rally.task.runner [-] Starting a worker. times: 40 duration: None concurrency: 1 timeout: 0 cls: method_name: run args: {"network_create_args": null, "subnet_create_args": null, "subnet_cidr_start": "1.1.0.0/30", "subnets_per_network": 2, "router_create_args": null}
2019-12-10 08:22:16.659 30272 INFO rally.task.runner [-] Task 0f0400ed-8717-43f4-a6bb-dcf4ce7e8198 | ITER: 11 START
2019-12-10 08:22:16.661 30273 INFO rally.task.runner [-] Task 0f0400ed-8717-43f4-a6bb-dcf4ce7e8198 | ITER: 12 START
2019-12-10 08:22:16.664 30278 INFO rally.task.runner [-] Task 0f0400ed-8717-43f4-a6bb-dcf4ce7e8198 | ITER: 13 START
2019-12-10 08:22:16.663 30283 RALLYDEBUG rally.task.runner [-] Starting a worker. times: 40 duration: None concurrency: 1 timeout: 0 cls: method_name: run args: {"network_create_args": null, "subnet_create_args": null, "subnet_cidr_start": "1.1.0.0/30", "subnets_per_network": 2, "router_create_args": null}
2019-12-10 08:22:16.662 30265 INFO rally.task.runner [-] Task 0f0400ed-8717-43f4-a6bb-dcf4ce7e8198 | ITER: 10 START
2019-12-10 08:22:16.670 30283 INFO rally.task.runner [-] Task 0f0400ed-8717-43f4-a6bb-dcf4ce7e8198 | ITER: 14 START
2019-12-10 08:22:16.675 30288 RALLYDEBUG rally.task.runner [-] Starting a worker. times: 40 duration: None concurrency: 1 timeout: 0 cls: method_name: run args: {"network_create_args": null, "subnet_create_args": null, "subnet_cidr_start": "1.1.0.0/30", "subnets_per_network": 2, "router_create_args": null}
2019-12-10 08:22:16.681 30292 RALLYDEBUG rally.task.runner [-] Starting a worker. times: 40 duration: None concurrency: 1 timeout: 0 cls: method_name: run args: {"network_create_args": null, "subnet_create_args": null, "subnet_cidr_start": "1.1.0.0/30", "subnets_per_network": 2, "router_create_args": null}
2019-12-10 08:22:16.685 30288 INFO rally.task.runner [-] Task 0f0400ed-8717-43f4-a6bb-dcf4ce7e8198 | ITER: 15 START
2019-12-10 08:22:16.687 30292 INFO rally.task.runner [-] Task 0f0400ed-8717-43f4-a6bb-dcf4ce7e8198 | ITER: 16 START
2019-12-10 08:22:16.687 30293 RALLYDEBUG rally.task.runner [-] Starting a worker. times: 40 duration: None concurrency: 1 timeout: 0 cls: method_name: run args: {"network_create_args": null, "subnet_create_args": null, "subnet_cidr_start": "1.1.0.0/30", "subnets_per_network": 2, "router_create_args": null}
2019-12-10 08:22:16.693 30293 INFO rally.task.runner [-] Task 0f0400ed-8717-43f4-a6bb-dcf4ce7e8198 | ITER: 17 START
2019-12-10 08:22:16.694 30298 RALLYDEBUG rally.task.runner [-] Starting a worker. times: 40 duration: None concurrency: 1 timeout: 0 cls: method_name: run args: {"network_create_args": null, "subnet_create_args": null, "subnet_cidr_start": "1.1.0.0/30", "subnets_per_network": 2, "router_create_args": null}
2019-12-10 08:22:16.699 30298 INFO rally.task.runner [-] Task 0f0400ed-8717-43f4-a6bb-dcf4ce7e8198 | ITER: 18 START
2019-12-10 08:22:16.699 30301 RALLYDEBUG rally.task.runner [-] Starting a worker. times: 40 duration: None concurrency: 1 timeout: 0 cls: method_name: run args: {"network_create_args": null, "subnet_create_args": null, "subnet_cidr_start": "1.1.0.0/30", "subnets_per_network": 2, "router_create_args": null}
2019-12-10 08:22:16.704 30303 RALLYDEBUG rally.task.runner [-] Starting a worker. times: 40 duration: None concurrency: 1 timeout: 0 cls: method_name: run args: {"network_create_args": null, "subnet_create_args": null, "subnet_cidr_start": "1.1.0.0/30", "subnets_per_network": 2, "router_create_args": null}
2019-12-10 08:22:16.705 30301 INFO rally.task.runner [-] Task 0f0400ed-8717-43f4-a6bb-dcf4ce7e8198 | ITER: 19 START
2019-12-10 08:22:16.712 30303 INFO rally.task.runner [-] Task 0f0400ed-8717-43f4-a6bb-dcf4ce7e8198 | ITER: 20 START
2019-12-10 08:22:17.337 30258 RALLYDEBUG rally_openstack.wrappers.network [-] CIDR generated: 1.1.5.160/30
2019-12-10 08:22:17.367 30273 RALLYDEBUG rally_openstack.wrappers.network [-] CIDR generated: 1.1.5.164/30
2019-12-10 08:22:17.413 30278 RALLYDEBUG rally_openstack.wrappers.network [-] CIDR generated: 1.1.5.168/30
2019-12-10 08:22:17.426 30259 RALLYDEBUG rally_openstack.wrappers.network [-] CIDR generated: 1.1.5.172/30
2019-12-10 08:22:17.445 30283 RALLYDEBUG rally_openstack.wrappers.network [-] CIDR generated: 1.1.5.176/30
2019-12-10 08:22:17.513 30259 RALLYDEBUG rally_openstack.wrappers.network [-] CIDR generated: 1.1.5.180/30
2019-12-10 08:22:17.516 30298 RALLYDEBUG rally_openstack.wrappers.network [-] CIDR generated: 1.1.5.184/30
2019-12-10 08:22:17.694 30270 RALLYDEBUG rally_openstack.wrappers.network [-] CIDR generated: 1.1.5.188/30
2019-12-10 08:22:17.700 30288 RALLYDEBUG rally_openstack.wrappers.network [-] CIDR generated: 1.1.5.192/30
2019-12-10 08:22:17.702 30265 RALLYDEBUG rally_openstack.wrappers.network [-] CIDR generated: 1.1.5.196/30
2019-12-10 08:22:17.718 30301 RALLYDEBUG rally_openstack.wrappers.network [-] CIDR generated: 1.1.5.200/30
2019-12-10 08:22:17.732 30265 RALLYDEBUG rally_openstack.wrappers.network [-] CIDR generated: 1.1.5.204/30
2019-12-10 08:22:17.742 30257 RALLYDEBUG rally_openstack.wrappers.network [-] CIDR generated: 1.1.5.208/30
2019-12-10 08:22:17.751 30272 RALLYDEBUG rally_openstack.wrappers.network [-] CIDR generated: 1.1.5.212/30
2019-12-10 08:22:18.067 30271 RALLYDEBUG rally_openstack.wrappers.network [-] CIDR generated: 1.1.5.216/30
2019-12-10 08:22:18.082 30303 RALLYDEBUG rally_openstack.wrappers.network [-] CIDR generated: 1.1.5.220/30
2019-12-10 08:22:18.190 30259 RALLYDEBUG rally_openstack.wrappers.network [-] CIDR generated: 1.1.5.224/30
2019-12-10 08:22:18.283 30292 RALLYDEBUG rally_openstack.wrappers.network [-] CIDR generated: 1.1.5.228/30
2019-12-10 08:22:18.284 30257 RALLYDEBUG rally_openstack.wrappers.network [-] CIDR generated: 1.1.5.232/30
2019-12-10 08:22:18.430 30265 RALLYDEBUG rally_openstack.wrappers.network [-] CIDR generated: 1.1.5.236/30
2019-12-10 08:22:18.432 30258 RALLYDEBUG rally_openstack.wrappers.network [-] CIDR generated: 1.1.5.240/30
2019-12-10 08:22:18.556 30278 RALLYDEBUG rally_openstack.wrappers.network [-] CIDR generated: 1.1.5.244/30
2019-12-10 08:22:18.679 30293 RALLYDEBUG rally_openstack.wrappers.network [-] CIDR generated: 1.1.5.248/30
2019-12-10 08:22:18.753 30283 RALLYDEBUG rally_openstack.wrappers.network [-] CIDR generated: 1.1.5.252/30
2019-12-10 08:22:18.879 30265 RALLYDEBUG rally_openstack.wrappers.network [-] CIDR generated: 1.1.6.0/30
2019-12-10 08:22:18.926 30272 RALLYDEBUG rally_openstack.wrappers.network [-] CIDR generated: 1.1.6.4/30
2019-12-10 08:22:19.224 30257 RALLYDEBUG rally_openstack.wrappers.network [-] CIDR generated: 1.1.6.8/30
2019-12-10 08:22:19.227 30271 RALLYDEBUG rally_openstack.wrappers.network [-] CIDR generated: 1.1.6.12/30
2019-12-10 08:22:19.374 30259 RALLYDEBUG rally_openstack.wrappers.network [-] CIDR generated: 1.1.6.16/30
2019-12-10 08:22:19.411 30301 RALLYDEBUG rally_openstack.wrappers.network [-] CIDR generated: 1.1.6.20/30
2019-12-10 08:22:19.421 30270 RALLYDEBUG rally_openstack.wrappers.network [-] CIDR generated: 1.1.6.24/30
2019-12-10 08:22:19.522 30292 RALLYDEBUG rally_openstack.wrappers.network [-] CIDR generated: 1.1.6.28/30
2019-12-10 08:22:19.594 30273 RALLYDEBUG rally_openstack.wrappers.network [-] CIDR generated: 1.1.6.32/30
2019-12-10 08:22:19.956 30303 RALLYDEBUG rally_openstack.wrappers.network [-] CIDR generated: 1.1.6.36/30
2019-12-10 08:22:19.961 30258 RALLYDEBUG rally_openstack.wrappers.network [-] CIDR generated: 1.1.6.40/30
2019-12-10 08:22:20.124 30293 RALLYDEBUG rally_openstack.wrappers.network [-] CIDR generated: 1.1.6.44/30
2019-12-10 08:22:20.285 30257 RALLYDEBUG rally_openstack.wrappers.network [-] CIDR generated: 1.1.6.48/30
2019-12-10 08:22:20.768 30298 RALLYDEBUG rally_openstack.wrappers.network [-] CIDR generated: 1.1.6.52/30
2019-12-10 08:22:20.931 30288 RALLYDEBUG rally_openstack.wrappers.network [-] CIDR generated: 1.1.6.56/30
2019-12-10 08:22:21.275 30258 RALLYDEBUG rally_openstack.wrappers.network [-] CIDR generated: 1.1.6.60/30
2019-12-10 08:22:27.127 30265 INFO rally.task.runner [-] Task 0f0400ed-8717-43f4-a6bb-dcf4ce7e8198 | ITER: 10 END: OK
2019-12-10 08:22:27.131 30265 INFO rally.task.runner [-] Task 0f0400ed-8717-43f4-a6bb-dcf4ce7e8198 | ITER: 21 START
2019-12-10 08:22:27.565 30273 INFO rally.task.runner [-] Task 0f0400ed-8717-43f4-a6bb-dcf4ce7e8198 | ITER: 12 END: OK
2019-12-10 08:22:27.570 30273 INFO rally.task.runner [-] Task 0f0400ed-8717-43f4-a6bb-dcf4ce7e8198 | ITER: 22 START
2019-12-10 08:22:27.853 30265 RALLYDEBUG rally_openstack.wrappers.network [-] CIDR generated: 1.1.6.64/30
2019-12-10 08:22:28.165 30292 INFO rally.task.runner [-] Task 0f0400ed-8717-43f4-a6bb-dcf4ce7e8198 | ITER: 16 END: OK
2019-12-10 08:22:28.169 30292 INFO rally.task.runner [-] Task 0f0400ed-8717-43f4-a6bb-dcf4ce7e8198 | ITER: 23 START
2019-12-10 08:22:28.627 30273 RALLYDEBUG rally_openstack.wrappers.network [-] CIDR generated: 1.1.6.68/30
