2019-12-10 08:29:55.950 27673 RALLYDEBUG rally_openstack.cleanup.manager [-] Deleting neutron.port object s_rally_aafbbd2e_MQyiENFc (4adc7d0e-a0c3-4470-aef9-bda0c5c1ae96)
2019-12-10 08:29:56.002 27673 RALLYDEBUG rally_openstack.cleanup.manager [-] Deleting neutron.port object s_rally_aafbbd2e_4ll7UzjT (4ae5a461-0b8b-4a82-9fe6-048457ce0917)
2019-12-10 08:29:56.018 27673 RALLYDEBUG rally_openstack.cleanup.manager [-] Deleting neutron.port object s_rally_aafbbd2e_bYQfhfnd (4b01b6c2-5738-4e98-b446-b1ed8e42893c)
2019-12-10 08:29:56.160 27673 RALLYDEBUG rally_openstack.cleanup.manager [-] Deleting neutron.port object s_rally_aafbbd2e_BNaFfwE8 (523599ef-213b-4a3d-919a-46f6bda9f221)
2019-12-10 08:29:56.240 27673 RALLYDEBUG rally_openstack.cleanup.manager [-] Deleting neutron.port object s_rally_aafbbd2e_3WPfZldT (538e2f0b-88f2-44d7-9127-26f75a0f7f44)
2019-12-10 08:29:56.248 27673 RALLYDEBUG rally_openstack.cleanup.manager [-] Deleting neutron.port object s_rally_aafbbd2e_O94gvHIG (561ecc30-3570-4b4a-a6d0-658869159dc0)
2019-12-10 08:29:56.333 27673 RALLYDEBUG rally_openstack.cleanup.manager [-] Deleting neutron.port object s_rally_aafbbd2e_GvNQWxeN (564bce1e-fb66-4dda-86b5-baea23a3ea5b)
2019-12-10 08:29:56.457 27673 RALLYDEBUG rally_openstack.cleanup.manager [-] Deleting neutron.port object s_rally_aafbbd2e_oLvJ9uDK (56875a34-d5ef-4afa-af00-cc0683360944)
2019-12-10 08:29:56.472 27673 RALLYDEBUG rally_openstack.cleanup.manager [-] Deleting neutron.port object s_rally_aafbbd2e_XORnwCEL (57439beb-334f-43eb-b083-8dd0d1940ee6)
2019-12-10 08:29:56.551 27673 RALLYDEBUG rally_openstack.cleanup.manager [-] Deleting neutron.port object s_rally_aafbbd2e_7814diXi (579e8adb-a3cc-4a35-911a-6b983697f6dd)
2019-12-10 08:29:56.642 27673 RALLYDEBUG rally_openstack.cleanup.manager [-] Deleting neutron.port object s_rally_aafbbd2e_ZPBkCOpQ (59a04a39-b222-4cf3-b807-c4fe365b6223)
2019-12-10 08:29:56.749 27673 RALLYDEBUG rally_openstack.cleanup.manager [-] Deleting neutron.port object s_rally_aafbbd2e_hVqYXD3o (5ae40d20-4363-4a2d-8643-e9ff6aac86c2)
2019-12-10 08:29:56.769 27673 RALLYDEBUG rally_openstack.cleanup.manager [-] Deleting neutron.port object s_rally_aafbbd2e_g17OZIng (5b0528f3-11b5-48d8-a907-1f59fbedc229)
2019-12-10 08:29:56.808 27673 RALLYDEBUG rally_openstack.cleanup.manager [-] Deleting neutron.port object s_rally_aafbbd2e_In1RnZjJ (5b7f8859-657c-4efb-ac80-d0fed9bf36c4)
2019-12-10 08:29:56.879 27673 RALLYDEBUG rally_openstack.cleanup.manager [-] Deleting neutron.port object s_rally_aafbbd2e_g4ol3LFY (5b9c0dc9-21a2-4530-971c-14426f8d8a3e)
2019-12-10 08:29:56.883 27673 RALLYDEBUG rally_openstack.cleanup.manager [-] Deleting neutron.port object s_rally_aafbbd2e_QLxitodj (5b9d38a8-2d99-4176-9187-e1e165b29f4f)
2019-12-10 08:29:56.896 27673 RALLYDEBUG rally_openstack.cleanup.manager [-] Deleting neutron.port object s_rally_aafbbd2e_UtfXDfcO (5c38ee5c-65e8-4e17-a619-fceac22e0077)
2019-12-10 08:29:56.991 27673 RALLYDEBUG rally_openstack.cleanup.manager [-] Deleting neutron.port object s_rally_aafbbd2e_B93duGS8 (5d244bda-13ee-4446-80c8-810d97618099)
2019-12-10 08:29:57.309 27673 RALLYDEBUG rally_openstack.cleanup.manager [-] Deleting neutron.port object s_rally_aafbbd2e_aTWV6SzT (5da0044f-3a74-4e22-82f2-7146010b9ddb)
2019-12-10 08:29:57.450 27673 RALLYDEBUG rally_openstack.cleanup.manager [-] Deleting neutron.port object s_rally_aafbbd2e_qbjSLwqK (5df65a5a-a9d5-4d18-af5f-799d0df44124)
2019-12-10 08:29:57.725 27673 RALLYDEBUG rally_openstack.cleanup.manager [-] Deleting neutron.port object s_rally_aafbbd2e_Xwm22NU7 (5eabcc9f-b7c7-439f-965e-fd4f7f9c9701)
2019-12-10 08:29:57.782 27673 RALLYDEBUG rally_openstack.cleanup.manager [-] Deleting neutron.port object s_rally_aafbbd2e_7mCGiqOy (5f8ebb60-a60f-4770-8ecf-65e425650c14)
2019-12-10 08:29:57.809 27673 RALLYDEBUG rally_openstack.cleanup.manager [-] Deleting neutron.port object s_rally_aafbbd2e_PZvo5Y5s (6371b0d7-b518-444e-a9a0-3f712dc35687)
2019-12-10 08:29:57.964 27673 RALLYDEBUG rally_openstack.cleanup.manager [-] Deleting neutron.port object s_rally_aafbbd2e_oFWR8b6C (63dae214-4649-4cfb-8097-eb85f145a940)
2019-12-10 08:29:58.091 27673 RALLYDEBUG rally_openstack.cleanup.manager [-] Deleting neutron.port object s_rally_aafbbd2e_sxbnYafa (63edc08c-3c7c-442c-b9c5-8f1b43c05e97)
2019-12-10 08:29:58.094 27673 RALLYDEBUG rally_openstack.cleanup.manager [-] Deleting neutron.port object s_rally_aafbbd2e_hIC0yY0e (64f2355b-5ebf-48f9-bf2e-c257de96a7e9)
2019-12-10 08:29:58.263 27673 RALLYDEBUG rally_openstack.cleanup.manager [-] Deleting neutron.port object s_rally_aafbbd2e_mYdLjyHB (64f8a15c-f619-4988-9306-d0a54fdc9f6e)
2019-12-10 08:29:58.352 27673 RALLYDEBUG rally_openstack.cleanup.manager [-] Deleting neutron.port object s_rally_aafbbd2e_zQ4eA8Gq (6541661c-4761-4168-8d9e-e4b1220707f7)
2019-12-10 08:29:58.356 27673 RALLYDEBUG rally_openstack.cleanup.manager [-] Deleting neutron.port object s_rally_aafbbd2e_POgzb5LW (65ccd3c4-3a52-4817-8dc7-a6b62a761636)
2019-12-10 08:29:58.548 27673 RALLYDEBUG rally_openstack.cleanup.manager [-] Deleting neutron.port object s_rally_aafbbd2e_VPtOAF9J (65d534cf-f1c3-4a3c-a186-5559f0b5a810)
2019-12-10 08:29:58.556 27673 RALLYDEBUG rally_openstack.cleanup.manager [-] Deleting neutron.port object s_rally_aafbbd2e_bBbxvvhD (6b2ca286-477c-48df-a56e-eec63a9400bc)
2019-12-10 08:29:58.565 27673 RALLYDEBUG rally_openstack.cleanup.manager [-] Deleting neutron.port object s_rally_aafbbd2e_HqMJZXYH (6badd244-ef38-474e-a0bc-a2527fca4868)
2019-12-10 08:29:58.673 27673 RALLYDEBUG rally_openstack.cleanup.manager [-] Deleting neutron.port object s_rally_aafbbd2e_HG7dz7JK (6c333957-1c06-4b3e-89b5-e3d8a81a5de2)
2019-12-10 08:29:58.677 27673 RALLYDEBUG rally_openstack.cleanup.manager [-] Deleting neutron.port object s_rally_aafbbd2e_SyvCkbXh (6e833791-c9e2-4353-abfe-a11c86a95c97)
2019-12-10 08:29:58.685 27673 RALLYDEBUG rally_openstack.cleanup.manager [-] Deleting neutron.port object s_rally_aafbbd2e_OyZP3L7z (6eb2d6f6-db6d-4472-8cb6-d7f6cc3f22cb)
2019-12-10 08:29:58.828 27673 RALLYDEBUG rally_openstack.cleanup.manager [-] Deleting neutron.port object s_rally_aafbbd2e_WrDQTApq (7003f314-c518-4c58-8cbd-b847ca5efd13)
2019-12-10 08:29:59.053 27673 RALLYDEBUG rally_openstack.cleanup.manager [-] Deleting neutron.port object s_rally_aafbbd2e_xuvK4pgG (70908284-7cb1-402e-90e4-d30ee7c82ef4)
2019-12-10 08:29:59.086 27673 RALLYDEBUG rally_openstack.cleanup.manager [-] Deleting neutron.port object s_rally_aafbbd2e_Qe3JV5cu (739fe922-a0ef-46d9-87ff-b08591310bfe)
2019-12-10 08:29:59.148 27673 RALLYDEBUG rally_openstack.cleanup.manager [-] Deleting neutron.port object s_rally_aafbbd2e_MsgmbN0A (740d3121-f446-4bcf-affa-c7745e5e441e)
2019-12-10 08:29:59.204 27673 RALLYDEBUG rally_openstack.cleanup.manager [-] Deleting neutron.port object s_rally_aafbbd2e_sIialnWt (74294d63-82d4-4794-857a-92454e837281)
2019-12-10 08:29:59.518 27673 RALLYDEBUG rally_openstack.cleanup.manager [-] Deleting neutron.port object s_rally_aafbbd2e_PbdUCi0J (74e96c5f-4561-49b1-bb26-8ff3efe834cd)
2019-12-10 08:29:59.711 27673 RALLYDEBUG rally_openstack.cleanup.manager [-] Deleting neutron.port object s_rally_aafbbd2e_RWV3n3Zy (75efe522-408e-444d-a80f-868345ed50ff)
2019-12-10 08:29:59.742 27673 RALLYDEBUG rally_openstack.cleanup.manager [-] Deleting neutron.port object s_rally_aafbbd2e_dsXEeMlz (7848e9f5-977e-43b3-bc52-1e55d59bc79a)
2019-12-10 08:29:59.829 27673 RALLYDEBUG rally_openstack.cleanup.manager [-] Deleting neutron.port object s_rally_aafbbd2e_CFtC0sXG (79050f0e-4ddd-4e6a-bbb6-041563641fa7)
2019-12-10 08:30:00.075 27673 RALLYDEBUG rally_openstack.cleanup.manager [-] Deleting neutron.port object s_rally_aafbbd2e_0XGOJNsG (7ab8e829-0181-4d37-9e06-8c8e918c9071)
2019-12-10 08:30:00.141 27673 RALLYDEBUG rally_openstack.cleanup.manager [-] Deleting neutron.port object s_rally_aafbbd2e_8py0Guj0 (7bf311f0-2d2d-4277-85db-7a99600dfe44)
2019-12-10 08:30:00.183 27673 RALLYDEBUG rally_openstack.cleanup.manager [-] Deleting neutron.port object s_rally_aafbbd2e_4eQdjLmw (7bf550d3-6de3-4003-9ede-5bdf4acf396f)
2019-12-10 08:30:00.191 27673 RALLYDEBUG rally_openstack.cleanup.manager [-] Deleting neutron.port object s_rally_aafbbd2e_17GqYrMC (7c78370c-5e91-4238-ba78-7608f1e449d0)
2019-12-10 08:30:00.204 27673 RALLYDEBUG rally_openstack.cleanup.manager [-] Deleting neutron.port object s_rally_aafbbd2e_FBpaL57z (804456d1-7f86-4147-a0d3-55dc97ee9ace)
2019-12-10 08:30:00.315 27673 RALLYDEBUG rally_openstack.cleanup.manager [-] Deleting neutron.port object s_rally_aafbbd2e_mFsg0VEY (82e2e020-ed31-4145-86e1-597ab5a681e1)
2019-12-10 08:30:00.342 27673 RALLYDEBUG rally_openstack.cleanup.manager [-] Deleting neutron.port object s_rally_aafbbd2e_ri6pu9R8 (855413ce-8f87-4c55-9343-d96c8350549b)
2019-12-10 08:30:00.501 27673 RALLYDEBUG rally_openstack.cleanup.manager [-] Deleting neutron.port object s_rally_aafbbd2e_XS4URYc3 (87c816ad-6fd2-471a-850c-7cb62f19ecf1)
2019-12-10 08:30:00.611 27673 RALLYDEBUG rally_openstack.cleanup.manager [-] Deleting neutron.port object s_rally_aafbbd2e_33eAP7aQ (88eaece9-add8-40d7-b1a9-c8401623972e)
2019-12-10 08:30:00.688 27673 RALLYDEBUG rally_openstack.cleanup.manager [-] Deleting neutron.port object s_rally_aafbbd2e_IdpJQ1bs (894cf674-7594-470d-9b10-c761b903642b)
2019-12-10 08:30:00.801 27673 RALLYDEBUG rally_openstack.cleanup.manager [-] Deleting neutron.port object s_rally_aafbbd2e_7xzj8p8T (89a477eb-f89a-4004-b822-cf92822db8ab)
2019-12-10 08:30:00.839 27673 RALLYDEBUG rally_openstack.cleanup.manager [-] Deleting neutron.port object s_rally_aafbbd2e_FYq9SesN (8a092fbf-0920-4c94-a500-72c1578c46b5)
2019-12-10 08:30:00.857 27673 RALLYDEBUG rally_openstack.cleanup.manager [-] Deleting neutron.port object s_rally_aafbbd2e_gaj942CL (8a5ea1bd-80b8-48e1-9b61-48b278695023)
2019-12-10 08:30:00.860 27673 RALLYDEBUG rally_openstack.cleanup.manager [-] Deleting neutron.port object s_rally_aafbbd2e_fk9al8e0 (8ca7ff48-73dd-4acc-87fb-008cef35f7da)
2019-12-10 08:30:00.948 27673 RALLYDEBUG rally_openstack.cleanup.manager [-] Deleting neutron.port object s_rally_aafbbd2e_xH175Acr (8dc75737-2e48-4102-b7c4-895fa35b4077)
2019-12-10 08:30:00.957 27673 RALLYDEBUG rally_openstack.cleanup.manager [-] Deleting neutron.port object s_rally_aafbbd2e_dEpAhVyP (8f0e0cde-527e-46c0-b1f7-d3d83e5a2da9)
2019-12-10 08:30:01.248 27673 RALLYDEBUG rally_openstack.cleanup.manager [-] Deleting neutron.port object s_rally_aafbbd2e_HitZEikE (8f280faa-7144-4f13-9c3d-6f243523cb8d)
2019-12-10 08:30:01.458 27673 RALLYDEBUG rally_openstack.cleanup.manager [-] Deleting neutron.port object s_rally_aafbbd2e_0Ik8Adf3 (90bbe91d-ece7-4c1f-aef9-7dcce40e3904)
2019-12-10 08:30:01.495 27673 RALLYDEBUG rally_openstack.cleanup.manager [-] Deleting neutron.port object s_rally_aafbbd2e_zSTzjo2G (92492aa4-6d67-4246-a25d-5881e84bf44f)
2019-12-10 08:30:01.549 27673 RALLYDEBUG rally_openstack.cleanup.manager [-] Deleting neutron.port object s_rally_aafbbd2e_v3knlKuy (928f4cca-d1f1-484d-b95d-4a2d9b3f560f)
2019-12-10 08:30:01.805 27673 RALLYDEBUG rally_openstack.cleanup.manager [-] Deleting neutron.port object s_rally_aafbbd2e_4kyyqZDe (9302449f-5c7c-450e-a9f5-f5a3d68e2355)
2019-12-10 08:30:01.934 27673 RALLYDEBUG rally_openstack.cleanup.manager [-] Deleting neutron.port object s_rally_aafbbd2e_q9h9ieOd (93e3e2cb-d224-4a9c-aefd-5b52e151acd7)
2019-12-10 08:30:01.986 27673 RALLYDEBUG rally_openstack.cleanup.manager [-] Deleting neutron.port object s_rally_aafbbd2e_35HGnTus (94045c86-b011-4211-8364-d4cbd2f1cf12)
2019-12-10 08:30:02.019 27673 RALLYDEBUG rally_openstack.cleanup.manager [-] Deleting neutron.port object s_rally_aafbbd2e_4ctf9R2H (96487457-abae-416a-831a-6266e0efab40)
2019-12-10 08:30:02.044 27673 RALLYDEBUG rally_openstack.cleanup.manager [-] Deleting neutron.port object s_rally_aafbbd2e_fGxQgtQl (97bd68fb-a052-4f41-b5fa-dd27be0baeed)
2019-12-10 08:30:02.335 27673 RALLYDEBUG rally_openstack.cleanup.manager [-] Deleting neutron.port object s_rally_aafbbd2e_Jxw07gX9 (99240b82-4771-496b-898c-bf283018d21a)
2019-12-10 08:30:02.360 27673 RALLYDEBUG rally_openstack.cleanup.manager [-] Deleting neutron.port object s_rally_aafbbd2e_1puuPpAI (9a03ce31-20c0-4db8-bb8c-fada36eca377)
2019-12-10 08:30:02.415 27673 RALLYDEBUG rally_openstack.cleanup.manager [-] Deleting neutron.port object s_rally_aafbbd2e_rKIhyMc6 (9b3dfdc9-fbca-4957-b62a-6a4420c0b4ff)
2019-12-10 08:30:02.431 27673 RALLYDEBUG rally_openstack.cleanup.manager [-] Deleting neutron.port object s_rally_aafbbd2e_ipCUoeDf (9df824a8-e858-4a5f-8e3d-e409667b988c)
2019-12-10 08:30:02.445 27673 RALLYDEBUG rally_openstack.cleanup.manager [-] Deleting neutron.port object s_rally_aafbbd2e_2HU2mZ6F (9e21c137-e758-4b2f-a45b-3ba260498037)
2019-12-10 08:30:02.605 27673 RALLYDEBUG rally_openstack.cleanup.manager [-] Deleting neutron.port object s_rally_aafbbd2e_JcxMdlQc (9e5c3f4c-b0b2-4563-b252-8bac2bcc92cd)
2019-12-10 08:30:02.614 27673 RALLYDEBUG rally_openstack.cleanup.manager [-] Deleting neutron.port object s_rally_aafbbd2e_eWQmyrKc (a0038c7a-8cb9-456a-b8ae-200607442fb5)
2019-12-10 08:30:02.640 27673 RALLYDEBUG rally_openstack.cleanup.manager [-] Deleting neutron.port object s_rally_aafbbd2e_ucsaUguX (a2b37cd2-7913-4492-aa22-8d83a668015e)
2019-12-10 08:30:02.671 27673 RALLYDEBUG rally_openstack.cleanup.manager [-] Deleting neutron.port object s_rally_aafbbd2e_hag5hiHL (a2ca6d8a-4dd8-4eaa-bea3-5d8aed741fbd)
2019-12-10 08:30:03.006 27673 RALLYDEBUG rally_openstack.cleanup.manager [-] Deleting neutron.port object s_rally_aafbbd2e_p0lHm31N (a5bc0b33-5896-4904-8406-e72f6f94f2f5)
2019-12-10 08:30:03.038 27673 RALLYDEBUG rally_openstack.cleanup.manager [-] Deleting neutron.port object s_rally_aafbbd2e_JyCztsR7 (a6da3ff5-9005-43ad-ac0c-de21756e89db)
2019-12-10 08:30:03.224 27673 RALLYDEBUG rally_openstack.cleanup.manager [-] Deleting neutron.port object s_rally_aafbbd2e_o1grndCV (a85a6f82-8422-483c-9568-5f50e03fe96e)
2019-12-10 08:30:03.242 27673 RALLYDEBUG rally_openstack.cleanup.manager [-] Deleting neutron.port object s_rally_aafbbd2e_OeX1hsT0 (a890beee-0a64-4ff2-9992-a317a64ab069)
2019-12-10 08:30:03.295 27673 RALLYDEBUG rally_openstack.cleanup.manager [-] Deleting neutron.port object s_rally_aafbbd2e_SZis6qxz (a9ff6ace-eef6-4e8d-b45f-62f08519b42a)
2019-12-10 08:30:03.311 27673 RALLYDEBUG rally_openstack.cleanup.manager [-] Deleting neutron.port object s_rally_aafbbd2e_Tdd98pPC (ac0c25ae-3882-4fcd-a418-681169e21db8)
2019-12-10 08:30:03.544 27673 RALLYDEBUG rally_openstack.cleanup.manager [-] Deleting neutron.port object s_rally_aafbbd2e_Pyl8xh0j (ad40220c-9a09-44b2-97fd-9d81dffd0ab0)
2019-12-10 08:30:03.663 27673 RALLYDEBUG rally_openstack.cleanup.manager [-] Deleting neutron.port object s_rally_aafbbd2e_I3RoQ1LT (ae45a168-119b-4f04-9425-6a1577cde539)
2019-12-10 08:30:03.748 27673 RALLYDEBUG rally_openstack.cleanup.manager [-] Deleting neutron.port object s_rally_aafbbd2e_V5WsVycp (ae4d5e50-b2d1-47fa-a52f-cc922328c375)
2019-12-10 08:30:03.804 27673 RALLYDEBUG rally_openstack.cleanup.manager [-] Deleting neutron.port object s_rally_aafbbd2e_wJwIdCiS (aec7160a-8801-4f8b-99f0-dd62e66085a9)
2019-12-10 08:30:03.981 27673 RALLYDEBUG rally_openstack.cleanup.manager [-] Deleting neutron.port object s_rally_aafbbd2e_U4LOPOvQ (b476fb5b-a52a-40d1-bb01-e97a832ed616)
2019-12-10 08:30:04.157 27673 RALLYDEBUG rally_openstack.cleanup.manager [-] Deleting neutron.port object s_rally_aafbbd2e_4onBsDmr (b5ad40ed-4047-48b0-8737-a2ff7fb824ad)
2019-12-10 08:30:04.161 27673 RALLYDEBUG rally_openstack.cleanup.manager [-] Deleting neutron.port object s_rally_aafbbd2e_0AUXMMhK (b63b28a0-61fe-4091-ac61-813d2b32b5b6)
2019-12-10 08:30:04.208 27673 RALLYDEBUG rally_openstack.cleanup.manager [-] Deleting neutron.port object s_rally_aafbbd2e_wXJljNLa (b664fc6f-347d-40fd-a98d-d180abea2dc7)
2019-12-10 08:30:04.338 27673 RALLYDEBUG rally_openstack.cleanup.manager [-] Deleting neutron.port object s_rally_aafbbd2e_uTurQ8EM (b76da895-61dd-4824-b6ee-37a46a7e993d)
2019-12-10 08:30:04.370 27673 RALLYDEBUG rally_openstack.cleanup.manager [-] Deleting neutron.port object s_rally_aafbbd2e_Ajx0B4Ur (b7af5a5f-39c4-4157-b811-c188022bd431)
2019-12-10 08:30:04.395 27673 RALLYDEBUG rally_openstack.cleanup.manager [-] Deleting neutron.port object s_rally_aafbbd2e_ss3Ftp0s (b81fcb81-db3b-4c82-93b2-360adc31ac77)
2019-12-10 08:30:04.400 27673 RALLYDEBUG rally_openstack.cleanup.manager [-] Deleting neutron.port object s_rally_aafbbd2e_YkJvQCZ3 (b879200e-fa83-48b2-ad90-17c753e9a4a7)
2019-12-10 08:30:04.704 27673 RALLYDEBUG rally_openstack.cleanup.manager [-] Deleting neutron.port object s_rally_aafbbd2e_XEMuDEBv (b98aa2c8-05f3-4200-a049-4bb7a1fadf9b)
2019-12-10 08:30:04.774 27673 RALLYDEBUG rally_openstack.cleanup.manager [-] Deleting neutron.port object s_rally_aafbbd2e_xtYc81nm (bbdc1e74-19d7-4a2c-aba0-6c9642da2c5f)
2019-12-10 08:30:04.782 27673 RALLYDEBUG rally_openstack.cleanup.manager [-] Deleting neutron.port object s_rally_aafbbd2e_tb2UgFl8 (bf6a078c-119c-45b8-889f-ddfa29a60d39)
2019-12-10 08:30:04.812 27673 RALLYDEBUG rally_openstack.cleanup.manager [-] Deleting neutron.port object s_rally_aafbbd2e_KCAhxVfT (c2ccd6b2-6053-41d9-b1c9-5d2c79a14134)
2019-12-10 08:30:05.080 27673 RALLYDEBUG rally_openstack.cleanup.manager [-] Deleting neutron.port object s_rally_aafbbd2e_aGllxx4o (c37ef3c4-2c75-4f7d-ac38-acd1e7aa6221)
2019-12-10 08:30:05.139 27673 RALLYDEBUG rally_openstack.cleanup.manager [-] Deleting neutron.port object s_rally_aafbbd2e_IfSF8C3s (c6c3c471-2a13-443f-929b-8c09ff651f22)
2019-12-10 08:30:05.257 27673 RALLYDEBUG rally_openstack.cleanup.manager [-] Deleting neutron.port object s_rally_aafbbd2e_CMDgL3aT (ca615e61-e494-48fc-91e3-0ea023d073e9)
2019-12-10 08:30:05.367 27673 RALLYDEBUG rally_openstack.cleanup.manager [-] Deleting neutron.port object s_rally_aafbbd2e_7qXWYeuc (cdf86726-ef39-479a-b9b8-be6a4c119cb7)
2019-12-10 08:30:05.616 27673 RALLYDEBUG rally_openstack.cleanup.manager [-] Deleting neutron.port object s_rally_aafbbd2e_D4XqyALy (cf6440dd-9252-4984-b7e1-8f7ba0d55344)
2019-12-10 08:30:05.720 27673 RALLYDEBUG rally_openstack.cleanup.manager [-] Deleting neutron.port object s_rally_aafbbd2e_W0tORWaO (d0bd605e-737f-47de-b2f8-6256807ead92)
2019-12-10 08:30:05.829 27673 RALLYDEBUG rally_openstack.cleanup.manager [-] Deleting neutron.port object s_rally_aafbbd2e_EUKWkDZ0 (d0efe469-4338-419d-9e29-d1fa4744d802)
2019-12-10 08:30:05.854 27673 RALLYDEBUG rally_openstack.cleanup.manager [-] Deleting neutron.port object s_rally_aafbbd2e_igl8NEn0 (d3d49be1-8cca-4eaa-91a9-505c28f7c9c4)
2019-12-10 08:30:05.929 27673 RALLYDEBUG rally_openstack.cleanup.manager [-] Deleting neutron.port object s_rally_aafbbd2e_kT1RmBsc (d5919993-dfbc-4ee7-89f5-edce9ee74e5b)
2019-12-10 08:30:06.054 27673 RALLYDEBUG rally_openstack.cleanup.manager [-] Deleting neutron.port object s_rally_aafbbd2e_Godz1jXD (d6b1501d-4050-4c9f-981a-7cd8445e52b5)
2019-12-10 08:30:06.132 27673 RALLYDEBUG rally_openstack.cleanup.manager [-] Deleting neutron.port object s_rally_aafbbd2e_OEUziTfa (d7fe7cd2-04f9-4e4d-bba1-a61b224e6d17)
2019-12-10 08:30:06.178 27673 RALLYDEBUG rally_openstack.cleanup.manager [-] Deleting neutron.port object s_rally_aafbbd2e_Aw9NYmRm (d8173c77-2d3b-44f7-b90f-99d978c403d8)
2019-12-10 08:30:06.241 27673 RALLYDEBUG rally_openstack.cleanup.manager [-] Deleting neutron.port object s_rally_aafbbd2e_bnwF9BSA (d83ae86d-bc2d-4ccc-ada1-2f3eba79cec6)
2019-12-10 08:30:06.259 27673 RALLYDEBUG rally_openstack.cleanup.manager [-] Deleting neutron.port object s_rally_aafbbd2e_c0A8xQey (da9b94e4-2524-425e-9f06-f01f116fb386)
2019-12-10 08:30:06.313 27673 RALLYDEBUG rally_openstack.cleanup.manager [-] Deleting neutron.port object s_rally_aafbbd2e_vKakPnIl (dced461e-1d05-44a8-b708-695a412633e9)
2019-12-10 08:30:06.391 27673 RALLYDEBUG rally_openstack.cleanup.manager [-] Deleting neutron.port object s_rally_aafbbd2e_AMnJFzBA (ddcbb9e4-3616-471b-8f4f-dd4bcd82c5f5)
2019-12-10 08:30:06.551 27673 RALLYDEBUG rally_openstack.cleanup.manager [-] Deleting neutron.port object s_rally_aafbbd2e_RzWHJDTv (de4b930c-dfd2-4620-bc1d-a9cac4e981f2)
2019-12-10 08:30:06.555 27673 RALLYDEBUG rally_openstack.cleanup.manager [-] Deleting neutron.port object s_rally_aafbbd2e_sVKpMkP7 (debc56d8-6ae1-4a83-93e8-b11e33493658)
2019-12-10 08:30:06.678 27673 RALLYDEBUG rally_openstack.cleanup.manager [-] Deleting neutron.port object s_rally_aafbbd2e_ry1pYVF5 (df1a8bdd-ab1a-4e4c-873e-6f276bb09c02)
2019-12-10 08:30:06.823 27673 RALLYDEBUG rally_openstack.cleanup.manager [-] Deleting neutron.port object s_rally_aafbbd2e_UIK3cH3F (e4b3d386-6529-416d-a6a9-8eed4780a75c)
2019-12-10 08:30:06.846 27673 RALLYDEBUG rally_openstack.cleanup.manager [-] Deleting neutron.port object s_rally_aafbbd2e_7GEdIfW7 (e515e08f-7061-4025-8617-a953b03cc891)
2019-12-10 08:30:06.869 27673 RALLYDEBUG rally_openstack.cleanup.manager [-] Deleting neutron.port object s_rally_aafbbd2e_eHERWj8P (e5e40d91-d23d-4df9-b397-4e3e0b962c1d)
2019-12-10 08:30:07.019 27673 RALLYDEBUG rally_openstack.cleanup.manager [-] Deleting neutron.port object s_rally_aafbbd2e_2iBtz0Ei (e662e5d4-c5b8-4d88-b21b-4e8be8ffef13)
2019-12-10 08:30:07.123 27673 RALLYDEBUG rally_openstack.cleanup.manager [-] Deleting neutron.port object s_rally_aafbbd2e_cIg0WRmt (ea4f9cff-06b1-4f55-8c21-acd5df191a16)
2019-12-10 08:30:07.340 27673 RALLYDEBUG rally_openstack.cleanup.manager [-] Deleting neutron.port object s_rally_aafbbd2e_WcCiU1pC (ecae7d6f-9738-4c61-95c1-7f6e3eaed799)
2019-12-10 08:30:07.557 27673 RALLYDEBUG rally_openstack.cleanup.manager [-] Deleting neutron.port object s_rally_aafbbd2e_m91bAujl (ee2108cd-c5d2-44d6-adfb-e9f358f17acc)
2019-12-10 08:30:07.579 27673 RALLYDEBUG rally_openstack.cleanup.manager [-] Deleting neutron.port object s_rally_aafbbd2e_KnTp2tNC (ee4a5151-b9ed-417f-98bf-ffde6ba77ef5)
2019-12-10 08:30:07.595 27673 RALLYDEBUG rally_openstack.cleanup.manager [-] Deleting neutron.port object s_rally_aafbbd2e_bxJs0Xo5 (eec233a4-dc59-4563-ac73-3bd5f7def4d6)
2019-12-10 08:30:07.841 27673 RALLYDEBUG rally_openstack.cleanup.manager [-] Deleting neutron.port object s_rally_aafbbd2e_jM1mBfth (eeedc3d9-89d4-44a7-8b0e-3bd2a422c503)
2019-12-10 08:30:07.859 27673 RALLYDEBUG rally_openstack.cleanup.manager [-] Deleting neutron.port object s_rally_aafbbd2e_bwhzOurZ (ef671cdb-a446-4a4f-9530-1855156b6912)
2019-12-10 08:30:07.983 27673 RALLYDEBUG rally_openstack.cleanup.manager [-] Deleting neutron.port object s_rally_aafbbd2e_51UST2bb (f25cbb6d-325f-4db2-92ec-ef32c781688c)
2019-12-10 08:30:08.000 27673 RALLYDEBUG rally_openstack.cleanup.manager [-] Deleting neutron.port object s_rally_aafbbd2e_xJmFw7VM (f5bf526e-afec-4739-874b-da3271299958)
2019-12-10 08:30:08.009 27673 RALLYDEBUG rally_openstack.cleanup.manager [-] Deleting neutron.port object s_rally_aafbbd2e_hoPcTZGM (f857e0eb-1789-4e91-a80a-55bf7fa844fa)
2019-12-10 08:30:08.100 27673 RALLYDEBUG rally_openstack.cleanup.manager [-] Deleting neutron.port object s_rally_aafbbd2e_O2nMS4Sw (f9cf2de6-d9e3-4473-8af3-fbaedef3ef51)
2019-12-10 08:30:08.166 27673 RALLYDEBUG rally_openstack.cleanup.manager [-] Deleting neutron.port object s_rally_aafbbd2e_NqOSDInl (fc722322-a1d4-4ea1-b071-d6d784f9f53c)
2019-12-10 08:30:08.170 27673 RALLYDEBUG rally_openstack.cleanup.manager [-] Deleting neutron.port object s_rally_aafbbd2e_Vllyk9X7 (fce5d383-3f29-4936-8a43-7ce033a5541d)
2019-12-10 08:30:08.509 27673 RALLYDEBUG rally_openstack.cleanup.manager [-] Deleting neutron.port object s_rally_aafbbd2e_PCQdlZuO (fd1ce4a1-572b-41f1-8867-9118a9d80bf4)
2019-12-10 08:30:08.578 27673 RALLYDEBUG rally_openstack.cleanup.manager [-] Deleting neutron.port object s_rally_aafbbd2e_MoeCpl5h (fed86002-dd7c-42c5-951e-5ce9e7722de9)
2019-12-10 08:30:10.284 27673 RALLYDEBUG rally_openstack.cleanup.manager [-] Cleaning up neutron subnet objects
2019-12-10 08:30:10.692 27673 RALLYDEBUG rally_openstack.cleanup.manager [-] Cleaning up neutron network objects
2019-12-10 08:30:11.276 27673 RALLYDEBUG rally_openstack.cleanup.manager [-] Deleting neutron.network object s_rally_aafbbd2e_6wwEPzY6 (04bd24ba-dfd4-44f5-963c-6c2254ebe322)
2019-12-10 08:30:11.286 27673 RALLYDEBUG rally_openstack.cleanup.manager [-] Deleting neutron.network object s_rally_aafbbd2e_Q0i6CNv8 (05ee980b-6108-4c01-be24-dc4854af8e6e)
2019-12-10 08:30:11.295 27673 RALLYDEBUG rally_openstack.cleanup.manager [-] Deleting neutron.network object s_rally_aafbbd2e_JSZPkuo3 (0930b002-008e-4f13-9308-3b741c2974c7)
2019-12-10 08:30:11.298 27673 RALLYDEBUG rally_openstack.cleanup.manager [-] Deleting neutron.network object s_rally_aafbbd2e_jLg2LYdv (0c443416-5609-49c5-a47b-522b945cd278)
2019-12-10 08:30:11.313 27673 RALLYDEBUG rally_openstack.cleanup.manager [-] Deleting neutron.network object s_rally_aafbbd2e_5uoTm90l (119baaaa-44e6-407c-a049-d532b5b9ec14)
2019-12-10 08:30:11.318 27673 RALLYDEBUG rally_openstack.cleanup.manager [-] Deleting neutron.network object s_rally_aafbbd2e_NqDaCHwk (184b0739-9649-4779-9aa1-b4750aa37345)
2019-12-10 08:30:11.331 27673 RALLYDEBUG rally_openstack.cleanup.manager [-] Deleting neutron.network object s_rally_aafbbd2e_kh2FNB0s (19349120-792b-4a59-85b0-b154f9d94b83)
2019-12-10 08:30:11.341 27673 RALLYDEBUG rally_openstack.cleanup.manager [-] Deleting neutron.network object s_rally_aafbbd2e_1QFIsk0F (196a2772-f9a8-45d9-8ca6-68491166ff5c)
2019-12-10 08:30:11.349 27673 RALLYDEBUG rally_openstack.cleanup.manager [-] Deleting neutron.network object s_rally_aafbbd2e_ay1tmNJh (1c698552-98b8-45cd-8535-ef4a43147298)
2019-12-10 08:30:11.361 27673 RALLYDEBUG rally_openstack.cleanup.manager [-] Deleting neutron.network object s_rally_aafbbd2e_8WSoD6Ln (2713fd9c-2825-4599-a875-1ee618dfbb72)
2019-12-10 08:30:11.364 27673 RALLYDEBUG rally_openstack.cleanup.manager [-] Deleting neutron.network object s_rally_aafbbd2e_yH5VVf8J (303cf317-c72f-443f-a202-6cac25a7ad60)
2019-12-10 08:30:11.368 27673 RALLYDEBUG rally_openstack.cleanup.manager [-] Deleting neutron.network object s_rally_aafbbd2e_rDheIUln (350ab0c5-0ddb-42b0-9b5d-adfae26f6c46)
2019-12-10 08:30:11.376 27673 RALLYDEBUG rally_openstack.cleanup.manager [-] Deleting neutron.network object s_rally_aafbbd2e_VgJS9XY1 (36c0cdae-e9da-495a-b355-76f841a6f7a8)
2019-12-10 08:30:11.386 27673 RALLYDEBUG rally_openstack.cleanup.manager [-] Deleting neutron.network object s_rally_aafbbd2e_WVFhlOhL (377ed301-1ab1-4171-8dab-a3a54bffc30f)
2019-12-10 08:30:11.408 27673 RALLYDEBUG rally_openstack.cleanup.manager [-] Deleting neutron.network object s_rally_aafbbd2e_2xYCUZdb (3bdbefdb-eb91-415f-b53e-faede847fc9d)
2019-12-10 08:30:11.419 27673 RALLYDEBUG rally_openstack.cleanup.manager [-] Deleting neutron.network object s_rally_aafbbd2e_TZwByJEA (3ebd89f0-f01e-4115-a0f6-4bc0cc387dee)
2019-12-10 08:30:11.428 27673 RALLYDEBUG rally_openstack.cleanup.manager [-] Deleting neutron.network object s_rally_aafbbd2e_k4YxJ5Rf (43cbaa3f-bd85-4b0a-8e60-4c767bf7a2a9)
2019-12-10 08:30:11.438 27673 RALLYDEBUG rally_openstack.cleanup.manager [-] Deleting neutron.network object s_rally_aafbbd2e_amDDtp4c (44359e82-615b-433f-9b44-69700d5ced46)
2019-12-10 08:30:11.450 27673 RALLYDEBUG rally_openstack.cleanup.manager [-] Deleting neutron.network object s_rally_aafbbd2e_Vs1yrEDq (458c0a30-0adf-47e9-b6cc-e8d298c5f75b)
2019-12-10 08:30:11.458 27673 RALLYDEBUG rally_openstack.cleanup.manager [-] Deleting neutron.network object s_rally_aafbbd2e_BNwZeFSS (520d0d7d-3830-4b83-954d-0a222a6c350d)
2019-12-10 08:30:13.517 27673 RALLYDEBUG rally_openstack.cleanup.manager [-] Deleting neutron.network object s_rally_aafbbd2e_DppVt66r (53480366-5b95-4acd-b91d-50fca9aab918)
2019-12-10 08:30:13.527 27673 RALLYDEBUG rally_openstack.cleanup.manager [-] Deleting neutron.network object s_rally_aafbbd2e_ZdzkaEm2 (6c183e20-b7a0-4922-ad2c-9bf94ed995c2)
2019-12-10 08:30:13.553 27673 RALLYDEBUG rally_openstack.cleanup.manager [-] Deleting neutron.network object s_rally_aafbbd2e_wmqPLSNw (6dbccbc0-c165-491f-9283-48f5e3100ddf)
2019-12-10 08:30:13.570 27673 RALLYDEBUG rally_openstack.cleanup.manager [-] Deleting neutron.network object s_rally_aafbbd2e_2dvqRtDu (71b543e9-4815-497d-843e-1ca7373551ef)
2019-12-10 08:30:13.587 27673 RALLYDEBUG rally_openstack.cleanup.manager [-] Deleting neutron.network object s_rally_aafbbd2e_1Xf9wVsG (737fab01-39cd-47d3-9418-9d9c3b6c2e7b)
2019-12-10 08:30:13.679 27673 RALLYDEBUG rally_openstack.cleanup.manager [-] Deleting neutron.network object s_rally_aafbbd2e_ge9WwgmQ (7d4e414f-177a-4e15-b723-20a5c330d6a5)
2019-12-10 08:30:13.693 27673 RALLYDEBUG rally_openstack.cleanup.manager [-] Deleting neutron.network object s_rally_aafbbd2e_W8u7rFC8 (865cce78-e30d-4a64-8313-358b70b3185b)
2019-12-10 08:30:13.882 27673 RALLYDEBUG rally_openstack.cleanup.manager [-] Deleting neutron.network object s_rally_aafbbd2e_oRUJBnlj (882eb24e-6296-4232-83ad-f966c2401f4a)
2019-12-10 08:30:14.009 27673 RALLYDEBUG rally_openstack.cleanup.manager [-] Deleting neutron.network object s_rally_aafbbd2e_AFgTPTUU (96bd8d25-9f81-4430-8792-d1c62b571267)
2019-12-10 08:30:14.043 27673 RALLYDEBUG rally_openstack.cleanup.manager [-] Deleting neutron.network object s_rally_aafbbd2e_p55MsDWb (996bf4ae-c485-4057-b9ee-8b84f446c75a)
2019-12-10 08:30:14.062 27673 RALLYDEBUG rally_openstack.cleanup.manager [-] Deleting neutron.network object s_rally_aafbbd2e_TMj9TUUa (a76b0d12-5782-4610-b3a3-6e8f83d20ee0)
2019-12-10 08:30:14.091 27673 RALLYDEBUG rally_openstack.cleanup.manager [-] Deleting neutron.network object s_rally_aafbbd2e_gc4iUMwo (a7e276b2-24d8-4443-a940-6dd48546da50)
2019-12-10 08:30:14.115 27673 RALLYDEBUG rally_openstack.cleanup.manager [-] Deleting neutron.network object s_rally_aafbbd2e_8wFR6JXr (b2c2c71d-d17c-4e58-9645-51a3fecff802)
2019-12-10 08:30:14.175 27673 RALLYDEBUG rally_openstack.cleanup.manager [-] Deleting neutron.network object s_rally_aafbbd2e_RQRXzxP2 (b5d6ac6a-f3b8-4546-b97f-a74751021898)
2019-12-10 08:30:14.191 27673 RALLYDEBUG rally_openstack.cleanup.manager [-] Deleting neutron.network object s_rally_aafbbd2e_xPXQShCy (b5e45755-907d-4375-88e9-096fcc92c788)
2019-12-10 08:30:14.199 27673 RALLYDEBUG rally_openstack.cleanup.manager [-] Deleting neutron.network object s_rally_aafbbd2e_XbS4VRxB (bc09b935-1b3e-4f61-a6d0-36ff376e2be1)
2019-12-10 08:30:14.283 27673 RALLYDEBUG rally_openstack.cleanup.manager [-] Deleting neutron.network object s_rally_aafbbd2e_smLC16QJ (bc50e940-0cf6-4d67-a097-4fb19ab4479a)
2019-12-10 08:30:14.303 27673 RALLYDEBUG rally_openstack.cleanup.manager [-] Deleting neutron.network object s_rally_aafbbd2e_2sPuAzNl (c5c405ad-9caa-4656-90ad-d4daf69facfd)
2019-12-10 08:30:14.343 27673 RALLYDEBUG rally_openstack.cleanup.manager [-] Deleting neutron.network object s_rally_aafbbd2e_k5AuyBaL (ddc26edd-0d3f-44f1-8832-6159c48903a1)
2019-12-10 08:30:14.346 27673 RALLYDEBUG rally_openstack.cleanup.manager [-] Deleting neutron.network object s_rally_aafbbd2e_YeflKeZx (e2837f07-b3b6-485c-942a-8232a70df9d5)
2019-12-10 08:30:16.923 27673 RALLYDEBUG rally_openstack.cleanup.manager [-] Cleaning up neutron router objects
2019-12-10 08:30:17.331 27673 RALLYDEBUG rally_openstack.cleanup.manager [-] Cleaning up neutron security_group objects
2019-12-10 08:30:17.768 27673 INFO rally.task.context [-] Task 0f0400ed-8717-43f4-a6bb-dcf4ce7e8198 | Context cleanup@openstack cleanup() finished in 31.06 sec
2019-12-10 08:30:17.768 27673 INFO rally.task.context [-] Task 0f0400ed-8717-43f4-a6bb-dcf4ce7e8198 | Context quotas@openstack cleanup() started
2019-12-10 08:30:17.847 27673 INFO rally.task.context [-] Task 0f0400ed-8717-43f4-a6bb-dcf4ce7e8198 | Context quotas@openstack cleanup() finished in 78.40 msec
2019-12-10 08:30:17.847 27673 INFO rally.task.context [-] Task 0f0400ed-8717-43f4-a6bb-dcf4ce7e8198 | Context users@openstack cleanup() started
2019-12-10 08:30:20.649 27673 INFO rally.task.context [-] Task 0f0400ed-8717-43f4-a6bb-dcf4ce7e8198 | Context users@openstack cleanup() finished in 2.80 sec
2019-12-10 08:30:21.540 27673 INFO rally.task.engine [-] Load duration is: 20.63251
2019-12-10 08:30:21.540 27673 INFO rally.task.engine [-] Full runner duration is: 20.680451
2019-12-10 08:30:21.540 27673 INFO rally.task.engine [-] Full duration is: 57.479298
2019-12-10 08:30:21.840 27673 INFO rally.task.engine [-] Running workload: position = 2 config = { "version": 2, "title": "A cropped version of a bigger task.", "description": "Auto-generated task from a single workload (uuid=3f991d99-9ee6-40f6-bc41-1d48f402485b)", "subtasks": [ { "title": "NeutronNetworks.create_and_delete_ports", "description": "Create and delete a port.", "scenario": { "NeutronNetworks.create_and_delete_ports": { "network_create_args": {}, "port_create_args": {}, "ports_per_network": 5 } }, "contexts": { "users": { "tenants": 1, "users_per_tenant": 1 }, "quotas": { "neutron": { "network": -1, "port": -1 } } }, "runner": { "constant": { "times": 40, "concurrency": 20 } }, "hooks": [], "sla": { "failure_rate": { "max": 0 } } } ] }
2019-12-10 08:30:21.864 27673 RALLYDEBUG rally_openstack.contexts.keystone.users [-] Creating 1 tenants using 20 threads
2019-12-10 08:30:22.786 27673 RALLYDEBUG rally_openstack.contexts.keystone.users [-] Creating 1 users using 20 threads
2019-12-10 08:30:24.202 27673 INFO rally.task.context [-] Task 0f0400ed-8717-43f4-a6bb-dcf4ce7e8198 | Context users@openstack setup() finished in 2.34 sec
2019-12-10 08:30:24.782 27673 INFO rally.task.context [-] Task 0f0400ed-8717-43f4-a6bb-dcf4ce7e8198 | Context quotas@openstack setup() finished in 0.58 sec
2019-12-10 08:30:24.783 27673 INFO rally.task.context [-] Task 0f0400ed-8717-43f4-a6bb-dcf4ce7e8198 | Context cleanup@openstack setup() finished in 0.01 msec
2019-12-10 08:30:24.792 27673 RALLYDEBUG rally.task.runner [-] Starting the constant runner (task UUID: 0f0400ed-8717-43f4-a6bb-dcf4ce7e8198). times: 40 concurrency: 20 timeout: 0 max_cpu_used: 16 processes_to_start: 16 concurrency_per_worker: 1 concurrency_overhead: 4
2019-12-10 08:30:24.803 32139 RALLYDEBUG rally.task.runner [-] Starting a worker. times: 40 duration: None concurrency: 2 timeout: 0 cls: method_name: run args: {"network_create_args": {}, "port_create_args": {}, "ports_per_network": 5}
2019-12-10 08:30:24.807 32140 RALLYDEBUG rally.task.runner [-] Starting a worker. times: 40 duration: None concurrency: 2 timeout: 0 cls: method_name: run args: {"network_create_args": {}, "port_create_args": {}, "ports_per_network": 5}
2019-12-10 08:30:24.811 32139 INFO rally.task.runner [-] Task 0f0400ed-8717-43f4-a6bb-dcf4ce7e8198 | ITER: 1 START
2019-12-10 08:30:24.811 32141 RALLYDEBUG rally.task.runner [-] Starting a worker. times: 40 duration: None concurrency: 2 timeout: 0 cls: method_name: run args: {"network_create_args": {}, "port_create_args": {}, "ports_per_network": 5}
2019-12-10 08:30:24.813 32139 WARNING rally_openstack.scenarios.neutron.utils [-] Running this scenario without either the 'network' or 'existing_network' context is deprecated
2019-12-10 08:30:24.814 32144 RALLYDEBUG rally.task.runner [-] Starting a worker. times: 40 duration: None concurrency: 2 timeout: 0 cls: method_name: run args: {"network_create_args": {}, "port_create_args": {}, "ports_per_network": 5}
2019-12-10 08:30:24.813 32140 INFO rally.task.runner [-] Task 0f0400ed-8717-43f4-a6bb-dcf4ce7e8198 | ITER: 3 START
2019-12-10 08:30:24.818 32140 WARNING rally_openstack.scenarios.neutron.utils [-] Running this scenario without either the 'network' or 'existing_network' context is deprecated
2019-12-10 08:30:24.819 32141 INFO rally.task.runner [-] Task 0f0400ed-8717-43f4-a6bb-dcf4ce7e8198 | ITER: 4 START
2019-12-10 08:30:24.819 32148 RALLYDEBUG rally.task.runner [-] Starting a worker. times: 40 duration: None concurrency: 1 timeout: 0 cls: method_name: run args: {"network_create_args": {}, "port_create_args": {}, "ports_per_network": 5}
2019-12-10 08:30:24.820 32141 WARNING rally_openstack.scenarios.neutron.utils [-] Running this scenario without either the 'network' or 'existing_network' context is deprecated
2019-12-10 08:30:24.823 32144 INFO rally.task.runner [-] Task 0f0400ed-8717-43f4-a6bb-dcf4ce7e8198 | ITER: 6 START
2019-12-10 08:30:24.823 32152 RALLYDEBUG rally.task.runner [-] Starting a worker. times: 40 duration: None concurrency: 1 timeout: 0 cls: method_name: run args: {"network_create_args": {}, "port_create_args": {}, "ports_per_network": 5}
2019-12-10 08:30:24.824 32148 INFO rally.task.runner [-] Task 0f0400ed-8717-43f4-a6bb-dcf4ce7e8198 | ITER: 9 START
2019-12-10 08:30:24.819 32139 INFO rally.task.runner [-] Task 0f0400ed-8717-43f4-a6bb-dcf4ce7e8198 | ITER: 2 START
2019-12-10 08:30:24.826 32148 WARNING rally_openstack.scenarios.neutron.utils [-] Running this scenario without either the 'network' or 'existing_network' context is deprecated
2019-12-10 08:30:24.824 32144 INFO rally.task.runner [-] Task 0f0400ed-8717-43f4-a6bb-dcf4ce7e8198 | ITER: 8 START
2019-12-10 08:30:24.826 32144 WARNING rally_openstack.scenarios.neutron.utils [-] Running this scenario without either the 'network' or 'existing_network' context is deprecated
2019-12-10 08:30:24.828 32139 WARNING rally_openstack.scenarios.neutron.utils [-] Running this scenario without either the 'network' or 'existing_network' context is deprecated
2019-12-10 08:30:24.828 32158 RALLYDEBUG rally.task.runner [-] Starting a worker. times: 40 duration: None concurrency: 1 timeout: 0 cls: method_name: run args: {"network_create_args": {}, "port_create_args": {}, "ports_per_network": 5}
2019-12-10 08:30:24.829 32152 INFO rally.task.runner [-] Task 0f0400ed-8717-43f4-a6bb-dcf4ce7e8198 | ITER: 10 START
2019-12-10 08:30:24.818 32140 INFO rally.task.runner [-] Task 0f0400ed-8717-43f4-a6bb-dcf4ce7e8198 | ITER: 5 START
2019-12-10 08:30:24.831 32140 WARNING rally_openstack.scenarios.neutron.utils [-] Running this scenario without either the 'network' or 'existing_network' context is deprecated
2019-12-10 08:30:24.831 32152 WARNING rally_openstack.scenarios.neutron.utils [-] Running this scenario without either the 'network' or 'existing_network' context is deprecated
2019-12-10 08:30:24.821 32141 INFO rally.task.runner [-] Task 0f0400ed-8717-43f4-a6bb-dcf4ce7e8198 | ITER: 7 START
2019-12-10 08:30:24.833 32158 INFO rally.task.runner [-] Task 0f0400ed-8717-43f4-a6bb-dcf4ce7e8198 | ITER: 11 START
2019-12-10 08:30:24.835 32158 WARNING rally_openstack.scenarios.neutron.utils [-] Running this scenario without either the 'network' or 'existing_network' context is deprecated
2019-12-10 08:30:24.834 32162 RALLYDEBUG rally.task.runner [-] Starting a worker. times: 40 duration: None concurrency: 1 timeout: 0 cls: method_name: run args: {"network_create_args": {}, "port_create_args": {}, "ports_per_network": 5}
2019-12-10 08:30:24.835 32141 WARNING rally_openstack.scenarios.neutron.utils [-] Running this scenario without either the 'network' or 'existing_network' context is deprecated
2019-12-10 08:30:24.827 32144 WARNING rally_openstack.scenarios.neutron.utils [-] Running this scenario without either the 'network' or 'existing_network' context is deprecated
2019-12-10 08:30:24.840 32162 INFO rally.task.runner [-] Task 0f0400ed-8717-43f4-a6bb-dcf4ce7e8198 | ITER: 12 START
2019-12-10 08:30:24.840 32165 RALLYDEBUG rally.task.runner [-] Starting a worker. times: 40 duration: None concurrency: 1 timeout: 0 cls: method_name: run args: {"network_create_args": {}, "port_create_args": {}, "ports_per_network": 5}
2019-12-10 08:30:24.842 32162 WARNING rally_openstack.scenarios.neutron.utils [-] Running this scenario without either the 'network' or 'existing_network' context is deprecated
2019-12-10 08:30:24.846 32165 INFO rally.task.runner [-] Task 0f0400ed-8717-43f4-a6bb-dcf4ce7e8198 | ITER: 13 START
2019-12-10 08:30:24.847 32165 WARNING rally_openstack.scenarios.neutron.utils [-] Running this scenario without either the 'network' or 'existing_network' context is deprecated
2019-12-10 08:30:24.849 32169 RALLYDEBUG rally.task.runner [-] Starting a worker. times: 40 duration: None concurrency: 1 timeout: 0 cls: method_name: run args: {"network_create_args": {}, "port_create_args": {}, "ports_per_network": 5}
2019-12-10 08:30:24.856 32169 INFO rally.task.runner [-] Task 0f0400ed-8717-43f4-a6bb-dcf4ce7e8198 | ITER: 14 START
2019-12-10 08:30:24.856 32171 RALLYDEBUG rally.task.runner [-] Starting a worker. times: 40 duration: None concurrency: 1 timeout: 0 cls: method_name: run args: {"network_create_args": {}, "port_create_args": {}, "ports_per_network": 5}
2019-12-10 08:30:24.858 32169 WARNING rally_openstack.scenarios.neutron.utils [-] Running this scenario without either the 'network' or 'existing_network' context is deprecated
2019-12-10 08:30:24.862 32171 INFO rally.task.runner [-] Task 0f0400ed-8717-43f4-a6bb-dcf4ce7e8198 | ITER: 15 START
2019-12-10 08:30:24.864 32171 WARNING rally_openstack.scenarios.neutron.utils [-] Running this scenario without either the 'network' or 'existing_network' context is deprecated
2019-12-10 08:30:24.863 32174 RALLYDEBUG rally.task.runner [-] Starting a worker. times: 40 duration: None concurrency: 1 timeout: 0 cls: method_name: run args: {"network_create_args": {}, "port_create_args": {}, "ports_per_network": 5}
2019-12-10 08:30:24.868 32174 INFO rally.task.runner [-] Task 0f0400ed-8717-43f4-a6bb-dcf4ce7e8198 | ITER: 16 START
2019-12-10 08:30:24.869 32174 WARNING rally_openstack.scenarios.neutron.utils [-] Running this scenario without either the 'network' or 'existing_network' context is deprecated
2019-12-10 08:30:24.870 32178 RALLYDEBUG rally.task.runner [-] Starting a worker. times: 40 duration: None concurrency: 1 timeout: 0 cls: method_name: run args: {"network_create_args": {}, "port_create_args": {}, "ports_per_network": 5}
2019-12-10 08:30:24.875 32178 INFO rally.task.runner [-] Task 0f0400ed-8717-43f4-a6bb-dcf4ce7e8198 | ITER: 17 START
2019-12-10 08:30:24.876 32178 WARNING rally_openstack.scenarios.neutron.utils [-] Running this scenario without either the 'network' or 'existing_network' context is deprecated
2019-12-10 08:30:24.876 32180 RALLYDEBUG rally.task.runner [-] Starting a worker. times: 40 duration: None concurrency: 1 timeout: 0 cls: method_name: run args: {"network_create_args": {}, "port_create_args": {}, "ports_per_network": 5}
2019-12-10 08:30:24.879 32183 RALLYDEBUG rally.task.runner [-] Starting a worker. times: 40 duration: None concurrency: 1 timeout: 0 cls: method_name: run args: {"network_create_args": {}, "port_create_args": {}, "ports_per_network": 5}
2019-12-10 08:30:24.880 32180 INFO rally.task.runner [-] Task 0f0400ed-8717-43f4-a6bb-dcf4ce7e8198 | ITER: 18 START
2019-12-10 08:30:24.882 32180 WARNING rally_openstack.scenarios.neutron.utils [-] Running this scenario without either the 'network' or 'existing_network' context is deprecated
2019-12-10 08:30:24.882 32184 RALLYDEBUG rally.task.runner [-] Starting a worker. times: 40 duration: None concurrency: 1 timeout: 0 cls: method_name: run args: {"network_create_args": {}, "port_create_args": {}, "ports_per_network": 5}
2019-12-10 08:30:24.883 32183 INFO rally.task.runner [-] Task 0f0400ed-8717-43f4-a6bb-dcf4ce7e8198 | ITER: 19 START
2019-12-10 08:30:24.884 32183 WARNING rally_openstack.scenarios.neutron.utils [-] Running this scenario without either the 'network' or 'existing_network' context is deprecated
2019-12-10 08:30:24.886 32184 INFO rally.task.runner [-] Task 0f0400ed-8717-43f4-a6bb-dcf4ce7e8198 | ITER: 20 START
2019-12-10 08:30:24.887 32184 WARNING rally_openstack.scenarios.neutron.utils [-] Running this scenario without either the 'network' or 'existing_network' context is deprecated
2019-12-10 08:30:32.497 32141 INFO rally.task.runner [-] Task 0f0400ed-8717-43f4-a6bb-dcf4ce7e8198 | ITER: 7 END: OK
2019-12-10 08:30:32.501 32141 INFO rally.task.runner [-] Task 0f0400ed-8717-43f4-a6bb-dcf4ce7e8198 | ITER: 21 START
2019-12-10 08:30:32.502 32141 WARNING rally_openstack.scenarios.neutron.utils [-] Running this scenario without either the 'network' or 'existing_network' context is deprecated
2019-12-10 08:30:32.639 32141 INFO rally.task.runner [-] Task 0f0400ed-8717-43f4-a6bb-dcf4ce7e8198 | ITER: 4 END: OK
2019-12-10 08:30:32.642 32141 INFO rally.task.runner [-] Task 0f0400ed-8717-43f4-a6bb-dcf4ce7e8198 | ITER: 22 START
2019-12-10 08:30:32.642 32141 WARNING rally_openstack.scenarios.neutron.utils [-] Running this scenario without either the 'network' or 'existing_network' context is deprecated
2019-12-10 08:30:33.210 32139 INFO rally.task.runner [-] Task 0f0400ed-8717-43f4-a6bb-dcf4ce7e8198 | ITER: 1 END: OK
2019-12-10 08:30:33.214 32139 INFO rally.task.runner [-] Task 0f0400ed-8717-43f4-a6bb-dcf4ce7e8198 | ITER: 23 START
2019-12-10 08:30:33.214 32139 WARNING rally_openstack.scenarios.neutron.utils [-] Running this scenario without either the 'network' or 'existing_network' context is deprecated
2019-12-10 08:30:33.236 32148 INFO rally.task.runner [-] Task 0f0400ed-8717-43f4-a6bb-dcf4ce7e8198 | ITER: 9 END: OK
2019-12-10 08:30:33.240 32148 INFO rally.task.runner [-] Task 0f0400ed-8717-43f4-a6bb-dcf4ce7e8198 | ITER: 24 START
2019-12-10 08:30:33.241 32148 WARNING rally_openstack.scenarios.neutron.utils [-] Running this scenario without either the 'network' or 'existing_network' context is deprecated
2019-12-10 08:30:33.551 32139 INFO rally.task.runner [-] Task 0f0400ed-8717-43f4-a6bb-dcf4ce7e8198 | ITER: 2 END: OK
2019-12-10 08:30:33.554 32139 INFO rally.task.runner [-] Task 0f0400ed-8717-43f4-a6bb-dcf4ce7e8198 | ITER: 25 START
2019-12-10 08:30:33.554 32139 WARNING rally_openstack.scenarios.neutron.utils [-] Running this scenario without either the 'network' or 'existing_network' context is deprecated
2019-12-10 08:30:33.759 32162 INFO rally.task.runner [-] Task 0f0400ed-8717-43f4-a6bb-dcf4ce7e8198 | ITER: 12 END: OK
2019-12-10 08:30:33.763 32162 INFO rally.task.runner [-] Task 0f0400ed-8717-43f4-a6bb-dcf4ce7e8198 | ITER: 26 START
2019-12-10 08:30:33.764 32162 WARNING rally_openstack.scenarios.neutron.utils [-] Running this scenario without either the 'network' or 'existing_network' context is deprecated
2019-12-10 08:30:34.061 32165 INFO rally.task.runner [-] Task 0f0400ed-8717-43f4-a6bb-dcf4ce7e8198 | ITER: 13 END: OK
2019-12-10 08:30:34.064 32165 INFO rally.task.runner [-] Task 0f0400ed-8717-43f4-a6bb-dcf4ce7e8198 | ITER: 27 START
2019-12-10 08:30:34.065 32165 WARNING rally_openstack.scenarios.neutron.utils [-] Running this scenario without either the 'network' or 'existing_network' context is deprecated
2019-12-10 08:30:34.077 32174 INFO rally.task.runner [-] Task 0f0400ed-8717-43f4-a6bb-dcf4ce7e8198 | ITER: 16 END: OK
2019-12-10 08:30:34.081 32174 INFO rally.task.runner [-] Task 0f0400ed-8717-43f4-a6bb-dcf4ce7e8198 | ITER: 28 START
2019-12-10 08:30:34.082 32174 WARNING rally_openstack.scenarios.neutron.utils [-] Running this scenario without either the 'network' or 'existing_network' context is deprecated
2019-12-10 08:30:35.090 32140 INFO rally.task.runner [-] Task 0f0400ed-8717-43f4-a6bb-dcf4ce7e8198 | ITER: 5 END: OK
2019-12-10 08:30:35.094 32140 INFO rally.task.runner [-] Task 0f0400ed-8717-43f4-a6bb-dcf4ce7e8198 | ITER: 29 START
2019-12-10 08:30:35.095 32140 WARNING rally_openstack.scenarios.neutron.utils [-] Running this scenario without either the 'network' or 'existing_network' context is deprecated
2019-12-10 08:30:35.095 32180 INFO rally.task.runner [-] Task 0f0400ed-8717-43f4-a6bb-dcf4ce7e8198 | ITER: 18 END: OK
2019-12-10 08:30:35.100 32180 INFO rally.task.runner [-] Task 0f0400ed-8717-43f4-a6bb-dcf4ce7e8198 | ITER: 30 START
2019-12-10 08:30:35.101 32180 WARNING rally_openstack.scenarios.neutron.utils [-] Running this scenario without either the 'network' or 'existing_network' context is deprecated
2019-12-10 08:30:35.315 32140 INFO rally.task.runner [-] Task 0f0400ed-8717-43f4-a6bb-dcf4ce7e8198 | ITER: 3 END: OK
2019-12-10 08:30:35.318 32140 INFO rally.task.runner [-] Task 0f0400ed-8717-43f4-a6bb-dcf4ce7e8198 | ITER: 31 START
2019-12-10 08:30:35.318 32140 WARNING rally_openstack.scenarios.neutron.utils [-] Running this scenario without either the 'network' or 'existing_network' context is deprecated
2019-12-10 08:30:35.380 32158 INFO rally.task.runner [-] Task 0f0400ed-8717-43f4-a6bb-dcf4ce7e8198 | ITER: 11 END: OK
2019-12-10 08:30:35.385 32158 INFO rally.task.runner [-] Task 0f0400ed-8717-43f4-a6bb-dcf4ce7e8198 | ITER: 32 START
2019-12-10 08:30:35.386 32158 WARNING rally_openstack.scenarios.neutron.utils [-] Running this scenario without either the 'network' or 'existing_network' context is deprecated
2019-12-10 08:30:35.395 32152 INFO rally.task.runner [-] Task 0f0400ed-8717-43f4-a6bb-dcf4ce7e8198 | ITER: 10 END: OK
2019-12-10 08:30:35.399 32152 INFO rally.task.runner [-] Task 0f0400ed-8717-43f4-a6bb-dcf4ce7e8198 | ITER: 33 START
2019-12-10 08:30:35.400 32152 WARNING rally_openstack.scenarios.neutron.utils [-] Running this scenario without either the 'network' or 'existing_network' context is deprecated
2019-12-10 08:30:35.572 32144 INFO rally.task.runner [-] Task 0f0400ed-8717-43f4-a6bb-dcf4ce7e8198 | ITER: 6 END: OK
2019-12-10 08:30:35.576 32144 INFO rally.task.runner [-] Task 0f0400ed-8717-43f4-a6bb-dcf4ce7e8198 | ITER: 8 END: OK
2019-12-10 08:30:35.578 32144 INFO rally.task.runner [-] Task 0f0400ed-8717-43f4-a6bb-dcf4ce7e8198 | ITER: 34 START
2019-12-10 08:30:35.579 32144 WARNING rally_openstack.scenarios.neutron.utils [-] Running this scenario without either the 'network' or 'existing_network' context is deprecated
2019-12-10 08:30:35.582 32144 INFO rally.task.runner [-] Task 0f0400ed-8717-43f4-a6bb-dcf4ce7e8198 | ITER: 35 START
2019-12-10 08:30:35.588 32144 WARNING rally_openstack.scenarios.neutron.utils [-] Running this scenario without either the 'network' or 'existing_network' context is deprecated
2019-12-10 08:30:35.699 32171 INFO rally.task.runner [-] Task 0f0400ed-8717-43f4-a6bb-dcf4ce7e8198 | ITER: 15 END: OK
2019-12-10 08:30:35.703 32171 INFO rally.task.runner [-] Task 0f0400ed-8717-43f4-a6bb-dcf4ce7e8198 | ITER: 36 START
2019-12-10 08:30:35.704 32171 WARNING rally_openstack.scenarios.neutron.utils [-] Running this scenario without either the 'network' or 'existing_network' context is deprecated
