2019-12-10 08:29:07.312 27673 RALLYDEBUG rally_openstack.cleanup.manager [-] Deleting neutron.port object s_rally_835016cc_7aAgZmyj (d606d20b-c252-4bae-8de6-10215e08e074)
2019-12-10 08:29:07.356 27673 RALLYDEBUG rally_openstack.cleanup.manager [-] Deleting neutron.port object s_rally_835016cc_82RB41tA (d6501919-7194-4a57-871f-145bf870ca50)
2019-12-10 08:29:07.364 27673 RALLYDEBUG rally_openstack.cleanup.manager [-] Deleting neutron.port object s_rally_835016cc_WW5gAdC2 (d666c007-14fd-4a00-baf5-a6e4b2c196d7)
2019-12-10 08:29:07.386 27673 RALLYDEBUG rally_openstack.cleanup.manager [-] Deleting neutron.port object s_rally_835016cc_8LIdmWOF (d70fd4aa-be5e-4cc1-a523-4df120cbd5bc)
2019-12-10 08:29:07.495 27673 RALLYDEBUG rally_openstack.cleanup.manager [-] Deleting neutron.port object s_rally_835016cc_VnkKsGY7 (d87f94e7-b3e9-4233-bfe1-10bf220d1521)
2019-12-10 08:29:07.660 27673 RALLYDEBUG rally_openstack.cleanup.manager [-] Deleting neutron.port object s_rally_835016cc_fnAjyMhL (d89873ba-95e7-4354-a430-06cadb394047)
2019-12-10 08:29:07.769 27673 RALLYDEBUG rally_openstack.cleanup.manager [-] Deleting neutron.port object s_rally_835016cc_YU6diLpB (d993c3e2-f09b-437c-b5a5-8e583aac6ac2)
2019-12-10 08:29:07.947 27673 RALLYDEBUG rally_openstack.cleanup.manager [-] Deleting neutron.port object s_rally_835016cc_0e6vB98q (d9fe4865-623f-493d-8783-2353cac2cd77)
2019-12-10 08:29:07.978 27673 RALLYDEBUG rally_openstack.cleanup.manager [-] Deleting neutron.port object s_rally_835016cc_I9OCUYjT (da9518c6-1939-464e-9c15-a861b6f8fa84)
2019-12-10 08:29:07.996 27673 RALLYDEBUG rally_openstack.cleanup.manager [-] Deleting neutron.port object s_rally_835016cc_RiQzllBZ (db63b78f-5eea-43dd-82ae-ea670534e1f4)
2019-12-10 08:29:08.019 27673 RALLYDEBUG rally_openstack.cleanup.manager [-] Deleting neutron.port object s_rally_835016cc_AvIge9jE (dbf7c3a4-eacc-4be9-bf3e-296acd79d22e)
2019-12-10 08:29:08.336 27673 RALLYDEBUG rally_openstack.cleanup.manager [-] Deleting neutron.port object s_rally_835016cc_X9hd1SZS (dc8f72e3-2c89-4bcd-98f0-a646620f0537)
2019-12-10 08:29:08.426 27673 RALLYDEBUG rally_openstack.cleanup.manager [-] Deleting neutron.port object s_rally_835016cc_2aYaslw1 (df3eacc7-0e8c-46ce-bf65-da7d25c2e92c)
2019-12-10 08:29:08.514 27673 RALLYDEBUG rally_openstack.cleanup.manager [-] Deleting neutron.port object s_rally_835016cc_KL68nP7O (df4a3f0c-e6ce-4fc3-a9f0-4c21fb50b6d3)
2019-12-10 08:29:08.580 27673 RALLYDEBUG rally_openstack.cleanup.manager [-] Deleting neutron.port object s_rally_835016cc_3RiKurWe (e017a37f-3076-4750-a3b9-bd6f6e08f236)
2019-12-10 08:29:08.625 27673 RALLYDEBUG rally_openstack.cleanup.manager [-] Deleting neutron.port object s_rally_835016cc_gkUnuKU7 (e06aca31-2aa8-4a1b-a6ef-b85c8992e1a1)
2019-12-10 08:29:08.666 27673 RALLYDEBUG rally_openstack.cleanup.manager [-] Deleting neutron.port object s_rally_835016cc_PdQ1Ifnt (e110c1d0-1f28-45b5-8bcf-4a74bb1e394e)
2019-12-10 08:29:08.723 27673 RALLYDEBUG rally_openstack.cleanup.manager [-] Deleting neutron.port object s_rally_835016cc_DSVK4Nk6 (e15bd245-ae61-4246-88f5-85250aeecd66)
2019-12-10 08:29:08.872 27673 RALLYDEBUG rally_openstack.cleanup.manager [-] Deleting neutron.port object s_rally_835016cc_9zwmUAfB (e2c27cbc-c443-484d-9da0-d20fede8ed0a)
2019-12-10 08:29:09.051 27673 RALLYDEBUG rally_openstack.cleanup.manager [-] Deleting neutron.port object s_rally_835016cc_iNsN5fZQ (e2d09335-fea9-4971-a0d8-716ddbd787b2)
2019-12-10 08:29:09.144 27673 RALLYDEBUG rally_openstack.cleanup.manager [-] Deleting neutron.port object s_rally_835016cc_k4HXR5kN (e34dd83e-b7d7-412f-a50b-09e8e4d5901f)
2019-12-10 08:29:09.152 27673 RALLYDEBUG rally_openstack.cleanup.manager [-] Deleting neutron.port object s_rally_835016cc_gSoU4PEd (e5488b6b-c50e-485c-82da-9a7f88182820)
2019-12-10 08:29:09.258 27673 RALLYDEBUG rally_openstack.cleanup.manager [-] Deleting neutron.port object s_rally_835016cc_W6QEgury (e58ff702-fe6f-40b1-896d-32ae0c5b9a20)
2019-12-10 08:29:09.344 27673 RALLYDEBUG rally_openstack.cleanup.manager [-] Deleting neutron.port object s_rally_835016cc_tMW1a5rV (e5c67d6a-eb5a-4a1b-bb9a-1f918c3dabfe)
2019-12-10 08:29:09.453 27673 RALLYDEBUG rally_openstack.cleanup.manager [-] Deleting neutron.port object s_rally_835016cc_en9mD8SL (e5d10535-1546-44c6-85b9-c2655ea191c4)
2019-12-10 08:29:09.529 27673 RALLYDEBUG rally_openstack.cleanup.manager [-] Deleting neutron.port object s_rally_835016cc_Zg6mytLI (e5edfe00-b1b2-4853-bbc9-7e31c9fc8887)
2019-12-10 08:29:09.538 27673 RALLYDEBUG rally_openstack.cleanup.manager [-] Deleting neutron.port object s_rally_835016cc_GyyWwvVu (e5fa8cf6-86c1-4d54-aba2-3e3b1fca0997)
2019-12-10 08:29:09.753 27673 RALLYDEBUG rally_openstack.cleanup.manager [-] Deleting neutron.port object s_rally_835016cc_zGumLMIm (e61d423f-9fed-453f-b479-87967b5a845b)
2019-12-10 08:29:09.801 27673 RALLYDEBUG rally_openstack.cleanup.manager [-] Deleting neutron.port object s_rally_835016cc_xgZ2kLgH (e6b4f96b-dd5f-4988-af85-f9eb66df7f99)
2019-12-10 08:29:09.819 27673 RALLYDEBUG rally_openstack.cleanup.manager [-] Deleting neutron.port object s_rally_835016cc_7woFbCA2 (e74fd51b-8434-4eb4-bd26-b6e78386ce50)
2019-12-10 08:29:09.864 27673 RALLYDEBUG rally_openstack.cleanup.manager [-] Deleting neutron.port object s_rally_835016cc_lzMA2dz9 (e820d221-179e-4dcd-a0c2-d888e2059b72)
2019-12-10 08:29:10.078 27673 RALLYDEBUG rally_openstack.cleanup.manager [-] Deleting neutron.port object s_rally_835016cc_kSeBOJ4R (e845d2f9-49a1-4bfa-8b22-1860566bfff2)
2019-12-10 08:29:10.182 27673 RALLYDEBUG rally_openstack.cleanup.manager [-] Deleting neutron.port object s_rally_835016cc_NL2CWiBJ (e8a3ed63-e290-4abf-a8aa-65fca3def537)
2019-12-10 08:29:10.278 27673 RALLYDEBUG rally_openstack.cleanup.manager [-] Deleting neutron.port object s_rally_835016cc_S9PE7GRY (eac70e81-fadb-45df-b1b8-1e826d872e63)
2019-12-10 08:29:10.454 27673 RALLYDEBUG rally_openstack.cleanup.manager [-] Deleting neutron.port object s_rally_835016cc_4NzF6ra4 (eaef9aba-f916-4665-b12d-68e615ad8b94)
2019-12-10 08:29:10.525 27673 RALLYDEBUG rally_openstack.cleanup.manager [-] Deleting neutron.port object s_rally_835016cc_lIbPsWR1 (ec7c2dca-d58e-4f76-ba03-4adf8f87b0c9)
2019-12-10 08:29:10.843 27673 RALLYDEBUG rally_openstack.cleanup.manager [-] Deleting neutron.port object s_rally_835016cc_ghJpGhpY (ed3f842e-2a1e-41df-a4af-09a4debe6c4f)
2019-12-10 08:29:10.897 27673 RALLYDEBUG rally_openstack.cleanup.manager [-] Deleting neutron.port object s_rally_835016cc_nm8rJkCg (ee0b23a7-2692-49b3-9188-4726f663955e)
2019-12-10 08:29:10.901 27673 RALLYDEBUG rally_openstack.cleanup.manager [-] Deleting neutron.port object s_rally_835016cc_eH4qyB7e (ef89e97a-171a-408e-9eac-17f7a8d8d126)
2019-12-10 08:29:10.914 27673 RALLYDEBUG rally_openstack.cleanup.manager [-] Deleting neutron.port object s_rally_835016cc_m6du7793 (ef8c97ca-bcf8-469a-8c29-6bcbd25da947)
2019-12-10 08:29:10.917 27673 RALLYDEBUG rally_openstack.cleanup.manager [-] Deleting neutron.port object s_rally_835016cc_gtK4BeRc (f03f9552-d0a8-4706-9e24-f28d4801c615)
2019-12-10 08:29:10.974 27673 RALLYDEBUG rally_openstack.cleanup.manager [-] Deleting neutron.port object s_rally_835016cc_SGQfvdDs (f1ccc024-759d-4dbc-937c-392e74b19189)
2019-12-10 08:29:11.060 27673 RALLYDEBUG rally_openstack.cleanup.manager [-] Deleting neutron.port object s_rally_835016cc_E1UVkRP7 (f24dbb2f-d3c7-4752-a2c8-d99405a76eac)
2019-12-10 08:29:11.271 27673 RALLYDEBUG rally_openstack.cleanup.manager [-] Deleting neutron.port object s_rally_835016cc_WeX1KVNY (f2cb25ee-f10e-4bb0-a632-eef18e873109)
2019-12-10 08:29:11.283 27673 RALLYDEBUG rally_openstack.cleanup.manager [-] Deleting neutron.port object s_rally_835016cc_gsabjSeV (f3263f96-db3a-4337-82a7-e7902aec69e8)
2019-12-10 08:29:11.300 27673 RALLYDEBUG rally_openstack.cleanup.manager [-] Deleting neutron.port object s_rally_835016cc_3fXNP7Cd (f3bf426a-1f28-40f2-ba89-e7c65382e23b)
2019-12-10 08:29:11.343 27673 RALLYDEBUG rally_openstack.cleanup.manager [-] Deleting neutron.port object s_rally_835016cc_F6N20QeV (f3f0d096-8fe2-4bc8-acde-894fc8e8451f)
2019-12-10 08:29:11.524 27673 RALLYDEBUG rally_openstack.cleanup.manager [-] Deleting neutron.port object s_rally_835016cc_mT9X4BBx (f44553f7-147d-4ed1-924f-3f3507e53162)
2019-12-10 08:29:11.527 27673 RALLYDEBUG rally_openstack.cleanup.manager [-] Deleting neutron.port object s_rally_835016cc_mTgYCYrE (f482c9c3-b342-4423-b9e6-6de787e83fa1)
2019-12-10 08:29:11.550 27673 RALLYDEBUG rally_openstack.cleanup.manager [-] Deleting neutron.port object s_rally_835016cc_AhdJZQfE (f569dedc-2127-4e40-b313-11405268cf2e)
2019-12-10 08:29:11.884 27673 RALLYDEBUG rally_openstack.cleanup.manager [-] Deleting neutron.port object s_rally_835016cc_i8IGAoIG (f5802995-c717-4015-9435-3723bdb7ca84)
2019-12-10 08:29:11.904 27673 RALLYDEBUG rally_openstack.cleanup.manager [-] Deleting neutron.port object s_rally_835016cc_GzEZkpvG (f5fdc5cd-c523-4c00-a13a-6e8152fd35b5)
2019-12-10 08:29:12.008 27673 RALLYDEBUG rally_openstack.cleanup.manager [-] Deleting neutron.port object s_rally_835016cc_PABb43QP (f60773f3-db1f-4d38-9cf7-df57cf252768)
2019-12-10 08:29:12.094 27673 RALLYDEBUG rally_openstack.cleanup.manager [-] Deleting neutron.port object s_rally_835016cc_9d31Gsje (f6540e99-56b0-4dc2-afa2-a4d3e60ef92e)
2019-12-10 08:29:12.263 27673 RALLYDEBUG rally_openstack.cleanup.manager [-] Deleting neutron.port object s_rally_835016cc_jU7ND0ZP (f721cd05-0e40-45c4-a652-27334b35b61c)
2019-12-10 08:29:12.469 27673 RALLYDEBUG rally_openstack.cleanup.manager [-] Deleting neutron.port object s_rally_835016cc_uVK5OCOK (f77f83b1-40ab-4839-b8f1-7e7040e113b7)
2019-12-10 08:29:12.579 27673 RALLYDEBUG rally_openstack.cleanup.manager [-] Deleting neutron.port object s_rally_835016cc_ujhWyVlo (f8f62266-ec10-4820-a013-6daac18d7558)
2019-12-10 08:29:12.659 27673 RALLYDEBUG rally_openstack.cleanup.manager [-] Deleting neutron.port object s_rally_835016cc_JJqH8GaP (fa446614-41f8-4d40-8100-190f3d20a5c5)
2019-12-10 08:29:12.695 27673 RALLYDEBUG rally_openstack.cleanup.manager [-] Deleting neutron.port object s_rally_835016cc_iI4xH0t4 (fb9c0bf8-5526-4cd7-94ab-b4c82a3155f7)
2019-12-10 08:29:12.722 27673 RALLYDEBUG rally_openstack.cleanup.manager [-] Deleting neutron.port object s_rally_835016cc_8MVKo3Oz (fbbf1955-3eeb-48c4-b105-ae16da1a2911)
2019-12-10 08:29:12.768 27673 RALLYDEBUG rally_openstack.cleanup.manager [-] Deleting neutron.port object s_rally_835016cc_TmLbPWia (fbf79d38-c359-47bc-ba90-640bd920ea2b)
2019-12-10 08:29:12.794 27673 RALLYDEBUG rally_openstack.cleanup.manager [-] Deleting neutron.port object s_rally_835016cc_TKMfl5JL (fc3f0518-cf21-4648-bcb1-3f6711ff38eb)
2019-12-10 08:29:12.812 27673 RALLYDEBUG rally_openstack.cleanup.manager [-] Deleting neutron.port object s_rally_835016cc_BfEZRVDY (fcef9cf0-2cf3-4045-84a9-bdbc3dab9137)
2019-12-10 08:29:13.245 27673 RALLYDEBUG rally_openstack.cleanup.manager [-] Deleting neutron.port object s_rally_835016cc_BB2TvKhQ (fe460f4f-5d29-4a51-9fad-8997397f6233)
2019-12-10 08:29:13.253 27673 RALLYDEBUG rally_openstack.cleanup.manager [-] Deleting neutron.port object s_rally_835016cc_Y9b6xHDV (ffbe040e-b836-443b-8ff2-d9094b65ccae)
2019-12-10 08:29:13.335 27673 RALLYDEBUG rally_openstack.cleanup.manager [-] Deleting neutron.port object s_rally_835016cc_rWhpcBqF (ffddced9-8c75-4008-bc7b-eeba57387394)
2019-12-10 08:29:15.289 27673 RALLYDEBUG rally_openstack.cleanup.manager [-] Cleaning up neutron subnet objects
2019-12-10 08:29:15.711 27673 RALLYDEBUG rally_openstack.cleanup.manager [-] Cleaning up neutron network objects
2019-12-10 08:29:16.177 27673 RALLYDEBUG rally_openstack.cleanup.manager [-] Deleting neutron.network object s_rally_835016cc_lsYrqsgc (4191bb7c-afb8-47c6-89c9-eb5852932fb5)
2019-12-10 08:29:16.188 27673 RALLYDEBUG rally_openstack.cleanup.manager [-] Deleting neutron.network object s_rally_835016cc_OMRtinmp (48a81fd6-17c9-4159-811f-a541c569cc89)
2019-12-10 08:29:16.198 27673 RALLYDEBUG rally_openstack.cleanup.manager [-] Deleting neutron.network object s_rally_835016cc_DGPfzC5C (68845fd1-ce47-41f7-8071-5a306c84b18e)
2019-12-10 08:29:16.207 27673 RALLYDEBUG rally_openstack.cleanup.manager [-] Deleting neutron.network object s_rally_835016cc_y9BCEbvz (947f1e12-7a7e-42b5-8cbb-78cd53128a4d)
2019-12-10 08:29:16.218 27673 RALLYDEBUG rally_openstack.cleanup.manager [-] Deleting neutron.network object s_rally_835016cc_4DlLeNeK (9eb3e69c-0592-4932-a084-c364b7fa865d)
2019-12-10 08:29:16.231 27673 RALLYDEBUG rally_openstack.cleanup.manager [-] Deleting neutron.network object s_rally_835016cc_Vk07plwp (c093b7ba-fa9e-442f-b132-10bde7879491)
2019-12-10 08:29:16.239 27673 RALLYDEBUG rally_openstack.cleanup.manager [-] Deleting neutron.network object s_rally_835016cc_hiLT3KBb (d892560f-b4d2-4136-bb8a-9e0ee2f0b2de)
2019-12-10 08:29:16.252 27673 RALLYDEBUG rally_openstack.cleanup.manager [-] Deleting neutron.network object s_rally_835016cc_IGngU2pr (e26fd67f-0bba-4cef-a4e6-86ec43c4e5b4)
2019-12-10 08:29:18.880 27673 RALLYDEBUG rally_openstack.cleanup.manager [-] Cleaning up neutron router objects
2019-12-10 08:29:19.279 27673 RALLYDEBUG rally_openstack.cleanup.manager [-] Cleaning up neutron security_group objects
2019-12-10 08:29:19.717 27673 INFO rally.task.context [-] Task 0f0400ed-8717-43f4-a6bb-dcf4ce7e8198 | Context cleanup@openstack cleanup() finished in 47.89 sec
2019-12-10 08:29:19.718 27673 INFO rally.task.context [-] Task 0f0400ed-8717-43f4-a6bb-dcf4ce7e8198 | Context quotas@openstack cleanup() started
2019-12-10 08:29:19.797 27673 INFO rally.task.context [-] Task 0f0400ed-8717-43f4-a6bb-dcf4ce7e8198 | Context quotas@openstack cleanup() finished in 79.20 msec
2019-12-10 08:29:19.797 27673 INFO rally.task.context [-] Task 0f0400ed-8717-43f4-a6bb-dcf4ce7e8198 | Context users@openstack cleanup() started
2019-12-10 08:29:22.665 27673 INFO rally.task.context [-] Task 0f0400ed-8717-43f4-a6bb-dcf4ce7e8198 | Context users@openstack cleanup() finished in 2.87 sec
2019-12-10 08:29:22.855 27673 INFO rally.task.engine [-] Load duration is: 56.479745
2019-12-10 08:29:22.856 27673 INFO rally.task.engine [-] Full runner duration is: 56.523481
2019-12-10 08:29:22.856 27673 INFO rally.task.engine [-] Full duration is: 110.347958
2019-12-10 08:29:23.147 27673 INFO rally.task.engine [-] Running workload: position = 1 config = { "version": 2, "title": "A cropped version of a bigger task.", "description": "Auto-generated task from a single workload (uuid=aafbbd2e-b842-47bc-976b-a346b9122391)", "subtasks": [ { "title": "NeutronNetworks.create_and_update_ports", "description": "Create and update a given number of ports.", "scenario": { "NeutronNetworks.create_and_update_ports": { "network_create_args": {}, "port_create_args": {}, "ports_per_network": 5, "port_update_args": { "admin_state_up": false, "device_id": "dummy_id", "device_owner": "dummy_owner", "name": "_port_updated" } } }, "contexts": { "users": { "tenants": 1, "users_per_tenant": 1 }, "quotas": { "neutron": { "network": -1, "port": -1 } } }, "runner": { "constant": { "times": 40, "concurrency": 20 } }, "hooks": [], "sla": { "failure_rate": { "max": 0 } } } ] }
2019-12-10 08:29:23.172 27673 RALLYDEBUG rally_openstack.contexts.keystone.users [-] Creating 1 tenants using 20 threads
2019-12-10 08:29:24.116 27673 RALLYDEBUG rally_openstack.contexts.keystone.users [-] Creating 1 users using 20 threads
2019-12-10 08:29:25.539 27673 INFO rally.task.context [-] Task 0f0400ed-8717-43f4-a6bb-dcf4ce7e8198 | Context users@openstack setup() finished in 2.37 sec
2019-12-10 08:29:26.019 27673 INFO rally.task.context [-] Task 0f0400ed-8717-43f4-a6bb-dcf4ce7e8198 | Context quotas@openstack setup() finished in 0.48 sec
2019-12-10 08:29:26.020 27673 INFO rally.task.context [-] Task 0f0400ed-8717-43f4-a6bb-dcf4ce7e8198 | Context cleanup@openstack setup() finished in 0.01 msec
2019-12-10 08:29:26.029 27673 RALLYDEBUG rally.task.runner [-] Starting the constant runner (task UUID: 0f0400ed-8717-43f4-a6bb-dcf4ce7e8198). times: 40 concurrency: 20 timeout: 0 max_cpu_used: 16 processes_to_start: 16 concurrency_per_worker: 1 concurrency_overhead: 4
2019-12-10 08:29:26.040 31749 RALLYDEBUG rally.task.runner [-] Starting a worker. times: 40 duration: None concurrency: 2 timeout: 0 cls: method_name: run args: {"network_create_args": {}, "port_create_args": {}, "ports_per_network": 5, "port_update_args": {"admin_state_up": false, "device_id": "dummy_id", "device_owner": "dummy_owner", "name": "_port_updated"}}
2019-12-10 08:29:26.044 31750 RALLYDEBUG rally.task.runner [-] Starting a worker. times: 40 duration: None concurrency: 2 timeout: 0 cls: method_name: run args: {"network_create_args": {}, "port_create_args": {}, "ports_per_network": 5, "port_update_args": {"admin_state_up": false, "device_id": "dummy_id", "device_owner": "dummy_owner", "name": "_port_updated"}}
2019-12-10 08:29:26.048 31749 INFO rally.task.runner [-] Task 0f0400ed-8717-43f4-a6bb-dcf4ce7e8198 | ITER: 1 START
2019-12-10 08:29:26.048 31751 RALLYDEBUG rally.task.runner [-] Starting a worker. times: 40 duration: None concurrency: 2 timeout: 0 cls: method_name: run args: {"network_create_args": {}, "port_create_args": {}, "ports_per_network": 5, "port_update_args": {"admin_state_up": false, "device_id": "dummy_id", "device_owner": "dummy_owner", "name": "_port_updated"}}
2019-12-10 08:29:26.050 31749 WARNING rally_openstack.scenarios.neutron.utils [-] Running this scenario without either the 'network' or 'existing_network' context is deprecated
2019-12-10 08:29:26.051 31750 INFO rally.task.runner [-] Task 0f0400ed-8717-43f4-a6bb-dcf4ce7e8198 | ITER: 2 START
2019-12-10 08:29:26.051 31754 RALLYDEBUG rally.task.runner [-] Starting a worker. times: 40 duration: None concurrency: 2 timeout: 0 cls: method_name: run args: {"network_create_args": {}, "port_create_args": {}, "ports_per_network": 5, "port_update_args": {"admin_state_up": false, "device_id": "dummy_id", "device_owner": "dummy_owner", "name": "_port_updated"}}
2019-12-10 08:29:26.052 31750 INFO rally.task.runner [-] Task 0f0400ed-8717-43f4-a6bb-dcf4ce7e8198 | ITER: 4 START
2019-12-10 08:29:26.055 31751 INFO rally.task.runner [-] Task 0f0400ed-8717-43f4-a6bb-dcf4ce7e8198 | ITER: 5 START
2019-12-10 08:29:26.054 31750 WARNING rally_openstack.scenarios.neutron.utils [-] Running this scenario without either the 'network' or 'existing_network' context is deprecated
2019-12-10 08:29:26.055 31758 RALLYDEBUG rally.task.runner [-] Starting a worker. times: 40 duration: None concurrency: 1 timeout: 0 cls: method_name: run args: {"network_create_args": {}, "port_create_args": {}, "ports_per_network": 5, "port_update_args": {"admin_state_up": false, "device_id": "dummy_id", "device_owner": "dummy_owner", "name": "_port_updated"}}
2019-12-10 08:29:26.056 31751 INFO rally.task.runner [-] Task 0f0400ed-8717-43f4-a6bb-dcf4ce7e8198 | ITER: 6 START
2019-12-10 08:29:26.058 31751 WARNING rally_openstack.scenarios.neutron.utils [-] Running this scenario without either the 'network' or 'existing_network' context is deprecated
2019-12-10 08:29:26.059 31762 RALLYDEBUG rally.task.runner [-] Starting a worker. times: 40 duration: None concurrency: 1 timeout: 0 cls: method_name: run args: {"network_create_args": {}, "port_create_args": {}, "ports_per_network": 5, "port_update_args": {"admin_state_up": false, "device_id": "dummy_id", "device_owner": "dummy_owner", "name": "_port_updated"}}
2019-12-10 08:29:26.059 31754 INFO rally.task.runner [-] Task 0f0400ed-8717-43f4-a6bb-dcf4ce7e8198 | ITER: 7 START
2019-12-10 08:29:26.061 31758 INFO rally.task.runner [-] Task 0f0400ed-8717-43f4-a6bb-dcf4ce7e8198 | ITER: 9 START
2019-12-10 08:29:26.061 31754 INFO rally.task.runner [-] Task 0f0400ed-8717-43f4-a6bb-dcf4ce7e8198 | ITER: 8 START
2019-12-10 08:29:26.056 31749 INFO rally.task.runner [-] Task 0f0400ed-8717-43f4-a6bb-dcf4ce7e8198 | ITER: 3 START
2019-12-10 08:29:26.063 31758 WARNING rally_openstack.scenarios.neutron.utils [-] Running this scenario without either the 'network' or 'existing_network' context is deprecated
2019-12-10 08:29:26.062 31754 WARNING rally_openstack.scenarios.neutron.utils [-] Running this scenario without either the 'network' or 'existing_network' context is deprecated
2019-12-10 08:29:26.064 31767 RALLYDEBUG rally.task.runner [-] Starting a worker. times: 40 duration: None concurrency: 1 timeout: 0 cls: method_name: run args: {"network_create_args": {}, "port_create_args": {}, "ports_per_network": 5, "port_update_args": {"admin_state_up": false, "device_id": "dummy_id", "device_owner": "dummy_owner", "name": "_port_updated"}}
2019-12-10 08:29:26.065 31749 WARNING rally_openstack.scenarios.neutron.utils [-] Running this scenario without either the 'network' or 'existing_network' context is deprecated
2019-12-10 08:29:26.065 31762 INFO rally.task.runner [-] Task 0f0400ed-8717-43f4-a6bb-dcf4ce7e8198 | ITER: 10 START
2019-12-10 08:29:26.055 31750 WARNING rally_openstack.scenarios.neutron.utils [-] Running this scenario without either the 'network' or 'existing_network' context is deprecated
2019-12-10 08:29:26.067 31762 WARNING rally_openstack.scenarios.neutron.utils [-] Running this scenario without either the 'network' or 'existing_network' context is deprecated
2019-12-10 08:29:26.067 31770 RALLYDEBUG rally.task.runner [-] Starting a worker. times: 40 duration: None concurrency: 1 timeout: 0 cls: method_name: run args: {"network_create_args": {}, "port_create_args": {}, "ports_per_network": 5, "port_update_args": {"admin_state_up": false, "device_id": "dummy_id", "device_owner": "dummy_owner", "name": "_port_updated"}}
2019-12-10 08:29:26.070 31767 INFO rally.task.runner [-] Task 0f0400ed-8717-43f4-a6bb-dcf4ce7e8198 | ITER: 11 START
2019-12-10 08:29:26.059 31751 WARNING rally_openstack.scenarios.neutron.utils [-] Running this scenario without either the 'network' or 'existing_network' context is deprecated
2019-12-10 08:29:26.071 31773 RALLYDEBUG rally.task.runner [-] Starting a worker. times: 40 duration: None concurrency: 1 timeout: 0 cls: method_name: run args: {"network_create_args": {}, "port_create_args": {}, "ports_per_network": 5, "port_update_args": {"admin_state_up": false, "device_id": "dummy_id", "device_owner": "dummy_owner", "name": "_port_updated"}}
2019-12-10 08:29:26.072 31767 WARNING rally_openstack.scenarios.neutron.utils [-] Running this scenario without either the 'network' or 'existing_network' context is deprecated
2019-12-10 08:29:26.073 31770 INFO rally.task.runner [-] Task 0f0400ed-8717-43f4-a6bb-dcf4ce7e8198 | ITER: 12 START
2019-12-10 08:29:26.075 31770 WARNING rally_openstack.scenarios.neutron.utils [-] Running this scenario without either the 'network' or 'existing_network' context is deprecated
2019-12-10 08:29:26.063 31754 WARNING rally_openstack.scenarios.neutron.utils [-] Running this scenario without either the 'network' or 'existing_network' context is deprecated
2019-12-10 08:29:26.076 31776 RALLYDEBUG rally.task.runner [-] Starting a worker. times: 40 duration: None concurrency: 1 timeout: 0 cls: method_name: run args: {"network_create_args": {}, "port_create_args": {}, "ports_per_network": 5, "port_update_args": {"admin_state_up": false, "device_id": "dummy_id", "device_owner": "dummy_owner", "name": "_port_updated"}}
2019-12-10 08:29:26.077 31773 INFO rally.task.runner [-] Task 0f0400ed-8717-43f4-a6bb-dcf4ce7e8198 | ITER: 13 START
2019-12-10 08:29:26.079 31773 WARNING rally_openstack.scenarios.neutron.utils [-] Running this scenario without either the 'network' or 'existing_network' context is deprecated
2019-12-10 08:29:26.083 31776 INFO rally.task.runner [-] Task 0f0400ed-8717-43f4-a6bb-dcf4ce7e8198 | ITER: 14 START
2019-12-10 08:29:26.085 31776 WARNING rally_openstack.scenarios.neutron.utils [-] Running this scenario without either the 'network' or 'existing_network' context is deprecated
2019-12-10 08:29:26.085 31782 RALLYDEBUG rally.task.runner [-] Starting a worker. times: 40 duration: None concurrency: 1 timeout: 0 cls: method_name: run args: {"network_create_args": {}, "port_create_args": {}, "ports_per_network": 5, "port_update_args": {"admin_state_up": false, "device_id": "dummy_id", "device_owner": "dummy_owner", "name": "_port_updated"}}
2019-12-10 08:29:26.091 31782 INFO rally.task.runner [-] Task 0f0400ed-8717-43f4-a6bb-dcf4ce7e8198 | ITER: 15 START
2019-12-10 08:29:26.093 31782 WARNING rally_openstack.scenarios.neutron.utils [-] Running this scenario without either the 'network' or 'existing_network' context is deprecated
2019-12-10 08:29:26.096 31786 RALLYDEBUG rally.task.runner [-] Starting a worker. times: 40 duration: None concurrency: 1 timeout: 0 cls: method_name: run args: {"network_create_args": {}, "port_create_args": {}, "ports_per_network": 5, "port_update_args": {"admin_state_up": false, "device_id": "dummy_id", "device_owner": "dummy_owner", "name": "_port_updated"}}
2019-12-10 08:29:26.101 31786 INFO rally.task.runner [-] Task 0f0400ed-8717-43f4-a6bb-dcf4ce7e8198 | ITER: 16 START
2019-12-10 08:29:26.103 31786 WARNING rally_openstack.scenarios.neutron.utils [-] Running this scenario without either the 'network' or 'existing_network' context is deprecated
2019-12-10 08:29:26.105 31789 RALLYDEBUG rally.task.runner [-] Starting a worker. times: 40 duration: None concurrency: 1 timeout: 0 cls: method_name: run args: {"network_create_args": {}, "port_create_args": {}, "ports_per_network": 5, "port_update_args": {"admin_state_up": false, "device_id": "dummy_id", "device_owner": "dummy_owner", "name": "_port_updated"}}
2019-12-10 08:29:26.109 31790 RALLYDEBUG rally.task.runner [-] Starting a worker. times: 40 duration: None concurrency: 1 timeout: 0 cls: method_name: run args: {"network_create_args": {}, "port_create_args": {}, "ports_per_network": 5, "port_update_args": {"admin_state_up": false, "device_id": "dummy_id", "device_owner": "dummy_owner", "name": "_port_updated"}}
2019-12-10 08:29:26.110 31789 INFO rally.task.runner [-] Task 0f0400ed-8717-43f4-a6bb-dcf4ce7e8198 | ITER: 17 START
2019-12-10 08:29:26.112 31789 WARNING rally_openstack.scenarios.neutron.utils [-] Running this scenario without either the 'network' or 'existing_network' context is deprecated
2019-12-10 08:29:26.113 31791 RALLYDEBUG rally.task.runner [-] Starting a worker. times: 40 duration: None concurrency: 1 timeout: 0 cls: method_name: run args: {"network_create_args": {}, "port_create_args": {}, "ports_per_network": 5, "port_update_args": {"admin_state_up": false, "device_id": "dummy_id", "device_owner": "dummy_owner", "name": "_port_updated"}}
2019-12-10 08:29:26.114 31790 INFO rally.task.runner [-] Task 0f0400ed-8717-43f4-a6bb-dcf4ce7e8198 | ITER: 18 START
2019-12-10 08:29:26.115 31790 WARNING rally_openstack.scenarios.neutron.utils [-] Running this scenario without either the 'network' or 'existing_network' context is deprecated
2019-12-10 08:29:26.116 31794 RALLYDEBUG rally.task.runner [-] Starting a worker. times: 40 duration: None concurrency: 1 timeout: 0 cls: method_name: run args: {"network_create_args": {}, "port_create_args": {}, "ports_per_network": 5, "port_update_args": {"admin_state_up": false, "device_id": "dummy_id", "device_owner": "dummy_owner", "name": "_port_updated"}}
2019-12-10 08:29:26.117 31791 INFO rally.task.runner [-] Task 0f0400ed-8717-43f4-a6bb-dcf4ce7e8198 | ITER: 19 START
2019-12-10 08:29:26.118 31791 WARNING rally_openstack.scenarios.neutron.utils [-] Running this scenario without either the 'network' or 'existing_network' context is deprecated
2019-12-10 08:29:26.120 31794 INFO rally.task.runner [-] Task 0f0400ed-8717-43f4-a6bb-dcf4ce7e8198 | ITER: 20 START
2019-12-10 08:29:26.122 31794 WARNING rally_openstack.scenarios.neutron.utils [-] Running this scenario without either the 'network' or 'existing_network' context is deprecated
2019-12-10 08:29:33.115 31750 INFO rally.task.runner [-] Task 0f0400ed-8717-43f4-a6bb-dcf4ce7e8198 | ITER: 2 END: OK
2019-12-10 08:29:33.119 31750 INFO rally.task.runner [-] Task 0f0400ed-8717-43f4-a6bb-dcf4ce7e8198 | ITER: 21 START
2019-12-10 08:29:33.119 31750 WARNING rally_openstack.scenarios.neutron.utils [-] Running this scenario without either the 'network' or 'existing_network' context is deprecated
2019-12-10 08:29:33.612 31751 INFO rally.task.runner [-] Task 0f0400ed-8717-43f4-a6bb-dcf4ce7e8198 | ITER: 6 END: OK
2019-12-10 08:29:33.617 31751 INFO rally.task.runner [-] Task 0f0400ed-8717-43f4-a6bb-dcf4ce7e8198 | ITER: 22 START
2019-12-10 08:29:33.617 31751 WARNING rally_openstack.scenarios.neutron.utils [-] Running this scenario without either the 'network' or 'existing_network' context is deprecated
2019-12-10 08:29:34.466 31789 INFO rally.task.runner [-] Task 0f0400ed-8717-43f4-a6bb-dcf4ce7e8198 | ITER: 17 END: OK
2019-12-10 08:29:34.470 31789 INFO rally.task.runner [-] Task 0f0400ed-8717-43f4-a6bb-dcf4ce7e8198 | ITER: 23 START
2019-12-10 08:29:34.470 31789 WARNING rally_openstack.scenarios.neutron.utils [-] Running this scenario without either the 'network' or 'existing_network' context is deprecated
2019-12-10 08:29:34.836 31749 INFO rally.task.runner [-] Task 0f0400ed-8717-43f4-a6bb-dcf4ce7e8198 | ITER: 1 END: OK
2019-12-10 08:29:34.839 31749 INFO rally.task.runner [-] Task 0f0400ed-8717-43f4-a6bb-dcf4ce7e8198 | ITER: 24 START
2019-12-10 08:29:34.840 31749 WARNING rally_openstack.scenarios.neutron.utils [-] Running this scenario without either the 'network' or 'existing_network' context is deprecated
2019-12-10 08:29:34.857 31786 INFO rally.task.runner [-] Task 0f0400ed-8717-43f4-a6bb-dcf4ce7e8198 | ITER: 16 END: OK
2019-12-10 08:29:34.861 31786 INFO rally.task.runner [-] Task 0f0400ed-8717-43f4-a6bb-dcf4ce7e8198 | ITER: 25 START
2019-12-10 08:29:34.862 31786 WARNING rally_openstack.scenarios.neutron.utils [-] Running this scenario without either the 'network' or 'existing_network' context is deprecated
2019-12-10 08:29:34.984 31782 INFO rally.task.runner [-] Task 0f0400ed-8717-43f4-a6bb-dcf4ce7e8198 | ITER: 15 END: OK
2019-12-10 08:29:34.987 31782 INFO rally.task.runner [-] Task 0f0400ed-8717-43f4-a6bb-dcf4ce7e8198 | ITER: 26 START
2019-12-10 08:29:34.988 31782 WARNING rally_openstack.scenarios.neutron.utils [-] Running this scenario without either the 'network' or 'existing_network' context is deprecated
2019-12-10 08:29:35.020 31750 INFO rally.task.runner [-] Task 0f0400ed-8717-43f4-a6bb-dcf4ce7e8198 | ITER: 4 END: OK
2019-12-10 08:29:35.023 31750 INFO rally.task.runner [-] Task 0f0400ed-8717-43f4-a6bb-dcf4ce7e8198 | ITER: 27 START
2019-12-10 08:29:35.024 31750 WARNING rally_openstack.scenarios.neutron.utils [-] Running this scenario without either the 'network' or 'existing_network' context is deprecated
2019-12-10 08:29:35.434 31790 INFO rally.task.runner [-] Task 0f0400ed-8717-43f4-a6bb-dcf4ce7e8198 | ITER: 18 END: OK
2019-12-10 08:29:35.437 31790 INFO rally.task.runner [-] Task 0f0400ed-8717-43f4-a6bb-dcf4ce7e8198 | ITER: 28 START
2019-12-10 08:29:35.439 31790 WARNING rally_openstack.scenarios.neutron.utils [-] Running this scenario without either the 'network' or 'existing_network' context is deprecated
2019-12-10 08:29:35.440 31770 INFO rally.task.runner [-] Task 0f0400ed-8717-43f4-a6bb-dcf4ce7e8198 | ITER: 12 END: OK
2019-12-10 08:29:35.444 31770 INFO rally.task.runner [-] Task 0f0400ed-8717-43f4-a6bb-dcf4ce7e8198 | ITER: 29 START
2019-12-10 08:29:35.445 31770 WARNING rally_openstack.scenarios.neutron.utils [-] Running this scenario without either the 'network' or 'existing_network' context is deprecated
2019-12-10 08:29:35.515 31767 INFO rally.task.runner [-] Task 0f0400ed-8717-43f4-a6bb-dcf4ce7e8198 | ITER: 11 END: OK
2019-12-10 08:29:35.519 31767 INFO rally.task.runner [-] Task 0f0400ed-8717-43f4-a6bb-dcf4ce7e8198 | ITER: 30 START
2019-12-10 08:29:35.520 31767 WARNING rally_openstack.scenarios.neutron.utils [-] Running this scenario without either the 'network' or 'existing_network' context is deprecated
2019-12-10 08:29:35.635 31773 INFO rally.task.runner [-] Task 0f0400ed-8717-43f4-a6bb-dcf4ce7e8198 | ITER: 13 END: OK
2019-12-10 08:29:35.638 31773 INFO rally.task.runner [-] Task 0f0400ed-8717-43f4-a6bb-dcf4ce7e8198 | ITER: 31 START
2019-12-10 08:29:35.639 31773 WARNING rally_openstack.scenarios.neutron.utils [-] Running this scenario without either the 'network' or 'existing_network' context is deprecated
2019-12-10 08:29:35.870 31758 INFO rally.task.runner [-] Task 0f0400ed-8717-43f4-a6bb-dcf4ce7e8198 | ITER: 9 END: OK
2019-12-10 08:29:35.873 31758 INFO rally.task.runner [-] Task 0f0400ed-8717-43f4-a6bb-dcf4ce7e8198 | ITER: 32 START
2019-12-10 08:29:35.874 31758 WARNING rally_openstack.scenarios.neutron.utils [-] Running this scenario without either the 'network' or 'existing_network' context is deprecated
2019-12-10 08:29:36.006 31754 INFO rally.task.runner [-] Task 0f0400ed-8717-43f4-a6bb-dcf4ce7e8198 | ITER: 8 END: OK
2019-12-10 08:29:36.010 31754 INFO rally.task.runner [-] Task 0f0400ed-8717-43f4-a6bb-dcf4ce7e8198 | ITER: 33 START
2019-12-10 08:29:36.011 31754 WARNING rally_openstack.scenarios.neutron.utils [-] Running this scenario without either the 'network' or 'existing_network' context is deprecated
2019-12-10 08:29:36.036 31749 INFO rally.task.runner [-] Task 0f0400ed-8717-43f4-a6bb-dcf4ce7e8198 | ITER: 3 END: OK
2019-12-10 08:29:36.040 31749 INFO rally.task.runner [-] Task 0f0400ed-8717-43f4-a6bb-dcf4ce7e8198 | ITER: 34 START
2019-12-10 08:29:36.040 31749 WARNING rally_openstack.scenarios.neutron.utils [-] Running this scenario without either the 'network' or 'existing_network' context is deprecated
2019-12-10 08:29:36.090 31751 INFO rally.task.runner [-] Task 0f0400ed-8717-43f4-a6bb-dcf4ce7e8198 | ITER: 5 END: OK
2019-12-10 08:29:36.094 31751 INFO rally.task.runner [-] Task 0f0400ed-8717-43f4-a6bb-dcf4ce7e8198 | ITER: 35 START
2019-12-10 08:29:36.095 31751 WARNING rally_openstack.scenarios.neutron.utils [-] Running this scenario without either the 'network' or 'existing_network' context is deprecated
2019-12-10 08:29:36.447 31791 INFO rally.task.runner [-] Task 0f0400ed-8717-43f4-a6bb-dcf4ce7e8198 | ITER: 19 END: OK
2019-12-10 08:29:36.450 31791 INFO rally.task.runner [-] Task 0f0400ed-8717-43f4-a6bb-dcf4ce7e8198 | ITER: 36 START
2019-12-10 08:29:36.451 31791 WARNING rally_openstack.scenarios.neutron.utils [-] Running this scenario without either the 'network' or 'existing_network' context is deprecated
2019-12-10 08:29:36.565 31776 INFO rally.task.runner [-] Task 0f0400ed-8717-43f4-a6bb-dcf4ce7e8198 | ITER: 14 END: OK
2019-12-10 08:29:36.569 31776 INFO rally.task.runner [-] Task 0f0400ed-8717-43f4-a6bb-dcf4ce7e8198 | ITER: 37 START
2019-12-10 08:29:36.570 31776 WARNING rally_openstack.scenarios.neutron.utils [-] Running this scenario without either the 'network' or 'existing_network' context is deprecated
2019-12-10 08:29:36.575 31762 INFO rally.task.runner [-] Task 0f0400ed-8717-43f4-a6bb-dcf4ce7e8198 | ITER: 10 END: OK
2019-12-10 08:29:36.580 31762 INFO rally.task.runner [-] Task 0f0400ed-8717-43f4-a6bb-dcf4ce7e8198 | ITER: 38 START
2019-12-10 08:29:36.581 31762 WARNING rally_openstack.scenarios.neutron.utils [-] Running this scenario without either the 'network' or 'existing_network' context is deprecated
2019-12-10 08:29:37.012 31794 INFO rally.task.runner [-] Task 0f0400ed-8717-43f4-a6bb-dcf4ce7e8198 | ITER: 20 END: OK
2019-12-10 08:29:37.015 31794 INFO rally.task.runner [-] Task 0f0400ed-8717-43f4-a6bb-dcf4ce7e8198 | ITER: 39 START
2019-12-10 08:29:37.016 31794 WARNING rally_openstack.scenarios.neutron.utils [-] Running this scenario without either the 'network' or 'existing_network' context is deprecated
2019-12-10 08:29:37.267 31754 INFO rally.task.runner [-] Task 0f0400ed-8717-43f4-a6bb-dcf4ce7e8198 | ITER: 7 END: OK
2019-12-10 08:29:37.271 31754 INFO rally.task.runner [-] Task 0f0400ed-8717-43f4-a6bb-dcf4ce7e8198 | ITER: 40 START
2019-12-10 08:29:37.272 31754 WARNING rally_openstack.scenarios.neutron.utils [-] Running this scenario without either the 'network' or 'existing_network' context is deprecated
2019-12-10 08:29:42.371 31750 INFO rally.task.runner [-] Task 0f0400ed-8717-43f4-a6bb-dcf4ce7e8198 | ITER: 21 END: OK
2019-12-10 08:29:42.695 31789 INFO rally.task.runner [-] Task 0f0400ed-8717-43f4-a6bb-dcf4ce7e8198 | ITER: 23 END: OK
2019-12-10 08:29:42.859 31751 INFO rally.task.runner [-] Task 0f0400ed-8717-43f4-a6bb-dcf4ce7e8198 | ITER: 22 END: OK
2019-12-10 08:29:43.198 31767 INFO rally.task.runner [-] Task 0f0400ed-8717-43f4-a6bb-dcf4ce7e8198 | ITER: 30 END: OK
2019-12-10 08:29:43.401 31749 INFO rally.task.runner [-] Task 0f0400ed-8717-43f4-a6bb-dcf4ce7e8198 | ITER: 24 END: OK
2019-12-10 08:29:43.451 31749 INFO rally.task.runner [-] Task 0f0400ed-8717-43f4-a6bb-dcf4ce7e8198 | ITER: 34 END: OK
2019-12-10 08:29:43.467 31790 INFO rally.task.runner [-] Task 0f0400ed-8717-43f4-a6bb-dcf4ce7e8198 | ITER: 28 END: OK
2019-12-10 08:29:43.512 31782 INFO rally.task.runner [-] Task 0f0400ed-8717-43f4-a6bb-dcf4ce7e8198 | ITER: 26 END: OK
2019-12-10 08:29:43.991 31750 INFO rally.task.runner [-] Task 0f0400ed-8717-43f4-a6bb-dcf4ce7e8198 | ITER: 27 END: OK
2019-12-10 08:29:44.096 31751 INFO rally.task.runner [-] Task 0f0400ed-8717-43f4-a6bb-dcf4ce7e8198 | ITER: 35 END: OK
2019-12-10 08:29:44.289 31776 INFO rally.task.runner [-] Task 0f0400ed-8717-43f4-a6bb-dcf4ce7e8198 | ITER: 37 END: OK
2019-12-10 08:29:44.292 31773 INFO rally.task.runner [-] Task 0f0400ed-8717-43f4-a6bb-dcf4ce7e8198 | ITER: 31 END: OK
2019-12-10 08:29:44.392 31754 INFO rally.task.runner [-] Task 0f0400ed-8717-43f4-a6bb-dcf4ce7e8198 | ITER: 33 END: OK
2019-12-10 08:29:44.406 31770 INFO rally.task.runner [-] Task 0f0400ed-8717-43f4-a6bb-dcf4ce7e8198 | ITER: 29 END: OK
2019-12-10 08:29:44.458 31786 INFO rally.task.runner [-] Task 0f0400ed-8717-43f4-a6bb-dcf4ce7e8198 | ITER: 25 END: OK
2019-12-10 08:29:44.521 31758 INFO rally.task.runner [-] Task 0f0400ed-8717-43f4-a6bb-dcf4ce7e8198 | ITER: 32 END: OK
2019-12-10 08:29:44.716 31754 INFO rally.task.runner [-] Task 0f0400ed-8717-43f4-a6bb-dcf4ce7e8198 | ITER: 40 END: OK
2019-12-10 08:29:45.506 31791 INFO rally.task.runner [-] Task 0f0400ed-8717-43f4-a6bb-dcf4ce7e8198 | ITER: 36 END: OK
2019-12-10 08:29:45.580 31794 INFO rally.task.runner [-] Task 0f0400ed-8717-43f4-a6bb-dcf4ce7e8198 | ITER: 39 END: OK
2019-12-10 08:29:46.682 31762 INFO rally.task.runner [-] Task 0f0400ed-8717-43f4-a6bb-dcf4ce7e8198 | ITER: 38 END: OK
2019-12-10 08:29:46.709 27673 INFO rally.task.context [-] Task 0f0400ed-8717-43f4-a6bb-dcf4ce7e8198 | Context cleanup@openstack cleanup() started
2019-12-10 08:29:46.712 27673 RALLYDEBUG rally_openstack.cleanup.manager [-] Cleaning up neutron vip objects
2019-12-10 08:29:47.090 27673 RALLYDEBUG rally_openstack.cleanup.manager [-] Cleaning up neutron health_monitor objects
2019-12-10 08:29:47.475 27673 RALLYDEBUG rally_openstack.cleanup.manager [-] Cleaning up neutron pool objects
2019-12-10 08:29:47.854 27673 RALLYDEBUG rally_openstack.cleanup.manager [-] Cleaning up neutron loadbalancer objects
2019-12-10 08:29:48.223 27673 RALLYDEBUG rally_openstack.cleanup.manager [-] Cleaning up neutron floatingip objects
2019-12-10 08:29:48.644 27673 RALLYDEBUG rally_openstack.cleanup.manager [-] Cleaning up neutron trunk objects
2019-12-10 08:29:49.033 27673 RALLYDEBUG rally_openstack.cleanup.manager [-] Cleaning up neutron port objects
2019-12-10 08:29:49.979 27673 RALLYDEBUG rally_openstack.cleanup.manager [-] Deleting neutron.port object s_rally_aafbbd2e_v4jluVqx (028c5491-a432-46de-9f02-2a1a154fcf2c)
2019-12-10 08:29:49.988 27673 RALLYDEBUG rally_openstack.cleanup.manager [-] Deleting neutron.port object s_rally_aafbbd2e_Z3TGkEvG (04241888-ccfe-4a1c-98a3-c759e5c4134a)
2019-12-10 08:29:49.997 27673 RALLYDEBUG rally_openstack.cleanup.manager [-] Deleting neutron.port object s_rally_aafbbd2e_TdWTEBw3 (069a1a07-b711-4c30-b0db-6c1e280a340e)
2019-12-10 08:29:50.009 27673 RALLYDEBUG rally_openstack.cleanup.manager [-] Deleting neutron.port object s_rally_aafbbd2e_I0y1CMSU (07a78d59-02b9-4c78-97dc-067b8e95d853)
2019-12-10 08:29:50.018 27673 RALLYDEBUG rally_openstack.cleanup.manager [-] Deleting neutron.port object s_rally_aafbbd2e_151rDATf (0830ec59-3db3-4a02-bd6d-9f40d3758f41)
2019-12-10 08:29:50.027 27673 RALLYDEBUG rally_openstack.cleanup.manager [-] Deleting neutron.port object s_rally_aafbbd2e_29bIIIEv (0873f3f0-0f49-4043-8a1f-08efd0d07414)
2019-12-10 08:29:50.052 27673 RALLYDEBUG rally_openstack.cleanup.manager [-] Deleting neutron.port object s_rally_aafbbd2e_mpGv1HJt (104b58a8-a1c2-4b30-b3c0-b285bb20b786)
2019-12-10 08:29:50.063 27673 RALLYDEBUG rally_openstack.cleanup.manager [-] Deleting neutron.port object s_rally_aafbbd2e_67sJwhj8 (104e7967-a1b8-499f-9a7f-53536d8f2286)
2019-12-10 08:29:50.074 27673 RALLYDEBUG rally_openstack.cleanup.manager [-] Deleting neutron.port object s_rally_aafbbd2e_0pxl9Hry (12b0b865-5d51-4fb0-ad55-905c8ac7eebd)
2019-12-10 08:29:50.094 27673 RALLYDEBUG rally_openstack.cleanup.manager [-] Deleting neutron.port object s_rally_aafbbd2e_ikxsoofZ (12e0a09e-dde4-4089-828d-82ab90d7d272)
2019-12-10 08:29:50.111 27673 RALLYDEBUG rally_openstack.cleanup.manager [-] Deleting neutron.port object s_rally_aafbbd2e_JWhyuERV (14805528-ec0e-4dc5-97cc-a69b5ab5ee65)
2019-12-10 08:29:50.124 27673 RALLYDEBUG rally_openstack.cleanup.manager [-] Deleting neutron.port object s_rally_aafbbd2e_TH3SjsTz (15777818-7bab-49ed-b520-eafb85cbc8b0)
2019-12-10 08:29:50.141 27673 RALLYDEBUG rally_openstack.cleanup.manager [-] Deleting neutron.port object s_rally_aafbbd2e_1jwiFVIZ (159fa1de-248f-4369-9fd7-82d32a9cf948)
2019-12-10 08:29:50.153 27673 RALLYDEBUG rally_openstack.cleanup.manager [-] Deleting neutron.port object s_rally_aafbbd2e_uilYjLwc (1738bbc2-44d3-4e60-b80d-da9e377c4ce5)
2019-12-10 08:29:50.162 27673 RALLYDEBUG rally_openstack.cleanup.manager [-] Deleting neutron.port object s_rally_aafbbd2e_tLqpCXEq (17adad76-d9c0-4a8c-8e1b-3ab8320489df)
2019-12-10 08:29:50.170 27673 RALLYDEBUG rally_openstack.cleanup.manager [-] Deleting neutron.port object s_rally_aafbbd2e_bnQsGu2Q (17e82f0d-8142-49d9-8dfc-a40d93e7e62c)
2019-12-10 08:29:50.179 27673 RALLYDEBUG rally_openstack.cleanup.manager [-] Deleting neutron.port object s_rally_aafbbd2e_SMnNrJaz (198b56ad-7761-47a3-b676-2f60c90432ed)
2019-12-10 08:29:50.188 27673 RALLYDEBUG rally_openstack.cleanup.manager [-] Deleting neutron.port object s_rally_aafbbd2e_51DMjnnA (1b0278b7-8706-4fc1-958a-1aa5a45632e8)
2019-12-10 08:29:50.201 27673 RALLYDEBUG rally_openstack.cleanup.manager [-] Deleting neutron.port object s_rally_aafbbd2e_eyaxwI3h (1d8c52c1-702f-4d28-8b37-0d3c6cb8b24e)
2019-12-10 08:29:50.210 27673 RALLYDEBUG rally_openstack.cleanup.manager [-] Deleting neutron.port object s_rally_aafbbd2e_9rVm7ECT (1f603e37-d905-492f-ba4a-bd7664edcb26)
2019-12-10 08:29:52.037 27673 RALLYDEBUG rally_openstack.cleanup.manager [-] Deleting neutron.port object s_rally_aafbbd2e_GBQt9Gcl (1ff0cdbb-54c9-43fd-9a1f-7962592fd2a8)
2019-12-10 08:29:52.056 27673 RALLYDEBUG rally_openstack.cleanup.manager [-] Deleting neutron.port object s_rally_aafbbd2e_MfvcIeZI (20eef5bc-94fd-4e3d-beb5-b59b90ed2979)
2019-12-10 08:29:52.073 27673 RALLYDEBUG rally_openstack.cleanup.manager [-] Deleting neutron.port object s_rally_aafbbd2e_kNFNXEGV (21185d32-a17c-46f0-9f14-d4b9959d8bf9)
2019-12-10 08:29:52.165 27673 RALLYDEBUG rally_openstack.cleanup.manager [-] Deleting neutron.port object s_rally_aafbbd2e_BXNVf3Vw (215717c5-4494-40a0-95af-f954c6c07477)
2019-12-10 08:29:52.190 27673 RALLYDEBUG rally_openstack.cleanup.manager [-] Deleting neutron.port object s_rally_aafbbd2e_gJWgeZDi (22478f84-9f20-4aa1-9651-3dc3fac15242)
2019-12-10 08:29:52.318 27673 RALLYDEBUG rally_openstack.cleanup.manager [-] Deleting neutron.port object s_rally_aafbbd2e_z5EDoVEF (2597f7c6-ab7c-4b37-85c6-1b61edbd2731)
2019-12-10 08:29:52.341 27673 RALLYDEBUG rally_openstack.cleanup.manager [-] Deleting neutron.port object s_rally_aafbbd2e_mlhfn58v (2761be12-341a-409a-a9f9-a7209f8c0844)
2019-12-10 08:29:52.384 27673 RALLYDEBUG rally_openstack.cleanup.manager [-] Deleting neutron.port object s_rally_aafbbd2e_0flqEViZ (278f81a4-d889-44cc-bdd2-fe416f9982e6)
2019-12-10 08:29:52.400 27673 RALLYDEBUG rally_openstack.cleanup.manager [-] Deleting neutron.port object s_rally_aafbbd2e_jzoeIJHx (27c4f1bd-af91-48bd-98a7-dea9e8db6668)
2019-12-10 08:29:52.410 27673 RALLYDEBUG rally_openstack.cleanup.manager [-] Deleting neutron.port object s_rally_aafbbd2e_IzdDt7o0 (28dc65b3-a3c6-456f-88d2-1e6d6f8a7f79)
2019-12-10 08:29:52.426 27673 RALLYDEBUG rally_openstack.cleanup.manager [-] Deleting neutron.port object s_rally_aafbbd2e_gfIJaING (2a71803d-d953-4b8f-aa05-0c7165ee5998)
2019-12-10 08:29:52.449 27673 RALLYDEBUG rally_openstack.cleanup.manager [-] Deleting neutron.port object s_rally_aafbbd2e_66GHp0ho (2b01bca7-d41f-4bfa-a023-c80ee99cc7bb)
2019-12-10 08:29:52.452 27673 RALLYDEBUG rally_openstack.cleanup.manager [-] Deleting neutron.port object s_rally_aafbbd2e_dFXQTnUm (2c225d71-9c40-43d8-a994-ae410c7d93c5)
2019-12-10 08:29:52.509 27673 RALLYDEBUG rally_openstack.cleanup.manager [-] Deleting neutron.port object s_rally_aafbbd2e_iFxkk2zG (2db8034e-b40f-4ade-83d9-b8af0dc038f4)
2019-12-10 08:29:52.513 27673 RALLYDEBUG rally_openstack.cleanup.manager [-] Deleting neutron.port object s_rally_aafbbd2e_KIpYY79I (2fb5bdb7-5b6e-42c9-a699-7958b65aec63)
2019-12-10 08:29:52.600 27673 RALLYDEBUG rally_openstack.cleanup.manager [-] Deleting neutron.port object s_rally_aafbbd2e_pfNwzwJG (31dade30-f480-4d11-8c18-6331ed8524e5)
2019-12-10 08:29:52.753 27673 RALLYDEBUG rally_openstack.cleanup.manager [-] Deleting neutron.port object s_rally_aafbbd2e_hmHkho3r (32107ee0-d492-44ac-a63d-808d37c72c09)
2019-12-10 08:29:52.762 27673 RALLYDEBUG rally_openstack.cleanup.manager [-] Deleting neutron.port object s_rally_aafbbd2e_lK3lO9kd (34495f50-b801-4fc2-9a2d-42fa09d317f8)
2019-12-10 08:29:52.771 27673 RALLYDEBUG rally_openstack.cleanup.manager [-] Deleting neutron.port object s_rally_aafbbd2e_a9tWGGQb (358c2a84-6b46-405e-b8c0-5b8f37d66eb9)
2019-12-10 08:29:52.806 27673 RALLYDEBUG rally_openstack.cleanup.manager [-] Deleting neutron.port object s_rally_aafbbd2e_UFWs07HX (36936134-e59b-4c22-b785-75103699126e)
2019-12-10 08:29:53.839 27673 RALLYDEBUG rally_openstack.cleanup.manager [-] Deleting neutron.port object s_rally_aafbbd2e_AkX0AM3h (38a618aa-b47a-4ff6-887c-239cbff35ab0)
2019-12-10 08:29:53.875 27673 RALLYDEBUG rally_openstack.cleanup.manager [-] Deleting neutron.port object s_rally_aafbbd2e_cvwr11ZZ (39a01c62-e576-4f37-b974-b4e10cd3d1fc)
2019-12-10 08:29:53.948 27673 RALLYDEBUG rally_openstack.cleanup.manager [-] Deleting neutron.port object s_rally_aafbbd2e_dCyxah4s (3aee6915-2c31-44f6-a16d-3453655dc0ae)
2019-12-10 08:29:54.189 27673 RALLYDEBUG rally_openstack.cleanup.manager [-] Deleting neutron.port object s_rally_aafbbd2e_FcF0CKrI (3aef2d54-4974-4a09-ab23-236b971c7f3f)
2019-12-10 08:29:54.197 27673 RALLYDEBUG rally_openstack.cleanup.manager [-] Deleting neutron.port object s_rally_aafbbd2e_lG05IN3H (3b035e12-9caa-40f3-963a-cc6043aa9dd2)
2019-12-10 08:29:54.306 27673 RALLYDEBUG rally_openstack.cleanup.manager [-] Deleting neutron.port object s_rally_aafbbd2e_BIKO8b5o (3d012de1-cd88-4ea8-9a91-d7d89d53153a)
2019-12-10 08:29:54.318 27673 RALLYDEBUG rally_openstack.cleanup.manager [-] Deleting neutron.port object s_rally_aafbbd2e_BWuoXPFr (3d7f6d69-84ff-48c2-b0d3-290b10c3ea19)
2019-12-10 08:29:54.395 27673 RALLYDEBUG rally_openstack.cleanup.manager [-] Deleting neutron.port object s_rally_aafbbd2e_qFnFdOlw (3f150b63-967a-42dc-87cd-1cb92baec1e1)
2019-12-10 08:29:54.399 27673 RALLYDEBUG rally_openstack.cleanup.manager [-] Deleting neutron.port object s_rally_aafbbd2e_CPYGUcGE (4075e5db-da3d-4d47-8f51-47cf224c3310)
2019-12-10 08:29:54.446 27673 RALLYDEBUG rally_openstack.cleanup.manager [-] Deleting neutron.port object s_rally_aafbbd2e_RVFMqAI1 (416eacc6-eb4f-40a9-96ed-bc75c0c72bf7)
2019-12-10 08:29:54.615 27673 RALLYDEBUG rally_openstack.cleanup.manager [-] Deleting neutron.port object s_rally_aafbbd2e_S11VHgkx (41e5d639-24a2-4c27-8bc3-1637c18274f1)
2019-12-10 08:29:54.624 27673 RALLYDEBUG rally_openstack.cleanup.manager [-] Deleting neutron.port object s_rally_aafbbd2e_vMRMw2yo (424ea125-ab6f-49f2-a14d-1e41c142ec2f)
2019-12-10 08:29:54.633 27673 RALLYDEBUG rally_openstack.cleanup.manager [-] Deleting neutron.port object s_rally_aafbbd2e_syTLhmJA (441c0f42-579c-4d3d-bc86-38d1b6588426)
2019-12-10 08:29:54.724 27673 RALLYDEBUG rally_openstack.cleanup.manager [-] Deleting neutron.port object s_rally_aafbbd2e_mpsunv8R (46402a9e-9008-4a3c-9a80-0b002bbdf4f5)
2019-12-10 08:29:54.786 27673 RALLYDEBUG rally_openstack.cleanup.manager [-] Deleting neutron.port object s_rally_aafbbd2e_5xc824cd (467af56c-e47b-402d-ac67-fd9489b76b37)
2019-12-10 08:29:54.972 27673 RALLYDEBUG rally_openstack.cleanup.manager [-] Deleting neutron.port object s_rally_aafbbd2e_8P6mgNcZ (47676f51-76f2-45f1-8059-a644ff1c0e55)
2019-12-10 08:29:55.020 27673 RALLYDEBUG rally_openstack.cleanup.manager [-] Deleting neutron.port object s_rally_aafbbd2e_N2gFhNy3 (47e39937-144f-4f49-8e4d-c3ae13de820b)
2019-12-10 08:29:55.029 27673 RALLYDEBUG rally_openstack.cleanup.manager [-] Deleting neutron.port object s_rally_aafbbd2e_S3D2g7al (47eab7cb-fa62-43d5-b41a-e8a27a43fb8f)
2019-12-10 08:29:55.137 27673 RALLYDEBUG rally_openstack.cleanup.manager [-] Deleting neutron.port object s_rally_aafbbd2e_hLXAoM3p (48564abb-809e-45ce-8613-f162cb19e452)
2019-12-10 08:29:55.141 27673 RALLYDEBUG rally_openstack.cleanup.manager [-] Deleting neutron.port object s_rally_aafbbd2e_ckFT5AI8 (4995eee8-4a6f-40a7-b01c-521567c3dcd3)
2019-12-10 08:29:55.584 27673 RALLYDEBUG rally_openstack.cleanup.manager [-] Deleting neutron.port object s_rally_aafbbd2e_ntLcdmIx (49cafa0e-b9b9-41ae-98cb-b8e2ed60e345)
2019-12-10 08:29:55.701 27673 RALLYDEBUG rally_openstack.cleanup.manager [-] Deleting neutron.port object s_rally_aafbbd2e_Y9xvZ74E (4a167723-218e-4497-bf26-63f5c25f0235)
