2019-12-10 08:38:23.796 27673 RALLYDEBUG rally_openstack.cleanup.manager [-] Deleting neutron.security_group object s_rally_ac94259a_hFVsLQkQ (fc979b78-300b-42f7-b5de-e6a57203a3ec)
2019-12-10 08:38:25.304 27673 INFO rally.task.context [-] Task 0f0400ed-8717-43f4-a6bb-dcf4ce7e8198 | Context cleanup@openstack cleanup() finished in 14.20 sec
2019-12-10 08:38:25.305 27673 INFO rally.task.context [-] Task 0f0400ed-8717-43f4-a6bb-dcf4ce7e8198 | Context quotas@openstack cleanup() started
2019-12-10 08:38:25.418 27673 INFO rally.task.context [-] Task 0f0400ed-8717-43f4-a6bb-dcf4ce7e8198 | Context quotas@openstack cleanup() finished in 0.11 sec
2019-12-10 08:38:25.419 27673 INFO rally.task.context [-] Task 0f0400ed-8717-43f4-a6bb-dcf4ce7e8198 | Context users@openstack cleanup() started
2019-12-10 08:38:29.215 27673 INFO rally.task.context [-] Task 0f0400ed-8717-43f4-a6bb-dcf4ce7e8198 | Context users@openstack cleanup() finished in 3.80 sec
2019-12-10 08:38:30.494 27673 INFO rally.task.engine [-] Load duration is: 3.658733
2019-12-10 08:38:30.494 27673 INFO rally.task.engine [-] Full runner duration is: 3.701725
2019-12-10 08:38:30.495 27673 INFO rally.task.engine [-] Full duration is: 25.042334
2019-12-10 08:38:30.732 27673 INFO rally.task.engine [-] Running workload: position = 6 config = { "version": 2, "title": "A cropped version of a bigger task.", "description": "Auto-generated task from a single workload (uuid=8ab25901-d102-4bb5-bedc-1da8283d714b)", "subtasks": [ { "title": "NeutronSecurityGroup.create_and_update_security_groups", "description": "Create and update Neutron security-groups.", "scenario": { "NeutronSecurityGroup.create_and_update_security_groups": { "security_group_create_args": {}, "security_group_update_args": {} } }, "contexts": { "users": { "tenants": 2, "users_per_tenant": 3 }, "quotas": { "neutron": { "security_group": -1 } } }, "runner": { "constant": { "times": 50, "concurrency": 10 } }, "hooks": [], "sla": { "failure_rate": { "max": 0 } } } ] }
2019-12-10 08:38:30.756 27673 RALLYDEBUG rally_openstack.contexts.keystone.users [-] Creating 2 tenants using 20 threads
2019-12-10 08:38:31.761 27673 RALLYDEBUG rally_openstack.contexts.keystone.users [-] Creating 6 users using 20 threads
2019-12-10 08:38:33.410 27673 INFO rally.task.context [-] Task 0f0400ed-8717-43f4-a6bb-dcf4ce7e8198 | Context users@openstack setup() finished in 2.65 sec
2019-12-10 08:38:34.062 27673 INFO rally.task.context [-] Task 0f0400ed-8717-43f4-a6bb-dcf4ce7e8198 | Context quotas@openstack setup() finished in 0.65 sec
2019-12-10 08:38:34.062 27673 INFO rally.task.context [-] Task 0f0400ed-8717-43f4-a6bb-dcf4ce7e8198 | Context cleanup@openstack setup() finished in 0.01 msec
2019-12-10 08:38:34.071 27673 RALLYDEBUG rally.task.runner [-] Starting the constant runner (task UUID: 0f0400ed-8717-43f4-a6bb-dcf4ce7e8198). times: 50 concurrency: 10 timeout: 0 max_cpu_used: 16 processes_to_start: 10 concurrency_per_worker: 1 concurrency_overhead: 0
2019-12-10 08:38:34.083 3842 RALLYDEBUG rally.task.runner [-] Starting a worker. times: 50 duration: None concurrency: 1 timeout: 0 cls: method_name: run args: {"security_group_create_args": {}, "security_group_update_args": {}}
2019-12-10 08:38:34.087 3843 RALLYDEBUG rally.task.runner [-] Starting a worker. times: 50 duration: None concurrency: 1 timeout: 0 cls: method_name: run args: {"security_group_create_args": {}, "security_group_update_args": {}}
2019-12-10 08:38:34.090 3842 INFO rally.task.runner [-] Task 0f0400ed-8717-43f4-a6bb-dcf4ce7e8198 | ITER: 1 START
2019-12-10 08:38:34.090 3844 RALLYDEBUG rally.task.runner [-] Starting a worker. times: 50 duration: None concurrency: 1 timeout: 0 cls: method_name: run args: {"security_group_create_args": {}, "security_group_update_args": {}}
2019-12-10 08:38:34.094 3843 INFO rally.task.runner [-] Task 0f0400ed-8717-43f4-a6bb-dcf4ce7e8198 | ITER: 2 START
2019-12-10 08:38:34.093 3846 RALLYDEBUG rally.task.runner [-] Starting a worker. times: 50 duration: None concurrency: 1 timeout: 0 cls: method_name: run args: {"security_group_create_args": {}, "security_group_update_args": {}}
2019-12-10 08:38:34.097 3844 INFO rally.task.runner [-] Task 0f0400ed-8717-43f4-a6bb-dcf4ce7e8198 | ITER: 3 START
2019-12-10 08:38:34.098 3850 RALLYDEBUG rally.task.runner [-] Starting a worker. times: 50 duration: None concurrency: 1 timeout: 0 cls: method_name: run args: {"security_group_create_args": {}, "security_group_update_args": {}}
2019-12-10 08:38:34.100 3846 INFO rally.task.runner [-] Task 0f0400ed-8717-43f4-a6bb-dcf4ce7e8198 | ITER: 4 START
2019-12-10 08:38:34.102 3853 RALLYDEBUG rally.task.runner [-] Starting a worker. times: 50 duration: None concurrency: 1 timeout: 0 cls: method_name: run args: {"security_group_create_args": {}, "security_group_update_args": {}}
2019-12-10 08:38:34.104 3850 INFO rally.task.runner [-] Task 0f0400ed-8717-43f4-a6bb-dcf4ce7e8198 | ITER: 5 START
2019-12-10 08:38:34.106 3856 RALLYDEBUG rally.task.runner [-] Starting a worker. times: 50 duration: None concurrency: 1 timeout: 0 cls: method_name: run args: {"security_group_create_args": {}, "security_group_update_args": {}}
2019-12-10 08:38:34.108 3853 INFO rally.task.runner [-] Task 0f0400ed-8717-43f4-a6bb-dcf4ce7e8198 | ITER: 6 START
2019-12-10 08:38:34.111 3859 RALLYDEBUG rally.task.runner [-] Starting a worker. times: 50 duration: None concurrency: 1 timeout: 0 cls: method_name: run args: {"security_group_create_args": {}, "security_group_update_args": {}}
2019-12-10 08:38:34.112 3856 INFO rally.task.runner [-] Task 0f0400ed-8717-43f4-a6bb-dcf4ce7e8198 | ITER: 7 START
2019-12-10 08:38:34.117 3859 INFO rally.task.runner [-] Task 0f0400ed-8717-43f4-a6bb-dcf4ce7e8198 | ITER: 8 START
2019-12-10 08:38:34.120 3864 RALLYDEBUG rally.task.runner [-] Starting a worker. times: 50 duration: None concurrency: 1 timeout: 0 cls: method_name: run args: {"security_group_create_args": {}, "security_group_update_args": {}}
2019-12-10 08:38:34.125 3867 RALLYDEBUG rally.task.runner [-] Starting a worker. times: 50 duration: None concurrency: 1 timeout: 0 cls: method_name: run args: {"security_group_create_args": {}, "security_group_update_args": {}}
2019-12-10 08:38:34.126 3864 INFO rally.task.runner [-] Task 0f0400ed-8717-43f4-a6bb-dcf4ce7e8198 | ITER: 9 START
2019-12-10 08:38:34.131 3867 INFO rally.task.runner [-] Task 0f0400ed-8717-43f4-a6bb-dcf4ce7e8198 | ITER: 10 START
2019-12-10 08:38:34.918 3842 INFO rally.task.runner [-] Task 0f0400ed-8717-43f4-a6bb-dcf4ce7e8198 | ITER: 1 END: OK
2019-12-10 08:38:34.923 3842 INFO rally.task.runner [-] Task 0f0400ed-8717-43f4-a6bb-dcf4ce7e8198 | ITER: 11 START
2019-12-10 08:38:34.965 3859 INFO rally.task.runner [-] Task 0f0400ed-8717-43f4-a6bb-dcf4ce7e8198 | ITER: 8 END: OK
2019-12-10 08:38:34.970 3859 INFO rally.task.runner [-] Task 0f0400ed-8717-43f4-a6bb-dcf4ce7e8198 | ITER: 12 START
2019-12-10 08:38:35.098 3864 INFO rally.task.runner [-] Task 0f0400ed-8717-43f4-a6bb-dcf4ce7e8198 | ITER: 9 END: OK
2019-12-10 08:38:35.102 3864 INFO rally.task.runner [-] Task 0f0400ed-8717-43f4-a6bb-dcf4ce7e8198 | ITER: 13 START
2019-12-10 08:38:35.120 3844 INFO rally.task.runner [-] Task 0f0400ed-8717-43f4-a6bb-dcf4ce7e8198 | ITER: 3 END: OK
2019-12-10 08:38:35.125 3844 INFO rally.task.runner [-] Task 0f0400ed-8717-43f4-a6bb-dcf4ce7e8198 | ITER: 14 START
2019-12-10 08:38:35.395 3843 INFO rally.task.runner [-] Task 0f0400ed-8717-43f4-a6bb-dcf4ce7e8198 | ITER: 2 END: OK
2019-12-10 08:38:35.399 3843 INFO rally.task.runner [-] Task 0f0400ed-8717-43f4-a6bb-dcf4ce7e8198 | ITER: 15 START
2019-12-10 08:38:35.411 3846 INFO rally.task.runner [-] Task 0f0400ed-8717-43f4-a6bb-dcf4ce7e8198 | ITER: 4 END: OK
2019-12-10 08:38:35.415 3846 INFO rally.task.runner [-] Task 0f0400ed-8717-43f4-a6bb-dcf4ce7e8198 | ITER: 16 START
2019-12-10 08:38:35.463 3867 INFO rally.task.runner [-] Task 0f0400ed-8717-43f4-a6bb-dcf4ce7e8198 | ITER: 10 END: OK
2019-12-10 08:38:35.467 3867 INFO rally.task.runner [-] Task 0f0400ed-8717-43f4-a6bb-dcf4ce7e8198 | ITER: 17 START
2019-12-10 08:38:35.479 3853 INFO rally.task.runner [-] Task 0f0400ed-8717-43f4-a6bb-dcf4ce7e8198 | ITER: 6 END: OK
2019-12-10 08:38:35.483 3853 INFO rally.task.runner [-] Task 0f0400ed-8717-43f4-a6bb-dcf4ce7e8198 | ITER: 18 START
2019-12-10 08:38:35.491 3850 INFO rally.task.runner [-] Task 0f0400ed-8717-43f4-a6bb-dcf4ce7e8198 | ITER: 5 END: OK
2019-12-10 08:38:35.494 3856 INFO rally.task.runner [-] Task 0f0400ed-8717-43f4-a6bb-dcf4ce7e8198 | ITER: 7 END: OK
2019-12-10 08:38:35.495 3850 INFO rally.task.runner [-] Task 0f0400ed-8717-43f4-a6bb-dcf4ce7e8198 | ITER: 19 START
2019-12-10 08:38:35.498 3856 INFO rally.task.runner [-] Task 0f0400ed-8717-43f4-a6bb-dcf4ce7e8198 | ITER: 20 START
2019-12-10 08:38:35.507 3842 INFO rally.task.runner [-] Task 0f0400ed-8717-43f4-a6bb-dcf4ce7e8198 | ITER: 11 END: OK
2019-12-10 08:38:35.511 3842 INFO rally.task.runner [-] Task 0f0400ed-8717-43f4-a6bb-dcf4ce7e8198 | ITER: 21 START
2019-12-10 08:38:35.549 3859 INFO rally.task.runner [-] Task 0f0400ed-8717-43f4-a6bb-dcf4ce7e8198 | ITER: 12 END: OK
2019-12-10 08:38:35.553 3859 INFO rally.task.runner [-] Task 0f0400ed-8717-43f4-a6bb-dcf4ce7e8198 | ITER: 22 START
2019-12-10 08:38:35.682 3864 INFO rally.task.runner [-] Task 0f0400ed-8717-43f4-a6bb-dcf4ce7e8198 | ITER: 13 END: OK
2019-12-10 08:38:35.686 3864 INFO rally.task.runner [-] Task 0f0400ed-8717-43f4-a6bb-dcf4ce7e8198 | ITER: 23 START
2019-12-10 08:38:35.711 3844 INFO rally.task.runner [-] Task 0f0400ed-8717-43f4-a6bb-dcf4ce7e8198 | ITER: 14 END: OK
2019-12-10 08:38:35.714 3844 INFO rally.task.runner [-] Task 0f0400ed-8717-43f4-a6bb-dcf4ce7e8198 | ITER: 24 START
2019-12-10 08:38:35.917 3846 INFO rally.task.runner [-] Task 0f0400ed-8717-43f4-a6bb-dcf4ce7e8198 | ITER: 16 END: OK
2019-12-10 08:38:35.921 3846 INFO rally.task.runner [-] Task 0f0400ed-8717-43f4-a6bb-dcf4ce7e8198 | ITER: 25 START
2019-12-10 08:38:36.085 3843 INFO rally.task.runner [-] Task 0f0400ed-8717-43f4-a6bb-dcf4ce7e8198 | ITER: 15 END: OK
2019-12-10 08:38:36.089 3843 INFO rally.task.runner [-] Task 0f0400ed-8717-43f4-a6bb-dcf4ce7e8198 | ITER: 26 START
2019-12-10 08:38:36.110 3842 INFO rally.task.runner [-] Task 0f0400ed-8717-43f4-a6bb-dcf4ce7e8198 | ITER: 21 END: OK
2019-12-10 08:38:36.114 3842 INFO rally.task.runner [-] Task 0f0400ed-8717-43f4-a6bb-dcf4ce7e8198 | ITER: 27 START
2019-12-10 08:38:36.116 3853 INFO rally.task.runner [-] Task 0f0400ed-8717-43f4-a6bb-dcf4ce7e8198 | ITER: 18 END: OK
2019-12-10 08:38:36.120 3853 INFO rally.task.runner [-] Task 0f0400ed-8717-43f4-a6bb-dcf4ce7e8198 | ITER: 28 START
2019-12-10 08:38:36.168 3859 INFO rally.task.runner [-] Task 0f0400ed-8717-43f4-a6bb-dcf4ce7e8198 | ITER: 22 END: OK
2019-12-10 08:38:36.172 3859 INFO rally.task.runner [-] Task 0f0400ed-8717-43f4-a6bb-dcf4ce7e8198 | ITER: 29 START
2019-12-10 08:38:36.199 3867 INFO rally.task.runner [-] Task 0f0400ed-8717-43f4-a6bb-dcf4ce7e8198 | ITER: 17 END: OK
2019-12-10 08:38:36.203 3867 INFO rally.task.runner [-] Task 0f0400ed-8717-43f4-a6bb-dcf4ce7e8198 | ITER: 30 START
2019-12-10 08:38:36.212 3856 INFO rally.task.runner [-] Task 0f0400ed-8717-43f4-a6bb-dcf4ce7e8198 | ITER: 20 END: OK
2019-12-10 08:38:36.216 3850 INFO rally.task.runner [-] Task 0f0400ed-8717-43f4-a6bb-dcf4ce7e8198 | ITER: 19 END: OK
2019-12-10 08:38:36.217 3856 INFO rally.task.runner [-] Task 0f0400ed-8717-43f4-a6bb-dcf4ce7e8198 | ITER: 31 START
2019-12-10 08:38:36.220 3850 INFO rally.task.runner [-] Task 0f0400ed-8717-43f4-a6bb-dcf4ce7e8198 | ITER: 32 START
2019-12-10 08:38:36.322 3844 INFO rally.task.runner [-] Task 0f0400ed-8717-43f4-a6bb-dcf4ce7e8198 | ITER: 24 END: OK
2019-12-10 08:38:36.326 3844 INFO rally.task.runner [-] Task 0f0400ed-8717-43f4-a6bb-dcf4ce7e8198 | ITER: 33 START
2019-12-10 08:38:36.343 3864 INFO rally.task.runner [-] Task 0f0400ed-8717-43f4-a6bb-dcf4ce7e8198 | ITER: 23 END: OK
2019-12-10 08:38:36.347 3864 INFO rally.task.runner [-] Task 0f0400ed-8717-43f4-a6bb-dcf4ce7e8198 | ITER: 34 START
2019-12-10 08:38:36.500 3846 INFO rally.task.runner [-] Task 0f0400ed-8717-43f4-a6bb-dcf4ce7e8198 | ITER: 25 END: OK
2019-12-10 08:38:36.503 3846 INFO rally.task.runner [-] Task 0f0400ed-8717-43f4-a6bb-dcf4ce7e8198 | ITER: 35 START
2019-12-10 08:38:36.642 3853 INFO rally.task.runner [-] Task 0f0400ed-8717-43f4-a6bb-dcf4ce7e8198 | ITER: 28 END: OK
2019-12-10 08:38:36.647 3853 INFO rally.task.runner [-] Task 0f0400ed-8717-43f4-a6bb-dcf4ce7e8198 | ITER: 36 START
2019-12-10 08:38:36.661 3843 INFO rally.task.runner [-] Task 0f0400ed-8717-43f4-a6bb-dcf4ce7e8198 | ITER: 26 END: OK
2019-12-10 08:38:36.665 3843 INFO rally.task.runner [-] Task 0f0400ed-8717-43f4-a6bb-dcf4ce7e8198 | ITER: 37 START
2019-12-10 08:38:36.754 3842 INFO rally.task.runner [-] Task 0f0400ed-8717-43f4-a6bb-dcf4ce7e8198 | ITER: 27 END: OK
2019-12-10 08:38:36.756 3859 INFO rally.task.runner [-] Task 0f0400ed-8717-43f4-a6bb-dcf4ce7e8198 | ITER: 29 END: OK
2019-12-10 08:38:36.758 3842 INFO rally.task.runner [-] Task 0f0400ed-8717-43f4-a6bb-dcf4ce7e8198 | ITER: 38 START
2019-12-10 08:38:36.760 3859 INFO rally.task.runner [-] Task 0f0400ed-8717-43f4-a6bb-dcf4ce7e8198 | ITER: 39 START
2019-12-10 08:38:36.792 3867 INFO rally.task.runner [-] Task 0f0400ed-8717-43f4-a6bb-dcf4ce7e8198 | ITER: 30 END: OK
2019-12-10 08:38:36.795 3867 INFO rally.task.runner [-] Task 0f0400ed-8717-43f4-a6bb-dcf4ce7e8198 | ITER: 40 START
2019-12-10 08:38:36.853 3856 INFO rally.task.runner [-] Task 0f0400ed-8717-43f4-a6bb-dcf4ce7e8198 | ITER: 31 END: OK
2019-12-10 08:38:36.856 3856 INFO rally.task.runner [-] Task 0f0400ed-8717-43f4-a6bb-dcf4ce7e8198 | ITER: 41 START
2019-12-10 08:38:36.904 3850 INFO rally.task.runner [-] Task 0f0400ed-8717-43f4-a6bb-dcf4ce7e8198 | ITER: 32 END: OK
2019-12-10 08:38:36.907 3850 INFO rally.task.runner [-] Task 0f0400ed-8717-43f4-a6bb-dcf4ce7e8198 | ITER: 42 START
2019-12-10 08:38:36.932 3844 INFO rally.task.runner [-] Task 0f0400ed-8717-43f4-a6bb-dcf4ce7e8198 | ITER: 33 END: OK
2019-12-10 08:38:36.936 3844 INFO rally.task.runner [-] Task 0f0400ed-8717-43f4-a6bb-dcf4ce7e8198 | ITER: 43 START
2019-12-10 08:38:37.024 3864 INFO rally.task.runner [-] Task 0f0400ed-8717-43f4-a6bb-dcf4ce7e8198 | ITER: 34 END: OK
2019-12-10 08:38:37.028 3864 INFO rally.task.runner [-] Task 0f0400ed-8717-43f4-a6bb-dcf4ce7e8198 | ITER: 44 START
2019-12-10 08:38:37.091 3846 INFO rally.task.runner [-] Task 0f0400ed-8717-43f4-a6bb-dcf4ce7e8198 | ITER: 35 END: OK
2019-12-10 08:38:37.095 3846 INFO rally.task.runner [-] Task 0f0400ed-8717-43f4-a6bb-dcf4ce7e8198 | ITER: 45 START
2019-12-10 08:38:37.249 3853 INFO rally.task.runner [-] Task 0f0400ed-8717-43f4-a6bb-dcf4ce7e8198 | ITER: 36 END: OK
2019-12-10 08:38:37.253 3853 INFO rally.task.runner [-] Task 0f0400ed-8717-43f4-a6bb-dcf4ce7e8198 | ITER: 46 START
2019-12-10 08:38:37.320 3843 INFO rally.task.runner [-] Task 0f0400ed-8717-43f4-a6bb-dcf4ce7e8198 | ITER: 37 END: OK
2019-12-10 08:38:37.323 3843 INFO rally.task.runner [-] Task 0f0400ed-8717-43f4-a6bb-dcf4ce7e8198 | ITER: 47 START
2019-12-10 08:38:37.409 3859 INFO rally.task.runner [-] Task 0f0400ed-8717-43f4-a6bb-dcf4ce7e8198 | ITER: 39 END: OK
2019-12-10 08:38:37.410 3842 INFO rally.task.runner [-] Task 0f0400ed-8717-43f4-a6bb-dcf4ce7e8198 | ITER: 38 END: OK
2019-12-10 08:38:37.413 3859 INFO rally.task.runner [-] Task 0f0400ed-8717-43f4-a6bb-dcf4ce7e8198 | ITER: 48 START
2019-12-10 08:38:37.414 3842 INFO rally.task.runner [-] Task 0f0400ed-8717-43f4-a6bb-dcf4ce7e8198 | ITER: 49 START
2019-12-10 08:38:37.440 3856 INFO rally.task.runner [-] Task 0f0400ed-8717-43f4-a6bb-dcf4ce7e8198 | ITER: 41 END: OK
2019-12-10 08:38:37.444 3856 INFO rally.task.runner [-] Task 0f0400ed-8717-43f4-a6bb-dcf4ce7e8198 | ITER: 50 START
2019-12-10 08:38:37.446 3867 INFO rally.task.runner [-] Task 0f0400ed-8717-43f4-a6bb-dcf4ce7e8198 | ITER: 40 END: OK
2019-12-10 08:38:37.488 3850 INFO rally.task.runner [-] Task 0f0400ed-8717-43f4-a6bb-dcf4ce7e8198 | ITER: 42 END: OK
2019-12-10 08:38:37.520 3844 INFO rally.task.runner [-] Task 0f0400ed-8717-43f4-a6bb-dcf4ce7e8198 | ITER: 43 END: OK
2019-12-10 08:38:37.643 3864 INFO rally.task.runner [-] Task 0f0400ed-8717-43f4-a6bb-dcf4ce7e8198 | ITER: 44 END: OK
2019-12-10 08:38:37.721 3846 INFO rally.task.runner [-] Task 0f0400ed-8717-43f4-a6bb-dcf4ce7e8198 | ITER: 45 END: OK
2019-12-10 08:38:37.924 3843 INFO rally.task.runner [-] Task 0f0400ed-8717-43f4-a6bb-dcf4ce7e8198 | ITER: 47 END: OK
2019-12-10 08:38:37.999 3842 INFO rally.task.runner [-] Task 0f0400ed-8717-43f4-a6bb-dcf4ce7e8198 | ITER: 49 END: OK
2019-12-10 08:38:37.999 3859 INFO rally.task.runner [-] Task 0f0400ed-8717-43f4-a6bb-dcf4ce7e8198 | ITER: 48 END: OK
2019-12-10 08:38:38.002 3856 INFO rally.task.runner [-] Task 0f0400ed-8717-43f4-a6bb-dcf4ce7e8198 | ITER: 50 END: OK
2019-12-10 08:38:38.016 3853 INFO rally.task.runner [-] Task 0f0400ed-8717-43f4-a6bb-dcf4ce7e8198 | ITER: 46 END: OK
2019-12-10 08:38:38.043 27673 INFO rally.task.context [-] Task 0f0400ed-8717-43f4-a6bb-dcf4ce7e8198 | Context cleanup@openstack cleanup() started
2019-12-10 08:38:38.047 27673 RALLYDEBUG rally_openstack.cleanup.manager [-] Cleaning up neutron vip objects
2019-12-10 08:38:38.803 27673 RALLYDEBUG rally_openstack.cleanup.manager [-] Cleaning up neutron health_monitor objects
2019-12-10 08:38:39.549 27673 RALLYDEBUG rally_openstack.cleanup.manager [-] Cleaning up neutron pool objects
2019-12-10 08:38:40.304 27673 RALLYDEBUG rally_openstack.cleanup.manager [-] Cleaning up neutron loadbalancer objects
2019-12-10 08:38:41.052 27673 RALLYDEBUG rally_openstack.cleanup.manager [-] Cleaning up neutron floatingip objects
2019-12-10 08:38:42.123 27673 RALLYDEBUG rally_openstack.cleanup.manager [-] Cleaning up neutron trunk objects
2019-12-10 08:38:42.906 27673 RALLYDEBUG rally_openstack.cleanup.manager [-] Cleaning up neutron port objects
2019-12-10 08:38:43.712 27673 RALLYDEBUG rally_openstack.cleanup.manager [-] Cleaning up neutron subnet objects
2019-12-10 08:38:44.513 27673 RALLYDEBUG rally_openstack.cleanup.manager [-] Cleaning up neutron network objects
2019-12-10 08:38:45.567 27673 RALLYDEBUG rally_openstack.cleanup.manager [-] Cleaning up neutron router objects
2019-12-10 08:38:46.393 27673 RALLYDEBUG rally_openstack.cleanup.manager [-] Cleaning up neutron security_group objects
2019-12-10 08:38:47.683 27673 RALLYDEBUG rally_openstack.cleanup.manager [-] Deleting neutron.security_group object s_rally_8ab25901_rz9EboEF (05168c5b-3234-46ec-bb81-f65e48add1b1)
2019-12-10 08:38:47.693 27673 RALLYDEBUG rally_openstack.cleanup.manager [-] Deleting neutron.security_group object s_rally_8ab25901_ditifZFC (1b3f9eb7-359b-4e12-a348-b2b6b1f3df65)
2019-12-10 08:38:47.702 27673 RALLYDEBUG rally_openstack.cleanup.manager [-] Deleting neutron.security_group object s_rally_8ab25901_4rAGfD42 (25807be3-3531-4bd9-9ded-ce40cc80226e)
2019-12-10 08:38:47.706 27673 RALLYDEBUG rally_openstack.cleanup.manager [-] Deleting neutron.security_group object s_rally_8ab25901_liZl5usa (2d84d46b-ef48-43b3-ad1c-0f9f1afce04f)
2019-12-10 08:38:47.719 27673 RALLYDEBUG rally_openstack.cleanup.manager [-] Deleting neutron.security_group object s_rally_8ab25901_F8LzRuJ1 (2fbc7e39-11bd-4694-b2d5-ac0e25447e93)
2019-12-10 08:38:47.735 27673 RALLYDEBUG rally_openstack.cleanup.manager [-] Deleting neutron.security_group object s_rally_8ab25901_QwlLTlGL (300451fd-9673-4d2c-bae4-07427b8c9d65)
2019-12-10 08:38:47.741 27673 RALLYDEBUG rally_openstack.cleanup.manager [-] Deleting neutron.security_group object s_rally_8ab25901_JVg0RAqc (34224983-349d-4c59-be6d-e9b918b3141c)
2019-12-10 08:38:47.755 27673 RALLYDEBUG rally_openstack.cleanup.manager [-] Deleting neutron.security_group object s_rally_8ab25901_IoDRvpCh (416e7335-38d4-4384-bdec-48f912b86f78)
2019-12-10 08:38:47.776 27673 RALLYDEBUG rally_openstack.cleanup.manager [-] Deleting neutron.security_group object s_rally_8ab25901_qQwsj6nU (4debc566-e270-4c01-a55a-beb8fe41b1be)
2019-12-10 08:38:47.790 27673 RALLYDEBUG rally_openstack.cleanup.manager [-] Deleting neutron.security_group object s_rally_8ab25901_DAnnxmy7 (65126b62-2426-4c29-abcb-8b78156ac0a4)
2019-12-10 08:38:47.795 27673 RALLYDEBUG rally_openstack.cleanup.manager [-] Deleting neutron.security_group object s_rally_8ab25901_r2xxW46u (65270df3-3584-4c67-88c5-b647fe6a8605)
2019-12-10 08:38:47.806 27673 RALLYDEBUG rally_openstack.cleanup.manager [-] Deleting neutron.security_group object s_rally_8ab25901_OQYZcyQu (7274b38e-46de-4e17-95ba-86c0b833c078)
2019-12-10 08:38:47.829 27673 RALLYDEBUG rally_openstack.cleanup.manager [-] Deleting neutron.security_group object s_rally_8ab25901_bCsZrNyj (739bc5b7-2105-44e7-b207-4cbb5dfaaf7b)
2019-12-10 08:38:47.842 27673 RALLYDEBUG rally_openstack.cleanup.manager [-] Deleting neutron.security_group object s_rally_8ab25901_dyV5a6ps (958ba7ec-e69a-4870-87ab-bba810fbdf8b)
2019-12-10 08:38:47.862 27673 RALLYDEBUG rally_openstack.cleanup.manager [-] Deleting neutron.security_group object s_rally_8ab25901_PZfJ4oPY (a59ecba4-40e5-415d-8b20-600235df0e57)
2019-12-10 08:38:47.871 27673 RALLYDEBUG rally_openstack.cleanup.manager [-] Deleting neutron.security_group object s_rally_8ab25901_ZmSxBSB3 (b9eabd2e-906d-4bed-be14-e1c8b71f1d09)
2019-12-10 08:38:47.880 27673 RALLYDEBUG rally_openstack.cleanup.manager [-] Deleting neutron.security_group object s_rally_8ab25901_RcUNDMR1 (d369b4c8-5385-4403-a735-40a594c66474)
2019-12-10 08:38:47.890 27673 RALLYDEBUG rally_openstack.cleanup.manager [-] Deleting neutron.security_group object s_rally_8ab25901_BOnUhbX0 (d3be62b2-1926-4718-82dd-0df17ef291f1)
2019-12-10 08:38:47.904 27673 RALLYDEBUG rally_openstack.cleanup.manager [-] Deleting neutron.security_group object s_rally_8ab25901_T6qoNH51 (d3f4c2b6-c19c-4586-8146-18b13b110f5d)
2019-12-10 08:38:47.917 27673 RALLYDEBUG rally_openstack.cleanup.manager [-] Deleting neutron.security_group object s_rally_8ab25901_7qL3YbQs (d9506e42-90d9-4aa2-9791-d4c073786769)
2019-12-10 08:38:49.273 27673 RALLYDEBUG rally_openstack.cleanup.manager [-] Deleting neutron.security_group object s_rally_8ab25901_hhTSTBqQ (db6c7d3d-e6bd-4e03-bff6-60c3eb81908b)
2019-12-10 08:38:49.276 27673 RALLYDEBUG rally_openstack.cleanup.manager [-] Deleting neutron.security_group object s_rally_8ab25901_lo9kTgLq (de9734a1-dae0-4e28-90f0-583cbd3f4c9d)
2019-12-10 08:38:49.288 27673 RALLYDEBUG rally_openstack.cleanup.manager [-] Deleting neutron.security_group object s_rally_8ab25901_H8KS4Nnm (ed9448c1-1323-4c09-8834-41a27a9a0e72)
2019-12-10 08:38:49.342 27673 RALLYDEBUG rally_openstack.cleanup.manager [-] Deleting neutron.security_group object s_rally_8ab25901_LUe0levp (eeec6071-9d42-4559-a5a7-e5e0fa9806f6)
2019-12-10 08:38:49.354 27673 RALLYDEBUG rally_openstack.cleanup.manager [-] Deleting neutron.security_group object s_rally_8ab25901_Oq1G0vxv (f8ba65d6-e905-4802-bf34-d02f894c9aae)
2019-12-10 08:38:49.389 27673 RALLYDEBUG rally_openstack.cleanup.manager [-] Deleting neutron.security_group object s_rally_8ab25901_gmCZIDgm (04b037c5-0dfd-4674-a3b5-ff34d258b41b)
2019-12-10 08:38:49.448 27673 RALLYDEBUG rally_openstack.cleanup.manager [-] Deleting neutron.security_group object s_rally_8ab25901_WAIyES9P (11809ecd-baea-41da-936b-ab8c7ef8ca3c)
2019-12-10 08:38:49.458 27673 RALLYDEBUG rally_openstack.cleanup.manager [-] Deleting neutron.security_group object s_rally_8ab25901_zKSvmH9m (125f446c-b1c5-4053-aada-ccbb2199a6e9)
2019-12-10 08:38:49.466 27673 RALLYDEBUG rally_openstack.cleanup.manager [-] Deleting neutron.security_group object s_rally_8ab25901_HRZepvwc (14057ee0-ed06-4177-bbae-572b9a8bd9e8)
2019-12-10 08:38:49.520 27673 RALLYDEBUG rally_openstack.cleanup.manager [-] Deleting neutron.security_group object s_rally_8ab25901_nh22aLTf (19a71d33-0d5c-47f0-bec8-35b9889c8486)
2019-12-10 08:38:49.597 27673 RALLYDEBUG rally_openstack.cleanup.manager [-] Deleting neutron.security_group object s_rally_8ab25901_t8GCyIk7 (2327e0e8-1577-44b7-83ba-37000e5e5d75)
2019-12-10 08:38:49.604 27673 RALLYDEBUG rally_openstack.cleanup.manager [-] Deleting neutron.security_group object s_rally_8ab25901_B4asxhJy (285e8afc-321c-4016-82c3-7e843275b390)
2019-12-10 08:38:49.620 27673 RALLYDEBUG rally_openstack.cleanup.manager [-] Deleting neutron.security_group object s_rally_8ab25901_NyRwYH2u (2c27358c-63d2-4527-9a11-1b6e3bca0ce9)
2019-12-10 08:38:49.632 27673 RALLYDEBUG rally_openstack.cleanup.manager [-] Deleting neutron.security_group object s_rally_8ab25901_6oMcPdsQ (332bbaac-2983-4175-90ef-85465875eca0)
2019-12-10 08:38:49.697 27673 RALLYDEBUG rally_openstack.cleanup.manager [-] Deleting neutron.security_group object s_rally_8ab25901_B4Fkq9vU (4ac4a360-1890-47cd-8d96-a9ef9ddea5f1)
2019-12-10 08:38:49.733 27673 RALLYDEBUG rally_openstack.cleanup.manager [-] Deleting neutron.security_group object s_rally_8ab25901_WlCXiNtE (65e6adea-0ed5-48cc-87cf-166af1e2b11c)
2019-12-10 08:38:49.800 27673 RALLYDEBUG rally_openstack.cleanup.manager [-] Deleting neutron.security_group object s_rally_8ab25901_wumzslWb (6a797fe5-a167-438b-a386-7a1e7aa958b5)
2019-12-10 08:38:49.860 27673 RALLYDEBUG rally_openstack.cleanup.manager [-] Deleting neutron.security_group object s_rally_8ab25901_T2uR5ZWR (74e4caa8-0c5b-41a7-8e62-4aacd0f8726b)
2019-12-10 08:38:49.915 27673 RALLYDEBUG rally_openstack.cleanup.manager [-] Deleting neutron.security_group object s_rally_8ab25901_6wP4VdLx (82edd5a3-35ff-42fe-ae8a-06760e57526f)
2019-12-10 08:38:50.064 27673 RALLYDEBUG rally_openstack.cleanup.manager [-] Deleting neutron.security_group object s_rally_8ab25901_q8FWDNoP (838b6f6e-2984-4525-948c-f0843b2afc86)
2019-12-10 08:38:50.750 27673 RALLYDEBUG rally_openstack.cleanup.manager [-] Deleting neutron.security_group object s_rally_8ab25901_Nl1OgcnR (87715cb2-04cb-4869-8df0-0c7d56822c7e)
2019-12-10 08:38:50.815 27673 RALLYDEBUG rally_openstack.cleanup.manager [-] Deleting neutron.security_group object s_rally_8ab25901_cH07dUFS (89d5de6d-907e-4c90-84a3-6728d11f1460)
2019-12-10 08:38:50.827 27673 RALLYDEBUG rally_openstack.cleanup.manager [-] Deleting neutron.security_group object s_rally_8ab25901_jbhNiPI5 (8b4738ff-380e-4807-b04d-3e304f049a2b)
2019-12-10 08:38:50.895 27673 RALLYDEBUG rally_openstack.cleanup.manager [-] Deleting neutron.security_group object s_rally_8ab25901_bkJlRBUq (93236755-7aca-47be-8739-d4ba32be9dfa)
2019-12-10 08:38:50.900 27673 RALLYDEBUG rally_openstack.cleanup.manager [-] Deleting neutron.security_group object s_rally_8ab25901_1RfPyqHX (989888d8-47d9-4974-881e-d17f41932fb7)
2019-12-10 08:38:50.948 27673 RALLYDEBUG rally_openstack.cleanup.manager [-] Deleting neutron.security_group object s_rally_8ab25901_ZyRysxyc (9980a004-eb8f-42a3-b538-f582f72878b0)
2019-12-10 08:38:50.987 27673 RALLYDEBUG rally_openstack.cleanup.manager [-] Deleting neutron.security_group object s_rally_8ab25901_zGXpWvjS (ab52bf40-e67b-4f6f-9822-4317afafae29)
2019-12-10 08:38:51.011 27673 RALLYDEBUG rally_openstack.cleanup.manager [-] Deleting neutron.security_group object s_rally_8ab25901_HnQqthR6 (b09ca266-db97-4fd2-bde4-070943215bae)
2019-12-10 08:38:51.068 27673 RALLYDEBUG rally_openstack.cleanup.manager [-] Deleting neutron.security_group object s_rally_8ab25901_pU94iKd1 (d9415829-bd92-4e93-9e91-43a6a3ef93d3)
2019-12-10 08:38:51.104 27673 RALLYDEBUG rally_openstack.cleanup.manager [-] Deleting neutron.security_group object s_rally_8ab25901_IS2gTHQN (fad530e5-360e-4f9e-af88-44f3d6ca7c6f)
2019-12-10 08:38:52.602 27673 INFO rally.task.context [-] Task 0f0400ed-8717-43f4-a6bb-dcf4ce7e8198 | Context cleanup@openstack cleanup() finished in 14.56 sec
2019-12-10 08:38:52.603 27673 INFO rally.task.context [-] Task 0f0400ed-8717-43f4-a6bb-dcf4ce7e8198 | Context quotas@openstack cleanup() started
2019-12-10 08:38:52.730 27673 INFO rally.task.context [-] Task 0f0400ed-8717-43f4-a6bb-dcf4ce7e8198 | Context quotas@openstack cleanup() finished in 0.13 sec
2019-12-10 08:38:52.730 27673 INFO rally.task.context [-] Task 0f0400ed-8717-43f4-a6bb-dcf4ce7e8198 | Context users@openstack cleanup() started
2019-12-10 08:38:56.363 27673 INFO rally.task.context [-] Task 0f0400ed-8717-43f4-a6bb-dcf4ce7e8198 | Context users@openstack cleanup() finished in 3.63 sec
2019-12-10 08:38:56.885 27673 INFO rally.task.engine [-] Load duration is: 3.924388
2019-12-10 08:38:56.886 27673 INFO rally.task.engine [-] Full runner duration is: 3.972471
2019-12-10 08:38:56.886 27673 INFO rally.task.engine [-] Full duration is: 25.609571
2019-12-10 08:38:57.173 27673 INFO rally.task.engine [-] Task 0f0400ed-8717-43f4-a6bb-dcf4ce7e8198 | Completed: Running task.
2019-12-10 08:38:58.833 4182 RALLYDEBUG rally.api [-] INFO logs from urllib3 and requests module are hide.
2019-12-10 08:38:58.833 4182 RALLYDEBUG rally.api [-] urllib3 insecure warnings are hidden.
2019-12-10 08:38:58.833 4182 RALLYDEBUG rally.api [-] ERROR log from boto module is hide.
2019-12-10 08:38:59.879 4183 RALLYDEBUG rally.api [-] INFO logs from urllib3 and requests module are hide.
2019-12-10 08:38:59.880 4183 RALLYDEBUG rally.api [-] urllib3 insecure warnings are hidden.
2019-12-10 08:38:59.880 4183 RALLYDEBUG rally.api [-] ERROR log from boto module is hide.
2019-12-10 08:39:01.102 4184 RALLYDEBUG rally.api [-] INFO logs from urllib3 and requests module are hide.
2019-12-10 08:39:01.103 4184 RALLYDEBUG rally.api [-] urllib3 insecure warnings are hidden.
2019-12-10 08:39:01.103 4184 RALLYDEBUG rally.api [-] ERROR log from boto module is hide.
2019-12-10 08:39:02.731 4184 INFO rally.common.plugin.discover [-] Loading plugins from directories /root/.rally/plugins/*
2019-12-10 08:39:02.732 4184 INFO rally.common.plugin.discover [-] Loaded module with plugins: /root/.rally/plugins/__init__.py
2019-12-10 08:39:02.897 4184 INFO rally.api [-] Building 'json' report for the following task(s): '0f0400ed-8717-43f4-a6bb-dcf4ce7e8198'.
2019-12-10 08:39:03.080 4184 INFO rally.api [-] The report has been successfully built.
2019-12-10 08:39:04.572 4186 RALLYDEBUG rally.api [-] INFO logs from urllib3 and requests module are hide.
2019-12-10 08:39:04.572 4186 RALLYDEBUG rally.api [-] urllib3 insecure warnings are hidden.
2019-12-10 08:39:04.572 4186 RALLYDEBUG rally.api [-] ERROR log from boto module is hide.
2019-12-10 08:39:06.176 4186 INFO rally.common.plugin.discover [-] Loading plugins from directories /root/.rally/plugins/*
2019-12-10 08:39:06.176 4186 INFO rally.common.plugin.discover [-] Loaded module with plugins: /root/.rally/plugins/__init__.py
2019-12-10 08:39:06.348 4186 INFO rally.api [-] Building 'html' report for the following task(s): '0f0400ed-8717-43f4-a6bb-dcf4ce7e8198'.
2019-12-10 08:39:06.531 4186 INFO rally.api [-] The report has been successfully built.
2019-12-10 08:39:07.853 4188 RALLYDEBUG rally.api [-] INFO logs from urllib3 and requests module are hide.
2019-12-10 08:39:07.854 4188 RALLYDEBUG rally.api [-] urllib3 insecure warnings are hidden.
2019-12-10 08:39:07.854 4188 RALLYDEBUG rally.api [-] ERROR log from boto module is hide.
2019-12-10 08:39:09.435 4188 INFO rally.common.plugin.discover [-] Loading plugins from directories /root/.rally/plugins/*
2019-12-10 08:39:09.435 4188 INFO rally.common.plugin.discover [-] Loaded module with plugins: /root/.rally/plugins/__init__.py
2019-12-10 08:39:09.607 4188 INFO rally.api [-] Building 'junit-xml' report for the following task(s): '0f0400ed-8717-43f4-a6bb-dcf4ce7e8198'.
2019-12-10 08:39:09.612 4188 INFO rally.api [-] The report has been successfully built.