2019-12-10 08:30:36.075 32183 INFO rally.task.runner [-] Task 0f0400ed-8717-43f4-a6bb-dcf4ce7e8198 | ITER: 19 END: OK
2019-12-10 08:30:36.079 32183 INFO rally.task.runner [-] Task 0f0400ed-8717-43f4-a6bb-dcf4ce7e8198 | ITER: 37 START
2019-12-10 08:30:36.080 32183 WARNING rally_openstack.scenarios.neutron.utils [-] Running this scenario without either the 'network' or 'existing_network' context is deprecated
2019-12-10 08:30:36.826 32178 INFO rally.task.runner [-] Task 0f0400ed-8717-43f4-a6bb-dcf4ce7e8198 | ITER: 17 END: OK
2019-12-10 08:30:36.829 32178 INFO rally.task.runner [-] Task 0f0400ed-8717-43f4-a6bb-dcf4ce7e8198 | ITER: 38 START
2019-12-10 08:30:36.830 32178 WARNING rally_openstack.scenarios.neutron.utils [-] Running this scenario without either the 'network' or 'existing_network' context is deprecated
2019-12-10 08:30:36.910 32184 INFO rally.task.runner [-] Task 0f0400ed-8717-43f4-a6bb-dcf4ce7e8198 | ITER: 20 END: OK
2019-12-10 08:30:36.914 32184 INFO rally.task.runner [-] Task 0f0400ed-8717-43f4-a6bb-dcf4ce7e8198 | ITER: 39 START
2019-12-10 08:30:36.915 32184 WARNING rally_openstack.scenarios.neutron.utils [-] Running this scenario without either the 'network' or 'existing_network' context is deprecated
2019-12-10 08:30:37.821 32169 INFO rally.task.runner [-] Task 0f0400ed-8717-43f4-a6bb-dcf4ce7e8198 | ITER: 14 END: OK
2019-12-10 08:30:37.825 32169 INFO rally.task.runner [-] Task 0f0400ed-8717-43f4-a6bb-dcf4ce7e8198 | ITER: 40 START
2019-12-10 08:30:37.826 32169 WARNING rally_openstack.scenarios.neutron.utils [-] Running this scenario without either the 'network' or 'existing_network' context is deprecated
2019-12-10 08:30:41.341 32139 INFO rally.task.runner [-] Task 0f0400ed-8717-43f4-a6bb-dcf4ce7e8198 | ITER: 25 END: OK
2019-12-10 08:30:42.937 32141 INFO rally.task.runner [-] Task 0f0400ed-8717-43f4-a6bb-dcf4ce7e8198 | ITER: 22 END: OK
2019-12-10 08:30:42.977 32174 INFO rally.task.runner [-] Task 0f0400ed-8717-43f4-a6bb-dcf4ce7e8198 | ITER: 28 END: OK
2019-12-10 08:30:43.251 32139 INFO rally.task.runner [-] Task 0f0400ed-8717-43f4-a6bb-dcf4ce7e8198 | ITER: 23 END: OK
2019-12-10 08:30:43.547 32158 INFO rally.task.runner [-] Task 0f0400ed-8717-43f4-a6bb-dcf4ce7e8198 | ITER: 32 END: OK
2019-12-10 08:30:43.769 32141 INFO rally.task.runner [-] Task 0f0400ed-8717-43f4-a6bb-dcf4ce7e8198 | ITER: 21 END: OK
2019-12-10 08:30:43.796 32180 INFO rally.task.runner [-] Task 0f0400ed-8717-43f4-a6bb-dcf4ce7e8198 | ITER: 30 END: OK
2019-12-10 08:30:43.969 32165 INFO rally.task.runner [-] Task 0f0400ed-8717-43f4-a6bb-dcf4ce7e8198 | ITER: 27 END: OK
2019-12-10 08:30:44.075 32148 INFO rally.task.runner [-] Task 0f0400ed-8717-43f4-a6bb-dcf4ce7e8198 | ITER: 24 END: OK
2019-12-10 08:30:44.174 32184 INFO rally.task.runner [-] Task 0f0400ed-8717-43f4-a6bb-dcf4ce7e8198 | ITER: 39 END: OK
2019-12-10 08:30:44.342 32140 INFO rally.task.runner [-] Task 0f0400ed-8717-43f4-a6bb-dcf4ce7e8198 | ITER: 29 END: OK
2019-12-10 08:30:44.416 32144 INFO rally.task.runner [-] Task 0f0400ed-8717-43f4-a6bb-dcf4ce7e8198 | ITER: 35 END: OK
2019-12-10 08:30:44.425 32162 INFO rally.task.runner [-] Task 0f0400ed-8717-43f4-a6bb-dcf4ce7e8198 | ITER: 26 END: OK
2019-12-10 08:30:44.514 32144 INFO rally.task.runner [-] Task 0f0400ed-8717-43f4-a6bb-dcf4ce7e8198 | ITER: 34 END: OK
2019-12-10 08:30:44.551 32171 INFO rally.task.runner [-] Task 0f0400ed-8717-43f4-a6bb-dcf4ce7e8198 | ITER: 36 END: OK
2019-12-10 08:30:44.850 32178 INFO rally.task.runner [-] Task 0f0400ed-8717-43f4-a6bb-dcf4ce7e8198 | ITER: 38 END: OK
2019-12-10 08:30:45.129 32140 INFO rally.task.runner [-] Task 0f0400ed-8717-43f4-a6bb-dcf4ce7e8198 | ITER: 31 END: OK
2019-12-10 08:30:45.374 32169 INFO rally.task.runner [-] Task 0f0400ed-8717-43f4-a6bb-dcf4ce7e8198 | ITER: 40 END: OK
2019-12-10 08:30:45.456 32152 INFO rally.task.runner [-] Task 0f0400ed-8717-43f4-a6bb-dcf4ce7e8198 | ITER: 33 END: OK
2019-12-10 08:30:45.835 32183 INFO rally.task.runner [-] Task 0f0400ed-8717-43f4-a6bb-dcf4ce7e8198 | ITER: 37 END: OK
2019-12-10 08:30:45.867 27673 INFO rally.task.context [-] Task 0f0400ed-8717-43f4-a6bb-dcf4ce7e8198 | Context cleanup@openstack cleanup() started
2019-12-10 08:30:45.870 27673 RALLYDEBUG rally_openstack.cleanup.manager [-] Cleaning up neutron vip objects
2019-12-10 08:30:46.239 27673 RALLYDEBUG rally_openstack.cleanup.manager [-] Cleaning up neutron health_monitor objects
2019-12-10 08:30:46.604 27673 RALLYDEBUG rally_openstack.cleanup.manager [-] Cleaning up neutron pool objects
2019-12-10 08:30:46.975 27673 RALLYDEBUG rally_openstack.cleanup.manager [-] Cleaning up neutron loadbalancer objects
2019-12-10 08:30:47.341 27673 RALLYDEBUG rally_openstack.cleanup.manager [-] Cleaning up neutron floatingip objects
2019-12-10 08:30:47.751 27673 RALLYDEBUG rally_openstack.cleanup.manager [-] Cleaning up neutron trunk objects
2019-12-10 08:30:48.142 27673 RALLYDEBUG rally_openstack.cleanup.manager [-] Cleaning up neutron port objects
2019-12-10 08:30:48.558 27673 RALLYDEBUG rally_openstack.cleanup.manager [-] Cleaning up neutron subnet objects
2019-12-10 08:30:48.980 27673 RALLYDEBUG rally_openstack.cleanup.manager [-] Cleaning up neutron network objects
2019-12-10 08:30:49.578 27673 RALLYDEBUG rally_openstack.cleanup.manager [-] Deleting neutron.network object s_rally_3f991d99_jh4uW3zc (0221c031-df40-45c7-9daf-9815e5a5d7ce)
2019-12-10 08:30:49.588 27673 RALLYDEBUG rally_openstack.cleanup.manager [-] Deleting neutron.network object s_rally_3f991d99_0TId363R (0258024a-7be1-4d4c-b1f0-a67e5bfdca47)
2019-12-10 08:30:49.596 27673 RALLYDEBUG rally_openstack.cleanup.manager [-] Deleting neutron.network object s_rally_3f991d99_sh5WesOs (04f1186c-9296-460d-b689-adc7ef6a554c)
2019-12-10 08:30:49.605 27673 RALLYDEBUG rally_openstack.cleanup.manager [-] Deleting neutron.network object s_rally_3f991d99_bBcC9oIW (1011559f-9fec-466d-9e31-ac755eb46598)
2019-12-10 08:30:49.611 27673 RALLYDEBUG rally_openstack.cleanup.manager [-] Deleting neutron.network object s_rally_3f991d99_lIYtl78C (2642011f-3d6e-4745-865f-f03ed6f9fbe2)
2019-12-10 08:30:49.622 27673 RALLYDEBUG rally_openstack.cleanup.manager [-] Deleting neutron.network object s_rally_3f991d99_pj4u2Aqt (265572d6-4be2-4d92-a132-b1f12c6e0f78)
2019-12-10 08:30:49.627 27673 RALLYDEBUG rally_openstack.cleanup.manager [-] Deleting neutron.network object s_rally_3f991d99_4Du05ZgN (28025b01-8f12-41df-98df-4deee73f5bc6)
2019-12-10 08:30:49.636 27673 RALLYDEBUG rally_openstack.cleanup.manager [-] Deleting neutron.network object s_rally_3f991d99_CDT0gxFv (2c4c7fcb-028d-4235-99a6-124014552f85)
2019-12-10 08:30:49.642 27673 RALLYDEBUG rally_openstack.cleanup.manager [-] Deleting neutron.network object s_rally_3f991d99_JEV4CwVU (352e662c-4ef4-4417-94ce-fa7960ec5cb1)
2019-12-10 08:30:49.666 27673 RALLYDEBUG rally_openstack.cleanup.manager [-] Deleting neutron.network object s_rally_3f991d99_py7hsvRG (4080a04b-a46c-4e43-a183-d70cfe8191ad)
2019-12-10 08:30:49.672 27673 RALLYDEBUG rally_openstack.cleanup.manager [-] Deleting neutron.network object s_rally_3f991d99_CQdVc6TJ (455a2132-ed19-42f4-8eb8-21826db79318)
2019-12-10 08:30:49.682 27673 RALLYDEBUG rally_openstack.cleanup.manager [-] Deleting neutron.network object s_rally_3f991d99_mTaEaHZF (459127e4-bbaa-4807-ada6-bddbd8c65053)
2019-12-10 08:30:49.697 27673 RALLYDEBUG rally_openstack.cleanup.manager [-] Deleting neutron.network object s_rally_3f991d99_V7oUJ1Iv (48f3076e-a488-496d-94cc-0c6941790c2d)
2019-12-10 08:30:49.720 27673 RALLYDEBUG rally_openstack.cleanup.manager [-] Deleting neutron.network object s_rally_3f991d99_YPnyK27i (4993c869-bade-4a65-9e11-2d67958d790b)
2019-12-10 08:30:49.745 27673 RALLYDEBUG rally_openstack.cleanup.manager [-] Deleting neutron.network object s_rally_3f991d99_uDz1nswt (5325b85d-858a-4e1d-8580-2e7f711dcea0)
2019-12-10 08:30:49.768 27673 RALLYDEBUG rally_openstack.cleanup.manager [-] Deleting neutron.network object s_rally_3f991d99_9GuoJYPX (58700288-c280-434d-adb3-bcdf45c854b4)
2019-12-10 08:30:49.778 27673 RALLYDEBUG rally_openstack.cleanup.manager [-] Deleting neutron.network object s_rally_3f991d99_AnA9jRpO (6abe5c61-97cc-4c5d-8877-21c19c74289c)
2019-12-10 08:30:49.791 27673 RALLYDEBUG rally_openstack.cleanup.manager [-] Deleting neutron.network object s_rally_3f991d99_QcQnmwzm (77475a20-90c3-4e0e-8d10-d4dd3ee4ea4e)
2019-12-10 08:30:49.796 27673 RALLYDEBUG rally_openstack.cleanup.manager [-] Deleting neutron.network object s_rally_3f991d99_Z3tzNgAx (793cb716-f0d2-4936-a2cf-2cfd2191aa50)
2019-12-10 08:30:49.815 27673 RALLYDEBUG rally_openstack.cleanup.manager [-] Deleting neutron.network object s_rally_3f991d99_E03eRutC (81e03090-34e1-448c-b2f2-06830b95480c)
2019-12-10 08:30:51.768 27673 RALLYDEBUG rally_openstack.cleanup.manager [-] Deleting neutron.network object s_rally_3f991d99_GqxowHNP (8e5a5f7b-ddae-410e-8ccf-d58adfe4e70a)
2019-12-10 08:30:51.777 27673 RALLYDEBUG rally_openstack.cleanup.manager [-] Deleting neutron.network object s_rally_3f991d99_OGRMyBkE (9a858d0a-2e19-4a83-9f91-bb713cb9fb1a)
2019-12-10 08:30:51.799 27673 RALLYDEBUG rally_openstack.cleanup.manager [-] Deleting neutron.network object s_rally_3f991d99_RV3dKlof (9b928cac-1167-4ade-8158-5c3fdeca5cdd)
2019-12-10 08:30:51.841 27673 RALLYDEBUG rally_openstack.cleanup.manager [-] Deleting neutron.network object s_rally_3f991d99_8h0dK93Y (a1a28252-1030-4020-ab8e-903568e80e5c)
2019-12-10 08:30:52.114 27673 RALLYDEBUG rally_openstack.cleanup.manager [-] Deleting neutron.network object s_rally_3f991d99_9tmgl5fF (a904c20e-e1e1-4a12-aa62-335c8582b91a)
2019-12-10 08:30:52.304 27673 RALLYDEBUG rally_openstack.cleanup.manager [-] Deleting neutron.network object s_rally_3f991d99_qdVHkKxk (afaf7e0f-976f-4cf0-8e20-f6c7125135bb)
2019-12-10 08:30:52.437 27673 RALLYDEBUG rally_openstack.cleanup.manager [-] Deleting neutron.network object s_rally_3f991d99_dATEuQP1 (b3b02d02-2666-4714-b28f-24d29baadfdc)
2019-12-10 08:30:52.492 27673 RALLYDEBUG rally_openstack.cleanup.manager [-] Deleting neutron.network object s_rally_3f991d99_EEs8cYvF (bd9e499f-3aa7-4675-b05c-404a96e2f8ca)
2019-12-10 08:30:52.525 27673 RALLYDEBUG rally_openstack.cleanup.manager [-] Deleting neutron.network object s_rally_3f991d99_6NamcknP (bdbbe8ca-3829-4782-91eb-3290306bf298)
2019-12-10 08:30:52.535 27673 RALLYDEBUG rally_openstack.cleanup.manager [-] Deleting neutron.network object s_rally_3f991d99_OBHvj3vm (be25aa88-2d60-4ebc-bfe7-e8c46824b1bf)
2019-12-10 08:30:52.624 27673 RALLYDEBUG rally_openstack.cleanup.manager [-] Deleting neutron.network object s_rally_3f991d99_JNXZ0Qap (c5fff305-5fff-4c24-b4aa-74f89036b40a)
2019-12-10 08:30:52.684 27673 RALLYDEBUG rally_openstack.cleanup.manager [-] Deleting neutron.network object s_rally_3f991d99_Z2zdzmGo (cfcffe5a-a701-4cf5-b930-b585701c4300)
2019-12-10 08:30:52.694 27673 RALLYDEBUG rally_openstack.cleanup.manager [-] Deleting neutron.network object s_rally_3f991d99_edhKuA3W (d610169c-690f-4e08-94fd-24bb41bbe7ce)
2019-12-10 08:30:52.702 27673 RALLYDEBUG rally_openstack.cleanup.manager [-] Deleting neutron.network object s_rally_3f991d99_6gl39ykS (da1939d1-69cd-4b69-8201-611619598ce8)
2019-12-10 08:30:52.762 27673 RALLYDEBUG rally_openstack.cleanup.manager [-] Deleting neutron.network object s_rally_3f991d99_tT9Nkw2q (e4dbe41d-0595-439f-8ce4-99f5fa9cc2c6)
2019-12-10 08:30:52.766 27673 RALLYDEBUG rally_openstack.cleanup.manager [-] Deleting neutron.network object s_rally_3f991d99_pMSV82lX (e78900ff-e166-4676-9eeb-a2ff2cd49578)
2019-12-10 08:30:52.862 27673 RALLYDEBUG rally_openstack.cleanup.manager [-] Deleting neutron.network object s_rally_3f991d99_VieBNzzB (e9f73e58-1653-40ef-9e9b-bf125b4d8f1e)
2019-12-10 08:30:52.932 27673 RALLYDEBUG rally_openstack.cleanup.manager [-] Deleting neutron.network object s_rally_3f991d99_R9BNCKl1 (eaa19b2d-7355-427c-a7c9-a16136a972d8)
2019-12-10 08:30:52.962 27673 RALLYDEBUG rally_openstack.cleanup.manager [-] Deleting neutron.network object s_rally_3f991d99_nf8GxtHW (ee992c97-9c18-4095-8b39-7f63e75b1442)
2019-12-10 08:30:53.131 27673 RALLYDEBUG rally_openstack.cleanup.manager [-] Deleting neutron.network object s_rally_3f991d99_rOAY5HXF (f72e4ec3-09a0-4e03-80c9-b6fb854f5977)
2019-12-10 08:30:55.685 27673 RALLYDEBUG rally_openstack.cleanup.manager [-] Cleaning up neutron router objects
2019-12-10 08:30:56.119 27673 RALLYDEBUG rally_openstack.cleanup.manager [-] Cleaning up neutron security_group objects
2019-12-10 08:30:56.577 27673 INFO rally.task.context [-] Task 0f0400ed-8717-43f4-a6bb-dcf4ce7e8198 | Context cleanup@openstack cleanup() finished in 10.71 sec
2019-12-10 08:30:56.577 27673 INFO rally.task.context [-] Task 0f0400ed-8717-43f4-a6bb-dcf4ce7e8198 | Context quotas@openstack cleanup() started
2019-12-10 08:30:56.668 27673 INFO rally.task.context [-] Task 0f0400ed-8717-43f4-a6bb-dcf4ce7e8198 | Context quotas@openstack cleanup() finished in 90.74 msec
2019-12-10 08:30:56.669 27673 INFO rally.task.context [-] Task 0f0400ed-8717-43f4-a6bb-dcf4ce7e8198 | Context users@openstack cleanup() started
2019-12-10 08:30:59.422 27673 INFO rally.task.context [-] Task 0f0400ed-8717-43f4-a6bb-dcf4ce7e8198 | Context users@openstack cleanup() finished in 2.75 sec
2019-12-10 08:31:00.034 27673 INFO rally.task.engine [-] Load duration is: 21.022231
2019-12-10 08:31:00.034 27673 INFO rally.task.engine [-] Full runner duration is: 21.075037
2019-12-10 08:31:00.035 27673 INFO rally.task.engine [-] Full duration is: 37.559578
2019-12-10 08:31:00.417 27673 INFO rally.task.engine [-] Running workload: position = 0 config = { "version": 2, "title": "A cropped version of a bigger task.", "description": "Auto-generated task from a single workload (uuid=0551e471-11df-4692-8380-1586ade114d9)", "subtasks": [ { "title": "Quotas.neutron_update", "description": "Update quotas for neutron.", "scenario": { "Quotas.neutron_update": { "max_quota": 1024 } }, "contexts": { "users": { "tenants": 20, "users_per_tenant": 1 } }, "runner": { "constant": { "times": 40, "concurrency": 20 } }, "hooks": [], "sla": { "failure_rate": { "max": 0 } } } ] }
2019-12-10 08:31:00.440 27673 RALLYDEBUG rally_openstack.contexts.keystone.users [-] Creating 20 tenants using 20 threads
2019-12-10 08:31:02.469 27673 RALLYDEBUG rally_openstack.contexts.keystone.users [-] Creating 20 users using 20 threads
2019-12-10 08:31:05.445 27673 INFO rally.task.context [-] Task 0f0400ed-8717-43f4-a6bb-dcf4ce7e8198 | Context users@openstack setup() finished in 5.01 sec
2019-12-10 08:31:05.446 27673 INFO rally.task.context [-] Task 0f0400ed-8717-43f4-a6bb-dcf4ce7e8198 | Context admin_cleanup@openstack setup() finished in 0.01 msec
2019-12-10 08:31:05.455 27673 RALLYDEBUG rally.task.runner [-] Starting the constant runner (task UUID: 0f0400ed-8717-43f4-a6bb-dcf4ce7e8198). times: 40 concurrency: 20 timeout: 0 max_cpu_used: 16 processes_to_start: 16 concurrency_per_worker: 1 concurrency_overhead: 4
2019-12-10 08:31:05.466 32529 RALLYDEBUG rally.task.runner [-] Starting a worker. times: 40 duration: None concurrency: 2 timeout: 0 cls: method_name: run args: {"max_quota": 1024}
2019-12-10 08:31:05.470 32530 RALLYDEBUG rally.task.runner [-] Starting a worker. times: 40 duration: None concurrency: 2 timeout: 0 cls: method_name: run args: {"max_quota": 1024}
2019-12-10 08:31:05.473 32531 RALLYDEBUG rally.task.runner [-] Starting a worker. times: 40 duration: None concurrency: 2 timeout: 0 cls: method_name: run args: {"max_quota": 1024}
2019-12-10 08:31:05.477 32532 RALLYDEBUG rally.task.runner [-] Starting a worker. times: 40 duration: None concurrency: 2 timeout: 0 cls: method_name: run args: {"max_quota": 1024}
2019-12-10 08:31:05.481 32534 RALLYDEBUG rally.task.runner [-] Starting a worker. times: 40 duration: None concurrency: 1 timeout: 0 cls: method_name: run args: {"max_quota": 1024}
2019-12-10 08:31:05.482 32529 INFO rally.task.runner [-] Task 0f0400ed-8717-43f4-a6bb-dcf4ce7e8198 | ITER: 4 START
2019-12-10 08:31:05.485 32530 INFO rally.task.runner [-] Task 0f0400ed-8717-43f4-a6bb-dcf4ce7e8198 | ITER: 6 START
2019-12-10 08:31:05.485 32536 RALLYDEBUG rally.task.runner [-] Starting a worker. times: 40 duration: None concurrency: 1 timeout: 0 cls: method_name: run args: {"max_quota": 1024}
2019-12-10 08:31:05.488 32531 INFO rally.task.runner [-] Task 0f0400ed-8717-43f4-a6bb-dcf4ce7e8198 | ITER: 3 START
2019-12-10 08:31:05.489 32543 RALLYDEBUG rally.task.runner [-] Starting a worker. times: 40 duration: None concurrency: 1 timeout: 0 cls: method_name: run args: {"max_quota": 1024}
2019-12-10 08:31:05.490 32532 INFO rally.task.runner [-] Task 0f0400ed-8717-43f4-a6bb-dcf4ce7e8198 | ITER: 5 START
2019-12-10 08:31:05.491 32534 INFO rally.task.runner [-] Task 0f0400ed-8717-43f4-a6bb-dcf4ce7e8198 | ITER: 8 START
2019-12-10 08:31:05.495 32536 INFO rally.task.runner [-] Task 0f0400ed-8717-43f4-a6bb-dcf4ce7e8198 | ITER: 10 START
2019-12-10 08:31:05.495 32546 RALLYDEBUG rally.task.runner [-] Starting a worker. times: 40 duration: None concurrency: 1 timeout: 0 cls: method_name: run args: {"max_quota": 1024}
2019-12-10 08:31:05.496 32551 RALLYDEBUG rally.task.runner [-] Starting a worker. times: 40 duration: None concurrency: 1 timeout: 0 cls: method_name: run args: {"max_quota": 1024}
2019-12-10 08:31:05.483 32529 INFO rally.task.runner [-] Task 0f0400ed-8717-43f4-a6bb-dcf4ce7e8198 | ITER: 1 START
2019-12-10 08:31:05.486 32530 INFO rally.task.runner [-] Task 0f0400ed-8717-43f4-a6bb-dcf4ce7e8198 | ITER: 2 START
2019-12-10 08:31:05.491 32532 INFO rally.task.runner [-] Task 0f0400ed-8717-43f4-a6bb-dcf4ce7e8198 | ITER: 9 START
2019-12-10 08:31:05.501 32543 INFO rally.task.runner [-] Task 0f0400ed-8717-43f4-a6bb-dcf4ce7e8198 | ITER: 11 START
2019-12-10 08:31:05.496 32531 INFO rally.task.runner [-] Task 0f0400ed-8717-43f4-a6bb-dcf4ce7e8198 | ITER: 7 START
2019-12-10 08:31:05.504 32554 RALLYDEBUG rally.task.runner [-] Starting a worker. times: 40 duration: None concurrency: 1 timeout: 0 cls: method_name: run args: {"max_quota": 1024}
2019-12-10 08:31:05.506 32551 INFO rally.task.runner [-] Task 0f0400ed-8717-43f4-a6bb-dcf4ce7e8198 | ITER: 13 START
2019-12-10 08:31:05.508 32546 INFO rally.task.runner [-] Task 0f0400ed-8717-43f4-a6bb-dcf4ce7e8198 | ITER: 12 START
2019-12-10 08:31:05.514 32561 RALLYDEBUG rally.task.runner [-] Starting a worker. times: 40 duration: None concurrency: 1 timeout: 0 cls: method_name: run args: {"max_quota": 1024}
2019-12-10 08:31:05.516 32554 INFO rally.task.runner [-] Task 0f0400ed-8717-43f4-a6bb-dcf4ce7e8198 | ITER: 14 START
2019-12-10 08:31:05.522 32562 RALLYDEBUG rally.task.runner [-] Starting a worker. times: 40 duration: None concurrency: 1 timeout: 0 cls: method_name: run args: {"max_quota": 1024}
2019-12-10 08:31:05.525 32561 INFO rally.task.runner [-] Task 0f0400ed-8717-43f4-a6bb-dcf4ce7e8198 | ITER: 15 START
2019-12-10 08:31:05.525 32565 RALLYDEBUG rally.task.runner [-] Starting a worker. times: 40 duration: None concurrency: 1 timeout: 0 cls: method_name: run args: {"max_quota": 1024}
2019-12-10 08:31:05.530 32568 RALLYDEBUG rally.task.runner [-] Starting a worker. times: 40 duration: None concurrency: 1 timeout: 0 cls: method_name: run args: {"max_quota": 1024}
2019-12-10 08:31:05.532 32562 INFO rally.task.runner [-] Task 0f0400ed-8717-43f4-a6bb-dcf4ce7e8198 | ITER: 16 START
2019-12-10 08:31:05.533 32569 RALLYDEBUG rally.task.runner [-] Starting a worker. times: 40 duration: None concurrency: 1 timeout: 0 cls: method_name: run args: {"max_quota": 1024}
2019-12-10 08:31:05.536 32565 INFO rally.task.runner [-] Task 0f0400ed-8717-43f4-a6bb-dcf4ce7e8198 | ITER: 17 START
2019-12-10 08:31:05.538 32572 RALLYDEBUG rally.task.runner [-] Starting a worker. times: 40 duration: None concurrency: 1 timeout: 0 cls: method_name: run args: {"max_quota": 1024}
2019-12-10 08:31:05.539 32568 INFO rally.task.runner [-] Task 0f0400ed-8717-43f4-a6bb-dcf4ce7e8198 | ITER: 18 START
2019-12-10 08:31:05.540 32569 INFO rally.task.runner [-] Task 0f0400ed-8717-43f4-a6bb-dcf4ce7e8198 | ITER: 19 START
2019-12-10 08:31:05.546 32572 INFO rally.task.runner [-] Task 0f0400ed-8717-43f4-a6bb-dcf4ce7e8198 | ITER: 20 START
2019-12-10 08:31:06.008 32543 INFO rally.task.runner [-] Task 0f0400ed-8717-43f4-a6bb-dcf4ce7e8198 | ITER: 11 END: OK
2019-12-10 08:31:06.015 32543 INFO rally.task.runner [-] Task 0f0400ed-8717-43f4-a6bb-dcf4ce7e8198 | ITER: 21 START
2019-12-10 08:31:06.022 32534 INFO rally.task.runner [-] Task 0f0400ed-8717-43f4-a6bb-dcf4ce7e8198 | ITER: 8 END: OK
2019-12-10 08:31:06.028 32534 INFO rally.task.runner [-] Task 0f0400ed-8717-43f4-a6bb-dcf4ce7e8198 | ITER: 22 START
2019-12-10 08:31:06.041 32536 INFO rally.task.runner [-] Task 0f0400ed-8717-43f4-a6bb-dcf4ce7e8198 | ITER: 10 END: OK
2019-12-10 08:31:06.048 32536 INFO rally.task.runner [-] Task 0f0400ed-8717-43f4-a6bb-dcf4ce7e8198 | ITER: 23 START
2019-12-10 08:31:06.050 32532 INFO rally.task.runner [-] Task 0f0400ed-8717-43f4-a6bb-dcf4ce7e8198 | ITER: 5 END: OK
2019-12-10 08:31:06.053 32530 INFO rally.task.runner [-] Task 0f0400ed-8717-43f4-a6bb-dcf4ce7e8198 | ITER: 2 END: OK
2019-12-10 08:31:06.057 32532 INFO rally.task.runner [-] Task 0f0400ed-8717-43f4-a6bb-dcf4ce7e8198 | ITER: 24 START
2019-12-10 08:31:06.059 32530 INFO rally.task.runner [-] Task 0f0400ed-8717-43f4-a6bb-dcf4ce7e8198 | ITER: 25 START
2019-12-10 08:31:06.073 32532 INFO rally.task.runner [-] Task 0f0400ed-8717-43f4-a6bb-dcf4ce7e8198 | ITER: 9 END: OK
2019-12-10 08:31:06.077 32529 INFO rally.task.runner [-] Task 0f0400ed-8717-43f4-a6bb-dcf4ce7e8198 | ITER: 4 END: OK
2019-12-10 08:31:06.078 32532 INFO rally.task.runner [-] Task 0f0400ed-8717-43f4-a6bb-dcf4ce7e8198 | ITER: 26 START
2019-12-10 08:31:06.084 32529 INFO rally.task.runner [-] Task 0f0400ed-8717-43f4-a6bb-dcf4ce7e8198 | ITER: 27 START
2019-12-10 08:31:06.090 32530 INFO rally.task.runner [-] Task 0f0400ed-8717-43f4-a6bb-dcf4ce7e8198 | ITER: 6 END: OK
2019-12-10 08:31:06.090 32554 INFO rally.task.runner [-] Task 0f0400ed-8717-43f4-a6bb-dcf4ce7e8198 | ITER: 14 END: OK
2019-12-10 08:31:06.092 32531 INFO rally.task.runner [-] Task 0f0400ed-8717-43f4-a6bb-dcf4ce7e8198 | ITER: 7 END: OK
2019-12-10 08:31:06.095 32530 INFO rally.task.runner [-] Task 0f0400ed-8717-43f4-a6bb-dcf4ce7e8198 | ITER: 28 START
2019-12-10 08:31:06.096 32554 INFO rally.task.runner [-] Task 0f0400ed-8717-43f4-a6bb-dcf4ce7e8198 | ITER: 29 START
2019-12-10 08:31:06.099 32531 INFO rally.task.runner [-] Task 0f0400ed-8717-43f4-a6bb-dcf4ce7e8198 | ITER: 30 START
2019-12-10 08:31:06.164 32531 INFO rally.task.runner [-] Task 0f0400ed-8717-43f4-a6bb-dcf4ce7e8198 | ITER: 3 END: OK
2019-12-10 08:31:06.170 32531 INFO rally.task.runner [-] Task 0f0400ed-8717-43f4-a6bb-dcf4ce7e8198 | ITER: 31 START
2019-12-10 08:31:06.178 32529 INFO rally.task.runner [-] Task 0f0400ed-8717-43f4-a6bb-dcf4ce7e8198 | ITER: 1 END: OK
2019-12-10 08:31:06.184 32529 INFO rally.task.runner [-] Task 0f0400ed-8717-43f4-a6bb-dcf4ce7e8198 | ITER: 32 START
2019-12-10 08:31:06.259 32546 INFO rally.task.runner [-] Task 0f0400ed-8717-43f4-a6bb-dcf4ce7e8198 | ITER: 12 END: OK
2019-12-10 08:31:06.266 32546 INFO rally.task.runner [-] Task 0f0400ed-8717-43f4-a6bb-dcf4ce7e8198 | ITER: 33 START
2019-12-10 08:31:06.273 32561 INFO rally.task.runner [-] Task 0f0400ed-8717-43f4-a6bb-dcf4ce7e8198 | ITER: 15 END: OK
2019-12-10 08:31:06.280 32561 INFO rally.task.runner [-] Task 0f0400ed-8717-43f4-a6bb-dcf4ce7e8198 | ITER: 34 START
2019-12-10 08:31:06.321 32572 INFO rally.task.runner [-] Task 0f0400ed-8717-43f4-a6bb-dcf4ce7e8198 | ITER: 20 END: OK
2019-12-10 08:31:06.328 32572 INFO rally.task.runner [-] Task 0f0400ed-8717-43f4-a6bb-dcf4ce7e8198 | ITER: 35 START
2019-12-10 08:31:06.335 32562 INFO rally.task.runner [-] Task 0f0400ed-8717-43f4-a6bb-dcf4ce7e8198 | ITER: 16 END: OK
2019-12-10 08:31:06.342 32562 INFO rally.task.runner [-] Task 0f0400ed-8717-43f4-a6bb-dcf4ce7e8198 | ITER: 36 START
2019-12-10 08:31:06.359 32569 INFO rally.task.runner [-] Task 0f0400ed-8717-43f4-a6bb-dcf4ce7e8198 | ITER: 19 END: OK
2019-12-10 08:31:06.366 32569 INFO rally.task.runner [-] Task 0f0400ed-8717-43f4-a6bb-dcf4ce7e8198 | ITER: 37 START
2019-12-10 08:31:06.440 32551 INFO rally.task.runner [-] Task 0f0400ed-8717-43f4-a6bb-dcf4ce7e8198 | ITER: 13 END: OK
2019-12-10 08:31:06.446 32551 INFO rally.task.runner [-] Task 0f0400ed-8717-43f4-a6bb-dcf4ce7e8198 | ITER: 38 START
2019-12-10 08:31:06.490 32565 INFO rally.task.runner [-] Task 0f0400ed-8717-43f4-a6bb-dcf4ce7e8198 | ITER: 17 END: OK
2019-12-10 08:31:06.498 32565 INFO rally.task.runner [-] Task 0f0400ed-8717-43f4-a6bb-dcf4ce7e8198 | ITER: 39 START
2019-12-10 08:31:06.519 32568 INFO rally.task.runner [-] Task 0f0400ed-8717-43f4-a6bb-dcf4ce7e8198 | ITER: 18 END: OK
2019-12-10 08:31:06.526 32568 INFO rally.task.runner [-] Task 0f0400ed-8717-43f4-a6bb-dcf4ce7e8198 | ITER: 40 START
2019-12-10 08:31:06.541 32532 INFO rally.task.runner [-] Task 0f0400ed-8717-43f4-a6bb-dcf4ce7e8198 | ITER: 24 END: OK
2019-12-10 08:31:06.543 32534 INFO rally.task.runner [-] Task 0f0400ed-8717-43f4-a6bb-dcf4ce7e8198 | ITER: 22 END: OK
2019-12-10 08:31:06.572 32532 INFO rally.task.runner [-] Task 0f0400ed-8717-43f4-a6bb-dcf4ce7e8198 | ITER: 26 END: OK
2019-12-10 08:31:06.582 32536 INFO rally.task.runner [-] Task 0f0400ed-8717-43f4-a6bb-dcf4ce7e8198 | ITER: 23 END: OK
2019-12-10 08:31:06.593 32530 INFO rally.task.runner [-] Task 0f0400ed-8717-43f4-a6bb-dcf4ce7e8198 | ITER: 25 END: OK
2019-12-10 08:31:06.667 32530 INFO rally.task.runner [-] Task 0f0400ed-8717-43f4-a6bb-dcf4ce7e8198 | ITER: 28 END: OK
2019-12-10 08:31:06.763 32531 INFO rally.task.runner [-] Task 0f0400ed-8717-43f4-a6bb-dcf4ce7e8198 | ITER: 30 END: OK
2019-12-10 08:31:06.778 32554 INFO rally.task.runner [-] Task 0f0400ed-8717-43f4-a6bb-dcf4ce7e8198 | ITER: 29 END: OK
2019-12-10 08:31:06.778 32529 INFO rally.task.runner [-] Task 0f0400ed-8717-43f4-a6bb-dcf4ce7e8198 | ITER: 32 END: OK
2019-12-10 08:31:06.795 32561 INFO rally.task.runner [-] Task 0f0400ed-8717-43f4-a6bb-dcf4ce7e8198 | ITER: 34 END: OK
2019-12-10 08:31:06.798 32529 INFO rally.task.runner [-] Task 0f0400ed-8717-43f4-a6bb-dcf4ce7e8198 | ITER: 27 END: OK
2019-12-10 08:31:06.837 32546 INFO rally.task.runner [-] Task 0f0400ed-8717-43f4-a6bb-dcf4ce7e8198 | ITER: 33 END: OK
2019-12-10 08:31:06.851 32543 INFO rally.task.runner [-] Task 0f0400ed-8717-43f4-a6bb-dcf4ce7e8198 | ITER: 21 END: OK
2019-12-10 08:31:06.898 32569 INFO rally.task.runner [-] Task 0f0400ed-8717-43f4-a6bb-dcf4ce7e8198 | ITER: 37 END: OK
2019-12-10 08:31:06.923 32551 INFO rally.task.runner [-] Task 0f0400ed-8717-43f4-a6bb-dcf4ce7e8198 | ITER: 38 END: OK
2019-12-10 08:31:07.018 32568 INFO rally.task.runner [-] Task 0f0400ed-8717-43f4-a6bb-dcf4ce7e8198 | ITER: 40 END: OK
2019-12-10 08:31:07.021 32565 INFO rally.task.runner [-] Task 0f0400ed-8717-43f4-a6bb-dcf4ce7e8198 | ITER: 39 END: OK
2019-12-10 08:31:07.040 32572 INFO rally.task.runner [-] Task 0f0400ed-8717-43f4-a6bb-dcf4ce7e8198 | ITER: 35 END: OK
2019-12-10 08:31:07.060 32531 INFO rally.task.runner [-] Task 0f0400ed-8717-43f4-a6bb-dcf4ce7e8198 | ITER: 31 END: OK
2019-12-10 08:31:07.068 32562 INFO rally.task.runner [-] Task 0f0400ed-8717-43f4-a6bb-dcf4ce7e8198 | ITER: 36 END: OK
2019-12-10 08:31:07.092 27673 INFO rally.task.context [-] Task 0f0400ed-8717-43f4-a6bb-dcf4ce7e8198 | Context admin_cleanup@openstack cleanup() started
2019-12-10 08:31:07.096 27673 RALLYDEBUG rally_openstack.cleanup.manager [-] Cleaning up neutron quota objects
2019-12-10 08:31:08.602 27673 INFO rally.task.context [-] Task 0f0400ed-8717-43f4-a6bb-dcf4ce7e8198 | Context admin_cleanup@openstack cleanup() finished in 1.51 sec
2019-12-10 08:31:08.603 27673 INFO rally.task.context [-] Task 0f0400ed-8717-43f4-a6bb-dcf4ce7e8198 | Context users@openstack cleanup() started
2019-12-10 08:31:29.646 27673 INFO rally.task.context [-] Task 0f0400ed-8717-43f4-a6bb-dcf4ce7e8198 | Context users@openstack cleanup() finished in 21.04 sec
2019-12-10 08:31:30.745 27673 INFO rally.task.engine [-] Load duration is: 1.583221
2019-12-10 08:31:30.746 27673 INFO rally.task.engine [-] Full runner duration is: 1.638165
2019-12-10 08:31:30.746 27673 INFO rally.task.engine [-] Full duration is: 29.208313
2019-12-10 08:31:31.058 27673 INFO rally.task.engine [-] Running workload: position = 0 config = { "version": 2, "title": "A cropped version of a bigger task.", "description": "Auto-generated task from a single workload (uuid=f6b7428b-1bf2-48f0-bb4b-552bafb31dbd)", "subtasks": [ { "title": "NeutronTrunks.create_and_list_trunks", "description": "Create and a given number of trunks with subports and list all trunks", "scenario": { "NeutronTrunks.create_and_list_trunks": { "subport_count": 125 } }, "contexts": { "users": { "tenants": 1, "users_per_tenant": 1 }, "quotas": { "neutron": { "network": -1, "port": 1000 } } }, "runner": { "constant": { "times": 4, "concurrency": 4 } }, "hooks": [], "sla": { "failure_rate": { "max": 0 } } } ] }
2019-12-10 08:31:31.081 27673 RALLYDEBUG rally_openstack.contexts.keystone.users [-] Creating 1 tenants using 20 threads
2019-12-10 08:31:31.997 27673 RALLYDEBUG rally_openstack.contexts.keystone.users [-] Creating 1 users using 20 threads
2019-12-10 08:31:33.553 27673 INFO rally.task.context [-] Task 0f0400ed-8717-43f4-a6bb-dcf4ce7e8198 | Context users@openstack setup() finished in 2.47 sec
2019-12-10 08:31:34.151 27673 INFO rally.task.context [-] Task 0f0400ed-8717-43f4-a6bb-dcf4ce7e8198 | Context quotas@openstack setup() finished in 0.60 sec
2019-12-10 08:31:34.151 27673 INFO rally.task.context [-] Task 0f0400ed-8717-43f4-a6bb-dcf4ce7e8198 | Context cleanup@openstack setup() finished in 0.01 msec
2019-12-10 08:31:34.160 27673 RALLYDEBUG rally.task.runner [-] Starting the constant runner (task UUID: 0f0400ed-8717-43f4-a6bb-dcf4ce7e8198). times: 4 concurrency: 4 timeout: 0 max_cpu_used: 16 processes_to_start: 4 concurrency_per_worker: 1 concurrency_overhead: 0
2019-12-10 08:31:34.172 32719 RALLYDEBUG rally.task.runner [-] Starting a worker. times: 4 duration: None concurrency: 1 timeout: 0 cls: method_name: run args: {"subport_count": 125}
2019-12-10 08:31:34.176 32720 RALLYDEBUG rally.task.runner [-] Starting a worker. times: 4 duration: None concurrency: 1 timeout: 0 cls: method_name: run args: {"subport_count": 125}
2019-12-10 08:31:34.178 32719 INFO rally.task.runner [-] Task 0f0400ed-8717-43f4-a6bb-dcf4ce7e8198 | ITER: 1 START
2019-12-10 08:31:34.179 32721 RALLYDEBUG rally.task.runner [-] Starting a worker. times: 4 duration: None concurrency: 1 timeout: 0 cls: method_name: run args: {"subport_count": 125}
2019-12-10 08:31:34.182 32720 INFO rally.task.runner [-] Task 0f0400ed-8717-43f4-a6bb-dcf4ce7e8198 | ITER: 2 START
2019-12-10 08:31:34.182 32724 RALLYDEBUG rally.task.runner [-] Starting a worker. times: 4 duration: None concurrency: 1 timeout: 0 cls: method_name: run args: {"subport_count": 125}
2019-12-10 08:31:34.185 32721 INFO rally.task.runner [-] Task 0f0400ed-8717-43f4-a6bb-dcf4ce7e8198 | ITER: 3 START
2019-12-10 08:31:34.188 32724 INFO rally.task.runner [-] Task 0f0400ed-8717-43f4-a6bb-dcf4ce7e8198 | ITER: 4 START
2019-12-10 08:32:46.124 32721 INFO rally.task.runner [-] Task 0f0400ed-8717-43f4-a6bb-dcf4ce7e8198 | ITER: 3 END: OK
2019-12-10 08:32:48.092 32719 INFO rally.task.runner [-] Task 0f0400ed-8717-43f4-a6bb-dcf4ce7e8198 | ITER: 1 END: OK
2019-12-10 08:32:48.483 32720 INFO rally.task.runner [-] Task 0f0400ed-8717-43f4-a6bb-dcf4ce7e8198 | ITER: 2 END: OK
2019-12-10 08:32:50.801 32724 INFO rally.task.runner [-] Task 0f0400ed-8717-43f4-a6bb-dcf4ce7e8198 | ITER: 4 END: OK
2019-12-10 08:32:50.833 27673 INFO rally.task.context [-] Task 0f0400ed-8717-43f4-a6bb-dcf4ce7e8198 | Context cleanup@openstack cleanup() started
2019-12-10 08:32:50.838 27673 RALLYDEBUG rally_openstack.cleanup.manager [-] Cleaning up neutron vip objects
2019-12-10 08:32:51.265 27673 RALLYDEBUG rally_openstack.cleanup.manager [-] Cleaning up neutron health_monitor objects
2019-12-10 08:32:51.679 27673 RALLYDEBUG rally_openstack.cleanup.manager [-] Cleaning up neutron pool objects
2019-12-10 08:32:52.068 27673 RALLYDEBUG rally_openstack.cleanup.manager [-] Cleaning up neutron loadbalancer objects
2019-12-10 08:32:52.474 27673 RALLYDEBUG rally_openstack.cleanup.manager [-] Cleaning up neutron floatingip objects
2019-12-10 08:32:52.901 27673 RALLYDEBUG rally_openstack.cleanup.manager [-] Cleaning up neutron trunk objects
2019-12-10 08:32:53.363 27673 RALLYDEBUG rally_openstack.cleanup.manager [-] Deleting neutron.trunk object s_rally_f6b7428b_iFA4bl5O (11506e8c-a27f-4f77-a6c9-485d16c8263b)
2019-12-10 08:32:53.372 27673 RALLYDEBUG rally_openstack.cleanup.manager [-] Deleting neutron.trunk object s_rally_f6b7428b_19ttR1bL (3718d218-7281-450e-875f-8188e5520eb2)
2019-12-10 08:32:53.373 27673 RALLYDEBUG rally_openstack.cleanup.manager [-] Deleting neutron.trunk object s_rally_f6b7428b_IiPzCL1T (01d794d0-af48-4593-878f-d0480b6070f4)
2019-12-10 08:32:53.376 27673 RALLYDEBUG rally_openstack.cleanup.manager [-] Deleting neutron.trunk object s_rally_f6b7428b_yVR8dyGI (9c089af3-8181-46c7-9d0c-e66357942c75)
2019-12-10 08:32:55.434 27673 RALLYDEBUG rally_openstack.cleanup.manager [-] Cleaning up neutron port objects
2019-12-10 08:32:57.404 27673 RALLYDEBUG rally_openstack.cleanup.manager [-] Deleting neutron.port object s_rally_f6b7428b_KLlMGq6p (00230c94-783f-4528-baba-4542c14e76c4)
2019-12-10 08:32:57.411 27673 RALLYDEBUG rally_openstack.cleanup.manager [-] Deleting neutron.port object s_rally_f6b7428b_7PxTDOdy (003d331e-e709-44c4-9303-464242d7927e)
2019-12-10 08:32:57.422 27673 RALLYDEBUG rally_openstack.cleanup.manager [-] Deleting neutron.port object s_rally_f6b7428b_AGG1kiDl (007c8903-f6f5-4ac4-9824-e2cd4b043d0c)
2019-12-10 08:32:57.432 27673 RALLYDEBUG rally_openstack.cleanup.manager [-] Deleting neutron.port object s_rally_f6b7428b_9K6X9Rwc (024ba1e0-5357-444e-9f9a-474198f2288c)
2019-12-10 08:32:57.437 27673 RALLYDEBUG rally_openstack.cleanup.manager [-] Deleting neutron.port object s_rally_f6b7428b_exwFMGEY (02ea69e0-4d48-477b-a627-a1ec9be2a305)
2019-12-10 08:32:57.452 27673 RALLYDEBUG rally_openstack.cleanup.manager [-] Deleting neutron.port object s_rally_f6b7428b_PAzydMau (03bab7ac-cef0-4d5d-9774-1cd541023304)
2019-12-10 08:32:57.476 27673 RALLYDEBUG rally_openstack.cleanup.manager [-] Deleting neutron.port object s_rally_f6b7428b_lTjOxD4t (042c2eff-2b95-4823-8e06-c3a1441a782d)
2019-12-10 08:32:57.485 27673 RALLYDEBUG rally_openstack.cleanup.manager [-] Deleting neutron.port object s_rally_f6b7428b_2eFWH6Sj (042d43b7-9703-43c2-8235-758b61560cf6)
2019-12-10 08:32:57.499 27673 RALLYDEBUG rally_openstack.cleanup.manager [-] Deleting neutron.port object s_rally_f6b7428b_5JDvkQke (04901397-ede6-4b3b-86fd-14985f096f5b)
2019-12-10 08:32:57.505 27673 RALLYDEBUG rally_openstack.cleanup.manager [-] Deleting neutron.port object s_rally_f6b7428b_U342dZhD (04c35092-fff3-4350-8f88-ab9f8422761d)
2019-12-10 08:32:57.519 27673 RALLYDEBUG rally_openstack.cleanup.manager [-] Deleting neutron.port object s_rally_f6b7428b_PJA6GHpK (04ec08de-d8f8-4a94-a6d8-efc043b2040e)
2019-12-10 08:32:57.537 27673 RALLYDEBUG rally_openstack.cleanup.manager [-] Deleting neutron.port object s_rally_f6b7428b_Oc0R1nvC (05cdb9b8-3ce7-421a-9820-972c1712fd1f)
2019-12-10 08:32:57.542 27673 RALLYDEBUG rally_openstack.cleanup.manager [-] Deleting neutron.port object s_rally_f6b7428b_QYJxFwlo (05ed5fbd-d164-4440-ab2f-cd22a4e0156f)
2019-12-10 08:32:57.568 27673 RALLYDEBUG rally_openstack.cleanup.manager [-] Deleting neutron.port object s_rally_f6b7428b_9wiDMKUG (060c0709-36c8-4f95-b1e6-4ccf0e66450a)
2019-12-10 08:32:57.580 27673 RALLYDEBUG rally_openstack.cleanup.manager [-] Deleting neutron.port object s_rally_f6b7428b_TxEb18dr (06a17e76-c30c-43e2-936e-a2640633c25d)
2019-12-10 08:32:57.606 27673 RALLYDEBUG rally_openstack.cleanup.manager [-] Deleting neutron.port object s_rally_f6b7428b_kZ4j976a (06efedac-bfe5-45a4-9f08-b9155b41e9df)
2019-12-10 08:32:57.625 27673 RALLYDEBUG rally_openstack.cleanup.manager [-] Deleting neutron.port object s_rally_f6b7428b_Yw1ZkJLJ (07001f7f-3dad-41f3-b6a2-65551fe962ab)
2019-12-10 08:32:57.631 27673 RALLYDEBUG rally_openstack.cleanup.manager [-] Deleting neutron.port object s_rally_f6b7428b_xIz38XRo (07669a4a-c91f-48c3-a65d-4b51a9dbb840)
2019-12-10 08:32:57.647 27673 RALLYDEBUG rally_openstack.cleanup.manager [-] Deleting neutron.port object s_rally_f6b7428b_Wp1wZnEH (07e4f302-ca59-4608-b237-6582e1ef63aa)
2019-12-10 08:32:57.656 27673 RALLYDEBUG rally_openstack.cleanup.manager [-] Deleting neutron.port object s_rally_f6b7428b_9NEy84bl (085083a7-f150-4b1e-ac77-737ed23ed736)
2019-12-10 08:32:59.366 27673 RALLYDEBUG rally_openstack.cleanup.manager [-] Deleting neutron.port object s_rally_f6b7428b_TXIZ5I0h (08850198-e1f7-4da3-86cb-d02f34564cb5)
2019-12-10 08:32:59.375 27673 RALLYDEBUG rally_openstack.cleanup.manager [-] Deleting neutron.port object s_rally_f6b7428b_fCo3wWPt (09486c0b-2853-44df-8c0f-51834a6b8c84)
2019-12-10 08:32:59.455 27673 RALLYDEBUG rally_openstack.cleanup.manager [-] Deleting neutron.port object s_rally_f6b7428b_dC3fT5WE (09a85f8e-5151-4c67-9d8d-5e9c39cd0d81)
2019-12-10 08:32:59.566 27673 RALLYDEBUG rally_openstack.cleanup.manager [-] Deleting neutron.port object s_rally_f6b7428b_GNObemEk (09bf4867-5e33-4343-aca4-bbae86f18d36)
2019-12-10 08:32:59.664 27673 RALLYDEBUG rally_openstack.cleanup.manager [-] Deleting neutron.port object s_rally_f6b7428b_QAoWHQt4 (09c308a5-bf29-423a-8adf-54030e090886)
2019-12-10 08:32:59.749 27673 RALLYDEBUG rally_openstack.cleanup.manager [-] Deleting neutron.port object s_rally_f6b7428b_CjHrjX2Y (0a37df59-12bf-4e0a-ba3c-883df7919939)
2019-12-10 08:32:59.757 27673 RALLYDEBUG rally_openstack.cleanup.manager [-] Deleting neutron.port object s_rally_f6b7428b_ID9HgLfc (0a827178-7fed-40ed-b512-13103d9c5767)
2019-12-10 08:32:59.774 27673 RALLYDEBUG rally_openstack.cleanup.manager [-] Deleting neutron.port object s_rally_f6b7428b_nRWjYGQI (0ade0858-ca5f-4b98-824f-db37200c537b)
2019-12-10 08:32:59.782 27673 RALLYDEBUG rally_openstack.cleanup.manager [-] Deleting neutron.port object s_rally_f6b7428b_YalC9xnK (0aea9619-c156-459d-b27d-162360f8495e)
2019-12-10 08:32:59.806 27673 RALLYDEBUG rally_openstack.cleanup.manager [-] Deleting neutron.port object s_rally_f6b7428b_wnIJbjlL (0c99324b-44c1-4e51-8bc5-9938efa10600)
2019-12-10 08:32:59.819 27673 RALLYDEBUG rally_openstack.cleanup.manager [-] Deleting neutron.port object s_rally_f6b7428b_itMCP74v (0cf97ac6-e3a2-4147-9b76-e316ece0e934)
2019-12-10 08:32:59.874 27673 RALLYDEBUG rally_openstack.cleanup.manager [-] Deleting neutron.port object s_rally_f6b7428b_1uudcgEn (0d1af00f-cae6-4a79-8544-31f7e84d5834)
2019-12-10 08:32:59.883 27673 RALLYDEBUG rally_openstack.cleanup.manager [-] Deleting neutron.port object s_rally_f6b7428b_GbZZAnyY (0e68f447-1eaf-4d5a-a7ee-74b04df0e345)
2019-12-10 08:32:59.949 27673 RALLYDEBUG rally_openstack.cleanup.manager [-] Deleting neutron.port object s_rally_f6b7428b_B3np6xYM (0f864e98-49cf-4d7d-9591-9f0646b6df7f)
2019-12-10 08:32:59.991 27673 RALLYDEBUG rally_openstack.cleanup.manager [-] Deleting neutron.port object s_rally_f6b7428b_s4lXg2bm (0fef3293-3b4d-404a-ad8d-e8159e7a16ec)
2019-12-10 08:33:00.015 27673 RALLYDEBUG rally_openstack.cleanup.manager [-] Deleting neutron.port object s_rally_f6b7428b_yM6G7oi2 (105e04be-6314-4ed9-8b34-e7b047d244b7)
2019-12-10 08:33:00.018 27673 RALLYDEBUG rally_openstack.cleanup.manager [-] Deleting neutron.port object s_rally_f6b7428b_lkUFE3YZ (10e2d1b0-bc91-44f1-b026-f1366acb514c)
2019-12-10 08:33:00.097 27673 RALLYDEBUG rally_openstack.cleanup.manager [-] Deleting neutron.port object s_rally_f6b7428b_Y1cWF0eb (117c09a8-e766-4a7f-a35d-744eb35af26d)
2019-12-10 08:33:00.102 27673 RALLYDEBUG rally_openstack.cleanup.manager [-] Deleting neutron.port object s_rally_f6b7428b_Pq02GThP (11f965e1-1c65-477c-97c6-5fb010dca247)
2019-12-10 08:33:00.110 27673 RALLYDEBUG rally_openstack.cleanup.manager [-] Deleting neutron.port object s_rally_f6b7428b_q8oiabme (12115d73-60c4-40e7-8ed4-bd546f1c1699)
2019-12-10 08:33:01.128 27673 RALLYDEBUG rally_openstack.cleanup.manager [-] Deleting neutron.port object s_rally_f6b7428b_luBuO3nd (1253317c-bf60-4677-936f-0914a8f1f4a0)
2019-12-10 08:33:01.289 27673 RALLYDEBUG rally_openstack.cleanup.manager [-] Deleting neutron.port object s_rally_f6b7428b_VFvFclAs (131fd882-6e2a-466a-b07f-0051c72cad62)
2019-12-10 08:33:01.517 27673 RALLYDEBUG rally_openstack.cleanup.manager [-] Deleting neutron.port object s_rally_f6b7428b_TkYWUech (1335826c-046f-40b2-a0d0-82e1607f661b)
2019-12-10 08:33:01.570 27673 RALLYDEBUG rally_openstack.cleanup.manager [-] Deleting neutron.port object s_rally_f6b7428b_ENXIvskc (1378e4b1-3303-4c18-99cc-a984db562bb4)
2019-12-10 08:33:01.667 27673 RALLYDEBUG rally_openstack.cleanup.manager [-] Deleting neutron.port object s_rally_f6b7428b_0ZerONbm (139d913c-331a-47a4-8188-9550344f57f6)
2019-12-10 08:33:01.734 27673 RALLYDEBUG rally_openstack.cleanup.manager [-] Deleting neutron.port object s_rally_f6b7428b_SOFzjnrI (1400050b-c9ca-43b1-8f7e-4cd2a56357ce)
2019-12-10 08:33:01.771 27673 RALLYDEBUG rally_openstack.cleanup.manager [-] Deleting neutron.port object s_rally_f6b7428b_yG2LO5pq (1415125f-e583-4efd-be92-ec61d9b01890)
2019-12-10 08:33:01.798 27673 RALLYDEBUG rally_openstack.cleanup.manager [-] Deleting neutron.port object s_rally_f6b7428b_eRYPHTaU (14e95a87-3f86-465d-bf07-54ec5497c201)
2019-12-10 08:33:01.806 27673 RALLYDEBUG rally_openstack.cleanup.manager [-] Deleting neutron.port object s_rally_f6b7428b_YVusJ8fS (15005c2b-5c55-4848-9666-7c6553fd898f)
2019-12-10 08:33:01.910 27673 RALLYDEBUG rally_openstack.cleanup.manager [-] Deleting neutron.port object s_rally_f6b7428b_pwji53bi (158300a3-b1eb-435d-a20e-eb20c7462507)
2019-12-10 08:33:02.015 27673 RALLYDEBUG rally_openstack.cleanup.manager [-] Deleting neutron.port object s_rally_f6b7428b_lEcC3qyI (15fc9535-2b13-4519-bc79-53942096f21a)
2019-12-10 08:33:02.130 27673 RALLYDEBUG rally_openstack.cleanup.manager [-] Deleting neutron.port object s_rally_f6b7428b_9j8e38tT (16c4b389-ce36-4e03-9d43-f0678d212b19)
2019-12-10 08:33:02.203 27673 RALLYDEBUG rally_openstack.cleanup.manager [-] Deleting neutron.port object s_rally_f6b7428b_yqHfqsdf (16f25b7b-1a36-49e9-9331-e63b7d232a9b)
2019-12-10 08:33:02.206 27673 RALLYDEBUG rally_openstack.cleanup.manager [-] Deleting neutron.port object s_rally_f6b7428b_IkdyGw28 (1701e790-3263-45bf-9ae9-c1c525160c33)
2019-12-10 08:33:02.251 27673 RALLYDEBUG rally_openstack.cleanup.manager [-] Deleting neutron.port object s_rally_f6b7428b_Dm1nBPOf (17057e61-5bd9-4d95-a441-053b4160e291)
2019-12-10 08:33:02.254 27673 RALLYDEBUG rally_openstack.cleanup.manager [-] Deleting neutron.port object s_rally_f6b7428b_dlSwqzWs (171ae94d-4919-4e0b-b6af-343af866539f)
2019-12-10 08:33:02.367 27673 RALLYDEBUG rally_openstack.cleanup.manager [-] Deleting neutron.port object s_rally_f6b7428b_8X4HSDAz (17658553-a864-4895-9181-96ab06884aba)
2019-12-10 08:33:02.439 27673 RALLYDEBUG rally_openstack.cleanup.manager [-] Deleting neutron.port object s_rally_f6b7428b_PrgvvJXi (17abb40d-a010-4ffa-896d-7465187f5cb8)
2019-12-10 08:33:02.768 27673 RALLYDEBUG rally_openstack.cleanup.manager [-] Deleting neutron.port object s_rally_f6b7428b_TUJM1YJM (17db42cd-a00f-445c-9ff7-f3093543e69b)
2019-12-10 08:33:02.839 27673 RALLYDEBUG rally_openstack.cleanup.manager [-] Deleting neutron.port object s_rally_f6b7428b_qRqejOyF (1859de96-7b6c-4143-a7dd-7e4055c2d3f6)
2019-12-10 08:33:02.887 27673 RALLYDEBUG rally_openstack.cleanup.manager [-] Deleting neutron.port object s_rally_f6b7428b_S9Nnv7CT (185ed44d-317a-4e6f-937f-f9bc6cc00512)
2019-12-10 08:33:03.043 27673 RALLYDEBUG rally_openstack.cleanup.manager [-] Deleting neutron.port object s_rally_f6b7428b_lc2WGSzw (1910a103-7989-4fbb-b703-490cd08a3065)
2019-12-10 08:33:03.302 27673 RALLYDEBUG rally_openstack.cleanup.manager [-] Deleting neutron.port object s_rally_f6b7428b_myKIvVTg (19fe6337-a413-4517-b4c7-936a02a3b9ae)
2019-12-10 08:33:03.310 27673 RALLYDEBUG rally_openstack.cleanup.manager [-] Deleting neutron.port object s_rally_f6b7428b_K7iD8qpj (1b3dcc65-cc42-4da5-a099-3dffb98bcbf1)
2019-12-10 08:33:03.522 27673 RALLYDEBUG rally_openstack.cleanup.manager [-] Deleting neutron.port object s_rally_f6b7428b_H17JMbNk (1be7f9b7-f045-45de-9cf9-380d89c3a872)
2019-12-10 08:33:03.631 27673 RALLYDEBUG rally_openstack.cleanup.manager [-] Deleting neutron.port object s_rally_f6b7428b_39IoAFGS (1c23e35c-accf-4014-89fc-2a3cee485fac)
2019-12-10 08:33:03.640 27673 RALLYDEBUG rally_openstack.cleanup.manager [-] Deleting neutron.port object s_rally_f6b7428b_y9ke4lmm (1c2a2c38-f0dc-4474-b708-e60122aaa878)
2019-12-10 08:33:03.678 27673 RALLYDEBUG rally_openstack.cleanup.manager [-] Deleting neutron.port object s_rally_f6b7428b_DMK8nmPH (1d0d8555-c717-4c74-a2de-5a848909528e)
2019-12-10 08:33:03.717 27673 RALLYDEBUG rally_openstack.cleanup.manager [-] Deleting neutron.port object s_rally_f6b7428b_v4ktrHT0 (1d2db026-42d9-45e4-b00f-a1cb066c92bd)
2019-12-10 08:33:03.827 27673 RALLYDEBUG rally_openstack.cleanup.manager [-] Deleting neutron.port object s_rally_f6b7428b_oPqh2N5c (1d90c55e-039b-41a1-a9bc-bb8c9110d82b)
2019-12-10 08:33:03.849 27673 RALLYDEBUG rally_openstack.cleanup.manager [-] Deleting neutron.port object s_rally_f6b7428b_ceps4YaK (1dcff83e-4b99-456e-8f29-cc0be10c108e)
2019-12-10 08:33:03.970 27673 RALLYDEBUG rally_openstack.cleanup.manager [-] Deleting neutron.port object s_rally_f6b7428b_5LuyeCIz (1ed7706c-ee37-4a8d-a6df-d0552a12e8d4)
2019-12-10 08:33:04.009 27673 RALLYDEBUG rally_openstack.cleanup.manager [-] Deleting neutron.port object s_rally_f6b7428b_Imkrman7 (1f84fd35-750f-469a-b95e-3db1aa996156)
2019-12-10 08:33:04.203 27673 RALLYDEBUG rally_openstack.cleanup.manager [-] Deleting neutron.port object s_rally_f6b7428b_YvzcRMzb (1fae6977-58aa-4522-ad24-f98ad450b123)
2019-12-10 08:33:04.206 27673 RALLYDEBUG rally_openstack.cleanup.manager [-] Deleting neutron.port object s_rally_f6b7428b_dXXdbEXK (212a09a4-d31e-4b9f-b1df-4c665d2cd08a)
2019-12-10 08:33:04.260 27673 RALLYDEBUG rally_openstack.cleanup.manager [-] Deleting neutron.port object s_rally_f6b7428b_JAdqfLNb (213140f9-613c-49f2-af63-9068d0936848)
2019-12-10 08:33:04.561 27673 RALLYDEBUG rally_openstack.cleanup.manager [-] Deleting neutron.port object s_rally_f6b7428b_UaLG0DAO (21788d57-0d8c-41e5-a9f7-0cdbc8756742)
2019-12-10 08:33:04.571 27673 RALLYDEBUG rally_openstack.cleanup.manager [-] Deleting neutron.port object s_rally_f6b7428b_6STB5Iwj (21c0c1f7-0c0b-42b6-9bdc-c0c4f4596651)
2019-12-10 08:33:04.581 27673 RALLYDEBUG rally_openstack.cleanup.manager [-] Deleting neutron.port object s_rally_f6b7428b_uWMBlpa8 (229cbd5d-d181-4226-bd6c-7e1aec314e79)
2019-12-10 08:33:04.634 27673 RALLYDEBUG rally_openstack.cleanup.manager [-] Deleting neutron.port object s_rally_f6b7428b_vIA6RrZI (23609457-4d58-4bd1-ba4e-cdf8278749b3)
2019-12-10 08:33:04.807 27673 RALLYDEBUG rally_openstack.cleanup.manager [-] Deleting neutron.port object s_rally_f6b7428b_DZqWGch3 (24da8cb1-1554-4ca7-89d9-02ac2ffeaaeb)
2019-12-10 08:33:04.816 27673 RALLYDEBUG rally_openstack.cleanup.manager [-] Deleting neutron.port object s_rally_f6b7428b_GrG5PgQu (2561a845-561d-432c-b577-e0986e3efc74)
2019-12-10 08:33:05.097 27673 RALLYDEBUG rally_openstack.cleanup.manager [-] Deleting neutron.port object s_rally_f6b7428b_fLxKUJXV (268a6ebe-6d16-4428-8032-9f547fea2a58)
2019-12-10 08:33:05.101 27673 RALLYDEBUG rally_openstack.cleanup.manager [-] Deleting neutron.port object s_rally_f6b7428b_X4C49x1x (269a14ab-6607-40fb-a3f1-ff7be9742520)
2019-12-10 08:33:05.259 27673 RALLYDEBUG rally_openstack.cleanup.manager [-] Deleting neutron.port object s_rally_f6b7428b_VkpVEfZG (26b1c022-7e12-4b78-9b82-2323064bd08b)
2019-12-10 08:33:05.381 27673 RALLYDEBUG rally_openstack.cleanup.manager [-] Deleting neutron.port object s_rally_f6b7428b_m6E3LC6c (26e6d4a2-5fb0-47e8-b2a5-e2ba01dbbf5b)
2019-12-10 08:33:05.414 27673 RALLYDEBUG rally_openstack.cleanup.manager [-] Deleting neutron.port object s_rally_f6b7428b_rwR4Ej2O (271e28cb-a8a5-4c80-9278-f55abe1f71f0)
2019-12-10 08:33:05.476 27673 RALLYDEBUG rally_openstack.cleanup.manager [-] Deleting neutron.port object s_rally_f6b7428b_iUonHzsM (286cebfa-a935-4496-8968-6ef835655db0)
2019-12-10 08:33:05.484 27673 RALLYDEBUG rally_openstack.cleanup.manager [-] Deleting neutron.port object s_rally_f6b7428b_WOW7escj (28d505f0-39a7-4116-8302-5a1950daf0bb)
2019-12-10 08:33:05.623 27673 RALLYDEBUG rally_openstack.cleanup.manager [-] Deleting neutron.port object s_rally_f6b7428b_mW8swOSh (29170a71-afbd-4e1c-8a5d-61c977083280)
2019-12-10 08:33:05.653 27673 RALLYDEBUG rally_openstack.cleanup.manager [-] Deleting neutron.port object s_rally_f6b7428b_BhcHmajp (298cc095-5acb-4089-8563-32296bf07a5c)
2019-12-10 08:33:05.723 27673 RALLYDEBUG rally_openstack.cleanup.manager [-] Deleting neutron.port object s_rally_f6b7428b_dOPiS3BA (299afa55-f143-4e3b-b84c-693d7d54805b)
2019-12-10 08:33:05.930 27673 RALLYDEBUG rally_openstack.cleanup.manager [-] Deleting neutron.port object s_rally_f6b7428b_uwDfudnB (29f2254c-45cc-402c-973a-93fc44bb7b7a)
2019-12-10 08:33:05.939 27673 RALLYDEBUG rally_openstack.cleanup.manager [-] Deleting neutron.port object s_rally_f6b7428b_U4d4GZeH (2c07b577-3b44-498e-85df-2e3a1efc4083)
2019-12-10 08:33:05.974 27673 RALLYDEBUG rally_openstack.cleanup.manager [-] Deleting neutron.port object s_rally_f6b7428b_7VTx0CO8 (2e162a11-a07e-4957-a6f8-86b87c37e01c)
2019-12-10 08:33:06.318 27673 RALLYDEBUG rally_openstack.cleanup.manager [-] Deleting neutron.port object s_rally_f6b7428b_aQbyN5A2 (2fb4dfee-9ba8-44dc-98c6-08a050aaed3b)
2019-12-10 08:33:06.370 27673 RALLYDEBUG rally_openstack.cleanup.manager [-] Deleting neutron.port object s_rally_f6b7428b_CNOHDgKH (2fcd36e5-847f-4d49-8c7b-6d1fd315698c)
2019-12-10 08:33:06.553 27673 RALLYDEBUG rally_openstack.cleanup.manager [-] Deleting neutron.port object s_rally_f6b7428b_AKamn7QT (30cfec74-169b-4598-8792-8f4215df9a81)
2019-12-10 08:33:06.561 27673 RALLYDEBUG rally_openstack.cleanup.manager [-] Deleting neutron.port object s_rally_f6b7428b_fbY1KOyM (30f669ca-b584-4f3e-bede-719c6da65b7b)
