2019-12-10 08:16:55.230 27664 RALLYDEBUG rally.api [-] INFO logs from urllib3 and requests module are hide.
2019-12-10 08:16:55.230 27664 RALLYDEBUG rally.api [-] urllib3 insecure warnings are hidden.
2019-12-10 08:16:55.230 27664 RALLYDEBUG rally.api [-] ERROR log from boto module is hide.
2019-12-10 08:16:58.615 27666 RALLYDEBUG rally.api [-] INFO logs from urllib3 and requests module are hide.
2019-12-10 08:16:58.616 27666 RALLYDEBUG rally.api [-] urllib3 insecure warnings are hidden.
2019-12-10 08:16:58.616 27666 RALLYDEBUG rally.api [-] ERROR log from boto module is hide.
2019-12-10 08:17:02.043 27668 RALLYDEBUG rally.api [-] INFO logs from urllib3 and requests module are hide.
2019-12-10 08:17:02.044 27668 RALLYDEBUG rally.api [-] urllib3 insecure warnings are hidden.
2019-12-10 08:17:02.044 27668 RALLYDEBUG rally.api [-] ERROR log from boto module is hide.
2019-12-10 08:17:06.319 27671 RALLYDEBUG rally.api [-] INFO logs from urllib3 and requests module are hide.
2019-12-10 08:17:06.319 27671 RALLYDEBUG rally.api [-] urllib3 insecure warnings are hidden.
2019-12-10 08:17:06.319 27671 RALLYDEBUG rally.api [-] ERROR log from boto module is hide.
2019-12-10 08:17:08.039 27673 RALLYDEBUG rally.api [-] INFO logs from urllib3 and requests module are hide.
2019-12-10 08:17:08.039 27673 RALLYDEBUG rally.api [-] urllib3 insecure warnings are hidden.
2019-12-10 08:17:08.039 27673 RALLYDEBUG rally.api [-] ERROR log from boto module is hide.
2019-12-10 08:17:09.627 27673 INFO rally.common.plugin.discover [-] Loading plugins from directories /root/.rally/plugins/*
2019-12-10 08:17:09.628 27673 INFO rally.common.plugin.discover [-] Loaded module with plugins: /root/.rally/plugins/__init__.py
2019-12-10 08:17:09.985 27673 INFO rally.task.engine [-] Task 0f0400ed-8717-43f4-a6bb-dcf4ce7e8198 | Starting: Task validation.
2019-12-10 08:17:10.040 27673 INFO rally.task.engine [-] Task 0f0400ed-8717-43f4-a6bb-dcf4ce7e8198 | Starting: Task validation of syntax.
2019-12-10 08:17:10.365 27673 INFO rally.task.engine [-] Task 0f0400ed-8717-43f4-a6bb-dcf4ce7e8198 | Completed: Task validation of syntax.
2019-12-10 08:17:10.367 27673 INFO rally.task.engine [-] Task 0f0400ed-8717-43f4-a6bb-dcf4ce7e8198 | Starting: Task validation of required platforms.
2019-12-10 08:17:10.490 27673 INFO rally.task.engine [-] Task 0f0400ed-8717-43f4-a6bb-dcf4ce7e8198 | Completed: Task validation of required platforms.
2019-12-10 08:17:10.490 27673 INFO rally.task.engine [-] Task 0f0400ed-8717-43f4-a6bb-dcf4ce7e8198 | Starting: Task validation of semantic.
2019-12-10 08:17:10.491 27673 INFO rally.task.engine [-] Check health of the environment 'c5e56cfc-1019-454c-a05f-dfb868b618f5'.
2019-12-10 08:17:11.437 27673 INFO rally.task.engine [-] Platform existing@openstack (available: True): OK!
2019-12-10 08:17:11.458 27673 RALLYDEBUG rally_openstack.contexts.keystone.users [-] Creating 1 tenants using 20 threads
2019-12-10 08:17:12.324 27673 RALLYDEBUG rally_openstack.contexts.keystone.users [-] Creating 1 users using 20 threads
2019-12-10 08:17:13.711 27673 INFO rally.task.context [-] Task 0f0400ed-8717-43f4-a6bb-dcf4ce7e8198 | Context users@openstack setup() finished in 2.25 sec
2019-12-10 08:17:23.243 27673 INFO rally.task.context [-] Task 0f0400ed-8717-43f4-a6bb-dcf4ce7e8198 | Context users@openstack cleanup() started
2019-12-10 08:17:25.962 27673 INFO rally.task.context [-] Task 0f0400ed-8717-43f4-a6bb-dcf4ce7e8198 | Context users@openstack cleanup() finished in 2.72 sec
2019-12-10 08:17:25.962 27673 INFO rally.task.engine [-] Task 0f0400ed-8717-43f4-a6bb-dcf4ce7e8198 | Completed: Task validation of semantic.
2019-12-10 08:17:25.963 27673 INFO rally.task.engine [-] Task 0f0400ed-8717-43f4-a6bb-dcf4ce7e8198 | Completed: Task validation.
2019-12-10 08:17:25.963 27673 INFO rally.api [-] Task 0f0400ed-8717-43f4-a6bb-dcf4ce7e8198 input file is valid.
2019-12-10 08:17:25.963 27673 INFO rally.api [-] Run Task 0f0400ed-8717-43f4-a6bb-dcf4ce7e8198 against Deployment c5e56cfc-1019-454c-a05f-dfb868b618f5
2019-12-10 08:17:25.964 27673 INFO rally.task.engine [-] Task 0f0400ed-8717-43f4-a6bb-dcf4ce7e8198 | Starting: Running task.
2019-12-10 08:17:26.169 27673 INFO rally.task.engine [-] Running workload: position = 0 config = { "version": 2, "title": "A cropped version of a bigger task.", "description": "Auto-generated task from a single workload (uuid=fdfff688-ecdc-4079-83c0-a30042dfbc00)", "subtasks": [ { "title": "NeutronNetworks.create_and_list_networks", "description": "Check performance of list_networks action and ensure > network quotas are not exceeded", "scenario": { "NeutronNetworks.create_and_list_networks": {} }, "contexts": { "users": { "tenants": 1, "users_per_tenant": 1 }, "quotas": { "neutron": { "network": 119 } } }, "runner": { "constant": { "times": 100, "concurrency": 20 } }, "hooks": [], "sla": { "max_avg_duration_per_atomic": { "neutron.list_networks": 15 }, "failure_rate": { "max": 0 } } } ] }
2019-12-10 08:17:26.191 27673 RALLYDEBUG rally_openstack.contexts.keystone.users [-] Creating 1 tenants using 20 threads
2019-12-10 08:17:27.128 27673 RALLYDEBUG rally_openstack.contexts.keystone.users [-] Creating 1 users using 20 threads
2019-12-10 08:17:28.502 27673 INFO rally.task.context [-] Task 0f0400ed-8717-43f4-a6bb-dcf4ce7e8198 | Context users@openstack setup() finished in 2.31 sec
2019-12-10 08:17:28.986 27673 INFO rally.task.context [-] Task 0f0400ed-8717-43f4-a6bb-dcf4ce7e8198 | Context quotas@openstack setup() finished in 0.48 sec
2019-12-10 08:17:28.986 27673 INFO rally.task.context [-] Task 0f0400ed-8717-43f4-a6bb-dcf4ce7e8198 | Context cleanup@openstack setup() finished in 0.03 msec
2019-12-10 08:17:28.995 27673 RALLYDEBUG rally.task.runner [-] Starting the constant runner (task UUID: 0f0400ed-8717-43f4-a6bb-dcf4ce7e8198). times: 100 concurrency: 20 timeout: 0 max_cpu_used: 16 processes_to_start: 16 concurrency_per_worker: 1 concurrency_overhead: 4
2019-12-10 08:17:29.008 27797 RALLYDEBUG rally.task.runner [-] Starting a worker. times: 100 duration: None concurrency: 2 timeout: 0 cls: method_name: run args: {}
2019-12-10 08:17:29.011 27798 RALLYDEBUG rally.task.runner [-] Starting a worker. times: 100 duration: None concurrency: 2 timeout: 0 cls: method_name: run args: {}
2019-12-10 08:17:29.014 27799 RALLYDEBUG rally.task.runner [-] Starting a worker. times: 100 duration: None concurrency: 2 timeout: 0 cls: method_name: run args: {}
2019-12-10 08:17:29.016 27797 INFO rally.task.runner [-] Task 0f0400ed-8717-43f4-a6bb-dcf4ce7e8198 | ITER: 1 START
2019-12-10 08:17:29.018 27798 INFO rally.task.runner [-] Task 0f0400ed-8717-43f4-a6bb-dcf4ce7e8198 | ITER: 2 START
2019-12-10 08:17:29.017 27801 RALLYDEBUG rally.task.runner [-] Starting a worker. times: 100 duration: None concurrency: 2 timeout: 0 cls: method_name: run args: {}
2019-12-10 08:17:29.020 27799 INFO rally.task.runner [-] Task 0f0400ed-8717-43f4-a6bb-dcf4ce7e8198 | ITER: 4 START
2019-12-10 08:17:29.021 27806 RALLYDEBUG rally.task.runner [-] Starting a worker. times: 100 duration: None concurrency: 1 timeout: 0 cls: method_name: run args: {}
2019-12-10 08:17:29.024 27801 INFO rally.task.runner [-] Task 0f0400ed-8717-43f4-a6bb-dcf4ce7e8198 | ITER: 7 START
2019-12-10 08:17:29.025 27810 RALLYDEBUG rally.task.runner [-] Starting a worker. times: 100 duration: None concurrency: 1 timeout: 0 cls: method_name: run args: {}
2019-12-10 08:17:29.017 27797 INFO rally.task.runner [-] Task 0f0400ed-8717-43f4-a6bb-dcf4ce7e8198 | ITER: 3 START
2019-12-10 08:17:29.027 27814 RALLYDEBUG rally.task.runner [-] Starting a worker. times: 100 duration: None concurrency: 1 timeout: 0 cls: method_name: run args: {}
2019-12-10 08:17:29.029 27806 INFO rally.task.runner [-] Task 0f0400ed-8717-43f4-a6bb-dcf4ce7e8198 | ITER: 9 START
2019-12-10 08:17:29.025 27801 INFO rally.task.runner [-] Task 0f0400ed-8717-43f4-a6bb-dcf4ce7e8198 | ITER: 8 START
2019-12-10 08:17:29.031 27810 INFO rally.task.runner [-] Task 0f0400ed-8717-43f4-a6bb-dcf4ce7e8198 | ITER: 10 START
2019-12-10 08:17:29.031 27816 RALLYDEBUG rally.task.runner [-] Starting a worker. times: 100 duration: None concurrency: 1 timeout: 0 cls: method_name: run args: {}
2019-12-10 08:17:29.033 27814 INFO rally.task.runner [-] Task 0f0400ed-8717-43f4-a6bb-dcf4ce7e8198 | ITER: 11 START
2019-12-10 08:17:29.033 27818 RALLYDEBUG rally.task.runner [-] Starting a worker. times: 100 duration: None concurrency: 1 timeout: 0 cls: method_name: run args: {}
2019-12-10 08:17:29.032 27798 INFO rally.task.runner [-] Task 0f0400ed-8717-43f4-a6bb-dcf4ce7e8198 | ITER: 5 START
2019-12-10 08:17:29.020 27799 INFO rally.task.runner [-] Task 0f0400ed-8717-43f4-a6bb-dcf4ce7e8198 | ITER: 6 START
2019-12-10 08:17:29.039 27816 INFO rally.task.runner [-] Task 0f0400ed-8717-43f4-a6bb-dcf4ce7e8198 | ITER: 12 START
2019-12-10 08:17:29.040 27825 RALLYDEBUG rally.task.runner [-] Starting a worker. times: 100 duration: None concurrency: 1 timeout: 0 cls: method_name: run args: {}
2019-12-10 08:17:29.042 27827 RALLYDEBUG rally.task.runner [-] Starting a worker. times: 100 duration: None concurrency: 1 timeout: 0 cls: method_name: run args: {}
2019-12-10 08:17:29.048 27818 INFO rally.task.runner [-] Task 0f0400ed-8717-43f4-a6bb-dcf4ce7e8198 | ITER: 13 START
2019-12-10 08:17:29.047 27822 RALLYDEBUG rally.task.runner [-] Starting a worker. times: 100 duration: None concurrency: 1 timeout: 0 cls: method_name: run args: {}
2019-12-10 08:17:29.048 27825 INFO rally.task.runner [-] Task 0f0400ed-8717-43f4-a6bb-dcf4ce7e8198 | ITER: 14 START
2019-12-10 08:17:29.049 27830 RALLYDEBUG rally.task.runner [-] Starting a worker. times: 100 duration: None concurrency: 1 timeout: 0 cls: method_name: run args: {}
2019-12-10 08:17:29.049 27831 RALLYDEBUG rally.task.runner [-] Starting a worker. times: 100 duration: None concurrency: 1 timeout: 0 cls: method_name: run args: {}
2019-12-10 08:17:29.052 27830 INFO rally.task.runner [-] Task 0f0400ed-8717-43f4-a6bb-dcf4ce7e8198 | ITER: 17 START
2019-12-10 08:17:29.054 27822 INFO rally.task.runner [-] Task 0f0400ed-8717-43f4-a6bb-dcf4ce7e8198 | ITER: 16 START
2019-12-10 08:17:29.057 27827 INFO rally.task.runner [-] Task 0f0400ed-8717-43f4-a6bb-dcf4ce7e8198 | ITER: 15 START
2019-12-10 08:17:29.056 27836 RALLYDEBUG rally.task.runner [-] Starting a worker. times: 100 duration: None concurrency: 1 timeout: 0 cls: method_name: run args: {}
2019-12-10 08:17:29.057 27831 INFO rally.task.runner [-] Task 0f0400ed-8717-43f4-a6bb-dcf4ce7e8198 | ITER: 18 START
2019-12-10 08:17:29.062 27836 INFO rally.task.runner [-] Task 0f0400ed-8717-43f4-a6bb-dcf4ce7e8198 | ITER: 19 START
2019-12-10 08:17:29.065 27841 RALLYDEBUG rally.task.runner [-] Starting a worker. times: 100 duration: None concurrency: 1 timeout: 0 cls: method_name: run args: {}
2019-12-10 08:17:29.071 27841 INFO rally.task.runner [-] Task 0f0400ed-8717-43f4-a6bb-dcf4ce7e8198 | ITER: 20 START
2019-12-10 08:17:29.938 27816 INFO rally.task.runner [-] Task 0f0400ed-8717-43f4-a6bb-dcf4ce7e8198 | ITER: 12 END: OK
2019-12-10 08:17:29.941 27816 INFO rally.task.runner [-] Task 0f0400ed-8717-43f4-a6bb-dcf4ce7e8198 | ITER: 21 START
2019-12-10 08:17:30.115 27825 INFO rally.task.runner [-] Task 0f0400ed-8717-43f4-a6bb-dcf4ce7e8198 | ITER: 14 END: OK
2019-12-10 08:17:30.119 27825 INFO rally.task.runner [-] Task 0f0400ed-8717-43f4-a6bb-dcf4ce7e8198 | ITER: 22 START
2019-12-10 08:17:30.228 27830 INFO rally.task.runner [-] Task 0f0400ed-8717-43f4-a6bb-dcf4ce7e8198 | ITER: 17 END: OK
2019-12-10 08:17:30.232 27830 INFO rally.task.runner [-] Task 0f0400ed-8717-43f4-a6bb-dcf4ce7e8198 | ITER: 23 START
2019-12-10 08:17:30.278 27797 INFO rally.task.runner [-] Task 0f0400ed-8717-43f4-a6bb-dcf4ce7e8198 | ITER: 1 END: OK
2019-12-10 08:17:30.282 27797 INFO rally.task.runner [-] Task 0f0400ed-8717-43f4-a6bb-dcf4ce7e8198 | ITER: 24 START
2019-12-10 08:17:30.295 27798 INFO rally.task.runner [-] Task 0f0400ed-8717-43f4-a6bb-dcf4ce7e8198 | ITER: 2 END: OK
2019-12-10 08:17:30.298 27798 INFO rally.task.runner [-] Task 0f0400ed-8717-43f4-a6bb-dcf4ce7e8198 | ITER: 25 START
2019-12-10 08:17:30.336 27841 INFO rally.task.runner [-] Task 0f0400ed-8717-43f4-a6bb-dcf4ce7e8198 | ITER: 20 END: OK
2019-12-10 08:17:30.340 27841 INFO rally.task.runner [-] Task 0f0400ed-8717-43f4-a6bb-dcf4ce7e8198 | ITER: 26 START
2019-12-10 08:17:30.343 27799 INFO rally.task.runner [-] Task 0f0400ed-8717-43f4-a6bb-dcf4ce7e8198 | ITER: 6 END: OK
2019-12-10 08:17:30.346 27799 INFO rally.task.runner [-] Task 0f0400ed-8717-43f4-a6bb-dcf4ce7e8198 | ITER: 27 START
2019-12-10 08:17:30.350 27836 INFO rally.task.runner [-] Task 0f0400ed-8717-43f4-a6bb-dcf4ce7e8198 | ITER: 19 END: OK
2019-12-10 08:17:30.353 27836 INFO rally.task.runner [-] Task 0f0400ed-8717-43f4-a6bb-dcf4ce7e8198 | ITER: 28 START
2019-12-10 08:17:30.440 27799 INFO rally.task.runner [-] Task 0f0400ed-8717-43f4-a6bb-dcf4ce7e8198 | ITER: 4 END: OK
2019-12-10 08:17:30.443 27799 INFO rally.task.runner [-] Task 0f0400ed-8717-43f4-a6bb-dcf4ce7e8198 | ITER: 29 START
2019-12-10 08:17:30.484 27801 INFO rally.task.runner [-] Task 0f0400ed-8717-43f4-a6bb-dcf4ce7e8198 | ITER: 7 END: OK
2019-12-10 08:17:30.488 27801 INFO rally.task.runner [-] Task 0f0400ed-8717-43f4-a6bb-dcf4ce7e8198 | ITER: 30 START
2019-12-10 08:17:30.500 27801 INFO rally.task.runner [-] Task 0f0400ed-8717-43f4-a6bb-dcf4ce7e8198 | ITER: 8 END: OK
2019-12-10 08:17:30.507 27801 INFO rally.task.runner [-] Task 0f0400ed-8717-43f4-a6bb-dcf4ce7e8198 | ITER: 31 START
2019-12-10 08:17:30.735 27814 INFO rally.task.runner [-] Task 0f0400ed-8717-43f4-a6bb-dcf4ce7e8198 | ITER: 11 END: OK
2019-12-10 08:17:30.739 27814 INFO rally.task.runner [-] Task 0f0400ed-8717-43f4-a6bb-dcf4ce7e8198 | ITER: 32 START
2019-12-10 08:17:30.747 27798 INFO rally.task.runner [-] Task 0f0400ed-8717-43f4-a6bb-dcf4ce7e8198 | ITER: 5 END: OK
2019-12-10 08:17:30.750 27798 INFO rally.task.runner [-] Task 0f0400ed-8717-43f4-a6bb-dcf4ce7e8198 | ITER: 33 START
2019-12-10 08:17:30.755 27818 INFO rally.task.runner [-] Task 0f0400ed-8717-43f4-a6bb-dcf4ce7e8198 | ITER: 13 END: OK
2019-12-10 08:17:30.758 27818 INFO rally.task.runner [-] Task 0f0400ed-8717-43f4-a6bb-dcf4ce7e8198 | ITER: 34 START
2019-12-10 08:17:30.769 27822 INFO rally.task.runner [-] Task 0f0400ed-8717-43f4-a6bb-dcf4ce7e8198 | ITER: 16 END: OK
2019-12-10 08:17:30.772 27822 INFO rally.task.runner [-] Task 0f0400ed-8717-43f4-a6bb-dcf4ce7e8198 | ITER: 35 START
2019-12-10 08:17:30.791 27816 INFO rally.task.runner [-] Task 0f0400ed-8717-43f4-a6bb-dcf4ce7e8198 | ITER: 21 END: OK
2019-12-10 08:17:30.794 27816 INFO rally.task.runner [-] Task 0f0400ed-8717-43f4-a6bb-dcf4ce7e8198 | ITER: 36 START
2019-12-10 08:17:30.879 27831 INFO rally.task.runner [-] Task 0f0400ed-8717-43f4-a6bb-dcf4ce7e8198 | ITER: 18 END: OK
2019-12-10 08:17:30.883 27831 INFO rally.task.runner [-] Task 0f0400ed-8717-43f4-a6bb-dcf4ce7e8198 | ITER: 37 START
2019-12-10 08:17:30.953 27827 INFO rally.task.runner [-] Task 0f0400ed-8717-43f4-a6bb-dcf4ce7e8198 | ITER: 15 END: OK
2019-12-10 08:17:30.957 27827 INFO rally.task.runner [-] Task 0f0400ed-8717-43f4-a6bb-dcf4ce7e8198 | ITER: 38 START
2019-12-10 08:17:30.996 27806 INFO rally.task.runner [-] Task 0f0400ed-8717-43f4-a6bb-dcf4ce7e8198 | ITER: 9 END: OK
2019-12-10 08:17:30.999 27806 INFO rally.task.runner [-] Task 0f0400ed-8717-43f4-a6bb-dcf4ce7e8198 | ITER: 39 START
2019-12-10 08:17:31.034 27797 INFO rally.task.runner [-] Task 0f0400ed-8717-43f4-a6bb-dcf4ce7e8198 | ITER: 3 END: OK
2019-12-10 08:17:31.037 27797 INFO rally.task.runner [-] Task 0f0400ed-8717-43f4-a6bb-dcf4ce7e8198 | ITER: 40 START
2019-12-10 08:17:31.092 27825 INFO rally.task.runner [-] Task 0f0400ed-8717-43f4-a6bb-dcf4ce7e8198 | ITER: 22 END: OK
2019-12-10 08:17:31.095 27825 INFO rally.task.runner [-] Task 0f0400ed-8717-43f4-a6bb-dcf4ce7e8198 | ITER: 41 START
2019-12-10 08:17:31.226 27798 INFO rally.task.runner [-] Task 0f0400ed-8717-43f4-a6bb-dcf4ce7e8198 | ITER: 25 END: OK
2019-12-10 08:17:31.230 27798 INFO rally.task.runner [-] Task 0f0400ed-8717-43f4-a6bb-dcf4ce7e8198 | ITER: 42 START
2019-12-10 08:17:31.342 27797 INFO rally.task.runner [-] Task 0f0400ed-8717-43f4-a6bb-dcf4ce7e8198 | ITER: 24 END: OK
2019-12-10 08:17:31.345 27797 INFO rally.task.runner [-] Task 0f0400ed-8717-43f4-a6bb-dcf4ce7e8198 | ITER: 43 START
2019-12-10 08:17:31.406 27799 INFO rally.task.runner [-] Task 0f0400ed-8717-43f4-a6bb-dcf4ce7e8198 | ITER: 27 END: OK
2019-12-10 08:17:31.409 27799 INFO rally.task.runner [-] Task 0f0400ed-8717-43f4-a6bb-dcf4ce7e8198 | ITER: 44 START
2019-12-10 08:17:31.450 27841 INFO rally.task.runner [-] Task 0f0400ed-8717-43f4-a6bb-dcf4ce7e8198 | ITER: 26 END: OK
2019-12-10 08:17:31.453 27841 INFO rally.task.runner [-] Task 0f0400ed-8717-43f4-a6bb-dcf4ce7e8198 | ITER: 45 START
2019-12-10 08:17:31.529 27799 INFO rally.task.runner [-] Task 0f0400ed-8717-43f4-a6bb-dcf4ce7e8198 | ITER: 29 END: OK
2019-12-10 08:17:31.532 27799 INFO rally.task.runner [-] Task 0f0400ed-8717-43f4-a6bb-dcf4ce7e8198 | ITER: 46 START
2019-12-10 08:17:31.600 27801 INFO rally.task.runner [-] Task 0f0400ed-8717-43f4-a6bb-dcf4ce7e8198 | ITER: 30 END: OK
2019-12-10 08:17:31.604 27801 INFO rally.task.runner [-] Task 0f0400ed-8717-43f4-a6bb-dcf4ce7e8198 | ITER: 47 START
2019-12-10 08:17:31.684 27818 INFO rally.task.runner [-] Task 0f0400ed-8717-43f4-a6bb-dcf4ce7e8198 | ITER: 34 END: OK
2019-12-10 08:17:31.687 27818 INFO rally.task.runner [-] Task 0f0400ed-8717-43f4-a6bb-dcf4ce7e8198 | ITER: 48 START
2019-12-10 08:17:31.702 27830 INFO rally.task.runner [-] Task 0f0400ed-8717-43f4-a6bb-dcf4ce7e8198 | ITER: 23 END: OK
2019-12-10 08:17:31.703 27801 INFO rally.task.runner [-] Task 0f0400ed-8717-43f4-a6bb-dcf4ce7e8198 | ITER: 31 END: OK
2019-12-10 08:17:31.704 27830 INFO rally.task.runner [-] Task 0f0400ed-8717-43f4-a6bb-dcf4ce7e8198 | ITER: 49 START
2019-12-10 08:17:31.707 27801 INFO rally.task.runner [-] Task 0f0400ed-8717-43f4-a6bb-dcf4ce7e8198 | ITER: 50 START
2019-12-10 08:17:31.750 27810 INFO rally.task.runner [-] Task 0f0400ed-8717-43f4-a6bb-dcf4ce7e8198 | ITER: 10 END: OK
2019-12-10 08:17:31.754 27810 INFO rally.task.runner [-] Task 0f0400ed-8717-43f4-a6bb-dcf4ce7e8198 | ITER: 51 START
2019-12-10 08:17:31.831 27816 INFO rally.task.runner [-] Task 0f0400ed-8717-43f4-a6bb-dcf4ce7e8198 | ITER: 36 END: OK
2019-12-10 08:17:31.834 27816 INFO rally.task.runner [-] Task 0f0400ed-8717-43f4-a6bb-dcf4ce7e8198 | ITER: 52 START
2019-12-10 08:17:31.835 27836 INFO rally.task.runner [-] Task 0f0400ed-8717-43f4-a6bb-dcf4ce7e8198 | ITER: 28 END: OK
2019-12-10 08:17:31.837 27836 INFO rally.task.runner [-] Task 0f0400ed-8717-43f4-a6bb-dcf4ce7e8198 | ITER: 53 START
2019-12-10 08:17:31.935 27831 INFO rally.task.runner [-] Task 0f0400ed-8717-43f4-a6bb-dcf4ce7e8198 | ITER: 37 END: OK
2019-12-10 08:17:31.938 27831 INFO rally.task.runner [-] Task 0f0400ed-8717-43f4-a6bb-dcf4ce7e8198 | ITER: 54 START
2019-12-10 08:17:32.059 27798 INFO rally.task.runner [-] Task 0f0400ed-8717-43f4-a6bb-dcf4ce7e8198 | ITER: 33 END: OK
2019-12-10 08:17:32.061 27798 INFO rally.task.runner [-] Task 0f0400ed-8717-43f4-a6bb-dcf4ce7e8198 | ITER: 55 START
2019-12-10 08:17:32.093 27822 INFO rally.task.runner [-] Task 0f0400ed-8717-43f4-a6bb-dcf4ce7e8198 | ITER: 35 END: OK
2019-12-10 08:17:32.096 27822 INFO rally.task.runner [-] Task 0f0400ed-8717-43f4-a6bb-dcf4ce7e8198 | ITER: 56 START
2019-12-10 08:17:32.168 27825 INFO rally.task.runner [-] Task 0f0400ed-8717-43f4-a6bb-dcf4ce7e8198 | ITER: 41 END: OK
2019-12-10 08:17:32.172 27825 INFO rally.task.runner [-] Task 0f0400ed-8717-43f4-a6bb-dcf4ce7e8198 | ITER: 57 START
2019-12-10 08:17:32.218 27806 INFO rally.task.runner [-] Task 0f0400ed-8717-43f4-a6bb-dcf4ce7e8198 | ITER: 39 END: OK
2019-12-10 08:17:32.221 27806 INFO rally.task.runner [-] Task 0f0400ed-8717-43f4-a6bb-dcf4ce7e8198 | ITER: 58 START
2019-12-10 08:17:32.244 27814 INFO rally.task.runner [-] Task 0f0400ed-8717-43f4-a6bb-dcf4ce7e8198 | ITER: 32 END: OK
2019-12-10 08:17:32.247 27814 INFO rally.task.runner [-] Task 0f0400ed-8717-43f4-a6bb-dcf4ce7e8198 | ITER: 59 START
2019-12-10 08:17:32.522 27797 INFO rally.task.runner [-] Task 0f0400ed-8717-43f4-a6bb-dcf4ce7e8198 | ITER: 43 END: OK
2019-12-10 08:17:32.525 27797 INFO rally.task.runner [-] Task 0f0400ed-8717-43f4-a6bb-dcf4ce7e8198 | ITER: 60 START
2019-12-10 08:17:32.552 27799 INFO rally.task.runner [-] Task 0f0400ed-8717-43f4-a6bb-dcf4ce7e8198 | ITER: 46 END: OK
2019-12-10 08:17:32.555 27797 INFO rally.task.runner [-] Task 0f0400ed-8717-43f4-a6bb-dcf4ce7e8198 | ITER: 40 END: OK
2019-12-10 08:17:32.556 27799 INFO rally.task.runner [-] Task 0f0400ed-8717-43f4-a6bb-dcf4ce7e8198 | ITER: 61 START
2019-12-10 08:17:32.558 27797 INFO rally.task.runner [-] Task 0f0400ed-8717-43f4-a6bb-dcf4ce7e8198 | ITER: 62 START
2019-12-10 08:17:32.645 27830 INFO rally.task.runner [-] Task 0f0400ed-8717-43f4-a6bb-dcf4ce7e8198 | ITER: 49 END: OK
2019-12-10 08:17:32.648 27830 INFO rally.task.runner [-] Task 0f0400ed-8717-43f4-a6bb-dcf4ce7e8198 | ITER: 63 START
2019-12-10 08:17:32.898 27841 INFO rally.task.runner [-] Task 0f0400ed-8717-43f4-a6bb-dcf4ce7e8198 | ITER: 45 END: OK
2019-12-10 08:17:32.901 27841 INFO rally.task.runner [-] Task 0f0400ed-8717-43f4-a6bb-dcf4ce7e8198 | ITER: 64 START
2019-12-10 08:17:32.905 27798 INFO rally.task.runner [-] Task 0f0400ed-8717-43f4-a6bb-dcf4ce7e8198 | ITER: 42 END: OK
2019-12-10 08:17:32.908 27798 INFO rally.task.runner [-] Task 0f0400ed-8717-43f4-a6bb-dcf4ce7e8198 | ITER: 65 START
2019-12-10 08:17:32.918 27827 INFO rally.task.runner [-] Task 0f0400ed-8717-43f4-a6bb-dcf4ce7e8198 | ITER: 38 END: OK
2019-12-10 08:17:32.922 27827 INFO rally.task.runner [-] Task 0f0400ed-8717-43f4-a6bb-dcf4ce7e8198 | ITER: 66 START
2019-12-10 08:17:32.941 27801 INFO rally.task.runner [-] Task 0f0400ed-8717-43f4-a6bb-dcf4ce7e8198 | ITER: 50 END: OK
2019-12-10 08:17:32.944 27801 INFO rally.task.runner [-] Task 0f0400ed-8717-43f4-a6bb-dcf4ce7e8198 | ITER: 67 START
2019-12-10 08:17:33.037 27810 INFO rally.task.runner [-] Task 0f0400ed-8717-43f4-a6bb-dcf4ce7e8198 | ITER: 51 END: OK
2019-12-10 08:17:33.038 27818 INFO rally.task.runner [-] Task 0f0400ed-8717-43f4-a6bb-dcf4ce7e8198 | ITER: 48 END: OK
2019-12-10 08:17:33.040 27810 INFO rally.task.runner [-] Task 0f0400ed-8717-43f4-a6bb-dcf4ce7e8198 | ITER: 68 START
2019-12-10 08:17:33.041 27799 INFO rally.task.runner [-] Task 0f0400ed-8717-43f4-a6bb-dcf4ce7e8198 | ITER: 44 END: OK
2019-12-10 08:17:33.042 27818 INFO rally.task.runner [-] Task 0f0400ed-8717-43f4-a6bb-dcf4ce7e8198 | ITER: 69 START
2019-12-10 08:17:33.044 27799 INFO rally.task.runner [-] Task 0f0400ed-8717-43f4-a6bb-dcf4ce7e8198 | ITER: 70 START
2019-12-10 08:17:33.124 27816 INFO rally.task.runner [-] Task 0f0400ed-8717-43f4-a6bb-dcf4ce7e8198 | ITER: 52 END: OK
2019-12-10 08:17:33.127 27816 INFO rally.task.runner [-] Task 0f0400ed-8717-43f4-a6bb-dcf4ce7e8198 | ITER: 71 START
2019-12-10 08:17:33.251 27836 INFO rally.task.runner [-] Task 0f0400ed-8717-43f4-a6bb-dcf4ce7e8198 | ITER: 53 END: OK
2019-12-10 08:17:33.254 27836 INFO rally.task.runner [-] Task 0f0400ed-8717-43f4-a6bb-dcf4ce7e8198 | ITER: 72 START
2019-12-10 08:17:33.534 27801 INFO rally.task.runner [-] Task 0f0400ed-8717-43f4-a6bb-dcf4ce7e8198 | ITER: 47 END: OK
2019-12-10 08:17:33.537 27801 INFO rally.task.runner [-] Task 0f0400ed-8717-43f4-a6bb-dcf4ce7e8198 | ITER: 73 START
2019-12-10 08:17:33.779 27806 INFO rally.task.runner [-] Task 0f0400ed-8717-43f4-a6bb-dcf4ce7e8198 | ITER: 58 END: OK
2019-12-10 08:17:33.783 27806 INFO rally.task.runner [-] Task 0f0400ed-8717-43f4-a6bb-dcf4ce7e8198 | ITER: 74 START
2019-12-10 08:17:33.829 27797 INFO rally.task.runner [-] Task 0f0400ed-8717-43f4-a6bb-dcf4ce7e8198 | ITER: 62 END: OK
2019-12-10 08:17:33.832 27797 INFO rally.task.runner [-] Task 0f0400ed-8717-43f4-a6bb-dcf4ce7e8198 | ITER: 75 START
2019-12-10 08:17:33.881 27798 INFO rally.task.runner [-] Task 0f0400ed-8717-43f4-a6bb-dcf4ce7e8198 | ITER: 55 END: OK
2019-12-10 08:17:33.882 27831 INFO rally.task.runner [-] Task 0f0400ed-8717-43f4-a6bb-dcf4ce7e8198 | ITER: 54 END: OK
2019-12-10 08:17:33.884 27798 INFO rally.task.runner [-] Task 0f0400ed-8717-43f4-a6bb-dcf4ce7e8198 | ITER: 76 START
2019-12-10 08:17:33.886 27831 INFO rally.task.runner [-] Task 0f0400ed-8717-43f4-a6bb-dcf4ce7e8198 | ITER: 77 START
2019-12-10 08:17:33.898 27797 INFO rally.task.runner [-] Task 0f0400ed-8717-43f4-a6bb-dcf4ce7e8198 | ITER: 60 END: OK
2019-12-10 08:17:33.899 27830 INFO rally.task.runner [-] Task 0f0400ed-8717-43f4-a6bb-dcf4ce7e8198 | ITER: 63 END: OK
2019-12-10 08:17:33.899 27825 INFO rally.task.runner [-] Task 0f0400ed-8717-43f4-a6bb-dcf4ce7e8198 | ITER: 57 END: OK
2019-12-10 08:17:33.901 27797 INFO rally.task.runner [-] Task 0f0400ed-8717-43f4-a6bb-dcf4ce7e8198 | ITER: 78 START
2019-12-10 08:17:33.902 27830 INFO rally.task.runner [-] Task 0f0400ed-8717-43f4-a6bb-dcf4ce7e8198 | ITER: 80 START
2019-12-10 08:17:33.902 27825 INFO rally.task.runner [-] Task 0f0400ed-8717-43f4-a6bb-dcf4ce7e8198 | ITER: 79 START
2019-12-10 08:17:33.916 27822 INFO rally.task.runner [-] Task 0f0400ed-8717-43f4-a6bb-dcf4ce7e8198 | ITER: 56 END: OK
2019-12-10 08:17:33.919 27822 INFO rally.task.runner [-] Task 0f0400ed-8717-43f4-a6bb-dcf4ce7e8198 | ITER: 81 START
2019-12-10 08:17:33.949 27810 INFO rally.task.runner [-] Task 0f0400ed-8717-43f4-a6bb-dcf4ce7e8198 | ITER: 68 END: OK
2019-12-10 08:17:33.952 27810 INFO rally.task.runner [-] Task 0f0400ed-8717-43f4-a6bb-dcf4ce7e8198 | ITER: 82 START
2019-12-10 08:17:34.245 27801 INFO rally.task.runner [-] Task 0f0400ed-8717-43f4-a6bb-dcf4ce7e8198 | ITER: 67 END: OK
2019-12-10 08:17:34.248 27801 INFO rally.task.runner [-] Task 0f0400ed-8717-43f4-a6bb-dcf4ce7e8198 | ITER: 83 START
2019-12-10 08:17:34.309 27841 INFO rally.task.runner [-] Task 0f0400ed-8717-43f4-a6bb-dcf4ce7e8198 | ITER: 64 END: OK
2019-12-10 08:17:34.312 27841 INFO rally.task.runner [-] Task 0f0400ed-8717-43f4-a6bb-dcf4ce7e8198 | ITER: 84 START
2019-12-10 08:17:34.318 27816 INFO rally.task.runner [-] Task 0f0400ed-8717-43f4-a6bb-dcf4ce7e8198 | ITER: 71 END: OK
2019-12-10 08:17:34.321 27816 INFO rally.task.runner [-] Task 0f0400ed-8717-43f4-a6bb-dcf4ce7e8198 | ITER: 85 START
2019-12-10 08:17:34.383 27814 INFO rally.task.runner [-] Task 0f0400ed-8717-43f4-a6bb-dcf4ce7e8198 | ITER: 59 END: OK
2019-12-10 08:17:34.386 27814 INFO rally.task.runner [-] Task 0f0400ed-8717-43f4-a6bb-dcf4ce7e8198 | ITER: 86 START
2019-12-10 08:17:34.569 27799 INFO rally.task.runner [-] Task 0f0400ed-8717-43f4-a6bb-dcf4ce7e8198 | ITER: 70 END: OK
2019-12-10 08:17:34.572 27799 INFO rally.task.runner [-] Task 0f0400ed-8717-43f4-a6bb-dcf4ce7e8198 | ITER: 87 START
2019-12-10 08:17:34.799 27836 INFO rally.task.runner [-] Task 0f0400ed-8717-43f4-a6bb-dcf4ce7e8198 | ITER: 72 END: OK
2019-12-10 08:17:34.802 27836 INFO rally.task.runner [-] Task 0f0400ed-8717-43f4-a6bb-dcf4ce7e8198 | ITER: 88 START
2019-12-10 08:17:34.814 27798 INFO rally.task.runner [-] Task 0f0400ed-8717-43f4-a6bb-dcf4ce7e8198 | ITER: 65 END: OK
2019-12-10 08:17:34.817 27798 INFO rally.task.runner [-] Task 0f0400ed-8717-43f4-a6bb-dcf4ce7e8198 | ITER: 89 START
2019-12-10 08:17:34.944 27827 INFO rally.task.runner [-] Task 0f0400ed-8717-43f4-a6bb-dcf4ce7e8198 | ITER: 66 END: OK
2019-12-10 08:17:34.947 27827 INFO rally.task.runner [-] Task 0f0400ed-8717-43f4-a6bb-dcf4ce7e8198 | ITER: 90 START
2019-12-10 08:17:34.968 27801 INFO rally.task.runner [-] Task 0f0400ed-8717-43f4-a6bb-dcf4ce7e8198 | ITER: 73 END: OK
2019-12-10 08:17:34.971 27801 INFO rally.task.runner [-] Task 0f0400ed-8717-43f4-a6bb-dcf4ce7e8198 | ITER: 91 START
2019-12-10 08:17:34.989 27831 INFO rally.task.runner [-] Task 0f0400ed-8717-43f4-a6bb-dcf4ce7e8198 | ITER: 77 END: OK
2019-12-10 08:17:34.993 27831 INFO rally.task.runner [-] Task 0f0400ed-8717-43f4-a6bb-dcf4ce7e8198 | ITER: 92 START
2019-12-10 08:17:35.075 27810 INFO rally.task.runner [-] Task 0f0400ed-8717-43f4-a6bb-dcf4ce7e8198 | ITER: 82 END: OK
2019-12-10 08:17:35.077 27810 INFO rally.task.runner [-] Task 0f0400ed-8717-43f4-a6bb-dcf4ce7e8198 | ITER: 93 START
2019-12-10 08:17:35.329 27818 INFO rally.task.runner [-] Task 0f0400ed-8717-43f4-a6bb-dcf4ce7e8198 | ITER: 69 END: OK
2019-12-10 08:17:35.333 27818 INFO rally.task.runner [-] Task 0f0400ed-8717-43f4-a6bb-dcf4ce7e8198 | ITER: 94 START
2019-12-10 08:17:35.554 27797 INFO rally.task.runner [-] Task 0f0400ed-8717-43f4-a6bb-dcf4ce7e8198 | ITER: 75 END: OK
2019-12-10 08:17:35.558 27797 INFO rally.task.runner [-] Task 0f0400ed-8717-43f4-a6bb-dcf4ce7e8198 | ITER: 95 START
2019-12-10 08:17:35.712 27806 INFO rally.task.runner [-] Task 0f0400ed-8717-43f4-a6bb-dcf4ce7e8198 | ITER: 74 END: OK
2019-12-10 08:17:35.715 27806 INFO rally.task.runner [-] Task 0f0400ed-8717-43f4-a6bb-dcf4ce7e8198 | ITER: 96 START
2019-12-10 08:17:35.782 27830 INFO rally.task.runner [-] Task 0f0400ed-8717-43f4-a6bb-dcf4ce7e8198 | ITER: 80 END: OK
2019-12-10 08:17:35.785 27830 INFO rally.task.runner [-] Task 0f0400ed-8717-43f4-a6bb-dcf4ce7e8198 | ITER: 97 START
2019-12-10 08:17:35.928 27799 INFO rally.task.runner [-] Task 0f0400ed-8717-43f4-a6bb-dcf4ce7e8198 | ITER: 61 END: OK
2019-12-10 08:17:35.930 27799 INFO rally.task.runner [-] Task 0f0400ed-8717-43f4-a6bb-dcf4ce7e8198 | ITER: 98 START
2019-12-10 08:17:36.269 27841 INFO rally.task.runner [-] Task 0f0400ed-8717-43f4-a6bb-dcf4ce7e8198 | ITER: 84 END: OK
2019-12-10 08:17:36.272 27841 INFO rally.task.runner [-] Task 0f0400ed-8717-43f4-a6bb-dcf4ce7e8198 | ITER: 99 START
2019-12-10 08:17:36.284 27822 INFO rally.task.runner [-] Task 0f0400ed-8717-43f4-a6bb-dcf4ce7e8198 | ITER: 81 END: OK
2019-12-10 08:17:36.287 27822 INFO rally.task.runner [-] Task 0f0400ed-8717-43f4-a6bb-dcf4ce7e8198 | ITER: 100 START
2019-12-10 08:17:36.297 27814 INFO rally.task.runner [-] Task 0f0400ed-8717-43f4-a6bb-dcf4ce7e8198 | ITER: 86 END: OK
2019-12-10 08:17:36.317 27816 INFO rally.task.runner [-] Task 0f0400ed-8717-43f4-a6bb-dcf4ce7e8198 | ITER: 85 END: OK
2019-12-10 08:17:36.334 27797 INFO rally.task.runner [-] Task 0f0400ed-8717-43f4-a6bb-dcf4ce7e8198 | ITER: 78 END: OK
2019-12-10 08:17:36.365 27799 INFO rally.task.runner [-] Task 0f0400ed-8717-43f4-a6bb-dcf4ce7e8198 | ITER: 87 END: OK
2019-12-10 08:17:36.390 27801 INFO rally.task.runner [-] Task 0f0400ed-8717-43f4-a6bb-dcf4ce7e8198 | ITER: 83 END: OK
2019-12-10 08:17:36.701 27825 INFO rally.task.runner [-] Task 0f0400ed-8717-43f4-a6bb-dcf4ce7e8198 | ITER: 79 END: OK
2019-12-10 08:17:36.728 27801 INFO rally.task.runner [-] Task 0f0400ed-8717-43f4-a6bb-dcf4ce7e8198 | ITER: 91 END: OK
2019-12-10 08:17:36.730 27827 INFO rally.task.runner [-] Task 0f0400ed-8717-43f4-a6bb-dcf4ce7e8198 | ITER: 90 END: OK
2019-12-10 08:17:36.769 27831 INFO rally.task.runner [-] Task 0f0400ed-8717-43f4-a6bb-dcf4ce7e8198 | ITER: 92 END: OK
2019-12-10 08:17:36.842 27798 INFO rally.task.runner [-] Task 0f0400ed-8717-43f4-a6bb-dcf4ce7e8198 | ITER: 76 END: OK
2019-12-10 08:17:36.860 27830 INFO rally.task.runner [-] Task 0f0400ed-8717-43f4-a6bb-dcf4ce7e8198 | ITER: 97 END: OK
2019-12-10 08:17:37.012 27798 INFO rally.task.runner [-] Task 0f0400ed-8717-43f4-a6bb-dcf4ce7e8198 | ITER: 89 END: OK
2019-12-10 08:17:37.014 27836 INFO rally.task.runner [-] Task 0f0400ed-8717-43f4-a6bb-dcf4ce7e8198 | ITER: 88 END: OK
2019-12-10 08:17:37.173 27841 INFO rally.task.runner [-] Task 0f0400ed-8717-43f4-a6bb-dcf4ce7e8198 | ITER: 99 END: OK
2019-12-10 08:17:37.175 27822 INFO rally.task.runner [-] Task 0f0400ed-8717-43f4-a6bb-dcf4ce7e8198 | ITER: 100 END: OK
2019-12-10 08:17:37.258 27799 INFO rally.task.runner [-] Task 0f0400ed-8717-43f4-a6bb-dcf4ce7e8198 | ITER: 98 END: OK
2019-12-10 08:17:37.366 27810 INFO rally.task.runner [-] Task 0f0400ed-8717-43f4-a6bb-dcf4ce7e8198 | ITER: 93 END: OK
2019-12-10 08:17:37.380 27797 INFO rally.task.runner [-] Task 0f0400ed-8717-43f4-a6bb-dcf4ce7e8198 | ITER: 95 END: OK
2019-12-10 08:17:37.602 27818 INFO rally.task.runner [-] Task 0f0400ed-8717-43f4-a6bb-dcf4ce7e8198 | ITER: 94 END: OK
2019-12-10 08:17:37.676 27806 INFO rally.task.runner [-] Task 0f0400ed-8717-43f4-a6bb-dcf4ce7e8198 | ITER: 96 END: OK
2019-12-10 08:17:37.708 27673 INFO rally.task.context [-] Task 0f0400ed-8717-43f4-a6bb-dcf4ce7e8198 | Context cleanup@openstack cleanup() started
2019-12-10 08:17:37.712 27673 RALLYDEBUG rally_openstack.cleanup.manager [-] Cleaning up neutron vip objects
2019-12-10 08:17:38.097 27673 RALLYDEBUG rally_openstack.cleanup.manager [-] Cleaning up neutron health_monitor objects
2019-12-10 08:17:38.600 27673 RALLYDEBUG rally_openstack.cleanup.manager [-] Cleaning up neutron pool objects
2019-12-10 08:17:38.977 27673 RALLYDEBUG rally_openstack.cleanup.manager [-] Cleaning up neutron loadbalancer objects
2019-12-10 08:17:39.358 27673 RALLYDEBUG rally_openstack.cleanup.manager [-] Cleaning up neutron floatingip objects
2019-12-10 08:17:39.799 27673 RALLYDEBUG rally_openstack.cleanup.manager [-] Cleaning up neutron trunk objects
2019-12-10 08:17:40.199 27673 RALLYDEBUG rally_openstack.cleanup.manager [-] Cleaning up neutron port objects
2019-12-10 08:17:40.594 27673 RALLYDEBUG rally_openstack.cleanup.manager [-] Cleaning up neutron subnet objects
2019-12-10 08:17:41.008 27673 RALLYDEBUG rally_openstack.cleanup.manager [-] Cleaning up neutron network objects
2019-12-10 08:17:41.757 27673 RALLYDEBUG rally_openstack.cleanup.manager [-] Deleting neutron.network object s_rally_fdfff688_zugCE9ne (002ac770-ff59-4f13-bcb8-0a5989cff5f4)
2019-12-10 08:17:41.768 27673 RALLYDEBUG rally_openstack.cleanup.manager [-] Deleting neutron.network object s_rally_fdfff688_6Np7VlpI (051b0f89-a572-4099-8a1f-ca5d13f6ff02)
2019-12-10 08:17:41.774 27673 RALLYDEBUG rally_openstack.cleanup.manager [-] Deleting neutron.network object s_rally_fdfff688_g2yQInE2 (00dc60aa-4083-45a6-9dfd-0624f32071a9)
2019-12-10 08:17:41.783 27673 RALLYDEBUG rally_openstack.cleanup.manager [-] Deleting neutron.network object s_rally_fdfff688_X0XTNPvi (05f3199f-e582-4f71-82c1-ef352012562d)
2019-12-10 08:17:41.795 27673 RALLYDEBUG rally_openstack.cleanup.manager [-] Deleting neutron.network object s_rally_fdfff688_IZJDJ5FE (0c24e0bd-d26a-4ed7-ae9c-a56b9e3a9502)
2019-12-10 08:17:41.803 27673 RALLYDEBUG rally_openstack.cleanup.manager [-] Deleting neutron.network object s_rally_fdfff688_mNhkDNCm (0e7bc2d3-ec2c-4636-9e50-e703329507b3)
2019-12-10 08:17:41.811 27673 RALLYDEBUG rally_openstack.cleanup.manager [-] Deleting neutron.network object s_rally_fdfff688_VNzhMO1Y (0f9217e5-75ca-4550-b7a9-723b1143c312)
2019-12-10 08:17:41.818 27673 RALLYDEBUG rally_openstack.cleanup.manager [-] Deleting neutron.network object s_rally_fdfff688_is4GBQ3n (10ca6d26-5387-4159-a47a-689444387bca)
2019-12-10 08:17:41.832 27673 RALLYDEBUG rally_openstack.cleanup.manager [-] Deleting neutron.network object s_rally_fdfff688_JGcT543G (12441751-be80-446a-9df2-2bfd56e79867)
2019-12-10 08:17:41.841 27673 RALLYDEBUG rally_openstack.cleanup.manager [-] Deleting neutron.network object s_rally_fdfff688_2qIKTasC (15c08d68-e3aa-4f58-8623-fe16a487f14b)
2019-12-10 08:17:41.869 27673 RALLYDEBUG rally_openstack.cleanup.manager [-] Deleting neutron.network object s_rally_fdfff688_8bGcMmb7 (1c3c1c36-7663-445c-9d59-a052df5db873)
2019-12-10 08:17:41.875 27673 RALLYDEBUG rally_openstack.cleanup.manager [-] Deleting neutron.network object s_rally_fdfff688_OggEtQgf (25f95ac8-fcf5-4d28-a0dd-90d9a270cf12)
2019-12-10 08:17:41.893 27673 RALLYDEBUG rally_openstack.cleanup.manager [-] Deleting neutron.network object s_rally_fdfff688_U89cV5Oc (26d99bb0-c972-46a9-a487-49609e309db1)
2019-12-10 08:17:41.899 27673 RALLYDEBUG rally_openstack.cleanup.manager [-] Deleting neutron.network object s_rally_fdfff688_JCp6RtfA (2d4155e0-cf5d-41f7-a372-296193e6f78d)
2019-12-10 08:17:41.934 27673 RALLYDEBUG rally_openstack.cleanup.manager [-] Deleting neutron.network object s_rally_fdfff688_2Mr8T1Io (2fa28bad-8425-402d-b4a2-936a6a180ff1)
2019-12-10 08:17:41.945 27673 RALLYDEBUG rally_openstack.cleanup.manager [-] Deleting neutron.network object s_rally_fdfff688_OW1rQU8g (3604a28b-f6b2-4768-8bd0-a5da0fa32cf5)
2019-12-10 08:17:41.954 27673 RALLYDEBUG rally_openstack.cleanup.manager [-] Deleting neutron.network object s_rally_fdfff688_HqiDwvaN (36dfe712-857f-49d8-8eb2-16e4a28b4494)
2019-12-10 08:17:41.958 27673 RALLYDEBUG rally_openstack.cleanup.manager [-] Deleting neutron.network object s_rally_fdfff688_Uor4yDn6 (37210f56-c735-4995-b115-fa7e1820384e)
2019-12-10 08:17:41.973 27673 RALLYDEBUG rally_openstack.cleanup.manager [-] Deleting neutron.network object s_rally_fdfff688_2Q2bBPYk (3a2d084e-bc12-4565-adcf-c72ec319e241)
2019-12-10 08:17:41.978 27673 RALLYDEBUG rally_openstack.cleanup.manager [-] Deleting neutron.network object s_rally_fdfff688_olNTO1fh (3c8bc719-0863-46e8-8e0b-7d49f7b46ac3)
2019-12-10 08:17:43.923 27673 RALLYDEBUG rally_openstack.cleanup.manager [-] Deleting neutron.network object s_rally_fdfff688_NCJg2ruG (40c23adf-6cf2-4e8d-8e1c-0ff68c9e590c)
2019-12-10 08:17:43.943 27673 RALLYDEBUG rally_openstack.cleanup.manager [-] Deleting neutron.network object s_rally_fdfff688_WFY9Cfb8 (42d58ec0-6921-4c11-8246-beb73ea7d15c)
2019-12-10 08:17:44.070 27673 RALLYDEBUG rally_openstack.cleanup.manager [-] Deleting neutron.network object s_rally_fdfff688_VkxEfSqq (43024165-ddc9-49a2-8f4b-85fa93e0d687)
2019-12-10 08:17:44.330 27673 RALLYDEBUG rally_openstack.cleanup.manager [-] Deleting neutron.network object s_rally_fdfff688_4NIFMTBd (47aed9db-641e-4caf-9cea-9dd5d306a3d4)
2019-12-10 08:17:44.539 27673 RALLYDEBUG rally_openstack.cleanup.manager [-] Deleting neutron.network object s_rally_fdfff688_X4EqJAMm (49535dc0-fdd6-4f96-99f0-4bcd8cf9c58e)
2019-12-10 08:17:44.542 27673 RALLYDEBUG rally_openstack.cleanup.manager [-] Deleting neutron.network object s_rally_fdfff688_AMTek457 (4cc962e6-2895-4685-8ea6-b0506dc9568d)
2019-12-10 08:17:44.605 27673 RALLYDEBUG rally_openstack.cleanup.manager [-] Deleting neutron.network object s_rally_fdfff688_gA7KzN7s (510dcdc6-722d-4707-96d4-495883700ca7)
2019-12-10 08:17:44.653 27673 RALLYDEBUG rally_openstack.cleanup.manager [-] Deleting neutron.network object s_rally_fdfff688_ngwHmkx4 (5136b10f-5272-4ba7-83cd-bc673830f296)
2019-12-10 08:17:44.669 27673 RALLYDEBUG rally_openstack.cleanup.manager [-] Deleting neutron.network object s_rally_fdfff688_C7N4N5sb (54aacc66-8f37-41e1-a50d-f92ce4ee349b)
2019-12-10 08:17:44.695 27673 RALLYDEBUG rally_openstack.cleanup.manager [-] Deleting neutron.network object s_rally_fdfff688_q1vdkMYd (5516136c-b609-4624-b97f-abf9716ede47)
2019-12-10 08:17:44.715 27673 RALLYDEBUG rally_openstack.cleanup.manager [-] Deleting neutron.network object s_rally_fdfff688_lQTH8eZI (574bb1f7-70a6-4835-8878-5eb5de4ce860)
2019-12-10 08:17:44.723 27673 RALLYDEBUG rally_openstack.cleanup.manager [-] Deleting neutron.network object s_rally_fdfff688_6alZNYXJ (57b292b6-6f47-431a-adc2-458d05650b15)
2019-12-10 08:17:44.783 27673 RALLYDEBUG rally_openstack.cleanup.manager [-] Deleting neutron.network object s_rally_fdfff688_em0w6uCp (5e7b7c29-46d6-4ce8-9a3e-5fdd88272174)
2019-12-10 08:17:44.792 27673 RALLYDEBUG rally_openstack.cleanup.manager [-] Deleting neutron.network object s_rally_fdfff688_190ErtOr (6220fd8e-7736-4917-8699-612acd5bc0eb)
2019-12-10 08:17:44.800 27673 RALLYDEBUG rally_openstack.cleanup.manager [-] Deleting neutron.network object s_rally_fdfff688_1KrLbHPU (624c2d32-7a83-4d2f-b345-39a666327e30)
2019-12-10 08:17:44.803 27673 RALLYDEBUG rally_openstack.cleanup.manager [-] Deleting neutron.network object s_rally_fdfff688_cZLkcFlp (6323747f-8c4f-4dc9-8c41-86d936d79ebd)
2019-12-10 08:17:44.822 27673 RALLYDEBUG rally_openstack.cleanup.manager [-] Deleting neutron.network object s_rally_fdfff688_n47vvbIW (698436dd-e539-4812-a464-2f42e015f221)
2019-12-10 08:17:44.900 27673 RALLYDEBUG rally_openstack.cleanup.manager [-] Deleting neutron.network object s_rally_fdfff688_myjYgm5F (6d858411-22b3-4035-a10b-5699eaf65c27)
2019-12-10 08:17:44.922 27673 RALLYDEBUG rally_openstack.cleanup.manager [-] Deleting neutron.network object s_rally_fdfff688_GvHEMXhm (6e69a250-7070-4ef1-b896-735356ef3c15)
2019-12-10 08:17:44.930 27673 RALLYDEBUG rally_openstack.cleanup.manager [-] Deleting neutron.network object s_rally_fdfff688_v7HD2rpK (73e1d9c9-5c05-4984-abf2-195604203f96)
2019-12-10 08:17:45.849 27673 RALLYDEBUG rally_openstack.cleanup.manager [-] Deleting neutron.network object s_rally_fdfff688_IMEfgNCl (78aeac8d-9e1b-4a0d-a674-7fae9ccd40a9)
2019-12-10 08:17:45.958 27673 RALLYDEBUG rally_openstack.cleanup.manager [-] Deleting neutron.network object s_rally_fdfff688_ZezyY123 (7b737a96-6f7b-4c4a-be56-41bdea78e6f1)
2019-12-10 08:17:46.264 27673 RALLYDEBUG rally_openstack.cleanup.manager [-] Deleting neutron.network object s_rally_fdfff688_jwvnvpFj (7d903c1f-81fc-4ddf-badb-24fc85f3914f)
2019-12-10 08:17:46.472 27673 RALLYDEBUG rally_openstack.cleanup.manager [-] Deleting neutron.network object s_rally_fdfff688_1mTG8OCp (7d943e1b-8409-457f-826c-cfee979070e0)
2019-12-10 08:17:46.721 27673 RALLYDEBUG rally_openstack.cleanup.manager [-] Deleting neutron.network object s_rally_fdfff688_IFrlXqKa (7fc49f08-f474-4dcd-9029-d2b0b3d62e44)
2019-12-10 08:17:46.772 27673 RALLYDEBUG rally_openstack.cleanup.manager [-] Deleting neutron.network object s_rally_fdfff688_ryf4cke4 (86a839cb-7b26-4b8a-ac21-2a2408777c7b)
2019-12-10 08:17:46.941 27673 RALLYDEBUG rally_openstack.cleanup.manager [-] Deleting neutron.network object s_rally_fdfff688_KI2y0Msn (876fca67-81d0-4975-883e-2b3b225801d3)
2019-12-10 08:17:46.954 27673 RALLYDEBUG rally_openstack.cleanup.manager [-] Deleting neutron.network object s_rally_fdfff688_QAhyUp8O (8c46ef58-e96b-47ec-a9e7-f6c93aaee54b)
2019-12-10 08:17:46.987 27673 RALLYDEBUG rally_openstack.cleanup.manager [-] Deleting neutron.network object s_rally_fdfff688_BYjIbB2b (8e88b586-4286-415c-9d42-d5b382341841)
2019-12-10 08:17:47.034 27673 RALLYDEBUG rally_openstack.cleanup.manager [-] Deleting neutron.network object s_rally_fdfff688_jnIWx0oW (90a98790-db79-4140-bb5e-aeff218d9879)
2019-12-10 08:17:47.103 27673 RALLYDEBUG rally_openstack.cleanup.manager [-] Deleting neutron.network object s_rally_fdfff688_u61K7iki (96530154-96ba-44d6-8098-4531eb68591f)
2019-12-10 08:17:47.269 27673 RALLYDEBUG rally_openstack.cleanup.manager [-] Deleting neutron.network object s_rally_fdfff688_BdHHeMz2 (99a37f63-9ad8-4e35-aef3-d16475c425be)
2019-12-10 08:17:47.272 27673 RALLYDEBUG rally_openstack.cleanup.manager [-] Deleting neutron.network object s_rally_fdfff688_gVQlClpM (9a7342a7-e7a2-457d-b09a-4585ea7d69cd)
2019-12-10 08:17:47.284 27673 RALLYDEBUG rally_openstack.cleanup.manager [-] Deleting neutron.network object s_rally_fdfff688_nQKSSAsa (9a91baa3-5b83-47ba-86d8-4822515ef395)
2019-12-10 08:17:47.300 27673 RALLYDEBUG rally_openstack.cleanup.manager [-] Deleting neutron.network object s_rally_fdfff688_tKP4jfrW (9b1ae428-6141-427e-9e85-963baf9723fb)
2019-12-10 08:17:47.354 27673 RALLYDEBUG rally_openstack.cleanup.manager [-] Deleting neutron.network object s_rally_fdfff688_nEJIbIfo (9f8cd646-b293-4cc2-99ad-4beea8e47495)
2019-12-10 08:17:47.365 27673 RALLYDEBUG rally_openstack.cleanup.manager [-] Deleting neutron.network object s_rally_fdfff688_TAgDQcsI (9fe77d28-9bb9-4c1a-82f1-a4f7555bc68a)
2019-12-10 08:17:47.447 27673 RALLYDEBUG rally_openstack.cleanup.manager [-] Deleting neutron.network object s_rally_fdfff688_eayErSV0 (a188641f-1903-4567-a8d9-b41a36a94d3a)
2019-12-10 08:17:47.455 27673 RALLYDEBUG rally_openstack.cleanup.manager [-] Deleting neutron.network object s_rally_fdfff688_jTUt1iav (a55e6980-7cb0-400f-bebe-d57c61a5a3ce)
2019-12-10 08:17:47.564 27673 RALLYDEBUG rally_openstack.cleanup.manager [-] Deleting neutron.network object s_rally_fdfff688_HObU680r (a79aafe1-b730-4259-866d-6ad6001bd35b)
2019-12-10 08:17:47.702 27673 RALLYDEBUG rally_openstack.cleanup.manager [-] Deleting neutron.network object s_rally_fdfff688_0nDafN4q (a9a70dfb-1aeb-4a5e-ac8f-52551a48c92b)
2019-12-10 08:17:47.827 27673 RALLYDEBUG rally_openstack.cleanup.manager [-] Deleting neutron.network object s_rally_fdfff688_9YBKd5de (ab258fbc-e6f7-4c35-85a8-c0e46d875933)
2019-12-10 08:17:48.141 27673 RALLYDEBUG rally_openstack.cleanup.manager [-] Deleting neutron.network object s_rally_fdfff688_veExugup (ab683771-e8c4-4af3-b4ab-bd53aa0e7b4a)
2019-12-10 08:17:48.621 27673 RALLYDEBUG rally_openstack.cleanup.manager [-] Deleting neutron.network object s_rally_fdfff688_YtKHCbBJ (ae1614ba-563a-4f42-99af-94862b8104a3)
2019-12-10 08:17:48.677 27673 RALLYDEBUG rally_openstack.cleanup.manager [-] Deleting neutron.network object s_rally_fdfff688_Yt00ifzF (afc5d6ad-e535-4f38-829a-24094eea0ffb)
2019-12-10 08:17:49.087 27673 RALLYDEBUG rally_openstack.cleanup.manager [-] Deleting neutron.network object s_rally_fdfff688_jz9tjO0w (b2858076-ec54-4b82-92ac-bee22f506937)
2019-12-10 08:17:49.186 27673 RALLYDEBUG rally_openstack.cleanup.manager [-] Deleting neutron.network object s_rally_fdfff688_GTwYV8Ip (b357be7e-2277-49ef-ad91-ed211c9a729a)
2019-12-10 08:17:49.249 27673 RALLYDEBUG rally_openstack.cleanup.manager [-] Deleting neutron.network object s_rally_fdfff688_tIsohPZL (b4f953b0-8e52-49eb-b8af-939484776870)
2019-12-10 08:17:49.295 27673 RALLYDEBUG rally_openstack.cleanup.manager [-] Deleting neutron.network object s_rally_fdfff688_Oq6raYvw (b5ad947e-0e96-4e77-8779-cfecebebf609)
2019-12-10 08:17:49.404 27673 RALLYDEBUG rally_openstack.cleanup.manager [-] Deleting neutron.network object s_rally_fdfff688_RYiiQFUM (b73b37f2-67f9-4dd1-bb97-4bef14e58de6)
2019-12-10 08:17:49.415 27673 RALLYDEBUG rally_openstack.cleanup.manager [-] Deleting neutron.network object s_rally_fdfff688_f8BdZc1b (b9fa8077-dce8-428b-a780-78b97785771c)
2019-12-10 08:17:49.441 27673 RALLYDEBUG rally_openstack.cleanup.manager [-] Deleting neutron.network object s_rally_fdfff688_9rirjQO1 (ba6f3967-9920-4020-bc5f-8ae01fcd3394)
2019-12-10 08:17:49.459 27673 RALLYDEBUG rally_openstack.cleanup.manager [-] Deleting neutron.network object s_rally_fdfff688_xrqiZln2 (c1002da6-c50d-442c-a654-965c0cc77e15)
2019-12-10 08:17:49.634 27673 RALLYDEBUG rally_openstack.cleanup.manager [-] Deleting neutron.network object s_rally_fdfff688_zHlVPCjc (c1dc080f-b844-4c2a-b8e1-ca15f780d4a4)
2019-12-10 08:17:49.803 27673 RALLYDEBUG rally_openstack.cleanup.manager [-] Deleting neutron.network object s_rally_fdfff688_lkCxNAyI (c40bcaf8-d0c0-4191-96a9-7b3238a999d1)
2019-12-10 08:17:49.813 27673 RALLYDEBUG rally_openstack.cleanup.manager [-] Deleting neutron.network object s_rally_fdfff688_I4YQ3Z5Z (c431f189-9aa0-4dda-b704-70f5b18353ec)
2019-12-10 08:17:49.861 27673 RALLYDEBUG rally_openstack.cleanup.manager [-] Deleting neutron.network object s_rally_fdfff688_ylg0cV3l (c6b00378-73c4-41f1-a5c0-fb332c01e75d)
2019-12-10 08:17:49.927 27673 RALLYDEBUG rally_openstack.cleanup.manager [-] Deleting neutron.network object s_rally_fdfff688_o43HY0Kj (c6c9fa5a-ebda-4ba2-8116-43af5ab097c3)
2019-12-10 08:17:49.935 27673 RALLYDEBUG rally_openstack.cleanup.manager [-] Deleting neutron.network object s_rally_fdfff688_ftaNbEUB (c89b8600-63f0-4a73-8716-77f46f4115ee)
2019-12-10 08:17:49.944 27673 RALLYDEBUG rally_openstack.cleanup.manager [-] Deleting neutron.network object s_rally_fdfff688_v3bDHLn1 (c92362f4-0a30-4e64-8018-2b051f422dfa)
2019-12-10 08:17:49.947 27673 RALLYDEBUG rally_openstack.cleanup.manager [-] Deleting neutron.network object s_rally_fdfff688_q0eopvSY (ca2d3b2e-4a21-42e8-bbe9-711534db6c7e)
2019-12-10 08:17:49.984 27673 RALLYDEBUG rally_openstack.cleanup.manager [-] Deleting neutron.network object s_rally_fdfff688_Ty7pjVqt (cb0864e1-4fa4-4f72-95f8-c0704c204f70)
2019-12-10 08:17:50.135 27673 RALLYDEBUG rally_openstack.cleanup.manager [-] Deleting neutron.network object s_rally_fdfff688_zFrfT7GY (d7529d26-24a0-4e36-85dd-1079c14c488b)
2019-12-10 08:17:50.467 27673 RALLYDEBUG rally_openstack.cleanup.manager [-] Deleting neutron.network object s_rally_fdfff688_JNPBHSGG (d7ab4b85-45ec-400c-bd2e-590a79030a2b)
2019-12-10 08:17:50.803 27673 RALLYDEBUG rally_openstack.cleanup.manager [-] Deleting neutron.network object s_rally_fdfff688_1MN9kW9o (d840d320-3a75-4953-ae0f-3194e9b477e3)
2019-12-10 08:17:51.078 27673 RALLYDEBUG rally_openstack.cleanup.manager [-] Deleting neutron.network object s_rally_fdfff688_PToJicf4 (e21aab75-f5db-47be-8be3-f4a967b45def)
2019-12-10 08:17:51.355 27673 RALLYDEBUG rally_openstack.cleanup.manager [-] Deleting neutron.network object s_rally_fdfff688_j0YJ6xfu (e25e2ff5-b303-4f99-8099-6f4cf40cb925)
2019-12-10 08:17:51.386 27673 RALLYDEBUG rally_openstack.cleanup.manager [-] Deleting neutron.network object s_rally_fdfff688_TliKL4xN (e596db18-2bb3-493e-b485-43759d41da3d)
2019-12-10 08:17:51.463 27673 RALLYDEBUG rally_openstack.cleanup.manager [-] Deleting neutron.network object s_rally_fdfff688_NdlFTGrK (e9650ab1-0c45-4a87-a0c6-92bcd9e67cdd)
2019-12-10 08:17:51.472 27673 RALLYDEBUG rally_openstack.cleanup.manager [-] Deleting neutron.network object s_rally_fdfff688_JG1CZLEM (ea4beca8-5cdc-421c-a620-0fe71c7bcaa3)
2019-12-10 08:17:51.572 27673 RALLYDEBUG rally_openstack.cleanup.manager [-] Deleting neutron.network object s_rally_fdfff688_5EMCHww6 (eb6af07f-fb7d-45a4-bccd-05ef49acdaef)
2019-12-10 08:17:51.815 27673 RALLYDEBUG rally_openstack.cleanup.manager [-] Deleting neutron.network object s_rally_fdfff688_qcG72gm2 (ef3b2000-c3a5-42c3-95f7-b86c7412b616)
2019-12-10 08:17:51.911 27673 RALLYDEBUG rally_openstack.cleanup.manager [-] Deleting neutron.network object s_rally_fdfff688_1GQCvUxq (f1fba0f0-74cb-4d49-87fe-d5f8499911c2)
2019-12-10 08:17:52.011 27673 RALLYDEBUG rally_openstack.cleanup.manager [-] Deleting neutron.network object s_rally_fdfff688_q0GQ8uWI (f32c7330-1446-4ffb-b73a-009a32a30bd9)
2019-12-10 08:17:52.083 27673 RALLYDEBUG rally_openstack.cleanup.manager [-] Deleting neutron.network object s_rally_fdfff688_VX28nRfd (f68da2b7-af2c-478a-af1d-0653d52f40f6)
2019-12-10 08:17:52.140 27673 RALLYDEBUG rally_openstack.cleanup.manager [-] Deleting neutron.network object s_rally_fdfff688_GFZFTFHP (f6f45dd5-0cac-4d03-881e-223dec65a79d)
2019-12-10 08:17:52.178 27673 RALLYDEBUG rally_openstack.cleanup.manager [-] Deleting neutron.network object s_rally_fdfff688_79MF0HcR (fab862b7-4688-43e3-85c3-9b4d92cce14c)
