2019-12-10 06:56:39.706 11211 RALLYDEBUG rally.task.utils [-] Waiting for resource . Status changed: CREATE_IN_PROGRESS => CREATE_COMPLETE in 0.07142090797424316
2019-12-10 06:56:39.726 11212 RALLYDEBUG rally.task.utils [-] Waiting for resource . Status changed: CREATE_COMPLETE => CHECK_COMPLETE in 0.06340217590332031
2019-12-10 06:56:39.792 11213 RALLYDEBUG rally.task.utils [-] Waiting for resource . Status changed: CREATE_COMPLETE => CHECK_COMPLETE in 0.06027054786682129
2019-12-10 06:56:39.802 11214 RALLYDEBUG rally.task.utils [-] Waiting for resource . Status changed: CREATE_COMPLETE => CHECK_COMPLETE in 0.06820178031921387
2019-12-10 06:56:39.826 11212 RALLYDEBUG rally.task.utils [-] Waiting for resource . Status changed: CREATE_COMPLETE => DELETE_IN_PROGRESS in 0.04825139045715332
2019-12-10 06:56:39.861 11211 RALLYDEBUG rally.task.utils [-] Waiting for resource . Status changed: CREATE_COMPLETE => CHECK_IN_PROGRESS in 0.05546212196350098
2019-12-10 06:56:39.892 11213 RALLYDEBUG rally.task.utils [-] Waiting for resource . Status changed: CREATE_COMPLETE => DELETE_IN_PROGRESS in 0.04518938064575195
2019-12-10 06:56:39.898 11214 RALLYDEBUG rally.task.utils [-] Waiting for resource . Status changed: CREATE_COMPLETE => DELETE_IN_PROGRESS in 0.049529314041137695
2019-12-10 06:56:40.936 11211 RALLYDEBUG rally.task.utils [-] Waiting for resource . Status changed: CHECK_IN_PROGRESS => CHECK_COMPLETE in 1.074887752532959
2019-12-10 06:56:41.052 11211 RALLYDEBUG rally.task.utils [-] Waiting for resource . Status changed: CREATE_COMPLETE => DELETE_IN_PROGRESS in 0.048935890197753906
2019-12-10 06:56:41.953 11212 INFO rally.task.runner [-] Task f68c9227-52e5-463c-8281-7d65d236dced | ITER: 2 END: OK
2019-12-10 06:56:41.957 11212 INFO rally.task.runner [-] Task f68c9227-52e5-463c-8281-7d65d236dced | ITER: 5 START
2019-12-10 06:56:42.028 11213 INFO rally.task.runner [-] Task f68c9227-52e5-463c-8281-7d65d236dced | ITER: 3 END: OK
2019-12-10 06:56:42.033 11213 INFO rally.task.runner [-] Task f68c9227-52e5-463c-8281-7d65d236dced | ITER: 6 START
2019-12-10 06:56:42.034 11214 INFO rally.task.runner [-] Task f68c9227-52e5-463c-8281-7d65d236dced | ITER: 4 END: OK
2019-12-10 06:56:42.038 11214 INFO rally.task.runner [-] Task f68c9227-52e5-463c-8281-7d65d236dced | ITER: 7 START
2019-12-10 06:56:43.166 11211 INFO rally.task.runner [-] Task f68c9227-52e5-463c-8281-7d65d236dced | ITER: 1 END: OK
2019-12-10 06:56:43.172 11211 INFO rally.task.runner [-] Task f68c9227-52e5-463c-8281-7d65d236dced | ITER: 8 START
2019-12-10 06:56:45.537 11212 RALLYDEBUG rally.task.utils [-] Waiting for resource . Status changed: CREATE_IN_PROGRESS => CREATE_COMPLETE in 0.07123708724975586
2019-12-10 06:56:45.537 11213 RALLYDEBUG rally.task.utils [-] Waiting for resource . Status changed: CREATE_IN_PROGRESS => CREATE_COMPLETE in 0.07614827156066895
2019-12-10 06:56:45.603 11214 RALLYDEBUG rally.task.utils [-] Waiting for resource . Status changed: CREATE_IN_PROGRESS => CREATE_COMPLETE in 0.06504178047180176
2019-12-10 06:56:45.698 11212 RALLYDEBUG rally.task.utils [-] Waiting for resource . Status changed: CREATE_COMPLETE => CHECK_COMPLETE in 0.06049990653991699
2019-12-10 06:56:45.700 11213 RALLYDEBUG rally.task.utils [-] Waiting for resource . Status changed: CREATE_COMPLETE => CHECK_IN_PROGRESS in 0.0589451789855957
2019-12-10 06:56:45.766 11214 RALLYDEBUG rally.task.utils [-] Waiting for resource . Status changed: CREATE_COMPLETE => CHECK_COMPLETE in 0.06292247772216797
2019-12-10 06:56:45.808 11212 RALLYDEBUG rally.task.utils [-] Waiting for resource . Status changed: CREATE_COMPLETE => DELETE_IN_PROGRESS in 0.054010629653930664
2019-12-10 06:56:45.879 11214 RALLYDEBUG rally.task.utils [-] Waiting for resource . Status changed: CREATE_COMPLETE => DELETE_IN_PROGRESS in 0.05188608169555664
2019-12-10 06:56:46.777 11213 RALLYDEBUG rally.task.utils [-] Waiting for resource . Status changed: CHECK_IN_PROGRESS => CHECK_COMPLETE in 1.0766174793243408
2019-12-10 06:56:46.843 11211 RALLYDEBUG rally.task.utils [-] Waiting for resource . Status changed: CREATE_IN_PROGRESS => CREATE_COMPLETE in 0.06969547271728516
2019-12-10 06:56:46.872 11212 INFO rally.task.runner [-] Task f68c9227-52e5-463c-8281-7d65d236dced | ITER: 5 END: OK
2019-12-10 06:56:46.876 11212 INFO rally.task.runner [-] Task f68c9227-52e5-463c-8281-7d65d236dced | ITER: 9 START
2019-12-10 06:56:46.905 11213 RALLYDEBUG rally.task.utils [-] Waiting for resource . Status changed: CREATE_COMPLETE => DELETE_IN_PROGRESS in 0.06681203842163086
2019-12-10 06:56:46.990 11211 RALLYDEBUG rally.task.utils [-] Waiting for resource . Status changed: CREATE_COMPLETE => CHECK_COMPLETE in 0.0553278923034668
2019-12-10 06:56:47.097 11211 RALLYDEBUG rally.task.utils [-] Waiting for resource . Status changed: CREATE_COMPLETE => DELETE_IN_PROGRESS in 0.04904294013977051
2019-12-10 06:56:48.004 11214 INFO rally.task.runner [-] Task f68c9227-52e5-463c-8281-7d65d236dced | ITER: 7 END: OK
2019-12-10 06:56:48.009 11214 INFO rally.task.runner [-] Task f68c9227-52e5-463c-8281-7d65d236dced | ITER: 10 START
2019-12-10 06:56:49.027 11213 INFO rally.task.runner [-] Task f68c9227-52e5-463c-8281-7d65d236dced | ITER: 6 END: OK
2019-12-10 06:56:49.214 11211 INFO rally.task.runner [-] Task f68c9227-52e5-463c-8281-7d65d236dced | ITER: 8 END: OK
2019-12-10 06:56:50.398 11212 RALLYDEBUG rally.task.utils [-] Waiting for resource . Status changed: CREATE_IN_PROGRESS => CREATE_COMPLETE in 0.07219338417053223
2019-12-10 06:56:50.587 11212 RALLYDEBUG rally.task.utils [-] Waiting for resource . Status changed: CREATE_COMPLETE => CHECK_IN_PROGRESS in 0.06899452209472656
2019-12-10 06:56:51.571 11214 RALLYDEBUG rally.task.utils [-] Waiting for resource . Status changed: CREATE_IN_PROGRESS => CREATE_COMPLETE in 0.08071255683898926
2019-12-10 06:56:51.660 11212 RALLYDEBUG rally.task.utils [-] Waiting for resource . Status changed: CHECK_IN_PROGRESS => CHECK_COMPLETE in 1.073133945465088
2019-12-10 06:56:51.739 11214 RALLYDEBUG rally.task.utils [-] Waiting for resource . Status changed: CREATE_COMPLETE => CHECK_COMPLETE in 0.062137603759765625
2019-12-10 06:56:51.784 11212 RALLYDEBUG rally.task.utils [-] Waiting for resource . Status changed: CREATE_COMPLETE => DELETE_IN_PROGRESS in 0.05461835861206055
2019-12-10 06:56:51.848 11214 RALLYDEBUG rally.task.utils [-] Waiting for resource . Status changed: CREATE_COMPLETE => DELETE_IN_PROGRESS in 0.05011773109436035
2019-12-10 06:56:53.908 11212 INFO rally.task.runner [-] Task f68c9227-52e5-463c-8281-7d65d236dced | ITER: 9 END: OK
2019-12-10 06:56:53.964 11214 INFO rally.task.runner [-] Task f68c9227-52e5-463c-8281-7d65d236dced | ITER: 10 END: OK
2019-12-10 06:56:53.996 8497 INFO rally.task.context [-] Task f68c9227-52e5-463c-8281-7d65d236dced | Context cleanup@openstack cleanup() started
2019-12-10 06:56:53.999 8497 RALLYDEBUG rally_openstack.cleanup.manager [-] Cleaning up heat stacks objects
2019-12-10 06:56:55.608 8497 INFO rally.task.context [-] Task f68c9227-52e5-463c-8281-7d65d236dced | Context cleanup@openstack cleanup() finished in 1.61 sec
2019-12-10 06:56:55.609 8497 INFO rally.task.context [-] Task f68c9227-52e5-463c-8281-7d65d236dced | Context roles@openstack cleanup() started
2019-12-10 06:56:55.609 8497 RALLYDEBUG rally_openstack.contexts.keystone.roles [-] Removing assigned role 8362dbe3797a44158298cd7aad1754dd from all users
2019-12-10 06:56:56.620 8497 INFO rally.task.context [-] Task f68c9227-52e5-463c-8281-7d65d236dced | Context roles@openstack cleanup() finished in 1.01 sec
2019-12-10 06:56:56.621 8497 INFO rally.task.context [-] Task f68c9227-52e5-463c-8281-7d65d236dced | Context users@openstack cleanup() started
2019-12-10 06:57:01.451 8497 INFO rally.task.context [-] Task f68c9227-52e5-463c-8281-7d65d236dced | Context users@openstack cleanup() finished in 4.83 sec
2019-12-10 06:57:01.564 8497 INFO rally.task.engine [-] Load duration is: 15.916221
2019-12-10 06:57:01.565 8497 INFO rally.task.engine [-] Full runner duration is: 17.969039
2019-12-10 06:57:01.565 8497 INFO rally.task.engine [-] Full duration is: 34.079912
2019-12-10 06:57:01.911 8497 INFO rally.task.engine [-] Running workload: position = 0 config = { "version": 2, "title": "A cropped version of a bigger task.", "description": "Auto-generated task from a single workload (uuid=3381a8c4-36bf-454c-bbf6-ed1c1e242b0e)", "subtasks": [ { "title": "HeatStacks.create_suspend_resume_delete_stack", "description": "Create, suspend-resume and then delete a stack.", "scenario": { "HeatStacks.create_suspend_resume_delete_stack": { "template_path": "/usr/lib/python3.6/site-packages/functest/opnfv_tests/openstack/rally/scenario/templates/random_strings.yaml.template" } }, "contexts": { "users": { "tenants": 3, "users_per_tenant": 2 }, "roles": [ "heat_stack_owner" ] }, "runner": { "constant": { "concurrency": 4, "times": 10 } }, "hooks": [], "sla": { "failure_rate": { "max": 0 } } } ] }
2019-12-10 06:57:01.936 8497 RALLYDEBUG rally_openstack.contexts.keystone.users [-] Creating 3 tenants using 20 threads
2019-12-10 06:57:02.959 8497 RALLYDEBUG rally_openstack.contexts.keystone.users [-] Creating 6 users using 20 threads
2019-12-10 06:57:04.599 8497 INFO rally.task.context [-] Task f68c9227-52e5-463c-8281-7d65d236dced | Context users@openstack setup() finished in 2.66 sec
2019-12-10 06:57:05.378 8497 RALLYDEBUG rally_openstack.contexts.keystone.roles [-] Adding role heat_stack_owner having ID 8362dbe3797a44158298cd7aad1754dd to all users using 30 threads
2019-12-10 06:57:10.577 8497 INFO rally.task.context [-] Task f68c9227-52e5-463c-8281-7d65d236dced | Context roles@openstack setup() finished in 5.98 sec
2019-12-10 06:57:10.578 8497 INFO rally.task.context [-] Task f68c9227-52e5-463c-8281-7d65d236dced | Context cleanup@openstack setup() finished in 0.01 msec
2019-12-10 06:57:10.588 8497 RALLYDEBUG rally.task.runner [-] Starting the constant runner (task UUID: f68c9227-52e5-463c-8281-7d65d236dced). times: 10 concurrency: 4 timeout: 0 max_cpu_used: 16 processes_to_start: 4 concurrency_per_worker: 1 concurrency_overhead: 0
2019-12-10 06:57:10.599 11395 RALLYDEBUG rally.task.runner [-] Starting a worker. times: 10 duration: None concurrency: 1 timeout: 0 cls: method_name: run args: {"template_path": "heat_template_version: 2014-10-16\n\ndescription: Test template for rally create-update-delete scenario\n\nresources:\n test_string_one:\n type: OS::Heat::RandomString\n properties:\n length: 20\n test_string_two:\n type: OS::Heat::RandomString\n properties:\n length: 20"}
2019-12-10 06:57:10.602 11396 RALLYDEBUG rally.task.runner [-] Starting a worker. times: 10 duration: None concurrency: 1 timeout: 0 cls: method_name: run args: {"template_path": "heat_template_version: 2014-10-16\n\ndescription: Test template for rally create-update-delete scenario\n\nresources:\n test_string_one:\n type: OS::Heat::RandomString\n properties:\n length: 20\n test_string_two:\n type: OS::Heat::RandomString\n properties:\n length: 20"}
2019-12-10 06:57:10.606 11395 INFO rally.task.runner [-] Task f68c9227-52e5-463c-8281-7d65d236dced | ITER: 1 START
2019-12-10 06:57:10.606 11397 RALLYDEBUG rally.task.runner [-] Starting a worker. times: 10 duration: None concurrency: 1 timeout: 0 cls: method_name: run args: {"template_path": "heat_template_version: 2014-10-16\n\ndescription: Test template for rally create-update-delete scenario\n\nresources:\n test_string_one:\n type: OS::Heat::RandomString\n properties:\n length: 20\n test_string_two:\n type: OS::Heat::RandomString\n properties:\n length: 20"}
2019-12-10 06:57:10.609 11396 INFO rally.task.runner [-] Task f68c9227-52e5-463c-8281-7d65d236dced | ITER: 2 START
2019-12-10 06:57:10.610 11399 RALLYDEBUG rally.task.runner [-] Starting a worker. times: 10 duration: None concurrency: 1 timeout: 0 cls: method_name: run args: {"template_path": "heat_template_version: 2014-10-16\n\ndescription: Test template for rally create-update-delete scenario\n\nresources:\n test_string_one:\n type: OS::Heat::RandomString\n properties:\n length: 20\n test_string_two:\n type: OS::Heat::RandomString\n properties:\n length: 20"}
2019-12-10 06:57:10.613 11397 INFO rally.task.runner [-] Task f68c9227-52e5-463c-8281-7d65d236dced | ITER: 3 START
2019-12-10 06:57:10.616 11399 INFO rally.task.runner [-] Task f68c9227-52e5-463c-8281-7d65d236dced | ITER: 4 START
2019-12-10 06:57:14.134 11397 RALLYDEBUG rally.task.utils [-] Waiting for resource . Status changed: CREATE_IN_PROGRESS => CREATE_COMPLETE in 0.07558917999267578
2019-12-10 06:57:14.135 11399 RALLYDEBUG rally.task.utils [-] Waiting for resource . Status changed: CREATE_IN_PROGRESS => CREATE_COMPLETE in 0.07190251350402832
2019-12-10 06:57:14.135 11396 RALLYDEBUG rally.task.utils [-] Waiting for resource . Status changed: CREATE_IN_PROGRESS => CREATE_COMPLETE in 0.07616996765136719
2019-12-10 06:57:14.136 11395 RALLYDEBUG rally.task.utils [-] Waiting for resource . Status changed: CREATE_IN_PROGRESS => CREATE_COMPLETE in 0.0722653865814209
2019-12-10 06:57:14.312 11396 RALLYDEBUG rally.task.utils [-] Waiting for resource . Status changed: CREATE_COMPLETE => SUSPEND_IN_PROGRESS in 0.06673026084899902
2019-12-10 06:57:14.319 11395 RALLYDEBUG rally.task.utils [-] Waiting for resource . Status changed: CREATE_COMPLETE => SUSPEND_IN_PROGRESS in 0.07381367683410645
2019-12-10 06:57:14.320 11397 RALLYDEBUG rally.task.utils [-] Waiting for resource . Status changed: CREATE_COMPLETE => SUSPEND_COMPLETE in 0.07035136222839355
2019-12-10 06:57:14.322 11399 RALLYDEBUG rally.task.utils [-] Waiting for resource . Status changed: CREATE_COMPLETE => SUSPEND_IN_PROGRESS in 0.06937694549560547
2019-12-10 06:57:14.469 11397 RALLYDEBUG rally.task.utils [-] Waiting for resource . Status changed: CREATE_COMPLETE => RESUME_IN_PROGRESS in 0.05730414390563965
2019-12-10 06:57:15.388 11396 RALLYDEBUG rally.task.utils [-] Waiting for resource . Status changed: SUSPEND_IN_PROGRESS => SUSPEND_COMPLETE in 1.0762109756469727
2019-12-10 06:57:15.392 11395 RALLYDEBUG rally.task.utils [-] Waiting for resource . Status changed: SUSPEND_IN_PROGRESS => SUSPEND_COMPLETE in 1.0731935501098633
2019-12-10 06:57:15.395 11399 RALLYDEBUG rally.task.utils [-] Waiting for resource . Status changed: SUSPEND_IN_PROGRESS => SUSPEND_COMPLETE in 1.0735328197479248
2019-12-10 06:57:15.538 11397 RALLYDEBUG rally.task.utils [-] Waiting for resource . Status changed: RESUME_IN_PROGRESS => RESUME_COMPLETE in 1.0683865547180176
2019-12-10 06:57:15.557 11396 RALLYDEBUG rally.task.utils [-] Waiting for resource . Status changed: CREATE_COMPLETE => RESUME_IN_PROGRESS in 0.06334614753723145
2019-12-10 06:57:15.571 11395 RALLYDEBUG rally.task.utils [-] Waiting for resource . Status changed: CREATE_COMPLETE => RESUME_IN_PROGRESS in 0.06963682174682617
2019-12-10 06:57:15.574 11399 RALLYDEBUG rally.task.utils [-] Waiting for resource . Status changed: CREATE_COMPLETE => RESUME_IN_PROGRESS in 0.06742143630981445
2019-12-10 06:57:15.659 11397 RALLYDEBUG rally.task.utils [-] Waiting for resource . Status changed: CREATE_COMPLETE => DELETE_IN_PROGRESS in 0.056928396224975586
2019-12-10 06:57:16.629 11396 RALLYDEBUG rally.task.utils [-] Waiting for resource . Status changed: RESUME_IN_PROGRESS => RESUME_COMPLETE in 1.0714013576507568
2019-12-10 06:57:16.639 11395 RALLYDEBUG rally.task.utils [-] Waiting for resource . Status changed: RESUME_IN_PROGRESS => RESUME_COMPLETE in 1.0681591033935547
2019-12-10 06:57:16.647 11399 RALLYDEBUG rally.task.utils [-] Waiting for resource . Status changed: RESUME_IN_PROGRESS => RESUME_COMPLETE in 1.0730814933776855
2019-12-10 06:57:16.767 11399 RALLYDEBUG rally.task.utils [-] Waiting for resource . Status changed: CREATE_COMPLETE => DELETE_IN_PROGRESS in 0.05458259582519531
2019-12-10 06:57:16.776 11395 RALLYDEBUG rally.task.utils [-] Waiting for resource . Status changed: CREATE_COMPLETE => DELETE_IN_PROGRESS in 0.06519794464111328
2019-12-10 06:57:16.776 11396 RALLYDEBUG rally.task.utils [-] Waiting for resource . Status changed: CREATE_COMPLETE => DELETE_IN_PROGRESS in 0.07986879348754883
2019-12-10 06:57:16.852 11397 INFO rally.task.runner [-] Task f68c9227-52e5-463c-8281-7d65d236dced | ITER: 3 END: OK
2019-12-10 06:57:16.857 11397 INFO rally.task.runner [-] Task f68c9227-52e5-463c-8281-7d65d236dced | ITER: 5 START
2019-12-10 06:57:17.830 11395 INFO rally.task.runner [-] Task f68c9227-52e5-463c-8281-7d65d236dced | ITER: 1 END: OK
2019-12-10 06:57:17.835 11395 INFO rally.task.runner [-] Task f68c9227-52e5-463c-8281-7d65d236dced | ITER: 6 START
2019-12-10 06:57:17.839 11396 INFO rally.task.runner [-] Task f68c9227-52e5-463c-8281-7d65d236dced | ITER: 2 END: OK
2019-12-10 06:57:17.843 11396 INFO rally.task.runner [-] Task f68c9227-52e5-463c-8281-7d65d236dced | ITER: 7 START
2019-12-10 06:57:18.875 11399 INFO rally.task.runner [-] Task f68c9227-52e5-463c-8281-7d65d236dced | ITER: 4 END: OK
2019-12-10 06:57:18.880 11399 INFO rally.task.runner [-] Task f68c9227-52e5-463c-8281-7d65d236dced | ITER: 8 START
2019-12-10 06:57:20.437 11397 RALLYDEBUG rally.task.utils [-] Waiting for resource . Status changed: CREATE_IN_PROGRESS => CREATE_COMPLETE in 0.06439018249511719
2019-12-10 06:57:20.602 11397 RALLYDEBUG rally.task.utils [-] Waiting for resource . Status changed: CREATE_COMPLETE => SUSPEND_IN_PROGRESS in 0.06790471076965332
2019-12-10 06:57:21.263 11395 RALLYDEBUG rally.task.utils [-] Waiting for resource . Status changed: CREATE_IN_PROGRESS => CREATE_COMPLETE in 0.06833028793334961
2019-12-10 06:57:21.429 11395 RALLYDEBUG rally.task.utils [-] Waiting for resource . Status changed: CREATE_COMPLETE => SUSPEND_IN_PROGRESS in 0.062021493911743164
2019-12-10 06:57:21.468 11396 RALLYDEBUG rally.task.utils [-] Waiting for resource . Status changed: CREATE_IN_PROGRESS => CREATE_COMPLETE in 0.06508183479309082
2019-12-10 06:57:21.638 11396 RALLYDEBUG rally.task.utils [-] Waiting for resource . Status changed: CREATE_COMPLETE => SUSPEND_IN_PROGRESS in 0.07033514976501465
2019-12-10 06:57:21.668 11397 RALLYDEBUG rally.task.utils [-] Waiting for resource . Status changed: SUSPEND_IN_PROGRESS => SUSPEND_COMPLETE in 1.0660390853881836
2019-12-10 06:57:21.822 11397 RALLYDEBUG rally.task.utils [-] Waiting for resource . Status changed: CREATE_COMPLETE => RESUME_IN_PROGRESS in 0.05680990219116211
2019-12-10 06:57:22.395 11399 RALLYDEBUG rally.task.utils [-] Waiting for resource . Status changed: CREATE_IN_PROGRESS => CREATE_COMPLETE in 0.07502079010009766
2019-12-10 06:57:22.495 11395 RALLYDEBUG rally.task.utils [-] Waiting for resource . Status changed: SUSPEND_IN_PROGRESS => SUSPEND_COMPLETE in 1.066072940826416
2019-12-10 06:57:22.570 11399 RALLYDEBUG rally.task.utils [-] Waiting for resource . Status changed: CREATE_COMPLETE => SUSPEND_IN_PROGRESS in 0.06762981414794922
2019-12-10 06:57:22.660 11395 RALLYDEBUG rally.task.utils [-] Waiting for resource . Status changed: CREATE_COMPLETE => RESUME_IN_PROGRESS in 0.06457400321960449
2019-12-10 06:57:22.704 11396 RALLYDEBUG rally.task.utils [-] Waiting for resource . Status changed: SUSPEND_IN_PROGRESS => SUSPEND_COMPLETE in 1.0658807754516602
2019-12-10 06:57:22.885 11397 RALLYDEBUG rally.task.utils [-] Waiting for resource . Status changed: RESUME_IN_PROGRESS => RESUME_COMPLETE in 1.0631775856018066
2019-12-10 06:57:22.977 11396 RALLYDEBUG rally.task.utils [-] Waiting for resource . Status changed: CREATE_COMPLETE => RESUME_IN_PROGRESS in 0.06378412246704102
2019-12-10 06:57:23.102 11397 RALLYDEBUG rally.task.utils [-] Waiting for resource . Status changed: CREATE_COMPLETE => DELETE_IN_PROGRESS in 0.05433845520019531
2019-12-10 06:57:23.643 11399 RALLYDEBUG rally.task.utils [-] Waiting for resource . Status changed: SUSPEND_IN_PROGRESS => SUSPEND_COMPLETE in 1.072852611541748
2019-12-10 06:57:23.727 11395 RALLYDEBUG rally.task.utils [-] Waiting for resource . Status changed: RESUME_IN_PROGRESS => RESUME_COMPLETE in 1.0672588348388672
2019-12-10 06:57:23.801 11399 RALLYDEBUG rally.task.utils [-] Waiting for resource . Status changed: CREATE_COMPLETE => RESUME_IN_PROGRESS in 0.060060739517211914
2019-12-10 06:57:23.846 11395 RALLYDEBUG rally.task.utils [-] Waiting for resource . Status changed: CREATE_COMPLETE => DELETE_IN_PROGRESS in 0.0544438362121582
2019-12-10 06:57:24.057 11396 RALLYDEBUG rally.task.utils [-] Waiting for resource . Status changed: RESUME_IN_PROGRESS => RESUME_COMPLETE in 1.0798251628875732
2019-12-10 06:57:24.175 11396 RALLYDEBUG rally.task.utils [-] Waiting for resource . Status changed: CREATE_COMPLETE => DELETE_IN_PROGRESS in 0.05409359931945801
2019-12-10 06:57:24.874 11399 RALLYDEBUG rally.task.utils [-] Waiting for resource . Status changed: RESUME_IN_PROGRESS => RESUME_COMPLETE in 1.072267770767212
2019-12-10 06:57:24.982 11399 RALLYDEBUG rally.task.utils [-] Waiting for resource . Status changed: CREATE_COMPLETE => DELETE_IN_PROGRESS in 0.049051523208618164
2019-12-10 06:57:25.208 11397 INFO rally.task.runner [-] Task f68c9227-52e5-463c-8281-7d65d236dced | ITER: 5 END: OK
2019-12-10 06:57:25.212 11397 INFO rally.task.runner [-] Task f68c9227-52e5-463c-8281-7d65d236dced | ITER: 9 START
2019-12-10 06:57:25.960 11395 INFO rally.task.runner [-] Task f68c9227-52e5-463c-8281-7d65d236dced | ITER: 6 END: OK
2019-12-10 06:57:25.963 11395 INFO rally.task.runner [-] Task f68c9227-52e5-463c-8281-7d65d236dced | ITER: 10 START
2019-12-10 06:57:26.278 11396 INFO rally.task.runner [-] Task f68c9227-52e5-463c-8281-7d65d236dced | ITER: 7 END: OK
2019-12-10 06:57:27.092 11399 INFO rally.task.runner [-] Task f68c9227-52e5-463c-8281-7d65d236dced | ITER: 8 END: OK
2019-12-10 06:57:28.794 11397 RALLYDEBUG rally.task.utils [-] Waiting for resource . Status changed: CREATE_IN_PROGRESS => CREATE_COMPLETE in 0.0748288631439209
2019-12-10 06:57:28.968 11397 RALLYDEBUG rally.task.utils [-] Waiting for resource . Status changed: CREATE_COMPLETE => SUSPEND_IN_PROGRESS in 0.06376791000366211
2019-12-10 06:57:29.569 11395 RALLYDEBUG rally.task.utils [-] Waiting for resource . Status changed: CREATE_IN_PROGRESS => CREATE_COMPLETE in 0.08083581924438477
2019-12-10 06:57:29.763 11395 RALLYDEBUG rally.task.utils [-] Waiting for resource . Status changed: CREATE_COMPLETE => SUSPEND_IN_PROGRESS in 0.07053995132446289
2019-12-10 06:57:30.065 11397 RALLYDEBUG rally.task.utils [-] Waiting for resource . Status changed: SUSPEND_IN_PROGRESS => SUSPEND_COMPLETE in 1.0965278148651123
2019-12-10 06:57:30.251 11397 RALLYDEBUG rally.task.utils [-] Waiting for resource . Status changed: CREATE_COMPLETE => RESUME_IN_PROGRESS in 0.06658363342285156
2019-12-10 06:57:30.845 11395 RALLYDEBUG rally.task.utils [-] Waiting for resource . Status changed: SUSPEND_IN_PROGRESS => SUSPEND_COMPLETE in 1.0829715728759766
2019-12-10 06:57:31.028 11395 RALLYDEBUG rally.task.utils [-] Waiting for resource . Status changed: CREATE_COMPLETE => RESUME_IN_PROGRESS in 0.06850099563598633
2019-12-10 06:57:31.435 11397 RALLYDEBUG rally.task.utils [-] Waiting for resource . Status changed: RESUME_IN_PROGRESS => RESUME_COMPLETE in 1.1839792728424072
2019-12-10 06:57:31.588 11397 RALLYDEBUG rally.task.utils [-] Waiting for resource . Status changed: CREATE_COMPLETE => DELETE_IN_PROGRESS in 0.06901693344116211
2019-12-10 06:57:32.102 11395 RALLYDEBUG rally.task.utils [-] Waiting for resource . Status changed: RESUME_IN_PROGRESS => RESUME_COMPLETE in 1.073298454284668
2019-12-10 06:57:32.238 11395 RALLYDEBUG rally.task.utils [-] Waiting for resource . Status changed: CREATE_COMPLETE => DELETE_IN_PROGRESS in 0.0603337287902832
2019-12-10 06:57:33.711 11397 INFO rally.task.runner [-] Task f68c9227-52e5-463c-8281-7d65d236dced | ITER: 9 END: OK
2019-12-10 06:57:34.364 11395 INFO rally.task.runner [-] Task f68c9227-52e5-463c-8281-7d65d236dced | ITER: 10 END: OK
2019-12-10 06:57:34.390 8497 INFO rally.task.context [-] Task f68c9227-52e5-463c-8281-7d65d236dced | Context cleanup@openstack cleanup() started
2019-12-10 06:57:34.393 8497 RALLYDEBUG rally_openstack.cleanup.manager [-] Cleaning up heat stacks objects
2019-12-10 06:57:35.928 8497 INFO rally.task.context [-] Task f68c9227-52e5-463c-8281-7d65d236dced | Context cleanup@openstack cleanup() finished in 1.54 sec
2019-12-10 06:57:35.929 8497 INFO rally.task.context [-] Task f68c9227-52e5-463c-8281-7d65d236dced | Context roles@openstack cleanup() started
2019-12-10 06:57:35.929 8497 RALLYDEBUG rally_openstack.contexts.keystone.roles [-] Removing assigned role 8362dbe3797a44158298cd7aad1754dd from all users
2019-12-10 06:57:36.887 8497 INFO rally.task.context [-] Task f68c9227-52e5-463c-8281-7d65d236dced | Context roles@openstack cleanup() finished in 0.96 sec
2019-12-10 06:57:36.888 8497 INFO rally.task.context [-] Task f68c9227-52e5-463c-8281-7d65d236dced | Context users@openstack cleanup() started
2019-12-10 06:57:41.871 8497 INFO rally.task.context [-] Task f68c9227-52e5-463c-8281-7d65d236dced | Context users@openstack cleanup() finished in 4.98 sec
2019-12-10 06:57:42.136 8497 INFO rally.task.engine [-] Load duration is: 21.756496
2019-12-10 06:57:42.137 8497 INFO rally.task.engine [-] Full runner duration is: 23.802302
2019-12-10 06:57:42.137 8497 INFO rally.task.engine [-] Full duration is: 39.937504
2019-12-10 06:57:42.450 8497 INFO rally.task.engine [-] Running workload: position = 0 config = { "version": 2, "title": "A cropped version of a bigger task.", "description": "Auto-generated task from a single workload (uuid=85903234-5603-49af-acd3-858397398398)", "subtasks": [ { "title": "HeatStacks.list_stacks_and_resources", "description": "List all resources from tenant stacks.", "scenario": { "HeatStacks.list_stacks_and_resources": {} }, "contexts": { "users": { "tenants": 3, "users_per_tenant": 2 }, "roles": [ "heat_stack_owner" ] }, "runner": { "constant": { "concurrency": 4, "times": 10 } }, "hooks": [], "sla": { "failure_rate": { "max": 0 } } } ] }
2019-12-10 06:57:42.476 8497 RALLYDEBUG rally_openstack.contexts.keystone.users [-] Creating 3 tenants using 20 threads
2019-12-10 06:57:43.419 8497 RALLYDEBUG rally_openstack.contexts.keystone.users [-] Creating 6 users using 20 threads
2019-12-10 06:57:45.075 8497 INFO rally.task.context [-] Task f68c9227-52e5-463c-8281-7d65d236dced | Context users@openstack setup() finished in 2.60 sec
2019-12-10 06:57:45.767 8497 RALLYDEBUG rally_openstack.contexts.keystone.roles [-] Adding role heat_stack_owner having ID 8362dbe3797a44158298cd7aad1754dd to all users using 30 threads
2019-12-10 06:57:51.037 8497 INFO rally.task.context [-] Task f68c9227-52e5-463c-8281-7d65d236dced | Context roles@openstack setup() finished in 5.96 sec
2019-12-10 06:57:51.046 8497 RALLYDEBUG rally.task.runner [-] Starting the constant runner (task UUID: f68c9227-52e5-463c-8281-7d65d236dced). times: 10 concurrency: 4 timeout: 0 max_cpu_used: 16 processes_to_start: 4 concurrency_per_worker: 1 concurrency_overhead: 0
2019-12-10 06:57:51.057 11579 RALLYDEBUG rally.task.runner [-] Starting a worker. times: 10 duration: None concurrency: 1 timeout: 0 cls: method_name: run args: {}
2019-12-10 06:57:51.061 11580 RALLYDEBUG rally.task.runner [-] Starting a worker. times: 10 duration: None concurrency: 1 timeout: 0 cls: method_name: run args: {}
2019-12-10 06:57:51.065 11579 INFO rally.task.runner [-] Task f68c9227-52e5-463c-8281-7d65d236dced | ITER: 1 START
2019-12-10 06:57:51.065 11581 RALLYDEBUG rally.task.runner [-] Starting a worker. times: 10 duration: None concurrency: 1 timeout: 0 cls: method_name: run args: {}
2019-12-10 06:57:51.068 11580 INFO rally.task.runner [-] Task f68c9227-52e5-463c-8281-7d65d236dced | ITER: 2 START
2019-12-10 06:57:51.068 11582 RALLYDEBUG rally.task.runner [-] Starting a worker. times: 10 duration: None concurrency: 1 timeout: 0 cls: method_name: run args: {}
2019-12-10 06:57:51.071 11581 INFO rally.task.runner [-] Task f68c9227-52e5-463c-8281-7d65d236dced | ITER: 3 START
2019-12-10 06:57:51.074 11582 INFO rally.task.runner [-] Task f68c9227-52e5-463c-8281-7d65d236dced | ITER: 4 START
2019-12-10 06:57:51.623 11579 INFO rally.task.runner [-] Task f68c9227-52e5-463c-8281-7d65d236dced | ITER: 1 END: OK
2019-12-10 06:57:51.626 11580 INFO rally.task.runner [-] Task f68c9227-52e5-463c-8281-7d65d236dced | ITER: 2 END: OK
2019-12-10 06:57:51.628 11579 INFO rally.task.runner [-] Task f68c9227-52e5-463c-8281-7d65d236dced | ITER: 5 START
2019-12-10 06:57:51.631 11581 INFO rally.task.runner [-] Task f68c9227-52e5-463c-8281-7d65d236dced | ITER: 3 END: OK
2019-12-10 06:57:51.631 11580 INFO rally.task.runner [-] Task f68c9227-52e5-463c-8281-7d65d236dced | ITER: 6 START
2019-12-10 06:57:51.633 11582 INFO rally.task.runner [-] Task f68c9227-52e5-463c-8281-7d65d236dced | ITER: 4 END: OK
2019-12-10 06:57:51.636 11581 INFO rally.task.runner [-] Task f68c9227-52e5-463c-8281-7d65d236dced | ITER: 7 START
2019-12-10 06:57:51.638 11582 INFO rally.task.runner [-] Task f68c9227-52e5-463c-8281-7d65d236dced | ITER: 8 START
2019-12-10 06:57:52.003 11579 INFO rally.task.runner [-] Task f68c9227-52e5-463c-8281-7d65d236dced | ITER: 5 END: OK
2019-12-10 06:57:52.006 11579 INFO rally.task.runner [-] Task f68c9227-52e5-463c-8281-7d65d236dced | ITER: 9 START
2019-12-10 06:57:52.054 11580 INFO rally.task.runner [-] Task f68c9227-52e5-463c-8281-7d65d236dced | ITER: 6 END: OK
2019-12-10 06:57:52.056 11581 INFO rally.task.runner [-] Task f68c9227-52e5-463c-8281-7d65d236dced | ITER: 7 END: OK
2019-12-10 06:57:52.058 11580 INFO rally.task.runner [-] Task f68c9227-52e5-463c-8281-7d65d236dced | ITER: 10 START
2019-12-10 06:57:52.071 11582 INFO rally.task.runner [-] Task f68c9227-52e5-463c-8281-7d65d236dced | ITER: 8 END: OK
2019-12-10 06:57:52.384 11579 INFO rally.task.runner [-] Task f68c9227-52e5-463c-8281-7d65d236dced | ITER: 9 END: OK
2019-12-10 06:57:52.440 11580 INFO rally.task.runner [-] Task f68c9227-52e5-463c-8281-7d65d236dced | ITER: 10 END: OK
2019-12-10 06:57:52.469 8497 INFO rally.task.context [-] Task f68c9227-52e5-463c-8281-7d65d236dced | Context roles@openstack cleanup() started
2019-12-10 06:57:52.470 8497 RALLYDEBUG rally_openstack.contexts.keystone.roles [-] Removing assigned role 8362dbe3797a44158298cd7aad1754dd from all users
2019-12-10 06:57:53.406 8497 INFO rally.task.context [-] Task f68c9227-52e5-463c-8281-7d65d236dced | Context roles@openstack cleanup() finished in 0.94 sec
2019-12-10 06:57:53.407 8497 INFO rally.task.context [-] Task f68c9227-52e5-463c-8281-7d65d236dced | Context users@openstack cleanup() started
2019-12-10 06:57:58.396 8497 INFO rally.task.context [-] Task f68c9227-52e5-463c-8281-7d65d236dced | Context users@openstack cleanup() finished in 4.99 sec
2019-12-10 06:57:58.598 8497 INFO rally.task.engine [-] Load duration is: 1.373857
2019-12-10 06:57:58.598 8497 INFO rally.task.engine [-] Full runner duration is: 1.423838
2019-12-10 06:57:58.599 8497 INFO rally.task.engine [-] Full duration is: 15.921745
2019-12-10 06:57:58.898 8497 INFO rally.task.engine [-] Task f68c9227-52e5-463c-8281-7d65d236dced | Completed: Running task.
2019-12-10 06:58:00.455 11671 RALLYDEBUG rally.api [-] INFO logs from urllib3 and requests module are hide.
2019-12-10 06:58:00.456 11671 RALLYDEBUG rally.api [-] urllib3 insecure warnings are hidden.
2019-12-10 06:58:00.456 11671 RALLYDEBUG rally.api [-] ERROR log from boto module is hide.
2019-12-10 06:58:01.513 11672 RALLYDEBUG rally.api [-] INFO logs from urllib3 and requests module are hide.
2019-12-10 06:58:01.514 11672 RALLYDEBUG rally.api [-] urllib3 insecure warnings are hidden.
2019-12-10 06:58:01.514 11672 RALLYDEBUG rally.api [-] ERROR log from boto module is hide.
2019-12-10 06:58:02.626 11673 RALLYDEBUG rally.api [-] INFO logs from urllib3 and requests module are hide.
2019-12-10 06:58:02.626 11673 RALLYDEBUG rally.api [-] urllib3 insecure warnings are hidden.
2019-12-10 06:58:02.626 11673 RALLYDEBUG rally.api [-] ERROR log from boto module is hide.
2019-12-10 06:58:04.269 11673 INFO rally.api [-] Building 'json' report for the following task(s): 'f68c9227-52e5-463c-8281-7d65d236dced'.
2019-12-10 06:58:04.292 11673 INFO rally.api [-] The report has been successfully built.
2019-12-10 06:58:05.669 11675 RALLYDEBUG rally.api [-] INFO logs from urllib3 and requests module are hide.
2019-12-10 06:58:05.670 11675 RALLYDEBUG rally.api [-] urllib3 insecure warnings are hidden.
2019-12-10 06:58:05.670 11675 RALLYDEBUG rally.api [-] ERROR log from boto module is hide.
2019-12-10 06:58:07.569 11675 INFO rally.task.engine [-] Task 2fdad28d-2d99-452f-9101-2a8c6466b24d | Starting: Task validation.
2019-12-10 06:58:07.622 11675 INFO rally.task.engine [-] Task 2fdad28d-2d99-452f-9101-2a8c6466b24d | Starting: Task validation of syntax.
2019-12-10 06:58:07.757 11675 INFO rally.task.engine [-] Task 2fdad28d-2d99-452f-9101-2a8c6466b24d | Completed: Task validation of syntax.
2019-12-10 06:58:07.757 11675 INFO rally.task.engine [-] Task 2fdad28d-2d99-452f-9101-2a8c6466b24d | Starting: Task validation of required platforms.
2019-12-10 06:58:07.820 11675 INFO rally.task.engine [-] Task 2fdad28d-2d99-452f-9101-2a8c6466b24d | Completed: Task validation of required platforms.
2019-12-10 06:58:07.821 11675 INFO rally.task.engine [-] Task 2fdad28d-2d99-452f-9101-2a8c6466b24d | Starting: Task validation of semantic.
2019-12-10 06:58:07.822 11675 INFO rally.task.engine [-] Check health of the environment 'd5c14118-836a-4e0c-a67c-e2921db8f91e'.
2019-12-10 06:58:08.832 11675 INFO rally.task.engine [-] Platform existing@openstack (available: True): OK!
2019-12-10 06:58:08.854 11675 RALLYDEBUG rally_openstack.contexts.keystone.users [-] Creating 1 tenants using 20 threads
2019-12-10 06:58:09.715 11675 RALLYDEBUG rally_openstack.contexts.keystone.users [-] Creating 1 users using 20 threads
2019-12-10 06:58:11.098 11675 INFO rally.task.context [-] Task 2fdad28d-2d99-452f-9101-2a8c6466b24d | Context users@openstack setup() finished in 2.24 sec
2019-12-10 06:58:11.193 11675 INFO rally.task.context [-] Task 2fdad28d-2d99-452f-9101-2a8c6466b24d | Context users@openstack cleanup() started
2019-12-10 06:58:14.299 11675 INFO rally.task.context [-] Task 2fdad28d-2d99-452f-9101-2a8c6466b24d | Context users@openstack cleanup() finished in 3.11 sec
2019-12-10 06:58:14.300 11675 INFO rally.task.engine [-] Task 2fdad28d-2d99-452f-9101-2a8c6466b24d | Completed: Task validation of semantic.
2019-12-10 06:58:14.300 11675 INFO rally.task.engine [-] Task 2fdad28d-2d99-452f-9101-2a8c6466b24d | Completed: Task validation.
2019-12-10 06:58:14.301 11675 INFO rally.api [-] Task 2fdad28d-2d99-452f-9101-2a8c6466b24d input file is valid.
2019-12-10 06:58:14.301 11675 INFO rally.api [-] Run Task 2fdad28d-2d99-452f-9101-2a8c6466b24d against Deployment d5c14118-836a-4e0c-a67c-e2921db8f91e
2019-12-10 06:58:14.301 11675 INFO rally.task.engine [-] Task 2fdad28d-2d99-452f-9101-2a8c6466b24d | Starting: Running task.
2019-12-10 06:58:14.486 11675 INFO rally.task.engine [-] Running workload: position = 0 config = { "version": 2, "title": "A cropped version of a bigger task.", "description": "Auto-generated task from a single workload (uuid=fbca072c-fc54-4678-8cc5-16a1831ac07b)", "subtasks": [ { "title": "KeystoneBasic.add_and_remove_user_role", "description": "Create a user role add to a user and disassociate.", "scenario": { "KeystoneBasic.add_and_remove_user_role": {} }, "contexts": { "users": { "tenants": 3, "users_per_tenant": 2 } }, "runner": { "constant": { "concurrency": 4, "times": 10 } }, "hooks": [], "sla": { "failure_rate": { "max": 0 } } } ] }
2019-12-10 06:58:14.507 11675 RALLYDEBUG rally_openstack.contexts.keystone.users [-] Creating 3 tenants using 20 threads
2019-12-10 06:58:15.459 11675 RALLYDEBUG rally_openstack.contexts.keystone.users [-] Creating 6 users using 20 threads
2019-12-10 06:58:16.962 11675 INFO rally.task.context [-] Task 2fdad28d-2d99-452f-9101-2a8c6466b24d | Context users@openstack setup() finished in 2.45 sec
2019-12-10 06:58:16.963 11675 INFO rally.task.context [-] Task 2fdad28d-2d99-452f-9101-2a8c6466b24d | Context admin_cleanup@openstack setup() finished in 0.01 msec
2019-12-10 06:58:16.968 11675 RALLYDEBUG rally.task.runner [-] Starting the constant runner (task UUID: 2fdad28d-2d99-452f-9101-2a8c6466b24d). times: 10 concurrency: 4 timeout: 0 max_cpu_used: 16 processes_to_start: 4 concurrency_per_worker: 1 concurrency_overhead: 0
2019-12-10 06:58:16.977 11799 RALLYDEBUG rally.task.runner [-] Starting a worker. times: 10 duration: None concurrency: 1 timeout: 0 cls: method_name: run args: {}
2019-12-10 06:58:16.981 11800 RALLYDEBUG rally.task.runner [-] Starting a worker. times: 10 duration: None concurrency: 1 timeout: 0 cls: method_name: run args: {}
2019-12-10 06:58:16.982 11799 INFO rally.task.runner [-] Task 2fdad28d-2d99-452f-9101-2a8c6466b24d | ITER: 1 START
2019-12-10 06:58:16.983 11801 RALLYDEBUG rally.task.runner [-] Starting a worker. times: 10 duration: None concurrency: 1 timeout: 0 cls: method_name: run args: {}
2019-12-10 06:58:16.984 11803 RALLYDEBUG rally.task.runner [-] Starting a worker. times: 10 duration: None concurrency: 1 timeout: 0 cls: method_name: run args: {}
2019-12-10 06:58:16.987 11800 INFO rally.task.runner [-] Task 2fdad28d-2d99-452f-9101-2a8c6466b24d | ITER: 2 START
2019-12-10 06:58:16.988 11803 INFO rally.task.runner [-] Task 2fdad28d-2d99-452f-9101-2a8c6466b24d | ITER: 4 START
2019-12-10 06:58:16.989 11801 INFO rally.task.runner [-] Task 2fdad28d-2d99-452f-9101-2a8c6466b24d | ITER: 3 START
2019-12-10 06:58:18.473 11800 INFO rally.task.runner [-] Task 2fdad28d-2d99-452f-9101-2a8c6466b24d | ITER: 2 END: OK
2019-12-10 06:58:18.478 11803 INFO rally.task.runner [-] Task 2fdad28d-2d99-452f-9101-2a8c6466b24d | ITER: 4 END: OK
2019-12-10 06:58:18.478 11800 INFO rally.task.runner [-] Task 2fdad28d-2d99-452f-9101-2a8c6466b24d | ITER: 5 START
2019-12-10 06:58:18.479 11801 INFO rally.task.runner [-] Task 2fdad28d-2d99-452f-9101-2a8c6466b24d | ITER: 3 END: OK
2019-12-10 06:58:18.481 11799 INFO rally.task.runner [-] Task 2fdad28d-2d99-452f-9101-2a8c6466b24d | ITER: 1 END: OK
2019-12-10 06:58:18.484 11803 INFO rally.task.runner [-] Task 2fdad28d-2d99-452f-9101-2a8c6466b24d | ITER: 6 START
2019-12-10 06:58:18.484 11801 INFO rally.task.runner [-] Task 2fdad28d-2d99-452f-9101-2a8c6466b24d | ITER: 7 START
2019-12-10 06:58:18.486 11799 INFO rally.task.runner [-] Task 2fdad28d-2d99-452f-9101-2a8c6466b24d | ITER: 8 START
2019-12-10 06:58:19.962 11800 INFO rally.task.runner [-] Task 2fdad28d-2d99-452f-9101-2a8c6466b24d | ITER: 5 END: OK
2019-12-10 06:58:19.965 11800 INFO rally.task.runner [-] Task 2fdad28d-2d99-452f-9101-2a8c6466b24d | ITER: 9 START
2019-12-10 06:58:20.048 11799 INFO rally.task.runner [-] Task 2fdad28d-2d99-452f-9101-2a8c6466b24d | ITER: 8 END: OK
2019-12-10 06:58:20.051 11799 INFO rally.task.runner [-] Task 2fdad28d-2d99-452f-9101-2a8c6466b24d | ITER: 10 START
2019-12-10 06:58:20.052 11801 INFO rally.task.runner [-] Task 2fdad28d-2d99-452f-9101-2a8c6466b24d | ITER: 7 END: OK
2019-12-10 06:58:20.061 11803 INFO rally.task.runner [-] Task 2fdad28d-2d99-452f-9101-2a8c6466b24d | ITER: 6 END: OK
2019-12-10 06:58:21.636 11799 INFO rally.task.runner [-] Task 2fdad28d-2d99-452f-9101-2a8c6466b24d | ITER: 10 END: OK
2019-12-10 06:58:21.798 11800 INFO rally.task.runner [-] Task 2fdad28d-2d99-452f-9101-2a8c6466b24d | ITER: 9 END: OK
2019-12-10 06:58:21.826 11675 INFO rally.task.context [-] Task 2fdad28d-2d99-452f-9101-2a8c6466b24d | Context admin_cleanup@openstack cleanup() started
2019-12-10 06:58:21.830 11675 RALLYDEBUG rally_openstack.cleanup.manager [-] Cleaning up keystone user objects
2019-12-10 06:58:22.698 11675 RALLYDEBUG rally_openstack.cleanup.manager [-] Cleaning up keystone project objects
2019-12-10 06:58:23.457 11675 RALLYDEBUG rally_openstack.cleanup.manager [-] Cleaning up keystone service objects
2019-12-10 06:58:24.307 11675 RALLYDEBUG rally_openstack.cleanup.manager [-] Cleaning up keystone role objects
2019-12-10 06:58:25.022 11675 RALLYDEBUG rally_openstack.cleanup.manager [-] Deleting keystone.role object s_rally_fbca072c_lrwxIsOL (1f65d893ae4446d78d2a383ab5e11a3d)
2019-12-10 06:58:25.041 11675 RALLYDEBUG rally_openstack.cleanup.manager [-] Deleting keystone.role object s_rally_fbca072c_214pQ42M (460ab60f9a764aa1991ae72ed2eab524)
2019-12-10 06:58:25.050 11675 RALLYDEBUG rally_openstack.cleanup.manager [-] Deleting keystone.role object s_rally_fbca072c_sfCksQb3 (4e36d1d6d04c4dd2ac7bab4439e655d5)
2019-12-10 06:58:25.071 11675 RALLYDEBUG rally_openstack.cleanup.manager [-] Deleting keystone.role object s_rally_fbca072c_olCKKpd3 (579b7d258f594584a9fd854f4064627e)
2019-12-10 06:58:25.073 11675 RALLYDEBUG rally_openstack.cleanup.manager [-] Deleting keystone.role object s_rally_fbca072c_3Gn2w1YJ (813983285193433e94994cae6957a27c)
2019-12-10 06:58:25.084 11675 RALLYDEBUG rally_openstack.cleanup.manager [-] Deleting keystone.role object s_rally_fbca072c_WFmlJNo8 (9751d67684394ff6825f502e7af7626b)
2019-12-10 06:58:25.088 11675 RALLYDEBUG rally_openstack.cleanup.manager [-] Deleting keystone.role object s_rally_fbca072c_K0ANhwJl (a56f4b696c0141e8b98025d0a1cefe7f)
2019-12-10 06:58:25.103 11675 RALLYDEBUG rally_openstack.cleanup.manager [-] Deleting keystone.role object s_rally_fbca072c_o79tDlIr (ab16ca5d582b4cd1bff4075e93fda42c)
2019-12-10 06:58:25.133 11675 RALLYDEBUG rally_openstack.cleanup.manager [-] Deleting keystone.role object s_rally_fbca072c_jS5O6NXH (eb7ac0bacae942958e980ec6db165b63)
2019-12-10 06:58:25.135 11675 RALLYDEBUG rally_openstack.cleanup.manager [-] Deleting keystone.role object s_rally_fbca072c_Ow0OMZgE (db987e81b3744a1eb93177e6be5f1cb2)
2019-12-10 06:58:27.248 11675 INFO rally.task.context [-] Task 2fdad28d-2d99-452f-9101-2a8c6466b24d | Context admin_cleanup@openstack cleanup() finished in 5.42 sec
2019-12-10 06:58:27.249 11675 INFO rally.task.context [-] Task 2fdad28d-2d99-452f-9101-2a8c6466b24d | Context users@openstack cleanup() started
2019-12-10 06:58:32.234 11675 INFO rally.task.context [-] Task 2fdad28d-2d99-452f-9101-2a8c6466b24d | Context users@openstack cleanup() finished in 4.99 sec
2019-12-10 06:58:32.612 11675 INFO rally.task.engine [-] Load duration is: 3.515219
2019-12-10 06:58:32.613 11675 INFO rally.task.engine [-] Full runner duration is: 4.858696
2019-12-10 06:58:32.613 11675 INFO rally.task.engine [-] Full duration is: 17.728544
2019-12-10 06:58:32.960 11675 INFO rally.task.engine [-] Running workload: position = 0 config = { "version": 2, "title": "A cropped version of a bigger task.", "description": "Auto-generated task from a single workload (uuid=4fccd1f7-32f7-49b7-a880-60cc91cc0cec)", "subtasks": [ { "title": "KeystoneBasic.create_add_and_list_user_roles", "description": "Create user role, add it and list user roles for given user.", "scenario": { "KeystoneBasic.create_add_and_list_user_roles": {} }, "contexts": { "users": { "tenants": 3, "users_per_tenant": 2 } }, "runner": { "constant": { "concurrency": 4, "times": 10 } }, "hooks": [], "sla": { "failure_rate": { "max": 0 } } } ] }
2019-12-10 06:58:32.984 11675 RALLYDEBUG rally_openstack.contexts.keystone.users [-] Creating 3 tenants using 20 threads
2019-12-10 06:58:34.021 11675 RALLYDEBUG rally_openstack.contexts.keystone.users [-] Creating 6 users using 20 threads
2019-12-10 06:58:35.651 11675 INFO rally.task.context [-] Task 2fdad28d-2d99-452f-9101-2a8c6466b24d | Context users@openstack setup() finished in 2.67 sec
2019-12-10 06:58:35.651 11675 INFO rally.task.context [-] Task 2fdad28d-2d99-452f-9101-2a8c6466b24d | Context admin_cleanup@openstack setup() finished in 0.01 msec
2019-12-10 06:58:35.660 11675 RALLYDEBUG rally.task.runner [-] Starting the constant runner (task UUID: 2fdad28d-2d99-452f-9101-2a8c6466b24d). times: 10 concurrency: 4 timeout: 0 max_cpu_used: 16 processes_to_start: 4 concurrency_per_worker: 1 concurrency_overhead: 0
2019-12-10 06:58:35.672 11983 RALLYDEBUG rally.task.runner [-] Starting a worker. times: 10 duration: None concurrency: 1 timeout: 0 cls: method_name: run args: {}
2019-12-10 06:58:35.675 11984 RALLYDEBUG rally.task.runner [-] Starting a worker. times: 10 duration: None concurrency: 1 timeout: 0 cls: method_name: run args: {}
2019-12-10 06:58:35.679 11983 INFO rally.task.runner [-] Task 2fdad28d-2d99-452f-9101-2a8c6466b24d | ITER: 1 START
2019-12-10 06:58:35.678 11985 RALLYDEBUG rally.task.runner [-] Starting a worker. times: 10 duration: None concurrency: 1 timeout: 0 cls: method_name: run args: {}
2019-12-10 06:58:35.681 11984 INFO rally.task.runner [-] Task 2fdad28d-2d99-452f-9101-2a8c6466b24d | ITER: 2 START
2019-12-10 06:58:35.682 11987 RALLYDEBUG rally.task.runner [-] Starting a worker. times: 10 duration: None concurrency: 1 timeout: 0 cls: method_name: run args: {}
2019-12-10 06:58:35.685 11985 INFO rally.task.runner [-] Task 2fdad28d-2d99-452f-9101-2a8c6466b24d | ITER: 3 START
2019-12-10 06:58:35.688 11987 INFO rally.task.runner [-] Task 2fdad28d-2d99-452f-9101-2a8c6466b24d | ITER: 4 START
2019-12-10 06:58:37.181 11984 INFO rally.task.runner [-] Task 2fdad28d-2d99-452f-9101-2a8c6466b24d | ITER: 2 END: OK
2019-12-10 06:58:37.186 11984 INFO rally.task.runner [-] Task 2fdad28d-2d99-452f-9101-2a8c6466b24d | ITER: 5 START
2019-12-10 06:58:37.239 11983 INFO rally.task.runner [-] Task 2fdad28d-2d99-452f-9101-2a8c6466b24d | ITER: 1 END: OK
2019-12-10 06:58:37.243 11983 INFO rally.task.runner [-] Task 2fdad28d-2d99-452f-9101-2a8c6466b24d | ITER: 6 START
2019-12-10 06:58:37.251 11987 INFO rally.task.runner [-] Task 2fdad28d-2d99-452f-9101-2a8c6466b24d | ITER: 4 END: OK
2019-12-10 06:58:37.257 11987 INFO rally.task.runner [-] Task 2fdad28d-2d99-452f-9101-2a8c6466b24d | ITER: 7 START
2019-12-10 06:58:37.344 11985 INFO rally.task.runner [-] Task 2fdad28d-2d99-452f-9101-2a8c6466b24d | ITER: 3 END: OK
2019-12-10 06:58:37.349 11985 INFO rally.task.runner [-] Task 2fdad28d-2d99-452f-9101-2a8c6466b24d | ITER: 8 START
2019-12-10 06:58:38.688 11984 INFO rally.task.runner [-] Task 2fdad28d-2d99-452f-9101-2a8c6466b24d | ITER: 5 END: OK
2019-12-10 06:58:38.691 11984 INFO rally.task.runner [-] Task 2fdad28d-2d99-452f-9101-2a8c6466b24d | ITER: 9 START
2019-12-10 06:58:38.767 11983 INFO rally.task.runner [-] Task 2fdad28d-2d99-452f-9101-2a8c6466b24d | ITER: 6 END: OK
2019-12-10 06:58:38.770 11983 INFO rally.task.runner [-] Task 2fdad28d-2d99-452f-9101-2a8c6466b24d | ITER: 10 START
2019-12-10 06:58:38.912 11987 INFO rally.task.runner [-] Task 2fdad28d-2d99-452f-9101-2a8c6466b24d | ITER: 7 END: OK
2019-12-10 06:58:39.025 11985 INFO rally.task.runner [-] Task 2fdad28d-2d99-452f-9101-2a8c6466b24d | ITER: 8 END: OK
2019-12-10 06:58:40.276 11984 INFO rally.task.runner [-] Task 2fdad28d-2d99-452f-9101-2a8c6466b24d | ITER: 9 END: OK
2019-12-10 06:58:40.282 11983 INFO rally.task.runner [-] Task 2fdad28d-2d99-452f-9101-2a8c6466b24d | ITER: 10 END: OK
2019-12-10 06:58:40.305 11675 INFO rally.task.context [-] Task 2fdad28d-2d99-452f-9101-2a8c6466b24d | Context admin_cleanup@openstack cleanup() started
2019-12-10 06:58:40.309 11675 RALLYDEBUG rally_openstack.cleanup.manager [-] Cleaning up keystone user objects
2019-12-10 06:58:41.120 11675 RALLYDEBUG rally_openstack.cleanup.manager [-] Cleaning up keystone project objects
2019-12-10 06:58:41.871 11675 RALLYDEBUG rally_openstack.cleanup.manager [-] Cleaning up keystone service objects
2019-12-10 06:58:42.643 11675 RALLYDEBUG rally_openstack.cleanup.manager [-] Cleaning up keystone role objects
2019-12-10 06:58:43.372 11675 RALLYDEBUG rally_openstack.cleanup.manager [-] Deleting keystone.role object s_rally_4fccd1f7_GJc2VVrF (1774b3cfbc494b2386d3f598af1cd933)
2019-12-10 06:58:43.391 11675 RALLYDEBUG rally_openstack.cleanup.manager [-] Deleting keystone.role object s_rally_4fccd1f7_oPK9ycDl (29a43c0ee3f14d769856d6cd4117604e)
2019-12-10 06:58:43.411 11675 RALLYDEBUG rally_openstack.cleanup.manager [-] Deleting keystone.role object s_rally_4fccd1f7_DrOTnUFE (9705f966808e4f4faf003ea197d8162a)
2019-12-10 06:58:43.418 11675 RALLYDEBUG rally_openstack.cleanup.manager [-] Deleting keystone.role object s_rally_4fccd1f7_M9J6QBLx (83395d22ff954f629939b545b0319a2d)
2019-12-10 06:58:43.425 11675 RALLYDEBUG rally_openstack.cleanup.manager [-] Deleting keystone.role object s_rally_4fccd1f7_CD8g0ZaF (929424a9e5074716b6d314cf2616822d)
2019-12-10 06:58:43.426 11675 RALLYDEBUG rally_openstack.cleanup.manager [-] Deleting keystone.role object s_rally_4fccd1f7_naivS2O0 (de041ae1dd9140e5b6b7783a6e6f226b)
2019-12-10 06:58:43.429 11675 RALLYDEBUG rally_openstack.cleanup.manager [-] Deleting keystone.role object s_rally_4fccd1f7_XiJuKgWY (e127efbee07c4607b994bbfbd4bdf415)
2019-12-10 06:58:43.435 11675 RALLYDEBUG rally_openstack.cleanup.manager [-] Deleting keystone.role object s_rally_4fccd1f7_JYDYMvzs (e8e77c88d6134afb8436481d774e928c)
2019-12-10 06:58:43.466 11675 RALLYDEBUG rally_openstack.cleanup.manager [-] Deleting keystone.role object s_rally_4fccd1f7_Ug8EBSD2 (f41b12d5d32949e095ec88c4a2aa12ba)
2019-12-10 06:58:43.480 11675 RALLYDEBUG rally_openstack.cleanup.manager [-] Deleting keystone.role object s_rally_4fccd1f7_g4u0WYzu (fb847a4036b040daab68936247d8c7f4)
2019-12-10 06:58:45.609 11675 INFO rally.task.context [-] Task 2fdad28d-2d99-452f-9101-2a8c6466b24d | Context admin_cleanup@openstack cleanup() finished in 5.30 sec
2019-12-10 06:58:45.610 11675 INFO rally.task.context [-] Task 2fdad28d-2d99-452f-9101-2a8c6466b24d | Context users@openstack cleanup() started
2019-12-10 06:58:50.643 11675 INFO rally.task.context [-] Task 2fdad28d-2d99-452f-9101-2a8c6466b24d | Context users@openstack cleanup() finished in 5.03 sec
2019-12-10 06:58:51.157 11675 INFO rally.task.engine [-] Load duration is: 3.293391
2019-12-10 06:58:51.157 11675 INFO rally.task.engine [-] Full runner duration is: 4.64549
2019-12-10 06:58:51.158 11675 INFO rally.task.engine [-] Full duration is: 17.660785
