2019-12-10 07:02:53.645 14235 INFO rally.task.runner [-] Task a77ceca8-c64d-42ab-9ece-bcdbe7932983 | ITER: 3 END: OK
2019-12-10 07:02:53.649 14235 INFO rally.task.runner [-] Task a77ceca8-c64d-42ab-9ece-bcdbe7932983 | ITER: 6 START
2019-12-10 07:02:53.842 14236 INFO rally.task.runner [-] Task a77ceca8-c64d-42ab-9ece-bcdbe7932983 | ITER: 4 END: OK
2019-12-10 07:02:53.846 14236 INFO rally.task.runner [-] Task a77ceca8-c64d-42ab-9ece-bcdbe7932983 | ITER: 7 START
2019-12-10 07:02:54.052 14233 INFO rally.task.runner [-] Task a77ceca8-c64d-42ab-9ece-bcdbe7932983 | ITER: 1 END: OK
2019-12-10 07:02:54.058 14233 INFO rally.task.runner [-] Task a77ceca8-c64d-42ab-9ece-bcdbe7932983 | ITER: 8 START
2019-12-10 07:02:55.141 14234 INFO rally.task.runner [-] Task a77ceca8-c64d-42ab-9ece-bcdbe7932983 | ITER: 5 END: OK
2019-12-10 07:02:55.144 14234 INFO rally.task.runner [-] Task a77ceca8-c64d-42ab-9ece-bcdbe7932983 | ITER: 9 START
2019-12-10 07:02:55.210 14235 INFO rally.task.runner [-] Task a77ceca8-c64d-42ab-9ece-bcdbe7932983 | ITER: 6 END: OK
2019-12-10 07:02:55.213 14235 INFO rally.task.runner [-] Task a77ceca8-c64d-42ab-9ece-bcdbe7932983 | ITER: 10 START
2019-12-10 07:02:55.399 14233 INFO rally.task.runner [-] Task a77ceca8-c64d-42ab-9ece-bcdbe7932983 | ITER: 8 END: OK
2019-12-10 07:02:55.781 14236 INFO rally.task.runner [-] Task a77ceca8-c64d-42ab-9ece-bcdbe7932983 | ITER: 7 END: OK
2019-12-10 07:02:56.687 14234 INFO rally.task.runner [-] Task a77ceca8-c64d-42ab-9ece-bcdbe7932983 | ITER: 9 END: OK
2019-12-10 07:02:56.807 14235 INFO rally.task.runner [-] Task a77ceca8-c64d-42ab-9ece-bcdbe7932983 | ITER: 10 END: OK
2019-12-10 07:02:56.832 13785 INFO rally.task.context [-] Task a77ceca8-c64d-42ab-9ece-bcdbe7932983 | Context cleanup@openstack cleanup() started
2019-12-10 07:02:56.836 13785 RALLYDEBUG rally_openstack.cleanup.manager [-] Cleaning up neutron vip objects
2019-12-10 07:02:58.004 13785 RALLYDEBUG rally_openstack.cleanup.manager [-] Cleaning up neutron health_monitor objects
2019-12-10 07:02:59.117 13785 RALLYDEBUG rally_openstack.cleanup.manager [-] Cleaning up neutron pool objects
2019-12-10 07:03:00.248 13785 RALLYDEBUG rally_openstack.cleanup.manager [-] Cleaning up neutron loadbalancer objects
2019-12-10 07:03:01.383 13785 RALLYDEBUG rally_openstack.cleanup.manager [-] Cleaning up neutron floatingip objects
2019-12-10 07:03:02.603 13785 RALLYDEBUG rally_openstack.cleanup.manager [-] Cleaning up neutron trunk objects
2019-12-10 07:03:03.781 13785 RALLYDEBUG rally_openstack.cleanup.manager [-] Cleaning up neutron port objects
2019-12-10 07:03:05.115 13785 RALLYDEBUG rally_openstack.cleanup.manager [-] Deleting neutron.port object s_rally_f9c60f94_D8erODl5 (5e2c679a-8b9c-4009-89b4-43a776cafb0b)
2019-12-10 07:03:05.124 13785 RALLYDEBUG rally_openstack.cleanup.manager [-] Deleting neutron.port object s_rally_f9c60f94_OIlFl7Wc (bc798e8e-8aa7-4e32-be97-4fd313615ad9)
2019-12-10 07:03:05.138 13785 RALLYDEBUG rally_openstack.cleanup.manager [-] Deleting neutron.port object s_rally_f9c60f94_kI5bHhKj (eca004e6-76f5-4edb-834b-65acba89e243)
2019-12-10 07:03:05.144 13785 RALLYDEBUG rally_openstack.cleanup.manager [-] Deleting neutron.port object s_rally_f9c60f94_I7QarYdi (df3d39d3-17b3-46da-a2d2-2117288cdc25)
2019-12-10 07:03:05.153 13785 RALLYDEBUG rally_openstack.cleanup.manager [-] Deleting neutron.port object s_rally_f9c60f94_37mUOu6O (f524f977-1435-4d69-b806-b1233e82417c)
2019-12-10 07:03:05.173 13785 RALLYDEBUG rally_openstack.cleanup.manager [-] Deleting neutron.port object s_rally_f9c60f94_gHdUkv1z (01f7c351-5acb-4216-b210-9f7f05b29949)
2019-12-10 07:03:05.187 13785 RALLYDEBUG rally_openstack.cleanup.manager [-] Deleting neutron.port object s_rally_f9c60f94_GQJl20eL (a7574367-75e8-499b-bf1a-430cc86639c1)
2019-12-10 07:03:05.200 13785 RALLYDEBUG rally_openstack.cleanup.manager [-] Deleting neutron.port object s_rally_f9c60f94_cTGPQFq4 (c481dfaf-ee10-4a6f-9d25-e54b9a184d0b)
2019-12-10 07:03:05.207 13785 RALLYDEBUG rally_openstack.cleanup.manager [-] Deleting neutron.port object s_rally_f9c60f94_2Dbmia8Y (d9843428-77c6-4a24-b273-2ced3c8fc68f)
2019-12-10 07:03:05.225 13785 RALLYDEBUG rally_openstack.cleanup.manager [-] Deleting neutron.port object s_rally_f9c60f94_0R3eLdB5 (ce732330-0ca7-46b4-8d5d-9f13ff9f0099)
2019-12-10 07:03:07.394 13785 RALLYDEBUG rally_openstack.cleanup.manager [-] Cleaning up neutron subnet objects
2019-12-10 07:03:08.700 13785 RALLYDEBUG rally_openstack.cleanup.manager [-] Cleaning up neutron network objects
2019-12-10 07:03:10.116 13785 RALLYDEBUG rally_openstack.cleanup.manager [-] Cleaning up neutron router objects
2019-12-10 07:03:11.375 13785 RALLYDEBUG rally_openstack.cleanup.manager [-] Cleaning up neutron security_group objects
2019-12-10 07:03:12.639 13785 INFO rally.task.context [-] Task a77ceca8-c64d-42ab-9ece-bcdbe7932983 | Context cleanup@openstack cleanup() finished in 15.81 sec
2019-12-10 07:03:12.640 13785 INFO rally.task.context [-] Task a77ceca8-c64d-42ab-9ece-bcdbe7932983 | Context network@openstack cleanup() started
2019-12-10 07:03:24.559 13785 INFO rally.task.context [-] Task a77ceca8-c64d-42ab-9ece-bcdbe7932983 | Context network@openstack cleanup() finished in 11.92 sec
2019-12-10 07:03:24.560 13785 INFO rally.task.context [-] Task a77ceca8-c64d-42ab-9ece-bcdbe7932983 | Context quotas@openstack cleanup() started
2019-12-10 07:03:24.707 13785 INFO rally.task.context [-] Task a77ceca8-c64d-42ab-9ece-bcdbe7932983 | Context quotas@openstack cleanup() finished in 0.15 sec
2019-12-10 07:03:24.707 13785 INFO rally.task.context [-] Task a77ceca8-c64d-42ab-9ece-bcdbe7932983 | Context users@openstack cleanup() started
2019-12-10 07:03:29.026 13785 INFO rally.task.context [-] Task a77ceca8-c64d-42ab-9ece-bcdbe7932983 | Context users@openstack cleanup() finished in 4.32 sec
2019-12-10 07:03:29.697 13785 INFO rally.task.engine [-] Load duration is: 4.770463
2019-12-10 07:03:29.698 13785 INFO rally.task.engine [-] Full runner duration is: 4.816745
2019-12-10 07:03:29.698 13785 INFO rally.task.engine [-] Full duration is: 43.564073
2019-12-10 07:03:30.070 13785 INFO rally.task.engine [-] Running workload: position = 0 config = { "version": 2, "title": "A cropped version of a bigger task.", "description": "Auto-generated task from a single workload (uuid=9c122567-b52b-43b7-bdb1-8ddee6234bb7)", "subtasks": [ { "title": "NeutronNetworks.create_and_update_routers", "description": "Create and update a given number of routers.", "scenario": { "NeutronNetworks.create_and_update_routers": { "network_create_args": {}, "router_create_args": {}, "router_update_args": { "admin_state_up": false }, "subnet_cidr_start": "1.1.0.0/30", "subnet_create_args": {}, "subnets_per_network": 1 } }, "contexts": { "users": { "tenants": 3, "users_per_tenant": 2 }, "quotas": { "neutron": { "network": -1, "subnet": -1, "port": -1, "router": -1 } } }, "runner": { "constant": { "concurrency": 4, "times": 10 } }, "hooks": [], "sla": { "failure_rate": { "max": 0 } } } ] }
2019-12-10 07:03:30.095 13785 RALLYDEBUG rally_openstack.contexts.keystone.users [-] Creating 3 tenants using 20 threads
2019-12-10 07:03:31.227 13785 RALLYDEBUG rally_openstack.contexts.keystone.users [-] Creating 6 users using 20 threads
2019-12-10 07:03:32.781 13785 INFO rally.task.context [-] Task a77ceca8-c64d-42ab-9ece-bcdbe7932983 | Context users@openstack setup() finished in 2.69 sec
2019-12-10 07:03:33.768 13785 INFO rally.task.context [-] Task a77ceca8-c64d-42ab-9ece-bcdbe7932983 | Context quotas@openstack setup() finished in 0.99 sec
2019-12-10 07:03:33.768 13785 INFO rally.task.context [-] Task a77ceca8-c64d-42ab-9ece-bcdbe7932983 | Context cleanup@openstack setup() finished in 0.01 msec
2019-12-10 07:03:33.777 13785 RALLYDEBUG rally.task.runner [-] Starting the constant runner (task UUID: a77ceca8-c64d-42ab-9ece-bcdbe7932983). times: 10 concurrency: 4 timeout: 0 max_cpu_used: 16 processes_to_start: 4 concurrency_per_worker: 1 concurrency_overhead: 0
2019-12-10 07:03:33.789 14557 RALLYDEBUG rally.task.runner [-] Starting a worker. times: 10 duration: None concurrency: 1 timeout: 0 cls: method_name: run args: {"network_create_args": {}, "router_create_args": {}, "router_update_args": {"admin_state_up": false}, "subnet_cidr_start": "1.1.0.0/30", "subnet_create_args": {}, "subnets_per_network": 1}
2019-12-10 07:03:33.792 14558 RALLYDEBUG rally.task.runner [-] Starting a worker. times: 10 duration: None concurrency: 1 timeout: 0 cls: method_name: run args: {"network_create_args": {}, "router_create_args": {}, "router_update_args": {"admin_state_up": false}, "subnet_cidr_start": "1.1.0.0/30", "subnet_create_args": {}, "subnets_per_network": 1}
2019-12-10 07:03:33.796 14557 INFO rally.task.runner [-] Task a77ceca8-c64d-42ab-9ece-bcdbe7932983 | ITER: 1 START
2019-12-10 07:03:33.796 14559 RALLYDEBUG rally.task.runner [-] Starting a worker. times: 10 duration: None concurrency: 1 timeout: 0 cls: method_name: run args: {"network_create_args": {}, "router_create_args": {}, "router_update_args": {"admin_state_up": false}, "subnet_cidr_start": "1.1.0.0/30", "subnet_create_args": {}, "subnets_per_network": 1}
2019-12-10 07:03:33.798 14558 INFO rally.task.runner [-] Task a77ceca8-c64d-42ab-9ece-bcdbe7932983 | ITER: 2 START
2019-12-10 07:03:33.798 14560 RALLYDEBUG rally.task.runner [-] Starting a worker. times: 10 duration: None concurrency: 1 timeout: 0 cls: method_name: run args: {"network_create_args": {}, "router_create_args": {}, "router_update_args": {"admin_state_up": false}, "subnet_cidr_start": "1.1.0.0/30", "subnet_create_args": {}, "subnets_per_network": 1}
2019-12-10 07:03:33.802 14559 INFO rally.task.runner [-] Task a77ceca8-c64d-42ab-9ece-bcdbe7932983 | ITER: 3 START
2019-12-10 07:03:33.803 14560 INFO rally.task.runner [-] Task a77ceca8-c64d-42ab-9ece-bcdbe7932983 | ITER: 4 START
2019-12-10 07:03:34.492 14558 RALLYDEBUG rally_openstack.wrappers.network [-] CIDR generated: 1.1.0.16/30
2019-12-10 07:03:34.492 14560 RALLYDEBUG rally_openstack.wrappers.network [-] CIDR generated: 1.1.0.12/30
2019-12-10 07:03:34.537 14559 RALLYDEBUG rally_openstack.wrappers.network [-] CIDR generated: 1.1.0.20/30
2019-12-10 07:03:35.109 14557 RALLYDEBUG rally_openstack.wrappers.network [-] CIDR generated: 1.1.0.24/30
2019-12-10 07:03:37.651 14558 INFO rally.task.runner [-] Task a77ceca8-c64d-42ab-9ece-bcdbe7932983 | ITER: 2 END: OK
2019-12-10 07:03:37.654 14558 INFO rally.task.runner [-] Task a77ceca8-c64d-42ab-9ece-bcdbe7932983 | ITER: 5 START
2019-12-10 07:03:38.013 14560 INFO rally.task.runner [-] Task a77ceca8-c64d-42ab-9ece-bcdbe7932983 | ITER: 4 END: OK
2019-12-10 07:03:38.016 14560 INFO rally.task.runner [-] Task a77ceca8-c64d-42ab-9ece-bcdbe7932983 | ITER: 6 START
2019-12-10 07:03:38.159 14558 RALLYDEBUG rally_openstack.wrappers.network [-] CIDR generated: 1.1.0.28/30
2019-12-10 07:03:38.445 14557 INFO rally.task.runner [-] Task a77ceca8-c64d-42ab-9ece-bcdbe7932983 | ITER: 1 END: OK
2019-12-10 07:03:38.446 14559 INFO rally.task.runner [-] Task a77ceca8-c64d-42ab-9ece-bcdbe7932983 | ITER: 3 END: OK
2019-12-10 07:03:38.450 14557 INFO rally.task.runner [-] Task a77ceca8-c64d-42ab-9ece-bcdbe7932983 | ITER: 7 START
2019-12-10 07:03:38.451 14559 INFO rally.task.runner [-] Task a77ceca8-c64d-42ab-9ece-bcdbe7932983 | ITER: 8 START
2019-12-10 07:03:38.590 14560 RALLYDEBUG rally_openstack.wrappers.network [-] CIDR generated: 1.1.0.32/30
2019-12-10 07:03:38.929 14559 RALLYDEBUG rally_openstack.wrappers.network [-] CIDR generated: 1.1.0.36/30
2019-12-10 07:03:38.956 14557 RALLYDEBUG rally_openstack.wrappers.network [-] CIDR generated: 1.1.0.40/30
2019-12-10 07:03:41.844 14558 INFO rally.task.runner [-] Task a77ceca8-c64d-42ab-9ece-bcdbe7932983 | ITER: 5 END: OK
2019-12-10 07:03:41.848 14558 INFO rally.task.runner [-] Task a77ceca8-c64d-42ab-9ece-bcdbe7932983 | ITER: 9 START
2019-12-10 07:03:42.212 14560 INFO rally.task.runner [-] Task a77ceca8-c64d-42ab-9ece-bcdbe7932983 | ITER: 6 END: OK
2019-12-10 07:03:42.216 14560 INFO rally.task.runner [-] Task a77ceca8-c64d-42ab-9ece-bcdbe7932983 | ITER: 10 START
2019-12-10 07:03:42.261 14559 INFO rally.task.runner [-] Task a77ceca8-c64d-42ab-9ece-bcdbe7932983 | ITER: 8 END: OK
2019-12-10 07:03:42.521 14558 RALLYDEBUG rally_openstack.wrappers.network [-] CIDR generated: 1.1.0.44/30
2019-12-10 07:03:42.672 14557 INFO rally.task.runner [-] Task a77ceca8-c64d-42ab-9ece-bcdbe7932983 | ITER: 7 END: OK
2019-12-10 07:03:42.704 14560 RALLYDEBUG rally_openstack.wrappers.network [-] CIDR generated: 1.1.0.48/30
2019-12-10 07:03:46.015 14560 INFO rally.task.runner [-] Task a77ceca8-c64d-42ab-9ece-bcdbe7932983 | ITER: 10 END: OK
2019-12-10 07:03:46.071 14558 INFO rally.task.runner [-] Task a77ceca8-c64d-42ab-9ece-bcdbe7932983 | ITER: 9 END: OK
2019-12-10 07:03:46.099 13785 INFO rally.task.context [-] Task a77ceca8-c64d-42ab-9ece-bcdbe7932983 | Context cleanup@openstack cleanup() started
2019-12-10 07:03:46.102 13785 RALLYDEBUG rally_openstack.cleanup.manager [-] Cleaning up neutron vip objects
2019-12-10 07:03:47.205 13785 RALLYDEBUG rally_openstack.cleanup.manager [-] Cleaning up neutron health_monitor objects
2019-12-10 07:03:48.341 13785 RALLYDEBUG rally_openstack.cleanup.manager [-] Cleaning up neutron pool objects
2019-12-10 07:03:49.483 13785 RALLYDEBUG rally_openstack.cleanup.manager [-] Cleaning up neutron loadbalancer objects
2019-12-10 07:03:50.591 13785 RALLYDEBUG rally_openstack.cleanup.manager [-] Cleaning up neutron floatingip objects
2019-12-10 07:03:51.863 13785 RALLYDEBUG rally_openstack.cleanup.manager [-] Cleaning up neutron trunk objects
2019-12-10 07:03:53.043 13785 RALLYDEBUG rally_openstack.cleanup.manager [-] Cleaning up neutron port objects
2019-12-10 07:03:55.019 13785 RALLYDEBUG rally_openstack.cleanup.manager [-] Deleting neutron.port object s_rally_9c122567_HoGJ0oH6 (1f5f2abd-17d5-410f-a5cf-e68bc9bd2e01)
2019-12-10 07:03:55.028 13785 RALLYDEBUG rally_openstack.cleanup.manager [-] Deleting neutron.port object s_rally_9c122567_phMFPOWS (2cb3a698-e266-449e-9a5a-6eefe7c8cb03)
2019-12-10 07:03:55.037 13785 RALLYDEBUG rally_openstack.cleanup.manager [-] Deleting neutron.port object s_rally_9c122567_gjHqiotG (7f790c58-2537-4751-bb4e-def765f7284d)
2019-12-10 07:03:55.068 13785 RALLYDEBUG rally_openstack.cleanup.manager [-] Deleting neutron.port object s_rally_9c122567_In1tSJLC (9d503eb3-2874-4a9c-afbf-15c53e0bd4a0)
2019-12-10 07:03:55.076 13785 RALLYDEBUG rally_openstack.cleanup.manager [-] Deleting neutron.port object s_rally_9c122567_Fstxg2TN (84c9cf4d-9c8d-41e8-ac29-51fe0edbbe0a)
2019-12-10 07:03:55.100 13785 RALLYDEBUG rally_openstack.cleanup.manager [-] Deleting neutron.port object s_rally_9c122567_12bUhZJt (b97b91e4-d701-48f5-bc60-0978cec9c90f)
2019-12-10 07:03:55.105 13785 RALLYDEBUG rally_openstack.cleanup.manager [-] Deleting neutron.port object s_rally_9c122567_1ZGc1kaY (1eae7730-bd5a-4ea3-8748-83ef8372c3b6)
2019-12-10 07:03:55.112 13785 RALLYDEBUG rally_openstack.cleanup.manager [-] Deleting neutron.port object s_rally_9c122567_y5cWflsj (f1a4a5dc-34e9-4ab7-a985-05412b319779)
2019-12-10 07:03:55.118 13785 RALLYDEBUG rally_openstack.cleanup.manager [-] Deleting neutron.port object s_rally_9c122567_odYT0CGV (f575f455-4473-4ca2-a0db-10cd470b2322)
2019-12-10 07:03:55.126 13785 RALLYDEBUG rally_openstack.cleanup.manager [-] Deleting neutron.port object s_rally_9c122567_G54rOtqU (ff5c92a9-0f4e-40fe-a6d9-47f5949227f3)
2019-12-10 07:03:59.830 13785 RALLYDEBUG rally_openstack.cleanup.manager [-] Cleaning up neutron subnet objects
2019-12-10 07:04:01.137 13785 RALLYDEBUG rally_openstack.cleanup.manager [-] Deleting neutron.subnet object s_rally_9c122567_PFkaoGOv (1f62ada3-4a5a-4dcf-a9bf-b946f668bc70)
2019-12-10 07:04:01.146 13785 RALLYDEBUG rally_openstack.cleanup.manager [-] Deleting neutron.subnet object s_rally_9c122567_gNpFJn4B (98f0c706-2557-4951-9ff0-33f0cbcd6ab4)
2019-12-10 07:04:01.155 13785 RALLYDEBUG rally_openstack.cleanup.manager [-] Deleting neutron.subnet object s_rally_9c122567_Zh56VTOy (e798a60c-d1e9-45a3-ae3b-46c5214397be)
2019-12-10 07:04:01.164 13785 RALLYDEBUG rally_openstack.cleanup.manager [-] Deleting neutron.subnet object s_rally_9c122567_ReDIdPj1 (10931c29-b006-4781-a312-b3905a54379b)
2019-12-10 07:04:01.173 13785 RALLYDEBUG rally_openstack.cleanup.manager [-] Deleting neutron.subnet object s_rally_9c122567_BMUbQpxO (7850125d-d979-40f3-91b2-4e32842639fc)
2019-12-10 07:04:01.188 13785 RALLYDEBUG rally_openstack.cleanup.manager [-] Deleting neutron.subnet object s_rally_9c122567_fAof7NqV (cfd69f8b-8bd1-4359-a7a6-8bdbe423fef7)
2019-12-10 07:04:01.198 13785 RALLYDEBUG rally_openstack.cleanup.manager [-] Deleting neutron.subnet object s_rally_9c122567_IriDGYyk (8838489a-7ee3-4fbd-ad3f-8596a6c18bed)
2019-12-10 07:04:01.203 13785 RALLYDEBUG rally_openstack.cleanup.manager [-] Deleting neutron.subnet object s_rally_9c122567_TWpnnqHw (905a7f75-b324-47af-9fe1-3b47a70e8985)
2019-12-10 07:04:01.221 13785 RALLYDEBUG rally_openstack.cleanup.manager [-] Deleting neutron.subnet object s_rally_9c122567_MHHfsaeR (bb986a33-940e-41a7-9064-7a5eeaa1c91c)
2019-12-10 07:04:01.235 13785 RALLYDEBUG rally_openstack.cleanup.manager [-] Deleting neutron.subnet object s_rally_9c122567_DS1SdCdQ (df3187c7-945f-4b61-bde1-071f45936c93)
2019-12-10 07:04:04.389 13785 RALLYDEBUG rally_openstack.cleanup.manager [-] Cleaning up neutron network objects
2019-12-10 07:04:05.745 13785 RALLYDEBUG rally_openstack.cleanup.manager [-] Deleting neutron.network object s_rally_9c122567_Hk6iq6Qw (029c9106-cfeb-4757-a508-0ade18b30f64)
2019-12-10 07:04:05.751 13785 RALLYDEBUG rally_openstack.cleanup.manager [-] Deleting neutron.network object s_rally_9c122567_C1jchtYi (6a18d2ba-cec9-4bfb-871e-0993dc4cef11)
2019-12-10 07:04:05.763 13785 RALLYDEBUG rally_openstack.cleanup.manager [-] Deleting neutron.network object s_rally_9c122567_6sIcjVZO (d061e0b3-ddf4-45fc-ab54-c38f522643de)
2019-12-10 07:04:05.769 13785 RALLYDEBUG rally_openstack.cleanup.manager [-] Deleting neutron.network object s_rally_9c122567_cw9zIgFJ (651a3c7c-403d-4de9-b40f-c0ab5431e14c)
2019-12-10 07:04:05.774 13785 RALLYDEBUG rally_openstack.cleanup.manager [-] Deleting neutron.network object s_rally_9c122567_8rtc95Wq (a76c9269-3af3-4039-b761-e4aced1d1706)
2019-12-10 07:04:05.795 13785 RALLYDEBUG rally_openstack.cleanup.manager [-] Deleting neutron.network object s_rally_9c122567_pnFtKkks (bf199a0d-de8f-417a-a99c-801b7a979ae9)
2019-12-10 07:04:05.809 13785 RALLYDEBUG rally_openstack.cleanup.manager [-] Deleting neutron.network object s_rally_9c122567_P6qQ1IqY (0a0045da-6d19-451d-bc0e-2ec608b3db17)
2019-12-10 07:04:05.821 13785 RALLYDEBUG rally_openstack.cleanup.manager [-] Deleting neutron.network object s_rally_9c122567_M18zTVBC (818989a9-431f-4dd6-8ac2-49bc8cdb1627)
2019-12-10 07:04:05.826 13785 RALLYDEBUG rally_openstack.cleanup.manager [-] Deleting neutron.network object s_rally_9c122567_mMMn4Wg3 (990071ae-6627-4163-b115-2a283b707aae)
2019-12-10 07:04:05.842 13785 RALLYDEBUG rally_openstack.cleanup.manager [-] Deleting neutron.network object s_rally_9c122567_7oRQi1Qz (d3fb80c4-b9e3-49c5-b7ec-b7098a1602c6)
2019-12-10 07:04:08.352 13785 RALLYDEBUG rally_openstack.cleanup.manager [-] Cleaning up neutron router objects
2019-12-10 07:04:09.776 13785 RALLYDEBUG rally_openstack.cleanup.manager [-] Deleting neutron.router object s_rally_9c122567_gjHqiotG (06b9f7f0-0ce2-47c7-8122-c5790c5ab70f)
2019-12-10 07:04:09.786 13785 RALLYDEBUG rally_openstack.cleanup.manager [-] Deleting neutron.router object s_rally_9c122567_HoGJ0oH6 (42dd7cff-d443-4219-86c6-8db377c05bb6)
2019-12-10 07:04:09.795 13785 RALLYDEBUG rally_openstack.cleanup.manager [-] Deleting neutron.router object s_rally_9c122567_phMFPOWS (4d9bed87-6023-4f5d-99d8-2fe006454ff8)
2019-12-10 07:04:09.804 13785 RALLYDEBUG rally_openstack.cleanup.manager [-] Deleting neutron.router object s_rally_9c122567_In1tSJLC (1a6d4e0b-da4c-44ff-b140-9dfde6232428)
2019-12-10 07:04:09.815 13785 RALLYDEBUG rally_openstack.cleanup.manager [-] Deleting neutron.router object s_rally_9c122567_Fstxg2TN (62e05e5f-c4ce-4d27-97f9-c088cd15d242)
2019-12-10 07:04:09.822 13785 RALLYDEBUG rally_openstack.cleanup.manager [-] Deleting neutron.router object s_rally_9c122567_1ZGc1kaY (da015b5c-e9cc-404a-b6f8-555e218f6b21)
2019-12-10 07:04:09.848 13785 RALLYDEBUG rally_openstack.cleanup.manager [-] Deleting neutron.router object s_rally_9c122567_odYT0CGV (3c3e9551-c373-43d4-805c-b0e0b8f4810f)
2019-12-10 07:04:09.857 13785 RALLYDEBUG rally_openstack.cleanup.manager [-] Deleting neutron.router object s_rally_9c122567_12bUhZJt (3d3c26b8-5969-40d4-898a-0ba8585d497a)
2019-12-10 07:04:09.880 13785 RALLYDEBUG rally_openstack.cleanup.manager [-] Deleting neutron.router object s_rally_9c122567_G54rOtqU (5721cd4f-01b1-4308-9e8d-1bb9440860ca)
2019-12-10 07:04:09.885 13785 RALLYDEBUG rally_openstack.cleanup.manager [-] Deleting neutron.router object s_rally_9c122567_y5cWflsj (e30e362c-b630-49ae-9c30-59b1fd7c0a4f)
2019-12-10 07:04:12.141 13785 RALLYDEBUG rally_openstack.cleanup.manager [-] Cleaning up neutron security_group objects
2019-12-10 07:04:13.428 13785 INFO rally.task.context [-] Task a77ceca8-c64d-42ab-9ece-bcdbe7932983 | Context cleanup@openstack cleanup() finished in 27.33 sec
2019-12-10 07:04:13.428 13785 INFO rally.task.context [-] Task a77ceca8-c64d-42ab-9ece-bcdbe7932983 | Context quotas@openstack cleanup() started
2019-12-10 07:04:13.579 13785 INFO rally.task.context [-] Task a77ceca8-c64d-42ab-9ece-bcdbe7932983 | Context quotas@openstack cleanup() finished in 0.15 sec
2019-12-10 07:04:13.579 13785 INFO rally.task.context [-] Task a77ceca8-c64d-42ab-9ece-bcdbe7932983 | Context users@openstack cleanup() started
2019-12-10 07:04:17.733 13785 INFO rally.task.context [-] Task a77ceca8-c64d-42ab-9ece-bcdbe7932983 | Context users@openstack cleanup() finished in 4.15 sec
2019-12-10 07:04:18.408 13785 INFO rally.task.engine [-] Load duration is: 12.273418
2019-12-10 07:04:18.409 13785 INFO rally.task.engine [-] Full runner duration is: 12.321751
2019-12-10 07:04:18.409 13785 INFO rally.task.engine [-] Full duration is: 47.640378
2019-12-10 07:04:18.770 13785 INFO rally.task.engine [-] Running workload: position = 0 config = { "version": 2, "title": "A cropped version of a bigger task.", "description": "Auto-generated task from a single workload (uuid=cf4d1cab-1023-48e2-bf51-39ab8bc0f2c9)", "subtasks": [ { "title": "NeutronNetworks.create_and_update_subnets", "description": "Create and update a subnet.", "scenario": { "NeutronNetworks.create_and_update_subnets": { "network_create_args": {}, "subnet_cidr_start": "1.4.0.0/16", "subnet_create_args": {}, "subnet_update_args": { "enable_dhcp": false }, "subnets_per_network": 1 } }, "contexts": { "users": { "tenants": 3, "users_per_tenant": 2 }, "quotas": { "neutron": { "network": -1, "subnet": -1 } } }, "runner": { "constant": { "concurrency": 4, "times": 10 } }, "hooks": [], "sla": { "failure_rate": { "max": 0 } } } ] }
2019-12-10 07:04:18.798 13785 RALLYDEBUG rally_openstack.contexts.keystone.users [-] Creating 3 tenants using 20 threads
2019-12-10 07:04:19.746 13785 RALLYDEBUG rally_openstack.contexts.keystone.users [-] Creating 6 users using 20 threads
2019-12-10 07:04:21.417 13785 INFO rally.task.context [-] Task a77ceca8-c64d-42ab-9ece-bcdbe7932983 | Context users@openstack setup() finished in 2.62 sec
2019-12-10 07:04:22.260 13785 INFO rally.task.context [-] Task a77ceca8-c64d-42ab-9ece-bcdbe7932983 | Context quotas@openstack setup() finished in 0.84 sec
2019-12-10 07:04:22.261 13785 INFO rally.task.context [-] Task a77ceca8-c64d-42ab-9ece-bcdbe7932983 | Context cleanup@openstack setup() finished in 0.02 msec
2019-12-10 07:04:22.270 13785 RALLYDEBUG rally.task.runner [-] Starting the constant runner (task UUID: a77ceca8-c64d-42ab-9ece-bcdbe7932983). times: 10 concurrency: 4 timeout: 0 max_cpu_used: 16 processes_to_start: 4 concurrency_per_worker: 1 concurrency_overhead: 0
2019-12-10 07:04:22.282 14881 RALLYDEBUG rally.task.runner [-] Starting a worker. times: 10 duration: None concurrency: 1 timeout: 0 cls: method_name: run args: {"network_create_args": {}, "subnet_cidr_start": "1.4.0.0/16", "subnet_create_args": {}, "subnet_update_args": {"enable_dhcp": false}, "subnets_per_network": 1}
2019-12-10 07:04:22.285 14882 RALLYDEBUG rally.task.runner [-] Starting a worker. times: 10 duration: None concurrency: 1 timeout: 0 cls: method_name: run args: {"network_create_args": {}, "subnet_cidr_start": "1.4.0.0/16", "subnet_create_args": {}, "subnet_update_args": {"enable_dhcp": false}, "subnets_per_network": 1}
2019-12-10 07:04:22.289 14881 INFO rally.task.runner [-] Task a77ceca8-c64d-42ab-9ece-bcdbe7932983 | ITER: 1 START
2019-12-10 07:04:22.289 14883 RALLYDEBUG rally.task.runner [-] Starting a worker. times: 10 duration: None concurrency: 1 timeout: 0 cls: method_name: run args: {"network_create_args": {}, "subnet_cidr_start": "1.4.0.0/16", "subnet_create_args": {}, "subnet_update_args": {"enable_dhcp": false}, "subnets_per_network": 1}
2019-12-10 07:04:22.292 14882 INFO rally.task.runner [-] Task a77ceca8-c64d-42ab-9ece-bcdbe7932983 | ITER: 2 START
2019-12-10 07:04:22.292 14885 RALLYDEBUG rally.task.runner [-] Starting a worker. times: 10 duration: None concurrency: 1 timeout: 0 cls: method_name: run args: {"network_create_args": {}, "subnet_cidr_start": "1.4.0.0/16", "subnet_create_args": {}, "subnet_update_args": {"enable_dhcp": false}, "subnets_per_network": 1}
2019-12-10 07:04:22.296 14883 INFO rally.task.runner [-] Task a77ceca8-c64d-42ab-9ece-bcdbe7932983 | ITER: 3 START
2019-12-10 07:04:22.299 14885 INFO rally.task.runner [-] Task a77ceca8-c64d-42ab-9ece-bcdbe7932983 | ITER: 4 START
2019-12-10 07:04:22.974 14885 RALLYDEBUG rally_openstack.wrappers.network [-] CIDR generated: 1.17.0.0/16
2019-12-10 07:04:23.024 14881 RALLYDEBUG rally_openstack.wrappers.network [-] CIDR generated: 1.18.0.0/16
2019-12-10 07:04:23.242 14882 RALLYDEBUG rally_openstack.wrappers.network [-] CIDR generated: 1.19.0.0/16
2019-12-10 07:04:23.298 14883 RALLYDEBUG rally_openstack.wrappers.network [-] CIDR generated: 1.20.0.0/16
2019-12-10 07:04:24.227 14881 INFO rally.task.runner [-] Task a77ceca8-c64d-42ab-9ece-bcdbe7932983 | ITER: 1 END: OK
2019-12-10 07:04:24.231 14881 INFO rally.task.runner [-] Task a77ceca8-c64d-42ab-9ece-bcdbe7932983 | ITER: 5 START
2019-12-10 07:04:24.470 14882 INFO rally.task.runner [-] Task a77ceca8-c64d-42ab-9ece-bcdbe7932983 | ITER: 2 END: OK
2019-12-10 07:04:24.474 14882 INFO rally.task.runner [-] Task a77ceca8-c64d-42ab-9ece-bcdbe7932983 | ITER: 6 START
2019-12-10 07:04:24.570 14885 INFO rally.task.runner [-] Task a77ceca8-c64d-42ab-9ece-bcdbe7932983 | ITER: 4 END: OK
2019-12-10 07:04:24.574 14885 INFO rally.task.runner [-] Task a77ceca8-c64d-42ab-9ece-bcdbe7932983 | ITER: 7 START
2019-12-10 07:04:24.734 14883 INFO rally.task.runner [-] Task a77ceca8-c64d-42ab-9ece-bcdbe7932983 | ITER: 3 END: OK
2019-12-10 07:04:24.739 14883 INFO rally.task.runner [-] Task a77ceca8-c64d-42ab-9ece-bcdbe7932983 | ITER: 8 START
2019-12-10 07:04:24.785 14881 RALLYDEBUG rally_openstack.wrappers.network [-] CIDR generated: 1.21.0.0/16
2019-12-10 07:04:24.966 14882 RALLYDEBUG rally_openstack.wrappers.network [-] CIDR generated: 1.22.0.0/16
2019-12-10 07:04:25.145 14885 RALLYDEBUG rally_openstack.wrappers.network [-] CIDR generated: 1.23.0.0/16
2019-12-10 07:04:25.246 14883 RALLYDEBUG rally_openstack.wrappers.network [-] CIDR generated: 1.24.0.0/16
2019-12-10 07:04:25.957 14881 INFO rally.task.runner [-] Task a77ceca8-c64d-42ab-9ece-bcdbe7932983 | ITER: 5 END: OK
2019-12-10 07:04:25.961 14881 INFO rally.task.runner [-] Task a77ceca8-c64d-42ab-9ece-bcdbe7932983 | ITER: 9 START
2019-12-10 07:04:25.993 14882 INFO rally.task.runner [-] Task a77ceca8-c64d-42ab-9ece-bcdbe7932983 | ITER: 6 END: OK
2019-12-10 07:04:25.996 14882 INFO rally.task.runner [-] Task a77ceca8-c64d-42ab-9ece-bcdbe7932983 | ITER: 10 START
2019-12-10 07:04:26.454 14881 RALLYDEBUG rally_openstack.wrappers.network [-] CIDR generated: 1.25.0.0/16
2019-12-10 07:04:26.465 14885 INFO rally.task.runner [-] Task a77ceca8-c64d-42ab-9ece-bcdbe7932983 | ITER: 7 END: OK
2019-12-10 07:04:26.506 14882 RALLYDEBUG rally_openstack.wrappers.network [-] CIDR generated: 1.26.0.0/16
2019-12-10 07:04:26.860 14883 INFO rally.task.runner [-] Task a77ceca8-c64d-42ab-9ece-bcdbe7932983 | ITER: 8 END: OK
2019-12-10 07:04:27.536 14881 INFO rally.task.runner [-] Task a77ceca8-c64d-42ab-9ece-bcdbe7932983 | ITER: 9 END: OK
2019-12-10 07:04:28.142 14882 INFO rally.task.runner [-] Task a77ceca8-c64d-42ab-9ece-bcdbe7932983 | ITER: 10 END: OK
2019-12-10 07:04:28.167 13785 INFO rally.task.context [-] Task a77ceca8-c64d-42ab-9ece-bcdbe7932983 | Context cleanup@openstack cleanup() started
2019-12-10 07:04:28.171 13785 RALLYDEBUG rally_openstack.cleanup.manager [-] Cleaning up neutron vip objects
2019-12-10 07:04:29.279 13785 RALLYDEBUG rally_openstack.cleanup.manager [-] Cleaning up neutron health_monitor objects
2019-12-10 07:04:30.391 13785 RALLYDEBUG rally_openstack.cleanup.manager [-] Cleaning up neutron pool objects
2019-12-10 07:04:31.469 13785 RALLYDEBUG rally_openstack.cleanup.manager [-] Cleaning up neutron loadbalancer objects
2019-12-10 07:04:32.553 13785 RALLYDEBUG rally_openstack.cleanup.manager [-] Cleaning up neutron floatingip objects
2019-12-10 07:04:34.000 13785 RALLYDEBUG rally_openstack.cleanup.manager [-] Cleaning up neutron trunk objects
2019-12-10 07:04:35.198 13785 RALLYDEBUG rally_openstack.cleanup.manager [-] Cleaning up neutron port objects
2019-12-10 07:04:36.433 13785 RALLYDEBUG rally_openstack.cleanup.manager [-] Cleaning up neutron subnet objects
2019-12-10 07:04:37.763 13785 RALLYDEBUG rally_openstack.cleanup.manager [-] Deleting neutron.subnet object s_rally_cf4d1cab_QQMdevsH (249619e5-91a1-4d0a-834d-ca2bf1b8ff9b)
2019-12-10 07:04:37.772 13785 RALLYDEBUG rally_openstack.cleanup.manager [-] Deleting neutron.subnet object s_rally_cf4d1cab_gehDTHyp (2bac4f2b-b19e-4ea6-8174-0a3905f5e3e6)
2019-12-10 07:04:37.780 13785 RALLYDEBUG rally_openstack.cleanup.manager [-] Deleting neutron.subnet object s_rally_cf4d1cab_d4r2dj59 (74597976-260d-4c34-9b4f-ebd15e3dc283)
2019-12-10 07:04:37.784 13785 RALLYDEBUG rally_openstack.cleanup.manager [-] Deleting neutron.subnet object s_rally_cf4d1cab_kmH48l9T (7bf9fcb1-9c60-4d57-aa6b-9da79ed0e9d4)
2019-12-10 07:04:37.799 13785 RALLYDEBUG rally_openstack.cleanup.manager [-] Deleting neutron.subnet object s_rally_cf4d1cab_OQBElDBJ (f00d4120-020e-4df0-b3f7-7d9586da30e8)
2019-12-10 07:04:37.804 13785 RALLYDEBUG rally_openstack.cleanup.manager [-] Deleting neutron.subnet object s_rally_cf4d1cab_TbjrexFY (fc4d2d7c-d610-4d15-ad68-680c689d4473)
2019-12-10 07:04:37.818 13785 RALLYDEBUG rally_openstack.cleanup.manager [-] Deleting neutron.subnet object s_rally_cf4d1cab_7EGVo3YQ (09a2573c-6915-4b71-b078-f9c3bc85e890)
2019-12-10 07:04:37.843 13785 RALLYDEBUG rally_openstack.cleanup.manager [-] Deleting neutron.subnet object s_rally_cf4d1cab_DajJbeaa (726a52ea-5098-43f9-bc1e-7aa014893475)
2019-12-10 07:04:37.848 13785 RALLYDEBUG rally_openstack.cleanup.manager [-] Deleting neutron.subnet object s_rally_cf4d1cab_Dw2IblC5 (2061363d-ff80-4809-882b-3f9f5c28e4fd)
2019-12-10 07:04:37.872 13785 RALLYDEBUG rally_openstack.cleanup.manager [-] Deleting neutron.subnet object s_rally_cf4d1cab_JYea4hTY (8046a5f0-a84c-46d4-a36c-081e6a1773f9)
2019-12-10 07:04:39.923 13785 RALLYDEBUG rally_openstack.cleanup.manager [-] Cleaning up neutron network objects
2019-12-10 07:04:41.374 13785 RALLYDEBUG rally_openstack.cleanup.manager [-] Deleting neutron.network object s_rally_cf4d1cab_Ov1R4Nl3 (0a76435e-5342-4155-a727-976691c53490)
2019-12-10 07:04:41.382 13785 RALLYDEBUG rally_openstack.cleanup.manager [-] Deleting neutron.network object s_rally_cf4d1cab_Fnr6kWGf (229d7053-1189-43aa-b658-50494281902d)
2019-12-10 07:04:41.391 13785 RALLYDEBUG rally_openstack.cleanup.manager [-] Deleting neutron.network object s_rally_cf4d1cab_PBTgKHlN (92be2fe2-55bc-4980-bcbb-771d18adfd8e)
2019-12-10 07:04:41.399 13785 RALLYDEBUG rally_openstack.cleanup.manager [-] Deleting neutron.network object s_rally_cf4d1cab_PMp9TrUE (b4cfca93-30d9-4bcb-9ee2-1bf7b99a6416)
2019-12-10 07:04:41.407 13785 RALLYDEBUG rally_openstack.cleanup.manager [-] Deleting neutron.network object s_rally_cf4d1cab_8AeIrUeg (d441ef0f-3285-4001-8b1d-05486e4dfc8d)
2019-12-10 07:04:41.416 13785 RALLYDEBUG rally_openstack.cleanup.manager [-] Deleting neutron.network object s_rally_cf4d1cab_nvxdKl0G (da8c971f-8829-4aad-9c90-0c97fd334618)
2019-12-10 07:04:41.423 13785 RALLYDEBUG rally_openstack.cleanup.manager [-] Deleting neutron.network object s_rally_cf4d1cab_7U2GdcEX (26358692-8a11-4169-b1fc-8c02d7065969)
2019-12-10 07:04:41.430 13785 RALLYDEBUG rally_openstack.cleanup.manager [-] Deleting neutron.network object s_rally_cf4d1cab_Cg06EIUF (bdaed611-da68-4d17-950b-6dfef7dc05c7)
2019-12-10 07:04:41.444 13785 RALLYDEBUG rally_openstack.cleanup.manager [-] Deleting neutron.network object s_rally_cf4d1cab_iPw6vElt (0c4d9bd0-b67b-4a1e-aa1e-c0c1d5b5c0a9)
2019-12-10 07:04:41.465 13785 RALLYDEBUG rally_openstack.cleanup.manager [-] Deleting neutron.network object s_rally_cf4d1cab_chvSzApL (afc0fcc2-44a4-4cd5-8774-43bb0ab1d339)
2019-12-10 07:04:44.493 13785 RALLYDEBUG rally_openstack.cleanup.manager [-] Cleaning up neutron router objects
2019-12-10 07:04:45.750 13785 RALLYDEBUG rally_openstack.cleanup.manager [-] Cleaning up neutron security_group objects
2019-12-10 07:04:47.034 13785 INFO rally.task.context [-] Task a77ceca8-c64d-42ab-9ece-bcdbe7932983 | Context cleanup@openstack cleanup() finished in 18.87 sec
2019-12-10 07:04:47.035 13785 INFO rally.task.context [-] Task a77ceca8-c64d-42ab-9ece-bcdbe7932983 | Context quotas@openstack cleanup() started
2019-12-10 07:04:47.305 13785 INFO rally.task.context [-] Task a77ceca8-c64d-42ab-9ece-bcdbe7932983 | Context quotas@openstack cleanup() finished in 0.27 sec
2019-12-10 07:04:47.305 13785 INFO rally.task.context [-] Task a77ceca8-c64d-42ab-9ece-bcdbe7932983 | Context users@openstack cleanup() started
2019-12-10 07:04:51.752 13785 INFO rally.task.context [-] Task a77ceca8-c64d-42ab-9ece-bcdbe7932983 | Context users@openstack cleanup() finished in 4.45 sec
2019-12-10 07:04:52.983 13785 INFO rally.task.engine [-] Load duration is: 5.851979
2019-12-10 07:04:52.984 13785 INFO rally.task.engine [-] Full runner duration is: 5.897493
2019-12-10 07:04:52.984 13785 INFO rally.task.engine [-] Full duration is: 32.95674
2019-12-10 07:04:53.312 13785 INFO rally.task.engine [-] Running workload: position = 0 config = { "version": 2, "title": "A cropped version of a bigger task.", "description": "Auto-generated task from a single workload (uuid=63ab3984-97f0-4007-b5f3-49fe4d7f83d2)", "subtasks": [ { "title": "NeutronNetworks.create_and_delete_networks", "description": "Create and delete a network.", "scenario": { "NeutronNetworks.create_and_delete_networks": { "network_create_args": {} } }, "contexts": { "users": { "tenants": 3, "users_per_tenant": 2 }, "quotas": { "neutron": { "network": -1 } } }, "runner": { "constant": { "concurrency": 4, "times": 10 } }, "hooks": [], "sla": { "failure_rate": { "max": 0 } } } ] }
2019-12-10 07:04:53.337 13785 RALLYDEBUG rally_openstack.contexts.keystone.users [-] Creating 3 tenants using 20 threads
2019-12-10 07:04:54.288 13785 RALLYDEBUG rally_openstack.contexts.keystone.users [-] Creating 6 users using 20 threads
2019-12-10 07:04:55.873 13785 INFO rally.task.context [-] Task a77ceca8-c64d-42ab-9ece-bcdbe7932983 | Context users@openstack setup() finished in 2.54 sec
2019-12-10 07:04:56.809 13785 INFO rally.task.context [-] Task a77ceca8-c64d-42ab-9ece-bcdbe7932983 | Context quotas@openstack setup() finished in 0.94 sec
2019-12-10 07:04:56.810 13785 INFO rally.task.context [-] Task a77ceca8-c64d-42ab-9ece-bcdbe7932983 | Context cleanup@openstack setup() finished in 0.01 msec
2019-12-10 07:04:56.819 13785 RALLYDEBUG rally.task.runner [-] Starting the constant runner (task UUID: a77ceca8-c64d-42ab-9ece-bcdbe7932983). times: 10 concurrency: 4 timeout: 0 max_cpu_used: 16 processes_to_start: 4 concurrency_per_worker: 1 concurrency_overhead: 0
2019-12-10 07:04:56.831 15205 RALLYDEBUG rally.task.runner [-] Starting a worker. times: 10 duration: None concurrency: 1 timeout: 0 cls: method_name: run args: {"network_create_args": {}}
2019-12-10 07:04:56.834 15206 RALLYDEBUG rally.task.runner [-] Starting a worker. times: 10 duration: None concurrency: 1 timeout: 0 cls: method_name: run args: {"network_create_args": {}}
2019-12-10 07:04:56.838 15205 INFO rally.task.runner [-] Task a77ceca8-c64d-42ab-9ece-bcdbe7932983 | ITER: 1 START
2019-12-10 07:04:56.838 15207 RALLYDEBUG rally.task.runner [-] Starting a worker. times: 10 duration: None concurrency: 1 timeout: 0 cls: method_name: run args: {"network_create_args": {}}
2019-12-10 07:04:56.841 15206 INFO rally.task.runner [-] Task a77ceca8-c64d-42ab-9ece-bcdbe7932983 | ITER: 2 START
2019-12-10 07:04:56.841 15209 RALLYDEBUG rally.task.runner [-] Starting a worker. times: 10 duration: None concurrency: 1 timeout: 0 cls: method_name: run args: {"network_create_args": {}}
2019-12-10 07:04:56.845 15207 INFO rally.task.runner [-] Task a77ceca8-c64d-42ab-9ece-bcdbe7932983 | ITER: 3 START
2019-12-10 07:04:56.848 15209 INFO rally.task.runner [-] Task a77ceca8-c64d-42ab-9ece-bcdbe7932983 | ITER: 4 START
2019-12-10 07:04:58.124 15206 INFO rally.task.runner [-] Task a77ceca8-c64d-42ab-9ece-bcdbe7932983 | ITER: 2 END: OK
2019-12-10 07:04:58.129 15206 INFO rally.task.runner [-] Task a77ceca8-c64d-42ab-9ece-bcdbe7932983 | ITER: 5 START
2019-12-10 07:04:58.225 15207 INFO rally.task.runner [-] Task a77ceca8-c64d-42ab-9ece-bcdbe7932983 | ITER: 3 END: OK
2019-12-10 07:04:58.230 15207 INFO rally.task.runner [-] Task a77ceca8-c64d-42ab-9ece-bcdbe7932983 | ITER: 6 START
2019-12-10 07:04:58.774 15205 INFO rally.task.runner [-] Task a77ceca8-c64d-42ab-9ece-bcdbe7932983 | ITER: 1 END: OK
2019-12-10 07:04:58.779 15205 INFO rally.task.runner [-] Task a77ceca8-c64d-42ab-9ece-bcdbe7932983 | ITER: 7 START
2019-12-10 07:04:58.791 15209 INFO rally.task.runner [-] Task a77ceca8-c64d-42ab-9ece-bcdbe7932983 | ITER: 4 END: OK
2019-12-10 07:04:58.796 15209 INFO rally.task.runner [-] Task a77ceca8-c64d-42ab-9ece-bcdbe7932983 | ITER: 8 START
2019-12-10 07:04:59.437 15207 INFO rally.task.runner [-] Task a77ceca8-c64d-42ab-9ece-bcdbe7932983 | ITER: 6 END: OK
2019-12-10 07:04:59.440 15207 INFO rally.task.runner [-] Task a77ceca8-c64d-42ab-9ece-bcdbe7932983 | ITER: 9 START
2019-12-10 07:04:59.445 15206 INFO rally.task.runner [-] Task a77ceca8-c64d-42ab-9ece-bcdbe7932983 | ITER: 5 END: OK
2019-12-10 07:04:59.448 15206 INFO rally.task.runner [-] Task a77ceca8-c64d-42ab-9ece-bcdbe7932983 | ITER: 10 START
2019-12-10 07:05:00.144 15205 INFO rally.task.runner [-] Task a77ceca8-c64d-42ab-9ece-bcdbe7932983 | ITER: 7 END: OK
2019-12-10 07:05:00.395 15209 INFO rally.task.runner [-] Task a77ceca8-c64d-42ab-9ece-bcdbe7932983 | ITER: 8 END: OK
2019-12-10 07:05:00.729 15206 INFO rally.task.runner [-] Task a77ceca8-c64d-42ab-9ece-bcdbe7932983 | ITER: 10 END: OK
2019-12-10 07:05:00.837 15207 INFO rally.task.runner [-] Task a77ceca8-c64d-42ab-9ece-bcdbe7932983 | ITER: 9 END: OK
2019-12-10 07:05:00.859 13785 INFO rally.task.context [-] Task a77ceca8-c64d-42ab-9ece-bcdbe7932983 | Context cleanup@openstack cleanup() started
2019-12-10 07:05:00.863 13785 RALLYDEBUG rally_openstack.cleanup.manager [-] Cleaning up neutron vip objects
2019-12-10 07:05:02.138 13785 RALLYDEBUG rally_openstack.cleanup.manager [-] Cleaning up neutron health_monitor objects
2019-12-10 07:05:03.291 13785 RALLYDEBUG rally_openstack.cleanup.manager [-] Cleaning up neutron pool objects
2019-12-10 07:05:04.450 13785 RALLYDEBUG rally_openstack.cleanup.manager [-] Cleaning up neutron loadbalancer objects
2019-12-10 07:05:05.610 13785 RALLYDEBUG rally_openstack.cleanup.manager [-] Cleaning up neutron floatingip objects
2019-12-10 07:05:06.877 13785 RALLYDEBUG rally_openstack.cleanup.manager [-] Cleaning up neutron trunk objects
2019-12-10 07:05:08.072 13785 RALLYDEBUG rally_openstack.cleanup.manager [-] Cleaning up neutron port objects
2019-12-10 07:05:09.313 13785 RALLYDEBUG rally_openstack.cleanup.manager [-] Cleaning up neutron subnet objects
2019-12-10 07:05:10.545 13785 RALLYDEBUG rally_openstack.cleanup.manager [-] Cleaning up neutron network objects
2019-12-10 07:05:11.786 13785 RALLYDEBUG rally_openstack.cleanup.manager [-] Cleaning up neutron router objects
2019-12-10 07:05:13.058 13785 RALLYDEBUG rally_openstack.cleanup.manager [-] Cleaning up neutron security_group objects
2019-12-10 07:05:14.721 13785 INFO rally.task.context [-] Task a77ceca8-c64d-42ab-9ece-bcdbe7932983 | Context cleanup@openstack cleanup() finished in 13.86 sec
2019-12-10 07:05:14.721 13785 INFO rally.task.context [-] Task a77ceca8-c64d-42ab-9ece-bcdbe7932983 | Context quotas@openstack cleanup() started
2019-12-10 07:05:14.928 13785 INFO rally.task.context [-] Task a77ceca8-c64d-42ab-9ece-bcdbe7932983 | Context quotas@openstack cleanup() finished in 0.21 sec
2019-12-10 07:05:14.928 13785 INFO rally.task.context [-] Task a77ceca8-c64d-42ab-9ece-bcdbe7932983 | Context users@openstack cleanup() started
2019-12-10 07:05:19.235 13785 INFO rally.task.context [-] Task a77ceca8-c64d-42ab-9ece-bcdbe7932983 | Context users@openstack cleanup() finished in 4.31 sec
2019-12-10 07:05:19.473 13785 INFO rally.task.engine [-] Load duration is: 3.997874
2019-12-10 07:05:19.474 13785 INFO rally.task.engine [-] Full runner duration is: 4.039966
2019-12-10 07:05:19.474 13785 INFO rally.task.engine [-] Full duration is: 25.900465
2019-12-10 07:05:19.792 13785 INFO rally.task.engine [-] Running workload: position = 0 config = { "version": 2, "title": "A cropped version of a bigger task.", "description": "Auto-generated task from a single workload (uuid=5bc27837-cc37-4429-9f58-cdd0497572a5)", "subtasks": [ { "title": "NeutronNetworks.create_and_delete_ports", "description": "Create and delete a port.", "scenario": { "NeutronNetworks.create_and_delete_ports": { "network_create_args": {}, "port_create_args": {}, "ports_per_network": 1 } }, "contexts": { "users": { "tenants": 3, "users_per_tenant": 2 }, "network": { "router": {} }, "quotas": { "neutron": { "network": -1, "port": -1 } } }, "runner": { "constant": { "concurrency": 4, "times": 10 } }, "hooks": [], "sla": { "failure_rate": { "max": 0 } } } ] }
2019-12-10 07:05:19.818 13785 RALLYDEBUG rally_openstack.contexts.keystone.users [-] Creating 3 tenants using 20 threads
2019-12-10 07:05:20.856 13785 RALLYDEBUG rally_openstack.contexts.keystone.users [-] Creating 6 users using 20 threads
2019-12-10 07:05:22.411 13785 INFO rally.task.context [-] Task a77ceca8-c64d-42ab-9ece-bcdbe7932983 | Context users@openstack setup() finished in 2.59 sec
2019-12-10 07:05:23.298 13785 INFO rally.task.context [-] Task a77ceca8-c64d-42ab-9ece-bcdbe7932983 | Context quotas@openstack setup() finished in 0.89 sec
2019-12-10 07:05:23.923 13785 RALLYDEBUG rally_openstack.wrappers.network [-] CIDR generated: 10.2.23.0/24
2019-12-10 07:05:24.822 13785 RALLYDEBUG rally_openstack.wrappers.network [-] CIDR generated: 10.2.24.0/24
2019-12-10 07:05:25.577 13785 RALLYDEBUG rally_openstack.wrappers.network [-] CIDR generated: 10.2.25.0/24
2019-12-10 07:05:26.098 13785 INFO rally.task.context [-] Task a77ceca8-c64d-42ab-9ece-bcdbe7932983 | Context network@openstack setup() finished in 2.80 sec
2019-12-10 07:05:26.098 13785 INFO rally.task.context [-] Task a77ceca8-c64d-42ab-9ece-bcdbe7932983 | Context cleanup@openstack setup() finished in 0.01 msec
2019-12-10 07:05:26.108 13785 RALLYDEBUG rally.task.runner [-] Starting the constant runner (task UUID: a77ceca8-c64d-42ab-9ece-bcdbe7932983). times: 10 concurrency: 4 timeout: 0 max_cpu_used: 16 processes_to_start: 4 concurrency_per_worker: 1 concurrency_overhead: 0
2019-12-10 07:05:26.120 15529 RALLYDEBUG rally.task.runner [-] Starting a worker. times: 10 duration: None concurrency: 1 timeout: 0 cls: method_name: run args: {"network_create_args": {}, "port_create_args": {}, "ports_per_network": 1}
2019-12-10 07:05:26.123 15530 RALLYDEBUG rally.task.runner [-] Starting a worker. times: 10 duration: None concurrency: 1 timeout: 0 cls: method_name: run args: {"network_create_args": {}, "port_create_args": {}, "ports_per_network": 1}
2019-12-10 07:05:26.127 15529 INFO rally.task.runner [-] Task a77ceca8-c64d-42ab-9ece-bcdbe7932983 | ITER: 1 START
2019-12-10 07:05:26.127 15531 RALLYDEBUG rally.task.runner [-] Starting a worker. times: 10 duration: None concurrency: 1 timeout: 0 cls: method_name: run args: {"network_create_args": {}, "port_create_args": {}, "ports_per_network": 1}
2019-12-10 07:05:26.130 15530 INFO rally.task.runner [-] Task a77ceca8-c64d-42ab-9ece-bcdbe7932983 | ITER: 2 START
2019-12-10 07:05:26.130 15532 RALLYDEBUG rally.task.runner [-] Starting a worker. times: 10 duration: None concurrency: 1 timeout: 0 cls: method_name: run args: {"network_create_args": {}, "port_create_args": {}, "ports_per_network": 1}
2019-12-10 07:05:26.134 15531 INFO rally.task.runner [-] Task a77ceca8-c64d-42ab-9ece-bcdbe7932983 | ITER: 3 START
2019-12-10 07:05:26.136 15532 INFO rally.task.runner [-] Task a77ceca8-c64d-42ab-9ece-bcdbe7932983 | ITER: 4 START
2019-12-10 07:05:27.811 15530 INFO rally.task.runner [-] Task a77ceca8-c64d-42ab-9ece-bcdbe7932983 | ITER: 2 END: OK
2019-12-10 07:05:27.816 15530 INFO rally.task.runner [-] Task a77ceca8-c64d-42ab-9ece-bcdbe7932983 | ITER: 5 START
2019-12-10 07:05:28.221 15531 INFO rally.task.runner [-] Task a77ceca8-c64d-42ab-9ece-bcdbe7932983 | ITER: 3 END: OK
2019-12-10 07:05:28.226 15531 INFO rally.task.runner [-] Task a77ceca8-c64d-42ab-9ece-bcdbe7932983 | ITER: 6 START
2019-12-10 07:05:28.287 15532 INFO rally.task.runner [-] Task a77ceca8-c64d-42ab-9ece-bcdbe7932983 | ITER: 4 END: OK
2019-12-10 07:05:28.292 15532 INFO rally.task.runner [-] Task a77ceca8-c64d-42ab-9ece-bcdbe7932983 | ITER: 7 START
2019-12-10 07:05:28.316 15529 INFO rally.task.runner [-] Task a77ceca8-c64d-42ab-9ece-bcdbe7932983 | ITER: 1 END: OK
2019-12-10 07:05:28.322 15529 INFO rally.task.runner [-] Task a77ceca8-c64d-42ab-9ece-bcdbe7932983 | ITER: 8 START
2019-12-10 07:05:29.365 15530 INFO rally.task.runner [-] Task a77ceca8-c64d-42ab-9ece-bcdbe7932983 | ITER: 5 END: OK
2019-12-10 07:05:29.369 15530 INFO rally.task.runner [-] Task a77ceca8-c64d-42ab-9ece-bcdbe7932983 | ITER: 9 START
2019-12-10 07:05:29.845 15529 INFO rally.task.runner [-] Task a77ceca8-c64d-42ab-9ece-bcdbe7932983 | ITER: 8 END: OK
2019-12-10 07:05:29.849 15529 INFO rally.task.runner [-] Task a77ceca8-c64d-42ab-9ece-bcdbe7932983 | ITER: 10 START
2019-12-10 07:05:30.003 15532 INFO rally.task.runner [-] Task a77ceca8-c64d-42ab-9ece-bcdbe7932983 | ITER: 7 END: OK
2019-12-10 07:05:30.148 15531 INFO rally.task.runner [-] Task a77ceca8-c64d-42ab-9ece-bcdbe7932983 | ITER: 6 END: OK
2019-12-10 07:05:30.809 15530 INFO rally.task.runner [-] Task a77ceca8-c64d-42ab-9ece-bcdbe7932983 | ITER: 9 END: OK
2019-12-10 07:05:31.515 15529 INFO rally.task.runner [-] Task a77ceca8-c64d-42ab-9ece-bcdbe7932983 | ITER: 10 END: OK
2019-12-10 07:05:31.543 13785 INFO rally.task.context [-] Task a77ceca8-c64d-42ab-9ece-bcdbe7932983 | Context cleanup@openstack cleanup() started
2019-12-10 07:05:31.546 13785 RALLYDEBUG rally_openstack.cleanup.manager [-] Cleaning up neutron vip objects
2019-12-10 07:05:32.666 13785 RALLYDEBUG rally_openstack.cleanup.manager [-] Cleaning up neutron health_monitor objects
2019-12-10 07:05:33.800 13785 RALLYDEBUG rally_openstack.cleanup.manager [-] Cleaning up neutron pool objects
2019-12-10 07:05:34.950 13785 RALLYDEBUG rally_openstack.cleanup.manager [-] Cleaning up neutron loadbalancer objects
2019-12-10 07:05:36.059 13785 RALLYDEBUG rally_openstack.cleanup.manager [-] Cleaning up neutron floatingip objects
2019-12-10 07:05:37.318 13785 RALLYDEBUG rally_openstack.cleanup.manager [-] Cleaning up neutron trunk objects
2019-12-10 07:05:38.500 13785 RALLYDEBUG rally_openstack.cleanup.manager [-] Cleaning up neutron port objects
2019-12-10 07:05:39.909 13785 RALLYDEBUG rally_openstack.cleanup.manager [-] Cleaning up neutron subnet objects
2019-12-10 07:05:41.198 13785 RALLYDEBUG rally_openstack.cleanup.manager [-] Cleaning up neutron network objects
2019-12-10 07:05:42.875 13785 RALLYDEBUG rally_openstack.cleanup.manager [-] Cleaning up neutron router objects
2019-12-10 07:05:44.143 13785 RALLYDEBUG rally_openstack.cleanup.manager [-] Cleaning up neutron security_group objects
2019-12-10 07:05:45.425 13785 INFO rally.task.context [-] Task a77ceca8-c64d-42ab-9ece-bcdbe7932983 | Context cleanup@openstack cleanup() finished in 13.88 sec
2019-12-10 07:05:45.426 13785 INFO rally.task.context [-] Task a77ceca8-c64d-42ab-9ece-bcdbe7932983 | Context network@openstack cleanup() started
2019-12-10 07:05:57.568 13785 INFO rally.task.context [-] Task a77ceca8-c64d-42ab-9ece-bcdbe7932983 | Context network@openstack cleanup() finished in 12.14 sec
2019-12-10 07:05:57.568 13785 INFO rally.task.context [-] Task a77ceca8-c64d-42ab-9ece-bcdbe7932983 | Context quotas@openstack cleanup() started
2019-12-10 07:05:57.783 13785 INFO rally.task.context [-] Task a77ceca8-c64d-42ab-9ece-bcdbe7932983 | Context quotas@openstack cleanup() finished in 0.21 sec
2019-12-10 07:05:57.783 13785 INFO rally.task.context [-] Task a77ceca8-c64d-42ab-9ece-bcdbe7932983 | Context users@openstack cleanup() started
2019-12-10 07:06:01.839 13785 INFO rally.task.context [-] Task a77ceca8-c64d-42ab-9ece-bcdbe7932983 | Context users@openstack cleanup() finished in 4.06 sec
2019-12-10 07:06:02.101 13785 INFO rally.task.engine [-] Load duration is: 5.38705
2019-12-10 07:06:02.101 13785 INFO rally.task.engine [-] Full runner duration is: 5.435107
2019-12-10 07:06:02.102 13785 INFO rally.task.engine [-] Full duration is: 42.023515
