2019-12-10 06:51:59.843 8497 INFO rally.task.engine [-] Running workload: position = 0 config = { "version": 2, "title": "A cropped version of a bigger task.", "description": "Auto-generated task from a single workload (uuid=03fea300-afde-4f04-a526-e37f6b4dd86c)", "subtasks": [ { "title": "HeatStacks.create_update_delete_stack", "description": "Create, update and then delete a stack.", "scenario": { "HeatStacks.create_update_delete_stack": { "template_path": "/usr/lib/python3.6/site-packages/functest/opnfv_tests/openstack/rally/scenario/templates/random_strings.yaml.template", "updated_template_path": "/usr/lib/python3.6/site-packages/functest/opnfv_tests/openstack/rally/scenario/templates/updated_random_strings_add.yaml.template" } }, "contexts": { "users": { "tenants": 3, "users_per_tenant": 2 }, "roles": [ "heat_stack_owner" ] }, "runner": { "constant": { "concurrency": 4, "times": 10 } }, "hooks": [], "sla": { "failure_rate": { "max": 0 } } } ] }
2019-12-10 06:51:59.868 8497 RALLYDEBUG rally_openstack.contexts.keystone.users [-] Creating 3 tenants using 20 threads
2019-12-10 06:52:00.896 8497 RALLYDEBUG rally_openstack.contexts.keystone.users [-] Creating 6 users using 20 threads
2019-12-10 06:52:02.547 8497 INFO rally.task.context [-] Task f68c9227-52e5-463c-8281-7d65d236dced | Context users@openstack setup() finished in 2.68 sec
2019-12-10 06:52:03.268 8497 RALLYDEBUG rally_openstack.contexts.keystone.roles [-] Adding role heat_stack_owner having ID 8362dbe3797a44158298cd7aad1754dd to all users using 30 threads
2019-12-10 06:52:08.446 8497 INFO rally.task.context [-] Task f68c9227-52e5-463c-8281-7d65d236dced | Context roles@openstack setup() finished in 5.90 sec
2019-12-10 06:52:08.447 8497 INFO rally.task.context [-] Task f68c9227-52e5-463c-8281-7d65d236dced | Context cleanup@openstack setup() finished in 0.04 msec
2019-12-10 06:52:08.458 8497 RALLYDEBUG rally.task.runner [-] Starting the constant runner (task UUID: f68c9227-52e5-463c-8281-7d65d236dced). times: 10 concurrency: 4 timeout: 0 max_cpu_used: 16 processes_to_start: 4 concurrency_per_worker: 1 concurrency_overhead: 0
2019-12-10 06:52:08.470 10107 RALLYDEBUG rally.task.runner [-] Starting a worker. times: 10 duration: None concurrency: 1 timeout: 0 cls: method_name: run args: {"template_path": "heat_template_version: 2014-10-16\n\ndescription: Test template for rally create-update-delete scenario\n\nresources:\n test_string_one:\n type: OS::Heat::RandomString\n properties:\n length: 20\n test_string_two:\n type: OS::Heat::RandomString\n properties:\n length: 20", "updated_template_path": "heat_template_version: 2014-10-16\n\ndescription: >\n Test template for create-update-delete-stack scenario in rally.\n The template updates the stack defined by random_strings.yaml.template with additional resource.\n\nresources:\n test_string_one:\n type: OS::Heat::RandomString\n properties:\n length: 20\n test_string_two:\n type: OS::Heat::RandomString\n properties:\n length: 20\n test_string_three:\n type: OS::Heat::RandomString\n properties:\n length: 20"}
2019-12-10 06:52:08.473 10108 RALLYDEBUG rally.task.runner [-] Starting a worker. times: 10 duration: None concurrency: 1 timeout: 0 cls: method_name: run args: {"template_path": "heat_template_version: 2014-10-16\n\ndescription: Test template for rally create-update-delete scenario\n\nresources:\n test_string_one:\n type: OS::Heat::RandomString\n properties:\n length: 20\n test_string_two:\n type: OS::Heat::RandomString\n properties:\n length: 20", "updated_template_path": "heat_template_version: 2014-10-16\n\ndescription: >\n Test template for create-update-delete-stack scenario in rally.\n The template updates the stack defined by random_strings.yaml.template with additional resource.\n\nresources:\n test_string_one:\n type: OS::Heat::RandomString\n properties:\n length: 20\n test_string_two:\n type: OS::Heat::RandomString\n properties:\n length: 20\n test_string_three:\n type: OS::Heat::RandomString\n properties:\n length: 20"}
2019-12-10 06:52:08.475 10109 RALLYDEBUG rally.task.runner [-] Starting a worker. times: 10 duration: None concurrency: 1 timeout: 0 cls: method_name: run args: {"template_path": "heat_template_version: 2014-10-16\n\ndescription: Test template for rally create-update-delete scenario\n\nresources:\n test_string_one:\n type: OS::Heat::RandomString\n properties:\n length: 20\n test_string_two:\n type: OS::Heat::RandomString\n properties:\n length: 20", "updated_template_path": "heat_template_version: 2014-10-16\n\ndescription: >\n Test template for create-update-delete-stack scenario in rally.\n The template updates the stack defined by random_strings.yaml.template with additional resource.\n\nresources:\n test_string_one:\n type: OS::Heat::RandomString\n properties:\n length: 20\n test_string_two:\n type: OS::Heat::RandomString\n properties:\n length: 20\n test_string_three:\n type: OS::Heat::RandomString\n properties:\n length: 20"}
2019-12-10 06:52:08.477 10107 INFO rally.task.runner [-] Task f68c9227-52e5-463c-8281-7d65d236dced | ITER: 1 START
2019-12-10 06:52:08.478 10110 RALLYDEBUG rally.task.runner [-] Starting a worker. times: 10 duration: None concurrency: 1 timeout: 0 cls: method_name: run args: {"template_path": "heat_template_version: 2014-10-16\n\ndescription: Test template for rally create-update-delete scenario\n\nresources:\n test_string_one:\n type: OS::Heat::RandomString\n properties:\n length: 20\n test_string_two:\n type: OS::Heat::RandomString\n properties:\n length: 20", "updated_template_path": "heat_template_version: 2014-10-16\n\ndescription: >\n Test template for create-update-delete-stack scenario in rally.\n The template updates the stack defined by random_strings.yaml.template with additional resource.\n\nresources:\n test_string_one:\n type: OS::Heat::RandomString\n properties:\n length: 20\n test_string_two:\n type: OS::Heat::RandomString\n properties:\n length: 20\n test_string_three:\n type: OS::Heat::RandomString\n properties:\n length: 20"}
2019-12-10 06:52:08.480 10108 INFO rally.task.runner [-] Task f68c9227-52e5-463c-8281-7d65d236dced | ITER: 2 START
2019-12-10 06:52:08.482 10109 INFO rally.task.runner [-] Task f68c9227-52e5-463c-8281-7d65d236dced | ITER: 3 START
2019-12-10 06:52:08.485 10110 INFO rally.task.runner [-] Task f68c9227-52e5-463c-8281-7d65d236dced | ITER: 4 START
2019-12-10 06:52:11.915 10110 RALLYDEBUG rally.task.utils [-] Waiting for resource . Status changed: CREATE_IN_PROGRESS => CREATE_COMPLETE in 0.07417798042297363
2019-12-10 06:52:11.939 10108 RALLYDEBUG rally.task.utils [-] Waiting for resource . Status changed: CREATE_IN_PROGRESS => CREATE_COMPLETE in 0.07775664329528809
2019-12-10 06:52:12.004 10107 RALLYDEBUG rally.task.utils [-] Waiting for resource . Status changed: CREATE_IN_PROGRESS => CREATE_COMPLETE in 0.07653403282165527
2019-12-10 06:52:12.012 10109 RALLYDEBUG rally.task.utils [-] Waiting for resource . Status changed: CREATE_IN_PROGRESS => CREATE_COMPLETE in 0.06857991218566895
2019-12-10 06:52:14.103 10110 RALLYDEBUG rally.task.utils [-] Waiting for resource . Status changed: CREATE_COMPLETE => UPDATE_IN_PROGRESS in 0.0703744888305664
2019-12-10 06:52:14.133 10108 RALLYDEBUG rally.task.utils [-] Waiting for resource . Status changed: CREATE_COMPLETE => UPDATE_IN_PROGRESS in 0.07539224624633789
2019-12-10 06:52:14.169 10107 RALLYDEBUG rally.task.utils [-] Waiting for resource . Status changed: CREATE_COMPLETE => UPDATE_IN_PROGRESS in 0.07239532470703125
2019-12-10 06:52:14.195 10109 RALLYDEBUG rally.task.utils [-] Waiting for resource . Status changed: CREATE_COMPLETE => UPDATE_IN_PROGRESS in 0.0844423770904541
2019-12-10 06:52:15.183 10110 RALLYDEBUG rally.task.utils [-] Waiting for resource . Status changed: UPDATE_IN_PROGRESS => UPDATE_COMPLETE in 1.0801060199737549
2019-12-10 06:52:15.217 10108 RALLYDEBUG rally.task.utils [-] Waiting for resource . Status changed: UPDATE_IN_PROGRESS => UPDATE_COMPLETE in 1.0834589004516602
2019-12-10 06:52:15.243 10107 RALLYDEBUG rally.task.utils [-] Waiting for resource . Status changed: UPDATE_IN_PROGRESS => UPDATE_COMPLETE in 1.0745909214019775
2019-12-10 06:52:15.266 10109 RALLYDEBUG rally.task.utils [-] Waiting for resource . Status changed: UPDATE_IN_PROGRESS => UPDATE_COMPLETE in 1.0708844661712646
2019-12-10 06:52:15.316 10110 RALLYDEBUG rally.task.utils [-] Waiting for resource . Status changed: CREATE_COMPLETE => DELETE_IN_PROGRESS in 0.060698509216308594
2019-12-10 06:52:15.337 10108 RALLYDEBUG rally.task.utils [-] Waiting for resource . Status changed: CREATE_COMPLETE => DELETE_IN_PROGRESS in 0.05910634994506836
2019-12-10 06:52:15.361 10107 RALLYDEBUG rally.task.utils [-] Waiting for resource . Status changed: CREATE_COMPLETE => DELETE_IN_PROGRESS in 0.054732322692871094
2019-12-10 06:52:15.391 10109 RALLYDEBUG rally.task.utils [-] Waiting for resource . Status changed: CREATE_COMPLETE => DELETE_IN_PROGRESS in 0.060053348541259766
2019-12-10 06:52:17.449 10110 INFO rally.task.runner [-] Task f68c9227-52e5-463c-8281-7d65d236dced | ITER: 4 END: OK
2019-12-10 06:52:17.453 10110 INFO rally.task.runner [-] Task f68c9227-52e5-463c-8281-7d65d236dced | ITER: 5 START
2019-12-10 06:52:17.458 10108 INFO rally.task.runner [-] Task f68c9227-52e5-463c-8281-7d65d236dced | ITER: 2 END: OK
2019-12-10 06:52:17.462 10108 INFO rally.task.runner [-] Task f68c9227-52e5-463c-8281-7d65d236dced | ITER: 6 START
2019-12-10 06:52:17.508 10109 INFO rally.task.runner [-] Task f68c9227-52e5-463c-8281-7d65d236dced | ITER: 3 END: OK
2019-12-10 06:52:17.512 10109 INFO rally.task.runner [-] Task f68c9227-52e5-463c-8281-7d65d236dced | ITER: 7 START
2019-12-10 06:52:18.537 10107 INFO rally.task.runner [-] Task f68c9227-52e5-463c-8281-7d65d236dced | ITER: 1 END: OK
2019-12-10 06:52:18.541 10107 INFO rally.task.runner [-] Task f68c9227-52e5-463c-8281-7d65d236dced | ITER: 8 START
2019-12-10 06:52:20.842 10110 RALLYDEBUG rally.task.utils [-] Waiting for resource . Status changed: CREATE_IN_PROGRESS => CREATE_COMPLETE in 0.07750749588012695
2019-12-10 06:52:20.884 10108 RALLYDEBUG rally.task.utils [-] Waiting for resource . Status changed: CREATE_IN_PROGRESS => CREATE_COMPLETE in 0.0825357437133789
2019-12-10 06:52:20.921 10109 RALLYDEBUG rally.task.utils [-] Waiting for resource . Status changed: CREATE_IN_PROGRESS => CREATE_COMPLETE in 0.07209539413452148
2019-12-10 06:52:22.069 10107 RALLYDEBUG rally.task.utils [-] Waiting for resource . Status changed: CREATE_IN_PROGRESS => CREATE_COMPLETE in 0.08239579200744629
2019-12-10 06:52:23.024 10110 RALLYDEBUG rally.task.utils [-] Waiting for resource . Status changed: CREATE_COMPLETE => UPDATE_IN_PROGRESS in 0.06909322738647461
2019-12-10 06:52:23.060 10108 RALLYDEBUG rally.task.utils [-] Waiting for resource . Status changed: CREATE_COMPLETE => UPDATE_IN_PROGRESS in 0.06653499603271484
2019-12-10 06:52:23.117 10109 RALLYDEBUG rally.task.utils [-] Waiting for resource . Status changed: CREATE_COMPLETE => UPDATE_IN_PROGRESS in 0.08861279487609863
2019-12-10 06:52:24.108 10110 RALLYDEBUG rally.task.utils [-] Waiting for resource . Status changed: UPDATE_IN_PROGRESS => UPDATE_COMPLETE in 1.083890676498413
2019-12-10 06:52:24.141 10108 RALLYDEBUG rally.task.utils [-] Waiting for resource . Status changed: UPDATE_IN_PROGRESS => UPDATE_COMPLETE in 1.0804111957550049
2019-12-10 06:52:24.185 10109 RALLYDEBUG rally.task.utils [-] Waiting for resource . Status changed: UPDATE_IN_PROGRESS => UPDATE_COMPLETE in 1.0675685405731201
2019-12-10 06:52:24.234 10110 RALLYDEBUG rally.task.utils [-] Waiting for resource . Status changed: CREATE_COMPLETE => DELETE_IN_PROGRESS in 0.05492234230041504
2019-12-10 06:52:24.242 10107 RALLYDEBUG rally.task.utils [-] Waiting for resource . Status changed: CREATE_COMPLETE => UPDATE_IN_PROGRESS in 0.06970334053039551
2019-12-10 06:52:24.255 10108 RALLYDEBUG rally.task.utils [-] Waiting for resource . Status changed: CREATE_COMPLETE => DELETE_IN_PROGRESS in 0.053511619567871094
2019-12-10 06:52:24.297 10109 RALLYDEBUG rally.task.utils [-] Waiting for resource . Status changed: CREATE_COMPLETE => DELETE_IN_PROGRESS in 0.05414938926696777
2019-12-10 06:52:25.310 10107 RALLYDEBUG rally.task.utils [-] Waiting for resource . Status changed: UPDATE_IN_PROGRESS => UPDATE_COMPLETE in 1.0680465698242188
2019-12-10 06:52:25.426 10107 RALLYDEBUG rally.task.utils [-] Waiting for resource . Status changed: CREATE_COMPLETE => DELETE_IN_PROGRESS in 0.05530500411987305
2019-12-10 06:52:26.359 10110 INFO rally.task.runner [-] Task f68c9227-52e5-463c-8281-7d65d236dced | ITER: 5 END: OK
2019-12-10 06:52:26.363 10110 INFO rally.task.runner [-] Task f68c9227-52e5-463c-8281-7d65d236dced | ITER: 9 START
2019-12-10 06:52:26.367 10108 INFO rally.task.runner [-] Task f68c9227-52e5-463c-8281-7d65d236dced | ITER: 6 END: OK
2019-12-10 06:52:26.370 10108 INFO rally.task.runner [-] Task f68c9227-52e5-463c-8281-7d65d236dced | ITER: 10 START
2019-12-10 06:52:26.413 10109 INFO rally.task.runner [-] Task f68c9227-52e5-463c-8281-7d65d236dced | ITER: 7 END: OK
2019-12-10 06:52:27.533 10107 INFO rally.task.runner [-] Task f68c9227-52e5-463c-8281-7d65d236dced | ITER: 8 END: OK
2019-12-10 06:52:29.796 10108 RALLYDEBUG rally.task.utils [-] Waiting for resource . Status changed: CREATE_IN_PROGRESS => CREATE_COMPLETE in 0.0804438591003418
2019-12-10 06:52:29.861 10110 RALLYDEBUG rally.task.utils [-] Waiting for resource . Status changed: CREATE_IN_PROGRESS => CREATE_COMPLETE in 0.07522773742675781
2019-12-10 06:52:31.983 10108 RALLYDEBUG rally.task.utils [-] Waiting for resource . Status changed: CREATE_COMPLETE => UPDATE_IN_PROGRESS in 0.07582592964172363
2019-12-10 06:52:32.046 10110 RALLYDEBUG rally.task.utils [-] Waiting for resource . Status changed: CREATE_COMPLETE => UPDATE_IN_PROGRESS in 0.07736682891845703
2019-12-10 06:52:33.066 10108 RALLYDEBUG rally.task.utils [-] Waiting for resource . Status changed: UPDATE_IN_PROGRESS => UPDATE_COMPLETE in 1.0822737216949463
2019-12-10 06:52:33.128 10110 RALLYDEBUG rally.task.utils [-] Waiting for resource . Status changed: UPDATE_IN_PROGRESS => UPDATE_COMPLETE in 1.082247257232666
2019-12-10 06:52:33.202 10108 RALLYDEBUG rally.task.utils [-] Waiting for resource . Status changed: CREATE_COMPLETE => DELETE_IN_PROGRESS in 0.05937361717224121
2019-12-10 06:52:33.242 10110 RALLYDEBUG rally.task.utils [-] Waiting for resource . Status changed: CREATE_COMPLETE => DELETE_IN_PROGRESS in 0.0512242317199707
2019-12-10 06:52:35.335 10108 INFO rally.task.runner [-] Task f68c9227-52e5-463c-8281-7d65d236dced | ITER: 10 END: OK
2019-12-10 06:52:35.362 10110 INFO rally.task.runner [-] Task f68c9227-52e5-463c-8281-7d65d236dced | ITER: 9 END: OK
2019-12-10 06:52:35.392 8497 INFO rally.task.context [-] Task f68c9227-52e5-463c-8281-7d65d236dced | Context cleanup@openstack cleanup() started
2019-12-10 06:52:35.396 8497 RALLYDEBUG rally_openstack.cleanup.manager [-] Cleaning up heat stacks objects
2019-12-10 06:52:37.027 8497 INFO rally.task.context [-] Task f68c9227-52e5-463c-8281-7d65d236dced | Context cleanup@openstack cleanup() finished in 1.63 sec
2019-12-10 06:52:37.027 8497 INFO rally.task.context [-] Task f68c9227-52e5-463c-8281-7d65d236dced | Context roles@openstack cleanup() started
2019-12-10 06:52:37.028 8497 RALLYDEBUG rally_openstack.contexts.keystone.roles [-] Removing assigned role 8362dbe3797a44158298cd7aad1754dd from all users
2019-12-10 06:52:38.005 8497 INFO rally.task.context [-] Task f68c9227-52e5-463c-8281-7d65d236dced | Context roles@openstack cleanup() finished in 0.98 sec
2019-12-10 06:52:38.005 8497 INFO rally.task.context [-] Task f68c9227-52e5-463c-8281-7d65d236dced | Context users@openstack cleanup() started
2019-12-10 06:52:42.899 8497 INFO rally.task.context [-] Task f68c9227-52e5-463c-8281-7d65d236dced | Context users@openstack cleanup() finished in 4.89 sec
2019-12-10 06:52:44.137 8497 INFO rally.task.engine [-] Load duration is: 22.883203
2019-12-10 06:52:44.137 8497 INFO rally.task.engine [-] Full runner duration is: 26.935662
2019-12-10 06:52:44.138 8497 INFO rally.task.engine [-] Full duration is: 43.033422
2019-12-10 06:52:44.376 8497 INFO rally.task.engine [-] Running workload: position = 1 config = { "version": 2, "title": "A cropped version of a bigger task.", "description": "Auto-generated task from a single workload (uuid=eaf5d666-a0ad-430f-b9f3-a2a7f2f6d455)", "subtasks": [ { "title": "HeatStacks.create_update_delete_stack", "description": "Create, update and then delete a stack.", "scenario": { "HeatStacks.create_update_delete_stack": { "template_path": "/usr/lib/python3.6/site-packages/functest/opnfv_tests/openstack/rally/scenario/templates/random_strings.yaml.template", "updated_template_path": "/usr/lib/python3.6/site-packages/functest/opnfv_tests/openstack/rally/scenario/templates/updated_random_strings_delete.yaml.template" } }, "contexts": { "users": { "tenants": 3, "users_per_tenant": 2 }, "roles": [ "heat_stack_owner" ] }, "runner": { "constant": { "concurrency": 4, "times": 10 } }, "hooks": [], "sla": { "failure_rate": { "max": 0 } } } ] }
2019-12-10 06:52:44.401 8497 RALLYDEBUG rally_openstack.contexts.keystone.users [-] Creating 3 tenants using 20 threads
2019-12-10 06:52:45.534 8497 RALLYDEBUG rally_openstack.contexts.keystone.users [-] Creating 6 users using 20 threads
2019-12-10 06:52:47.053 8497 INFO rally.task.context [-] Task f68c9227-52e5-463c-8281-7d65d236dced | Context users@openstack setup() finished in 2.65 sec
2019-12-10 06:52:47.785 8497 RALLYDEBUG rally_openstack.contexts.keystone.roles [-] Adding role heat_stack_owner having ID 8362dbe3797a44158298cd7aad1754dd to all users using 30 threads
2019-12-10 06:52:52.925 8497 INFO rally.task.context [-] Task f68c9227-52e5-463c-8281-7d65d236dced | Context roles@openstack setup() finished in 5.87 sec
2019-12-10 06:52:52.925 8497 INFO rally.task.context [-] Task f68c9227-52e5-463c-8281-7d65d236dced | Context cleanup@openstack setup() finished in 0.01 msec
2019-12-10 06:52:52.933 8497 RALLYDEBUG rally.task.runner [-] Starting the constant runner (task UUID: f68c9227-52e5-463c-8281-7d65d236dced). times: 10 concurrency: 4 timeout: 0 max_cpu_used: 16 processes_to_start: 4 concurrency_per_worker: 1 concurrency_overhead: 0
2019-12-10 06:52:52.943 10291 RALLYDEBUG rally.task.runner [-] Starting a worker. times: 10 duration: None concurrency: 1 timeout: 0 cls: method_name: run args: {"template_path": "heat_template_version: 2014-10-16\n\ndescription: Test template for rally create-update-delete scenario\n\nresources:\n test_string_one:\n type: OS::Heat::RandomString\n properties:\n length: 20\n test_string_two:\n type: OS::Heat::RandomString\n properties:\n length: 20", "updated_template_path": "heat_template_version: 2014-10-16\n\ndescription: >\n Test template for create-update-delete-stack scenario in rally.\n The template deletes one resource from the stack defined by random_strings.yaml.template.\n\nresources:\n test_string_one:\n type: OS::Heat::RandomString\n properties:\n length: 20"}
2019-12-10 06:52:52.945 10292 RALLYDEBUG rally.task.runner [-] Starting a worker. times: 10 duration: None concurrency: 1 timeout: 0 cls: method_name: run args: {"template_path": "heat_template_version: 2014-10-16\n\ndescription: Test template for rally create-update-delete scenario\n\nresources:\n test_string_one:\n type: OS::Heat::RandomString\n properties:\n length: 20\n test_string_two:\n type: OS::Heat::RandomString\n properties:\n length: 20", "updated_template_path": "heat_template_version: 2014-10-16\n\ndescription: >\n Test template for create-update-delete-stack scenario in rally.\n The template deletes one resource from the stack defined by random_strings.yaml.template.\n\nresources:\n test_string_one:\n type: OS::Heat::RandomString\n properties:\n length: 20"}
2019-12-10 06:52:52.947 10293 RALLYDEBUG rally.task.runner [-] Starting a worker. times: 10 duration: None concurrency: 1 timeout: 0 cls: method_name: run args: {"template_path": "heat_template_version: 2014-10-16\n\ndescription: Test template for rally create-update-delete scenario\n\nresources:\n test_string_one:\n type: OS::Heat::RandomString\n properties:\n length: 20\n test_string_two:\n type: OS::Heat::RandomString\n properties:\n length: 20", "updated_template_path": "heat_template_version: 2014-10-16\n\ndescription: >\n Test template for create-update-delete-stack scenario in rally.\n The template deletes one resource from the stack defined by random_strings.yaml.template.\n\nresources:\n test_string_one:\n type: OS::Heat::RandomString\n properties:\n length: 20"}
2019-12-10 06:52:52.950 10291 INFO rally.task.runner [-] Task f68c9227-52e5-463c-8281-7d65d236dced | ITER: 1 START
2019-12-10 06:52:52.950 10294 RALLYDEBUG rally.task.runner [-] Starting a worker. times: 10 duration: None concurrency: 1 timeout: 0 cls: method_name: run args: {"template_path": "heat_template_version: 2014-10-16\n\ndescription: Test template for rally create-update-delete scenario\n\nresources:\n test_string_one:\n type: OS::Heat::RandomString\n properties:\n length: 20\n test_string_two:\n type: OS::Heat::RandomString\n properties:\n length: 20", "updated_template_path": "heat_template_version: 2014-10-16\n\ndescription: >\n Test template for create-update-delete-stack scenario in rally.\n The template deletes one resource from the stack defined by random_strings.yaml.template.\n\nresources:\n test_string_one:\n type: OS::Heat::RandomString\n properties:\n length: 20"}
2019-12-10 06:52:52.952 10292 INFO rally.task.runner [-] Task f68c9227-52e5-463c-8281-7d65d236dced | ITER: 2 START
2019-12-10 06:52:52.954 10293 INFO rally.task.runner [-] Task f68c9227-52e5-463c-8281-7d65d236dced | ITER: 3 START
2019-12-10 06:52:52.956 10294 INFO rally.task.runner [-] Task f68c9227-52e5-463c-8281-7d65d236dced | ITER: 4 START
2019-12-10 06:52:56.392 10294 RALLYDEBUG rally.task.utils [-] Waiting for resource . Status changed: CREATE_IN_PROGRESS => CREATE_COMPLETE in 0.07108449935913086
2019-12-10 06:52:56.396 10293 RALLYDEBUG rally.task.utils [-] Waiting for resource . Status changed: CREATE_IN_PROGRESS => CREATE_COMPLETE in 0.07460355758666992
2019-12-10 06:52:56.403 10291 RALLYDEBUG rally.task.utils [-] Waiting for resource . Status changed: CREATE_IN_PROGRESS => CREATE_COMPLETE in 0.0710141658782959
2019-12-10 06:52:56.482 10292 RALLYDEBUG rally.task.utils [-] Waiting for resource . Status changed: CREATE_IN_PROGRESS => CREATE_COMPLETE in 0.0742182731628418
2019-12-10 06:52:58.575 10294 RALLYDEBUG rally.task.utils [-] Waiting for resource . Status changed: CREATE_COMPLETE => UPDATE_COMPLETE in 0.06361842155456543
2019-12-10 06:52:58.577 10293 RALLYDEBUG rally.task.utils [-] Waiting for resource . Status changed: CREATE_COMPLETE => UPDATE_COMPLETE in 0.06536698341369629
2019-12-10 06:52:58.591 10291 RALLYDEBUG rally.task.utils [-] Waiting for resource . Status changed: CREATE_COMPLETE => UPDATE_COMPLETE in 0.07552337646484375
2019-12-10 06:52:58.638 10292 RALLYDEBUG rally.task.utils [-] Waiting for resource . Status changed: CREATE_COMPLETE => UPDATE_COMPLETE in 0.05920863151550293
2019-12-10 06:52:58.690 10293 RALLYDEBUG rally.task.utils [-] Waiting for resource . Status changed: CREATE_COMPLETE => DELETE_IN_PROGRESS in 0.0543978214263916
2019-12-10 06:52:58.703 10294 RALLYDEBUG rally.task.utils [-] Waiting for resource . Status changed: CREATE_COMPLETE => DELETE_IN_PROGRESS in 0.06904053688049316
2019-12-10 06:52:58.716 10291 RALLYDEBUG rally.task.utils [-] Waiting for resource . Status changed: CREATE_COMPLETE => DELETE_IN_PROGRESS in 0.06006217002868652
2019-12-10 06:52:58.741 10292 RALLYDEBUG rally.task.utils [-] Waiting for resource . Status changed: CREATE_COMPLETE => DELETE_IN_PROGRESS in 0.045966386795043945
2019-12-10 06:52:59.756 10293 INFO rally.task.runner [-] Task f68c9227-52e5-463c-8281-7d65d236dced | ITER: 3 END: OK
2019-12-10 06:52:59.761 10293 INFO rally.task.runner [-] Task f68c9227-52e5-463c-8281-7d65d236dced | ITER: 5 START
2019-12-10 06:52:59.761 10294 INFO rally.task.runner [-] Task f68c9227-52e5-463c-8281-7d65d236dced | ITER: 4 END: OK
2019-12-10 06:52:59.765 10294 INFO rally.task.runner [-] Task f68c9227-52e5-463c-8281-7d65d236dced | ITER: 6 START
2019-12-10 06:52:59.773 10291 INFO rally.task.runner [-] Task f68c9227-52e5-463c-8281-7d65d236dced | ITER: 1 END: OK
2019-12-10 06:52:59.777 10291 INFO rally.task.runner [-] Task f68c9227-52e5-463c-8281-7d65d236dced | ITER: 7 START
2019-12-10 06:52:59.799 10292 INFO rally.task.runner [-] Task f68c9227-52e5-463c-8281-7d65d236dced | ITER: 2 END: OK
2019-12-10 06:52:59.804 10292 INFO rally.task.runner [-] Task f68c9227-52e5-463c-8281-7d65d236dced | ITER: 8 START
2019-12-10 06:53:03.253 10291 RALLYDEBUG rally.task.utils [-] Waiting for resource . Status changed: CREATE_IN_PROGRESS => CREATE_COMPLETE in 0.0812680721282959
2019-12-10 06:53:03.259 10292 RALLYDEBUG rally.task.utils [-] Waiting for resource . Status changed: CREATE_IN_PROGRESS => CREATE_COMPLETE in 0.07829618453979492
2019-12-10 06:53:03.273 10293 RALLYDEBUG rally.task.utils [-] Waiting for resource . Status changed: CREATE_IN_PROGRESS => CREATE_COMPLETE in 0.07555127143859863
2019-12-10 06:53:03.315 10294 RALLYDEBUG rally.task.utils [-] Waiting for resource . Status changed: CREATE_IN_PROGRESS => CREATE_COMPLETE in 0.07587027549743652
2019-12-10 06:53:05.429 10292 RALLYDEBUG rally.task.utils [-] Waiting for resource . Status changed: CREATE_COMPLETE => UPDATE_COMPLETE in 0.06878519058227539
2019-12-10 06:53:05.435 10291 RALLYDEBUG rally.task.utils [-] Waiting for resource . Status changed: CREATE_COMPLETE => UPDATE_COMPLETE in 0.06905031204223633
2019-12-10 06:53:05.444 10293 RALLYDEBUG rally.task.utils [-] Waiting for resource . Status changed: CREATE_COMPLETE => UPDATE_COMPLETE in 0.06813859939575195
2019-12-10 06:53:05.477 10294 RALLYDEBUG rally.task.utils [-] Waiting for resource . Status changed: CREATE_COMPLETE => UPDATE_COMPLETE in 0.07031083106994629
2019-12-10 06:53:05.555 10291 RALLYDEBUG rally.task.utils [-] Waiting for resource . Status changed: CREATE_COMPLETE => DELETE_IN_PROGRESS in 0.05760383605957031
2019-12-10 06:53:05.561 10292 RALLYDEBUG rally.task.utils [-] Waiting for resource . Status changed: CREATE_COMPLETE => DELETE_IN_PROGRESS in 0.06700325012207031
2019-12-10 06:53:05.572 10293 RALLYDEBUG rally.task.utils [-] Waiting for resource . Status changed: CREATE_COMPLETE => DELETE_IN_PROGRESS in 0.06065225601196289
2019-12-10 06:53:05.606 10294 RALLYDEBUG rally.task.utils [-] Waiting for resource . Status changed: CREATE_COMPLETE => DELETE_IN_PROGRESS in 0.06141304969787598
2019-12-10 06:53:06.620 10291 INFO rally.task.runner [-] Task f68c9227-52e5-463c-8281-7d65d236dced | ITER: 7 END: OK
2019-12-10 06:53:06.623 10292 INFO rally.task.runner [-] Task f68c9227-52e5-463c-8281-7d65d236dced | ITER: 8 END: OK
2019-12-10 06:53:06.623 10291 INFO rally.task.runner [-] Task f68c9227-52e5-463c-8281-7d65d236dced | ITER: 9 START
2019-12-10 06:53:06.627 10292 INFO rally.task.runner [-] Task f68c9227-52e5-463c-8281-7d65d236dced | ITER: 10 START
2019-12-10 06:53:06.627 10293 INFO rally.task.runner [-] Task f68c9227-52e5-463c-8281-7d65d236dced | ITER: 5 END: OK
2019-12-10 06:53:06.662 10294 INFO rally.task.runner [-] Task f68c9227-52e5-463c-8281-7d65d236dced | ITER: 6 END: OK
2019-12-10 06:53:10.183 10292 RALLYDEBUG rally.task.utils [-] Waiting for resource . Status changed: CREATE_IN_PROGRESS => CREATE_COMPLETE in 0.08153057098388672
2019-12-10 06:53:10.218 10291 RALLYDEBUG rally.task.utils [-] Waiting for resource . Status changed: CREATE_IN_PROGRESS => CREATE_COMPLETE in 0.07091236114501953
2019-12-10 06:53:12.377 10292 RALLYDEBUG rally.task.utils [-] Waiting for resource . Status changed: CREATE_COMPLETE => UPDATE_COMPLETE in 0.07417416572570801
2019-12-10 06:53:12.393 10291 RALLYDEBUG rally.task.utils [-] Waiting for resource . Status changed: CREATE_COMPLETE => UPDATE_COMPLETE in 0.07087492942810059
2019-12-10 06:53:12.511 10292 RALLYDEBUG rally.task.utils [-] Waiting for resource . Status changed: CREATE_COMPLETE => DELETE_IN_PROGRESS in 0.061155080795288086
2019-12-10 06:53:12.514 10291 RALLYDEBUG rally.task.utils [-] Waiting for resource . Status changed: CREATE_COMPLETE => DELETE_IN_PROGRESS in 0.054549455642700195
2019-12-10 06:53:13.589 10292 INFO rally.task.runner [-] Task f68c9227-52e5-463c-8281-7d65d236dced | ITER: 10 END: OK
2019-12-10 06:53:13.593 10291 INFO rally.task.runner [-] Task f68c9227-52e5-463c-8281-7d65d236dced | ITER: 9 END: OK
2019-12-10 06:53:13.619 8497 INFO rally.task.context [-] Task f68c9227-52e5-463c-8281-7d65d236dced | Context cleanup@openstack cleanup() started
2019-12-10 06:53:13.622 8497 RALLYDEBUG rally_openstack.cleanup.manager [-] Cleaning up heat stacks objects
2019-12-10 06:53:15.153 8497 INFO rally.task.context [-] Task f68c9227-52e5-463c-8281-7d65d236dced | Context cleanup@openstack cleanup() finished in 1.53 sec
2019-12-10 06:53:15.153 8497 INFO rally.task.context [-] Task f68c9227-52e5-463c-8281-7d65d236dced | Context roles@openstack cleanup() started
2019-12-10 06:53:15.154 8497 RALLYDEBUG rally_openstack.contexts.keystone.roles [-] Removing assigned role 8362dbe3797a44158298cd7aad1754dd from all users
2019-12-10 06:53:16.140 8497 INFO rally.task.context [-] Task f68c9227-52e5-463c-8281-7d65d236dced | Context roles@openstack cleanup() finished in 0.99 sec
2019-12-10 06:53:16.140 8497 INFO rally.task.context [-] Task f68c9227-52e5-463c-8281-7d65d236dced | Context users@openstack cleanup() started
2019-12-10 06:53:21.300 8497 INFO rally.task.context [-] Task f68c9227-52e5-463c-8281-7d65d236dced | Context users@openstack cleanup() finished in 5.16 sec
2019-12-10 06:53:22.644 8497 INFO rally.task.engine [-] Load duration is: 16.641395
2019-12-10 06:53:22.645 8497 INFO rally.task.engine [-] Full runner duration is: 20.686814
2019-12-10 06:53:22.645 8497 INFO rally.task.engine [-] Full duration is: 36.901903
2019-12-10 06:53:22.867 8497 INFO rally.task.engine [-] Running workload: position = 2 config = { "version": 2, "title": "A cropped version of a bigger task.", "description": "Auto-generated task from a single workload (uuid=16ceed5f-a8ac-4bc9-9a9f-b0175de240d5)", "subtasks": [ { "title": "HeatStacks.create_update_delete_stack", "description": "Create, update and then delete a stack.", "scenario": { "HeatStacks.create_update_delete_stack": { "template_path": "/usr/lib/python3.6/site-packages/functest/opnfv_tests/openstack/rally/scenario/templates/resource_group.yaml.template", "updated_template_path": "/usr/lib/python3.6/site-packages/functest/opnfv_tests/openstack/rally/scenario/templates/updated_resource_group_increase.yaml.template" } }, "contexts": { "users": { "tenants": 3, "users_per_tenant": 2 }, "roles": [ "heat_stack_owner" ] }, "runner": { "constant": { "concurrency": 4, "times": 10 } }, "hooks": [], "sla": { "failure_rate": { "max": 0 } } } ] }
2019-12-10 06:53:22.896 8497 RALLYDEBUG rally_openstack.contexts.keystone.users [-] Creating 3 tenants using 20 threads
2019-12-10 06:53:23.963 8497 RALLYDEBUG rally_openstack.contexts.keystone.users [-] Creating 6 users using 20 threads
2019-12-10 06:53:25.552 8497 INFO rally.task.context [-] Task f68c9227-52e5-463c-8281-7d65d236dced | Context users@openstack setup() finished in 2.66 sec
2019-12-10 06:53:26.256 8497 RALLYDEBUG rally_openstack.contexts.keystone.roles [-] Adding role heat_stack_owner having ID 8362dbe3797a44158298cd7aad1754dd to all users using 30 threads
2019-12-10 06:53:31.552 8497 INFO rally.task.context [-] Task f68c9227-52e5-463c-8281-7d65d236dced | Context roles@openstack setup() finished in 6.00 sec
2019-12-10 06:53:31.553 8497 INFO rally.task.context [-] Task f68c9227-52e5-463c-8281-7d65d236dced | Context cleanup@openstack setup() finished in 0.04 msec
2019-12-10 06:53:31.563 8497 RALLYDEBUG rally.task.runner [-] Starting the constant runner (task UUID: f68c9227-52e5-463c-8281-7d65d236dced). times: 10 concurrency: 4 timeout: 0 max_cpu_used: 16 processes_to_start: 4 concurrency_per_worker: 1 concurrency_overhead: 0
2019-12-10 06:53:31.575 10475 RALLYDEBUG rally.task.runner [-] Starting a worker. times: 10 duration: None concurrency: 1 timeout: 0 cls: method_name: run args: {"template_path": "heat_template_version: 2014-10-16\n\ndescription: Test template for rally create-update-delete scenario\n\nresources:\n test_group:\n type: OS::Heat::ResourceGroup\n properties:\n count: 2\n resource_def:\n type: OS::Heat::RandomString\n properties:\n length: 20", "updated_template_path": "heat_template_version: 2014-10-16\n\ndescription: >\n Test template for create-update-delete-stack scenario in rally.\n The template updates one resource from the stack defined by resource_group.yaml.template\n and adds children resources to that resource.\n\nresources:\n test_group:\n type: OS::Heat::ResourceGroup\n properties:\n count: 3\n resource_def:\n type: OS::Heat::RandomString\n properties:\n length: 20"}
2019-12-10 06:53:31.579 10476 RALLYDEBUG rally.task.runner [-] Starting a worker. times: 10 duration: None concurrency: 1 timeout: 0 cls: method_name: run args: {"template_path": "heat_template_version: 2014-10-16\n\ndescription: Test template for rally create-update-delete scenario\n\nresources:\n test_group:\n type: OS::Heat::ResourceGroup\n properties:\n count: 2\n resource_def:\n type: OS::Heat::RandomString\n properties:\n length: 20", "updated_template_path": "heat_template_version: 2014-10-16\n\ndescription: >\n Test template for create-update-delete-stack scenario in rally.\n The template updates one resource from the stack defined by resource_group.yaml.template\n and adds children resources to that resource.\n\nresources:\n test_group:\n type: OS::Heat::ResourceGroup\n properties:\n count: 3\n resource_def:\n type: OS::Heat::RandomString\n properties:\n length: 20"}
2019-12-10 06:53:31.583 10475 INFO rally.task.runner [-] Task f68c9227-52e5-463c-8281-7d65d236dced | ITER: 1 START
2019-12-10 06:53:31.582 10477 RALLYDEBUG rally.task.runner [-] Starting a worker. times: 10 duration: None concurrency: 1 timeout: 0 cls: method_name: run args: {"template_path": "heat_template_version: 2014-10-16\n\ndescription: Test template for rally create-update-delete scenario\n\nresources:\n test_group:\n type: OS::Heat::ResourceGroup\n properties:\n count: 2\n resource_def:\n type: OS::Heat::RandomString\n properties:\n length: 20", "updated_template_path": "heat_template_version: 2014-10-16\n\ndescription: >\n Test template for create-update-delete-stack scenario in rally.\n The template updates one resource from the stack defined by resource_group.yaml.template\n and adds children resources to that resource.\n\nresources:\n test_group:\n type: OS::Heat::ResourceGroup\n properties:\n count: 3\n resource_def:\n type: OS::Heat::RandomString\n properties:\n length: 20"}
2019-12-10 06:53:31.584 10478 RALLYDEBUG rally.task.runner [-] Starting a worker. times: 10 duration: None concurrency: 1 timeout: 0 cls: method_name: run args: {"template_path": "heat_template_version: 2014-10-16\n\ndescription: Test template for rally create-update-delete scenario\n\nresources:\n test_group:\n type: OS::Heat::ResourceGroup\n properties:\n count: 2\n resource_def:\n type: OS::Heat::RandomString\n properties:\n length: 20", "updated_template_path": "heat_template_version: 2014-10-16\n\ndescription: >\n Test template for create-update-delete-stack scenario in rally.\n The template updates one resource from the stack defined by resource_group.yaml.template\n and adds children resources to that resource.\n\nresources:\n test_group:\n type: OS::Heat::ResourceGroup\n properties:\n count: 3\n resource_def:\n type: OS::Heat::RandomString\n properties:\n length: 20"}
2019-12-10 06:53:31.586 10476 INFO rally.task.runner [-] Task f68c9227-52e5-463c-8281-7d65d236dced | ITER: 2 START
2019-12-10 06:53:31.589 10477 INFO rally.task.runner [-] Task f68c9227-52e5-463c-8281-7d65d236dced | ITER: 3 START
2019-12-10 06:53:31.589 10478 INFO rally.task.runner [-] Task f68c9227-52e5-463c-8281-7d65d236dced | ITER: 4 START
2019-12-10 06:53:36.094 10475 RALLYDEBUG rally.task.utils [-] Waiting for resource . Status changed: CREATE_IN_PROGRESS => CREATE_COMPLETE in 1.1538217067718506
2019-12-10 06:53:36.095 10476 RALLYDEBUG rally.task.utils [-] Waiting for resource . Status changed: CREATE_IN_PROGRESS => CREATE_COMPLETE in 1.1545295715332031
2019-12-10 06:53:36.163 10477 RALLYDEBUG rally.task.utils [-] Waiting for resource . Status changed: CREATE_IN_PROGRESS => CREATE_COMPLETE in 1.1501686573028564
2019-12-10 06:53:36.185 10478 RALLYDEBUG rally.task.utils [-] Waiting for resource . Status changed: CREATE_IN_PROGRESS => CREATE_COMPLETE in 1.1405260562896729
2019-12-10 06:53:38.273 10476 RALLYDEBUG rally.task.utils [-] Waiting for resource . Status changed: CREATE_COMPLETE => UPDATE_IN_PROGRESS in 0.0692598819732666
2019-12-10 06:53:38.276 10475 RALLYDEBUG rally.task.utils [-] Waiting for resource . Status changed: CREATE_COMPLETE => UPDATE_IN_PROGRESS in 0.07222366333007812
2019-12-10 06:53:38.334 10477 RALLYDEBUG rally.task.utils [-] Waiting for resource . Status changed: CREATE_COMPLETE => UPDATE_IN_PROGRESS in 0.07138371467590332
2019-12-10 06:53:38.346 10478 RALLYDEBUG rally.task.utils [-] Waiting for resource . Status changed: CREATE_COMPLETE => UPDATE_IN_PROGRESS in 0.06685924530029297
2019-12-10 06:53:40.424 10475 RALLYDEBUG rally.task.utils [-] Waiting for resource . Status changed: UPDATE_IN_PROGRESS => UPDATE_COMPLETE in 2.148115634918213
2019-12-10 06:53:40.427 10476 RALLYDEBUG rally.task.utils [-] Waiting for resource . Status changed: UPDATE_IN_PROGRESS => UPDATE_COMPLETE in 2.1545569896698
2019-12-10 06:53:40.475 10477 RALLYDEBUG rally.task.utils [-] Waiting for resource . Status changed: UPDATE_IN_PROGRESS => UPDATE_COMPLETE in 2.1404075622558594
2019-12-10 06:53:40.517 10478 RALLYDEBUG rally.task.utils [-] Waiting for resource . Status changed: UPDATE_IN_PROGRESS => UPDATE_COMPLETE in 2.170264959335327
2019-12-10 06:53:40.584 10476 RALLYDEBUG rally.task.utils [-] Waiting for resource . Status changed: CREATE_COMPLETE => DELETE_IN_PROGRESS in 0.05740666389465332
2019-12-10 06:53:40.596 10475 RALLYDEBUG rally.task.utils [-] Waiting for resource . Status changed: CREATE_COMPLETE => DELETE_IN_PROGRESS in 0.07484650611877441
2019-12-10 06:53:40.611 10477 RALLYDEBUG rally.task.utils [-] Waiting for resource . Status changed: CREATE_COMPLETE => DELETE_IN_PROGRESS in 0.06987929344177246
2019-12-10 06:53:40.635 10478 RALLYDEBUG rally.task.utils [-] Waiting for resource . Status changed: CREATE_COMPLETE => DELETE_IN_PROGRESS in 0.059853553771972656
2019-12-10 06:53:43.778 10476 INFO rally.task.runner [-] Task f68c9227-52e5-463c-8281-7d65d236dced | ITER: 2 END: OK
2019-12-10 06:53:43.783 10476 INFO rally.task.runner [-] Task f68c9227-52e5-463c-8281-7d65d236dced | ITER: 5 START
2019-12-10 06:53:43.789 10475 INFO rally.task.runner [-] Task f68c9227-52e5-463c-8281-7d65d236dced | ITER: 1 END: OK
2019-12-10 06:53:43.789 10477 INFO rally.task.runner [-] Task f68c9227-52e5-463c-8281-7d65d236dced | ITER: 3 END: OK
2019-12-10 06:53:43.793 10475 INFO rally.task.runner [-] Task f68c9227-52e5-463c-8281-7d65d236dced | ITER: 6 START
2019-12-10 06:53:43.793 10477 INFO rally.task.runner [-] Task f68c9227-52e5-463c-8281-7d65d236dced | ITER: 7 START
2019-12-10 06:53:43.812 10478 INFO rally.task.runner [-] Task f68c9227-52e5-463c-8281-7d65d236dced | ITER: 4 END: OK
2019-12-10 06:53:43.816 10478 INFO rally.task.runner [-] Task f68c9227-52e5-463c-8281-7d65d236dced | ITER: 8 START
2019-12-10 06:53:48.281 10476 RALLYDEBUG rally.task.utils [-] Waiting for resource . Status changed: CREATE_IN_PROGRESS => CREATE_COMPLETE in 1.1423399448394775
2019-12-10 06:53:48.288 10477 RALLYDEBUG rally.task.utils [-] Waiting for resource . Status changed: CREATE_IN_PROGRESS => CREATE_COMPLETE in 1.1562526226043701
2019-12-10 06:53:48.298 10478 RALLYDEBUG rally.task.utils [-] Waiting for resource . Status changed: CREATE_IN_PROGRESS => CREATE_COMPLETE in 1.1490724086761475
2019-12-10 06:53:48.452 10475 RALLYDEBUG rally.task.utils [-] Waiting for resource . Status changed: CREATE_IN_PROGRESS => CREATE_COMPLETE in 1.128542423248291
2019-12-10 06:53:50.447 10476 RALLYDEBUG rally.task.utils [-] Waiting for resource . Status changed: CREATE_COMPLETE => UPDATE_IN_PROGRESS in 0.06471467018127441
2019-12-10 06:53:50.449 10477 RALLYDEBUG rally.task.utils [-] Waiting for resource . Status changed: CREATE_COMPLETE => UPDATE_IN_PROGRESS in 0.06555461883544922
2019-12-10 06:53:50.463 10478 RALLYDEBUG rally.task.utils [-] Waiting for resource . Status changed: CREATE_COMPLETE => UPDATE_IN_PROGRESS in 0.0632333755493164
2019-12-10 06:53:50.629 10475 RALLYDEBUG rally.task.utils [-] Waiting for resource . Status changed: CREATE_COMPLETE => UPDATE_IN_PROGRESS in 0.09009623527526855
2019-12-10 06:53:52.600 10476 RALLYDEBUG rally.task.utils [-] Waiting for resource . Status changed: UPDATE_IN_PROGRESS => UPDATE_COMPLETE in 2.152784585952759
2019-12-10 06:53:52.615 10477 RALLYDEBUG rally.task.utils [-] Waiting for resource . Status changed: UPDATE_IN_PROGRESS => UPDATE_COMPLETE in 2.1658637523651123
2019-12-10 06:53:52.635 10478 RALLYDEBUG rally.task.utils [-] Waiting for resource . Status changed: UPDATE_IN_PROGRESS => UPDATE_COMPLETE in 2.1715526580810547
2019-12-10 06:53:52.743 10476 RALLYDEBUG rally.task.utils [-] Waiting for resource . Status changed: CREATE_COMPLETE => DELETE_IN_PROGRESS in 0.07742786407470703
2019-12-10 06:53:52.754 10477 RALLYDEBUG rally.task.utils [-] Waiting for resource . Status changed: CREATE_COMPLETE => DELETE_IN_PROGRESS in 0.0737769603729248
2019-12-10 06:53:52.755 10478 RALLYDEBUG rally.task.utils [-] Waiting for resource . Status changed: CREATE_COMPLETE => DELETE_IN_PROGRESS in 0.06136202812194824
2019-12-10 06:53:52.781 10475 RALLYDEBUG rally.task.utils [-] Waiting for resource . Status changed: UPDATE_IN_PROGRESS => UPDATE_COMPLETE in 2.1523873805999756
2019-12-10 06:53:52.882 10475 RALLYDEBUG rally.task.utils [-] Waiting for resource . Status changed: CREATE_COMPLETE => DELETE_IN_PROGRESS in 0.04817008972167969
2019-12-10 06:53:55.942 10477 INFO rally.task.runner [-] Task f68c9227-52e5-463c-8281-7d65d236dced | ITER: 7 END: OK
2019-12-10 06:53:55.946 10476 INFO rally.task.runner [-] Task f68c9227-52e5-463c-8281-7d65d236dced | ITER: 5 END: OK
2019-12-10 06:53:55.948 10477 INFO rally.task.runner [-] Task f68c9227-52e5-463c-8281-7d65d236dced | ITER: 9 START
2019-12-10 06:53:55.953 10476 INFO rally.task.runner [-] Task f68c9227-52e5-463c-8281-7d65d236dced | ITER: 10 START
2019-12-10 06:53:55.956 10478 INFO rally.task.runner [-] Task f68c9227-52e5-463c-8281-7d65d236dced | ITER: 8 END: OK
2019-12-10 06:53:56.058 10475 INFO rally.task.runner [-] Task f68c9227-52e5-463c-8281-7d65d236dced | ITER: 6 END: OK
2019-12-10 06:54:00.541 10477 RALLYDEBUG rally.task.utils [-] Waiting for resource . Status changed: CREATE_IN_PROGRESS => CREATE_COMPLETE in 1.1330420970916748
2019-12-10 06:54:00.547 10476 RALLYDEBUG rally.task.utils [-] Waiting for resource . Status changed: CREATE_IN_PROGRESS => CREATE_COMPLETE in 1.1497161388397217
2019-12-10 06:54:02.720 10477 RALLYDEBUG rally.task.utils [-] Waiting for resource . Status changed: CREATE_COMPLETE => UPDATE_IN_PROGRESS in 0.07237911224365234
2019-12-10 06:54:02.721 10476 RALLYDEBUG rally.task.utils [-] Waiting for resource . Status changed: CREATE_COMPLETE => UPDATE_IN_PROGRESS in 0.06635212898254395
2019-12-10 06:54:04.862 10476 RALLYDEBUG rally.task.utils [-] Waiting for resource . Status changed: UPDATE_IN_PROGRESS => UPDATE_COMPLETE in 2.140803813934326
2019-12-10 06:54:04.866 10477 RALLYDEBUG rally.task.utils [-] Waiting for resource . Status changed: UPDATE_IN_PROGRESS => UPDATE_COMPLETE in 2.1457266807556152
2019-12-10 06:54:04.984 10476 RALLYDEBUG rally.task.utils [-] Waiting for resource . Status changed: CREATE_COMPLETE => DELETE_IN_PROGRESS in 0.05769753456115723
2019-12-10 06:54:04.989 10477 RALLYDEBUG rally.task.utils [-] Waiting for resource . Status changed: CREATE_COMPLETE => DELETE_IN_PROGRESS in 0.06142425537109375
2019-12-10 06:54:08.176 10477 INFO rally.task.runner [-] Task f68c9227-52e5-463c-8281-7d65d236dced | ITER: 9 END: OK
2019-12-10 06:54:08.179 10476 INFO rally.task.runner [-] Task f68c9227-52e5-463c-8281-7d65d236dced | ITER: 10 END: OK
2019-12-10 06:54:08.205 8497 INFO rally.task.context [-] Task f68c9227-52e5-463c-8281-7d65d236dced | Context cleanup@openstack cleanup() started
2019-12-10 06:54:08.209 8497 RALLYDEBUG rally_openstack.cleanup.manager [-] Cleaning up heat stacks objects
2019-12-10 06:54:09.767 8497 RALLYDEBUG rally_openstack.cleanup.manager [-] Deleting heat.stacks object s_rally_16ceed5f_A0NZbl0C (d038c923-dcfe-4c90-8b6e-49ab5c902be2)
2019-12-10 06:54:10.376 8497 ERROR rally_openstack.cleanup.manager [-] Resource deletion failed, max retries exceeded for heat.stacks: d038c923-dcfe-4c90-8b6e-49ab5c902be2.: heatclient.exc.HTTPNotFound: ERROR: The Stack (s_rally_16ceed5f_A0NZbl0C) could not be found.
2019-12-10 06:54:10.376 8497 ERROR rally_openstack.cleanup.manager
Traceback (most recent call last):
2019-12-10 06:54:10.376 8497 ERROR rally_openstack.cleanup.manager
File "/usr/lib/python3.6/site-packages/rally_openstack/cleanup/manager.py", line 85, in _delete_single_resource
2019-12-10 06:54:10.376 8497 ERROR rally_openstack.cleanup.manager rutils.retry(resource._max_attempts, resource.delete)
2019-12-10 06:54:10.376 8497 ERROR rally_openstack.cleanup.manager
File "/usr/lib/python3.6/site-packages/rally/common/utils.py", line 230, in retry
2019-12-10 06:54:10.376 8497 ERROR rally_openstack.cleanup.manager return func(*args, **kwargs)
2019-12-10 06:54:10.376 8497 ERROR rally_openstack.cleanup.manager
File "/usr/lib/python3.6/site-packages/rally_openstack/cleanup/base.py", line 129, in delete
2019-12-10 06:54:10.376 8497 ERROR rally_openstack.cleanup.manager self._manager().delete(self.id())
2019-12-10 06:54:10.376 8497 ERROR rally_openstack.cleanup.manager
File "/usr/lib/python3.6/site-packages/heatclient/v1/stacks.py", line 201, in delete
2019-12-10 06:54:10.376 8497 ERROR rally_openstack.cleanup.manager self._delete("/stacks/%s" % stack_id)
2019-12-10 06:54:10.376 8497 ERROR rally_openstack.cleanup.manager
File "/usr/lib/python3.6/site-packages/heatclient/common/base.py", line 207, in _delete
2019-12-10 06:54:10.376 8497 ERROR rally_openstack.cleanup.manager return self.client.delete(url)
2019-12-10 06:54:10.376 8497 ERROR rally_openstack.cleanup.manager
File "/usr/lib/python3.6/site-packages/keystoneauth1/adapter.py", line 390, in delete
2019-12-10 06:54:10.376 8497 ERROR rally_openstack.cleanup.manager return self.request(url, 'DELETE', **kwargs)
2019-12-10 06:54:10.376 8497 ERROR rally_openstack.cleanup.manager
File "/usr/lib/python3.6/site-packages/heatclient/common/http.py", line 320, in request
2019-12-10 06:54:10.376 8497 ERROR rally_openstack.cleanup.manager raise exc.from_response(resp)
2019-12-10 06:54:10.376 8497 ERROR rally_openstack.cleanup.manager heatclient.exc.HTTPNotFound: ERROR: The Stack (s_rally_16ceed5f_A0NZbl0C) could not be found.
2019-12-10 06:54:10.376 8497 ERROR rally_openstack.cleanup.manager
2019-12-10 06:54:10.379 8497 INFO rally.task.context [-] Task f68c9227-52e5-463c-8281-7d65d236dced | Context cleanup@openstack cleanup() finished in 2.17 sec
2019-12-10 06:54:10.379 8497 INFO rally.task.context [-] Task f68c9227-52e5-463c-8281-7d65d236dced | Context roles@openstack cleanup() started
2019-12-10 06:54:10.380 8497 RALLYDEBUG rally_openstack.contexts.keystone.roles [-] Removing assigned role 8362dbe3797a44158298cd7aad1754dd from all users
2019-12-10 06:54:11.370 8497 INFO rally.task.context [-] Task f68c9227-52e5-463c-8281-7d65d236dced | Context roles@openstack cleanup() finished in 0.99 sec
2019-12-10 06:54:11.371 8497 INFO rally.task.context [-] Task f68c9227-52e5-463c-8281-7d65d236dced | Context users@openstack cleanup() started
2019-12-10 06:54:16.214 8497 INFO rally.task.context [-] Task f68c9227-52e5-463c-8281-7d65d236dced | Context users@openstack cleanup() finished in 4.84 sec
2019-12-10 06:54:17.291 8497 INFO rally.task.engine [-] Load duration is: 32.594808
2019-12-10 06:54:17.291 8497 INFO rally.task.engine [-] Full runner duration is: 36.642048
2019-12-10 06:54:17.292 8497 INFO rally.task.engine [-] Full duration is: 53.319514
2019-12-10 06:54:17.532 8497 INFO rally.task.engine [-] Running workload: position = 3 config = { "version": 2, "title": "A cropped version of a bigger task.", "description": "Auto-generated task from a single workload (uuid=958213eb-43b0-41c0-9ae0-640fb5ec9c1f)", "subtasks": [ { "title": "HeatStacks.create_update_delete_stack", "description": "Create, update and then delete a stack.", "scenario": { "HeatStacks.create_update_delete_stack": { "template_path": "/usr/lib/python3.6/site-packages/functest/opnfv_tests/openstack/rally/scenario/templates/autoscaling_policy.yaml.template", "updated_template_path": "/usr/lib/python3.6/site-packages/functest/opnfv_tests/openstack/rally/scenario/templates/updated_autoscaling_policy_inplace.yaml.template" } }, "contexts": { "users": { "tenants": 3, "users_per_tenant": 2 }, "roles": [ "heat_stack_owner" ] }, "runner": { "constant": { "concurrency": 4, "times": 10 } }, "hooks": [], "sla": { "failure_rate": { "max": 0 } } } ] }
2019-12-10 06:54:17.556 8497 RALLYDEBUG rally_openstack.contexts.keystone.users [-] Creating 3 tenants using 20 threads
2019-12-10 06:54:18.601 8497 RALLYDEBUG rally_openstack.contexts.keystone.users [-] Creating 6 users using 20 threads
2019-12-10 06:54:20.162 8497 INFO rally.task.context [-] Task f68c9227-52e5-463c-8281-7d65d236dced | Context users@openstack setup() finished in 2.61 sec
2019-12-10 06:54:20.870 8497 RALLYDEBUG rally_openstack.contexts.keystone.roles [-] Adding role heat_stack_owner having ID 8362dbe3797a44158298cd7aad1754dd to all users using 30 threads
