2019-12-10 07:53:25.450 20411 INFO rally.task.engine [-] Running workload: position = 0 config = { "version": 2, "title": "A cropped version of a bigger task.", "description": "Auto-generated task from a single workload (uuid=740e7463-3c72-41df-b947-4c4bcb43f822)", "subtasks": [ { "title": "NovaKeypair.boot_and_delete_server_with_keypair", "description": "Boot and delete server with keypair.", "scenario": { "NovaKeypair.boot_and_delete_server_with_keypair": { "flavor": { "name": "rally_full-flavor_68cbd2e2-4670-4bbc-9b99-19b3f4b7f2a8" }, "image": { "name": "rally_full-img_68cbd2e2-4670-4bbc-9b99-19b3f4b7f2a8" }, "server_kwargs": { "nics": [ { "net-id": "d9d946f1-00aa-4f41-8f9b-e4e8a85d4b17" } ] } } }, "contexts": { "users": { "tenants": 3, "users_per_tenant": 2 }, "network": { "networks_per_tenant": 1, "start_cidr": "100.1.0.0/25" }, "quotas": { "neutron": { "network": -1, "port": -1, "subnet": -1 }, "nova": { "cores": -1, "floating_ips": -1, "instances": -1, "key_pairs": -1, "ram": -1, "security_group_rules": -1, "security_groups": -1 } } }, "runner": { "constant": { "concurrency": 4, "times": 10 } }, "hooks": [], "sla": { "failure_rate": { "max": 0 } } } ] }
2019-12-10 07:53:25.476 20411 RALLYDEBUG rally_openstack.contexts.keystone.users [-] Creating 3 tenants using 20 threads
2019-12-10 07:53:26.508 20411 RALLYDEBUG rally_openstack.contexts.keystone.users [-] Creating 6 users using 20 threads
2019-12-10 07:53:28.055 20411 INFO rally.task.context [-] Task 4e8ca0c3-0d8f-4d97-b1f9-96e3694a2663 | Context users@openstack setup() finished in 2.58 sec
2019-12-10 07:53:29.739 20411 INFO rally.task.context [-] Task 4e8ca0c3-0d8f-4d97-b1f9-96e3694a2663 | Context quotas@openstack setup() finished in 1.68 sec
2019-12-10 07:53:32.246 20411 RALLYDEBUG rally_openstack.wrappers.network [-] CIDR generated: 100.1.9.0/25
2019-12-10 07:53:36.620 20411 RALLYDEBUG rally_openstack.wrappers.network [-] CIDR generated: 100.1.9.128/25
2019-12-10 07:53:40.676 20411 RALLYDEBUG rally_openstack.wrappers.network [-] CIDR generated: 100.1.10.0/25
2019-12-10 07:53:43.165 20411 INFO rally.task.context [-] Task 4e8ca0c3-0d8f-4d97-b1f9-96e3694a2663 | Context network@openstack setup() finished in 13.43 sec
2019-12-10 07:53:43.165 20411 INFO rally.task.context [-] Task 4e8ca0c3-0d8f-4d97-b1f9-96e3694a2663 | Context cleanup@openstack setup() finished in 0.01 msec
2019-12-10 07:53:43.998 20411 RALLYDEBUG rally.task.runner [-] Starting the constant runner (task UUID: 4e8ca0c3-0d8f-4d97-b1f9-96e3694a2663). times: 10 concurrency: 4 timeout: 0 max_cpu_used: 16 processes_to_start: 4 concurrency_per_worker: 1 concurrency_overhead: 0
2019-12-10 07:53:44.011 23048 RALLYDEBUG rally.task.runner [-] Starting a worker. times: 10 duration: None concurrency: 1 timeout: 0 cls: method_name: run args: {"flavor": "d4a2a61f-8358-470d-8c42-8a75d9292926", "image": "e2082952-64e1-494f-a61c-acae11bc7e6a", "server_kwargs": {"nics": [{"net-id": "d9d946f1-00aa-4f41-8f9b-e4e8a85d4b17"}]}}
2019-12-10 07:53:44.014 23049 RALLYDEBUG rally.task.runner [-] Starting a worker. times: 10 duration: None concurrency: 1 timeout: 0 cls: method_name: run args: {"flavor": "d4a2a61f-8358-470d-8c42-8a75d9292926", "image": "e2082952-64e1-494f-a61c-acae11bc7e6a", "server_kwargs": {"nics": [{"net-id": "d9d946f1-00aa-4f41-8f9b-e4e8a85d4b17"}]}}
2019-12-10 07:53:44.019 23048 INFO rally.task.runner [-] Task 4e8ca0c3-0d8f-4d97-b1f9-96e3694a2663 | ITER: 1 START
2019-12-10 07:53:44.018 23050 RALLYDEBUG rally.task.runner [-] Starting a worker. times: 10 duration: None concurrency: 1 timeout: 0 cls: method_name: run args: {"flavor": "d4a2a61f-8358-470d-8c42-8a75d9292926", "image": "e2082952-64e1-494f-a61c-acae11bc7e6a", "server_kwargs": {"nics": [{"net-id": "d9d946f1-00aa-4f41-8f9b-e4e8a85d4b17"}]}}
2019-12-10 07:53:44.022 23049 INFO rally.task.runner [-] Task 4e8ca0c3-0d8f-4d97-b1f9-96e3694a2663 | ITER: 2 START
2019-12-10 07:53:44.022 23051 RALLYDEBUG rally.task.runner [-] Starting a worker. times: 10 duration: None concurrency: 1 timeout: 0 cls: method_name: run args: {"flavor": "d4a2a61f-8358-470d-8c42-8a75d9292926", "image": "e2082952-64e1-494f-a61c-acae11bc7e6a", "server_kwargs": {"nics": [{"net-id": "d9d946f1-00aa-4f41-8f9b-e4e8a85d4b17"}]}}
2019-12-10 07:53:44.024 23048 WARNING rally.common.logging [-] Argument(s): `server_kwargs' of `run()' are deprecated in v0.3.2: 'server_kwargs' has been renamed 'boot_server_kwargs'. Used at
2019-12-10 07:53:44.026 23050 INFO rally.task.runner [-] Task 4e8ca0c3-0d8f-4d97-b1f9-96e3694a2663 | ITER: 3 START
2019-12-10 07:53:44.027 23049 WARNING rally.common.logging [-] Argument(s): `server_kwargs' of `run()' are deprecated in v0.3.2: 'server_kwargs' has been renamed 'boot_server_kwargs'. Used at
2019-12-10 07:53:44.030 23051 INFO rally.task.runner [-] Task 4e8ca0c3-0d8f-4d97-b1f9-96e3694a2663 | ITER: 4 START
2019-12-10 07:53:44.030 23050 WARNING rally.common.logging [-] Argument(s): `server_kwargs' of `run()' are deprecated in v0.3.2: 'server_kwargs' has been renamed 'boot_server_kwargs'. Used at
2019-12-10 07:53:44.034 23051 WARNING rally.common.logging [-] Argument(s): `server_kwargs' of `run()' are deprecated in v0.3.2: 'server_kwargs' has been renamed 'boot_server_kwargs'. Used at
2019-12-10 07:53:51.500 23051 RALLYDEBUG rally.task.utils [-] Waiting for resource s_rally_740e7463_wmzSPckx. Status changed: BUILD => ACTIVE in 4.9983837604522705
2019-12-10 07:53:53.420 23049 RALLYDEBUG rally.task.utils [-] Waiting for resource s_rally_740e7463_B63j2ysB. Status changed: BUILD => ACTIVE in 6.941695690155029
2019-12-10 07:53:53.618 23050 RALLYDEBUG rally.task.utils [-] Waiting for resource s_rally_740e7463_E4pFX9U9. Status changed: BUILD => ACTIVE in 7.000559568405151
2019-12-10 07:53:53.622 23048 RALLYDEBUG rally.task.utils [-] Waiting for resource s_rally_740e7463_yHh5dGFe. Status changed: BUILD => ACTIVE in 6.806881427764893
2019-12-10 07:53:53.930 23051 INFO rally.task.runner [-] Task 4e8ca0c3-0d8f-4d97-b1f9-96e3694a2663 | ITER: 4 END: OK
2019-12-10 07:53:53.933 23051 INFO rally.task.runner [-] Task 4e8ca0c3-0d8f-4d97-b1f9-96e3694a2663 | ITER: 5 START
2019-12-10 07:53:55.857 23049 INFO rally.task.runner [-] Task 4e8ca0c3-0d8f-4d97-b1f9-96e3694a2663 | ITER: 2 END: OK
2019-12-10 07:53:55.861 23049 INFO rally.task.runner [-] Task 4e8ca0c3-0d8f-4d97-b1f9-96e3694a2663 | ITER: 6 START
2019-12-10 07:53:56.032 23050 INFO rally.task.runner [-] Task 4e8ca0c3-0d8f-4d97-b1f9-96e3694a2663 | ITER: 3 END: OK
2019-12-10 07:53:56.038 23050 INFO rally.task.runner [-] Task 4e8ca0c3-0d8f-4d97-b1f9-96e3694a2663 | ITER: 7 START
2019-12-10 07:53:56.071 23048 INFO rally.task.runner [-] Task 4e8ca0c3-0d8f-4d97-b1f9-96e3694a2663 | ITER: 1 END: OK
2019-12-10 07:53:56.076 23048 INFO rally.task.runner [-] Task 4e8ca0c3-0d8f-4d97-b1f9-96e3694a2663 | ITER: 8 START
2019-12-10 07:54:01.011 23051 RALLYDEBUG rally.task.utils [-] Waiting for resource s_rally_740e7463_aSf8wTgC. Status changed: BUILD => ACTIVE in 4.555659055709839
2019-12-10 07:54:03.022 23048 RALLYDEBUG rally.task.utils [-] Waiting for resource s_rally_740e7463_gCo6LHEV. Status changed: BUILD => ACTIVE in 4.573146820068359
2019-12-10 07:54:03.185 23050 RALLYDEBUG rally.task.utils [-] Waiting for resource s_rally_740e7463_KtHMH8ZE. Status changed: BUILD => ACTIVE in 4.679535865783691
2019-12-10 07:54:03.489 23051 INFO rally.task.runner [-] Task 4e8ca0c3-0d8f-4d97-b1f9-96e3694a2663 | ITER: 5 END: OK
2019-12-10 07:54:03.493 23051 INFO rally.task.runner [-] Task 4e8ca0c3-0d8f-4d97-b1f9-96e3694a2663 | ITER: 9 START
2019-12-10 07:54:05.322 23049 RALLYDEBUG rally.task.utils [-] Waiting for resource s_rally_740e7463_bevuhIsx. Status changed: BUILD => ACTIVE in 6.911761045455933
2019-12-10 07:54:05.442 23048 INFO rally.task.runner [-] Task 4e8ca0c3-0d8f-4d97-b1f9-96e3694a2663 | ITER: 8 END: OK
2019-12-10 07:54:05.449 23048 INFO rally.task.runner [-] Task 4e8ca0c3-0d8f-4d97-b1f9-96e3694a2663 | ITER: 10 START
2019-12-10 07:54:05.564 23050 INFO rally.task.runner [-] Task 4e8ca0c3-0d8f-4d97-b1f9-96e3694a2663 | ITER: 7 END: OK
2019-12-10 07:54:09.837 23049 INFO rally.task.runner [-] Task 4e8ca0c3-0d8f-4d97-b1f9-96e3694a2663 | ITER: 6 END: OK
2019-12-10 07:54:10.278 23051 RALLYDEBUG rally.task.utils [-] Waiting for resource s_rally_740e7463_GXfPhpST. Status changed: BUILD => ACTIVE in 4.5963990688323975
2019-12-10 07:54:12.698 23051 INFO rally.task.runner [-] Task 4e8ca0c3-0d8f-4d97-b1f9-96e3694a2663 | ITER: 9 END: OK
2019-12-10 07:54:15.306 23048 RALLYDEBUG rally.task.utils [-] Waiting for resource s_rally_740e7463_DwGLoXRb. Status changed: BUILD => ACTIVE in 6.906973838806152
2019-12-10 07:54:17.903 23048 INFO rally.task.runner [-] Task 4e8ca0c3-0d8f-4d97-b1f9-96e3694a2663 | ITER: 10 END: OK
2019-12-10 07:54:17.933 20411 INFO rally.task.context [-] Task 4e8ca0c3-0d8f-4d97-b1f9-96e3694a2663 | Context cleanup@openstack cleanup() started
2019-12-10 07:54:17.937 20411 RALLYDEBUG rally_openstack.cleanup.manager [-] Cleaning up nova servers objects
2019-12-10 07:54:19.290 20411 RALLYDEBUG rally_openstack.cleanup.manager [-] Cleaning up nova server_groups objects
2019-12-10 07:54:20.468 20411 RALLYDEBUG rally_openstack.cleanup.manager [-] Cleaning up nova keypairs objects
2019-12-10 07:54:22.950 20411 INFO rally.task.context [-] Task 4e8ca0c3-0d8f-4d97-b1f9-96e3694a2663 | Context cleanup@openstack cleanup() finished in 5.02 sec
2019-12-10 07:54:22.950 20411 INFO rally.task.context [-] Task 4e8ca0c3-0d8f-4d97-b1f9-96e3694a2663 | Context network@openstack cleanup() started
2019-12-10 07:54:48.225 20411 INFO rally.task.context [-] Task 4e8ca0c3-0d8f-4d97-b1f9-96e3694a2663 | Context network@openstack cleanup() finished in 25.27 sec
2019-12-10 07:54:48.226 20411 INFO rally.task.context [-] Task 4e8ca0c3-0d8f-4d97-b1f9-96e3694a2663 | Context quotas@openstack cleanup() started
2019-12-10 07:54:48.551 20411 INFO rally.task.context [-] Task 4e8ca0c3-0d8f-4d97-b1f9-96e3694a2663 | Context quotas@openstack cleanup() finished in 0.33 sec
2019-12-10 07:54:48.552 20411 INFO rally.task.context [-] Task 4e8ca0c3-0d8f-4d97-b1f9-96e3694a2663 | Context users@openstack cleanup() started
2019-12-10 07:54:52.811 20411 INFO rally.task.context [-] Task 4e8ca0c3-0d8f-4d97-b1f9-96e3694a2663 | Context users@openstack cleanup() finished in 4.26 sec
2019-12-10 07:54:53.877 20411 INFO rally.task.engine [-] Load duration is: 32.882764
2019-12-10 07:54:53.878 20411 INFO rally.task.engine [-] Full runner duration is: 33.935315
2019-12-10 07:54:53.878 20411 INFO rally.task.engine [-] Full duration is: 87.337555
2019-12-10 07:54:54.220 20411 INFO rally.task.engine [-] Running workload: position = 0 config = { "version": 2, "title": "A cropped version of a bigger task.", "description": "Auto-generated task from a single workload (uuid=898abf8a-183a-4548-a1f1-d21770cf93d2)", "subtasks": [ { "title": "NovaServers.boot_server_from_volume_and_delete", "description": "Boot a server from volume and then delete it.", "scenario": { "NovaServers.boot_server_from_volume_and_delete": { "flavor": { "name": "rally_full-flavor_68cbd2e2-4670-4bbc-9b99-19b3f4b7f2a8" }, "image": { "name": "rally_full-img_68cbd2e2-4670-4bbc-9b99-19b3f4b7f2a8" }, "volume_size": 1, "nics": [ { "net-id": "d9d946f1-00aa-4f41-8f9b-e4e8a85d4b17" } ] } }, "contexts": { "users": { "tenants": 3, "users_per_tenant": 2 }, "network": { "networks_per_tenant": 1, "start_cidr": "100.1.0.0/25" }, "quotas": { "cinder": { "gigabytes": -1, "snapshots": -1, "volumes": -1 }, "neutron": { "network": -1, "port": -1, "subnet": -1 }, "nova": { "cores": -1, "floating_ips": -1, "instances": -1, "ram": -1, "security_group_rules": -1, "security_groups": -1 } }, "api_versions": { "cinder": { "version": 3, "service_type": "volumev3" } } }, "runner": { "constant": { "concurrency": 4, "times": 10 } }, "hooks": [], "sla": { "failure_rate": { "max": 0 } } } ] }
2019-12-10 07:54:54.246 20411 RALLYDEBUG rally_openstack.contexts.keystone.users [-] Creating 3 tenants using 20 threads
2019-12-10 07:54:55.295 20411 RALLYDEBUG rally_openstack.contexts.keystone.users [-] Creating 6 users using 20 threads
2019-12-10 07:54:56.878 20411 INFO rally.task.context [-] Task 4e8ca0c3-0d8f-4d97-b1f9-96e3694a2663 | Context users@openstack setup() finished in 2.63 sec
2019-12-10 07:54:57.290 20411 INFO rally.task.context [-] Task 4e8ca0c3-0d8f-4d97-b1f9-96e3694a2663 | Context api_versions@openstack setup() finished in 0.41 sec
2019-12-10 07:54:59.365 20411 INFO rally.task.context [-] Task 4e8ca0c3-0d8f-4d97-b1f9-96e3694a2663 | Context quotas@openstack setup() finished in 2.07 sec
2019-12-10 07:55:01.822 20411 RALLYDEBUG rally_openstack.wrappers.network [-] CIDR generated: 100.1.10.128/25
2019-12-10 07:55:06.261 20411 RALLYDEBUG rally_openstack.wrappers.network [-] CIDR generated: 100.1.11.0/25
2019-12-10 07:55:10.228 20411 RALLYDEBUG rally_openstack.wrappers.network [-] CIDR generated: 100.1.11.128/25
2019-12-10 07:55:12.410 20411 INFO rally.task.context [-] Task 4e8ca0c3-0d8f-4d97-b1f9-96e3694a2663 | Context network@openstack setup() finished in 13.04 sec
2019-12-10 07:55:12.411 20411 INFO rally.task.context [-] Task 4e8ca0c3-0d8f-4d97-b1f9-96e3694a2663 | Context cleanup@openstack setup() finished in 0.01 msec
2019-12-10 07:55:13.268 20411 RALLYDEBUG rally.task.runner [-] Starting the constant runner (task UUID: 4e8ca0c3-0d8f-4d97-b1f9-96e3694a2663). times: 10 concurrency: 4 timeout: 0 max_cpu_used: 16 processes_to_start: 4 concurrency_per_worker: 1 concurrency_overhead: 0
2019-12-10 07:55:13.280 23212 RALLYDEBUG rally.task.runner [-] Starting a worker. times: 10 duration: None concurrency: 1 timeout: 0 cls: method_name: run args: {"flavor": "d4a2a61f-8358-470d-8c42-8a75d9292926", "image": "e2082952-64e1-494f-a61c-acae11bc7e6a", "volume_size": 1, "nics": [{"net-id": "d9d946f1-00aa-4f41-8f9b-e4e8a85d4b17"}]}
2019-12-10 07:55:13.284 23213 RALLYDEBUG rally.task.runner [-] Starting a worker. times: 10 duration: None concurrency: 1 timeout: 0 cls: method_name: run args: {"flavor": "d4a2a61f-8358-470d-8c42-8a75d9292926", "image": "e2082952-64e1-494f-a61c-acae11bc7e6a", "volume_size": 1, "nics": [{"net-id": "d9d946f1-00aa-4f41-8f9b-e4e8a85d4b17"}]}
2019-12-10 07:55:13.288 23212 INFO rally.task.runner [-] Task 4e8ca0c3-0d8f-4d97-b1f9-96e3694a2663 | ITER: 1 START
2019-12-10 07:55:13.287 23214 RALLYDEBUG rally.task.runner [-] Starting a worker. times: 10 duration: None concurrency: 1 timeout: 0 cls: method_name: run args: {"flavor": "d4a2a61f-8358-470d-8c42-8a75d9292926", "image": "e2082952-64e1-494f-a61c-acae11bc7e6a", "volume_size": 1, "nics": [{"net-id": "d9d946f1-00aa-4f41-8f9b-e4e8a85d4b17"}]}
2019-12-10 07:55:13.292 23213 INFO rally.task.runner [-] Task 4e8ca0c3-0d8f-4d97-b1f9-96e3694a2663 | ITER: 2 START
2019-12-10 07:55:13.291 23215 RALLYDEBUG rally.task.runner [-] Starting a worker. times: 10 duration: None concurrency: 1 timeout: 0 cls: method_name: run args: {"flavor": "d4a2a61f-8358-470d-8c42-8a75d9292926", "image": "e2082952-64e1-494f-a61c-acae11bc7e6a", "volume_size": 1, "nics": [{"net-id": "d9d946f1-00aa-4f41-8f9b-e4e8a85d4b17"}]}
2019-12-10 07:55:13.295 23214 INFO rally.task.runner [-] Task 4e8ca0c3-0d8f-4d97-b1f9-96e3694a2663 | ITER: 3 START
2019-12-10 07:55:13.299 23215 INFO rally.task.runner [-] Task 4e8ca0c3-0d8f-4d97-b1f9-96e3694a2663 | ITER: 4 START
2019-12-10 07:55:30.755 23214 RALLYDEBUG rally.task.utils [-] Waiting for resource s_rally_898abf8a_eVC5nxNJ. Status changed: DOWNLOADING => AVAILABLE in 14.5934317111969
2019-12-10 07:55:35.211 23215 RALLYDEBUG rally.task.utils [-] Waiting for resource s_rally_898abf8a_UwcfPFP8. Status changed: DOWNLOADING => AVAILABLE in 18.757383108139038
2019-12-10 07:55:40.027 23214 RALLYDEBUG rally.task.utils [-] Waiting for resource s_rally_898abf8a_7R2j61UN. Status changed: BUILD => ACTIVE in 6.962137937545776
2019-12-10 07:55:42.512 23214 INFO rally.task.runner [-] Task 4e8ca0c3-0d8f-4d97-b1f9-96e3694a2663 | ITER: 3 END: OK
2019-12-10 07:55:42.519 23214 INFO rally.task.runner [-] Task 4e8ca0c3-0d8f-4d97-b1f9-96e3694a2663 | ITER: 5 START
2019-12-10 07:55:44.327 23215 RALLYDEBUG rally.task.utils [-] Waiting for resource s_rally_898abf8a_cMfpuCh9. Status changed: BUILD => ACTIVE in 6.981225967407227
2019-12-10 07:55:46.810 23215 INFO rally.task.runner [-] Task 4e8ca0c3-0d8f-4d97-b1f9-96e3694a2663 | ITER: 4 END: OK
2019-12-10 07:55:46.817 23215 INFO rally.task.runner [-] Task 4e8ca0c3-0d8f-4d97-b1f9-96e3694a2663 | ITER: 6 START
2019-12-10 07:55:51.498 23212 RALLYDEBUG rally.task.utils [-] Waiting for resource s_rally_898abf8a_2xdw12fe. Status changed: DOWNLOADING => AVAILABLE in 35.347994804382324
2019-12-10 07:55:51.905 23215 RALLYDEBUG rally.task.utils [-] Waiting for resource s_rally_898abf8a_2uUaTDCE. Status changed: CREATING => DOWNLOADING in 2.2103352546691895
2019-12-10 07:55:53.581 23213 RALLYDEBUG rally.task.utils [-] Waiting for resource s_rally_898abf8a_G4pYvcCn. Status changed: DOWNLOADING => AVAILABLE in 37.39952826499939
2019-12-10 07:56:00.479 23212 RALLYDEBUG rally.task.utils [-] Waiting for resource s_rally_898abf8a_P188ieue. Status changed: BUILD => ACTIVE in 6.875192403793335
2019-12-10 07:56:02.924 23212 INFO rally.task.runner [-] Task 4e8ca0c3-0d8f-4d97-b1f9-96e3694a2663 | ITER: 1 END: OK
2019-12-10 07:56:02.931 23212 INFO rally.task.runner [-] Task 4e8ca0c3-0d8f-4d97-b1f9-96e3694a2663 | ITER: 7 START
2019-12-10 07:56:03.070 23213 RALLYDEBUG rally.task.utils [-] Waiting for resource s_rally_898abf8a_q10g6i6X. Status changed: BUILD => ACTIVE in 6.960344552993774
2019-12-10 07:56:04.170 23214 RALLYDEBUG rally.task.utils [-] Waiting for resource s_rally_898abf8a_Gwg67nuk. Status changed: DOWNLOADING => AVAILABLE in 18.75341296195984
2019-12-10 07:56:05.670 23213 INFO rally.task.runner [-] Task 4e8ca0c3-0d8f-4d97-b1f9-96e3694a2663 | ITER: 2 END: OK
2019-12-10 07:56:05.675 23213 INFO rally.task.runner [-] Task 4e8ca0c3-0d8f-4d97-b1f9-96e3694a2663 | ITER: 8 START
2019-12-10 07:56:13.145 23214 RALLYDEBUG rally.task.utils [-] Waiting for resource s_rally_898abf8a_uFm172bn. Status changed: BUILD => ACTIVE in 6.957584619522095
2019-12-10 07:56:18.046 23214 INFO rally.task.runner [-] Task 4e8ca0c3-0d8f-4d97-b1f9-96e3694a2663 | ITER: 5 END: OK
2019-12-10 07:56:18.052 23214 INFO rally.task.runner [-] Task 4e8ca0c3-0d8f-4d97-b1f9-96e3694a2663 | ITER: 9 START
2019-12-10 07:56:20.334 23212 RALLYDEBUG rally.task.utils [-] Waiting for resource s_rally_898abf8a_3b1QeQFL. Status changed: DOWNLOADING => AVAILABLE in 14.663564205169678
2019-12-10 07:56:25.023 23215 RALLYDEBUG rally.task.utils [-] Waiting for resource s_rally_898abf8a_2uUaTDCE. Status changed: DOWNLOADING => AVAILABLE in 33.11773085594177
2019-12-10 07:56:29.250 23214 RALLYDEBUG rally.task.utils [-] Waiting for resource s_rally_898abf8a_CVfRIrLL. Status changed: CREATING => DOWNLOADING in 8.418649196624756
2019-12-10 07:56:31.271 23213 RALLYDEBUG rally.task.utils [-] Waiting for resource s_rally_898abf8a_YbkyGtWL. Status changed: DOWNLOADING => AVAILABLE in 22.90460515022278
2019-12-10 07:56:33.987 23215 RALLYDEBUG rally.task.utils [-] Waiting for resource s_rally_898abf8a_l68Xole4. Status changed: BUILD => ACTIVE in 6.866380214691162
2019-12-10 07:56:36.236 23212 RALLYDEBUG rally.task.utils [-] Waiting for resource s_rally_898abf8a_sJ79ekfl. Status changed: BUILD => ACTIVE in 13.586061000823975
2019-12-10 07:56:36.478 23215 INFO rally.task.runner [-] Task 4e8ca0c3-0d8f-4d97-b1f9-96e3694a2663 | ITER: 6 END: OK
2019-12-10 07:56:36.483 23215 INFO rally.task.runner [-] Task 4e8ca0c3-0d8f-4d97-b1f9-96e3694a2663 | ITER: 10 START
2019-12-10 07:56:37.863 23213 RALLYDEBUG rally.task.utils [-] Waiting for resource s_rally_898abf8a_vCeYw1Cy. Status changed: BUILD => ACTIVE in 4.555633544921875
2019-12-10 07:56:40.740 23212 INFO rally.task.runner [-] Task 4e8ca0c3-0d8f-4d97-b1f9-96e3694a2663 | ITER: 7 END: OK
2019-12-10 07:56:42.508 23213 INFO rally.task.runner [-] Task 4e8ca0c3-0d8f-4d97-b1f9-96e3694a2663 | ITER: 8 END: OK
2019-12-10 07:56:43.739 23214 RALLYDEBUG rally.task.utils [-] Waiting for resource s_rally_898abf8a_CVfRIrLL. Status changed: DOWNLOADING => AVAILABLE in 14.489141464233398
2019-12-10 07:56:52.799 23214 RALLYDEBUG rally.task.utils [-] Waiting for resource s_rally_898abf8a_lMvUF9gt. Status changed: BUILD => ACTIVE in 6.9072558879852295
2019-12-10 07:56:55.196 23214 INFO rally.task.runner [-] Task 4e8ca0c3-0d8f-4d97-b1f9-96e3694a2663 | ITER: 9 END: OK
2019-12-10 07:56:59.989 23215 RALLYDEBUG rally.task.utils [-] Waiting for resource s_rally_898abf8a_xTzyd3k1. Status changed: DOWNLOADING => AVAILABLE in 20.833096265792847
2019-12-10 07:57:09.205 23215 RALLYDEBUG rally.task.utils [-] Waiting for resource s_rally_898abf8a_ZGN7iQQt. Status changed: BUILD => ACTIVE in 7.053669214248657
2019-12-10 07:57:11.574 23215 INFO rally.task.runner [-] Task 4e8ca0c3-0d8f-4d97-b1f9-96e3694a2663 | ITER: 10 END: OK
2019-12-10 07:57:11.602 20411 INFO rally.task.context [-] Task 4e8ca0c3-0d8f-4d97-b1f9-96e3694a2663 | Context cleanup@openstack cleanup() started
2019-12-10 07:57:11.606 20411 RALLYDEBUG rally_openstack.cleanup.manager [-] Cleaning up nova servers objects
2019-12-10 07:57:13.008 20411 RALLYDEBUG rally_openstack.cleanup.manager [-] Cleaning up nova server_groups objects
2019-12-10 07:57:14.195 20411 RALLYDEBUG rally_openstack.cleanup.manager [-] Cleaning up nova keypairs objects
2019-12-10 07:57:16.569 20411 RALLYDEBUG rally_openstack.cleanup.manager [-] Cleaning up cinder backups objects
2019-12-10 07:57:17.782 20411 RALLYDEBUG rally_openstack.cleanup.manager [-] Cleaning up cinder volume_snapshots objects
2019-12-10 07:57:18.970 20411 RALLYDEBUG rally_openstack.cleanup.manager [-] Cleaning up cinder transfers objects
2019-12-10 07:57:20.275 20411 RALLYDEBUG rally_openstack.cleanup.manager [-] Cleaning up cinder volumes objects
2019-12-10 07:57:21.563 20411 RALLYDEBUG rally_openstack.cleanup.manager [-] Deleting cinder.volumes object s_rally_898abf8a_xTzyd3k1 (262c6723-33b8-4c10-831b-698483dc3a2c)
2019-12-10 07:57:21.567 20411 RALLYDEBUG rally_openstack.cleanup.manager [-] Deleting cinder.volumes object s_rally_898abf8a_CVfRIrLL (0eb54799-f6c4-4102-8353-f48b97e32c6e)
2019-12-10 07:57:21.582 20411 RALLYDEBUG rally_openstack.cleanup.manager [-] Deleting cinder.volumes object s_rally_898abf8a_2uUaTDCE (0c7b4bb0-ac39-41ea-ad30-6beb3043481f)
2019-12-10 07:57:21.591 20411 RALLYDEBUG rally_openstack.cleanup.manager [-] Deleting cinder.volumes object s_rally_898abf8a_eVC5nxNJ (e95789dc-b225-4af7-912a-4b8572b2f9b4)
2019-12-10 07:57:21.597 20411 RALLYDEBUG rally_openstack.cleanup.manager [-] Deleting cinder.volumes object s_rally_898abf8a_G4pYvcCn (e4206f70-63af-4126-95b2-5e09d9c91bfb)
2019-12-10 07:57:21.609 20411 RALLYDEBUG rally_openstack.cleanup.manager [-] Deleting cinder.volumes object s_rally_898abf8a_YbkyGtWL (4dcd0645-4c0f-4d61-8935-7454b050c261)
2019-12-10 07:57:21.625 20411 RALLYDEBUG rally_openstack.cleanup.manager [-] Deleting cinder.volumes object s_rally_898abf8a_Gwg67nuk (0caccd65-cf66-414d-96bb-69216cf7906d)
2019-12-10 07:57:21.642 20411 RALLYDEBUG rally_openstack.cleanup.manager [-] Deleting cinder.volumes object s_rally_898abf8a_3b1QeQFL (119770a7-6194-4560-81ab-f37e38faa877)
2019-12-10 07:57:21.647 20411 RALLYDEBUG rally_openstack.cleanup.manager [-] Deleting cinder.volumes object s_rally_898abf8a_2xdw12fe (9fb355d7-f06b-48e6-b6b2-df3b5ffe1f31)
2019-12-10 07:57:21.660 20411 RALLYDEBUG rally_openstack.cleanup.manager [-] Deleting cinder.volumes object s_rally_898abf8a_UwcfPFP8 (45f136ef-2308-406f-abee-c7040d2ed948)
2019-12-10 07:57:25.358 20411 INFO rally.task.context [-] Task 4e8ca0c3-0d8f-4d97-b1f9-96e3694a2663 | Context cleanup@openstack cleanup() finished in 13.76 sec
2019-12-10 07:57:25.359 20411 INFO rally.task.context [-] Task 4e8ca0c3-0d8f-4d97-b1f9-96e3694a2663 | Context network@openstack cleanup() started
2019-12-10 07:57:48.485 20411 INFO rally.task.context [-] Task 4e8ca0c3-0d8f-4d97-b1f9-96e3694a2663 | Context network@openstack cleanup() finished in 23.13 sec
2019-12-10 07:57:48.485 20411 INFO rally.task.context [-] Task 4e8ca0c3-0d8f-4d97-b1f9-96e3694a2663 | Context quotas@openstack cleanup() started
2019-12-10 07:57:48.822 20411 INFO rally.task.context [-] Task 4e8ca0c3-0d8f-4d97-b1f9-96e3694a2663 | Context quotas@openstack cleanup() finished in 0.34 sec
2019-12-10 07:57:48.822 20411 INFO rally.task.context [-] Task 4e8ca0c3-0d8f-4d97-b1f9-96e3694a2663 | Context api_versions@openstack cleanup() started
2019-12-10 07:57:48.823 20411 INFO rally.task.context [-] Task 4e8ca0c3-0d8f-4d97-b1f9-96e3694a2663 | Context api_versions@openstack cleanup() finished in 0.39 msec
2019-12-10 07:57:48.823 20411 INFO rally.task.context [-] Task 4e8ca0c3-0d8f-4d97-b1f9-96e3694a2663 | Context users@openstack cleanup() started
2019-12-10 07:57:53.079 20411 INFO rally.task.context [-] Task 4e8ca0c3-0d8f-4d97-b1f9-96e3694a2663 | Context users@openstack cleanup() finished in 4.26 sec
2019-12-10 07:57:54.974 20411 INFO rally.task.engine [-] Load duration is: 117.282371
2019-12-10 07:57:54.974 20411 INFO rally.task.engine [-] Full runner duration is: 118.335089
2019-12-10 07:57:54.975 20411 INFO rally.task.engine [-] Full duration is: 178.836097
2019-12-10 07:57:55.278 20411 INFO rally.task.engine [-] Running workload: position = 0 config = { "version": 2, "title": "A cropped version of a bigger task.", "description": "Auto-generated task from a single workload (uuid=9896fecf-b81c-4424-9e69-f27f8d2671fd)", "subtasks": [ { "title": "NovaServers.pause_and_unpause_server", "description": "Create a server, pause, unpause and then delete it", "scenario": { "NovaServers.pause_and_unpause_server": { "flavor": { "name": "rally_full-flavor_68cbd2e2-4670-4bbc-9b99-19b3f4b7f2a8" }, "image": { "name": "rally_full-img_68cbd2e2-4670-4bbc-9b99-19b3f4b7f2a8" }, "force_delete": false, "nics": [ { "net-id": "d9d946f1-00aa-4f41-8f9b-e4e8a85d4b17" } ] } }, "contexts": { "users": { "tenants": 3, "users_per_tenant": 2 }, "network": { "networks_per_tenant": 1, "start_cidr": "100.1.0.0/25" }, "quotas": { "neutron": { "network": -1, "port": -1, "subnet": -1 }, "nova": { "cores": -1, "floating_ips": -1, "instances": -1, "ram": -1, "security_group_rules": -1, "security_groups": -1 } } }, "runner": { "constant": { "concurrency": 4, "times": 10 } }, "hooks": [], "sla": { "failure_rate": { "max": 0 } } } ] }
2019-12-10 07:57:55.304 20411 RALLYDEBUG rally_openstack.contexts.keystone.users [-] Creating 3 tenants using 20 threads
2019-12-10 07:57:56.343 20411 RALLYDEBUG rally_openstack.contexts.keystone.users [-] Creating 6 users using 20 threads
2019-12-10 07:57:57.853 20411 INFO rally.task.context [-] Task 4e8ca0c3-0d8f-4d97-b1f9-96e3694a2663 | Context users@openstack setup() finished in 2.55 sec
2019-12-10 07:57:59.672 20411 INFO rally.task.context [-] Task 4e8ca0c3-0d8f-4d97-b1f9-96e3694a2663 | Context quotas@openstack setup() finished in 1.82 sec
2019-12-10 07:58:02.427 20411 RALLYDEBUG rally_openstack.wrappers.network [-] CIDR generated: 100.1.12.0/25
2019-12-10 07:58:07.494 20411 RALLYDEBUG rally_openstack.wrappers.network [-] CIDR generated: 100.1.12.128/25
2019-12-10 07:58:11.256 20411 RALLYDEBUG rally_openstack.wrappers.network [-] CIDR generated: 100.1.13.0/25
2019-12-10 07:58:13.590 20411 INFO rally.task.context [-] Task 4e8ca0c3-0d8f-4d97-b1f9-96e3694a2663 | Context network@openstack setup() finished in 13.92 sec
2019-12-10 07:58:13.590 20411 INFO rally.task.context [-] Task 4e8ca0c3-0d8f-4d97-b1f9-96e3694a2663 | Context cleanup@openstack setup() finished in 0.02 msec
2019-12-10 07:58:14.478 20411 RALLYDEBUG rally.task.runner [-] Starting the constant runner (task UUID: 4e8ca0c3-0d8f-4d97-b1f9-96e3694a2663). times: 10 concurrency: 4 timeout: 0 max_cpu_used: 16 processes_to_start: 4 concurrency_per_worker: 1 concurrency_overhead: 0
2019-12-10 07:58:14.490 23456 RALLYDEBUG rally.task.runner [-] Starting a worker. times: 10 duration: None concurrency: 1 timeout: 0 cls: method_name: run args: {"flavor": "d4a2a61f-8358-470d-8c42-8a75d9292926", "image": "e2082952-64e1-494f-a61c-acae11bc7e6a", "force_delete": false, "nics": [{"net-id": "d9d946f1-00aa-4f41-8f9b-e4e8a85d4b17"}]}
2019-12-10 07:58:14.493 23457 RALLYDEBUG rally.task.runner [-] Starting a worker. times: 10 duration: None concurrency: 1 timeout: 0 cls: method_name: run args: {"flavor": "d4a2a61f-8358-470d-8c42-8a75d9292926", "image": "e2082952-64e1-494f-a61c-acae11bc7e6a", "force_delete": false, "nics": [{"net-id": "d9d946f1-00aa-4f41-8f9b-e4e8a85d4b17"}]}
2019-12-10 07:58:14.497 23456 INFO rally.task.runner [-] Task 4e8ca0c3-0d8f-4d97-b1f9-96e3694a2663 | ITER: 1 START
2019-12-10 07:58:14.497 23458 RALLYDEBUG rally.task.runner [-] Starting a worker. times: 10 duration: None concurrency: 1 timeout: 0 cls: method_name: run args: {"flavor": "d4a2a61f-8358-470d-8c42-8a75d9292926", "image": "e2082952-64e1-494f-a61c-acae11bc7e6a", "force_delete": false, "nics": [{"net-id": "d9d946f1-00aa-4f41-8f9b-e4e8a85d4b17"}]}
2019-12-10 07:58:14.500 23457 INFO rally.task.runner [-] Task 4e8ca0c3-0d8f-4d97-b1f9-96e3694a2663 | ITER: 2 START
2019-12-10 07:58:14.501 23459 RALLYDEBUG rally.task.runner [-] Starting a worker. times: 10 duration: None concurrency: 1 timeout: 0 cls: method_name: run args: {"flavor": "d4a2a61f-8358-470d-8c42-8a75d9292926", "image": "e2082952-64e1-494f-a61c-acae11bc7e6a", "force_delete": false, "nics": [{"net-id": "d9d946f1-00aa-4f41-8f9b-e4e8a85d4b17"}]}
2019-12-10 07:58:14.505 23458 INFO rally.task.runner [-] Task 4e8ca0c3-0d8f-4d97-b1f9-96e3694a2663 | ITER: 3 START
2019-12-10 07:58:14.508 23459 INFO rally.task.runner [-] Task 4e8ca0c3-0d8f-4d97-b1f9-96e3694a2663 | ITER: 4 START
2019-12-10 07:58:22.186 23458 RALLYDEBUG rally.task.utils [-] Waiting for resource s_rally_9896fecf_KsXVqM3u. Status changed: BUILD => ACTIVE in 5.00048303604126
2019-12-10 07:58:23.550 23456 RALLYDEBUG rally.task.utils [-] Waiting for resource s_rally_9896fecf_T8YCcKNo. Status changed: BUILD => ACTIVE in 6.905862092971802
2019-12-10 07:58:23.979 23459 RALLYDEBUG rally.task.utils [-] Waiting for resource s_rally_9896fecf_63kTIJ3z. Status changed: BUILD => ACTIVE in 6.782014846801758
2019-12-10 07:58:24.511 23458 RALLYDEBUG rally.task.utils [-] Waiting for resource s_rally_9896fecf_KsXVqM3u. Status changed: ACTIVE => PAUSED in 0.19478273391723633
2019-12-10 07:58:25.858 23456 RALLYDEBUG rally.task.utils [-] Waiting for resource s_rally_9896fecf_T8YCcKNo. Status changed: ACTIVE => PAUSED in 0.18787741661071777
2019-12-10 07:58:25.890 23457 RALLYDEBUG rally.task.utils [-] Waiting for resource s_rally_9896fecf_pO3gBvXl. Status changed: BUILD => ACTIVE in 9.095055341720581
2019-12-10 07:58:26.451 23459 RALLYDEBUG rally.task.utils [-] Waiting for resource s_rally_9896fecf_63kTIJ3z. Status changed: ACTIVE => PAUSED in 0.3511388301849365
2019-12-10 07:58:28.174 23457 RALLYDEBUG rally.task.utils [-] Waiting for resource s_rally_9896fecf_pO3gBvXl. Status changed: ACTIVE => PAUSED in 0.15096068382263184
2019-12-10 07:58:29.283 23458 INFO rally.task.runner [-] Task 4e8ca0c3-0d8f-4d97-b1f9-96e3694a2663 | ITER: 3 END: OK
2019-12-10 07:58:29.288 23458 INFO rally.task.runner [-] Task 4e8ca0c3-0d8f-4d97-b1f9-96e3694a2663 | ITER: 5 START
2019-12-10 07:58:30.572 23456 INFO rally.task.runner [-] Task 4e8ca0c3-0d8f-4d97-b1f9-96e3694a2663 | ITER: 1 END: OK
2019-12-10 07:58:30.577 23456 INFO rally.task.runner [-] Task 4e8ca0c3-0d8f-4d97-b1f9-96e3694a2663 | ITER: 6 START
2019-12-10 07:58:31.126 23459 INFO rally.task.runner [-] Task 4e8ca0c3-0d8f-4d97-b1f9-96e3694a2663 | ITER: 4 END: OK
2019-12-10 07:58:31.131 23459 INFO rally.task.runner [-] Task 4e8ca0c3-0d8f-4d97-b1f9-96e3694a2663 | ITER: 7 START
2019-12-10 07:58:33.018 23457 INFO rally.task.runner [-] Task 4e8ca0c3-0d8f-4d97-b1f9-96e3694a2663 | ITER: 2 END: OK
2019-12-10 07:58:33.024 23457 INFO rally.task.runner [-] Task 4e8ca0c3-0d8f-4d97-b1f9-96e3694a2663 | ITER: 8 START
2019-12-10 07:58:37.189 23456 RALLYDEBUG rally.task.utils [-] Waiting for resource s_rally_9896fecf_0heyDCJC. Status changed: BUILD => ACTIVE in 4.48480486869812
2019-12-10 07:58:38.305 23458 RALLYDEBUG rally.task.utils [-] Waiting for resource s_rally_9896fecf_2PhSjaR6. Status changed: BUILD => ACTIVE in 6.836472272872925
2019-12-10 07:58:39.640 23456 RALLYDEBUG rally.task.utils [-] Waiting for resource s_rally_9896fecf_0heyDCJC. Status changed: ACTIVE => PAUSED in 0.3249483108520508
2019-12-10 07:58:39.772 23457 RALLYDEBUG rally.task.utils [-] Waiting for resource s_rally_9896fecf_VH2YLrdZ. Status changed: BUILD => ACTIVE in 4.556320428848267
2019-12-10 07:58:39.984 23459 RALLYDEBUG rally.task.utils [-] Waiting for resource s_rally_9896fecf_KYGLFtyN. Status changed: BUILD => ACTIVE in 6.806942701339722
2019-12-10 07:58:40.583 23458 RALLYDEBUG rally.task.utils [-] Waiting for resource s_rally_9896fecf_2PhSjaR6. Status changed: ACTIVE => PAUSED in 0.154130220413208
2019-12-10 07:58:42.191 23457 RALLYDEBUG rally.task.utils [-] Waiting for resource s_rally_9896fecf_VH2YLrdZ. Status changed: ACTIVE => PAUSED in 0.2953472137451172
2019-12-10 07:58:42.262 23459 RALLYDEBUG rally.task.utils [-] Waiting for resource s_rally_9896fecf_KYGLFtyN. Status changed: ACTIVE => PAUSED in 0.16303229331970215
2019-12-10 07:58:44.482 23456 INFO rally.task.runner [-] Task 4e8ca0c3-0d8f-4d97-b1f9-96e3694a2663 | ITER: 6 END: OK
2019-12-10 07:58:44.489 23456 INFO rally.task.runner [-] Task 4e8ca0c3-0d8f-4d97-b1f9-96e3694a2663 | ITER: 9 START
2019-12-10 07:58:45.480 23458 INFO rally.task.runner [-] Task 4e8ca0c3-0d8f-4d97-b1f9-96e3694a2663 | ITER: 5 END: OK
2019-12-10 07:58:45.487 23458 INFO rally.task.runner [-] Task 4e8ca0c3-0d8f-4d97-b1f9-96e3694a2663 | ITER: 10 START
2019-12-10 07:58:46.965 23459 INFO rally.task.runner [-] Task 4e8ca0c3-0d8f-4d97-b1f9-96e3694a2663 | ITER: 7 END: OK
2019-12-10 07:58:47.013 23457 INFO rally.task.runner [-] Task 4e8ca0c3-0d8f-4d97-b1f9-96e3694a2663 | ITER: 8 END: OK
2019-12-10 07:58:53.560 23456 RALLYDEBUG rally.task.utils [-] Waiting for resource s_rally_9896fecf_lzcBoBR8. Status changed: BUILD => ACTIVE in 7.032490491867065
2019-12-10 07:58:54.392 23458 RALLYDEBUG rally.task.utils [-] Waiting for resource s_rally_9896fecf_0lRdDOcu. Status changed: BUILD => ACTIVE in 6.776736736297607
2019-12-10 07:58:56.254 23456 RALLYDEBUG rally.task.utils [-] Waiting for resource s_rally_9896fecf_lzcBoBR8. Status changed: ACTIVE => PAUSED in 0.5608065128326416
2019-12-10 07:58:56.770 23458 RALLYDEBUG rally.task.utils [-] Waiting for resource s_rally_9896fecf_0lRdDOcu. Status changed: ACTIVE => PAUSED in 0.24586057662963867
2019-12-10 07:59:01.159 23456 INFO rally.task.runner [-] Task 4e8ca0c3-0d8f-4d97-b1f9-96e3694a2663 | ITER: 9 END: OK
2019-12-10 07:59:01.595 23458 INFO rally.task.runner [-] Task 4e8ca0c3-0d8f-4d97-b1f9-96e3694a2663 | ITER: 10 END: OK
2019-12-10 07:59:01.624 20411 INFO rally.task.context [-] Task 4e8ca0c3-0d8f-4d97-b1f9-96e3694a2663 | Context cleanup@openstack cleanup() started
2019-12-10 07:59:01.628 20411 RALLYDEBUG rally_openstack.cleanup.manager [-] Cleaning up nova servers objects
2019-12-10 07:59:03.147 20411 RALLYDEBUG rally_openstack.cleanup.manager [-] Cleaning up nova server_groups objects
2019-12-10 07:59:04.326 20411 RALLYDEBUG rally_openstack.cleanup.manager [-] Cleaning up nova keypairs objects
2019-12-10 07:59:06.660 20411 INFO rally.task.context [-] Task 4e8ca0c3-0d8f-4d97-b1f9-96e3694a2663 | Context cleanup@openstack cleanup() finished in 5.04 sec
2019-12-10 07:59:06.661 20411 INFO rally.task.context [-] Task 4e8ca0c3-0d8f-4d97-b1f9-96e3694a2663 | Context network@openstack cleanup() started
2019-12-10 07:59:30.361 20411 INFO rally.task.context [-] Task 4e8ca0c3-0d8f-4d97-b1f9-96e3694a2663 | Context network@openstack cleanup() finished in 23.70 sec
2019-12-10 07:59:30.362 20411 INFO rally.task.context [-] Task 4e8ca0c3-0d8f-4d97-b1f9-96e3694a2663 | Context quotas@openstack cleanup() started
2019-12-10 07:59:30.677 20411 INFO rally.task.context [-] Task 4e8ca0c3-0d8f-4d97-b1f9-96e3694a2663 | Context quotas@openstack cleanup() finished in 0.32 sec
2019-12-10 07:59:30.678 20411 INFO rally.task.context [-] Task 4e8ca0c3-0d8f-4d97-b1f9-96e3694a2663 | Context users@openstack cleanup() started
2019-12-10 07:59:34.808 20411 INFO rally.task.context [-] Task 4e8ca0c3-0d8f-4d97-b1f9-96e3694a2663 | Context users@openstack cleanup() finished in 4.13 sec
2019-12-10 07:59:35.782 20411 INFO rally.task.engine [-] Load duration is: 42.09628
2019-12-10 07:59:35.782 20411 INFO rally.task.engine [-] Full runner duration is: 47.147253
2019-12-10 07:59:35.782 20411 INFO rally.task.engine [-] Full duration is: 99.506908
2019-12-10 07:59:36.150 20411 INFO rally.task.engine [-] Running workload: position = 0 config = { "version": 2, "title": "A cropped version of a bigger task.", "description": "Auto-generated task from a single workload (uuid=01cb61f4-c5c7-40c6-8a7a-4a2fc265025d)", "subtasks": [ { "title": "NovaServers.boot_and_migrate_server", "description": "Migrate a server.", "scenario": { "NovaServers.boot_and_migrate_server": { "flavor": { "name": "rally_full-flavor_68cbd2e2-4670-4bbc-9b99-19b3f4b7f2a8" }, "image": { "name": "rally_full-img_68cbd2e2-4670-4bbc-9b99-19b3f4b7f2a8" }, "nics": [ { "net-id": "d9d946f1-00aa-4f41-8f9b-e4e8a85d4b17" } ] } }, "contexts": { "users": { "tenants": 3, "users_per_tenant": 2 } }, "runner": { "constant": { "concurrency": 4, "times": 10 } }, "hooks": [], "sla": { "failure_rate": { "max": 0 } } } ] }
2019-12-10 07:59:36.175 20411 RALLYDEBUG rally_openstack.contexts.keystone.users [-] Creating 3 tenants using 20 threads
2019-12-10 07:59:37.210 20411 RALLYDEBUG rally_openstack.contexts.keystone.users [-] Creating 6 users using 20 threads
2019-12-10 07:59:38.866 20411 INFO rally.task.context [-] Task 4e8ca0c3-0d8f-4d97-b1f9-96e3694a2663 | Context users@openstack setup() finished in 2.69 sec
2019-12-10 07:59:38.867 20411 INFO rally.task.context [-] Task 4e8ca0c3-0d8f-4d97-b1f9-96e3694a2663 | Context cleanup@openstack setup() finished in 0.01 msec
2019-12-10 07:59:39.928 20411 RALLYDEBUG rally.task.runner [-] Starting the constant runner (task UUID: 4e8ca0c3-0d8f-4d97-b1f9-96e3694a2663). times: 10 concurrency: 4 timeout: 0 max_cpu_used: 16 processes_to_start: 4 concurrency_per_worker: 1 concurrency_overhead: 0
2019-12-10 07:59:39.941 23620 RALLYDEBUG rally.task.runner [-] Starting a worker. times: 10 duration: None concurrency: 1 timeout: 0 cls: method_name: run args: {"flavor": "d4a2a61f-8358-470d-8c42-8a75d9292926", "image": "e2082952-64e1-494f-a61c-acae11bc7e6a", "nics": [{"net-id": "d9d946f1-00aa-4f41-8f9b-e4e8a85d4b17"}]}
2019-12-10 07:59:39.944 23621 RALLYDEBUG rally.task.runner [-] Starting a worker. times: 10 duration: None concurrency: 1 timeout: 0 cls: method_name: run args: {"flavor": "d4a2a61f-8358-470d-8c42-8a75d9292926", "image": "e2082952-64e1-494f-a61c-acae11bc7e6a", "nics": [{"net-id": "d9d946f1-00aa-4f41-8f9b-e4e8a85d4b17"}]}
2019-12-10 07:59:39.948 23620 INFO rally.task.runner [-] Task 4e8ca0c3-0d8f-4d97-b1f9-96e3694a2663 | ITER: 1 START
2019-12-10 07:59:39.948 23622 RALLYDEBUG rally.task.runner [-] Starting a worker. times: 10 duration: None concurrency: 1 timeout: 0 cls: method_name: run args: {"flavor": "d4a2a61f-8358-470d-8c42-8a75d9292926", "image": "e2082952-64e1-494f-a61c-acae11bc7e6a", "nics": [{"net-id": "d9d946f1-00aa-4f41-8f9b-e4e8a85d4b17"}]}
2019-12-10 07:59:39.951 23621 INFO rally.task.runner [-] Task 4e8ca0c3-0d8f-4d97-b1f9-96e3694a2663 | ITER: 2 START
2019-12-10 07:59:39.952 23624 RALLYDEBUG rally.task.runner [-] Starting a worker. times: 10 duration: None concurrency: 1 timeout: 0 cls: method_name: run args: {"flavor": "d4a2a61f-8358-470d-8c42-8a75d9292926", "image": "e2082952-64e1-494f-a61c-acae11bc7e6a", "nics": [{"net-id": "d9d946f1-00aa-4f41-8f9b-e4e8a85d4b17"}]}
2019-12-10 07:59:39.955 23622 INFO rally.task.runner [-] Task 4e8ca0c3-0d8f-4d97-b1f9-96e3694a2663 | ITER: 3 START
2019-12-10 07:59:39.958 23624 INFO rally.task.runner [-] Task 4e8ca0c3-0d8f-4d97-b1f9-96e3694a2663 | ITER: 4 START
2019-12-10 07:59:46.976 23620 RALLYDEBUG rally.task.utils [-] Waiting for resource s_rally_01cb61f4_kHw3hnsd. Status changed: BUILD => ACTIVE in 4.577489614486694
2019-12-10 07:59:47.033 23622 RALLYDEBUG rally.task.utils [-] Waiting for resource s_rally_01cb61f4_SJF9oyMh. Status changed: BUILD => ACTIVE in 4.652128219604492
2019-12-10 07:59:48.815 23622 RALLYDEBUG rally.task.utils [-] Waiting for resource s_rally_01cb61f4_SJF9oyMh. Status changed: ACTIVE => RESIZE in 0.1422135829925537
2019-12-10 07:59:48.940 23620 RALLYDEBUG rally.task.utils [-] Waiting for resource s_rally_01cb61f4_kHw3hnsd. Status changed: ACTIVE => RESIZE in 0.16960668563842773
2019-12-10 07:59:49.617 23621 RALLYDEBUG rally.task.utils [-] Waiting for resource s_rally_01cb61f4_sily7x7P. Status changed: BUILD => ACTIVE in 7.174969673156738
2019-12-10 07:59:51.475 23624 RALLYDEBUG rally.task.utils [-] Waiting for resource s_rally_01cb61f4_3rdbIb6y. Status changed: BUILD => ACTIVE in 8.983048439025879
2019-12-10 07:59:51.514 23621 RALLYDEBUG rally.task.utils [-] Waiting for resource s_rally_01cb61f4_sily7x7P. Status changed: ACTIVE => RESIZE in 0.23222875595092773
2019-12-10 07:59:53.381 23624 RALLYDEBUG rally.task.utils [-] Waiting for resource s_rally_01cb61f4_3rdbIb6y. Status changed: ACTIVE => RESIZE in 0.2664797306060791
2019-12-10 08:00:00.074 23620 RALLYDEBUG rally.task.utils [-] Waiting for resource s_rally_01cb61f4_kHw3hnsd. Status changed: RESIZE => VERIFY_RESIZE in 11.133785247802734
2019-12-10 08:00:00.668 23620 RALLYDEBUG rally.task.utils [-] Waiting for resource s_rally_01cb61f4_kHw3hnsd. Status changed: ACTIVE => VERIFY_RESIZE in 0.27915000915527344
2019-12-10 08:00:02.989 23620 RALLYDEBUG rally.task.utils [-] Waiting for resource s_rally_01cb61f4_kHw3hnsd. Status changed: VERIFY_RESIZE => ACTIVE in 2.320760488510132
2019-12-10 08:00:05.369 23620 INFO rally.task.runner [-] Task 4e8ca0c3-0d8f-4d97-b1f9-96e3694a2663 | ITER: 1 END: OK
2019-12-10 08:00:05.375 23620 INFO rally.task.runner [-] Task 4e8ca0c3-0d8f-4d97-b1f9-96e3694a2663 | ITER: 5 START
2019-12-10 08:00:11.137 23624 RALLYDEBUG rally.task.utils [-] Waiting for resource s_rally_01cb61f4_3rdbIb6y. Status changed: RESIZE => VERIFY_RESIZE in 17.756100177764893
2019-12-10 08:00:11.640 23624 RALLYDEBUG rally.task.utils [-] Waiting for resource s_rally_01cb61f4_3rdbIb6y. Status changed: ACTIVE => VERIFY_RESIZE in 0.1472330093383789
2019-12-10 08:00:13.831 23624 RALLYDEBUG rally.task.utils [-] Waiting for resource s_rally_01cb61f4_3rdbIb6y. Status changed: VERIFY_RESIZE => ACTIVE in 2.1908445358276367
2019-12-10 08:00:16.174 23624 INFO rally.task.runner [-] Task 4e8ca0c3-0d8f-4d97-b1f9-96e3694a2663 | ITER: 4 END: OK
2019-12-10 08:00:16.180 23624 INFO rally.task.runner [-] Task 4e8ca0c3-0d8f-4d97-b1f9-96e3694a2663 | ITER: 6 START
2019-12-10 08:00:17.202 23620 RALLYDEBUG rally.task.utils [-] Waiting for resource s_rally_01cb61f4_KcnLEtKG. Status changed: BUILD => ACTIVE in 9.405335664749146
2019-12-10 08:00:19.060 23620 RALLYDEBUG rally.task.utils [-] Waiting for resource s_rally_01cb61f4_KcnLEtKG. Status changed: ACTIVE => RESIZE in 0.2555217742919922
2019-12-10 08:00:19.941 23622 RALLYDEBUG rally.task.utils [-] Waiting for resource s_rally_01cb61f4_SJF9oyMh. Status changed: RESIZE => VERIFY_RESIZE in 31.125487804412842
2019-12-10 08:00:20.461 23622 RALLYDEBUG rally.task.utils [-] Waiting for resource s_rally_01cb61f4_SJF9oyMh. Status changed: ACTIVE => VERIFY_RESIZE in 0.21388912200927734
2019-12-10 08:00:22.559 23621 RALLYDEBUG rally.task.utils [-] Waiting for resource s_rally_01cb61f4_sily7x7P. Status changed: RESIZE => VERIFY_RESIZE in 31.045018196105957
2019-12-10 08:00:22.624 23622 RALLYDEBUG rally.task.utils [-] Waiting for resource s_rally_01cb61f4_SJF9oyMh. Status changed: VERIFY_RESIZE => ACTIVE in 2.162424325942993
2019-12-10 08:00:23.023 23621 RALLYDEBUG rally.task.utils [-] Waiting for resource s_rally_01cb61f4_sily7x7P. Status changed: ACTIVE => VERIFY_RESIZE in 0.14499378204345703
2019-12-10 08:00:25.067 23622 INFO rally.task.runner [-] Task 4e8ca0c3-0d8f-4d97-b1f9-96e3694a2663 | ITER: 3 END: OK
2019-12-10 08:00:25.073 23622 INFO rally.task.runner [-] Task 4e8ca0c3-0d8f-4d97-b1f9-96e3694a2663 | ITER: 7 START
2019-12-10 08:00:25.196 23621 RALLYDEBUG rally.task.utils [-] Waiting for resource s_rally_01cb61f4_sily7x7P. Status changed: VERIFY_RESIZE => ACTIVE in 2.1732168197631836
2019-12-10 08:00:25.660 23624 RALLYDEBUG rally.task.utils [-] Waiting for resource s_rally_01cb61f4_dOvWW5Ru. Status changed: BUILD => ACTIVE in 6.873544692993164
2019-12-10 08:00:27.511 23621 INFO rally.task.runner [-] Task 4e8ca0c3-0d8f-4d97-b1f9-96e3694a2663 | ITER: 2 END: OK
2019-12-10 08:00:27.517 23621 INFO rally.task.runner [-] Task 4e8ca0c3-0d8f-4d97-b1f9-96e3694a2663 | ITER: 8 START
2019-12-10 08:00:27.747 23624 RALLYDEBUG rally.task.utils [-] Waiting for resource s_rally_01cb61f4_dOvWW5Ru. Status changed: ACTIVE => RESIZE in 0.2224583625793457
2019-12-10 08:00:28.119 23620 RALLYDEBUG rally.task.utils [-] Waiting for resource s_rally_01cb61f4_KcnLEtKG. Status changed: RESIZE => VERIFY_RESIZE in 9.058565139770508
2019-12-10 08:00:28.596 23620 RALLYDEBUG rally.task.utils [-] Waiting for resource s_rally_01cb61f4_KcnLEtKG. Status changed: ACTIVE => VERIFY_RESIZE in 0.16451811790466309
2019-12-10 08:00:30.832 23620 RALLYDEBUG rally.task.utils [-] Waiting for resource s_rally_01cb61f4_KcnLEtKG. Status changed: VERIFY_RESIZE => ACTIVE in 2.2360870838165283
2019-12-10 08:00:31.757 23622 RALLYDEBUG rally.task.utils [-] Waiting for resource s_rally_01cb61f4_kQgT4qmt. Status changed: BUILD => ACTIVE in 4.484245300292969
2019-12-10 08:00:33.143 23620 INFO rally.task.runner [-] Task 4e8ca0c3-0d8f-4d97-b1f9-96e3694a2663 | ITER: 5 END: OK
2019-12-10 08:00:33.147 23620 INFO rally.task.runner [-] Task 4e8ca0c3-0d8f-4d97-b1f9-96e3694a2663 | ITER: 9 START
2019-12-10 08:00:33.534 23622 RALLYDEBUG rally.task.utils [-] Waiting for resource s_rally_01cb61f4_kQgT4qmt. Status changed: ACTIVE => RESIZE in 0.19215059280395508
2019-12-10 08:00:34.278 23621 RALLYDEBUG rally.task.utils [-] Waiting for resource s_rally_01cb61f4_TVC3THlM. Status changed: BUILD => ACTIVE in 4.623032331466675
2019-12-10 08:00:36.061 23621 RALLYDEBUG rally.task.utils [-] Waiting for resource s_rally_01cb61f4_TVC3THlM. Status changed: ACTIVE => RESIZE in 0.15169167518615723
2019-12-10 08:00:40.123 23620 RALLYDEBUG rally.task.utils [-] Waiting for resource s_rally_01cb61f4_xcG95Fm1. Status changed: BUILD => ACTIVE in 4.673857688903809
2019-12-10 08:00:42.173 23620 RALLYDEBUG rally.task.utils [-] Waiting for resource s_rally_01cb61f4_xcG95Fm1. Status changed: ACTIVE => RESIZE in 0.42093586921691895
2019-12-10 08:00:45.106 23624 RALLYDEBUG rally.task.utils [-] Waiting for resource s_rally_01cb61f4_dOvWW5Ru. Status changed: RESIZE => VERIFY_RESIZE in 17.35862374305725
2019-12-10 08:00:45.501 23624 RALLYDEBUG rally.task.utils [-] Waiting for resource s_rally_01cb61f4_dOvWW5Ru. Status changed: ACTIVE => VERIFY_RESIZE in 0.1501154899597168
2019-12-10 08:00:47.293 23621 RALLYDEBUG rally.task.utils [-] Waiting for resource s_rally_01cb61f4_TVC3THlM. Status changed: RESIZE => VERIFY_RESIZE in 11.232294082641602
2019-12-10 08:00:47.666 23624 RALLYDEBUG rally.task.utils [-] Waiting for resource s_rally_01cb61f4_dOvWW5Ru. Status changed: VERIFY_RESIZE => ACTIVE in 2.1650969982147217
2019-12-10 08:00:47.729 23621 RALLYDEBUG rally.task.utils [-] Waiting for resource s_rally_01cb61f4_TVC3THlM. Status changed: ACTIVE => VERIFY_RESIZE in 0.14075255393981934
2019-12-10 08:00:48.760 23620 RALLYDEBUG rally.task.utils [-] Waiting for resource s_rally_01cb61f4_xcG95Fm1. Status changed: RESIZE => VERIFY_RESIZE in 6.586160182952881
2019-12-10 08:00:49.240 23620 RALLYDEBUG rally.task.utils [-] Waiting for resource s_rally_01cb61f4_xcG95Fm1. Status changed: ACTIVE => VERIFY_RESIZE in 0.1383984088897705
2019-12-10 08:00:49.879 23621 RALLYDEBUG rally.task.utils [-] Waiting for resource s_rally_01cb61f4_TVC3THlM. Status changed: VERIFY_RESIZE => ACTIVE in 2.150153875350952
2019-12-10 08:00:49.993 23624 INFO rally.task.runner [-] Task 4e8ca0c3-0d8f-4d97-b1f9-96e3694a2663 | ITER: 6 END: OK
2019-12-10 08:00:49.998 23624 INFO rally.task.runner [-] Task 4e8ca0c3-0d8f-4d97-b1f9-96e3694a2663 | ITER: 10 START
2019-12-10 08:00:51.399 23620 RALLYDEBUG rally.task.utils [-] Waiting for resource s_rally_01cb61f4_xcG95Fm1. Status changed: VERIFY_RESIZE => ACTIVE in 2.158787965774536
2019-12-10 08:00:52.209 23621 INFO rally.task.runner [-] Task 4e8ca0c3-0d8f-4d97-b1f9-96e3694a2663 | ITER: 8 END: OK
2019-12-10 08:00:53.740 23620 INFO rally.task.runner [-] Task 4e8ca0c3-0d8f-4d97-b1f9-96e3694a2663 | ITER: 9 END: OK
2019-12-10 08:00:56.758 23624 RALLYDEBUG rally.task.utils [-] Waiting for resource s_rally_01cb61f4_eG15BnL1. Status changed: BUILD => ACTIVE in 4.63225245475769
2019-12-10 08:00:58.681 23624 RALLYDEBUG rally.task.utils [-] Waiting for resource s_rally_01cb61f4_eG15BnL1. Status changed: ACTIVE => RESIZE in 0.28365325927734375
2019-12-10 08:01:04.810 23622 RALLYDEBUG rally.task.utils [-] Waiting for resource s_rally_01cb61f4_kQgT4qmt. Status changed: RESIZE => VERIFY_RESIZE in 31.275336742401123
2019-12-10 08:01:05.266 23622 RALLYDEBUG rally.task.utils [-] Waiting for resource s_rally_01cb61f4_kQgT4qmt. Status changed: ACTIVE => VERIFY_RESIZE in 0.17716431617736816
2019-12-10 08:01:07.443 23622 RALLYDEBUG rally.task.utils [-] Waiting for resource s_rally_01cb61f4_kQgT4qmt. Status changed: VERIFY_RESIZE => ACTIVE in 2.1769871711730957
2019-12-10 08:01:07.509 23624 RALLYDEBUG rally.task.utils [-] Waiting for resource s_rally_01cb61f4_eG15BnL1. Status changed: RESIZE => VERIFY_RESIZE in 8.828312873840332
2019-12-10 08:01:08.165 23624 RALLYDEBUG rally.task.utils [-] Waiting for resource s_rally_01cb61f4_eG15BnL1. Status changed: ACTIVE => VERIFY_RESIZE in 0.1524345874786377
