2019-12-10 06:20:57.696 8 RALLYDEBUG rally.api [-] INFO logs from urllib3 and requests module are hide.
2019-12-10 06:20:57.696 8 RALLYDEBUG rally.api [-] urllib3 insecure warnings are hidden.
2019-12-10 06:20:57.696 8 RALLYDEBUG rally.api [-] ERROR log from boto module is hide.
2019-12-10 06:20:59.845 8 ERROR rally.cli.cliutils [-] Unexpected exception in CLI: rally.exceptions.DBRecordNotFound: Record for uuid or name is opnfv-rally not found in table envs
2019-12-10 06:20:59.845 8 ERROR rally.cli.cliutils
Traceback (most recent call last):
2019-12-10 06:20:59.845 8 ERROR rally.cli.cliutils
File "/usr/lib/python3.6/site-packages/rally/cli/cliutils.py", line 674, in run
2019-12-10 06:20:59.845 8 ERROR rally.cli.cliutils ret = fn(*fn_args, **fn_kwargs)
2019-12-10 06:20:59.845 8 ERROR rally.cli.cliutils File "", line 2, in destroy
2019-12-10 06:20:59.845 8 ERROR rally.cli.cliutils
File "/usr/lib/python3.6/site-packages/rally/cli/envutils.py", line 68, in default_from_global
2019-12-10 06:20:59.845 8 ERROR rally.cli.cliutils return f(*args, **kwargs)
2019-12-10 06:20:59.845 8 ERROR rally.cli.cliutils File "", line 2, in destroy
2019-12-10 06:20:59.845 8 ERROR rally.cli.cliutils
File "/usr/lib/python3.6/site-packages/rally/plugins/__init__.py", line 51, in ensure_plugins_are_loaded
2019-12-10 06:20:59.845 8 ERROR rally.cli.cliutils return f(*args, **kwargs)
2019-12-10 06:20:59.845 8 ERROR rally.cli.cliutils
File "/usr/lib/python3.6/site-packages/rally/cli/commands/deployment.py", line 157, in destroy
2019-12-10 06:20:59.845 8 ERROR rally.cli.cliutils api.deployment.destroy(deployment=deployment)
2019-12-10 06:20:59.845 8 ERROR rally.cli.cliutils
File "/usr/lib/python3.6/site-packages/rally/api.py", line 115, in destroy
2019-12-10 06:20:59.845 8 ERROR rally.cli.cliutils deploy = objects.Deployment.get(deployment)
2019-12-10 06:20:59.845 8 ERROR rally.cli.cliutils
File "/usr/lib/python3.6/site-packages/rally/common/objects/deploy.py", line 124, in get
2019-12-10 06:20:59.845 8 ERROR rally.cli.cliutils return Deployment(env_mgr.EnvManager.get(deploy))
2019-12-10 06:20:59.845 8 ERROR rally.cli.cliutils
File "/usr/lib/python3.6/site-packages/rally/env/env_mgr.py", line 212, in get
2019-12-10 06:20:59.845 8 ERROR rally.cli.cliutils return cls(db.env_get(uuid_or_name))
2019-12-10 06:20:59.845 8 ERROR rally.cli.cliutils
File "/usr/lib/python3.6/site-packages/rally/common/db/api.py", line 135, in wrapper
2019-12-10 06:20:59.845 8 ERROR rally.cli.cliutils result = f(session, *args, **kwargs)
2019-12-10 06:20:59.845 8 ERROR rally.cli.cliutils
File "/usr/lib/python3.6/site-packages/rally/common/db/api.py", line 521, in env_get
2019-12-10 06:20:59.845 8 ERROR rally.cli.cliutils criteria="uuid or name is %s" % uuid_or_name, table="envs")
2019-12-10 06:20:59.845 8 ERROR rally.cli.cliutils rally.exceptions.DBRecordNotFound: Record for uuid or name is opnfv-rally not found in table envs
2019-12-10 06:20:59.845 8 ERROR rally.cli.cliutils
2019-12-10 06:21:01.163 10 RALLYDEBUG rally.api [-] INFO logs from urllib3 and requests module are hide.
2019-12-10 06:21:01.163 10 RALLYDEBUG rally.api [-] urllib3 insecure warnings are hidden.
2019-12-10 06:21:01.163 10 RALLYDEBUG rally.api [-] ERROR log from boto module is hide.
2019-12-10 06:21:04.721 12 RALLYDEBUG rally.api [-] INFO logs from urllib3 and requests module are hide.
2019-12-10 06:21:04.722 12 RALLYDEBUG rally.api [-] urllib3 insecure warnings are hidden.
2019-12-10 06:21:04.722 12 RALLYDEBUG rally.api [-] ERROR log from boto module is hide.
2019-12-10 06:21:08.812 15 RALLYDEBUG rally.api [-] INFO logs from urllib3 and requests module are hide.
2019-12-10 06:21:08.812 15 RALLYDEBUG rally.api [-] urllib3 insecure warnings are hidden.
2019-12-10 06:21:08.812 15 RALLYDEBUG rally.api [-] ERROR log from boto module is hide.
2019-12-10 06:21:10.335 17 RALLYDEBUG rally.api [-] INFO logs from urllib3 and requests module are hide.
2019-12-10 06:21:10.336 17 RALLYDEBUG rally.api [-] urllib3 insecure warnings are hidden.
2019-12-10 06:21:10.336 17 RALLYDEBUG rally.api [-] ERROR log from boto module is hide.
2019-12-10 06:21:12.239 17 INFO rally.task.engine [-] Task 18184311-f709-4891-bccd-f121fb2ecb1a | Starting: Task validation.
2019-12-10 06:21:12.298 17 INFO rally.task.engine [-] Task 18184311-f709-4891-bccd-f121fb2ecb1a | Starting: Task validation of syntax.
2019-12-10 06:21:12.386 17 INFO rally.task.engine [-] Task 18184311-f709-4891-bccd-f121fb2ecb1a | Completed: Task validation of syntax.
2019-12-10 06:21:12.386 17 INFO rally.task.engine [-] Task 18184311-f709-4891-bccd-f121fb2ecb1a | Starting: Task validation of required platforms.
2019-12-10 06:21:12.430 17 INFO rally.task.engine [-] Task 18184311-f709-4891-bccd-f121fb2ecb1a | Completed: Task validation of required platforms.
2019-12-10 06:21:12.430 17 INFO rally.task.engine [-] Task 18184311-f709-4891-bccd-f121fb2ecb1a | Starting: Task validation of semantic.
2019-12-10 06:21:12.430 17 INFO rally.task.engine [-] Check health of the environment 'd5c14118-836a-4e0c-a67c-e2921db8f91e'.
2019-12-10 06:21:13.383 17 INFO rally.task.engine [-] Platform existing@openstack (available: True): OK!
2019-12-10 06:21:13.416 17 RALLYDEBUG rally_openstack.contexts.keystone.users [-] Creating 1 tenants using 20 threads
2019-12-10 06:21:14.265 17 RALLYDEBUG rally_openstack.contexts.keystone.users [-] Creating 1 users using 20 threads
2019-12-10 06:21:15.627 17 INFO rally.task.context [-] Task 18184311-f709-4891-bccd-f121fb2ecb1a | Context users@openstack setup() finished in 2.21 sec
2019-12-10 06:21:15.688 17 INFO rally.task.context [-] Task 18184311-f709-4891-bccd-f121fb2ecb1a | Context users@openstack cleanup() started
2019-12-10 06:21:18.672 17 INFO rally.task.context [-] Task 18184311-f709-4891-bccd-f121fb2ecb1a | Context users@openstack cleanup() finished in 2.98 sec
2019-12-10 06:21:18.673 17 INFO rally.task.engine [-] Task 18184311-f709-4891-bccd-f121fb2ecb1a | Completed: Task validation of semantic.
2019-12-10 06:21:18.673 17 INFO rally.task.engine [-] Task 18184311-f709-4891-bccd-f121fb2ecb1a | Completed: Task validation.
2019-12-10 06:21:18.674 17 INFO rally.api [-] Task 18184311-f709-4891-bccd-f121fb2ecb1a input file is valid.
2019-12-10 06:21:18.674 17 INFO rally.api [-] Run Task 18184311-f709-4891-bccd-f121fb2ecb1a against Deployment d5c14118-836a-4e0c-a67c-e2921db8f91e
2019-12-10 06:21:18.675 17 INFO rally.task.engine [-] Task 18184311-f709-4891-bccd-f121fb2ecb1a | Starting: Running task.
2019-12-10 06:21:18.916 17 INFO rally.task.engine [-] Running workload: position = 0 config = { "version": 2, "title": "A cropped version of a bigger task.", "description": "Auto-generated task from a single workload (uuid=3ed8cf9d-a7af-46c7-9cac-406f7ea636c5)", "subtasks": [ { "title": "Authenticate.keystone", "description": "Check Keystone Client.", "scenario": { "Authenticate.keystone": {} }, "contexts": { "users": { "tenants": 3, "users_per_tenant": 2 } }, "runner": { "constant": { "concurrency": 4, "times": 10 } }, "hooks": [], "sla": { "failure_rate": { "max": 0 } } } ] }
2019-12-10 06:21:18.939 17 RALLYDEBUG rally_openstack.contexts.keystone.users [-] Creating 3 tenants using 20 threads
2019-12-10 06:21:19.879 17 RALLYDEBUG rally_openstack.contexts.keystone.users [-] Creating 6 users using 20 threads
2019-12-10 06:21:21.474 17 INFO rally.task.context [-] Task 18184311-f709-4891-bccd-f121fb2ecb1a | Context users@openstack setup() finished in 2.54 sec
2019-12-10 06:21:21.484 17 RALLYDEBUG rally.task.runner [-] Starting the constant runner (task UUID: 18184311-f709-4891-bccd-f121fb2ecb1a). times: 10 concurrency: 4 timeout: 0 max_cpu_used: 16 processes_to_start: 4 concurrency_per_worker: 1 concurrency_overhead: 0
2019-12-10 06:21:21.498 141 RALLYDEBUG rally.task.runner [-] Starting a worker. times: 10 duration: None concurrency: 1 timeout: 0 cls: method_name: run args: {}
2019-12-10 06:21:21.501 142 RALLYDEBUG rally.task.runner [-] Starting a worker. times: 10 duration: None concurrency: 1 timeout: 0 cls: method_name: run args: {}
2019-12-10 06:21:21.505 141 INFO rally.task.runner [-] Task 18184311-f709-4891-bccd-f121fb2ecb1a | ITER: 1 START
2019-12-10 06:21:21.505 143 RALLYDEBUG rally.task.runner [-] Starting a worker. times: 10 duration: None concurrency: 1 timeout: 0 cls: method_name: run args: {}
2019-12-10 06:21:21.507 142 INFO rally.task.runner [-] Task 18184311-f709-4891-bccd-f121fb2ecb1a | ITER: 2 START
2019-12-10 06:21:21.508 145 RALLYDEBUG rally.task.runner [-] Starting a worker. times: 10 duration: None concurrency: 1 timeout: 0 cls: method_name: run args: {}
2019-12-10 06:21:21.511 143 INFO rally.task.runner [-] Task 18184311-f709-4891-bccd-f121fb2ecb1a | ITER: 3 START
2019-12-10 06:21:21.514 145 INFO rally.task.runner [-] Task 18184311-f709-4891-bccd-f121fb2ecb1a | ITER: 4 START
2019-12-10 06:21:22.211 142 INFO rally.task.runner [-] Task 18184311-f709-4891-bccd-f121fb2ecb1a | ITER: 2 END: OK
2019-12-10 06:21:22.215 142 INFO rally.task.runner [-] Task 18184311-f709-4891-bccd-f121fb2ecb1a | ITER: 5 START
2019-12-10 06:21:22.220 141 INFO rally.task.runner [-] Task 18184311-f709-4891-bccd-f121fb2ecb1a | ITER: 1 END: OK
2019-12-10 06:21:22.221 145 INFO rally.task.runner [-] Task 18184311-f709-4891-bccd-f121fb2ecb1a | ITER: 4 END: OK
2019-12-10 06:21:22.225 141 INFO rally.task.runner [-] Task 18184311-f709-4891-bccd-f121fb2ecb1a | ITER: 6 START
2019-12-10 06:21:22.226 145 INFO rally.task.runner [-] Task 18184311-f709-4891-bccd-f121fb2ecb1a | ITER: 7 START
2019-12-10 06:21:22.276 143 INFO rally.task.runner [-] Task 18184311-f709-4891-bccd-f121fb2ecb1a | ITER: 3 END: OK
2019-12-10 06:21:22.281 143 INFO rally.task.runner [-] Task 18184311-f709-4891-bccd-f121fb2ecb1a | ITER: 8 START
2019-12-10 06:21:22.827 145 INFO rally.task.runner [-] Task 18184311-f709-4891-bccd-f121fb2ecb1a | ITER: 7 END: OK
2019-12-10 06:21:22.830 145 INFO rally.task.runner [-] Task 18184311-f709-4891-bccd-f121fb2ecb1a | ITER: 9 START
2019-12-10 06:21:22.832 141 INFO rally.task.runner [-] Task 18184311-f709-4891-bccd-f121fb2ecb1a | ITER: 6 END: OK
2019-12-10 06:21:22.833 142 INFO rally.task.runner [-] Task 18184311-f709-4891-bccd-f121fb2ecb1a | ITER: 5 END: OK
2019-12-10 06:21:22.835 141 INFO rally.task.runner [-] Task 18184311-f709-4891-bccd-f121fb2ecb1a | ITER: 10 START
2019-12-10 06:21:22.997 143 INFO rally.task.runner [-] Task 18184311-f709-4891-bccd-f121fb2ecb1a | ITER: 8 END: OK
2019-12-10 06:21:23.445 145 INFO rally.task.runner [-] Task 18184311-f709-4891-bccd-f121fb2ecb1a | ITER: 9 END: OK
2019-12-10 06:21:23.447 141 INFO rally.task.runner [-] Task 18184311-f709-4891-bccd-f121fb2ecb1a | ITER: 10 END: OK
2019-12-10 06:21:23.472 17 INFO rally.task.context [-] Task 18184311-f709-4891-bccd-f121fb2ecb1a | Context users@openstack cleanup() started
2019-12-10 06:21:28.000 17 INFO rally.task.context [-] Task 18184311-f709-4891-bccd-f121fb2ecb1a | Context users@openstack cleanup() finished in 4.53 sec
2019-12-10 06:21:29.027 17 INFO rally.task.engine [-] Load duration is: 1.940443
2019-12-10 06:21:29.028 17 INFO rally.task.engine [-] Full runner duration is: 1.989222
2019-12-10 06:21:29.028 17 INFO rally.task.engine [-] Full duration is: 9.062999
2019-12-10 06:21:29.345 17 INFO rally.task.engine [-] Running workload: position = 0 config = { "version": 2, "title": "A cropped version of a bigger task.", "description": "Auto-generated task from a single workload (uuid=4918cbad-4d10-4b28-8117-ad61d97944b1)", "subtasks": [ { "title": "Authenticate.validate_cinder", "description": "Check Cinder Client to ensure validation of token.", "scenario": { "Authenticate.validate_cinder": { "repetitions": 2 } }, "contexts": { "users": { "tenants": 3, "users_per_tenant": 2 } }, "runner": { "constant": { "concurrency": 4, "times": 10 } }, "hooks": [], "sla": { "failure_rate": { "max": 0 } } } ] }
2019-12-10 06:21:29.368 17 RALLYDEBUG rally_openstack.contexts.keystone.users [-] Creating 3 tenants using 20 threads
2019-12-10 06:21:30.368 17 RALLYDEBUG rally_openstack.contexts.keystone.users [-] Creating 6 users using 20 threads
2019-12-10 06:21:31.813 17 INFO rally.task.context [-] Task 18184311-f709-4891-bccd-f121fb2ecb1a | Context users@openstack setup() finished in 2.44 sec
2019-12-10 06:21:31.822 17 RALLYDEBUG rally.task.runner [-] Starting the constant runner (task UUID: 18184311-f709-4891-bccd-f121fb2ecb1a). times: 10 concurrency: 4 timeout: 0 max_cpu_used: 16 processes_to_start: 4 concurrency_per_worker: 1 concurrency_overhead: 0
2019-12-10 06:21:31.834 245 RALLYDEBUG rally.task.runner [-] Starting a worker. times: 10 duration: None concurrency: 1 timeout: 0 cls: method_name: run args: {"repetitions": 2}
2019-12-10 06:21:31.838 246 RALLYDEBUG rally.task.runner [-] Starting a worker. times: 10 duration: None concurrency: 1 timeout: 0 cls: method_name: run args: {"repetitions": 2}
2019-12-10 06:21:31.841 245 INFO rally.task.runner [-] Task 18184311-f709-4891-bccd-f121fb2ecb1a | ITER: 1 START
2019-12-10 06:21:31.841 247 RALLYDEBUG rally.task.runner [-] Starting a worker. times: 10 duration: None concurrency: 1 timeout: 0 cls: method_name: run args: {"repetitions": 2}
2019-12-10 06:21:31.845 246 INFO rally.task.runner [-] Task 18184311-f709-4891-bccd-f121fb2ecb1a | ITER: 2 START
2019-12-10 06:21:31.845 249 RALLYDEBUG rally.task.runner [-] Starting a worker. times: 10 duration: None concurrency: 1 timeout: 0 cls: method_name: run args: {"repetitions": 2}
2019-12-10 06:21:31.848 247 INFO rally.task.runner [-] Task 18184311-f709-4891-bccd-f121fb2ecb1a | ITER: 3 START
2019-12-10 06:21:31.851 249 INFO rally.task.runner [-] Task 18184311-f709-4891-bccd-f121fb2ecb1a | ITER: 4 START
2019-12-10 06:21:32.528 245 INFO rally.task.runner [-] Task 18184311-f709-4891-bccd-f121fb2ecb1a | ITER: 1 END: OK
2019-12-10 06:21:32.532 245 INFO rally.task.runner [-] Task 18184311-f709-4891-bccd-f121fb2ecb1a | ITER: 5 START
2019-12-10 06:21:32.545 247 INFO rally.task.runner [-] Task 18184311-f709-4891-bccd-f121fb2ecb1a | ITER: 3 END: OK
2019-12-10 06:21:32.549 247 INFO rally.task.runner [-] Task 18184311-f709-4891-bccd-f121fb2ecb1a | ITER: 6 START
2019-12-10 06:21:32.728 246 INFO rally.task.runner [-] Task 18184311-f709-4891-bccd-f121fb2ecb1a | ITER: 2 END: OK
2019-12-10 06:21:32.732 249 INFO rally.task.runner [-] Task 18184311-f709-4891-bccd-f121fb2ecb1a | ITER: 4 END: OK
2019-12-10 06:21:32.734 246 INFO rally.task.runner [-] Task 18184311-f709-4891-bccd-f121fb2ecb1a | ITER: 7 START
2019-12-10 06:21:32.736 249 INFO rally.task.runner [-] Task 18184311-f709-4891-bccd-f121fb2ecb1a | ITER: 8 START
2019-12-10 06:21:32.944 245 INFO rally.task.runner [-] Task 18184311-f709-4891-bccd-f121fb2ecb1a | ITER: 5 END: OK
2019-12-10 06:21:32.947 245 INFO rally.task.runner [-] Task 18184311-f709-4891-bccd-f121fb2ecb1a | ITER: 9 START
2019-12-10 06:21:33.061 247 INFO rally.task.runner [-] Task 18184311-f709-4891-bccd-f121fb2ecb1a | ITER: 6 END: OK
2019-12-10 06:21:33.065 247 INFO rally.task.runner [-] Task 18184311-f709-4891-bccd-f121fb2ecb1a | ITER: 10 START
2019-12-10 06:21:33.182 246 INFO rally.task.runner [-] Task 18184311-f709-4891-bccd-f121fb2ecb1a | ITER: 7 END: OK
2019-12-10 06:21:33.522 245 INFO rally.task.runner [-] Task 18184311-f709-4891-bccd-f121fb2ecb1a | ITER: 9 END: OK
2019-12-10 06:21:33.592 249 INFO rally.task.runner [-] Task 18184311-f709-4891-bccd-f121fb2ecb1a | ITER: 8 END: OK
2019-12-10 06:21:33.758 247 INFO rally.task.runner [-] Task 18184311-f709-4891-bccd-f121fb2ecb1a | ITER: 10 END: OK
2019-12-10 06:21:33.781 17 INFO rally.task.context [-] Task 18184311-f709-4891-bccd-f121fb2ecb1a | Context users@openstack cleanup() started
2019-12-10 06:21:38.196 17 INFO rally.task.context [-] Task 18184311-f709-4891-bccd-f121fb2ecb1a | Context users@openstack cleanup() finished in 4.41 sec
2019-12-10 06:21:39.446 17 INFO rally.task.engine [-] Load duration is: 1.915538
2019-12-10 06:21:39.446 17 INFO rally.task.engine [-] Full runner duration is: 1.959378
2019-12-10 06:21:39.447 17 INFO rally.task.engine [-] Full duration is: 8.829313
2019-12-10 06:21:39.922 17 INFO rally.task.engine [-] Running workload: position = 0 config = { "version": 2, "title": "A cropped version of a bigger task.", "description": "Auto-generated task from a single workload (uuid=691fa6e4-5ed8-4a0b-b1ad-79f2286051bb)", "subtasks": [ { "title": "Authenticate.validate_glance", "description": "Check Glance Client to ensure validation of token.", "scenario": { "Authenticate.validate_glance": { "repetitions": 2 } }, "contexts": { "users": { "tenants": 3, "users_per_tenant": 2 } }, "runner": { "constant": { "concurrency": 4, "times": 10 } }, "hooks": [], "sla": { "failure_rate": { "max": 0 } } } ] }
2019-12-10 06:21:39.946 17 RALLYDEBUG rally_openstack.contexts.keystone.users [-] Creating 3 tenants using 20 threads
2019-12-10 06:21:41.064 17 RALLYDEBUG rally_openstack.contexts.keystone.users [-] Creating 6 users using 20 threads
2019-12-10 06:21:42.588 17 INFO rally.task.context [-] Task 18184311-f709-4891-bccd-f121fb2ecb1a | Context users@openstack setup() finished in 2.64 sec
2019-12-10 06:21:42.597 17 RALLYDEBUG rally.task.runner [-] Starting the constant runner (task UUID: 18184311-f709-4891-bccd-f121fb2ecb1a). times: 10 concurrency: 4 timeout: 0 max_cpu_used: 16 processes_to_start: 4 concurrency_per_worker: 1 concurrency_overhead: 0
2019-12-10 06:21:42.608 349 RALLYDEBUG rally.task.runner [-] Starting a worker. times: 10 duration: None concurrency: 1 timeout: 0 cls: method_name: run args: {"repetitions": 2}
2019-12-10 06:21:42.611 350 RALLYDEBUG rally.task.runner [-] Starting a worker. times: 10 duration: None concurrency: 1 timeout: 0 cls: method_name: run args: {"repetitions": 2}
2019-12-10 06:21:42.615 349 INFO rally.task.runner [-] Task 18184311-f709-4891-bccd-f121fb2ecb1a | ITER: 1 START
2019-12-10 06:21:42.615 351 RALLYDEBUG rally.task.runner [-] Starting a worker. times: 10 duration: None concurrency: 1 timeout: 0 cls: method_name: run args: {"repetitions": 2}
2019-12-10 06:21:42.618 350 INFO rally.task.runner [-] Task 18184311-f709-4891-bccd-f121fb2ecb1a | ITER: 2 START
2019-12-10 06:21:42.618 352 RALLYDEBUG rally.task.runner [-] Starting a worker. times: 10 duration: None concurrency: 1 timeout: 0 cls: method_name: run args: {"repetitions": 2}
2019-12-10 06:21:42.621 351 INFO rally.task.runner [-] Task 18184311-f709-4891-bccd-f121fb2ecb1a | ITER: 3 START
2019-12-10 06:21:42.625 352 INFO rally.task.runner [-] Task 18184311-f709-4891-bccd-f121fb2ecb1a | ITER: 4 START
2019-12-10 06:21:43.510 350 INFO rally.task.runner [-] Task 18184311-f709-4891-bccd-f121fb2ecb1a | ITER: 2 END: OK
2019-12-10 06:21:43.514 350 INFO rally.task.runner [-] Task 18184311-f709-4891-bccd-f121fb2ecb1a | ITER: 5 START
2019-12-10 06:21:43.517 351 INFO rally.task.runner [-] Task 18184311-f709-4891-bccd-f121fb2ecb1a | ITER: 3 END: OK
2019-12-10 06:21:43.520 349 INFO rally.task.runner [-] Task 18184311-f709-4891-bccd-f121fb2ecb1a | ITER: 1 END: OK
2019-12-10 06:21:43.520 351 INFO rally.task.runner [-] Task 18184311-f709-4891-bccd-f121fb2ecb1a | ITER: 6 START
2019-12-10 06:21:43.523 349 INFO rally.task.runner [-] Task 18184311-f709-4891-bccd-f121fb2ecb1a | ITER: 7 START
2019-12-10 06:21:43.548 352 INFO rally.task.runner [-] Task 18184311-f709-4891-bccd-f121fb2ecb1a | ITER: 4 END: OK
2019-12-10 06:21:43.551 352 INFO rally.task.runner [-] Task 18184311-f709-4891-bccd-f121fb2ecb1a | ITER: 8 START
2019-12-10 06:21:43.931 349 INFO rally.task.runner [-] Task 18184311-f709-4891-bccd-f121fb2ecb1a | ITER: 7 END: OK
2019-12-10 06:21:43.935 349 INFO rally.task.runner [-] Task 18184311-f709-4891-bccd-f121fb2ecb1a | ITER: 9 START
2019-12-10 06:21:44.027 351 INFO rally.task.runner [-] Task 18184311-f709-4891-bccd-f121fb2ecb1a | ITER: 6 END: OK
2019-12-10 06:21:44.031 351 INFO rally.task.runner [-] Task 18184311-f709-4891-bccd-f121fb2ecb1a | ITER: 10 START
2019-12-10 06:21:44.114 352 INFO rally.task.runner [-] Task 18184311-f709-4891-bccd-f121fb2ecb1a | ITER: 8 END: OK
2019-12-10 06:21:44.231 350 INFO rally.task.runner [-] Task 18184311-f709-4891-bccd-f121fb2ecb1a | ITER: 5 END: OK
2019-12-10 06:21:44.347 349 INFO rally.task.runner [-] Task 18184311-f709-4891-bccd-f121fb2ecb1a | ITER: 9 END: OK
2019-12-10 06:21:44.565 351 INFO rally.task.runner [-] Task 18184311-f709-4891-bccd-f121fb2ecb1a | ITER: 10 END: OK
2019-12-10 06:21:44.602 17 INFO rally.task.context [-] Task 18184311-f709-4891-bccd-f121fb2ecb1a | Context users@openstack cleanup() started
2019-12-10 06:21:49.062 17 INFO rally.task.context [-] Task 18184311-f709-4891-bccd-f121fb2ecb1a | Context users@openstack cleanup() finished in 4.46 sec
2019-12-10 06:21:50.053 17 INFO rally.task.engine [-] Load duration is: 1.948535
2019-12-10 06:21:50.053 17 INFO rally.task.engine [-] Full runner duration is: 2.005539
2019-12-10 06:21:50.054 17 INFO rally.task.engine [-] Full duration is: 9.117883
2019-12-10 06:21:50.585 17 INFO rally.task.engine [-] Running workload: position = 0 config = { "version": 2, "title": "A cropped version of a bigger task.", "description": "Auto-generated task from a single workload (uuid=9a7b748d-5702-4230-ae1f-9090bb78979f)", "subtasks": [ { "title": "Authenticate.validate_heat", "description": "Check Heat Client to ensure validation of token.", "scenario": { "Authenticate.validate_heat": { "repetitions": 2 } }, "contexts": { "users": { "tenants": 3, "users_per_tenant": 2 } }, "runner": { "constant": { "concurrency": 4, "times": 10 } }, "hooks": [], "sla": { "failure_rate": { "max": 0 } } } ] }
2019-12-10 06:21:50.607 17 RALLYDEBUG rally_openstack.contexts.keystone.users [-] Creating 3 tenants using 20 threads
2019-12-10 06:21:51.688 17 RALLYDEBUG rally_openstack.contexts.keystone.users [-] Creating 6 users using 20 threads
2019-12-10 06:21:53.247 17 INFO rally.task.context [-] Task 18184311-f709-4891-bccd-f121fb2ecb1a | Context users@openstack setup() finished in 2.64 sec
2019-12-10 06:21:53.256 17 RALLYDEBUG rally.task.runner [-] Starting the constant runner (task UUID: 18184311-f709-4891-bccd-f121fb2ecb1a). times: 10 concurrency: 4 timeout: 0 max_cpu_used: 16 processes_to_start: 4 concurrency_per_worker: 1 concurrency_overhead: 0
2019-12-10 06:21:53.268 453 RALLYDEBUG rally.task.runner [-] Starting a worker. times: 10 duration: None concurrency: 1 timeout: 0 cls: method_name: run args: {"repetitions": 2}
2019-12-10 06:21:53.272 454 RALLYDEBUG rally.task.runner [-] Starting a worker. times: 10 duration: None concurrency: 1 timeout: 0 cls: method_name: run args: {"repetitions": 2}
2019-12-10 06:21:53.275 453 INFO rally.task.runner [-] Task 18184311-f709-4891-bccd-f121fb2ecb1a | ITER: 1 START
2019-12-10 06:21:53.275 455 RALLYDEBUG rally.task.runner [-] Starting a worker. times: 10 duration: None concurrency: 1 timeout: 0 cls: method_name: run args: {"repetitions": 2}
2019-12-10 06:21:53.278 454 INFO rally.task.runner [-] Task 18184311-f709-4891-bccd-f121fb2ecb1a | ITER: 2 START
2019-12-10 06:21:53.278 456 RALLYDEBUG rally.task.runner [-] Starting a worker. times: 10 duration: None concurrency: 1 timeout: 0 cls: method_name: run args: {"repetitions": 2}
2019-12-10 06:21:53.281 455 INFO rally.task.runner [-] Task 18184311-f709-4891-bccd-f121fb2ecb1a | ITER: 3 START
2019-12-10 06:21:53.285 456 INFO rally.task.runner [-] Task 18184311-f709-4891-bccd-f121fb2ecb1a | ITER: 4 START
2019-12-10 06:21:54.193 453 INFO rally.task.runner [-] Task 18184311-f709-4891-bccd-f121fb2ecb1a | ITER: 1 END: OK
2019-12-10 06:21:54.194 455 INFO rally.task.runner [-] Task 18184311-f709-4891-bccd-f121fb2ecb1a | ITER: 3 END: OK
2019-12-10 06:21:54.200 453 INFO rally.task.runner [-] Task 18184311-f709-4891-bccd-f121fb2ecb1a | ITER: 5 START
2019-12-10 06:21:54.200 455 INFO rally.task.runner [-] Task 18184311-f709-4891-bccd-f121fb2ecb1a | ITER: 6 START
2019-12-10 06:21:54.237 454 INFO rally.task.runner [-] Task 18184311-f709-4891-bccd-f121fb2ecb1a | ITER: 2 END: OK
2019-12-10 06:21:54.242 454 INFO rally.task.runner [-] Task 18184311-f709-4891-bccd-f121fb2ecb1a | ITER: 7 START
2019-12-10 06:21:54.251 456 INFO rally.task.runner [-] Task 18184311-f709-4891-bccd-f121fb2ecb1a | ITER: 4 END: OK
2019-12-10 06:21:54.255 456 INFO rally.task.runner [-] Task 18184311-f709-4891-bccd-f121fb2ecb1a | ITER: 8 START
2019-12-10 06:21:54.596 455 INFO rally.task.runner [-] Task 18184311-f709-4891-bccd-f121fb2ecb1a | ITER: 6 END: OK
2019-12-10 06:21:54.600 455 INFO rally.task.runner [-] Task 18184311-f709-4891-bccd-f121fb2ecb1a | ITER: 9 START
2019-12-10 06:21:54.881 453 INFO rally.task.runner [-] Task 18184311-f709-4891-bccd-f121fb2ecb1a | ITER: 5 END: OK
2019-12-10 06:21:54.884 453 INFO rally.task.runner [-] Task 18184311-f709-4891-bccd-f121fb2ecb1a | ITER: 10 START
2019-12-10 06:21:54.916 456 INFO rally.task.runner [-] Task 18184311-f709-4891-bccd-f121fb2ecb1a | ITER: 8 END: OK
2019-12-10 06:21:54.920 454 INFO rally.task.runner [-] Task 18184311-f709-4891-bccd-f121fb2ecb1a | ITER: 7 END: OK
2019-12-10 06:21:55.267 455 INFO rally.task.runner [-] Task 18184311-f709-4891-bccd-f121fb2ecb1a | ITER: 9 END: OK
2019-12-10 06:21:55.618 453 INFO rally.task.runner [-] Task 18184311-f709-4891-bccd-f121fb2ecb1a | ITER: 10 END: OK
2019-12-10 06:21:55.647 17 INFO rally.task.context [-] Task 18184311-f709-4891-bccd-f121fb2ecb1a | Context users@openstack cleanup() started
2019-12-10 06:22:00.023 17 INFO rally.task.context [-] Task 18184311-f709-4891-bccd-f121fb2ecb1a | Context users@openstack cleanup() finished in 4.38 sec
2019-12-10 06:22:00.682 17 INFO rally.task.engine [-] Load duration is: 2.34199
2019-12-10 06:22:00.683 17 INFO rally.task.engine [-] Full runner duration is: 2.391063
2019-12-10 06:22:00.683 17 INFO rally.task.engine [-] Full duration is: 9.417724
2019-12-10 06:22:01.229 17 INFO rally.task.engine [-] Running workload: position = 0 config = { "version": 2, "title": "A cropped version of a bigger task.", "description": "Auto-generated task from a single workload (uuid=a3e5fd86-790f-493a-8e08-f53534ced6a2)", "subtasks": [ { "title": "Authenticate.validate_neutron", "description": "Check Neutron Client to ensure validation of token.", "scenario": { "Authenticate.validate_neutron": { "repetitions": 2 } }, "contexts": { "users": { "tenants": 3, "users_per_tenant": 2 } }, "runner": { "constant": { "concurrency": 4, "times": 10 } }, "hooks": [], "sla": { "failure_rate": { "max": 0 } } } ] }
2019-12-10 06:22:01.252 17 RALLYDEBUG rally_openstack.contexts.keystone.users [-] Creating 3 tenants using 20 threads
2019-12-10 06:22:02.249 17 RALLYDEBUG rally_openstack.contexts.keystone.users [-] Creating 6 users using 20 threads
2019-12-10 06:22:03.924 17 INFO rally.task.context [-] Task 18184311-f709-4891-bccd-f121fb2ecb1a | Context users@openstack setup() finished in 2.67 sec
2019-12-10 06:22:03.938 17 RALLYDEBUG rally.task.runner [-] Starting the constant runner (task UUID: 18184311-f709-4891-bccd-f121fb2ecb1a). times: 10 concurrency: 4 timeout: 0 max_cpu_used: 16 processes_to_start: 4 concurrency_per_worker: 1 concurrency_overhead: 0
2019-12-10 06:22:03.951 557 RALLYDEBUG rally.task.runner [-] Starting a worker. times: 10 duration: None concurrency: 1 timeout: 0 cls: method_name: run args: {"repetitions": 2}
2019-12-10 06:22:03.952 558 RALLYDEBUG rally.task.runner [-] Starting a worker. times: 10 duration: None concurrency: 1 timeout: 0 cls: method_name: run args: {"repetitions": 2}
2019-12-10 06:22:03.956 559 RALLYDEBUG rally.task.runner [-] Starting a worker. times: 10 duration: None concurrency: 1 timeout: 0 cls: method_name: run args: {"repetitions": 2}
2019-12-10 06:22:03.960 557 INFO rally.task.runner [-] Task 18184311-f709-4891-bccd-f121fb2ecb1a | ITER: 1 START
2019-12-10 06:22:03.960 558 INFO rally.task.runner [-] Task 18184311-f709-4891-bccd-f121fb2ecb1a | ITER: 2 START
2019-12-10 06:22:03.960 560 RALLYDEBUG rally.task.runner [-] Starting a worker. times: 10 duration: None concurrency: 1 timeout: 0 cls: method_name: run args: {"repetitions": 2}
2019-12-10 06:22:03.963 559 INFO rally.task.runner [-] Task 18184311-f709-4891-bccd-f121fb2ecb1a | ITER: 3 START
2019-12-10 06:22:03.967 560 INFO rally.task.runner [-] Task 18184311-f709-4891-bccd-f121fb2ecb1a | ITER: 4 START
2019-12-10 06:22:04.657 557 INFO rally.task.runner [-] Task 18184311-f709-4891-bccd-f121fb2ecb1a | ITER: 1 END: OK
2019-12-10 06:22:04.662 557 INFO rally.task.runner [-] Task 18184311-f709-4891-bccd-f121fb2ecb1a | ITER: 5 START
2019-12-10 06:22:05.054 559 INFO rally.task.runner [-] Task 18184311-f709-4891-bccd-f121fb2ecb1a | ITER: 3 END: OK
2019-12-10 06:22:05.056 558 INFO rally.task.runner [-] Task 18184311-f709-4891-bccd-f121fb2ecb1a | ITER: 2 END: OK
2019-12-10 06:22:05.058 559 INFO rally.task.runner [-] Task 18184311-f709-4891-bccd-f121fb2ecb1a | ITER: 6 START
2019-12-10 06:22:05.059 560 INFO rally.task.runner [-] Task 18184311-f709-4891-bccd-f121fb2ecb1a | ITER: 4 END: OK
2019-12-10 06:22:05.060 558 INFO rally.task.runner [-] Task 18184311-f709-4891-bccd-f121fb2ecb1a | ITER: 7 START
2019-12-10 06:22:05.063 560 INFO rally.task.runner [-] Task 18184311-f709-4891-bccd-f121fb2ecb1a | ITER: 8 START
2019-12-10 06:22:05.364 557 INFO rally.task.runner [-] Task 18184311-f709-4891-bccd-f121fb2ecb1a | ITER: 5 END: OK
2019-12-10 06:22:05.368 557 INFO rally.task.runner [-] Task 18184311-f709-4891-bccd-f121fb2ecb1a | ITER: 9 START
2019-12-10 06:22:05.643 560 INFO rally.task.runner [-] Task 18184311-f709-4891-bccd-f121fb2ecb1a | ITER: 8 END: OK
2019-12-10 06:22:05.647 560 INFO rally.task.runner [-] Task 18184311-f709-4891-bccd-f121fb2ecb1a | ITER: 10 START
2019-12-10 06:22:05.751 559 INFO rally.task.runner [-] Task 18184311-f709-4891-bccd-f121fb2ecb1a | ITER: 6 END: OK
2019-12-10 06:22:05.894 558 INFO rally.task.runner [-] Task 18184311-f709-4891-bccd-f121fb2ecb1a | ITER: 7 END: OK
2019-12-10 06:22:05.939 557 INFO rally.task.runner [-] Task 18184311-f709-4891-bccd-f121fb2ecb1a | ITER: 9 END: OK
2019-12-10 06:22:06.245 560 INFO rally.task.runner [-] Task 18184311-f709-4891-bccd-f121fb2ecb1a | ITER: 10 END: OK
2019-12-10 06:22:06.273 17 INFO rally.task.context [-] Task 18184311-f709-4891-bccd-f121fb2ecb1a | Context users@openstack cleanup() started
2019-12-10 06:22:10.700 17 INFO rally.task.context [-] Task 18184311-f709-4891-bccd-f121fb2ecb1a | Context users@openstack cleanup() finished in 4.43 sec
2019-12-10 06:22:11.354 17 INFO rally.task.engine [-] Load duration is: 2.28417
2019-12-10 06:22:11.354 17 INFO rally.task.engine [-] Full runner duration is: 2.335884
2019-12-10 06:22:11.355 17 INFO rally.task.engine [-] Full duration is: 9.449389
2019-12-10 06:22:11.879 17 INFO rally.task.engine [-] Running workload: position = 0 config = { "version": 2, "title": "A cropped version of a bigger task.", "description": "Auto-generated task from a single workload (uuid=9d2092b5-665d-47f5-a69e-e04d962f3bcb)", "subtasks": [ { "title": "Authenticate.validate_nova", "description": "Check Nova Client to ensure validation of token.", "scenario": { "Authenticate.validate_nova": { "repetitions": 2 } }, "contexts": { "users": { "tenants": 3, "users_per_tenant": 2 } }, "runner": { "constant": { "concurrency": 4, "times": 10 } }, "hooks": [], "sla": { "failure_rate": { "max": 0 } } } ] }
2019-12-10 06:22:11.908 17 RALLYDEBUG rally_openstack.contexts.keystone.users [-] Creating 3 tenants using 20 threads
2019-12-10 06:22:13.060 17 RALLYDEBUG rally_openstack.contexts.keystone.users [-] Creating 6 users using 20 threads
2019-12-10 06:22:14.533 17 INFO rally.task.context [-] Task 18184311-f709-4891-bccd-f121fb2ecb1a | Context users@openstack setup() finished in 2.62 sec
2019-12-10 06:22:14.542 17 RALLYDEBUG rally.task.runner [-] Starting the constant runner (task UUID: 18184311-f709-4891-bccd-f121fb2ecb1a). times: 10 concurrency: 4 timeout: 0 max_cpu_used: 16 processes_to_start: 4 concurrency_per_worker: 1 concurrency_overhead: 0
2019-12-10 06:22:14.554 661 RALLYDEBUG rally.task.runner [-] Starting a worker. times: 10 duration: None concurrency: 1 timeout: 0 cls: method_name: run args: {"repetitions": 2}
2019-12-10 06:22:14.557 662 RALLYDEBUG rally.task.runner [-] Starting a worker. times: 10 duration: None concurrency: 1 timeout: 0 cls: method_name: run args: {"repetitions": 2}
2019-12-10 06:22:14.561 661 INFO rally.task.runner [-] Task 18184311-f709-4891-bccd-f121fb2ecb1a | ITER: 1 START
2019-12-10 06:22:14.561 663 RALLYDEBUG rally.task.runner [-] Starting a worker. times: 10 duration: None concurrency: 1 timeout: 0 cls: method_name: run args: {"repetitions": 2}
2019-12-10 06:22:14.564 662 INFO rally.task.runner [-] Task 18184311-f709-4891-bccd-f121fb2ecb1a | ITER: 2 START
2019-12-10 06:22:14.564 664 RALLYDEBUG rally.task.runner [-] Starting a worker. times: 10 duration: None concurrency: 1 timeout: 0 cls: method_name: run args: {"repetitions": 2}
2019-12-10 06:22:14.567 663 INFO rally.task.runner [-] Task 18184311-f709-4891-bccd-f121fb2ecb1a | ITER: 3 START
2019-12-10 06:22:14.570 664 INFO rally.task.runner [-] Task 18184311-f709-4891-bccd-f121fb2ecb1a | ITER: 4 START
2019-12-10 06:22:15.202 661 INFO rally.task.runner [-] Task 18184311-f709-4891-bccd-f121fb2ecb1a | ITER: 1 END: OK
2019-12-10 06:22:15.207 661 INFO rally.task.runner [-] Task 18184311-f709-4891-bccd-f121fb2ecb1a | ITER: 5 START
2019-12-10 06:22:15.210 662 INFO rally.task.runner [-] Task 18184311-f709-4891-bccd-f121fb2ecb1a | ITER: 2 END: OK
2019-12-10 06:22:15.212 663 INFO rally.task.runner [-] Task 18184311-f709-4891-bccd-f121fb2ecb1a | ITER: 3 END: OK
2019-12-10 06:22:15.215 662 INFO rally.task.runner [-] Task 18184311-f709-4891-bccd-f121fb2ecb1a | ITER: 6 START
2019-12-10 06:22:15.216 663 INFO rally.task.runner [-] Task 18184311-f709-4891-bccd-f121fb2ecb1a | ITER: 7 START
2019-12-10 06:22:15.311 664 INFO rally.task.runner [-] Task 18184311-f709-4891-bccd-f121fb2ecb1a | ITER: 4 END: OK
2019-12-10 06:22:15.315 664 INFO rally.task.runner [-] Task 18184311-f709-4891-bccd-f121fb2ecb1a | ITER: 8 START
2019-12-10 06:22:15.585 661 INFO rally.task.runner [-] Task 18184311-f709-4891-bccd-f121fb2ecb1a | ITER: 5 END: OK
2019-12-10 06:22:15.589 661 INFO rally.task.runner [-] Task 18184311-f709-4891-bccd-f121fb2ecb1a | ITER: 9 START
2019-12-10 06:22:15.608 662 INFO rally.task.runner [-] Task 18184311-f709-4891-bccd-f121fb2ecb1a | ITER: 6 END: OK
2019-12-10 06:22:15.612 662 INFO rally.task.runner [-] Task 18184311-f709-4891-bccd-f121fb2ecb1a | ITER: 10 START
2019-12-10 06:22:15.612 663 INFO rally.task.runner [-] Task 18184311-f709-4891-bccd-f121fb2ecb1a | ITER: 7 END: OK
2019-12-10 06:22:15.711 664 INFO rally.task.runner [-] Task 18184311-f709-4891-bccd-f121fb2ecb1a | ITER: 8 END: OK
2019-12-10 06:22:15.998 661 INFO rally.task.runner [-] Task 18184311-f709-4891-bccd-f121fb2ecb1a | ITER: 9 END: OK
2019-12-10 06:22:16.000 662 INFO rally.task.runner [-] Task 18184311-f709-4891-bccd-f121fb2ecb1a | ITER: 10 END: OK
2019-12-10 06:22:16.030 17 INFO rally.task.context [-] Task 18184311-f709-4891-bccd-f121fb2ecb1a | Context users@openstack cleanup() started
2019-12-10 06:22:20.399 17 INFO rally.task.context [-] Task 18184311-f709-4891-bccd-f121fb2ecb1a | Context users@openstack cleanup() finished in 4.37 sec
2019-12-10 06:22:22.020 17 INFO rally.task.engine [-] Load duration is: 1.438108
2019-12-10 06:22:22.021 17 INFO rally.task.engine [-] Full runner duration is: 1.488786
2019-12-10 06:22:22.021 17 INFO rally.task.engine [-] Full duration is: 8.49272
2019-12-10 06:22:22.468 17 INFO rally.task.engine [-] Task 18184311-f709-4891-bccd-f121fb2ecb1a | Completed: Running task.
2019-12-10 06:22:23.827 723 RALLYDEBUG rally.api [-] INFO logs from urllib3 and requests module are hide.
2019-12-10 06:22:23.827 723 RALLYDEBUG rally.api [-] urllib3 insecure warnings are hidden.
2019-12-10 06:22:23.827 723 RALLYDEBUG rally.api [-] ERROR log from boto module is hide.
2019-12-10 06:22:25.043 724 RALLYDEBUG rally.api [-] INFO logs from urllib3 and requests module are hide.
2019-12-10 06:22:25.043 724 RALLYDEBUG rally.api [-] urllib3 insecure warnings are hidden.
2019-12-10 06:22:25.043 724 RALLYDEBUG rally.api [-] ERROR log from boto module is hide.
2019-12-10 06:22:26.125 725 RALLYDEBUG rally.api [-] INFO logs from urllib3 and requests module are hide.
2019-12-10 06:22:26.125 725 RALLYDEBUG rally.api [-] urllib3 insecure warnings are hidden.
2019-12-10 06:22:26.125 725 RALLYDEBUG rally.api [-] ERROR log from boto module is hide.
2019-12-10 06:22:27.775 725 INFO rally.api [-] Building 'json' report for the following task(s): '18184311-f709-4891-bccd-f121fb2ecb1a'.
2019-12-10 06:22:27.784 725 INFO rally.api [-] The report has been successfully built.
2019-12-10 06:22:29.149 727 RALLYDEBUG rally.api [-] INFO logs from urllib3 and requests module are hide.
2019-12-10 06:22:29.149 727 RALLYDEBUG rally.api [-] urllib3 insecure warnings are hidden.
2019-12-10 06:22:29.149 727 RALLYDEBUG rally.api [-] ERROR log from boto module is hide.
2019-12-10 06:22:31.097 727 INFO rally.task.engine [-] Task bf58fc48-f61f-491f-8051-4a418f294726 | Starting: Task validation.
2019-12-10 06:22:31.211 727 INFO rally.task.engine [-] Task bf58fc48-f61f-491f-8051-4a418f294726 | Starting: Task validation of syntax.
2019-12-10 06:22:31.344 727 INFO rally.task.engine [-] Task bf58fc48-f61f-491f-8051-4a418f294726 | Completed: Task validation of syntax.
2019-12-10 06:22:31.344 727 INFO rally.task.engine [-] Task bf58fc48-f61f-491f-8051-4a418f294726 | Starting: Task validation of required platforms.
2019-12-10 06:22:31.404 727 INFO rally.task.engine [-] Task bf58fc48-f61f-491f-8051-4a418f294726 | Completed: Task validation of required platforms.
2019-12-10 06:22:31.406 727 INFO rally.task.engine [-] Task bf58fc48-f61f-491f-8051-4a418f294726 | Starting: Task validation of semantic.
2019-12-10 06:22:31.406 727 INFO rally.task.engine [-] Check health of the environment 'd5c14118-836a-4e0c-a67c-e2921db8f91e'.
2019-12-10 06:22:32.437 727 INFO rally.task.engine [-] Platform existing@openstack (available: True): OK!
2019-12-10 06:22:32.459 727 RALLYDEBUG rally_openstack.contexts.keystone.users [-] Creating 1 tenants using 20 threads
2019-12-10 06:22:33.308 727 RALLYDEBUG rally_openstack.contexts.keystone.users [-] Creating 1 users using 20 threads
2019-12-10 06:22:34.710 727 INFO rally.task.context [-] Task bf58fc48-f61f-491f-8051-4a418f294726 | Context users@openstack setup() finished in 2.25 sec
2019-12-10 06:22:38.325 727 INFO rally.task.context [-] Task bf58fc48-f61f-491f-8051-4a418f294726 | Context users@openstack cleanup() started
2019-12-10 06:22:41.307 727 INFO rally.task.context [-] Task bf58fc48-f61f-491f-8051-4a418f294726 | Context users@openstack cleanup() finished in 2.98 sec
2019-12-10 06:22:41.308 727 INFO rally.task.engine [-] Task bf58fc48-f61f-491f-8051-4a418f294726 | Completed: Task validation of semantic.
2019-12-10 06:22:41.308 727 INFO rally.task.engine [-] Task bf58fc48-f61f-491f-8051-4a418f294726 | Completed: Task validation.
2019-12-10 06:22:41.309 727 INFO rally.api [-] Task bf58fc48-f61f-491f-8051-4a418f294726 input file is valid.
2019-12-10 06:22:41.309 727 INFO rally.api [-] Run Task bf58fc48-f61f-491f-8051-4a418f294726 against Deployment d5c14118-836a-4e0c-a67c-e2921db8f91e
2019-12-10 06:22:41.310 727 INFO rally.task.engine [-] Task bf58fc48-f61f-491f-8051-4a418f294726 | Starting: Running task.
2019-12-10 06:22:41.629 727 INFO rally.task.engine [-] Running workload: position = 0 config = { "version": 2, "title": "A cropped version of a bigger task.", "description": "Auto-generated task from a single workload (uuid=f13ebbb8-e7d2-4f32-80d7-02eaffb374a4)", "subtasks": [ { "title": "GlanceImages.create_and_delete_image", "description": "Create and then delete an image.", "scenario": { "GlanceImages.create_and_delete_image": { "container_format": "bare", "disk_format": "qcow2", "image_location": "/home/opnfv/functest/images/cirros-0.4.0-x86_64-disk.img" } }, "contexts": { "users": { "tenants": 3, "users_per_tenant": 2 } }, "runner": { "constant": { "concurrency": 4, "times": 10 } }, "hooks": [], "sla": { "failure_rate": { "max": 0 } } } ] }
2019-12-10 06:22:41.653 727 RALLYDEBUG rally_openstack.contexts.keystone.users [-] Creating 3 tenants using 20 threads
2019-12-10 06:22:42.598 727 RALLYDEBUG rally_openstack.contexts.keystone.users [-] Creating 6 users using 20 threads
2019-12-10 06:22:44.143 727 INFO rally.task.context [-] Task bf58fc48-f61f-491f-8051-4a418f294726 | Context users@openstack setup() finished in 2.49 sec
2019-12-10 06:22:44.143 727 INFO rally.task.context [-] Task bf58fc48-f61f-491f-8051-4a418f294726 | Context cleanup@openstack setup() finished in 0.02 msec
2019-12-10 06:22:44.153 727 RALLYDEBUG rally.task.runner [-] Starting the constant runner (task UUID: bf58fc48-f61f-491f-8051-4a418f294726). times: 10 concurrency: 4 timeout: 0 max_cpu_used: 16 processes_to_start: 4 concurrency_per_worker: 1 concurrency_overhead: 0
2019-12-10 06:22:44.167 851 RALLYDEBUG rally.task.runner [-] Starting a worker. times: 10 duration: None concurrency: 1 timeout: 0 cls: method_name: run args: {"container_format": "bare", "disk_format": "qcow2", "image_location": "/home/opnfv/functest/images/cirros-0.4.0-x86_64-disk.img"}
2019-12-10 06:22:44.170 852 RALLYDEBUG rally.task.runner [-] Starting a worker. times: 10 duration: None concurrency: 1 timeout: 0 cls: method_name: run args: {"container_format": "bare", "disk_format": "qcow2", "image_location": "/home/opnfv/functest/images/cirros-0.4.0-x86_64-disk.img"}
2019-12-10 06:22:44.174 851 INFO rally.task.runner [-] Task bf58fc48-f61f-491f-8051-4a418f294726 | ITER: 1 START
2019-12-10 06:22:44.173 853 RALLYDEBUG rally.task.runner [-] Starting a worker. times: 10 duration: None concurrency: 1 timeout: 0 cls: method_name: run args: {"container_format": "bare", "disk_format": "qcow2", "image_location": "/home/opnfv/functest/images/cirros-0.4.0-x86_64-disk.img"}
2019-12-10 06:22:44.177 852 INFO rally.task.runner [-] Task bf58fc48-f61f-491f-8051-4a418f294726 | ITER: 2 START
2019-12-10 06:22:44.177 855 RALLYDEBUG rally.task.runner [-] Starting a worker. times: 10 duration: None concurrency: 1 timeout: 0 cls: method_name: run args: {"container_format": "bare", "disk_format": "qcow2", "image_location": "/home/opnfv/functest/images/cirros-0.4.0-x86_64-disk.img"}
2019-12-10 06:22:44.180 853 INFO rally.task.runner [-] Task bf58fc48-f61f-491f-8051-4a418f294726 | ITER: 3 START
2019-12-10 06:22:44.183 855 INFO rally.task.runner [-] Task bf58fc48-f61f-491f-8051-4a418f294726 | ITER: 4 START
2019-12-10 06:22:47.136 851 RALLYDEBUG rally.task.utils [-] Waiting for resource '0a92057c-fa39-4aef-8be0-64c45a0f33be'. Status changed: NONE => QUEUED in 0.03999924659729004
2019-12-10 06:22:47.139 853 RALLYDEBUG rally.task.utils [-] Waiting for resource '73e454f9-ae4f-459f-95f4-80b7d7582bc9'. Status changed: NONE => QUEUED in 0.04457664489746094
2019-12-10 06:22:47.143 855 RALLYDEBUG rally.task.utils [-] Waiting for resource '0f3e0f48-da45-402f-9ae4-a405e8e981df'. Status changed: NONE => QUEUED in 0.039594173431396484
2019-12-10 06:22:47.193 852 RALLYDEBUG rally.task.utils [-] Waiting for resource '5eb7d035-3f14-4417-b421-2e26e5812050'. Status changed: NONE => QUEUED in 0.0404047966003418
2019-12-10 06:22:47.369 853 RALLYDEBUG rally.task.utils [-] Waiting for resource s_rally_f13ebbb8_06EkqD0C. Status changed: QUEUED => ACTIVE in 0.017123937606811523
2019-12-10 06:22:47.383 851 RALLYDEBUG rally.task.utils [-] Waiting for resource s_rally_f13ebbb8_xvFvf31Z. Status changed: QUEUED => ACTIVE in 0.02075815200805664
2019-12-10 06:22:47.386 855 RALLYDEBUG rally.task.utils [-] Waiting for resource s_rally_f13ebbb8_WbuRtx5u. Status changed: QUEUED => ACTIVE in 0.014638662338256836
2019-12-10 06:22:47.423 853 INFO rally.task.runner [-] Task bf58fc48-f61f-491f-8051-4a418f294726 | ITER: 3 END: OK
2019-12-10 06:22:47.427 852 RALLYDEBUG rally.task.utils [-] Waiting for resource s_rally_f13ebbb8_SflRUZ3H. Status changed: QUEUED => ACTIVE in 0.022825002670288086
2019-12-10 06:22:47.428 853 INFO rally.task.runner [-] Task bf58fc48-f61f-491f-8051-4a418f294726 | ITER: 5 START
2019-12-10 06:22:47.439 851 INFO rally.task.runner [-] Task bf58fc48-f61f-491f-8051-4a418f294726 | ITER: 1 END: OK
2019-12-10 06:22:47.443 851 INFO rally.task.runner [-] Task bf58fc48-f61f-491f-8051-4a418f294726 | ITER: 6 START
2019-12-10 06:22:47.445 855 INFO rally.task.runner [-] Task bf58fc48-f61f-491f-8051-4a418f294726 | ITER: 4 END: OK
2019-12-10 06:22:47.449 855 INFO rally.task.runner [-] Task bf58fc48-f61f-491f-8051-4a418f294726 | ITER: 7 START
2019-12-10 06:22:47.491 852 INFO rally.task.runner [-] Task bf58fc48-f61f-491f-8051-4a418f294726 | ITER: 2 END: OK
2019-12-10 06:22:47.495 852 INFO rally.task.runner [-] Task bf58fc48-f61f-491f-8051-4a418f294726 | ITER: 8 START
2019-12-10 06:22:50.221 855 RALLYDEBUG rally.task.utils [-] Waiting for resource '196705d6-18db-4943-9376-410e1ee4595d'. Status changed: NONE => QUEUED in 0.04189658164978027
2019-12-10 06:22:50.237 851 RALLYDEBUG rally.task.utils [-] Waiting for resource 'baede316-004f-4cd1-9742-d19be8d22898'. Status changed: NONE => QUEUED in 0.04059457778930664
2019-12-10 06:22:50.265 852 RALLYDEBUG rally.task.utils [-] Waiting for resource '17cb8979-ee93-4ed6-8060-026010c145ab'. Status changed: NONE => QUEUED in 0.04017376899719238
2019-12-10 06:22:50.276 853 RALLYDEBUG rally.task.utils [-] Waiting for resource '11a92dd2-f8b5-4fb8-b134-a810f188f849'. Status changed: NONE => QUEUED in 0.04059147834777832
2019-12-10 06:22:50.446 851 RALLYDEBUG rally.task.utils [-] Waiting for resource s_rally_f13ebbb8_J3fFsBMe. Status changed: QUEUED => ACTIVE in 0.01755499839782715
2019-12-10 06:22:50.447 855 RALLYDEBUG rally.task.utils [-] Waiting for resource s_rally_f13ebbb8_P71fuxTW. Status changed: QUEUED => ACTIVE in 0.022733449935913086
2019-12-10 06:22:50.505 855 INFO rally.task.runner [-] Task bf58fc48-f61f-491f-8051-4a418f294726 | ITER: 7 END: OK
2019-12-10 06:22:50.508 855 INFO rally.task.runner [-] Task bf58fc48-f61f-491f-8051-4a418f294726 | ITER: 9 START
2019-12-10 06:22:50.518 851 INFO rally.task.runner [-] Task bf58fc48-f61f-491f-8051-4a418f294726 | ITER: 6 END: OK
2019-12-10 06:22:50.522 851 INFO rally.task.runner [-] Task bf58fc48-f61f-491f-8051-4a418f294726 | ITER: 10 START
2019-12-10 06:22:50.531 853 RALLYDEBUG rally.task.utils [-] Waiting for resource s_rally_f13ebbb8_KE6SfTSe. Status changed: QUEUED => ACTIVE in 0.018448591232299805
2019-12-10 06:22:50.533 852 RALLYDEBUG rally.task.utils [-] Waiting for resource s_rally_f13ebbb8_5eIBBWyn. Status changed: QUEUED => ACTIVE in 0.02474832534790039
2019-12-10 06:22:50.586 853 INFO rally.task.runner [-] Task bf58fc48-f61f-491f-8051-4a418f294726 | ITER: 5 END: OK
2019-12-10 06:22:50.590 852 INFO rally.task.runner [-] Task bf58fc48-f61f-491f-8051-4a418f294726 | ITER: 8 END: OK
2019-12-10 06:22:53.297 855 RALLYDEBUG rally.task.utils [-] Waiting for resource 'a7e1fd7a-3cc7-4520-8b14-aa26555e7ae0'. Status changed: NONE => QUEUED in 0.04125380516052246
2019-12-10 06:22:53.298 851 RALLYDEBUG rally.task.utils [-] Waiting for resource '32dadbe2-d792-44b0-b3b2-fab3723d5132'. Status changed: NONE => QUEUED in 0.04027104377746582
2019-12-10 06:22:53.510 851 RALLYDEBUG rally.task.utils [-] Waiting for resource s_rally_f13ebbb8_0raRBkAs. Status changed: QUEUED => ACTIVE in 0.015952110290527344
2019-12-10 06:22:53.517 855 RALLYDEBUG rally.task.utils [-] Waiting for resource s_rally_f13ebbb8_5DvazQMC. Status changed: QUEUED => ACTIVE in 0.02489447593688965
2019-12-10 06:22:53.573 851 INFO rally.task.runner [-] Task bf58fc48-f61f-491f-8051-4a418f294726 | ITER: 10 END: OK
2019-12-10 06:22:53.582 855 INFO rally.task.runner [-] Task bf58fc48-f61f-491f-8051-4a418f294726 | ITER: 9 END: OK
2019-12-10 06:22:53.611 727 INFO rally.task.context [-] Task bf58fc48-f61f-491f-8051-4a418f294726 | Context cleanup@openstack cleanup() started
2019-12-10 06:22:53.614 727 RALLYDEBUG rally_openstack.cleanup.manager [-] Cleaning up glance images objects
2019-12-10 06:22:54.916 727 INFO rally.task.context [-] Task bf58fc48-f61f-491f-8051-4a418f294726 | Context cleanup@openstack cleanup() finished in 1.30 sec
2019-12-10 06:22:54.917 727 INFO rally.task.context [-] Task bf58fc48-f61f-491f-8051-4a418f294726 | Context users@openstack cleanup() started
2019-12-10 06:22:59.310 727 INFO rally.task.context [-] Task bf58fc48-f61f-491f-8051-4a418f294726 | Context users@openstack cleanup() finished in 4.39 sec
2019-12-10 06:22:59.779 727 INFO rally.task.engine [-] Load duration is: 8.682822
2019-12-10 06:22:59.780 727 INFO rally.task.engine [-] Full runner duration is: 9.458918
2019-12-10 06:22:59.780 727 INFO rally.task.engine [-] Full duration is: 17.65865
2019-12-10 06:23:00.367 727 INFO rally.task.engine [-] Running workload: position = 0 config = { "version": 2, "title": "A cropped version of a bigger task.", "description": "Auto-generated task from a single workload (uuid=da4e00cd-2990-442d-934a-cccd1587b2cf)", "subtasks": [ { "title": "GlanceImages.create_and_list_image", "description": "Create an image and then list all images.", "scenario": { "GlanceImages.create_and_list_image": { "container_format": "bare", "disk_format": "qcow2", "image_location": "/home/opnfv/functest/images/cirros-0.4.0-x86_64-disk.img" } }, "contexts": { "users": { "tenants": 3, "users_per_tenant": 2 } }, "runner": { "constant": { "concurrency": 4, "times": 10 } }, "hooks": [], "sla": { "failure_rate": { "max": 0 } } } ] }
2019-12-10 06:23:00.391 727 RALLYDEBUG rally_openstack.contexts.keystone.users [-] Creating 3 tenants using 20 threads
2019-12-10 06:23:01.523 727 RALLYDEBUG rally_openstack.contexts.keystone.users [-] Creating 6 users using 20 threads
2019-12-10 06:23:03.102 727 INFO rally.task.context [-] Task bf58fc48-f61f-491f-8051-4a418f294726 | Context users@openstack setup() finished in 2.71 sec
2019-12-10 06:23:03.103 727 INFO rally.task.context [-] Task bf58fc48-f61f-491f-8051-4a418f294726 | Context cleanup@openstack setup() finished in 0.01 msec
