2019-12-10 06:41:56.919 1845 INFO rally.task.context [-] Task c543cf46-2d88-4b57-9539-d9d0aac4e762 | Context api_versions@openstack cleanup() finished in 0.39 msec
2019-12-10 06:41:56.919 1845 INFO rally.task.context [-] Task c543cf46-2d88-4b57-9539-d9d0aac4e762 | Context users@openstack cleanup() started
2019-12-10 06:42:02.206 1845 INFO rally.task.context [-] Task c543cf46-2d88-4b57-9539-d9d0aac4e762 | Context users@openstack cleanup() finished in 5.29 sec
2019-12-10 06:42:02.642 1845 INFO rally.task.engine [-] Load duration is: 1.297704
2019-12-10 06:42:02.642 1845 INFO rally.task.engine [-] Full runner duration is: 1.350989
2019-12-10 06:42:02.642 1845 INFO rally.task.engine [-] Full duration is: 13.671571
2019-12-10 06:42:02.951 1845 INFO rally.task.engine [-] Running workload: position = 0 config = { "version": 2, "title": "A cropped version of a bigger task.", "description": "Auto-generated task from a single workload (uuid=e4d3e2cd-8830-45c5-9748-b745e2a2c922)", "subtasks": [ { "title": "CinderQos.create_and_list_qos", "description": "Create a qos, then list all qos.", "scenario": { "CinderQos.create_and_list_qos": { "consumer": "both", "write_iops_sec": "10", "read_iops_sec": "1000" } }, "contexts": { "users": { "tenants": 3, "users_per_tenant": 2 }, "api_versions": { "cinder": { "version": 3, "service_type": "volumev3" } } }, "runner": { "constant": { "concurrency": 4, "times": 10 } }, "hooks": [], "sla": { "failure_rate": { "max": 0 } } } ] }
2019-12-10 06:42:02.979 1845 RALLYDEBUG rally_openstack.contexts.keystone.users [-] Creating 3 tenants using 20 threads
2019-12-10 06:42:03.924 1845 RALLYDEBUG rally_openstack.contexts.keystone.users [-] Creating 6 users using 20 threads
2019-12-10 06:42:05.502 1845 INFO rally.task.context [-] Task c543cf46-2d88-4b57-9539-d9d0aac4e762 | Context users@openstack setup() finished in 2.52 sec
2019-12-10 06:42:05.938 1845 INFO rally.task.context [-] Task c543cf46-2d88-4b57-9539-d9d0aac4e762 | Context api_versions@openstack setup() finished in 0.43 sec
2019-12-10 06:42:05.938 1845 INFO rally.task.context [-] Task c543cf46-2d88-4b57-9539-d9d0aac4e762 | Context admin_cleanup@openstack setup() finished in 0.02 msec
2019-12-10 06:42:05.947 1845 RALLYDEBUG rally.task.runner [-] Starting the constant runner (task UUID: c543cf46-2d88-4b57-9539-d9d0aac4e762). times: 10 concurrency: 4 timeout: 0 max_cpu_used: 16 processes_to_start: 4 concurrency_per_worker: 1 concurrency_overhead: 0
2019-12-10 06:42:05.959 5297 RALLYDEBUG rally.task.runner [-] Starting a worker. times: 10 duration: None concurrency: 1 timeout: 0 cls: method_name: run args: {"consumer": "both", "write_iops_sec": "10", "read_iops_sec": "1000"}
2019-12-10 06:42:05.963 5298 RALLYDEBUG rally.task.runner [-] Starting a worker. times: 10 duration: None concurrency: 1 timeout: 0 cls: method_name: run args: {"consumer": "both", "write_iops_sec": "10", "read_iops_sec": "1000"}
2019-12-10 06:42:05.966 5297 INFO rally.task.runner [-] Task c543cf46-2d88-4b57-9539-d9d0aac4e762 | ITER: 1 START
2019-12-10 06:42:05.966 5299 RALLYDEBUG rally.task.runner [-] Starting a worker. times: 10 duration: None concurrency: 1 timeout: 0 cls: method_name: run args: {"consumer": "both", "write_iops_sec": "10", "read_iops_sec": "1000"}
2019-12-10 06:42:05.969 5298 INFO rally.task.runner [-] Task c543cf46-2d88-4b57-9539-d9d0aac4e762 | ITER: 2 START
2019-12-10 06:42:05.970 5300 RALLYDEBUG rally.task.runner [-] Starting a worker. times: 10 duration: None concurrency: 1 timeout: 0 cls: method_name: run args: {"consumer": "both", "write_iops_sec": "10", "read_iops_sec": "1000"}
2019-12-10 06:42:05.973 5299 INFO rally.task.runner [-] Task c543cf46-2d88-4b57-9539-d9d0aac4e762 | ITER: 3 START
2019-12-10 06:42:05.977 5300 INFO rally.task.runner [-] Task c543cf46-2d88-4b57-9539-d9d0aac4e762 | ITER: 4 START
2019-12-10 06:42:06.474 5298 INFO rally.task.runner [-] Task c543cf46-2d88-4b57-9539-d9d0aac4e762 | ITER: 2 END: OK
2019-12-10 06:42:06.476 5297 INFO rally.task.runner [-] Task c543cf46-2d88-4b57-9539-d9d0aac4e762 | ITER: 1 END: OK
2019-12-10 06:42:06.476 5300 INFO rally.task.runner [-] Task c543cf46-2d88-4b57-9539-d9d0aac4e762 | ITER: 4 END: OK
2019-12-10 06:42:06.479 5298 INFO rally.task.runner [-] Task c543cf46-2d88-4b57-9539-d9d0aac4e762 | ITER: 5 START
2019-12-10 06:42:06.480 5300 INFO rally.task.runner [-] Task c543cf46-2d88-4b57-9539-d9d0aac4e762 | ITER: 7 START
2019-12-10 06:42:06.480 5297 INFO rally.task.runner [-] Task c543cf46-2d88-4b57-9539-d9d0aac4e762 | ITER: 6 START
2019-12-10 06:42:06.563 5299 INFO rally.task.runner [-] Task c543cf46-2d88-4b57-9539-d9d0aac4e762 | ITER: 3 END: OK
2019-12-10 06:42:06.568 5299 INFO rally.task.runner [-] Task c543cf46-2d88-4b57-9539-d9d0aac4e762 | ITER: 8 START
2019-12-10 06:42:06.881 5297 INFO rally.task.runner [-] Task c543cf46-2d88-4b57-9539-d9d0aac4e762 | ITER: 6 END: OK
2019-12-10 06:42:06.884 5297 INFO rally.task.runner [-] Task c543cf46-2d88-4b57-9539-d9d0aac4e762 | ITER: 9 START
2019-12-10 06:42:06.933 5298 INFO rally.task.runner [-] Task c543cf46-2d88-4b57-9539-d9d0aac4e762 | ITER: 5 END: OK
2019-12-10 06:42:06.938 5298 INFO rally.task.runner [-] Task c543cf46-2d88-4b57-9539-d9d0aac4e762 | ITER: 10 START
2019-12-10 06:42:06.942 5300 INFO rally.task.runner [-] Task c543cf46-2d88-4b57-9539-d9d0aac4e762 | ITER: 7 END: OK
2019-12-10 06:42:06.983 5299 INFO rally.task.runner [-] Task c543cf46-2d88-4b57-9539-d9d0aac4e762 | ITER: 8 END: OK
2019-12-10 06:42:07.309 5297 INFO rally.task.runner [-] Task c543cf46-2d88-4b57-9539-d9d0aac4e762 | ITER: 9 END: OK
2019-12-10 06:42:07.357 5298 INFO rally.task.runner [-] Task c543cf46-2d88-4b57-9539-d9d0aac4e762 | ITER: 10 END: OK
2019-12-10 06:42:07.383 1845 INFO rally.task.context [-] Task c543cf46-2d88-4b57-9539-d9d0aac4e762 | Context admin_cleanup@openstack cleanup() started
2019-12-10 06:42:07.386 1845 RALLYDEBUG rally_openstack.cleanup.manager [-] Cleaning up cinder volume_types objects
2019-12-10 06:42:07.796 1845 RALLYDEBUG rally_openstack.cleanup.manager [-] Cleaning up cinder image_volumes_cache objects
2019-12-10 06:42:08.319 1845 RALLYDEBUG rally_openstack.cleanup.manager [-] Cleaning up cinder quotas objects
2019-12-10 06:42:09.123 1845 RALLYDEBUG rally_openstack.cleanup.manager [-] Cleaning up cinder qos_specs objects
2019-12-10 06:42:09.514 1845 RALLYDEBUG rally_openstack.cleanup.manager [-] Deleting cinder.qos_specs object s_rally_e4d3e2cd_UGZufJg6 (fbf87873-3e91-468b-adc0-eb5b0b9db1bb)
2019-12-10 06:42:09.523 1845 RALLYDEBUG rally_openstack.cleanup.manager [-] Deleting cinder.qos_specs object s_rally_e4d3e2cd_YZ7vhKFk (d6234de1-4d74-456a-8259-083a74d59648)
2019-12-10 06:42:09.532 1845 RALLYDEBUG rally_openstack.cleanup.manager [-] Deleting cinder.qos_specs object s_rally_e4d3e2cd_Mh9SfLel (b3bca5ca-6d33-4179-aec4-cabb8b8b66d0)
2019-12-10 06:42:09.542 1845 RALLYDEBUG rally_openstack.cleanup.manager [-] Deleting cinder.qos_specs object s_rally_e4d3e2cd_BfX0XFsE (9c8c8ab5-1abe-41d2-8433-5ed681f713d0)
2019-12-10 06:42:09.549 1845 RALLYDEBUG rally_openstack.cleanup.manager [-] Deleting cinder.qos_specs object s_rally_e4d3e2cd_jYngWONf (2c380860-8377-4a32-927c-cfa927dec49d)
2019-12-10 06:42:09.555 1845 RALLYDEBUG rally_openstack.cleanup.manager [-] Deleting cinder.qos_specs object s_rally_e4d3e2cd_VnJM6AKO (0a9a2a11-fc65-470d-956c-12941801cc77)
2019-12-10 06:42:09.563 1845 RALLYDEBUG rally_openstack.cleanup.manager [-] Deleting cinder.qos_specs object s_rally_e4d3e2cd_tr1M382U (04d95c47-1989-474d-a3b4-c35e62352399)
2019-12-10 06:42:09.578 1845 RALLYDEBUG rally_openstack.cleanup.manager [-] Deleting cinder.qos_specs object s_rally_e4d3e2cd_C8V7ANpC (e14c33d6-eb90-423e-baf4-d49db3f96350)
2019-12-10 06:42:09.587 1845 RALLYDEBUG rally_openstack.cleanup.manager [-] Deleting cinder.qos_specs object s_rally_e4d3e2cd_w7eDDcQh (c6f5231c-5600-422e-a9f3-2f6c81db3595)
2019-12-10 06:42:09.598 1845 RALLYDEBUG rally_openstack.cleanup.manager [-] Deleting cinder.qos_specs object s_rally_e4d3e2cd_IYlEyODr (921fb6e2-4655-4632-b834-d0dec51f8771)
2019-12-10 06:42:11.231 1845 INFO rally.task.context [-] Task c543cf46-2d88-4b57-9539-d9d0aac4e762 | Context admin_cleanup@openstack cleanup() finished in 3.85 sec
2019-12-10 06:42:11.232 1845 INFO rally.task.context [-] Task c543cf46-2d88-4b57-9539-d9d0aac4e762 | Context api_versions@openstack cleanup() started
2019-12-10 06:42:11.232 1845 INFO rally.task.context [-] Task c543cf46-2d88-4b57-9539-d9d0aac4e762 | Context api_versions@openstack cleanup() finished in 0.38 msec
2019-12-10 06:42:11.233 1845 INFO rally.task.context [-] Task c543cf46-2d88-4b57-9539-d9d0aac4e762 | Context users@openstack cleanup() started
2019-12-10 06:42:15.885 1845 INFO rally.task.context [-] Task c543cf46-2d88-4b57-9539-d9d0aac4e762 | Context users@openstack cleanup() finished in 4.65 sec
2019-12-10 06:42:17.076 1845 INFO rally.task.engine [-] Load duration is: 1.386759
2019-12-10 06:42:17.076 1845 INFO rally.task.engine [-] Full runner duration is: 1.436278
2019-12-10 06:42:17.077 1845 INFO rally.task.engine [-] Full duration is: 12.908222
2019-12-10 06:42:17.425 1845 INFO rally.task.engine [-] Running workload: position = 0 config = { "version": 2, "title": "A cropped version of a bigger task.", "description": "Auto-generated task from a single workload (uuid=5c33f3af-2eff-4024-92c6-7056294d6dad)", "subtasks": [ { "title": "CinderQos.create_and_set_qos", "description": "Create a qos, then Add/Update keys in qos specs.", "scenario": { "CinderQos.create_and_set_qos": { "consumer": "back-end", "write_iops_sec": "10", "read_iops_sec": "1000", "set_consumer": "both", "set_write_iops_sec": "11", "set_read_iops_sec": "1001" } }, "contexts": { "users": { "tenants": 3, "users_per_tenant": 2 }, "api_versions": { "cinder": { "version": 3, "service_type": "volumev3" } } }, "runner": { "constant": { "concurrency": 4, "times": 10 } }, "hooks": [], "sla": { "failure_rate": { "max": 0 } } } ] }
2019-12-10 06:42:17.450 1845 RALLYDEBUG rally_openstack.contexts.keystone.users [-] Creating 3 tenants using 20 threads
2019-12-10 06:42:18.467 1845 RALLYDEBUG rally_openstack.contexts.keystone.users [-] Creating 6 users using 20 threads
2019-12-10 06:42:19.975 1845 INFO rally.task.context [-] Task c543cf46-2d88-4b57-9539-d9d0aac4e762 | Context users@openstack setup() finished in 2.52 sec
2019-12-10 06:42:20.399 1845 INFO rally.task.context [-] Task c543cf46-2d88-4b57-9539-d9d0aac4e762 | Context api_versions@openstack setup() finished in 0.42 sec
2019-12-10 06:42:20.399 1845 INFO rally.task.context [-] Task c543cf46-2d88-4b57-9539-d9d0aac4e762 | Context admin_cleanup@openstack setup() finished in 0.01 msec
2019-12-10 06:42:20.408 1845 RALLYDEBUG rally.task.runner [-] Starting the constant runner (task UUID: c543cf46-2d88-4b57-9539-d9d0aac4e762). times: 10 concurrency: 4 timeout: 0 max_cpu_used: 16 processes_to_start: 4 concurrency_per_worker: 1 concurrency_overhead: 0
2019-12-10 06:42:20.420 5481 RALLYDEBUG rally.task.runner [-] Starting a worker. times: 10 duration: None concurrency: 1 timeout: 0 cls: method_name: run args: {"consumer": "back-end", "write_iops_sec": "10", "read_iops_sec": "1000", "set_consumer": "both", "set_write_iops_sec": "11", "set_read_iops_sec": "1001"}
2019-12-10 06:42:20.424 5482 RALLYDEBUG rally.task.runner [-] Starting a worker. times: 10 duration: None concurrency: 1 timeout: 0 cls: method_name: run args: {"consumer": "back-end", "write_iops_sec": "10", "read_iops_sec": "1000", "set_consumer": "both", "set_write_iops_sec": "11", "set_read_iops_sec": "1001"}
2019-12-10 06:42:20.427 5481 INFO rally.task.runner [-] Task c543cf46-2d88-4b57-9539-d9d0aac4e762 | ITER: 1 START
2019-12-10 06:42:20.427 5483 RALLYDEBUG rally.task.runner [-] Starting a worker. times: 10 duration: None concurrency: 1 timeout: 0 cls: method_name: run args: {"consumer": "back-end", "write_iops_sec": "10", "read_iops_sec": "1000", "set_consumer": "both", "set_write_iops_sec": "11", "set_read_iops_sec": "1001"}
2019-12-10 06:42:20.431 5482 INFO rally.task.runner [-] Task c543cf46-2d88-4b57-9539-d9d0aac4e762 | ITER: 2 START
2019-12-10 06:42:20.431 5484 RALLYDEBUG rally.task.runner [-] Starting a worker. times: 10 duration: None concurrency: 1 timeout: 0 cls: method_name: run args: {"consumer": "back-end", "write_iops_sec": "10", "read_iops_sec": "1000", "set_consumer": "both", "set_write_iops_sec": "11", "set_read_iops_sec": "1001"}
2019-12-10 06:42:20.433 5483 INFO rally.task.runner [-] Task c543cf46-2d88-4b57-9539-d9d0aac4e762 | ITER: 3 START
2019-12-10 06:42:20.438 5484 INFO rally.task.runner [-] Task c543cf46-2d88-4b57-9539-d9d0aac4e762 | ITER: 4 START
2019-12-10 06:42:20.937 5482 INFO rally.task.runner [-] Task c543cf46-2d88-4b57-9539-d9d0aac4e762 | ITER: 2 END: OK
2019-12-10 06:42:20.940 5481 INFO rally.task.runner [-] Task c543cf46-2d88-4b57-9539-d9d0aac4e762 | ITER: 1 END: OK
2019-12-10 06:42:20.942 5482 INFO rally.task.runner [-] Task c543cf46-2d88-4b57-9539-d9d0aac4e762 | ITER: 5 START
2019-12-10 06:42:20.945 5481 INFO rally.task.runner [-] Task c543cf46-2d88-4b57-9539-d9d0aac4e762 | ITER: 6 START
2019-12-10 06:42:20.949 5484 INFO rally.task.runner [-] Task c543cf46-2d88-4b57-9539-d9d0aac4e762 | ITER: 4 END: OK
2019-12-10 06:42:20.952 5483 INFO rally.task.runner [-] Task c543cf46-2d88-4b57-9539-d9d0aac4e762 | ITER: 3 END: OK
2019-12-10 06:42:20.954 5484 INFO rally.task.runner [-] Task c543cf46-2d88-4b57-9539-d9d0aac4e762 | ITER: 7 START
2019-12-10 06:42:20.957 5483 INFO rally.task.runner [-] Task c543cf46-2d88-4b57-9539-d9d0aac4e762 | ITER: 8 START
2019-12-10 06:42:21.353 5482 INFO rally.task.runner [-] Task c543cf46-2d88-4b57-9539-d9d0aac4e762 | ITER: 5 END: OK
2019-12-10 06:42:21.356 5481 INFO rally.task.runner [-] Task c543cf46-2d88-4b57-9539-d9d0aac4e762 | ITER: 6 END: OK
2019-12-10 06:42:21.357 5483 INFO rally.task.runner [-] Task c543cf46-2d88-4b57-9539-d9d0aac4e762 | ITER: 8 END: OK
2019-12-10 06:42:21.358 5482 INFO rally.task.runner [-] Task c543cf46-2d88-4b57-9539-d9d0aac4e762 | ITER: 9 START
2019-12-10 06:42:21.360 5481 INFO rally.task.runner [-] Task c543cf46-2d88-4b57-9539-d9d0aac4e762 | ITER: 10 START
2019-12-10 06:42:21.421 5484 INFO rally.task.runner [-] Task c543cf46-2d88-4b57-9539-d9d0aac4e762 | ITER: 7 END: OK
2019-12-10 06:42:21.782 5481 INFO rally.task.runner [-] Task c543cf46-2d88-4b57-9539-d9d0aac4e762 | ITER: 10 END: OK
2019-12-10 06:42:21.861 5482 INFO rally.task.runner [-] Task c543cf46-2d88-4b57-9539-d9d0aac4e762 | ITER: 9 END: OK
2019-12-10 06:42:21.884 1845 INFO rally.task.context [-] Task c543cf46-2d88-4b57-9539-d9d0aac4e762 | Context admin_cleanup@openstack cleanup() started
2019-12-10 06:42:21.888 1845 RALLYDEBUG rally_openstack.cleanup.manager [-] Cleaning up cinder volume_types objects
2019-12-10 06:42:22.292 1845 RALLYDEBUG rally_openstack.cleanup.manager [-] Cleaning up cinder image_volumes_cache objects
2019-12-10 06:42:22.849 1845 RALLYDEBUG rally_openstack.cleanup.manager [-] Cleaning up cinder quotas objects
2019-12-10 06:42:23.668 1845 RALLYDEBUG rally_openstack.cleanup.manager [-] Cleaning up cinder qos_specs objects
2019-12-10 06:42:24.069 1845 RALLYDEBUG rally_openstack.cleanup.manager [-] Deleting cinder.qos_specs object s_rally_5c33f3af_s9geV6qP (90d48f82-f87b-4a09-9bcc-6a57fe64edd3)
2019-12-10 06:42:24.078 1845 RALLYDEBUG rally_openstack.cleanup.manager [-] Deleting cinder.qos_specs object s_rally_5c33f3af_TcZtEwbr (78be84df-eb5e-4a14-990f-4f438fc26068)
2019-12-10 06:42:24.082 1845 RALLYDEBUG rally_openstack.cleanup.manager [-] Deleting cinder.qos_specs object s_rally_5c33f3af_OZ9GcG0r (f3379ac8-030c-48fc-8c5b-be89407d25e5)
2019-12-10 06:42:24.091 1845 RALLYDEBUG rally_openstack.cleanup.manager [-] Deleting cinder.qos_specs object s_rally_5c33f3af_m9x0yCdv (af35d9fc-eeba-470f-b133-f7fa78ec73a5)
2019-12-10 06:42:24.100 1845 RALLYDEBUG rally_openstack.cleanup.manager [-] Deleting cinder.qos_specs object s_rally_5c33f3af_tRSWWdBR (93939312-23af-469e-b045-5129d80d83bb)
2019-12-10 06:42:24.110 1845 RALLYDEBUG rally_openstack.cleanup.manager [-] Deleting cinder.qos_specs object s_rally_5c33f3af_I6CP3Qwz (82ba0a23-25c8-4eef-a71e-7a70cbedac32)
2019-12-10 06:42:24.123 1845 RALLYDEBUG rally_openstack.cleanup.manager [-] Deleting cinder.qos_specs object s_rally_5c33f3af_5AOANbLN (62cb36d9-93e1-443f-b5f3-e7a1b6825dac)
2019-12-10 06:42:24.141 1845 RALLYDEBUG rally_openstack.cleanup.manager [-] Deleting cinder.qos_specs object s_rally_5c33f3af_ikaVO4EG (1eb83253-5bb9-4bf1-b40c-22ccbf05b3e4)
2019-12-10 06:42:24.148 1845 RALLYDEBUG rally_openstack.cleanup.manager [-] Deleting cinder.qos_specs object s_rally_5c33f3af_7oVigmeD (1545d546-2235-472e-8445-0b21805dede2)
2019-12-10 06:42:24.172 1845 RALLYDEBUG rally_openstack.cleanup.manager [-] Deleting cinder.qos_specs object s_rally_5c33f3af_LtuSYTgu (0228f2c8-9a08-4044-80a0-e0abf5bfa4a5)
2019-12-10 06:42:25.848 1845 INFO rally.task.context [-] Task c543cf46-2d88-4b57-9539-d9d0aac4e762 | Context admin_cleanup@openstack cleanup() finished in 3.96 sec
2019-12-10 06:42:25.848 1845 INFO rally.task.context [-] Task c543cf46-2d88-4b57-9539-d9d0aac4e762 | Context api_versions@openstack cleanup() started
2019-12-10 06:42:25.849 1845 INFO rally.task.context [-] Task c543cf46-2d88-4b57-9539-d9d0aac4e762 | Context api_versions@openstack cleanup() finished in 0.39 msec
2019-12-10 06:42:25.849 1845 INFO rally.task.context [-] Task c543cf46-2d88-4b57-9539-d9d0aac4e762 | Context users@openstack cleanup() started
2019-12-10 06:42:30.574 1845 INFO rally.task.context [-] Task c543cf46-2d88-4b57-9539-d9d0aac4e762 | Context users@openstack cleanup() finished in 4.72 sec
2019-12-10 06:42:31.548 1845 INFO rally.task.engine [-] Load duration is: 1.429598
2019-12-10 06:42:31.548 1845 INFO rally.task.engine [-] Full runner duration is: 1.476478
2019-12-10 06:42:31.548 1845 INFO rally.task.engine [-] Full duration is: 13.126737
2019-12-10 06:42:31.931 1845 INFO rally.task.engine [-] Running workload: position = 0 config = { "version": 2, "title": "A cropped version of a bigger task.", "description": "Auto-generated task from a single workload (uuid=c0166b63-3a69-4789-a2d0-53e7f92da386)", "subtasks": [ { "title": "CinderVolumeTypes.create_and_get_volume_type", "description": "Create a volume Type, then get the details of the type.", "scenario": { "CinderVolumeTypes.create_and_get_volume_type": { "description": "rally tests creating types" } }, "contexts": { "users": { "tenants": 3, "users_per_tenant": 2 }, "api_versions": { "cinder": { "version": 3, "service_type": "volumev3" } } }, "runner": { "constant": { "concurrency": 4, "times": 10 } }, "hooks": [], "sla": { "failure_rate": { "max": 0 } } } ] }
2019-12-10 06:42:31.955 1845 RALLYDEBUG rally_openstack.contexts.keystone.users [-] Creating 3 tenants using 20 threads
2019-12-10 06:42:32.895 1845 RALLYDEBUG rally_openstack.contexts.keystone.users [-] Creating 6 users using 20 threads
2019-12-10 06:42:34.445 1845 INFO rally.task.context [-] Task c543cf46-2d88-4b57-9539-d9d0aac4e762 | Context users@openstack setup() finished in 2.49 sec
2019-12-10 06:42:34.857 1845 INFO rally.task.context [-] Task c543cf46-2d88-4b57-9539-d9d0aac4e762 | Context api_versions@openstack setup() finished in 0.41 sec
2019-12-10 06:42:34.858 1845 INFO rally.task.context [-] Task c543cf46-2d88-4b57-9539-d9d0aac4e762 | Context admin_cleanup@openstack setup() finished in 0.01 msec
2019-12-10 06:42:34.866 1845 RALLYDEBUG rally.task.runner [-] Starting the constant runner (task UUID: c543cf46-2d88-4b57-9539-d9d0aac4e762). times: 10 concurrency: 4 timeout: 0 max_cpu_used: 16 processes_to_start: 4 concurrency_per_worker: 1 concurrency_overhead: 0
2019-12-10 06:42:34.878 5665 RALLYDEBUG rally.task.runner [-] Starting a worker. times: 10 duration: None concurrency: 1 timeout: 0 cls: method_name: run args: {"description": "rally tests creating types"}
2019-12-10 06:42:34.882 5666 RALLYDEBUG rally.task.runner [-] Starting a worker. times: 10 duration: None concurrency: 1 timeout: 0 cls: method_name: run args: {"description": "rally tests creating types"}
2019-12-10 06:42:34.885 5665 INFO rally.task.runner [-] Task c543cf46-2d88-4b57-9539-d9d0aac4e762 | ITER: 1 START
2019-12-10 06:42:34.886 5667 RALLYDEBUG rally.task.runner [-] Starting a worker. times: 10 duration: None concurrency: 1 timeout: 0 cls: method_name: run args: {"description": "rally tests creating types"}
2019-12-10 06:42:34.889 5666 INFO rally.task.runner [-] Task c543cf46-2d88-4b57-9539-d9d0aac4e762 | ITER: 2 START
2019-12-10 06:42:34.889 5670 RALLYDEBUG rally.task.runner [-] Starting a worker. times: 10 duration: None concurrency: 1 timeout: 0 cls: method_name: run args: {"description": "rally tests creating types"}
2019-12-10 06:42:34.893 5667 INFO rally.task.runner [-] Task c543cf46-2d88-4b57-9539-d9d0aac4e762 | ITER: 3 START
2019-12-10 06:42:34.895 5670 INFO rally.task.runner [-] Task c543cf46-2d88-4b57-9539-d9d0aac4e762 | ITER: 4 START
2019-12-10 06:42:35.409 5665 INFO rally.task.runner [-] Task c543cf46-2d88-4b57-9539-d9d0aac4e762 | ITER: 1 END: OK
2019-12-10 06:42:35.411 5666 INFO rally.task.runner [-] Task c543cf46-2d88-4b57-9539-d9d0aac4e762 | ITER: 2 END: OK
2019-12-10 06:42:35.411 5667 INFO rally.task.runner [-] Task c543cf46-2d88-4b57-9539-d9d0aac4e762 | ITER: 3 END: OK
2019-12-10 06:42:35.414 5665 INFO rally.task.runner [-] Task c543cf46-2d88-4b57-9539-d9d0aac4e762 | ITER: 5 START
2019-12-10 06:42:35.416 5666 INFO rally.task.runner [-] Task c543cf46-2d88-4b57-9539-d9d0aac4e762 | ITER: 6 START
2019-12-10 06:42:35.416 5667 INFO rally.task.runner [-] Task c543cf46-2d88-4b57-9539-d9d0aac4e762 | ITER: 7 START
2019-12-10 06:42:35.417 5670 INFO rally.task.runner [-] Task c543cf46-2d88-4b57-9539-d9d0aac4e762 | ITER: 4 END: OK
2019-12-10 06:42:35.421 5670 INFO rally.task.runner [-] Task c543cf46-2d88-4b57-9539-d9d0aac4e762 | ITER: 8 START
2019-12-10 06:42:35.809 5665 INFO rally.task.runner [-] Task c543cf46-2d88-4b57-9539-d9d0aac4e762 | ITER: 5 END: OK
2019-12-10 06:42:35.810 5666 INFO rally.task.runner [-] Task c543cf46-2d88-4b57-9539-d9d0aac4e762 | ITER: 6 END: OK
2019-12-10 06:42:35.813 5666 INFO rally.task.runner [-] Task c543cf46-2d88-4b57-9539-d9d0aac4e762 | ITER: 10 START
2019-12-10 06:42:35.813 5665 INFO rally.task.runner [-] Task c543cf46-2d88-4b57-9539-d9d0aac4e762 | ITER: 9 START
2019-12-10 06:42:35.814 5667 INFO rally.task.runner [-] Task c543cf46-2d88-4b57-9539-d9d0aac4e762 | ITER: 7 END: OK
2019-12-10 06:42:35.830 5670 INFO rally.task.runner [-] Task c543cf46-2d88-4b57-9539-d9d0aac4e762 | ITER: 8 END: OK
2019-12-10 06:42:36.225 5665 INFO rally.task.runner [-] Task c543cf46-2d88-4b57-9539-d9d0aac4e762 | ITER: 9 END: OK
2019-12-10 06:42:36.228 5666 INFO rally.task.runner [-] Task c543cf46-2d88-4b57-9539-d9d0aac4e762 | ITER: 10 END: OK
2019-12-10 06:42:36.260 1845 INFO rally.task.context [-] Task c543cf46-2d88-4b57-9539-d9d0aac4e762 | Context admin_cleanup@openstack cleanup() started
2019-12-10 06:42:36.264 1845 RALLYDEBUG rally_openstack.cleanup.manager [-] Cleaning up cinder volume_types objects
2019-12-10 06:42:36.675 1845 RALLYDEBUG rally_openstack.cleanup.manager [-] Deleting cinder.volume_types object s_rally_c0166b63_DnrUzASU (dcb8f8a2-52b7-4637-b2b7-036a8d01a29f)
2019-12-10 06:42:36.685 1845 RALLYDEBUG rally_openstack.cleanup.manager [-] Deleting cinder.volume_types object s_rally_c0166b63_UJehLFnB (62c6bb84-18fd-43cd-8930-f3412150a2f6)
2019-12-10 06:42:36.694 1845 RALLYDEBUG rally_openstack.cleanup.manager [-] Deleting cinder.volume_types object s_rally_c0166b63_Xu4iRxPT (436f40ec-bf9c-4310-8f51-1160f77ff220)
2019-12-10 06:42:36.704 1845 RALLYDEBUG rally_openstack.cleanup.manager [-] Deleting cinder.volume_types object s_rally_c0166b63_rJtg4dox (34d05155-94e2-46e7-8087-ccebad40887f)
2019-12-10 06:42:36.720 1845 RALLYDEBUG rally_openstack.cleanup.manager [-] Deleting cinder.volume_types object s_rally_c0166b63_nQzC0d95 (26362b53-e058-4387-ae76-4c4f31b58775)
2019-12-10 06:42:36.729 1845 RALLYDEBUG rally_openstack.cleanup.manager [-] Deleting cinder.volume_types object s_rally_c0166b63_rRpQR5gh (05275a77-ddb6-4e52-abf2-a6cf3c29a54a)
2019-12-10 06:42:36.742 1845 RALLYDEBUG rally_openstack.cleanup.manager [-] Deleting cinder.volume_types object s_rally_c0166b63_baI75ymD (df4c8d30-5a08-4d8e-a579-b84539455ce1)
2019-12-10 06:42:36.757 1845 RALLYDEBUG rally_openstack.cleanup.manager [-] Deleting cinder.volume_types object s_rally_c0166b63_pWgYvWOc (dae75609-d06b-437a-afbc-501489cd6407)
2019-12-10 06:42:36.761 1845 RALLYDEBUG rally_openstack.cleanup.manager [-] Deleting cinder.volume_types object s_rally_c0166b63_BrHmVkdu (8d85523b-356c-4ef9-9378-b5377219d7a9)
2019-12-10 06:42:36.767 1845 RALLYDEBUG rally_openstack.cleanup.manager [-] Deleting cinder.volume_types object s_rally_c0166b63_JEp73YB2 (2d9e223e-f17f-4104-8a33-8e18814fdb33)
2019-12-10 06:42:38.321 1845 RALLYDEBUG rally_openstack.cleanup.manager [-] Cleaning up cinder image_volumes_cache objects
2019-12-10 06:42:38.845 1845 RALLYDEBUG rally_openstack.cleanup.manager [-] Cleaning up cinder quotas objects
2019-12-10 06:42:39.664 1845 RALLYDEBUG rally_openstack.cleanup.manager [-] Cleaning up cinder qos_specs objects
2019-12-10 06:42:40.044 1845 INFO rally.task.context [-] Task c543cf46-2d88-4b57-9539-d9d0aac4e762 | Context admin_cleanup@openstack cleanup() finished in 3.78 sec
2019-12-10 06:42:40.045 1845 INFO rally.task.context [-] Task c543cf46-2d88-4b57-9539-d9d0aac4e762 | Context api_versions@openstack cleanup() started
2019-12-10 06:42:40.045 1845 INFO rally.task.context [-] Task c543cf46-2d88-4b57-9539-d9d0aac4e762 | Context api_versions@openstack cleanup() finished in 0.38 msec
2019-12-10 06:42:40.046 1845 INFO rally.task.context [-] Task c543cf46-2d88-4b57-9539-d9d0aac4e762 | Context users@openstack cleanup() started
2019-12-10 06:42:45.015 1845 INFO rally.task.context [-] Task c543cf46-2d88-4b57-9539-d9d0aac4e762 | Context users@openstack cleanup() finished in 4.97 sec
2019-12-10 06:42:46.086 1845 INFO rally.task.engine [-] Load duration is: 1.339256
2019-12-10 06:42:46.087 1845 INFO rally.task.engine [-] Full runner duration is: 1.394162
2019-12-10 06:42:46.087 1845 INFO rally.task.engine [-] Full duration is: 13.061661
2019-12-10 06:42:46.434 1845 INFO rally.task.engine [-] Running workload: position = 0 config = { "version": 2, "title": "A cropped version of a bigger task.", "description": "Auto-generated task from a single workload (uuid=2e14c1fa-13d9-40b6-b4be-773e5ead1746)", "subtasks": [ { "title": "CinderVolumeTypes.create_and_list_volume_types", "description": "Create a volume Type, then list all types.", "scenario": { "CinderVolumeTypes.create_and_list_volume_types": { "description": "rally tests creating types" } }, "contexts": { "users": { "tenants": 3, "users_per_tenant": 2 }, "api_versions": { "cinder": { "version": 3, "service_type": "volumev3" } } }, "runner": { "constant": { "concurrency": 4, "times": 10 } }, "hooks": [], "sla": { "failure_rate": { "max": 0 } } } ] }
2019-12-10 06:42:46.459 1845 RALLYDEBUG rally_openstack.contexts.keystone.users [-] Creating 3 tenants using 20 threads
2019-12-10 06:42:47.414 1845 RALLYDEBUG rally_openstack.contexts.keystone.users [-] Creating 6 users using 20 threads
2019-12-10 06:42:48.996 1845 INFO rally.task.context [-] Task c543cf46-2d88-4b57-9539-d9d0aac4e762 | Context users@openstack setup() finished in 2.54 sec
2019-12-10 06:42:49.445 1845 INFO rally.task.context [-] Task c543cf46-2d88-4b57-9539-d9d0aac4e762 | Context api_versions@openstack setup() finished in 0.45 sec
2019-12-10 06:42:49.446 1845 INFO rally.task.context [-] Task c543cf46-2d88-4b57-9539-d9d0aac4e762 | Context admin_cleanup@openstack setup() finished in 0.02 msec
2019-12-10 06:42:49.455 1845 RALLYDEBUG rally.task.runner [-] Starting the constant runner (task UUID: c543cf46-2d88-4b57-9539-d9d0aac4e762). times: 10 concurrency: 4 timeout: 0 max_cpu_used: 16 processes_to_start: 4 concurrency_per_worker: 1 concurrency_overhead: 0
2019-12-10 06:42:49.467 5849 RALLYDEBUG rally.task.runner [-] Starting a worker. times: 10 duration: None concurrency: 1 timeout: 0 cls: method_name: run args: {"description": "rally tests creating types"}
2019-12-10 06:42:49.470 5850 RALLYDEBUG rally.task.runner [-] Starting a worker. times: 10 duration: None concurrency: 1 timeout: 0 cls: method_name: run args: {"description": "rally tests creating types"}
2019-12-10 06:42:49.474 5849 INFO rally.task.runner [-] Task c543cf46-2d88-4b57-9539-d9d0aac4e762 | ITER: 1 START
2019-12-10 06:42:49.473 5851 RALLYDEBUG rally.task.runner [-] Starting a worker. times: 10 duration: None concurrency: 1 timeout: 0 cls: method_name: run args: {"description": "rally tests creating types"}
2019-12-10 06:42:49.477 5850 INFO rally.task.runner [-] Task c543cf46-2d88-4b57-9539-d9d0aac4e762 | ITER: 2 START
2019-12-10 06:42:49.477 5852 RALLYDEBUG rally.task.runner [-] Starting a worker. times: 10 duration: None concurrency: 1 timeout: 0 cls: method_name: run args: {"description": "rally tests creating types"}
2019-12-10 06:42:49.480 5851 INFO rally.task.runner [-] Task c543cf46-2d88-4b57-9539-d9d0aac4e762 | ITER: 3 START
2019-12-10 06:42:49.484 5852 INFO rally.task.runner [-] Task c543cf46-2d88-4b57-9539-d9d0aac4e762 | ITER: 4 START
2019-12-10 06:42:49.983 5852 INFO rally.task.runner [-] Task c543cf46-2d88-4b57-9539-d9d0aac4e762 | ITER: 4 END: OK
2019-12-10 06:42:49.987 5852 INFO rally.task.runner [-] Task c543cf46-2d88-4b57-9539-d9d0aac4e762 | ITER: 5 START
2019-12-10 06:42:49.988 5850 INFO rally.task.runner [-] Task c543cf46-2d88-4b57-9539-d9d0aac4e762 | ITER: 2 END: OK
2019-12-10 06:42:49.992 5850 INFO rally.task.runner [-] Task c543cf46-2d88-4b57-9539-d9d0aac4e762 | ITER: 6 START
2019-12-10 06:42:49.999 5851 INFO rally.task.runner [-] Task c543cf46-2d88-4b57-9539-d9d0aac4e762 | ITER: 3 END: OK
2019-12-10 06:42:50.002 5849 INFO rally.task.runner [-] Task c543cf46-2d88-4b57-9539-d9d0aac4e762 | ITER: 1 END: OK
2019-12-10 06:42:50.004 5851 INFO rally.task.runner [-] Task c543cf46-2d88-4b57-9539-d9d0aac4e762 | ITER: 7 START
2019-12-10 06:42:50.006 5849 INFO rally.task.runner [-] Task c543cf46-2d88-4b57-9539-d9d0aac4e762 | ITER: 8 START
2019-12-10 06:42:50.400 5850 INFO rally.task.runner [-] Task c543cf46-2d88-4b57-9539-d9d0aac4e762 | ITER: 6 END: OK
2019-12-10 06:42:50.402 5852 INFO rally.task.runner [-] Task c543cf46-2d88-4b57-9539-d9d0aac4e762 | ITER: 5 END: OK
2019-12-10 06:42:50.404 5850 INFO rally.task.runner [-] Task c543cf46-2d88-4b57-9539-d9d0aac4e762 | ITER: 9 START
2019-12-10 06:42:50.405 5852 INFO rally.task.runner [-] Task c543cf46-2d88-4b57-9539-d9d0aac4e762 | ITER: 10 START
2019-12-10 06:42:50.423 5851 INFO rally.task.runner [-] Task c543cf46-2d88-4b57-9539-d9d0aac4e762 | ITER: 7 END: OK
2019-12-10 06:42:50.424 5849 INFO rally.task.runner [-] Task c543cf46-2d88-4b57-9539-d9d0aac4e762 | ITER: 8 END: OK
2019-12-10 06:42:50.823 5852 INFO rally.task.runner [-] Task c543cf46-2d88-4b57-9539-d9d0aac4e762 | ITER: 10 END: OK
2019-12-10 06:42:50.823 5850 INFO rally.task.runner [-] Task c543cf46-2d88-4b57-9539-d9d0aac4e762 | ITER: 9 END: OK
2019-12-10 06:42:50.852 1845 INFO rally.task.context [-] Task c543cf46-2d88-4b57-9539-d9d0aac4e762 | Context admin_cleanup@openstack cleanup() started
2019-12-10 06:42:50.855 1845 RALLYDEBUG rally_openstack.cleanup.manager [-] Cleaning up cinder volume_types objects
2019-12-10 06:42:51.260 1845 RALLYDEBUG rally_openstack.cleanup.manager [-] Deleting cinder.volume_types object s_rally_2e14c1fa_fWPahUrs (e3e3b441-f85b-40f1-961c-f38a5f6b5d88)
2019-12-10 06:42:51.269 1845 RALLYDEBUG rally_openstack.cleanup.manager [-] Deleting cinder.volume_types object s_rally_2e14c1fa_iIH2c6YT (3cdf7faa-0116-4f81-8861-c9abb250940d)
2019-12-10 06:42:51.279 1845 RALLYDEBUG rally_openstack.cleanup.manager [-] Deleting cinder.volume_types object s_rally_2e14c1fa_uwufMyiJ (fe046e56-d999-4056-9f01-09c1fedf3355)
2019-12-10 06:42:51.288 1845 RALLYDEBUG rally_openstack.cleanup.manager [-] Deleting cinder.volume_types object s_rally_2e14c1fa_OY0g0NII (f628268c-3b85-44e3-a89e-1c5c34b83345)
2019-12-10 06:42:51.293 1845 RALLYDEBUG rally_openstack.cleanup.manager [-] Deleting cinder.volume_types object s_rally_2e14c1fa_feKSB3gq (eac13b4e-b0ec-49a5-bff0-4434134d725b)
2019-12-10 06:42:51.298 1845 RALLYDEBUG rally_openstack.cleanup.manager [-] Deleting cinder.volume_types object s_rally_2e14c1fa_odfkzScU (d07d329e-62a8-49ac-8918-18b78ff48d67)
2019-12-10 06:42:51.313 1845 RALLYDEBUG rally_openstack.cleanup.manager [-] Deleting cinder.volume_types object s_rally_2e14c1fa_FLXgjZLV (71b1c510-915c-4c95-b3ed-f6c43a14769a)
2019-12-10 06:42:51.317 1845 RALLYDEBUG rally_openstack.cleanup.manager [-] Deleting cinder.volume_types object s_rally_2e14c1fa_BJv2xFkn (5daf6013-7411-41ed-a49f-91d7c140eccb)
2019-12-10 06:42:51.325 1845 RALLYDEBUG rally_openstack.cleanup.manager [-] Deleting cinder.volume_types object s_rally_2e14c1fa_oDYujA72 (525d0ac3-1432-4153-bb38-2a2d21c6a0bc)
2019-12-10 06:42:51.335 1845 RALLYDEBUG rally_openstack.cleanup.manager [-] Deleting cinder.volume_types object s_rally_2e14c1fa_bMF2t8Xy (3f9cf630-aaf1-4d0c-b9d3-61fe7a88d631)
2019-12-10 06:42:52.912 1845 RALLYDEBUG rally_openstack.cleanup.manager [-] Cleaning up cinder image_volumes_cache objects
2019-12-10 06:42:53.455 1845 RALLYDEBUG rally_openstack.cleanup.manager [-] Cleaning up cinder quotas objects
2019-12-10 06:42:54.245 1845 RALLYDEBUG rally_openstack.cleanup.manager [-] Cleaning up cinder qos_specs objects
2019-12-10 06:42:54.629 1845 INFO rally.task.context [-] Task c543cf46-2d88-4b57-9539-d9d0aac4e762 | Context admin_cleanup@openstack cleanup() finished in 3.78 sec
2019-12-10 06:42:54.630 1845 INFO rally.task.context [-] Task c543cf46-2d88-4b57-9539-d9d0aac4e762 | Context api_versions@openstack cleanup() started
2019-12-10 06:42:54.630 1845 INFO rally.task.context [-] Task c543cf46-2d88-4b57-9539-d9d0aac4e762 | Context api_versions@openstack cleanup() finished in 0.40 msec
2019-12-10 06:42:54.631 1845 INFO rally.task.context [-] Task c543cf46-2d88-4b57-9539-d9d0aac4e762 | Context users@openstack cleanup() started
2019-12-10 06:42:59.404 1845 INFO rally.task.context [-] Task c543cf46-2d88-4b57-9539-d9d0aac4e762 | Context users@openstack cleanup() finished in 4.77 sec
2019-12-10 06:43:00.572 1845 INFO rally.task.engine [-] Load duration is: 1.34542
2019-12-10 06:43:00.572 1845 INFO rally.task.engine [-] Full runner duration is: 1.397442
2019-12-10 06:43:00.573 1845 INFO rally.task.engine [-] Full duration is: 12.946897
2019-12-10 06:43:00.946 1845 INFO rally.task.engine [-] Running workload: position = 0 config = { "version": 2, "title": "A cropped version of a bigger task.", "description": "Auto-generated task from a single workload (uuid=f66bac8e-5a73-40b5-8654-ab1c8674c590)", "subtasks": [ { "title": "CinderVolumeTypes.create_and_update_volume_type", "description": "create a volume type, then update the type.", "scenario": { "CinderVolumeTypes.create_and_update_volume_type": { "description": "test", "update_description": "test update" } }, "contexts": { "users": { "tenants": 3, "users_per_tenant": 2 }, "api_versions": { "cinder": { "version": 3, "service_type": "volumev3" } } }, "runner": { "constant": { "concurrency": 4, "times": 10 } }, "hooks": [], "sla": { "failure_rate": { "max": 0 } } } ] }
2019-12-10 06:43:00.970 1845 RALLYDEBUG rally_openstack.contexts.keystone.users [-] Creating 3 tenants using 20 threads
2019-12-10 06:43:02.022 1845 RALLYDEBUG rally_openstack.contexts.keystone.users [-] Creating 6 users using 20 threads
2019-12-10 06:43:03.615 1845 INFO rally.task.context [-] Task c543cf46-2d88-4b57-9539-d9d0aac4e762 | Context users@openstack setup() finished in 2.65 sec
2019-12-10 06:43:04.018 1845 INFO rally.task.context [-] Task c543cf46-2d88-4b57-9539-d9d0aac4e762 | Context api_versions@openstack setup() finished in 0.40 sec
2019-12-10 06:43:04.019 1845 INFO rally.task.context [-] Task c543cf46-2d88-4b57-9539-d9d0aac4e762 | Context admin_cleanup@openstack setup() finished in 0.02 msec
2019-12-10 06:43:04.028 1845 RALLYDEBUG rally.task.runner [-] Starting the constant runner (task UUID: c543cf46-2d88-4b57-9539-d9d0aac4e762). times: 10 concurrency: 4 timeout: 0 max_cpu_used: 16 processes_to_start: 4 concurrency_per_worker: 1 concurrency_overhead: 0
2019-12-10 06:43:04.039 6033 RALLYDEBUG rally.task.runner [-] Starting a worker. times: 10 duration: None concurrency: 1 timeout: 0 cls: method_name: run args: {"description": "test", "update_description": "test update"}
2019-12-10 06:43:04.043 6034 RALLYDEBUG rally.task.runner [-] Starting a worker. times: 10 duration: None concurrency: 1 timeout: 0 cls: method_name: run args: {"description": "test", "update_description": "test update"}
2019-12-10 06:43:04.046 6033 INFO rally.task.runner [-] Task c543cf46-2d88-4b57-9539-d9d0aac4e762 | ITER: 1 START
2019-12-10 06:43:04.047 6035 RALLYDEBUG rally.task.runner [-] Starting a worker. times: 10 duration: None concurrency: 1 timeout: 0 cls: method_name: run args: {"description": "test", "update_description": "test update"}
2019-12-10 06:43:04.050 6034 INFO rally.task.runner [-] Task c543cf46-2d88-4b57-9539-d9d0aac4e762 | ITER: 2 START
2019-12-10 06:43:04.050 6037 RALLYDEBUG rally.task.runner [-] Starting a worker. times: 10 duration: None concurrency: 1 timeout: 0 cls: method_name: run args: {"description": "test", "update_description": "test update"}
2019-12-10 06:43:04.053 6035 INFO rally.task.runner [-] Task c543cf46-2d88-4b57-9539-d9d0aac4e762 | ITER: 3 START
2019-12-10 06:43:04.057 6037 INFO rally.task.runner [-] Task c543cf46-2d88-4b57-9539-d9d0aac4e762 | ITER: 4 START
2019-12-10 06:43:04.361 6034 DEBUG cinderclient.v2.client [-] REQ: curl -g -i --cacert "/etc/ssl/certs/mcp_os_cacert" -X POST http://10.167.4.35:8776/v3/3acd011feb0a4628bfe04a9f0492f99d/types -H "Accept: application/json" -H "Content-Type: application/json" -H "User-Agent: python-cinderclient" -H "X-Auth-Token: {SHA256}3154d9b534a089f3935f4ee11e34d0bc757cb13db97c45ea45c3b913ee0bb080" -d '{"volume_type": {"name": "s_rally_f66bac8e_nzeuRaGc", "description": "test", "os-volume-type-access:is_public": true}}' _http_log_request /usr/lib/python3.6/site-packages/keystoneauth1/session.py:464
2019-12-10 06:43:04.361 6033 DEBUG cinderclient.v2.client [-] REQ: curl -g -i --cacert "/etc/ssl/certs/mcp_os_cacert" -X POST http://10.167.4.35:8776/v3/3acd011feb0a4628bfe04a9f0492f99d/types -H "Accept: application/json" -H "Content-Type: application/json" -H "User-Agent: python-cinderclient" -H "X-Auth-Token: {SHA256}9d8ffca690ccc805d41f31fbc40f588c06da43722115c2caccdcd55a2d0ca5aa" -d '{"volume_type": {"name": "s_rally_f66bac8e_75X27qpO", "description": "test", "os-volume-type-access:is_public": true}}' _http_log_request /usr/lib/python3.6/site-packages/keystoneauth1/session.py:464
2019-12-10 06:43:04.366 6035 DEBUG cinderclient.v2.client [-] REQ: curl -g -i --cacert "/etc/ssl/certs/mcp_os_cacert" -X POST http://10.167.4.35:8776/v3/3acd011feb0a4628bfe04a9f0492f99d/types -H "Accept: application/json" -H "Content-Type: application/json" -H "User-Agent: python-cinderclient" -H "X-Auth-Token: {SHA256}640511ef3a605e2784864bf2bb9f546daa4a91366cac952c638e21d1b000658b" -d '{"volume_type": {"name": "s_rally_f66bac8e_iOCW5BCs", "description": "test", "os-volume-type-access:is_public": true}}' _http_log_request /usr/lib/python3.6/site-packages/keystoneauth1/session.py:464
2019-12-10 06:43:04.366 6037 DEBUG cinderclient.v2.client [-] REQ: curl -g -i --cacert "/etc/ssl/certs/mcp_os_cacert" -X POST http://10.167.4.35:8776/v3/3acd011feb0a4628bfe04a9f0492f99d/types -H "Accept: application/json" -H "Content-Type: application/json" -H "User-Agent: python-cinderclient" -H "X-Auth-Token: {SHA256}8634d554e2495564c1a7eff0a2153ed26fad139d8061cbe6118390a521761776" -d '{"volume_type": {"name": "s_rally_f66bac8e_RVzebDKT", "description": "test", "os-volume-type-access:is_public": true}}' _http_log_request /usr/lib/python3.6/site-packages/keystoneauth1/session.py:464
2019-12-10 06:43:04.490 6037 DEBUG cinderclient.v2.client [-] RESP: [200] Connection: close Content-Length: 202 Content-Type: application/json Date: Tue, 10 Dec 2019 06:43:04 GMT OpenStack-API-Version: volume 3.0 Server: Apache Vary: OpenStack-API-Version x-compute-request-id: req-292ee5f2-778b-4211-92a8-c743514d286c x-openstack-request-id: req-292ee5f2-778b-4211-92a8-c743514d286c _http_log_response /usr/lib/python3.6/site-packages/keystoneauth1/session.py:495
2019-12-10 06:43:04.491 6037 DEBUG cinderclient.v2.client [-] RESP BODY: {"volume_type": {"id": "248a014b-173f-442a-955e-7c7e8bdd0fbc", "name": "s_rally_f66bac8e_RVzebDKT", "is_public": true, "extra_specs": {}, "description": "test", "os-volume-type-access:is_public": true}} _http_log_response /usr/lib/python3.6/site-packages/keystoneauth1/session.py:527
2019-12-10 06:43:04.491 6037 DEBUG cinderclient.v2.client [-] POST call to volumev2 for http://10.167.4.35:8776/v3/3acd011feb0a4628bfe04a9f0492f99d/types used request id req-292ee5f2-778b-4211-92a8-c743514d286c request /usr/lib/python3.6/site-packages/keystoneauth1/session.py:865
2019-12-10 06:43:04.492 6033 DEBUG cinderclient.v2.client [-] RESP: [200] Connection: close Content-Length: 202 Content-Type: application/json Date: Tue, 10 Dec 2019 06:43:04 GMT OpenStack-API-Version: volume 3.0 Server: Apache Vary: OpenStack-API-Version x-compute-request-id: req-a02e5f08-e36a-41cb-bf82-1619a0350139 x-openstack-request-id: req-a02e5f08-e36a-41cb-bf82-1619a0350139 _http_log_response /usr/lib/python3.6/site-packages/keystoneauth1/session.py:495
2019-12-10 06:43:04.492 6033 DEBUG cinderclient.v2.client [-] RESP BODY: {"volume_type": {"id": "d8a6d57e-6321-413a-89bc-cc96a399b9af", "name": "s_rally_f66bac8e_75X27qpO", "is_public": true, "extra_specs": {}, "description": "test", "os-volume-type-access:is_public": true}} _http_log_response /usr/lib/python3.6/site-packages/keystoneauth1/session.py:527
2019-12-10 06:43:04.493 6033 DEBUG cinderclient.v2.client [-] POST call to volumev2 for http://10.167.4.35:8776/v3/3acd011feb0a4628bfe04a9f0492f99d/types used request id req-a02e5f08-e36a-41cb-bf82-1619a0350139 request /usr/lib/python3.6/site-packages/keystoneauth1/session.py:865
2019-12-10 06:43:04.494 6037 DEBUG cinderclient.v2.client [-] REQ: curl -g -i --cacert "/etc/ssl/certs/mcp_os_cacert" -X PUT http://10.167.4.35:8776/v3/3acd011feb0a4628bfe04a9f0492f99d/types/248a014b-173f-442a-955e-7c7e8bdd0fbc -H "Accept: application/json" -H "Content-Type: application/json" -H "User-Agent: python-cinderclient" -H "X-Auth-Token: {SHA256}8634d554e2495564c1a7eff0a2153ed26fad139d8061cbe6118390a521761776" -H "X-OpenStack-Request-ID: req-292ee5f2-778b-4211-92a8-c743514d286c" -d '{"volume_type": {"name": "s_rally_f66bac8e_RVzebDKT", "description": "test update"}}' _http_log_request /usr/lib/python3.6/site-packages/keystoneauth1/session.py:464
2019-12-10 06:43:04.495 6033 DEBUG cinderclient.v2.client [-] REQ: curl -g -i --cacert "/etc/ssl/certs/mcp_os_cacert" -X PUT http://10.167.4.35:8776/v3/3acd011feb0a4628bfe04a9f0492f99d/types/d8a6d57e-6321-413a-89bc-cc96a399b9af -H "Accept: application/json" -H "Content-Type: application/json" -H "User-Agent: python-cinderclient" -H "X-Auth-Token: {SHA256}9d8ffca690ccc805d41f31fbc40f588c06da43722115c2caccdcd55a2d0ca5aa" -H "X-OpenStack-Request-ID: req-a02e5f08-e36a-41cb-bf82-1619a0350139" -d '{"volume_type": {"name": "s_rally_f66bac8e_75X27qpO", "description": "test update"}}' _http_log_request /usr/lib/python3.6/site-packages/keystoneauth1/session.py:464
2019-12-10 06:43:04.497 6035 DEBUG cinderclient.v2.client [-] RESP: [200] Connection: close Content-Length: 202 Content-Type: application/json Date: Tue, 10 Dec 2019 06:43:04 GMT OpenStack-API-Version: volume 3.0 Server: Apache Vary: OpenStack-API-Version x-compute-request-id: req-4bdf6162-fc24-4731-8aec-60f850af6e40 x-openstack-request-id: req-4bdf6162-fc24-4731-8aec-60f850af6e40 _http_log_response /usr/lib/python3.6/site-packages/keystoneauth1/session.py:495
2019-12-10 06:43:04.498 6035 DEBUG cinderclient.v2.client [-] RESP BODY: {"volume_type": {"id": "167611b9-245c-4a3c-926f-1bb801ea17ac", "name": "s_rally_f66bac8e_iOCW5BCs", "is_public": true, "extra_specs": {}, "description": "test", "os-volume-type-access:is_public": true}} _http_log_response /usr/lib/python3.6/site-packages/keystoneauth1/session.py:527
2019-12-10 06:43:04.498 6035 DEBUG cinderclient.v2.client [-] POST call to volumev2 for http://10.167.4.35:8776/v3/3acd011feb0a4628bfe04a9f0492f99d/types used request id req-4bdf6162-fc24-4731-8aec-60f850af6e40 request /usr/lib/python3.6/site-packages/keystoneauth1/session.py:865
2019-12-10 06:43:04.500 6034 DEBUG cinderclient.v2.client [-] RESP: [200] Connection: close Content-Length: 202 Content-Type: application/json Date: Tue, 10 Dec 2019 06:43:04 GMT OpenStack-API-Version: volume 3.0 Server: Apache Vary: OpenStack-API-Version x-compute-request-id: req-34561bcb-952a-41ec-93ab-b0a5c005ffc7 x-openstack-request-id: req-34561bcb-952a-41ec-93ab-b0a5c005ffc7 _http_log_response /usr/lib/python3.6/site-packages/keystoneauth1/session.py:495
2019-12-10 06:43:04.501 6034 DEBUG cinderclient.v2.client [-] RESP BODY: {"volume_type": {"id": "78c37ea0-6683-4cf5-a9d5-ab23a61432b3", "name": "s_rally_f66bac8e_nzeuRaGc", "is_public": true, "extra_specs": {}, "description": "test", "os-volume-type-access:is_public": true}} _http_log_response /usr/lib/python3.6/site-packages/keystoneauth1/session.py:527
2019-12-10 06:43:04.501 6035 DEBUG cinderclient.v2.client [-] REQ: curl -g -i --cacert "/etc/ssl/certs/mcp_os_cacert" -X PUT http://10.167.4.35:8776/v3/3acd011feb0a4628bfe04a9f0492f99d/types/167611b9-245c-4a3c-926f-1bb801ea17ac -H "Accept: application/json" -H "Content-Type: application/json" -H "User-Agent: python-cinderclient" -H "X-Auth-Token: {SHA256}640511ef3a605e2784864bf2bb9f546daa4a91366cac952c638e21d1b000658b" -H "X-OpenStack-Request-ID: req-4bdf6162-fc24-4731-8aec-60f850af6e40" -d '{"volume_type": {"name": "s_rally_f66bac8e_iOCW5BCs", "description": "test update"}}' _http_log_request /usr/lib/python3.6/site-packages/keystoneauth1/session.py:464
2019-12-10 06:43:04.501 6034 DEBUG cinderclient.v2.client [-] POST call to volumev2 for http://10.167.4.35:8776/v3/3acd011feb0a4628bfe04a9f0492f99d/types used request id req-34561bcb-952a-41ec-93ab-b0a5c005ffc7 request /usr/lib/python3.6/site-packages/keystoneauth1/session.py:865
2019-12-10 06:43:04.504 6034 DEBUG cinderclient.v2.client [-] REQ: curl -g -i --cacert "/etc/ssl/certs/mcp_os_cacert" -X PUT http://10.167.4.35:8776/v3/3acd011feb0a4628bfe04a9f0492f99d/types/78c37ea0-6683-4cf5-a9d5-ab23a61432b3 -H "Accept: application/json" -H "Content-Type: application/json" -H "User-Agent: python-cinderclient" -H "X-Auth-Token: {SHA256}3154d9b534a089f3935f4ee11e34d0bc757cb13db97c45ea45c3b913ee0bb080" -H "X-OpenStack-Request-ID: req-34561bcb-952a-41ec-93ab-b0a5c005ffc7" -d '{"volume_type": {"name": "s_rally_f66bac8e_nzeuRaGc", "description": "test update"}}' _http_log_request /usr/lib/python3.6/site-packages/keystoneauth1/session.py:464
2019-12-10 06:43:04.527 6033 DEBUG cinderclient.v2.client [-] RESP: [200] Connection: close Content-Length: 168 Content-Type: application/json Date: Tue, 10 Dec 2019 06:43:04 GMT OpenStack-API-Version: volume 3.0 Server: Apache Vary: OpenStack-API-Version x-compute-request-id: req-52ae8c7d-c331-4c46-870c-eda58e02a3fe x-openstack-request-id: req-52ae8c7d-c331-4c46-870c-eda58e02a3fe _http_log_response /usr/lib/python3.6/site-packages/keystoneauth1/session.py:495
2019-12-10 06:43:04.528 6037 DEBUG cinderclient.v2.client [-] RESP: [200] Connection: close Content-Length: 168 Content-Type: application/json Date: Tue, 10 Dec 2019 06:43:04 GMT OpenStack-API-Version: volume 3.0 Server: Apache Vary: OpenStack-API-Version x-compute-request-id: req-c9717361-5383-4ce4-8836-6c67b3718147 x-openstack-request-id: req-c9717361-5383-4ce4-8836-6c67b3718147 _http_log_response /usr/lib/python3.6/site-packages/keystoneauth1/session.py:495
2019-12-10 06:43:04.528 6033 DEBUG cinderclient.v2.client [-] RESP BODY: {"volume_type": {"id": "d8a6d57e-6321-413a-89bc-cc96a399b9af", "name": "s_rally_f66bac8e_75X27qpO", "is_public": true, "extra_specs": {}, "description": "test update"}} _http_log_response /usr/lib/python3.6/site-packages/keystoneauth1/session.py:527
2019-12-10 06:43:04.528 6033 DEBUG cinderclient.v2.client [-] PUT call to volumev2 for http://10.167.4.35:8776/v3/3acd011feb0a4628bfe04a9f0492f99d/types/d8a6d57e-6321-413a-89bc-cc96a399b9af used request id req-52ae8c7d-c331-4c46-870c-eda58e02a3fe request /usr/lib/python3.6/site-packages/keystoneauth1/session.py:865
2019-12-10 06:43:04.528 6037 DEBUG cinderclient.v2.client [-] RESP BODY: {"volume_type": {"id": "248a014b-173f-442a-955e-7c7e8bdd0fbc", "name": "s_rally_f66bac8e_RVzebDKT", "is_public": true, "extra_specs": {}, "description": "test update"}} _http_log_response /usr/lib/python3.6/site-packages/keystoneauth1/session.py:527
2019-12-10 06:43:04.529 6037 DEBUG cinderclient.v2.client [-] PUT call to volumev2 for http://10.167.4.35:8776/v3/3acd011feb0a4628bfe04a9f0492f99d/types/248a014b-173f-442a-955e-7c7e8bdd0fbc used request id req-c9717361-5383-4ce4-8836-6c67b3718147 request /usr/lib/python3.6/site-packages/keystoneauth1/session.py:865
2019-12-10 06:43:04.529 6033 INFO rally.task.runner [-] Task c543cf46-2d88-4b57-9539-d9d0aac4e762 | ITER: 1 END: OK
2019-12-10 06:43:04.529 6037 INFO rally.task.runner [-] Task c543cf46-2d88-4b57-9539-d9d0aac4e762 | ITER: 4 END: OK
2019-12-10 06:43:04.533 6033 INFO rally.task.runner [-] Task c543cf46-2d88-4b57-9539-d9d0aac4e762 | ITER: 5 START
2019-12-10 06:43:04.534 6037 INFO rally.task.runner [-] Task c543cf46-2d88-4b57-9539-d9d0aac4e762 | ITER: 6 START
