2019-12-10 06:45:41.833 6547 INFO rally.task.context [-] Task 488819c2-b240-452a-b49b-f1e43ed58c88 | Context users@openstack cleanup() finished in 4.70 sec
2019-12-10 06:45:43.380 6547 INFO rally.task.engine [-] Load duration is: 1.292186
2019-12-10 06:45:43.381 6547 INFO rally.task.engine [-] Full runner duration is: 1.342974
2019-12-10 06:45:43.381 6547 INFO rally.task.engine [-] Full duration is: 8.524087
2019-12-10 06:45:43.715 6547 INFO rally.task.engine [-] Running workload: position = 0 config = { "version": 2, "title": "A cropped version of a bigger task.", "description": "Auto-generated task from a single workload (uuid=5b155da1-540f-4818-88ed-9a50ead946f7)", "subtasks": [ { "title": "GnocchiResourceType.create_resource_type", "description": "Create resource type.", "scenario": { "GnocchiResourceType.create_resource_type": { "attributes": { "foo": { "required": false, "type": "string" }, "bar": { "required": true, "type": "number" } } } }, "contexts": { "users": { "tenants": 3, "users_per_tenant": 2 } }, "runner": { "constant": { "concurrency": 4, "times": 10 } }, "hooks": [], "sla": { "failure_rate": { "max": 0 } } } ] }
2019-12-10 06:45:43.739 6547 RALLYDEBUG rally_openstack.contexts.keystone.users [-] Creating 3 tenants using 20 threads
2019-12-10 06:45:44.795 6547 RALLYDEBUG rally_openstack.contexts.keystone.users [-] Creating 6 users using 20 threads
2019-12-10 06:45:46.341 6547 INFO rally.task.context [-] Task 488819c2-b240-452a-b49b-f1e43ed58c88 | Context users@openstack setup() finished in 2.60 sec
2019-12-10 06:45:46.342 6547 INFO rally.task.context [-] Task 488819c2-b240-452a-b49b-f1e43ed58c88 | Context admin_cleanup@openstack setup() finished in 0.01 msec
2019-12-10 06:45:46.351 6547 RALLYDEBUG rally.task.runner [-] Starting the constant runner (task UUID: 488819c2-b240-452a-b49b-f1e43ed58c88). times: 10 concurrency: 4 timeout: 0 max_cpu_used: 16 processes_to_start: 4 concurrency_per_worker: 1 concurrency_overhead: 0
2019-12-10 06:45:46.364 7687 RALLYDEBUG rally.task.runner [-] Starting a worker. times: 10 duration: None concurrency: 1 timeout: 0 cls: method_name: run args: {"attributes": {"foo": {"required": false, "type": "string"}, "bar": {"required": true, "type": "number"}}}
2019-12-10 06:45:46.368 7688 RALLYDEBUG rally.task.runner [-] Starting a worker. times: 10 duration: None concurrency: 1 timeout: 0 cls: method_name: run args: {"attributes": {"foo": {"required": false, "type": "string"}, "bar": {"required": true, "type": "number"}}}
2019-12-10 06:45:46.371 7687 INFO rally.task.runner [-] Task 488819c2-b240-452a-b49b-f1e43ed58c88 | ITER: 1 START
2019-12-10 06:45:46.371 7689 RALLYDEBUG rally.task.runner [-] Starting a worker. times: 10 duration: None concurrency: 1 timeout: 0 cls: method_name: run args: {"attributes": {"foo": {"required": false, "type": "string"}, "bar": {"required": true, "type": "number"}}}
2019-12-10 06:45:46.375 7688 INFO rally.task.runner [-] Task 488819c2-b240-452a-b49b-f1e43ed58c88 | ITER: 2 START
2019-12-10 06:45:46.375 7691 RALLYDEBUG rally.task.runner [-] Starting a worker. times: 10 duration: None concurrency: 1 timeout: 0 cls: method_name: run args: {"attributes": {"foo": {"required": false, "type": "string"}, "bar": {"required": true, "type": "number"}}}
2019-12-10 06:45:46.378 7689 INFO rally.task.runner [-] Task 488819c2-b240-452a-b49b-f1e43ed58c88 | ITER: 3 START
2019-12-10 06:45:46.381 7691 INFO rally.task.runner [-] Task 488819c2-b240-452a-b49b-f1e43ed58c88 | ITER: 4 START
2019-12-10 06:45:49.862 7689 INFO rally.task.runner [-] Task 488819c2-b240-452a-b49b-f1e43ed58c88 | ITER: 3 END: OK
2019-12-10 06:45:49.862 7688 INFO rally.task.runner [-] Task 488819c2-b240-452a-b49b-f1e43ed58c88 | ITER: 2 END: OK
2019-12-10 06:45:49.866 7689 INFO rally.task.runner [-] Task 488819c2-b240-452a-b49b-f1e43ed58c88 | ITER: 5 START
2019-12-10 06:45:49.867 7688 INFO rally.task.runner [-] Task 488819c2-b240-452a-b49b-f1e43ed58c88 | ITER: 6 START
2019-12-10 06:45:50.331 7687 INFO rally.task.runner [-] Task 488819c2-b240-452a-b49b-f1e43ed58c88 | ITER: 1 END: OK
2019-12-10 06:45:50.336 7687 INFO rally.task.runner [-] Task 488819c2-b240-452a-b49b-f1e43ed58c88 | ITER: 7 START
2019-12-10 06:45:50.765 7691 INFO rally.task.runner [-] Task 488819c2-b240-452a-b49b-f1e43ed58c88 | ITER: 4 END: OK
2019-12-10 06:45:50.769 7691 INFO rally.task.runner [-] Task 488819c2-b240-452a-b49b-f1e43ed58c88 | ITER: 8 START
2019-12-10 06:45:52.720 7689 INFO rally.task.runner [-] Task 488819c2-b240-452a-b49b-f1e43ed58c88 | ITER: 5 END: OK
2019-12-10 06:45:52.725 7689 INFO rally.task.runner [-] Task 488819c2-b240-452a-b49b-f1e43ed58c88 | ITER: 9 START
2019-12-10 06:45:53.002 7688 INFO rally.task.runner [-] Task 488819c2-b240-452a-b49b-f1e43ed58c88 | ITER: 6 END: OK
2019-12-10 06:45:53.006 7688 INFO rally.task.runner [-] Task 488819c2-b240-452a-b49b-f1e43ed58c88 | ITER: 10 START
2019-12-10 06:45:53.660 7687 INFO rally.task.runner [-] Task 488819c2-b240-452a-b49b-f1e43ed58c88 | ITER: 7 END: OK
2019-12-10 06:45:54.477 7691 INFO rally.task.runner [-] Task 488819c2-b240-452a-b49b-f1e43ed58c88 | ITER: 8 END: OK
2019-12-10 06:45:55.543 7689 INFO rally.task.runner [-] Task 488819c2-b240-452a-b49b-f1e43ed58c88 | ITER: 9 END: OK
2019-12-10 06:45:55.569 7688 INFO rally.task.runner [-] Task 488819c2-b240-452a-b49b-f1e43ed58c88 | ITER: 10 END: OK
2019-12-10 06:45:55.601 6547 INFO rally.task.context [-] Task 488819c2-b240-452a-b49b-f1e43ed58c88 | Context admin_cleanup@openstack cleanup() started
2019-12-10 06:45:55.608 6547 RALLYDEBUG rally_openstack.cleanup.manager [-] Cleaning up gnocchi resource_type objects
2019-12-10 06:45:56.087 6547 RALLYDEBUG rally_openstack.cleanup.manager [-] Deleting gnocchi.resource_type object s_rally_5b155da1_6R3dPd18 (s_rally_5b155da1_6R3dPd18)
2019-12-10 06:45:56.091 6547 RALLYDEBUG rally_openstack.cleanup.manager [-] Deleting gnocchi.resource_type object s_rally_5b155da1_8V2E7I5k (s_rally_5b155da1_8V2E7I5k)
2019-12-10 06:45:56.096 6547 RALLYDEBUG rally_openstack.cleanup.manager [-] Deleting gnocchi.resource_type object s_rally_5b155da1_2TQTiMBZ (s_rally_5b155da1_2TQTiMBZ)
2019-12-10 06:45:56.099 6547 RALLYDEBUG rally_openstack.cleanup.manager [-] Deleting gnocchi.resource_type object s_rally_5b155da1_5Bu2xN9z (s_rally_5b155da1_5Bu2xN9z)
2019-12-10 06:45:56.126 6547 RALLYDEBUG rally_openstack.cleanup.manager [-] Deleting gnocchi.resource_type object s_rally_5b155da1_gkwzIhhO (s_rally_5b155da1_gkwzIhhO)
2019-12-10 06:45:56.128 6547 RALLYDEBUG rally_openstack.cleanup.manager [-] Deleting gnocchi.resource_type object s_rally_5b155da1_aTfLdUuR (s_rally_5b155da1_aTfLdUuR)
2019-12-10 06:45:56.139 6547 RALLYDEBUG rally_openstack.cleanup.manager [-] Deleting gnocchi.resource_type object s_rally_5b155da1_cFWmnuqt (s_rally_5b155da1_cFWmnuqt)
2019-12-10 06:45:56.153 6547 RALLYDEBUG rally_openstack.cleanup.manager [-] Deleting gnocchi.resource_type object s_rally_5b155da1_LfSD6vbb (s_rally_5b155da1_LfSD6vbb)
2019-12-10 06:45:56.166 6547 RALLYDEBUG rally_openstack.cleanup.manager [-] Deleting gnocchi.resource_type object s_rally_5b155da1_rtItTfCk (s_rally_5b155da1_rtItTfCk)
2019-12-10 06:45:56.187 6547 RALLYDEBUG rally_openstack.cleanup.manager [-] Deleting gnocchi.resource_type object s_rally_5b155da1_UErb3Uq7 (s_rally_5b155da1_UErb3Uq7)
2019-12-10 06:46:00.746 6547 INFO rally.task.context [-] Task 488819c2-b240-452a-b49b-f1e43ed58c88 | Context admin_cleanup@openstack cleanup() finished in 5.15 sec
2019-12-10 06:46:00.747 6547 INFO rally.task.context [-] Task 488819c2-b240-452a-b49b-f1e43ed58c88 | Context users@openstack cleanup() started
2019-12-10 06:46:05.529 6547 INFO rally.task.context [-] Task 488819c2-b240-452a-b49b-f1e43ed58c88 | Context users@openstack cleanup() finished in 4.78 sec
2019-12-10 06:46:05.884 6547 INFO rally.task.engine [-] Load duration is: 9.196863
2019-12-10 06:46:05.885 6547 INFO rally.task.engine [-] Full runner duration is: 9.249404
2019-12-10 06:46:05.885 6547 INFO rally.task.engine [-] Full duration is: 21.792026
2019-12-10 06:46:06.278 6547 INFO rally.task.engine [-] Running workload: position = 0 config = { "version": 2, "title": "A cropped version of a bigger task.", "description": "Auto-generated task from a single workload (uuid=46803f0b-4f92-425e-ad79-f9105c315e44)", "subtasks": [ { "title": "GnocchiResourceType.create_delete_resource_type", "description": "Create resource type and then delete it.", "scenario": { "GnocchiResourceType.create_delete_resource_type": { "attributes": { "foo": { "required": false, "type": "string" }, "bar": { "required": true, "type": "number" } } } }, "contexts": { "users": { "tenants": 3, "users_per_tenant": 2 } }, "runner": { "constant": { "concurrency": 4, "times": 10 } }, "hooks": [], "sla": { "failure_rate": { "max": 0 } } } ] }
2019-12-10 06:46:06.303 6547 RALLYDEBUG rally_openstack.contexts.keystone.users [-] Creating 3 tenants using 20 threads
2019-12-10 06:46:07.320 6547 RALLYDEBUG rally_openstack.contexts.keystone.users [-] Creating 6 users using 20 threads
2019-12-10 06:46:08.812 6547 INFO rally.task.context [-] Task 488819c2-b240-452a-b49b-f1e43ed58c88 | Context users@openstack setup() finished in 2.51 sec
2019-12-10 06:46:08.813 6547 INFO rally.task.context [-] Task 488819c2-b240-452a-b49b-f1e43ed58c88 | Context admin_cleanup@openstack setup() finished in 0.02 msec
2019-12-10 06:46:08.822 6547 RALLYDEBUG rally.task.runner [-] Starting the constant runner (task UUID: 488819c2-b240-452a-b49b-f1e43ed58c88). times: 10 concurrency: 4 timeout: 0 max_cpu_used: 16 processes_to_start: 4 concurrency_per_worker: 1 concurrency_overhead: 0
2019-12-10 06:46:08.834 7811 RALLYDEBUG rally.task.runner [-] Starting a worker. times: 10 duration: None concurrency: 1 timeout: 0 cls: method_name: run args: {"attributes": {"foo": {"required": false, "type": "string"}, "bar": {"required": true, "type": "number"}}}
2019-12-10 06:46:08.838 7812 RALLYDEBUG rally.task.runner [-] Starting a worker. times: 10 duration: None concurrency: 1 timeout: 0 cls: method_name: run args: {"attributes": {"foo": {"required": false, "type": "string"}, "bar": {"required": true, "type": "number"}}}
2019-12-10 06:46:08.841 7811 INFO rally.task.runner [-] Task 488819c2-b240-452a-b49b-f1e43ed58c88 | ITER: 1 START
2019-12-10 06:46:08.841 7813 RALLYDEBUG rally.task.runner [-] Starting a worker. times: 10 duration: None concurrency: 1 timeout: 0 cls: method_name: run args: {"attributes": {"foo": {"required": false, "type": "string"}, "bar": {"required": true, "type": "number"}}}
2019-12-10 06:46:08.844 7812 INFO rally.task.runner [-] Task 488819c2-b240-452a-b49b-f1e43ed58c88 | ITER: 2 START
2019-12-10 06:46:08.845 7814 RALLYDEBUG rally.task.runner [-] Starting a worker. times: 10 duration: None concurrency: 1 timeout: 0 cls: method_name: run args: {"attributes": {"foo": {"required": false, "type": "string"}, "bar": {"required": true, "type": "number"}}}
2019-12-10 06:46:08.848 7813 INFO rally.task.runner [-] Task 488819c2-b240-452a-b49b-f1e43ed58c88 | ITER: 3 START
2019-12-10 06:46:08.851 7814 INFO rally.task.runner [-] Task 488819c2-b240-452a-b49b-f1e43ed58c88 | ITER: 4 START
2019-12-10 06:46:13.769 7813 INFO rally.task.runner [-] Task 488819c2-b240-452a-b49b-f1e43ed58c88 | ITER: 3 END: OK
2019-12-10 06:46:13.769 7812 INFO rally.task.runner [-] Task 488819c2-b240-452a-b49b-f1e43ed58c88 | ITER: 2 END: OK
2019-12-10 06:46:13.774 7813 INFO rally.task.runner [-] Task 488819c2-b240-452a-b49b-f1e43ed58c88 | ITER: 5 START
2019-12-10 06:46:13.774 7812 INFO rally.task.runner [-] Task 488819c2-b240-452a-b49b-f1e43ed58c88 | ITER: 6 START
2019-12-10 06:46:13.800 7814 INFO rally.task.runner [-] Task 488819c2-b240-452a-b49b-f1e43ed58c88 | ITER: 4 END: OK
2019-12-10 06:46:13.805 7814 INFO rally.task.runner [-] Task 488819c2-b240-452a-b49b-f1e43ed58c88 | ITER: 7 START
2019-12-10 06:46:13.821 7811 INFO rally.task.runner [-] Task 488819c2-b240-452a-b49b-f1e43ed58c88 | ITER: 1 END: OK
2019-12-10 06:46:13.826 7811 INFO rally.task.runner [-] Task 488819c2-b240-452a-b49b-f1e43ed58c88 | ITER: 8 START
2019-12-10 06:46:18.556 7813 INFO rally.task.runner [-] Task 488819c2-b240-452a-b49b-f1e43ed58c88 | ITER: 5 END: OK
2019-12-10 06:46:18.560 7813 INFO rally.task.runner [-] Task 488819c2-b240-452a-b49b-f1e43ed58c88 | ITER: 9 START
2019-12-10 06:46:18.694 7812 INFO rally.task.runner [-] Task 488819c2-b240-452a-b49b-f1e43ed58c88 | ITER: 6 END: OK
2019-12-10 06:46:18.694 7814 INFO rally.task.runner [-] Task 488819c2-b240-452a-b49b-f1e43ed58c88 | ITER: 7 END: OK
2019-12-10 06:46:18.697 7812 INFO rally.task.runner [-] Task 488819c2-b240-452a-b49b-f1e43ed58c88 | ITER: 10 START
2019-12-10 06:46:18.796 7811 INFO rally.task.runner [-] Task 488819c2-b240-452a-b49b-f1e43ed58c88 | ITER: 8 END: OK
2019-12-10 06:46:21.357 7813 INFO rally.task.runner [-] Task 488819c2-b240-452a-b49b-f1e43ed58c88 | ITER: 9 END: OK
2019-12-10 06:46:21.435 7812 INFO rally.task.runner [-] Task 488819c2-b240-452a-b49b-f1e43ed58c88 | ITER: 10 END: OK
2019-12-10 06:46:21.457 6547 INFO rally.task.context [-] Task 488819c2-b240-452a-b49b-f1e43ed58c88 | Context admin_cleanup@openstack cleanup() started
2019-12-10 06:46:21.460 6547 RALLYDEBUG rally_openstack.cleanup.manager [-] Cleaning up gnocchi resource_type objects
2019-12-10 06:46:21.949 6547 INFO rally.task.context [-] Task 488819c2-b240-452a-b49b-f1e43ed58c88 | Context admin_cleanup@openstack cleanup() finished in 0.49 sec
2019-12-10 06:46:21.950 6547 INFO rally.task.context [-] Task 488819c2-b240-452a-b49b-f1e43ed58c88 | Context users@openstack cleanup() started
2019-12-10 06:46:26.831 6547 INFO rally.task.context [-] Task 488819c2-b240-452a-b49b-f1e43ed58c88 | Context users@openstack cleanup() finished in 4.88 sec
2019-12-10 06:46:28.427 6547 INFO rally.task.engine [-] Load duration is: 12.592
2019-12-10 06:46:28.427 6547 INFO rally.task.engine [-] Full runner duration is: 12.635648
2019-12-10 06:46:28.427 6547 INFO rally.task.engine [-] Full duration is: 20.529586
2019-12-10 06:46:28.749 6547 INFO rally.task.engine [-] Running workload: position = 0 config = { "version": 2, "title": "A cropped version of a bigger task.", "description": "Auto-generated task from a single workload (uuid=d5c46318-02ce-4a12-aefc-f73b418acf51)", "subtasks": [ { "title": "GnocchiMetric.list_metric", "description": "List metrics.", "scenario": { "GnocchiMetric.list_metric": { "limit": 10000 } }, "contexts": { "users": { "tenants": 3, "users_per_tenant": 2 } }, "runner": { "constant": { "concurrency": 4, "times": 10 } }, "hooks": [], "sla": { "failure_rate": { "max": 0 } } } ] }
2019-12-10 06:46:28.771 6547 RALLYDEBUG rally_openstack.contexts.keystone.users [-] Creating 3 tenants using 20 threads
2019-12-10 06:46:29.821 6547 RALLYDEBUG rally_openstack.contexts.keystone.users [-] Creating 6 users using 20 threads
2019-12-10 06:46:31.315 6547 INFO rally.task.context [-] Task 488819c2-b240-452a-b49b-f1e43ed58c88 | Context users@openstack setup() finished in 2.54 sec
2019-12-10 06:46:31.325 6547 RALLYDEBUG rally.task.runner [-] Starting the constant runner (task UUID: 488819c2-b240-452a-b49b-f1e43ed58c88). times: 10 concurrency: 4 timeout: 0 max_cpu_used: 16 processes_to_start: 4 concurrency_per_worker: 1 concurrency_overhead: 0
2019-12-10 06:46:31.337 7935 RALLYDEBUG rally.task.runner [-] Starting a worker. times: 10 duration: None concurrency: 1 timeout: 0 cls: method_name: run args: {"limit": 10000}
2019-12-10 06:46:31.341 7936 RALLYDEBUG rally.task.runner [-] Starting a worker. times: 10 duration: None concurrency: 1 timeout: 0 cls: method_name: run args: {"limit": 10000}
2019-12-10 06:46:31.344 7935 INFO rally.task.runner [-] Task 488819c2-b240-452a-b49b-f1e43ed58c88 | ITER: 1 START
2019-12-10 06:46:31.344 7937 RALLYDEBUG rally.task.runner [-] Starting a worker. times: 10 duration: None concurrency: 1 timeout: 0 cls: method_name: run args: {"limit": 10000}
2019-12-10 06:46:31.348 7936 INFO rally.task.runner [-] Task 488819c2-b240-452a-b49b-f1e43ed58c88 | ITER: 2 START
2019-12-10 06:46:31.348 7938 RALLYDEBUG rally.task.runner [-] Starting a worker. times: 10 duration: None concurrency: 1 timeout: 0 cls: method_name: run args: {"limit": 10000}
2019-12-10 06:46:31.351 7937 INFO rally.task.runner [-] Task 488819c2-b240-452a-b49b-f1e43ed58c88 | ITER: 3 START
2019-12-10 06:46:31.354 7938 INFO rally.task.runner [-] Task 488819c2-b240-452a-b49b-f1e43ed58c88 | ITER: 4 START
2019-12-10 06:46:31.890 7935 INFO rally.task.runner [-] Task 488819c2-b240-452a-b49b-f1e43ed58c88 | ITER: 1 END: OK
2019-12-10 06:46:31.894 7937 INFO rally.task.runner [-] Task 488819c2-b240-452a-b49b-f1e43ed58c88 | ITER: 3 END: OK
2019-12-10 06:46:31.895 7938 INFO rally.task.runner [-] Task 488819c2-b240-452a-b49b-f1e43ed58c88 | ITER: 4 END: OK
2019-12-10 06:46:31.895 7935 INFO rally.task.runner [-] Task 488819c2-b240-452a-b49b-f1e43ed58c88 | ITER: 5 START
2019-12-10 06:46:31.898 7937 INFO rally.task.runner [-] Task 488819c2-b240-452a-b49b-f1e43ed58c88 | ITER: 6 START
2019-12-10 06:46:31.900 7938 INFO rally.task.runner [-] Task 488819c2-b240-452a-b49b-f1e43ed58c88 | ITER: 7 START
2019-12-10 06:46:31.901 7936 INFO rally.task.runner [-] Task 488819c2-b240-452a-b49b-f1e43ed58c88 | ITER: 2 END: OK
2019-12-10 06:46:31.905 7936 INFO rally.task.runner [-] Task 488819c2-b240-452a-b49b-f1e43ed58c88 | ITER: 8 START
2019-12-10 06:46:32.250 7937 INFO rally.task.runner [-] Task 488819c2-b240-452a-b49b-f1e43ed58c88 | ITER: 6 END: OK
2019-12-10 06:46:32.253 7937 INFO rally.task.runner [-] Task 488819c2-b240-452a-b49b-f1e43ed58c88 | ITER: 9 START
2019-12-10 06:46:32.303 7938 INFO rally.task.runner [-] Task 488819c2-b240-452a-b49b-f1e43ed58c88 | ITER: 7 END: OK
2019-12-10 06:46:32.306 7938 INFO rally.task.runner [-] Task 488819c2-b240-452a-b49b-f1e43ed58c88 | ITER: 10 START
2019-12-10 06:46:32.365 7935 INFO rally.task.runner [-] Task 488819c2-b240-452a-b49b-f1e43ed58c88 | ITER: 5 END: OK
2019-12-10 06:46:32.367 7936 INFO rally.task.runner [-] Task 488819c2-b240-452a-b49b-f1e43ed58c88 | ITER: 8 END: OK
2019-12-10 06:46:32.623 7937 INFO rally.task.runner [-] Task 488819c2-b240-452a-b49b-f1e43ed58c88 | ITER: 9 END: OK
2019-12-10 06:46:32.672 7938 INFO rally.task.runner [-] Task 488819c2-b240-452a-b49b-f1e43ed58c88 | ITER: 10 END: OK
2019-12-10 06:46:32.698 6547 INFO rally.task.context [-] Task 488819c2-b240-452a-b49b-f1e43ed58c88 | Context users@openstack cleanup() started
2019-12-10 06:46:37.561 6547 INFO rally.task.context [-] Task 488819c2-b240-452a-b49b-f1e43ed58c88 | Context users@openstack cleanup() finished in 4.86 sec
2019-12-10 06:46:38.842 6547 INFO rally.task.engine [-] Load duration is: 1.326233
2019-12-10 06:46:38.843 6547 INFO rally.task.engine [-] Full runner duration is: 1.373695
2019-12-10 06:46:38.843 6547 INFO rally.task.engine [-] Full duration is: 8.791014
2019-12-10 06:46:39.144 6547 INFO rally.task.engine [-] Running workload: position = 0 config = { "version": 2, "title": "A cropped version of a bigger task.", "description": "Auto-generated task from a single workload (uuid=e50f373b-4083-463d-af45-fc287ad113c1)", "subtasks": [ { "title": "GnocchiMetric.create_metric", "description": "Create metric.", "scenario": { "GnocchiMetric.create_metric": { "archive_policy_name": "low" } }, "contexts": { "users": { "tenants": 3, "users_per_tenant": 2 } }, "runner": { "constant": { "concurrency": 4, "times": 10 } }, "hooks": [], "sla": { "failure_rate": { "max": 0 } } } ] }
2019-12-10 06:46:39.172 6547 RALLYDEBUG rally_openstack.contexts.keystone.users [-] Creating 3 tenants using 20 threads
2019-12-10 06:46:40.210 6547 RALLYDEBUG rally_openstack.contexts.keystone.users [-] Creating 6 users using 20 threads
2019-12-10 06:46:41.769 6547 INFO rally.task.context [-] Task 488819c2-b240-452a-b49b-f1e43ed58c88 | Context users@openstack setup() finished in 2.60 sec
2019-12-10 06:46:41.770 6547 INFO rally.task.context [-] Task 488819c2-b240-452a-b49b-f1e43ed58c88 | Context cleanup@openstack setup() finished in 0.05 msec
2019-12-10 06:46:41.779 6547 RALLYDEBUG rally.task.runner [-] Starting the constant runner (task UUID: 488819c2-b240-452a-b49b-f1e43ed58c88). times: 10 concurrency: 4 timeout: 0 max_cpu_used: 16 processes_to_start: 4 concurrency_per_worker: 1 concurrency_overhead: 0
2019-12-10 06:46:41.791 8039 RALLYDEBUG rally.task.runner [-] Starting a worker. times: 10 duration: None concurrency: 1 timeout: 0 cls: method_name: run args: {"archive_policy_name": "low"}
2019-12-10 06:46:41.794 8040 RALLYDEBUG rally.task.runner [-] Starting a worker. times: 10 duration: None concurrency: 1 timeout: 0 cls: method_name: run args: {"archive_policy_name": "low"}
2019-12-10 06:46:41.798 8039 INFO rally.task.runner [-] Task 488819c2-b240-452a-b49b-f1e43ed58c88 | ITER: 1 START
2019-12-10 06:46:41.798 8041 RALLYDEBUG rally.task.runner [-] Starting a worker. times: 10 duration: None concurrency: 1 timeout: 0 cls: method_name: run args: {"archive_policy_name": "low"}
2019-12-10 06:46:41.801 8040 INFO rally.task.runner [-] Task 488819c2-b240-452a-b49b-f1e43ed58c88 | ITER: 2 START
2019-12-10 06:46:41.802 8042 RALLYDEBUG rally.task.runner [-] Starting a worker. times: 10 duration: None concurrency: 1 timeout: 0 cls: method_name: run args: {"archive_policy_name": "low"}
2019-12-10 06:46:41.805 8041 INFO rally.task.runner [-] Task 488819c2-b240-452a-b49b-f1e43ed58c88 | ITER: 3 START
2019-12-10 06:46:41.808 8042 INFO rally.task.runner [-] Task 488819c2-b240-452a-b49b-f1e43ed58c88 | ITER: 4 START
2019-12-10 06:46:42.302 8041 INFO rally.task.runner [-] Task 488819c2-b240-452a-b49b-f1e43ed58c88 | ITER: 3 END: OK
2019-12-10 06:46:42.306 8040 INFO rally.task.runner [-] Task 488819c2-b240-452a-b49b-f1e43ed58c88 | ITER: 2 END: OK
2019-12-10 06:46:42.307 8041 INFO rally.task.runner [-] Task 488819c2-b240-452a-b49b-f1e43ed58c88 | ITER: 5 START
2019-12-10 06:46:42.310 8040 INFO rally.task.runner [-] Task 488819c2-b240-452a-b49b-f1e43ed58c88 | ITER: 6 START
2019-12-10 06:46:42.312 8039 INFO rally.task.runner [-] Task 488819c2-b240-452a-b49b-f1e43ed58c88 | ITER: 1 END: OK
2019-12-10 06:46:42.317 8039 INFO rally.task.runner [-] Task 488819c2-b240-452a-b49b-f1e43ed58c88 | ITER: 7 START
2019-12-10 06:46:42.321 8042 INFO rally.task.runner [-] Task 488819c2-b240-452a-b49b-f1e43ed58c88 | ITER: 4 END: OK
2019-12-10 06:46:42.325 8042 INFO rally.task.runner [-] Task 488819c2-b240-452a-b49b-f1e43ed58c88 | ITER: 8 START
2019-12-10 06:46:42.697 8042 INFO rally.task.runner [-] Task 488819c2-b240-452a-b49b-f1e43ed58c88 | ITER: 8 END: OK
2019-12-10 06:46:42.700 8042 INFO rally.task.runner [-] Task 488819c2-b240-452a-b49b-f1e43ed58c88 | ITER: 9 START
2019-12-10 06:46:42.737 8040 INFO rally.task.runner [-] Task 488819c2-b240-452a-b49b-f1e43ed58c88 | ITER: 6 END: OK
2019-12-10 06:46:42.740 8040 INFO rally.task.runner [-] Task 488819c2-b240-452a-b49b-f1e43ed58c88 | ITER: 10 START
2019-12-10 06:46:42.782 8039 INFO rally.task.runner [-] Task 488819c2-b240-452a-b49b-f1e43ed58c88 | ITER: 7 END: OK
2019-12-10 06:46:42.850 8041 INFO rally.task.runner [-] Task 488819c2-b240-452a-b49b-f1e43ed58c88 | ITER: 5 END: OK
2019-12-10 06:46:43.124 8040 INFO rally.task.runner [-] Task 488819c2-b240-452a-b49b-f1e43ed58c88 | ITER: 10 END: OK
2019-12-10 06:46:43.150 8042 INFO rally.task.runner [-] Task 488819c2-b240-452a-b49b-f1e43ed58c88 | ITER: 9 END: OK
2019-12-10 06:46:43.172 6547 INFO rally.task.context [-] Task 488819c2-b240-452a-b49b-f1e43ed58c88 | Context cleanup@openstack cleanup() started
2019-12-10 06:46:43.176 6547 RALLYDEBUG rally_openstack.cleanup.manager [-] Cleaning up gnocchi metric objects
2019-12-10 06:46:44.327 6547 INFO rally.task.context [-] Task 488819c2-b240-452a-b49b-f1e43ed58c88 | Context cleanup@openstack cleanup() finished in 1.15 sec
2019-12-10 06:46:44.327 6547 INFO rally.task.context [-] Task 488819c2-b240-452a-b49b-f1e43ed58c88 | Context users@openstack cleanup() started
2019-12-10 06:46:48.771 6547 INFO rally.task.context [-] Task 488819c2-b240-452a-b49b-f1e43ed58c88 | Context users@openstack cleanup() finished in 4.44 sec
2019-12-10 06:46:49.293 6547 INFO rally.task.engine [-] Load duration is: 1.350789
2019-12-10 06:46:49.293 6547 INFO rally.task.engine [-] Full runner duration is: 1.393811
2019-12-10 06:46:49.294 6547 INFO rally.task.engine [-] Full duration is: 9.600691
2019-12-10 06:46:49.612 6547 INFO rally.task.engine [-] Running workload: position = 0 config = { "version": 2, "title": "A cropped version of a bigger task.", "description": "Auto-generated task from a single workload (uuid=1584f090-b27f-48fd-a6c1-e687a0689157)", "subtasks": [ { "title": "GnocchiMetric.create_delete_metric", "description": "Create metric and then delete it.", "scenario": { "GnocchiMetric.create_delete_metric": { "archive_policy_name": "low" } }, "contexts": { "users": { "tenants": 3, "users_per_tenant": 2 } }, "runner": { "constant": { "concurrency": 4, "times": 10 } }, "hooks": [], "sla": { "failure_rate": { "max": 0 } } } ] }
2019-12-10 06:46:49.640 6547 RALLYDEBUG rally_openstack.contexts.keystone.users [-] Creating 3 tenants using 20 threads
2019-12-10 06:46:50.637 6547 RALLYDEBUG rally_openstack.contexts.keystone.users [-] Creating 6 users using 20 threads
2019-12-10 06:46:52.279 6547 INFO rally.task.context [-] Task 488819c2-b240-452a-b49b-f1e43ed58c88 | Context users@openstack setup() finished in 2.64 sec
2019-12-10 06:46:52.280 6547 INFO rally.task.context [-] Task 488819c2-b240-452a-b49b-f1e43ed58c88 | Context cleanup@openstack setup() finished in 0.01 msec
2019-12-10 06:46:52.289 6547 RALLYDEBUG rally.task.runner [-] Starting the constant runner (task UUID: 488819c2-b240-452a-b49b-f1e43ed58c88). times: 10 concurrency: 4 timeout: 0 max_cpu_used: 16 processes_to_start: 4 concurrency_per_worker: 1 concurrency_overhead: 0
2019-12-10 06:46:52.300 8163 RALLYDEBUG rally.task.runner [-] Starting a worker. times: 10 duration: None concurrency: 1 timeout: 0 cls: method_name: run args: {"archive_policy_name": "low"}
2019-12-10 06:46:52.303 8164 RALLYDEBUG rally.task.runner [-] Starting a worker. times: 10 duration: None concurrency: 1 timeout: 0 cls: method_name: run args: {"archive_policy_name": "low"}
2019-12-10 06:46:52.307 8163 INFO rally.task.runner [-] Task 488819c2-b240-452a-b49b-f1e43ed58c88 | ITER: 1 START
2019-12-10 06:46:52.307 8165 RALLYDEBUG rally.task.runner [-] Starting a worker. times: 10 duration: None concurrency: 1 timeout: 0 cls: method_name: run args: {"archive_policy_name": "low"}
2019-12-10 06:46:52.310 8164 INFO rally.task.runner [-] Task 488819c2-b240-452a-b49b-f1e43ed58c88 | ITER: 2 START
2019-12-10 06:46:52.310 8166 RALLYDEBUG rally.task.runner [-] Starting a worker. times: 10 duration: None concurrency: 1 timeout: 0 cls: method_name: run args: {"archive_policy_name": "low"}
2019-12-10 06:46:52.313 8165 INFO rally.task.runner [-] Task 488819c2-b240-452a-b49b-f1e43ed58c88 | ITER: 3 START
2019-12-10 06:46:52.316 8166 INFO rally.task.runner [-] Task 488819c2-b240-452a-b49b-f1e43ed58c88 | ITER: 4 START
2019-12-10 06:46:52.853 8166 INFO rally.task.runner [-] Task 488819c2-b240-452a-b49b-f1e43ed58c88 | ITER: 4 END: OK
2019-12-10 06:46:52.854 8164 INFO rally.task.runner [-] Task 488819c2-b240-452a-b49b-f1e43ed58c88 | ITER: 2 END: OK
2019-12-10 06:46:52.857 8163 INFO rally.task.runner [-] Task 488819c2-b240-452a-b49b-f1e43ed58c88 | ITER: 1 END: OK
2019-12-10 06:46:52.858 8164 INFO rally.task.runner [-] Task 488819c2-b240-452a-b49b-f1e43ed58c88 | ITER: 6 START
2019-12-10 06:46:52.858 8166 INFO rally.task.runner [-] Task 488819c2-b240-452a-b49b-f1e43ed58c88 | ITER: 5 START
2019-12-10 06:46:52.861 8163 INFO rally.task.runner [-] Task 488819c2-b240-452a-b49b-f1e43ed58c88 | ITER: 7 START
2019-12-10 06:46:52.888 8165 INFO rally.task.runner [-] Task 488819c2-b240-452a-b49b-f1e43ed58c88 | ITER: 3 END: OK
2019-12-10 06:46:52.892 8165 INFO rally.task.runner [-] Task 488819c2-b240-452a-b49b-f1e43ed58c88 | ITER: 8 START
2019-12-10 06:46:53.260 8166 INFO rally.task.runner [-] Task 488819c2-b240-452a-b49b-f1e43ed58c88 | ITER: 5 END: OK
2019-12-10 06:46:53.263 8166 INFO rally.task.runner [-] Task 488819c2-b240-452a-b49b-f1e43ed58c88 | ITER: 9 START
2019-12-10 06:46:53.270 8164 INFO rally.task.runner [-] Task 488819c2-b240-452a-b49b-f1e43ed58c88 | ITER: 6 END: OK
2019-12-10 06:46:53.273 8164 INFO rally.task.runner [-] Task 488819c2-b240-452a-b49b-f1e43ed58c88 | ITER: 10 START
2019-12-10 06:46:53.286 8165 INFO rally.task.runner [-] Task 488819c2-b240-452a-b49b-f1e43ed58c88 | ITER: 8 END: OK
2019-12-10 06:46:53.310 8163 INFO rally.task.runner [-] Task 488819c2-b240-452a-b49b-f1e43ed58c88 | ITER: 7 END: OK
2019-12-10 06:46:53.757 8166 INFO rally.task.runner [-] Task 488819c2-b240-452a-b49b-f1e43ed58c88 | ITER: 9 END: OK
2019-12-10 06:46:53.788 8164 INFO rally.task.runner [-] Task 488819c2-b240-452a-b49b-f1e43ed58c88 | ITER: 10 END: OK
2019-12-10 06:46:53.809 6547 INFO rally.task.context [-] Task 488819c2-b240-452a-b49b-f1e43ed58c88 | Context cleanup@openstack cleanup() started
2019-12-10 06:46:53.812 6547 RALLYDEBUG rally_openstack.cleanup.manager [-] Cleaning up gnocchi metric objects
2019-12-10 06:46:55.078 6547 INFO rally.task.context [-] Task 488819c2-b240-452a-b49b-f1e43ed58c88 | Context cleanup@openstack cleanup() finished in 1.27 sec
2019-12-10 06:46:55.079 6547 INFO rally.task.context [-] Task 488819c2-b240-452a-b49b-f1e43ed58c88 | Context users@openstack cleanup() started
2019-12-10 06:46:59.464 6547 INFO rally.task.context [-] Task 488819c2-b240-452a-b49b-f1e43ed58c88 | Context users@openstack cleanup() finished in 4.38 sec
2019-12-10 06:46:59.715 6547 INFO rally.task.engine [-] Load duration is: 1.479872
2019-12-10 06:46:59.715 6547 INFO rally.task.engine [-] Full runner duration is: 1.520781
2019-12-10 06:46:59.716 6547 INFO rally.task.engine [-] Full duration is: 9.825632
2019-12-10 06:47:00.062 6547 INFO rally.task.engine [-] Running workload: position = 0 config = { "version": 2, "title": "A cropped version of a bigger task.", "description": "Auto-generated task from a single workload (uuid=c87ba5a4-5e83-4e04-add4-e823792ec6f6)", "subtasks": [ { "title": "GnocchiResource.create_resource", "description": "Create resource.", "scenario": { "GnocchiResource.create_resource": {} }, "contexts": { "users": { "tenants": 3, "users_per_tenant": 2 } }, "runner": { "constant": { "concurrency": 4, "times": 10 } }, "hooks": [], "sla": { "failure_rate": { "max": 0 } } } ] }
2019-12-10 06:47:00.085 6547 RALLYDEBUG rally_openstack.contexts.keystone.users [-] Creating 3 tenants using 20 threads
2019-12-10 06:47:01.103 6547 RALLYDEBUG rally_openstack.contexts.keystone.users [-] Creating 6 users using 20 threads
2019-12-10 06:47:02.698 6547 INFO rally.task.context [-] Task 488819c2-b240-452a-b49b-f1e43ed58c88 | Context users@openstack setup() finished in 2.61 sec
2019-12-10 06:47:02.699 6547 INFO rally.task.context [-] Task 488819c2-b240-452a-b49b-f1e43ed58c88 | Context cleanup@openstack setup() finished in 0.01 msec
2019-12-10 06:47:02.708 6547 RALLYDEBUG rally.task.runner [-] Starting the constant runner (task UUID: 488819c2-b240-452a-b49b-f1e43ed58c88). times: 10 concurrency: 4 timeout: 0 max_cpu_used: 16 processes_to_start: 4 concurrency_per_worker: 1 concurrency_overhead: 0
2019-12-10 06:47:02.719 8287 RALLYDEBUG rally.task.runner [-] Starting a worker. times: 10 duration: None concurrency: 1 timeout: 0 cls: method_name: run args: {}
2019-12-10 06:47:02.723 8288 RALLYDEBUG rally.task.runner [-] Starting a worker. times: 10 duration: None concurrency: 1 timeout: 0 cls: method_name: run args: {}
2019-12-10 06:47:02.726 8287 INFO rally.task.runner [-] Task 488819c2-b240-452a-b49b-f1e43ed58c88 | ITER: 1 START
2019-12-10 06:47:02.727 8289 RALLYDEBUG rally.task.runner [-] Starting a worker. times: 10 duration: None concurrency: 1 timeout: 0 cls: method_name: run args: {}
2019-12-10 06:47:02.729 8288 INFO rally.task.runner [-] Task 488819c2-b240-452a-b49b-f1e43ed58c88 | ITER: 2 START
2019-12-10 06:47:02.730 8292 RALLYDEBUG rally.task.runner [-] Starting a worker. times: 10 duration: None concurrency: 1 timeout: 0 cls: method_name: run args: {}
2019-12-10 06:47:02.733 8289 INFO rally.task.runner [-] Task 488819c2-b240-452a-b49b-f1e43ed58c88 | ITER: 3 START
2019-12-10 06:47:02.736 8292 INFO rally.task.runner [-] Task 488819c2-b240-452a-b49b-f1e43ed58c88 | ITER: 4 START
2019-12-10 06:47:03.298 8288 INFO rally.task.runner [-] Task 488819c2-b240-452a-b49b-f1e43ed58c88 | ITER: 2 END: OK
2019-12-10 06:47:03.299 8287 INFO rally.task.runner [-] Task 488819c2-b240-452a-b49b-f1e43ed58c88 | ITER: 1 END: OK
2019-12-10 06:47:03.301 8289 INFO rally.task.runner [-] Task 488819c2-b240-452a-b49b-f1e43ed58c88 | ITER: 3 END: OK
2019-12-10 06:47:03.302 8288 INFO rally.task.runner [-] Task 488819c2-b240-452a-b49b-f1e43ed58c88 | ITER: 5 START
2019-12-10 06:47:03.304 8287 INFO rally.task.runner [-] Task 488819c2-b240-452a-b49b-f1e43ed58c88 | ITER: 6 START
2019-12-10 06:47:03.305 8289 INFO rally.task.runner [-] Task 488819c2-b240-452a-b49b-f1e43ed58c88 | ITER: 7 START
2019-12-10 06:47:03.311 8292 INFO rally.task.runner [-] Task 488819c2-b240-452a-b49b-f1e43ed58c88 | ITER: 4 END: OK
2019-12-10 06:47:03.316 8292 INFO rally.task.runner [-] Task 488819c2-b240-452a-b49b-f1e43ed58c88 | ITER: 8 START
2019-12-10 06:47:03.668 8289 INFO rally.task.runner [-] Task 488819c2-b240-452a-b49b-f1e43ed58c88 | ITER: 7 END: OK
2019-12-10 06:47:03.672 8289 INFO rally.task.runner [-] Task 488819c2-b240-452a-b49b-f1e43ed58c88 | ITER: 9 START
2019-12-10 06:47:03.675 8292 INFO rally.task.runner [-] Task 488819c2-b240-452a-b49b-f1e43ed58c88 | ITER: 8 END: OK
2019-12-10 06:47:03.679 8292 INFO rally.task.runner [-] Task 488819c2-b240-452a-b49b-f1e43ed58c88 | ITER: 10 START
2019-12-10 06:47:03.759 8287 INFO rally.task.runner [-] Task 488819c2-b240-452a-b49b-f1e43ed58c88 | ITER: 6 END: OK
2019-12-10 06:47:03.845 8288 INFO rally.task.runner [-] Task 488819c2-b240-452a-b49b-f1e43ed58c88 | ITER: 5 END: OK
2019-12-10 06:47:04.036 8289 INFO rally.task.runner [-] Task 488819c2-b240-452a-b49b-f1e43ed58c88 | ITER: 9 END: OK
2019-12-10 06:47:04.055 8292 INFO rally.task.runner [-] Task 488819c2-b240-452a-b49b-f1e43ed58c88 | ITER: 10 END: OK
2019-12-10 06:47:04.081 6547 INFO rally.task.context [-] Task 488819c2-b240-452a-b49b-f1e43ed58c88 | Context cleanup@openstack cleanup() started
2019-12-10 06:47:04.085 6547 RALLYDEBUG rally_openstack.cleanup.manager [-] Cleaning up gnocchi resource objects
2019-12-10 06:47:05.520 6547 RALLYDEBUG rally_openstack.cleanup.manager [-] Deleting gnocchi.resource object s_rally_c87ba5a4_pAOrJ3QI (0d5b2d52-4a28-58d6-8df8-ab28fecca3e4)
2019-12-10 06:47:05.531 6547 RALLYDEBUG rally_openstack.cleanup.manager [-] Deleting gnocchi.resource object s_rally_c87ba5a4_Sm0INoxo (a5baab26-76a6-5584-8e62-778147f7211b)
2019-12-10 06:47:05.532 6547 RALLYDEBUG rally_openstack.cleanup.manager [-] Deleting gnocchi.resource object s_rally_c87ba5a4_cI5cFt6s (05a2d1bb-c128-5759-840c-bb6af299f62b)
2019-12-10 06:47:05.548 6547 RALLYDEBUG rally_openstack.cleanup.manager [-] Deleting gnocchi.resource object s_rally_c87ba5a4_XTuuIfgr (24a1c5aa-cc26-5ac1-b113-891da81b78a3)
2019-12-10 06:47:05.554 6547 RALLYDEBUG rally_openstack.cleanup.manager [-] Deleting gnocchi.resource object s_rally_c87ba5a4_0JmNJQa7 (f57a49e1-1cec-5c45-88b7-fab1e8313ab4)
2019-12-10 06:47:05.574 6547 RALLYDEBUG rally_openstack.cleanup.manager [-] Deleting gnocchi.resource object s_rally_c87ba5a4_ig6aWbk6 (acdabd06-3ea0-58b9-90bd-4ffa1465f093)
2019-12-10 06:47:05.594 6547 RALLYDEBUG rally_openstack.cleanup.manager [-] Deleting gnocchi.resource object s_rally_c87ba5a4_khi0YX7h (34715e63-c764-5aa1-8ea6-9eefffe344cb)
2019-12-10 06:47:05.603 6547 RALLYDEBUG rally_openstack.cleanup.manager [-] Deleting gnocchi.resource object s_rally_c87ba5a4_XLE0OR6z (53eb8074-ee8e-59ff-92ca-2cf3ce8c0f11)
2019-12-10 06:47:05.611 6547 RALLYDEBUG rally_openstack.cleanup.manager [-] Deleting gnocchi.resource object s_rally_c87ba5a4_wQ2WrP6Q (f3520b4b-b8f6-5f92-a719-3c08a5032c64)
2019-12-10 06:47:05.637 6547 RALLYDEBUG rally_openstack.cleanup.manager [-] Deleting gnocchi.resource object s_rally_c87ba5a4_cjSXnU70 (263332d1-63f7-5c76-8cc2-16d92acc55a4)
2019-12-10 06:47:07.120 6547 INFO rally.task.context [-] Task 488819c2-b240-452a-b49b-f1e43ed58c88 | Context cleanup@openstack cleanup() finished in 3.04 sec
2019-12-10 06:47:07.121 6547 INFO rally.task.context [-] Task 488819c2-b240-452a-b49b-f1e43ed58c88 | Context users@openstack cleanup() started
2019-12-10 06:47:11.596 6547 INFO rally.task.context [-] Task 488819c2-b240-452a-b49b-f1e43ed58c88 | Context users@openstack cleanup() finished in 4.47 sec
2019-12-10 06:47:12.163 6547 INFO rally.task.engine [-] Load duration is: 1.327406
2019-12-10 06:47:12.163 6547 INFO rally.task.engine [-] Full runner duration is: 1.373163
2019-12-10 06:47:12.163 6547 INFO rally.task.engine [-] Full duration is: 11.512731
2019-12-10 06:47:12.506 6547 INFO rally.task.engine [-] Running workload: position = 0 config = { "version": 2, "title": "A cropped version of a bigger task.", "description": "Auto-generated task from a single workload (uuid=594a8187-33d1-4b27-9823-c8668630c9f3)", "subtasks": [ { "title": "GnocchiResource.create_delete_resource", "description": "Create resource and then delete it.", "scenario": { "GnocchiResource.create_delete_resource": {} }, "contexts": { "users": { "tenants": 3, "users_per_tenant": 2 } }, "runner": { "constant": { "concurrency": 4, "times": 10 } }, "hooks": [], "sla": { "failure_rate": { "max": 0 } } } ] }
2019-12-10 06:47:12.529 6547 RALLYDEBUG rally_openstack.contexts.keystone.users [-] Creating 3 tenants using 20 threads
2019-12-10 06:47:13.573 6547 RALLYDEBUG rally_openstack.contexts.keystone.users [-] Creating 6 users using 20 threads
2019-12-10 06:47:15.174 6547 INFO rally.task.context [-] Task 488819c2-b240-452a-b49b-f1e43ed58c88 | Context users@openstack setup() finished in 2.64 sec
2019-12-10 06:47:15.175 6547 INFO rally.task.context [-] Task 488819c2-b240-452a-b49b-f1e43ed58c88 | Context cleanup@openstack setup() finished in 0.01 msec
2019-12-10 06:47:15.185 6547 RALLYDEBUG rally.task.runner [-] Starting the constant runner (task UUID: 488819c2-b240-452a-b49b-f1e43ed58c88). times: 10 concurrency: 4 timeout: 0 max_cpu_used: 16 processes_to_start: 4 concurrency_per_worker: 1 concurrency_overhead: 0
2019-12-10 06:47:15.196 8411 RALLYDEBUG rally.task.runner [-] Starting a worker. times: 10 duration: None concurrency: 1 timeout: 0 cls: method_name: run args: {}
2019-12-10 06:47:15.199 8412 RALLYDEBUG rally.task.runner [-] Starting a worker. times: 10 duration: None concurrency: 1 timeout: 0 cls: method_name: run args: {}
2019-12-10 06:47:15.203 8411 INFO rally.task.runner [-] Task 488819c2-b240-452a-b49b-f1e43ed58c88 | ITER: 1 START
2019-12-10 06:47:15.203 8413 RALLYDEBUG rally.task.runner [-] Starting a worker. times: 10 duration: None concurrency: 1 timeout: 0 cls: method_name: run args: {}
2019-12-10 06:47:15.205 8412 INFO rally.task.runner [-] Task 488819c2-b240-452a-b49b-f1e43ed58c88 | ITER: 2 START
2019-12-10 06:47:15.206 8415 RALLYDEBUG rally.task.runner [-] Starting a worker. times: 10 duration: None concurrency: 1 timeout: 0 cls: method_name: run args: {}
2019-12-10 06:47:15.209 8413 INFO rally.task.runner [-] Task 488819c2-b240-452a-b49b-f1e43ed58c88 | ITER: 3 START
2019-12-10 06:47:15.213 8415 INFO rally.task.runner [-] Task 488819c2-b240-452a-b49b-f1e43ed58c88 | ITER: 4 START
2019-12-10 06:47:15.783 8413 INFO rally.task.runner [-] Task 488819c2-b240-452a-b49b-f1e43ed58c88 | ITER: 3 END: OK
2019-12-10 06:47:15.784 8411 INFO rally.task.runner [-] Task 488819c2-b240-452a-b49b-f1e43ed58c88 | ITER: 1 END: OK
2019-12-10 06:47:15.788 8415 INFO rally.task.runner [-] Task 488819c2-b240-452a-b49b-f1e43ed58c88 | ITER: 4 END: OK
2019-12-10 06:47:15.788 8413 INFO rally.task.runner [-] Task 488819c2-b240-452a-b49b-f1e43ed58c88 | ITER: 5 START
2019-12-10 06:47:15.789 8411 INFO rally.task.runner [-] Task 488819c2-b240-452a-b49b-f1e43ed58c88 | ITER: 6 START
2019-12-10 06:47:15.791 8415 INFO rally.task.runner [-] Task 488819c2-b240-452a-b49b-f1e43ed58c88 | ITER: 7 START
2019-12-10 06:47:15.800 8412 INFO rally.task.runner [-] Task 488819c2-b240-452a-b49b-f1e43ed58c88 | ITER: 2 END: OK
2019-12-10 06:47:15.805 8412 INFO rally.task.runner [-] Task 488819c2-b240-452a-b49b-f1e43ed58c88 | ITER: 8 START
2019-12-10 06:47:16.185 8413 INFO rally.task.runner [-] Task 488819c2-b240-452a-b49b-f1e43ed58c88 | ITER: 5 END: OK
2019-12-10 06:47:16.189 8413 INFO rally.task.runner [-] Task 488819c2-b240-452a-b49b-f1e43ed58c88 | ITER: 9 START
2019-12-10 06:47:16.216 8412 INFO rally.task.runner [-] Task 488819c2-b240-452a-b49b-f1e43ed58c88 | ITER: 8 END: OK
2019-12-10 06:47:16.219 8412 INFO rally.task.runner [-] Task 488819c2-b240-452a-b49b-f1e43ed58c88 | ITER: 10 START
2019-12-10 06:47:16.241 8415 INFO rally.task.runner [-] Task 488819c2-b240-452a-b49b-f1e43ed58c88 | ITER: 7 END: OK
2019-12-10 06:47:16.299 8411 INFO rally.task.runner [-] Task 488819c2-b240-452a-b49b-f1e43ed58c88 | ITER: 6 END: OK
2019-12-10 06:47:16.597 8413 INFO rally.task.runner [-] Task 488819c2-b240-452a-b49b-f1e43ed58c88 | ITER: 9 END: OK
2019-12-10 06:47:16.640 8412 INFO rally.task.runner [-] Task 488819c2-b240-452a-b49b-f1e43ed58c88 | ITER: 10 END: OK
2019-12-10 06:47:16.663 6547 INFO rally.task.context [-] Task 488819c2-b240-452a-b49b-f1e43ed58c88 | Context cleanup@openstack cleanup() started
2019-12-10 06:47:16.667 6547 RALLYDEBUG rally_openstack.cleanup.manager [-] Cleaning up gnocchi resource objects
2019-12-10 06:47:17.864 6547 INFO rally.task.context [-] Task 488819c2-b240-452a-b49b-f1e43ed58c88 | Context cleanup@openstack cleanup() finished in 1.20 sec
2019-12-10 06:47:17.865 6547 INFO rally.task.context [-] Task 488819c2-b240-452a-b49b-f1e43ed58c88 | Context users@openstack cleanup() started
2019-12-10 06:47:22.297 6547 INFO rally.task.context [-] Task 488819c2-b240-452a-b49b-f1e43ed58c88 | Context users@openstack cleanup() finished in 4.43 sec
2019-12-10 06:47:22.633 6547 INFO rally.task.engine [-] Load duration is: 1.435817
2019-12-10 06:47:22.633 6547 INFO rally.task.engine [-] Full runner duration is: 1.479315
2019-12-10 06:47:22.634 6547 INFO rally.task.engine [-] Full duration is: 9.768858
2019-12-10 06:47:22.917 6547 INFO rally.task.engine [-] Task 488819c2-b240-452a-b49b-f1e43ed58c88 | Completed: Running task.
2019-12-10 06:47:24.434 8493 RALLYDEBUG rally.api [-] INFO logs from urllib3 and requests module are hide.
2019-12-10 06:47:24.434 8493 RALLYDEBUG rally.api [-] urllib3 insecure warnings are hidden.
2019-12-10 06:47:24.434 8493 RALLYDEBUG rally.api [-] ERROR log from boto module is hide.
2019-12-10 06:47:25.642 8494 RALLYDEBUG rally.api [-] INFO logs from urllib3 and requests module are hide.
2019-12-10 06:47:25.642 8494 RALLYDEBUG rally.api [-] urllib3 insecure warnings are hidden.
2019-12-10 06:47:25.642 8494 RALLYDEBUG rally.api [-] ERROR log from boto module is hide.
2019-12-10 06:47:26.768 8495 RALLYDEBUG rally.api [-] INFO logs from urllib3 and requests module are hide.
2019-12-10 06:47:26.768 8495 RALLYDEBUG rally.api [-] urllib3 insecure warnings are hidden.
2019-12-10 06:47:26.768 8495 RALLYDEBUG rally.api [-] ERROR log from boto module is hide.
2019-12-10 06:47:28.577 8495 INFO rally.api [-] Building 'json' report for the following task(s): '488819c2-b240-452a-b49b-f1e43ed58c88'.
2019-12-10 06:47:28.599 8495 INFO rally.api [-] The report has been successfully built.
2019-12-10 06:47:29.904 8497 RALLYDEBUG rally.api [-] INFO logs from urllib3 and requests module are hide.
2019-12-10 06:47:29.904 8497 RALLYDEBUG rally.api [-] urllib3 insecure warnings are hidden.
2019-12-10 06:47:29.904 8497 RALLYDEBUG rally.api [-] ERROR log from boto module is hide.
2019-12-10 06:47:31.816 8497 INFO rally.task.engine [-] Task f68c9227-52e5-463c-8281-7d65d236dced | Starting: Task validation.
2019-12-10 06:47:31.869 8497 INFO rally.task.engine [-] Task f68c9227-52e5-463c-8281-7d65d236dced | Starting: Task validation of syntax.
2019-12-10 06:47:32.056 8497 INFO rally.task.engine [-] Task f68c9227-52e5-463c-8281-7d65d236dced | Completed: Task validation of syntax.
2019-12-10 06:47:32.056 8497 INFO rally.task.engine [-] Task f68c9227-52e5-463c-8281-7d65d236dced | Starting: Task validation of required platforms.
2019-12-10 06:47:32.131 8497 INFO rally.task.engine [-] Task f68c9227-52e5-463c-8281-7d65d236dced | Completed: Task validation of required platforms.
2019-12-10 06:47:32.133 8497 INFO rally.task.engine [-] Task f68c9227-52e5-463c-8281-7d65d236dced | Starting: Task validation of semantic.
2019-12-10 06:47:32.133 8497 INFO rally.task.engine [-] Check health of the environment 'd5c14118-836a-4e0c-a67c-e2921db8f91e'.
2019-12-10 06:47:33.163 8497 INFO rally.task.engine [-] Platform existing@openstack (available: True): OK!
2019-12-10 06:47:33.182 8497 RALLYDEBUG rally_openstack.contexts.keystone.users [-] Creating 1 tenants using 20 threads
2019-12-10 06:47:34.024 8497 RALLYDEBUG rally_openstack.contexts.keystone.users [-] Creating 1 users using 20 threads
2019-12-10 06:47:35.576 8497 INFO rally.task.context [-] Task f68c9227-52e5-463c-8281-7d65d236dced | Context users@openstack setup() finished in 2.39 sec
2019-12-10 06:47:36.293 8497 RALLYDEBUG rally_openstack.contexts.keystone.roles [-] Adding role heat_stack_owner having ID 8362dbe3797a44158298cd7aad1754dd to all users using 30 threads
2019-12-10 06:47:38.383 8497 RALLYDEBUG rally_openstack.contexts.keystone.roles [-] Removing assigned role 8362dbe3797a44158298cd7aad1754dd from all users
2019-12-10 06:47:40.303 8497 RALLYDEBUG rally_openstack.contexts.keystone.roles [-] Adding role heat_stack_owner having ID 8362dbe3797a44158298cd7aad1754dd to all users using 30 threads
2019-12-10 06:47:41.809 8497 RALLYDEBUG rally_openstack.contexts.keystone.roles [-] Removing assigned role 8362dbe3797a44158298cd7aad1754dd from all users
2019-12-10 06:47:43.732 8497 RALLYDEBUG rally_openstack.contexts.keystone.roles [-] Adding role heat_stack_owner having ID 8362dbe3797a44158298cd7aad1754dd to all users using 30 threads
2019-12-10 06:47:45.018 8497 RALLYDEBUG rally_openstack.contexts.keystone.roles [-] Removing assigned role 8362dbe3797a44158298cd7aad1754dd from all users
2019-12-10 06:47:46.884 8497 RALLYDEBUG rally_openstack.contexts.keystone.roles [-] Adding role heat_stack_owner having ID 8362dbe3797a44158298cd7aad1754dd to all users using 30 threads
2019-12-10 06:47:48.167 8497 RALLYDEBUG rally_openstack.contexts.keystone.roles [-] Removing assigned role 8362dbe3797a44158298cd7aad1754dd from all users
2019-12-10 06:47:50.078 8497 RALLYDEBUG rally_openstack.contexts.keystone.roles [-] Adding role heat_stack_owner having ID 8362dbe3797a44158298cd7aad1754dd to all users using 30 threads
2019-12-10 06:47:51.689 8497 RALLYDEBUG rally_openstack.contexts.keystone.roles [-] Removing assigned role 8362dbe3797a44158298cd7aad1754dd from all users
2019-12-10 06:47:53.586 8497 RALLYDEBUG rally_openstack.contexts.keystone.roles [-] Adding role heat_stack_owner having ID 8362dbe3797a44158298cd7aad1754dd to all users using 30 threads
2019-12-10 06:47:54.861 8497 RALLYDEBUG rally_openstack.contexts.keystone.roles [-] Removing assigned role 8362dbe3797a44158298cd7aad1754dd from all users
2019-12-10 06:47:56.784 8497 RALLYDEBUG rally_openstack.contexts.keystone.roles [-] Adding role heat_stack_owner having ID 8362dbe3797a44158298cd7aad1754dd to all users using 30 threads
2019-12-10 06:47:58.116 8497 RALLYDEBUG rally_openstack.contexts.keystone.roles [-] Removing assigned role 8362dbe3797a44158298cd7aad1754dd from all users
2019-12-10 06:48:00.021 8497 RALLYDEBUG rally_openstack.contexts.keystone.roles [-] Adding role heat_stack_owner having ID 8362dbe3797a44158298cd7aad1754dd to all users using 30 threads
2019-12-10 06:48:01.291 8497 RALLYDEBUG rally_openstack.contexts.keystone.roles [-] Removing assigned role 8362dbe3797a44158298cd7aad1754dd from all users
2019-12-10 06:48:03.195 8497 RALLYDEBUG rally_openstack.contexts.keystone.roles [-] Adding role heat_stack_owner having ID 8362dbe3797a44158298cd7aad1754dd to all users using 30 threads
2019-12-10 06:48:04.499 8497 RALLYDEBUG rally_openstack.contexts.keystone.roles [-] Removing assigned role 8362dbe3797a44158298cd7aad1754dd from all users
2019-12-10 06:48:06.455 8497 RALLYDEBUG rally_openstack.contexts.keystone.roles [-] Adding role heat_stack_owner having ID 8362dbe3797a44158298cd7aad1754dd to all users using 30 threads
2019-12-10 06:48:07.780 8497 RALLYDEBUG rally_openstack.contexts.keystone.roles [-] Removing assigned role 8362dbe3797a44158298cd7aad1754dd from all users
2019-12-10 06:48:09.707 8497 RALLYDEBUG rally_openstack.contexts.keystone.roles [-] Adding role heat_stack_owner having ID 8362dbe3797a44158298cd7aad1754dd to all users using 30 threads
2019-12-10 06:48:10.968 8497 RALLYDEBUG rally_openstack.contexts.keystone.roles [-] Removing assigned role 8362dbe3797a44158298cd7aad1754dd from all users
2019-12-10 06:48:12.904 8497 RALLYDEBUG rally_openstack.contexts.keystone.roles [-] Adding role heat_stack_owner having ID 8362dbe3797a44158298cd7aad1754dd to all users using 30 threads
2019-12-10 06:48:14.437 8497 RALLYDEBUG rally_openstack.contexts.keystone.roles [-] Removing assigned role 8362dbe3797a44158298cd7aad1754dd from all users
2019-12-10 06:48:15.972 8497 INFO rally.task.context [-] Task f68c9227-52e5-463c-8281-7d65d236dced | Context users@openstack cleanup() started
2019-12-10 06:48:19.058 8497 INFO rally.task.context [-] Task f68c9227-52e5-463c-8281-7d65d236dced | Context users@openstack cleanup() finished in 3.09 sec
2019-12-10 06:48:19.059 8497 INFO rally.task.engine [-] Task f68c9227-52e5-463c-8281-7d65d236dced | Completed: Task validation of semantic.
2019-12-10 06:48:19.059 8497 INFO rally.task.engine [-] Task f68c9227-52e5-463c-8281-7d65d236dced | Completed: Task validation.
2019-12-10 06:48:19.060 8497 INFO rally.api [-] Task f68c9227-52e5-463c-8281-7d65d236dced input file is valid.
