2019-12-10 07:30:56.448 21027 RALLYDEBUG rally.task.runner [-] Starting a worker. times: 10 duration: None concurrency: 1 timeout: 0 cls: method_name: run args: {"flavor": "d4a2a61f-8358-470d-8c42-8a75d9292926", "image": "e2082952-64e1-494f-a61c-acae11bc7e6a", "nics": [{"net-id": "d9d946f1-00aa-4f41-8f9b-e4e8a85d4b17"}]}
2019-12-10 07:30:56.452 21028 RALLYDEBUG rally.task.runner [-] Starting a worker. times: 10 duration: None concurrency: 1 timeout: 0 cls: method_name: run args: {"flavor": "d4a2a61f-8358-470d-8c42-8a75d9292926", "image": "e2082952-64e1-494f-a61c-acae11bc7e6a", "nics": [{"net-id": "d9d946f1-00aa-4f41-8f9b-e4e8a85d4b17"}]}
2019-12-10 07:30:56.456 21027 INFO rally.task.runner [-] Task 4e8ca0c3-0d8f-4d97-b1f9-96e3694a2663 | ITER: 1 START
2019-12-10 07:30:56.456 21029 RALLYDEBUG rally.task.runner [-] Starting a worker. times: 10 duration: None concurrency: 1 timeout: 0 cls: method_name: run args: {"flavor": "d4a2a61f-8358-470d-8c42-8a75d9292926", "image": "e2082952-64e1-494f-a61c-acae11bc7e6a", "nics": [{"net-id": "d9d946f1-00aa-4f41-8f9b-e4e8a85d4b17"}]}
2019-12-10 07:30:56.460 21028 INFO rally.task.runner [-] Task 4e8ca0c3-0d8f-4d97-b1f9-96e3694a2663 | ITER: 2 START
2019-12-10 07:30:56.459 21030 RALLYDEBUG rally.task.runner [-] Starting a worker. times: 10 duration: None concurrency: 1 timeout: 0 cls: method_name: run args: {"flavor": "d4a2a61f-8358-470d-8c42-8a75d9292926", "image": "e2082952-64e1-494f-a61c-acae11bc7e6a", "nics": [{"net-id": "d9d946f1-00aa-4f41-8f9b-e4e8a85d4b17"}]}
2019-12-10 07:30:56.463 21029 INFO rally.task.runner [-] Task 4e8ca0c3-0d8f-4d97-b1f9-96e3694a2663 | ITER: 3 START
2019-12-10 07:30:56.466 21030 INFO rally.task.runner [-] Task 4e8ca0c3-0d8f-4d97-b1f9-96e3694a2663 | ITER: 4 START
2019-12-10 07:31:06.178 21029 RALLYDEBUG rally.task.utils [-] Waiting for resource s_rally_3597efef_w3BolG2W. Status changed: BUILD => ACTIVE in 7.3074376583099365
2019-12-10 07:31:06.919 21028 RALLYDEBUG rally.task.utils [-] Waiting for resource s_rally_3597efef_G4ryvT0d. Status changed: BUILD => ACTIVE in 7.164660692214966
2019-12-10 07:31:08.468 21030 RALLYDEBUG rally.task.utils [-] Waiting for resource s_rally_3597efef_7YK7jj99. Status changed: BUILD => ACTIVE in 9.582108974456787
2019-12-10 07:31:08.572 21029 INFO rally.task.runner [-] Task 4e8ca0c3-0d8f-4d97-b1f9-96e3694a2663 | ITER: 3 END: OK
2019-12-10 07:31:08.577 21029 INFO rally.task.runner [-] Task 4e8ca0c3-0d8f-4d97-b1f9-96e3694a2663 | ITER: 5 START
2019-12-10 07:31:08.587 21027 RALLYDEBUG rally.task.utils [-] Waiting for resource s_rally_3597efef_sgPbBlEZ. Status changed: BUILD => ACTIVE in 9.054239511489868
2019-12-10 07:31:09.384 21028 INFO rally.task.runner [-] Task 4e8ca0c3-0d8f-4d97-b1f9-96e3694a2663 | ITER: 2 END: OK
2019-12-10 07:31:09.389 21028 INFO rally.task.runner [-] Task 4e8ca0c3-0d8f-4d97-b1f9-96e3694a2663 | ITER: 6 START
2019-12-10 07:31:10.793 21030 INFO rally.task.runner [-] Task 4e8ca0c3-0d8f-4d97-b1f9-96e3694a2663 | ITER: 4 END: OK
2019-12-10 07:31:10.798 21030 INFO rally.task.runner [-] Task 4e8ca0c3-0d8f-4d97-b1f9-96e3694a2663 | ITER: 7 START
2019-12-10 07:31:10.893 21027 INFO rally.task.runner [-] Task 4e8ca0c3-0d8f-4d97-b1f9-96e3694a2663 | ITER: 1 END: OK
2019-12-10 07:31:10.898 21027 INFO rally.task.runner [-] Task 4e8ca0c3-0d8f-4d97-b1f9-96e3694a2663 | ITER: 8 START
2019-12-10 07:31:17.455 21028 RALLYDEBUG rally.task.utils [-] Waiting for resource s_rally_3597efef_LZ0kQwLk. Status changed: BUILD => ACTIVE in 4.744075775146484
2019-12-10 07:31:18.147 21029 RALLYDEBUG rally.task.utils [-] Waiting for resource s_rally_3597efef_AeoWYSKH. Status changed: BUILD => ACTIVE in 6.993369817733765
2019-12-10 07:31:19.943 21028 INFO rally.task.runner [-] Task 4e8ca0c3-0d8f-4d97-b1f9-96e3694a2663 | ITER: 6 END: OK
2019-12-10 07:31:19.949 21028 INFO rally.task.runner [-] Task 4e8ca0c3-0d8f-4d97-b1f9-96e3694a2663 | ITER: 9 START
2019-12-10 07:31:20.052 21030 RALLYDEBUG rally.task.utils [-] Waiting for resource s_rally_3597efef_RfMvadnD. Status changed: BUILD => ACTIVE in 6.953411102294922
2019-12-10 07:31:20.479 21029 INFO rally.task.runner [-] Task 4e8ca0c3-0d8f-4d97-b1f9-96e3694a2663 | ITER: 5 END: OK
2019-12-10 07:31:20.485 21029 INFO rally.task.runner [-] Task 4e8ca0c3-0d8f-4d97-b1f9-96e3694a2663 | ITER: 10 START
2019-12-10 07:31:22.517 21030 INFO rally.task.runner [-] Task 4e8ca0c3-0d8f-4d97-b1f9-96e3694a2663 | ITER: 7 END: OK
2019-12-10 07:31:22.916 21027 RALLYDEBUG rally.task.utils [-] Waiting for resource s_rally_3597efef_6ppSxa6q. Status changed: BUILD => ACTIVE in 9.242558002471924
2019-12-10 07:31:25.242 21027 INFO rally.task.runner [-] Task 4e8ca0c3-0d8f-4d97-b1f9-96e3694a2663 | ITER: 8 END: OK
2019-12-10 07:31:27.541 21029 RALLYDEBUG rally.task.utils [-] Waiting for resource s_rally_3597efef_zuO95bxq. Status changed: BUILD => ACTIVE in 4.768847703933716
2019-12-10 07:31:29.781 21028 RALLYDEBUG rally.task.utils [-] Waiting for resource s_rally_3597efef_HmVCd8Pr. Status changed: BUILD => ACTIVE in 6.969414472579956
2019-12-10 07:31:29.922 21029 INFO rally.task.runner [-] Task 4e8ca0c3-0d8f-4d97-b1f9-96e3694a2663 | ITER: 10 END: OK
2019-12-10 07:31:32.235 21028 INFO rally.task.runner [-] Task 4e8ca0c3-0d8f-4d97-b1f9-96e3694a2663 | ITER: 9 END: OK
2019-12-10 07:31:32.264 20411 INFO rally.task.context [-] Task 4e8ca0c3-0d8f-4d97-b1f9-96e3694a2663 | Context cleanup@openstack cleanup() started
2019-12-10 07:31:32.267 20411 RALLYDEBUG rally_openstack.cleanup.manager [-] Cleaning up nova servers objects
2019-12-10 07:31:33.736 20411 RALLYDEBUG rally_openstack.cleanup.manager [-] Cleaning up nova server_groups objects
2019-12-10 07:31:34.908 20411 RALLYDEBUG rally_openstack.cleanup.manager [-] Cleaning up nova keypairs objects
2019-12-10 07:31:37.417 20411 INFO rally.task.context [-] Task 4e8ca0c3-0d8f-4d97-b1f9-96e3694a2663 | Context cleanup@openstack cleanup() finished in 5.15 sec
2019-12-10 07:31:37.418 20411 INFO rally.task.context [-] Task 4e8ca0c3-0d8f-4d97-b1f9-96e3694a2663 | Context network@openstack cleanup() started
2019-12-10 07:32:00.966 20411 INFO rally.task.context [-] Task 4e8ca0c3-0d8f-4d97-b1f9-96e3694a2663 | Context network@openstack cleanup() finished in 23.55 sec
2019-12-10 07:32:00.967 20411 INFO rally.task.context [-] Task 4e8ca0c3-0d8f-4d97-b1f9-96e3694a2663 | Context quotas@openstack cleanup() started
2019-12-10 07:32:01.257 20411 INFO rally.task.context [-] Task 4e8ca0c3-0d8f-4d97-b1f9-96e3694a2663 | Context quotas@openstack cleanup() finished in 0.29 sec
2019-12-10 07:32:01.257 20411 INFO rally.task.context [-] Task 4e8ca0c3-0d8f-4d97-b1f9-96e3694a2663 | Context users@openstack cleanup() started
2019-12-10 07:32:05.439 20411 INFO rally.task.context [-] Task 4e8ca0c3-0d8f-4d97-b1f9-96e3694a2663 | Context users@openstack cleanup() finished in 4.18 sec
2019-12-10 07:32:05.681 20411 INFO rally.task.engine [-] Load duration is: 34.777844
2019-12-10 07:32:05.681 20411 INFO rally.task.engine [-] Full runner duration is: 35.828232
2019-12-10 07:32:05.682 20411 INFO rally.task.engine [-] Full duration is: 88.147978
2019-12-10 07:32:06.039 20411 INFO rally.task.engine [-] Running workload: position = 0 config = { "version": 2, "title": "A cropped version of a bigger task.", "description": "Auto-generated task from a single workload (uuid=9ee10b2f-3d3e-49bb-a4ef-6ae30e49586f)", "subtasks": [ { "title": "NovaServers.boot_and_list_server", "description": "Boot a server from an image and then list all servers.", "scenario": { "NovaServers.boot_and_list_server": { "detailed": true, "flavor": { "name": "rally_full-flavor_68cbd2e2-4670-4bbc-9b99-19b3f4b7f2a8" }, "image": { "name": "rally_full-img_68cbd2e2-4670-4bbc-9b99-19b3f4b7f2a8" }, "nics": [ { "net-id": "d9d946f1-00aa-4f41-8f9b-e4e8a85d4b17" } ] } }, "contexts": { "users": { "tenants": 3, "users_per_tenant": 2 }, "network": { "networks_per_tenant": 1, "start_cidr": "100.1.0.0/25" }, "quotas": { "neutron": { "network": -1, "port": -1, "subnet": -1 }, "nova": { "cores": -1, "floating_ips": -1, "instances": -1, "ram": -1, "security_group_rules": -1, "security_groups": -1 } } }, "runner": { "constant": { "concurrency": 4, "times": 10 } }, "hooks": [], "sla": { "failure_rate": { "max": 0 } } } ] }
2019-12-10 07:32:06.059 20411 RALLYDEBUG rally_openstack.contexts.keystone.users [-] Creating 3 tenants using 20 threads
2019-12-10 07:32:07.072 20411 RALLYDEBUG rally_openstack.contexts.keystone.users [-] Creating 6 users using 20 threads
2019-12-10 07:32:08.647 20411 INFO rally.task.context [-] Task 4e8ca0c3-0d8f-4d97-b1f9-96e3694a2663 | Context users@openstack setup() finished in 2.59 sec
2019-12-10 07:32:10.562 20411 INFO rally.task.context [-] Task 4e8ca0c3-0d8f-4d97-b1f9-96e3694a2663 | Context quotas@openstack setup() finished in 1.91 sec
2019-12-10 07:32:12.793 20411 RALLYDEBUG rally_openstack.wrappers.network [-] CIDR generated: 100.1.3.0/25
2019-12-10 07:32:17.352 20411 RALLYDEBUG rally_openstack.wrappers.network [-] CIDR generated: 100.1.3.128/25
2019-12-10 07:32:21.415 20411 RALLYDEBUG rally_openstack.wrappers.network [-] CIDR generated: 100.1.4.0/25
2019-12-10 07:32:23.723 20411 INFO rally.task.context [-] Task 4e8ca0c3-0d8f-4d97-b1f9-96e3694a2663 | Context network@openstack setup() finished in 13.16 sec
2019-12-10 07:32:23.724 20411 INFO rally.task.context [-] Task 4e8ca0c3-0d8f-4d97-b1f9-96e3694a2663 | Context cleanup@openstack setup() finished in 0.02 msec
2019-12-10 07:32:24.562 20411 RALLYDEBUG rally.task.runner [-] Starting the constant runner (task UUID: 4e8ca0c3-0d8f-4d97-b1f9-96e3694a2663). times: 10 concurrency: 4 timeout: 0 max_cpu_used: 16 processes_to_start: 4 concurrency_per_worker: 1 concurrency_overhead: 0
2019-12-10 07:32:24.574 21191 RALLYDEBUG rally.task.runner [-] Starting a worker. times: 10 duration: None concurrency: 1 timeout: 0 cls: method_name: run args: {"detailed": true, "flavor": "d4a2a61f-8358-470d-8c42-8a75d9292926", "image": "e2082952-64e1-494f-a61c-acae11bc7e6a", "nics": [{"net-id": "d9d946f1-00aa-4f41-8f9b-e4e8a85d4b17"}]}
2019-12-10 07:32:24.577 21192 RALLYDEBUG rally.task.runner [-] Starting a worker. times: 10 duration: None concurrency: 1 timeout: 0 cls: method_name: run args: {"detailed": true, "flavor": "d4a2a61f-8358-470d-8c42-8a75d9292926", "image": "e2082952-64e1-494f-a61c-acae11bc7e6a", "nics": [{"net-id": "d9d946f1-00aa-4f41-8f9b-e4e8a85d4b17"}]}
2019-12-10 07:32:24.581 21191 INFO rally.task.runner [-] Task 4e8ca0c3-0d8f-4d97-b1f9-96e3694a2663 | ITER: 1 START
2019-12-10 07:32:24.581 21193 RALLYDEBUG rally.task.runner [-] Starting a worker. times: 10 duration: None concurrency: 1 timeout: 0 cls: method_name: run args: {"detailed": true, "flavor": "d4a2a61f-8358-470d-8c42-8a75d9292926", "image": "e2082952-64e1-494f-a61c-acae11bc7e6a", "nics": [{"net-id": "d9d946f1-00aa-4f41-8f9b-e4e8a85d4b17"}]}
2019-12-10 07:32:24.585 21192 INFO rally.task.runner [-] Task 4e8ca0c3-0d8f-4d97-b1f9-96e3694a2663 | ITER: 2 START
2019-12-10 07:32:24.585 21195 RALLYDEBUG rally.task.runner [-] Starting a worker. times: 10 duration: None concurrency: 1 timeout: 0 cls: method_name: run args: {"detailed": true, "flavor": "d4a2a61f-8358-470d-8c42-8a75d9292926", "image": "e2082952-64e1-494f-a61c-acae11bc7e6a", "nics": [{"net-id": "d9d946f1-00aa-4f41-8f9b-e4e8a85d4b17"}]}
2019-12-10 07:32:24.588 21193 INFO rally.task.runner [-] Task 4e8ca0c3-0d8f-4d97-b1f9-96e3694a2663 | ITER: 3 START
2019-12-10 07:32:24.592 21195 INFO rally.task.runner [-] Task 4e8ca0c3-0d8f-4d97-b1f9-96e3694a2663 | ITER: 4 START
2019-12-10 07:32:31.745 21193 RALLYDEBUG rally.task.utils [-] Waiting for resource s_rally_9ee10b2f_CZFb9p1R. Status changed: BUILD => ACTIVE in 4.54606819152832
2019-12-10 07:32:31.888 21191 RALLYDEBUG rally.task.utils [-] Waiting for resource s_rally_9ee10b2f_tJQGBVK8. Status changed: BUILD => ACTIVE in 4.539127826690674
2019-12-10 07:32:32.004 21193 INFO rally.task.runner [-] Task 4e8ca0c3-0d8f-4d97-b1f9-96e3694a2663 | ITER: 3 END: OK
2019-12-10 07:32:32.009 21193 INFO rally.task.runner [-] Task 4e8ca0c3-0d8f-4d97-b1f9-96e3694a2663 | ITER: 5 START
2019-12-10 07:32:32.184 21191 INFO rally.task.runner [-] Task 4e8ca0c3-0d8f-4d97-b1f9-96e3694a2663 | ITER: 1 END: OK
2019-12-10 07:32:32.188 21191 INFO rally.task.runner [-] Task 4e8ca0c3-0d8f-4d97-b1f9-96e3694a2663 | ITER: 6 START
2019-12-10 07:32:34.026 21192 RALLYDEBUG rally.task.utils [-] Waiting for resource s_rally_9ee10b2f_QQcFbcea. Status changed: BUILD => ACTIVE in 6.903719425201416
2019-12-10 07:32:34.137 21195 RALLYDEBUG rally.task.utils [-] Waiting for resource s_rally_9ee10b2f_Jbsi0RXX. Status changed: BUILD => ACTIVE in 6.7229344844818115
2019-12-10 07:32:34.453 21192 INFO rally.task.runner [-] Task 4e8ca0c3-0d8f-4d97-b1f9-96e3694a2663 | ITER: 2 END: OK
2019-12-10 07:32:34.458 21192 INFO rally.task.runner [-] Task 4e8ca0c3-0d8f-4d97-b1f9-96e3694a2663 | ITER: 7 START
2019-12-10 07:32:34.534 21195 INFO rally.task.runner [-] Task 4e8ca0c3-0d8f-4d97-b1f9-96e3694a2663 | ITER: 4 END: OK
2019-12-10 07:32:34.539 21195 INFO rally.task.runner [-] Task 4e8ca0c3-0d8f-4d97-b1f9-96e3694a2663 | ITER: 8 START
2019-12-10 07:32:41.794 21193 RALLYDEBUG rally.task.utils [-] Waiting for resource s_rally_9ee10b2f_aUpvZUlq. Status changed: BUILD => ACTIVE in 7.106597185134888
2019-12-10 07:32:41.966 21192 RALLYDEBUG rally.task.utils [-] Waiting for resource s_rally_9ee10b2f_VgNRe3Xe. Status changed: BUILD => ACTIVE in 4.87190580368042
2019-12-10 07:32:42.218 21193 INFO rally.task.runner [-] Task 4e8ca0c3-0d8f-4d97-b1f9-96e3694a2663 | ITER: 5 END: OK
2019-12-10 07:32:42.222 21193 INFO rally.task.runner [-] Task 4e8ca0c3-0d8f-4d97-b1f9-96e3694a2663 | ITER: 9 START
2019-12-10 07:32:42.328 21192 INFO rally.task.runner [-] Task 4e8ca0c3-0d8f-4d97-b1f9-96e3694a2663 | ITER: 7 END: OK
2019-12-10 07:32:42.333 21192 INFO rally.task.runner [-] Task 4e8ca0c3-0d8f-4d97-b1f9-96e3694a2663 | ITER: 10 START
2019-12-10 07:32:43.594 21191 RALLYDEBUG rally.task.utils [-] Waiting for resource s_rally_9ee10b2f_mRYjnS1P. Status changed: BUILD => ACTIVE in 8.971327543258667
2019-12-10 07:32:44.047 21191 INFO rally.task.runner [-] Task 4e8ca0c3-0d8f-4d97-b1f9-96e3694a2663 | ITER: 6 END: OK
2019-12-10 07:32:46.115 21195 RALLYDEBUG rally.task.utils [-] Waiting for resource s_rally_9ee10b2f_Oqsy2ZzD. Status changed: BUILD => ACTIVE in 9.086204051971436
2019-12-10 07:32:46.418 21195 INFO rally.task.runner [-] Task 4e8ca0c3-0d8f-4d97-b1f9-96e3694a2663 | ITER: 8 END: OK
2019-12-10 07:32:49.034 21193 RALLYDEBUG rally.task.utils [-] Waiting for resource s_rally_9ee10b2f_OzHFZQZr. Status changed: BUILD => ACTIVE in 4.720708131790161
2019-12-10 07:32:49.379 21193 INFO rally.task.runner [-] Task 4e8ca0c3-0d8f-4d97-b1f9-96e3694a2663 | ITER: 9 END: OK
2019-12-10 07:32:51.667 21192 RALLYDEBUG rally.task.utils [-] Waiting for resource s_rally_9ee10b2f_KxIhdTYw. Status changed: BUILD => ACTIVE in 7.196325302124023
2019-12-10 07:32:51.993 21192 INFO rally.task.runner [-] Task 4e8ca0c3-0d8f-4d97-b1f9-96e3694a2663 | ITER: 10 END: OK
2019-12-10 07:32:52.024 20411 INFO rally.task.context [-] Task 4e8ca0c3-0d8f-4d97-b1f9-96e3694a2663 | Context cleanup@openstack cleanup() started
2019-12-10 07:32:52.028 20411 RALLYDEBUG rally_openstack.cleanup.manager [-] Cleaning up nova servers objects
2019-12-10 07:32:54.731 20411 RALLYDEBUG rally_openstack.cleanup.manager [-] Deleting nova.servers object s_rally_9ee10b2f_aUpvZUlq (fd39fad4-4727-4b46-ba22-ffa51290cda7)
2019-12-10 07:32:54.741 20411 RALLYDEBUG rally_openstack.cleanup.manager [-] Deleting nova.servers object s_rally_9ee10b2f_Jbsi0RXX (19d32185-e9b8-4b92-8042-fb42608469bc)
2019-12-10 07:32:54.749 20411 RALLYDEBUG rally_openstack.cleanup.manager [-] Deleting nova.servers object s_rally_9ee10b2f_KxIhdTYw (eab6e9f1-5418-40ca-9622-4a8048d2b56f)
2019-12-10 07:32:54.759 20411 RALLYDEBUG rally_openstack.cleanup.manager [-] Deleting nova.servers object s_rally_9ee10b2f_Oqsy2ZzD (c92e574c-f74e-43c3-947c-1d2011d5e608)
2019-12-10 07:32:54.763 20411 RALLYDEBUG rally_openstack.cleanup.manager [-] Deleting nova.servers object s_rally_9ee10b2f_mRYjnS1P (c2960255-9af9-45c3-a69e-6b786690c05f)
2019-12-10 07:32:54.769 20411 RALLYDEBUG rally_openstack.cleanup.manager [-] Deleting nova.servers object s_rally_9ee10b2f_tJQGBVK8 (529a6919-09dc-4214-ae23-6aa008748c4a)
2019-12-10 07:32:54.786 20411 RALLYDEBUG rally_openstack.cleanup.manager [-] Deleting nova.servers object s_rally_9ee10b2f_QQcFbcea (0f740069-88db-4657-b670-ee965d3f4de3)
2019-12-10 07:32:54.794 20411 RALLYDEBUG rally_openstack.cleanup.manager [-] Deleting nova.servers object s_rally_9ee10b2f_OzHFZQZr (b163801c-897b-4aac-9f58-33911c11c96e)
2019-12-10 07:32:54.815 20411 RALLYDEBUG rally_openstack.cleanup.manager [-] Deleting nova.servers object s_rally_9ee10b2f_VgNRe3Xe (f503c748-8490-4ad4-8be8-ed2ba8158a8a)
2019-12-10 07:32:54.830 20411 RALLYDEBUG rally_openstack.cleanup.manager [-] Deleting nova.servers object s_rally_9ee10b2f_CZFb9p1R (7b1b34c2-3d04-496f-b949-f837c857ecb8)
2019-12-10 07:33:00.428 20411 RALLYDEBUG rally_openstack.cleanup.manager [-] Cleaning up nova server_groups objects
2019-12-10 07:33:01.620 20411 RALLYDEBUG rally_openstack.cleanup.manager [-] Cleaning up nova keypairs objects
2019-12-10 07:33:04.080 20411 INFO rally.task.context [-] Task 4e8ca0c3-0d8f-4d97-b1f9-96e3694a2663 | Context cleanup@openstack cleanup() finished in 12.06 sec
2019-12-10 07:33:04.080 20411 INFO rally.task.context [-] Task 4e8ca0c3-0d8f-4d97-b1f9-96e3694a2663 | Context network@openstack cleanup() started
2019-12-10 07:33:27.369 20411 INFO rally.task.context [-] Task 4e8ca0c3-0d8f-4d97-b1f9-96e3694a2663 | Context network@openstack cleanup() finished in 23.29 sec
2019-12-10 07:33:27.370 20411 INFO rally.task.context [-] Task 4e8ca0c3-0d8f-4d97-b1f9-96e3694a2663 | Context quotas@openstack cleanup() started
2019-12-10 07:33:27.665 20411 INFO rally.task.context [-] Task 4e8ca0c3-0d8f-4d97-b1f9-96e3694a2663 | Context quotas@openstack cleanup() finished in 0.30 sec
2019-12-10 07:33:27.666 20411 INFO rally.task.context [-] Task 4e8ca0c3-0d8f-4d97-b1f9-96e3694a2663 | Context users@openstack cleanup() started
2019-12-10 07:33:32.192 20411 INFO rally.task.context [-] Task 4e8ca0c3-0d8f-4d97-b1f9-96e3694a2663 | Context users@openstack cleanup() finished in 4.53 sec
2019-12-10 07:33:32.445 20411 INFO rally.task.engine [-] Load duration is: 26.410491
2019-12-10 07:33:32.445 20411 INFO rally.task.engine [-] Full runner duration is: 27.463336
2019-12-10 07:33:32.446 20411 INFO rally.task.engine [-] Full duration is: 86.135298
2019-12-10 07:33:32.773 20411 INFO rally.task.engine [-] Running workload: position = 0 config = { "version": 2, "title": "A cropped version of a bigger task.", "description": "Auto-generated task from a single workload (uuid=2fa6a77c-a4b0-41ae-a222-81763036ae53)", "subtasks": [ { "title": "NovaServers.boot_and_rebuild_server", "description": "Rebuild a server.", "scenario": { "NovaServers.boot_and_rebuild_server": { "flavor": { "name": "rally_full-flavor_68cbd2e2-4670-4bbc-9b99-19b3f4b7f2a8" }, "from_image": { "name": "rally_full-img_68cbd2e2-4670-4bbc-9b99-19b3f4b7f2a8" }, "to_image": { "name": "rally_full-img_68cbd2e2-4670-4bbc-9b99-19b3f4b7f2a8" }, "nics": [ { "net-id": "d9d946f1-00aa-4f41-8f9b-e4e8a85d4b17" } ] } }, "contexts": { "users": { "tenants": 3, "users_per_tenant": 2 }, "network": { "networks_per_tenant": 1, "start_cidr": "100.1.0.0/25" }, "quotas": { "neutron": { "network": -1, "port": -1, "subnet": -1 }, "nova": { "cores": -1, "floating_ips": -1, "instances": -1, "ram": -1, "security_group_rules": -1, "security_groups": -1 } } }, "runner": { "constant": { "concurrency": 4, "times": 10 } }, "hooks": [], "sla": { "failure_rate": { "max": 0 } } } ] }
2019-12-10 07:33:32.799 20411 RALLYDEBUG rally_openstack.contexts.keystone.users [-] Creating 3 tenants using 20 threads
2019-12-10 07:33:33.831 20411 RALLYDEBUG rally_openstack.contexts.keystone.users [-] Creating 6 users using 20 threads
2019-12-10 07:33:35.320 20411 INFO rally.task.context [-] Task 4e8ca0c3-0d8f-4d97-b1f9-96e3694a2663 | Context users@openstack setup() finished in 2.52 sec
2019-12-10 07:33:37.100 20411 INFO rally.task.context [-] Task 4e8ca0c3-0d8f-4d97-b1f9-96e3694a2663 | Context quotas@openstack setup() finished in 1.78 sec
2019-12-10 07:33:39.714 20411 RALLYDEBUG rally_openstack.wrappers.network [-] CIDR generated: 100.1.4.128/25
2019-12-10 07:33:44.090 20411 RALLYDEBUG rally_openstack.wrappers.network [-] CIDR generated: 100.1.5.0/25
2019-12-10 07:33:48.124 20411 RALLYDEBUG rally_openstack.wrappers.network [-] CIDR generated: 100.1.5.128/25
2019-12-10 07:33:50.324 20411 INFO rally.task.context [-] Task 4e8ca0c3-0d8f-4d97-b1f9-96e3694a2663 | Context network@openstack setup() finished in 13.22 sec
2019-12-10 07:33:50.325 20411 INFO rally.task.context [-] Task 4e8ca0c3-0d8f-4d97-b1f9-96e3694a2663 | Context cleanup@openstack setup() finished in 0.01 msec
2019-12-10 07:33:51.198 20411 RALLYDEBUG rally.task.runner [-] Starting the constant runner (task UUID: 4e8ca0c3-0d8f-4d97-b1f9-96e3694a2663). times: 10 concurrency: 4 timeout: 0 max_cpu_used: 16 processes_to_start: 4 concurrency_per_worker: 1 concurrency_overhead: 0
2019-12-10 07:33:51.211 21355 RALLYDEBUG rally.task.runner [-] Starting a worker. times: 10 duration: None concurrency: 1 timeout: 0 cls: method_name: run args: {"flavor": "d4a2a61f-8358-470d-8c42-8a75d9292926", "from_image": "e2082952-64e1-494f-a61c-acae11bc7e6a", "to_image": "e2082952-64e1-494f-a61c-acae11bc7e6a", "nics": [{"net-id": "d9d946f1-00aa-4f41-8f9b-e4e8a85d4b17"}]}
2019-12-10 07:33:51.214 21356 RALLYDEBUG rally.task.runner [-] Starting a worker. times: 10 duration: None concurrency: 1 timeout: 0 cls: method_name: run args: {"flavor": "d4a2a61f-8358-470d-8c42-8a75d9292926", "from_image": "e2082952-64e1-494f-a61c-acae11bc7e6a", "to_image": "e2082952-64e1-494f-a61c-acae11bc7e6a", "nics": [{"net-id": "d9d946f1-00aa-4f41-8f9b-e4e8a85d4b17"}]}
2019-12-10 07:33:51.219 21355 INFO rally.task.runner [-] Task 4e8ca0c3-0d8f-4d97-b1f9-96e3694a2663 | ITER: 1 START
2019-12-10 07:33:51.218 21357 RALLYDEBUG rally.task.runner [-] Starting a worker. times: 10 duration: None concurrency: 1 timeout: 0 cls: method_name: run args: {"flavor": "d4a2a61f-8358-470d-8c42-8a75d9292926", "from_image": "e2082952-64e1-494f-a61c-acae11bc7e6a", "to_image": "e2082952-64e1-494f-a61c-acae11bc7e6a", "nics": [{"net-id": "d9d946f1-00aa-4f41-8f9b-e4e8a85d4b17"}]}
2019-12-10 07:33:51.221 21356 INFO rally.task.runner [-] Task 4e8ca0c3-0d8f-4d97-b1f9-96e3694a2663 | ITER: 2 START
2019-12-10 07:33:51.222 21358 RALLYDEBUG rally.task.runner [-] Starting a worker. times: 10 duration: None concurrency: 1 timeout: 0 cls: method_name: run args: {"flavor": "d4a2a61f-8358-470d-8c42-8a75d9292926", "from_image": "e2082952-64e1-494f-a61c-acae11bc7e6a", "to_image": "e2082952-64e1-494f-a61c-acae11bc7e6a", "nics": [{"net-id": "d9d946f1-00aa-4f41-8f9b-e4e8a85d4b17"}]}
2019-12-10 07:33:51.225 21357 INFO rally.task.runner [-] Task 4e8ca0c3-0d8f-4d97-b1f9-96e3694a2663 | ITER: 3 START
2019-12-10 07:33:51.229 21358 INFO rally.task.runner [-] Task 4e8ca0c3-0d8f-4d97-b1f9-96e3694a2663 | ITER: 4 START
2019-12-10 07:33:59.150 21358 RALLYDEBUG rally.task.utils [-] Waiting for resource s_rally_2fa6a77c_OB7SUKT1. Status changed: BUILD => ACTIVE in 4.924707889556885
2019-12-10 07:34:00.379 21356 RALLYDEBUG rally.task.utils [-] Waiting for resource s_rally_2fa6a77c_ZrHd7fH8. Status changed: BUILD => ACTIVE in 6.924847602844238
2019-12-10 07:34:00.623 21355 RALLYDEBUG rally.task.utils [-] Waiting for resource s_rally_2fa6a77c_g43wBm7M. Status changed: BUILD => ACTIVE in 7.022650241851807
2019-12-10 07:34:00.708 21357 RALLYDEBUG rally.task.utils [-] Waiting for resource s_rally_2fa6a77c_t6lUYJFN. Status changed: BUILD => ACTIVE in 6.955838918685913
2019-12-10 07:34:00.800 21358 RALLYDEBUG rally.task.utils [-] Waiting for resource s_rally_2fa6a77c_OB7SUKT1. Status changed: ACTIVE => REBUILD in 0.24077677726745605
2019-12-10 07:34:01.882 21356 RALLYDEBUG rally.task.utils [-] Waiting for resource s_rally_2fa6a77c_ZrHd7fH8. Status changed: ACTIVE => REBUILD in 0.15780854225158691
2019-12-10 07:34:02.123 21355 RALLYDEBUG rally.task.utils [-] Waiting for resource s_rally_2fa6a77c_g43wBm7M. Status changed: ACTIVE => REBUILD in 0.19489669799804688
2019-12-10 07:34:02.274 21357 RALLYDEBUG rally.task.utils [-] Waiting for resource s_rally_2fa6a77c_t6lUYJFN. Status changed: ACTIVE => REBUILD in 0.2862396240234375
2019-12-10 07:34:18.652 21357 RALLYDEBUG rally.task.utils [-] Waiting for resource s_rally_2fa6a77c_t6lUYJFN. Status changed: REBUILD => ACTIVE in 16.377126455307007
2019-12-10 07:34:19.182 21355 RALLYDEBUG rally.task.utils [-] Waiting for resource s_rally_2fa6a77c_g43wBm7M. Status changed: REBUILD => ACTIVE in 17.058536052703857
2019-12-10 07:34:20.136 21356 RALLYDEBUG rally.task.utils [-] Waiting for resource s_rally_2fa6a77c_ZrHd7fH8. Status changed: REBUILD => ACTIVE in 18.253845930099487
2019-12-10 07:34:20.969 21357 INFO rally.task.runner [-] Task 4e8ca0c3-0d8f-4d97-b1f9-96e3694a2663 | ITER: 3 END: OK
2019-12-10 07:34:20.977 21357 INFO rally.task.runner [-] Task 4e8ca0c3-0d8f-4d97-b1f9-96e3694a2663 | ITER: 5 START
2019-12-10 07:34:21.579 21355 INFO rally.task.runner [-] Task 4e8ca0c3-0d8f-4d97-b1f9-96e3694a2663 | ITER: 1 END: OK
2019-12-10 07:34:21.586 21355 INFO rally.task.runner [-] Task 4e8ca0c3-0d8f-4d97-b1f9-96e3694a2663 | ITER: 6 START
2019-12-10 07:34:22.459 21356 INFO rally.task.runner [-] Task 4e8ca0c3-0d8f-4d97-b1f9-96e3694a2663 | ITER: 2 END: OK
2019-12-10 07:34:22.465 21356 INFO rally.task.runner [-] Task 4e8ca0c3-0d8f-4d97-b1f9-96e3694a2663 | ITER: 7 START
2019-12-10 07:34:28.291 21357 RALLYDEBUG rally.task.utils [-] Waiting for resource s_rally_2fa6a77c_7F4fwgnV. Status changed: BUILD => ACTIVE in 4.829410791397095
2019-12-10 07:34:30.150 21357 RALLYDEBUG rally.task.utils [-] Waiting for resource s_rally_2fa6a77c_7F4fwgnV. Status changed: ACTIVE => REBUILD in 0.5920305252075195
2019-12-10 07:34:30.859 21355 RALLYDEBUG rally.task.utils [-] Waiting for resource s_rally_2fa6a77c_WXjqqFVX. Status changed: BUILD => ACTIVE in 6.990400791168213
2019-12-10 07:34:31.947 21356 RALLYDEBUG rally.task.utils [-] Waiting for resource s_rally_2fa6a77c_b1K1igSH. Status changed: BUILD => ACTIVE in 6.972317457199097
2019-12-10 07:34:32.521 21355 RALLYDEBUG rally.task.utils [-] Waiting for resource s_rally_2fa6a77c_WXjqqFVX. Status changed: ACTIVE => REBUILD in 0.35337042808532715
2019-12-10 07:34:33.502 21356 RALLYDEBUG rally.task.utils [-] Waiting for resource s_rally_2fa6a77c_b1K1igSH. Status changed: ACTIVE => REBUILD in 0.2502577304840088
2019-12-10 07:34:38.721 21358 RALLYDEBUG rally.task.utils [-] Waiting for resource s_rally_2fa6a77c_OB7SUKT1. Status changed: REBUILD => ACTIVE in 37.92047715187073
2019-12-10 07:34:41.067 21358 INFO rally.task.runner [-] Task 4e8ca0c3-0d8f-4d97-b1f9-96e3694a2663 | ITER: 4 END: OK
2019-12-10 07:34:41.071 21358 INFO rally.task.runner [-] Task 4e8ca0c3-0d8f-4d97-b1f9-96e3694a2663 | ITER: 8 START
2019-12-10 07:34:45.624 21357 RALLYDEBUG rally.task.utils [-] Waiting for resource s_rally_2fa6a77c_7F4fwgnV. Status changed: REBUILD => ACTIVE in 15.47404432296753
2019-12-10 07:34:47.942 21357 INFO rally.task.runner [-] Task 4e8ca0c3-0d8f-4d97-b1f9-96e3694a2663 | ITER: 5 END: OK
2019-12-10 07:34:47.948 21357 INFO rally.task.runner [-] Task 4e8ca0c3-0d8f-4d97-b1f9-96e3694a2663 | ITER: 9 START
2019-12-10 07:34:49.030 21356 RALLYDEBUG rally.task.utils [-] Waiting for resource s_rally_2fa6a77c_b1K1igSH. Status changed: REBUILD => ACTIVE in 15.528849124908447
2019-12-10 07:34:50.653 21355 RALLYDEBUG rally.task.utils [-] Waiting for resource s_rally_2fa6a77c_WXjqqFVX. Status changed: REBUILD => ACTIVE in 18.132200717926025
2019-12-10 07:34:51.396 21356 INFO rally.task.runner [-] Task 4e8ca0c3-0d8f-4d97-b1f9-96e3694a2663 | ITER: 7 END: OK
2019-12-10 07:34:51.401 21356 INFO rally.task.runner [-] Task 4e8ca0c3-0d8f-4d97-b1f9-96e3694a2663 | ITER: 10 START
2019-12-10 07:34:52.251 21358 RALLYDEBUG rally.task.utils [-] Waiting for resource s_rally_2fa6a77c_z24capX7. Status changed: BUILD => ACTIVE in 8.893345832824707
2019-12-10 07:34:52.969 21355 INFO rally.task.runner [-] Task 4e8ca0c3-0d8f-4d97-b1f9-96e3694a2663 | ITER: 6 END: OK
2019-12-10 07:34:53.798 21358 RALLYDEBUG rally.task.utils [-] Waiting for resource s_rally_2fa6a77c_z24capX7. Status changed: ACTIVE => REBUILD in 0.20753097534179688
2019-12-10 07:34:54.868 21357 RALLYDEBUG rally.task.utils [-] Waiting for resource s_rally_2fa6a77c_8XFmiI2J. Status changed: BUILD => ACTIVE in 4.783174276351929
2019-12-10 07:34:56.292 21357 RALLYDEBUG rally.task.utils [-] Waiting for resource s_rally_2fa6a77c_8XFmiI2J. Status changed: ACTIVE => REBUILD in 0.1525263786315918
2019-12-10 07:35:00.368 21356 RALLYDEBUG rally.task.utils [-] Waiting for resource s_rally_2fa6a77c_PLxdcxCE. Status changed: BUILD => ACTIVE in 6.800596237182617
2019-12-10 07:35:01.852 21356 RALLYDEBUG rally.task.utils [-] Waiting for resource s_rally_2fa6a77c_PLxdcxCE. Status changed: ACTIVE => REBUILD in 0.18822073936462402
2019-12-10 07:35:09.432 21358 RALLYDEBUG rally.task.utils [-] Waiting for resource s_rally_2fa6a77c_z24capX7. Status changed: REBUILD => ACTIVE in 15.63419246673584
2019-12-10 07:35:11.772 21358 INFO rally.task.runner [-] Task 4e8ca0c3-0d8f-4d97-b1f9-96e3694a2663 | ITER: 8 END: OK
2019-12-10 07:35:11.782 21357 RALLYDEBUG rally.task.utils [-] Waiting for resource s_rally_2fa6a77c_8XFmiI2J. Status changed: REBUILD => ACTIVE in 15.489609241485596
2019-12-10 07:35:14.097 21357 INFO rally.task.runner [-] Task 4e8ca0c3-0d8f-4d97-b1f9-96e3694a2663 | ITER: 9 END: OK
2019-12-10 07:35:38.901 21356 RALLYDEBUG rally.task.utils [-] Waiting for resource s_rally_2fa6a77c_PLxdcxCE. Status changed: REBUILD => ACTIVE in 37.048399686813354
2019-12-10 07:35:41.344 21356 INFO rally.task.runner [-] Task 4e8ca0c3-0d8f-4d97-b1f9-96e3694a2663 | ITER: 10 END: OK
2019-12-10 07:35:41.379 20411 INFO rally.task.context [-] Task 4e8ca0c3-0d8f-4d97-b1f9-96e3694a2663 | Context cleanup@openstack cleanup() started
2019-12-10 07:35:41.388 20411 RALLYDEBUG rally_openstack.cleanup.manager [-] Cleaning up nova servers objects
2019-12-10 07:35:42.749 20411 RALLYDEBUG rally_openstack.cleanup.manager [-] Cleaning up nova server_groups objects
2019-12-10 07:35:43.939 20411 RALLYDEBUG rally_openstack.cleanup.manager [-] Cleaning up nova keypairs objects
2019-12-10 07:35:46.314 20411 INFO rally.task.context [-] Task 4e8ca0c3-0d8f-4d97-b1f9-96e3694a2663 | Context cleanup@openstack cleanup() finished in 4.93 sec
2019-12-10 07:35:46.314 20411 INFO rally.task.context [-] Task 4e8ca0c3-0d8f-4d97-b1f9-96e3694a2663 | Context network@openstack cleanup() started
2019-12-10 07:36:10.451 20411 INFO rally.task.context [-] Task 4e8ca0c3-0d8f-4d97-b1f9-96e3694a2663 | Context network@openstack cleanup() finished in 24.14 sec
2019-12-10 07:36:10.451 20411 INFO rally.task.context [-] Task 4e8ca0c3-0d8f-4d97-b1f9-96e3694a2663 | Context quotas@openstack cleanup() started
2019-12-10 07:36:10.798 20411 INFO rally.task.context [-] Task 4e8ca0c3-0d8f-4d97-b1f9-96e3694a2663 | Context quotas@openstack cleanup() finished in 0.35 sec
2019-12-10 07:36:10.799 20411 INFO rally.task.context [-] Task 4e8ca0c3-0d8f-4d97-b1f9-96e3694a2663 | Context users@openstack cleanup() started
2019-12-10 07:36:14.927 20411 INFO rally.task.context [-] Task 4e8ca0c3-0d8f-4d97-b1f9-96e3694a2663 | Context users@openstack cleanup() finished in 4.13 sec
2019-12-10 07:36:15.461 20411 INFO rally.task.engine [-] Load duration is: 108.124151
2019-12-10 07:36:15.462 20411 INFO rally.task.engine [-] Full runner duration is: 110.181031
2019-12-10 07:36:15.462 20411 INFO rally.task.engine [-] Full duration is: 162.130624
2019-12-10 07:36:15.808 20411 INFO rally.task.engine [-] Running workload: position = 0 config = { "version": 2, "title": "A cropped version of a bigger task.", "description": "Auto-generated task from a single workload (uuid=5a2ce0c7-f73e-4e05-b621-8ee22b5b6a97)", "subtasks": [ { "title": "NovaServers.snapshot_server", "description": "Boot a server, make its snapshot and delete both.", "scenario": { "NovaServers.snapshot_server": { "flavor": { "name": "rally_full-flavor_68cbd2e2-4670-4bbc-9b99-19b3f4b7f2a8" }, "image": { "name": "rally_full-img_68cbd2e2-4670-4bbc-9b99-19b3f4b7f2a8" }, "nics": [ { "net-id": "d9d946f1-00aa-4f41-8f9b-e4e8a85d4b17" } ] } }, "contexts": { "users": { "tenants": 3, "users_per_tenant": 2 }, "network": { "networks_per_tenant": 1, "start_cidr": "100.1.0.0/25" }, "quotas": { "neutron": { "network": -1, "port": -1, "subnet": -1 }, "nova": { "cores": -1, "floating_ips": -1, "instances": -1, "ram": -1, "security_group_rules": -1, "security_groups": -1 } } }, "runner": { "constant": { "concurrency": 4, "times": 10 } }, "hooks": [], "sla": { "failure_rate": { "max": 0 } } } ] }
2019-12-10 07:36:15.835 20411 RALLYDEBUG rally_openstack.contexts.keystone.users [-] Creating 3 tenants using 20 threads
2019-12-10 07:36:17.080 20411 RALLYDEBUG rally_openstack.contexts.keystone.users [-] Creating 6 users using 20 threads
2019-12-10 07:36:18.596 20411 INFO rally.task.context [-] Task 4e8ca0c3-0d8f-4d97-b1f9-96e3694a2663 | Context users@openstack setup() finished in 2.76 sec
2019-12-10 07:36:20.720 20411 INFO rally.task.context [-] Task 4e8ca0c3-0d8f-4d97-b1f9-96e3694a2663 | Context quotas@openstack setup() finished in 2.12 sec
2019-12-10 07:36:23.094 20411 RALLYDEBUG rally_openstack.wrappers.network [-] CIDR generated: 100.1.6.0/25
2019-12-10 07:36:27.599 20411 RALLYDEBUG rally_openstack.wrappers.network [-] CIDR generated: 100.1.6.128/25
2019-12-10 07:36:31.932 20411 RALLYDEBUG rally_openstack.wrappers.network [-] CIDR generated: 100.1.7.0/25
2019-12-10 07:36:34.631 20411 INFO rally.task.context [-] Task 4e8ca0c3-0d8f-4d97-b1f9-96e3694a2663 | Context network@openstack setup() finished in 13.91 sec
2019-12-10 07:36:34.632 20411 INFO rally.task.context [-] Task 4e8ca0c3-0d8f-4d97-b1f9-96e3694a2663 | Context cleanup@openstack setup() finished in 0.02 msec
2019-12-10 07:36:35.531 20411 RALLYDEBUG rally.task.runner [-] Starting the constant runner (task UUID: 4e8ca0c3-0d8f-4d97-b1f9-96e3694a2663). times: 10 concurrency: 4 timeout: 0 max_cpu_used: 16 processes_to_start: 4 concurrency_per_worker: 1 concurrency_overhead: 0
2019-12-10 07:36:35.543 21519 RALLYDEBUG rally.task.runner [-] Starting a worker. times: 10 duration: None concurrency: 1 timeout: 0 cls: method_name: run args: {"flavor": "d4a2a61f-8358-470d-8c42-8a75d9292926", "image": "e2082952-64e1-494f-a61c-acae11bc7e6a", "nics": [{"net-id": "d9d946f1-00aa-4f41-8f9b-e4e8a85d4b17"}]}
2019-12-10 07:36:35.546 21520 RALLYDEBUG rally.task.runner [-] Starting a worker. times: 10 duration: None concurrency: 1 timeout: 0 cls: method_name: run args: {"flavor": "d4a2a61f-8358-470d-8c42-8a75d9292926", "image": "e2082952-64e1-494f-a61c-acae11bc7e6a", "nics": [{"net-id": "d9d946f1-00aa-4f41-8f9b-e4e8a85d4b17"}]}
2019-12-10 07:36:35.550 21519 INFO rally.task.runner [-] Task 4e8ca0c3-0d8f-4d97-b1f9-96e3694a2663 | ITER: 1 START
2019-12-10 07:36:35.550 21521 RALLYDEBUG rally.task.runner [-] Starting a worker. times: 10 duration: None concurrency: 1 timeout: 0 cls: method_name: run args: {"flavor": "d4a2a61f-8358-470d-8c42-8a75d9292926", "image": "e2082952-64e1-494f-a61c-acae11bc7e6a", "nics": [{"net-id": "d9d946f1-00aa-4f41-8f9b-e4e8a85d4b17"}]}
2019-12-10 07:36:35.553 21520 INFO rally.task.runner [-] Task 4e8ca0c3-0d8f-4d97-b1f9-96e3694a2663 | ITER: 2 START
2019-12-10 07:36:35.554 21522 RALLYDEBUG rally.task.runner [-] Starting a worker. times: 10 duration: None concurrency: 1 timeout: 0 cls: method_name: run args: {"flavor": "d4a2a61f-8358-470d-8c42-8a75d9292926", "image": "e2082952-64e1-494f-a61c-acae11bc7e6a", "nics": [{"net-id": "d9d946f1-00aa-4f41-8f9b-e4e8a85d4b17"}]}
2019-12-10 07:36:35.557 21521 INFO rally.task.runner [-] Task 4e8ca0c3-0d8f-4d97-b1f9-96e3694a2663 | ITER: 3 START
2019-12-10 07:36:35.561 21522 INFO rally.task.runner [-] Task 4e8ca0c3-0d8f-4d97-b1f9-96e3694a2663 | ITER: 4 START
2019-12-10 07:36:42.638 21520 RALLYDEBUG rally.task.utils [-] Waiting for resource s_rally_5a2ce0c7_UOCLfdiR. Status changed: BUILD => ACTIVE in 4.591286659240723
2019-12-10 07:36:42.655 21522 RALLYDEBUG rally.task.utils [-] Waiting for resource s_rally_5a2ce0c7_22Q9Nt3p. Status changed: BUILD => ACTIVE in 4.609380722045898
2019-12-10 07:36:44.691 21521 RALLYDEBUG rally.task.utils [-] Waiting for resource s_rally_5a2ce0c7_BzAOTOj0. Status changed: BUILD => ACTIVE in 6.887813091278076
2019-12-10 07:36:44.882 21519 RALLYDEBUG rally.task.utils [-] Waiting for resource s_rally_5a2ce0c7_3d7kXEXG. Status changed: BUILD => ACTIVE in 6.920476198196411
2019-12-10 07:36:45.006 21520 RALLYDEBUG rally.task.utils [-] Waiting for resource s_rally_5a2ce0c7_UOCLfdiR. Status changed: QUEUED => ACTIVE in 2.0584962368011475
2019-12-10 07:36:47.053 21522 RALLYDEBUG rally.task.utils [-] Waiting for resource s_rally_5a2ce0c7_22Q9Nt3p. Status changed: QUEUED => ACTIVE in 4.068788051605225
2019-12-10 07:36:49.010 21521 RALLYDEBUG rally.task.utils [-] Waiting for resource s_rally_5a2ce0c7_BzAOTOj0. Status changed: QUEUED => ACTIVE in 4.075014352798462
2019-12-10 07:36:49.199 21519 RALLYDEBUG rally.task.utils [-] Waiting for resource s_rally_5a2ce0c7_3d7kXEXG. Status changed: QUEUED => ACTIVE in 4.0759687423706055
2019-12-10 07:36:53.608 21520 RALLYDEBUG rally.task.utils [-] Waiting for resource s_rally_5a2ce0c7_8Lm2wznU. Status changed: BUILD => ACTIVE in 4.521433591842651
2019-12-10 07:36:56.187 21520 WARNING /usr/lib/python3.6/site-packages/rally_openstack/scenarios/nova/utils.py [-] Method '_delete_image' of NovaScenario class is deprecated since Rally 0.10.0. Use GlanceUtils instead.
2019-12-10 07:36:56.325 21522 RALLYDEBUG rally.task.utils [-] Waiting for resource s_rally_5a2ce0c7_AYqASXOL. Status changed: BUILD => ACTIVE in 4.9333624839782715
2019-12-10 07:36:56.333 21520 DEBUG glanceclient.common.http [-] Request returned failure status 404. _handle_response /usr/lib/python3.6/site-packages/glanceclient/common/http.py:125
2019-12-10 07:36:56.340 21520 INFO rally.task.runner [-] Task 4e8ca0c3-0d8f-4d97-b1f9-96e3694a2663 | ITER: 2 END: OK
2019-12-10 07:36:56.345 21520 INFO rally.task.runner [-] Task 4e8ca0c3-0d8f-4d97-b1f9-96e3694a2663 | ITER: 5 START
2019-12-10 07:36:57.711 21521 RALLYDEBUG rally.task.utils [-] Waiting for resource s_rally_5a2ce0c7_NMhKqQy9. Status changed: BUILD => ACTIVE in 4.431948661804199
2019-12-10 07:36:58.026 21519 RALLYDEBUG rally.task.utils [-] Waiting for resource s_rally_5a2ce0c7_0rlxTX0u. Status changed: BUILD => ACTIVE in 4.520576477050781
2019-12-10 07:36:58.668 21522 WARNING /usr/lib/python3.6/site-packages/rally_openstack/scenarios/nova/utils.py [-] Method '_delete_image' of NovaScenario class is deprecated since Rally 0.10.0. Use GlanceUtils instead.
2019-12-10 07:36:58.809 21522 DEBUG glanceclient.common.http [-] Request returned failure status 404. _handle_response /usr/lib/python3.6/site-packages/glanceclient/common/http.py:125
2019-12-10 07:36:58.815 21522 INFO rally.task.runner [-] Task 4e8ca0c3-0d8f-4d97-b1f9-96e3694a2663 | ITER: 4 END: OK
2019-12-10 07:36:58.821 21522 INFO rally.task.runner [-] Task 4e8ca0c3-0d8f-4d97-b1f9-96e3694a2663 | ITER: 6 START
2019-12-10 07:37:00.172 21521 WARNING /usr/lib/python3.6/site-packages/rally_openstack/scenarios/nova/utils.py [-] Method '_delete_image' of NovaScenario class is deprecated since Rally 0.10.0. Use GlanceUtils instead.
2019-12-10 07:37:00.309 21521 DEBUG glanceclient.common.http [-] Request returned failure status 404. _handle_response /usr/lib/python3.6/site-packages/glanceclient/common/http.py:125
2019-12-10 07:37:00.315 21521 INFO rally.task.runner [-] Task 4e8ca0c3-0d8f-4d97-b1f9-96e3694a2663 | ITER: 3 END: OK
2019-12-10 07:37:00.321 21521 INFO rally.task.runner [-] Task 4e8ca0c3-0d8f-4d97-b1f9-96e3694a2663 | ITER: 7 START
2019-12-10 07:37:00.411 21519 WARNING /usr/lib/python3.6/site-packages/rally_openstack/scenarios/nova/utils.py [-] Method '_delete_image' of NovaScenario class is deprecated since Rally 0.10.0. Use GlanceUtils instead.
2019-12-10 07:37:00.553 21519 DEBUG glanceclient.common.http [-] Request returned failure status 404. _handle_response /usr/lib/python3.6/site-packages/glanceclient/common/http.py:125
2019-12-10 07:37:00.559 21519 INFO rally.task.runner [-] Task 4e8ca0c3-0d8f-4d97-b1f9-96e3694a2663 | ITER: 1 END: OK
2019-12-10 07:37:00.566 21519 INFO rally.task.runner [-] Task 4e8ca0c3-0d8f-4d97-b1f9-96e3694a2663 | ITER: 8 START
2019-12-10 07:37:05.825 21520 RALLYDEBUG rally.task.utils [-] Waiting for resource s_rally_5a2ce0c7_PInmskGc. Status changed: BUILD => ACTIVE in 6.81561803817749
2019-12-10 07:37:07.452 21521 RALLYDEBUG rally.task.utils [-] Waiting for resource s_rally_5a2ce0c7_Z45pmlMC. Status changed: BUILD => ACTIVE in 5.025758743286133
2019-12-10 07:37:07.781 21519 RALLYDEBUG rally.task.utils [-] Waiting for resource s_rally_5a2ce0c7_qIbapoEJ. Status changed: BUILD => ACTIVE in 4.967170715332031
2019-12-10 07:37:08.101 21522 RALLYDEBUG rally.task.utils [-] Waiting for resource s_rally_5a2ce0c7_zBeH924o. Status changed: BUILD => ACTIVE in 6.993877410888672
2019-12-10 07:37:09.737 21521 RALLYDEBUG rally.task.utils [-] Waiting for resource s_rally_5a2ce0c7_Z45pmlMC. Status changed: QUEUED => SAVING in 2.04679799079895
2019-12-10 07:37:10.048 21519 RALLYDEBUG rally.task.utils [-] Waiting for resource s_rally_5a2ce0c7_qIbapoEJ. Status changed: QUEUED => SAVING in 2.04580020904541
2019-12-10 07:37:10.304 21520 RALLYDEBUG rally.task.utils [-] Waiting for resource s_rally_5a2ce0c7_PInmskGc. Status changed: QUEUED => ACTIVE in 4.064411878585815
2019-12-10 07:37:11.765 21521 RALLYDEBUG rally.task.utils [-] Waiting for resource s_rally_5a2ce0c7_Z45pmlMC. Status changed: SAVING => ACTIVE in 2.027531862258911
2019-12-10 07:37:12.072 21519 RALLYDEBUG rally.task.utils [-] Waiting for resource s_rally_5a2ce0c7_qIbapoEJ. Status changed: SAVING => ACTIVE in 2.0241024494171143
2019-12-10 07:37:12.392 21522 RALLYDEBUG rally.task.utils [-] Waiting for resource s_rally_5a2ce0c7_zBeH924o. Status changed: QUEUED => ACTIVE in 4.064272403717041
2019-12-10 07:37:19.211 21520 RALLYDEBUG rally.task.utils [-] Waiting for resource s_rally_5a2ce0c7_02GhKWHH. Status changed: BUILD => ACTIVE in 4.527393579483032
2019-12-10 07:37:20.598 21519 RALLYDEBUG rally.task.utils [-] Waiting for resource s_rally_5a2ce0c7_scdjcAzd. Status changed: BUILD => ACTIVE in 4.607027292251587
2019-12-10 07:37:20.769 21522 RALLYDEBUG rally.task.utils [-] Waiting for resource s_rally_5a2ce0c7_pWG4obFr. Status changed: BUILD => ACTIVE in 4.428785562515259
2019-12-10 07:37:21.950 21520 WARNING /usr/lib/python3.6/site-packages/rally_openstack/scenarios/nova/utils.py [-] Method '_delete_image' of NovaScenario class is deprecated since Rally 0.10.0. Use GlanceUtils instead.
2019-12-10 07:37:22.089 21520 DEBUG glanceclient.common.http [-] Request returned failure status 404. _handle_response /usr/lib/python3.6/site-packages/glanceclient/common/http.py:125
2019-12-10 07:37:22.091 21520 INFO rally.task.runner [-] Task 4e8ca0c3-0d8f-4d97-b1f9-96e3694a2663 | ITER: 5 END: OK
2019-12-10 07:37:22.096 21520 INFO rally.task.runner [-] Task 4e8ca0c3-0d8f-4d97-b1f9-96e3694a2663 | ITER: 9 START
2019-12-10 07:37:22.927 21521 RALLYDEBUG rally.task.utils [-] Waiting for resource s_rally_5a2ce0c7_1WZhkz7c. Status changed: BUILD => ACTIVE in 7.017236232757568
2019-12-10 07:37:23.121 21519 WARNING /usr/lib/python3.6/site-packages/rally_openstack/scenarios/nova/utils.py [-] Method '_delete_image' of NovaScenario class is deprecated since Rally 0.10.0. Use GlanceUtils instead.
2019-12-10 07:37:23.169 21522 WARNING /usr/lib/python3.6/site-packages/rally_openstack/scenarios/nova/utils.py [-] Method '_delete_image' of NovaScenario class is deprecated since Rally 0.10.0. Use GlanceUtils instead.
2019-12-10 07:37:23.281 21519 DEBUG glanceclient.common.http [-] Request returned failure status 404. _handle_response /usr/lib/python3.6/site-packages/glanceclient/common/http.py:125
2019-12-10 07:37:23.282 21519 INFO rally.task.runner [-] Task 4e8ca0c3-0d8f-4d97-b1f9-96e3694a2663 | ITER: 8 END: OK
2019-12-10 07:37:23.286 21519 INFO rally.task.runner [-] Task 4e8ca0c3-0d8f-4d97-b1f9-96e3694a2663 | ITER: 10 START
2019-12-10 07:37:23.292 21522 DEBUG glanceclient.common.http [-] Request returned failure status 404. _handle_response /usr/lib/python3.6/site-packages/glanceclient/common/http.py:125
2019-12-10 07:37:23.293 21522 INFO rally.task.runner [-] Task 4e8ca0c3-0d8f-4d97-b1f9-96e3694a2663 | ITER: 6 END: OK
2019-12-10 07:37:25.323 21521 WARNING /usr/lib/python3.6/site-packages/rally_openstack/scenarios/nova/utils.py [-] Method '_delete_image' of NovaScenario class is deprecated since Rally 0.10.0. Use GlanceUtils instead.
2019-12-10 07:37:25.464 21521 DEBUG glanceclient.common.http [-] Request returned failure status 404. _handle_response /usr/lib/python3.6/site-packages/glanceclient/common/http.py:125
2019-12-10 07:37:25.465 21521 INFO rally.task.runner [-] Task 4e8ca0c3-0d8f-4d97-b1f9-96e3694a2663 | ITER: 7 END: OK
2019-12-10 07:37:28.838 21520 RALLYDEBUG rally.task.utils [-] Waiting for resource s_rally_5a2ce0c7_Y4SqFgBp. Status changed: BUILD => ACTIVE in 4.6514997482299805
2019-12-10 07:37:29.959 21519 RALLYDEBUG rally.task.utils [-] Waiting for resource s_rally_5a2ce0c7_bRPUptYN. Status changed: BUILD => ACTIVE in 4.4851438999176025
2019-12-10 07:37:31.126 21520 RALLYDEBUG rally.task.utils [-] Waiting for resource s_rally_5a2ce0c7_Y4SqFgBp. Status changed: QUEUED => SAVING in 2.0456554889678955
2019-12-10 07:37:32.238 21519 RALLYDEBUG rally.task.utils [-] Waiting for resource s_rally_5a2ce0c7_bRPUptYN. Status changed: QUEUED => ACTIVE in 2.0479393005371094
2019-12-10 07:37:33.152 21520 RALLYDEBUG rally.task.utils [-] Waiting for resource s_rally_5a2ce0c7_Y4SqFgBp. Status changed: SAVING => ACTIVE in 2.026150703430176
2019-12-10 07:37:41.077 21519 RALLYDEBUG rally.task.utils [-] Waiting for resource s_rally_5a2ce0c7_y93e9fEk. Status changed: BUILD => ACTIVE in 4.589988946914673
2019-12-10 07:37:43.580 21519 WARNING /usr/lib/python3.6/site-packages/rally_openstack/scenarios/nova/utils.py [-] Method '_delete_image' of NovaScenario class is deprecated since Rally 0.10.0. Use GlanceUtils instead.
2019-12-10 07:37:43.758 21519 DEBUG glanceclient.common.http [-] Request returned failure status 404. _handle_response /usr/lib/python3.6/site-packages/glanceclient/common/http.py:125
2019-12-10 07:37:43.760 21519 INFO rally.task.runner [-] Task 4e8ca0c3-0d8f-4d97-b1f9-96e3694a2663 | ITER: 10 END: OK
2019-12-10 07:37:44.135 21520 RALLYDEBUG rally.task.utils [-] Waiting for resource s_rally_5a2ce0c7_VfnKSOpz. Status changed: BUILD => ACTIVE in 6.621987342834473
2019-12-10 07:37:46.545 21520 WARNING /usr/lib/python3.6/site-packages/rally_openstack/scenarios/nova/utils.py [-] Method '_delete_image' of NovaScenario class is deprecated since Rally 0.10.0. Use GlanceUtils instead.
2019-12-10 07:37:46.706 21520 DEBUG glanceclient.common.http [-] Request returned failure status 404. _handle_response /usr/lib/python3.6/site-packages/glanceclient/common/http.py:125
2019-12-10 07:37:46.707 21520 INFO rally.task.runner [-] Task 4e8ca0c3-0d8f-4d97-b1f9-96e3694a2663 | ITER: 9 END: OK
2019-12-10 07:37:46.739 20411 INFO rally.task.context [-] Task 4e8ca0c3-0d8f-4d97-b1f9-96e3694a2663 | Context cleanup@openstack cleanup() started
2019-12-10 07:37:46.743 20411 RALLYDEBUG rally_openstack.cleanup.manager [-] Cleaning up nova servers objects
2019-12-10 07:37:48.075 20411 RALLYDEBUG rally_openstack.cleanup.manager [-] Cleaning up nova server_groups objects
2019-12-10 07:37:49.240 20411 RALLYDEBUG rally_openstack.cleanup.manager [-] Cleaning up nova keypairs objects
2019-12-10 07:37:51.721 20411 RALLYDEBUG rally_openstack.cleanup.manager [-] Cleaning up glance images objects
2019-12-10 07:37:53.314 20411 INFO rally.task.context [-] Task 4e8ca0c3-0d8f-4d97-b1f9-96e3694a2663 | Context cleanup@openstack cleanup() finished in 6.57 sec
2019-12-10 07:37:53.314 20411 INFO rally.task.context [-] Task 4e8ca0c3-0d8f-4d97-b1f9-96e3694a2663 | Context network@openstack cleanup() started
2019-12-10 07:38:17.316 20411 INFO rally.task.context [-] Task 4e8ca0c3-0d8f-4d97-b1f9-96e3694a2663 | Context network@openstack cleanup() finished in 24.00 sec
2019-12-10 07:38:17.317 20411 INFO rally.task.context [-] Task 4e8ca0c3-0d8f-4d97-b1f9-96e3694a2663 | Context quotas@openstack cleanup() started
2019-12-10 07:38:17.580 20411 INFO rally.task.context [-] Task 4e8ca0c3-0d8f-4d97-b1f9-96e3694a2663 | Context quotas@openstack cleanup() finished in 0.26 sec
2019-12-10 07:38:17.580 20411 INFO rally.task.context [-] Task 4e8ca0c3-0d8f-4d97-b1f9-96e3694a2663 | Context users@openstack cleanup() started
2019-12-10 07:38:21.737 20411 INFO rally.task.context [-] Task 4e8ca0c3-0d8f-4d97-b1f9-96e3694a2663 | Context users@openstack cleanup() finished in 4.16 sec
2019-12-10 07:38:22.426 20411 INFO rally.task.engine [-] Load duration is: 69.156046
2019-12-10 07:38:22.426 20411 INFO rally.task.engine [-] Full runner duration is: 71.20883
2019-12-10 07:38:22.427 20411 INFO rally.task.engine [-] Full duration is: 125.904872
