2019-12-10 07:14:48.620 20127 INFO rally.task.runner [-] Task a77ceca8-c64d-42ab-9ece-bcdbe7932983 | ITER: 3 END: OK
2019-12-10 07:14:48.625 20127 INFO rally.task.runner [-] Task a77ceca8-c64d-42ab-9ece-bcdbe7932983 | ITER: 6 START
2019-12-10 07:14:48.626 20127 RALLYDEBUG rally_openstack.wrappers.network [-] CIDR generated: 10.2.107.0/24
2019-12-10 07:14:48.807 20125 INFO rally.task.runner [-] Task a77ceca8-c64d-42ab-9ece-bcdbe7932983 | ITER: 1 END: OK
2019-12-10 07:14:48.812 20125 INFO rally.task.runner [-] Task a77ceca8-c64d-42ab-9ece-bcdbe7932983 | ITER: 7 START
2019-12-10 07:14:48.814 20125 RALLYDEBUG rally_openstack.wrappers.network [-] CIDR generated: 10.2.108.0/24
2019-12-10 07:14:48.897 20126 INFO rally.task.runner [-] Task a77ceca8-c64d-42ab-9ece-bcdbe7932983 | ITER: 2 END: OK
2019-12-10 07:14:48.901 20126 INFO rally.task.runner [-] Task a77ceca8-c64d-42ab-9ece-bcdbe7932983 | ITER: 8 START
2019-12-10 07:14:48.903 20126 RALLYDEBUG rally_openstack.wrappers.network [-] CIDR generated: 10.2.109.0/24
2019-12-10 07:14:49.594 20127 RALLYDEBUG rally_openstack.wrappers.network [-] CIDR generated: 10.2.110.0/24
2019-12-10 07:14:49.730 20128 RALLYDEBUG rally_openstack.wrappers.network [-] CIDR generated: 10.2.111.0/24
2019-12-10 07:14:49.949 20126 RALLYDEBUG rally_openstack.wrappers.network [-] CIDR generated: 10.2.112.0/24
2019-12-10 07:14:50.093 20125 RALLYDEBUG rally_openstack.wrappers.network [-] CIDR generated: 10.2.113.0/24
2019-12-10 07:14:50.340 20127 INFO rally.task.runner [-] Task a77ceca8-c64d-42ab-9ece-bcdbe7932983 | ITER: 6 END: OK
2019-12-10 07:14:50.344 20127 INFO rally.task.runner [-] Task a77ceca8-c64d-42ab-9ece-bcdbe7932983 | ITER: 9 START
2019-12-10 07:14:50.346 20127 RALLYDEBUG rally_openstack.wrappers.network [-] CIDR generated: 10.2.114.0/24
2019-12-10 07:14:50.563 20128 INFO rally.task.runner [-] Task a77ceca8-c64d-42ab-9ece-bcdbe7932983 | ITER: 5 END: OK
2019-12-10 07:14:50.567 20128 INFO rally.task.runner [-] Task a77ceca8-c64d-42ab-9ece-bcdbe7932983 | ITER: 10 START
2019-12-10 07:14:50.568 20128 RALLYDEBUG rally_openstack.wrappers.network [-] CIDR generated: 10.2.115.0/24
2019-12-10 07:14:51.039 20126 INFO rally.task.runner [-] Task a77ceca8-c64d-42ab-9ece-bcdbe7932983 | ITER: 8 END: OK
2019-12-10 07:14:51.063 20125 INFO rally.task.runner [-] Task a77ceca8-c64d-42ab-9ece-bcdbe7932983 | ITER: 7 END: OK
2019-12-10 07:14:51.819 20127 RALLYDEBUG rally_openstack.wrappers.network [-] CIDR generated: 10.2.116.0/24
2019-12-10 07:14:51.896 20128 RALLYDEBUG rally_openstack.wrappers.network [-] CIDR generated: 10.2.117.0/24
2019-12-10 07:14:52.628 20127 INFO rally.task.runner [-] Task a77ceca8-c64d-42ab-9ece-bcdbe7932983 | ITER: 9 END: OK
2019-12-10 07:14:52.975 20128 INFO rally.task.runner [-] Task a77ceca8-c64d-42ab-9ece-bcdbe7932983 | ITER: 10 END: OK
2019-12-10 07:14:53.005 13785 INFO rally.task.context [-] Task a77ceca8-c64d-42ab-9ece-bcdbe7932983 | Context cleanup@openstack cleanup() started
2019-12-10 07:14:53.008 13785 RALLYDEBUG rally_openstack.cleanup.manager [-] Cleaning up neutron vip objects
2019-12-10 07:14:54.166 13785 RALLYDEBUG rally_openstack.cleanup.manager [-] Cleaning up neutron health_monitor objects
2019-12-10 07:14:55.279 13785 RALLYDEBUG rally_openstack.cleanup.manager [-] Cleaning up neutron pool objects
2019-12-10 07:14:56.378 13785 RALLYDEBUG rally_openstack.cleanup.manager [-] Cleaning up neutron loadbalancer objects
2019-12-10 07:14:57.495 13785 RALLYDEBUG rally_openstack.cleanup.manager [-] Cleaning up neutron floatingip objects
2019-12-10 07:14:58.715 13785 RALLYDEBUG rally_openstack.cleanup.manager [-] Cleaning up neutron trunk objects
2019-12-10 07:14:59.845 13785 RALLYDEBUG rally_openstack.cleanup.manager [-] Cleaning up neutron port objects
2019-12-10 07:15:01.192 13785 RALLYDEBUG rally_openstack.cleanup.manager [-] Cleaning up neutron subnet objects
2019-12-10 07:15:02.495 13785 RALLYDEBUG rally_openstack.cleanup.manager [-] Deleting neutron.subnet object s_rally_3a5b80be_GMIHptcz (28a63307-5cf0-405f-bac9-273af8d2526d)
2019-12-10 07:15:02.505 13785 RALLYDEBUG rally_openstack.cleanup.manager [-] Deleting neutron.subnet object s_rally_3a5b80be_MsPzr30W (2db59f22-453c-4a68-b13f-94d75eacbfe0)
2019-12-10 07:15:02.514 13785 RALLYDEBUG rally_openstack.cleanup.manager [-] Deleting neutron.subnet object s_rally_3a5b80be_a0l9R6tf (35df88ce-21c1-466a-8631-8a102bda19e4)
2019-12-10 07:15:02.520 13785 RALLYDEBUG rally_openstack.cleanup.manager [-] Deleting neutron.subnet object s_rally_3a5b80be_XscACBv1 (529afe62-ddec-40e7-a2f3-f06bb05c6643)
2019-12-10 07:15:02.529 13785 RALLYDEBUG rally_openstack.cleanup.manager [-] Deleting neutron.subnet object s_rally_3a5b80be_M2HSjox3 (71f379b9-c82b-4624-bb49-831f56ff55c1)
2019-12-10 07:15:02.542 13785 RALLYDEBUG rally_openstack.cleanup.manager [-] Deleting neutron.subnet object s_rally_3a5b80be_k0LFVSON (aeabf266-1e0b-4b6d-a14b-b67228a4d8fe)
2019-12-10 07:15:02.556 13785 RALLYDEBUG rally_openstack.cleanup.manager [-] Deleting neutron.subnet object s_rally_3a5b80be_53iYtKJy (b2265cf9-4934-4079-98da-4d1fd6765263)
2019-12-10 07:15:02.566 13785 RALLYDEBUG rally_openstack.cleanup.manager [-] Deleting neutron.subnet object s_rally_3a5b80be_PWvrvOtm (d4e0e92f-eb77-499b-99c8-cf93a2a57b55)
2019-12-10 07:15:02.579 13785 RALLYDEBUG rally_openstack.cleanup.manager [-] Deleting neutron.subnet object s_rally_3a5b80be_ucVYWv6t (ec938db1-ee57-4ca7-b849-e8cd662a21ea)
2019-12-10 07:15:02.596 13785 RALLYDEBUG rally_openstack.cleanup.manager [-] Deleting neutron.subnet object s_rally_3a5b80be_EuiYTVoW (ff7b2dd8-2f7e-4660-8358-78534769f97f)
2019-12-10 07:15:02.614 13785 RALLYDEBUG rally_openstack.cleanup.manager [-] Deleting neutron.subnet object s_rally_3a5b80be_OVxyQcdd (8cc62a7a-2b29-4037-98cc-d94b772273ab)
2019-12-10 07:15:02.621 13785 RALLYDEBUG rally_openstack.cleanup.manager [-] Deleting neutron.subnet object s_rally_3a5b80be_PCGuLWhU (172298c4-c1c9-463b-acd9-d347ed64b8d0)
2019-12-10 07:15:02.643 13785 RALLYDEBUG rally_openstack.cleanup.manager [-] Deleting neutron.subnet object s_rally_3a5b80be_YnHB6UTr (c25cdea0-9e5a-4931-8fee-75332c60d73d)
2019-12-10 07:15:02.652 13785 RALLYDEBUG rally_openstack.cleanup.manager [-] Deleting neutron.subnet object s_rally_3a5b80be_jeDRjVF9 (ea3d662f-8766-4790-9f92-552bc6cb2fb2)
2019-12-10 07:15:02.665 13785 RALLYDEBUG rally_openstack.cleanup.manager [-] Deleting neutron.subnet object s_rally_3a5b80be_6Jqo47FN (0262d9ce-b93b-43f1-8272-2ddc40b9054e)
2019-12-10 07:15:02.679 13785 RALLYDEBUG rally_openstack.cleanup.manager [-] Deleting neutron.subnet object s_rally_3a5b80be_Pak5bh2V (269f7f69-8880-4d24-a94c-0c58cee1d241)
2019-12-10 07:15:02.688 13785 RALLYDEBUG rally_openstack.cleanup.manager [-] Deleting neutron.subnet object s_rally_3a5b80be_27y4VvY8 (3e449915-7102-417e-b957-072d86557023)
2019-12-10 07:15:02.700 13785 RALLYDEBUG rally_openstack.cleanup.manager [-] Deleting neutron.subnet object s_rally_3a5b80be_kUaa2TJT (75feab8b-fa4e-43f9-b5aa-60e81ab04cfa)
2019-12-10 07:15:02.703 13785 RALLYDEBUG rally_openstack.cleanup.manager [-] Deleting neutron.subnet object s_rally_3a5b80be_LBaXegTf (823371c5-9508-4918-9512-80119cb758e5)
2019-12-10 07:15:02.708 13785 RALLYDEBUG rally_openstack.cleanup.manager [-] Deleting neutron.subnet object s_rally_3a5b80be_eXd4c9M0 (ee8f76eb-d93e-4963-8b65-f13f2e5b814d)
2019-12-10 07:15:12.737 13785 RALLYDEBUG rally_openstack.cleanup.manager [-] Cleaning up neutron network objects
2019-12-10 07:15:14.200 13785 RALLYDEBUG rally_openstack.cleanup.manager [-] Cleaning up neutron router objects
2019-12-10 07:15:15.428 13785 RALLYDEBUG rally_openstack.cleanup.manager [-] Cleaning up neutron security_group objects
2019-12-10 07:15:17.019 13785 INFO rally.task.context [-] Task a77ceca8-c64d-42ab-9ece-bcdbe7932983 | Context cleanup@openstack cleanup() finished in 24.01 sec
2019-12-10 07:15:17.020 13785 INFO rally.task.context [-] Task a77ceca8-c64d-42ab-9ece-bcdbe7932983 | Context network@openstack cleanup() started
2019-12-10 07:15:28.543 13785 INFO rally.task.context [-] Task a77ceca8-c64d-42ab-9ece-bcdbe7932983 | Context network@openstack cleanup() finished in 11.52 sec
2019-12-10 07:15:28.544 13785 INFO rally.task.context [-] Task a77ceca8-c64d-42ab-9ece-bcdbe7932983 | Context quotas@openstack cleanup() started
2019-12-10 07:15:28.679 13785 INFO rally.task.context [-] Task a77ceca8-c64d-42ab-9ece-bcdbe7932983 | Context quotas@openstack cleanup() finished in 0.14 sec
2019-12-10 07:15:28.680 13785 INFO rally.task.context [-] Task a77ceca8-c64d-42ab-9ece-bcdbe7932983 | Context users@openstack cleanup() started
2019-12-10 07:15:32.807 13785 INFO rally.task.context [-] Task a77ceca8-c64d-42ab-9ece-bcdbe7932983 | Context users@openstack cleanup() finished in 4.13 sec
2019-12-10 07:15:34.517 13785 INFO rally.task.engine [-] Load duration is: 6.284868
2019-12-10 07:15:34.518 13785 INFO rally.task.engine [-] Full runner duration is: 6.335585
2019-12-10 07:15:34.518 13785 INFO rally.task.engine [-] Full duration is: 52.543009
2019-12-10 07:15:34.803 13785 INFO rally.task.engine [-] Task a77ceca8-c64d-42ab-9ece-bcdbe7932983 | Completed: Running task.
2019-12-10 07:15:36.462 20407 RALLYDEBUG rally.api [-] INFO logs from urllib3 and requests module are hide.
2019-12-10 07:15:36.462 20407 RALLYDEBUG rally.api [-] urllib3 insecure warnings are hidden.
2019-12-10 07:15:36.462 20407 RALLYDEBUG rally.api [-] ERROR log from boto module is hide.
2019-12-10 07:15:37.688 20408 RALLYDEBUG rally.api [-] INFO logs from urllib3 and requests module are hide.
2019-12-10 07:15:37.689 20408 RALLYDEBUG rally.api [-] urllib3 insecure warnings are hidden.
2019-12-10 07:15:37.689 20408 RALLYDEBUG rally.api [-] ERROR log from boto module is hide.
2019-12-10 07:15:39.008 20409 RALLYDEBUG rally.api [-] INFO logs from urllib3 and requests module are hide.
2019-12-10 07:15:39.008 20409 RALLYDEBUG rally.api [-] urllib3 insecure warnings are hidden.
2019-12-10 07:15:39.008 20409 RALLYDEBUG rally.api [-] ERROR log from boto module is hide.
2019-12-10 07:15:40.700 20409 INFO rally.api [-] Building 'json' report for the following task(s): 'a77ceca8-c64d-42ab-9ece-bcdbe7932983'.
2019-12-10 07:15:40.739 20409 INFO rally.api [-] The report has been successfully built.
2019-12-10 07:15:42.165 20411 RALLYDEBUG rally.api [-] INFO logs from urllib3 and requests module are hide.
2019-12-10 07:15:42.165 20411 RALLYDEBUG rally.api [-] urllib3 insecure warnings are hidden.
2019-12-10 07:15:42.166 20411 RALLYDEBUG rally.api [-] ERROR log from boto module is hide.
2019-12-10 07:15:44.236 20411 INFO rally.task.engine [-] Task 4e8ca0c3-0d8f-4d97-b1f9-96e3694a2663 | Starting: Task validation.
2019-12-10 07:15:44.306 20411 INFO rally.task.engine [-] Task 4e8ca0c3-0d8f-4d97-b1f9-96e3694a2663 | Starting: Task validation of syntax.
2019-12-10 07:15:44.666 20411 INFO rally.task.engine [-] Task 4e8ca0c3-0d8f-4d97-b1f9-96e3694a2663 | Completed: Task validation of syntax.
2019-12-10 07:15:44.666 20411 INFO rally.task.engine [-] Task 4e8ca0c3-0d8f-4d97-b1f9-96e3694a2663 | Starting: Task validation of required platforms.
2019-12-10 07:15:44.809 20411 INFO rally.task.engine [-] Task 4e8ca0c3-0d8f-4d97-b1f9-96e3694a2663 | Completed: Task validation of required platforms.
2019-12-10 07:15:44.809 20411 INFO rally.task.engine [-] Task 4e8ca0c3-0d8f-4d97-b1f9-96e3694a2663 | Starting: Task validation of semantic.
2019-12-10 07:15:44.809 20411 INFO rally.task.engine [-] Check health of the environment 'd5c14118-836a-4e0c-a67c-e2921db8f91e'.
2019-12-10 07:15:45.796 20411 INFO rally.task.engine [-] Platform existing@openstack (available: True): OK!
2019-12-10 07:15:45.813 20411 RALLYDEBUG rally_openstack.contexts.keystone.users [-] Creating 1 tenants using 20 threads
2019-12-10 07:15:46.662 20411 RALLYDEBUG rally_openstack.contexts.keystone.users [-] Creating 1 users using 20 threads
2019-12-10 07:15:48.057 20411 INFO rally.task.context [-] Task 4e8ca0c3-0d8f-4d97-b1f9-96e3694a2663 | Context users@openstack setup() finished in 2.24 sec
2019-12-10 07:16:27.703 20411 INFO rally.task.context [-] Task 4e8ca0c3-0d8f-4d97-b1f9-96e3694a2663 | Context users@openstack cleanup() started
2019-12-10 07:16:30.523 20411 INFO rally.task.context [-] Task 4e8ca0c3-0d8f-4d97-b1f9-96e3694a2663 | Context users@openstack cleanup() finished in 2.82 sec
2019-12-10 07:16:30.524 20411 INFO rally.task.engine [-] Task 4e8ca0c3-0d8f-4d97-b1f9-96e3694a2663 | Completed: Task validation of semantic.
2019-12-10 07:16:30.524 20411 INFO rally.task.engine [-] Task 4e8ca0c3-0d8f-4d97-b1f9-96e3694a2663 | Completed: Task validation.
2019-12-10 07:16:30.525 20411 INFO rally.api [-] Task 4e8ca0c3-0d8f-4d97-b1f9-96e3694a2663 input file is valid.
2019-12-10 07:16:30.525 20411 INFO rally.api [-] Run Task 4e8ca0c3-0d8f-4d97-b1f9-96e3694a2663 against Deployment d5c14118-836a-4e0c-a67c-e2921db8f91e
2019-12-10 07:16:30.525 20411 INFO rally.task.engine [-] Task 4e8ca0c3-0d8f-4d97-b1f9-96e3694a2663 | Starting: Running task.
2019-12-10 07:16:30.733 20411 INFO rally.task.engine [-] Running workload: position = 0 config = { "version": 2, "title": "A cropped version of a bigger task.", "description": "Auto-generated task from a single workload (uuid=b534cb14-31cd-47fa-beb8-1136ba7c2538)", "subtasks": [ { "title": "NovaKeypair.create_and_delete_keypair", "description": "Create a keypair with random name and delete keypair.", "scenario": { "NovaKeypair.create_and_delete_keypair": {} }, "contexts": { "users": { "tenants": 3, "users_per_tenant": 2 }, "quotas": { "nova": { "cores": -1, "floating_ips": -1, "instances": -1, "key_pairs": -1, "ram": -1, "security_group_rules": -1, "security_groups": -1 } } }, "runner": { "constant": { "concurrency": 4, "times": 10 } }, "hooks": [], "sla": { "failure_rate": { "max": 0 } } } ] }
2019-12-10 07:16:30.757 20411 RALLYDEBUG rally_openstack.contexts.keystone.users [-] Creating 3 tenants using 20 threads
2019-12-10 07:16:31.686 20411 RALLYDEBUG rally_openstack.contexts.keystone.users [-] Creating 6 users using 20 threads
2019-12-10 07:16:33.190 20411 INFO rally.task.context [-] Task 4e8ca0c3-0d8f-4d97-b1f9-96e3694a2663 | Context users@openstack setup() finished in 2.43 sec
2019-12-10 07:16:34.467 20411 INFO rally.task.context [-] Task 4e8ca0c3-0d8f-4d97-b1f9-96e3694a2663 | Context quotas@openstack setup() finished in 1.28 sec
2019-12-10 07:16:34.468 20411 INFO rally.task.context [-] Task 4e8ca0c3-0d8f-4d97-b1f9-96e3694a2663 | Context cleanup@openstack setup() finished in 0.04 msec
2019-12-10 07:16:34.477 20411 RALLYDEBUG rally.task.runner [-] Starting the constant runner (task UUID: 4e8ca0c3-0d8f-4d97-b1f9-96e3694a2663). times: 10 concurrency: 4 timeout: 0 max_cpu_used: 16 processes_to_start: 4 concurrency_per_worker: 1 concurrency_overhead: 0
2019-12-10 07:16:34.491 20535 RALLYDEBUG rally.task.runner [-] Starting a worker. times: 10 duration: None concurrency: 1 timeout: 0 cls: method_name: run args: {}
2019-12-10 07:16:34.494 20536 RALLYDEBUG rally.task.runner [-] Starting a worker. times: 10 duration: None concurrency: 1 timeout: 0 cls: method_name: run args: {}
2019-12-10 07:16:34.498 20535 INFO rally.task.runner [-] Task 4e8ca0c3-0d8f-4d97-b1f9-96e3694a2663 | ITER: 1 START
2019-12-10 07:16:34.498 20537 RALLYDEBUG rally.task.runner [-] Starting a worker. times: 10 duration: None concurrency: 1 timeout: 0 cls: method_name: run args: {}
2019-12-10 07:16:34.500 20536 INFO rally.task.runner [-] Task 4e8ca0c3-0d8f-4d97-b1f9-96e3694a2663 | ITER: 2 START
2019-12-10 07:16:34.501 20539 RALLYDEBUG rally.task.runner [-] Starting a worker. times: 10 duration: None concurrency: 1 timeout: 0 cls: method_name: run args: {}
2019-12-10 07:16:34.504 20537 INFO rally.task.runner [-] Task 4e8ca0c3-0d8f-4d97-b1f9-96e3694a2663 | ITER: 3 START
2019-12-10 07:16:34.507 20539 INFO rally.task.runner [-] Task 4e8ca0c3-0d8f-4d97-b1f9-96e3694a2663 | ITER: 4 START
2019-12-10 07:16:35.151 20537 INFO rally.task.runner [-] Task 4e8ca0c3-0d8f-4d97-b1f9-96e3694a2663 | ITER: 3 END: OK
2019-12-10 07:16:35.156 20537 INFO rally.task.runner [-] Task 4e8ca0c3-0d8f-4d97-b1f9-96e3694a2663 | ITER: 5 START
2019-12-10 07:16:35.164 20539 INFO rally.task.runner [-] Task 4e8ca0c3-0d8f-4d97-b1f9-96e3694a2663 | ITER: 4 END: OK
2019-12-10 07:16:35.168 20539 INFO rally.task.runner [-] Task 4e8ca0c3-0d8f-4d97-b1f9-96e3694a2663 | ITER: 6 START
2019-12-10 07:16:35.208 20536 INFO rally.task.runner [-] Task 4e8ca0c3-0d8f-4d97-b1f9-96e3694a2663 | ITER: 2 END: OK
2019-12-10 07:16:35.212 20536 INFO rally.task.runner [-] Task 4e8ca0c3-0d8f-4d97-b1f9-96e3694a2663 | ITER: 7 START
2019-12-10 07:16:35.384 20535 INFO rally.task.runner [-] Task 4e8ca0c3-0d8f-4d97-b1f9-96e3694a2663 | ITER: 1 END: OK
2019-12-10 07:16:35.388 20535 INFO rally.task.runner [-] Task 4e8ca0c3-0d8f-4d97-b1f9-96e3694a2663 | ITER: 8 START
2019-12-10 07:16:35.667 20539 INFO rally.task.runner [-] Task 4e8ca0c3-0d8f-4d97-b1f9-96e3694a2663 | ITER: 6 END: OK
2019-12-10 07:16:35.670 20539 INFO rally.task.runner [-] Task 4e8ca0c3-0d8f-4d97-b1f9-96e3694a2663 | ITER: 9 START
2019-12-10 07:16:35.805 20537 INFO rally.task.runner [-] Task 4e8ca0c3-0d8f-4d97-b1f9-96e3694a2663 | ITER: 5 END: OK
2019-12-10 07:16:35.808 20537 INFO rally.task.runner [-] Task 4e8ca0c3-0d8f-4d97-b1f9-96e3694a2663 | ITER: 10 START
2019-12-10 07:16:35.876 20536 INFO rally.task.runner [-] Task 4e8ca0c3-0d8f-4d97-b1f9-96e3694a2663 | ITER: 7 END: OK
2019-12-10 07:16:35.931 20535 INFO rally.task.runner [-] Task 4e8ca0c3-0d8f-4d97-b1f9-96e3694a2663 | ITER: 8 END: OK
2019-12-10 07:16:36.338 20539 INFO rally.task.runner [-] Task 4e8ca0c3-0d8f-4d97-b1f9-96e3694a2663 | ITER: 9 END: OK
2019-12-10 07:16:36.402 20537 INFO rally.task.runner [-] Task 4e8ca0c3-0d8f-4d97-b1f9-96e3694a2663 | ITER: 10 END: OK
2019-12-10 07:16:36.423 20411 INFO rally.task.context [-] Task 4e8ca0c3-0d8f-4d97-b1f9-96e3694a2663 | Context cleanup@openstack cleanup() started
2019-12-10 07:16:36.427 20411 RALLYDEBUG rally_openstack.cleanup.manager [-] Cleaning up nova servers objects
2019-12-10 07:16:37.800 20411 RALLYDEBUG rally_openstack.cleanup.manager [-] Cleaning up nova server_groups objects
2019-12-10 07:16:38.942 20411 RALLYDEBUG rally_openstack.cleanup.manager [-] Cleaning up nova keypairs objects
2019-12-10 07:16:41.423 20411 INFO rally.task.context [-] Task 4e8ca0c3-0d8f-4d97-b1f9-96e3694a2663 | Context cleanup@openstack cleanup() finished in 5.00 sec
2019-12-10 07:16:41.424 20411 INFO rally.task.context [-] Task 4e8ca0c3-0d8f-4d97-b1f9-96e3694a2663 | Context quotas@openstack cleanup() started
2019-12-10 07:16:41.485 20411 INFO rally.task.context [-] Task 4e8ca0c3-0d8f-4d97-b1f9-96e3694a2663 | Context quotas@openstack cleanup() finished in 61.44 msec
2019-12-10 07:16:41.486 20411 INFO rally.task.context [-] Task 4e8ca0c3-0d8f-4d97-b1f9-96e3694a2663 | Context users@openstack cleanup() started
2019-12-10 07:16:46.371 20411 INFO rally.task.context [-] Task 4e8ca0c3-0d8f-4d97-b1f9-96e3694a2663 | Context users@openstack cleanup() finished in 4.89 sec
2019-12-10 07:16:46.857 20411 INFO rally.task.engine [-] Load duration is: 1.902589
2019-12-10 07:16:46.858 20411 INFO rally.task.engine [-] Full runner duration is: 1.946262
2019-12-10 07:16:46.858 20411 INFO rally.task.engine [-] Full duration is: 15.616761
2019-12-10 07:16:47.206 20411 INFO rally.task.engine [-] Running workload: position = 0 config = { "version": 2, "title": "A cropped version of a bigger task.", "description": "Auto-generated task from a single workload (uuid=704246bc-341e-49be-bae1-2d4b7e7c8795)", "subtasks": [ { "title": "NovaKeypair.create_and_list_keypairs", "description": "Create a keypair with random name and list keypairs.", "scenario": { "NovaKeypair.create_and_list_keypairs": {} }, "contexts": { "users": { "tenants": 3, "users_per_tenant": 2 }, "quotas": { "nova": { "cores": -1, "floating_ips": -1, "instances": -1, "key_pairs": -1, "ram": -1, "security_group_rules": -1, "security_groups": -1 } } }, "runner": { "constant": { "concurrency": 4, "times": 10 } }, "hooks": [], "sla": { "failure_rate": { "max": 0 } } } ] }
2019-12-10 07:16:47.231 20411 RALLYDEBUG rally_openstack.contexts.keystone.users [-] Creating 3 tenants using 20 threads
2019-12-10 07:16:48.266 20411 RALLYDEBUG rally_openstack.contexts.keystone.users [-] Creating 6 users using 20 threads
2019-12-10 07:16:49.745 20411 INFO rally.task.context [-] Task 4e8ca0c3-0d8f-4d97-b1f9-96e3694a2663 | Context users@openstack setup() finished in 2.51 sec
2019-12-10 07:16:51.037 20411 INFO rally.task.context [-] Task 4e8ca0c3-0d8f-4d97-b1f9-96e3694a2663 | Context quotas@openstack setup() finished in 1.29 sec
2019-12-10 07:16:51.037 20411 INFO rally.task.context [-] Task 4e8ca0c3-0d8f-4d97-b1f9-96e3694a2663 | Context cleanup@openstack setup() finished in 0.01 msec
2019-12-10 07:16:51.047 20411 RALLYDEBUG rally.task.runner [-] Starting the constant runner (task UUID: 4e8ca0c3-0d8f-4d97-b1f9-96e3694a2663). times: 10 concurrency: 4 timeout: 0 max_cpu_used: 16 processes_to_start: 4 concurrency_per_worker: 1 concurrency_overhead: 0
2019-12-10 07:16:51.058 20699 RALLYDEBUG rally.task.runner [-] Starting a worker. times: 10 duration: None concurrency: 1 timeout: 0 cls: method_name: run args: {}
2019-12-10 07:16:51.062 20700 RALLYDEBUG rally.task.runner [-] Starting a worker. times: 10 duration: None concurrency: 1 timeout: 0 cls: method_name: run args: {}
2019-12-10 07:16:51.065 20699 INFO rally.task.runner [-] Task 4e8ca0c3-0d8f-4d97-b1f9-96e3694a2663 | ITER: 1 START
2019-12-10 07:16:51.066 20701 RALLYDEBUG rally.task.runner [-] Starting a worker. times: 10 duration: None concurrency: 1 timeout: 0 cls: method_name: run args: {}
2019-12-10 07:16:51.069 20700 INFO rally.task.runner [-] Task 4e8ca0c3-0d8f-4d97-b1f9-96e3694a2663 | ITER: 2 START
2019-12-10 07:16:51.069 20704 RALLYDEBUG rally.task.runner [-] Starting a worker. times: 10 duration: None concurrency: 1 timeout: 0 cls: method_name: run args: {}
2019-12-10 07:16:51.072 20701 INFO rally.task.runner [-] Task 4e8ca0c3-0d8f-4d97-b1f9-96e3694a2663 | ITER: 3 START
2019-12-10 07:16:51.074 20704 INFO rally.task.runner [-] Task 4e8ca0c3-0d8f-4d97-b1f9-96e3694a2663 | ITER: 4 START
2019-12-10 07:16:51.699 20699 INFO rally.task.runner [-] Task 4e8ca0c3-0d8f-4d97-b1f9-96e3694a2663 | ITER: 1 END: OK
2019-12-10 07:16:51.704 20699 INFO rally.task.runner [-] Task 4e8ca0c3-0d8f-4d97-b1f9-96e3694a2663 | ITER: 5 START
2019-12-10 07:16:51.739 20700 INFO rally.task.runner [-] Task 4e8ca0c3-0d8f-4d97-b1f9-96e3694a2663 | ITER: 2 END: OK
2019-12-10 07:16:51.743 20700 INFO rally.task.runner [-] Task 4e8ca0c3-0d8f-4d97-b1f9-96e3694a2663 | ITER: 6 START
2019-12-10 07:16:51.820 20701 INFO rally.task.runner [-] Task 4e8ca0c3-0d8f-4d97-b1f9-96e3694a2663 | ITER: 3 END: OK
2019-12-10 07:16:51.824 20701 INFO rally.task.runner [-] Task 4e8ca0c3-0d8f-4d97-b1f9-96e3694a2663 | ITER: 7 START
2019-12-10 07:16:51.909 20704 INFO rally.task.runner [-] Task 4e8ca0c3-0d8f-4d97-b1f9-96e3694a2663 | ITER: 4 END: OK
2019-12-10 07:16:51.914 20704 INFO rally.task.runner [-] Task 4e8ca0c3-0d8f-4d97-b1f9-96e3694a2663 | ITER: 8 START
2019-12-10 07:16:52.341 20699 INFO rally.task.runner [-] Task 4e8ca0c3-0d8f-4d97-b1f9-96e3694a2663 | ITER: 5 END: OK
2019-12-10 07:16:52.345 20699 INFO rally.task.runner [-] Task 4e8ca0c3-0d8f-4d97-b1f9-96e3694a2663 | ITER: 9 START
2019-12-10 07:16:52.459 20704 INFO rally.task.runner [-] Task 4e8ca0c3-0d8f-4d97-b1f9-96e3694a2663 | ITER: 8 END: OK
2019-12-10 07:16:52.463 20704 INFO rally.task.runner [-] Task 4e8ca0c3-0d8f-4d97-b1f9-96e3694a2663 | ITER: 10 START
2019-12-10 07:16:52.507 20701 INFO rally.task.runner [-] Task 4e8ca0c3-0d8f-4d97-b1f9-96e3694a2663 | ITER: 7 END: OK
2019-12-10 07:16:52.537 20700 INFO rally.task.runner [-] Task 4e8ca0c3-0d8f-4d97-b1f9-96e3694a2663 | ITER: 6 END: OK
2019-12-10 07:16:53.056 20699 INFO rally.task.runner [-] Task 4e8ca0c3-0d8f-4d97-b1f9-96e3694a2663 | ITER: 9 END: OK
2019-12-10 07:16:53.059 20704 INFO rally.task.runner [-] Task 4e8ca0c3-0d8f-4d97-b1f9-96e3694a2663 | ITER: 10 END: OK
2019-12-10 07:16:53.083 20411 INFO rally.task.context [-] Task 4e8ca0c3-0d8f-4d97-b1f9-96e3694a2663 | Context cleanup@openstack cleanup() started
2019-12-10 07:16:53.087 20411 RALLYDEBUG rally_openstack.cleanup.manager [-] Cleaning up nova servers objects
2019-12-10 07:16:54.547 20411 RALLYDEBUG rally_openstack.cleanup.manager [-] Cleaning up nova server_groups objects
2019-12-10 07:16:55.729 20411 RALLYDEBUG rally_openstack.cleanup.manager [-] Cleaning up nova keypairs objects
2019-12-10 07:16:58.100 20411 RALLYDEBUG rally_openstack.cleanup.manager [-] Deleting nova.keypairs object s_rally_704246bc_xypV1eCj (s_rally_704246bc_xypV1eCj)
2019-12-10 07:16:58.110 20411 RALLYDEBUG rally_openstack.cleanup.manager [-] Deleting nova.keypairs object s_rally_704246bc_Hwhay7kT (s_rally_704246bc_Hwhay7kT)
2019-12-10 07:16:58.119 20411 RALLYDEBUG rally_openstack.cleanup.manager [-] Deleting nova.keypairs object s_rally_704246bc_sBlUkTuk (s_rally_704246bc_sBlUkTuk)
2019-12-10 07:16:58.128 20411 RALLYDEBUG rally_openstack.cleanup.manager [-] Deleting nova.keypairs object s_rally_704246bc_5a4ZfaVd (s_rally_704246bc_5a4ZfaVd)
2019-12-10 07:16:58.133 20411 RALLYDEBUG rally_openstack.cleanup.manager [-] Deleting nova.keypairs object s_rally_704246bc_G6EdtkBN (s_rally_704246bc_G6EdtkBN)
2019-12-10 07:16:58.143 20411 RALLYDEBUG rally_openstack.cleanup.manager [-] Deleting nova.keypairs object s_rally_704246bc_omiolH23 (s_rally_704246bc_omiolH23)
2019-12-10 07:16:58.155 20411 RALLYDEBUG rally_openstack.cleanup.manager [-] Deleting nova.keypairs object s_rally_704246bc_AiUHNECt (s_rally_704246bc_AiUHNECt)
2019-12-10 07:16:58.164 20411 RALLYDEBUG rally_openstack.cleanup.manager [-] Deleting nova.keypairs object s_rally_704246bc_cDQlrvsN (s_rally_704246bc_cDQlrvsN)
2019-12-10 07:16:58.190 20411 RALLYDEBUG rally_openstack.cleanup.manager [-] Deleting nova.keypairs object s_rally_704246bc_KLMlDlzP (s_rally_704246bc_KLMlDlzP)
2019-12-10 07:16:58.206 20411 RALLYDEBUG rally_openstack.cleanup.manager [-] Deleting nova.keypairs object s_rally_704246bc_shaZJjQU (s_rally_704246bc_shaZJjQU)
2019-12-10 07:16:59.696 20411 INFO rally.task.context [-] Task 4e8ca0c3-0d8f-4d97-b1f9-96e3694a2663 | Context cleanup@openstack cleanup() finished in 6.61 sec
2019-12-10 07:16:59.696 20411 INFO rally.task.context [-] Task 4e8ca0c3-0d8f-4d97-b1f9-96e3694a2663 | Context quotas@openstack cleanup() started
2019-12-10 07:16:59.762 20411 INFO rally.task.context [-] Task 4e8ca0c3-0d8f-4d97-b1f9-96e3694a2663 | Context quotas@openstack cleanup() finished in 65.86 msec
2019-12-10 07:16:59.763 20411 INFO rally.task.context [-] Task 4e8ca0c3-0d8f-4d97-b1f9-96e3694a2663 | Context users@openstack cleanup() started
2019-12-10 07:17:04.294 20411 INFO rally.task.context [-] Task 4e8ca0c3-0d8f-4d97-b1f9-96e3694a2663 | Context users@openstack cleanup() finished in 4.53 sec
2019-12-10 07:17:05.371 20411 INFO rally.task.engine [-] Load duration is: 1.993477
2019-12-10 07:17:05.372 20411 INFO rally.task.engine [-] Full runner duration is: 2.036687
2019-12-10 07:17:05.372 20411 INFO rally.task.engine [-] Full duration is: 17.065416
2019-12-10 07:17:05.740 20411 INFO rally.task.engine [-] Running workload: position = 0 config = { "version": 2, "title": "A cropped version of a bigger task.", "description": "Auto-generated task from a single workload (uuid=c361ade3-ab84-47ce-a8fb-6142cc4ad5d6)", "subtasks": [ { "title": "NovaServers.boot_and_bounce_server", "description": "Boot a server and run specified actions against it.", "scenario": { "NovaServers.boot_and_bounce_server": { "actions": [ { "hard_reboot": 1 }, { "soft_reboot": 1 }, { "stop_start": 1 }, { "rescue_unrescue": 1 } ], "flavor": { "name": "rally_full-flavor_68cbd2e2-4670-4bbc-9b99-19b3f4b7f2a8" }, "image": { "name": "rally_full-img_68cbd2e2-4670-4bbc-9b99-19b3f4b7f2a8" }, "nics": [ { "net-id": "d9d946f1-00aa-4f41-8f9b-e4e8a85d4b17" } ] } }, "contexts": { "users": { "tenants": 3, "users_per_tenant": 2 }, "network": { "networks_per_tenant": 1, "start_cidr": "100.1.0.0/25" }, "quotas": { "neutron": { "network": -1, "port": -1, "subnet": -1 }, "nova": { "cores": -1, "floating_ips": -1, "instances": -1, "ram": -1, "security_group_rules": -1, "security_groups": -1 } } }, "runner": { "constant": { "concurrency": 4, "times": 10 } }, "hooks": [], "sla": { "failure_rate": { "max": 0 } } } ] }
2019-12-10 07:17:05.765 20411 RALLYDEBUG rally_openstack.contexts.keystone.users [-] Creating 3 tenants using 20 threads
2019-12-10 07:17:06.796 20411 RALLYDEBUG rally_openstack.contexts.keystone.users [-] Creating 6 users using 20 threads
2019-12-10 07:17:08.365 20411 INFO rally.task.context [-] Task 4e8ca0c3-0d8f-4d97-b1f9-96e3694a2663 | Context users@openstack setup() finished in 2.60 sec
2019-12-10 07:17:10.300 20411 INFO rally.task.context [-] Task 4e8ca0c3-0d8f-4d97-b1f9-96e3694a2663 | Context quotas@openstack setup() finished in 1.93 sec
2019-12-10 07:17:12.667 20411 RALLYDEBUG rally_openstack.wrappers.network [-] CIDR generated: 100.1.0.0/25
2019-12-10 07:17:17.132 20411 RALLYDEBUG rally_openstack.wrappers.network [-] CIDR generated: 100.1.0.128/25
2019-12-10 07:17:21.447 20411 RALLYDEBUG rally_openstack.wrappers.network [-] CIDR generated: 100.1.1.0/25
2019-12-10 07:17:23.760 20411 INFO rally.task.context [-] Task 4e8ca0c3-0d8f-4d97-b1f9-96e3694a2663 | Context network@openstack setup() finished in 13.46 sec
2019-12-10 07:17:23.761 20411 INFO rally.task.context [-] Task 4e8ca0c3-0d8f-4d97-b1f9-96e3694a2663 | Context cleanup@openstack setup() finished in 0.02 msec
2019-12-10 07:17:24.990 20411 RALLYDEBUG rally.task.runner [-] Starting the constant runner (task UUID: 4e8ca0c3-0d8f-4d97-b1f9-96e3694a2663). times: 10 concurrency: 4 timeout: 0 max_cpu_used: 16 processes_to_start: 4 concurrency_per_worker: 1 concurrency_overhead: 0
2019-12-10 07:17:25.002 20863 RALLYDEBUG rally.task.runner [-] Starting a worker. times: 10 duration: None concurrency: 1 timeout: 0 cls: method_name: run args: {"actions": [{"hard_reboot": 1}, {"soft_reboot": 1}, {"stop_start": 1}, {"rescue_unrescue": 1}], "flavor": "d4a2a61f-8358-470d-8c42-8a75d9292926", "image": "e2082952-64e1-494f-a61c-acae11bc7e6a", "nics": [{"net-id": "d9d946f1-00aa-4f41-8f9b-e4e8a85d4b17"}]}
2019-12-10 07:17:25.005 20864 RALLYDEBUG rally.task.runner [-] Starting a worker. times: 10 duration: None concurrency: 1 timeout: 0 cls: method_name: run args: {"actions": [{"hard_reboot": 1}, {"soft_reboot": 1}, {"stop_start": 1}, {"rescue_unrescue": 1}], "flavor": "d4a2a61f-8358-470d-8c42-8a75d9292926", "image": "e2082952-64e1-494f-a61c-acae11bc7e6a", "nics": [{"net-id": "d9d946f1-00aa-4f41-8f9b-e4e8a85d4b17"}]}
2019-12-10 07:17:25.010 20863 INFO rally.task.runner [-] Task 4e8ca0c3-0d8f-4d97-b1f9-96e3694a2663 | ITER: 1 START
2019-12-10 07:17:25.009 20865 RALLYDEBUG rally.task.runner [-] Starting a worker. times: 10 duration: None concurrency: 1 timeout: 0 cls: method_name: run args: {"actions": [{"hard_reboot": 1}, {"soft_reboot": 1}, {"stop_start": 1}, {"rescue_unrescue": 1}], "flavor": "d4a2a61f-8358-470d-8c42-8a75d9292926", "image": "e2082952-64e1-494f-a61c-acae11bc7e6a", "nics": [{"net-id": "d9d946f1-00aa-4f41-8f9b-e4e8a85d4b17"}]}
2019-12-10 07:17:25.012 20864 INFO rally.task.runner [-] Task 4e8ca0c3-0d8f-4d97-b1f9-96e3694a2663 | ITER: 2 START
2019-12-10 07:17:25.013 20867 RALLYDEBUG rally.task.runner [-] Starting a worker. times: 10 duration: None concurrency: 1 timeout: 0 cls: method_name: run args: {"actions": [{"hard_reboot": 1}, {"soft_reboot": 1}, {"stop_start": 1}, {"rescue_unrescue": 1}], "flavor": "d4a2a61f-8358-470d-8c42-8a75d9292926", "image": "e2082952-64e1-494f-a61c-acae11bc7e6a", "nics": [{"net-id": "d9d946f1-00aa-4f41-8f9b-e4e8a85d4b17"}]}
2019-12-10 07:17:25.017 20865 INFO rally.task.runner [-] Task 4e8ca0c3-0d8f-4d97-b1f9-96e3694a2663 | ITER: 3 START
2019-12-10 07:17:25.020 20867 INFO rally.task.runner [-] Task 4e8ca0c3-0d8f-4d97-b1f9-96e3694a2663 | ITER: 4 START
2019-12-10 07:17:32.768 20865 RALLYDEBUG rally.task.utils [-] Waiting for resource s_rally_c361ade3_mr6mjgtq. Status changed: BUILD => ACTIVE in 4.681859493255615
2019-12-10 07:17:33.278 20867 RALLYDEBUG rally.task.utils [-] Waiting for resource s_rally_c361ade3_3kd81wyM. Status changed: BUILD => ACTIVE in 5.333886384963989
2019-12-10 07:17:35.347 20864 RALLYDEBUG rally.task.utils [-] Waiting for resource s_rally_c361ade3_YVM48eVA. Status changed: BUILD => ACTIVE in 7.36625337600708
2019-12-10 07:17:35.560 20863 RALLYDEBUG rally.task.utils [-] Waiting for resource s_rally_c361ade3_s4qqFvEG. Status changed: BUILD => ACTIVE in 7.498166799545288
2019-12-10 07:17:37.649 20865 RALLYDEBUG rally.task.utils [-] Waiting for resource s_rally_c361ade3_mr6mjgtq. Status changed: ACTIVE => REBOOT in 0.365433931350708
2019-12-10 07:17:37.996 20867 RALLYDEBUG rally.task.utils [-] Waiting for resource s_rally_c361ade3_3kd81wyM. Status changed: ACTIVE => REBOOT in 0.24327993392944336
2019-12-10 07:17:39.917 20864 RALLYDEBUG rally.task.utils [-] Waiting for resource s_rally_c361ade3_YVM48eVA. Status changed: ACTIVE => REBOOT in 0.14705109596252441
2019-12-10 07:17:40.379 20863 RALLYDEBUG rally.task.utils [-] Waiting for resource s_rally_c361ade3_s4qqFvEG. Status changed: ACTIVE => REBOOT in 0.3514101505279541
2019-12-10 07:19:38.677 20867 RALLYDEBUG rally.task.utils [-] Waiting for resource s_rally_c361ade3_3kd81wyM. Status changed: REBOOT => ACTIVE in 120.68142867088318
2019-12-10 07:19:39.531 20865 RALLYDEBUG rally.task.utils [-] Waiting for resource s_rally_c361ade3_mr6mjgtq. Status changed: REBOOT => ACTIVE in 121.88130140304565
2019-12-10 07:19:41.028 20864 RALLYDEBUG rally.task.utils [-] Waiting for resource s_rally_c361ade3_YVM48eVA. Status changed: REBOOT => ACTIVE in 121.11098504066467
2019-12-10 07:19:41.312 20863 RALLYDEBUG rally.task.utils [-] Waiting for resource s_rally_c361ade3_s4qqFvEG. Status changed: REBOOT => ACTIVE in 120.93265271186829
2019-12-10 07:20:40.771 20867 RALLYDEBUG rally.task.utils [-] Waiting for resource s_rally_c361ade3_3kd81wyM. Status changed: ACTIVE => SHUTOFF in 61.806801080703735
2019-12-10 07:20:41.101 20867 RALLYDEBUG rally.task.utils [-] Waiting for resource s_rally_c361ade3_3kd81wyM. Status changed: ACTIVE => SHUTOFF in 0.17549490928649902
2019-12-10 07:20:42.236 20865 RALLYDEBUG rally.task.utils [-] Waiting for resource s_rally_c361ade3_mr6mjgtq. Status changed: ACTIVE => SHUTOFF in 62.56436586380005
2019-12-10 07:20:42.558 20865 RALLYDEBUG rally.task.utils [-] Waiting for resource s_rally_c361ade3_mr6mjgtq. Status changed: ACTIVE => SHUTOFF in 0.17237067222595215
2019-12-10 07:20:42.905 20863 RALLYDEBUG rally.task.utils [-] Waiting for resource s_rally_c361ade3_s4qqFvEG. Status changed: ACTIVE => SHUTOFF in 61.45190072059631
2019-12-10 07:20:43.100 20864 RALLYDEBUG rally.task.utils [-] Waiting for resource s_rally_c361ade3_YVM48eVA. Status changed: ACTIVE => SHUTOFF in 61.930556774139404
2019-12-10 07:20:43.186 20863 RALLYDEBUG rally.task.utils [-] Waiting for resource s_rally_c361ade3_s4qqFvEG. Status changed: ACTIVE => SHUTOFF in 0.14117050170898438
2019-12-10 07:20:43.368 20864 RALLYDEBUG rally.task.utils [-] Waiting for resource s_rally_c361ade3_YVM48eVA. Status changed: ACTIVE => SHUTOFF in 0.14151573181152344
2019-12-10 07:20:43.488 20867 RALLYDEBUG rally.task.utils [-] Waiting for resource s_rally_c361ade3_3kd81wyM. Status changed: SHUTOFF => ACTIVE in 2.3871517181396484
2019-12-10 07:20:43.712 20865 RALLYDEBUG rally.task.utils [-] Waiting for resource s_rally_c361ade3_mr6mjgtq. Status changed: SHUTOFF => ACTIVE in 1.1535160541534424
2019-12-10 07:20:44.345 20863 RALLYDEBUG rally.task.utils [-] Waiting for resource s_rally_c361ade3_s4qqFvEG. Status changed: SHUTOFF => ACTIVE in 1.159170389175415
2019-12-10 07:20:44.515 20864 RALLYDEBUG rally.task.utils [-] Waiting for resource s_rally_c361ade3_YVM48eVA. Status changed: SHUTOFF => ACTIVE in 1.1464083194732666
2019-12-10 07:21:47.789 20865 RALLYDEBUG rally.task.utils [-] Waiting for resource s_rally_c361ade3_mr6mjgtq. Status changed: ACTIVE => RESCUE in 61.94118070602417
2019-12-10 07:21:48.059 20867 RALLYDEBUG rally.task.utils [-] Waiting for resource s_rally_c361ade3_3kd81wyM. Status changed: ACTIVE => RESCUE in 62.42858338356018
2019-12-10 07:21:48.214 20863 RALLYDEBUG rally.task.utils [-] Waiting for resource s_rally_c361ade3_s4qqFvEG. Status changed: ACTIVE => RESCUE in 61.74472117424011
2019-12-10 07:21:48.990 20864 RALLYDEBUG rally.task.utils [-] Waiting for resource s_rally_c361ade3_YVM48eVA. Status changed: ACTIVE => RESCUE in 62.34602618217468
2019-12-10 07:21:52.426 20865 INFO rally.task.runner [-] Task 4e8ca0c3-0d8f-4d97-b1f9-96e3694a2663 | ITER: 3 END: OK
2019-12-10 07:21:52.434 20865 INFO rally.task.runner [-] Task 4e8ca0c3-0d8f-4d97-b1f9-96e3694a2663 | ITER: 5 START
2019-12-10 07:21:52.672 20867 INFO rally.task.runner [-] Task 4e8ca0c3-0d8f-4d97-b1f9-96e3694a2663 | ITER: 4 END: OK
2019-12-10 07:21:52.683 20867 INFO rally.task.runner [-] Task 4e8ca0c3-0d8f-4d97-b1f9-96e3694a2663 | ITER: 6 START
2019-12-10 07:21:53.584 20864 INFO rally.task.runner [-] Task 4e8ca0c3-0d8f-4d97-b1f9-96e3694a2663 | ITER: 2 END: OK
2019-12-10 07:21:53.590 20864 INFO rally.task.runner [-] Task 4e8ca0c3-0d8f-4d97-b1f9-96e3694a2663 | ITER: 7 START
2019-12-10 07:21:54.854 20863 INFO rally.task.runner [-] Task 4e8ca0c3-0d8f-4d97-b1f9-96e3694a2663 | ITER: 1 END: OK
2019-12-10 07:21:54.860 20863 INFO rally.task.runner [-] Task 4e8ca0c3-0d8f-4d97-b1f9-96e3694a2663 | ITER: 8 START
2019-12-10 07:21:59.981 20867 RALLYDEBUG rally.task.utils [-] Waiting for resource s_rally_c361ade3_brEeCqzS. Status changed: BUILD => ACTIVE in 4.637121200561523
2019-12-10 07:22:02.367 20865 RALLYDEBUG rally.task.utils [-] Waiting for resource s_rally_c361ade3_KodBo2dA. Status changed: BUILD => ACTIVE in 6.967989683151245
2019-12-10 07:22:04.580 20863 RALLYDEBUG rally.task.utils [-] Waiting for resource s_rally_c361ade3_GXMJ9Zbc. Status changed: BUILD => ACTIVE in 6.776434898376465
2019-12-10 07:22:04.638 20867 RALLYDEBUG rally.task.utils [-] Waiting for resource s_rally_c361ade3_brEeCqzS. Status changed: ACTIVE => REBOOT in 0.23078584671020508
2019-12-10 07:22:04.936 20864 RALLYDEBUG rally.task.utils [-] Waiting for resource s_rally_c361ade3_nYKvT2dg. Status changed: BUILD => ACTIVE in 9.03682565689087
2019-12-10 07:22:06.949 20865 RALLYDEBUG rally.task.utils [-] Waiting for resource s_rally_c361ade3_KodBo2dA. Status changed: ACTIVE => REBOOT in 0.20287227630615234
2019-12-10 07:22:09.325 20863 RALLYDEBUG rally.task.utils [-] Waiting for resource s_rally_c361ade3_GXMJ9Zbc. Status changed: ACTIVE => REBOOT in 0.36919283866882324
2019-12-10 07:22:09.501 20864 RALLYDEBUG rally.task.utils [-] Waiting for resource s_rally_c361ade3_nYKvT2dg. Status changed: ACTIVE => REBOOT in 0.15817999839782715
2019-12-10 07:24:05.203 20867 RALLYDEBUG rally.task.utils [-] Waiting for resource s_rally_c361ade3_brEeCqzS. Status changed: REBOOT => ACTIVE in 120.5648283958435
2019-12-10 07:24:08.633 20865 RALLYDEBUG rally.task.utils [-] Waiting for resource s_rally_c361ade3_KodBo2dA. Status changed: REBOOT => ACTIVE in 121.68360185623169
2019-12-10 07:24:11.093 20863 RALLYDEBUG rally.task.utils [-] Waiting for resource s_rally_c361ade3_GXMJ9Zbc. Status changed: REBOOT => ACTIVE in 121.767911195755
2019-12-10 07:24:11.197 20864 RALLYDEBUG rally.task.utils [-] Waiting for resource s_rally_c361ade3_nYKvT2dg. Status changed: REBOOT => ACTIVE in 121.69615530967712
2019-12-10 07:25:08.557 20867 RALLYDEBUG rally.task.utils [-] Waiting for resource s_rally_c361ade3_brEeCqzS. Status changed: ACTIVE => SHUTOFF in 63.04133605957031
2019-12-10 07:25:09.114 20867 RALLYDEBUG rally.task.utils [-] Waiting for resource s_rally_c361ade3_brEeCqzS. Status changed: ACTIVE => SHUTOFF in 0.3985896110534668
2019-12-10 07:25:10.917 20865 RALLYDEBUG rally.task.utils [-] Waiting for resource s_rally_c361ade3_KodBo2dA. Status changed: ACTIVE => SHUTOFF in 62.127585887908936
2019-12-10 07:25:11.392 20865 RALLYDEBUG rally.task.utils [-] Waiting for resource s_rally_c361ade3_KodBo2dA. Status changed: ACTIVE => SHUTOFF in 0.15947651863098145
2019-12-10 07:25:11.476 20867 RALLYDEBUG rally.task.utils [-] Waiting for resource s_rally_c361ade3_brEeCqzS. Status changed: SHUTOFF => ACTIVE in 2.362590789794922
2019-12-10 07:25:13.749 20865 RALLYDEBUG rally.task.utils [-] Waiting for resource s_rally_c361ade3_KodBo2dA. Status changed: SHUTOFF => ACTIVE in 2.357527732849121
2019-12-10 07:25:13.951 20863 RALLYDEBUG rally.task.utils [-] Waiting for resource s_rally_c361ade3_GXMJ9Zbc. Status changed: ACTIVE => SHUTOFF in 62.71773028373718
2019-12-10 07:25:14.398 20863 RALLYDEBUG rally.task.utils [-] Waiting for resource s_rally_c361ade3_GXMJ9Zbc. Status changed: ACTIVE => SHUTOFF in 0.31099772453308105
2019-12-10 07:25:14.769 20864 RALLYDEBUG rally.task.utils [-] Waiting for resource s_rally_c361ade3_nYKvT2dg. Status changed: ACTIVE => SHUTOFF in 63.433534383773804
2019-12-10 07:25:15.353 20864 RALLYDEBUG rally.task.utils [-] Waiting for resource s_rally_c361ade3_nYKvT2dg. Status changed: ACTIVE => SHUTOFF in 0.43817663192749023
2019-12-10 07:25:15.542 20863 RALLYDEBUG rally.task.utils [-] Waiting for resource s_rally_c361ade3_GXMJ9Zbc. Status changed: SHUTOFF => ACTIVE in 1.1432785987854004
2019-12-10 07:25:16.508 20864 RALLYDEBUG rally.task.utils [-] Waiting for resource s_rally_c361ade3_nYKvT2dg. Status changed: SHUTOFF => ACTIVE in 1.154674768447876
2019-12-10 07:25:18.083 20867 RALLYDEBUG rally.task.utils [-] Waiting for resource s_rally_c361ade3_brEeCqzS. Status changed: ACTIVE => RESCUE in 4.488447427749634
2019-12-10 07:25:22.761 20867 INFO rally.task.runner [-] Task 4e8ca0c3-0d8f-4d97-b1f9-96e3694a2663 | ITER: 6 END: OK
2019-12-10 07:25:22.766 20867 INFO rally.task.runner [-] Task 4e8ca0c3-0d8f-4d97-b1f9-96e3694a2663 | ITER: 9 START
2019-12-10 07:25:30.127 20867 RALLYDEBUG rally.task.utils [-] Waiting for resource s_rally_c361ade3_AB5qZDl9. Status changed: BUILD => ACTIVE in 4.647169351577759
2019-12-10 07:25:34.735 20867 RALLYDEBUG rally.task.utils [-] Waiting for resource s_rally_c361ade3_AB5qZDl9. Status changed: ACTIVE => REBOOT in 0.19069933891296387
2019-12-10 07:26:18.334 20865 RALLYDEBUG rally.task.utils [-] Waiting for resource s_rally_c361ade3_KodBo2dA. Status changed: ACTIVE => RESCUE in 62.45357060432434
2019-12-10 07:26:19.545 20863 RALLYDEBUG rally.task.utils [-] Waiting for resource s_rally_c361ade3_GXMJ9Zbc. Status changed: ACTIVE => RESCUE in 61.881399393081665
2019-12-10 07:26:20.638 20864 RALLYDEBUG rally.task.utils [-] Waiting for resource s_rally_c361ade3_nYKvT2dg. Status changed: ACTIVE => RESCUE in 61.99612832069397
2019-12-10 07:26:23.057 20865 INFO rally.task.runner [-] Task 4e8ca0c3-0d8f-4d97-b1f9-96e3694a2663 | ITER: 5 END: OK
2019-12-10 07:26:23.067 20865 INFO rally.task.runner [-] Task 4e8ca0c3-0d8f-4d97-b1f9-96e3694a2663 | ITER: 10 START
2019-12-10 07:26:24.132 20863 INFO rally.task.runner [-] Task 4e8ca0c3-0d8f-4d97-b1f9-96e3694a2663 | ITER: 8 END: OK
2019-12-10 07:26:25.310 20864 INFO rally.task.runner [-] Task 4e8ca0c3-0d8f-4d97-b1f9-96e3694a2663 | ITER: 7 END: OK
2019-12-10 07:26:29.928 20865 RALLYDEBUG rally.task.utils [-] Waiting for resource s_rally_c361ade3_kuEZhKtZ. Status changed: BUILD => ACTIVE in 4.46312141418457
2019-12-10 07:26:34.643 20865 RALLYDEBUG rally.task.utils [-] Waiting for resource s_rally_c361ade3_kuEZhKtZ. Status changed: ACTIVE => REBOOT in 0.2376565933227539
2019-12-10 07:27:36.331 20867 RALLYDEBUG rally.task.utils [-] Waiting for resource s_rally_c361ade3_AB5qZDl9. Status changed: REBOOT => ACTIVE in 121.59594631195068
2019-12-10 07:28:36.253 20865 RALLYDEBUG rally.task.utils [-] Waiting for resource s_rally_c361ade3_kuEZhKtZ. Status changed: REBOOT => ACTIVE in 121.61009645462036
2019-12-10 07:28:37.589 20867 RALLYDEBUG rally.task.utils [-] Waiting for resource s_rally_c361ade3_AB5qZDl9. Status changed: ACTIVE => SHUTOFF in 61.09223437309265
2019-12-10 07:28:37.991 20867 RALLYDEBUG rally.task.utils [-] Waiting for resource s_rally_c361ade3_AB5qZDl9. Status changed: ACTIVE => SHUTOFF in 0.2552366256713867
2019-12-10 07:28:40.450 20867 RALLYDEBUG rally.task.utils [-] Waiting for resource s_rally_c361ade3_AB5qZDl9. Status changed: SHUTOFF => ACTIVE in 2.4588382244110107
2019-12-10 07:28:47.355 20867 RALLYDEBUG rally.task.utils [-] Waiting for resource s_rally_c361ade3_AB5qZDl9. Status changed: ACTIVE => RESCUE in 4.767576694488525
2019-12-10 07:28:52.138 20867 INFO rally.task.runner [-] Task 4e8ca0c3-0d8f-4d97-b1f9-96e3694a2663 | ITER: 9 END: OK
2019-12-10 07:29:37.779 20865 RALLYDEBUG rally.task.utils [-] Waiting for resource s_rally_c361ade3_kuEZhKtZ. Status changed: ACTIVE => SHUTOFF in 61.35306096076965
2019-12-10 07:29:38.194 20865 RALLYDEBUG rally.task.utils [-] Waiting for resource s_rally_c361ade3_kuEZhKtZ. Status changed: ACTIVE => SHUTOFF in 0.26171255111694336
2019-12-10 07:29:39.395 20865 RALLYDEBUG rally.task.utils [-] Waiting for resource s_rally_c361ade3_kuEZhKtZ. Status changed: SHUTOFF => ACTIVE in 1.2012708187103271
2019-12-10 07:29:55.966 20865 RALLYDEBUG rally.task.utils [-] Waiting for resource s_rally_c361ade3_kuEZhKtZ. Status changed: ACTIVE => RESCUE in 14.413220167160034
2019-12-10 07:30:00.862 20865 INFO rally.task.runner [-] Task 4e8ca0c3-0d8f-4d97-b1f9-96e3694a2663 | ITER: 10 END: OK
2019-12-10 07:30:00.889 20411 INFO rally.task.context [-] Task 4e8ca0c3-0d8f-4d97-b1f9-96e3694a2663 | Context cleanup@openstack cleanup() started
2019-12-10 07:30:00.898 20411 RALLYDEBUG rally_openstack.cleanup.manager [-] Cleaning up nova servers objects
2019-12-10 07:30:02.666 20411 RALLYDEBUG rally_openstack.cleanup.manager [-] Cleaning up nova server_groups objects
2019-12-10 07:30:03.895 20411 RALLYDEBUG rally_openstack.cleanup.manager [-] Cleaning up nova keypairs objects
2019-12-10 07:30:06.826 20411 INFO rally.task.context [-] Task 4e8ca0c3-0d8f-4d97-b1f9-96e3694a2663 | Context cleanup@openstack cleanup() finished in 5.94 sec
2019-12-10 07:30:06.826 20411 INFO rally.task.context [-] Task 4e8ca0c3-0d8f-4d97-b1f9-96e3694a2663 | Context network@openstack cleanup() started
2019-12-10 07:30:29.796 20411 INFO rally.task.context [-] Task 4e8ca0c3-0d8f-4d97-b1f9-96e3694a2663 | Context network@openstack cleanup() finished in 22.97 sec
2019-12-10 07:30:29.796 20411 INFO rally.task.context [-] Task 4e8ca0c3-0d8f-4d97-b1f9-96e3694a2663 | Context quotas@openstack cleanup() started
2019-12-10 07:30:30.493 20411 INFO rally.task.context [-] Task 4e8ca0c3-0d8f-4d97-b1f9-96e3694a2663 | Context quotas@openstack cleanup() finished in 0.70 sec
2019-12-10 07:30:30.494 20411 INFO rally.task.context [-] Task 4e8ca0c3-0d8f-4d97-b1f9-96e3694a2663 | Context users@openstack cleanup() started
2019-12-10 07:30:34.976 20411 INFO rally.task.context [-] Task 4e8ca0c3-0d8f-4d97-b1f9-96e3694a2663 | Context users@openstack cleanup() finished in 4.48 sec
2019-12-10 07:30:36.922 20411 INFO rally.task.engine [-] Load duration is: 746.850744
2019-12-10 07:30:36.922 20411 INFO rally.task.engine [-] Full runner duration is: 755.899364
2019-12-10 07:30:36.923 20411 INFO rally.task.engine [-] Full duration is: 809.214516
2019-12-10 07:30:37.266 20411 INFO rally.task.engine [-] Running workload: position = 0 config = { "version": 2, "title": "A cropped version of a bigger task.", "description": "Auto-generated task from a single workload (uuid=3597efef-4720-420b-aebb-c06feeb5d790)", "subtasks": [ { "title": "NovaServers.boot_and_delete_server", "description": "Boot and delete a server.", "scenario": { "NovaServers.boot_and_delete_server": { "flavor": { "name": "rally_full-flavor_68cbd2e2-4670-4bbc-9b99-19b3f4b7f2a8" }, "image": { "name": "rally_full-img_68cbd2e2-4670-4bbc-9b99-19b3f4b7f2a8" }, "nics": [ { "net-id": "d9d946f1-00aa-4f41-8f9b-e4e8a85d4b17" } ] } }, "contexts": { "users": { "tenants": 3, "users_per_tenant": 2 }, "network": { "networks_per_tenant": 1, "start_cidr": "100.1.0.0/25" }, "quotas": { "neutron": { "network": -1, "port": -1, "subnet": -1 }, "nova": { "cores": -1, "floating_ips": -1, "instances": -1, "ram": -1, "security_group_rules": -1, "security_groups": -1 } } }, "runner": { "constant": { "concurrency": 4, "times": 10 } }, "hooks": [], "sla": { "failure_rate": { "max": 0 } } } ] }
2019-12-10 07:30:37.293 20411 RALLYDEBUG rally_openstack.contexts.keystone.users [-] Creating 3 tenants using 20 threads
2019-12-10 07:30:38.331 20411 RALLYDEBUG rally_openstack.contexts.keystone.users [-] Creating 6 users using 20 threads
2019-12-10 07:30:39.883 20411 INFO rally.task.context [-] Task 4e8ca0c3-0d8f-4d97-b1f9-96e3694a2663 | Context users@openstack setup() finished in 2.59 sec
2019-12-10 07:30:41.451 20411 INFO rally.task.context [-] Task 4e8ca0c3-0d8f-4d97-b1f9-96e3694a2663 | Context quotas@openstack setup() finished in 1.57 sec
2019-12-10 07:30:44.096 20411 RALLYDEBUG rally_openstack.wrappers.network [-] CIDR generated: 100.1.1.128/25
2019-12-10 07:30:48.920 20411 RALLYDEBUG rally_openstack.wrappers.network [-] CIDR generated: 100.1.2.0/25
2019-12-10 07:30:53.350 20411 RALLYDEBUG rally_openstack.wrappers.network [-] CIDR generated: 100.1.2.128/25
2019-12-10 07:30:55.567 20411 INFO rally.task.context [-] Task 4e8ca0c3-0d8f-4d97-b1f9-96e3694a2663 | Context network@openstack setup() finished in 14.12 sec
2019-12-10 07:30:55.568 20411 INFO rally.task.context [-] Task 4e8ca0c3-0d8f-4d97-b1f9-96e3694a2663 | Context cleanup@openstack setup() finished in 0.02 msec
2019-12-10 07:30:56.436 20411 RALLYDEBUG rally.task.runner [-] Starting the constant runner (task UUID: 4e8ca0c3-0d8f-4d97-b1f9-96e3694a2663). times: 10 concurrency: 4 timeout: 0 max_cpu_used: 16 processes_to_start: 4 concurrency_per_worker: 1 concurrency_overhead: 0
