2019-12-10 06:38:11.470 1845 INFO rally.task.context [-] Task c543cf46-2d88-4b57-9539-d9d0aac4e762 | Context api_versions@openstack cleanup() started
2019-12-10 06:38:11.471 1845 INFO rally.task.context [-] Task c543cf46-2d88-4b57-9539-d9d0aac4e762 | Context api_versions@openstack cleanup() finished in 0.33 msec
2019-12-10 06:38:11.471 1845 INFO rally.task.context [-] Task c543cf46-2d88-4b57-9539-d9d0aac4e762 | Context users@openstack cleanup() started
2019-12-10 06:38:16.403 1845 INFO rally.task.context [-] Task c543cf46-2d88-4b57-9539-d9d0aac4e762 | Context users@openstack cleanup() finished in 4.93 sec
2019-12-10 06:38:17.882 1845 INFO rally.task.engine [-] Load duration is: 14.794288
2019-12-10 06:38:17.882 1845 INFO rally.task.engine [-] Full runner duration is: 14.850003
2019-12-10 06:38:17.883 1845 INFO rally.task.engine [-] Full duration is: 28.763752
2019-12-10 06:38:18.076 1845 INFO rally.task.engine [-] Running workload: position = 1 config = { "version": 2, "title": "A cropped version of a bigger task.", "description": "Auto-generated task from a single workload (uuid=566d5022-a15a-4b35-a64c-e2c54a1c8d95)", "subtasks": [ { "title": "CinderVolumes.create_and_delete_volume", "description": "Create and then delete a volume.", "scenario": { "CinderVolumes.create_and_delete_volume": { "image": { "name": "rally_full-img_68cbd2e2-4670-4bbc-9b99-19b3f4b7f2a8" }, "size": 1 } }, "contexts": { "users": { "tenants": 3, "users_per_tenant": 2 }, "quotas": { "cinder": { "gigabytes": -1, "snapshots": -1, "volumes": -1 } }, "api_versions": { "cinder": { "version": 3, "service_type": "volumev3" } } }, "runner": { "constant": { "concurrency": 4, "times": 10 } }, "hooks": [], "sla": { "failure_rate": { "max": 0 } } } ] }
2019-12-10 06:38:18.102 1845 RALLYDEBUG rally_openstack.contexts.keystone.users [-] Creating 3 tenants using 20 threads
2019-12-10 06:38:19.148 1845 RALLYDEBUG rally_openstack.contexts.keystone.users [-] Creating 6 users using 20 threads
2019-12-10 06:38:20.766 1845 INFO rally.task.context [-] Task c543cf46-2d88-4b57-9539-d9d0aac4e762 | Context users@openstack setup() finished in 2.66 sec
2019-12-10 06:38:21.180 1845 INFO rally.task.context [-] Task c543cf46-2d88-4b57-9539-d9d0aac4e762 | Context api_versions@openstack setup() finished in 0.41 sec
2019-12-10 06:38:22.081 1845 INFO rally.task.context [-] Task c543cf46-2d88-4b57-9539-d9d0aac4e762 | Context quotas@openstack setup() finished in 0.90 sec
2019-12-10 06:38:22.081 1845 INFO rally.task.context [-] Task c543cf46-2d88-4b57-9539-d9d0aac4e762 | Context cleanup@openstack setup() finished in 0.01 msec
2019-12-10 06:38:22.658 1845 RALLYDEBUG rally.task.runner [-] Starting the constant runner (task UUID: c543cf46-2d88-4b57-9539-d9d0aac4e762). times: 10 concurrency: 4 timeout: 0 max_cpu_used: 16 processes_to_start: 4 concurrency_per_worker: 1 concurrency_overhead: 0
2019-12-10 06:38:22.670 4357 RALLYDEBUG rally.task.runner [-] Starting a worker. times: 10 duration: None concurrency: 1 timeout: 0 cls: method_name: run args: {"image": "e2082952-64e1-494f-a61c-acae11bc7e6a", "size": 1}
2019-12-10 06:38:22.673 4358 RALLYDEBUG rally.task.runner [-] Starting a worker. times: 10 duration: None concurrency: 1 timeout: 0 cls: method_name: run args: {"image": "e2082952-64e1-494f-a61c-acae11bc7e6a", "size": 1}
2019-12-10 06:38:22.677 4357 INFO rally.task.runner [-] Task c543cf46-2d88-4b57-9539-d9d0aac4e762 | ITER: 1 START
2019-12-10 06:38:22.677 4359 RALLYDEBUG rally.task.runner [-] Starting a worker. times: 10 duration: None concurrency: 1 timeout: 0 cls: method_name: run args: {"image": "e2082952-64e1-494f-a61c-acae11bc7e6a", "size": 1}
2019-12-10 06:38:22.680 4358 INFO rally.task.runner [-] Task c543cf46-2d88-4b57-9539-d9d0aac4e762 | ITER: 2 START
2019-12-10 06:38:22.681 4360 RALLYDEBUG rally.task.runner [-] Starting a worker. times: 10 duration: None concurrency: 1 timeout: 0 cls: method_name: run args: {"image": "e2082952-64e1-494f-a61c-acae11bc7e6a", "size": 1}
2019-12-10 06:38:22.684 4359 INFO rally.task.runner [-] Task c543cf46-2d88-4b57-9539-d9d0aac4e762 | ITER: 3 START
2019-12-10 06:38:22.687 4360 INFO rally.task.runner [-] Task c543cf46-2d88-4b57-9539-d9d0aac4e762 | ITER: 4 START
2019-12-10 06:38:38.066 4360 RALLYDEBUG rally.task.utils [-] Waiting for resource s_rally_566d5022_i5zO53LB. Status changed: DOWNLOADING => AVAILABLE in 12.59617018699646
2019-12-10 06:38:38.210 4360 RALLYDEBUG rally.task.utils [-] Waiting for resource s_rally_566d5022_i5zO53LB. Status changed: AVAILABLE => DELETING in 0.06934642791748047
2019-12-10 06:38:40.255 4360 INFO rally.task.runner [-] Task c543cf46-2d88-4b57-9539-d9d0aac4e762 | ITER: 4 END: OK
2019-12-10 06:38:40.259 4360 INFO rally.task.runner [-] Task c543cf46-2d88-4b57-9539-d9d0aac4e762 | ITER: 5 START
2019-12-10 06:38:44.342 4359 RALLYDEBUG rally.task.utils [-] Waiting for resource s_rally_566d5022_i0kTCWWg. Status changed: DOWNLOADING => AVAILABLE in 18.772298097610474
2019-12-10 06:38:44.491 4359 RALLYDEBUG rally.task.utils [-] Waiting for resource s_rally_566d5022_i0kTCWWg. Status changed: AVAILABLE => DELETING in 0.07186293601989746
2019-12-10 06:38:45.255 4360 RALLYDEBUG rally.task.utils [-] Waiting for resource s_rally_566d5022_XV4kQDaH. Status changed: CREATING => DOWNLOADING in 2.221741199493408
2019-12-10 06:38:46.535 4359 INFO rally.task.runner [-] Task c543cf46-2d88-4b57-9539-d9d0aac4e762 | ITER: 3 END: OK
2019-12-10 06:38:46.542 4359 INFO rally.task.runner [-] Task c543cf46-2d88-4b57-9539-d9d0aac4e762 | ITER: 6 START
2019-12-10 06:39:00.848 4358 RALLYDEBUG rally.task.utils [-] Waiting for resource s_rally_566d5022_pUfT6smM. Status changed: DOWNLOADING => AVAILABLE in 35.36796760559082
2019-12-10 06:39:00.877 4357 RALLYDEBUG rally.task.utils [-] Waiting for resource s_rally_566d5022_CwOe1o2g. Status changed: DOWNLOADING => AVAILABLE in 35.35006523132324
2019-12-10 06:39:00.994 4358 RALLYDEBUG rally.task.utils [-] Waiting for resource s_rally_566d5022_pUfT6smM. Status changed: AVAILABLE => DELETING in 0.0697317123413086
2019-12-10 06:39:01.013 4357 RALLYDEBUG rally.task.utils [-] Waiting for resource s_rally_566d5022_CwOe1o2g. Status changed: AVAILABLE => DELETING in 0.06668376922607422
2019-12-10 06:39:03.037 4358 INFO rally.task.runner [-] Task c543cf46-2d88-4b57-9539-d9d0aac4e762 | ITER: 2 END: OK
2019-12-10 06:39:03.042 4358 INFO rally.task.runner [-] Task c543cf46-2d88-4b57-9539-d9d0aac4e762 | ITER: 7 START
2019-12-10 06:39:03.054 4357 INFO rally.task.runner [-] Task c543cf46-2d88-4b57-9539-d9d0aac4e762 | ITER: 1 END: OK
2019-12-10 06:39:03.061 4357 INFO rally.task.runner [-] Task c543cf46-2d88-4b57-9539-d9d0aac4e762 | ITER: 8 START
2019-12-10 06:39:03.882 4360 RALLYDEBUG rally.task.utils [-] Waiting for resource s_rally_566d5022_XV4kQDaH. Status changed: DOWNLOADING => AVAILABLE in 18.626322984695435
2019-12-10 06:39:04.015 4360 RALLYDEBUG rally.task.utils [-] Waiting for resource s_rally_566d5022_XV4kQDaH. Status changed: AVAILABLE => DELETING in 0.062143564224243164
2019-12-10 06:39:06.055 4360 INFO rally.task.runner [-] Task c543cf46-2d88-4b57-9539-d9d0aac4e762 | ITER: 5 END: OK
2019-12-10 06:39:06.060 4360 INFO rally.task.runner [-] Task c543cf46-2d88-4b57-9539-d9d0aac4e762 | ITER: 9 START
2019-12-10 06:39:20.428 4358 RALLYDEBUG rally.task.utils [-] Waiting for resource s_rally_566d5022_WXHFaHwS. Status changed: DOWNLOADING => AVAILABLE in 14.652089357376099
2019-12-10 06:39:20.554 4358 RALLYDEBUG rally.task.utils [-] Waiting for resource s_rally_566d5022_WXHFaHwS. Status changed: AVAILABLE => DELETING in 0.05782127380371094
2019-12-10 06:39:22.772 4359 RALLYDEBUG rally.task.utils [-] Waiting for resource s_rally_566d5022_0EyJrRjZ. Status changed: DOWNLOADING => AVAILABLE in 33.45875883102417
2019-12-10 06:39:22.898 4359 RALLYDEBUG rally.task.utils [-] Waiting for resource s_rally_566d5022_0EyJrRjZ. Status changed: AVAILABLE => DELETING in 0.05760765075683594
2019-12-10 06:39:24.674 4358 INFO rally.task.runner [-] Task c543cf46-2d88-4b57-9539-d9d0aac4e762 | ITER: 7 END: OK
2019-12-10 06:39:24.679 4358 INFO rally.task.runner [-] Task c543cf46-2d88-4b57-9539-d9d0aac4e762 | ITER: 10 START
2019-12-10 06:39:24.945 4359 INFO rally.task.runner [-] Task c543cf46-2d88-4b57-9539-d9d0aac4e762 | ITER: 6 END: OK
2019-12-10 06:39:41.594 4357 RALLYDEBUG rally.task.utils [-] Waiting for resource s_rally_566d5022_YuCVfsza. Status changed: DOWNLOADING => AVAILABLE in 35.3492534160614
2019-12-10 06:39:41.741 4357 RALLYDEBUG rally.task.utils [-] Waiting for resource s_rally_566d5022_YuCVfsza. Status changed: AVAILABLE => DELETING in 0.07074141502380371
2019-12-10 06:39:42.733 4360 RALLYDEBUG rally.task.utils [-] Waiting for resource s_rally_566d5022_8Up4rmXB. Status changed: DOWNLOADING => AVAILABLE in 33.44196438789368
2019-12-10 06:39:42.876 4360 RALLYDEBUG rally.task.utils [-] Waiting for resource s_rally_566d5022_8Up4rmXB. Status changed: AVAILABLE => DELETING in 0.06737112998962402
2019-12-10 06:39:43.783 4357 INFO rally.task.runner [-] Task c543cf46-2d88-4b57-9539-d9d0aac4e762 | ITER: 8 END: OK
2019-12-10 06:39:44.917 4360 INFO rally.task.runner [-] Task c543cf46-2d88-4b57-9539-d9d0aac4e762 | ITER: 9 END: OK
2019-12-10 06:39:46.521 4358 RALLYDEBUG rally.task.utils [-] Waiting for resource s_rally_566d5022_A6dUcz4n. Status changed: DOWNLOADING => AVAILABLE in 18.79112148284912
2019-12-10 06:39:46.665 4358 RALLYDEBUG rally.task.utils [-] Waiting for resource s_rally_566d5022_A6dUcz4n. Status changed: AVAILABLE => DELETING in 0.06684517860412598
2019-12-10 06:39:48.710 4358 INFO rally.task.runner [-] Task c543cf46-2d88-4b57-9539-d9d0aac4e762 | ITER: 10 END: OK
2019-12-10 06:39:48.741 1845 INFO rally.task.context [-] Task c543cf46-2d88-4b57-9539-d9d0aac4e762 | Context cleanup@openstack cleanup() started
2019-12-10 06:39:48.745 1845 RALLYDEBUG rally_openstack.cleanup.manager [-] Cleaning up cinder backups objects
2019-12-10 06:39:50.052 1845 RALLYDEBUG rally_openstack.cleanup.manager [-] Cleaning up cinder volume_snapshots objects
2019-12-10 06:39:51.221 1845 RALLYDEBUG rally_openstack.cleanup.manager [-] Cleaning up cinder transfers objects
2019-12-10 06:39:52.373 1845 RALLYDEBUG rally_openstack.cleanup.manager [-] Cleaning up cinder volumes objects
2019-12-10 06:39:53.590 1845 INFO rally.task.context [-] Task c543cf46-2d88-4b57-9539-d9d0aac4e762 | Context cleanup@openstack cleanup() finished in 4.85 sec
2019-12-10 06:39:53.591 1845 INFO rally.task.context [-] Task c543cf46-2d88-4b57-9539-d9d0aac4e762 | Context quotas@openstack cleanup() started
2019-12-10 06:39:53.658 1845 INFO rally.task.context [-] Task c543cf46-2d88-4b57-9539-d9d0aac4e762 | Context quotas@openstack cleanup() finished in 66.94 msec
2019-12-10 06:39:53.658 1845 INFO rally.task.context [-] Task c543cf46-2d88-4b57-9539-d9d0aac4e762 | Context api_versions@openstack cleanup() started
2019-12-10 06:39:53.659 1845 INFO rally.task.context [-] Task c543cf46-2d88-4b57-9539-d9d0aac4e762 | Context api_versions@openstack cleanup() finished in 0.33 msec
2019-12-10 06:39:53.659 1845 INFO rally.task.context [-] Task c543cf46-2d88-4b57-9539-d9d0aac4e762 | Context users@openstack cleanup() started
2019-12-10 06:39:58.296 1845 INFO rally.task.context [-] Task c543cf46-2d88-4b57-9539-d9d0aac4e762 | Context users@openstack cleanup() finished in 4.64 sec
2019-12-10 06:39:58.579 1845 INFO rally.task.engine [-] Load duration is: 86.028831
2019-12-10 06:39:58.580 1845 INFO rally.task.engine [-] Full runner duration is: 86.083517
2019-12-10 06:39:58.580 1845 INFO rally.task.engine [-] Full duration is: 100.196392
2019-12-10 06:39:58.803 1845 INFO rally.task.engine [-] Running workload: position = 2 config = { "version": 2, "title": "A cropped version of a bigger task.", "description": "Auto-generated task from a single workload (uuid=d168f3e3-57a6-4eca-be28-c5f4cd143e65)", "subtasks": [ { "title": "CinderVolumes.create_and_delete_volume", "description": "Create and then delete a volume.", "scenario": { "CinderVolumes.create_and_delete_volume": { "size": 1 } }, "contexts": { "users": { "tenants": 3, "users_per_tenant": 2 }, "quotas": { "cinder": { "gigabytes": -1, "snapshots": -1, "volumes": -1 } }, "api_versions": { "cinder": { "version": 3, "service_type": "volumev3" } } }, "runner": { "constant": { "concurrency": 4, "times": 10 } }, "hooks": [], "sla": { "failure_rate": { "max": 0 } } } ] }
2019-12-10 06:39:58.828 1845 RALLYDEBUG rally_openstack.contexts.keystone.users [-] Creating 3 tenants using 20 threads
2019-12-10 06:39:59.871 1845 RALLYDEBUG rally_openstack.contexts.keystone.users [-] Creating 6 users using 20 threads
2019-12-10 06:40:01.494 1845 INFO rally.task.context [-] Task c543cf46-2d88-4b57-9539-d9d0aac4e762 | Context users@openstack setup() finished in 2.67 sec
2019-12-10 06:40:01.913 1845 INFO rally.task.context [-] Task c543cf46-2d88-4b57-9539-d9d0aac4e762 | Context api_versions@openstack setup() finished in 0.42 sec
2019-12-10 06:40:02.896 1845 INFO rally.task.context [-] Task c543cf46-2d88-4b57-9539-d9d0aac4e762 | Context quotas@openstack setup() finished in 0.98 sec
2019-12-10 06:40:02.896 1845 INFO rally.task.context [-] Task c543cf46-2d88-4b57-9539-d9d0aac4e762 | Context cleanup@openstack setup() finished in 0.01 msec
2019-12-10 06:40:02.905 1845 RALLYDEBUG rally.task.runner [-] Starting the constant runner (task UUID: c543cf46-2d88-4b57-9539-d9d0aac4e762). times: 10 concurrency: 4 timeout: 0 max_cpu_used: 16 processes_to_start: 4 concurrency_per_worker: 1 concurrency_overhead: 0
2019-12-10 06:40:02.917 4541 RALLYDEBUG rally.task.runner [-] Starting a worker. times: 10 duration: None concurrency: 1 timeout: 0 cls: method_name: run args: {"size": 1}
2019-12-10 06:40:02.920 4542 RALLYDEBUG rally.task.runner [-] Starting a worker. times: 10 duration: None concurrency: 1 timeout: 0 cls: method_name: run args: {"size": 1}
2019-12-10 06:40:02.923 4541 INFO rally.task.runner [-] Task c543cf46-2d88-4b57-9539-d9d0aac4e762 | ITER: 1 START
2019-12-10 06:40:02.924 4543 RALLYDEBUG rally.task.runner [-] Starting a worker. times: 10 duration: None concurrency: 1 timeout: 0 cls: method_name: run args: {"size": 1}
2019-12-10 06:40:02.926 4542 INFO rally.task.runner [-] Task c543cf46-2d88-4b57-9539-d9d0aac4e762 | ITER: 2 START
2019-12-10 06:40:02.929 4546 RALLYDEBUG rally.task.runner [-] Starting a worker. times: 10 duration: None concurrency: 1 timeout: 0 cls: method_name: run args: {"size": 1}
2019-12-10 06:40:02.931 4543 INFO rally.task.runner [-] Task c543cf46-2d88-4b57-9539-d9d0aac4e762 | ITER: 3 START
2019-12-10 06:40:02.935 4546 INFO rally.task.runner [-] Task c543cf46-2d88-4b57-9539-d9d0aac4e762 | ITER: 4 START
2019-12-10 06:40:05.802 4543 RALLYDEBUG rally.task.utils [-] Waiting for resource s_rally_d168f3e3_Zc4LqxVL. Status changed: AVAILABLE => DELETING in 0.061517953872680664
2019-12-10 06:40:05.841 4542 RALLYDEBUG rally.task.utils [-] Waiting for resource s_rally_d168f3e3_2GsRV7Ts. Status changed: AVAILABLE => DELETING in 0.06978368759155273
2019-12-10 06:40:05.852 4546 RALLYDEBUG rally.task.utils [-] Waiting for resource s_rally_d168f3e3_aXUCRzPT. Status changed: AVAILABLE => DELETING in 0.05532670021057129
2019-12-10 06:40:05.974 4541 RALLYDEBUG rally.task.utils [-] Waiting for resource s_rally_d168f3e3_Wpf3H93o. Status changed: AVAILABLE => DELETING in 0.05802035331726074
2019-12-10 06:40:07.844 4543 INFO rally.task.runner [-] Task c543cf46-2d88-4b57-9539-d9d0aac4e762 | ITER: 3 END: OK
2019-12-10 06:40:07.849 4543 INFO rally.task.runner [-] Task c543cf46-2d88-4b57-9539-d9d0aac4e762 | ITER: 5 START
2019-12-10 06:40:07.885 4542 INFO rally.task.runner [-] Task c543cf46-2d88-4b57-9539-d9d0aac4e762 | ITER: 2 END: OK
2019-12-10 06:40:07.890 4542 INFO rally.task.runner [-] Task c543cf46-2d88-4b57-9539-d9d0aac4e762 | ITER: 6 START
2019-12-10 06:40:07.894 4546 INFO rally.task.runner [-] Task c543cf46-2d88-4b57-9539-d9d0aac4e762 | ITER: 4 END: OK
2019-12-10 06:40:07.900 4546 INFO rally.task.runner [-] Task c543cf46-2d88-4b57-9539-d9d0aac4e762 | ITER: 7 START
2019-12-10 06:40:08.019 4541 INFO rally.task.runner [-] Task c543cf46-2d88-4b57-9539-d9d0aac4e762 | ITER: 1 END: OK
2019-12-10 06:40:08.024 4541 INFO rally.task.runner [-] Task c543cf46-2d88-4b57-9539-d9d0aac4e762 | ITER: 8 START
2019-12-10 06:40:10.682 4543 RALLYDEBUG rally.task.utils [-] Waiting for resource s_rally_d168f3e3_1ihzB69F. Status changed: AVAILABLE => DELETING in 0.05738234519958496
2019-12-10 06:40:10.705 4546 RALLYDEBUG rally.task.utils [-] Waiting for resource s_rally_d168f3e3_VOaKwz22. Status changed: AVAILABLE => DELETING in 0.057524919509887695
2019-12-10 06:40:10.792 4542 RALLYDEBUG rally.task.utils [-] Waiting for resource s_rally_d168f3e3_1VhTagKK. Status changed: AVAILABLE => DELETING in 0.05687570571899414
2019-12-10 06:40:10.926 4541 RALLYDEBUG rally.task.utils [-] Waiting for resource s_rally_d168f3e3_usBdTA2V. Status changed: AVAILABLE => DELETING in 0.05874514579772949
2019-12-10 06:40:12.725 4543 INFO rally.task.runner [-] Task c543cf46-2d88-4b57-9539-d9d0aac4e762 | ITER: 5 END: OK
2019-12-10 06:40:12.729 4543 INFO rally.task.runner [-] Task c543cf46-2d88-4b57-9539-d9d0aac4e762 | ITER: 9 START
2019-12-10 06:40:12.751 4546 INFO rally.task.runner [-] Task c543cf46-2d88-4b57-9539-d9d0aac4e762 | ITER: 7 END: OK
2019-12-10 06:40:12.755 4546 INFO rally.task.runner [-] Task c543cf46-2d88-4b57-9539-d9d0aac4e762 | ITER: 10 START
2019-12-10 06:40:12.833 4542 INFO rally.task.runner [-] Task c543cf46-2d88-4b57-9539-d9d0aac4e762 | ITER: 6 END: OK
2019-12-10 06:40:12.966 4541 INFO rally.task.runner [-] Task c543cf46-2d88-4b57-9539-d9d0aac4e762 | ITER: 8 END: OK
2019-12-10 06:40:15.601 4546 RALLYDEBUG rally.task.utils [-] Waiting for resource s_rally_d168f3e3_a61UMihg. Status changed: AVAILABLE => DELETING in 0.0656893253326416
2019-12-10 06:40:15.749 4543 RALLYDEBUG rally.task.utils [-] Waiting for resource s_rally_d168f3e3_40AGWLAu. Status changed: AVAILABLE => DELETING in 0.06612396240234375
2019-12-10 06:40:17.645 4546 INFO rally.task.runner [-] Task c543cf46-2d88-4b57-9539-d9d0aac4e762 | ITER: 10 END: OK
2019-12-10 06:40:17.794 4543 INFO rally.task.runner [-] Task c543cf46-2d88-4b57-9539-d9d0aac4e762 | ITER: 9 END: OK
2019-12-10 06:40:17.827 1845 INFO rally.task.context [-] Task c543cf46-2d88-4b57-9539-d9d0aac4e762 | Context cleanup@openstack cleanup() started
2019-12-10 06:40:17.831 1845 RALLYDEBUG rally_openstack.cleanup.manager [-] Cleaning up cinder backups objects
2019-12-10 06:40:19.026 1845 RALLYDEBUG rally_openstack.cleanup.manager [-] Cleaning up cinder volume_snapshots objects
2019-12-10 06:40:20.191 1845 RALLYDEBUG rally_openstack.cleanup.manager [-] Cleaning up cinder transfers objects
2019-12-10 06:40:21.338 1845 RALLYDEBUG rally_openstack.cleanup.manager [-] Cleaning up cinder volumes objects
2019-12-10 06:40:22.565 1845 INFO rally.task.context [-] Task c543cf46-2d88-4b57-9539-d9d0aac4e762 | Context cleanup@openstack cleanup() finished in 4.74 sec
2019-12-10 06:40:22.566 1845 INFO rally.task.context [-] Task c543cf46-2d88-4b57-9539-d9d0aac4e762 | Context quotas@openstack cleanup() started
2019-12-10 06:40:22.645 1845 INFO rally.task.context [-] Task c543cf46-2d88-4b57-9539-d9d0aac4e762 | Context quotas@openstack cleanup() finished in 79.25 msec
2019-12-10 06:40:22.645 1845 INFO rally.task.context [-] Task c543cf46-2d88-4b57-9539-d9d0aac4e762 | Context api_versions@openstack cleanup() started
2019-12-10 06:40:22.646 1845 INFO rally.task.context [-] Task c543cf46-2d88-4b57-9539-d9d0aac4e762 | Context api_versions@openstack cleanup() finished in 0.38 msec
2019-12-10 06:40:22.646 1845 INFO rally.task.context [-] Task c543cf46-2d88-4b57-9539-d9d0aac4e762 | Context users@openstack cleanup() started
2019-12-10 06:40:27.590 1845 INFO rally.task.context [-] Task c543cf46-2d88-4b57-9539-d9d0aac4e762 | Context users@openstack cleanup() finished in 4.94 sec
2019-12-10 06:40:28.996 1845 INFO rally.task.engine [-] Load duration is: 14.865973
2019-12-10 06:40:28.996 1845 INFO rally.task.engine [-] Full runner duration is: 14.922296
2019-12-10 06:40:28.997 1845 INFO rally.task.engine [-] Full duration is: 28.764591
2019-12-10 06:40:29.310 1845 INFO rally.task.engine [-] Running workload: position = 0 config = { "version": 2, "title": "A cropped version of a bigger task.", "description": "Auto-generated task from a single workload (uuid=ef8b6a3f-53be-4d2f-af26-dabce9af129c)", "subtasks": [ { "title": "CinderVolumes.create_and_extend_volume", "description": "Create and extend a volume and then delete it.", "scenario": { "CinderVolumes.create_and_extend_volume": { "new_size": 2, "size": 1 } }, "contexts": { "users": { "tenants": 3, "users_per_tenant": 2 }, "quotas": { "cinder": { "gigabytes": -1, "snapshots": -1, "volumes": -1 } }, "api_versions": { "cinder": { "version": 3, "service_type": "volumev3" } } }, "runner": { "constant": { "concurrency": 4, "times": 10 } }, "hooks": [], "sla": { "failure_rate": { "max": 0 } } } ] }
2019-12-10 06:40:29.335 1845 RALLYDEBUG rally_openstack.contexts.keystone.users [-] Creating 3 tenants using 20 threads
2019-12-10 06:40:30.375 1845 RALLYDEBUG rally_openstack.contexts.keystone.users [-] Creating 6 users using 20 threads
2019-12-10 06:40:31.924 1845 INFO rally.task.context [-] Task c543cf46-2d88-4b57-9539-d9d0aac4e762 | Context users@openstack setup() finished in 2.59 sec
2019-12-10 06:40:32.327 1845 INFO rally.task.context [-] Task c543cf46-2d88-4b57-9539-d9d0aac4e762 | Context api_versions@openstack setup() finished in 0.40 sec
2019-12-10 06:40:33.222 1845 INFO rally.task.context [-] Task c543cf46-2d88-4b57-9539-d9d0aac4e762 | Context quotas@openstack setup() finished in 0.89 sec
2019-12-10 06:40:33.223 1845 INFO rally.task.context [-] Task c543cf46-2d88-4b57-9539-d9d0aac4e762 | Context cleanup@openstack setup() finished in 0.01 msec
2019-12-10 06:40:33.232 1845 RALLYDEBUG rally.task.runner [-] Starting the constant runner (task UUID: c543cf46-2d88-4b57-9539-d9d0aac4e762). times: 10 concurrency: 4 timeout: 0 max_cpu_used: 16 processes_to_start: 4 concurrency_per_worker: 1 concurrency_overhead: 0
2019-12-10 06:40:33.244 4725 RALLYDEBUG rally.task.runner [-] Starting a worker. times: 10 duration: None concurrency: 1 timeout: 0 cls: method_name: run args: {"new_size": 2, "size": 1}
2019-12-10 06:40:33.247 4726 RALLYDEBUG rally.task.runner [-] Starting a worker. times: 10 duration: None concurrency: 1 timeout: 0 cls: method_name: run args: {"new_size": 2, "size": 1}
2019-12-10 06:40:33.251 4725 INFO rally.task.runner [-] Task c543cf46-2d88-4b57-9539-d9d0aac4e762 | ITER: 1 START
2019-12-10 06:40:33.251 4727 RALLYDEBUG rally.task.runner [-] Starting a worker. times: 10 duration: None concurrency: 1 timeout: 0 cls: method_name: run args: {"new_size": 2, "size": 1}
2019-12-10 06:40:33.254 4726 INFO rally.task.runner [-] Task c543cf46-2d88-4b57-9539-d9d0aac4e762 | ITER: 2 START
2019-12-10 06:40:33.254 4729 RALLYDEBUG rally.task.runner [-] Starting a worker. times: 10 duration: None concurrency: 1 timeout: 0 cls: method_name: run args: {"new_size": 2, "size": 1}
2019-12-10 06:40:33.258 4727 INFO rally.task.runner [-] Task c543cf46-2d88-4b57-9539-d9d0aac4e762 | ITER: 3 START
2019-12-10 06:40:33.260 4729 INFO rally.task.runner [-] Task c543cf46-2d88-4b57-9539-d9d0aac4e762 | ITER: 4 START
2019-12-10 06:40:36.204 4727 RALLYDEBUG rally.task.utils [-] Waiting for resource s_rally_ef8b6a3f_wEn8HcOB. Status changed: AVAILABLE => EXTENDING in 0.05599784851074219
2019-12-10 06:40:36.229 4729 RALLYDEBUG rally.task.utils [-] Waiting for resource s_rally_ef8b6a3f_hmXUt6Q5. Status changed: AVAILABLE => EXTENDING in 0.05577898025512695
2019-12-10 06:40:36.239 4726 RALLYDEBUG rally.task.utils [-] Waiting for resource s_rally_ef8b6a3f_L3DUUt3b. Status changed: AVAILABLE => EXTENDING in 0.05459189414978027
2019-12-10 06:40:36.362 4725 RALLYDEBUG rally.task.utils [-] Waiting for resource s_rally_ef8b6a3f_QAV2f1hS. Status changed: AVAILABLE => EXTENDING in 0.06154799461364746
2019-12-10 06:40:38.277 4727 RALLYDEBUG rally.task.utils [-] Waiting for resource s_rally_ef8b6a3f_wEn8HcOB. Status changed: EXTENDING => AVAILABLE in 2.072347640991211
2019-12-10 06:40:38.301 4729 RALLYDEBUG rally.task.utils [-] Waiting for resource s_rally_ef8b6a3f_hmXUt6Q5. Status changed: EXTENDING => AVAILABLE in 2.0713117122650146
2019-12-10 06:40:38.313 4726 RALLYDEBUG rally.task.utils [-] Waiting for resource s_rally_ef8b6a3f_L3DUUt3b. Status changed: EXTENDING => AVAILABLE in 2.0736560821533203
2019-12-10 06:40:38.403 4727 RALLYDEBUG rally.task.utils [-] Waiting for resource s_rally_ef8b6a3f_wEn8HcOB. Status changed: AVAILABLE => DELETING in 0.05838942527770996
2019-12-10 06:40:38.416 4725 RALLYDEBUG rally.task.utils [-] Waiting for resource s_rally_ef8b6a3f_QAV2f1hS. Status changed: EXTENDING => AVAILABLE in 2.0543136596679688
2019-12-10 06:40:38.425 4729 RALLYDEBUG rally.task.utils [-] Waiting for resource s_rally_ef8b6a3f_hmXUt6Q5. Status changed: AVAILABLE => DELETING in 0.058393239974975586
2019-12-10 06:40:38.438 4726 RALLYDEBUG rally.task.utils [-] Waiting for resource s_rally_ef8b6a3f_L3DUUt3b. Status changed: AVAILABLE => DELETING in 0.060747623443603516
2019-12-10 06:40:38.546 4725 RALLYDEBUG rally.task.utils [-] Waiting for resource s_rally_ef8b6a3f_QAV2f1hS. Status changed: AVAILABLE => DELETING in 0.06800293922424316
2019-12-10 06:40:40.448 4727 INFO rally.task.runner [-] Task c543cf46-2d88-4b57-9539-d9d0aac4e762 | ITER: 3 END: OK
2019-12-10 06:40:40.453 4727 INFO rally.task.runner [-] Task c543cf46-2d88-4b57-9539-d9d0aac4e762 | ITER: 5 START
2019-12-10 06:40:40.470 4729 INFO rally.task.runner [-] Task c543cf46-2d88-4b57-9539-d9d0aac4e762 | ITER: 4 END: OK
2019-12-10 06:40:40.475 4729 INFO rally.task.runner [-] Task c543cf46-2d88-4b57-9539-d9d0aac4e762 | ITER: 6 START
2019-12-10 06:40:40.488 4726 INFO rally.task.runner [-] Task c543cf46-2d88-4b57-9539-d9d0aac4e762 | ITER: 2 END: OK
2019-12-10 06:40:40.493 4726 INFO rally.task.runner [-] Task c543cf46-2d88-4b57-9539-d9d0aac4e762 | ITER: 7 START
2019-12-10 06:40:40.593 4725 INFO rally.task.runner [-] Task c543cf46-2d88-4b57-9539-d9d0aac4e762 | ITER: 1 END: OK
2019-12-10 06:40:40.599 4725 INFO rally.task.runner [-] Task c543cf46-2d88-4b57-9539-d9d0aac4e762 | ITER: 8 START
2019-12-10 06:40:43.361 4727 RALLYDEBUG rally.task.utils [-] Waiting for resource s_rally_ef8b6a3f_Qg7onFY6. Status changed: AVAILABLE => EXTENDING in 0.06303787231445312
2019-12-10 06:40:43.466 4729 RALLYDEBUG rally.task.utils [-] Waiting for resource s_rally_ef8b6a3f_PGb2VLvA. Status changed: AVAILABLE => EXTENDING in 0.058632612228393555
2019-12-10 06:40:43.471 4725 RALLYDEBUG rally.task.utils [-] Waiting for resource s_rally_ef8b6a3f_PfOJ4Nwb. Status changed: AVAILABLE => EXTENDING in 0.06075167655944824
2019-12-10 06:40:43.640 4726 RALLYDEBUG rally.task.utils [-] Waiting for resource s_rally_ef8b6a3f_td4O15j0. Status changed: AVAILABLE => EXTENDING in 0.062381744384765625
2019-12-10 06:40:45.426 4727 RALLYDEBUG rally.task.utils [-] Waiting for resource s_rally_ef8b6a3f_Qg7onFY6. Status changed: EXTENDING => AVAILABLE in 2.0647706985473633
2019-12-10 06:40:45.528 4729 RALLYDEBUG rally.task.utils [-] Waiting for resource s_rally_ef8b6a3f_PGb2VLvA. Status changed: EXTENDING => AVAILABLE in 2.062349557876587
2019-12-10 06:40:45.538 4725 RALLYDEBUG rally.task.utils [-] Waiting for resource s_rally_ef8b6a3f_PfOJ4Nwb. Status changed: EXTENDING => AVAILABLE in 2.06740403175354
2019-12-10 06:40:45.582 4727 RALLYDEBUG rally.task.utils [-] Waiting for resource s_rally_ef8b6a3f_Qg7onFY6. Status changed: AVAILABLE => DELETING in 0.06381082534790039
2019-12-10 06:40:45.653 4729 RALLYDEBUG rally.task.utils [-] Waiting for resource s_rally_ef8b6a3f_PGb2VLvA. Status changed: AVAILABLE => DELETING in 0.06353330612182617
2019-12-10 06:40:45.657 4725 RALLYDEBUG rally.task.utils [-] Waiting for resource s_rally_ef8b6a3f_PfOJ4Nwb. Status changed: AVAILABLE => DELETING in 0.057532548904418945
2019-12-10 06:40:45.706 4726 RALLYDEBUG rally.task.utils [-] Waiting for resource s_rally_ef8b6a3f_td4O15j0. Status changed: EXTENDING => AVAILABLE in 2.0660009384155273
2019-12-10 06:40:45.840 4726 RALLYDEBUG rally.task.utils [-] Waiting for resource s_rally_ef8b6a3f_td4O15j0. Status changed: AVAILABLE => DELETING in 0.06769204139709473
2019-12-10 06:40:47.622 4727 INFO rally.task.runner [-] Task c543cf46-2d88-4b57-9539-d9d0aac4e762 | ITER: 5 END: OK
2019-12-10 06:40:47.627 4727 INFO rally.task.runner [-] Task c543cf46-2d88-4b57-9539-d9d0aac4e762 | ITER: 9 START
2019-12-10 06:40:47.699 4729 INFO rally.task.runner [-] Task c543cf46-2d88-4b57-9539-d9d0aac4e762 | ITER: 6 END: OK
2019-12-10 06:40:47.702 4725 INFO rally.task.runner [-] Task c543cf46-2d88-4b57-9539-d9d0aac4e762 | ITER: 8 END: OK
2019-12-10 06:40:47.703 4729 INFO rally.task.runner [-] Task c543cf46-2d88-4b57-9539-d9d0aac4e762 | ITER: 10 START
2019-12-10 06:40:47.881 4726 INFO rally.task.runner [-] Task c543cf46-2d88-4b57-9539-d9d0aac4e762 | ITER: 7 END: OK
2019-12-10 06:40:50.628 4729 RALLYDEBUG rally.task.utils [-] Waiting for resource s_rally_ef8b6a3f_5fcFgJt6. Status changed: AVAILABLE => EXTENDING in 0.062073707580566406
2019-12-10 06:40:50.644 4727 RALLYDEBUG rally.task.utils [-] Waiting for resource s_rally_ef8b6a3f_B5jfFB58. Status changed: AVAILABLE => EXTENDING in 0.06328964233398438
2019-12-10 06:40:52.713 4729 RALLYDEBUG rally.task.utils [-] Waiting for resource s_rally_ef8b6a3f_5fcFgJt6. Status changed: EXTENDING => AVAILABLE in 2.0844247341156006
2019-12-10 06:40:52.725 4727 RALLYDEBUG rally.task.utils [-] Waiting for resource s_rally_ef8b6a3f_B5jfFB58. Status changed: EXTENDING => AVAILABLE in 2.0808682441711426
2019-12-10 06:40:52.851 4729 RALLYDEBUG rally.task.utils [-] Waiting for resource s_rally_ef8b6a3f_5fcFgJt6. Status changed: AVAILABLE => DELETING in 0.0631718635559082
2019-12-10 06:40:52.865 4727 RALLYDEBUG rally.task.utils [-] Waiting for resource s_rally_ef8b6a3f_B5jfFB58. Status changed: AVAILABLE => DELETING in 0.06519818305969238
2019-12-10 06:40:54.892 4729 INFO rally.task.runner [-] Task c543cf46-2d88-4b57-9539-d9d0aac4e762 | ITER: 10 END: OK
2019-12-10 06:40:54.909 4727 INFO rally.task.runner [-] Task c543cf46-2d88-4b57-9539-d9d0aac4e762 | ITER: 9 END: OK
2019-12-10 06:40:54.932 1845 INFO rally.task.context [-] Task c543cf46-2d88-4b57-9539-d9d0aac4e762 | Context cleanup@openstack cleanup() started
2019-12-10 06:40:54.936 1845 RALLYDEBUG rally_openstack.cleanup.manager [-] Cleaning up cinder backups objects
2019-12-10 06:40:56.238 1845 RALLYDEBUG rally_openstack.cleanup.manager [-] Cleaning up cinder volume_snapshots objects
2019-12-10 06:40:57.419 1845 RALLYDEBUG rally_openstack.cleanup.manager [-] Cleaning up cinder transfers objects
2019-12-10 06:40:58.603 1845 RALLYDEBUG rally_openstack.cleanup.manager [-] Cleaning up cinder volumes objects
2019-12-10 06:40:59.837 1845 INFO rally.task.context [-] Task c543cf46-2d88-4b57-9539-d9d0aac4e762 | Context cleanup@openstack cleanup() finished in 4.90 sec
2019-12-10 06:40:59.838 1845 INFO rally.task.context [-] Task c543cf46-2d88-4b57-9539-d9d0aac4e762 | Context quotas@openstack cleanup() started
2019-12-10 06:40:59.916 1845 INFO rally.task.context [-] Task c543cf46-2d88-4b57-9539-d9d0aac4e762 | Context quotas@openstack cleanup() finished in 78.81 msec
2019-12-10 06:40:59.917 1845 INFO rally.task.context [-] Task c543cf46-2d88-4b57-9539-d9d0aac4e762 | Context api_versions@openstack cleanup() started
2019-12-10 06:40:59.917 1845 INFO rally.task.context [-] Task c543cf46-2d88-4b57-9539-d9d0aac4e762 | Context api_versions@openstack cleanup() finished in 0.38 msec
2019-12-10 06:40:59.918 1845 INFO rally.task.context [-] Task c543cf46-2d88-4b57-9539-d9d0aac4e762 | Context users@openstack cleanup() started
2019-12-10 06:41:04.645 1845 INFO rally.task.context [-] Task c543cf46-2d88-4b57-9539-d9d0aac4e762 | Context users@openstack cleanup() finished in 4.73 sec
2019-12-10 06:41:05.588 1845 INFO rally.task.engine [-] Load duration is: 21.653189
2019-12-10 06:41:05.588 1845 INFO rally.task.engine [-] Full runner duration is: 21.700678
2019-12-10 06:41:05.589 1845 INFO rally.task.engine [-] Full duration is: 35.311972
2019-12-10 06:41:05.909 1845 INFO rally.task.engine [-] Running workload: position = 0 config = { "version": 2, "title": "A cropped version of a bigger task.", "description": "Auto-generated task from a single workload (uuid=c7a78e95-8fcd-4e21-8680-48b0fe7c2b8e)", "subtasks": [ { "title": "CinderVolumes.create_from_volume_and_delete_volume", "description": "Create volume from volume and then delete it.", "scenario": { "CinderVolumes.create_from_volume_and_delete_volume": { "size": 1 } }, "contexts": { "users": { "tenants": 3, "users_per_tenant": 2 }, "quotas": { "cinder": { "gigabytes": -1, "snapshots": -1, "volumes": -1 } }, "api_versions": { "cinder": { "version": 3, "service_type": "volumev3" } }, "volumes": { "size": 1, "volumes_per_tenant": 1 } }, "runner": { "constant": { "concurrency": 4, "times": 10 } }, "hooks": [], "sla": { "failure_rate": { "max": 0 } } } ] }
2019-12-10 06:41:05.935 1845 RALLYDEBUG rally_openstack.contexts.keystone.users [-] Creating 3 tenants using 20 threads
2019-12-10 06:41:06.839 1845 RALLYDEBUG rally_openstack.contexts.keystone.users [-] Creating 6 users using 20 threads
2019-12-10 06:41:08.274 1845 INFO rally.task.context [-] Task c543cf46-2d88-4b57-9539-d9d0aac4e762 | Context users@openstack setup() finished in 2.34 sec
2019-12-10 06:41:08.694 1845 INFO rally.task.context [-] Task c543cf46-2d88-4b57-9539-d9d0aac4e762 | Context api_versions@openstack setup() finished in 0.42 sec
2019-12-10 06:41:09.617 1845 INFO rally.task.context [-] Task c543cf46-2d88-4b57-9539-d9d0aac4e762 | Context quotas@openstack setup() finished in 0.92 sec
2019-12-10 06:41:18.406 1845 INFO rally.task.context [-] Task c543cf46-2d88-4b57-9539-d9d0aac4e762 | Context volumes@openstack setup() finished in 8.79 sec
2019-12-10 06:41:18.406 1845 INFO rally.task.context [-] Task c543cf46-2d88-4b57-9539-d9d0aac4e762 | Context cleanup@openstack setup() finished in 0.01 msec
2019-12-10 06:41:18.415 1845 RALLYDEBUG rally.task.runner [-] Starting the constant runner (task UUID: c543cf46-2d88-4b57-9539-d9d0aac4e762). times: 10 concurrency: 4 timeout: 0 max_cpu_used: 16 processes_to_start: 4 concurrency_per_worker: 1 concurrency_overhead: 0
2019-12-10 06:41:18.427 4909 RALLYDEBUG rally.task.runner [-] Starting a worker. times: 10 duration: None concurrency: 1 timeout: 0 cls: method_name: run args: {"size": 1}
2019-12-10 06:41:18.430 4910 RALLYDEBUG rally.task.runner [-] Starting a worker. times: 10 duration: None concurrency: 1 timeout: 0 cls: method_name: run args: {"size": 1}
2019-12-10 06:41:18.434 4909 INFO rally.task.runner [-] Task c543cf46-2d88-4b57-9539-d9d0aac4e762 | ITER: 1 START
2019-12-10 06:41:18.434 4911 RALLYDEBUG rally.task.runner [-] Starting a worker. times: 10 duration: None concurrency: 1 timeout: 0 cls: method_name: run args: {"size": 1}
2019-12-10 06:41:18.437 4910 INFO rally.task.runner [-] Task c543cf46-2d88-4b57-9539-d9d0aac4e762 | ITER: 2 START
2019-12-10 06:41:18.438 4912 RALLYDEBUG rally.task.runner [-] Starting a worker. times: 10 duration: None concurrency: 1 timeout: 0 cls: method_name: run args: {"size": 1}
2019-12-10 06:41:18.441 4911 INFO rally.task.runner [-] Task c543cf46-2d88-4b57-9539-d9d0aac4e762 | ITER: 3 START
2019-12-10 06:41:18.445 4912 INFO rally.task.runner [-] Task c543cf46-2d88-4b57-9539-d9d0aac4e762 | ITER: 4 START
2019-12-10 06:41:21.332 4909 RALLYDEBUG rally.task.utils [-] Waiting for resource s_rally_c7a78e95_OKILPKZU. Status changed: AVAILABLE => DELETING in 0.0565028190612793
2019-12-10 06:41:21.416 4911 RALLYDEBUG rally.task.utils [-] Waiting for resource s_rally_c7a78e95_WuCYxbps. Status changed: AVAILABLE => DELETING in 0.05444788932800293
2019-12-10 06:41:21.482 4910 RALLYDEBUG rally.task.utils [-] Waiting for resource s_rally_c7a78e95_Hm4W8jSi. Status changed: AVAILABLE => DELETING in 0.062124013900756836
2019-12-10 06:41:23.381 4909 INFO rally.task.runner [-] Task c543cf46-2d88-4b57-9539-d9d0aac4e762 | ITER: 1 END: OK
2019-12-10 06:41:23.386 4909 INFO rally.task.runner [-] Task c543cf46-2d88-4b57-9539-d9d0aac4e762 | ITER: 5 START
2019-12-10 06:41:23.396 4912 RALLYDEBUG rally.task.utils [-] Waiting for resource s_rally_c7a78e95_v1o125uJ. Status changed: CREATING => AVAILABLE in 2.193535804748535
2019-12-10 06:41:23.455 4911 INFO rally.task.runner [-] Task c543cf46-2d88-4b57-9539-d9d0aac4e762 | ITER: 3 END: OK
2019-12-10 06:41:23.460 4911 INFO rally.task.runner [-] Task c543cf46-2d88-4b57-9539-d9d0aac4e762 | ITER: 6 START
2019-12-10 06:41:23.520 4912 RALLYDEBUG rally.task.utils [-] Waiting for resource s_rally_c7a78e95_v1o125uJ. Status changed: AVAILABLE => DELETING in 0.05694746971130371
2019-12-10 06:41:23.520 4910 INFO rally.task.runner [-] Task c543cf46-2d88-4b57-9539-d9d0aac4e762 | ITER: 2 END: OK
2019-12-10 06:41:23.525 4910 INFO rally.task.runner [-] Task c543cf46-2d88-4b57-9539-d9d0aac4e762 | ITER: 7 START
2019-12-10 06:41:25.562 4912 INFO rally.task.runner [-] Task c543cf46-2d88-4b57-9539-d9d0aac4e762 | ITER: 4 END: OK
2019-12-10 06:41:25.567 4912 INFO rally.task.runner [-] Task c543cf46-2d88-4b57-9539-d9d0aac4e762 | ITER: 8 START
2019-12-10 06:41:26.340 4911 RALLYDEBUG rally.task.utils [-] Waiting for resource s_rally_c7a78e95_S36vpDQB. Status changed: AVAILABLE => DELETING in 0.060204267501831055
2019-12-10 06:41:26.512 4909 RALLYDEBUG rally.task.utils [-] Waiting for resource s_rally_c7a78e95_Gj5xHNsB. Status changed: AVAILABLE => DELETING in 0.06523323059082031
2019-12-10 06:41:28.382 4911 INFO rally.task.runner [-] Task c543cf46-2d88-4b57-9539-d9d0aac4e762 | ITER: 6 END: OK
2019-12-10 06:41:28.386 4911 INFO rally.task.runner [-] Task c543cf46-2d88-4b57-9539-d9d0aac4e762 | ITER: 9 START
2019-12-10 06:41:28.486 4910 RALLYDEBUG rally.task.utils [-] Waiting for resource s_rally_c7a78e95_OQEc31dS. Status changed: CREATING => AVAILABLE in 2.305847406387329
2019-12-10 06:41:28.525 4912 RALLYDEBUG rally.task.utils [-] Waiting for resource s_rally_c7a78e95_oarmQdef. Status changed: AVAILABLE => DELETING in 0.06605386734008789
2019-12-10 06:41:28.553 4909 INFO rally.task.runner [-] Task c543cf46-2d88-4b57-9539-d9d0aac4e762 | ITER: 5 END: OK
2019-12-10 06:41:28.557 4909 INFO rally.task.runner [-] Task c543cf46-2d88-4b57-9539-d9d0aac4e762 | ITER: 10 START
2019-12-10 06:41:28.617 4910 RALLYDEBUG rally.task.utils [-] Waiting for resource s_rally_c7a78e95_OQEc31dS. Status changed: AVAILABLE => DELETING in 0.0637979507446289
2019-12-10 06:41:30.570 4912 INFO rally.task.runner [-] Task c543cf46-2d88-4b57-9539-d9d0aac4e762 | ITER: 8 END: OK
2019-12-10 06:41:30.662 4910 INFO rally.task.runner [-] Task c543cf46-2d88-4b57-9539-d9d0aac4e762 | ITER: 7 END: OK
2019-12-10 06:41:31.338 4911 RALLYDEBUG rally.task.utils [-] Waiting for resource s_rally_c7a78e95_iQmDqGGG. Status changed: AVAILABLE => DELETING in 0.06653308868408203
2019-12-10 06:41:31.486 4909 RALLYDEBUG rally.task.utils [-] Waiting for resource s_rally_c7a78e95_hME3Klca. Status changed: AVAILABLE => DELETING in 0.07143855094909668
2019-12-10 06:41:33.383 4911 INFO rally.task.runner [-] Task c543cf46-2d88-4b57-9539-d9d0aac4e762 | ITER: 9 END: OK
2019-12-10 06:41:33.533 4909 INFO rally.task.runner [-] Task c543cf46-2d88-4b57-9539-d9d0aac4e762 | ITER: 10 END: OK
2019-12-10 06:41:33.559 1845 INFO rally.task.context [-] Task c543cf46-2d88-4b57-9539-d9d0aac4e762 | Context cleanup@openstack cleanup() started
2019-12-10 06:41:33.562 1845 RALLYDEBUG rally_openstack.cleanup.manager [-] Cleaning up cinder backups objects
2019-12-10 06:41:34.759 1845 RALLYDEBUG rally_openstack.cleanup.manager [-] Cleaning up cinder volume_snapshots objects
2019-12-10 06:41:35.958 1845 RALLYDEBUG rally_openstack.cleanup.manager [-] Cleaning up cinder transfers objects
2019-12-10 06:41:37.133 1845 RALLYDEBUG rally_openstack.cleanup.manager [-] Cleaning up cinder volumes objects
2019-12-10 06:41:38.419 1845 INFO rally.task.context [-] Task c543cf46-2d88-4b57-9539-d9d0aac4e762 | Context cleanup@openstack cleanup() finished in 4.86 sec
2019-12-10 06:41:38.419 1845 INFO rally.task.context [-] Task c543cf46-2d88-4b57-9539-d9d0aac4e762 | Context volumes@openstack cleanup() started
2019-12-10 06:41:38.420 1845 RALLYDEBUG rally_openstack.cleanup.manager [-] Cleaning up cinder volumes objects
2019-12-10 06:41:39.728 1845 RALLYDEBUG rally_openstack.cleanup.manager [-] Deleting cinder.volumes object c_rally_c7a78e95_79LpJZpv (3144bbc6-82e7-46bf-810d-21bc57f5b6ff)
2019-12-10 06:41:39.735 1845 RALLYDEBUG rally_openstack.cleanup.manager [-] Deleting cinder.volumes object c_rally_c7a78e95_Dp2gpGr4 (1e31da83-38e8-42b6-8bce-ebbb41f79c96)
2019-12-10 06:41:39.736 1845 RALLYDEBUG rally_openstack.cleanup.manager [-] Deleting cinder.volumes object c_rally_c7a78e95_TeyTMnYO (900d1c25-c6d7-47c0-935e-e7a2e1763190)
2019-12-10 06:41:43.371 1845 INFO rally.task.context [-] Task c543cf46-2d88-4b57-9539-d9d0aac4e762 | Context volumes@openstack cleanup() finished in 4.95 sec
2019-12-10 06:41:43.372 1845 INFO rally.task.context [-] Task c543cf46-2d88-4b57-9539-d9d0aac4e762 | Context quotas@openstack cleanup() started
2019-12-10 06:41:43.458 1845 INFO rally.task.context [-] Task c543cf46-2d88-4b57-9539-d9d0aac4e762 | Context quotas@openstack cleanup() finished in 86.48 msec
2019-12-10 06:41:43.459 1845 INFO rally.task.context [-] Task c543cf46-2d88-4b57-9539-d9d0aac4e762 | Context api_versions@openstack cleanup() started
2019-12-10 06:41:43.459 1845 INFO rally.task.context [-] Task c543cf46-2d88-4b57-9539-d9d0aac4e762 | Context api_versions@openstack cleanup() finished in 0.38 msec
2019-12-10 06:41:43.460 1845 INFO rally.task.context [-] Task c543cf46-2d88-4b57-9539-d9d0aac4e762 | Context users@openstack cleanup() started
2019-12-10 06:41:47.904 1845 INFO rally.task.context [-] Task c543cf46-2d88-4b57-9539-d9d0aac4e762 | Context users@openstack cleanup() finished in 4.44 sec
2019-12-10 06:41:48.143 1845 INFO rally.task.engine [-] Load duration is: 15.094553
2019-12-10 06:41:48.143 1845 INFO rally.task.engine [-] Full runner duration is: 15.143938
2019-12-10 06:41:48.144 1845 INFO rally.task.engine [-] Full duration is: 41.9717
2019-12-10 06:41:48.511 1845 INFO rally.task.engine [-] Running workload: position = 0 config = { "version": 2, "title": "A cropped version of a bigger task.", "description": "Auto-generated task from a single workload (uuid=250b533b-cb5c-4902-82b7-88e8a21c65b1)", "subtasks": [ { "title": "CinderQos.create_and_get_qos", "description": "Create a qos, then get details of the qos.", "scenario": { "CinderQos.create_and_get_qos": { "consumer": "both", "write_iops_sec": "10", "read_iops_sec": "1000" } }, "contexts": { "users": { "tenants": 3, "users_per_tenant": 2 }, "api_versions": { "cinder": { "version": 3, "service_type": "volumev3" } } }, "runner": { "constant": { "concurrency": 4, "times": 10 } }, "hooks": [], "sla": { "failure_rate": { "max": 0 } } } ] }
2019-12-10 06:41:48.537 1845 RALLYDEBUG rally_openstack.contexts.keystone.users [-] Creating 3 tenants using 20 threads
2019-12-10 06:41:49.615 1845 RALLYDEBUG rally_openstack.contexts.keystone.users [-] Creating 6 users using 20 threads
2019-12-10 06:41:51.308 1845 INFO rally.task.context [-] Task c543cf46-2d88-4b57-9539-d9d0aac4e762 | Context users@openstack setup() finished in 2.77 sec
2019-12-10 06:41:51.731 1845 INFO rally.task.context [-] Task c543cf46-2d88-4b57-9539-d9d0aac4e762 | Context api_versions@openstack setup() finished in 0.42 sec
2019-12-10 06:41:51.732 1845 INFO rally.task.context [-] Task c543cf46-2d88-4b57-9539-d9d0aac4e762 | Context admin_cleanup@openstack setup() finished in 0.01 msec
2019-12-10 06:41:51.741 1845 RALLYDEBUG rally.task.runner [-] Starting the constant runner (task UUID: c543cf46-2d88-4b57-9539-d9d0aac4e762). times: 10 concurrency: 4 timeout: 0 max_cpu_used: 16 processes_to_start: 4 concurrency_per_worker: 1 concurrency_overhead: 0
2019-12-10 06:41:51.752 5113 RALLYDEBUG rally.task.runner [-] Starting a worker. times: 10 duration: None concurrency: 1 timeout: 0 cls: method_name: run args: {"consumer": "both", "write_iops_sec": "10", "read_iops_sec": "1000"}
2019-12-10 06:41:51.755 5114 RALLYDEBUG rally.task.runner [-] Starting a worker. times: 10 duration: None concurrency: 1 timeout: 0 cls: method_name: run args: {"consumer": "both", "write_iops_sec": "10", "read_iops_sec": "1000"}
2019-12-10 06:41:51.759 5113 INFO rally.task.runner [-] Task c543cf46-2d88-4b57-9539-d9d0aac4e762 | ITER: 1 START
2019-12-10 06:41:51.759 5115 RALLYDEBUG rally.task.runner [-] Starting a worker. times: 10 duration: None concurrency: 1 timeout: 0 cls: method_name: run args: {"consumer": "both", "write_iops_sec": "10", "read_iops_sec": "1000"}
2019-12-10 06:41:51.762 5114 INFO rally.task.runner [-] Task c543cf46-2d88-4b57-9539-d9d0aac4e762 | ITER: 2 START
2019-12-10 06:41:51.762 5117 RALLYDEBUG rally.task.runner [-] Starting a worker. times: 10 duration: None concurrency: 1 timeout: 0 cls: method_name: run args: {"consumer": "both", "write_iops_sec": "10", "read_iops_sec": "1000"}
2019-12-10 06:41:51.766 5115 INFO rally.task.runner [-] Task c543cf46-2d88-4b57-9539-d9d0aac4e762 | ITER: 3 START
2019-12-10 06:41:51.769 5117 INFO rally.task.runner [-] Task c543cf46-2d88-4b57-9539-d9d0aac4e762 | ITER: 4 START
2019-12-10 06:41:52.249 5113 INFO rally.task.runner [-] Task c543cf46-2d88-4b57-9539-d9d0aac4e762 | ITER: 1 END: OK
2019-12-10 06:41:52.251 5115 INFO rally.task.runner [-] Task c543cf46-2d88-4b57-9539-d9d0aac4e762 | ITER: 3 END: OK
2019-12-10 06:41:52.254 5114 INFO rally.task.runner [-] Task c543cf46-2d88-4b57-9539-d9d0aac4e762 | ITER: 2 END: OK
2019-12-10 06:41:52.254 5113 INFO rally.task.runner [-] Task c543cf46-2d88-4b57-9539-d9d0aac4e762 | ITER: 5 START
2019-12-10 06:41:52.255 5115 INFO rally.task.runner [-] Task c543cf46-2d88-4b57-9539-d9d0aac4e762 | ITER: 6 START
2019-12-10 06:41:52.258 5114 INFO rally.task.runner [-] Task c543cf46-2d88-4b57-9539-d9d0aac4e762 | ITER: 7 START
2019-12-10 06:41:52.276 5117 INFO rally.task.runner [-] Task c543cf46-2d88-4b57-9539-d9d0aac4e762 | ITER: 4 END: OK
2019-12-10 06:41:52.281 5117 INFO rally.task.runner [-] Task c543cf46-2d88-4b57-9539-d9d0aac4e762 | ITER: 8 START
2019-12-10 06:41:52.640 5115 INFO rally.task.runner [-] Task c543cf46-2d88-4b57-9539-d9d0aac4e762 | ITER: 6 END: OK
2019-12-10 06:41:52.644 5115 INFO rally.task.runner [-] Task c543cf46-2d88-4b57-9539-d9d0aac4e762 | ITER: 9 START
2019-12-10 06:41:52.648 5114 INFO rally.task.runner [-] Task c543cf46-2d88-4b57-9539-d9d0aac4e762 | ITER: 7 END: OK
2019-12-10 06:41:52.652 5114 INFO rally.task.runner [-] Task c543cf46-2d88-4b57-9539-d9d0aac4e762 | ITER: 10 START
2019-12-10 06:41:52.666 5117 INFO rally.task.runner [-] Task c543cf46-2d88-4b57-9539-d9d0aac4e762 | ITER: 8 END: OK
2019-12-10 06:41:52.694 5113 INFO rally.task.runner [-] Task c543cf46-2d88-4b57-9539-d9d0aac4e762 | ITER: 5 END: OK
2019-12-10 06:41:53.039 5115 INFO rally.task.runner [-] Task c543cf46-2d88-4b57-9539-d9d0aac4e762 | ITER: 9 END: OK
2019-12-10 06:41:53.061 5114 INFO rally.task.runner [-] Task c543cf46-2d88-4b57-9539-d9d0aac4e762 | ITER: 10 END: OK
2019-12-10 06:41:53.092 1845 INFO rally.task.context [-] Task c543cf46-2d88-4b57-9539-d9d0aac4e762 | Context admin_cleanup@openstack cleanup() started
2019-12-10 06:41:53.099 1845 RALLYDEBUG rally_openstack.cleanup.manager [-] Cleaning up cinder volume_types objects
2019-12-10 06:41:53.507 1845 RALLYDEBUG rally_openstack.cleanup.manager [-] Cleaning up cinder image_volumes_cache objects
2019-12-10 06:41:54.079 1845 RALLYDEBUG rally_openstack.cleanup.manager [-] Cleaning up cinder quotas objects
2019-12-10 06:41:54.890 1845 RALLYDEBUG rally_openstack.cleanup.manager [-] Cleaning up cinder qos_specs objects
2019-12-10 06:41:55.283 1845 RALLYDEBUG rally_openstack.cleanup.manager [-] Deleting cinder.qos_specs object s_rally_250b533b_jQKl1Y2g (c514c9c8-652a-4883-928b-8de20fc07fc0)
2019-12-10 06:41:55.292 1845 RALLYDEBUG rally_openstack.cleanup.manager [-] Deleting cinder.qos_specs object s_rally_250b533b_PBzCe8wG (bf43c899-4d1a-40ef-9ffd-99423bf3d578)
2019-12-10 06:41:55.301 1845 RALLYDEBUG rally_openstack.cleanup.manager [-] Deleting cinder.qos_specs object s_rally_250b533b_3IVA36u2 (a3c51b44-701c-44e2-8cf8-df57ce02e0c2)
2019-12-10 06:41:55.309 1845 RALLYDEBUG rally_openstack.cleanup.manager [-] Deleting cinder.qos_specs object s_rally_250b533b_f8oyYChg (872b5147-65e8-40b8-8936-c9cd44b53aa3)
2019-12-10 06:41:55.323 1845 RALLYDEBUG rally_openstack.cleanup.manager [-] Deleting cinder.qos_specs object s_rally_250b533b_fqbaeVSg (336d6902-0f18-4b14-88dc-b345e7c2f324)
2019-12-10 06:41:55.332 1845 RALLYDEBUG rally_openstack.cleanup.manager [-] Deleting cinder.qos_specs object s_rally_250b533b_6TgpxVmn (1b7eeb8e-5c5a-46fa-9edc-3501595f3847)
2019-12-10 06:41:55.340 1845 RALLYDEBUG rally_openstack.cleanup.manager [-] Deleting cinder.qos_specs object s_rally_250b533b_ihJINZhh (99f45ed8-3615-4df2-8843-a5a03fbe2543)
2019-12-10 06:41:55.345 1845 RALLYDEBUG rally_openstack.cleanup.manager [-] Deleting cinder.qos_specs object s_rally_250b533b_sGHCdWj9 (800fb486-7279-49d0-8bbc-e2dc704a9776)
2019-12-10 06:41:55.367 1845 RALLYDEBUG rally_openstack.cleanup.manager [-] Deleting cinder.qos_specs object s_rally_250b533b_HbEDezbP (49e2817b-904e-4fce-abe6-7e23a6c10ed7)
2019-12-10 06:41:55.377 1845 RALLYDEBUG rally_openstack.cleanup.manager [-] Deleting cinder.qos_specs object s_rally_250b533b_HgFBQT0L (0ec6e4b0-3289-47dd-b4b5-801c6f5f472a)
2019-12-10 06:41:56.918 1845 INFO rally.task.context [-] Task c543cf46-2d88-4b57-9539-d9d0aac4e762 | Context admin_cleanup@openstack cleanup() finished in 3.83 sec
2019-12-10 06:41:56.918 1845 INFO rally.task.context [-] Task c543cf46-2d88-4b57-9539-d9d0aac4e762 | Context api_versions@openstack cleanup() started
