2019-12-10 06:34:38.554 3236 RALLYDEBUG rally.task.utils [-] Waiting for resource s_rally_d3f2b58b_Vh3MDHW2. Status changed: AVAILABLE => DELETING in 0.056874990463256836
2019-12-10 06:34:39.045 3233 RALLYDEBUG rally.task.utils [-] Waiting for resource s_rally_d3f2b58b_8YGBsQca. Status changed: RESERVED => IN-USE in 2.4274837970733643
2019-12-10 06:34:39.772 3233 RALLYDEBUG rally.task.utils [-] Waiting for resource s_rally_d3f2b58b_8YGBsQca. Status changed: AVAILABLE => DETACHING in 0.4287383556365967
2019-12-10 06:34:39.968 3234 RALLYDEBUG rally.task.utils [-] Waiting for resource s_rally_d3f2b58b_bZUBjVCK. Status changed: DETACHING => AVAILABLE in 2.411497116088867
2019-12-10 06:34:40.058 3234 RALLYDEBUG rally.task.utils [-] Waiting for resource s_rally_d3f2b58b_gcIqzuLV. Status changed: AVAILABLE => DELETING in 0.024616718292236328
2019-12-10 06:34:40.400 3235 RALLYDEBUG rally.task.utils [-] Waiting for resource s_rally_d3f2b58b_hlQ1PRuT. Status changed: AVAILABLE => DELETING in 0.05988168716430664
2019-12-10 06:34:42.191 3233 RALLYDEBUG rally.task.utils [-] Waiting for resource s_rally_d3f2b58b_8YGBsQca. Status changed: DETACHING => AVAILABLE in 2.418926239013672
2019-12-10 06:34:42.216 3234 RALLYDEBUG rally.task.utils [-] Waiting for resource s_rally_d3f2b58b_bZUBjVCK. Status changed: AVAILABLE => DELETING in 0.06248927116394043
2019-12-10 06:34:42.283 3233 RALLYDEBUG rally.task.utils [-] Waiting for resource s_rally_d3f2b58b_qn0GPIZB. Status changed: AVAILABLE => DELETING in 0.02825164794921875
2019-12-10 06:34:43.159 3236 INFO rally.task.runner [-] Task c543cf46-2d88-4b57-9539-d9d0aac4e762 | ITER: 5 END: OK
2019-12-10 06:34:43.162 3236 INFO rally.task.runner [-] Task c543cf46-2d88-4b57-9539-d9d0aac4e762 | ITER: 9 START
2019-12-10 06:34:44.461 3233 RALLYDEBUG rally.task.utils [-] Waiting for resource s_rally_d3f2b58b_8YGBsQca. Status changed: AVAILABLE => DELETING in 0.059647321701049805
2019-12-10 06:34:45.125 3235 INFO rally.task.runner [-] Task c543cf46-2d88-4b57-9539-d9d0aac4e762 | ITER: 7 END: OK
2019-12-10 06:34:45.129 3235 INFO rally.task.runner [-] Task c543cf46-2d88-4b57-9539-d9d0aac4e762 | ITER: 10 START
2019-12-10 06:34:46.781 3234 INFO rally.task.runner [-] Task c543cf46-2d88-4b57-9539-d9d0aac4e762 | ITER: 6 END: OK
2019-12-10 06:34:48.917 3233 INFO rally.task.runner [-] Task c543cf46-2d88-4b57-9539-d9d0aac4e762 | ITER: 8 END: OK
2019-12-10 06:34:54.583 3236 RALLYDEBUG rally.task.utils [-] Waiting for resource s_rally_d3f2b58b_N5PHxMbb. Status changed: BUILD => ACTIVE in 4.551573753356934
2019-12-10 06:34:55.324 3236 RALLYDEBUG rally.task.utils [-] Waiting for resource s_rally_d3f2b58b_0OrbVkWy. Status changed: AVAILABLE => RESERVED in 0.4156060218811035
2019-12-10 06:34:56.503 3235 RALLYDEBUG rally.task.utils [-] Waiting for resource s_rally_d3f2b58b_mqCAyPKR. Status changed: BUILD => ACTIVE in 4.514519691467285
2019-12-10 06:34:57.344 3235 RALLYDEBUG rally.task.utils [-] Waiting for resource s_rally_d3f2b58b_ptcEkP3m. Status changed: AVAILABLE => RESERVED in 0.5336270332336426
2019-12-10 06:34:57.744 3236 RALLYDEBUG rally.task.utils [-] Waiting for resource s_rally_d3f2b58b_0OrbVkWy. Status changed: RESERVED => IN-USE in 2.419851779937744
2019-12-10 06:34:58.360 3236 RALLYDEBUG rally.task.utils [-] Waiting for resource s_rally_d3f2b58b_0OrbVkWy. Status changed: AVAILABLE => DETACHING in 0.4232809543609619
2019-12-10 06:34:59.810 3235 RALLYDEBUG rally.task.utils [-] Waiting for resource s_rally_d3f2b58b_ptcEkP3m. Status changed: RESERVED => IN-USE in 2.465850353240967
2019-12-10 06:35:00.398 3235 RALLYDEBUG rally.task.utils [-] Waiting for resource s_rally_d3f2b58b_ptcEkP3m. Status changed: AVAILABLE => DETACHING in 0.42498326301574707
2019-12-10 06:35:00.902 3236 RALLYDEBUG rally.task.utils [-] Waiting for resource s_rally_d3f2b58b_0OrbVkWy. Status changed: DETACHING => AVAILABLE in 2.5424954891204834
2019-12-10 06:35:01.002 3236 RALLYDEBUG rally.task.utils [-] Waiting for resource s_rally_d3f2b58b_lV9JLRgJ. Status changed: AVAILABLE => DELETING in 0.028800249099731445
2019-12-10 06:35:02.822 3235 RALLYDEBUG rally.task.utils [-] Waiting for resource s_rally_d3f2b58b_ptcEkP3m. Status changed: DETACHING => AVAILABLE in 2.4233877658843994
2019-12-10 06:35:02.925 3235 RALLYDEBUG rally.task.utils [-] Waiting for resource s_rally_d3f2b58b_WUMLuYPX. Status changed: AVAILABLE => DELETING in 0.03188300132751465
2019-12-10 06:35:03.178 3236 RALLYDEBUG rally.task.utils [-] Waiting for resource s_rally_d3f2b58b_0OrbVkWy. Status changed: AVAILABLE => DELETING in 0.06981682777404785
2019-12-10 06:35:05.114 3235 RALLYDEBUG rally.task.utils [-] Waiting for resource s_rally_d3f2b58b_ptcEkP3m. Status changed: AVAILABLE => DELETING in 0.06776976585388184
2019-12-10 06:35:07.687 3236 INFO rally.task.runner [-] Task c543cf46-2d88-4b57-9539-d9d0aac4e762 | ITER: 9 END: OK
2019-12-10 06:35:09.593 3235 INFO rally.task.runner [-] Task c543cf46-2d88-4b57-9539-d9d0aac4e762 | ITER: 10 END: OK
2019-12-10 06:35:09.620 1845 INFO rally.task.context [-] Task c543cf46-2d88-4b57-9539-d9d0aac4e762 | Context cleanup@openstack cleanup() started
2019-12-10 06:35:09.624 1845 RALLYDEBUG rally_openstack.cleanup.manager [-] Cleaning up nova servers objects
2019-12-10 06:35:10.942 1845 RALLYDEBUG rally_openstack.cleanup.manager [-] Cleaning up nova server_groups objects
2019-12-10 06:35:12.090 1845 RALLYDEBUG rally_openstack.cleanup.manager [-] Cleaning up nova keypairs objects
2019-12-10 06:35:14.462 1845 RALLYDEBUG rally_openstack.cleanup.manager [-] Cleaning up cinder backups objects
2019-12-10 06:35:15.665 1845 RALLYDEBUG rally_openstack.cleanup.manager [-] Cleaning up cinder volume_snapshots objects
2019-12-10 06:35:16.838 1845 RALLYDEBUG rally_openstack.cleanup.manager [-] Cleaning up cinder transfers objects
2019-12-10 06:35:17.998 1845 RALLYDEBUG rally_openstack.cleanup.manager [-] Cleaning up cinder volumes objects
2019-12-10 06:35:19.227 1845 INFO rally.task.context [-] Task c543cf46-2d88-4b57-9539-d9d0aac4e762 | Context cleanup@openstack cleanup() finished in 9.61 sec
2019-12-10 06:35:19.228 1845 INFO rally.task.context [-] Task c543cf46-2d88-4b57-9539-d9d0aac4e762 | Context quotas@openstack cleanup() started
2019-12-10 06:35:19.305 1845 INFO rally.task.context [-] Task c543cf46-2d88-4b57-9539-d9d0aac4e762 | Context quotas@openstack cleanup() finished in 77.62 msec
2019-12-10 06:35:19.306 1845 INFO rally.task.context [-] Task c543cf46-2d88-4b57-9539-d9d0aac4e762 | Context api_versions@openstack cleanup() started
2019-12-10 06:35:19.306 1845 INFO rally.task.context [-] Task c543cf46-2d88-4b57-9539-d9d0aac4e762 | Context api_versions@openstack cleanup() finished in 0.38 msec
2019-12-10 06:35:19.307 1845 INFO rally.task.context [-] Task c543cf46-2d88-4b57-9539-d9d0aac4e762 | Context users@openstack cleanup() started
2019-12-10 06:35:23.433 1845 INFO rally.task.context [-] Task c543cf46-2d88-4b57-9539-d9d0aac4e762 | Context users@openstack cleanup() finished in 4.13 sec
2019-12-10 06:35:24.931 1845 INFO rally.task.engine [-] Load duration is: 75.145256
2019-12-10 06:35:24.932 1845 INFO rally.task.engine [-] Full runner duration is: 76.196364
2019-12-10 06:35:24.932 1845 INFO rally.task.engine [-] Full duration is: 94.922325
2019-12-10 06:35:25.278 1845 INFO rally.task.engine [-] Running workload: position = 0 config = { "version": 2, "title": "A cropped version of a bigger task.", "description": "Auto-generated task from a single workload (uuid=c36a9141-01b1-47d9-b3af-05f9e34cf8c6)", "subtasks": [ { "title": "CinderVolumes.create_volume", "description": "Create a volume.", "scenario": { "CinderVolumes.create_volume": { "size": 1 } }, "contexts": { "users": { "tenants": 3, "users_per_tenant": 2 }, "api_versions": { "cinder": { "version": 3, "service_type": "volumev3" } } }, "runner": { "constant": { "concurrency": 4, "times": 10 } }, "hooks": [], "sla": { "failure_rate": { "max": 0 } } } ] }
2019-12-10 06:35:25.305 1845 RALLYDEBUG rally_openstack.contexts.keystone.users [-] Creating 3 tenants using 20 threads
2019-12-10 06:35:26.255 1845 RALLYDEBUG rally_openstack.contexts.keystone.users [-] Creating 6 users using 20 threads
2019-12-10 06:35:27.797 1845 INFO rally.task.context [-] Task c543cf46-2d88-4b57-9539-d9d0aac4e762 | Context users@openstack setup() finished in 2.49 sec
2019-12-10 06:35:28.217 1845 INFO rally.task.context [-] Task c543cf46-2d88-4b57-9539-d9d0aac4e762 | Context api_versions@openstack setup() finished in 0.42 sec
2019-12-10 06:35:28.217 1845 INFO rally.task.context [-] Task c543cf46-2d88-4b57-9539-d9d0aac4e762 | Context cleanup@openstack setup() finished in 0.02 msec
2019-12-10 06:35:28.226 1845 RALLYDEBUG rally.task.runner [-] Starting the constant runner (task UUID: c543cf46-2d88-4b57-9539-d9d0aac4e762). times: 10 concurrency: 4 timeout: 0 max_cpu_used: 16 processes_to_start: 4 concurrency_per_worker: 1 concurrency_overhead: 0
2019-12-10 06:35:28.238 3477 RALLYDEBUG rally.task.runner [-] Starting a worker. times: 10 duration: None concurrency: 1 timeout: 0 cls: method_name: run args: {"size": 1}
2019-12-10 06:35:28.242 3478 RALLYDEBUG rally.task.runner [-] Starting a worker. times: 10 duration: None concurrency: 1 timeout: 0 cls: method_name: run args: {"size": 1}
2019-12-10 06:35:28.246 3477 INFO rally.task.runner [-] Task c543cf46-2d88-4b57-9539-d9d0aac4e762 | ITER: 1 START
2019-12-10 06:35:28.246 3479 RALLYDEBUG rally.task.runner [-] Starting a worker. times: 10 duration: None concurrency: 1 timeout: 0 cls: method_name: run args: {"size": 1}
2019-12-10 06:35:28.249 3478 INFO rally.task.runner [-] Task c543cf46-2d88-4b57-9539-d9d0aac4e762 | ITER: 2 START
2019-12-10 06:35:28.249 3480 RALLYDEBUG rally.task.runner [-] Starting a worker. times: 10 duration: None concurrency: 1 timeout: 0 cls: method_name: run args: {"size": 1}
2019-12-10 06:35:28.253 3479 INFO rally.task.runner [-] Task c543cf46-2d88-4b57-9539-d9d0aac4e762 | ITER: 3 START
2019-12-10 06:35:28.256 3480 INFO rally.task.runner [-] Task c543cf46-2d88-4b57-9539-d9d0aac4e762 | ITER: 4 START
2019-12-10 06:35:31.072 3478 INFO rally.task.runner [-] Task c543cf46-2d88-4b57-9539-d9d0aac4e762 | ITER: 2 END: OK
2019-12-10 06:35:31.076 3478 INFO rally.task.runner [-] Task c543cf46-2d88-4b57-9539-d9d0aac4e762 | ITER: 5 START
2019-12-10 06:35:31.081 3480 INFO rally.task.runner [-] Task c543cf46-2d88-4b57-9539-d9d0aac4e762 | ITER: 4 END: OK
2019-12-10 06:35:31.085 3477 INFO rally.task.runner [-] Task c543cf46-2d88-4b57-9539-d9d0aac4e762 | ITER: 1 END: OK
2019-12-10 06:35:31.085 3480 INFO rally.task.runner [-] Task c543cf46-2d88-4b57-9539-d9d0aac4e762 | ITER: 6 START
2019-12-10 06:35:31.090 3477 INFO rally.task.runner [-] Task c543cf46-2d88-4b57-9539-d9d0aac4e762 | ITER: 7 START
2019-12-10 06:35:31.103 3479 INFO rally.task.runner [-] Task c543cf46-2d88-4b57-9539-d9d0aac4e762 | ITER: 3 END: OK
2019-12-10 06:35:31.109 3479 INFO rally.task.runner [-] Task c543cf46-2d88-4b57-9539-d9d0aac4e762 | ITER: 8 START
2019-12-10 06:35:33.795 3479 INFO rally.task.runner [-] Task c543cf46-2d88-4b57-9539-d9d0aac4e762 | ITER: 8 END: OK
2019-12-10 06:35:33.798 3479 INFO rally.task.runner [-] Task c543cf46-2d88-4b57-9539-d9d0aac4e762 | ITER: 9 START
2019-12-10 06:35:33.883 3480 INFO rally.task.runner [-] Task c543cf46-2d88-4b57-9539-d9d0aac4e762 | ITER: 6 END: OK
2019-12-10 06:35:33.887 3480 INFO rally.task.runner [-] Task c543cf46-2d88-4b57-9539-d9d0aac4e762 | ITER: 10 START
2019-12-10 06:35:33.917 3477 INFO rally.task.runner [-] Task c543cf46-2d88-4b57-9539-d9d0aac4e762 | ITER: 7 END: OK
2019-12-10 06:35:33.919 3478 INFO rally.task.runner [-] Task c543cf46-2d88-4b57-9539-d9d0aac4e762 | ITER: 5 END: OK
2019-12-10 06:35:36.507 3479 INFO rally.task.runner [-] Task c543cf46-2d88-4b57-9539-d9d0aac4e762 | ITER: 9 END: OK
2019-12-10 06:35:36.577 3480 INFO rally.task.runner [-] Task c543cf46-2d88-4b57-9539-d9d0aac4e762 | ITER: 10 END: OK
2019-12-10 06:35:36.601 1845 INFO rally.task.context [-] Task c543cf46-2d88-4b57-9539-d9d0aac4e762 | Context cleanup@openstack cleanup() started
2019-12-10 06:35:36.605 1845 RALLYDEBUG rally_openstack.cleanup.manager [-] Cleaning up cinder backups objects
2019-12-10 06:35:37.781 1845 RALLYDEBUG rally_openstack.cleanup.manager [-] Cleaning up cinder volume_snapshots objects
2019-12-10 06:35:38.953 1845 RALLYDEBUG rally_openstack.cleanup.manager [-] Cleaning up cinder transfers objects
2019-12-10 06:35:40.127 1845 RALLYDEBUG rally_openstack.cleanup.manager [-] Cleaning up cinder volumes objects
2019-12-10 06:35:41.414 1845 RALLYDEBUG rally_openstack.cleanup.manager [-] Deleting cinder.volumes object s_rally_c36a9141_8S2dA3y2 (fff06e13-1d5c-4339-b577-9c66f4a857fd)
2019-12-10 06:35:41.421 1845 RALLYDEBUG rally_openstack.cleanup.manager [-] Deleting cinder.volumes object s_rally_c36a9141_6f8tyGLm (51b14b74-ee8b-43d0-b1aa-d2716ebb0e68)
2019-12-10 06:35:41.431 1845 RALLYDEBUG rally_openstack.cleanup.manager [-] Deleting cinder.volumes object s_rally_c36a9141_1qxCezLS (424c687c-88d7-4eb2-bccd-8600db2368b4)
2019-12-10 06:35:41.440 1845 RALLYDEBUG rally_openstack.cleanup.manager [-] Deleting cinder.volumes object s_rally_c36a9141_8HwhhiSy (904f1a99-d6f3-4a4b-88b0-75ec77e0f6b8)
2019-12-10 06:35:41.448 1845 RALLYDEBUG rally_openstack.cleanup.manager [-] Deleting cinder.volumes object s_rally_c36a9141_jX4qcP6g (183c34a8-f782-49d0-9b57-b4bb369cf3b0)
2019-12-10 06:35:41.456 1845 RALLYDEBUG rally_openstack.cleanup.manager [-] Deleting cinder.volumes object s_rally_c36a9141_GzFsPKOH (f13798bd-7f3f-4ee5-b554-ef4429e18397)
2019-12-10 06:35:41.469 1845 RALLYDEBUG rally_openstack.cleanup.manager [-] Deleting cinder.volumes object s_rally_c36a9141_ULxln2qy (e520c76e-0d25-46f0-8786-f047f06443ed)
2019-12-10 06:35:41.480 1845 RALLYDEBUG rally_openstack.cleanup.manager [-] Deleting cinder.volumes object s_rally_c36a9141_0F6CcEM0 (e86a3106-36ef-4636-a029-4e78d93f9f35)
2019-12-10 06:35:41.487 1845 RALLYDEBUG rally_openstack.cleanup.manager [-] Deleting cinder.volumes object s_rally_c36a9141_VRzK8ofg (df455463-9d4c-4cf3-ab73-8a64f78091ec)
2019-12-10 06:35:41.514 1845 RALLYDEBUG rally_openstack.cleanup.manager [-] Deleting cinder.volumes object s_rally_c36a9141_seFIHva5 (b3448a1f-773e-495b-a53d-92e5a13365f9)
2019-12-10 06:35:45.224 1845 INFO rally.task.context [-] Task c543cf46-2d88-4b57-9539-d9d0aac4e762 | Context cleanup@openstack cleanup() finished in 8.62 sec
2019-12-10 06:35:45.225 1845 INFO rally.task.context [-] Task c543cf46-2d88-4b57-9539-d9d0aac4e762 | Context api_versions@openstack cleanup() started
2019-12-10 06:35:45.225 1845 INFO rally.task.context [-] Task c543cf46-2d88-4b57-9539-d9d0aac4e762 | Context api_versions@openstack cleanup() finished in 0.38 msec
2019-12-10 06:35:45.226 1845 INFO rally.task.context [-] Task c543cf46-2d88-4b57-9539-d9d0aac4e762 | Context users@openstack cleanup() started
2019-12-10 06:35:50.000 1845 INFO rally.task.context [-] Task c543cf46-2d88-4b57-9539-d9d0aac4e762 | Context users@openstack cleanup() finished in 4.77 sec
2019-12-10 06:35:51.581 1845 INFO rally.task.engine [-] Load duration is: 8.327132
2019-12-10 06:35:51.582 1845 INFO rally.task.engine [-] Full runner duration is: 8.375599
2019-12-10 06:35:51.582 1845 INFO rally.task.engine [-] Full duration is: 24.697251
2019-12-10 06:35:51.799 1845 INFO rally.task.engine [-] Running workload: position = 1 config = { "version": 2, "title": "A cropped version of a bigger task.", "description": "Auto-generated task from a single workload (uuid=17e717eb-c544-4a6d-8d13-0077dc95f81c)", "subtasks": [ { "title": "CinderVolumes.create_volume", "description": "Create a volume.", "scenario": { "CinderVolumes.create_volume": { "size": { "min": 1, "max": 1 } } }, "contexts": { "users": { "tenants": 3, "users_per_tenant": 2 }, "quotas": { "cinder": { "gigabytes": -1, "snapshots": -1, "volumes": -1 } }, "api_versions": { "cinder": { "version": 3, "service_type": "volumev3" } } }, "runner": { "constant": { "concurrency": 4, "times": 10 } }, "hooks": [], "sla": { "failure_rate": { "max": 0 } } } ] }
2019-12-10 06:35:51.825 1845 RALLYDEBUG rally_openstack.contexts.keystone.users [-] Creating 3 tenants using 20 threads
2019-12-10 06:35:52.883 1845 RALLYDEBUG rally_openstack.contexts.keystone.users [-] Creating 6 users using 20 threads
2019-12-10 06:35:54.448 1845 INFO rally.task.context [-] Task c543cf46-2d88-4b57-9539-d9d0aac4e762 | Context users@openstack setup() finished in 2.62 sec
2019-12-10 06:35:54.846 1845 INFO rally.task.context [-] Task c543cf46-2d88-4b57-9539-d9d0aac4e762 | Context api_versions@openstack setup() finished in 0.40 sec
2019-12-10 06:35:55.781 1845 INFO rally.task.context [-] Task c543cf46-2d88-4b57-9539-d9d0aac4e762 | Context quotas@openstack setup() finished in 0.93 sec
2019-12-10 06:35:55.781 1845 INFO rally.task.context [-] Task c543cf46-2d88-4b57-9539-d9d0aac4e762 | Context cleanup@openstack setup() finished in 0.01 msec
2019-12-10 06:35:55.791 1845 RALLYDEBUG rally.task.runner [-] Starting the constant runner (task UUID: c543cf46-2d88-4b57-9539-d9d0aac4e762). times: 10 concurrency: 4 timeout: 0 max_cpu_used: 16 processes_to_start: 4 concurrency_per_worker: 1 concurrency_overhead: 0
2019-12-10 06:35:55.803 3661 RALLYDEBUG rally.task.runner [-] Starting a worker. times: 10 duration: None concurrency: 1 timeout: 0 cls: method_name: run args: {"size": {"min": 1, "max": 1}}
2019-12-10 06:35:55.807 3662 RALLYDEBUG rally.task.runner [-] Starting a worker. times: 10 duration: None concurrency: 1 timeout: 0 cls: method_name: run args: {"size": {"min": 1, "max": 1}}
2019-12-10 06:35:55.810 3661 INFO rally.task.runner [-] Task c543cf46-2d88-4b57-9539-d9d0aac4e762 | ITER: 1 START
2019-12-10 06:35:55.810 3663 RALLYDEBUG rally.task.runner [-] Starting a worker. times: 10 duration: None concurrency: 1 timeout: 0 cls: method_name: run args: {"size": {"min": 1, "max": 1}}
2019-12-10 06:35:55.814 3662 INFO rally.task.runner [-] Task c543cf46-2d88-4b57-9539-d9d0aac4e762 | ITER: 2 START
2019-12-10 06:35:55.814 3665 RALLYDEBUG rally.task.runner [-] Starting a worker. times: 10 duration: None concurrency: 1 timeout: 0 cls: method_name: run args: {"size": {"min": 1, "max": 1}}
2019-12-10 06:35:55.817 3663 INFO rally.task.runner [-] Task c543cf46-2d88-4b57-9539-d9d0aac4e762 | ITER: 3 START
2019-12-10 06:35:55.820 3665 INFO rally.task.runner [-] Task c543cf46-2d88-4b57-9539-d9d0aac4e762 | ITER: 4 START
2019-12-10 06:35:58.630 3662 INFO rally.task.runner [-] Task c543cf46-2d88-4b57-9539-d9d0aac4e762 | ITER: 2 END: OK
2019-12-10 06:35:58.632 3661 INFO rally.task.runner [-] Task c543cf46-2d88-4b57-9539-d9d0aac4e762 | ITER: 1 END: OK
2019-12-10 06:35:58.634 3662 INFO rally.task.runner [-] Task c543cf46-2d88-4b57-9539-d9d0aac4e762 | ITER: 5 START
2019-12-10 06:35:58.636 3661 INFO rally.task.runner [-] Task c543cf46-2d88-4b57-9539-d9d0aac4e762 | ITER: 6 START
2019-12-10 06:35:58.672 3665 INFO rally.task.runner [-] Task c543cf46-2d88-4b57-9539-d9d0aac4e762 | ITER: 4 END: OK
2019-12-10 06:35:58.678 3665 INFO rally.task.runner [-] Task c543cf46-2d88-4b57-9539-d9d0aac4e762 | ITER: 7 START
2019-12-10 06:35:58.682 3663 INFO rally.task.runner [-] Task c543cf46-2d88-4b57-9539-d9d0aac4e762 | ITER: 3 END: OK
2019-12-10 06:35:58.687 3663 INFO rally.task.runner [-] Task c543cf46-2d88-4b57-9539-d9d0aac4e762 | ITER: 8 START
2019-12-10 06:36:01.316 3661 INFO rally.task.runner [-] Task c543cf46-2d88-4b57-9539-d9d0aac4e762 | ITER: 6 END: OK
2019-12-10 06:36:01.319 3661 INFO rally.task.runner [-] Task c543cf46-2d88-4b57-9539-d9d0aac4e762 | ITER: 9 START
2019-12-10 06:36:01.347 3665 INFO rally.task.runner [-] Task c543cf46-2d88-4b57-9539-d9d0aac4e762 | ITER: 7 END: OK
2019-12-10 06:36:01.350 3665 INFO rally.task.runner [-] Task c543cf46-2d88-4b57-9539-d9d0aac4e762 | ITER: 10 START
2019-12-10 06:36:01.373 3663 INFO rally.task.runner [-] Task c543cf46-2d88-4b57-9539-d9d0aac4e762 | ITER: 8 END: OK
2019-12-10 06:36:01.404 3662 INFO rally.task.runner [-] Task c543cf46-2d88-4b57-9539-d9d0aac4e762 | ITER: 5 END: OK
2019-12-10 06:36:04.060 3665 INFO rally.task.runner [-] Task c543cf46-2d88-4b57-9539-d9d0aac4e762 | ITER: 10 END: OK
2019-12-10 06:36:04.072 3661 INFO rally.task.runner [-] Task c543cf46-2d88-4b57-9539-d9d0aac4e762 | ITER: 9 END: OK
2019-12-10 06:36:04.094 1845 INFO rally.task.context [-] Task c543cf46-2d88-4b57-9539-d9d0aac4e762 | Context cleanup@openstack cleanup() started
2019-12-10 06:36:04.097 1845 RALLYDEBUG rally_openstack.cleanup.manager [-] Cleaning up cinder backups objects
2019-12-10 06:36:05.306 1845 RALLYDEBUG rally_openstack.cleanup.manager [-] Cleaning up cinder volume_snapshots objects
2019-12-10 06:36:06.506 1845 RALLYDEBUG rally_openstack.cleanup.manager [-] Cleaning up cinder transfers objects
2019-12-10 06:36:07.666 1845 RALLYDEBUG rally_openstack.cleanup.manager [-] Cleaning up cinder volumes objects
2019-12-10 06:36:08.919 1845 RALLYDEBUG rally_openstack.cleanup.manager [-] Deleting cinder.volumes object s_rally_17e717eb_MrpaIdr7 (948f3276-77f5-49cf-87b4-97f97b3f7267)
2019-12-10 06:36:08.928 1845 RALLYDEBUG rally_openstack.cleanup.manager [-] Deleting cinder.volumes object s_rally_17e717eb_3UqzyfbB (fc8f2d1b-0c69-4ebe-9221-a2184af3e4d1)
2019-12-10 06:36:08.937 1845 RALLYDEBUG rally_openstack.cleanup.manager [-] Deleting cinder.volumes object s_rally_17e717eb_ZHkdbXVe (7415e132-6198-4ea0-a701-195073238acd)
2019-12-10 06:36:08.946 1845 RALLYDEBUG rally_openstack.cleanup.manager [-] Deleting cinder.volumes object s_rally_17e717eb_vMISsBhF (709caf90-fdf4-4b15-85b6-a11125497a13)
2019-12-10 06:36:08.955 1845 RALLYDEBUG rally_openstack.cleanup.manager [-] Deleting cinder.volumes object s_rally_17e717eb_0EchZ4Nc (f6e50b72-ce1b-4ba4-944e-6c2b85fce002)
2019-12-10 06:36:08.960 1845 RALLYDEBUG rally_openstack.cleanup.manager [-] Deleting cinder.volumes object s_rally_17e717eb_YyKste9w (520efc1c-d48e-414b-96c8-463d6ee90192)
2019-12-10 06:36:08.976 1845 RALLYDEBUG rally_openstack.cleanup.manager [-] Deleting cinder.volumes object s_rally_17e717eb_Jmpqwk8X (ff40819c-184f-46d4-b461-021d63ace67e)
2019-12-10 06:36:08.984 1845 RALLYDEBUG rally_openstack.cleanup.manager [-] Deleting cinder.volumes object s_rally_17e717eb_ki6Czerd (d18171bb-9980-42b9-b617-73582eb05725)
2019-12-10 06:36:08.990 1845 RALLYDEBUG rally_openstack.cleanup.manager [-] Deleting cinder.volumes object s_rally_17e717eb_uaxbCwV5 (c16fe7db-abad-4023-ba20-55611fab4205)
2019-12-10 06:36:08.995 1845 RALLYDEBUG rally_openstack.cleanup.manager [-] Deleting cinder.volumes object s_rally_17e717eb_WdTFoJnL (acaae9b1-5fc0-49bf-b157-d812d3ae650a)
2019-12-10 06:36:12.703 1845 INFO rally.task.context [-] Task c543cf46-2d88-4b57-9539-d9d0aac4e762 | Context cleanup@openstack cleanup() finished in 8.61 sec
2019-12-10 06:36:12.703 1845 INFO rally.task.context [-] Task c543cf46-2d88-4b57-9539-d9d0aac4e762 | Context quotas@openstack cleanup() started
2019-12-10 06:36:12.783 1845 INFO rally.task.context [-] Task c543cf46-2d88-4b57-9539-d9d0aac4e762 | Context quotas@openstack cleanup() finished in 80.08 msec
2019-12-10 06:36:12.784 1845 INFO rally.task.context [-] Task c543cf46-2d88-4b57-9539-d9d0aac4e762 | Context api_versions@openstack cleanup() started
2019-12-10 06:36:12.784 1845 INFO rally.task.context [-] Task c543cf46-2d88-4b57-9539-d9d0aac4e762 | Context api_versions@openstack cleanup() finished in 0.40 msec
2019-12-10 06:36:12.785 1845 INFO rally.task.context [-] Task c543cf46-2d88-4b57-9539-d9d0aac4e762 | Context users@openstack cleanup() started
2019-12-10 06:36:17.489 1845 INFO rally.task.context [-] Task c543cf46-2d88-4b57-9539-d9d0aac4e762 | Context users@openstack cleanup() finished in 4.70 sec
2019-12-10 06:36:18.004 1845 INFO rally.task.engine [-] Load duration is: 8.257599
2019-12-10 06:36:18.004 1845 INFO rally.task.engine [-] Full runner duration is: 8.303087
2019-12-10 06:36:18.005 1845 INFO rally.task.engine [-] Full duration is: 25.667335
2019-12-10 06:36:18.322 1845 INFO rally.task.engine [-] Running workload: position = 0 config = { "version": 2, "title": "A cropped version of a bigger task.", "description": "Auto-generated task from a single workload (uuid=f6ba1b0f-e336-4bd6-987c-6660346e4405)", "subtasks": [ { "title": "CinderVolumes.list_volumes", "description": "List all volumes.", "scenario": { "CinderVolumes.list_volumes": { "detailed": true } }, "contexts": { "users": { "tenants": 3, "users_per_tenant": 2 }, "quotas": { "cinder": { "gigabytes": -1, "snapshots": -1, "volumes": -1 } }, "api_versions": { "cinder": { "version": 3, "service_type": "volumev3" } }, "volumes": { "size": 1, "volumes_per_tenant": 4 } }, "runner": { "constant": { "concurrency": 4, "times": 10 } }, "hooks": [], "sla": { "failure_rate": { "max": 0 } } } ] }
2019-12-10 06:36:18.347 1845 RALLYDEBUG rally_openstack.contexts.keystone.users [-] Creating 3 tenants using 20 threads
2019-12-10 06:36:19.392 1845 RALLYDEBUG rally_openstack.contexts.keystone.users [-] Creating 6 users using 20 threads
2019-12-10 06:36:20.929 1845 INFO rally.task.context [-] Task c543cf46-2d88-4b57-9539-d9d0aac4e762 | Context users@openstack setup() finished in 2.58 sec
2019-12-10 06:36:21.352 1845 INFO rally.task.context [-] Task c543cf46-2d88-4b57-9539-d9d0aac4e762 | Context api_versions@openstack setup() finished in 0.42 sec
2019-12-10 06:36:22.269 1845 INFO rally.task.context [-] Task c543cf46-2d88-4b57-9539-d9d0aac4e762 | Context quotas@openstack setup() finished in 0.92 sec
2019-12-10 06:36:52.689 1845 INFO rally.task.context [-] Task c543cf46-2d88-4b57-9539-d9d0aac4e762 | Context volumes@openstack setup() finished in 30.42 sec
2019-12-10 06:36:52.698 1845 RALLYDEBUG rally.task.runner [-] Starting the constant runner (task UUID: c543cf46-2d88-4b57-9539-d9d0aac4e762). times: 10 concurrency: 4 timeout: 0 max_cpu_used: 16 processes_to_start: 4 concurrency_per_worker: 1 concurrency_overhead: 0
2019-12-10 06:36:52.708 3845 RALLYDEBUG rally.task.runner [-] Starting a worker. times: 10 duration: None concurrency: 1 timeout: 0 cls: method_name: run args: {"detailed": true}
2019-12-10 06:36:52.713 3846 RALLYDEBUG rally.task.runner [-] Starting a worker. times: 10 duration: None concurrency: 1 timeout: 0 cls: method_name: run args: {"detailed": true}
2019-12-10 06:36:52.715 3845 INFO rally.task.runner [-] Task c543cf46-2d88-4b57-9539-d9d0aac4e762 | ITER: 1 START
2019-12-10 06:36:52.717 3847 RALLYDEBUG rally.task.runner [-] Starting a worker. times: 10 duration: None concurrency: 1 timeout: 0 cls: method_name: run args: {"detailed": true}
2019-12-10 06:36:52.720 3846 INFO rally.task.runner [-] Task c543cf46-2d88-4b57-9539-d9d0aac4e762 | ITER: 2 START
2019-12-10 06:36:52.720 3850 RALLYDEBUG rally.task.runner [-] Starting a worker. times: 10 duration: None concurrency: 1 timeout: 0 cls: method_name: run args: {"detailed": true}
2019-12-10 06:36:52.724 3847 INFO rally.task.runner [-] Task c543cf46-2d88-4b57-9539-d9d0aac4e762 | ITER: 3 START
2019-12-10 06:36:52.727 3850 INFO rally.task.runner [-] Task c543cf46-2d88-4b57-9539-d9d0aac4e762 | ITER: 4 START
2019-12-10 06:36:53.128 3847 INFO rally.task.runner [-] Task c543cf46-2d88-4b57-9539-d9d0aac4e762 | ITER: 3 END: OK
2019-12-10 06:36:53.128 3845 INFO rally.task.runner [-] Task c543cf46-2d88-4b57-9539-d9d0aac4e762 | ITER: 1 END: OK
2019-12-10 06:36:53.133 3846 INFO rally.task.runner [-] Task c543cf46-2d88-4b57-9539-d9d0aac4e762 | ITER: 2 END: OK
2019-12-10 06:36:53.133 3850 INFO rally.task.runner [-] Task c543cf46-2d88-4b57-9539-d9d0aac4e762 | ITER: 4 END: OK
2019-12-10 06:36:53.133 3847 INFO rally.task.runner [-] Task c543cf46-2d88-4b57-9539-d9d0aac4e762 | ITER: 6 START
2019-12-10 06:36:53.134 3845 INFO rally.task.runner [-] Task c543cf46-2d88-4b57-9539-d9d0aac4e762 | ITER: 5 START
2019-12-10 06:36:53.137 3846 INFO rally.task.runner [-] Task c543cf46-2d88-4b57-9539-d9d0aac4e762 | ITER: 7 START
2019-12-10 06:36:53.138 3850 INFO rally.task.runner [-] Task c543cf46-2d88-4b57-9539-d9d0aac4e762 | ITER: 8 START
2019-12-10 06:36:53.520 3850 INFO rally.task.runner [-] Task c543cf46-2d88-4b57-9539-d9d0aac4e762 | ITER: 8 END: OK
2019-12-10 06:36:53.520 3845 INFO rally.task.runner [-] Task c543cf46-2d88-4b57-9539-d9d0aac4e762 | ITER: 5 END: OK
2019-12-10 06:36:53.521 3847 INFO rally.task.runner [-] Task c543cf46-2d88-4b57-9539-d9d0aac4e762 | ITER: 6 END: OK
2019-12-10 06:36:53.524 3850 INFO rally.task.runner [-] Task c543cf46-2d88-4b57-9539-d9d0aac4e762 | ITER: 9 START
2019-12-10 06:36:53.524 3847 INFO rally.task.runner [-] Task c543cf46-2d88-4b57-9539-d9d0aac4e762 | ITER: 10 START
2019-12-10 06:36:53.627 3846 INFO rally.task.runner [-] Task c543cf46-2d88-4b57-9539-d9d0aac4e762 | ITER: 7 END: OK
2019-12-10 06:36:53.938 3847 INFO rally.task.runner [-] Task c543cf46-2d88-4b57-9539-d9d0aac4e762 | ITER: 10 END: OK
2019-12-10 06:36:54.045 3850 INFO rally.task.runner [-] Task c543cf46-2d88-4b57-9539-d9d0aac4e762 | ITER: 9 END: OK
2019-12-10 06:36:54.070 1845 INFO rally.task.context [-] Task c543cf46-2d88-4b57-9539-d9d0aac4e762 | Context volumes@openstack cleanup() started
2019-12-10 06:36:54.072 1845 RALLYDEBUG rally_openstack.cleanup.manager [-] Cleaning up cinder volumes objects
2019-12-10 06:36:55.316 1845 RALLYDEBUG rally_openstack.cleanup.manager [-] Deleting cinder.volumes object c_rally_f6ba1b0f_tYolAXAn (d9528d68-abdf-4487-8a06-cc249bff21eb)
2019-12-10 06:36:55.323 1845 RALLYDEBUG rally_openstack.cleanup.manager [-] Deleting cinder.volumes object c_rally_f6ba1b0f_YGcr6QUr (9128e24b-e04b-42ed-8b29-548d23ab2f0a)
2019-12-10 06:36:55.324 1845 RALLYDEBUG rally_openstack.cleanup.manager [-] Deleting cinder.volumes object c_rally_f6ba1b0f_2Z2aLsAa (82bc3487-c121-4fd6-8be1-5a8270cdbb9b)
2019-12-10 06:36:55.330 1845 RALLYDEBUG rally_openstack.cleanup.manager [-] Deleting cinder.volumes object c_rally_f6ba1b0f_xpcucL8W (8848355c-4a9d-4166-8da5-09c49a381c78)
2019-12-10 06:36:55.358 1845 RALLYDEBUG rally_openstack.cleanup.manager [-] Deleting cinder.volumes object c_rally_f6ba1b0f_pBIHf6vB (6a6494f8-7db7-43f6-aaca-91837c84baf9)
2019-12-10 06:36:55.363 1845 RALLYDEBUG rally_openstack.cleanup.manager [-] Deleting cinder.volumes object c_rally_f6ba1b0f_m23BpJlw (7a61a220-0588-4796-99ae-1cdec887c831)
2019-12-10 06:36:55.369 1845 RALLYDEBUG rally_openstack.cleanup.manager [-] Deleting cinder.volumes object c_rally_f6ba1b0f_iOU4bnTj (8796f2cd-8e1c-468d-8959-58d0655c36e2)
2019-12-10 06:36:55.375 1845 RALLYDEBUG rally_openstack.cleanup.manager [-] Deleting cinder.volumes object c_rally_f6ba1b0f_HHrT4Red (a3578384-f044-4ba0-941b-eafa210716df)
2019-12-10 06:36:55.376 1845 RALLYDEBUG rally_openstack.cleanup.manager [-] Deleting cinder.volumes object c_rally_f6ba1b0f_o4ffLEy7 (7e2d9a73-7d8b-4cf4-8ec2-7d05f42879a5)
2019-12-10 06:36:55.379 1845 RALLYDEBUG rally_openstack.cleanup.manager [-] Deleting cinder.volumes object c_rally_f6ba1b0f_gRqN7SyO (e8c977ed-7b15-4623-a035-de2f32bcb801)
2019-12-10 06:36:55.390 1845 RALLYDEBUG rally_openstack.cleanup.manager [-] Deleting cinder.volumes object c_rally_f6ba1b0f_GrtDPG0A (773b3477-1056-4765-944a-fb85669c97f1)
2019-12-10 06:36:55.395 1845 RALLYDEBUG rally_openstack.cleanup.manager [-] Deleting cinder.volumes object c_rally_f6ba1b0f_ihSKHMO2 (28ff6b09-cc1a-4899-8108-b9509d9d9f8c)
2019-12-10 06:36:59.232 1845 INFO rally.task.context [-] Task c543cf46-2d88-4b57-9539-d9d0aac4e762 | Context volumes@openstack cleanup() finished in 5.16 sec
2019-12-10 06:36:59.233 1845 INFO rally.task.context [-] Task c543cf46-2d88-4b57-9539-d9d0aac4e762 | Context quotas@openstack cleanup() started
2019-12-10 06:36:59.318 1845 INFO rally.task.context [-] Task c543cf46-2d88-4b57-9539-d9d0aac4e762 | Context quotas@openstack cleanup() finished in 85.11 msec
2019-12-10 06:36:59.318 1845 INFO rally.task.context [-] Task c543cf46-2d88-4b57-9539-d9d0aac4e762 | Context api_versions@openstack cleanup() started
2019-12-10 06:36:59.319 1845 INFO rally.task.context [-] Task c543cf46-2d88-4b57-9539-d9d0aac4e762 | Context api_versions@openstack cleanup() finished in 0.38 msec
2019-12-10 06:36:59.319 1845 INFO rally.task.context [-] Task c543cf46-2d88-4b57-9539-d9d0aac4e762 | Context users@openstack cleanup() started
2019-12-10 06:37:04.090 1845 INFO rally.task.context [-] Task c543cf46-2d88-4b57-9539-d9d0aac4e762 | Context users@openstack cleanup() finished in 4.77 sec
2019-12-10 06:37:04.649 1845 INFO rally.task.engine [-] Load duration is: 1.325712
2019-12-10 06:37:04.650 1845 INFO rally.task.engine [-] Full runner duration is: 1.372665
2019-12-10 06:37:04.650 1845 INFO rally.task.engine [-] Full duration is: 45.746078
2019-12-10 06:37:04.981 1845 INFO rally.task.engine [-] Running workload: position = 0 config = { "version": 2, "title": "A cropped version of a bigger task.", "description": "Auto-generated task from a single workload (uuid=c58b2e41-701d-4cd0-a291-4a467487b67b)", "subtasks": [ { "title": "CinderVolumes.create_and_delete_snapshot", "description": "Create and then delete a volume-snapshot.", "scenario": { "CinderVolumes.create_and_delete_snapshot": { "force": false } }, "contexts": { "users": { "tenants": 3, "users_per_tenant": 2 }, "quotas": { "cinder": { "gigabytes": -1, "snapshots": -1, "volumes": -1 } }, "api_versions": { "cinder": { "version": 3, "service_type": "volumev3" } }, "volumes": { "size": 1, "volumes_per_tenant": 1 } }, "runner": { "constant": { "concurrency": 4, "times": 10 } }, "hooks": [], "sla": { "failure_rate": { "max": 0 } } } ] }
2019-12-10 06:37:05.008 1845 RALLYDEBUG rally_openstack.contexts.keystone.users [-] Creating 3 tenants using 20 threads
2019-12-10 06:37:06.044 1845 RALLYDEBUG rally_openstack.contexts.keystone.users [-] Creating 6 users using 20 threads
2019-12-10 06:37:07.717 1845 INFO rally.task.context [-] Task c543cf46-2d88-4b57-9539-d9d0aac4e762 | Context users@openstack setup() finished in 2.71 sec
2019-12-10 06:37:08.134 1845 INFO rally.task.context [-] Task c543cf46-2d88-4b57-9539-d9d0aac4e762 | Context api_versions@openstack setup() finished in 0.42 sec
2019-12-10 06:37:09.026 1845 INFO rally.task.context [-] Task c543cf46-2d88-4b57-9539-d9d0aac4e762 | Context quotas@openstack setup() finished in 0.89 sec
2019-12-10 06:37:17.583 1845 INFO rally.task.context [-] Task c543cf46-2d88-4b57-9539-d9d0aac4e762 | Context volumes@openstack setup() finished in 8.56 sec
2019-12-10 06:37:17.584 1845 INFO rally.task.context [-] Task c543cf46-2d88-4b57-9539-d9d0aac4e762 | Context cleanup@openstack setup() finished in 0.01 msec
2019-12-10 06:37:17.593 1845 RALLYDEBUG rally.task.runner [-] Starting the constant runner (task UUID: c543cf46-2d88-4b57-9539-d9d0aac4e762). times: 10 concurrency: 4 timeout: 0 max_cpu_used: 16 processes_to_start: 4 concurrency_per_worker: 1 concurrency_overhead: 0
2019-12-10 06:37:17.605 3969 RALLYDEBUG rally.task.runner [-] Starting a worker. times: 10 duration: None concurrency: 1 timeout: 0 cls: method_name: run args: {"force": false}
2019-12-10 06:37:17.609 3970 RALLYDEBUG rally.task.runner [-] Starting a worker. times: 10 duration: None concurrency: 1 timeout: 0 cls: method_name: run args: {"force": false}
2019-12-10 06:37:17.613 3969 INFO rally.task.runner [-] Task c543cf46-2d88-4b57-9539-d9d0aac4e762 | ITER: 1 START
2019-12-10 06:37:17.612 3971 RALLYDEBUG rally.task.runner [-] Starting a worker. times: 10 duration: None concurrency: 1 timeout: 0 cls: method_name: run args: {"force": false}
2019-12-10 06:37:17.616 3970 INFO rally.task.runner [-] Task c543cf46-2d88-4b57-9539-d9d0aac4e762 | ITER: 2 START
2019-12-10 06:37:17.616 3972 RALLYDEBUG rally.task.runner [-] Starting a worker. times: 10 duration: None concurrency: 1 timeout: 0 cls: method_name: run args: {"force": false}
2019-12-10 06:37:17.620 3971 INFO rally.task.runner [-] Task c543cf46-2d88-4b57-9539-d9d0aac4e762 | ITER: 3 START
2019-12-10 06:37:17.623 3972 INFO rally.task.runner [-] Task c543cf46-2d88-4b57-9539-d9d0aac4e762 | ITER: 4 START
2019-12-10 06:37:20.329 3970 RALLYDEBUG rally.task.utils [-] Waiting for resource s_rally_c58b2e41_t7YpgLXJ. Status changed: AVAILABLE => DELETING in 0.030138015747070312
2019-12-10 06:37:20.379 3969 RALLYDEBUG rally.task.utils [-] Waiting for resource s_rally_c58b2e41_JGj6jXRh. Status changed: AVAILABLE => DELETING in 0.027700185775756836
2019-12-10 06:37:20.403 3971 RALLYDEBUG rally.task.utils [-] Waiting for resource s_rally_c58b2e41_Y88d1WZd. Status changed: AVAILABLE => DELETING in 0.027942895889282227
2019-12-10 06:37:20.463 3972 RALLYDEBUG rally.task.utils [-] Waiting for resource s_rally_c58b2e41_97uXkXPf. Status changed: AVAILABLE => DELETING in 0.027059078216552734
2019-12-10 06:37:22.360 3970 INFO rally.task.runner [-] Task c543cf46-2d88-4b57-9539-d9d0aac4e762 | ITER: 2 END: OK
2019-12-10 06:37:22.365 3970 INFO rally.task.runner [-] Task c543cf46-2d88-4b57-9539-d9d0aac4e762 | ITER: 5 START
2019-12-10 06:37:22.409 3969 INFO rally.task.runner [-] Task c543cf46-2d88-4b57-9539-d9d0aac4e762 | ITER: 1 END: OK
2019-12-10 06:37:22.414 3969 INFO rally.task.runner [-] Task c543cf46-2d88-4b57-9539-d9d0aac4e762 | ITER: 6 START
2019-12-10 06:37:22.432 3971 INFO rally.task.runner [-] Task c543cf46-2d88-4b57-9539-d9d0aac4e762 | ITER: 3 END: OK
2019-12-10 06:37:22.438 3971 INFO rally.task.runner [-] Task c543cf46-2d88-4b57-9539-d9d0aac4e762 | ITER: 7 START
2019-12-10 06:37:22.490 3972 INFO rally.task.runner [-] Task c543cf46-2d88-4b57-9539-d9d0aac4e762 | ITER: 4 END: OK
2019-12-10 06:37:22.495 3972 INFO rally.task.runner [-] Task c543cf46-2d88-4b57-9539-d9d0aac4e762 | ITER: 8 START
2019-12-10 06:37:25.083 3969 RALLYDEBUG rally.task.utils [-] Waiting for resource s_rally_c58b2e41_cGtMG2Se. Status changed: AVAILABLE => DELETING in 0.02665996551513672
2019-12-10 06:37:25.095 3971 RALLYDEBUG rally.task.utils [-] Waiting for resource s_rally_c58b2e41_6jUcvRmp. Status changed: AVAILABLE => DELETING in 0.027629852294921875
2019-12-10 06:37:25.137 3972 RALLYDEBUG rally.task.utils [-] Waiting for resource s_rally_c58b2e41_7UrlKhci. Status changed: AVAILABLE => DELETING in 0.02953958511352539
2019-12-10 06:37:25.138 3970 RALLYDEBUG rally.task.utils [-] Waiting for resource s_rally_c58b2e41_C1xbmB2J. Status changed: AVAILABLE => DELETING in 0.026995182037353516
2019-12-10 06:37:27.130 3969 INFO rally.task.runner [-] Task c543cf46-2d88-4b57-9539-d9d0aac4e762 | ITER: 6 END: OK
2019-12-10 06:37:27.130 3971 INFO rally.task.runner [-] Task c543cf46-2d88-4b57-9539-d9d0aac4e762 | ITER: 7 END: OK
2019-12-10 06:37:27.134 3969 INFO rally.task.runner [-] Task c543cf46-2d88-4b57-9539-d9d0aac4e762 | ITER: 10 START
2019-12-10 06:37:27.134 3971 INFO rally.task.runner [-] Task c543cf46-2d88-4b57-9539-d9d0aac4e762 | ITER: 9 START
2019-12-10 06:37:27.170 3972 INFO rally.task.runner [-] Task c543cf46-2d88-4b57-9539-d9d0aac4e762 | ITER: 8 END: OK
2019-12-10 06:37:27.179 3970 INFO rally.task.runner [-] Task c543cf46-2d88-4b57-9539-d9d0aac4e762 | ITER: 5 END: OK
2019-12-10 06:37:29.825 3969 RALLYDEBUG rally.task.utils [-] Waiting for resource s_rally_c58b2e41_stkrZu3Y. Status changed: AVAILABLE => DELETING in 0.030751466751098633
2019-12-10 06:37:30.028 3971 RALLYDEBUG rally.task.utils [-] Waiting for resource s_rally_c58b2e41_JnAGYiZC. Status changed: AVAILABLE => DELETING in 0.03039383888244629
2019-12-10 06:37:31.861 3969 INFO rally.task.runner [-] Task c543cf46-2d88-4b57-9539-d9d0aac4e762 | ITER: 10 END: OK
2019-12-10 06:37:32.064 3971 INFO rally.task.runner [-] Task c543cf46-2d88-4b57-9539-d9d0aac4e762 | ITER: 9 END: OK
2019-12-10 06:37:32.094 1845 INFO rally.task.context [-] Task c543cf46-2d88-4b57-9539-d9d0aac4e762 | Context cleanup@openstack cleanup() started
2019-12-10 06:37:32.097 1845 RALLYDEBUG rally_openstack.cleanup.manager [-] Cleaning up cinder backups objects
2019-12-10 06:37:33.296 1845 RALLYDEBUG rally_openstack.cleanup.manager [-] Cleaning up cinder volume_snapshots objects
2019-12-10 06:37:34.489 1845 RALLYDEBUG rally_openstack.cleanup.manager [-] Cleaning up cinder transfers objects
2019-12-10 06:37:35.659 1845 RALLYDEBUG rally_openstack.cleanup.manager [-] Cleaning up cinder volumes objects
2019-12-10 06:37:36.943 1845 INFO rally.task.context [-] Task c543cf46-2d88-4b57-9539-d9d0aac4e762 | Context cleanup@openstack cleanup() finished in 4.85 sec
2019-12-10 06:37:36.943 1845 INFO rally.task.context [-] Task c543cf46-2d88-4b57-9539-d9d0aac4e762 | Context volumes@openstack cleanup() started
2019-12-10 06:37:36.944 1845 RALLYDEBUG rally_openstack.cleanup.manager [-] Cleaning up cinder volumes objects
2019-12-10 06:37:38.190 1845 RALLYDEBUG rally_openstack.cleanup.manager [-] Deleting cinder.volumes object c_rally_c58b2e41_CqNB2qNO (52002ca6-fc3d-44d7-bbf0-aca54018d4a1)
2019-12-10 06:37:38.197 1845 RALLYDEBUG rally_openstack.cleanup.manager [-] Deleting cinder.volumes object c_rally_c58b2e41_OVHr8MgP (8d20c99d-b7fd-472c-96f6-0ba518457208)
2019-12-10 06:37:38.203 1845 RALLYDEBUG rally_openstack.cleanup.manager [-] Deleting cinder.volumes object c_rally_c58b2e41_JClo97aG (599b5219-83d1-463c-af2f-4da9f4c5e5f3)
2019-12-10 06:37:41.813 1845 INFO rally.task.context [-] Task c543cf46-2d88-4b57-9539-d9d0aac4e762 | Context volumes@openstack cleanup() finished in 4.87 sec
2019-12-10 06:37:41.814 1845 INFO rally.task.context [-] Task c543cf46-2d88-4b57-9539-d9d0aac4e762 | Context quotas@openstack cleanup() started
2019-12-10 06:37:41.901 1845 INFO rally.task.context [-] Task c543cf46-2d88-4b57-9539-d9d0aac4e762 | Context quotas@openstack cleanup() finished in 87.15 msec
2019-12-10 06:37:41.901 1845 INFO rally.task.context [-] Task c543cf46-2d88-4b57-9539-d9d0aac4e762 | Context api_versions@openstack cleanup() started
2019-12-10 06:37:41.902 1845 INFO rally.task.context [-] Task c543cf46-2d88-4b57-9539-d9d0aac4e762 | Context api_versions@openstack cleanup() finished in 0.38 msec
2019-12-10 06:37:41.902 1845 INFO rally.task.context [-] Task c543cf46-2d88-4b57-9539-d9d0aac4e762 | Context users@openstack cleanup() started
2019-12-10 06:37:46.218 1845 INFO rally.task.context [-] Task c543cf46-2d88-4b57-9539-d9d0aac4e762 | Context users@openstack cleanup() finished in 4.32 sec
2019-12-10 06:37:47.269 1845 INFO rally.task.engine [-] Load duration is: 14.447105
2019-12-10 06:37:47.270 1845 INFO rally.task.engine [-] Full runner duration is: 14.500831
2019-12-10 06:37:47.270 1845 INFO rally.task.engine [-] Full duration is: 41.212322
2019-12-10 06:37:47.615 1845 INFO rally.task.engine [-] Running workload: position = 0 config = { "version": 2, "title": "A cropped version of a bigger task.", "description": "Auto-generated task from a single workload (uuid=8e642294-9400-4312-a5f9-e3b77ad69312)", "subtasks": [ { "title": "CinderVolumes.create_and_delete_volume", "description": "Create and then delete a volume.", "scenario": { "CinderVolumes.create_and_delete_volume": { "size": { "max": 1, "min": 1 } } }, "contexts": { "users": { "tenants": 3, "users_per_tenant": 2 }, "quotas": { "cinder": { "gigabytes": -1, "snapshots": -1, "volumes": -1 } }, "api_versions": { "cinder": { "version": 3, "service_type": "volumev3" } } }, "runner": { "constant": { "concurrency": 4, "times": 10 } }, "hooks": [], "sla": { "failure_rate": { "max": 0 } } } ] }
2019-12-10 06:37:47.642 1845 RALLYDEBUG rally_openstack.contexts.keystone.users [-] Creating 3 tenants using 20 threads
2019-12-10 06:37:48.705 1845 RALLYDEBUG rally_openstack.contexts.keystone.users [-] Creating 6 users using 20 threads
2019-12-10 06:37:50.410 1845 INFO rally.task.context [-] Task c543cf46-2d88-4b57-9539-d9d0aac4e762 | Context users@openstack setup() finished in 2.77 sec
2019-12-10 06:37:50.814 1845 INFO rally.task.context [-] Task c543cf46-2d88-4b57-9539-d9d0aac4e762 | Context api_versions@openstack setup() finished in 0.40 sec
2019-12-10 06:37:51.668 1845 INFO rally.task.context [-] Task c543cf46-2d88-4b57-9539-d9d0aac4e762 | Context quotas@openstack setup() finished in 0.85 sec
2019-12-10 06:37:51.668 1845 INFO rally.task.context [-] Task c543cf46-2d88-4b57-9539-d9d0aac4e762 | Context cleanup@openstack setup() finished in 0.01 msec
2019-12-10 06:37:51.677 1845 RALLYDEBUG rally.task.runner [-] Starting the constant runner (task UUID: c543cf46-2d88-4b57-9539-d9d0aac4e762). times: 10 concurrency: 4 timeout: 0 max_cpu_used: 16 processes_to_start: 4 concurrency_per_worker: 1 concurrency_overhead: 0
2019-12-10 06:37:51.689 4173 RALLYDEBUG rally.task.runner [-] Starting a worker. times: 10 duration: None concurrency: 1 timeout: 0 cls: method_name: run args: {"size": {"max": 1, "min": 1}}
2019-12-10 06:37:51.692 4174 RALLYDEBUG rally.task.runner [-] Starting a worker. times: 10 duration: None concurrency: 1 timeout: 0 cls: method_name: run args: {"size": {"max": 1, "min": 1}}
2019-12-10 06:37:51.696 4173 INFO rally.task.runner [-] Task c543cf46-2d88-4b57-9539-d9d0aac4e762 | ITER: 1 START
2019-12-10 06:37:51.696 4175 RALLYDEBUG rally.task.runner [-] Starting a worker. times: 10 duration: None concurrency: 1 timeout: 0 cls: method_name: run args: {"size": {"max": 1, "min": 1}}
2019-12-10 06:37:51.699 4174 INFO rally.task.runner [-] Task c543cf46-2d88-4b57-9539-d9d0aac4e762 | ITER: 2 START
2019-12-10 06:37:51.699 4176 RALLYDEBUG rally.task.runner [-] Starting a worker. times: 10 duration: None concurrency: 1 timeout: 0 cls: method_name: run args: {"size": {"max": 1, "min": 1}}
2019-12-10 06:37:51.703 4175 INFO rally.task.runner [-] Task c543cf46-2d88-4b57-9539-d9d0aac4e762 | ITER: 3 START
2019-12-10 06:37:51.706 4176 INFO rally.task.runner [-] Task c543cf46-2d88-4b57-9539-d9d0aac4e762 | ITER: 4 START
2019-12-10 06:37:54.658 4173 RALLYDEBUG rally.task.utils [-] Waiting for resource s_rally_8e642294_pGBy8lWr. Status changed: AVAILABLE => DELETING in 0.05311250686645508
2019-12-10 06:37:54.658 4176 RALLYDEBUG rally.task.utils [-] Waiting for resource s_rally_8e642294_pzVKPiDS. Status changed: AVAILABLE => DELETING in 0.05845499038696289
2019-12-10 06:37:54.686 4175 RALLYDEBUG rally.task.utils [-] Waiting for resource s_rally_8e642294_RO6RA4Pm. Status changed: AVAILABLE => DELETING in 0.0597834587097168
2019-12-10 06:37:54.828 4174 RALLYDEBUG rally.task.utils [-] Waiting for resource s_rally_8e642294_Sf0CmS42. Status changed: AVAILABLE => DELETING in 0.05685758590698242
2019-12-10 06:37:56.698 4173 INFO rally.task.runner [-] Task c543cf46-2d88-4b57-9539-d9d0aac4e762 | ITER: 1 END: OK
2019-12-10 06:37:56.698 4176 INFO rally.task.runner [-] Task c543cf46-2d88-4b57-9539-d9d0aac4e762 | ITER: 4 END: OK
2019-12-10 06:37:56.702 4173 INFO rally.task.runner [-] Task c543cf46-2d88-4b57-9539-d9d0aac4e762 | ITER: 5 START
2019-12-10 06:37:56.703 4176 INFO rally.task.runner [-] Task c543cf46-2d88-4b57-9539-d9d0aac4e762 | ITER: 6 START
2019-12-10 06:37:56.732 4175 INFO rally.task.runner [-] Task c543cf46-2d88-4b57-9539-d9d0aac4e762 | ITER: 3 END: OK
2019-12-10 06:37:56.737 4175 INFO rally.task.runner [-] Task c543cf46-2d88-4b57-9539-d9d0aac4e762 | ITER: 7 START
2019-12-10 06:37:56.870 4174 INFO rally.task.runner [-] Task c543cf46-2d88-4b57-9539-d9d0aac4e762 | ITER: 2 END: OK
2019-12-10 06:37:56.874 4174 INFO rally.task.runner [-] Task c543cf46-2d88-4b57-9539-d9d0aac4e762 | ITER: 8 START
2019-12-10 06:37:59.528 4173 RALLYDEBUG rally.task.utils [-] Waiting for resource s_rally_8e642294_SwuaRZig. Status changed: AVAILABLE => DELETING in 0.06098008155822754
2019-12-10 06:37:59.550 4175 RALLYDEBUG rally.task.utils [-] Waiting for resource s_rally_8e642294_jn1DeMYP. Status changed: AVAILABLE => DELETING in 0.061484575271606445
2019-12-10 06:37:59.744 4176 RALLYDEBUG rally.task.utils [-] Waiting for resource s_rally_8e642294_t38shMWd. Status changed: AVAILABLE => DELETING in 0.18683338165283203
2019-12-10 06:37:59.808 4174 RALLYDEBUG rally.task.utils [-] Waiting for resource s_rally_8e642294_MPx7nQS1. Status changed: AVAILABLE => DELETING in 0.0644841194152832
2019-12-10 06:38:01.573 4173 INFO rally.task.runner [-] Task c543cf46-2d88-4b57-9539-d9d0aac4e762 | ITER: 5 END: OK
2019-12-10 06:38:01.577 4173 INFO rally.task.runner [-] Task c543cf46-2d88-4b57-9539-d9d0aac4e762 | ITER: 9 START
2019-12-10 06:38:01.595 4175 INFO rally.task.runner [-] Task c543cf46-2d88-4b57-9539-d9d0aac4e762 | ITER: 7 END: OK
2019-12-10 06:38:01.599 4175 INFO rally.task.runner [-] Task c543cf46-2d88-4b57-9539-d9d0aac4e762 | ITER: 10 START
2019-12-10 06:38:01.781 4176 INFO rally.task.runner [-] Task c543cf46-2d88-4b57-9539-d9d0aac4e762 | ITER: 6 END: OK
2019-12-10 06:38:01.850 4174 INFO rally.task.runner [-] Task c543cf46-2d88-4b57-9539-d9d0aac4e762 | ITER: 8 END: OK
2019-12-10 06:38:04.412 4173 RALLYDEBUG rally.task.utils [-] Waiting for resource s_rally_8e642294_U96Uf0OH. Status changed: AVAILABLE => DELETING in 0.06458139419555664
2019-12-10 06:38:04.449 4175 RALLYDEBUG rally.task.utils [-] Waiting for resource s_rally_8e642294_xD31vn7z. Status changed: AVAILABLE => DELETING in 0.06494355201721191
2019-12-10 06:38:06.448 4173 INFO rally.task.runner [-] Task c543cf46-2d88-4b57-9539-d9d0aac4e762 | ITER: 9 END: OK
2019-12-10 06:38:06.494 4175 INFO rally.task.runner [-] Task c543cf46-2d88-4b57-9539-d9d0aac4e762 | ITER: 10 END: OK
2019-12-10 06:38:06.527 1845 INFO rally.task.context [-] Task c543cf46-2d88-4b57-9539-d9d0aac4e762 | Context cleanup@openstack cleanup() started
2019-12-10 06:38:06.530 1845 RALLYDEBUG rally_openstack.cleanup.manager [-] Cleaning up cinder backups objects
2019-12-10 06:38:07.833 1845 RALLYDEBUG rally_openstack.cleanup.manager [-] Cleaning up cinder volume_snapshots objects
2019-12-10 06:38:09.001 1845 RALLYDEBUG rally_openstack.cleanup.manager [-] Cleaning up cinder transfers objects
2019-12-10 06:38:10.157 1845 RALLYDEBUG rally_openstack.cleanup.manager [-] Cleaning up cinder volumes objects
2019-12-10 06:38:11.392 1845 INFO rally.task.context [-] Task c543cf46-2d88-4b57-9539-d9d0aac4e762 | Context cleanup@openstack cleanup() finished in 4.87 sec
2019-12-10 06:38:11.393 1845 INFO rally.task.context [-] Task c543cf46-2d88-4b57-9539-d9d0aac4e762 | Context quotas@openstack cleanup() started
2019-12-10 06:38:11.470 1845 INFO rally.task.context [-] Task c543cf46-2d88-4b57-9539-d9d0aac4e762 | Context quotas@openstack cleanup() finished in 77.40 msec
