2019-12-10 06:23:03.112 727 RALLYDEBUG rally.task.runner [-] Starting the constant runner (task UUID: bf58fc48-f61f-491f-8051-4a418f294726). times: 10 concurrency: 4 timeout: 0 max_cpu_used: 16 processes_to_start: 4 concurrency_per_worker: 1 concurrency_overhead: 0
2019-12-10 06:23:03.123 975 RALLYDEBUG rally.task.runner [-] Starting a worker. times: 10 duration: None concurrency: 1 timeout: 0 cls: method_name: run args: {"container_format": "bare", "disk_format": "qcow2", "image_location": "/home/opnfv/functest/images/cirros-0.4.0-x86_64-disk.img"}
2019-12-10 06:23:03.127 976 RALLYDEBUG rally.task.runner [-] Starting a worker. times: 10 duration: None concurrency: 1 timeout: 0 cls: method_name: run args: {"container_format": "bare", "disk_format": "qcow2", "image_location": "/home/opnfv/functest/images/cirros-0.4.0-x86_64-disk.img"}
2019-12-10 06:23:03.130 975 INFO rally.task.runner [-] Task bf58fc48-f61f-491f-8051-4a418f294726 | ITER: 1 START
2019-12-10 06:23:03.130 977 RALLYDEBUG rally.task.runner [-] Starting a worker. times: 10 duration: None concurrency: 1 timeout: 0 cls: method_name: run args: {"container_format": "bare", "disk_format": "qcow2", "image_location": "/home/opnfv/functest/images/cirros-0.4.0-x86_64-disk.img"}
2019-12-10 06:23:03.133 976 INFO rally.task.runner [-] Task bf58fc48-f61f-491f-8051-4a418f294726 | ITER: 2 START
2019-12-10 06:23:03.134 979 RALLYDEBUG rally.task.runner [-] Starting a worker. times: 10 duration: None concurrency: 1 timeout: 0 cls: method_name: run args: {"container_format": "bare", "disk_format": "qcow2", "image_location": "/home/opnfv/functest/images/cirros-0.4.0-x86_64-disk.img"}
2019-12-10 06:23:03.137 977 INFO rally.task.runner [-] Task bf58fc48-f61f-491f-8051-4a418f294726 | ITER: 3 START
2019-12-10 06:23:03.140 979 INFO rally.task.runner [-] Task bf58fc48-f61f-491f-8051-4a418f294726 | ITER: 4 START
2019-12-10 06:23:06.056 976 RALLYDEBUG rally.task.utils [-] Waiting for resource '934e9df9-53d8-4875-bfb8-ec0c857d2013'. Status changed: NONE => QUEUED in 0.038639068603515625
2019-12-10 06:23:06.056 975 RALLYDEBUG rally.task.utils [-] Waiting for resource 'a2841e62-286b-47ed-bdcb-0003076281b3'. Status changed: NONE => QUEUED in 0.03958487510681152
2019-12-10 06:23:06.059 977 RALLYDEBUG rally.task.utils [-] Waiting for resource '5c065f0f-1784-4473-b71e-4f18b98fa572'. Status changed: NONE => QUEUED in 0.03546714782714844
2019-12-10 06:23:06.059 979 RALLYDEBUG rally.task.utils [-] Waiting for resource '7838f7b6-7e66-4ace-ae7b-937db34393b3'. Status changed: NONE => QUEUED in 0.037377357482910156
2019-12-10 06:23:06.273 975 RALLYDEBUG rally.task.utils [-] Waiting for resource s_rally_da4e00cd_b4BHJbMO. Status changed: QUEUED => ACTIVE in 0.017864704132080078
2019-12-10 06:23:06.274 979 RALLYDEBUG rally.task.utils [-] Waiting for resource s_rally_da4e00cd_hC1BGMQG. Status changed: QUEUED => ACTIVE in 0.019777536392211914
2019-12-10 06:23:06.274 977 RALLYDEBUG rally.task.utils [-] Waiting for resource s_rally_da4e00cd_weXKAslE. Status changed: QUEUED => ACTIVE in 0.01854848861694336
2019-12-10 06:23:06.304 979 INFO rally.task.runner [-] Task bf58fc48-f61f-491f-8051-4a418f294726 | ITER: 4 END: OK
2019-12-10 06:23:06.306 975 INFO rally.task.runner [-] Task bf58fc48-f61f-491f-8051-4a418f294726 | ITER: 1 END: OK
2019-12-10 06:23:06.306 976 RALLYDEBUG rally.task.utils [-] Waiting for resource s_rally_da4e00cd_7Nl6SB1R. Status changed: QUEUED => ACTIVE in 0.038297414779663086
2019-12-10 06:23:06.308 979 INFO rally.task.runner [-] Task bf58fc48-f61f-491f-8051-4a418f294726 | ITER: 5 START
2019-12-10 06:23:06.309 977 INFO rally.task.runner [-] Task bf58fc48-f61f-491f-8051-4a418f294726 | ITER: 3 END: OK
2019-12-10 06:23:06.311 975 INFO rally.task.runner [-] Task bf58fc48-f61f-491f-8051-4a418f294726 | ITER: 6 START
2019-12-10 06:23:06.314 977 INFO rally.task.runner [-] Task bf58fc48-f61f-491f-8051-4a418f294726 | ITER: 7 START
2019-12-10 06:23:06.344 976 INFO rally.task.runner [-] Task bf58fc48-f61f-491f-8051-4a418f294726 | ITER: 2 END: OK
2019-12-10 06:23:06.348 976 INFO rally.task.runner [-] Task bf58fc48-f61f-491f-8051-4a418f294726 | ITER: 8 START
2019-12-10 06:23:09.084 975 RALLYDEBUG rally.task.utils [-] Waiting for resource '98ee2f71-a56e-4eb2-afa5-359065c29dec'. Status changed: NONE => QUEUED in 0.042540550231933594
2019-12-10 06:23:09.141 977 RALLYDEBUG rally.task.utils [-] Waiting for resource '066e087b-d4ea-4b95-8675-37961e45eb2d'. Status changed: NONE => QUEUED in 0.039920806884765625
2019-12-10 06:23:09.173 979 RALLYDEBUG rally.task.utils [-] Waiting for resource 'f7d0a1a1-a0c1-45f0-930c-ca94ec825224'. Status changed: NONE => QUEUED in 0.035318613052368164
2019-12-10 06:23:09.229 976 RALLYDEBUG rally.task.utils [-] Waiting for resource 'a0202675-8941-4f49-8c53-f7ac502aade2'. Status changed: NONE => QUEUED in 0.03960061073303223
2019-12-10 06:23:09.344 975 RALLYDEBUG rally.task.utils [-] Waiting for resource s_rally_da4e00cd_QOEL5Fbd. Status changed: QUEUED => ACTIVE in 0.0196535587310791
2019-12-10 06:23:09.376 977 RALLYDEBUG rally.task.utils [-] Waiting for resource s_rally_da4e00cd_A8kYuGHE. Status changed: QUEUED => ACTIVE in 0.027423858642578125
2019-12-10 06:23:09.381 975 INFO rally.task.runner [-] Task bf58fc48-f61f-491f-8051-4a418f294726 | ITER: 6 END: OK
2019-12-10 06:23:09.385 975 INFO rally.task.runner [-] Task bf58fc48-f61f-491f-8051-4a418f294726 | ITER: 9 START
2019-12-10 06:23:09.407 977 INFO rally.task.runner [-] Task bf58fc48-f61f-491f-8051-4a418f294726 | ITER: 7 END: OK
2019-12-10 06:23:09.410 977 INFO rally.task.runner [-] Task bf58fc48-f61f-491f-8051-4a418f294726 | ITER: 10 START
2019-12-10 06:23:09.421 979 RALLYDEBUG rally.task.utils [-] Waiting for resource s_rally_da4e00cd_9njo0LbT. Status changed: QUEUED => ACTIVE in 0.01808953285217285
2019-12-10 06:23:09.454 979 INFO rally.task.runner [-] Task bf58fc48-f61f-491f-8051-4a418f294726 | ITER: 5 END: OK
2019-12-10 06:23:09.464 976 RALLYDEBUG rally.task.utils [-] Waiting for resource s_rally_da4e00cd_tiYEARnY. Status changed: QUEUED => ACTIVE in 0.01761460304260254
2019-12-10 06:23:09.497 976 INFO rally.task.runner [-] Task bf58fc48-f61f-491f-8051-4a418f294726 | ITER: 8 END: OK
2019-12-10 06:23:12.176 975 RALLYDEBUG rally.task.utils [-] Waiting for resource '55841ecb-c597-4162-8918-f821aabd00aa'. Status changed: NONE => QUEUED in 0.042038679122924805
2019-12-10 06:23:12.206 977 RALLYDEBUG rally.task.utils [-] Waiting for resource '4829a0f7-e568-4359-9766-f5e6d9def47c'. Status changed: NONE => QUEUED in 0.03894853591918945
2019-12-10 06:23:12.416 975 RALLYDEBUG rally.task.utils [-] Waiting for resource s_rally_da4e00cd_gkO6To3L. Status changed: QUEUED => ACTIVE in 0.019410133361816406
2019-12-10 06:23:12.438 977 RALLYDEBUG rally.task.utils [-] Waiting for resource s_rally_da4e00cd_HmF9rvPK. Status changed: QUEUED => ACTIVE in 0.022355079650878906
2019-12-10 06:23:12.449 975 INFO rally.task.runner [-] Task bf58fc48-f61f-491f-8051-4a418f294726 | ITER: 9 END: OK
2019-12-10 06:23:12.484 977 INFO rally.task.runner [-] Task bf58fc48-f61f-491f-8051-4a418f294726 | ITER: 10 END: OK
2019-12-10 06:23:12.509 727 INFO rally.task.context [-] Task bf58fc48-f61f-491f-8051-4a418f294726 | Context cleanup@openstack cleanup() started
2019-12-10 06:23:12.512 727 RALLYDEBUG rally_openstack.cleanup.manager [-] Cleaning up glance images objects
2019-12-10 06:23:14.016 727 RALLYDEBUG rally_openstack.cleanup.manager [-] Deleting glance.images object s_rally_da4e00cd_QOEL5Fbd (98ee2f71-a56e-4eb2-afa5-359065c29dec)
2019-12-10 06:23:14.026 727 RALLYDEBUG rally_openstack.cleanup.manager [-] Deleting glance.images object s_rally_da4e00cd_A8kYuGHE (066e087b-d4ea-4b95-8675-37961e45eb2d)
2019-12-10 06:23:14.034 727 RALLYDEBUG rally_openstack.cleanup.manager [-] Deleting glance.images object s_rally_da4e00cd_hC1BGMQG (7838f7b6-7e66-4ace-ae7b-937db34393b3)
2019-12-10 06:23:14.044 727 RALLYDEBUG rally_openstack.cleanup.manager [-] Deleting glance.images object s_rally_da4e00cd_HmF9rvPK (4829a0f7-e568-4359-9766-f5e6d9def47c)
2019-12-10 06:23:14.053 727 RALLYDEBUG rally_openstack.cleanup.manager [-] Deleting glance.images object s_rally_da4e00cd_9njo0LbT (f7d0a1a1-a0c1-45f0-930c-ca94ec825224)
2019-12-10 06:23:14.059 727 RALLYDEBUG rally_openstack.cleanup.manager [-] Deleting glance.images object s_rally_da4e00cd_tiYEARnY (a0202675-8941-4f49-8c53-f7ac502aade2)
2019-12-10 06:23:14.064 727 RALLYDEBUG rally_openstack.cleanup.manager [-] Deleting glance.images object s_rally_da4e00cd_gkO6To3L (55841ecb-c597-4162-8918-f821aabd00aa)
2019-12-10 06:23:14.079 727 RALLYDEBUG rally_openstack.cleanup.manager [-] Deleting glance.images object s_rally_da4e00cd_b4BHJbMO (a2841e62-286b-47ed-bdcb-0003076281b3)
2019-12-10 06:23:14.090 727 RALLYDEBUG rally_openstack.cleanup.manager [-] Deleting glance.images object s_rally_da4e00cd_7Nl6SB1R (934e9df9-53d8-4875-bfb8-ec0c857d2013)
2019-12-10 06:23:14.103 727 RALLYDEBUG rally_openstack.cleanup.manager [-] Deleting glance.images object s_rally_da4e00cd_weXKAslE (5c065f0f-1784-4473-b71e-4f18b98fa572)
2019-12-10 06:23:14.547 727 DEBUG glanceclient.common.http [-] Request returned failure status 404. _handle_response /usr/lib/python3.6/site-packages/glanceclient/common/http.py:125
2019-12-10 06:23:14.568 727 DEBUG glanceclient.common.http [-] Request returned failure status 404. _handle_response /usr/lib/python3.6/site-packages/glanceclient/common/http.py:125
2019-12-10 06:23:14.635 727 DEBUG glanceclient.common.http [-] Request returned failure status 404. _handle_response /usr/lib/python3.6/site-packages/glanceclient/common/http.py:125
2019-12-10 06:23:14.657 727 DEBUG glanceclient.common.http [-] Request returned failure status 404. _handle_response /usr/lib/python3.6/site-packages/glanceclient/common/http.py:125
2019-12-10 06:23:14.662 727 DEBUG glanceclient.common.http [-] Request returned failure status 404. _handle_response /usr/lib/python3.6/site-packages/glanceclient/common/http.py:125
2019-12-10 06:23:14.663 727 DEBUG glanceclient.common.http [-] Request returned failure status 404. _handle_response /usr/lib/python3.6/site-packages/glanceclient/common/http.py:125
2019-12-10 06:23:14.668 727 DEBUG glanceclient.common.http [-] Request returned failure status 404. _handle_response /usr/lib/python3.6/site-packages/glanceclient/common/http.py:125
2019-12-10 06:23:14.674 727 DEBUG glanceclient.common.http [-] Request returned failure status 404. _handle_response /usr/lib/python3.6/site-packages/glanceclient/common/http.py:125
2019-12-10 06:23:14.679 727 DEBUG glanceclient.common.http [-] Request returned failure status 404. _handle_response /usr/lib/python3.6/site-packages/glanceclient/common/http.py:125
2019-12-10 06:23:14.680 727 DEBUG glanceclient.common.http [-] Request returned failure status 404. _handle_response /usr/lib/python3.6/site-packages/glanceclient/common/http.py:125
2019-12-10 06:23:14.681 727 DEBUG glanceclient.common.http [-] Request returned failure status 404. _handle_response /usr/lib/python3.6/site-packages/glanceclient/common/http.py:125
2019-12-10 06:23:14.682 727 DEBUG glanceclient.common.http [-] Request returned failure status 404. _handle_response /usr/lib/python3.6/site-packages/glanceclient/common/http.py:125
2019-12-10 06:23:14.697 727 DEBUG glanceclient.common.http [-] Request returned failure status 404. _handle_response /usr/lib/python3.6/site-packages/glanceclient/common/http.py:125
2019-12-10 06:23:14.698 727 DEBUG glanceclient.common.http [-] Request returned failure status 404. _handle_response /usr/lib/python3.6/site-packages/glanceclient/common/http.py:125
2019-12-10 06:23:14.705 727 DEBUG glanceclient.common.http [-] Request returned failure status 404. _handle_response /usr/lib/python3.6/site-packages/glanceclient/common/http.py:125
2019-12-10 06:23:14.710 727 DEBUG glanceclient.common.http [-] Request returned failure status 404. _handle_response /usr/lib/python3.6/site-packages/glanceclient/common/http.py:125
2019-12-10 06:23:14.711 727 DEBUG glanceclient.common.http [-] Request returned failure status 404. _handle_response /usr/lib/python3.6/site-packages/glanceclient/common/http.py:125
2019-12-10 06:23:14.712 727 DEBUG glanceclient.common.http [-] Request returned failure status 404. _handle_response /usr/lib/python3.6/site-packages/glanceclient/common/http.py:125
2019-12-10 06:23:14.717 727 DEBUG glanceclient.common.http [-] Request returned failure status 404. _handle_response /usr/lib/python3.6/site-packages/glanceclient/common/http.py:125
2019-12-10 06:23:14.722 727 DEBUG glanceclient.common.http [-] Request returned failure status 404. _handle_response /usr/lib/python3.6/site-packages/glanceclient/common/http.py:125
2019-12-10 06:23:15.725 727 INFO rally.task.context [-] Task bf58fc48-f61f-491f-8051-4a418f294726 | Context cleanup@openstack cleanup() finished in 3.22 sec
2019-12-10 06:23:15.725 727 INFO rally.task.context [-] Task bf58fc48-f61f-491f-8051-4a418f294726 | Context users@openstack cleanup() started
2019-12-10 06:23:20.240 727 INFO rally.task.context [-] Task bf58fc48-f61f-491f-8051-4a418f294726 | Context users@openstack cleanup() finished in 4.51 sec
2019-12-10 06:23:20.613 727 INFO rally.task.engine [-] Load duration is: 8.661121
2019-12-10 06:23:20.614 727 INFO rally.task.engine [-] Full runner duration is: 9.397178
2019-12-10 06:23:20.614 727 INFO rally.task.engine [-] Full duration is: 19.850007
2019-12-10 06:23:21.162 727 INFO rally.task.engine [-] Running workload: position = 0 config = { "version": 2, "title": "A cropped version of a bigger task.", "description": "Auto-generated task from a single workload (uuid=848bc33c-4eed-46ee-bece-a23045250667)", "subtasks": [ { "title": "GlanceImages.list_images", "description": "List all images.", "scenario": { "GlanceImages.list_images": {} }, "contexts": { "users": { "tenants": 3, "users_per_tenant": 2 } }, "runner": { "constant": { "concurrency": 4, "times": 10 } }, "hooks": [], "sla": { "failure_rate": { "max": 0 } } } ] }
2019-12-10 06:23:21.185 727 RALLYDEBUG rally_openstack.contexts.keystone.users [-] Creating 3 tenants using 20 threads
2019-12-10 06:23:22.227 727 RALLYDEBUG rally_openstack.contexts.keystone.users [-] Creating 6 users using 20 threads
2019-12-10 06:23:23.727 727 INFO rally.task.context [-] Task bf58fc48-f61f-491f-8051-4a418f294726 | Context users@openstack setup() finished in 2.54 sec
2019-12-10 06:23:23.736 727 RALLYDEBUG rally.task.runner [-] Starting the constant runner (task UUID: bf58fc48-f61f-491f-8051-4a418f294726). times: 10 concurrency: 4 timeout: 0 max_cpu_used: 16 processes_to_start: 4 concurrency_per_worker: 1 concurrency_overhead: 0
2019-12-10 06:23:23.747 1099 RALLYDEBUG rally.task.runner [-] Starting a worker. times: 10 duration: None concurrency: 1 timeout: 0 cls: method_name: run args: {}
2019-12-10 06:23:23.750 1100 RALLYDEBUG rally.task.runner [-] Starting a worker. times: 10 duration: None concurrency: 1 timeout: 0 cls: method_name: run args: {}
2019-12-10 06:23:23.754 1099 INFO rally.task.runner [-] Task bf58fc48-f61f-491f-8051-4a418f294726 | ITER: 1 START
2019-12-10 06:23:23.753 1101 RALLYDEBUG rally.task.runner [-] Starting a worker. times: 10 duration: None concurrency: 1 timeout: 0 cls: method_name: run args: {}
2019-12-10 06:23:23.757 1100 INFO rally.task.runner [-] Task bf58fc48-f61f-491f-8051-4a418f294726 | ITER: 2 START
2019-12-10 06:23:23.757 1103 RALLYDEBUG rally.task.runner [-] Starting a worker. times: 10 duration: None concurrency: 1 timeout: 0 cls: method_name: run args: {}
2019-12-10 06:23:23.760 1101 INFO rally.task.runner [-] Task bf58fc48-f61f-491f-8051-4a418f294726 | ITER: 3 START
2019-12-10 06:23:23.762 1103 INFO rally.task.runner [-] Task bf58fc48-f61f-491f-8051-4a418f294726 | ITER: 4 START
2019-12-10 06:23:24.635 1099 INFO rally.task.runner [-] Task bf58fc48-f61f-491f-8051-4a418f294726 | ITER: 1 END: OK
2019-12-10 06:23:24.639 1099 INFO rally.task.runner [-] Task bf58fc48-f61f-491f-8051-4a418f294726 | ITER: 5 START
2019-12-10 06:23:24.646 1103 INFO rally.task.runner [-] Task bf58fc48-f61f-491f-8051-4a418f294726 | ITER: 4 END: OK
2019-12-10 06:23:24.651 1103 INFO rally.task.runner [-] Task bf58fc48-f61f-491f-8051-4a418f294726 | ITER: 6 START
2019-12-10 06:23:24.668 1101 INFO rally.task.runner [-] Task bf58fc48-f61f-491f-8051-4a418f294726 | ITER: 3 END: OK
2019-12-10 06:23:24.672 1101 INFO rally.task.runner [-] Task bf58fc48-f61f-491f-8051-4a418f294726 | ITER: 7 START
2019-12-10 06:23:24.709 1100 INFO rally.task.runner [-] Task bf58fc48-f61f-491f-8051-4a418f294726 | ITER: 2 END: OK
2019-12-10 06:23:24.713 1100 INFO rally.task.runner [-] Task bf58fc48-f61f-491f-8051-4a418f294726 | ITER: 8 START
2019-12-10 06:23:25.328 1099 INFO rally.task.runner [-] Task bf58fc48-f61f-491f-8051-4a418f294726 | ITER: 5 END: OK
2019-12-10 06:23:25.332 1099 INFO rally.task.runner [-] Task bf58fc48-f61f-491f-8051-4a418f294726 | ITER: 9 START
2019-12-10 06:23:25.345 1101 INFO rally.task.runner [-] Task bf58fc48-f61f-491f-8051-4a418f294726 | ITER: 7 END: OK
2019-12-10 06:23:25.350 1101 INFO rally.task.runner [-] Task bf58fc48-f61f-491f-8051-4a418f294726 | ITER: 10 START
2019-12-10 06:23:25.406 1103 INFO rally.task.runner [-] Task bf58fc48-f61f-491f-8051-4a418f294726 | ITER: 6 END: OK
2019-12-10 06:23:25.559 1100 INFO rally.task.runner [-] Task bf58fc48-f61f-491f-8051-4a418f294726 | ITER: 8 END: OK
2019-12-10 06:23:26.030 1099 INFO rally.task.runner [-] Task bf58fc48-f61f-491f-8051-4a418f294726 | ITER: 9 END: OK
2019-12-10 06:23:26.150 1101 INFO rally.task.runner [-] Task bf58fc48-f61f-491f-8051-4a418f294726 | ITER: 10 END: OK
2019-12-10 06:23:26.181 727 INFO rally.task.context [-] Task bf58fc48-f61f-491f-8051-4a418f294726 | Context users@openstack cleanup() started
2019-12-10 06:23:30.502 727 INFO rally.task.context [-] Task bf58fc48-f61f-491f-8051-4a418f294726 | Context users@openstack cleanup() finished in 4.32 sec
2019-12-10 06:23:31.281 727 INFO rally.task.engine [-] Load duration is: 1.708767
2019-12-10 06:23:31.281 727 INFO rally.task.engine [-] Full runner duration is: 2.445107
2019-12-10 06:23:31.282 727 INFO rally.task.engine [-] Full duration is: 9.31896
2019-12-10 06:23:31.877 727 INFO rally.task.engine [-] Running workload: position = 0 config = { "version": 2, "title": "A cropped version of a bigger task.", "description": "Auto-generated task from a single workload (uuid=fe2932c7-e15a-42b7-9385-d68f4de109de)", "subtasks": [ { "title": "GlanceImages.create_image_and_boot_instances", "description": "Create an image and boot several instances from it.", "scenario": { "GlanceImages.create_image_and_boot_instances": { "container_format": "bare", "disk_format": "qcow2", "image_location": "/home/opnfv/functest/images/cirros-0.4.0-x86_64-disk.img", "flavor": { "name": "rally_full-flavor_68cbd2e2-4670-4bbc-9b99-19b3f4b7f2a8" }, "number_instances": 2, "nics": [ { "net-id": "d9d946f1-00aa-4f41-8f9b-e4e8a85d4b17" } ] } }, "contexts": { "users": { "tenants": 3, "users_per_tenant": 2 }, "quotas": { "nova": { "cores": -1, "floating_ips": -1, "instances": -1, "ram": -1, "security_group_rules": -1, "security_groups": -1 } } }, "runner": { "constant": { "concurrency": 4, "times": 10 } }, "hooks": [], "sla": { "failure_rate": { "max": 0 } } } ] }
2019-12-10 06:23:31.903 727 RALLYDEBUG rally_openstack.contexts.keystone.users [-] Creating 3 tenants using 20 threads
2019-12-10 06:23:32.955 727 RALLYDEBUG rally_openstack.contexts.keystone.users [-] Creating 6 users using 20 threads
2019-12-10 06:23:34.563 727 INFO rally.task.context [-] Task bf58fc48-f61f-491f-8051-4a418f294726 | Context users@openstack setup() finished in 2.66 sec
2019-12-10 06:23:35.703 727 INFO rally.task.context [-] Task bf58fc48-f61f-491f-8051-4a418f294726 | Context quotas@openstack setup() finished in 1.14 sec
2019-12-10 06:23:35.703 727 INFO rally.task.context [-] Task bf58fc48-f61f-491f-8051-4a418f294726 | Context cleanup@openstack setup() finished in 0.02 msec
2019-12-10 06:23:36.115 727 RALLYDEBUG rally.task.runner [-] Starting the constant runner (task UUID: bf58fc48-f61f-491f-8051-4a418f294726). times: 10 concurrency: 4 timeout: 0 max_cpu_used: 16 processes_to_start: 4 concurrency_per_worker: 1 concurrency_overhead: 0
2019-12-10 06:23:36.128 1203 RALLYDEBUG rally.task.runner [-] Starting a worker. times: 10 duration: None concurrency: 1 timeout: 0 cls: method_name: run args: {"container_format": "bare", "disk_format": "qcow2", "image_location": "/home/opnfv/functest/images/cirros-0.4.0-x86_64-disk.img", "flavor": "d4a2a61f-8358-470d-8c42-8a75d9292926", "number_instances": 2, "nics": [{"net-id": "d9d946f1-00aa-4f41-8f9b-e4e8a85d4b17"}]}
2019-12-10 06:23:36.131 1204 RALLYDEBUG rally.task.runner [-] Starting a worker. times: 10 duration: None concurrency: 1 timeout: 0 cls: method_name: run args: {"container_format": "bare", "disk_format": "qcow2", "image_location": "/home/opnfv/functest/images/cirros-0.4.0-x86_64-disk.img", "flavor": "d4a2a61f-8358-470d-8c42-8a75d9292926", "number_instances": 2, "nics": [{"net-id": "d9d946f1-00aa-4f41-8f9b-e4e8a85d4b17"}]}
2019-12-10 06:23:36.135 1203 INFO rally.task.runner [-] Task bf58fc48-f61f-491f-8051-4a418f294726 | ITER: 1 START
2019-12-10 06:23:36.135 1205 RALLYDEBUG rally.task.runner [-] Starting a worker. times: 10 duration: None concurrency: 1 timeout: 0 cls: method_name: run args: {"container_format": "bare", "disk_format": "qcow2", "image_location": "/home/opnfv/functest/images/cirros-0.4.0-x86_64-disk.img", "flavor": "d4a2a61f-8358-470d-8c42-8a75d9292926", "number_instances": 2, "nics": [{"net-id": "d9d946f1-00aa-4f41-8f9b-e4e8a85d4b17"}]}
2019-12-10 06:23:36.138 1204 INFO rally.task.runner [-] Task bf58fc48-f61f-491f-8051-4a418f294726 | ITER: 2 START
2019-12-10 06:23:36.139 1207 RALLYDEBUG rally.task.runner [-] Starting a worker. times: 10 duration: None concurrency: 1 timeout: 0 cls: method_name: run args: {"container_format": "bare", "disk_format": "qcow2", "image_location": "/home/opnfv/functest/images/cirros-0.4.0-x86_64-disk.img", "flavor": "d4a2a61f-8358-470d-8c42-8a75d9292926", "number_instances": 2, "nics": [{"net-id": "d9d946f1-00aa-4f41-8f9b-e4e8a85d4b17"}]}
2019-12-10 06:23:36.142 1205 INFO rally.task.runner [-] Task bf58fc48-f61f-491f-8051-4a418f294726 | ITER: 3 START
2019-12-10 06:23:36.145 1207 INFO rally.task.runner [-] Task bf58fc48-f61f-491f-8051-4a418f294726 | ITER: 4 START
2019-12-10 06:23:36.817 1204 WARNING rally_openstack.scenarios.glance.images [-] 'kwargs' is deprecated in Rally v0.8.0: Use 'boot_server_kwargs' for additional parameters when booting servers.
2019-12-10 06:23:36.827 1203 WARNING rally_openstack.scenarios.glance.images [-] 'kwargs' is deprecated in Rally v0.8.0: Use 'boot_server_kwargs' for additional parameters when booting servers.
2019-12-10 06:23:36.829 1205 WARNING rally_openstack.scenarios.glance.images [-] 'kwargs' is deprecated in Rally v0.8.0: Use 'boot_server_kwargs' for additional parameters when booting servers.
2019-12-10 06:23:36.829 1207 WARNING rally_openstack.scenarios.glance.images [-] 'kwargs' is deprecated in Rally v0.8.0: Use 'boot_server_kwargs' for additional parameters when booting servers.
2019-12-10 06:23:39.053 1204 RALLYDEBUG rally.task.utils [-] Waiting for resource 'ecefd920-5934-452f-80eb-ef6b9f5cc182'. Status changed: NONE => QUEUED in 0.03998875617980957
2019-12-10 06:23:39.058 1207 RALLYDEBUG rally.task.utils [-] Waiting for resource '2dacc6a8-8c9d-44ef-abde-c9d448ae853a'. Status changed: NONE => QUEUED in 0.03841447830200195
2019-12-10 06:23:39.060 1203 RALLYDEBUG rally.task.utils [-] Waiting for resource 'ed247bb5-4a69-4db7-af95-d94489c72061'. Status changed: NONE => QUEUED in 0.037931203842163086
2019-12-10 06:23:39.065 1205 RALLYDEBUG rally.task.utils [-] Waiting for resource '1dde2f82-7d3a-46ed-a1e7-8a39210dd071'. Status changed: NONE => QUEUED in 0.03881025314331055
2019-12-10 06:23:39.284 1203 RALLYDEBUG rally.task.utils [-] Waiting for resource s_rally_fe2932c7_8SOrgQYF. Status changed: QUEUED => ACTIVE in 0.01849508285522461
2019-12-10 06:23:39.285 1207 RALLYDEBUG rally.task.utils [-] Waiting for resource s_rally_fe2932c7_QrHwoh2V. Status changed: QUEUED => ACTIVE in 0.018410682678222656
2019-12-10 06:23:39.287 1205 RALLYDEBUG rally.task.utils [-] Waiting for resource s_rally_fe2932c7_2c1O0bfG. Status changed: QUEUED => ACTIVE in 0.016776323318481445
2019-12-10 06:23:39.296 1204 RALLYDEBUG rally.task.utils [-] Waiting for resource s_rally_fe2932c7_ib8qpOzW. Status changed: QUEUED => ACTIVE in 0.022217988967895508
2019-12-10 06:23:46.855 1203 RALLYDEBUG rally.task.utils [-] Waiting for resource s_rally_fe2932c7_FSnQjV2G_1. Status changed: BUILD => ACTIVE in 4.705413818359375
2019-12-10 06:23:48.897 1205 RALLYDEBUG rally.task.utils [-] Waiting for resource s_rally_fe2932c7_utftn74M_1. Status changed: BUILD => ACTIVE in 6.936053514480591
2019-12-10 06:23:49.045 1205 RALLYDEBUG rally.task.utils [-] Waiting for resource s_rally_fe2932c7_utftn74M_0. Status changed: BUILD => ACTIVE in 0.1468656063079834
2019-12-10 06:23:49.045 1205 INFO rally.task.runner [-] Task bf58fc48-f61f-491f-8051-4a418f294726 | ITER: 3 END: OK
2019-12-10 06:23:49.050 1205 INFO rally.task.runner [-] Task bf58fc48-f61f-491f-8051-4a418f294726 | ITER: 5 START
2019-12-10 06:23:49.230 1203 RALLYDEBUG rally.task.utils [-] Waiting for resource s_rally_fe2932c7_FSnQjV2G_0. Status changed: BUILD => ACTIVE in 2.3742151260375977
2019-12-10 06:23:49.231 1203 INFO rally.task.runner [-] Task bf58fc48-f61f-491f-8051-4a418f294726 | ITER: 1 END: OK
2019-12-10 06:23:49.235 1203 INFO rally.task.runner [-] Task bf58fc48-f61f-491f-8051-4a418f294726 | ITER: 6 START
2019-12-10 06:23:49.259 1207 RALLYDEBUG rally.task.utils [-] Waiting for resource s_rally_fe2932c7_zUeMeD46_1. Status changed: BUILD => ACTIVE in 6.8532609939575195
2019-12-10 06:23:49.485 1207 RALLYDEBUG rally.task.utils [-] Waiting for resource s_rally_fe2932c7_zUeMeD46_0. Status changed: BUILD => ACTIVE in 0.22555184364318848
2019-12-10 06:23:49.485 1207 INFO rally.task.runner [-] Task bf58fc48-f61f-491f-8051-4a418f294726 | ITER: 4 END: OK
2019-12-10 06:23:49.490 1207 INFO rally.task.runner [-] Task bf58fc48-f61f-491f-8051-4a418f294726 | ITER: 7 START
2019-12-10 06:23:49.766 1205 WARNING rally_openstack.scenarios.glance.images [-] 'kwargs' is deprecated in Rally v0.8.0: Use 'boot_server_kwargs' for additional parameters when booting servers.
2019-12-10 06:23:49.942 1203 WARNING rally_openstack.scenarios.glance.images [-] 'kwargs' is deprecated in Rally v0.8.0: Use 'boot_server_kwargs' for additional parameters when booting servers.
2019-12-10 06:23:50.108 1207 WARNING rally_openstack.scenarios.glance.images [-] 'kwargs' is deprecated in Rally v0.8.0: Use 'boot_server_kwargs' for additional parameters when booting servers.
2019-12-10 06:23:51.108 1204 RALLYDEBUG rally.task.utils [-] Waiting for resource s_rally_fe2932c7_TCUNhC1Z_1. Status changed: BUILD => ACTIVE in 9.055848360061646
2019-12-10 06:23:51.355 1204 RALLYDEBUG rally.task.utils [-] Waiting for resource s_rally_fe2932c7_TCUNhC1Z_0. Status changed: BUILD => ACTIVE in 0.24665498733520508
2019-12-10 06:23:51.355 1204 INFO rally.task.runner [-] Task bf58fc48-f61f-491f-8051-4a418f294726 | ITER: 2 END: OK
2019-12-10 06:23:51.359 1204 INFO rally.task.runner [-] Task bf58fc48-f61f-491f-8051-4a418f294726 | ITER: 8 START
2019-12-10 06:23:51.946 1205 RALLYDEBUG rally.task.utils [-] Waiting for resource '12b431ca-80fe-496b-8aef-17e5f9d1f1e5'. Status changed: NONE => QUEUED in 0.034780263900756836
2019-12-10 06:23:51.960 1204 WARNING rally_openstack.scenarios.glance.images [-] 'kwargs' is deprecated in Rally v0.8.0: Use 'boot_server_kwargs' for additional parameters when booting servers.
2019-12-10 06:23:52.114 1203 RALLYDEBUG rally.task.utils [-] Waiting for resource '6d6e2584-a294-4c25-a113-3e747140fcad'. Status changed: NONE => QUEUED in 0.02937006950378418
2019-12-10 06:23:52.246 1205 RALLYDEBUG rally.task.utils [-] Waiting for resource s_rally_fe2932c7_WLTFx9nC. Status changed: QUEUED => ACTIVE in 0.018927812576293945
2019-12-10 06:23:52.294 1207 RALLYDEBUG rally.task.utils [-] Waiting for resource '18fa3b73-7b8d-47fe-a46a-f99746095a41'. Status changed: NONE => QUEUED in 0.031186819076538086
2019-12-10 06:23:52.588 1203 RALLYDEBUG rally.task.utils [-] Waiting for resource s_rally_fe2932c7_FDBZz8xu. Status changed: QUEUED => ACTIVE in 0.0199739933013916
2019-12-10 06:23:52.642 1207 RALLYDEBUG rally.task.utils [-] Waiting for resource s_rally_fe2932c7_YNdXTE0w. Status changed: QUEUED => ACTIVE in 0.01805400848388672
2019-12-10 06:23:54.139 1204 RALLYDEBUG rally.task.utils [-] Waiting for resource 'c81d5eda-c311-498e-90c0-a12c9f6b0954'. Status changed: NONE => QUEUED in 0.03132748603820801
2019-12-10 06:23:54.489 1204 RALLYDEBUG rally.task.utils [-] Waiting for resource s_rally_fe2932c7_v9ymy8QY. Status changed: QUEUED => ACTIVE in 0.020084381103515625
2019-12-10 06:24:04.706 1204 RALLYDEBUG rally.task.utils [-] Waiting for resource s_rally_fe2932c7_qHCVK2vk_1. Status changed: BUILD => ACTIVE in 6.682768821716309
2019-12-10 06:24:04.759 1205 RALLYDEBUG rally.task.utils [-] Waiting for resource s_rally_fe2932c7_xosy8YZD_1. Status changed: BUILD => ACTIVE in 9.093421220779419
2019-12-10 06:24:07.064 1204 RALLYDEBUG rally.task.utils [-] Waiting for resource s_rally_fe2932c7_qHCVK2vk_0. Status changed: BUILD => ACTIVE in 2.3570992946624756
2019-12-10 06:24:07.065 1204 INFO rally.task.runner [-] Task bf58fc48-f61f-491f-8051-4a418f294726 | ITER: 8 END: OK
2019-12-10 06:24:07.069 1204 INFO rally.task.runner [-] Task bf58fc48-f61f-491f-8051-4a418f294726 | ITER: 9 START
2019-12-10 06:24:07.178 1205 RALLYDEBUG rally.task.utils [-] Waiting for resource s_rally_fe2932c7_xosy8YZD_0. Status changed: BUILD => ACTIVE in 2.4173367023468018
2019-12-10 06:24:07.179 1205 INFO rally.task.runner [-] Task bf58fc48-f61f-491f-8051-4a418f294726 | ITER: 5 END: OK
2019-12-10 06:24:07.186 1205 INFO rally.task.runner [-] Task bf58fc48-f61f-491f-8051-4a418f294726 | ITER: 10 START
2019-12-10 06:24:07.236 1207 RALLYDEBUG rally.task.utils [-] Waiting for resource s_rally_fe2932c7_D9GPIwHE_1. Status changed: BUILD => ACTIVE in 11.436331748962402
2019-12-10 06:24:07.435 1207 RALLYDEBUG rally.task.utils [-] Waiting for resource s_rally_fe2932c7_D9GPIwHE_0. Status changed: BUILD => ACTIVE in 0.19706392288208008
2019-12-10 06:24:07.436 1207 INFO rally.task.runner [-] Task bf58fc48-f61f-491f-8051-4a418f294726 | ITER: 7 END: OK
2019-12-10 06:24:07.674 1204 WARNING rally_openstack.scenarios.glance.images [-] 'kwargs' is deprecated in Rally v0.8.0: Use 'boot_server_kwargs' for additional parameters when booting servers.
2019-12-10 06:24:07.793 1205 WARNING rally_openstack.scenarios.glance.images [-] 'kwargs' is deprecated in Rally v0.8.0: Use 'boot_server_kwargs' for additional parameters when booting servers.
2019-12-10 06:24:08.184 1203 RALLYDEBUG rally.task.utils [-] Waiting for resource s_rally_fe2932c7_QhdKvDHR_1. Status changed: BUILD => ACTIVE in 13.256841897964478
2019-12-10 06:24:08.373 1203 RALLYDEBUG rally.task.utils [-] Waiting for resource s_rally_fe2932c7_QhdKvDHR_0. Status changed: BUILD => ACTIVE in 0.18666887283325195
2019-12-10 06:24:08.374 1203 INFO rally.task.runner [-] Task bf58fc48-f61f-491f-8051-4a418f294726 | ITER: 6 END: OK
2019-12-10 06:24:09.856 1204 RALLYDEBUG rally.task.utils [-] Waiting for resource 'c811cc64-10c6-48f0-98f4-89f6162128b4'. Status changed: NONE => QUEUED in 0.036623477935791016
2019-12-10 06:24:10.062 1205 RALLYDEBUG rally.task.utils [-] Waiting for resource 'ccc8fe68-5ac8-43ba-8178-077e2c5c80ad'. Status changed: NONE => QUEUED in 0.036835432052612305
2019-12-10 06:24:10.484 1205 RALLYDEBUG rally.task.utils [-] Waiting for resource s_rally_fe2932c7_tlrhiK2U. Status changed: QUEUED => ACTIVE in 0.020322561264038086
2019-12-10 06:24:10.513 1204 RALLYDEBUG rally.task.utils [-] Waiting for resource s_rally_fe2932c7_uKBI0ePi. Status changed: QUEUED => ACTIVE in 0.019148826599121094
2019-12-10 06:24:21.977 1204 RALLYDEBUG rally.task.utils [-] Waiting for resource s_rally_fe2932c7_gUUBgJRA_1. Status changed: BUILD => ACTIVE in 8.861951351165771
2019-12-10 06:24:24.140 1205 RALLYDEBUG rally.task.utils [-] Waiting for resource s_rally_fe2932c7_convhFw8_1. Status changed: BUILD => ACTIVE in 11.082964420318604
2019-12-10 06:24:24.277 1204 RALLYDEBUG rally.task.utils [-] Waiting for resource s_rally_fe2932c7_gUUBgJRA_0. Status changed: BUILD => ACTIVE in 2.2994723320007324
2019-12-10 06:24:24.277 1204 INFO rally.task.runner [-] Task bf58fc48-f61f-491f-8051-4a418f294726 | ITER: 9 END: OK
2019-12-10 06:24:26.614 1205 RALLYDEBUG rally.task.utils [-] Waiting for resource s_rally_fe2932c7_convhFw8_0. Status changed: BUILD => ACTIVE in 2.472581148147583
2019-12-10 06:24:26.615 1205 INFO rally.task.runner [-] Task bf58fc48-f61f-491f-8051-4a418f294726 | ITER: 10 END: OK
2019-12-10 06:24:26.646 727 INFO rally.task.context [-] Task bf58fc48-f61f-491f-8051-4a418f294726 | Context cleanup@openstack cleanup() started
2019-12-10 06:24:26.650 727 RALLYDEBUG rally_openstack.cleanup.manager [-] Cleaning up nova servers objects
2019-12-10 06:24:29.064 727 RALLYDEBUG rally_openstack.cleanup.manager [-] Deleting nova.servers object s_rally_fe2932c7_qHCVK2vk_1 (f2979136-1b93-43f9-9a94-44609dc5d2c2)
2019-12-10 06:24:29.069 727 RALLYDEBUG rally_openstack.cleanup.manager [-] Deleting nova.servers object s_rally_fe2932c7_qHCVK2vk_0 (200c7838-8216-4a5d-ab42-b523e4b94cbe)
2019-12-10 06:24:29.083 727 RALLYDEBUG rally_openstack.cleanup.manager [-] Deleting nova.servers object s_rally_fe2932c7_zUeMeD46_1 (9cf9fa8e-0ce0-40d6-8c9e-ffadfbdda037)
2019-12-10 06:24:29.092 727 RALLYDEBUG rally_openstack.cleanup.manager [-] Deleting nova.servers object s_rally_fe2932c7_FSnQjV2G_0 (0a27531e-13f2-4f67-b912-b85668de4893)
2019-12-10 06:24:29.097 727 RALLYDEBUG rally_openstack.cleanup.manager [-] Deleting nova.servers object s_rally_fe2932c7_TCUNhC1Z_1 (310fe43f-9561-49b0-9334-9a8ba46927ca)
2019-12-10 06:24:29.115 727 RALLYDEBUG rally_openstack.cleanup.manager [-] Deleting nova.servers object s_rally_fe2932c7_TCUNhC1Z_0 (602b1211-1da1-4422-b163-90dd62253873)
2019-12-10 06:24:29.127 727 RALLYDEBUG rally_openstack.cleanup.manager [-] Deleting nova.servers object s_rally_fe2932c7_FSnQjV2G_1 (699a085c-0280-4e41-94c4-99c2a849d8ff)
2019-12-10 06:24:29.137 727 RALLYDEBUG rally_openstack.cleanup.manager [-] Deleting nova.servers object s_rally_fe2932c7_zUeMeD46_0 (b638a571-d704-4f96-b73d-ad9540dc1ea7)
2019-12-10 06:24:29.148 727 RALLYDEBUG rally_openstack.cleanup.manager [-] Deleting nova.servers object s_rally_fe2932c7_gUUBgJRA_0 (6a60594a-cdc2-4a06-b83f-3b9177f18eec)
2019-12-10 06:24:29.166 727 RALLYDEBUG rally_openstack.cleanup.manager [-] Deleting nova.servers object s_rally_fe2932c7_gUUBgJRA_1 (919dee92-f976-4cf8-961f-bbd37eca32e8)
2019-12-10 06:24:29.180 727 RALLYDEBUG rally_openstack.cleanup.manager [-] Deleting nova.servers object s_rally_fe2932c7_D9GPIwHE_1 (922b4e20-e4d5-4333-9a4f-c1f5a9f898fc)
2019-12-10 06:24:29.206 727 RALLYDEBUG rally_openstack.cleanup.manager [-] Deleting nova.servers object s_rally_fe2932c7_QhdKvDHR_0 (68a99334-603c-48ac-b137-e21f7c165b77)
2019-12-10 06:24:29.224 727 RALLYDEBUG rally_openstack.cleanup.manager [-] Deleting nova.servers object s_rally_fe2932c7_QhdKvDHR_1 (d6d99bae-e493-4850-8ac1-1cb794b53a6e)
2019-12-10 06:24:29.229 727 RALLYDEBUG rally_openstack.cleanup.manager [-] Deleting nova.servers object s_rally_fe2932c7_D9GPIwHE_0 (ee50e70f-7d63-469e-b5f2-a67d27824eef)
2019-12-10 06:24:29.240 727 RALLYDEBUG rally_openstack.cleanup.manager [-] Deleting nova.servers object s_rally_fe2932c7_convhFw8_0 (62336290-544e-4081-bbb1-5b9d108bc6c9)
2019-12-10 06:24:29.247 727 RALLYDEBUG rally_openstack.cleanup.manager [-] Deleting nova.servers object s_rally_fe2932c7_convhFw8_1 (d5c6fa5d-3d0b-4ed7-8981-8cae95a3b402)
2019-12-10 06:24:29.261 727 RALLYDEBUG rally_openstack.cleanup.manager [-] Deleting nova.servers object s_rally_fe2932c7_xosy8YZD_1 (67c4e1d4-0e3e-468a-82d2-b7d3cfc4baa3)
2019-12-10 06:24:29.268 727 RALLYDEBUG rally_openstack.cleanup.manager [-] Deleting nova.servers object s_rally_fe2932c7_xosy8YZD_0 (eaacc99d-7359-4740-b6a9-d2f5d5167414)
2019-12-10 06:24:29.273 727 RALLYDEBUG rally_openstack.cleanup.manager [-] Deleting nova.servers object s_rally_fe2932c7_utftn74M_0 (b2c42a4e-a4ac-41c1-a3dc-e57c706d9ee0)
2019-12-10 06:24:29.295 727 RALLYDEBUG rally_openstack.cleanup.manager [-] Deleting nova.servers object s_rally_fe2932c7_utftn74M_1 (d962cec7-c33e-4a41-8968-738c2792c5e1)
2019-12-10 06:24:38.870 727 RALLYDEBUG rally_openstack.cleanup.manager [-] Cleaning up nova server_groups objects
2019-12-10 06:24:40.025 727 RALLYDEBUG rally_openstack.cleanup.manager [-] Cleaning up nova keypairs objects
2019-12-10 06:24:42.353 727 RALLYDEBUG rally_openstack.cleanup.manager [-] Cleaning up glance images objects
2019-12-10 06:24:43.708 727 RALLYDEBUG rally_openstack.cleanup.manager [-] Deleting glance.images object s_rally_fe2932c7_v9ymy8QY (c81d5eda-c311-498e-90c0-a12c9f6b0954)
2019-12-10 06:24:43.718 727 RALLYDEBUG rally_openstack.cleanup.manager [-] Deleting glance.images object s_rally_fe2932c7_8SOrgQYF (ed247bb5-4a69-4db7-af95-d94489c72061)
2019-12-10 06:24:43.727 727 RALLYDEBUG rally_openstack.cleanup.manager [-] Deleting glance.images object s_rally_fe2932c7_ib8qpOzW (ecefd920-5934-452f-80eb-ef6b9f5cc182)
2019-12-10 06:24:43.736 727 RALLYDEBUG rally_openstack.cleanup.manager [-] Deleting glance.images object s_rally_fe2932c7_QrHwoh2V (2dacc6a8-8c9d-44ef-abde-c9d448ae853a)
2019-12-10 06:24:43.746 727 RALLYDEBUG rally_openstack.cleanup.manager [-] Deleting glance.images object s_rally_fe2932c7_uKBI0ePi (c811cc64-10c6-48f0-98f4-89f6162128b4)
2019-12-10 06:24:43.755 727 RALLYDEBUG rally_openstack.cleanup.manager [-] Deleting glance.images object s_rally_fe2932c7_FDBZz8xu (6d6e2584-a294-4c25-a113-3e747140fcad)
2019-12-10 06:24:43.775 727 RALLYDEBUG rally_openstack.cleanup.manager [-] Deleting glance.images object s_rally_fe2932c7_YNdXTE0w (18fa3b73-7b8d-47fe-a46a-f99746095a41)
2019-12-10 06:24:43.784 727 RALLYDEBUG rally_openstack.cleanup.manager [-] Deleting glance.images object s_rally_fe2932c7_tlrhiK2U (ccc8fe68-5ac8-43ba-8178-077e2c5c80ad)
2019-12-10 06:24:43.797 727 RALLYDEBUG rally_openstack.cleanup.manager [-] Deleting glance.images object s_rally_fe2932c7_WLTFx9nC (12b431ca-80fe-496b-8aef-17e5f9d1f1e5)
2019-12-10 06:24:43.819 727 RALLYDEBUG rally_openstack.cleanup.manager [-] Deleting glance.images object s_rally_fe2932c7_2c1O0bfG (1dde2f82-7d3a-46ed-a1e7-8a39210dd071)
2019-12-10 06:24:44.222 727 DEBUG glanceclient.common.http [-] Request returned failure status 404. _handle_response /usr/lib/python3.6/site-packages/glanceclient/common/http.py:125
2019-12-10 06:24:44.223 727 DEBUG glanceclient.common.http [-] Request returned failure status 404. _handle_response /usr/lib/python3.6/site-packages/glanceclient/common/http.py:125
2019-12-10 06:24:44.245 727 DEBUG glanceclient.common.http [-] Request returned failure status 404. _handle_response /usr/lib/python3.6/site-packages/glanceclient/common/http.py:125
2019-12-10 06:24:44.246 727 DEBUG glanceclient.common.http [-] Request returned failure status 404. _handle_response /usr/lib/python3.6/site-packages/glanceclient/common/http.py:125
2019-12-10 06:24:44.304 727 DEBUG glanceclient.common.http [-] Request returned failure status 404. _handle_response /usr/lib/python3.6/site-packages/glanceclient/common/http.py:125
2019-12-10 06:24:44.312 727 DEBUG glanceclient.common.http [-] Request returned failure status 404. _handle_response /usr/lib/python3.6/site-packages/glanceclient/common/http.py:125
2019-12-10 06:24:44.332 727 DEBUG glanceclient.common.http [-] Request returned failure status 404. _handle_response /usr/lib/python3.6/site-packages/glanceclient/common/http.py:125
2019-12-10 06:24:44.353 727 DEBUG glanceclient.common.http [-] Request returned failure status 404. _handle_response /usr/lib/python3.6/site-packages/glanceclient/common/http.py:125
2019-12-10 06:24:44.357 727 DEBUG glanceclient.common.http [-] Request returned failure status 404. _handle_response /usr/lib/python3.6/site-packages/glanceclient/common/http.py:125
2019-12-10 06:24:44.363 727 DEBUG glanceclient.common.http [-] Request returned failure status 404. _handle_response /usr/lib/python3.6/site-packages/glanceclient/common/http.py:125
2019-12-10 06:24:44.364 727 DEBUG glanceclient.common.http [-] Request returned failure status 404. _handle_response /usr/lib/python3.6/site-packages/glanceclient/common/http.py:125
2019-12-10 06:24:44.366 727 DEBUG glanceclient.common.http [-] Request returned failure status 404. _handle_response /usr/lib/python3.6/site-packages/glanceclient/common/http.py:125
2019-12-10 06:24:44.367 727 DEBUG glanceclient.common.http [-] Request returned failure status 404. _handle_response /usr/lib/python3.6/site-packages/glanceclient/common/http.py:125
2019-12-10 06:24:44.368 727 DEBUG glanceclient.common.http [-] Request returned failure status 404. _handle_response /usr/lib/python3.6/site-packages/glanceclient/common/http.py:125
2019-12-10 06:24:44.372 727 DEBUG glanceclient.common.http [-] Request returned failure status 404. _handle_response /usr/lib/python3.6/site-packages/glanceclient/common/http.py:125
2019-12-10 06:24:44.384 727 DEBUG glanceclient.common.http [-] Request returned failure status 404. _handle_response /usr/lib/python3.6/site-packages/glanceclient/common/http.py:125
2019-12-10 06:24:44.389 727 DEBUG glanceclient.common.http [-] Request returned failure status 404. _handle_response /usr/lib/python3.6/site-packages/glanceclient/common/http.py:125
2019-12-10 06:24:44.396 727 DEBUG glanceclient.common.http [-] Request returned failure status 404. _handle_response /usr/lib/python3.6/site-packages/glanceclient/common/http.py:125
2019-12-10 06:24:44.398 727 DEBUG glanceclient.common.http [-] Request returned failure status 404. _handle_response /usr/lib/python3.6/site-packages/glanceclient/common/http.py:125
2019-12-10 06:24:44.399 727 DEBUG glanceclient.common.http [-] Request returned failure status 404. _handle_response /usr/lib/python3.6/site-packages/glanceclient/common/http.py:125
2019-12-10 06:24:45.403 727 INFO rally.task.context [-] Task bf58fc48-f61f-491f-8051-4a418f294726 | Context cleanup@openstack cleanup() finished in 18.76 sec
2019-12-10 06:24:45.404 727 INFO rally.task.context [-] Task bf58fc48-f61f-491f-8051-4a418f294726 | Context quotas@openstack cleanup() started
2019-12-10 06:24:45.471 727 INFO rally.task.context [-] Task bf58fc48-f61f-491f-8051-4a418f294726 | Context quotas@openstack cleanup() finished in 67.53 msec
2019-12-10 06:24:45.472 727 INFO rally.task.context [-] Task bf58fc48-f61f-491f-8051-4a418f294726 | Context users@openstack cleanup() started
2019-12-10 06:24:49.676 727 INFO rally.task.context [-] Task bf58fc48-f61f-491f-8051-4a418f294726 | Context users@openstack cleanup() finished in 4.20 sec
2019-12-10 06:24:50.256 727 INFO rally.task.engine [-] Load duration is: 48.798212
2019-12-10 06:24:50.257 727 INFO rally.task.engine [-] Full runner duration is: 50.531423
2019-12-10 06:24:50.257 727 INFO rally.task.engine [-] Full duration is: 77.775182
2019-12-10 06:24:50.882 727 INFO rally.task.engine [-] Running workload: position = 0 config = { "version": 2, "title": "A cropped version of a bigger task.", "description": "Auto-generated task from a single workload (uuid=40967487-438b-4422-93b4-a48994a4b6d0)", "subtasks": [ { "title": "GlanceImages.create_and_deactivate_image", "description": "Create an image, then deactivate it.", "scenario": { "GlanceImages.create_and_deactivate_image": { "container_format": "bare", "disk_format": "qcow2", "image_location": "/home/opnfv/functest/images/cirros-0.4.0-x86_64-disk.img" } }, "contexts": { "users": { "tenants": 3, "users_per_tenant": 2 } }, "runner": { "constant": { "concurrency": 4, "times": 10 } }, "hooks": [], "sla": { "failure_rate": { "max": 0 } } } ] }
2019-12-10 06:24:50.908 727 RALLYDEBUG rally_openstack.contexts.keystone.users [-] Creating 3 tenants using 20 threads
2019-12-10 06:24:51.966 727 RALLYDEBUG rally_openstack.contexts.keystone.users [-] Creating 6 users using 20 threads
2019-12-10 06:24:53.669 727 INFO rally.task.context [-] Task bf58fc48-f61f-491f-8051-4a418f294726 | Context users@openstack setup() finished in 2.76 sec
2019-12-10 06:24:53.670 727 INFO rally.task.context [-] Task bf58fc48-f61f-491f-8051-4a418f294726 | Context cleanup@openstack setup() finished in 0.01 msec
2019-12-10 06:24:53.680 727 RALLYDEBUG rally.task.runner [-] Starting the constant runner (task UUID: bf58fc48-f61f-491f-8051-4a418f294726). times: 10 concurrency: 4 timeout: 0 max_cpu_used: 16 processes_to_start: 4 concurrency_per_worker: 1 concurrency_overhead: 0
2019-12-10 06:24:53.692 1387 RALLYDEBUG rally.task.runner [-] Starting a worker. times: 10 duration: None concurrency: 1 timeout: 0 cls: method_name: run args: {"container_format": "bare", "disk_format": "qcow2", "image_location": "/home/opnfv/functest/images/cirros-0.4.0-x86_64-disk.img"}
2019-12-10 06:24:53.695 1388 RALLYDEBUG rally.task.runner [-] Starting a worker. times: 10 duration: None concurrency: 1 timeout: 0 cls: method_name: run args: {"container_format": "bare", "disk_format": "qcow2", "image_location": "/home/opnfv/functest/images/cirros-0.4.0-x86_64-disk.img"}
2019-12-10 06:24:53.699 1387 INFO rally.task.runner [-] Task bf58fc48-f61f-491f-8051-4a418f294726 | ITER: 1 START
2019-12-10 06:24:53.699 1389 RALLYDEBUG rally.task.runner [-] Starting a worker. times: 10 duration: None concurrency: 1 timeout: 0 cls: method_name: run args: {"container_format": "bare", "disk_format": "qcow2", "image_location": "/home/opnfv/functest/images/cirros-0.4.0-x86_64-disk.img"}
2019-12-10 06:24:53.702 1388 INFO rally.task.runner [-] Task bf58fc48-f61f-491f-8051-4a418f294726 | ITER: 2 START
2019-12-10 06:24:53.703 1391 RALLYDEBUG rally.task.runner [-] Starting a worker. times: 10 duration: None concurrency: 1 timeout: 0 cls: method_name: run args: {"container_format": "bare", "disk_format": "qcow2", "image_location": "/home/opnfv/functest/images/cirros-0.4.0-x86_64-disk.img"}
2019-12-10 06:24:53.706 1389 INFO rally.task.runner [-] Task bf58fc48-f61f-491f-8051-4a418f294726 | ITER: 3 START
2019-12-10 06:24:53.709 1391 INFO rally.task.runner [-] Task bf58fc48-f61f-491f-8051-4a418f294726 | ITER: 4 START
2019-12-10 06:24:56.677 1389 RALLYDEBUG rally.task.utils [-] Waiting for resource 'f04d4229-ed3a-449d-8b67-0e9c06b40362'. Status changed: NONE => QUEUED in 0.04084372520446777
2019-12-10 06:24:56.687 1388 RALLYDEBUG rally.task.utils [-] Waiting for resource 'bcbf75d2-3ed5-4ce1-b04b-b5e1c552dd5e'. Status changed: NONE => QUEUED in 0.04208493232727051
2019-12-10 06:24:56.701 1391 RALLYDEBUG rally.task.utils [-] Waiting for resource '15cd6967-fc1b-4b77-912d-5fb8fbe44e52'. Status changed: NONE => QUEUED in 0.044150352478027344
2019-12-10 06:24:56.719 1387 RALLYDEBUG rally.task.utils [-] Waiting for resource 'b5af7254-0958-4049-827d-01ce2cd3208b'. Status changed: NONE => QUEUED in 0.04390692710876465
2019-12-10 06:24:56.966 1389 RALLYDEBUG rally.task.utils [-] Waiting for resource s_rally_40967487_uoqt2IMo. Status changed: QUEUED => ACTIVE in 0.02073192596435547
2019-12-10 06:24:56.985 1388 RALLYDEBUG rally.task.utils [-] Waiting for resource s_rally_40967487_dOileEhk. Status changed: QUEUED => ACTIVE in 0.01761627197265625
2019-12-10 06:24:56.986 1387 RALLYDEBUG rally.task.utils [-] Waiting for resource s_rally_40967487_wgs63iY7. Status changed: QUEUED => ACTIVE in 0.019097566604614258
2019-12-10 06:24:56.997 1391 RALLYDEBUG rally.task.utils [-] Waiting for resource s_rally_40967487_zC3pe5nh. Status changed: QUEUED => ACTIVE in 0.02908468246459961
2019-12-10 06:24:57.044 1387 INFO rally.task.runner [-] Task bf58fc48-f61f-491f-8051-4a418f294726 | ITER: 1 END: OK
2019-12-10 06:24:57.049 1387 INFO rally.task.runner [-] Task bf58fc48-f61f-491f-8051-4a418f294726 | ITER: 5 START
2019-12-10 06:24:57.099 1388 INFO rally.task.runner [-] Task bf58fc48-f61f-491f-8051-4a418f294726 | ITER: 2 END: OK
2019-12-10 06:24:57.103 1388 INFO rally.task.runner [-] Task bf58fc48-f61f-491f-8051-4a418f294726 | ITER: 6 START
2019-12-10 06:24:57.104 1391 INFO rally.task.runner [-] Task bf58fc48-f61f-491f-8051-4a418f294726 | ITER: 4 END: OK
2019-12-10 06:24:57.105 1389 INFO rally.task.runner [-] Task bf58fc48-f61f-491f-8051-4a418f294726 | ITER: 3 END: OK
2019-12-10 06:24:57.110 1389 INFO rally.task.runner [-] Task bf58fc48-f61f-491f-8051-4a418f294726 | ITER: 8 START
2019-12-10 06:24:57.110 1391 INFO rally.task.runner [-] Task bf58fc48-f61f-491f-8051-4a418f294726 | ITER: 7 START
2019-12-10 06:24:59.843 1387 RALLYDEBUG rally.task.utils [-] Waiting for resource '47ec3667-9d9e-42b9-9332-44ae05d085a3'. Status changed: NONE => QUEUED in 0.04102039337158203
2019-12-10 06:24:59.869 1388 RALLYDEBUG rally.task.utils [-] Waiting for resource '8022752b-6ad7-4949-baa4-fb2cb25783b1'. Status changed: NONE => QUEUED in 0.03659391403198242
2019-12-10 06:24:59.871 1389 RALLYDEBUG rally.task.utils [-] Waiting for resource '884bbdfa-f535-4d4d-91b7-beb86d5b715a'. Status changed: NONE => QUEUED in 0.03705286979675293
2019-12-10 06:24:59.885 1391 RALLYDEBUG rally.task.utils [-] Waiting for resource '1d8152d6-8486-4f87-878a-0a8851377af0'. Status changed: NONE => QUEUED in 0.04218602180480957
2019-12-10 06:25:00.073 1388 RALLYDEBUG rally.task.utils [-] Waiting for resource s_rally_40967487_X6Rc9CmJ. Status changed: QUEUED => ACTIVE in 0.016301393508911133
2019-12-10 06:25:00.074 1389 RALLYDEBUG rally.task.utils [-] Waiting for resource s_rally_40967487_nQy2MSoe. Status changed: QUEUED => ACTIVE in 0.02289605140686035
2019-12-10 06:25:00.087 1387 RALLYDEBUG rally.task.utils [-] Waiting for resource s_rally_40967487_CgVOFmxK. Status changed: QUEUED => ACTIVE in 0.022210359573364258
