2019-12-10 07:06:02.490 13785 INFO rally.task.engine [-] Running workload: position = 0 config = { "version": 2, "title": "A cropped version of a bigger task.", "description": "Auto-generated task from a single workload (uuid=51295e26-0ac3-4258-9c63-ad946ecd7afe)", "subtasks": [ { "title": "NeutronNetworks.create_and_delete_routers", "description": "Create and delete a given number of routers.", "scenario": { "NeutronNetworks.create_and_delete_routers": { "network_create_args": {}, "router_create_args": {}, "subnet_cidr_start": "1.1.0.0/30", "subnet_create_args": {}, "subnets_per_network": 1 } }, "contexts": { "users": { "tenants": 3, "users_per_tenant": 2 }, "quotas": { "neutron": { "network": -1, "subnet": -1, "port": -1, "router": -1 } } }, "runner": { "constant": { "concurrency": 4, "times": 10 } }, "hooks": [], "sla": { "failure_rate": { "max": 0 } } } ] }
2019-12-10 07:06:02.520 13785 RALLYDEBUG rally_openstack.contexts.keystone.users [-] Creating 3 tenants using 20 threads
2019-12-10 07:06:03.472 13785 RALLYDEBUG rally_openstack.contexts.keystone.users [-] Creating 6 users using 20 threads
2019-12-10 07:06:05.063 13785 INFO rally.task.context [-] Task a77ceca8-c64d-42ab-9ece-bcdbe7932983 | Context users@openstack setup() finished in 2.54 sec
2019-12-10 07:06:06.121 13785 INFO rally.task.context [-] Task a77ceca8-c64d-42ab-9ece-bcdbe7932983 | Context quotas@openstack setup() finished in 1.06 sec
2019-12-10 07:06:06.122 13785 INFO rally.task.context [-] Task a77ceca8-c64d-42ab-9ece-bcdbe7932983 | Context cleanup@openstack setup() finished in 0.02 msec
2019-12-10 07:06:06.132 13785 RALLYDEBUG rally.task.runner [-] Starting the constant runner (task UUID: a77ceca8-c64d-42ab-9ece-bcdbe7932983). times: 10 concurrency: 4 timeout: 0 max_cpu_used: 16 processes_to_start: 4 concurrency_per_worker: 1 concurrency_overhead: 0
2019-12-10 07:06:06.143 15853 RALLYDEBUG rally.task.runner [-] Starting a worker. times: 10 duration: None concurrency: 1 timeout: 0 cls: method_name: run args: {"network_create_args": {}, "router_create_args": {}, "subnet_cidr_start": "1.1.0.0/30", "subnet_create_args": {}, "subnets_per_network": 1}
2019-12-10 07:06:06.147 15854 RALLYDEBUG rally.task.runner [-] Starting a worker. times: 10 duration: None concurrency: 1 timeout: 0 cls: method_name: run args: {"network_create_args": {}, "router_create_args": {}, "subnet_cidr_start": "1.1.0.0/30", "subnet_create_args": {}, "subnets_per_network": 1}
2019-12-10 07:06:06.150 15853 INFO rally.task.runner [-] Task a77ceca8-c64d-42ab-9ece-bcdbe7932983 | ITER: 1 START
2019-12-10 07:06:06.150 15855 RALLYDEBUG rally.task.runner [-] Starting a worker. times: 10 duration: None concurrency: 1 timeout: 0 cls: method_name: run args: {"network_create_args": {}, "router_create_args": {}, "subnet_cidr_start": "1.1.0.0/30", "subnet_create_args": {}, "subnets_per_network": 1}
2019-12-10 07:06:06.153 15854 INFO rally.task.runner [-] Task a77ceca8-c64d-42ab-9ece-bcdbe7932983 | ITER: 2 START
2019-12-10 07:06:06.154 15857 RALLYDEBUG rally.task.runner [-] Starting a worker. times: 10 duration: None concurrency: 1 timeout: 0 cls: method_name: run args: {"network_create_args": {}, "router_create_args": {}, "subnet_cidr_start": "1.1.0.0/30", "subnet_create_args": {}, "subnets_per_network": 1}
2019-12-10 07:06:06.157 15855 INFO rally.task.runner [-] Task a77ceca8-c64d-42ab-9ece-bcdbe7932983 | ITER: 3 START
2019-12-10 07:06:06.161 15857 INFO rally.task.runner [-] Task a77ceca8-c64d-42ab-9ece-bcdbe7932983 | ITER: 4 START
2019-12-10 07:06:06.839 15853 RALLYDEBUG rally_openstack.wrappers.network [-] CIDR generated: 1.1.0.104/30
2019-12-10 07:06:06.840 15857 RALLYDEBUG rally_openstack.wrappers.network [-] CIDR generated: 1.1.0.108/30
2019-12-10 07:06:06.863 15855 RALLYDEBUG rally_openstack.wrappers.network [-] CIDR generated: 1.1.0.112/30
2019-12-10 07:06:07.485 15854 RALLYDEBUG rally_openstack.wrappers.network [-] CIDR generated: 1.1.0.116/30
2019-12-10 07:06:12.395 15855 INFO rally.task.runner [-] Task a77ceca8-c64d-42ab-9ece-bcdbe7932983 | ITER: 3 END: OK
2019-12-10 07:06:12.400 15855 INFO rally.task.runner [-] Task a77ceca8-c64d-42ab-9ece-bcdbe7932983 | ITER: 5 START
2019-12-10 07:06:12.496 15857 INFO rally.task.runner [-] Task a77ceca8-c64d-42ab-9ece-bcdbe7932983 | ITER: 4 END: OK
2019-12-10 07:06:12.501 15857 INFO rally.task.runner [-] Task a77ceca8-c64d-42ab-9ece-bcdbe7932983 | ITER: 6 START
2019-12-10 07:06:12.639 15853 INFO rally.task.runner [-] Task a77ceca8-c64d-42ab-9ece-bcdbe7932983 | ITER: 1 END: OK
2019-12-10 07:06:12.644 15853 INFO rally.task.runner [-] Task a77ceca8-c64d-42ab-9ece-bcdbe7932983 | ITER: 7 START
2019-12-10 07:06:12.926 15855 RALLYDEBUG rally_openstack.wrappers.network [-] CIDR generated: 1.1.0.120/30
2019-12-10 07:06:13.045 15857 RALLYDEBUG rally_openstack.wrappers.network [-] CIDR generated: 1.1.0.124/30
2019-12-10 07:06:13.235 15853 RALLYDEBUG rally_openstack.wrappers.network [-] CIDR generated: 1.1.0.128/30
2019-12-10 07:06:13.253 15854 INFO rally.task.runner [-] Task a77ceca8-c64d-42ab-9ece-bcdbe7932983 | ITER: 2 END: OK
2019-12-10 07:06:13.257 15854 INFO rally.task.runner [-] Task a77ceca8-c64d-42ab-9ece-bcdbe7932983 | ITER: 8 START
2019-12-10 07:06:13.736 15854 RALLYDEBUG rally_openstack.wrappers.network [-] CIDR generated: 1.1.0.132/30
2019-12-10 07:06:18.231 15857 INFO rally.task.runner [-] Task a77ceca8-c64d-42ab-9ece-bcdbe7932983 | ITER: 6 END: OK
2019-12-10 07:06:18.235 15857 INFO rally.task.runner [-] Task a77ceca8-c64d-42ab-9ece-bcdbe7932983 | ITER: 9 START
2019-12-10 07:06:18.726 15857 RALLYDEBUG rally_openstack.wrappers.network [-] CIDR generated: 1.1.0.136/30
2019-12-10 07:06:18.938 15855 INFO rally.task.runner [-] Task a77ceca8-c64d-42ab-9ece-bcdbe7932983 | ITER: 5 END: OK
2019-12-10 07:06:18.942 15855 INFO rally.task.runner [-] Task a77ceca8-c64d-42ab-9ece-bcdbe7932983 | ITER: 10 START
2019-12-10 07:06:19.307 15853 INFO rally.task.runner [-] Task a77ceca8-c64d-42ab-9ece-bcdbe7932983 | ITER: 7 END: OK
2019-12-10 07:06:19.421 15854 INFO rally.task.runner [-] Task a77ceca8-c64d-42ab-9ece-bcdbe7932983 | ITER: 8 END: OK
2019-12-10 07:06:19.523 15855 RALLYDEBUG rally_openstack.wrappers.network [-] CIDR generated: 1.1.0.140/30
2019-12-10 07:06:24.517 15855 INFO rally.task.runner [-] Task a77ceca8-c64d-42ab-9ece-bcdbe7932983 | ITER: 10 END: OK
2019-12-10 07:06:24.526 15857 INFO rally.task.runner [-] Task a77ceca8-c64d-42ab-9ece-bcdbe7932983 | ITER: 9 END: OK
2019-12-10 07:06:24.551 13785 INFO rally.task.context [-] Task a77ceca8-c64d-42ab-9ece-bcdbe7932983 | Context cleanup@openstack cleanup() started
2019-12-10 07:06:24.555 13785 RALLYDEBUG rally_openstack.cleanup.manager [-] Cleaning up neutron vip objects
2019-12-10 07:06:25.694 13785 RALLYDEBUG rally_openstack.cleanup.manager [-] Cleaning up neutron health_monitor objects
2019-12-10 07:06:26.840 13785 RALLYDEBUG rally_openstack.cleanup.manager [-] Cleaning up neutron pool objects
2019-12-10 07:06:27.963 13785 RALLYDEBUG rally_openstack.cleanup.manager [-] Cleaning up neutron loadbalancer objects
2019-12-10 07:06:29.121 13785 RALLYDEBUG rally_openstack.cleanup.manager [-] Cleaning up neutron floatingip objects
2019-12-10 07:06:30.413 13785 RALLYDEBUG rally_openstack.cleanup.manager [-] Cleaning up neutron trunk objects
2019-12-10 07:06:31.597 13785 RALLYDEBUG rally_openstack.cleanup.manager [-] Cleaning up neutron port objects
2019-12-10 07:06:33.014 13785 RALLYDEBUG rally_openstack.cleanup.manager [-] Cleaning up neutron subnet objects
2019-12-10 07:06:34.350 13785 RALLYDEBUG rally_openstack.cleanup.manager [-] Deleting neutron.subnet object s_rally_51295e26_5h4pUVVH (ab819bec-898c-4055-ac20-010e15cc645a)
2019-12-10 07:06:34.360 13785 RALLYDEBUG rally_openstack.cleanup.manager [-] Deleting neutron.subnet object s_rally_51295e26_1vY5QodZ (b1583563-3441-441a-b5c1-bd84da93f18b)
2019-12-10 07:06:34.364 13785 RALLYDEBUG rally_openstack.cleanup.manager [-] Deleting neutron.subnet object s_rally_51295e26_aV0x34fL (226d2432-9f8e-4913-b520-d5c436da8d2b)
2019-12-10 07:06:34.368 13785 RALLYDEBUG rally_openstack.cleanup.manager [-] Deleting neutron.subnet object s_rally_51295e26_QzNFtlw1 (56c018f0-1e1f-41a4-905b-eb26157cfb94)
2019-12-10 07:06:34.376 13785 RALLYDEBUG rally_openstack.cleanup.manager [-] Deleting neutron.subnet object s_rally_51295e26_HMTw1E18 (72497ab0-c177-4207-b062-a1b462dbed1d)
2019-12-10 07:06:34.380 13785 RALLYDEBUG rally_openstack.cleanup.manager [-] Deleting neutron.subnet object s_rally_51295e26_vBMuxjJ3 (8c6a2a07-2991-41e4-b2e5-532d8b6b1979)
2019-12-10 07:06:34.384 13785 RALLYDEBUG rally_openstack.cleanup.manager [-] Deleting neutron.subnet object s_rally_51295e26_hxxE200D (da16f48a-fbe9-4183-8593-0d79696b69b0)
2019-12-10 07:06:34.398 13785 RALLYDEBUG rally_openstack.cleanup.manager [-] Deleting neutron.subnet object s_rally_51295e26_MxnMYtz9 (2a50d737-c891-453b-bc9a-5798faf2e575)
2019-12-10 07:06:34.401 13785 RALLYDEBUG rally_openstack.cleanup.manager [-] Deleting neutron.subnet object s_rally_51295e26_jHe1B5NJ (a058eae8-2a1b-4874-9783-bf2d8132d8f2)
2019-12-10 07:06:34.416 13785 RALLYDEBUG rally_openstack.cleanup.manager [-] Deleting neutron.subnet object s_rally_51295e26_xfECXKWn (aaa205c4-ee34-4c28-beb9-d8c97ad502b7)
2019-12-10 07:06:37.688 13785 RALLYDEBUG rally_openstack.cleanup.manager [-] Cleaning up neutron network objects
2019-12-10 07:06:39.076 13785 RALLYDEBUG rally_openstack.cleanup.manager [-] Deleting neutron.network object s_rally_51295e26_wrE5nXjy (72e48e57-0714-4c36-9dbb-0694b7b9310b)
2019-12-10 07:06:39.085 13785 RALLYDEBUG rally_openstack.cleanup.manager [-] Deleting neutron.network object s_rally_51295e26_b5jRNSCw (c98ef26a-b783-4e34-a2b1-dda55fcd6893)
2019-12-10 07:06:39.094 13785 RALLYDEBUG rally_openstack.cleanup.manager [-] Deleting neutron.network object s_rally_51295e26_vGWNbsq6 (18536847-f578-47fb-b0d3-161ca3c933fb)
2019-12-10 07:06:39.103 13785 RALLYDEBUG rally_openstack.cleanup.manager [-] Deleting neutron.network object s_rally_51295e26_4BumJkGZ (3fcec6cd-9464-4359-962c-294e2045f817)
2019-12-10 07:06:39.113 13785 RALLYDEBUG rally_openstack.cleanup.manager [-] Deleting neutron.network object s_rally_51295e26_lEZzfVvX (6517fc62-fe71-4825-82e9-6aac3f6f6399)
2019-12-10 07:06:39.120 13785 RALLYDEBUG rally_openstack.cleanup.manager [-] Deleting neutron.network object s_rally_51295e26_HAhaf6aG (82cbd48a-43dc-4775-ade7-3a1b84ec9370)
2019-12-10 07:06:39.129 13785 RALLYDEBUG rally_openstack.cleanup.manager [-] Deleting neutron.network object s_rally_51295e26_oHd8Y6zF (a290a0ca-bde8-4a49-ad4b-c6d4e5a98470)
2019-12-10 07:06:39.145 13785 RALLYDEBUG rally_openstack.cleanup.manager [-] Deleting neutron.network object s_rally_51295e26_QewJv6KE (7e8185a4-08a9-478a-a19f-507c35fec175)
2019-12-10 07:06:39.162 13785 RALLYDEBUG rally_openstack.cleanup.manager [-] Deleting neutron.network object s_rally_51295e26_66viIYr5 (db148a46-82ca-4908-8ea9-1686bc5f20ad)
2019-12-10 07:06:39.167 13785 RALLYDEBUG rally_openstack.cleanup.manager [-] Deleting neutron.network object s_rally_51295e26_IrCTffvK (e03dd475-507d-432b-950b-3a7746afbbbd)
2019-12-10 07:06:41.710 13785 RALLYDEBUG rally_openstack.cleanup.manager [-] Cleaning up neutron router objects
2019-12-10 07:06:43.016 13785 RALLYDEBUG rally_openstack.cleanup.manager [-] Cleaning up neutron security_group objects
2019-12-10 07:06:44.325 13785 INFO rally.task.context [-] Task a77ceca8-c64d-42ab-9ece-bcdbe7932983 | Context cleanup@openstack cleanup() finished in 19.77 sec
2019-12-10 07:06:44.325 13785 INFO rally.task.context [-] Task a77ceca8-c64d-42ab-9ece-bcdbe7932983 | Context quotas@openstack cleanup() started
2019-12-10 07:06:44.527 13785 INFO rally.task.context [-] Task a77ceca8-c64d-42ab-9ece-bcdbe7932983 | Context quotas@openstack cleanup() finished in 0.20 sec
2019-12-10 07:06:44.527 13785 INFO rally.task.context [-] Task a77ceca8-c64d-42ab-9ece-bcdbe7932983 | Context users@openstack cleanup() started
2019-12-10 07:06:48.650 13785 INFO rally.task.context [-] Task a77ceca8-c64d-42ab-9ece-bcdbe7932983 | Context users@openstack cleanup() finished in 4.12 sec
2019-12-10 07:06:48.740 13785 INFO rally.task.engine [-] Load duration is: 18.37413
2019-12-10 07:06:48.740 13785 INFO rally.task.engine [-] Full runner duration is: 18.419911
2019-12-10 07:06:48.741 13785 INFO rally.task.engine [-] Full duration is: 46.132029
2019-12-10 07:06:49.119 13785 INFO rally.task.engine [-] Running workload: position = 0 config = { "version": 2, "title": "A cropped version of a bigger task.", "description": "Auto-generated task from a single workload (uuid=70bd68cd-2545-4302-a603-9d28802c9819)", "subtasks": [ { "title": "NeutronNetworks.create_and_delete_subnets", "description": "Create and delete a given number of subnets.", "scenario": { "NeutronNetworks.create_and_delete_subnets": { "network_create_args": {}, "subnet_cidr_start": "1.1.0.0/30", "subnet_create_args": {}, "subnets_per_network": 1 } }, "contexts": { "users": { "tenants": 3, "users_per_tenant": 2 }, "network": { "router": {} }, "quotas": { "neutron": { "network": -1, "subnet": -1 } } }, "runner": { "constant": { "concurrency": 4, "times": 10 } }, "hooks": [], "sla": { "failure_rate": { "max": 0 } } } ] }
2019-12-10 07:06:49.142 13785 RALLYDEBUG rally_openstack.contexts.keystone.users [-] Creating 3 tenants using 20 threads
2019-12-10 07:06:50.162 13785 RALLYDEBUG rally_openstack.contexts.keystone.users [-] Creating 6 users using 20 threads
2019-12-10 07:06:51.626 13785 INFO rally.task.context [-] Task a77ceca8-c64d-42ab-9ece-bcdbe7932983 | Context users@openstack setup() finished in 2.48 sec
2019-12-10 07:06:52.455 13785 INFO rally.task.context [-] Task a77ceca8-c64d-42ab-9ece-bcdbe7932983 | Context quotas@openstack setup() finished in 0.83 sec
2019-12-10 07:06:53.043 13785 RALLYDEBUG rally_openstack.wrappers.network [-] CIDR generated: 10.2.36.0/24
2019-12-10 07:06:54.082 13785 RALLYDEBUG rally_openstack.wrappers.network [-] CIDR generated: 10.2.37.0/24
2019-12-10 07:06:54.872 13785 RALLYDEBUG rally_openstack.wrappers.network [-] CIDR generated: 10.2.38.0/24
2019-12-10 07:06:55.495 13785 INFO rally.task.context [-] Task a77ceca8-c64d-42ab-9ece-bcdbe7932983 | Context network@openstack setup() finished in 3.04 sec
2019-12-10 07:06:55.496 13785 INFO rally.task.context [-] Task a77ceca8-c64d-42ab-9ece-bcdbe7932983 | Context cleanup@openstack setup() finished in 0.01 msec
2019-12-10 07:06:55.505 13785 RALLYDEBUG rally.task.runner [-] Starting the constant runner (task UUID: a77ceca8-c64d-42ab-9ece-bcdbe7932983). times: 10 concurrency: 4 timeout: 0 max_cpu_used: 16 processes_to_start: 4 concurrency_per_worker: 1 concurrency_overhead: 0
2019-12-10 07:06:55.517 16177 RALLYDEBUG rally.task.runner [-] Starting a worker. times: 10 duration: None concurrency: 1 timeout: 0 cls: method_name: run args: {"network_create_args": {}, "subnet_cidr_start": "1.1.0.0/30", "subnet_create_args": {}, "subnets_per_network": 1}
2019-12-10 07:06:55.520 16178 RALLYDEBUG rally.task.runner [-] Starting a worker. times: 10 duration: None concurrency: 1 timeout: 0 cls: method_name: run args: {"network_create_args": {}, "subnet_cidr_start": "1.1.0.0/30", "subnet_create_args": {}, "subnets_per_network": 1}
2019-12-10 07:06:55.525 16177 INFO rally.task.runner [-] Task a77ceca8-c64d-42ab-9ece-bcdbe7932983 | ITER: 1 START
2019-12-10 07:06:55.524 16179 RALLYDEBUG rally.task.runner [-] Starting a worker. times: 10 duration: None concurrency: 1 timeout: 0 cls: method_name: run args: {"network_create_args": {}, "subnet_cidr_start": "1.1.0.0/30", "subnet_create_args": {}, "subnets_per_network": 1}
2019-12-10 07:06:55.527 16178 INFO rally.task.runner [-] Task a77ceca8-c64d-42ab-9ece-bcdbe7932983 | ITER: 2 START
2019-12-10 07:06:55.528 16177 RALLYDEBUG rally_openstack.wrappers.network [-] CIDR generated: 1.1.0.156/30
2019-12-10 07:06:55.528 16180 RALLYDEBUG rally.task.runner [-] Starting a worker. times: 10 duration: None concurrency: 1 timeout: 0 cls: method_name: run args: {"network_create_args": {}, "subnet_cidr_start": "1.1.0.0/30", "subnet_create_args": {}, "subnets_per_network": 1}
2019-12-10 07:06:55.530 16178 RALLYDEBUG rally_openstack.wrappers.network [-] CIDR generated: 1.1.0.160/30
2019-12-10 07:06:55.531 16179 INFO rally.task.runner [-] Task a77ceca8-c64d-42ab-9ece-bcdbe7932983 | ITER: 3 START
2019-12-10 07:06:55.534 16179 RALLYDEBUG rally_openstack.wrappers.network [-] CIDR generated: 1.1.0.164/30
2019-12-10 07:06:55.535 16180 INFO rally.task.runner [-] Task a77ceca8-c64d-42ab-9ece-bcdbe7932983 | ITER: 4 START
2019-12-10 07:06:55.537 16180 RALLYDEBUG rally_openstack.wrappers.network [-] CIDR generated: 1.1.0.168/30
2019-12-10 07:06:57.061 16179 INFO rally.task.runner [-] Task a77ceca8-c64d-42ab-9ece-bcdbe7932983 | ITER: 3 END: OK
2019-12-10 07:06:57.066 16179 INFO rally.task.runner [-] Task a77ceca8-c64d-42ab-9ece-bcdbe7932983 | ITER: 5 START
2019-12-10 07:06:57.067 16179 RALLYDEBUG rally_openstack.wrappers.network [-] CIDR generated: 1.1.0.172/30
2019-12-10 07:06:57.501 16178 INFO rally.task.runner [-] Task a77ceca8-c64d-42ab-9ece-bcdbe7932983 | ITER: 2 END: OK
2019-12-10 07:06:57.505 16178 INFO rally.task.runner [-] Task a77ceca8-c64d-42ab-9ece-bcdbe7932983 | ITER: 6 START
2019-12-10 07:06:57.507 16178 RALLYDEBUG rally_openstack.wrappers.network [-] CIDR generated: 1.1.0.176/30
2019-12-10 07:06:57.566 16180 INFO rally.task.runner [-] Task a77ceca8-c64d-42ab-9ece-bcdbe7932983 | ITER: 4 END: OK
2019-12-10 07:06:57.572 16180 INFO rally.task.runner [-] Task a77ceca8-c64d-42ab-9ece-bcdbe7932983 | ITER: 7 START
2019-12-10 07:06:57.573 16180 RALLYDEBUG rally_openstack.wrappers.network [-] CIDR generated: 1.1.0.180/30
2019-12-10 07:06:57.905 16177 INFO rally.task.runner [-] Task a77ceca8-c64d-42ab-9ece-bcdbe7932983 | ITER: 1 END: OK
2019-12-10 07:06:57.911 16177 INFO rally.task.runner [-] Task a77ceca8-c64d-42ab-9ece-bcdbe7932983 | ITER: 8 START
2019-12-10 07:06:57.912 16177 RALLYDEBUG rally_openstack.wrappers.network [-] CIDR generated: 1.1.0.184/30
2019-12-10 07:06:58.832 16178 INFO rally.task.runner [-] Task a77ceca8-c64d-42ab-9ece-bcdbe7932983 | ITER: 6 END: OK
2019-12-10 07:06:58.836 16178 INFO rally.task.runner [-] Task a77ceca8-c64d-42ab-9ece-bcdbe7932983 | ITER: 9 START
2019-12-10 07:06:58.837 16178 RALLYDEBUG rally_openstack.wrappers.network [-] CIDR generated: 1.1.0.188/30
2019-12-10 07:06:59.066 16179 INFO rally.task.runner [-] Task a77ceca8-c64d-42ab-9ece-bcdbe7932983 | ITER: 5 END: OK
2019-12-10 07:06:59.069 16180 INFO rally.task.runner [-] Task a77ceca8-c64d-42ab-9ece-bcdbe7932983 | ITER: 7 END: OK
2019-12-10 07:06:59.070 16179 INFO rally.task.runner [-] Task a77ceca8-c64d-42ab-9ece-bcdbe7932983 | ITER: 10 START
2019-12-10 07:06:59.071 16179 RALLYDEBUG rally_openstack.wrappers.network [-] CIDR generated: 1.1.0.192/30
2019-12-10 07:06:59.186 16177 INFO rally.task.runner [-] Task a77ceca8-c64d-42ab-9ece-bcdbe7932983 | ITER: 8 END: OK
2019-12-10 07:07:00.335 16178 INFO rally.task.runner [-] Task a77ceca8-c64d-42ab-9ece-bcdbe7932983 | ITER: 9 END: OK
2019-12-10 07:07:01.287 16179 INFO rally.task.runner [-] Task a77ceca8-c64d-42ab-9ece-bcdbe7932983 | ITER: 10 END: OK
2019-12-10 07:07:01.309 13785 INFO rally.task.context [-] Task a77ceca8-c64d-42ab-9ece-bcdbe7932983 | Context cleanup@openstack cleanup() started
2019-12-10 07:07:01.312 13785 RALLYDEBUG rally_openstack.cleanup.manager [-] Cleaning up neutron vip objects
2019-12-10 07:07:02.621 13785 RALLYDEBUG rally_openstack.cleanup.manager [-] Cleaning up neutron health_monitor objects
2019-12-10 07:07:03.735 13785 RALLYDEBUG rally_openstack.cleanup.manager [-] Cleaning up neutron pool objects
2019-12-10 07:07:04.865 13785 RALLYDEBUG rally_openstack.cleanup.manager [-] Cleaning up neutron loadbalancer objects
2019-12-10 07:07:05.972 13785 RALLYDEBUG rally_openstack.cleanup.manager [-] Cleaning up neutron floatingip objects
2019-12-10 07:07:07.447 13785 RALLYDEBUG rally_openstack.cleanup.manager [-] Cleaning up neutron trunk objects
2019-12-10 07:07:08.612 13785 RALLYDEBUG rally_openstack.cleanup.manager [-] Cleaning up neutron port objects
2019-12-10 07:07:09.962 13785 RALLYDEBUG rally_openstack.cleanup.manager [-] Cleaning up neutron subnet objects
2019-12-10 07:07:11.357 13785 RALLYDEBUG rally_openstack.cleanup.manager [-] Cleaning up neutron network objects
2019-12-10 07:07:12.762 13785 RALLYDEBUG rally_openstack.cleanup.manager [-] Cleaning up neutron router objects
2019-12-10 07:07:14.015 13785 RALLYDEBUG rally_openstack.cleanup.manager [-] Cleaning up neutron security_group objects
2019-12-10 07:07:15.546 13785 INFO rally.task.context [-] Task a77ceca8-c64d-42ab-9ece-bcdbe7932983 | Context cleanup@openstack cleanup() finished in 14.24 sec
2019-12-10 07:07:15.546 13785 INFO rally.task.context [-] Task a77ceca8-c64d-42ab-9ece-bcdbe7932983 | Context network@openstack cleanup() started
2019-12-10 07:07:26.801 13785 INFO rally.task.context [-] Task a77ceca8-c64d-42ab-9ece-bcdbe7932983 | Context network@openstack cleanup() finished in 11.25 sec
2019-12-10 07:07:26.802 13785 INFO rally.task.context [-] Task a77ceca8-c64d-42ab-9ece-bcdbe7932983 | Context quotas@openstack cleanup() started
2019-12-10 07:07:26.880 13785 INFO rally.task.context [-] Task a77ceca8-c64d-42ab-9ece-bcdbe7932983 | Context quotas@openstack cleanup() finished in 78.01 msec
2019-12-10 07:07:26.880 13785 INFO rally.task.context [-] Task a77ceca8-c64d-42ab-9ece-bcdbe7932983 | Context users@openstack cleanup() started
2019-12-10 07:07:31.342 13785 INFO rally.task.context [-] Task a77ceca8-c64d-42ab-9ece-bcdbe7932983 | Context users@openstack cleanup() finished in 4.46 sec
2019-12-10 07:07:33.353 13785 INFO rally.task.engine [-] Load duration is: 5.760278
2019-12-10 07:07:33.354 13785 INFO rally.task.engine [-] Full runner duration is: 5.803623
2019-12-10 07:07:33.354 13785 INFO rally.task.engine [-] Full duration is: 42.202564
2019-12-10 07:07:33.667 13785 INFO rally.task.engine [-] Running workload: position = 0 config = { "version": 2, "title": "A cropped version of a bigger task.", "description": "Auto-generated task from a single workload (uuid=9986a91c-5c34-492d-be9b-0cfe1a8e9787)", "subtasks": [ { "title": "NeutronNetworks.create_and_list_networks", "description": "Create a network and then list all networks.", "scenario": { "NeutronNetworks.create_and_list_networks": { "network_create_args": {} } }, "contexts": { "users": { "tenants": 3, "users_per_tenant": 2 }, "quotas": { "neutron": { "network": -1 } } }, "runner": { "constant": { "concurrency": 4, "times": 10 } }, "hooks": [], "sla": { "failure_rate": { "max": 0 } } } ] }
2019-12-10 07:07:33.694 13785 RALLYDEBUG rally_openstack.contexts.keystone.users [-] Creating 3 tenants using 20 threads
2019-12-10 07:07:34.608 13785 RALLYDEBUG rally_openstack.contexts.keystone.users [-] Creating 6 users using 20 threads
2019-12-10 07:07:36.225 13785 INFO rally.task.context [-] Task a77ceca8-c64d-42ab-9ece-bcdbe7932983 | Context users@openstack setup() finished in 2.53 sec
2019-12-10 07:07:37.032 13785 INFO rally.task.context [-] Task a77ceca8-c64d-42ab-9ece-bcdbe7932983 | Context quotas@openstack setup() finished in 0.81 sec
2019-12-10 07:07:37.033 13785 INFO rally.task.context [-] Task a77ceca8-c64d-42ab-9ece-bcdbe7932983 | Context cleanup@openstack setup() finished in 0.01 msec
2019-12-10 07:07:37.042 13785 RALLYDEBUG rally.task.runner [-] Starting the constant runner (task UUID: a77ceca8-c64d-42ab-9ece-bcdbe7932983). times: 10 concurrency: 4 timeout: 0 max_cpu_used: 16 processes_to_start: 4 concurrency_per_worker: 1 concurrency_overhead: 0
2019-12-10 07:07:37.054 16501 RALLYDEBUG rally.task.runner [-] Starting a worker. times: 10 duration: None concurrency: 1 timeout: 0 cls: method_name: run args: {"network_create_args": {}}
2019-12-10 07:07:37.057 16502 RALLYDEBUG rally.task.runner [-] Starting a worker. times: 10 duration: None concurrency: 1 timeout: 0 cls: method_name: run args: {"network_create_args": {}}
2019-12-10 07:07:37.060 16501 INFO rally.task.runner [-] Task a77ceca8-c64d-42ab-9ece-bcdbe7932983 | ITER: 1 START
2019-12-10 07:07:37.061 16503 RALLYDEBUG rally.task.runner [-] Starting a worker. times: 10 duration: None concurrency: 1 timeout: 0 cls: method_name: run args: {"network_create_args": {}}
2019-12-10 07:07:37.064 16502 INFO rally.task.runner [-] Task a77ceca8-c64d-42ab-9ece-bcdbe7932983 | ITER: 2 START
2019-12-10 07:07:37.064 16505 RALLYDEBUG rally.task.runner [-] Starting a worker. times: 10 duration: None concurrency: 1 timeout: 0 cls: method_name: run args: {"network_create_args": {}}
2019-12-10 07:07:37.067 16503 INFO rally.task.runner [-] Task a77ceca8-c64d-42ab-9ece-bcdbe7932983 | ITER: 3 START
2019-12-10 07:07:37.070 16505 INFO rally.task.runner [-] Task a77ceca8-c64d-42ab-9ece-bcdbe7932983 | ITER: 4 START
2019-12-10 07:07:37.933 16502 INFO rally.task.runner [-] Task a77ceca8-c64d-42ab-9ece-bcdbe7932983 | ITER: 2 END: OK
2019-12-10 07:07:37.937 16502 INFO rally.task.runner [-] Task a77ceca8-c64d-42ab-9ece-bcdbe7932983 | ITER: 5 START
2019-12-10 07:07:37.943 16505 INFO rally.task.runner [-] Task a77ceca8-c64d-42ab-9ece-bcdbe7932983 | ITER: 4 END: OK
2019-12-10 07:07:37.947 16505 INFO rally.task.runner [-] Task a77ceca8-c64d-42ab-9ece-bcdbe7932983 | ITER: 6 START
2019-12-10 07:07:38.020 16501 INFO rally.task.runner [-] Task a77ceca8-c64d-42ab-9ece-bcdbe7932983 | ITER: 1 END: OK
2019-12-10 07:07:38.024 16501 INFO rally.task.runner [-] Task a77ceca8-c64d-42ab-9ece-bcdbe7932983 | ITER: 7 START
2019-12-10 07:07:38.481 16503 INFO rally.task.runner [-] Task a77ceca8-c64d-42ab-9ece-bcdbe7932983 | ITER: 3 END: OK
2019-12-10 07:07:38.486 16503 INFO rally.task.runner [-] Task a77ceca8-c64d-42ab-9ece-bcdbe7932983 | ITER: 8 START
2019-12-10 07:07:38.592 16505 INFO rally.task.runner [-] Task a77ceca8-c64d-42ab-9ece-bcdbe7932983 | ITER: 6 END: OK
2019-12-10 07:07:38.596 16505 INFO rally.task.runner [-] Task a77ceca8-c64d-42ab-9ece-bcdbe7932983 | ITER: 9 START
2019-12-10 07:07:38.687 16501 INFO rally.task.runner [-] Task a77ceca8-c64d-42ab-9ece-bcdbe7932983 | ITER: 7 END: OK
2019-12-10 07:07:38.691 16501 INFO rally.task.runner [-] Task a77ceca8-c64d-42ab-9ece-bcdbe7932983 | ITER: 10 START
2019-12-10 07:07:39.165 16503 INFO rally.task.runner [-] Task a77ceca8-c64d-42ab-9ece-bcdbe7932983 | ITER: 8 END: OK
2019-12-10 07:07:39.215 16505 INFO rally.task.runner [-] Task a77ceca8-c64d-42ab-9ece-bcdbe7932983 | ITER: 9 END: OK
2019-12-10 07:07:39.241 16502 INFO rally.task.runner [-] Task a77ceca8-c64d-42ab-9ece-bcdbe7932983 | ITER: 5 END: OK
2019-12-10 07:07:39.516 16501 INFO rally.task.runner [-] Task a77ceca8-c64d-42ab-9ece-bcdbe7932983 | ITER: 10 END: OK
2019-12-10 07:07:39.545 13785 INFO rally.task.context [-] Task a77ceca8-c64d-42ab-9ece-bcdbe7932983 | Context cleanup@openstack cleanup() started
2019-12-10 07:07:39.549 13785 RALLYDEBUG rally_openstack.cleanup.manager [-] Cleaning up neutron vip objects
2019-12-10 07:07:40.922 13785 RALLYDEBUG rally_openstack.cleanup.manager [-] Cleaning up neutron health_monitor objects
2019-12-10 07:07:42.058 13785 RALLYDEBUG rally_openstack.cleanup.manager [-] Cleaning up neutron pool objects
2019-12-10 07:07:43.209 13785 RALLYDEBUG rally_openstack.cleanup.manager [-] Cleaning up neutron loadbalancer objects
2019-12-10 07:07:44.356 13785 RALLYDEBUG rally_openstack.cleanup.manager [-] Cleaning up neutron floatingip objects
2019-12-10 07:07:45.614 13785 RALLYDEBUG rally_openstack.cleanup.manager [-] Cleaning up neutron trunk objects
2019-12-10 07:07:46.795 13785 RALLYDEBUG rally_openstack.cleanup.manager [-] Cleaning up neutron port objects
2019-12-10 07:07:48.044 13785 RALLYDEBUG rally_openstack.cleanup.manager [-] Cleaning up neutron subnet objects
2019-12-10 07:07:49.270 13785 RALLYDEBUG rally_openstack.cleanup.manager [-] Cleaning up neutron network objects
2019-12-10 07:07:50.655 13785 RALLYDEBUG rally_openstack.cleanup.manager [-] Deleting neutron.network object s_rally_9986a91c_bMyELvVG (041d0ed4-db85-4c7a-a89d-6d764028825d)
2019-12-10 07:07:50.659 13785 RALLYDEBUG rally_openstack.cleanup.manager [-] Deleting neutron.network object s_rally_9986a91c_sWIchpxo (3e66a040-9332-4f01-a43d-8cf94e34e7a7)
2019-12-10 07:07:50.673 13785 RALLYDEBUG rally_openstack.cleanup.manager [-] Deleting neutron.network object s_rally_9986a91c_WmLyezcG (41d25eb0-c929-4c2c-a2c1-c9d62b2f0545)
2019-12-10 07:07:50.683 13785 RALLYDEBUG rally_openstack.cleanup.manager [-] Deleting neutron.network object s_rally_9986a91c_lasHyeX4 (8453f7c8-5c1c-4c3b-9be2-b6402509a08c)
2019-12-10 07:07:50.709 13785 RALLYDEBUG rally_openstack.cleanup.manager [-] Deleting neutron.network object s_rally_9986a91c_apDlbOfq (b8318525-1f68-4a11-b5dd-9e9f24ca4d7c)
2019-12-10 07:07:50.715 13785 RALLYDEBUG rally_openstack.cleanup.manager [-] Deleting neutron.network object s_rally_9986a91c_arX74GKo (20bab190-aca5-421d-b2aa-3794189acd4f)
2019-12-10 07:07:50.727 13785 RALLYDEBUG rally_openstack.cleanup.manager [-] Deleting neutron.network object s_rally_9986a91c_oT38t9f4 (265f6b78-333d-4c25-bfb7-69f2a7c4c6cb)
2019-12-10 07:07:50.742 13785 RALLYDEBUG rally_openstack.cleanup.manager [-] Deleting neutron.network object s_rally_9986a91c_Gkp4c3EP (76427927-8a7e-4ac3-95c0-af606cbd612c)
2019-12-10 07:07:50.751 13785 RALLYDEBUG rally_openstack.cleanup.manager [-] Deleting neutron.network object s_rally_9986a91c_iRhiEiMJ (dfc834a0-6485-4d83-a496-b3cf308dae4f)
2019-12-10 07:07:50.760 13785 RALLYDEBUG rally_openstack.cleanup.manager [-] Deleting neutron.network object s_rally_9986a91c_vwRMwVWx (e780f4ea-cb34-4c94-819a-c0e144b4c708)
2019-12-10 07:07:53.272 13785 RALLYDEBUG rally_openstack.cleanup.manager [-] Cleaning up neutron router objects
2019-12-10 07:07:54.566 13785 RALLYDEBUG rally_openstack.cleanup.manager [-] Cleaning up neutron security_group objects
2019-12-10 07:07:55.872 13785 INFO rally.task.context [-] Task a77ceca8-c64d-42ab-9ece-bcdbe7932983 | Context cleanup@openstack cleanup() finished in 16.33 sec
2019-12-10 07:07:55.873 13785 INFO rally.task.context [-] Task a77ceca8-c64d-42ab-9ece-bcdbe7932983 | Context quotas@openstack cleanup() started
2019-12-10 07:07:56.022 13785 INFO rally.task.context [-] Task a77ceca8-c64d-42ab-9ece-bcdbe7932983 | Context quotas@openstack cleanup() finished in 0.15 sec
2019-12-10 07:07:56.022 13785 INFO rally.task.context [-] Task a77ceca8-c64d-42ab-9ece-bcdbe7932983 | Context users@openstack cleanup() started
2019-12-10 07:08:00.182 13785 INFO rally.task.context [-] Task a77ceca8-c64d-42ab-9ece-bcdbe7932983 | Context users@openstack cleanup() finished in 4.16 sec
2019-12-10 07:08:01.841 13785 INFO rally.task.engine [-] Load duration is: 2.453758
2019-12-10 07:08:01.841 13785 INFO rally.task.engine [-] Full runner duration is: 2.503269
2019-12-10 07:08:01.842 13785 INFO rally.task.engine [-] Full duration is: 26.491065
2019-12-10 07:08:02.159 13785 INFO rally.task.engine [-] Running workload: position = 0 config = { "version": 2, "title": "A cropped version of a bigger task.", "description": "Auto-generated task from a single workload (uuid=e889a851-02a0-45a1-8214-6c718815c190)", "subtasks": [ { "title": "NeutronNetworks.create_and_list_ports", "description": "Create and a given number of ports and list all ports.", "scenario": { "NeutronNetworks.create_and_list_ports": { "network_create_args": {}, "port_create_args": {}, "ports_per_network": 1 } }, "contexts": { "users": { "tenants": 3, "users_per_tenant": 2 }, "network": { "router": {} }, "quotas": { "neutron": { "network": -1, "port": -1 } } }, "runner": { "constant": { "concurrency": 4, "times": 10 } }, "hooks": [], "sla": { "failure_rate": { "max": 0 } } } ] }
2019-12-10 07:08:02.186 13785 RALLYDEBUG rally_openstack.contexts.keystone.users [-] Creating 3 tenants using 20 threads
2019-12-10 07:08:03.242 13785 RALLYDEBUG rally_openstack.contexts.keystone.users [-] Creating 6 users using 20 threads
2019-12-10 07:08:04.797 13785 INFO rally.task.context [-] Task a77ceca8-c64d-42ab-9ece-bcdbe7932983 | Context users@openstack setup() finished in 2.61 sec
2019-12-10 07:08:05.589 13785 INFO rally.task.context [-] Task a77ceca8-c64d-42ab-9ece-bcdbe7932983 | Context quotas@openstack setup() finished in 0.79 sec
2019-12-10 07:08:06.220 13785 RALLYDEBUG rally_openstack.wrappers.network [-] CIDR generated: 10.2.49.0/24
2019-12-10 07:08:07.250 13785 RALLYDEBUG rally_openstack.wrappers.network [-] CIDR generated: 10.2.50.0/24
2019-12-10 07:08:08.113 13785 RALLYDEBUG rally_openstack.wrappers.network [-] CIDR generated: 10.2.51.0/24
2019-12-10 07:08:08.662 13785 INFO rally.task.context [-] Task a77ceca8-c64d-42ab-9ece-bcdbe7932983 | Context network@openstack setup() finished in 3.07 sec
2019-12-10 07:08:08.662 13785 INFO rally.task.context [-] Task a77ceca8-c64d-42ab-9ece-bcdbe7932983 | Context cleanup@openstack setup() finished in 0.01 msec
2019-12-10 07:08:08.672 13785 RALLYDEBUG rally.task.runner [-] Starting the constant runner (task UUID: a77ceca8-c64d-42ab-9ece-bcdbe7932983). times: 10 concurrency: 4 timeout: 0 max_cpu_used: 16 processes_to_start: 4 concurrency_per_worker: 1 concurrency_overhead: 0
2019-12-10 07:08:08.683 16825 RALLYDEBUG rally.task.runner [-] Starting a worker. times: 10 duration: None concurrency: 1 timeout: 0 cls: method_name: run args: {"network_create_args": {}, "port_create_args": {}, "ports_per_network": 1}
2019-12-10 07:08:08.687 16826 RALLYDEBUG rally.task.runner [-] Starting a worker. times: 10 duration: None concurrency: 1 timeout: 0 cls: method_name: run args: {"network_create_args": {}, "port_create_args": {}, "ports_per_network": 1}
2019-12-10 07:08:08.690 16825 INFO rally.task.runner [-] Task a77ceca8-c64d-42ab-9ece-bcdbe7932983 | ITER: 1 START
2019-12-10 07:08:08.690 16827 RALLYDEBUG rally.task.runner [-] Starting a worker. times: 10 duration: None concurrency: 1 timeout: 0 cls: method_name: run args: {"network_create_args": {}, "port_create_args": {}, "ports_per_network": 1}
2019-12-10 07:08:08.693 16826 INFO rally.task.runner [-] Task a77ceca8-c64d-42ab-9ece-bcdbe7932983 | ITER: 2 START
2019-12-10 07:08:08.694 16828 RALLYDEBUG rally.task.runner [-] Starting a worker. times: 10 duration: None concurrency: 1 timeout: 0 cls: method_name: run args: {"network_create_args": {}, "port_create_args": {}, "ports_per_network": 1}
2019-12-10 07:08:08.697 16827 INFO rally.task.runner [-] Task a77ceca8-c64d-42ab-9ece-bcdbe7932983 | ITER: 3 START
2019-12-10 07:08:08.700 16828 INFO rally.task.runner [-] Task a77ceca8-c64d-42ab-9ece-bcdbe7932983 | ITER: 4 START
2019-12-10 07:08:09.817 16826 INFO rally.task.runner [-] Task a77ceca8-c64d-42ab-9ece-bcdbe7932983 | ITER: 2 END: OK
2019-12-10 07:08:09.821 16826 INFO rally.task.runner [-] Task a77ceca8-c64d-42ab-9ece-bcdbe7932983 | ITER: 5 START
2019-12-10 07:08:10.047 16825 INFO rally.task.runner [-] Task a77ceca8-c64d-42ab-9ece-bcdbe7932983 | ITER: 1 END: OK
2019-12-10 07:08:10.052 16825 INFO rally.task.runner [-] Task a77ceca8-c64d-42ab-9ece-bcdbe7932983 | ITER: 6 START
2019-12-10 07:08:10.343 16827 INFO rally.task.runner [-] Task a77ceca8-c64d-42ab-9ece-bcdbe7932983 | ITER: 3 END: OK
2019-12-10 07:08:10.347 16828 INFO rally.task.runner [-] Task a77ceca8-c64d-42ab-9ece-bcdbe7932983 | ITER: 4 END: OK
2019-12-10 07:08:10.348 16827 INFO rally.task.runner [-] Task a77ceca8-c64d-42ab-9ece-bcdbe7932983 | ITER: 7 START
2019-12-10 07:08:10.351 16828 INFO rally.task.runner [-] Task a77ceca8-c64d-42ab-9ece-bcdbe7932983 | ITER: 8 START
2019-12-10 07:08:11.112 16826 INFO rally.task.runner [-] Task a77ceca8-c64d-42ab-9ece-bcdbe7932983 | ITER: 5 END: OK
2019-12-10 07:08:11.116 16826 INFO rally.task.runner [-] Task a77ceca8-c64d-42ab-9ece-bcdbe7932983 | ITER: 9 START
2019-12-10 07:08:11.216 16825 INFO rally.task.runner [-] Task a77ceca8-c64d-42ab-9ece-bcdbe7932983 | ITER: 6 END: OK
2019-12-10 07:08:11.219 16825 INFO rally.task.runner [-] Task a77ceca8-c64d-42ab-9ece-bcdbe7932983 | ITER: 10 START
2019-12-10 07:08:11.731 16828 INFO rally.task.runner [-] Task a77ceca8-c64d-42ab-9ece-bcdbe7932983 | ITER: 8 END: OK
2019-12-10 07:08:11.865 16827 INFO rally.task.runner [-] Task a77ceca8-c64d-42ab-9ece-bcdbe7932983 | ITER: 7 END: OK
2019-12-10 07:08:12.256 16826 INFO rally.task.runner [-] Task a77ceca8-c64d-42ab-9ece-bcdbe7932983 | ITER: 9 END: OK
2019-12-10 07:08:12.309 16825 INFO rally.task.runner [-] Task a77ceca8-c64d-42ab-9ece-bcdbe7932983 | ITER: 10 END: OK
2019-12-10 07:08:12.336 13785 INFO rally.task.context [-] Task a77ceca8-c64d-42ab-9ece-bcdbe7932983 | Context cleanup@openstack cleanup() started
2019-12-10 07:08:12.340 13785 RALLYDEBUG rally_openstack.cleanup.manager [-] Cleaning up neutron vip objects
2019-12-10 07:08:13.439 13785 RALLYDEBUG rally_openstack.cleanup.manager [-] Cleaning up neutron health_monitor objects
2019-12-10 07:08:14.519 13785 RALLYDEBUG rally_openstack.cleanup.manager [-] Cleaning up neutron pool objects
2019-12-10 07:08:15.639 13785 RALLYDEBUG rally_openstack.cleanup.manager [-] Cleaning up neutron loadbalancer objects
2019-12-10 07:08:16.776 13785 RALLYDEBUG rally_openstack.cleanup.manager [-] Cleaning up neutron floatingip objects
2019-12-10 07:08:18.004 13785 RALLYDEBUG rally_openstack.cleanup.manager [-] Cleaning up neutron trunk objects
2019-12-10 07:08:19.173 13785 RALLYDEBUG rally_openstack.cleanup.manager [-] Cleaning up neutron port objects
2019-12-10 07:08:20.568 13785 RALLYDEBUG rally_openstack.cleanup.manager [-] Deleting neutron.port object s_rally_e889a851_wH4IuTBE (310de6ef-95c4-4ae9-b38a-63ba0e5408b2)
2019-12-10 07:08:20.572 13785 RALLYDEBUG rally_openstack.cleanup.manager [-] Deleting neutron.port object s_rally_e889a851_Jlox4l5b (5b6dc572-ed9b-4b13-8fa9-323867cb045f)
2019-12-10 07:08:20.581 13785 RALLYDEBUG rally_openstack.cleanup.manager [-] Deleting neutron.port object s_rally_e889a851_2T39hg8g (a3b28cc3-97af-49b7-aa6a-06301d2d38e9)
2019-12-10 07:08:20.596 13785 RALLYDEBUG rally_openstack.cleanup.manager [-] Deleting neutron.port object s_rally_e889a851_GoJC6G9a (b08d2d05-3dd0-4dfc-89a3-68f415f092e4)
2019-12-10 07:08:20.603 13785 RALLYDEBUG rally_openstack.cleanup.manager [-] Deleting neutron.port object s_rally_e889a851_XitFHTwS (1113e0ae-ba6f-40c7-9c7a-5b94e190cbe1)
2019-12-10 07:08:20.610 13785 RALLYDEBUG rally_openstack.cleanup.manager [-] Deleting neutron.port object s_rally_e889a851_Qlmv7RSo (a1fb3f9a-08b7-46d0-80e1-3652240e2b8f)
2019-12-10 07:08:20.625 13785 RALLYDEBUG rally_openstack.cleanup.manager [-] Deleting neutron.port object s_rally_e889a851_UvCIfqtP (2d991a03-ddc1-474a-9991-533f6c956866)
2019-12-10 07:08:20.631 13785 RALLYDEBUG rally_openstack.cleanup.manager [-] Deleting neutron.port object s_rally_e889a851_QTpkEayQ (52c23728-bbb1-4889-bf69-34869eff7858)
2019-12-10 07:08:20.651 13785 RALLYDEBUG rally_openstack.cleanup.manager [-] Deleting neutron.port object s_rally_e889a851_DOH9b0hE (681a5349-90d5-4612-ac95-1e8d48c4a895)
2019-12-10 07:08:20.672 13785 RALLYDEBUG rally_openstack.cleanup.manager [-] Deleting neutron.port object s_rally_e889a851_Kqb5J3dK (84a91af8-591b-42ca-8901-f2696062cdf0)
2019-12-10 07:08:23.075 13785 RALLYDEBUG rally_openstack.cleanup.manager [-] Cleaning up neutron subnet objects
2019-12-10 07:08:24.387 13785 RALLYDEBUG rally_openstack.cleanup.manager [-] Cleaning up neutron network objects
2019-12-10 07:08:25.860 13785 RALLYDEBUG rally_openstack.cleanup.manager [-] Cleaning up neutron router objects
2019-12-10 07:08:27.161 13785 RALLYDEBUG rally_openstack.cleanup.manager [-] Cleaning up neutron security_group objects
2019-12-10 07:08:28.430 13785 INFO rally.task.context [-] Task a77ceca8-c64d-42ab-9ece-bcdbe7932983 | Context cleanup@openstack cleanup() finished in 16.09 sec
2019-12-10 07:08:28.431 13785 INFO rally.task.context [-] Task a77ceca8-c64d-42ab-9ece-bcdbe7932983 | Context network@openstack cleanup() started
2019-12-10 07:08:40.113 13785 INFO rally.task.context [-] Task a77ceca8-c64d-42ab-9ece-bcdbe7932983 | Context network@openstack cleanup() finished in 11.68 sec
2019-12-10 07:08:40.114 13785 INFO rally.task.context [-] Task a77ceca8-c64d-42ab-9ece-bcdbe7932983 | Context quotas@openstack cleanup() started
2019-12-10 07:08:40.393 13785 INFO rally.task.context [-] Task a77ceca8-c64d-42ab-9ece-bcdbe7932983 | Context quotas@openstack cleanup() finished in 0.28 sec
2019-12-10 07:08:40.394 13785 INFO rally.task.context [-] Task a77ceca8-c64d-42ab-9ece-bcdbe7932983 | Context users@openstack cleanup() started
2019-12-10 07:08:44.810 13785 INFO rally.task.context [-] Task a77ceca8-c64d-42ab-9ece-bcdbe7932983 | Context users@openstack cleanup() finished in 4.42 sec
2019-12-10 07:08:46.430 13785 INFO rally.task.engine [-] Load duration is: 3.616322
2019-12-10 07:08:46.431 13785 INFO rally.task.engine [-] Full runner duration is: 3.66519
2019-12-10 07:08:46.431 13785 INFO rally.task.engine [-] Full duration is: 42.627012
2019-12-10 07:08:46.814 13785 INFO rally.task.engine [-] Running workload: position = 0 config = { "version": 2, "title": "A cropped version of a bigger task.", "description": "Auto-generated task from a single workload (uuid=f4b44ec1-4586-4c29-91a8-d8610d6a2369)", "subtasks": [ { "title": "NeutronNetworks.create_and_list_routers", "description": "Create and a given number of routers and list all routers.", "scenario": { "NeutronNetworks.create_and_list_routers": { "network_create_args": {}, "router_create_args": {}, "subnet_cidr_start": "1.1.0.0/30", "subnet_create_args": {}, "subnets_per_network": 1 } }, "contexts": { "users": { "tenants": 3, "users_per_tenant": 2 }, "quotas": { "neutron": { "network": -1, "subnet": -1, "router": -1 } } }, "runner": { "constant": { "concurrency": 4, "times": 10 } }, "hooks": [], "sla": { "failure_rate": { "max": 0 } } } ] }
2019-12-10 07:08:46.838 13785 RALLYDEBUG rally_openstack.contexts.keystone.users [-] Creating 3 tenants using 20 threads
2019-12-10 07:08:47.911 13785 RALLYDEBUG rally_openstack.contexts.keystone.users [-] Creating 6 users using 20 threads
2019-12-10 07:08:49.496 13785 INFO rally.task.context [-] Task a77ceca8-c64d-42ab-9ece-bcdbe7932983 | Context users@openstack setup() finished in 2.66 sec
2019-12-10 07:08:50.448 13785 INFO rally.task.context [-] Task a77ceca8-c64d-42ab-9ece-bcdbe7932983 | Context quotas@openstack setup() finished in 0.95 sec
2019-12-10 07:08:50.448 13785 INFO rally.task.context [-] Task a77ceca8-c64d-42ab-9ece-bcdbe7932983 | Context cleanup@openstack setup() finished in 0.01 msec
2019-12-10 07:08:50.457 13785 RALLYDEBUG rally.task.runner [-] Starting the constant runner (task UUID: a77ceca8-c64d-42ab-9ece-bcdbe7932983). times: 10 concurrency: 4 timeout: 0 max_cpu_used: 16 processes_to_start: 4 concurrency_per_worker: 1 concurrency_overhead: 0
2019-12-10 07:08:50.469 17149 RALLYDEBUG rally.task.runner [-] Starting a worker. times: 10 duration: None concurrency: 1 timeout: 0 cls: method_name: run args: {"network_create_args": {}, "router_create_args": {}, "subnet_cidr_start": "1.1.0.0/30", "subnet_create_args": {}, "subnets_per_network": 1}
2019-12-10 07:08:50.472 17150 RALLYDEBUG rally.task.runner [-] Starting a worker. times: 10 duration: None concurrency: 1 timeout: 0 cls: method_name: run args: {"network_create_args": {}, "router_create_args": {}, "subnet_cidr_start": "1.1.0.0/30", "subnet_create_args": {}, "subnets_per_network": 1}
2019-12-10 07:08:50.476 17149 INFO rally.task.runner [-] Task a77ceca8-c64d-42ab-9ece-bcdbe7932983 | ITER: 1 START
2019-12-10 07:08:50.476 17151 RALLYDEBUG rally.task.runner [-] Starting a worker. times: 10 duration: None concurrency: 1 timeout: 0 cls: method_name: run args: {"network_create_args": {}, "router_create_args": {}, "subnet_cidr_start": "1.1.0.0/30", "subnet_create_args": {}, "subnets_per_network": 1}
2019-12-10 07:08:50.479 17150 INFO rally.task.runner [-] Task a77ceca8-c64d-42ab-9ece-bcdbe7932983 | ITER: 2 START
2019-12-10 07:08:50.479 17152 RALLYDEBUG rally.task.runner [-] Starting a worker. times: 10 duration: None concurrency: 1 timeout: 0 cls: method_name: run args: {"network_create_args": {}, "router_create_args": {}, "subnet_cidr_start": "1.1.0.0/30", "subnet_create_args": {}, "subnets_per_network": 1}
2019-12-10 07:08:50.483 17151 INFO rally.task.runner [-] Task a77ceca8-c64d-42ab-9ece-bcdbe7932983 | ITER: 3 START
2019-12-10 07:08:50.486 17152 INFO rally.task.runner [-] Task a77ceca8-c64d-42ab-9ece-bcdbe7932983 | ITER: 4 START
2019-12-10 07:08:51.158 17149 RALLYDEBUG rally_openstack.wrappers.network [-] CIDR generated: 1.1.0.208/30
2019-12-10 07:08:51.159 17151 RALLYDEBUG rally_openstack.wrappers.network [-] CIDR generated: 1.1.0.212/30
2019-12-10 07:08:51.716 17152 RALLYDEBUG rally_openstack.wrappers.network [-] CIDR generated: 1.1.0.216/30
2019-12-10 07:08:51.838 17150 RALLYDEBUG rally_openstack.wrappers.network [-] CIDR generated: 1.1.0.220/30
2019-12-10 07:08:54.316 17151 INFO rally.task.runner [-] Task a77ceca8-c64d-42ab-9ece-bcdbe7932983 | ITER: 3 END: OK
2019-12-10 07:08:54.320 17151 INFO rally.task.runner [-] Task a77ceca8-c64d-42ab-9ece-bcdbe7932983 | ITER: 5 START
2019-12-10 07:08:54.379 17152 INFO rally.task.runner [-] Task a77ceca8-c64d-42ab-9ece-bcdbe7932983 | ITER: 4 END: OK
2019-12-10 07:08:54.384 17152 INFO rally.task.runner [-] Task a77ceca8-c64d-42ab-9ece-bcdbe7932983 | ITER: 6 START
2019-12-10 07:08:54.387 17149 INFO rally.task.runner [-] Task a77ceca8-c64d-42ab-9ece-bcdbe7932983 | ITER: 1 END: OK
2019-12-10 07:08:54.392 17149 INFO rally.task.runner [-] Task a77ceca8-c64d-42ab-9ece-bcdbe7932983 | ITER: 7 START
2019-12-10 07:08:54.734 17150 INFO rally.task.runner [-] Task a77ceca8-c64d-42ab-9ece-bcdbe7932983 | ITER: 2 END: OK
2019-12-10 07:08:54.739 17150 INFO rally.task.runner [-] Task a77ceca8-c64d-42ab-9ece-bcdbe7932983 | ITER: 8 START
2019-12-10 07:08:54.885 17151 RALLYDEBUG rally_openstack.wrappers.network [-] CIDR generated: 1.1.0.224/30
2019-12-10 07:08:54.900 17149 RALLYDEBUG rally_openstack.wrappers.network [-] CIDR generated: 1.1.0.228/30
2019-12-10 07:08:55.082 17152 RALLYDEBUG rally_openstack.wrappers.network [-] CIDR generated: 1.1.0.232/30
2019-12-10 07:08:55.215 17150 RALLYDEBUG rally_openstack.wrappers.network [-] CIDR generated: 1.1.0.236/30
2019-12-10 07:08:57.643 17149 INFO rally.task.runner [-] Task a77ceca8-c64d-42ab-9ece-bcdbe7932983 | ITER: 7 END: OK
2019-12-10 07:08:57.647 17149 INFO rally.task.runner [-] Task a77ceca8-c64d-42ab-9ece-bcdbe7932983 | ITER: 9 START
2019-12-10 07:08:57.772 17150 INFO rally.task.runner [-] Task a77ceca8-c64d-42ab-9ece-bcdbe7932983 | ITER: 8 END: OK
2019-12-10 07:08:57.776 17150 INFO rally.task.runner [-] Task a77ceca8-c64d-42ab-9ece-bcdbe7932983 | ITER: 10 START
2019-12-10 07:08:57.893 17151 INFO rally.task.runner [-] Task a77ceca8-c64d-42ab-9ece-bcdbe7932983 | ITER: 5 END: OK
2019-12-10 07:08:58.163 17149 RALLYDEBUG rally_openstack.wrappers.network [-] CIDR generated: 1.1.0.240/30
2019-12-10 07:08:58.276 17150 RALLYDEBUG rally_openstack.wrappers.network [-] CIDR generated: 1.1.0.244/30
2019-12-10 07:08:58.339 17152 INFO rally.task.runner [-] Task a77ceca8-c64d-42ab-9ece-bcdbe7932983 | ITER: 6 END: OK
2019-12-10 07:09:00.848 17149 INFO rally.task.runner [-] Task a77ceca8-c64d-42ab-9ece-bcdbe7932983 | ITER: 9 END: OK
2019-12-10 07:09:01.438 17150 INFO rally.task.runner [-] Task a77ceca8-c64d-42ab-9ece-bcdbe7932983 | ITER: 10 END: OK
2019-12-10 07:09:01.461 13785 INFO rally.task.context [-] Task a77ceca8-c64d-42ab-9ece-bcdbe7932983 | Context cleanup@openstack cleanup() started
2019-12-10 07:09:01.465 13785 RALLYDEBUG rally_openstack.cleanup.manager [-] Cleaning up neutron vip objects
2019-12-10 07:09:02.660 13785 RALLYDEBUG rally_openstack.cleanup.manager [-] Cleaning up neutron health_monitor objects
2019-12-10 07:09:03.731 13785 RALLYDEBUG rally_openstack.cleanup.manager [-] Cleaning up neutron pool objects
2019-12-10 07:09:04.839 13785 RALLYDEBUG rally_openstack.cleanup.manager [-] Cleaning up neutron loadbalancer objects
2019-12-10 07:09:06.018 13785 RALLYDEBUG rally_openstack.cleanup.manager [-] Cleaning up neutron floatingip objects
2019-12-10 07:09:07.192 13785 RALLYDEBUG rally_openstack.cleanup.manager [-] Cleaning up neutron trunk objects
2019-12-10 07:09:08.337 13785 RALLYDEBUG rally_openstack.cleanup.manager [-] Cleaning up neutron port objects
2019-12-10 07:09:10.436 13785 RALLYDEBUG rally_openstack.cleanup.manager [-] Deleting neutron.port object s_rally_f4b44ec1_Q5Tqc93v (1644352d-c443-4e81-bd3a-50e58b1e6898)
2019-12-10 07:09:10.445 13785 RALLYDEBUG rally_openstack.cleanup.manager [-] Deleting neutron.port object s_rally_f4b44ec1_Qp19WBJ0 (1ae5ea58-7b4c-4947-a615-d07aa6c616e7)
2019-12-10 07:09:10.453 13785 RALLYDEBUG rally_openstack.cleanup.manager [-] Deleting neutron.port object s_rally_f4b44ec1_zFmr4Kgs (34ee71e5-6f55-4e8d-be0a-6d3f006c6c91)
2019-12-10 07:09:10.466 13785 RALLYDEBUG rally_openstack.cleanup.manager [-] Deleting neutron.port object s_rally_f4b44ec1_W4iQrURc (711347fb-0596-4c77-a6f3-7f755b58a808)
2019-12-10 07:09:10.479 13785 RALLYDEBUG rally_openstack.cleanup.manager [-] Deleting neutron.port object s_rally_f4b44ec1_WA89t67n (0abe2b6e-893f-4a7d-8508-4f438baa957b)
2019-12-10 07:09:10.489 13785 RALLYDEBUG rally_openstack.cleanup.manager [-] Deleting neutron.port object s_rally_f4b44ec1_LJK5nTpt (005978db-80a9-42ad-945e-feca15d092c7)
2019-12-10 07:09:10.498 13785 RALLYDEBUG rally_openstack.cleanup.manager [-] Deleting neutron.port object s_rally_f4b44ec1_bu5zS6AQ (3c48b9d8-8428-421f-8178-701aa9c6a927)
2019-12-10 07:09:10.508 13785 RALLYDEBUG rally_openstack.cleanup.manager [-] Deleting neutron.port object s_rally_f4b44ec1_N8gGlean (b373742e-42f0-450a-84f9-6c652fe60c4a)
2019-12-10 07:09:10.512 13785 RALLYDEBUG rally_openstack.cleanup.manager [-] Deleting neutron.port object s_rally_f4b44ec1_ehSLXWpW (7e8084a2-d27e-4a28-9b21-dd90de44c2f1)
2019-12-10 07:09:10.522 13785 RALLYDEBUG rally_openstack.cleanup.manager [-] Deleting neutron.port object s_rally_f4b44ec1_hBypbwqe (7a54c3c1-044c-4242-953d-2d643f07fbd2)
2019-12-10 07:09:15.107 13785 RALLYDEBUG rally_openstack.cleanup.manager [-] Cleaning up neutron subnet objects
