2019-12-10 08:01:09.769 23622 INFO rally.task.runner [-] Task 4e8ca0c3-0d8f-4d97-b1f9-96e3694a2663 | ITER: 7 END: OK
2019-12-10 08:01:10.360 23624 RALLYDEBUG rally.task.utils [-] Waiting for resource s_rally_01cb61f4_eG15BnL1. Status changed: VERIFY_RESIZE => ACTIVE in 2.195159673690796
2019-12-10 08:01:12.748 23624 INFO rally.task.runner [-] Task 4e8ca0c3-0d8f-4d97-b1f9-96e3694a2663 | ITER: 10 END: OK
2019-12-10 08:01:12.781 20411 INFO rally.task.context [-] Task 4e8ca0c3-0d8f-4d97-b1f9-96e3694a2663 | Context cleanup@openstack cleanup() started
2019-12-10 08:01:12.787 20411 RALLYDEBUG rally_openstack.cleanup.manager [-] Cleaning up nova servers objects
2019-12-10 08:01:14.385 20411 RALLYDEBUG rally_openstack.cleanup.manager [-] Cleaning up nova server_groups objects
2019-12-10 08:01:15.547 20411 RALLYDEBUG rally_openstack.cleanup.manager [-] Cleaning up nova keypairs objects
2019-12-10 08:01:17.902 20411 INFO rally.task.context [-] Task 4e8ca0c3-0d8f-4d97-b1f9-96e3694a2663 | Context cleanup@openstack cleanup() finished in 5.12 sec
2019-12-10 08:01:17.903 20411 INFO rally.task.context [-] Task 4e8ca0c3-0d8f-4d97-b1f9-96e3694a2663 | Context users@openstack cleanup() started
2019-12-10 08:01:22.054 20411 INFO rally.task.context [-] Task 4e8ca0c3-0d8f-4d97-b1f9-96e3694a2663 | Context users@openstack cleanup() finished in 4.15 sec
2019-12-10 08:01:22.651 20411 INFO rally.task.engine [-] Load duration is: 91.799148
2019-12-10 08:01:22.652 20411 INFO rally.task.engine [-] Full runner duration is: 92.852989
2019-12-10 08:01:22.652 20411 INFO rally.task.engine [-] Full duration is: 105.880517
2019-12-10 08:01:23.022 20411 INFO rally.task.engine [-] Running workload: position = 0 config = { "version": 2, "title": "A cropped version of a bigger task.", "description": "Auto-generated task from a single workload (uuid=3350ec78-ded6-4690-849f-0d123fcbe77d)", "subtasks": [ { "title": "NovaServers.boot_server_and_list_interfaces", "description": "Boot a server and list interfaces attached to it.", "scenario": { "NovaServers.boot_server_and_list_interfaces": { "flavor": { "name": "rally_full-flavor_68cbd2e2-4670-4bbc-9b99-19b3f4b7f2a8" }, "image": { "name": "rally_full-img_68cbd2e2-4670-4bbc-9b99-19b3f4b7f2a8" }, "auto_assign_nic": true } }, "contexts": { "users": { "tenants": 3, "users_per_tenant": 2 }, "network": {} }, "runner": { "constant": { "concurrency": 4, "times": 10 } }, "hooks": [], "sla": { "failure_rate": { "max": 0 } } } ] }
2019-12-10 08:01:23.048 20411 RALLYDEBUG rally_openstack.contexts.keystone.users [-] Creating 3 tenants using 20 threads
2019-12-10 08:01:23.999 20411 RALLYDEBUG rally_openstack.contexts.keystone.users [-] Creating 6 users using 20 threads
2019-12-10 08:01:25.579 20411 INFO rally.task.context [-] Task 4e8ca0c3-0d8f-4d97-b1f9-96e3694a2663 | Context users@openstack setup() finished in 2.53 sec
2019-12-10 08:01:28.044 20411 RALLYDEBUG rally_openstack.wrappers.network [-] CIDR generated: 10.2.27.0/24
2019-12-10 08:01:32.759 20411 RALLYDEBUG rally_openstack.wrappers.network [-] CIDR generated: 10.2.28.0/24
2019-12-10 08:01:36.768 20411 RALLYDEBUG rally_openstack.wrappers.network [-] CIDR generated: 10.2.29.0/24
2019-12-10 08:01:39.013 20411 INFO rally.task.context [-] Task 4e8ca0c3-0d8f-4d97-b1f9-96e3694a2663 | Context network@openstack setup() finished in 13.43 sec
2019-12-10 08:01:39.013 20411 INFO rally.task.context [-] Task 4e8ca0c3-0d8f-4d97-b1f9-96e3694a2663 | Context cleanup@openstack setup() finished in 0.04 msec
2019-12-10 08:01:39.926 20411 RALLYDEBUG rally.task.runner [-] Starting the constant runner (task UUID: 4e8ca0c3-0d8f-4d97-b1f9-96e3694a2663). times: 10 concurrency: 4 timeout: 0 max_cpu_used: 16 processes_to_start: 4 concurrency_per_worker: 1 concurrency_overhead: 0
2019-12-10 08:01:39.939 23784 RALLYDEBUG rally.task.runner [-] Starting a worker. times: 10 duration: None concurrency: 1 timeout: 0 cls: method_name: run args: {"flavor": "d4a2a61f-8358-470d-8c42-8a75d9292926", "image": "e2082952-64e1-494f-a61c-acae11bc7e6a", "auto_assign_nic": true}
2019-12-10 08:01:39.942 23785 RALLYDEBUG rally.task.runner [-] Starting a worker. times: 10 duration: None concurrency: 1 timeout: 0 cls: method_name: run args: {"flavor": "d4a2a61f-8358-470d-8c42-8a75d9292926", "image": "e2082952-64e1-494f-a61c-acae11bc7e6a", "auto_assign_nic": true}
2019-12-10 08:01:39.946 23784 INFO rally.task.runner [-] Task 4e8ca0c3-0d8f-4d97-b1f9-96e3694a2663 | ITER: 1 START
2019-12-10 08:01:39.946 23786 RALLYDEBUG rally.task.runner [-] Starting a worker. times: 10 duration: None concurrency: 1 timeout: 0 cls: method_name: run args: {"flavor": "d4a2a61f-8358-470d-8c42-8a75d9292926", "image": "e2082952-64e1-494f-a61c-acae11bc7e6a", "auto_assign_nic": true}
2019-12-10 08:01:39.949 23785 INFO rally.task.runner [-] Task 4e8ca0c3-0d8f-4d97-b1f9-96e3694a2663 | ITER: 2 START
2019-12-10 08:01:39.950 23788 RALLYDEBUG rally.task.runner [-] Starting a worker. times: 10 duration: None concurrency: 1 timeout: 0 cls: method_name: run args: {"flavor": "d4a2a61f-8358-470d-8c42-8a75d9292926", "image": "e2082952-64e1-494f-a61c-acae11bc7e6a", "auto_assign_nic": true}
2019-12-10 08:01:39.954 23786 INFO rally.task.runner [-] Task 4e8ca0c3-0d8f-4d97-b1f9-96e3694a2663 | ITER: 3 START
2019-12-10 08:01:39.957 23788 INFO rally.task.runner [-] Task 4e8ca0c3-0d8f-4d97-b1f9-96e3694a2663 | ITER: 4 START
2019-12-10 08:01:47.077 23786 RALLYDEBUG rally.task.utils [-] Waiting for resource s_rally_3350ec78_iwsMvLgM. Status changed: BUILD => ACTIVE in 4.787696361541748
2019-12-10 08:01:47.179 23786 INFO rally.task.runner [-] Task 4e8ca0c3-0d8f-4d97-b1f9-96e3694a2663 | ITER: 3 END: OK
2019-12-10 08:01:47.185 23786 INFO rally.task.runner [-] Task 4e8ca0c3-0d8f-4d97-b1f9-96e3694a2663 | ITER: 5 START
2019-12-10 08:01:49.155 23788 RALLYDEBUG rally.task.utils [-] Waiting for resource s_rally_3350ec78_FnTqBG5J. Status changed: BUILD => ACTIVE in 6.748804330825806
2019-12-10 08:01:49.252 23788 INFO rally.task.runner [-] Task 4e8ca0c3-0d8f-4d97-b1f9-96e3694a2663 | ITER: 4 END: OK
2019-12-10 08:01:49.258 23788 INFO rally.task.runner [-] Task 4e8ca0c3-0d8f-4d97-b1f9-96e3694a2663 | ITER: 6 START
2019-12-10 08:01:49.421 23784 RALLYDEBUG rally.task.utils [-] Waiting for resource s_rally_3350ec78_DCijtwKO. Status changed: BUILD => ACTIVE in 7.152151584625244
2019-12-10 08:01:49.452 23785 RALLYDEBUG rally.task.utils [-] Waiting for resource s_rally_3350ec78_3VbnJc3L. Status changed: BUILD => ACTIVE in 7.250279903411865
2019-12-10 08:01:49.518 23784 INFO rally.task.runner [-] Task 4e8ca0c3-0d8f-4d97-b1f9-96e3694a2663 | ITER: 1 END: OK
2019-12-10 08:01:49.522 23784 INFO rally.task.runner [-] Task 4e8ca0c3-0d8f-4d97-b1f9-96e3694a2663 | ITER: 7 START
2019-12-10 08:01:49.560 23785 INFO rally.task.runner [-] Task 4e8ca0c3-0d8f-4d97-b1f9-96e3694a2663 | ITER: 2 END: OK
2019-12-10 08:01:49.564 23785 INFO rally.task.runner [-] Task 4e8ca0c3-0d8f-4d97-b1f9-96e3694a2663 | ITER: 8 START
2019-12-10 08:01:56.212 23788 RALLYDEBUG rally.task.utils [-] Waiting for resource s_rally_3350ec78_scxHq3Ub. Status changed: BUILD => ACTIVE in 4.805128812789917
2019-12-10 08:01:56.258 23785 RALLYDEBUG rally.task.utils [-] Waiting for resource s_rally_3350ec78_WKEKOAS6. Status changed: BUILD => ACTIVE in 4.47436261177063
2019-12-10 08:01:56.320 23788 INFO rally.task.runner [-] Task 4e8ca0c3-0d8f-4d97-b1f9-96e3694a2663 | ITER: 6 END: OK
2019-12-10 08:01:56.324 23788 INFO rally.task.runner [-] Task 4e8ca0c3-0d8f-4d97-b1f9-96e3694a2663 | ITER: 9 START
2019-12-10 08:01:56.367 23785 INFO rally.task.runner [-] Task 4e8ca0c3-0d8f-4d97-b1f9-96e3694a2663 | ITER: 8 END: OK
2019-12-10 08:01:56.371 23785 INFO rally.task.runner [-] Task 4e8ca0c3-0d8f-4d97-b1f9-96e3694a2663 | ITER: 10 START
2019-12-10 08:01:58.406 23786 RALLYDEBUG rally.task.utils [-] Waiting for resource s_rally_3350ec78_QjExoIBW. Status changed: BUILD => ACTIVE in 9.032812595367432
2019-12-10 08:01:58.509 23786 INFO rally.task.runner [-] Task 4e8ca0c3-0d8f-4d97-b1f9-96e3694a2663 | ITER: 5 END: OK
2019-12-10 08:01:58.725 23784 RALLYDEBUG rally.task.utils [-] Waiting for resource s_rally_3350ec78_nJQzVfPk. Status changed: BUILD => ACTIVE in 6.784818887710571
2019-12-10 08:01:58.827 23784 INFO rally.task.runner [-] Task 4e8ca0c3-0d8f-4d97-b1f9-96e3694a2663 | ITER: 7 END: OK
2019-12-10 08:02:03.131 23785 RALLYDEBUG rally.task.utils [-] Waiting for resource s_rally_3350ec78_39hmzYeO. Status changed: BUILD => ACTIVE in 4.576613903045654
2019-12-10 08:02:03.247 23785 INFO rally.task.runner [-] Task 4e8ca0c3-0d8f-4d97-b1f9-96e3694a2663 | ITER: 10 END: OK
2019-12-10 08:02:05.727 23788 RALLYDEBUG rally.task.utils [-] Waiting for resource s_rally_3350ec78_EB0kkjMa. Status changed: BUILD => ACTIVE in 6.781580209732056
2019-12-10 08:02:05.895 23788 INFO rally.task.runner [-] Task 4e8ca0c3-0d8f-4d97-b1f9-96e3694a2663 | ITER: 9 END: OK
2019-12-10 08:02:05.921 20411 INFO rally.task.context [-] Task 4e8ca0c3-0d8f-4d97-b1f9-96e3694a2663 | Context cleanup@openstack cleanup() started
2019-12-10 08:02:05.925 20411 RALLYDEBUG rally_openstack.cleanup.manager [-] Cleaning up nova servers objects
2019-12-10 08:02:08.339 20411 RALLYDEBUG rally_openstack.cleanup.manager [-] Deleting nova.servers object s_rally_3350ec78_39hmzYeO (a68b3477-4665-4462-a962-e7db367be027)
2019-12-10 08:02:08.349 20411 RALLYDEBUG rally_openstack.cleanup.manager [-] Deleting nova.servers object s_rally_3350ec78_nJQzVfPk (6b17d092-523b-4665-8e5f-a8c1c067c4f2)
2019-12-10 08:02:08.358 20411 RALLYDEBUG rally_openstack.cleanup.manager [-] Deleting nova.servers object s_rally_3350ec78_WKEKOAS6 (f18e7cc7-afaa-4836-bc69-a5befc9cc982)
2019-12-10 08:02:08.364 20411 RALLYDEBUG rally_openstack.cleanup.manager [-] Deleting nova.servers object s_rally_3350ec78_QjExoIBW (df9fe7ea-6733-4da8-8a95-d58320f101fb)
2019-12-10 08:02:08.369 20411 RALLYDEBUG rally_openstack.cleanup.manager [-] Deleting nova.servers object s_rally_3350ec78_3VbnJc3L (a67f4062-0da3-4414-91ed-bc63352c7d6f)
2019-12-10 08:02:08.384 20411 RALLYDEBUG rally_openstack.cleanup.manager [-] Deleting nova.servers object s_rally_3350ec78_scxHq3Ub (d80eba58-8c87-4fcd-9689-dc57c082a229)
2019-12-10 08:02:08.389 20411 RALLYDEBUG rally_openstack.cleanup.manager [-] Deleting nova.servers object s_rally_3350ec78_DCijtwKO (fb2ea4bd-9064-4195-9f4e-6e50021346af)
2019-12-10 08:02:08.405 20411 RALLYDEBUG rally_openstack.cleanup.manager [-] Deleting nova.servers object s_rally_3350ec78_EB0kkjMa (a1cb2195-79f1-4c41-ae68-445a2a264f0f)
2019-12-10 08:02:08.420 20411 RALLYDEBUG rally_openstack.cleanup.manager [-] Deleting nova.servers object s_rally_3350ec78_FnTqBG5J (820f5d0c-40cb-4311-bc43-e171524e620c)
2019-12-10 08:02:08.455 20411 RALLYDEBUG rally_openstack.cleanup.manager [-] Deleting nova.servers object s_rally_3350ec78_iwsMvLgM (e8f16977-2ef7-4e0e-8a72-b8905e20df31)
2019-12-10 08:02:13.930 20411 RALLYDEBUG rally_openstack.cleanup.manager [-] Cleaning up nova server_groups objects
2019-12-10 08:02:15.108 20411 RALLYDEBUG rally_openstack.cleanup.manager [-] Cleaning up nova keypairs objects
2019-12-10 08:02:17.606 20411 INFO rally.task.context [-] Task 4e8ca0c3-0d8f-4d97-b1f9-96e3694a2663 | Context cleanup@openstack cleanup() finished in 11.69 sec
2019-12-10 08:02:17.607 20411 INFO rally.task.context [-] Task 4e8ca0c3-0d8f-4d97-b1f9-96e3694a2663 | Context network@openstack cleanup() started
2019-12-10 08:02:40.581 20411 INFO rally.task.context [-] Task 4e8ca0c3-0d8f-4d97-b1f9-96e3694a2663 | Context network@openstack cleanup() finished in 22.97 sec
2019-12-10 08:02:40.581 20411 INFO rally.task.context [-] Task 4e8ca0c3-0d8f-4d97-b1f9-96e3694a2663 | Context users@openstack cleanup() started
2019-12-10 08:02:44.967 20411 INFO rally.task.context [-] Task 4e8ca0c3-0d8f-4d97-b1f9-96e3694a2663 | Context users@openstack cleanup() finished in 4.39 sec
2019-12-10 08:02:45.399 20411 INFO rally.task.engine [-] Load duration is: 24.947436
2019-12-10 08:02:45.399 20411 INFO rally.task.engine [-] Full runner duration is: 25.995515
2019-12-10 08:02:45.399 20411 INFO rally.task.engine [-] Full duration is: 81.920657
2019-12-10 08:02:45.746 20411 INFO rally.task.engine [-] Running workload: position = 0 config = { "version": 2, "title": "A cropped version of a bigger task.", "description": "Auto-generated task from a single workload (uuid=a515b298-f4e6-4baa-af6b-1b56c598701e)", "subtasks": [ { "title": "NovaServers.boot_and_get_console_url", "description": "Retrieve a console url of a server.", "scenario": { "NovaServers.boot_and_get_console_url": { "flavor": { "name": "rally_full-flavor_68cbd2e2-4670-4bbc-9b99-19b3f4b7f2a8" }, "image": { "name": "rally_full-img_68cbd2e2-4670-4bbc-9b99-19b3f4b7f2a8" }, "console_type": "novnc", "auto_assign_nic": true } }, "contexts": { "users": { "tenants": 3, "users_per_tenant": 2 }, "network": {} }, "runner": { "constant": { "concurrency": 4, "times": 10 } }, "hooks": [], "sla": { "failure_rate": { "max": 0 } } } ] }
2019-12-10 08:02:45.769 20411 RALLYDEBUG rally_openstack.contexts.keystone.users [-] Creating 3 tenants using 20 threads
2019-12-10 08:02:46.819 20411 RALLYDEBUG rally_openstack.contexts.keystone.users [-] Creating 6 users using 20 threads
2019-12-10 08:02:48.522 20411 INFO rally.task.context [-] Task 4e8ca0c3-0d8f-4d97-b1f9-96e3694a2663 | Context users@openstack setup() finished in 2.75 sec
2019-12-10 08:02:51.147 20411 RALLYDEBUG rally_openstack.wrappers.network [-] CIDR generated: 10.2.30.0/24
2019-12-10 08:02:55.970 20411 RALLYDEBUG rally_openstack.wrappers.network [-] CIDR generated: 10.2.31.0/24
2019-12-10 08:03:00.301 20411 RALLYDEBUG rally_openstack.wrappers.network [-] CIDR generated: 10.2.32.0/24
2019-12-10 08:03:02.556 20411 INFO rally.task.context [-] Task 4e8ca0c3-0d8f-4d97-b1f9-96e3694a2663 | Context network@openstack setup() finished in 14.03 sec
2019-12-10 08:03:02.556 20411 INFO rally.task.context [-] Task 4e8ca0c3-0d8f-4d97-b1f9-96e3694a2663 | Context cleanup@openstack setup() finished in 0.01 msec
2019-12-10 08:03:03.462 20411 RALLYDEBUG rally.task.runner [-] Starting the constant runner (task UUID: 4e8ca0c3-0d8f-4d97-b1f9-96e3694a2663). times: 10 concurrency: 4 timeout: 0 max_cpu_used: 16 processes_to_start: 4 concurrency_per_worker: 1 concurrency_overhead: 0
2019-12-10 08:03:03.475 23948 RALLYDEBUG rally.task.runner [-] Starting a worker. times: 10 duration: None concurrency: 1 timeout: 0 cls: method_name: run args: {"flavor": "d4a2a61f-8358-470d-8c42-8a75d9292926", "image": "e2082952-64e1-494f-a61c-acae11bc7e6a", "console_type": "novnc", "auto_assign_nic": true}
2019-12-10 08:03:03.478 23949 RALLYDEBUG rally.task.runner [-] Starting a worker. times: 10 duration: None concurrency: 1 timeout: 0 cls: method_name: run args: {"flavor": "d4a2a61f-8358-470d-8c42-8a75d9292926", "image": "e2082952-64e1-494f-a61c-acae11bc7e6a", "console_type": "novnc", "auto_assign_nic": true}
2019-12-10 08:03:03.482 23948 INFO rally.task.runner [-] Task 4e8ca0c3-0d8f-4d97-b1f9-96e3694a2663 | ITER: 1 START
2019-12-10 08:03:03.482 23950 RALLYDEBUG rally.task.runner [-] Starting a worker. times: 10 duration: None concurrency: 1 timeout: 0 cls: method_name: run args: {"flavor": "d4a2a61f-8358-470d-8c42-8a75d9292926", "image": "e2082952-64e1-494f-a61c-acae11bc7e6a", "console_type": "novnc", "auto_assign_nic": true}
2019-12-10 08:03:03.485 23949 INFO rally.task.runner [-] Task 4e8ca0c3-0d8f-4d97-b1f9-96e3694a2663 | ITER: 2 START
2019-12-10 08:03:03.486 23952 RALLYDEBUG rally.task.runner [-] Starting a worker. times: 10 duration: None concurrency: 1 timeout: 0 cls: method_name: run args: {"flavor": "d4a2a61f-8358-470d-8c42-8a75d9292926", "image": "e2082952-64e1-494f-a61c-acae11bc7e6a", "console_type": "novnc", "auto_assign_nic": true}
2019-12-10 08:03:03.490 23950 INFO rally.task.runner [-] Task 4e8ca0c3-0d8f-4d97-b1f9-96e3694a2663 | ITER: 3 START
2019-12-10 08:03:03.492 23952 INFO rally.task.runner [-] Task 4e8ca0c3-0d8f-4d97-b1f9-96e3694a2663 | ITER: 4 START
2019-12-10 08:03:10.453 23952 RALLYDEBUG rally.task.utils [-] Waiting for resource s_rally_a515b298_KpO2MQLp. Status changed: BUILD => ACTIVE in 4.7725207805633545
2019-12-10 08:03:10.526 23952 INFO rally.task.runner [-] Task 4e8ca0c3-0d8f-4d97-b1f9-96e3694a2663 | ITER: 4 END: OK
2019-12-10 08:03:10.530 23952 INFO rally.task.runner [-] Task 4e8ca0c3-0d8f-4d97-b1f9-96e3694a2663 | ITER: 5 START
2019-12-10 08:03:12.935 23948 RALLYDEBUG rally.task.utils [-] Waiting for resource s_rally_a515b298_WojyEXh1. Status changed: BUILD => ACTIVE in 6.880709409713745
2019-12-10 08:03:13.018 23948 INFO rally.task.runner [-] Task 4e8ca0c3-0d8f-4d97-b1f9-96e3694a2663 | ITER: 1 END: OK
2019-12-10 08:03:13.023 23948 INFO rally.task.runner [-] Task 4e8ca0c3-0d8f-4d97-b1f9-96e3694a2663 | ITER: 6 START
2019-12-10 08:03:14.820 23950 RALLYDEBUG rally.task.utils [-] Waiting for resource s_rally_a515b298_XvE54RW9. Status changed: BUILD => ACTIVE in 8.973422288894653
2019-12-10 08:03:14.942 23950 INFO rally.task.runner [-] Task 4e8ca0c3-0d8f-4d97-b1f9-96e3694a2663 | ITER: 3 END: OK
2019-12-10 08:03:14.947 23950 INFO rally.task.runner [-] Task 4e8ca0c3-0d8f-4d97-b1f9-96e3694a2663 | ITER: 7 START
2019-12-10 08:03:15.331 23949 RALLYDEBUG rally.task.utils [-] Waiting for resource s_rally_a515b298_hp2SEbEK. Status changed: BUILD => ACTIVE in 8.984831809997559
2019-12-10 08:03:15.400 23949 INFO rally.task.runner [-] Task 4e8ca0c3-0d8f-4d97-b1f9-96e3694a2663 | ITER: 2 END: OK
2019-12-10 08:03:15.405 23949 INFO rally.task.runner [-] Task 4e8ca0c3-0d8f-4d97-b1f9-96e3694a2663 | ITER: 8 START
2019-12-10 08:03:22.128 23948 RALLYDEBUG rally.task.utils [-] Waiting for resource s_rally_a515b298_ufZdAinW. Status changed: BUILD => ACTIVE in 6.774416923522949
2019-12-10 08:03:22.202 23948 INFO rally.task.runner [-] Task 4e8ca0c3-0d8f-4d97-b1f9-96e3694a2663 | ITER: 6 END: OK
2019-12-10 08:03:22.205 23948 INFO rally.task.runner [-] Task 4e8ca0c3-0d8f-4d97-b1f9-96e3694a2663 | ITER: 9 START
2019-12-10 08:03:24.240 23952 RALLYDEBUG rally.task.utils [-] Waiting for resource s_rally_a515b298_MUc0ehK7. Status changed: BUILD => ACTIVE in 11.274930953979492
2019-12-10 08:03:24.317 23952 INFO rally.task.runner [-] Task 4e8ca0c3-0d8f-4d97-b1f9-96e3694a2663 | ITER: 5 END: OK
2019-12-10 08:03:24.323 23952 INFO rally.task.runner [-] Task 4e8ca0c3-0d8f-4d97-b1f9-96e3694a2663 | ITER: 10 START
2019-12-10 08:03:24.532 23949 RALLYDEBUG rally.task.utils [-] Waiting for resource s_rally_a515b298_VUldUTjK. Status changed: BUILD => ACTIVE in 6.866213083267212
2019-12-10 08:03:24.599 23949 INFO rally.task.runner [-] Task 4e8ca0c3-0d8f-4d97-b1f9-96e3694a2663 | ITER: 8 END: OK
2019-12-10 08:03:26.432 23950 RALLYDEBUG rally.task.utils [-] Waiting for resource s_rally_a515b298_2iW9dave. Status changed: BUILD => ACTIVE in 9.211758852005005
2019-12-10 08:03:26.502 23950 INFO rally.task.runner [-] Task 4e8ca0c3-0d8f-4d97-b1f9-96e3694a2663 | ITER: 7 END: OK
2019-12-10 08:03:30.945 23952 RALLYDEBUG rally.task.utils [-] Waiting for resource s_rally_a515b298_GnADeB7L. Status changed: BUILD => ACTIVE in 4.482779502868652
2019-12-10 08:03:31.016 23952 INFO rally.task.runner [-] Task 4e8ca0c3-0d8f-4d97-b1f9-96e3694a2663 | ITER: 10 END: OK
2019-12-10 08:03:33.335 23948 RALLYDEBUG rally.task.utils [-] Waiting for resource s_rally_a515b298_a6IDtb0F. Status changed: BUILD => ACTIVE in 8.922892332077026
2019-12-10 08:03:33.416 23948 INFO rally.task.runner [-] Task 4e8ca0c3-0d8f-4d97-b1f9-96e3694a2663 | ITER: 9 END: OK
2019-12-10 08:03:33.448 20411 INFO rally.task.context [-] Task 4e8ca0c3-0d8f-4d97-b1f9-96e3694a2663 | Context cleanup@openstack cleanup() started
2019-12-10 08:03:33.452 20411 RALLYDEBUG rally_openstack.cleanup.manager [-] Cleaning up nova servers objects
2019-12-10 08:03:36.208 20411 RALLYDEBUG rally_openstack.cleanup.manager [-] Deleting nova.servers object s_rally_a515b298_ufZdAinW (8fe966a1-8207-41b1-afc9-32662c5360b5)
2019-12-10 08:03:36.215 20411 RALLYDEBUG rally_openstack.cleanup.manager [-] Deleting nova.servers object s_rally_a515b298_XvE54RW9 (4cd4730b-933c-407d-9bb4-cf2de3ca4613)
2019-12-10 08:03:36.228 20411 RALLYDEBUG rally_openstack.cleanup.manager [-] Deleting nova.servers object s_rally_a515b298_GnADeB7L (aaa43aef-2366-4e63-aac6-21e9bdf433b7)
2019-12-10 08:03:36.237 20411 RALLYDEBUG rally_openstack.cleanup.manager [-] Deleting nova.servers object s_rally_a515b298_2iW9dave (738d8b4a-b9b0-4aff-ba08-e0b2a0e6cc8e)
2019-12-10 08:03:36.243 20411 RALLYDEBUG rally_openstack.cleanup.manager [-] Deleting nova.servers object s_rally_a515b298_VUldUTjK (ff6cb7b3-8f54-467e-8d62-574585b007d3)
2019-12-10 08:03:36.254 20411 RALLYDEBUG rally_openstack.cleanup.manager [-] Deleting nova.servers object s_rally_a515b298_WojyEXh1 (02f72819-0d2e-4314-ae69-df0eb4f5730d)
2019-12-10 08:03:36.271 20411 RALLYDEBUG rally_openstack.cleanup.manager [-] Deleting nova.servers object s_rally_a515b298_KpO2MQLp (cf9285c6-3a24-45d0-b32c-2b02eada5f54)
2019-12-10 08:03:36.277 20411 RALLYDEBUG rally_openstack.cleanup.manager [-] Deleting nova.servers object s_rally_a515b298_a6IDtb0F (148e5a88-fb14-4e84-bbf8-3884dd8bd5be)
2019-12-10 08:03:36.292 20411 RALLYDEBUG rally_openstack.cleanup.manager [-] Deleting nova.servers object s_rally_a515b298_MUc0ehK7 (78cd0829-14dd-4280-9eab-d0d34d6bd5db)
2019-12-10 08:03:36.308 20411 RALLYDEBUG rally_openstack.cleanup.manager [-] Deleting nova.servers object s_rally_a515b298_hp2SEbEK (cb9329b9-2797-4181-b522-dc08f4d88340)
2019-12-10 08:03:41.979 20411 RALLYDEBUG rally_openstack.cleanup.manager [-] Cleaning up nova server_groups objects
2019-12-10 08:03:43.154 20411 RALLYDEBUG rally_openstack.cleanup.manager [-] Cleaning up nova keypairs objects
2019-12-10 08:03:45.519 20411 INFO rally.task.context [-] Task 4e8ca0c3-0d8f-4d97-b1f9-96e3694a2663 | Context cleanup@openstack cleanup() finished in 12.07 sec
2019-12-10 08:03:45.519 20411 INFO rally.task.context [-] Task 4e8ca0c3-0d8f-4d97-b1f9-96e3694a2663 | Context network@openstack cleanup() started
2019-12-10 08:04:09.311 20411 INFO rally.task.context [-] Task 4e8ca0c3-0d8f-4d97-b1f9-96e3694a2663 | Context network@openstack cleanup() finished in 23.79 sec
2019-12-10 08:04:09.312 20411 INFO rally.task.context [-] Task 4e8ca0c3-0d8f-4d97-b1f9-96e3694a2663 | Context users@openstack cleanup() started
2019-12-10 08:04:13.358 20411 INFO rally.task.context [-] Task 4e8ca0c3-0d8f-4d97-b1f9-96e3694a2663 | Context users@openstack cleanup() finished in 4.05 sec
2019-12-10 08:04:14.172 20411 INFO rally.task.engine [-] Load duration is: 28.931846
2019-12-10 08:04:14.172 20411 INFO rally.task.engine [-] Full runner duration is: 29.98666
2019-12-10 08:04:14.173 20411 INFO rally.task.engine [-] Full duration is: 87.590767
2019-12-10 08:04:14.484 20411 INFO rally.task.engine [-] Running workload: position = 0 config = { "version": 2, "title": "A cropped version of a bigger task.", "description": "Auto-generated task from a single workload (uuid=d4950d59-493a-4ef0-a936-81903b4d7102)", "subtasks": [ { "title": "NovaServers.boot_server_and_attach_interface", "description": "Create server and subnet, then attach the interface to it.", "scenario": { "NovaServers.boot_server_and_attach_interface": { "flavor": { "name": "rally_full-flavor_68cbd2e2-4670-4bbc-9b99-19b3f4b7f2a8" }, "image": { "name": "rally_full-img_68cbd2e2-4670-4bbc-9b99-19b3f4b7f2a8" }, "network_create_args": {}, "subnet_create_args": {}, "boot_server_args": { "auto_assign_nic": true } } }, "contexts": { "users": { "tenants": 3, "users_per_tenant": 2 }, "network": {} }, "runner": { "constant": { "concurrency": 4, "times": 10 } }, "hooks": [], "sla": { "failure_rate": { "max": 0 } } } ] }
2019-12-10 08:04:14.509 20411 RALLYDEBUG rally_openstack.contexts.keystone.users [-] Creating 3 tenants using 20 threads
2019-12-10 08:04:15.690 20411 RALLYDEBUG rally_openstack.contexts.keystone.users [-] Creating 6 users using 20 threads
2019-12-10 08:04:17.384 20411 INFO rally.task.context [-] Task 4e8ca0c3-0d8f-4d97-b1f9-96e3694a2663 | Context users@openstack setup() finished in 2.87 sec
2019-12-10 08:04:19.966 20411 RALLYDEBUG rally_openstack.wrappers.network [-] CIDR generated: 10.2.33.0/24
2019-12-10 08:04:24.428 20411 RALLYDEBUG rally_openstack.wrappers.network [-] CIDR generated: 10.2.34.0/24
2019-12-10 08:04:28.524 20411 RALLYDEBUG rally_openstack.wrappers.network [-] CIDR generated: 10.2.35.0/24
2019-12-10 08:04:31.010 20411 INFO rally.task.context [-] Task 4e8ca0c3-0d8f-4d97-b1f9-96e3694a2663 | Context network@openstack setup() finished in 13.63 sec
2019-12-10 08:04:31.011 20411 INFO rally.task.context [-] Task 4e8ca0c3-0d8f-4d97-b1f9-96e3694a2663 | Context cleanup@openstack setup() finished in 0.01 msec
2019-12-10 08:04:31.926 20411 RALLYDEBUG rally.task.runner [-] Starting the constant runner (task UUID: 4e8ca0c3-0d8f-4d97-b1f9-96e3694a2663). times: 10 concurrency: 4 timeout: 0 max_cpu_used: 16 processes_to_start: 4 concurrency_per_worker: 1 concurrency_overhead: 0
2019-12-10 08:04:31.938 24112 RALLYDEBUG rally.task.runner [-] Starting a worker. times: 10 duration: None concurrency: 1 timeout: 0 cls: method_name: run args: {"flavor": "d4a2a61f-8358-470d-8c42-8a75d9292926", "image": "e2082952-64e1-494f-a61c-acae11bc7e6a", "network_create_args": {}, "subnet_create_args": {}, "boot_server_args": {"auto_assign_nic": true}}
2019-12-10 08:04:31.941 24113 RALLYDEBUG rally.task.runner [-] Starting a worker. times: 10 duration: None concurrency: 1 timeout: 0 cls: method_name: run args: {"flavor": "d4a2a61f-8358-470d-8c42-8a75d9292926", "image": "e2082952-64e1-494f-a61c-acae11bc7e6a", "network_create_args": {}, "subnet_create_args": {}, "boot_server_args": {"auto_assign_nic": true}}
2019-12-10 08:04:31.946 24112 INFO rally.task.runner [-] Task 4e8ca0c3-0d8f-4d97-b1f9-96e3694a2663 | ITER: 1 START
2019-12-10 08:04:31.946 24114 RALLYDEBUG rally.task.runner [-] Starting a worker. times: 10 duration: None concurrency: 1 timeout: 0 cls: method_name: run args: {"flavor": "d4a2a61f-8358-470d-8c42-8a75d9292926", "image": "e2082952-64e1-494f-a61c-acae11bc7e6a", "network_create_args": {}, "subnet_create_args": {}, "boot_server_args": {"auto_assign_nic": true}}
2019-12-10 08:04:31.948 24112 RALLYDEBUG rally_openstack.wrappers.network [-] CIDR generated: 10.2.36.0/24
2019-12-10 08:04:31.949 24113 INFO rally.task.runner [-] Task 4e8ca0c3-0d8f-4d97-b1f9-96e3694a2663 | ITER: 2 START
2019-12-10 08:04:31.949 24116 RALLYDEBUG rally.task.runner [-] Starting a worker. times: 10 duration: None concurrency: 1 timeout: 0 cls: method_name: run args: {"flavor": "d4a2a61f-8358-470d-8c42-8a75d9292926", "image": "e2082952-64e1-494f-a61c-acae11bc7e6a", "network_create_args": {}, "subnet_create_args": {}, "boot_server_args": {"auto_assign_nic": true}}
2019-12-10 08:04:31.951 24113 RALLYDEBUG rally_openstack.wrappers.network [-] CIDR generated: 10.2.37.0/24
2019-12-10 08:04:31.953 24114 INFO rally.task.runner [-] Task 4e8ca0c3-0d8f-4d97-b1f9-96e3694a2663 | ITER: 3 START
2019-12-10 08:04:31.955 24114 RALLYDEBUG rally_openstack.wrappers.network [-] CIDR generated: 10.2.38.0/24
2019-12-10 08:04:31.957 24116 INFO rally.task.runner [-] Task 4e8ca0c3-0d8f-4d97-b1f9-96e3694a2663 | ITER: 4 START
2019-12-10 08:04:31.959 24116 RALLYDEBUG rally_openstack.wrappers.network [-] CIDR generated: 10.2.39.0/24
2019-12-10 08:04:39.741 24114 RALLYDEBUG rally.task.utils [-] Waiting for resource s_rally_d4950d59_wPKI1Jx3. Status changed: BUILD => ACTIVE in 4.849186897277832
2019-12-10 08:04:39.782 24112 RALLYDEBUG rally.task.utils [-] Waiting for resource s_rally_d4950d59_sIUufMAV. Status changed: BUILD => ACTIVE in 4.5869300365448
2019-12-10 08:04:41.979 24116 RALLYDEBUG rally.task.utils [-] Waiting for resource s_rally_d4950d59_JQqGPVrE. Status changed: BUILD => ACTIVE in 6.601419687271118
2019-12-10 08:04:42.116 24113 RALLYDEBUG rally.task.utils [-] Waiting for resource s_rally_d4950d59_Edw0f5AR. Status changed: BUILD => ACTIVE in 6.720108270645142
2019-12-10 08:04:42.506 24112 INFO rally.task.runner [-] Task 4e8ca0c3-0d8f-4d97-b1f9-96e3694a2663 | ITER: 1 END: OK
2019-12-10 08:04:42.511 24112 INFO rally.task.runner [-] Task 4e8ca0c3-0d8f-4d97-b1f9-96e3694a2663 | ITER: 5 START
2019-12-10 08:04:42.512 24112 RALLYDEBUG rally_openstack.wrappers.network [-] CIDR generated: 10.2.40.0/24
2019-12-10 08:04:42.632 24114 INFO rally.task.runner [-] Task 4e8ca0c3-0d8f-4d97-b1f9-96e3694a2663 | ITER: 3 END: OK
2019-12-10 08:04:42.637 24114 INFO rally.task.runner [-] Task 4e8ca0c3-0d8f-4d97-b1f9-96e3694a2663 | ITER: 6 START
2019-12-10 08:04:42.638 24114 RALLYDEBUG rally_openstack.wrappers.network [-] CIDR generated: 10.2.41.0/24
2019-12-10 08:04:44.977 24116 INFO rally.task.runner [-] Task 4e8ca0c3-0d8f-4d97-b1f9-96e3694a2663 | ITER: 4 END: OK
2019-12-10 08:04:44.982 24116 INFO rally.task.runner [-] Task 4e8ca0c3-0d8f-4d97-b1f9-96e3694a2663 | ITER: 7 START
2019-12-10 08:04:44.983 24116 RALLYDEBUG rally_openstack.wrappers.network [-] CIDR generated: 10.2.42.0/24
2019-12-10 08:04:45.328 24113 INFO rally.task.runner [-] Task 4e8ca0c3-0d8f-4d97-b1f9-96e3694a2663 | ITER: 2 END: OK
2019-12-10 08:04:45.333 24113 INFO rally.task.runner [-] Task 4e8ca0c3-0d8f-4d97-b1f9-96e3694a2663 | ITER: 8 START
2019-12-10 08:04:45.334 24113 RALLYDEBUG rally_openstack.wrappers.network [-] CIDR generated: 10.2.43.0/24
2019-12-10 08:04:52.869 24112 RALLYDEBUG rally.task.utils [-] Waiting for resource s_rally_d4950d59_O6LRO9fi. Status changed: BUILD => ACTIVE in 6.649720907211304
2019-12-10 08:04:55.053 24116 RALLYDEBUG rally.task.utils [-] Waiting for resource s_rally_d4950d59_AigmyvSd. Status changed: BUILD => ACTIVE in 6.935655832290649
2019-12-10 08:04:55.259 24112 INFO rally.task.runner [-] Task 4e8ca0c3-0d8f-4d97-b1f9-96e3694a2663 | ITER: 5 END: OK
2019-12-10 08:04:55.265 24112 INFO rally.task.runner [-] Task 4e8ca0c3-0d8f-4d97-b1f9-96e3694a2663 | ITER: 9 START
2019-12-10 08:04:55.266 24112 RALLYDEBUG rally_openstack.wrappers.network [-] CIDR generated: 10.2.44.0/24
2019-12-10 08:04:55.271 24114 RALLYDEBUG rally.task.utils [-] Waiting for resource s_rally_d4950d59_8Sfl9vnM. Status changed: BUILD => ACTIVE in 9.384015083312988
2019-12-10 08:04:57.700 24113 RALLYDEBUG rally.task.utils [-] Waiting for resource s_rally_d4950d59_Th9EqDA4. Status changed: BUILD => ACTIVE in 9.520411014556885
2019-12-10 08:04:58.096 24114 INFO rally.task.runner [-] Task 4e8ca0c3-0d8f-4d97-b1f9-96e3694a2663 | ITER: 6 END: OK
2019-12-10 08:04:58.103 24114 INFO rally.task.runner [-] Task 4e8ca0c3-0d8f-4d97-b1f9-96e3694a2663 | ITER: 10 START
2019-12-10 08:04:58.104 24114 RALLYDEBUG rally_openstack.wrappers.network [-] CIDR generated: 10.2.45.0/24
2019-12-10 08:04:58.541 24116 INFO rally.task.runner [-] Task 4e8ca0c3-0d8f-4d97-b1f9-96e3694a2663 | ITER: 7 END: OK
2019-12-10 08:05:00.467 24113 INFO rally.task.runner [-] Task 4e8ca0c3-0d8f-4d97-b1f9-96e3694a2663 | ITER: 8 END: OK
2019-12-10 08:05:11.756 24112 RALLYDEBUG rally.task.utils [-] Waiting for resource s_rally_d4950d59_A4CSIRp3. Status changed: BUILD => ACTIVE in 13.664848566055298
2019-12-10 08:05:14.864 24112 INFO rally.task.runner [-] Task 4e8ca0c3-0d8f-4d97-b1f9-96e3694a2663 | ITER: 9 END: OK
2019-12-10 08:05:17.039 24114 RALLYDEBUG rally.task.utils [-] Waiting for resource s_rally_d4950d59_PlLJ4Ytr. Status changed: BUILD => ACTIVE in 15.85250449180603
2019-12-10 08:05:20.333 24114 INFO rally.task.runner [-] Task 4e8ca0c3-0d8f-4d97-b1f9-96e3694a2663 | ITER: 10 END: OK
2019-12-10 08:05:20.367 20411 INFO rally.task.context [-] Task 4e8ca0c3-0d8f-4d97-b1f9-96e3694a2663 | Context cleanup@openstack cleanup() started
2019-12-10 08:05:20.370 20411 RALLYDEBUG rally_openstack.cleanup.manager [-] Cleaning up nova servers objects
2019-12-10 08:05:23.090 20411 RALLYDEBUG rally_openstack.cleanup.manager [-] Deleting nova.servers object s_rally_d4950d59_PlLJ4Ytr (98f96bf9-b4c7-4edf-9465-2cbf634b68ad)
2019-12-10 08:05:23.099 20411 RALLYDEBUG rally_openstack.cleanup.manager [-] Deleting nova.servers object s_rally_d4950d59_O6LRO9fi (e4ea6d99-4b18-4984-b9cd-1e0961c65d83)
2019-12-10 08:05:23.108 20411 RALLYDEBUG rally_openstack.cleanup.manager [-] Deleting nova.servers object s_rally_d4950d59_JQqGPVrE (f180567a-2c6c-46d9-8745-0dfa0c7c7e1b)
2019-12-10 08:05:23.117 20411 RALLYDEBUG rally_openstack.cleanup.manager [-] Deleting nova.servers object s_rally_d4950d59_Th9EqDA4 (31e8f579-5556-42c1-83a7-0aa4f5c2823a)
2019-12-10 08:05:23.122 20411 RALLYDEBUG rally_openstack.cleanup.manager [-] Deleting nova.servers object s_rally_d4950d59_AigmyvSd (45d2096d-c48f-46dd-a4a4-776521aadd53)
2019-12-10 08:05:23.134 20411 RALLYDEBUG rally_openstack.cleanup.manager [-] Deleting nova.servers object s_rally_d4950d59_wPKI1Jx3 (2a5b8c00-644f-447c-9239-a86bb2ad2ec2)
2019-12-10 08:05:23.142 20411 RALLYDEBUG rally_openstack.cleanup.manager [-] Deleting nova.servers object s_rally_d4950d59_A4CSIRp3 (eefc60b9-3ba8-4185-bf20-b0f3347a262a)
2019-12-10 08:05:23.182 20411 RALLYDEBUG rally_openstack.cleanup.manager [-] Deleting nova.servers object s_rally_d4950d59_8Sfl9vnM (2cd099fa-6236-4f3d-ab45-c9d9ba64a1c0)
2019-12-10 08:05:23.194 20411 RALLYDEBUG rally_openstack.cleanup.manager [-] Deleting nova.servers object s_rally_d4950d59_sIUufMAV (42ab39a2-eebc-40a1-a53f-fa30265d2b4b)
2019-12-10 08:05:23.199 20411 RALLYDEBUG rally_openstack.cleanup.manager [-] Deleting nova.servers object s_rally_d4950d59_Edw0f5AR (45314b76-eaba-479c-9d7d-f8d1606be4d8)
2019-12-10 08:05:30.248 20411 RALLYDEBUG rally_openstack.cleanup.manager [-] Cleaning up nova server_groups objects
2019-12-10 08:05:31.412 20411 RALLYDEBUG rally_openstack.cleanup.manager [-] Cleaning up nova keypairs objects
2019-12-10 08:05:33.771 20411 RALLYDEBUG rally_openstack.cleanup.manager [-] Cleaning up neutron vip objects
2019-12-10 08:05:34.891 20411 RALLYDEBUG rally_openstack.cleanup.manager [-] Cleaning up neutron health_monitor objects
2019-12-10 08:05:36.014 20411 RALLYDEBUG rally_openstack.cleanup.manager [-] Cleaning up neutron pool objects
2019-12-10 08:05:37.160 20411 RALLYDEBUG rally_openstack.cleanup.manager [-] Cleaning up neutron loadbalancer objects
2019-12-10 08:05:38.281 20411 RALLYDEBUG rally_openstack.cleanup.manager [-] Cleaning up neutron floatingip objects
2019-12-10 08:05:39.516 20411 RALLYDEBUG rally_openstack.cleanup.manager [-] Cleaning up neutron trunk objects
2019-12-10 08:05:40.695 20411 RALLYDEBUG rally_openstack.cleanup.manager [-] Cleaning up neutron port objects
2019-12-10 08:05:43.009 20411 RALLYDEBUG rally_openstack.cleanup.manager [-] Cleaning up neutron subnet objects
2019-12-10 08:05:44.325 20411 RALLYDEBUG rally_openstack.cleanup.manager [-] Deleting neutron.subnet object s_rally_d4950d59_lhFUaFu3 (7135d445-24ee-48cf-b864-ffea9c5fd486)
2019-12-10 08:05:44.335 20411 RALLYDEBUG rally_openstack.cleanup.manager [-] Deleting neutron.subnet object s_rally_d4950d59_vwulIpQP (c6c059e2-b92c-43e7-8816-45a4301751f5)
2019-12-10 08:05:44.344 20411 RALLYDEBUG rally_openstack.cleanup.manager [-] Deleting neutron.subnet object s_rally_d4950d59_Aw6xI1bt (f3e461d6-26ed-4f81-a95f-dc803417e2c1)
2019-12-10 08:05:44.353 20411 RALLYDEBUG rally_openstack.cleanup.manager [-] Deleting neutron.subnet object s_rally_d4950d59_ibZawHfW (4973a1ce-2095-47ce-8e84-2c1a9a8b8137)
2019-12-10 08:05:44.369 20411 RALLYDEBUG rally_openstack.cleanup.manager [-] Deleting neutron.subnet object s_rally_d4950d59_1dNAfa4S (ef5723b4-74f3-40e0-a228-0ac7ea9f7b15)
2019-12-10 08:05:44.375 20411 RALLYDEBUG rally_openstack.cleanup.manager [-] Deleting neutron.subnet object s_rally_d4950d59_OdmWUGTc (bd221306-1f32-47af-b0bf-bd73359d00d7)
2019-12-10 08:05:44.400 20411 RALLYDEBUG rally_openstack.cleanup.manager [-] Deleting neutron.subnet object s_rally_d4950d59_hUOV7ka8 (a20e080d-921e-4ea4-a5df-69c3645eb8aa)
2019-12-10 08:05:44.405 20411 RALLYDEBUG rally_openstack.cleanup.manager [-] Deleting neutron.subnet object s_rally_d4950d59_Q9FgHXS6 (bcb5c453-ca94-442f-9573-f40892f0ee8d)
2019-12-10 08:05:44.419 20411 RALLYDEBUG rally_openstack.cleanup.manager [-] Deleting neutron.subnet object s_rally_d4950d59_4EFqAMCC (7dff48d7-8b4a-4124-9bb1-998a0284f05f)
2019-12-10 08:05:44.427 20411 RALLYDEBUG rally_openstack.cleanup.manager [-] Deleting neutron.subnet object s_rally_d4950d59_huXa7J7T (bf9f10b5-5c30-4c69-aea7-71b67cd62dc4)
2019-12-10 08:05:51.395 20411 RALLYDEBUG rally_openstack.cleanup.manager [-] Cleaning up neutron network objects
2019-12-10 08:05:52.772 20411 RALLYDEBUG rally_openstack.cleanup.manager [-] Cleaning up neutron router objects
2019-12-10 08:05:54.264 20411 RALLYDEBUG rally_openstack.cleanup.manager [-] Cleaning up neutron security_group objects
2019-12-10 08:05:55.522 20411 INFO rally.task.context [-] Task 4e8ca0c3-0d8f-4d97-b1f9-96e3694a2663 | Context cleanup@openstack cleanup() finished in 35.16 sec
2019-12-10 08:05:55.523 20411 INFO rally.task.context [-] Task 4e8ca0c3-0d8f-4d97-b1f9-96e3694a2663 | Context network@openstack cleanup() started
2019-12-10 08:06:18.587 20411 INFO rally.task.context [-] Task 4e8ca0c3-0d8f-4d97-b1f9-96e3694a2663 | Context network@openstack cleanup() finished in 23.06 sec
2019-12-10 08:06:18.587 20411 INFO rally.task.context [-] Task 4e8ca0c3-0d8f-4d97-b1f9-96e3694a2663 | Context users@openstack cleanup() started
2019-12-10 08:06:22.765 20411 INFO rally.task.context [-] Task 4e8ca0c3-0d8f-4d97-b1f9-96e3694a2663 | Context users@openstack cleanup() finished in 4.18 sec
2019-12-10 08:06:23.061 20411 INFO rally.task.engine [-] Load duration is: 47.385976
2019-12-10 08:06:23.061 20411 INFO rally.task.engine [-] Full runner duration is: 48.441559
2019-12-10 08:06:23.062 20411 INFO rally.task.engine [-] Full duration is: 128.258362
2019-12-10 08:06:23.448 20411 INFO rally.task.engine [-] Running workload: position = 0 config = { "version": 2, "title": "A cropped version of a bigger task.", "description": "Auto-generated task from a single workload (uuid=409abea7-f523-4859-ba41-1769fa6a7c78)", "subtasks": [ { "title": "NovaServers.boot_server_attach_volume_and_list_attachments", "description": "Create a VM, attach N volume to it and list server's attachemnt.", "scenario": { "NovaServers.boot_server_attach_volume_and_list_attachments": { "flavor": { "name": "rally_full-flavor_68cbd2e2-4670-4bbc-9b99-19b3f4b7f2a8" }, "image": { "name": "rally_full-img_68cbd2e2-4670-4bbc-9b99-19b3f4b7f2a8" }, "volume_size": 1, "volume_num": 1, "create_volume_kwargs": {}, "boot_server_kwargs": { "auto_assign_nic": true } } }, "contexts": { "users": { "tenants": 3, "users_per_tenant": 2 }, "network": {}, "api_versions": { "cinder": { "version": 3, "service_type": "volumev3" } } }, "runner": { "constant": { "concurrency": 4, "times": 10 } }, "hooks": [], "sla": { "failure_rate": { "max": 0 } } } ] }
2019-12-10 08:06:23.473 20411 RALLYDEBUG rally_openstack.contexts.keystone.users [-] Creating 3 tenants using 20 threads
2019-12-10 08:06:24.675 20411 RALLYDEBUG rally_openstack.contexts.keystone.users [-] Creating 6 users using 20 threads
2019-12-10 08:06:26.252 20411 INFO rally.task.context [-] Task 4e8ca0c3-0d8f-4d97-b1f9-96e3694a2663 | Context users@openstack setup() finished in 2.78 sec
2019-12-10 08:06:26.664 20411 INFO rally.task.context [-] Task 4e8ca0c3-0d8f-4d97-b1f9-96e3694a2663 | Context api_versions@openstack setup() finished in 0.41 sec
2019-12-10 08:06:29.666 20411 RALLYDEBUG rally_openstack.wrappers.network [-] CIDR generated: 10.2.46.0/24
2019-12-10 08:06:34.093 20411 RALLYDEBUG rally_openstack.wrappers.network [-] CIDR generated: 10.2.47.0/24
2019-12-10 08:06:38.438 20411 RALLYDEBUG rally_openstack.wrappers.network [-] CIDR generated: 10.2.48.0/24
2019-12-10 08:06:40.773 20411 INFO rally.task.context [-] Task 4e8ca0c3-0d8f-4d97-b1f9-96e3694a2663 | Context network@openstack setup() finished in 14.11 sec
2019-12-10 08:06:40.773 20411 INFO rally.task.context [-] Task 4e8ca0c3-0d8f-4d97-b1f9-96e3694a2663 | Context cleanup@openstack setup() finished in 0.01 msec
2019-12-10 08:06:41.729 20411 RALLYDEBUG rally.task.runner [-] Starting the constant runner (task UUID: 4e8ca0c3-0d8f-4d97-b1f9-96e3694a2663). times: 10 concurrency: 4 timeout: 0 max_cpu_used: 16 processes_to_start: 4 concurrency_per_worker: 1 concurrency_overhead: 0
2019-12-10 08:06:41.742 24496 RALLYDEBUG rally.task.runner [-] Starting a worker. times: 10 duration: None concurrency: 1 timeout: 0 cls: method_name: run args: {"flavor": "d4a2a61f-8358-470d-8c42-8a75d9292926", "image": "e2082952-64e1-494f-a61c-acae11bc7e6a", "volume_size": 1, "volume_num": 1, "create_volume_kwargs": {}, "boot_server_kwargs": {"auto_assign_nic": true}}
2019-12-10 08:06:41.746 24497 RALLYDEBUG rally.task.runner [-] Starting a worker. times: 10 duration: None concurrency: 1 timeout: 0 cls: method_name: run args: {"flavor": "d4a2a61f-8358-470d-8c42-8a75d9292926", "image": "e2082952-64e1-494f-a61c-acae11bc7e6a", "volume_size": 1, "volume_num": 1, "create_volume_kwargs": {}, "boot_server_kwargs": {"auto_assign_nic": true}}
2019-12-10 08:06:41.750 24496 INFO rally.task.runner [-] Task 4e8ca0c3-0d8f-4d97-b1f9-96e3694a2663 | ITER: 1 START
2019-12-10 08:06:41.749 24498 RALLYDEBUG rally.task.runner [-] Starting a worker. times: 10 duration: None concurrency: 1 timeout: 0 cls: method_name: run args: {"flavor": "d4a2a61f-8358-470d-8c42-8a75d9292926", "image": "e2082952-64e1-494f-a61c-acae11bc7e6a", "volume_size": 1, "volume_num": 1, "create_volume_kwargs": {}, "boot_server_kwargs": {"auto_assign_nic": true}}
2019-12-10 08:06:41.753 24500 RALLYDEBUG rally.task.runner [-] Starting a worker. times: 10 duration: None concurrency: 1 timeout: 0 cls: method_name: run args: {"flavor": "d4a2a61f-8358-470d-8c42-8a75d9292926", "image": "e2082952-64e1-494f-a61c-acae11bc7e6a", "volume_size": 1, "volume_num": 1, "create_volume_kwargs": {}, "boot_server_kwargs": {"auto_assign_nic": true}}
2019-12-10 08:06:41.753 24497 INFO rally.task.runner [-] Task 4e8ca0c3-0d8f-4d97-b1f9-96e3694a2663 | ITER: 2 START
2019-12-10 08:06:41.757 24498 INFO rally.task.runner [-] Task 4e8ca0c3-0d8f-4d97-b1f9-96e3694a2663 | ITER: 3 START
2019-12-10 08:06:41.759 24500 INFO rally.task.runner [-] Task 4e8ca0c3-0d8f-4d97-b1f9-96e3694a2663 | ITER: 4 START
2019-12-10 08:06:48.607 24498 RALLYDEBUG rally.task.utils [-] Waiting for resource s_rally_409abea7_mOQlgAvm. Status changed: BUILD => ACTIVE in 4.594671010971069
2019-12-10 08:06:49.010 24500 RALLYDEBUG rally.task.utils [-] Waiting for resource s_rally_409abea7_XLH5qELB. Status changed: BUILD => ACTIVE in 4.705281972885132
2019-12-10 08:06:50.937 24497 RALLYDEBUG rally.task.utils [-] Waiting for resource s_rally_409abea7_nHc6OZOg. Status changed: BUILD => ACTIVE in 6.86420750617981
2019-12-10 08:06:51.134 24496 RALLYDEBUG rally.task.utils [-] Waiting for resource s_rally_409abea7_uRhjpoAX. Status changed: BUILD => ACTIVE in 7.032594442367554
2019-12-10 08:06:52.045 24498 RALLYDEBUG rally.task.utils [-] Waiting for resource s_rally_409abea7_sjRrWczo. Status changed: AVAILABLE => RESERVED in 0.42113280296325684
2019-12-10 08:06:52.464 24500 RALLYDEBUG rally.task.utils [-] Waiting for resource s_rally_409abea7_i6loo67l. Status changed: AVAILABLE => RESERVED in 0.40582728385925293
2019-12-10 08:06:54.104 24497 RALLYDEBUG rally.task.utils [-] Waiting for resource s_rally_409abea7_zGCbX8RF. Status changed: AVAILABLE => RESERVED in 0.439725399017334
2019-12-10 08:06:54.330 24496 RALLYDEBUG rally.task.utils [-] Waiting for resource s_rally_409abea7_IqHi3zjD. Status changed: AVAILABLE => RESERVED in 0.41181159019470215
2019-12-10 08:06:54.455 24498 RALLYDEBUG rally.task.utils [-] Waiting for resource s_rally_409abea7_sjRrWczo. Status changed: RESERVED => IN-USE in 2.410395622253418
2019-12-10 08:06:54.507 24498 INFO rally.task.runner [-] Task 4e8ca0c3-0d8f-4d97-b1f9-96e3694a2663 | ITER: 3 END: OK
2019-12-10 08:06:54.511 24498 INFO rally.task.runner [-] Task 4e8ca0c3-0d8f-4d97-b1f9-96e3694a2663 | ITER: 5 START
2019-12-10 08:06:54.882 24500 RALLYDEBUG rally.task.utils [-] Waiting for resource s_rally_409abea7_i6loo67l. Status changed: RESERVED => IN-USE in 2.418084144592285
2019-12-10 08:06:54.931 24500 INFO rally.task.runner [-] Task 4e8ca0c3-0d8f-4d97-b1f9-96e3694a2663 | ITER: 4 END: OK
2019-12-10 08:06:54.936 24500 INFO rally.task.runner [-] Task 4e8ca0c3-0d8f-4d97-b1f9-96e3694a2663 | ITER: 6 START
2019-12-10 08:06:56.529 24497 RALLYDEBUG rally.task.utils [-] Waiting for resource s_rally_409abea7_zGCbX8RF. Status changed: RESERVED => IN-USE in 2.4256908893585205
2019-12-10 08:06:56.586 24497 INFO rally.task.runner [-] Task 4e8ca0c3-0d8f-4d97-b1f9-96e3694a2663 | ITER: 2 END: OK
2019-12-10 08:06:56.591 24497 INFO rally.task.runner [-] Task 4e8ca0c3-0d8f-4d97-b1f9-96e3694a2663 | ITER: 7 START
2019-12-10 08:06:56.748 24496 RALLYDEBUG rally.task.utils [-] Waiting for resource s_rally_409abea7_IqHi3zjD. Status changed: RESERVED => IN-USE in 2.4172751903533936
2019-12-10 08:06:56.807 24496 INFO rally.task.runner [-] Task 4e8ca0c3-0d8f-4d97-b1f9-96e3694a2663 | ITER: 1 END: OK
2019-12-10 08:06:56.812 24496 INFO rally.task.runner [-] Task 4e8ca0c3-0d8f-4d97-b1f9-96e3694a2663 | ITER: 8 START
2019-12-10 08:07:03.456 24496 RALLYDEBUG rally.task.utils [-] Waiting for resource s_rally_409abea7_Dks05Shm. Status changed: BUILD => ACTIVE in 4.444500684738159
2019-12-10 08:07:03.864 24498 RALLYDEBUG rally.task.utils [-] Waiting for resource s_rally_409abea7_AYE5YxPl. Status changed: BUILD => ACTIVE in 6.902451038360596
2019-12-10 08:07:04.071 24500 RALLYDEBUG rally.task.utils [-] Waiting for resource s_rally_409abea7_ApEv6eE8. Status changed: BUILD => ACTIVE in 6.848167896270752
2019-12-10 08:07:05.579 24497 RALLYDEBUG rally.task.utils [-] Waiting for resource s_rally_409abea7_2S8SaM4Q. Status changed: BUILD => ACTIVE in 6.751164197921753
2019-12-10 08:07:06.605 24496 RALLYDEBUG rally.task.utils [-] Waiting for resource s_rally_409abea7_tp6oKZh9. Status changed: AVAILABLE => RESERVED in 0.40625762939453125
2019-12-10 08:07:06.868 24498 RALLYDEBUG rally.task.utils [-] Waiting for resource s_rally_409abea7_zeFTyJaE. Status changed: AVAILABLE => RESERVED in 0.4243009090423584
2019-12-10 08:07:07.098 24500 RALLYDEBUG rally.task.utils [-] Waiting for resource s_rally_409abea7_D3ll942Y. Status changed: AVAILABLE => RESERVED in 0.4153010845184326
2019-12-10 08:07:08.660 24497 RALLYDEBUG rally.task.utils [-] Waiting for resource s_rally_409abea7_kDIgAH3Y. Status changed: AVAILABLE => RESERVED in 0.41497802734375
2019-12-10 08:07:09.013 24496 RALLYDEBUG rally.task.utils [-] Waiting for resource s_rally_409abea7_tp6oKZh9. Status changed: RESERVED => IN-USE in 2.408273696899414
2019-12-10 08:07:09.061 24496 INFO rally.task.runner [-] Task 4e8ca0c3-0d8f-4d97-b1f9-96e3694a2663 | ITER: 8 END: OK
2019-12-10 08:07:09.066 24496 INFO rally.task.runner [-] Task 4e8ca0c3-0d8f-4d97-b1f9-96e3694a2663 | ITER: 9 START
2019-12-10 08:07:09.296 24498 RALLYDEBUG rally.task.utils [-] Waiting for resource s_rally_409abea7_zeFTyJaE. Status changed: RESERVED => IN-USE in 2.427726984024048
2019-12-10 08:07:09.345 24498 INFO rally.task.runner [-] Task 4e8ca0c3-0d8f-4d97-b1f9-96e3694a2663 | ITER: 5 END: OK
2019-12-10 08:07:09.350 24498 INFO rally.task.runner [-] Task 4e8ca0c3-0d8f-4d97-b1f9-96e3694a2663 | ITER: 10 START
2019-12-10 08:07:09.510 24500 RALLYDEBUG rally.task.utils [-] Waiting for resource s_rally_409abea7_D3ll942Y. Status changed: RESERVED => IN-USE in 2.4116694927215576
2019-12-10 08:07:09.574 24500 INFO rally.task.runner [-] Task 4e8ca0c3-0d8f-4d97-b1f9-96e3694a2663 | ITER: 6 END: OK
2019-12-10 08:07:11.069 24497 RALLYDEBUG rally.task.utils [-] Waiting for resource s_rally_409abea7_kDIgAH3Y. Status changed: RESERVED => IN-USE in 2.408785104751587
2019-12-10 08:07:11.118 24497 INFO rally.task.runner [-] Task 4e8ca0c3-0d8f-4d97-b1f9-96e3694a2663 | ITER: 7 END: OK
2019-12-10 08:07:16.312 24496 RALLYDEBUG rally.task.utils [-] Waiting for resource s_rally_409abea7_hLB14xry. Status changed: BUILD => ACTIVE in 4.92394757270813
2019-12-10 08:07:18.685 24498 RALLYDEBUG rally.task.utils [-] Waiting for resource s_rally_409abea7_hVttwMd5. Status changed: BUILD => ACTIVE in 7.016013145446777
2019-12-10 08:07:19.412 24496 RALLYDEBUG rally.task.utils [-] Waiting for resource s_rally_409abea7_fgeoz9Dd. Status changed: AVAILABLE => RESERVED in 0.4326627254486084
2019-12-10 08:07:21.797 24498 RALLYDEBUG rally.task.utils [-] Waiting for resource s_rally_409abea7_PwyrWQVW. Status changed: AVAILABLE => RESERVED in 0.4224121570587158
2019-12-10 08:07:21.856 24496 RALLYDEBUG rally.task.utils [-] Waiting for resource s_rally_409abea7_fgeoz9Dd. Status changed: RESERVED => IN-USE in 2.443967342376709
2019-12-10 08:07:21.914 24496 INFO rally.task.runner [-] Task 4e8ca0c3-0d8f-4d97-b1f9-96e3694a2663 | ITER: 9 END: OK
2019-12-10 08:07:24.263 24498 RALLYDEBUG rally.task.utils [-] Waiting for resource s_rally_409abea7_PwyrWQVW. Status changed: RESERVED => IN-USE in 2.465982437133789
2019-12-10 08:07:24.325 24498 INFO rally.task.runner [-] Task 4e8ca0c3-0d8f-4d97-b1f9-96e3694a2663 | ITER: 10 END: OK
2019-12-10 08:07:24.358 20411 INFO rally.task.context [-] Task 4e8ca0c3-0d8f-4d97-b1f9-96e3694a2663 | Context cleanup@openstack cleanup() started
2019-12-10 08:07:24.362 20411 RALLYDEBUG rally_openstack.cleanup.manager [-] Cleaning up nova servers objects
2019-12-10 08:07:26.886 20411 RALLYDEBUG rally_openstack.cleanup.manager [-] Deleting nova.servers object s_rally_409abea7_hLB14xry (8eb9ba98-c6f9-4150-91f1-91d2a097be88)
2019-12-10 08:07:26.893 20411 RALLYDEBUG rally_openstack.cleanup.manager [-] Deleting nova.servers object s_rally_409abea7_AYE5YxPl (cda2317a-9242-4887-bf0f-3ab88b76217f)
2019-12-10 08:07:26.905 20411 RALLYDEBUG rally_openstack.cleanup.manager [-] Deleting nova.servers object s_rally_409abea7_uRhjpoAX (0bc1836b-1d37-474a-91c0-9129075cf674)
2019-12-10 08:07:26.915 20411 RALLYDEBUG rally_openstack.cleanup.manager [-] Deleting nova.servers object s_rally_409abea7_hVttwMd5 (a630c967-a4ec-4ae0-b3d4-170650b01664)
