2019-12-10 06:30:42.304 2601 INFO rally.task.runner [-] Task c543cf46-2d88-4b57-9539-d9d0aac4e762 | ITER: 5 END: OK
2019-12-10 06:30:42.305 2602 INFO rally.task.runner [-] Task c543cf46-2d88-4b57-9539-d9d0aac4e762 | ITER: 7 END: OK
2019-12-10 06:30:42.308 2603 INFO rally.task.runner [-] Task c543cf46-2d88-4b57-9539-d9d0aac4e762 | ITER: 10 START
2019-12-10 06:30:45.046 2604 INFO rally.task.runner [-] Task c543cf46-2d88-4b57-9539-d9d0aac4e762 | ITER: 9 END: OK
2019-12-10 06:30:45.085 2603 INFO rally.task.runner [-] Task c543cf46-2d88-4b57-9539-d9d0aac4e762 | ITER: 10 END: OK
2019-12-10 06:30:45.112 1845 INFO rally.task.context [-] Task c543cf46-2d88-4b57-9539-d9d0aac4e762 | Context cleanup@openstack cleanup() started
2019-12-10 06:30:45.116 1845 RALLYDEBUG rally_openstack.cleanup.manager [-] Cleaning up cinder backups objects
2019-12-10 06:30:46.312 1845 RALLYDEBUG rally_openstack.cleanup.manager [-] Cleaning up cinder volume_snapshots objects
2019-12-10 06:30:47.457 1845 RALLYDEBUG rally_openstack.cleanup.manager [-] Cleaning up cinder transfers objects
2019-12-10 06:30:48.602 1845 RALLYDEBUG rally_openstack.cleanup.manager [-] Cleaning up cinder volumes objects
2019-12-10 06:30:49.860 1845 RALLYDEBUG rally_openstack.cleanup.manager [-] Deleting cinder.volumes object s_rally_6cb30cf8_0HDo8Hx2 (f7e24e76-008a-44e0-b0c8-e89e67fbbb1a)
2019-12-10 06:30:49.869 1845 RALLYDEBUG rally_openstack.cleanup.manager [-] Deleting cinder.volumes object s_rally_6cb30cf8_7DIjmdDN (2ad0710f-2741-4d90-9012-e8231ac8b6bd)
2019-12-10 06:30:49.878 1845 RALLYDEBUG rally_openstack.cleanup.manager [-] Deleting cinder.volumes object s_rally_6cb30cf8_gwaKBDPU (52175a22-b223-44ae-8ab1-919178cb25cd)
2019-12-10 06:30:49.887 1845 RALLYDEBUG rally_openstack.cleanup.manager [-] Deleting cinder.volumes object s_rally_6cb30cf8_YlPFXqyc (897a591d-126b-4ec3-b8b0-ca0e2b2b24a0)
2019-12-10 06:30:49.891 1845 RALLYDEBUG rally_openstack.cleanup.manager [-] Deleting cinder.volumes object s_rally_6cb30cf8_M4glfWvX (2d3f3abf-d9c3-4c60-8268-46d15b044592)
2019-12-10 06:30:49.906 1845 RALLYDEBUG rally_openstack.cleanup.manager [-] Deleting cinder.volumes object s_rally_6cb30cf8_hT1nCXXZ (8edbff86-0a37-48c9-a435-47918f634ee1)
2019-12-10 06:30:49.915 1845 RALLYDEBUG rally_openstack.cleanup.manager [-] Deleting cinder.volumes object s_rally_6cb30cf8_Qi8681ex (e9844f35-c423-4ac2-87ab-c47fd0a7a499)
2019-12-10 06:30:49.927 1845 RALLYDEBUG rally_openstack.cleanup.manager [-] Deleting cinder.volumes object s_rally_6cb30cf8_mqdy1yvJ (923947ab-143c-49d9-89a5-9a9b8fe2a56d)
2019-12-10 06:30:49.932 1845 RALLYDEBUG rally_openstack.cleanup.manager [-] Deleting cinder.volumes object s_rally_6cb30cf8_XDB75oqQ (411b9d4a-0c01-4b82-b4ce-567df71d4a58)
2019-12-10 06:30:49.942 1845 RALLYDEBUG rally_openstack.cleanup.manager [-] Deleting cinder.volumes object s_rally_6cb30cf8_rlJJOuMG (ca6902cf-d6c9-4516-845a-6f5b84c313ca)
2019-12-10 06:30:53.798 1845 INFO rally.task.context [-] Task c543cf46-2d88-4b57-9539-d9d0aac4e762 | Context cleanup@openstack cleanup() finished in 8.69 sec
2019-12-10 06:30:53.799 1845 INFO rally.task.context [-] Task c543cf46-2d88-4b57-9539-d9d0aac4e762 | Context quotas@openstack cleanup() started
2019-12-10 06:30:53.883 1845 INFO rally.task.context [-] Task c543cf46-2d88-4b57-9539-d9d0aac4e762 | Context quotas@openstack cleanup() finished in 83.72 msec
2019-12-10 06:30:53.883 1845 INFO rally.task.context [-] Task c543cf46-2d88-4b57-9539-d9d0aac4e762 | Context api_versions@openstack cleanup() started
2019-12-10 06:30:53.883 1845 INFO rally.task.context [-] Task c543cf46-2d88-4b57-9539-d9d0aac4e762 | Context api_versions@openstack cleanup() finished in 0.34 msec
2019-12-10 06:30:53.884 1845 INFO rally.task.context [-] Task c543cf46-2d88-4b57-9539-d9d0aac4e762 | Context users@openstack cleanup() started
2019-12-10 06:30:58.494 1845 INFO rally.task.context [-] Task c543cf46-2d88-4b57-9539-d9d0aac4e762 | Context users@openstack cleanup() finished in 4.61 sec
2019-12-10 06:30:58.636 1845 INFO rally.task.engine [-] Load duration is: 8.574753
2019-12-10 06:30:58.637 1845 INFO rally.task.engine [-] Full runner duration is: 8.625117
2019-12-10 06:30:58.637 1845 INFO rally.task.engine [-] Full duration is: 26.031175
2019-12-10 06:30:59.002 1845 INFO rally.task.engine [-] Running workload: position = 0 config = { "version": 2, "title": "A cropped version of a bigger task.", "description": "Auto-generated task from a single workload (uuid=b5e5aa42-7c55-455e-a32e-795b1263590c)", "subtasks": [ { "title": "CinderVolumes.create_and_upload_volume_to_image", "description": "Create and upload a volume to image.", "scenario": { "CinderVolumes.create_and_upload_volume_to_image": { "container_format": "bare", "disk_format": "raw", "do_delete": true, "force": false, "size": 1 } }, "contexts": { "users": { "tenants": 3, "users_per_tenant": 2 }, "quotas": { "cinder": { "gigabytes": -1, "snapshots": -1, "volumes": -1 } }, "api_versions": { "cinder": { "version": 3, "service_type": "volumev3" } } }, "runner": { "constant": { "concurrency": 4, "times": 10 } }, "hooks": [], "sla": { "failure_rate": { "max": 0 } } } ] }
2019-12-10 06:30:59.027 1845 RALLYDEBUG rally_openstack.contexts.keystone.users [-] Creating 3 tenants using 20 threads
2019-12-10 06:31:00.039 1845 RALLYDEBUG rally_openstack.contexts.keystone.users [-] Creating 6 users using 20 threads
2019-12-10 06:31:01.601 1845 INFO rally.task.context [-] Task c543cf46-2d88-4b57-9539-d9d0aac4e762 | Context users@openstack setup() finished in 2.57 sec
2019-12-10 06:31:02.000 1845 INFO rally.task.context [-] Task c543cf46-2d88-4b57-9539-d9d0aac4e762 | Context api_versions@openstack setup() finished in 0.40 sec
2019-12-10 06:31:02.905 1845 INFO rally.task.context [-] Task c543cf46-2d88-4b57-9539-d9d0aac4e762 | Context quotas@openstack setup() finished in 0.90 sec
2019-12-10 06:31:02.906 1845 INFO rally.task.context [-] Task c543cf46-2d88-4b57-9539-d9d0aac4e762 | Context cleanup@openstack setup() finished in 0.01 msec
2019-12-10 06:31:02.915 1845 RALLYDEBUG rally.task.runner [-] Starting the constant runner (task UUID: c543cf46-2d88-4b57-9539-d9d0aac4e762). times: 10 concurrency: 4 timeout: 0 max_cpu_used: 16 processes_to_start: 4 concurrency_per_worker: 1 concurrency_overhead: 0
2019-12-10 06:31:02.927 2785 RALLYDEBUG rally.task.runner [-] Starting a worker. times: 10 duration: None concurrency: 1 timeout: 0 cls: method_name: run args: {"container_format": "bare", "disk_format": "raw", "do_delete": true, "force": false, "size": 1}
2019-12-10 06:31:02.930 2786 RALLYDEBUG rally.task.runner [-] Starting a worker. times: 10 duration: None concurrency: 1 timeout: 0 cls: method_name: run args: {"container_format": "bare", "disk_format": "raw", "do_delete": true, "force": false, "size": 1}
2019-12-10 06:31:02.934 2785 INFO rally.task.runner [-] Task c543cf46-2d88-4b57-9539-d9d0aac4e762 | ITER: 1 START
2019-12-10 06:31:02.934 2787 RALLYDEBUG rally.task.runner [-] Starting a worker. times: 10 duration: None concurrency: 1 timeout: 0 cls: method_name: run args: {"container_format": "bare", "disk_format": "raw", "do_delete": true, "force": false, "size": 1}
2019-12-10 06:31:02.937 2786 INFO rally.task.runner [-] Task c543cf46-2d88-4b57-9539-d9d0aac4e762 | ITER: 2 START
2019-12-10 06:31:02.937 2788 RALLYDEBUG rally.task.runner [-] Starting a worker. times: 10 duration: None concurrency: 1 timeout: 0 cls: method_name: run args: {"container_format": "bare", "disk_format": "raw", "do_delete": true, "force": false, "size": 1}
2019-12-10 06:31:02.940 2787 INFO rally.task.runner [-] Task c543cf46-2d88-4b57-9539-d9d0aac4e762 | ITER: 3 START
2019-12-10 06:31:02.945 2788 INFO rally.task.runner [-] Task c543cf46-2d88-4b57-9539-d9d0aac4e762 | ITER: 4 START
2019-12-10 06:31:06.295 2785 RALLYDEBUG rally.task.utils [-] Waiting for resource s_rally_b5e5aa42_HTPaoXoq. Status changed: AVAILABLE => UPLOADING in 0.05510354042053223
2019-12-10 06:31:06.717 2786 RALLYDEBUG rally.task.utils [-] Waiting for resource s_rally_b5e5aa42_CQLDfEFa. Status changed: AVAILABLE => UPLOADING in 0.06291985511779785
2019-12-10 06:31:06.720 2787 RALLYDEBUG rally.task.utils [-] Waiting for resource s_rally_b5e5aa42_F73dmkXu. Status changed: AVAILABLE => UPLOADING in 0.05633544921875
2019-12-10 06:31:06.800 2788 RALLYDEBUG rally.task.utils [-] Waiting for resource s_rally_b5e5aa42_7Lt1zYd1. Status changed: AVAILABLE => UPLOADING in 0.05304837226867676
2019-12-10 06:31:16.661 2785 RALLYDEBUG rally.task.utils [-] Waiting for resource s_rally_b5e5aa42_HTPaoXoq. Status changed: UPLOADING => AVAILABLE in 10.36588168144226
2019-12-10 06:31:16.859 2785 RALLYDEBUG rally.task.utils [-] Waiting for resource s_rally_b5e5aa42_HTPaoXoq. Status changed: AVAILABLE => DELETING in 0.06769204139709473
2019-12-10 06:31:17.071 2786 RALLYDEBUG rally.task.utils [-] Waiting for resource s_rally_b5e5aa42_CQLDfEFa. Status changed: UPLOADING => AVAILABLE in 10.354335069656372
2019-12-10 06:31:17.112 2787 RALLYDEBUG rally.task.utils [-] Waiting for resource s_rally_b5e5aa42_F73dmkXu. Status changed: UPLOADING => AVAILABLE in 10.392222881317139
2019-12-10 06:31:17.156 2788 RALLYDEBUG rally.task.utils [-] Waiting for resource s_rally_b5e5aa42_7Lt1zYd1. Status changed: UPLOADING => AVAILABLE in 10.355260133743286
2019-12-10 06:31:17.274 2786 RALLYDEBUG rally.task.utils [-] Waiting for resource s_rally_b5e5aa42_CQLDfEFa. Status changed: AVAILABLE => DELETING in 0.06717324256896973
2019-12-10 06:31:17.290 2787 RALLYDEBUG rally.task.utils [-] Waiting for resource s_rally_b5e5aa42_F73dmkXu. Status changed: AVAILABLE => DELETING in 0.05606865882873535
2019-12-10 06:31:17.337 2788 RALLYDEBUG rally.task.utils [-] Waiting for resource s_rally_b5e5aa42_7Lt1zYd1. Status changed: AVAILABLE => DELETING in 0.05949234962463379
2019-12-10 06:31:19.522 2786 INFO rally.task.runner [-] Task c543cf46-2d88-4b57-9539-d9d0aac4e762 | ITER: 2 END: OK
2019-12-10 06:31:19.527 2786 INFO rally.task.runner [-] Task c543cf46-2d88-4b57-9539-d9d0aac4e762 | ITER: 5 START
2019-12-10 06:31:20.615 2785 INFO rally.task.runner [-] Task c543cf46-2d88-4b57-9539-d9d0aac4e762 | ITER: 1 END: OK
2019-12-10 06:31:20.620 2785 INFO rally.task.runner [-] Task c543cf46-2d88-4b57-9539-d9d0aac4e762 | ITER: 6 START
2019-12-10 06:31:20.745 2788 INFO rally.task.runner [-] Task c543cf46-2d88-4b57-9539-d9d0aac4e762 | ITER: 4 END: OK
2019-12-10 06:31:20.750 2788 INFO rally.task.runner [-] Task c543cf46-2d88-4b57-9539-d9d0aac4e762 | ITER: 7 START
2019-12-10 06:31:21.139 2787 INFO rally.task.runner [-] Task c543cf46-2d88-4b57-9539-d9d0aac4e762 | ITER: 3 END: OK
2019-12-10 06:31:21.144 2787 INFO rally.task.runner [-] Task c543cf46-2d88-4b57-9539-d9d0aac4e762 | ITER: 8 START
2019-12-10 06:31:22.965 2786 RALLYDEBUG rally.task.utils [-] Waiting for resource s_rally_b5e5aa42_cWkIPuwf. Status changed: AVAILABLE => UPLOADING in 0.07647347450256348
2019-12-10 06:31:23.919 2785 RALLYDEBUG rally.task.utils [-] Waiting for resource s_rally_b5e5aa42_ZatBhKoE. Status changed: AVAILABLE => UPLOADING in 0.057808876037597656
2019-12-10 06:31:23.972 2788 RALLYDEBUG rally.task.utils [-] Waiting for resource s_rally_b5e5aa42_C0KxIE69. Status changed: AVAILABLE => UPLOADING in 0.06317520141601562
2019-12-10 06:31:24.435 2787 RALLYDEBUG rally.task.utils [-] Waiting for resource s_rally_b5e5aa42_7XBlLE58. Status changed: AVAILABLE => UPLOADING in 0.09569072723388672
2019-12-10 06:31:35.789 2786 RALLYDEBUG rally.task.utils [-] Waiting for resource s_rally_b5e5aa42_cWkIPuwf. Status changed: UPLOADING => AVAILABLE in 12.82429575920105
2019-12-10 06:31:36.020 2786 RALLYDEBUG rally.task.utils [-] Waiting for resource s_rally_b5e5aa42_cWkIPuwf. Status changed: AVAILABLE => DELETING in 0.0700826644897461
2019-12-10 06:31:36.380 2785 RALLYDEBUG rally.task.utils [-] Waiting for resource s_rally_b5e5aa42_ZatBhKoE. Status changed: UPLOADING => AVAILABLE in 12.461324214935303
2019-12-10 06:31:36.722 2785 RALLYDEBUG rally.task.utils [-] Waiting for resource s_rally_b5e5aa42_ZatBhKoE. Status changed: AVAILABLE => DELETING in 0.1334364414215088
2019-12-10 06:31:36.976 2787 RALLYDEBUG rally.task.utils [-] Waiting for resource s_rally_b5e5aa42_7XBlLE58. Status changed: UPLOADING => AVAILABLE in 12.541208744049072
2019-12-10 06:31:37.138 2788 RALLYDEBUG rally.task.utils [-] Waiting for resource s_rally_b5e5aa42_C0KxIE69. Status changed: UPLOADING => AVAILABLE in 13.166562557220459
2019-12-10 06:31:37.236 2787 RALLYDEBUG rally.task.utils [-] Waiting for resource s_rally_b5e5aa42_7XBlLE58. Status changed: AVAILABLE => DELETING in 0.05840349197387695
2019-12-10 06:31:37.341 2788 RALLYDEBUG rally.task.utils [-] Waiting for resource s_rally_b5e5aa42_C0KxIE69. Status changed: AVAILABLE => DELETING in 0.06991076469421387
2019-12-10 06:31:38.447 2786 INFO rally.task.runner [-] Task c543cf46-2d88-4b57-9539-d9d0aac4e762 | ITER: 5 END: OK
2019-12-10 06:31:38.452 2786 INFO rally.task.runner [-] Task c543cf46-2d88-4b57-9539-d9d0aac4e762 | ITER: 9 START
2019-12-10 06:31:39.517 2785 INFO rally.task.runner [-] Task c543cf46-2d88-4b57-9539-d9d0aac4e762 | ITER: 6 END: OK
2019-12-10 06:31:39.521 2785 INFO rally.task.runner [-] Task c543cf46-2d88-4b57-9539-d9d0aac4e762 | ITER: 10 START
2019-12-10 06:31:39.594 2787 INFO rally.task.runner [-] Task c543cf46-2d88-4b57-9539-d9d0aac4e762 | ITER: 8 END: OK
2019-12-10 06:31:39.902 2788 INFO rally.task.runner [-] Task c543cf46-2d88-4b57-9539-d9d0aac4e762 | ITER: 7 END: OK
2019-12-10 06:31:42.536 2786 RALLYDEBUG rally.task.utils [-] Waiting for resource s_rally_b5e5aa42_eMRKeHnq. Status changed: AVAILABLE => UPLOADING in 0.06948041915893555
2019-12-10 06:31:42.788 2785 RALLYDEBUG rally.task.utils [-] Waiting for resource s_rally_b5e5aa42_RLctWpxL. Status changed: AVAILABLE => UPLOADING in 0.06488370895385742
2019-12-10 06:31:52.867 2786 RALLYDEBUG rally.task.utils [-] Waiting for resource s_rally_b5e5aa42_eMRKeHnq. Status changed: UPLOADING => AVAILABLE in 10.330736875534058
2019-12-10 06:31:53.076 2786 RALLYDEBUG rally.task.utils [-] Waiting for resource s_rally_b5e5aa42_eMRKeHnq. Status changed: AVAILABLE => DELETING in 0.06806468963623047
2019-12-10 06:31:53.376 2785 RALLYDEBUG rally.task.utils [-] Waiting for resource s_rally_b5e5aa42_RLctWpxL. Status changed: UPLOADING => AVAILABLE in 10.588123083114624
2019-12-10 06:31:53.582 2785 RALLYDEBUG rally.task.utils [-] Waiting for resource s_rally_b5e5aa42_RLctWpxL. Status changed: AVAILABLE => DELETING in 0.07007455825805664
2019-12-10 06:31:55.335 2786 INFO rally.task.runner [-] Task c543cf46-2d88-4b57-9539-d9d0aac4e762 | ITER: 9 END: OK
2019-12-10 06:31:55.832 2785 INFO rally.task.runner [-] Task c543cf46-2d88-4b57-9539-d9d0aac4e762 | ITER: 10 END: OK
2019-12-10 06:31:55.859 1845 INFO rally.task.context [-] Task c543cf46-2d88-4b57-9539-d9d0aac4e762 | Context cleanup@openstack cleanup() started
2019-12-10 06:31:55.862 1845 RALLYDEBUG rally_openstack.cleanup.manager [-] Cleaning up cinder backups objects
2019-12-10 06:31:57.155 1845 RALLYDEBUG rally_openstack.cleanup.manager [-] Cleaning up cinder volume_snapshots objects
2019-12-10 06:31:58.328 1845 RALLYDEBUG rally_openstack.cleanup.manager [-] Cleaning up cinder transfers objects
2019-12-10 06:31:59.493 1845 RALLYDEBUG rally_openstack.cleanup.manager [-] Cleaning up cinder volumes objects
2019-12-10 06:32:00.760 1845 RALLYDEBUG rally_openstack.cleanup.manager [-] Cleaning up glance images objects
2019-12-10 06:32:02.076 1845 INFO rally.task.context [-] Task c543cf46-2d88-4b57-9539-d9d0aac4e762 | Context cleanup@openstack cleanup() finished in 6.22 sec
2019-12-10 06:32:02.077 1845 INFO rally.task.context [-] Task c543cf46-2d88-4b57-9539-d9d0aac4e762 | Context quotas@openstack cleanup() started
2019-12-10 06:32:02.157 1845 INFO rally.task.context [-] Task c543cf46-2d88-4b57-9539-d9d0aac4e762 | Context quotas@openstack cleanup() finished in 80.18 msec
2019-12-10 06:32:02.158 1845 INFO rally.task.context [-] Task c543cf46-2d88-4b57-9539-d9d0aac4e762 | Context api_versions@openstack cleanup() started
2019-12-10 06:32:02.158 1845 INFO rally.task.context [-] Task c543cf46-2d88-4b57-9539-d9d0aac4e762 | Context api_versions@openstack cleanup() finished in 0.40 msec
2019-12-10 06:32:02.159 1845 INFO rally.task.context [-] Task c543cf46-2d88-4b57-9539-d9d0aac4e762 | Context users@openstack cleanup() started
2019-12-10 06:32:06.531 1845 INFO rally.task.context [-] Task c543cf46-2d88-4b57-9539-d9d0aac4e762 | Context users@openstack cleanup() finished in 4.37 sec
2019-12-10 06:32:07.347 1845 INFO rally.task.engine [-] Load duration is: 52.276295
2019-12-10 06:32:07.347 1845 INFO rally.task.engine [-] Full runner duration is: 52.944546
2019-12-10 06:32:07.348 1845 INFO rally.task.engine [-] Full duration is: 67.50665
2019-12-10 06:32:07.649 1845 INFO rally.task.engine [-] Running workload: position = 0 config = { "version": 2, "title": "A cropped version of a bigger task.", "description": "Auto-generated task from a single workload (uuid=f9890b71-d383-416b-b7c8-466822442531)", "subtasks": [ { "title": "CinderVolumes.create_nested_snapshots_and_attach_volume", "description": "Create a volume from snapshot and attach/detach the volume", "scenario": { "CinderVolumes.create_nested_snapshots_and_attach_volume": { "flavor": { "name": "rally_full-flavor_68cbd2e2-4670-4bbc-9b99-19b3f4b7f2a8" }, "image": { "name": "rally_full-img_68cbd2e2-4670-4bbc-9b99-19b3f4b7f2a8" }, "nested_level": 1, "size": { "max": 1, "min": 1 }, "create_vm_params": { "nics": [ { "net-id": "d9d946f1-00aa-4f41-8f9b-e4e8a85d4b17" } ] } } }, "contexts": { "users": { "tenants": 3, "users_per_tenant": 2 }, "quotas": { "cinder": { "gigabytes": -1, "snapshots": -1, "volumes": -1 } }, "api_versions": { "cinder": { "version": 3, "service_type": "volumev3" } } }, "runner": { "constant": { "concurrency": 4, "times": 10 } }, "hooks": [], "sla": { "failure_rate": { "max": 0 } } } ] }
2019-12-10 06:32:07.676 1845 RALLYDEBUG rally_openstack.contexts.keystone.users [-] Creating 3 tenants using 20 threads
2019-12-10 06:32:08.701 1845 RALLYDEBUG rally_openstack.contexts.keystone.users [-] Creating 6 users using 20 threads
2019-12-10 06:32:10.298 1845 INFO rally.task.context [-] Task c543cf46-2d88-4b57-9539-d9d0aac4e762 | Context users@openstack setup() finished in 2.62 sec
2019-12-10 06:32:10.711 1845 INFO rally.task.context [-] Task c543cf46-2d88-4b57-9539-d9d0aac4e762 | Context api_versions@openstack setup() finished in 0.41 sec
2019-12-10 06:32:11.611 1845 INFO rally.task.context [-] Task c543cf46-2d88-4b57-9539-d9d0aac4e762 | Context quotas@openstack setup() finished in 0.90 sec
2019-12-10 06:32:11.612 1845 INFO rally.task.context [-] Task c543cf46-2d88-4b57-9539-d9d0aac4e762 | Context cleanup@openstack setup() finished in 0.04 msec
2019-12-10 06:32:12.674 1845 RALLYDEBUG rally.task.runner [-] Starting the constant runner (task UUID: c543cf46-2d88-4b57-9539-d9d0aac4e762). times: 10 concurrency: 4 timeout: 0 max_cpu_used: 16 processes_to_start: 4 concurrency_per_worker: 1 concurrency_overhead: 0
2019-12-10 06:32:12.687 2989 RALLYDEBUG rally.task.runner [-] Starting a worker. times: 10 duration: None concurrency: 1 timeout: 0 cls: method_name: run args: {"flavor": "d4a2a61f-8358-470d-8c42-8a75d9292926", "image": "e2082952-64e1-494f-a61c-acae11bc7e6a", "nested_level": 1, "size": {"max": 1, "min": 1}, "create_vm_params": {"nics": [{"net-id": "d9d946f1-00aa-4f41-8f9b-e4e8a85d4b17"}]}}
2019-12-10 06:32:12.690 2990 RALLYDEBUG rally.task.runner [-] Starting a worker. times: 10 duration: None concurrency: 1 timeout: 0 cls: method_name: run args: {"flavor": "d4a2a61f-8358-470d-8c42-8a75d9292926", "image": "e2082952-64e1-494f-a61c-acae11bc7e6a", "nested_level": 1, "size": {"max": 1, "min": 1}, "create_vm_params": {"nics": [{"net-id": "d9d946f1-00aa-4f41-8f9b-e4e8a85d4b17"}]}}
2019-12-10 06:32:12.694 2989 INFO rally.task.runner [-] Task c543cf46-2d88-4b57-9539-d9d0aac4e762 | ITER: 1 START
2019-12-10 06:32:12.694 2991 RALLYDEBUG rally.task.runner [-] Starting a worker. times: 10 duration: None concurrency: 1 timeout: 0 cls: method_name: run args: {"flavor": "d4a2a61f-8358-470d-8c42-8a75d9292926", "image": "e2082952-64e1-494f-a61c-acae11bc7e6a", "nested_level": 1, "size": {"max": 1, "min": 1}, "create_vm_params": {"nics": [{"net-id": "d9d946f1-00aa-4f41-8f9b-e4e8a85d4b17"}]}}
2019-12-10 06:32:12.698 2990 INFO rally.task.runner [-] Task c543cf46-2d88-4b57-9539-d9d0aac4e762 | ITER: 2 START
2019-12-10 06:32:12.698 2992 RALLYDEBUG rally.task.runner [-] Starting a worker. times: 10 duration: None concurrency: 1 timeout: 0 cls: method_name: run args: {"flavor": "d4a2a61f-8358-470d-8c42-8a75d9292926", "image": "e2082952-64e1-494f-a61c-acae11bc7e6a", "nested_level": 1, "size": {"max": 1, "min": 1}, "create_vm_params": {"nics": [{"net-id": "d9d946f1-00aa-4f41-8f9b-e4e8a85d4b17"}]}}
2019-12-10 06:32:12.701 2991 INFO rally.task.runner [-] Task c543cf46-2d88-4b57-9539-d9d0aac4e762 | ITER: 3 START
2019-12-10 06:32:12.705 2992 INFO rally.task.runner [-] Task c543cf46-2d88-4b57-9539-d9d0aac4e762 | ITER: 4 START
2019-12-10 06:32:20.166 2990 RALLYDEBUG rally.task.utils [-] Waiting for resource s_rally_f9890b71_EzhgUaVW. Status changed: BUILD => ACTIVE in 4.778143405914307
2019-12-10 06:32:22.320 2992 RALLYDEBUG rally.task.utils [-] Waiting for resource s_rally_f9890b71_kPwpBvQ3. Status changed: BUILD => ACTIVE in 6.911091566085815
2019-12-10 06:32:22.607 2989 RALLYDEBUG rally.task.utils [-] Waiting for resource s_rally_f9890b71_vp3ywnc0. Status changed: BUILD => ACTIVE in 7.262332916259766
2019-12-10 06:32:22.882 2991 RALLYDEBUG rally.task.utils [-] Waiting for resource s_rally_f9890b71_4CMg9Xro. Status changed: BUILD => ACTIVE in 7.577593088150024
2019-12-10 06:32:25.648 2990 RALLYDEBUG rally.task.utils [-] Waiting for resource s_rally_f9890b71_YcoD5l2r. Status changed: AVAILABLE => RESERVED in 0.4131195545196533
2019-12-10 06:32:27.765 2992 RALLYDEBUG rally.task.utils [-] Waiting for resource s_rally_f9890b71_ZEmBDqqj. Status changed: AVAILABLE => RESERVED in 0.42678165435791016
2019-12-10 06:32:28.020 2989 RALLYDEBUG rally.task.utils [-] Waiting for resource s_rally_f9890b71_XFyH5q54. Status changed: AVAILABLE => RESERVED in 0.41097092628479004
2019-12-10 06:32:28.050 2990 RALLYDEBUG rally.task.utils [-] Waiting for resource s_rally_f9890b71_YcoD5l2r. Status changed: RESERVED => IN-USE in 2.4021823406219482
2019-12-10 06:32:28.063 2991 RALLYDEBUG rally.task.utils [-] Waiting for resource s_rally_f9890b71_UhpKqMkc. Status changed: AVAILABLE => RESERVED in 0.39906954765319824
2019-12-10 06:32:28.682 2990 RALLYDEBUG rally.task.utils [-] Waiting for resource s_rally_f9890b71_YcoD5l2r. Status changed: AVAILABLE => DETACHING in 0.4175736904144287
2019-12-10 06:32:30.172 2992 RALLYDEBUG rally.task.utils [-] Waiting for resource s_rally_f9890b71_ZEmBDqqj. Status changed: RESERVED => IN-USE in 2.4066977500915527
2019-12-10 06:32:30.441 2989 RALLYDEBUG rally.task.utils [-] Waiting for resource s_rally_f9890b71_XFyH5q54. Status changed: RESERVED => ATTACHING in 2.420173406600952
2019-12-10 06:32:30.499 2991 RALLYDEBUG rally.task.utils [-] Waiting for resource s_rally_f9890b71_UhpKqMkc. Status changed: RESERVED => IN-USE in 2.4353790283203125
2019-12-10 06:32:30.749 2992 RALLYDEBUG rally.task.utils [-] Waiting for resource s_rally_f9890b71_ZEmBDqqj. Status changed: AVAILABLE => DETACHING in 0.41046929359436035
2019-12-10 06:32:31.095 2990 RALLYDEBUG rally.task.utils [-] Waiting for resource s_rally_f9890b71_YcoD5l2r. Status changed: DETACHING => AVAILABLE in 2.41286301612854
2019-12-10 06:32:31.116 2991 RALLYDEBUG rally.task.utils [-] Waiting for resource s_rally_f9890b71_UhpKqMkc. Status changed: AVAILABLE => DETACHING in 0.40819501876831055
2019-12-10 06:32:31.180 2990 RALLYDEBUG rally.task.utils [-] Waiting for resource s_rally_f9890b71_zNkbpoeI. Status changed: AVAILABLE => DELETING in 0.025104284286499023
2019-12-10 06:32:32.874 2989 RALLYDEBUG rally.task.utils [-] Waiting for resource s_rally_f9890b71_XFyH5q54. Status changed: ATTACHING => IN-USE in 2.4332008361816406
2019-12-10 06:32:33.184 2992 RALLYDEBUG rally.task.utils [-] Waiting for resource s_rally_f9890b71_ZEmBDqqj. Status changed: DETACHING => AVAILABLE in 2.434709310531616
2019-12-10 06:32:33.268 2992 RALLYDEBUG rally.task.utils [-] Waiting for resource s_rally_f9890b71_2DGZbdUh. Status changed: AVAILABLE => DELETING in 0.023492813110351562
2019-12-10 06:32:33.313 2990 RALLYDEBUG rally.task.utils [-] Waiting for resource s_rally_f9890b71_YcoD5l2r. Status changed: AVAILABLE => DELETING in 0.04958081245422363
2019-12-10 06:32:33.515 2989 RALLYDEBUG rally.task.utils [-] Waiting for resource s_rally_f9890b71_XFyH5q54. Status changed: AVAILABLE => DETACHING in 0.39526939392089844
2019-12-10 06:32:33.538 2991 RALLYDEBUG rally.task.utils [-] Waiting for resource s_rally_f9890b71_UhpKqMkc. Status changed: DETACHING => AVAILABLE in 2.421337604522705
2019-12-10 06:32:33.627 2991 RALLYDEBUG rally.task.utils [-] Waiting for resource s_rally_f9890b71_kAJ4ciz4. Status changed: AVAILABLE => DELETING in 0.02805018424987793
2019-12-10 06:32:35.444 2992 RALLYDEBUG rally.task.utils [-] Waiting for resource s_rally_f9890b71_ZEmBDqqj. Status changed: AVAILABLE => DELETING in 0.06295323371887207
2019-12-10 06:32:35.879 2991 RALLYDEBUG rally.task.utils [-] Waiting for resource s_rally_f9890b71_UhpKqMkc. Status changed: AVAILABLE => DELETING in 0.15751051902770996
2019-12-10 06:32:35.946 2989 RALLYDEBUG rally.task.utils [-] Waiting for resource s_rally_f9890b71_XFyH5q54. Status changed: DETACHING => AVAILABLE in 2.431159734725952
2019-12-10 06:32:36.040 2989 RALLYDEBUG rally.task.utils [-] Waiting for resource s_rally_f9890b71_vKPeXwzy. Status changed: AVAILABLE => DELETING in 0.027089357376098633
2019-12-10 06:32:37.870 2990 INFO rally.task.runner [-] Task c543cf46-2d88-4b57-9539-d9d0aac4e762 | ITER: 2 END: OK
2019-12-10 06:32:37.876 2990 INFO rally.task.runner [-] Task c543cf46-2d88-4b57-9539-d9d0aac4e762 | ITER: 5 START
2019-12-10 06:32:38.197 2989 RALLYDEBUG rally.task.utils [-] Waiting for resource s_rally_f9890b71_XFyH5q54. Status changed: AVAILABLE => DELETING in 0.05960202217102051
2019-12-10 06:32:39.861 2992 INFO rally.task.runner [-] Task c543cf46-2d88-4b57-9539-d9d0aac4e762 | ITER: 4 END: OK
2019-12-10 06:32:39.867 2992 INFO rally.task.runner [-] Task c543cf46-2d88-4b57-9539-d9d0aac4e762 | ITER: 6 START
2019-12-10 06:32:40.420 2991 INFO rally.task.runner [-] Task c543cf46-2d88-4b57-9539-d9d0aac4e762 | ITER: 3 END: OK
2019-12-10 06:32:40.427 2991 INFO rally.task.runner [-] Task c543cf46-2d88-4b57-9539-d9d0aac4e762 | ITER: 7 START
2019-12-10 06:32:42.699 2989 INFO rally.task.runner [-] Task c543cf46-2d88-4b57-9539-d9d0aac4e762 | ITER: 1 END: OK
2019-12-10 06:32:42.705 2989 INFO rally.task.runner [-] Task c543cf46-2d88-4b57-9539-d9d0aac4e762 | ITER: 8 START
2019-12-10 06:32:47.312 2990 RALLYDEBUG rally.task.utils [-] Waiting for resource s_rally_f9890b71_ENJHCS1J. Status changed: BUILD => ACTIVE in 6.807595491409302
2019-12-10 06:32:47.763 2991 RALLYDEBUG rally.task.utils [-] Waiting for resource s_rally_f9890b71_kyd99ZIv. Status changed: BUILD => ACTIVE in 4.6570799350738525
2019-12-10 06:32:49.310 2992 RALLYDEBUG rally.task.utils [-] Waiting for resource s_rally_f9890b71_FQIaiP8G. Status changed: BUILD => ACTIVE in 7.167922019958496
2019-12-10 06:32:49.739 2989 RALLYDEBUG rally.task.utils [-] Waiting for resource s_rally_f9890b71_zTiA7XmU. Status changed: BUILD => ACTIVE in 4.602791786193848
2019-12-10 06:32:52.777 2990 RALLYDEBUG rally.task.utils [-] Waiting for resource s_rally_f9890b71_qtHuuV0d. Status changed: AVAILABLE => RESERVED in 0.4073655605316162
2019-12-10 06:32:53.003 2991 RALLYDEBUG rally.task.utils [-] Waiting for resource s_rally_f9890b71_UkbK1Z0d. Status changed: AVAILABLE => RESERVED in 0.4004786014556885
2019-12-10 06:32:54.587 2992 RALLYDEBUG rally.task.utils [-] Waiting for resource s_rally_f9890b71_AMkSK99i. Status changed: AVAILABLE => RESERVED in 0.39919304847717285
2019-12-10 06:32:54.996 2989 RALLYDEBUG rally.task.utils [-] Waiting for resource s_rally_f9890b71_HGajF2aV. Status changed: AVAILABLE => RESERVED in 0.41298723220825195
2019-12-10 06:32:55.212 2990 RALLYDEBUG rally.task.utils [-] Waiting for resource s_rally_f9890b71_qtHuuV0d. Status changed: RESERVED => IN-USE in 2.4344053268432617
2019-12-10 06:32:55.406 2991 RALLYDEBUG rally.task.utils [-] Waiting for resource s_rally_f9890b71_UkbK1Z0d. Status changed: RESERVED => IN-USE in 2.4031155109405518
2019-12-10 06:32:55.784 2990 RALLYDEBUG rally.task.utils [-] Waiting for resource s_rally_f9890b71_qtHuuV0d. Status changed: AVAILABLE => DETACHING in 0.40520477294921875
2019-12-10 06:32:55.971 2991 RALLYDEBUG rally.task.utils [-] Waiting for resource s_rally_f9890b71_UkbK1Z0d. Status changed: AVAILABLE => DETACHING in 0.4141073226928711
2019-12-10 06:32:57.010 2992 RALLYDEBUG rally.task.utils [-] Waiting for resource s_rally_f9890b71_AMkSK99i. Status changed: RESERVED => IN-USE in 2.423654317855835
2019-12-10 06:32:57.434 2989 RALLYDEBUG rally.task.utils [-] Waiting for resource s_rally_f9890b71_HGajF2aV. Status changed: RESERVED => IN-USE in 2.4381022453308105
2019-12-10 06:32:57.610 2992 RALLYDEBUG rally.task.utils [-] Waiting for resource s_rally_f9890b71_AMkSK99i. Status changed: AVAILABLE => DETACHING in 0.4266085624694824
2019-12-10 06:32:58.054 2989 RALLYDEBUG rally.task.utils [-] Waiting for resource s_rally_f9890b71_HGajF2aV. Status changed: AVAILABLE => DETACHING in 0.4074063301086426
2019-12-10 06:32:58.187 2990 RALLYDEBUG rally.task.utils [-] Waiting for resource s_rally_f9890b71_qtHuuV0d. Status changed: DETACHING => AVAILABLE in 2.4025168418884277
2019-12-10 06:32:58.281 2990 RALLYDEBUG rally.task.utils [-] Waiting for resource s_rally_f9890b71_WrKAMmPR. Status changed: AVAILABLE => DELETING in 0.026352643966674805
2019-12-10 06:32:58.386 2991 RALLYDEBUG rally.task.utils [-] Waiting for resource s_rally_f9890b71_UkbK1Z0d. Status changed: DETACHING => AVAILABLE in 2.41452693939209
2019-12-10 06:32:58.479 2991 RALLYDEBUG rally.task.utils [-] Waiting for resource s_rally_f9890b71_7YOMio26. Status changed: AVAILABLE => DELETING in 0.027338504791259766
2019-12-10 06:33:00.063 2992 RALLYDEBUG rally.task.utils [-] Waiting for resource s_rally_f9890b71_AMkSK99i. Status changed: DETACHING => AVAILABLE in 2.4529666900634766
2019-12-10 06:33:00.173 2992 RALLYDEBUG rally.task.utils [-] Waiting for resource s_rally_f9890b71_8ONEp6w2. Status changed: AVAILABLE => DELETING in 0.03139209747314453
2019-12-10 06:33:00.455 2990 RALLYDEBUG rally.task.utils [-] Waiting for resource s_rally_f9890b71_qtHuuV0d. Status changed: AVAILABLE => DELETING in 0.07542848587036133
2019-12-10 06:33:00.502 2989 RALLYDEBUG rally.task.utils [-] Waiting for resource s_rally_f9890b71_HGajF2aV. Status changed: DETACHING => AVAILABLE in 2.448162794113159
2019-12-10 06:33:00.596 2989 RALLYDEBUG rally.task.utils [-] Waiting for resource s_rally_f9890b71_tJztUOrv. Status changed: AVAILABLE => DELETING in 0.03081822395324707
2019-12-10 06:33:00.631 2991 RALLYDEBUG rally.task.utils [-] Waiting for resource s_rally_f9890b71_UkbK1Z0d. Status changed: AVAILABLE => DELETING in 0.05514931678771973
2019-12-10 06:33:02.363 2992 RALLYDEBUG rally.task.utils [-] Waiting for resource s_rally_f9890b71_AMkSK99i. Status changed: AVAILABLE => DELETING in 0.07593965530395508
2019-12-10 06:33:02.761 2989 RALLYDEBUG rally.task.utils [-] Waiting for resource s_rally_f9890b71_HGajF2aV. Status changed: AVAILABLE => DELETING in 0.06014704704284668
2019-12-10 06:33:05.104 2990 INFO rally.task.runner [-] Task c543cf46-2d88-4b57-9539-d9d0aac4e762 | ITER: 5 END: OK
2019-12-10 06:33:05.108 2990 INFO rally.task.runner [-] Task c543cf46-2d88-4b57-9539-d9d0aac4e762 | ITER: 9 START
2019-12-10 06:33:05.215 2991 INFO rally.task.runner [-] Task c543cf46-2d88-4b57-9539-d9d0aac4e762 | ITER: 7 END: OK
2019-12-10 06:33:05.220 2991 INFO rally.task.runner [-] Task c543cf46-2d88-4b57-9539-d9d0aac4e762 | ITER: 10 START
2019-12-10 06:33:07.136 2992 INFO rally.task.runner [-] Task c543cf46-2d88-4b57-9539-d9d0aac4e762 | ITER: 6 END: OK
2019-12-10 06:33:07.242 2989 INFO rally.task.runner [-] Task c543cf46-2d88-4b57-9539-d9d0aac4e762 | ITER: 8 END: OK
2019-12-10 06:33:12.433 2991 RALLYDEBUG rally.task.utils [-] Waiting for resource s_rally_f9890b71_aphWTWE3. Status changed: BUILD => ACTIVE in 4.4790167808532715
2019-12-10 06:33:14.354 2990 RALLYDEBUG rally.task.utils [-] Waiting for resource s_rally_f9890b71_qKyUftVN. Status changed: BUILD => ACTIVE in 6.868690490722656
2019-12-10 06:33:17.686 2991 RALLYDEBUG rally.task.utils [-] Waiting for resource s_rally_f9890b71_jesZtXd0. Status changed: AVAILABLE => RESERVED in 0.416942834854126
2019-12-10 06:33:19.950 2990 RALLYDEBUG rally.task.utils [-] Waiting for resource s_rally_f9890b71_GwrGpeb0. Status changed: AVAILABLE => RESERVED in 0.42923760414123535
2019-12-10 06:33:20.109 2991 RALLYDEBUG rally.task.utils [-] Waiting for resource s_rally_f9890b71_jesZtXd0. Status changed: RESERVED => IN-USE in 2.4233665466308594
2019-12-10 06:33:20.697 2991 RALLYDEBUG rally.task.utils [-] Waiting for resource s_rally_f9890b71_jesZtXd0. Status changed: AVAILABLE => DETACHING in 0.41677093505859375
2019-12-10 06:33:22.388 2990 RALLYDEBUG rally.task.utils [-] Waiting for resource s_rally_f9890b71_GwrGpeb0. Status changed: RESERVED => IN-USE in 2.437227249145508
2019-12-10 06:33:23.007 2990 RALLYDEBUG rally.task.utils [-] Waiting for resource s_rally_f9890b71_GwrGpeb0. Status changed: AVAILABLE => DETACHING in 0.42746639251708984
2019-12-10 06:33:23.121 2991 RALLYDEBUG rally.task.utils [-] Waiting for resource s_rally_f9890b71_jesZtXd0. Status changed: DETACHING => AVAILABLE in 2.424387216567993
2019-12-10 06:33:23.210 2991 RALLYDEBUG rally.task.utils [-] Waiting for resource s_rally_f9890b71_FG8vtk1c. Status changed: AVAILABLE => DELETING in 0.02674412727355957
2019-12-10 06:33:25.390 2991 RALLYDEBUG rally.task.utils [-] Waiting for resource s_rally_f9890b71_jesZtXd0. Status changed: AVAILABLE => DELETING in 0.07320761680603027
2019-12-10 06:33:25.428 2990 RALLYDEBUG rally.task.utils [-] Waiting for resource s_rally_f9890b71_GwrGpeb0. Status changed: DETACHING => AVAILABLE in 2.42104434967041
2019-12-10 06:33:25.535 2990 RALLYDEBUG rally.task.utils [-] Waiting for resource s_rally_f9890b71_ZpcWbpar. Status changed: AVAILABLE => DELETING in 0.033987998962402344
2019-12-10 06:33:27.689 2990 RALLYDEBUG rally.task.utils [-] Waiting for resource s_rally_f9890b71_GwrGpeb0. Status changed: AVAILABLE => DELETING in 0.05597209930419922
2019-12-10 06:33:29.931 2991 INFO rally.task.runner [-] Task c543cf46-2d88-4b57-9539-d9d0aac4e762 | ITER: 10 END: OK
2019-12-10 06:33:32.241 2990 INFO rally.task.runner [-] Task c543cf46-2d88-4b57-9539-d9d0aac4e762 | ITER: 9 END: OK
2019-12-10 06:33:32.271 1845 INFO rally.task.context [-] Task c543cf46-2d88-4b57-9539-d9d0aac4e762 | Context cleanup@openstack cleanup() started
2019-12-10 06:33:32.274 1845 RALLYDEBUG rally_openstack.cleanup.manager [-] Cleaning up nova servers objects
2019-12-10 06:33:33.627 1845 RALLYDEBUG rally_openstack.cleanup.manager [-] Cleaning up nova server_groups objects
2019-12-10 06:33:34.809 1845 RALLYDEBUG rally_openstack.cleanup.manager [-] Cleaning up nova keypairs objects
2019-12-10 06:33:37.228 1845 RALLYDEBUG rally_openstack.cleanup.manager [-] Cleaning up cinder backups objects
2019-12-10 06:33:38.409 1845 RALLYDEBUG rally_openstack.cleanup.manager [-] Cleaning up cinder volume_snapshots objects
2019-12-10 06:33:39.586 1845 RALLYDEBUG rally_openstack.cleanup.manager [-] Cleaning up cinder transfers objects
2019-12-10 06:33:40.747 1845 RALLYDEBUG rally_openstack.cleanup.manager [-] Cleaning up cinder volumes objects
2019-12-10 06:33:41.988 1845 INFO rally.task.context [-] Task c543cf46-2d88-4b57-9539-d9d0aac4e762 | Context cleanup@openstack cleanup() finished in 9.72 sec
2019-12-10 06:33:41.988 1845 INFO rally.task.context [-] Task c543cf46-2d88-4b57-9539-d9d0aac4e762 | Context quotas@openstack cleanup() started
2019-12-10 06:33:42.065 1845 INFO rally.task.context [-] Task c543cf46-2d88-4b57-9539-d9d0aac4e762 | Context quotas@openstack cleanup() finished in 77.28 msec
2019-12-10 06:33:42.066 1845 INFO rally.task.context [-] Task c543cf46-2d88-4b57-9539-d9d0aac4e762 | Context api_versions@openstack cleanup() started
2019-12-10 06:33:42.067 1845 INFO rally.task.context [-] Task c543cf46-2d88-4b57-9539-d9d0aac4e762 | Context api_versions@openstack cleanup() finished in 0.87 msec
2019-12-10 06:33:42.068 1845 INFO rally.task.context [-] Task c543cf46-2d88-4b57-9539-d9d0aac4e762 | Context users@openstack cleanup() started
2019-12-10 06:33:46.133 1845 INFO rally.task.context [-] Task c543cf46-2d88-4b57-9539-d9d0aac4e762 | Context users@openstack cleanup() finished in 4.07 sec
2019-12-10 06:33:48.091 1845 INFO rally.task.engine [-] Load duration is: 78.542737
2019-12-10 06:33:48.091 1845 INFO rally.task.engine [-] Full runner duration is: 79.597102
2019-12-10 06:33:48.092 1845 INFO rally.task.engine [-] Full duration is: 98.459714
2019-12-10 06:33:48.488 1845 INFO rally.task.engine [-] Running workload: position = 0 config = { "version": 2, "title": "A cropped version of a bigger task.", "description": "Auto-generated task from a single workload (uuid=d3f2b58b-453a-409d-8b5c-b12935236cfd)", "subtasks": [ { "title": "CinderVolumes.create_snapshot_and_attach_volume", "description": "Create vm, volume, snapshot and attach/detach volume.", "scenario": { "CinderVolumes.create_snapshot_and_attach_volume": { "flavor": { "name": "rally_full-flavor_68cbd2e2-4670-4bbc-9b99-19b3f4b7f2a8" }, "image": { "name": "rally_full-img_68cbd2e2-4670-4bbc-9b99-19b3f4b7f2a8" }, "size": { "min": 1, "max": 1 }, "create_vm_params": { "nics": [ { "net-id": "d9d946f1-00aa-4f41-8f9b-e4e8a85d4b17" } ] } } }, "contexts": { "users": { "tenants": 3, "users_per_tenant": 2 }, "quotas": { "cinder": { "gigabytes": -1, "snapshots": -1, "volumes": -1 } }, "api_versions": { "cinder": { "version": 3, "service_type": "volumev3" } } }, "runner": { "constant": { "concurrency": 4, "times": 10 } }, "hooks": [], "sla": { "failure_rate": { "max": 0 } } } ] }
2019-12-10 06:33:48.513 1845 RALLYDEBUG rally_openstack.contexts.keystone.users [-] Creating 3 tenants using 20 threads
2019-12-10 06:33:49.540 1845 RALLYDEBUG rally_openstack.contexts.keystone.users [-] Creating 6 users using 20 threads
2019-12-10 06:33:51.118 1845 INFO rally.task.context [-] Task c543cf46-2d88-4b57-9539-d9d0aac4e762 | Context users@openstack setup() finished in 2.60 sec
2019-12-10 06:33:51.527 1845 INFO rally.task.context [-] Task c543cf46-2d88-4b57-9539-d9d0aac4e762 | Context api_versions@openstack setup() finished in 0.41 sec
2019-12-10 06:33:52.418 1845 INFO rally.task.context [-] Task c543cf46-2d88-4b57-9539-d9d0aac4e762 | Context quotas@openstack setup() finished in 0.89 sec
2019-12-10 06:33:52.419 1845 INFO rally.task.context [-] Task c543cf46-2d88-4b57-9539-d9d0aac4e762 | Context cleanup@openstack setup() finished in 0.01 msec
2019-12-10 06:33:53.424 1845 RALLYDEBUG rally.task.runner [-] Starting the constant runner (task UUID: c543cf46-2d88-4b57-9539-d9d0aac4e762). times: 10 concurrency: 4 timeout: 0 max_cpu_used: 16 processes_to_start: 4 concurrency_per_worker: 1 concurrency_overhead: 0
2019-12-10 06:33:53.436 3233 RALLYDEBUG rally.task.runner [-] Starting a worker. times: 10 duration: None concurrency: 1 timeout: 0 cls: method_name: run args: {"flavor": "d4a2a61f-8358-470d-8c42-8a75d9292926", "image": "e2082952-64e1-494f-a61c-acae11bc7e6a", "size": {"min": 1, "max": 1}, "create_vm_params": {"nics": [{"net-id": "d9d946f1-00aa-4f41-8f9b-e4e8a85d4b17"}]}}
2019-12-10 06:33:53.440 3234 RALLYDEBUG rally.task.runner [-] Starting a worker. times: 10 duration: None concurrency: 1 timeout: 0 cls: method_name: run args: {"flavor": "d4a2a61f-8358-470d-8c42-8a75d9292926", "image": "e2082952-64e1-494f-a61c-acae11bc7e6a", "size": {"min": 1, "max": 1}, "create_vm_params": {"nics": [{"net-id": "d9d946f1-00aa-4f41-8f9b-e4e8a85d4b17"}]}}
2019-12-10 06:33:53.444 3233 INFO rally.task.runner [-] Task c543cf46-2d88-4b57-9539-d9d0aac4e762 | ITER: 1 START
2019-12-10 06:33:53.443 3235 RALLYDEBUG rally.task.runner [-] Starting a worker. times: 10 duration: None concurrency: 1 timeout: 0 cls: method_name: run args: {"flavor": "d4a2a61f-8358-470d-8c42-8a75d9292926", "image": "e2082952-64e1-494f-a61c-acae11bc7e6a", "size": {"min": 1, "max": 1}, "create_vm_params": {"nics": [{"net-id": "d9d946f1-00aa-4f41-8f9b-e4e8a85d4b17"}]}}
2019-12-10 06:33:53.447 3234 INFO rally.task.runner [-] Task c543cf46-2d88-4b57-9539-d9d0aac4e762 | ITER: 2 START
2019-12-10 06:33:53.447 3236 RALLYDEBUG rally.task.runner [-] Starting a worker. times: 10 duration: None concurrency: 1 timeout: 0 cls: method_name: run args: {"flavor": "d4a2a61f-8358-470d-8c42-8a75d9292926", "image": "e2082952-64e1-494f-a61c-acae11bc7e6a", "size": {"min": 1, "max": 1}, "create_vm_params": {"nics": [{"net-id": "d9d946f1-00aa-4f41-8f9b-e4e8a85d4b17"}]}}
2019-12-10 06:33:53.450 3235 INFO rally.task.runner [-] Task c543cf46-2d88-4b57-9539-d9d0aac4e762 | ITER: 3 START
2019-12-10 06:33:53.454 3236 INFO rally.task.runner [-] Task c543cf46-2d88-4b57-9539-d9d0aac4e762 | ITER: 4 START
2019-12-10 06:34:05.126 3236 RALLYDEBUG rally.task.utils [-] Waiting for resource s_rally_d3f2b58b_I2qiMuKP. Status changed: BUILD => ACTIVE in 4.6587817668914795
2019-12-10 06:34:05.810 3236 RALLYDEBUG rally.task.utils [-] Waiting for resource s_rally_d3f2b58b_0nQJy85n. Status changed: AVAILABLE => RESERVED in 0.4050319194793701
2019-12-10 06:34:07.321 3234 RALLYDEBUG rally.task.utils [-] Waiting for resource s_rally_d3f2b58b_7AzGEVds. Status changed: BUILD => ACTIVE in 6.826849937438965
2019-12-10 06:34:07.444 3233 RALLYDEBUG rally.task.utils [-] Waiting for resource s_rally_d3f2b58b_QkE7YIwL. Status changed: BUILD => ACTIVE in 6.897992372512817
2019-12-10 06:34:07.516 3235 RALLYDEBUG rally.task.utils [-] Waiting for resource s_rally_d3f2b58b_mND6G1FG. Status changed: BUILD => ACTIVE in 6.9598119258880615
2019-12-10 06:34:08.002 3234 RALLYDEBUG rally.task.utils [-] Waiting for resource s_rally_d3f2b58b_IDUzqCbE. Status changed: AVAILABLE => RESERVED in 0.41914820671081543
2019-12-10 06:34:08.159 3233 RALLYDEBUG rally.task.utils [-] Waiting for resource s_rally_d3f2b58b_VdtmEAin. Status changed: AVAILABLE => RESERVED in 0.40818285942077637
2019-12-10 06:34:08.223 3236 RALLYDEBUG rally.task.utils [-] Waiting for resource s_rally_d3f2b58b_0nQJy85n. Status changed: RESERVED => IN-USE in 2.4124090671539307
2019-12-10 06:34:08.305 3235 RALLYDEBUG rally.task.utils [-] Waiting for resource s_rally_d3f2b58b_6EcK8qy7. Status changed: AVAILABLE => RESERVED in 0.4087839126586914
2019-12-10 06:34:08.786 3236 RALLYDEBUG rally.task.utils [-] Waiting for resource s_rally_d3f2b58b_0nQJy85n. Status changed: AVAILABLE => DETACHING in 0.4109213352203369
2019-12-10 06:34:10.412 3234 RALLYDEBUG rally.task.utils [-] Waiting for resource s_rally_d3f2b58b_IDUzqCbE. Status changed: RESERVED => IN-USE in 2.40932035446167
2019-12-10 06:34:10.563 3233 RALLYDEBUG rally.task.utils [-] Waiting for resource s_rally_d3f2b58b_VdtmEAin. Status changed: RESERVED => IN-USE in 2.4036624431610107
2019-12-10 06:34:10.727 3235 RALLYDEBUG rally.task.utils [-] Waiting for resource s_rally_d3f2b58b_6EcK8qy7. Status changed: RESERVED => IN-USE in 2.422576427459717
2019-12-10 06:34:10.993 3234 RALLYDEBUG rally.task.utils [-] Waiting for resource s_rally_d3f2b58b_IDUzqCbE. Status changed: AVAILABLE => DETACHING in 0.41931605339050293
2019-12-10 06:34:11.134 3233 RALLYDEBUG rally.task.utils [-] Waiting for resource s_rally_d3f2b58b_VdtmEAin. Status changed: AVAILABLE => DETACHING in 0.4106903076171875
2019-12-10 06:34:11.203 3236 RALLYDEBUG rally.task.utils [-] Waiting for resource s_rally_d3f2b58b_0nQJy85n. Status changed: DETACHING => AVAILABLE in 2.4166667461395264
2019-12-10 06:34:11.290 3236 RALLYDEBUG rally.task.utils [-] Waiting for resource s_rally_d3f2b58b_iOB2ULxW. Status changed: AVAILABLE => DELETING in 0.025175809860229492
2019-12-10 06:34:11.350 3235 RALLYDEBUG rally.task.utils [-] Waiting for resource s_rally_d3f2b58b_6EcK8qy7. Status changed: AVAILABLE => DETACHING in 0.411043643951416
2019-12-10 06:34:13.448 3234 RALLYDEBUG rally.task.utils [-] Waiting for resource s_rally_d3f2b58b_IDUzqCbE. Status changed: DETACHING => AVAILABLE in 2.454474449157715
2019-12-10 06:34:13.545 3234 RALLYDEBUG rally.task.utils [-] Waiting for resource s_rally_d3f2b58b_5Ff29NhF. Status changed: AVAILABLE => DELETING in 0.037275075912475586
2019-12-10 06:34:13.568 3233 RALLYDEBUG rally.task.utils [-] Waiting for resource s_rally_d3f2b58b_VdtmEAin. Status changed: DETACHING => AVAILABLE in 2.4336936473846436
2019-12-10 06:34:13.582 3236 RALLYDEBUG rally.task.utils [-] Waiting for resource s_rally_d3f2b58b_0nQJy85n. Status changed: AVAILABLE => DELETING in 0.195997953414917
2019-12-10 06:34:13.667 3233 RALLYDEBUG rally.task.utils [-] Waiting for resource s_rally_d3f2b58b_ZvHQp7w8. Status changed: AVAILABLE => DELETING in 0.026691675186157227
2019-12-10 06:34:13.788 3235 RALLYDEBUG rally.task.utils [-] Waiting for resource s_rally_d3f2b58b_6EcK8qy7. Status changed: DETACHING => AVAILABLE in 2.4374847412109375
2019-12-10 06:34:13.875 3235 RALLYDEBUG rally.task.utils [-] Waiting for resource s_rally_d3f2b58b_G3l2iSO6. Status changed: AVAILABLE => DELETING in 0.026532411575317383
2019-12-10 06:34:15.686 3234 RALLYDEBUG rally.task.utils [-] Waiting for resource s_rally_d3f2b58b_IDUzqCbE. Status changed: AVAILABLE => DELETING in 0.05572319030761719
2019-12-10 06:34:15.816 3233 RALLYDEBUG rally.task.utils [-] Waiting for resource s_rally_d3f2b58b_VdtmEAin. Status changed: AVAILABLE => DELETING in 0.05997514724731445
2019-12-10 06:34:16.015 3235 RALLYDEBUG rally.task.utils [-] Waiting for resource s_rally_d3f2b58b_6EcK8qy7. Status changed: AVAILABLE => DELETING in 0.05787515640258789
2019-12-10 06:34:18.004 3236 INFO rally.task.runner [-] Task c543cf46-2d88-4b57-9539-d9d0aac4e762 | ITER: 4 END: OK
2019-12-10 06:34:18.010 3236 INFO rally.task.runner [-] Task c543cf46-2d88-4b57-9539-d9d0aac4e762 | ITER: 5 START
2019-12-10 06:34:20.113 3234 INFO rally.task.runner [-] Task c543cf46-2d88-4b57-9539-d9d0aac4e762 | ITER: 2 END: OK
2019-12-10 06:34:20.119 3234 INFO rally.task.runner [-] Task c543cf46-2d88-4b57-9539-d9d0aac4e762 | ITER: 6 START
2019-12-10 06:34:20.372 3235 INFO rally.task.runner [-] Task c543cf46-2d88-4b57-9539-d9d0aac4e762 | ITER: 3 END: OK
2019-12-10 06:34:20.378 3235 INFO rally.task.runner [-] Task c543cf46-2d88-4b57-9539-d9d0aac4e762 | ITER: 7 START
2019-12-10 06:34:22.373 3233 INFO rally.task.runner [-] Task c543cf46-2d88-4b57-9539-d9d0aac4e762 | ITER: 1 END: OK
2019-12-10 06:34:22.379 3233 INFO rally.task.runner [-] Task c543cf46-2d88-4b57-9539-d9d0aac4e762 | ITER: 8 START
2019-12-10 06:34:30.264 3236 RALLYDEBUG rally.task.utils [-] Waiting for resource s_rally_d3f2b58b_BqF70ozf. Status changed: BUILD => ACTIVE in 4.56245493888855
2019-12-10 06:34:30.926 3236 RALLYDEBUG rally.task.utils [-] Waiting for resource s_rally_d3f2b58b_Vh3MDHW2. Status changed: AVAILABLE => RESERVED in 0.415802001953125
2019-12-10 06:34:32.051 3235 RALLYDEBUG rally.task.utils [-] Waiting for resource s_rally_d3f2b58b_84A9Nshk. Status changed: BUILD => ACTIVE in 4.593271732330322
2019-12-10 06:34:32.724 3235 RALLYDEBUG rally.task.utils [-] Waiting for resource s_rally_d3f2b58b_hlQ1PRuT. Status changed: AVAILABLE => RESERVED in 0.40380001068115234
2019-12-10 06:34:33.350 3236 RALLYDEBUG rally.task.utils [-] Waiting for resource s_rally_d3f2b58b_Vh3MDHW2. Status changed: RESERVED => IN-USE in 2.424604654312134
2019-12-10 06:34:33.775 3234 RALLYDEBUG rally.task.utils [-] Waiting for resource s_rally_d3f2b58b_7bHn4m1K. Status changed: BUILD => ACTIVE in 6.837027549743652
2019-12-10 06:34:33.923 3236 RALLYDEBUG rally.task.utils [-] Waiting for resource s_rally_d3f2b58b_Vh3MDHW2. Status changed: AVAILABLE => DETACHING in 0.4141845703125
2019-12-10 06:34:34.555 3234 RALLYDEBUG rally.task.utils [-] Waiting for resource s_rally_d3f2b58b_bZUBjVCK. Status changed: AVAILABLE => RESERVED in 0.5183017253875732
2019-12-10 06:34:35.160 3235 RALLYDEBUG rally.task.utils [-] Waiting for resource s_rally_d3f2b58b_hlQ1PRuT. Status changed: RESERVED => IN-USE in 2.4357221126556396
2019-12-10 06:34:35.725 3235 RALLYDEBUG rally.task.utils [-] Waiting for resource s_rally_d3f2b58b_hlQ1PRuT. Status changed: AVAILABLE => DETACHING in 0.398179292678833
2019-12-10 06:34:35.961 3233 RALLYDEBUG rally.task.utils [-] Waiting for resource s_rally_d3f2b58b_YQJKh5ID. Status changed: BUILD => ACTIVE in 6.777715444564819
2019-12-10 06:34:36.325 3236 RALLYDEBUG rally.task.utils [-] Waiting for resource s_rally_d3f2b58b_Vh3MDHW2. Status changed: DETACHING => AVAILABLE in 2.401618242263794
2019-12-10 06:34:36.408 3236 RALLYDEBUG rally.task.utils [-] Waiting for resource s_rally_d3f2b58b_XEUMZaXK. Status changed: AVAILABLE => DELETING in 0.025094270706176758
2019-12-10 06:34:36.617 3233 RALLYDEBUG rally.task.utils [-] Waiting for resource s_rally_d3f2b58b_8YGBsQca. Status changed: AVAILABLE => RESERVED in 0.4063591957092285
2019-12-10 06:34:36.967 3234 RALLYDEBUG rally.task.utils [-] Waiting for resource s_rally_d3f2b58b_bZUBjVCK. Status changed: RESERVED => IN-USE in 2.4118404388427734
2019-12-10 06:34:37.557 3234 RALLYDEBUG rally.task.utils [-] Waiting for resource s_rally_d3f2b58b_bZUBjVCK. Status changed: AVAILABLE => DETACHING in 0.4084181785583496
2019-12-10 06:34:38.160 3235 RALLYDEBUG rally.task.utils [-] Waiting for resource s_rally_d3f2b58b_hlQ1PRuT. Status changed: DETACHING => AVAILABLE in 2.434678554534912
2019-12-10 06:34:38.249 3235 RALLYDEBUG rally.task.utils [-] Waiting for resource s_rally_d3f2b58b_f443CNY7. Status changed: AVAILABLE => DELETING in 0.026626110076904297
