2019-12-10 06:26:09.655 727 DEBUG glanceclient.common.http [-] Request returned failure status 404. _handle_response /usr/lib/python3.6/site-packages/glanceclient/common/http.py:125
2019-12-10 06:26:09.660 727 DEBUG glanceclient.common.http [-] Request returned failure status 404. _handle_response /usr/lib/python3.6/site-packages/glanceclient/common/http.py:125
2019-12-10 06:26:09.661 727 DEBUG glanceclient.common.http [-] Request returned failure status 404. _handle_response /usr/lib/python3.6/site-packages/glanceclient/common/http.py:125
2019-12-10 06:26:09.667 727 DEBUG glanceclient.common.http [-] Request returned failure status 404. _handle_response /usr/lib/python3.6/site-packages/glanceclient/common/http.py:125
2019-12-10 06:26:09.668 727 DEBUG glanceclient.common.http [-] Request returned failure status 404. _handle_response /usr/lib/python3.6/site-packages/glanceclient/common/http.py:125
2019-12-10 06:26:09.678 727 DEBUG glanceclient.common.http [-] Request returned failure status 404. _handle_response /usr/lib/python3.6/site-packages/glanceclient/common/http.py:125
2019-12-10 06:26:09.684 727 DEBUG glanceclient.common.http [-] Request returned failure status 404. _handle_response /usr/lib/python3.6/site-packages/glanceclient/common/http.py:125
2019-12-10 06:26:09.687 727 DEBUG glanceclient.common.http [-] Request returned failure status 404. _handle_response /usr/lib/python3.6/site-packages/glanceclient/common/http.py:125
2019-12-10 06:26:09.695 727 DEBUG glanceclient.common.http [-] Request returned failure status 404. _handle_response /usr/lib/python3.6/site-packages/glanceclient/common/http.py:125
2019-12-10 06:26:09.697 727 DEBUG glanceclient.common.http [-] Request returned failure status 404. _handle_response /usr/lib/python3.6/site-packages/glanceclient/common/http.py:125
2019-12-10 06:26:10.700 727 INFO rally.task.context [-] Task bf58fc48-f61f-491f-8051-4a418f294726 | Context cleanup@openstack cleanup() finished in 3.17 sec
2019-12-10 06:26:10.701 727 INFO rally.task.context [-] Task bf58fc48-f61f-491f-8051-4a418f294726 | Context users@openstack cleanup() started
2019-12-10 06:26:15.079 727 INFO rally.task.context [-] Task bf58fc48-f61f-491f-8051-4a418f294726 | Context users@openstack cleanup() finished in 4.38 sec
2019-12-10 06:26:15.369 727 INFO rally.task.engine [-] Load duration is: 9.037787
2019-12-10 06:26:15.369 727 INFO rally.task.engine [-] Full runner duration is: 9.772848
2019-12-10 06:26:15.370 727 INFO rally.task.engine [-] Full duration is: 19.842189
2019-12-10 06:26:15.878 727 INFO rally.task.engine [-] Task bf58fc48-f61f-491f-8051-4a418f294726 | Completed: Running task.
2019-12-10 06:26:17.428 1841 RALLYDEBUG rally.api [-] INFO logs from urllib3 and requests module are hide.
2019-12-10 06:26:17.428 1841 RALLYDEBUG rally.api [-] urllib3 insecure warnings are hidden.
2019-12-10 06:26:17.428 1841 RALLYDEBUG rally.api [-] ERROR log from boto module is hide.
2019-12-10 06:26:18.652 1842 RALLYDEBUG rally.api [-] INFO logs from urllib3 and requests module are hide.
2019-12-10 06:26:18.653 1842 RALLYDEBUG rally.api [-] urllib3 insecure warnings are hidden.
2019-12-10 06:26:18.653 1842 RALLYDEBUG rally.api [-] ERROR log from boto module is hide.
2019-12-10 06:26:19.911 1843 RALLYDEBUG rally.api [-] INFO logs from urllib3 and requests module are hide.
2019-12-10 06:26:19.911 1843 RALLYDEBUG rally.api [-] urllib3 insecure warnings are hidden.
2019-12-10 06:26:19.911 1843 RALLYDEBUG rally.api [-] ERROR log from boto module is hide.
2019-12-10 06:26:21.550 1843 INFO rally.api [-] Building 'json' report for the following task(s): 'bf58fc48-f61f-491f-8051-4a418f294726'.
2019-12-10 06:26:21.569 1843 INFO rally.api [-] The report has been successfully built.
2019-12-10 06:26:22.998 1845 RALLYDEBUG rally.api [-] INFO logs from urllib3 and requests module are hide.
2019-12-10 06:26:22.999 1845 RALLYDEBUG rally.api [-] urllib3 insecure warnings are hidden.
2019-12-10 06:26:22.999 1845 RALLYDEBUG rally.api [-] ERROR log from boto module is hide.
2019-12-10 06:26:25.144 1845 INFO rally.task.engine [-] Task c543cf46-2d88-4b57-9539-d9d0aac4e762 | Starting: Task validation.
2019-12-10 06:26:25.237 1845 INFO rally.task.engine [-] Task c543cf46-2d88-4b57-9539-d9d0aac4e762 | Starting: Task validation of syntax.
2019-12-10 06:26:25.607 1845 INFO rally.task.engine [-] Task c543cf46-2d88-4b57-9539-d9d0aac4e762 | Completed: Task validation of syntax.
2019-12-10 06:26:25.607 1845 INFO rally.task.engine [-] Task c543cf46-2d88-4b57-9539-d9d0aac4e762 | Starting: Task validation of required platforms.
2019-12-10 06:26:25.730 1845 INFO rally.task.engine [-] Task c543cf46-2d88-4b57-9539-d9d0aac4e762 | Completed: Task validation of required platforms.
2019-12-10 06:26:25.730 1845 INFO rally.task.engine [-] Task c543cf46-2d88-4b57-9539-d9d0aac4e762 | Starting: Task validation of semantic.
2019-12-10 06:26:25.730 1845 INFO rally.task.engine [-] Check health of the environment 'd5c14118-836a-4e0c-a67c-e2921db8f91e'.
2019-12-10 06:26:26.707 1845 INFO rally.task.engine [-] Platform existing@openstack (available: True): OK!
2019-12-10 06:26:26.727 1845 RALLYDEBUG rally_openstack.contexts.keystone.users [-] Creating 1 tenants using 20 threads
2019-12-10 06:26:27.559 1845 RALLYDEBUG rally_openstack.contexts.keystone.users [-] Creating 1 users using 20 threads
2019-12-10 06:26:28.987 1845 INFO rally.task.context [-] Task c543cf46-2d88-4b57-9539-d9d0aac4e762 | Context users@openstack setup() finished in 2.26 sec
2019-12-10 06:26:42.716 1845 INFO rally.task.context [-] Task c543cf46-2d88-4b57-9539-d9d0aac4e762 | Context users@openstack cleanup() started
2019-12-10 06:26:45.618 1845 INFO rally.task.context [-] Task c543cf46-2d88-4b57-9539-d9d0aac4e762 | Context users@openstack cleanup() finished in 2.90 sec
2019-12-10 06:26:45.619 1845 INFO rally.task.engine [-] Task c543cf46-2d88-4b57-9539-d9d0aac4e762 | Completed: Task validation of semantic.
2019-12-10 06:26:45.619 1845 INFO rally.task.engine [-] Task c543cf46-2d88-4b57-9539-d9d0aac4e762 | Completed: Task validation.
2019-12-10 06:26:45.620 1845 INFO rally.api [-] Task c543cf46-2d88-4b57-9539-d9d0aac4e762 input file is valid.
2019-12-10 06:26:45.620 1845 INFO rally.api [-] Run Task c543cf46-2d88-4b57-9539-d9d0aac4e762 against Deployment d5c14118-836a-4e0c-a67c-e2921db8f91e
2019-12-10 06:26:45.620 1845 INFO rally.task.engine [-] Task c543cf46-2d88-4b57-9539-d9d0aac4e762 | Starting: Running task.
2019-12-10 06:26:45.891 1845 INFO rally.task.engine [-] Running workload: position = 0 config = { "version": 2, "title": "A cropped version of a bigger task.", "description": "Auto-generated task from a single workload (uuid=48359afa-7739-4ad1-a8c0-6dc259e22b7d)", "subtasks": [ { "title": "CinderVolumes.create_and_attach_volume", "description": "Create a VM and attach a volume to it.", "scenario": { "CinderVolumes.create_and_attach_volume": { "flavor": { "name": "rally_full-flavor_68cbd2e2-4670-4bbc-9b99-19b3f4b7f2a8" }, "image": { "name": "rally_full-img_68cbd2e2-4670-4bbc-9b99-19b3f4b7f2a8" }, "size": 1, "nics": [ { "net-id": "d9d946f1-00aa-4f41-8f9b-e4e8a85d4b17" } ] } }, "contexts": { "users": { "tenants": 3, "users_per_tenant": 2 }, "quotas": { "cinder": { "gigabytes": -1, "snapshots": -1, "volumes": -1 } }, "api_versions": { "cinder": { "version": 3, "service_type": "volumev3" } } }, "runner": { "constant": { "concurrency": 4, "times": 10 } }, "hooks": [], "sla": { "failure_rate": { "max": 0 } } } ] }
2019-12-10 06:26:45.918 1845 RALLYDEBUG rally_openstack.contexts.keystone.users [-] Creating 3 tenants using 20 threads
2019-12-10 06:26:46.829 1845 RALLYDEBUG rally_openstack.contexts.keystone.users [-] Creating 6 users using 20 threads
2019-12-10 06:26:48.311 1845 INFO rally.task.context [-] Task c543cf46-2d88-4b57-9539-d9d0aac4e762 | Context users@openstack setup() finished in 2.39 sec
2019-12-10 06:26:48.719 1845 INFO rally.task.context [-] Task c543cf46-2d88-4b57-9539-d9d0aac4e762 | Context api_versions@openstack setup() finished in 0.41 sec
2019-12-10 06:26:50.033 1845 INFO rally.task.context [-] Task c543cf46-2d88-4b57-9539-d9d0aac4e762 | Context quotas@openstack setup() finished in 1.31 sec
2019-12-10 06:26:50.033 1845 INFO rally.task.context [-] Task c543cf46-2d88-4b57-9539-d9d0aac4e762 | Context cleanup@openstack setup() finished in 0.03 msec
2019-12-10 06:26:51.082 1845 RALLYDEBUG rally.task.runner [-] Starting the constant runner (task UUID: c543cf46-2d88-4b57-9539-d9d0aac4e762). times: 10 concurrency: 4 timeout: 0 max_cpu_used: 16 processes_to_start: 4 concurrency_per_worker: 1 concurrency_overhead: 0
2019-12-10 06:26:51.096 1969 RALLYDEBUG rally.task.runner [-] Starting a worker. times: 10 duration: None concurrency: 1 timeout: 0 cls: method_name: run args: {"flavor": "d4a2a61f-8358-470d-8c42-8a75d9292926", "image": "e2082952-64e1-494f-a61c-acae11bc7e6a", "size": 1, "nics": [{"net-id": "d9d946f1-00aa-4f41-8f9b-e4e8a85d4b17"}]}
2019-12-10 06:26:51.100 1970 RALLYDEBUG rally.task.runner [-] Starting a worker. times: 10 duration: None concurrency: 1 timeout: 0 cls: method_name: run args: {"flavor": "d4a2a61f-8358-470d-8c42-8a75d9292926", "image": "e2082952-64e1-494f-a61c-acae11bc7e6a", "size": 1, "nics": [{"net-id": "d9d946f1-00aa-4f41-8f9b-e4e8a85d4b17"}]}
2019-12-10 06:26:51.103 1969 INFO rally.task.runner [-] Task c543cf46-2d88-4b57-9539-d9d0aac4e762 | ITER: 1 START
2019-12-10 06:26:51.103 1971 RALLYDEBUG rally.task.runner [-] Starting a worker. times: 10 duration: None concurrency: 1 timeout: 0 cls: method_name: run args: {"flavor": "d4a2a61f-8358-470d-8c42-8a75d9292926", "image": "e2082952-64e1-494f-a61c-acae11bc7e6a", "size": 1, "nics": [{"net-id": "d9d946f1-00aa-4f41-8f9b-e4e8a85d4b17"}]}
2019-12-10 06:26:51.106 1970 INFO rally.task.runner [-] Task c543cf46-2d88-4b57-9539-d9d0aac4e762 | ITER: 2 START
2019-12-10 06:26:51.107 1973 RALLYDEBUG rally.task.runner [-] Starting a worker. times: 10 duration: None concurrency: 1 timeout: 0 cls: method_name: run args: {"flavor": "d4a2a61f-8358-470d-8c42-8a75d9292926", "image": "e2082952-64e1-494f-a61c-acae11bc7e6a", "size": 1, "nics": [{"net-id": "d9d946f1-00aa-4f41-8f9b-e4e8a85d4b17"}]}
2019-12-10 06:26:51.110 1971 INFO rally.task.runner [-] Task c543cf46-2d88-4b57-9539-d9d0aac4e762 | ITER: 3 START
2019-12-10 06:26:51.113 1973 INFO rally.task.runner [-] Task c543cf46-2d88-4b57-9539-d9d0aac4e762 | ITER: 4 START
2019-12-10 06:26:58.015 1969 RALLYDEBUG rally.task.utils [-] Waiting for resource s_rally_48359afa_5t9tec3S. Status changed: BUILD => ACTIVE in 4.522772312164307
2019-12-10 06:26:58.215 1971 RALLYDEBUG rally.task.utils [-] Waiting for resource s_rally_48359afa_HdYdMUip. Status changed: BUILD => ACTIVE in 4.88476824760437
2019-12-10 06:27:00.400 1973 RALLYDEBUG rally.task.utils [-] Waiting for resource s_rally_48359afa_fLSdmevL. Status changed: BUILD => ACTIVE in 7.024285316467285
2019-12-10 06:27:00.411 1970 RALLYDEBUG rally.task.utils [-] Waiting for resource s_rally_48359afa_DNhqk4Yd. Status changed: BUILD => ACTIVE in 6.85872220993042
2019-12-10 06:27:01.276 1969 RALLYDEBUG rally.task.utils [-] Waiting for resource s_rally_48359afa_wgN4eeb8. Status changed: AVAILABLE => RESERVED in 0.39583420753479004
2019-12-10 06:27:01.320 1971 RALLYDEBUG rally.task.utils [-] Waiting for resource s_rally_48359afa_OAdmHuT8. Status changed: AVAILABLE => RESERVED in 0.4057488441467285
2019-12-10 06:27:03.460 1970 RALLYDEBUG rally.task.utils [-] Waiting for resource s_rally_48359afa_W1yAVIAJ. Status changed: AVAILABLE => RESERVED in 0.4126927852630615
2019-12-10 06:27:03.691 1969 RALLYDEBUG rally.task.utils [-] Waiting for resource s_rally_48359afa_wgN4eeb8. Status changed: RESERVED => IN-USE in 2.415635108947754
2019-12-10 06:27:03.746 1973 RALLYDEBUG rally.task.utils [-] Waiting for resource s_rally_48359afa_LFbRL2Jv. Status changed: AVAILABLE => RESERVED in 0.6869797706604004
2019-12-10 06:27:04.003 1971 RALLYDEBUG rally.task.utils [-] Waiting for resource s_rally_48359afa_OAdmHuT8. Status changed: RESERVED => IN-USE in 2.6834681034088135
2019-12-10 06:27:04.258 1969 RALLYDEBUG rally.task.utils [-] Waiting for resource s_rally_48359afa_wgN4eeb8. Status changed: AVAILABLE => DETACHING in 0.4113953113555908
2019-12-10 06:27:04.616 1971 RALLYDEBUG rally.task.utils [-] Waiting for resource s_rally_48359afa_OAdmHuT8. Status changed: AVAILABLE => DETACHING in 0.40743088722229004
2019-12-10 06:27:05.877 1970 RALLYDEBUG rally.task.utils [-] Waiting for resource s_rally_48359afa_W1yAVIAJ. Status changed: RESERVED => IN-USE in 2.4171857833862305
2019-12-10 06:27:06.160 1973 RALLYDEBUG rally.task.utils [-] Waiting for resource s_rally_48359afa_LFbRL2Jv. Status changed: RESERVED => IN-USE in 2.4137978553771973
2019-12-10 06:27:06.562 1970 RALLYDEBUG rally.task.utils [-] Waiting for resource s_rally_48359afa_W1yAVIAJ. Status changed: AVAILABLE => DETACHING in 0.40359926223754883
2019-12-10 06:27:06.709 1973 RALLYDEBUG rally.task.utils [-] Waiting for resource s_rally_48359afa_LFbRL2Jv. Status changed: AVAILABLE => DETACHING in 0.3923182487487793
2019-12-10 06:27:06.768 1969 RALLYDEBUG rally.task.utils [-] Waiting for resource s_rally_48359afa_wgN4eeb8. Status changed: DETACHING => AVAILABLE in 2.5099854469299316
2019-12-10 06:27:06.879 1969 RALLYDEBUG rally.task.utils [-] Waiting for resource s_rally_48359afa_wgN4eeb8. Status changed: AVAILABLE => DELETING in 0.05672144889831543
2019-12-10 06:27:07.022 1971 RALLYDEBUG rally.task.utils [-] Waiting for resource s_rally_48359afa_OAdmHuT8. Status changed: DETACHING => AVAILABLE in 2.4057228565216064
2019-12-10 06:27:07.282 1971 RALLYDEBUG rally.task.utils [-] Waiting for resource s_rally_48359afa_OAdmHuT8. Status changed: AVAILABLE => DELETING in 0.20351338386535645
2019-12-10 06:27:08.992 1970 RALLYDEBUG rally.task.utils [-] Waiting for resource s_rally_48359afa_W1yAVIAJ. Status changed: DETACHING => AVAILABLE in 2.429962396621704
2019-12-10 06:27:09.118 1970 RALLYDEBUG rally.task.utils [-] Waiting for resource s_rally_48359afa_W1yAVIAJ. Status changed: AVAILABLE => DELETING in 0.06386160850524902
2019-12-10 06:27:09.240 1973 RALLYDEBUG rally.task.utils [-] Waiting for resource s_rally_48359afa_LFbRL2Jv. Status changed: DETACHING => AVAILABLE in 2.5308163166046143
2019-12-10 06:27:09.353 1973 RALLYDEBUG rally.task.utils [-] Waiting for resource s_rally_48359afa_LFbRL2Jv. Status changed: AVAILABLE => DELETING in 0.056174516677856445
2019-12-10 06:27:11.392 1969 INFO rally.task.runner [-] Task c543cf46-2d88-4b57-9539-d9d0aac4e762 | ITER: 1 END: OK
2019-12-10 06:27:11.399 1969 INFO rally.task.runner [-] Task c543cf46-2d88-4b57-9539-d9d0aac4e762 | ITER: 5 START
2019-12-10 06:27:11.777 1971 INFO rally.task.runner [-] Task c543cf46-2d88-4b57-9539-d9d0aac4e762 | ITER: 3 END: OK
2019-12-10 06:27:11.784 1971 INFO rally.task.runner [-] Task c543cf46-2d88-4b57-9539-d9d0aac4e762 | ITER: 6 START
2019-12-10 06:27:13.683 1970 INFO rally.task.runner [-] Task c543cf46-2d88-4b57-9539-d9d0aac4e762 | ITER: 2 END: OK
2019-12-10 06:27:13.690 1970 INFO rally.task.runner [-] Task c543cf46-2d88-4b57-9539-d9d0aac4e762 | ITER: 7 START
2019-12-10 06:27:13.751 1973 INFO rally.task.runner [-] Task c543cf46-2d88-4b57-9539-d9d0aac4e762 | ITER: 4 END: OK
2019-12-10 06:27:13.758 1973 INFO rally.task.runner [-] Task c543cf46-2d88-4b57-9539-d9d0aac4e762 | ITER: 8 START
2019-12-10 06:27:18.791 1971 RALLYDEBUG rally.task.utils [-] Waiting for resource s_rally_48359afa_3ZwkJnoM. Status changed: BUILD => ACTIVE in 4.765164613723755
2019-12-10 06:27:20.326 1969 RALLYDEBUG rally.task.utils [-] Waiting for resource s_rally_48359afa_xTZsbii9. Status changed: BUILD => ACTIVE in 6.713446140289307
2019-12-10 06:27:20.512 1970 RALLYDEBUG rally.task.utils [-] Waiting for resource s_rally_48359afa_R3uvlt7w. Status changed: BUILD => ACTIVE in 4.64030122756958
2019-12-10 06:27:22.081 1971 RALLYDEBUG rally.task.utils [-] Waiting for resource s_rally_48359afa_jRyRSd7a. Status changed: AVAILABLE => ATTACHING in 0.6977391242980957
2019-12-10 06:27:22.925 1973 RALLYDEBUG rally.task.utils [-] Waiting for resource s_rally_48359afa_2fnDCqFl. Status changed: BUILD => ACTIVE in 6.643570184707642
2019-12-10 06:27:23.392 1969 RALLYDEBUG rally.task.utils [-] Waiting for resource s_rally_48359afa_5dGx0Opd. Status changed: AVAILABLE => RESERVED in 0.41868019104003906
2019-12-10 06:27:23.612 1970 RALLYDEBUG rally.task.utils [-] Waiting for resource s_rally_48359afa_yKOXXrqn. Status changed: AVAILABLE => RESERVED in 0.4229764938354492
2019-12-10 06:27:24.493 1971 RALLYDEBUG rally.task.utils [-] Waiting for resource s_rally_48359afa_jRyRSd7a. Status changed: ATTACHING => IN-USE in 2.411560535430908
2019-12-10 06:27:25.056 1971 RALLYDEBUG rally.task.utils [-] Waiting for resource s_rally_48359afa_jRyRSd7a. Status changed: AVAILABLE => DETACHING in 0.41551756858825684
2019-12-10 06:27:25.795 1969 RALLYDEBUG rally.task.utils [-] Waiting for resource s_rally_48359afa_5dGx0Opd. Status changed: RESERVED => IN-USE in 2.403456687927246
2019-12-10 06:27:25.911 1973 RALLYDEBUG rally.task.utils [-] Waiting for resource s_rally_48359afa_wEXuGTL3. Status changed: AVAILABLE => RESERVED in 0.41052842140197754
2019-12-10 06:27:26.022 1970 RALLYDEBUG rally.task.utils [-] Waiting for resource s_rally_48359afa_yKOXXrqn. Status changed: RESERVED => IN-USE in 2.4106197357177734
2019-12-10 06:27:26.359 1969 RALLYDEBUG rally.task.utils [-] Waiting for resource s_rally_48359afa_5dGx0Opd. Status changed: AVAILABLE => DETACHING in 0.40624165534973145
2019-12-10 06:27:26.576 1970 RALLYDEBUG rally.task.utils [-] Waiting for resource s_rally_48359afa_yKOXXrqn. Status changed: AVAILABLE => DETACHING in 0.4019196033477783
2019-12-10 06:27:27.488 1971 RALLYDEBUG rally.task.utils [-] Waiting for resource s_rally_48359afa_jRyRSd7a. Status changed: DETACHING => AVAILABLE in 2.4322667121887207
2019-12-10 06:27:27.619 1971 RALLYDEBUG rally.task.utils [-] Waiting for resource s_rally_48359afa_jRyRSd7a. Status changed: AVAILABLE => DELETING in 0.05882740020751953
2019-12-10 06:27:28.338 1973 RALLYDEBUG rally.task.utils [-] Waiting for resource s_rally_48359afa_wEXuGTL3. Status changed: RESERVED => IN-USE in 2.42767596244812
2019-12-10 06:27:28.768 1969 RALLYDEBUG rally.task.utils [-] Waiting for resource s_rally_48359afa_5dGx0Opd. Status changed: DETACHING => AVAILABLE in 2.408848762512207
2019-12-10 06:27:28.900 1969 RALLYDEBUG rally.task.utils [-] Waiting for resource s_rally_48359afa_5dGx0Opd. Status changed: AVAILABLE => DELETING in 0.07282352447509766
2019-12-10 06:27:28.936 1973 RALLYDEBUG rally.task.utils [-] Waiting for resource s_rally_48359afa_wEXuGTL3. Status changed: AVAILABLE => DETACHING in 0.41471076011657715
2019-12-10 06:27:28.994 1970 RALLYDEBUG rally.task.utils [-] Waiting for resource s_rally_48359afa_yKOXXrqn. Status changed: DETACHING => AVAILABLE in 2.417773723602295
2019-12-10 06:27:29.119 1970 RALLYDEBUG rally.task.utils [-] Waiting for resource s_rally_48359afa_yKOXXrqn. Status changed: AVAILABLE => DELETING in 0.06250524520874023
2019-12-10 06:27:31.370 1973 RALLYDEBUG rally.task.utils [-] Waiting for resource s_rally_48359afa_wEXuGTL3. Status changed: DETACHING => AVAILABLE in 2.4335238933563232
2019-12-10 06:27:31.500 1973 RALLYDEBUG rally.task.utils [-] Waiting for resource s_rally_48359afa_wEXuGTL3. Status changed: AVAILABLE => DELETING in 0.05931282043457031
2019-12-10 06:27:32.125 1971 INFO rally.task.runner [-] Task c543cf46-2d88-4b57-9539-d9d0aac4e762 | ITER: 6 END: OK
2019-12-10 06:27:32.130 1971 INFO rally.task.runner [-] Task c543cf46-2d88-4b57-9539-d9d0aac4e762 | ITER: 9 START
2019-12-10 06:27:33.659 1969 INFO rally.task.runner [-] Task c543cf46-2d88-4b57-9539-d9d0aac4e762 | ITER: 5 END: OK
2019-12-10 06:27:33.665 1969 INFO rally.task.runner [-] Task c543cf46-2d88-4b57-9539-d9d0aac4e762 | ITER: 10 START
2019-12-10 06:27:33.716 1970 INFO rally.task.runner [-] Task c543cf46-2d88-4b57-9539-d9d0aac4e762 | ITER: 7 END: OK
2019-12-10 06:27:35.878 1973 INFO rally.task.runner [-] Task c543cf46-2d88-4b57-9539-d9d0aac4e762 | ITER: 8 END: OK
2019-12-10 06:27:39.352 1971 RALLYDEBUG rally.task.utils [-] Waiting for resource s_rally_48359afa_xzBSE0Ip. Status changed: BUILD => ACTIVE in 4.641761541366577
2019-12-10 06:27:42.510 1971 RALLYDEBUG rally.task.utils [-] Waiting for resource s_rally_48359afa_LdUwXHrH. Status changed: AVAILABLE => RESERVED in 0.4054908752441406
2019-12-10 06:27:43.055 1969 RALLYDEBUG rally.task.utils [-] Waiting for resource s_rally_48359afa_E3K6cSeb. Status changed: BUILD => ACTIVE in 7.012585639953613
2019-12-10 06:27:44.918 1971 RALLYDEBUG rally.task.utils [-] Waiting for resource s_rally_48359afa_LdUwXHrH. Status changed: RESERVED => IN-USE in 2.407367467880249
2019-12-10 06:27:45.508 1971 RALLYDEBUG rally.task.utils [-] Waiting for resource s_rally_48359afa_LdUwXHrH. Status changed: AVAILABLE => DETACHING in 0.4160120487213135
2019-12-10 06:27:46.136 1969 RALLYDEBUG rally.task.utils [-] Waiting for resource s_rally_48359afa_Wa86IXw5. Status changed: AVAILABLE => RESERVED in 0.4325265884399414
2019-12-10 06:27:47.948 1971 RALLYDEBUG rally.task.utils [-] Waiting for resource s_rally_48359afa_LdUwXHrH. Status changed: DETACHING => AVAILABLE in 2.4399726390838623
2019-12-10 06:27:48.096 1971 RALLYDEBUG rally.task.utils [-] Waiting for resource s_rally_48359afa_LdUwXHrH. Status changed: AVAILABLE => DELETING in 0.06448030471801758
2019-12-10 06:27:48.565 1969 RALLYDEBUG rally.task.utils [-] Waiting for resource s_rally_48359afa_Wa86IXw5. Status changed: RESERVED => IN-USE in 2.4281766414642334
2019-12-10 06:27:49.179 1969 RALLYDEBUG rally.task.utils [-] Waiting for resource s_rally_48359afa_Wa86IXw5. Status changed: AVAILABLE => DETACHING in 0.4314277172088623
2019-12-10 06:27:51.604 1969 RALLYDEBUG rally.task.utils [-] Waiting for resource s_rally_48359afa_Wa86IXw5. Status changed: DETACHING => AVAILABLE in 2.4251139163970947
2019-12-10 06:27:51.728 1969 RALLYDEBUG rally.task.utils [-] Waiting for resource s_rally_48359afa_Wa86IXw5. Status changed: AVAILABLE => DELETING in 0.0594937801361084
2019-12-10 06:27:52.608 1971 INFO rally.task.runner [-] Task c543cf46-2d88-4b57-9539-d9d0aac4e762 | ITER: 9 END: OK
2019-12-10 06:27:56.297 1969 INFO rally.task.runner [-] Task c543cf46-2d88-4b57-9539-d9d0aac4e762 | ITER: 10 END: OK
2019-12-10 06:27:56.407 1845 INFO rally.task.context [-] Task c543cf46-2d88-4b57-9539-d9d0aac4e762 | Context cleanup@openstack cleanup() started
2019-12-10 06:27:56.410 1845 RALLYDEBUG rally_openstack.cleanup.manager [-] Cleaning up nova servers objects
2019-12-10 06:27:57.726 1845 RALLYDEBUG rally_openstack.cleanup.manager [-] Cleaning up nova server_groups objects
2019-12-10 06:27:58.848 1845 RALLYDEBUG rally_openstack.cleanup.manager [-] Cleaning up nova keypairs objects
2019-12-10 06:28:01.309 1845 RALLYDEBUG rally_openstack.cleanup.manager [-] Cleaning up cinder backups objects
2019-12-10 06:28:02.513 1845 RALLYDEBUG rally_openstack.cleanup.manager [-] Cleaning up cinder volume_snapshots objects
2019-12-10 06:28:03.972 1845 RALLYDEBUG rally_openstack.cleanup.manager [-] Cleaning up cinder transfers objects
2019-12-10 06:28:05.207 1845 RALLYDEBUG rally_openstack.cleanup.manager [-] Cleaning up cinder volumes objects
2019-12-10 06:28:06.463 1845 INFO rally.task.context [-] Task c543cf46-2d88-4b57-9539-d9d0aac4e762 | Context cleanup@openstack cleanup() finished in 10.06 sec
2019-12-10 06:28:06.465 1845 INFO rally.task.context [-] Task c543cf46-2d88-4b57-9539-d9d0aac4e762 | Context quotas@openstack cleanup() started
2019-12-10 06:28:06.551 1845 INFO rally.task.context [-] Task c543cf46-2d88-4b57-9539-d9d0aac4e762 | Context quotas@openstack cleanup() finished in 86.05 msec
2019-12-10 06:28:06.551 1845 INFO rally.task.context [-] Task c543cf46-2d88-4b57-9539-d9d0aac4e762 | Context api_versions@openstack cleanup() started
2019-12-10 06:28:06.552 1845 INFO rally.task.context [-] Task c543cf46-2d88-4b57-9539-d9d0aac4e762 | Context api_versions@openstack cleanup() finished in 0.36 msec
2019-12-10 06:28:06.552 1845 INFO rally.task.context [-] Task c543cf46-2d88-4b57-9539-d9d0aac4e762 | Context users@openstack cleanup() started
2019-12-10 06:28:10.571 1845 INFO rally.task.context [-] Task c543cf46-2d88-4b57-9539-d9d0aac4e762 | Context users@openstack cleanup() finished in 4.02 sec
2019-12-10 06:28:12.473 1845 INFO rally.task.engine [-] Load duration is: 64.189616
2019-12-10 06:28:12.474 1845 INFO rally.task.engine [-] Full runner duration is: 65.326201
2019-12-10 06:28:12.474 1845 INFO rally.task.engine [-] Full duration is: 84.65672
2019-12-10 06:28:13.126 1845 INFO rally.task.engine [-] Running workload: position = 0 config = { "version": 2, "title": "A cropped version of a bigger task.", "description": "Auto-generated task from a single workload (uuid=26fa4465-4879-4c76-a282-26c04bf5725d)", "subtasks": [ { "title": "CinderVolumes.create_and_list_snapshots", "description": "Create and then list a volume-snapshot.", "scenario": { "CinderVolumes.create_and_list_snapshots": { "detailed": true, "force": false } }, "contexts": { "users": { "tenants": 3, "users_per_tenant": 2 }, "quotas": { "cinder": { "gigabytes": -1, "snapshots": -1, "volumes": -1 } }, "api_versions": { "cinder": { "version": 3, "service_type": "volumev3" } }, "volumes": { "size": 1, "volumes_per_tenant": 1 } }, "runner": { "constant": { "concurrency": 4, "times": 10 } }, "hooks": [], "sla": { "failure_rate": { "max": 0 } } } ] }
2019-12-10 06:28:13.154 1845 RALLYDEBUG rally_openstack.contexts.keystone.users [-] Creating 3 tenants using 20 threads
2019-12-10 06:28:14.215 1845 RALLYDEBUG rally_openstack.contexts.keystone.users [-] Creating 6 users using 20 threads
2019-12-10 06:28:15.772 1845 INFO rally.task.context [-] Task c543cf46-2d88-4b57-9539-d9d0aac4e762 | Context users@openstack setup() finished in 2.62 sec
2019-12-10 06:28:16.183 1845 INFO rally.task.context [-] Task c543cf46-2d88-4b57-9539-d9d0aac4e762 | Context api_versions@openstack setup() finished in 0.41 sec
2019-12-10 06:28:17.071 1845 INFO rally.task.context [-] Task c543cf46-2d88-4b57-9539-d9d0aac4e762 | Context quotas@openstack setup() finished in 0.89 sec
2019-12-10 06:28:25.867 1845 INFO rally.task.context [-] Task c543cf46-2d88-4b57-9539-d9d0aac4e762 | Context volumes@openstack setup() finished in 8.80 sec
2019-12-10 06:28:25.868 1845 INFO rally.task.context [-] Task c543cf46-2d88-4b57-9539-d9d0aac4e762 | Context cleanup@openstack setup() finished in 0.02 msec
2019-12-10 06:28:25.877 1845 RALLYDEBUG rally.task.runner [-] Starting the constant runner (task UUID: c543cf46-2d88-4b57-9539-d9d0aac4e762). times: 10 concurrency: 4 timeout: 0 max_cpu_used: 16 processes_to_start: 4 concurrency_per_worker: 1 concurrency_overhead: 0
2019-12-10 06:28:25.889 2213 RALLYDEBUG rally.task.runner [-] Starting a worker. times: 10 duration: None concurrency: 1 timeout: 0 cls: method_name: run args: {"detailed": true, "force": false}
2019-12-10 06:28:25.892 2214 RALLYDEBUG rally.task.runner [-] Starting a worker. times: 10 duration: None concurrency: 1 timeout: 0 cls: method_name: run args: {"detailed": true, "force": false}
2019-12-10 06:28:25.896 2213 INFO rally.task.runner [-] Task c543cf46-2d88-4b57-9539-d9d0aac4e762 | ITER: 1 START
2019-12-10 06:28:25.896 2215 RALLYDEBUG rally.task.runner [-] Starting a worker. times: 10 duration: None concurrency: 1 timeout: 0 cls: method_name: run args: {"detailed": true, "force": false}
2019-12-10 06:28:25.899 2214 INFO rally.task.runner [-] Task c543cf46-2d88-4b57-9539-d9d0aac4e762 | ITER: 2 START
2019-12-10 06:28:25.899 2216 RALLYDEBUG rally.task.runner [-] Starting a worker. times: 10 duration: None concurrency: 1 timeout: 0 cls: method_name: run args: {"detailed": true, "force": false}
2019-12-10 06:28:25.903 2215 INFO rally.task.runner [-] Task c543cf46-2d88-4b57-9539-d9d0aac4e762 | ITER: 3 START
2019-12-10 06:28:25.906 2216 INFO rally.task.runner [-] Task c543cf46-2d88-4b57-9539-d9d0aac4e762 | ITER: 4 START
2019-12-10 06:28:28.541 2213 INFO rally.task.runner [-] Task c543cf46-2d88-4b57-9539-d9d0aac4e762 | ITER: 1 END: OK
2019-12-10 06:28:28.546 2213 INFO rally.task.runner [-] Task c543cf46-2d88-4b57-9539-d9d0aac4e762 | ITER: 5 START
2019-12-10 06:28:28.550 2215 INFO rally.task.runner [-] Task c543cf46-2d88-4b57-9539-d9d0aac4e762 | ITER: 3 END: OK
2019-12-10 06:28:28.555 2215 INFO rally.task.runner [-] Task c543cf46-2d88-4b57-9539-d9d0aac4e762 | ITER: 6 START
2019-12-10 06:28:28.653 2216 INFO rally.task.runner [-] Task c543cf46-2d88-4b57-9539-d9d0aac4e762 | ITER: 4 END: OK
2019-12-10 06:28:28.658 2216 INFO rally.task.runner [-] Task c543cf46-2d88-4b57-9539-d9d0aac4e762 | ITER: 7 START
2019-12-10 06:28:28.678 2214 INFO rally.task.runner [-] Task c543cf46-2d88-4b57-9539-d9d0aac4e762 | ITER: 2 END: OK
2019-12-10 06:28:28.683 2214 INFO rally.task.runner [-] Task c543cf46-2d88-4b57-9539-d9d0aac4e762 | ITER: 8 START
2019-12-10 06:28:31.231 2215 INFO rally.task.runner [-] Task c543cf46-2d88-4b57-9539-d9d0aac4e762 | ITER: 6 END: OK
2019-12-10 06:28:31.235 2215 INFO rally.task.runner [-] Task c543cf46-2d88-4b57-9539-d9d0aac4e762 | ITER: 9 START
2019-12-10 06:28:31.241 2216 INFO rally.task.runner [-] Task c543cf46-2d88-4b57-9539-d9d0aac4e762 | ITER: 7 END: OK
2019-12-10 06:28:31.245 2216 INFO rally.task.runner [-] Task c543cf46-2d88-4b57-9539-d9d0aac4e762 | ITER: 10 START
2019-12-10 06:28:31.246 2213 INFO rally.task.runner [-] Task c543cf46-2d88-4b57-9539-d9d0aac4e762 | ITER: 5 END: OK
2019-12-10 06:28:31.420 2214 INFO rally.task.runner [-] Task c543cf46-2d88-4b57-9539-d9d0aac4e762 | ITER: 8 END: OK
2019-12-10 06:28:33.840 2215 INFO rally.task.runner [-] Task c543cf46-2d88-4b57-9539-d9d0aac4e762 | ITER: 9 END: OK
2019-12-10 06:28:33.850 2216 INFO rally.task.runner [-] Task c543cf46-2d88-4b57-9539-d9d0aac4e762 | ITER: 10 END: OK
2019-12-10 06:28:33.877 1845 INFO rally.task.context [-] Task c543cf46-2d88-4b57-9539-d9d0aac4e762 | Context cleanup@openstack cleanup() started
2019-12-10 06:28:33.880 1845 RALLYDEBUG rally_openstack.cleanup.manager [-] Cleaning up cinder backups objects
2019-12-10 06:28:35.053 1845 RALLYDEBUG rally_openstack.cleanup.manager [-] Cleaning up cinder volume_snapshots objects
2019-12-10 06:28:36.231 1845 RALLYDEBUG rally_openstack.cleanup.manager [-] Deleting cinder.volume_snapshots object s_rally_26fa4465_dQ2ajr9n (8cbd38ad-158e-4024-ba04-5b9ee6877e5f)
2019-12-10 06:28:36.240 1845 RALLYDEBUG rally_openstack.cleanup.manager [-] Deleting cinder.volume_snapshots object s_rally_26fa4465_9NmpR7eU (1a395dcd-a3e3-44c7-b066-590fff099681)
2019-12-10 06:28:36.250 1845 RALLYDEBUG rally_openstack.cleanup.manager [-] Deleting cinder.volume_snapshots object s_rally_26fa4465_l2xtSZXh (62804a8e-c0a2-48da-95a3-0e8ead83f434)
2019-12-10 06:28:36.261 1845 RALLYDEBUG rally_openstack.cleanup.manager [-] Deleting cinder.volume_snapshots object s_rally_26fa4465_iwRjF3yD (55c547e1-e0b8-4083-971a-52c785d62dfa)
2019-12-10 06:28:36.276 1845 RALLYDEBUG rally_openstack.cleanup.manager [-] Deleting cinder.volume_snapshots object s_rally_26fa4465_y7IfgmLr (8e2c9ca6-2127-4f25-89f8-096bca9635b8)
2019-12-10 06:28:36.289 1845 RALLYDEBUG rally_openstack.cleanup.manager [-] Deleting cinder.volume_snapshots object s_rally_26fa4465_TAMUYflm (6acccb58-66c1-43dd-9e09-539f84f6d3c1)
2019-12-10 06:28:36.300 1845 RALLYDEBUG rally_openstack.cleanup.manager [-] Deleting cinder.volume_snapshots object s_rally_26fa4465_mCpT3JeI (26a09e72-d634-470e-9186-356f27c60888)
2019-12-10 06:28:36.310 1845 RALLYDEBUG rally_openstack.cleanup.manager [-] Deleting cinder.volume_snapshots object s_rally_26fa4465_z4f5NR5y (6f455dc7-0e95-4c03-987b-0e4cbc456b8f)
2019-12-10 06:28:36.330 1845 RALLYDEBUG rally_openstack.cleanup.manager [-] Deleting cinder.volume_snapshots object s_rally_26fa4465_gfniYvqb (6487bf0e-adf0-4a82-a73a-99ba3e997696)
2019-12-10 06:28:36.348 1845 RALLYDEBUG rally_openstack.cleanup.manager [-] Deleting cinder.volume_snapshots object s_rally_26fa4465_suSPpEDn (1148a9a8-1fb4-4ef6-855f-30550697bbeb)
2019-12-10 06:28:39.996 1845 RALLYDEBUG rally_openstack.cleanup.manager [-] Cleaning up cinder transfers objects
2019-12-10 06:28:41.153 1845 RALLYDEBUG rally_openstack.cleanup.manager [-] Cleaning up cinder volumes objects
2019-12-10 06:28:42.431 1845 INFO rally.task.context [-] Task c543cf46-2d88-4b57-9539-d9d0aac4e762 | Context cleanup@openstack cleanup() finished in 8.55 sec
2019-12-10 06:28:42.431 1845 INFO rally.task.context [-] Task c543cf46-2d88-4b57-9539-d9d0aac4e762 | Context volumes@openstack cleanup() started
2019-12-10 06:28:42.432 1845 RALLYDEBUG rally_openstack.cleanup.manager [-] Cleaning up cinder volumes objects
2019-12-10 06:28:43.688 1845 RALLYDEBUG rally_openstack.cleanup.manager [-] Deleting cinder.volumes object c_rally_26fa4465_ZfOGV6n9 (03705755-1906-423b-a915-2f8eb4dc368e)
2019-12-10 06:28:43.701 1845 RALLYDEBUG rally_openstack.cleanup.manager [-] Deleting cinder.volumes object c_rally_26fa4465_hCjTTDuX (a28c2920-f36b-442a-bf35-5b4718d1a4ce)
2019-12-10 06:28:43.706 1845 RALLYDEBUG rally_openstack.cleanup.manager [-] Deleting cinder.volumes object c_rally_26fa4465_UhrFDSMk (432c7a0b-af85-4b41-8572-2cc4e215d591)
2019-12-10 06:28:47.315 1845 INFO rally.task.context [-] Task c543cf46-2d88-4b57-9539-d9d0aac4e762 | Context volumes@openstack cleanup() finished in 4.88 sec
2019-12-10 06:28:47.316 1845 INFO rally.task.context [-] Task c543cf46-2d88-4b57-9539-d9d0aac4e762 | Context quotas@openstack cleanup() started
2019-12-10 06:28:47.403 1845 INFO rally.task.context [-] Task c543cf46-2d88-4b57-9539-d9d0aac4e762 | Context quotas@openstack cleanup() finished in 87.13 msec
2019-12-10 06:28:47.404 1845 INFO rally.task.context [-] Task c543cf46-2d88-4b57-9539-d9d0aac4e762 | Context api_versions@openstack cleanup() started
2019-12-10 06:28:47.404 1845 INFO rally.task.context [-] Task c543cf46-2d88-4b57-9539-d9d0aac4e762 | Context api_versions@openstack cleanup() finished in 0.36 msec
2019-12-10 06:28:47.404 1845 INFO rally.task.context [-] Task c543cf46-2d88-4b57-9539-d9d0aac4e762 | Context users@openstack cleanup() started
2019-12-10 06:28:51.712 1845 INFO rally.task.context [-] Task c543cf46-2d88-4b57-9539-d9d0aac4e762 | Context users@openstack cleanup() finished in 4.31 sec
2019-12-10 06:28:53.362 1845 INFO rally.task.engine [-] Load duration is: 7.950415
2019-12-10 06:28:53.363 1845 INFO rally.task.engine [-] Full runner duration is: 8.000334
2019-12-10 06:28:53.363 1845 INFO rally.task.engine [-] Full duration is: 38.56123
2019-12-10 06:28:53.695 1845 INFO rally.task.engine [-] Running workload: position = 0 config = { "version": 2, "title": "A cropped version of a bigger task.", "description": "Auto-generated task from a single workload (uuid=90a6c816-4277-4fbd-9bb5-1ee20c0595c0)", "subtasks": [ { "title": "CinderVolumes.create_and_list_volume", "description": "Create a volume and list all volumes.", "scenario": { "CinderVolumes.create_and_list_volume": { "detailed": true, "image": { "name": "rally_full-img_68cbd2e2-4670-4bbc-9b99-19b3f4b7f2a8" }, "size": 1 } }, "contexts": { "users": { "tenants": 3, "users_per_tenant": 2 }, "quotas": { "cinder": { "gigabytes": -1, "snapshots": -1, "volumes": -1 } }, "api_versions": { "cinder": { "version": 3, "service_type": "volumev3" } } }, "runner": { "constant": { "concurrency": 4, "times": 10 } }, "hooks": [], "sla": { "failure_rate": { "max": 0 } } } ] }
2019-12-10 06:28:53.723 1845 RALLYDEBUG rally_openstack.contexts.keystone.users [-] Creating 3 tenants using 20 threads
2019-12-10 06:28:54.734 1845 RALLYDEBUG rally_openstack.contexts.keystone.users [-] Creating 6 users using 20 threads
2019-12-10 06:28:56.261 1845 INFO rally.task.context [-] Task c543cf46-2d88-4b57-9539-d9d0aac4e762 | Context users@openstack setup() finished in 2.54 sec
2019-12-10 06:28:56.762 1845 INFO rally.task.context [-] Task c543cf46-2d88-4b57-9539-d9d0aac4e762 | Context api_versions@openstack setup() finished in 0.50 sec
2019-12-10 06:28:57.684 1845 INFO rally.task.context [-] Task c543cf46-2d88-4b57-9539-d9d0aac4e762 | Context quotas@openstack setup() finished in 0.92 sec
2019-12-10 06:28:57.684 1845 INFO rally.task.context [-] Task c543cf46-2d88-4b57-9539-d9d0aac4e762 | Context cleanup@openstack setup() finished in 0.02 msec
2019-12-10 06:28:58.215 1845 RALLYDEBUG rally.task.runner [-] Starting the constant runner (task UUID: c543cf46-2d88-4b57-9539-d9d0aac4e762). times: 10 concurrency: 4 timeout: 0 max_cpu_used: 16 processes_to_start: 4 concurrency_per_worker: 1 concurrency_overhead: 0
2019-12-10 06:28:58.227 2417 RALLYDEBUG rally.task.runner [-] Starting a worker. times: 10 duration: None concurrency: 1 timeout: 0 cls: method_name: run args: {"detailed": true, "image": "e2082952-64e1-494f-a61c-acae11bc7e6a", "size": 1}
2019-12-10 06:28:58.230 2418 RALLYDEBUG rally.task.runner [-] Starting a worker. times: 10 duration: None concurrency: 1 timeout: 0 cls: method_name: run args: {"detailed": true, "image": "e2082952-64e1-494f-a61c-acae11bc7e6a", "size": 1}
2019-12-10 06:28:58.233 2419 RALLYDEBUG rally.task.runner [-] Starting a worker. times: 10 duration: None concurrency: 1 timeout: 0 cls: method_name: run args: {"detailed": true, "image": "e2082952-64e1-494f-a61c-acae11bc7e6a", "size": 1}
2019-12-10 06:28:58.234 2417 INFO rally.task.runner [-] Task c543cf46-2d88-4b57-9539-d9d0aac4e762 | ITER: 1 START
2019-12-10 06:28:58.237 2418 INFO rally.task.runner [-] Task c543cf46-2d88-4b57-9539-d9d0aac4e762 | ITER: 2 START
2019-12-10 06:28:58.237 2420 RALLYDEBUG rally.task.runner [-] Starting a worker. times: 10 duration: None concurrency: 1 timeout: 0 cls: method_name: run args: {"detailed": true, "image": "e2082952-64e1-494f-a61c-acae11bc7e6a", "size": 1}
2019-12-10 06:28:58.240 2419 INFO rally.task.runner [-] Task c543cf46-2d88-4b57-9539-d9d0aac4e762 | ITER: 3 START
2019-12-10 06:28:58.244 2420 INFO rally.task.runner [-] Task c543cf46-2d88-4b57-9539-d9d0aac4e762 | ITER: 4 START
2019-12-10 06:29:15.728 2417 RALLYDEBUG rally.task.utils [-] Waiting for resource s_rally_90a6c816_aLBrqfog. Status changed: DOWNLOADING => AVAILABLE in 14.672927618026733
2019-12-10 06:29:15.788 2417 INFO rally.task.runner [-] Task c543cf46-2d88-4b57-9539-d9d0aac4e762 | ITER: 1 END: OK
2019-12-10 06:29:15.793 2417 INFO rally.task.runner [-] Task c543cf46-2d88-4b57-9539-d9d0aac4e762 | ITER: 5 START
2019-12-10 06:29:20.145 2419 RALLYDEBUG rally.task.utils [-] Waiting for resource s_rally_90a6c816_mfNBp7n9. Status changed: DOWNLOADING => AVAILABLE in 18.76562476158142
2019-12-10 06:29:20.210 2419 INFO rally.task.runner [-] Task c543cf46-2d88-4b57-9539-d9d0aac4e762 | ITER: 3 END: OK
2019-12-10 06:29:20.215 2419 INFO rally.task.runner [-] Task c543cf46-2d88-4b57-9539-d9d0aac4e762 | ITER: 6 START
2019-12-10 06:29:20.878 2417 RALLYDEBUG rally.task.utils [-] Waiting for resource s_rally_90a6c816_WEtz6p5n. Status changed: CREATING => DOWNLOADING in 2.223928928375244
2019-12-10 06:29:36.698 2418 RALLYDEBUG rally.task.utils [-] Waiting for resource s_rally_90a6c816_xSTnYHpY. Status changed: DOWNLOADING => AVAILABLE in 35.372365951538086
2019-12-10 06:29:36.759 2418 INFO rally.task.runner [-] Task c543cf46-2d88-4b57-9539-d9d0aac4e762 | ITER: 2 END: OK
2019-12-10 06:29:36.763 2418 INFO rally.task.runner [-] Task c543cf46-2d88-4b57-9539-d9d0aac4e762 | ITER: 7 START
2019-12-10 06:29:36.955 2420 RALLYDEBUG rally.task.utils [-] Waiting for resource s_rally_90a6c816_fiN7fyVs. Status changed: DOWNLOADING => AVAILABLE in 35.62037634849548
2019-12-10 06:29:37.010 2420 INFO rally.task.runner [-] Task c543cf46-2d88-4b57-9539-d9d0aac4e762 | ITER: 4 END: OK
2019-12-10 06:29:37.016 2420 INFO rally.task.runner [-] Task c543cf46-2d88-4b57-9539-d9d0aac4e762 | ITER: 8 START
2019-12-10 06:29:39.537 2417 RALLYDEBUG rally.task.utils [-] Waiting for resource s_rally_90a6c816_WEtz6p5n. Status changed: DOWNLOADING => AVAILABLE in 18.660181999206543
2019-12-10 06:29:39.601 2417 INFO rally.task.runner [-] Task c543cf46-2d88-4b57-9539-d9d0aac4e762 | ITER: 5 END: OK
2019-12-10 06:29:39.607 2417 INFO rally.task.runner [-] Task c543cf46-2d88-4b57-9539-d9d0aac4e762 | ITER: 9 START
2019-12-10 06:29:51.215 2417 RALLYDEBUG rally.task.utils [-] Waiting for resource s_rally_90a6c816_MZ4lunPB. Status changed: CREATING => DOWNLOADING in 8.463878870010376
2019-12-10 06:29:54.360 2420 RALLYDEBUG rally.task.utils [-] Waiting for resource s_rally_90a6c816_RLfo5IEH. Status changed: DOWNLOADING => AVAILABLE in 14.66203236579895
2019-12-10 06:29:54.424 2420 INFO rally.task.runner [-] Task c543cf46-2d88-4b57-9539-d9d0aac4e762 | ITER: 8 END: OK
2019-12-10 06:29:54.428 2420 INFO rally.task.runner [-] Task c543cf46-2d88-4b57-9539-d9d0aac4e762 | ITER: 10 START
2019-12-10 06:29:56.602 2419 RALLYDEBUG rally.task.utils [-] Waiting for resource s_rally_90a6c816_DBwozzKP. Status changed: DOWNLOADING => AVAILABLE in 33.306209325790405
2019-12-10 06:29:56.669 2419 INFO rally.task.runner [-] Task c543cf46-2d88-4b57-9539-d9d0aac4e762 | ITER: 6 END: OK
2019-12-10 06:30:06.844 2418 RALLYDEBUG rally.task.utils [-] Waiting for resource s_rally_90a6c816_eebgo7Qe. Status changed: DOWNLOADING => AVAILABLE in 27.07484722137451
2019-12-10 06:30:06.908 2418 INFO rally.task.runner [-] Task c543cf46-2d88-4b57-9539-d9d0aac4e762 | ITER: 7 END: OK
2019-12-10 06:30:16.012 2420 RALLYDEBUG rally.task.utils [-] Waiting for resource s_rally_90a6c816_1CKjHnuF. Status changed: DOWNLOADING => AVAILABLE in 18.807889223098755
2019-12-10 06:30:16.075 2420 INFO rally.task.runner [-] Task c543cf46-2d88-4b57-9539-d9d0aac4e762 | ITER: 10 END: OK
2019-12-10 06:30:18.144 2417 RALLYDEBUG rally.task.utils [-] Waiting for resource s_rally_90a6c816_MZ4lunPB. Status changed: DOWNLOADING => AVAILABLE in 26.929251670837402
2019-12-10 06:30:18.223 2417 INFO rally.task.runner [-] Task c543cf46-2d88-4b57-9539-d9d0aac4e762 | ITER: 9 END: OK
2019-12-10 06:30:18.248 1845 INFO rally.task.context [-] Task c543cf46-2d88-4b57-9539-d9d0aac4e762 | Context cleanup@openstack cleanup() started
2019-12-10 06:30:18.253 1845 RALLYDEBUG rally_openstack.cleanup.manager [-] Cleaning up cinder backups objects
2019-12-10 06:30:19.465 1845 RALLYDEBUG rally_openstack.cleanup.manager [-] Cleaning up cinder volume_snapshots objects
2019-12-10 06:30:20.654 1845 RALLYDEBUG rally_openstack.cleanup.manager [-] Cleaning up cinder transfers objects
2019-12-10 06:30:21.794 1845 RALLYDEBUG rally_openstack.cleanup.manager [-] Cleaning up cinder volumes objects
2019-12-10 06:30:23.056 1845 RALLYDEBUG rally_openstack.cleanup.manager [-] Deleting cinder.volumes object s_rally_90a6c816_RLfo5IEH (fdc6468d-3575-47d1-98a7-ed171b56c8b4)
2019-12-10 06:30:23.057 1845 RALLYDEBUG rally_openstack.cleanup.manager [-] Deleting cinder.volumes object s_rally_90a6c816_MZ4lunPB (922003c0-6a4f-41f6-94b3-9458f094b7ba)
2019-12-10 06:30:23.067 1845 RALLYDEBUG rally_openstack.cleanup.manager [-] Deleting cinder.volumes object s_rally_90a6c816_DBwozzKP (cac684ef-e0d4-44e4-9922-8a9846e6504e)
2019-12-10 06:30:23.076 1845 RALLYDEBUG rally_openstack.cleanup.manager [-] Deleting cinder.volumes object s_rally_90a6c816_fiN7fyVs (da0097e8-b9de-4222-859f-38f1baa11dcc)
2019-12-10 06:30:23.085 1845 RALLYDEBUG rally_openstack.cleanup.manager [-] Deleting cinder.volumes object s_rally_90a6c816_aLBrqfog (88e9bcd0-be6b-49ba-bcaa-305c36f67d57)
2019-12-10 06:30:23.091 1845 RALLYDEBUG rally_openstack.cleanup.manager [-] Deleting cinder.volumes object s_rally_90a6c816_mfNBp7n9 (641f46ca-6bfb-4f23-bf8b-546722d70155)
2019-12-10 06:30:23.101 1845 RALLYDEBUG rally_openstack.cleanup.manager [-] Deleting cinder.volumes object s_rally_90a6c816_1CKjHnuF (d12835ab-dba2-459a-8eb0-6fedb92ac3b0)
2019-12-10 06:30:23.122 1845 RALLYDEBUG rally_openstack.cleanup.manager [-] Deleting cinder.volumes object s_rally_90a6c816_eebgo7Qe (ff67a346-2671-4304-b936-6e3f26e09e0b)
2019-12-10 06:30:23.134 1845 RALLYDEBUG rally_openstack.cleanup.manager [-] Deleting cinder.volumes object s_rally_90a6c816_WEtz6p5n (cf160bf7-5e57-4813-b4fc-6123cc1f19c1)
2019-12-10 06:30:23.150 1845 RALLYDEBUG rally_openstack.cleanup.manager [-] Deleting cinder.volumes object s_rally_90a6c816_xSTnYHpY (85e1a715-487b-4ae1-9990-dd841fa42be7)
2019-12-10 06:30:26.833 1845 INFO rally.task.context [-] Task c543cf46-2d88-4b57-9539-d9d0aac4e762 | Context cleanup@openstack cleanup() finished in 8.59 sec
2019-12-10 06:30:26.834 1845 INFO rally.task.context [-] Task c543cf46-2d88-4b57-9539-d9d0aac4e762 | Context quotas@openstack cleanup() started
2019-12-10 06:30:26.921 1845 INFO rally.task.context [-] Task c543cf46-2d88-4b57-9539-d9d0aac4e762 | Context quotas@openstack cleanup() finished in 87.18 msec
2019-12-10 06:30:26.921 1845 INFO rally.task.context [-] Task c543cf46-2d88-4b57-9539-d9d0aac4e762 | Context api_versions@openstack cleanup() started
2019-12-10 06:30:26.921 1845 INFO rally.task.context [-] Task c543cf46-2d88-4b57-9539-d9d0aac4e762 | Context api_versions@openstack cleanup() finished in 0.31 msec
2019-12-10 06:30:26.922 1845 INFO rally.task.context [-] Task c543cf46-2d88-4b57-9539-d9d0aac4e762 | Context users@openstack cleanup() started
2019-12-10 06:30:31.251 1845 INFO rally.task.context [-] Task c543cf46-2d88-4b57-9539-d9d0aac4e762 | Context users@openstack cleanup() finished in 4.33 sec
2019-12-10 06:30:32.195 1845 INFO rally.task.engine [-] Load duration is: 79.984303
2019-12-10 06:30:32.196 1845 INFO rally.task.engine [-] Full runner duration is: 80.032906
2019-12-10 06:30:32.196 1845 INFO rally.task.engine [-] Full duration is: 97.531294
2019-12-10 06:30:32.438 1845 INFO rally.task.engine [-] Running workload: position = 1 config = { "version": 2, "title": "A cropped version of a bigger task.", "description": "Auto-generated task from a single workload (uuid=6cb30cf8-6913-41d3-b8bb-49692fa0e188)", "subtasks": [ { "title": "CinderVolumes.create_and_list_volume", "description": "Create a volume and list all volumes.", "scenario": { "CinderVolumes.create_and_list_volume": { "detailed": true, "size": 1 } }, "contexts": { "users": { "tenants": 3, "users_per_tenant": 2 }, "quotas": { "cinder": { "gigabytes": -1, "snapshots": -1, "volumes": -1 } }, "api_versions": { "cinder": { "version": 3, "service_type": "volumev3" } } }, "runner": { "constant": { "concurrency": 4, "times": 10 } }, "hooks": [], "sla": { "failure_rate": { "max": 0 } } } ] }
2019-12-10 06:30:32.466 1845 RALLYDEBUG rally_openstack.contexts.keystone.users [-] Creating 3 tenants using 20 threads
2019-12-10 06:30:33.526 1845 RALLYDEBUG rally_openstack.contexts.keystone.users [-] Creating 6 users using 20 threads
2019-12-10 06:30:35.171 1845 INFO rally.task.context [-] Task c543cf46-2d88-4b57-9539-d9d0aac4e762 | Context users@openstack setup() finished in 2.71 sec
2019-12-10 06:30:35.575 1845 INFO rally.task.context [-] Task c543cf46-2d88-4b57-9539-d9d0aac4e762 | Context api_versions@openstack setup() finished in 0.40 sec
2019-12-10 06:30:36.477 1845 INFO rally.task.context [-] Task c543cf46-2d88-4b57-9539-d9d0aac4e762 | Context quotas@openstack setup() finished in 0.90 sec
2019-12-10 06:30:36.478 1845 INFO rally.task.context [-] Task c543cf46-2d88-4b57-9539-d9d0aac4e762 | Context cleanup@openstack setup() finished in 0.02 msec
2019-12-10 06:30:36.487 1845 RALLYDEBUG rally.task.runner [-] Starting the constant runner (task UUID: c543cf46-2d88-4b57-9539-d9d0aac4e762). times: 10 concurrency: 4 timeout: 0 max_cpu_used: 16 processes_to_start: 4 concurrency_per_worker: 1 concurrency_overhead: 0
2019-12-10 06:30:36.499 2601 RALLYDEBUG rally.task.runner [-] Starting a worker. times: 10 duration: None concurrency: 1 timeout: 0 cls: method_name: run args: {"detailed": true, "size": 1}
2019-12-10 06:30:36.503 2602 RALLYDEBUG rally.task.runner [-] Starting a worker. times: 10 duration: None concurrency: 1 timeout: 0 cls: method_name: run args: {"detailed": true, "size": 1}
2019-12-10 06:30:36.506 2601 INFO rally.task.runner [-] Task c543cf46-2d88-4b57-9539-d9d0aac4e762 | ITER: 1 START
2019-12-10 06:30:36.506 2603 RALLYDEBUG rally.task.runner [-] Starting a worker. times: 10 duration: None concurrency: 1 timeout: 0 cls: method_name: run args: {"detailed": true, "size": 1}
2019-12-10 06:30:36.510 2602 INFO rally.task.runner [-] Task c543cf46-2d88-4b57-9539-d9d0aac4e762 | ITER: 2 START
2019-12-10 06:30:36.510 2604 RALLYDEBUG rally.task.runner [-] Starting a worker. times: 10 duration: None concurrency: 1 timeout: 0 cls: method_name: run args: {"detailed": true, "size": 1}
2019-12-10 06:30:36.513 2603 INFO rally.task.runner [-] Task c543cf46-2d88-4b57-9539-d9d0aac4e762 | ITER: 3 START
2019-12-10 06:30:36.517 2604 INFO rally.task.runner [-] Task c543cf46-2d88-4b57-9539-d9d0aac4e762 | ITER: 4 START
2019-12-10 06:30:39.451 2601 INFO rally.task.runner [-] Task c543cf46-2d88-4b57-9539-d9d0aac4e762 | ITER: 1 END: OK
2019-12-10 06:30:39.456 2601 INFO rally.task.runner [-] Task c543cf46-2d88-4b57-9539-d9d0aac4e762 | ITER: 5 START
2019-12-10 06:30:39.457 2604 INFO rally.task.runner [-] Task c543cf46-2d88-4b57-9539-d9d0aac4e762 | ITER: 4 END: OK
2019-12-10 06:30:39.461 2604 INFO rally.task.runner [-] Task c543cf46-2d88-4b57-9539-d9d0aac4e762 | ITER: 6 START
2019-12-10 06:30:39.465 2602 INFO rally.task.runner [-] Task c543cf46-2d88-4b57-9539-d9d0aac4e762 | ITER: 2 END: OK
2019-12-10 06:30:39.470 2602 INFO rally.task.runner [-] Task c543cf46-2d88-4b57-9539-d9d0aac4e762 | ITER: 7 START
2019-12-10 06:30:39.570 2603 INFO rally.task.runner [-] Task c543cf46-2d88-4b57-9539-d9d0aac4e762 | ITER: 3 END: OK
2019-12-10 06:30:39.575 2603 INFO rally.task.runner [-] Task c543cf46-2d88-4b57-9539-d9d0aac4e762 | ITER: 8 START
2019-12-10 06:30:42.253 2604 INFO rally.task.runner [-] Task c543cf46-2d88-4b57-9539-d9d0aac4e762 | ITER: 6 END: OK
2019-12-10 06:30:42.259 2604 INFO rally.task.runner [-] Task c543cf46-2d88-4b57-9539-d9d0aac4e762 | ITER: 9 START
2019-12-10 06:30:42.303 2603 INFO rally.task.runner [-] Task c543cf46-2d88-4b57-9539-d9d0aac4e762 | ITER: 8 END: OK
