2019-12-10 08:12:05.938 25274 INFO rally.task.runner [-] Task 4e8ca0c3-0d8f-4d97-b1f9-96e3694a2663 | ITER: 3 END: OK
2019-12-10 08:12:05.942 25272 INFO rally.task.runner [-] Task 4e8ca0c3-0d8f-4d97-b1f9-96e3694a2663 | ITER: 1 END: OK
2019-12-10 08:12:05.942 25274 INFO rally.task.runner [-] Task 4e8ca0c3-0d8f-4d97-b1f9-96e3694a2663 | ITER: 5 START
2019-12-10 08:12:05.948 25272 INFO rally.task.runner [-] Task 4e8ca0c3-0d8f-4d97-b1f9-96e3694a2663 | ITER: 6 START
2019-12-10 08:12:05.956 25273 INFO rally.task.runner [-] Task 4e8ca0c3-0d8f-4d97-b1f9-96e3694a2663 | ITER: 2 END: OK
2019-12-10 08:12:05.961 25273 INFO rally.task.runner [-] Task 4e8ca0c3-0d8f-4d97-b1f9-96e3694a2663 | ITER: 7 START
2019-12-10 08:12:06.043 25275 INFO rally.task.runner [-] Task 4e8ca0c3-0d8f-4d97-b1f9-96e3694a2663 | ITER: 4 END: OK
2019-12-10 08:12:06.048 25275 INFO rally.task.runner [-] Task 4e8ca0c3-0d8f-4d97-b1f9-96e3694a2663 | ITER: 8 START
2019-12-10 08:12:06.407 25273 INFO rally.task.runner [-] Task 4e8ca0c3-0d8f-4d97-b1f9-96e3694a2663 | ITER: 7 END: OK
2019-12-10 08:12:06.410 25273 INFO rally.task.runner [-] Task 4e8ca0c3-0d8f-4d97-b1f9-96e3694a2663 | ITER: 9 START
2019-12-10 08:12:06.484 25275 INFO rally.task.runner [-] Task 4e8ca0c3-0d8f-4d97-b1f9-96e3694a2663 | ITER: 8 END: OK
2019-12-10 08:12:06.487 25275 INFO rally.task.runner [-] Task 4e8ca0c3-0d8f-4d97-b1f9-96e3694a2663 | ITER: 10 START
2019-12-10 08:12:06.490 25272 INFO rally.task.runner [-] Task 4e8ca0c3-0d8f-4d97-b1f9-96e3694a2663 | ITER: 6 END: OK
2019-12-10 08:12:06.537 25274 INFO rally.task.runner [-] Task 4e8ca0c3-0d8f-4d97-b1f9-96e3694a2663 | ITER: 5 END: OK
2019-12-10 08:12:06.981 25273 INFO rally.task.runner [-] Task 4e8ca0c3-0d8f-4d97-b1f9-96e3694a2663 | ITER: 9 END: OK
2019-12-10 08:12:07.041 25275 INFO rally.task.runner [-] Task 4e8ca0c3-0d8f-4d97-b1f9-96e3694a2663 | ITER: 10 END: OK
2019-12-10 08:12:07.063 20411 INFO rally.task.context [-] Task 4e8ca0c3-0d8f-4d97-b1f9-96e3694a2663 | Context cleanup@openstack cleanup() started
2019-12-10 08:12:07.065 20411 RALLYDEBUG rally_openstack.cleanup.manager [-] Cleaning up nova servers objects
2019-12-10 08:12:08.497 20411 RALLYDEBUG rally_openstack.cleanup.manager [-] Cleaning up nova server_groups objects
2019-12-10 08:12:09.678 20411 RALLYDEBUG rally_openstack.cleanup.manager [-] Deleting nova.server_groups object s_rally_f7a1f837_XHcGpjL2 (313b85ed-53ce-4219-99e8-f9b1ee718b83)
2019-12-10 08:12:09.689 20411 RALLYDEBUG rally_openstack.cleanup.manager [-] Deleting nova.server_groups object s_rally_f7a1f837_ZEAlmboX (f14be293-0d23-487c-a47c-f6e256f10231)
2019-12-10 08:12:09.698 20411 RALLYDEBUG rally_openstack.cleanup.manager [-] Deleting nova.server_groups object s_rally_f7a1f837_PbYSHKK1 (9cc82d43-118a-4e02-9b1f-199aba5f0748)
2019-12-10 08:12:09.707 20411 RALLYDEBUG rally_openstack.cleanup.manager [-] Deleting nova.server_groups object s_rally_f7a1f837_b3OV4dZ2 (12553318-9d18-40be-81d5-858f3360e564)
2019-12-10 08:12:09.714 20411 RALLYDEBUG rally_openstack.cleanup.manager [-] Deleting nova.server_groups object s_rally_f7a1f837_I8Ti7MfT (790a355b-d283-485b-ba04-82dc85278cd0)
2019-12-10 08:12:09.736 20411 RALLYDEBUG rally_openstack.cleanup.manager [-] Deleting nova.server_groups object s_rally_f7a1f837_CA1RZhvS (32cef2fc-0602-4e0a-b638-11f22ff2a760)
2019-12-10 08:12:09.749 20411 RALLYDEBUG rally_openstack.cleanup.manager [-] Deleting nova.server_groups object s_rally_f7a1f837_IIw3um6D (c2101546-624b-4e80-846c-e0ece5f6dbe8)
2019-12-10 08:12:09.757 20411 RALLYDEBUG rally_openstack.cleanup.manager [-] Deleting nova.server_groups object s_rally_f7a1f837_dCjAoaUW (d2fd7fb0-13d8-4a56-91c7-f4a8517c3841)
2019-12-10 08:12:09.765 20411 RALLYDEBUG rally_openstack.cleanup.manager [-] Deleting nova.server_groups object s_rally_f7a1f837_ad262ypB (11b83e27-c394-44e3-bd37-078f561718da)
2019-12-10 08:12:09.771 20411 RALLYDEBUG rally_openstack.cleanup.manager [-] Deleting nova.server_groups object s_rally_f7a1f837_yBHVCoRC (7cb572de-f39f-4786-9e6b-01dedff8b0a7)
2019-12-10 08:12:11.290 20411 RALLYDEBUG rally_openstack.cleanup.manager [-] Cleaning up nova keypairs objects
2019-12-10 08:12:13.646 20411 INFO rally.task.context [-] Task 4e8ca0c3-0d8f-4d97-b1f9-96e3694a2663 | Context cleanup@openstack cleanup() finished in 6.58 sec
2019-12-10 08:12:13.647 20411 INFO rally.task.context [-] Task 4e8ca0c3-0d8f-4d97-b1f9-96e3694a2663 | Context users@openstack cleanup() started
2019-12-10 08:12:18.146 20411 INFO rally.task.context [-] Task 4e8ca0c3-0d8f-4d97-b1f9-96e3694a2663 | Context users@openstack cleanup() finished in 4.50 sec
2019-12-10 08:12:18.747 20411 INFO rally.task.engine [-] Load duration is: 1.72682
2019-12-10 08:12:18.747 20411 INFO rally.task.engine [-] Full runner duration is: 1.768904
2019-12-10 08:12:18.748 20411 INFO rally.task.engine [-] Full duration is: 15.500734
2019-12-10 08:12:19.055 20411 INFO rally.task.engine [-] Running workload: position = 0 config = { "version": 2, "title": "A cropped version of a bigger task.", "description": "Auto-generated task from a single workload (uuid=a46baa61-4024-4315-b6e1-361b37f02d3b)", "subtasks": [ { "title": "NovaServerGroups.create_and_list_server_groups", "description": "Create a server group, then list all server groups.", "scenario": { "NovaServerGroups.create_and_list_server_groups": { "policies": [ "affinity" ], "all_projects": false } }, "contexts": { "users": { "tenants": 3, "users_per_tenant": 2 } }, "runner": { "constant": { "concurrency": 4, "times": 10 } }, "hooks": [], "sla": { "failure_rate": { "max": 0 } } } ] }
2019-12-10 08:12:19.080 20411 RALLYDEBUG rally_openstack.contexts.keystone.users [-] Creating 3 tenants using 20 threads
2019-12-10 08:12:20.188 20411 RALLYDEBUG rally_openstack.contexts.keystone.users [-] Creating 6 users using 20 threads
2019-12-10 08:12:21.821 20411 INFO rally.task.context [-] Task 4e8ca0c3-0d8f-4d97-b1f9-96e3694a2663 | Context users@openstack setup() finished in 2.74 sec
2019-12-10 08:12:21.821 20411 INFO rally.task.context [-] Task 4e8ca0c3-0d8f-4d97-b1f9-96e3694a2663 | Context cleanup@openstack setup() finished in 0.01 msec
2019-12-10 08:12:21.831 20411 RALLYDEBUG rally.task.runner [-] Starting the constant runner (task UUID: 4e8ca0c3-0d8f-4d97-b1f9-96e3694a2663). times: 10 concurrency: 4 timeout: 0 max_cpu_used: 16 processes_to_start: 4 concurrency_per_worker: 1 concurrency_overhead: 0
2019-12-10 08:12:21.842 25436 RALLYDEBUG rally.task.runner [-] Starting a worker. times: 10 duration: None concurrency: 1 timeout: 0 cls: method_name: run args: {"policies": ["affinity"], "all_projects": false}
2019-12-10 08:12:21.846 25437 RALLYDEBUG rally.task.runner [-] Starting a worker. times: 10 duration: None concurrency: 1 timeout: 0 cls: method_name: run args: {"policies": ["affinity"], "all_projects": false}
2019-12-10 08:12:21.850 25436 INFO rally.task.runner [-] Task 4e8ca0c3-0d8f-4d97-b1f9-96e3694a2663 | ITER: 1 START
2019-12-10 08:12:21.850 25438 RALLYDEBUG rally.task.runner [-] Starting a worker. times: 10 duration: None concurrency: 1 timeout: 0 cls: method_name: run args: {"policies": ["affinity"], "all_projects": false}
2019-12-10 08:12:21.853 25437 INFO rally.task.runner [-] Task 4e8ca0c3-0d8f-4d97-b1f9-96e3694a2663 | ITER: 2 START
2019-12-10 08:12:21.853 25440 RALLYDEBUG rally.task.runner [-] Starting a worker. times: 10 duration: None concurrency: 1 timeout: 0 cls: method_name: run args: {"policies": ["affinity"], "all_projects": false}
2019-12-10 08:12:21.857 25438 INFO rally.task.runner [-] Task 4e8ca0c3-0d8f-4d97-b1f9-96e3694a2663 | ITER: 3 START
2019-12-10 08:12:21.859 25440 INFO rally.task.runner [-] Task 4e8ca0c3-0d8f-4d97-b1f9-96e3694a2663 | ITER: 4 START
2019-12-10 08:12:22.440 25436 INFO rally.task.runner [-] Task 4e8ca0c3-0d8f-4d97-b1f9-96e3694a2663 | ITER: 1 END: OK
2019-12-10 08:12:22.440 25438 INFO rally.task.runner [-] Task 4e8ca0c3-0d8f-4d97-b1f9-96e3694a2663 | ITER: 3 END: OK
2019-12-10 08:12:22.444 25436 INFO rally.task.runner [-] Task 4e8ca0c3-0d8f-4d97-b1f9-96e3694a2663 | ITER: 5 START
2019-12-10 08:12:22.444 25438 INFO rally.task.runner [-] Task 4e8ca0c3-0d8f-4d97-b1f9-96e3694a2663 | ITER: 6 START
2019-12-10 08:12:22.475 25437 INFO rally.task.runner [-] Task 4e8ca0c3-0d8f-4d97-b1f9-96e3694a2663 | ITER: 2 END: OK
2019-12-10 08:12:22.480 25437 INFO rally.task.runner [-] Task 4e8ca0c3-0d8f-4d97-b1f9-96e3694a2663 | ITER: 7 START
2019-12-10 08:12:22.485 25440 INFO rally.task.runner [-] Task 4e8ca0c3-0d8f-4d97-b1f9-96e3694a2663 | ITER: 4 END: OK
2019-12-10 08:12:22.490 25440 INFO rally.task.runner [-] Task 4e8ca0c3-0d8f-4d97-b1f9-96e3694a2663 | ITER: 8 START
2019-12-10 08:12:22.890 25436 INFO rally.task.runner [-] Task 4e8ca0c3-0d8f-4d97-b1f9-96e3694a2663 | ITER: 5 END: OK
2019-12-10 08:12:22.894 25436 INFO rally.task.runner [-] Task 4e8ca0c3-0d8f-4d97-b1f9-96e3694a2663 | ITER: 9 START
2019-12-10 08:12:22.957 25438 INFO rally.task.runner [-] Task 4e8ca0c3-0d8f-4d97-b1f9-96e3694a2663 | ITER: 6 END: OK
2019-12-10 08:12:22.958 25440 INFO rally.task.runner [-] Task 4e8ca0c3-0d8f-4d97-b1f9-96e3694a2663 | ITER: 8 END: OK
2019-12-10 08:12:22.961 25440 INFO rally.task.runner [-] Task 4e8ca0c3-0d8f-4d97-b1f9-96e3694a2663 | ITER: 10 START
2019-12-10 08:12:22.967 25437 INFO rally.task.runner [-] Task 4e8ca0c3-0d8f-4d97-b1f9-96e3694a2663 | ITER: 7 END: OK
2019-12-10 08:12:23.365 25436 INFO rally.task.runner [-] Task 4e8ca0c3-0d8f-4d97-b1f9-96e3694a2663 | ITER: 9 END: OK
2019-12-10 08:12:23.424 25440 INFO rally.task.runner [-] Task 4e8ca0c3-0d8f-4d97-b1f9-96e3694a2663 | ITER: 10 END: OK
2019-12-10 08:12:23.447 20411 INFO rally.task.context [-] Task 4e8ca0c3-0d8f-4d97-b1f9-96e3694a2663 | Context cleanup@openstack cleanup() started
2019-12-10 08:12:23.451 20411 RALLYDEBUG rally_openstack.cleanup.manager [-] Cleaning up nova servers objects
2019-12-10 08:12:25.012 20411 RALLYDEBUG rally_openstack.cleanup.manager [-] Cleaning up nova server_groups objects
2019-12-10 08:12:26.176 20411 RALLYDEBUG rally_openstack.cleanup.manager [-] Deleting nova.server_groups object s_rally_a46baa61_1vyk3kxx (6de08984-94ec-4162-9cae-bc9721b9e64a)
2019-12-10 08:12:26.180 20411 RALLYDEBUG rally_openstack.cleanup.manager [-] Deleting nova.server_groups object s_rally_a46baa61_JJdJwyM6 (5ef66927-e3c1-4a9a-b090-99d59ddc3da5)
2019-12-10 08:12:26.189 20411 RALLYDEBUG rally_openstack.cleanup.manager [-] Deleting nova.server_groups object s_rally_a46baa61_oZaMh20n (585e0030-11a7-4974-b531-3cc9812b352b)
2019-12-10 08:12:26.201 20411 RALLYDEBUG rally_openstack.cleanup.manager [-] Deleting nova.server_groups object s_rally_a46baa61_ljqG0vZ1 (dc3f0536-86ea-487f-ad2b-2f690dd4444b)
2019-12-10 08:12:26.205 20411 RALLYDEBUG rally_openstack.cleanup.manager [-] Deleting nova.server_groups object s_rally_a46baa61_5XkJOxi8 (2336fbbc-e3f4-41e6-b18b-0dffe8ad7c24)
2019-12-10 08:12:26.213 20411 RALLYDEBUG rally_openstack.cleanup.manager [-] Deleting nova.server_groups object s_rally_a46baa61_49nSzFf3 (be5ecc0a-e0fd-4886-81ef-0306a97bd80b)
2019-12-10 08:12:26.216 20411 RALLYDEBUG rally_openstack.cleanup.manager [-] Deleting nova.server_groups object s_rally_a46baa61_y06AtdZ6 (9134e4b2-c00e-42d8-b0c6-b7cfa85c29bc)
2019-12-10 08:12:26.226 20411 RALLYDEBUG rally_openstack.cleanup.manager [-] Deleting nova.server_groups object s_rally_a46baa61_HLKvDqD0 (ca9b6560-8e2c-432a-9d01-04ce04f129c2)
2019-12-10 08:12:26.249 20411 RALLYDEBUG rally_openstack.cleanup.manager [-] Deleting nova.server_groups object s_rally_a46baa61_ENJqSgEy (cff2d5f1-bf3a-4300-9f7f-fd8661c6ffff)
2019-12-10 08:12:26.260 20411 RALLYDEBUG rally_openstack.cleanup.manager [-] Deleting nova.server_groups object s_rally_a46baa61_u3E5AbpN (77990c28-2c40-44bd-8f23-0a3b8bb8a495)
2019-12-10 08:12:27.992 20411 RALLYDEBUG rally_openstack.cleanup.manager [-] Cleaning up nova keypairs objects
2019-12-10 08:12:30.485 20411 INFO rally.task.context [-] Task 4e8ca0c3-0d8f-4d97-b1f9-96e3694a2663 | Context cleanup@openstack cleanup() finished in 7.04 sec
2019-12-10 08:12:30.485 20411 INFO rally.task.context [-] Task 4e8ca0c3-0d8f-4d97-b1f9-96e3694a2663 | Context users@openstack cleanup() started
2019-12-10 08:12:35.004 20411 INFO rally.task.context [-] Task 4e8ca0c3-0d8f-4d97-b1f9-96e3694a2663 | Context users@openstack cleanup() finished in 4.52 sec
2019-12-10 08:12:35.231 20411 INFO rally.task.engine [-] Load duration is: 1.573002
2019-12-10 08:12:35.231 20411 INFO rally.task.engine [-] Full runner duration is: 1.616819
2019-12-10 08:12:35.232 20411 INFO rally.task.engine [-] Full duration is: 15.925248
2019-12-10 08:12:35.504 20411 INFO rally.task.engine [-] Task 4e8ca0c3-0d8f-4d97-b1f9-96e3694a2663 | Completed: Running task.
2019-12-10 08:12:37.160 25558 RALLYDEBUG rally.api [-] INFO logs from urllib3 and requests module are hide.
2019-12-10 08:12:37.160 25558 RALLYDEBUG rally.api [-] urllib3 insecure warnings are hidden.
2019-12-10 08:12:37.160 25558 RALLYDEBUG rally.api [-] ERROR log from boto module is hide.
2019-12-10 08:12:38.384 25559 RALLYDEBUG rally.api [-] INFO logs from urllib3 and requests module are hide.
2019-12-10 08:12:38.384 25559 RALLYDEBUG rally.api [-] urllib3 insecure warnings are hidden.
2019-12-10 08:12:38.384 25559 RALLYDEBUG rally.api [-] ERROR log from boto module is hide.
2019-12-10 08:12:39.704 25560 RALLYDEBUG rally.api [-] INFO logs from urllib3 and requests module are hide.
2019-12-10 08:12:39.705 25560 RALLYDEBUG rally.api [-] urllib3 insecure warnings are hidden.
2019-12-10 08:12:39.705 25560 RALLYDEBUG rally.api [-] ERROR log from boto module is hide.
2019-12-10 08:12:41.292 25560 INFO rally.api [-] Building 'json' report for the following task(s): '4e8ca0c3-0d8f-4d97-b1f9-96e3694a2663'.
2019-12-10 08:12:41.348 25560 INFO rally.api [-] The report has been successfully built.
2019-12-10 08:12:42.762 25562 RALLYDEBUG rally.api [-] INFO logs from urllib3 and requests module are hide.
2019-12-10 08:12:42.762 25562 RALLYDEBUG rally.api [-] urllib3 insecure warnings are hidden.
2019-12-10 08:12:42.762 25562 RALLYDEBUG rally.api [-] ERROR log from boto module is hide.
2019-12-10 08:12:44.596 25562 INFO rally.task.engine [-] Task f2c6bead-c2a1-4631-8e1c-7510c033fe75 | Starting: Task validation.
2019-12-10 08:12:44.654 25562 INFO rally.task.engine [-] Task f2c6bead-c2a1-4631-8e1c-7510c033fe75 | Starting: Task validation of syntax.
2019-12-10 08:12:44.726 25562 INFO rally.task.engine [-] Task f2c6bead-c2a1-4631-8e1c-7510c033fe75 | Completed: Task validation of syntax.
2019-12-10 08:12:44.726 25562 INFO rally.task.engine [-] Task f2c6bead-c2a1-4631-8e1c-7510c033fe75 | Starting: Task validation of required platforms.
2019-12-10 08:12:44.762 25562 INFO rally.task.engine [-] Task f2c6bead-c2a1-4631-8e1c-7510c033fe75 | Completed: Task validation of required platforms.
2019-12-10 08:12:44.762 25562 INFO rally.task.engine [-] Task f2c6bead-c2a1-4631-8e1c-7510c033fe75 | Starting: Task validation of semantic.
2019-12-10 08:12:44.762 25562 INFO rally.task.engine [-] Check health of the environment 'd5c14118-836a-4e0c-a67c-e2921db8f91e'.
2019-12-10 08:12:45.755 25562 INFO rally.task.engine [-] Platform existing@openstack (available: True): OK!
2019-12-10 08:12:45.792 25562 RALLYDEBUG rally_openstack.contexts.keystone.users [-] Creating 1 tenants using 20 threads
2019-12-10 08:12:46.649 25562 RALLYDEBUG rally_openstack.contexts.keystone.users [-] Creating 1 users using 20 threads
2019-12-10 08:12:48.035 25562 INFO rally.task.context [-] Task f2c6bead-c2a1-4631-8e1c-7510c033fe75 | Context users@openstack setup() finished in 2.24 sec
2019-12-10 08:12:49.323 25562 INFO rally.task.context [-] Task f2c6bead-c2a1-4631-8e1c-7510c033fe75 | Context users@openstack cleanup() started
2019-12-10 08:12:52.382 25562 INFO rally.task.context [-] Task f2c6bead-c2a1-4631-8e1c-7510c033fe75 | Context users@openstack cleanup() finished in 3.06 sec
2019-12-10 08:12:52.382 25562 INFO rally.task.engine [-] Task f2c6bead-c2a1-4631-8e1c-7510c033fe75 | Completed: Task validation of semantic.
2019-12-10 08:12:52.383 25562 INFO rally.task.engine [-] Task f2c6bead-c2a1-4631-8e1c-7510c033fe75 | Completed: Task validation.
2019-12-10 08:12:52.383 25562 INFO rally.api [-] Task f2c6bead-c2a1-4631-8e1c-7510c033fe75 input file is valid.
2019-12-10 08:12:52.383 25562 INFO rally.api [-] Run Task f2c6bead-c2a1-4631-8e1c-7510c033fe75 against Deployment d5c14118-836a-4e0c-a67c-e2921db8f91e
2019-12-10 08:12:52.384 25562 INFO rally.task.engine [-] Task f2c6bead-c2a1-4631-8e1c-7510c033fe75 | Starting: Running task.
2019-12-10 08:12:52.565 25562 INFO rally.task.engine [-] Running workload: position = 0 config = { "version": 2, "title": "A cropped version of a bigger task.", "description": "Auto-generated task from a single workload (uuid=2d8423d1-a0d6-46fe-b1b4-6172bc498aba)", "subtasks": [ { "title": "Quotas.cinder_update_and_delete", "description": "Update and Delete quotas for Cinder.", "scenario": { "Quotas.cinder_update_and_delete": { "max_quota": 1024 } }, "contexts": { "users": { "tenants": 3, "users_per_tenant": 2 }, "api_versions": { "cinder": { "version": 3, "service_type": "volumev3" } } }, "runner": { "constant": { "concurrency": 4, "times": 10 } }, "hooks": [], "sla": { "failure_rate": { "max": 0 } } } ] }
2019-12-10 08:12:52.587 25562 RALLYDEBUG rally_openstack.contexts.keystone.users [-] Creating 3 tenants using 20 threads
2019-12-10 08:12:53.523 25562 RALLYDEBUG rally_openstack.contexts.keystone.users [-] Creating 6 users using 20 threads
2019-12-10 08:12:55.068 25562 INFO rally.task.context [-] Task f2c6bead-c2a1-4631-8e1c-7510c033fe75 | Context users@openstack setup() finished in 2.48 sec
2019-12-10 08:12:55.490 25562 INFO rally.task.context [-] Task f2c6bead-c2a1-4631-8e1c-7510c033fe75 | Context api_versions@openstack setup() finished in 0.42 sec
2019-12-10 08:12:55.491 25562 INFO rally.task.context [-] Task f2c6bead-c2a1-4631-8e1c-7510c033fe75 | Context admin_cleanup@openstack setup() finished in 0.02 msec
2019-12-10 08:12:55.500 25562 RALLYDEBUG rally.task.runner [-] Starting the constant runner (task UUID: f2c6bead-c2a1-4631-8e1c-7510c033fe75). times: 10 concurrency: 4 timeout: 0 max_cpu_used: 16 processes_to_start: 4 concurrency_per_worker: 1 concurrency_overhead: 0
2019-12-10 08:12:55.513 25686 RALLYDEBUG rally.task.runner [-] Starting a worker. times: 10 duration: None concurrency: 1 timeout: 0 cls: method_name: run args: {"max_quota": 1024}
2019-12-10 08:12:55.516 25687 RALLYDEBUG rally.task.runner [-] Starting a worker. times: 10 duration: None concurrency: 1 timeout: 0 cls: method_name: run args: {"max_quota": 1024}
2019-12-10 08:12:55.520 25686 INFO rally.task.runner [-] Task f2c6bead-c2a1-4631-8e1c-7510c033fe75 | ITER: 1 START
2019-12-10 08:12:55.520 25688 RALLYDEBUG rally.task.runner [-] Starting a worker. times: 10 duration: None concurrency: 1 timeout: 0 cls: method_name: run args: {"max_quota": 1024}
2019-12-10 08:12:55.523 25687 INFO rally.task.runner [-] Task f2c6bead-c2a1-4631-8e1c-7510c033fe75 | ITER: 2 START
2019-12-10 08:12:55.523 25689 RALLYDEBUG rally.task.runner [-] Starting a worker. times: 10 duration: None concurrency: 1 timeout: 0 cls: method_name: run args: {"max_quota": 1024}
2019-12-10 08:12:55.527 25688 INFO rally.task.runner [-] Task f2c6bead-c2a1-4631-8e1c-7510c033fe75 | ITER: 3 START
2019-12-10 08:12:55.529 25689 INFO rally.task.runner [-] Task f2c6bead-c2a1-4631-8e1c-7510c033fe75 | ITER: 4 START
2019-12-10 08:12:56.102 25686 INFO rally.task.runner [-] Task f2c6bead-c2a1-4631-8e1c-7510c033fe75 | ITER: 1 END: OK
2019-12-10 08:12:56.107 25686 INFO rally.task.runner [-] Task f2c6bead-c2a1-4631-8e1c-7510c033fe75 | ITER: 5 START
2019-12-10 08:12:56.118 25687 INFO rally.task.runner [-] Task f2c6bead-c2a1-4631-8e1c-7510c033fe75 | ITER: 2 END: OK
2019-12-10 08:12:56.123 25687 INFO rally.task.runner [-] Task f2c6bead-c2a1-4631-8e1c-7510c033fe75 | ITER: 6 START
2019-12-10 08:12:56.130 25689 INFO rally.task.runner [-] Task f2c6bead-c2a1-4631-8e1c-7510c033fe75 | ITER: 4 END: OK
2019-12-10 08:12:56.130 25688 INFO rally.task.runner [-] Task f2c6bead-c2a1-4631-8e1c-7510c033fe75 | ITER: 3 END: OK
2019-12-10 08:12:56.135 25688 INFO rally.task.runner [-] Task f2c6bead-c2a1-4631-8e1c-7510c033fe75 | ITER: 8 START
2019-12-10 08:12:56.135 25689 INFO rally.task.runner [-] Task f2c6bead-c2a1-4631-8e1c-7510c033fe75 | ITER: 7 START
2019-12-10 08:12:56.597 25688 INFO rally.task.runner [-] Task f2c6bead-c2a1-4631-8e1c-7510c033fe75 | ITER: 8 END: OK
2019-12-10 08:12:56.601 25689 INFO rally.task.runner [-] Task f2c6bead-c2a1-4631-8e1c-7510c033fe75 | ITER: 7 END: OK
2019-12-10 08:12:56.601 25688 INFO rally.task.runner [-] Task f2c6bead-c2a1-4631-8e1c-7510c033fe75 | ITER: 9 START
2019-12-10 08:12:56.604 25689 INFO rally.task.runner [-] Task f2c6bead-c2a1-4631-8e1c-7510c033fe75 | ITER: 10 START
2019-12-10 08:12:56.648 25687 INFO rally.task.runner [-] Task f2c6bead-c2a1-4631-8e1c-7510c033fe75 | ITER: 6 END: OK
2019-12-10 08:12:56.668 25686 INFO rally.task.runner [-] Task f2c6bead-c2a1-4631-8e1c-7510c033fe75 | ITER: 5 END: OK
2019-12-10 08:12:57.091 25689 INFO rally.task.runner [-] Task f2c6bead-c2a1-4631-8e1c-7510c033fe75 | ITER: 10 END: OK
2019-12-10 08:12:57.099 25688 INFO rally.task.runner [-] Task f2c6bead-c2a1-4631-8e1c-7510c033fe75 | ITER: 9 END: OK
2019-12-10 08:12:57.130 25562 INFO rally.task.context [-] Task f2c6bead-c2a1-4631-8e1c-7510c033fe75 | Context admin_cleanup@openstack cleanup() started
2019-12-10 08:12:57.133 25562 RALLYDEBUG rally_openstack.cleanup.manager [-] Cleaning up cinder quotas objects
2019-12-10 08:12:57.931 25562 INFO rally.task.context [-] Task f2c6bead-c2a1-4631-8e1c-7510c033fe75 | Context admin_cleanup@openstack cleanup() finished in 0.80 sec
2019-12-10 08:12:57.931 25562 INFO rally.task.context [-] Task f2c6bead-c2a1-4631-8e1c-7510c033fe75 | Context api_versions@openstack cleanup() started
2019-12-10 08:12:57.932 25562 INFO rally.task.context [-] Task f2c6bead-c2a1-4631-8e1c-7510c033fe75 | Context api_versions@openstack cleanup() finished in 0.36 msec
2019-12-10 08:12:57.932 25562 INFO rally.task.context [-] Task f2c6bead-c2a1-4631-8e1c-7510c033fe75 | Context users@openstack cleanup() started
2019-12-10 08:13:02.900 25562 INFO rally.task.context [-] Task f2c6bead-c2a1-4631-8e1c-7510c033fe75 | Context users@openstack cleanup() finished in 4.97 sec
2019-12-10 08:13:04.680 25562 INFO rally.task.engine [-] Load duration is: 1.577643
2019-12-10 08:13:04.681 25562 INFO rally.task.engine [-] Full runner duration is: 1.630605
2019-12-10 08:13:04.681 25562 INFO rally.task.engine [-] Full duration is: 10.315057
2019-12-10 08:13:05.008 25562 INFO rally.task.engine [-] Running workload: position = 0 config = { "version": 2, "title": "A cropped version of a bigger task.", "description": "Auto-generated task from a single workload (uuid=beb56045-b0b8-476d-9ea5-ad4e5d2030ea)", "subtasks": [ { "title": "Quotas.cinder_update", "description": "Update quotas for Cinder.", "scenario": { "Quotas.cinder_update": { "max_quota": 1024 } }, "contexts": { "users": { "tenants": 3, "users_per_tenant": 2 }, "api_versions": { "cinder": { "version": 3, "service_type": "volumev3" } } }, "runner": { "constant": { "concurrency": 4, "times": 10 } }, "hooks": [], "sla": { "failure_rate": { "max": 0 } } } ] }
2019-12-10 08:13:05.033 25562 RALLYDEBUG rally_openstack.contexts.keystone.users [-] Creating 3 tenants using 20 threads
2019-12-10 08:13:06.016 25562 RALLYDEBUG rally_openstack.contexts.keystone.users [-] Creating 6 users using 20 threads
2019-12-10 08:13:07.559 25562 INFO rally.task.context [-] Task f2c6bead-c2a1-4631-8e1c-7510c033fe75 | Context users@openstack setup() finished in 2.53 sec
2019-12-10 08:13:07.971 25562 INFO rally.task.context [-] Task f2c6bead-c2a1-4631-8e1c-7510c033fe75 | Context api_versions@openstack setup() finished in 0.41 sec
2019-12-10 08:13:07.972 25562 INFO rally.task.context [-] Task f2c6bead-c2a1-4631-8e1c-7510c033fe75 | Context admin_cleanup@openstack setup() finished in 0.03 msec
2019-12-10 08:13:07.981 25562 RALLYDEBUG rally.task.runner [-] Starting the constant runner (task UUID: f2c6bead-c2a1-4631-8e1c-7510c033fe75). times: 10 concurrency: 4 timeout: 0 max_cpu_used: 16 processes_to_start: 4 concurrency_per_worker: 1 concurrency_overhead: 0
2019-12-10 08:13:07.992 25810 RALLYDEBUG rally.task.runner [-] Starting a worker. times: 10 duration: None concurrency: 1 timeout: 0 cls: method_name: run args: {"max_quota": 1024}
2019-12-10 08:13:07.995 25811 RALLYDEBUG rally.task.runner [-] Starting a worker. times: 10 duration: None concurrency: 1 timeout: 0 cls: method_name: run args: {"max_quota": 1024}
2019-12-10 08:13:07.999 25810 INFO rally.task.runner [-] Task f2c6bead-c2a1-4631-8e1c-7510c033fe75 | ITER: 1 START
2019-12-10 08:13:07.999 25812 RALLYDEBUG rally.task.runner [-] Starting a worker. times: 10 duration: None concurrency: 1 timeout: 0 cls: method_name: run args: {"max_quota": 1024}
2019-12-10 08:13:08.002 25811 INFO rally.task.runner [-] Task f2c6bead-c2a1-4631-8e1c-7510c033fe75 | ITER: 2 START
2019-12-10 08:13:08.002 25813 RALLYDEBUG rally.task.runner [-] Starting a worker. times: 10 duration: None concurrency: 1 timeout: 0 cls: method_name: run args: {"max_quota": 1024}
2019-12-10 08:13:08.005 25812 INFO rally.task.runner [-] Task f2c6bead-c2a1-4631-8e1c-7510c033fe75 | ITER: 3 START
2019-12-10 08:13:08.009 25813 INFO rally.task.runner [-] Task f2c6bead-c2a1-4631-8e1c-7510c033fe75 | ITER: 4 START
2019-12-10 08:13:08.599 25811 INFO rally.task.runner [-] Task f2c6bead-c2a1-4631-8e1c-7510c033fe75 | ITER: 2 END: OK
2019-12-10 08:13:08.602 25812 INFO rally.task.runner [-] Task f2c6bead-c2a1-4631-8e1c-7510c033fe75 | ITER: 3 END: OK
2019-12-10 08:13:08.604 25811 INFO rally.task.runner [-] Task f2c6bead-c2a1-4631-8e1c-7510c033fe75 | ITER: 5 START
2019-12-10 08:13:08.606 25812 INFO rally.task.runner [-] Task f2c6bead-c2a1-4631-8e1c-7510c033fe75 | ITER: 6 START
2019-12-10 08:13:08.611 25810 INFO rally.task.runner [-] Task f2c6bead-c2a1-4631-8e1c-7510c033fe75 | ITER: 1 END: OK
2019-12-10 08:13:08.615 25810 INFO rally.task.runner [-] Task f2c6bead-c2a1-4631-8e1c-7510c033fe75 | ITER: 7 START
2019-12-10 08:13:08.619 25813 INFO rally.task.runner [-] Task f2c6bead-c2a1-4631-8e1c-7510c033fe75 | ITER: 4 END: OK
2019-12-10 08:13:08.623 25813 INFO rally.task.runner [-] Task f2c6bead-c2a1-4631-8e1c-7510c033fe75 | ITER: 8 START
2019-12-10 08:13:09.073 25811 INFO rally.task.runner [-] Task f2c6bead-c2a1-4631-8e1c-7510c033fe75 | ITER: 5 END: OK
2019-12-10 08:13:09.075 25810 INFO rally.task.runner [-] Task f2c6bead-c2a1-4631-8e1c-7510c033fe75 | ITER: 7 END: OK
2019-12-10 08:13:09.078 25811 INFO rally.task.runner [-] Task f2c6bead-c2a1-4631-8e1c-7510c033fe75 | ITER: 9 START
2019-12-10 08:13:09.078 25812 INFO rally.task.runner [-] Task f2c6bead-c2a1-4631-8e1c-7510c033fe75 | ITER: 6 END: OK
2019-12-10 08:13:09.079 25813 INFO rally.task.runner [-] Task f2c6bead-c2a1-4631-8e1c-7510c033fe75 | ITER: 8 END: OK
2019-12-10 08:13:09.079 25810 INFO rally.task.runner [-] Task f2c6bead-c2a1-4631-8e1c-7510c033fe75 | ITER: 10 START
2019-12-10 08:13:09.549 25811 INFO rally.task.runner [-] Task f2c6bead-c2a1-4631-8e1c-7510c033fe75 | ITER: 9 END: OK
2019-12-10 08:13:09.560 25810 INFO rally.task.runner [-] Task f2c6bead-c2a1-4631-8e1c-7510c033fe75 | ITER: 10 END: OK
2019-12-10 08:13:09.585 25562 INFO rally.task.context [-] Task f2c6bead-c2a1-4631-8e1c-7510c033fe75 | Context admin_cleanup@openstack cleanup() started
2019-12-10 08:13:09.592 25562 RALLYDEBUG rally_openstack.cleanup.manager [-] Cleaning up cinder quotas objects
2019-12-10 08:13:10.439 25562 INFO rally.task.context [-] Task f2c6bead-c2a1-4631-8e1c-7510c033fe75 | Context admin_cleanup@openstack cleanup() finished in 0.85 sec
2019-12-10 08:13:10.439 25562 INFO rally.task.context [-] Task f2c6bead-c2a1-4631-8e1c-7510c033fe75 | Context api_versions@openstack cleanup() started
2019-12-10 08:13:10.440 25562 INFO rally.task.context [-] Task f2c6bead-c2a1-4631-8e1c-7510c033fe75 | Context api_versions@openstack cleanup() finished in 0.37 msec
2019-12-10 08:13:10.440 25562 INFO rally.task.context [-] Task f2c6bead-c2a1-4631-8e1c-7510c033fe75 | Context users@openstack cleanup() started
2019-12-10 08:13:15.371 25562 INFO rally.task.context [-] Task f2c6bead-c2a1-4631-8e1c-7510c033fe75 | Context users@openstack cleanup() finished in 4.93 sec
2019-12-10 08:13:17.118 25562 INFO rally.task.engine [-] Load duration is: 1.558983
2019-12-10 08:13:17.119 25562 INFO rally.task.engine [-] Full runner duration is: 1.604312
2019-12-10 08:13:17.119 25562 INFO rally.task.engine [-] Full duration is: 10.340434
2019-12-10 08:13:17.445 25562 INFO rally.task.engine [-] Running workload: position = 0 config = { "version": 2, "title": "A cropped version of a bigger task.", "description": "Auto-generated task from a single workload (uuid=03ccaa90-526f-4aa8-9a13-6423cabac94c)", "subtasks": [ { "title": "Quotas.neutron_update", "description": "Update quotas for neutron.", "scenario": { "Quotas.neutron_update": { "max_quota": 1024 } }, "contexts": { "users": { "tenants": 3, "users_per_tenant": 2 } }, "runner": { "constant": { "concurrency": 4, "times": 10 } }, "hooks": [], "sla": { "failure_rate": { "max": 0 } } } ] }
2019-12-10 08:13:17.472 25562 RALLYDEBUG rally_openstack.contexts.keystone.users [-] Creating 3 tenants using 20 threads
2019-12-10 08:13:18.563 25562 RALLYDEBUG rally_openstack.contexts.keystone.users [-] Creating 6 users using 20 threads
2019-12-10 08:13:20.190 25562 INFO rally.task.context [-] Task f2c6bead-c2a1-4631-8e1c-7510c033fe75 | Context users@openstack setup() finished in 2.72 sec
2019-12-10 08:13:20.191 25562 INFO rally.task.context [-] Task f2c6bead-c2a1-4631-8e1c-7510c033fe75 | Context admin_cleanup@openstack setup() finished in 0.02 msec
2019-12-10 08:13:20.199 25562 RALLYDEBUG rally.task.runner [-] Starting the constant runner (task UUID: f2c6bead-c2a1-4631-8e1c-7510c033fe75). times: 10 concurrency: 4 timeout: 0 max_cpu_used: 16 processes_to_start: 4 concurrency_per_worker: 1 concurrency_overhead: 0
2019-12-10 08:13:20.211 25934 RALLYDEBUG rally.task.runner [-] Starting a worker. times: 10 duration: None concurrency: 1 timeout: 0 cls: method_name: run args: {"max_quota": 1024}
2019-12-10 08:13:20.214 25935 RALLYDEBUG rally.task.runner [-] Starting a worker. times: 10 duration: None concurrency: 1 timeout: 0 cls: method_name: run args: {"max_quota": 1024}
2019-12-10 08:13:20.218 25934 INFO rally.task.runner [-] Task f2c6bead-c2a1-4631-8e1c-7510c033fe75 | ITER: 1 START
2019-12-10 08:13:20.217 25936 RALLYDEBUG rally.task.runner [-] Starting a worker. times: 10 duration: None concurrency: 1 timeout: 0 cls: method_name: run args: {"max_quota": 1024}
2019-12-10 08:13:20.220 25937 RALLYDEBUG rally.task.runner [-] Starting a worker. times: 10 duration: None concurrency: 1 timeout: 0 cls: method_name: run args: {"max_quota": 1024}
2019-12-10 08:13:20.221 25935 INFO rally.task.runner [-] Task f2c6bead-c2a1-4631-8e1c-7510c033fe75 | ITER: 2 START
2019-12-10 08:13:20.224 25936 INFO rally.task.runner [-] Task f2c6bead-c2a1-4631-8e1c-7510c033fe75 | ITER: 3 START
2019-12-10 08:13:20.226 25937 INFO rally.task.runner [-] Task f2c6bead-c2a1-4631-8e1c-7510c033fe75 | ITER: 4 START
2019-12-10 08:13:20.694 25935 INFO rally.task.runner [-] Task f2c6bead-c2a1-4631-8e1c-7510c033fe75 | ITER: 2 END: OK
2019-12-10 08:13:20.698 25935 INFO rally.task.runner [-] Task f2c6bead-c2a1-4631-8e1c-7510c033fe75 | ITER: 5 START
2019-12-10 08:13:20.716 25934 INFO rally.task.runner [-] Task f2c6bead-c2a1-4631-8e1c-7510c033fe75 | ITER: 1 END: OK
2019-12-10 08:13:20.721 25934 INFO rally.task.runner [-] Task f2c6bead-c2a1-4631-8e1c-7510c033fe75 | ITER: 6 START
2019-12-10 08:13:20.723 25936 INFO rally.task.runner [-] Task f2c6bead-c2a1-4631-8e1c-7510c033fe75 | ITER: 3 END: OK
2019-12-10 08:13:20.728 25936 INFO rally.task.runner [-] Task f2c6bead-c2a1-4631-8e1c-7510c033fe75 | ITER: 7 START
2019-12-10 08:13:20.733 25937 INFO rally.task.runner [-] Task f2c6bead-c2a1-4631-8e1c-7510c033fe75 | ITER: 4 END: OK
2019-12-10 08:13:20.737 25937 INFO rally.task.runner [-] Task f2c6bead-c2a1-4631-8e1c-7510c033fe75 | ITER: 8 START
2019-12-10 08:13:21.153 25935 INFO rally.task.runner [-] Task f2c6bead-c2a1-4631-8e1c-7510c033fe75 | ITER: 5 END: OK
2019-12-10 08:13:21.156 25935 INFO rally.task.runner [-] Task f2c6bead-c2a1-4631-8e1c-7510c033fe75 | ITER: 9 START
2019-12-10 08:13:21.162 25936 INFO rally.task.runner [-] Task f2c6bead-c2a1-4631-8e1c-7510c033fe75 | ITER: 7 END: OK
2019-12-10 08:13:21.165 25936 INFO rally.task.runner [-] Task f2c6bead-c2a1-4631-8e1c-7510c033fe75 | ITER: 10 START
2019-12-10 08:13:21.201 25937 INFO rally.task.runner [-] Task f2c6bead-c2a1-4631-8e1c-7510c033fe75 | ITER: 8 END: OK
2019-12-10 08:13:21.253 25934 INFO rally.task.runner [-] Task f2c6bead-c2a1-4631-8e1c-7510c033fe75 | ITER: 6 END: OK
2019-12-10 08:13:21.606 25935 INFO rally.task.runner [-] Task f2c6bead-c2a1-4631-8e1c-7510c033fe75 | ITER: 9 END: OK
2019-12-10 08:13:21.617 25936 INFO rally.task.runner [-] Task f2c6bead-c2a1-4631-8e1c-7510c033fe75 | ITER: 10 END: OK
2019-12-10 08:13:21.643 25562 INFO rally.task.context [-] Task f2c6bead-c2a1-4631-8e1c-7510c033fe75 | Context admin_cleanup@openstack cleanup() started
2019-12-10 08:13:21.646 25562 RALLYDEBUG rally_openstack.cleanup.manager [-] Cleaning up neutron quota objects
2019-12-10 08:13:22.629 25562 INFO rally.task.context [-] Task f2c6bead-c2a1-4631-8e1c-7510c033fe75 | Context admin_cleanup@openstack cleanup() finished in 0.99 sec
2019-12-10 08:13:22.630 25562 INFO rally.task.context [-] Task f2c6bead-c2a1-4631-8e1c-7510c033fe75 | Context users@openstack cleanup() started
2019-12-10 08:13:27.499 25562 INFO rally.task.context [-] Task f2c6bead-c2a1-4631-8e1c-7510c033fe75 | Context users@openstack cleanup() finished in 4.87 sec
2019-12-10 08:13:27.623 25562 INFO rally.task.engine [-] Load duration is: 1.398556
2019-12-10 08:13:27.623 25562 INFO rally.task.engine [-] Full runner duration is: 1.443821
2019-12-10 08:13:27.624 25562 INFO rally.task.engine [-] Full duration is: 10.029158
2019-12-10 08:13:27.966 25562 INFO rally.task.engine [-] Running workload: position = 0 config = { "version": 2, "title": "A cropped version of a bigger task.", "description": "Auto-generated task from a single workload (uuid=51c0a53a-5e39-4416-a52f-b7f30d50ee5b)", "subtasks": [ { "title": "Quotas.nova_update", "description": "Update quotas for Nova.", "scenario": { "Quotas.nova_update": { "max_quota": 1024 } }, "contexts": { "users": { "tenants": 3, "users_per_tenant": 2 } }, "runner": { "constant": { "concurrency": 4, "times": 10 } }, "hooks": [], "sla": { "failure_rate": { "max": 0 } } } ] }
2019-12-10 08:13:27.989 25562 RALLYDEBUG rally_openstack.contexts.keystone.users [-] Creating 3 tenants using 20 threads
2019-12-10 08:13:29.022 25562 RALLYDEBUG rally_openstack.contexts.keystone.users [-] Creating 6 users using 20 threads
2019-12-10 08:13:30.524 25562 INFO rally.task.context [-] Task f2c6bead-c2a1-4631-8e1c-7510c033fe75 | Context users@openstack setup() finished in 2.54 sec
2019-12-10 08:13:30.525 25562 INFO rally.task.context [-] Task f2c6bead-c2a1-4631-8e1c-7510c033fe75 | Context admin_cleanup@openstack setup() finished in 0.01 msec
2019-12-10 08:13:30.534 25562 RALLYDEBUG rally.task.runner [-] Starting the constant runner (task UUID: f2c6bead-c2a1-4631-8e1c-7510c033fe75). times: 10 concurrency: 4 timeout: 0 max_cpu_used: 16 processes_to_start: 4 concurrency_per_worker: 1 concurrency_overhead: 0
2019-12-10 08:13:30.545 26058 RALLYDEBUG rally.task.runner [-] Starting a worker. times: 10 duration: None concurrency: 1 timeout: 0 cls: method_name: run args: {"max_quota": 1024}
2019-12-10 08:13:30.549 26059 RALLYDEBUG rally.task.runner [-] Starting a worker. times: 10 duration: None concurrency: 1 timeout: 0 cls: method_name: run args: {"max_quota": 1024}
2019-12-10 08:13:30.552 26058 INFO rally.task.runner [-] Task f2c6bead-c2a1-4631-8e1c-7510c033fe75 | ITER: 1 START
2019-12-10 08:13:30.552 26060 RALLYDEBUG rally.task.runner [-] Starting a worker. times: 10 duration: None concurrency: 1 timeout: 0 cls: method_name: run args: {"max_quota": 1024}
2019-12-10 08:13:30.556 26059 INFO rally.task.runner [-] Task f2c6bead-c2a1-4631-8e1c-7510c033fe75 | ITER: 2 START
2019-12-10 08:13:30.556 26062 RALLYDEBUG rally.task.runner [-] Starting a worker. times: 10 duration: None concurrency: 1 timeout: 0 cls: method_name: run args: {"max_quota": 1024}
2019-12-10 08:13:30.559 26060 INFO rally.task.runner [-] Task f2c6bead-c2a1-4631-8e1c-7510c033fe75 | ITER: 3 START
2019-12-10 08:13:30.562 26062 INFO rally.task.runner [-] Task f2c6bead-c2a1-4631-8e1c-7510c033fe75 | ITER: 4 START
2019-12-10 08:13:31.297 26060 INFO rally.task.runner [-] Task f2c6bead-c2a1-4631-8e1c-7510c033fe75 | ITER: 3 END: OK
2019-12-10 08:13:31.302 26060 INFO rally.task.runner [-] Task f2c6bead-c2a1-4631-8e1c-7510c033fe75 | ITER: 5 START
2019-12-10 08:13:31.313 26058 INFO rally.task.runner [-] Task f2c6bead-c2a1-4631-8e1c-7510c033fe75 | ITER: 1 END: OK
2019-12-10 08:13:31.314 26062 INFO rally.task.runner [-] Task f2c6bead-c2a1-4631-8e1c-7510c033fe75 | ITER: 4 END: OK
2019-12-10 08:13:31.318 26058 INFO rally.task.runner [-] Task f2c6bead-c2a1-4631-8e1c-7510c033fe75 | ITER: 6 START
2019-12-10 08:13:31.318 26062 INFO rally.task.runner [-] Task f2c6bead-c2a1-4631-8e1c-7510c033fe75 | ITER: 7 START
2019-12-10 08:13:31.366 26059 INFO rally.task.runner [-] Task f2c6bead-c2a1-4631-8e1c-7510c033fe75 | ITER: 2 END: OK
2019-12-10 08:13:31.370 26059 INFO rally.task.runner [-] Task f2c6bead-c2a1-4631-8e1c-7510c033fe75 | ITER: 8 START
2019-12-10 08:13:31.857 26062 INFO rally.task.runner [-] Task f2c6bead-c2a1-4631-8e1c-7510c033fe75 | ITER: 7 END: OK
2019-12-10 08:13:31.859 26060 INFO rally.task.runner [-] Task f2c6bead-c2a1-4631-8e1c-7510c033fe75 | ITER: 5 END: OK
2019-12-10 08:13:31.861 26062 INFO rally.task.runner [-] Task f2c6bead-c2a1-4631-8e1c-7510c033fe75 | ITER: 9 START
2019-12-10 08:13:31.862 26060 INFO rally.task.runner [-] Task f2c6bead-c2a1-4631-8e1c-7510c033fe75 | ITER: 10 START
2019-12-10 08:13:31.883 26058 INFO rally.task.runner [-] Task f2c6bead-c2a1-4631-8e1c-7510c033fe75 | ITER: 6 END: OK
2019-12-10 08:13:32.000 26059 INFO rally.task.runner [-] Task f2c6bead-c2a1-4631-8e1c-7510c033fe75 | ITER: 8 END: OK
2019-12-10 08:13:32.414 26062 INFO rally.task.runner [-] Task f2c6bead-c2a1-4631-8e1c-7510c033fe75 | ITER: 9 END: OK
2019-12-10 08:13:32.583 26060 INFO rally.task.runner [-] Task f2c6bead-c2a1-4631-8e1c-7510c033fe75 | ITER: 10 END: OK
2019-12-10 08:13:32.610 25562 INFO rally.task.context [-] Task f2c6bead-c2a1-4631-8e1c-7510c033fe75 | Context admin_cleanup@openstack cleanup() started
2019-12-10 08:13:32.614 25562 RALLYDEBUG rally_openstack.cleanup.manager [-] Cleaning up nova quotas objects
2019-12-10 08:13:33.426 25562 INFO rally.task.context [-] Task f2c6bead-c2a1-4631-8e1c-7510c033fe75 | Context admin_cleanup@openstack cleanup() finished in 0.82 sec
2019-12-10 08:13:33.427 25562 INFO rally.task.context [-] Task f2c6bead-c2a1-4631-8e1c-7510c033fe75 | Context users@openstack cleanup() started
2019-12-10 08:13:38.452 25562 INFO rally.task.context [-] Task f2c6bead-c2a1-4631-8e1c-7510c033fe75 | Context users@openstack cleanup() finished in 5.03 sec
2019-12-10 08:13:40.089 25562 INFO rally.task.engine [-] Load duration is: 2.029171
2019-12-10 08:13:40.090 25562 INFO rally.task.engine [-] Full runner duration is: 2.07674
2019-12-10 08:13:40.090 25562 INFO rally.task.engine [-] Full duration is: 10.464799
2019-12-10 08:13:40.380 25562 INFO rally.task.engine [-] Task f2c6bead-c2a1-4631-8e1c-7510c033fe75 | Completed: Running task.
2019-12-10 08:13:41.884 26140 RALLYDEBUG rally.api [-] INFO logs from urllib3 and requests module are hide.
2019-12-10 08:13:41.884 26140 RALLYDEBUG rally.api [-] urllib3 insecure warnings are hidden.
2019-12-10 08:13:41.884 26140 RALLYDEBUG rally.api [-] ERROR log from boto module is hide.
2019-12-10 08:13:43.100 26141 RALLYDEBUG rally.api [-] INFO logs from urllib3 and requests module are hide.
2019-12-10 08:13:43.100 26141 RALLYDEBUG rally.api [-] urllib3 insecure warnings are hidden.
2019-12-10 08:13:43.100 26141 RALLYDEBUG rally.api [-] ERROR log from boto module is hide.
2019-12-10 08:13:44.168 26142 RALLYDEBUG rally.api [-] INFO logs from urllib3 and requests module are hide.
2019-12-10 08:13:44.169 26142 RALLYDEBUG rally.api [-] urllib3 insecure warnings are hidden.
2019-12-10 08:13:44.169 26142 RALLYDEBUG rally.api [-] ERROR log from boto module is hide.
2019-12-10 08:13:45.903 26142 INFO rally.api [-] Building 'json' report for the following task(s): 'f2c6bead-c2a1-4631-8e1c-7510c033fe75'.
2019-12-10 08:13:45.911 26142 INFO rally.api [-] The report has been successfully built.
2019-12-10 08:13:47.321 26144 RALLYDEBUG rally.api [-] INFO logs from urllib3 and requests module are hide.
2019-12-10 08:13:47.321 26144 RALLYDEBUG rally.api [-] urllib3 insecure warnings are hidden.
2019-12-10 08:13:47.321 26144 RALLYDEBUG rally.api [-] ERROR log from boto module is hide.
2019-12-10 08:13:49.124 26144 INFO rally.task.engine [-] Task 79780092-ba01-4669-9e2a-24519189c6c5 | Starting: Task validation.
2019-12-10 08:13:49.176 26144 INFO rally.task.engine [-] Task 79780092-ba01-4669-9e2a-24519189c6c5 | Starting: Task validation of syntax.
2019-12-10 08:13:49.234 26144 INFO rally.task.engine [-] Task 79780092-ba01-4669-9e2a-24519189c6c5 | Completed: Task validation of syntax.
2019-12-10 08:13:49.234 26144 INFO rally.task.engine [-] Task 79780092-ba01-4669-9e2a-24519189c6c5 | Starting: Task validation of required platforms.
2019-12-10 08:13:49.266 26144 INFO rally.task.engine [-] Task 79780092-ba01-4669-9e2a-24519189c6c5 | Completed: Task validation of required platforms.
2019-12-10 08:13:49.267 26144 INFO rally.task.engine [-] Task 79780092-ba01-4669-9e2a-24519189c6c5 | Starting: Task validation of semantic.
2019-12-10 08:13:49.267 26144 INFO rally.task.engine [-] Check health of the environment 'd5c14118-836a-4e0c-a67c-e2921db8f91e'.
2019-12-10 08:13:50.273 26144 INFO rally.task.engine [-] Platform existing@openstack (available: True): OK!
2019-12-10 08:13:50.308 26144 RALLYDEBUG rally_openstack.contexts.keystone.users [-] Creating 1 tenants using 20 threads
2019-12-10 08:13:51.368 26144 RALLYDEBUG rally_openstack.contexts.keystone.users [-] Creating 1 users using 20 threads
2019-12-10 08:13:52.792 26144 INFO rally.task.context [-] Task 79780092-ba01-4669-9e2a-24519189c6c5 | Context users@openstack setup() finished in 2.48 sec
2019-12-10 08:13:53.121 26144 INFO rally.task.context [-] Task 79780092-ba01-4669-9e2a-24519189c6c5 | Context users@openstack cleanup() started
2019-12-10 08:13:56.122 26144 INFO rally.task.context [-] Task 79780092-ba01-4669-9e2a-24519189c6c5 | Context users@openstack cleanup() finished in 3.00 sec
2019-12-10 08:13:56.201 26144 ERROR rally.cli.cliutils [-] Unexpected exception in CLI: rally.exceptions.InvalidTaskConfig: Input task is invalid! Subtask SwiftObjects.create_container_and_object_then_list_objects[0] has wrong configuration Subtask configuration: {"version": 2, "title": "A cropped version of a bigger task.", "description": "Auto-generated task from a single workload", "subtasks": [{"title": "SwiftObjects.create_container_and_object_then_list_objects", "description": "Create container and objects then list all objects.", "scenario": {"SwiftObjects.create_container_and_object_then_list_objects": {"objects_per_container": 2, "object_size": 5120}}, "contexts": {"users": {"tenants": 3, "users_per_tenant": 2}, "roles": ["admin"]}, "runner": {"constant": {"concurrency": 4, "times": 10}}, "hooks": [], "sla": {"failure_rate": {"max": 0}}}]} Reason(s): Scenario plugin 'SwiftObjects.create_container_and_object_then_list_objects' doesn't pass required_services@openstack validation. Details: 'swift' service is not available. Hint: If 'swift' service has non-default service_type, try to setup it via 'api_versions@openstack' context.
2019-12-10 08:13:56.201 26144 ERROR rally.cli.cliutils
Traceback (most recent call last):
2019-12-10 08:13:56.201 26144 ERROR rally.cli.cliutils
File "/usr/lib/python3.6/site-packages/rally/cli/cliutils.py", line 674, in run
2019-12-10 08:13:56.201 26144 ERROR rally.cli.cliutils ret = fn(*fn_args, **fn_kwargs)
2019-12-10 08:13:56.201 26144 ERROR rally.cli.cliutils File "", line 2, in start
2019-12-10 08:13:56.201 26144 ERROR rally.cli.cliutils
File "/usr/lib/python3.6/site-packages/rally/cli/envutils.py", line 68, in default_from_global
2019-12-10 08:13:56.201 26144 ERROR rally.cli.cliutils return f(*args, **kwargs)
2019-12-10 08:13:56.201 26144 ERROR rally.cli.cliutils File "", line 2, in start
2019-12-10 08:13:56.201 26144 ERROR rally.cli.cliutils
File "/usr/lib/python3.6/site-packages/rally/plugins/__init__.py", line 51, in ensure_plugins_are_loaded
2019-12-10 08:13:56.201 26144 ERROR rally.cli.cliutils return f(*args, **kwargs)
2019-12-10 08:13:56.201 26144 ERROR rally.cli.cliutils
File "/usr/lib/python3.6/site-packages/rally/cli/commands/task.py", line 307, in start
2019-12-10 08:13:56.201 26144 ERROR rally.cli.cliutils abort_on_sla_failure=abort_on_sla_failure)
2019-12-10 08:13:56.201 26144 ERROR rally.cli.cliutils
File "/usr/lib/python3.6/site-packages/rally/api.py", line 422, in start
2019-12-10 08:13:56.201 26144 ERROR rally.cli.cliutils task_engine.validate()
2019-12-10 08:13:56.201 26144 ERROR rally.cli.cliutils
File "/usr/lib/python3.6/site-packages/rally/common/logging.py", line 248, in wrapper
2019-12-10 08:13:56.201 26144 ERROR rally.cli.cliutils result = f(self, *args, **kwargs)
2019-12-10 08:13:56.201 26144 ERROR rally.cli.cliutils
File "/usr/lib/python3.6/site-packages/rally/task/engine.py", line 394, in validate
2019-12-10 08:13:56.201 26144 ERROR rally.cli.cliutils self._validate_config_semantic(self.config)
2019-12-10 08:13:56.201 26144 ERROR rally.cli.cliutils
File "/usr/lib/python3.6/site-packages/rally/common/logging.py", line 248, in wrapper
2019-12-10 08:13:56.201 26144 ERROR rally.cli.cliutils result = f(self, *args, **kwargs)
2019-12-10 08:13:56.201 26144 ERROR rally.cli.cliutils
File "/usr/lib/python3.6/site-packages/rally/task/engine.py", line 380, in _validate_config_semantic
2019-12-10 08:13:56.201 26144 ERROR rally.cli.cliutils workload, vcontext=ctx_obj, vtype="semantic")
2019-12-10 08:13:56.201 26144 ERROR rally.cli.cliutils
File "/usr/lib/python3.6/site-packages/rally/task/engine.py", line 328, in _validate_workload
2019-12-10 08:13:56.201 26144 ERROR rally.cli.cliutils raise exceptions.InvalidTaskConfig(**kw)
2019-12-10 08:13:56.201 26144 ERROR rally.cli.cliutils rally.exceptions.InvalidTaskConfig: Input task is invalid!
2019-12-10 08:13:56.201 26144 ERROR rally.cli.cliutils
2019-12-10 08:13:56.201 26144 ERROR rally.cli.cliutils Subtask SwiftObjects.create_container_and_object_then_list_objects[0] has wrong configuration
2019-12-10 08:13:56.201 26144 ERROR rally.cli.cliutils Subtask configuration:
2019-12-10 08:13:56.201 26144 ERROR rally.cli.cliutils {"version": 2, "title": "A cropped version of a bigger task.", "description": "Auto-generated task from a single workload", "subtasks": [{"title": "SwiftObjects.create_container_and_object_then_list_objects", "description": "Create container and objects then list all objects.", "scenario": {"SwiftObjects.create_container_and_object_then_list_objects": {"objects_per_container": 2, "object_size": 5120}}, "contexts": {"users": {"tenants": 3, "users_per_tenant": 2}, "roles": ["admin"]}, "runner": {"constant": {"concurrency": 4, "times": 10}}, "hooks": [], "sla": {"failure_rate": {"max": 0}}}]}
2019-12-10 08:13:56.201 26144 ERROR rally.cli.cliutils
2019-12-10 08:13:56.201 26144 ERROR rally.cli.cliutils Reason(s):
2019-12-10 08:13:56.201 26144 ERROR rally.cli.cliutils Scenario plugin 'SwiftObjects.create_container_and_object_then_list_objects' doesn't pass required_services@openstack validation. Details: 'swift' service is not available. Hint: If 'swift' service has non-default service_type, try to setup it via 'api_versions@openstack' context.
2019-12-10 08:13:56.201 26144 ERROR rally.cli.cliutils
2019-12-10 08:13:57.625 26226 RALLYDEBUG rally.api [-] INFO logs from urllib3 and requests module are hide.
2019-12-10 08:13:57.625 26226 RALLYDEBUG rally.api [-] urllib3 insecure warnings are hidden.
2019-12-10 08:13:57.625 26226 RALLYDEBUG rally.api [-] ERROR log from boto module is hide.
2019-12-10 08:13:58.676 26227 RALLYDEBUG rally.api [-] INFO logs from urllib3 and requests module are hide.
2019-12-10 08:13:58.676 26227 RALLYDEBUG rally.api [-] urllib3 insecure warnings are hidden.
2019-12-10 08:13:58.676 26227 RALLYDEBUG rally.api [-] ERROR log from boto module is hide.
2019-12-10 08:13:59.900 26228 RALLYDEBUG rally.api [-] INFO logs from urllib3 and requests module are hide.
2019-12-10 08:13:59.900 26228 RALLYDEBUG rally.api [-] urllib3 insecure warnings are hidden.
2019-12-10 08:13:59.900 26228 RALLYDEBUG rally.api [-] ERROR log from boto module is hide.
2019-12-10 08:14:01.528 26228 INFO rally.api [-] Building 'json' report for the following task(s): '79780092-ba01-4669-9e2a-24519189c6c5'.
2019-12-10 08:14:01.530 26228 INFO rally.api [-] The report has been successfully built.
2019-12-10 08:14:02.819 26230 RALLYDEBUG rally.api [-] INFO logs from urllib3 and requests module are hide.
2019-12-10 08:14:02.819 26230 RALLYDEBUG rally.api [-] urllib3 insecure warnings are hidden.
2019-12-10 08:14:02.819 26230 RALLYDEBUG rally.api [-] ERROR log from boto module is hide.
2019-12-10 08:14:04.653 26230 INFO rally.task.engine [-] Task 139f34db-41f7-45c4-b62e-5056f7409a7a | Starting: Task validation.
2019-12-10 08:14:04.714 26230 INFO rally.task.engine [-] Task 139f34db-41f7-45c4-b62e-5056f7409a7a | Starting: Task validation of syntax.
2019-12-10 08:14:04.867 26230 INFO rally.task.engine [-] Task 139f34db-41f7-45c4-b62e-5056f7409a7a | Completed: Task validation of syntax.
