2019-12-10 07:11:52.520 13785 INFO rally.task.context [-] Task a77ceca8-c64d-42ab-9ece-bcdbe7932983 | Context quotas@openstack cleanup() started
2019-12-10 07:11:52.661 13785 INFO rally.task.context [-] Task a77ceca8-c64d-42ab-9ece-bcdbe7932983 | Context quotas@openstack cleanup() finished in 0.14 sec
2019-12-10 07:11:52.662 13785 INFO rally.task.context [-] Task a77ceca8-c64d-42ab-9ece-bcdbe7932983 | Context users@openstack cleanup() started
2019-12-10 07:11:56.826 13785 INFO rally.task.context [-] Task a77ceca8-c64d-42ab-9ece-bcdbe7932983 | Context users@openstack cleanup() finished in 4.16 sec
2019-12-10 07:11:57.900 13785 INFO rally.task.engine [-] Load duration is: 1.807795
2019-12-10 07:11:57.901 13785 INFO rally.task.engine [-] Full runner duration is: 1.850395
2019-12-10 07:11:57.901 13785 INFO rally.task.engine [-] Full duration is: 25.108122
2019-12-10 07:11:58.240 13785 INFO rally.task.engine [-] Running workload: position = 0 config = { "version": 2, "title": "A cropped version of a bigger task.", "description": "Auto-generated task from a single workload (uuid=0dd6aba6-b70d-4bdd-8dce-16e4b2617a51)", "subtasks": [ { "title": "NeutronNetworks.set_and_clear_router_gateway", "description": "Set and Remove the external network gateway from a router.", "scenario": { "NeutronNetworks.set_and_clear_router_gateway": { "network_create_args": { "router:external": true } } }, "contexts": { "users": { "tenants": 3, "users_per_tenant": 2 }, "quotas": { "neutron": { "network": -1, "router": -1 } }, "roles": [ "admin" ] }, "runner": { "constant": { "concurrency": 4, "times": 10 } }, "hooks": [], "sla": { "failure_rate": { "max": 0 } } } ] }
2019-12-10 07:11:58.266 13785 RALLYDEBUG rally_openstack.contexts.keystone.users [-] Creating 3 tenants using 20 threads
2019-12-10 07:11:59.323 13785 RALLYDEBUG rally_openstack.contexts.keystone.users [-] Creating 6 users using 20 threads
2019-12-10 07:12:00.918 13785 INFO rally.task.context [-] Task a77ceca8-c64d-42ab-9ece-bcdbe7932983 | Context users@openstack setup() finished in 2.65 sec
2019-12-10 07:12:01.764 13785 INFO rally.task.context [-] Task a77ceca8-c64d-42ab-9ece-bcdbe7932983 | Context quotas@openstack setup() finished in 0.85 sec
2019-12-10 07:12:02.470 13785 RALLYDEBUG rally_openstack.contexts.keystone.roles [-] Adding role admin having ID cfe5e5a00b284a58ae59e89f88a78f01 to all users using 30 threads
2019-12-10 07:12:07.692 13785 INFO rally.task.context [-] Task a77ceca8-c64d-42ab-9ece-bcdbe7932983 | Context roles@openstack setup() finished in 5.93 sec
2019-12-10 07:12:07.692 13785 INFO rally.task.context [-] Task a77ceca8-c64d-42ab-9ece-bcdbe7932983 | Context cleanup@openstack setup() finished in 0.01 msec
2019-12-10 07:12:07.700 13785 RALLYDEBUG rally.task.runner [-] Starting the constant runner (task UUID: a77ceca8-c64d-42ab-9ece-bcdbe7932983). times: 10 concurrency: 4 timeout: 0 max_cpu_used: 16 processes_to_start: 4 concurrency_per_worker: 1 concurrency_overhead: 0
2019-12-10 07:12:07.712 19123 RALLYDEBUG rally.task.runner [-] Starting a worker. times: 10 duration: None concurrency: 1 timeout: 0 cls: method_name: run args: {"network_create_args": {"router:external": true}}
2019-12-10 07:12:07.714 19124 RALLYDEBUG rally.task.runner [-] Starting a worker. times: 10 duration: None concurrency: 1 timeout: 0 cls: method_name: run args: {"network_create_args": {"router:external": true}}
2019-12-10 07:12:07.717 19125 RALLYDEBUG rally.task.runner [-] Starting a worker. times: 10 duration: None concurrency: 1 timeout: 0 cls: method_name: run args: {"network_create_args": {"router:external": true}}
2019-12-10 07:12:07.719 19123 INFO rally.task.runner [-] Task a77ceca8-c64d-42ab-9ece-bcdbe7932983 | ITER: 1 START
2019-12-10 07:12:07.721 19124 INFO rally.task.runner [-] Task a77ceca8-c64d-42ab-9ece-bcdbe7932983 | ITER: 2 START
2019-12-10 07:12:07.720 19126 RALLYDEBUG rally.task.runner [-] Starting a worker. times: 10 duration: None concurrency: 1 timeout: 0 cls: method_name: run args: {"network_create_args": {"router:external": true}}
2019-12-10 07:12:07.724 19125 INFO rally.task.runner [-] Task a77ceca8-c64d-42ab-9ece-bcdbe7932983 | ITER: 3 START
2019-12-10 07:12:07.728 19126 INFO rally.task.runner [-] Task a77ceca8-c64d-42ab-9ece-bcdbe7932983 | ITER: 4 START
2019-12-10 07:12:11.829 19126 INFO rally.task.runner [-] Task a77ceca8-c64d-42ab-9ece-bcdbe7932983 | ITER: 4 END: OK
2019-12-10 07:12:11.833 19126 INFO rally.task.runner [-] Task a77ceca8-c64d-42ab-9ece-bcdbe7932983 | ITER: 5 START
2019-12-10 07:12:13.057 19125 INFO rally.task.runner [-] Task a77ceca8-c64d-42ab-9ece-bcdbe7932983 | ITER: 3 END: OK
2019-12-10 07:12:13.062 19125 INFO rally.task.runner [-] Task a77ceca8-c64d-42ab-9ece-bcdbe7932983 | ITER: 6 START
2019-12-10 07:12:13.689 19123 INFO rally.task.runner [-] Task a77ceca8-c64d-42ab-9ece-bcdbe7932983 | ITER: 1 END: OK
2019-12-10 07:12:13.694 19123 INFO rally.task.runner [-] Task a77ceca8-c64d-42ab-9ece-bcdbe7932983 | ITER: 7 START
2019-12-10 07:12:13.788 19124 INFO rally.task.runner [-] Task a77ceca8-c64d-42ab-9ece-bcdbe7932983 | ITER: 2 END: OK
2019-12-10 07:12:13.792 19124 INFO rally.task.runner [-] Task a77ceca8-c64d-42ab-9ece-bcdbe7932983 | ITER: 8 START
2019-12-10 07:12:15.907 19126 INFO rally.task.runner [-] Task a77ceca8-c64d-42ab-9ece-bcdbe7932983 | ITER: 5 END: OK
2019-12-10 07:12:15.912 19126 INFO rally.task.runner [-] Task a77ceca8-c64d-42ab-9ece-bcdbe7932983 | ITER: 9 START
2019-12-10 07:12:17.017 19125 INFO rally.task.runner [-] Task a77ceca8-c64d-42ab-9ece-bcdbe7932983 | ITER: 6 END: OK
2019-12-10 07:12:17.021 19125 INFO rally.task.runner [-] Task a77ceca8-c64d-42ab-9ece-bcdbe7932983 | ITER: 10 START
2019-12-10 07:12:17.791 19123 INFO rally.task.runner [-] Task a77ceca8-c64d-42ab-9ece-bcdbe7932983 | ITER: 7 END: OK
2019-12-10 07:12:17.962 19124 INFO rally.task.runner [-] Task a77ceca8-c64d-42ab-9ece-bcdbe7932983 | ITER: 8 END: OK
2019-12-10 07:12:19.743 19126 INFO rally.task.runner [-] Task a77ceca8-c64d-42ab-9ece-bcdbe7932983 | ITER: 9 END: OK
2019-12-10 07:12:20.822 19125 INFO rally.task.runner [-] Task a77ceca8-c64d-42ab-9ece-bcdbe7932983 | ITER: 10 END: OK
2019-12-10 07:12:20.847 13785 INFO rally.task.context [-] Task a77ceca8-c64d-42ab-9ece-bcdbe7932983 | Context cleanup@openstack cleanup() started
2019-12-10 07:12:20.851 13785 RALLYDEBUG rally_openstack.cleanup.manager [-] Cleaning up neutron vip objects
2019-12-10 07:12:22.093 13785 RALLYDEBUG rally_openstack.cleanup.manager [-] Cleaning up neutron health_monitor objects
2019-12-10 07:12:23.213 13785 RALLYDEBUG rally_openstack.cleanup.manager [-] Cleaning up neutron pool objects
2019-12-10 07:12:24.343 13785 RALLYDEBUG rally_openstack.cleanup.manager [-] Cleaning up neutron loadbalancer objects
2019-12-10 07:12:25.481 13785 RALLYDEBUG rally_openstack.cleanup.manager [-] Cleaning up neutron floatingip objects
2019-12-10 07:12:26.745 13785 RALLYDEBUG rally_openstack.cleanup.manager [-] Cleaning up neutron trunk objects
2019-12-10 07:12:27.936 13785 RALLYDEBUG rally_openstack.cleanup.manager [-] Cleaning up neutron port objects
2019-12-10 07:12:29.550 13785 RALLYDEBUG rally_openstack.cleanup.manager [-] Cleaning up neutron subnet objects
2019-12-10 07:12:30.776 13785 RALLYDEBUG rally_openstack.cleanup.manager [-] Cleaning up neutron network objects
2019-12-10 07:12:32.732 13785 RALLYDEBUG rally_openstack.cleanup.manager [-] Deleting neutron.network object s_rally_0dd6aba6_ZVwIKA7m (2762f80d-4ce6-4e72-8cf5-5682abdce8df)
2019-12-10 07:12:32.742 13785 RALLYDEBUG rally_openstack.cleanup.manager [-] Deleting neutron.network object s_rally_0dd6aba6_SWUQbAN3 (f66cecd4-1dad-4923-9073-43a03e652b95)
2019-12-10 07:12:32.745 13785 RALLYDEBUG rally_openstack.cleanup.manager [-] Deleting neutron.network object s_rally_0dd6aba6_iuATTlsP (00be0740-bfa7-4555-baa0-5e2a3d778350)
2019-12-10 07:12:32.754 13785 RALLYDEBUG rally_openstack.cleanup.manager [-] Deleting neutron.network object s_rally_0dd6aba6_11rXnJRp (7d48e6c1-1aa4-4519-a53e-fd55e1c5f159)
2019-12-10 07:12:32.764 13785 RALLYDEBUG rally_openstack.cleanup.manager [-] Deleting neutron.network object s_rally_0dd6aba6_6Ew87xEo (8ba1e37e-a1f6-4f5c-b900-72d4dcc54032)
2019-12-10 07:12:32.768 13785 RALLYDEBUG rally_openstack.cleanup.manager [-] Deleting neutron.network object s_rally_0dd6aba6_GqAaDAmK (b36c0298-d536-4139-aa56-a1b3228bf081)
2019-12-10 07:12:32.777 13785 RALLYDEBUG rally_openstack.cleanup.manager [-] Deleting neutron.network object s_rally_0dd6aba6_2Hg7rsmg (cf38872f-6754-44b4-b677-a97b9ec1302a)
2019-12-10 07:12:32.799 13785 RALLYDEBUG rally_openstack.cleanup.manager [-] Deleting neutron.network object s_rally_0dd6aba6_qtNStQtO (b7dd64c8-7b45-4b27-a55c-e12b534b9c33)
2019-12-10 07:12:32.816 13785 RALLYDEBUG rally_openstack.cleanup.manager [-] Deleting neutron.network object s_rally_0dd6aba6_aH0H4Gvg (ce952098-edfb-4c3c-abc6-e6bd5862e947)
2019-12-10 07:12:32.844 13785 RALLYDEBUG rally_openstack.cleanup.manager [-] Deleting neutron.network object s_rally_0dd6aba6_RfnlnAcf (e3b3c775-2ab8-4afe-9a76-ea9d8fbfeece)
2019-12-10 07:12:35.406 13785 RALLYDEBUG rally_openstack.cleanup.manager [-] Cleaning up neutron router objects
2019-12-10 07:12:37.149 13785 RALLYDEBUG rally_openstack.cleanup.manager [-] Deleting neutron.router object s_rally_0dd6aba6_3D90DhVF (ca2fbc9b-baea-4b80-85c4-0d719fe74dc5)
2019-12-10 07:12:37.158 13785 RALLYDEBUG rally_openstack.cleanup.manager [-] Deleting neutron.router object s_rally_0dd6aba6_x7zHHrSp (d2071590-ae90-40b9-9d1b-5c98eccd1d52)
2019-12-10 07:12:37.167 13785 RALLYDEBUG rally_openstack.cleanup.manager [-] Deleting neutron.router object s_rally_0dd6aba6_JbQFr2dP (3951f246-b0d6-4843-99b3-2f40ff5bf7d2)
2019-12-10 07:12:37.171 13785 RALLYDEBUG rally_openstack.cleanup.manager [-] Deleting neutron.router object s_rally_0dd6aba6_YMtenU9A (5325483b-f0e9-40ac-ae92-f5376bb223ab)
2019-12-10 07:12:37.180 13785 RALLYDEBUG rally_openstack.cleanup.manager [-] Deleting neutron.router object s_rally_0dd6aba6_eQVqgKZx (6b8be2f3-c721-49fc-bc28-293edaf78410)
2019-12-10 07:12:37.190 13785 RALLYDEBUG rally_openstack.cleanup.manager [-] Deleting neutron.router object s_rally_0dd6aba6_xbNLv7eO (7ba17e1b-14a3-4cee-8b79-5549eb858c96)
2019-12-10 07:12:37.203 13785 RALLYDEBUG rally_openstack.cleanup.manager [-] Deleting neutron.router object s_rally_0dd6aba6_NDJNRnli (f34ee777-597c-4488-9db4-86f9b978b970)
2019-12-10 07:12:37.211 13785 RALLYDEBUG rally_openstack.cleanup.manager [-] Deleting neutron.router object s_rally_0dd6aba6_0DR09Qvh (a0730d4f-f644-4dfd-8d8f-3ee5de990301)
2019-12-10 07:12:37.219 13785 RALLYDEBUG rally_openstack.cleanup.manager [-] Deleting neutron.router object s_rally_0dd6aba6_vhPjajnY (bd6f442f-ebef-41ea-8e66-f89e75b3401b)
2019-12-10 07:12:37.242 13785 RALLYDEBUG rally_openstack.cleanup.manager [-] Deleting neutron.router object s_rally_0dd6aba6_S4obcBC5 (caa4b82c-3dad-4651-8123-d9e60aa577ce)
2019-12-10 07:12:39.457 13785 RALLYDEBUG rally_openstack.cleanup.manager [-] Cleaning up neutron security_group objects
2019-12-10 07:12:41.089 13785 INFO rally.task.context [-] Task a77ceca8-c64d-42ab-9ece-bcdbe7932983 | Context cleanup@openstack cleanup() finished in 20.24 sec
2019-12-10 07:12:41.090 13785 INFO rally.task.context [-] Task a77ceca8-c64d-42ab-9ece-bcdbe7932983 | Context roles@openstack cleanup() started
2019-12-10 07:12:41.090 13785 RALLYDEBUG rally_openstack.contexts.keystone.roles [-] Removing assigned role cfe5e5a00b284a58ae59e89f88a78f01 from all users
2019-12-10 07:12:42.046 13785 INFO rally.task.context [-] Task a77ceca8-c64d-42ab-9ece-bcdbe7932983 | Context roles@openstack cleanup() finished in 0.96 sec
2019-12-10 07:12:42.046 13785 INFO rally.task.context [-] Task a77ceca8-c64d-42ab-9ece-bcdbe7932983 | Context quotas@openstack cleanup() started
2019-12-10 07:12:42.375 13785 INFO rally.task.context [-] Task a77ceca8-c64d-42ab-9ece-bcdbe7932983 | Context quotas@openstack cleanup() finished in 0.33 sec
2019-12-10 07:12:42.375 13785 INFO rally.task.context [-] Task a77ceca8-c64d-42ab-9ece-bcdbe7932983 | Context users@openstack cleanup() started
2019-12-10 07:12:46.790 13785 INFO rally.task.context [-] Task a77ceca8-c64d-42ab-9ece-bcdbe7932983 | Context users@openstack cleanup() finished in 4.42 sec
2019-12-10 07:12:48.516 13785 INFO rally.task.engine [-] Load duration is: 13.102161
2019-12-10 07:12:48.516 13785 INFO rally.task.engine [-] Full runner duration is: 13.146951
2019-12-10 07:12:48.516 13785 INFO rally.task.engine [-] Full duration is: 48.527112
2019-12-10 07:12:48.882 13785 INFO rally.task.engine [-] Running workload: position = 0 config = { "version": 2, "title": "A cropped version of a bigger task.", "description": "Auto-generated task from a single workload (uuid=01d94970-23cf-4f61-8501-8a039621f99a)", "subtasks": [ { "title": "NeutronNetworks.create_and_show_ports", "description": "Create a given number of ports and show created ports in trun.", "scenario": { "NeutronNetworks.create_and_show_ports": { "ports_per_network": 2 } }, "contexts": { "users": { "tenants": 3, "users_per_tenant": 2 }, "network": { "router": {} }, "quotas": { "neutron": { "network": -1, "router": -1 } } }, "runner": { "constant": { "concurrency": 4, "times": 10 } }, "hooks": [], "sla": { "failure_rate": { "max": 0 } } } ] }
2019-12-10 07:12:48.908 13785 RALLYDEBUG rally_openstack.contexts.keystone.users [-] Creating 3 tenants using 20 threads
2019-12-10 07:12:49.963 13785 RALLYDEBUG rally_openstack.contexts.keystone.users [-] Creating 6 users using 20 threads
2019-12-10 07:12:51.494 13785 INFO rally.task.context [-] Task a77ceca8-c64d-42ab-9ece-bcdbe7932983 | Context users@openstack setup() finished in 2.59 sec
2019-12-10 07:12:52.522 13785 INFO rally.task.context [-] Task a77ceca8-c64d-42ab-9ece-bcdbe7932983 | Context quotas@openstack setup() finished in 1.03 sec
2019-12-10 07:12:53.181 13785 RALLYDEBUG rally_openstack.wrappers.network [-] CIDR generated: 10.2.72.0/24
2019-12-10 07:12:54.701 13785 RALLYDEBUG rally_openstack.wrappers.network [-] CIDR generated: 10.2.73.0/24
2019-12-10 07:12:55.557 13785 RALLYDEBUG rally_openstack.wrappers.network [-] CIDR generated: 10.2.74.0/24
2019-12-10 07:12:56.024 13785 INFO rally.task.context [-] Task a77ceca8-c64d-42ab-9ece-bcdbe7932983 | Context network@openstack setup() finished in 3.50 sec
2019-12-10 07:12:56.025 13785 INFO rally.task.context [-] Task a77ceca8-c64d-42ab-9ece-bcdbe7932983 | Context cleanup@openstack setup() finished in 0.01 msec
2019-12-10 07:12:56.034 13785 RALLYDEBUG rally.task.runner [-] Starting the constant runner (task UUID: a77ceca8-c64d-42ab-9ece-bcdbe7932983). times: 10 concurrency: 4 timeout: 0 max_cpu_used: 16 processes_to_start: 4 concurrency_per_worker: 1 concurrency_overhead: 0
2019-12-10 07:12:56.045 19477 RALLYDEBUG rally.task.runner [-] Starting a worker. times: 10 duration: None concurrency: 1 timeout: 0 cls: method_name: run args: {"ports_per_network": 2}
2019-12-10 07:12:56.049 19478 RALLYDEBUG rally.task.runner [-] Starting a worker. times: 10 duration: None concurrency: 1 timeout: 0 cls: method_name: run args: {"ports_per_network": 2}
2019-12-10 07:12:56.052 19477 INFO rally.task.runner [-] Task a77ceca8-c64d-42ab-9ece-bcdbe7932983 | ITER: 1 START
2019-12-10 07:12:56.052 19479 RALLYDEBUG rally.task.runner [-] Starting a worker. times: 10 duration: None concurrency: 1 timeout: 0 cls: method_name: run args: {"ports_per_network": 2}
2019-12-10 07:12:56.056 19478 INFO rally.task.runner [-] Task a77ceca8-c64d-42ab-9ece-bcdbe7932983 | ITER: 2 START
2019-12-10 07:12:56.057 19481 RALLYDEBUG rally.task.runner [-] Starting a worker. times: 10 duration: None concurrency: 1 timeout: 0 cls: method_name: run args: {"ports_per_network": 2}
2019-12-10 07:12:56.059 19479 INFO rally.task.runner [-] Task a77ceca8-c64d-42ab-9ece-bcdbe7932983 | ITER: 3 START
2019-12-10 07:12:56.063 19481 INFO rally.task.runner [-] Task a77ceca8-c64d-42ab-9ece-bcdbe7932983 | ITER: 4 START
2019-12-10 07:12:57.841 19479 INFO rally.task.runner [-] Task a77ceca8-c64d-42ab-9ece-bcdbe7932983 | ITER: 3 END: OK
2019-12-10 07:12:57.847 19479 INFO rally.task.runner [-] Task a77ceca8-c64d-42ab-9ece-bcdbe7932983 | ITER: 5 START
2019-12-10 07:12:57.875 19477 INFO rally.task.runner [-] Task a77ceca8-c64d-42ab-9ece-bcdbe7932983 | ITER: 1 END: OK
2019-12-10 07:12:57.880 19477 INFO rally.task.runner [-] Task a77ceca8-c64d-42ab-9ece-bcdbe7932983 | ITER: 6 START
2019-12-10 07:12:58.437 19481 INFO rally.task.runner [-] Task a77ceca8-c64d-42ab-9ece-bcdbe7932983 | ITER: 4 END: OK
2019-12-10 07:12:58.442 19481 INFO rally.task.runner [-] Task a77ceca8-c64d-42ab-9ece-bcdbe7932983 | ITER: 7 START
2019-12-10 07:12:58.466 19478 INFO rally.task.runner [-] Task a77ceca8-c64d-42ab-9ece-bcdbe7932983 | ITER: 2 END: OK
2019-12-10 07:12:58.471 19478 INFO rally.task.runner [-] Task a77ceca8-c64d-42ab-9ece-bcdbe7932983 | ITER: 8 START
2019-12-10 07:12:59.588 19479 INFO rally.task.runner [-] Task a77ceca8-c64d-42ab-9ece-bcdbe7932983 | ITER: 5 END: OK
2019-12-10 07:12:59.592 19479 INFO rally.task.runner [-] Task a77ceca8-c64d-42ab-9ece-bcdbe7932983 | ITER: 9 START
2019-12-10 07:13:00.213 19477 INFO rally.task.runner [-] Task a77ceca8-c64d-42ab-9ece-bcdbe7932983 | ITER: 6 END: OK
2019-12-10 07:13:00.217 19477 INFO rally.task.runner [-] Task a77ceca8-c64d-42ab-9ece-bcdbe7932983 | ITER: 10 START
2019-12-10 07:13:00.587 19481 INFO rally.task.runner [-] Task a77ceca8-c64d-42ab-9ece-bcdbe7932983 | ITER: 7 END: OK
2019-12-10 07:13:00.813 19478 INFO rally.task.runner [-] Task a77ceca8-c64d-42ab-9ece-bcdbe7932983 | ITER: 8 END: OK
2019-12-10 07:13:01.314 19479 INFO rally.task.runner [-] Task a77ceca8-c64d-42ab-9ece-bcdbe7932983 | ITER: 9 END: OK
2019-12-10 07:13:01.991 19477 INFO rally.task.runner [-] Task a77ceca8-c64d-42ab-9ece-bcdbe7932983 | ITER: 10 END: OK
2019-12-10 07:13:02.013 13785 INFO rally.task.context [-] Task a77ceca8-c64d-42ab-9ece-bcdbe7932983 | Context cleanup@openstack cleanup() started
2019-12-10 07:13:02.017 13785 RALLYDEBUG rally_openstack.cleanup.manager [-] Cleaning up neutron vip objects
2019-12-10 07:13:03.129 13785 RALLYDEBUG rally_openstack.cleanup.manager [-] Cleaning up neutron health_monitor objects
2019-12-10 07:13:04.258 13785 RALLYDEBUG rally_openstack.cleanup.manager [-] Cleaning up neutron pool objects
2019-12-10 07:13:05.410 13785 RALLYDEBUG rally_openstack.cleanup.manager [-] Cleaning up neutron loadbalancer objects
2019-12-10 07:13:06.512 13785 RALLYDEBUG rally_openstack.cleanup.manager [-] Cleaning up neutron floatingip objects
2019-12-10 07:13:07.774 13785 RALLYDEBUG rally_openstack.cleanup.manager [-] Cleaning up neutron trunk objects
2019-12-10 07:13:08.921 13785 RALLYDEBUG rally_openstack.cleanup.manager [-] Cleaning up neutron port objects
2019-12-10 07:13:10.312 13785 RALLYDEBUG rally_openstack.cleanup.manager [-] Deleting neutron.port object s_rally_01d94970_SS9BrTBc (2ee7b46c-dde5-4dea-ba1c-519dee6dde86)
2019-12-10 07:13:10.322 13785 RALLYDEBUG rally_openstack.cleanup.manager [-] Deleting neutron.port object s_rally_01d94970_xP0t91zK (312ae1af-ea79-499c-be60-31780f55c82d)
2019-12-10 07:13:10.330 13785 RALLYDEBUG rally_openstack.cleanup.manager [-] Deleting neutron.port object s_rally_01d94970_rXOyYWv6 (333509d5-1cc6-4032-a068-f210098efe76)
2019-12-10 07:13:10.350 13785 RALLYDEBUG rally_openstack.cleanup.manager [-] Deleting neutron.port object s_rally_01d94970_miY5lmMd (81f8be07-da65-4e1c-a53d-b2f0bde171a6)
2019-12-10 07:13:10.353 13785 RALLYDEBUG rally_openstack.cleanup.manager [-] Deleting neutron.port object s_rally_01d94970_PV3HPg0X (65526665-da56-4853-bec9-3eef624e2595)
2019-12-10 07:13:10.371 13785 RALLYDEBUG rally_openstack.cleanup.manager [-] Deleting neutron.port object s_rally_01d94970_9AfT3l2l (ea5cd3d7-2717-4c0b-9bac-b8951c909bb5)
2019-12-10 07:13:10.383 13785 RALLYDEBUG rally_openstack.cleanup.manager [-] Deleting neutron.port object s_rally_01d94970_FKPN65SL (3541724a-3b29-4568-8192-d9edbfbdeff2)
2019-12-10 07:13:10.385 13785 RALLYDEBUG rally_openstack.cleanup.manager [-] Deleting neutron.port object s_rally_01d94970_q1A5d9At (397287d5-3051-46c6-bcd2-8139db788921)
2019-12-10 07:13:10.389 13785 RALLYDEBUG rally_openstack.cleanup.manager [-] Deleting neutron.port object s_rally_01d94970_eD6cf8mV (6b570537-0239-4661-abb0-7849e5498f6c)
2019-12-10 07:13:10.420 13785 RALLYDEBUG rally_openstack.cleanup.manager [-] Deleting neutron.port object s_rally_01d94970_c9IQXVwu (9f8d6d80-468d-4a75-a87f-72eb9c88a6f9)
2019-12-10 07:13:10.444 13785 RALLYDEBUG rally_openstack.cleanup.manager [-] Deleting neutron.port object s_rally_01d94970_l70Wpbbg (fac517b2-9306-4a46-bdcf-f00adce5bc70)
2019-12-10 07:13:10.445 13785 RALLYDEBUG rally_openstack.cleanup.manager [-] Deleting neutron.port object s_rally_01d94970_gHg8nKW5 (e32c4899-c76f-4124-a964-09c50acb7541)
2019-12-10 07:13:10.470 13785 RALLYDEBUG rally_openstack.cleanup.manager [-] Deleting neutron.port object s_rally_01d94970_S3ji3pK7 (10d91817-99f8-45c5-9bce-dced7e538513)
2019-12-10 07:13:10.481 13785 RALLYDEBUG rally_openstack.cleanup.manager [-] Deleting neutron.port object s_rally_01d94970_A7MtkX9o (2e9c9ef3-7a3e-4519-bdf4-1d101ade80bc)
2019-12-10 07:13:10.500 13785 RALLYDEBUG rally_openstack.cleanup.manager [-] Deleting neutron.port object s_rally_01d94970_N19odgT3 (4e8e65c7-cc36-4f87-85eb-9cc81e83ac23)
2019-12-10 07:13:10.519 13785 RALLYDEBUG rally_openstack.cleanup.manager [-] Deleting neutron.port object s_rally_01d94970_2Bt1hDaj (501a9d50-f809-432f-9375-1d0796f11b46)
2019-12-10 07:13:10.533 13785 RALLYDEBUG rally_openstack.cleanup.manager [-] Deleting neutron.port object s_rally_01d94970_FcJ4xyJD (532a4801-7890-4478-a0c9-f02b7312a8cf)
2019-12-10 07:13:10.539 13785 RALLYDEBUG rally_openstack.cleanup.manager [-] Deleting neutron.port object s_rally_01d94970_tlHKRRsb (92df38e8-169d-41df-bb13-79f2c9027775)
2019-12-10 07:13:10.553 13785 RALLYDEBUG rally_openstack.cleanup.manager [-] Deleting neutron.port object s_rally_01d94970_NDlHpabR (b3176c36-5901-4685-97dc-1e56cc827fab)
2019-12-10 07:13:10.563 13785 RALLYDEBUG rally_openstack.cleanup.manager [-] Deleting neutron.port object s_rally_01d94970_pgSAsdCR (be3a90e0-857c-42c4-aaa3-a6324f6e7c86)
2019-12-10 07:13:13.415 13785 RALLYDEBUG rally_openstack.cleanup.manager [-] Cleaning up neutron subnet objects
2019-12-10 07:13:14.790 13785 RALLYDEBUG rally_openstack.cleanup.manager [-] Cleaning up neutron network objects
2019-12-10 07:13:16.669 13785 RALLYDEBUG rally_openstack.cleanup.manager [-] Cleaning up neutron router objects
2019-12-10 07:13:18.044 13785 RALLYDEBUG rally_openstack.cleanup.manager [-] Cleaning up neutron security_group objects
2019-12-10 07:13:19.312 13785 INFO rally.task.context [-] Task a77ceca8-c64d-42ab-9ece-bcdbe7932983 | Context cleanup@openstack cleanup() finished in 17.30 sec
2019-12-10 07:13:19.313 13785 INFO rally.task.context [-] Task a77ceca8-c64d-42ab-9ece-bcdbe7932983 | Context network@openstack cleanup() started
2019-12-10 07:13:31.026 13785 INFO rally.task.context [-] Task a77ceca8-c64d-42ab-9ece-bcdbe7932983 | Context network@openstack cleanup() finished in 11.71 sec
2019-12-10 07:13:31.027 13785 INFO rally.task.context [-] Task a77ceca8-c64d-42ab-9ece-bcdbe7932983 | Context quotas@openstack cleanup() started
2019-12-10 07:13:31.232 13785 INFO rally.task.context [-] Task a77ceca8-c64d-42ab-9ece-bcdbe7932983 | Context quotas@openstack cleanup() finished in 0.21 sec
2019-12-10 07:13:31.233 13785 INFO rally.task.context [-] Task a77ceca8-c64d-42ab-9ece-bcdbe7932983 | Context users@openstack cleanup() started
2019-12-10 07:13:35.395 13785 INFO rally.task.context [-] Task a77ceca8-c64d-42ab-9ece-bcdbe7932983 | Context users@openstack cleanup() finished in 4.16 sec
2019-12-10 07:13:37.169 13785 INFO rally.task.engine [-] Load duration is: 5.937774
2019-12-10 07:13:37.170 13785 INFO rally.task.engine [-] Full runner duration is: 5.979707
2019-12-10 07:13:37.170 13785 INFO rally.task.engine [-] Full duration is: 46.488779
2019-12-10 07:13:37.540 13785 INFO rally.task.engine [-] Running workload: position = 0 config = { "version": 2, "title": "A cropped version of a bigger task.", "description": "Auto-generated task from a single workload (uuid=b862a655-ec1f-48b7-bb79-d96b961296cc)", "subtasks": [ { "title": "NeutronNetworks.create_and_show_routers", "description": "Create and show a given number of routers.", "scenario": { "NeutronNetworks.create_and_show_routers": { "subnets_per_network": 2 } }, "contexts": { "users": { "tenants": 3, "users_per_tenant": 2 }, "quotas": { "neutron": { "network": -1, "subnet": -1, "router": -1 } } }, "runner": { "constant": { "concurrency": 4, "times": 10 } }, "hooks": [], "sla": { "failure_rate": { "max": 0 } } } ] }
2019-12-10 07:13:37.571 13785 RALLYDEBUG rally_openstack.contexts.keystone.users [-] Creating 3 tenants using 20 threads
2019-12-10 07:13:38.613 13785 RALLYDEBUG rally_openstack.contexts.keystone.users [-] Creating 6 users using 20 threads
2019-12-10 07:13:40.147 13785 INFO rally.task.context [-] Task a77ceca8-c64d-42ab-9ece-bcdbe7932983 | Context users@openstack setup() finished in 2.58 sec
2019-12-10 07:13:41.071 13785 INFO rally.task.context [-] Task a77ceca8-c64d-42ab-9ece-bcdbe7932983 | Context quotas@openstack setup() finished in 0.92 sec
2019-12-10 07:13:41.072 13785 INFO rally.task.context [-] Task a77ceca8-c64d-42ab-9ece-bcdbe7932983 | Context cleanup@openstack setup() finished in 0.02 msec
2019-12-10 07:13:41.081 13785 RALLYDEBUG rally.task.runner [-] Starting the constant runner (task UUID: a77ceca8-c64d-42ab-9ece-bcdbe7932983). times: 10 concurrency: 4 timeout: 0 max_cpu_used: 16 processes_to_start: 4 concurrency_per_worker: 1 concurrency_overhead: 0
2019-12-10 07:13:41.092 19801 RALLYDEBUG rally.task.runner [-] Starting a worker. times: 10 duration: None concurrency: 1 timeout: 0 cls: method_name: run args: {"subnets_per_network": 2}
2019-12-10 07:13:41.096 19802 RALLYDEBUG rally.task.runner [-] Starting a worker. times: 10 duration: None concurrency: 1 timeout: 0 cls: method_name: run args: {"subnets_per_network": 2}
2019-12-10 07:13:41.099 19801 INFO rally.task.runner [-] Task a77ceca8-c64d-42ab-9ece-bcdbe7932983 | ITER: 1 START
2019-12-10 07:13:41.099 19803 RALLYDEBUG rally.task.runner [-] Starting a worker. times: 10 duration: None concurrency: 1 timeout: 0 cls: method_name: run args: {"subnets_per_network": 2}
2019-12-10 07:13:41.102 19802 INFO rally.task.runner [-] Task a77ceca8-c64d-42ab-9ece-bcdbe7932983 | ITER: 2 START
2019-12-10 07:13:41.103 19804 RALLYDEBUG rally.task.runner [-] Starting a worker. times: 10 duration: None concurrency: 1 timeout: 0 cls: method_name: run args: {"subnets_per_network": 2}
2019-12-10 07:13:41.106 19803 INFO rally.task.runner [-] Task a77ceca8-c64d-42ab-9ece-bcdbe7932983 | ITER: 3 START
2019-12-10 07:13:41.109 19804 INFO rally.task.runner [-] Task a77ceca8-c64d-42ab-9ece-bcdbe7932983 | ITER: 4 START
2019-12-10 07:13:41.770 19801 RALLYDEBUG rally_openstack.wrappers.network [-] CIDR generated: 10.2.75.0/24
2019-12-10 07:13:41.793 19804 RALLYDEBUG rally_openstack.wrappers.network [-] CIDR generated: 10.2.76.0/24
2019-12-10 07:13:42.384 19804 RALLYDEBUG rally_openstack.wrappers.network [-] CIDR generated: 10.2.77.0/24
2019-12-10 07:13:42.392 19803 RALLYDEBUG rally_openstack.wrappers.network [-] CIDR generated: 10.2.78.0/24
2019-12-10 07:13:42.399 19802 RALLYDEBUG rally_openstack.wrappers.network [-] CIDR generated: 10.2.79.0/24
2019-12-10 07:13:42.447 19801 RALLYDEBUG rally_openstack.wrappers.network [-] CIDR generated: 10.2.80.0/24
2019-12-10 07:13:43.051 19803 RALLYDEBUG rally_openstack.wrappers.network [-] CIDR generated: 10.2.81.0/24
2019-12-10 07:13:43.271 19802 RALLYDEBUG rally_openstack.wrappers.network [-] CIDR generated: 10.2.82.0/24
2019-12-10 07:13:47.812 19802 INFO rally.task.runner [-] Task a77ceca8-c64d-42ab-9ece-bcdbe7932983 | ITER: 2 END: OK
2019-12-10 07:13:47.817 19802 INFO rally.task.runner [-] Task a77ceca8-c64d-42ab-9ece-bcdbe7932983 | ITER: 5 START
2019-12-10 07:13:48.206 19803 INFO rally.task.runner [-] Task a77ceca8-c64d-42ab-9ece-bcdbe7932983 | ITER: 3 END: OK
2019-12-10 07:13:48.211 19803 INFO rally.task.runner [-] Task a77ceca8-c64d-42ab-9ece-bcdbe7932983 | ITER: 6 START
2019-12-10 07:13:48.491 19802 RALLYDEBUG rally_openstack.wrappers.network [-] CIDR generated: 10.2.83.0/24
2019-12-10 07:13:48.674 19804 INFO rally.task.runner [-] Task a77ceca8-c64d-42ab-9ece-bcdbe7932983 | ITER: 4 END: OK
2019-12-10 07:13:48.678 19804 INFO rally.task.runner [-] Task a77ceca8-c64d-42ab-9ece-bcdbe7932983 | ITER: 7 START
2019-12-10 07:13:48.880 19803 RALLYDEBUG rally_openstack.wrappers.network [-] CIDR generated: 10.2.84.0/24
2019-12-10 07:13:49.157 19804 RALLYDEBUG rally_openstack.wrappers.network [-] CIDR generated: 10.2.85.0/24
2019-12-10 07:13:49.393 19802 RALLYDEBUG rally_openstack.wrappers.network [-] CIDR generated: 10.2.86.0/24
2019-12-10 07:13:49.503 19801 INFO rally.task.runner [-] Task a77ceca8-c64d-42ab-9ece-bcdbe7932983 | ITER: 1 END: OK
2019-12-10 07:13:49.508 19801 INFO rally.task.runner [-] Task a77ceca8-c64d-42ab-9ece-bcdbe7932983 | ITER: 8 START
2019-12-10 07:13:49.519 19803 RALLYDEBUG rally_openstack.wrappers.network [-] CIDR generated: 10.2.87.0/24
2019-12-10 07:13:50.086 19801 RALLYDEBUG rally_openstack.wrappers.network [-] CIDR generated: 10.2.88.0/24
2019-12-10 07:13:50.214 19804 RALLYDEBUG rally_openstack.wrappers.network [-] CIDR generated: 10.2.89.0/24
2019-12-10 07:13:50.703 19801 RALLYDEBUG rally_openstack.wrappers.network [-] CIDR generated: 10.2.90.0/24
2019-12-10 07:13:54.394 19802 INFO rally.task.runner [-] Task a77ceca8-c64d-42ab-9ece-bcdbe7932983 | ITER: 5 END: OK
2019-12-10 07:13:54.399 19802 INFO rally.task.runner [-] Task a77ceca8-c64d-42ab-9ece-bcdbe7932983 | ITER: 9 START
2019-12-10 07:13:54.889 19802 RALLYDEBUG rally_openstack.wrappers.network [-] CIDR generated: 10.2.91.0/24
2019-12-10 07:13:55.126 19803 INFO rally.task.runner [-] Task a77ceca8-c64d-42ab-9ece-bcdbe7932983 | ITER: 6 END: OK
2019-12-10 07:13:55.131 19803 INFO rally.task.runner [-] Task a77ceca8-c64d-42ab-9ece-bcdbe7932983 | ITER: 10 START
2019-12-10 07:13:55.300 19804 INFO rally.task.runner [-] Task a77ceca8-c64d-42ab-9ece-bcdbe7932983 | ITER: 7 END: OK
2019-12-10 07:13:55.558 19802 RALLYDEBUG rally_openstack.wrappers.network [-] CIDR generated: 10.2.92.0/24
2019-12-10 07:13:55.606 19803 RALLYDEBUG rally_openstack.wrappers.network [-] CIDR generated: 10.2.93.0/24
2019-12-10 07:13:56.054 19801 INFO rally.task.runner [-] Task a77ceca8-c64d-42ab-9ece-bcdbe7932983 | ITER: 8 END: OK
2019-12-10 07:13:56.235 19803 RALLYDEBUG rally_openstack.wrappers.network [-] CIDR generated: 10.2.94.0/24
2019-12-10 07:14:00.941 19802 INFO rally.task.runner [-] Task a77ceca8-c64d-42ab-9ece-bcdbe7932983 | ITER: 9 END: OK
2019-12-10 07:14:01.340 19803 INFO rally.task.runner [-] Task a77ceca8-c64d-42ab-9ece-bcdbe7932983 | ITER: 10 END: OK
2019-12-10 07:14:01.374 13785 INFO rally.task.context [-] Task a77ceca8-c64d-42ab-9ece-bcdbe7932983 | Context cleanup@openstack cleanup() started
2019-12-10 07:14:01.378 13785 RALLYDEBUG rally_openstack.cleanup.manager [-] Cleaning up neutron vip objects
2019-12-10 07:14:02.483 13785 RALLYDEBUG rally_openstack.cleanup.manager [-] Cleaning up neutron health_monitor objects
2019-12-10 07:14:03.557 13785 RALLYDEBUG rally_openstack.cleanup.manager [-] Cleaning up neutron pool objects
2019-12-10 07:14:04.632 13785 RALLYDEBUG rally_openstack.cleanup.manager [-] Cleaning up neutron loadbalancer objects
2019-12-10 07:14:05.722 13785 RALLYDEBUG rally_openstack.cleanup.manager [-] Cleaning up neutron floatingip objects
2019-12-10 07:14:06.902 13785 RALLYDEBUG rally_openstack.cleanup.manager [-] Cleaning up neutron trunk objects
2019-12-10 07:14:08.002 13785 RALLYDEBUG rally_openstack.cleanup.manager [-] Cleaning up neutron port objects
2019-12-10 07:14:09.912 13785 RALLYDEBUG rally_openstack.cleanup.manager [-] Deleting neutron.port object s_rally_b862a655_yQ746iuS (19c54bcd-2729-4fb1-9176-e09cf13f6e49)
2019-12-10 07:14:09.926 13785 RALLYDEBUG rally_openstack.cleanup.manager [-] Deleting neutron.port object s_rally_b862a655_jnHd0Phu (77f715b2-6a8f-4fe8-84cd-f8804784b11f)
2019-12-10 07:14:09.935 13785 RALLYDEBUG rally_openstack.cleanup.manager [-] Deleting neutron.port object s_rally_b862a655_lVy8mp6X (244d4fbe-cba5-4543-91a3-5c74c69df15e)
2019-12-10 07:14:09.938 13785 RALLYDEBUG rally_openstack.cleanup.manager [-] Deleting neutron.port object s_rally_b862a655_zhnhY6XY (a9871f79-5538-400b-bfd5-643591842569)
2019-12-10 07:14:09.942 13785 RALLYDEBUG rally_openstack.cleanup.manager [-] Deleting neutron.port object s_rally_b862a655_fBsoHpuQ (c09f12b6-d64b-4cd0-9df7-21e9f25ee165)
2019-12-10 07:14:09.956 13785 RALLYDEBUG rally_openstack.cleanup.manager [-] Deleting neutron.port object s_rally_b862a655_mWtle5Iy (c0ab35ae-8092-48d8-b2df-d9ba6fc8d85d)
2019-12-10 07:14:09.971 13785 RALLYDEBUG rally_openstack.cleanup.manager [-] Deleting neutron.port object s_rally_b862a655_73Zy8ibN (26804789-44b4-4dda-bc28-122c7d2d9be2)
2019-12-10 07:14:09.991 13785 RALLYDEBUG rally_openstack.cleanup.manager [-] Deleting neutron.port object s_rally_b862a655_SNqethyj (1a2a967c-3697-46bc-a093-df51932f3147)
2019-12-10 07:14:09.995 13785 RALLYDEBUG rally_openstack.cleanup.manager [-] Deleting neutron.port object s_rally_b862a655_jBKvL6BX (7f6ea3d7-719c-4375-bce8-f91e932dfe86)
2019-12-10 07:14:09.998 13785 RALLYDEBUG rally_openstack.cleanup.manager [-] Deleting neutron.port object s_rally_b862a655_3uifjvq6 (853a4a04-f7bb-4064-a1eb-4e36f5cc97ed)
2019-12-10 07:14:10.002 13785 RALLYDEBUG rally_openstack.cleanup.manager [-] Deleting neutron.port object s_rally_b862a655_E3iY8guc (9db1776d-4e2d-48e3-8234-c69febf4a058)
2019-12-10 07:14:10.010 13785 RALLYDEBUG rally_openstack.cleanup.manager [-] Deleting neutron.port object s_rally_b862a655_VIl1fELq (9fa96e4b-3272-43af-aee0-7005ccede713)
2019-12-10 07:14:10.013 13785 RALLYDEBUG rally_openstack.cleanup.manager [-] Deleting neutron.port object s_rally_b862a655_x6kARuoS (b17b4116-2da1-421e-8573-f17ecb68c00b)
2019-12-10 07:14:10.017 13785 RALLYDEBUG rally_openstack.cleanup.manager [-] Deleting neutron.port object s_rally_b862a655_28G1grYR (b2d0bbad-2d72-4226-89c8-4d0fd10e297b)
2019-12-10 07:14:10.045 13785 RALLYDEBUG rally_openstack.cleanup.manager [-] Deleting neutron.port object s_rally_b862a655_hBUjkZ28 (dc047325-e595-4306-9154-615a936a1a2f)
2019-12-10 07:14:10.056 13785 RALLYDEBUG rally_openstack.cleanup.manager [-] Deleting neutron.port object s_rally_b862a655_8HJZNKpd (fc363556-72f4-4edf-88a8-5226f3a253f4)
2019-12-10 07:14:10.068 13785 RALLYDEBUG rally_openstack.cleanup.manager [-] Deleting neutron.port object s_rally_b862a655_SNThs3ta (3189056f-0246-49e8-b51f-164c6b5ba357)
2019-12-10 07:14:10.072 13785 RALLYDEBUG rally_openstack.cleanup.manager [-] Deleting neutron.port object s_rally_b862a655_NdtUr0rF (3b712f68-20d9-4cb6-b48e-48c1804085ff)
2019-12-10 07:14:10.083 13785 RALLYDEBUG rally_openstack.cleanup.manager [-] Deleting neutron.port object s_rally_b862a655_c03tEuFI (ca8da89c-d0c6-4405-a038-d3789daafb5a)
2019-12-10 07:14:10.099 13785 RALLYDEBUG rally_openstack.cleanup.manager [-] Deleting neutron.port object s_rally_b862a655_EhxPv2U0 (d5dafb67-00bc-4b66-9bc0-f625a077555e)
2019-12-10 07:14:16.667 13785 RALLYDEBUG rally_openstack.cleanup.manager [-] Cleaning up neutron subnet objects
2019-12-10 07:14:17.989 13785 RALLYDEBUG rally_openstack.cleanup.manager [-] Deleting neutron.subnet object s_rally_b862a655_eMBAqpEr (09d32151-2fca-4fa8-9198-220ce8cb4bd8)
2019-12-10 07:14:17.998 13785 RALLYDEBUG rally_openstack.cleanup.manager [-] Deleting neutron.subnet object s_rally_b862a655_IPhXd4bo (157ea6c4-5881-434a-bdbe-98e04122afc3)
2019-12-10 07:14:18.007 13785 RALLYDEBUG rally_openstack.cleanup.manager [-] Deleting neutron.subnet object s_rally_b862a655_BIyWwFMD (2f60b179-bb30-44d6-a102-b1829a97122c)
2019-12-10 07:14:18.017 13785 RALLYDEBUG rally_openstack.cleanup.manager [-] Deleting neutron.subnet object s_rally_b862a655_Tecmgqkw (5a860287-40f5-44b9-badc-310ddb1b452a)
2019-12-10 07:14:18.025 13785 RALLYDEBUG rally_openstack.cleanup.manager [-] Deleting neutron.subnet object s_rally_b862a655_w8swyxcD (cd984644-5e7f-418a-9cc3-c4cc500aac5b)
2019-12-10 07:14:18.047 13785 RALLYDEBUG rally_openstack.cleanup.manager [-] Deleting neutron.subnet object s_rally_b862a655_9eE31wGO (cdc59e26-9398-4877-9772-1308a3087660)
2019-12-10 07:14:18.056 13785 RALLYDEBUG rally_openstack.cleanup.manager [-] Deleting neutron.subnet object s_rally_b862a655_IIPq6vGV (14804d20-34c2-4d6a-afe1-b9b01b824fb9)
2019-12-10 07:14:18.059 13785 RALLYDEBUG rally_openstack.cleanup.manager [-] Deleting neutron.subnet object s_rally_b862a655_TF0l62v2 (170bb209-1bfb-4ba4-beb1-da79eda8ed61)
2019-12-10 07:14:18.068 13785 RALLYDEBUG rally_openstack.cleanup.manager [-] Deleting neutron.subnet object s_rally_b862a655_vHHLMZfR (6ee2c509-51e2-45bd-9baa-cc859f49eec8)
2019-12-10 07:14:18.077 13785 RALLYDEBUG rally_openstack.cleanup.manager [-] Deleting neutron.subnet object s_rally_b862a655_LsnXRtFb (8575284d-162a-4de4-b958-1f02f54e6112)
2019-12-10 07:14:18.085 13785 RALLYDEBUG rally_openstack.cleanup.manager [-] Deleting neutron.subnet object s_rally_b862a655_8zAhPNDG (ba4e75c7-bb73-4e13-8967-09e2feed88b4)
2019-12-10 07:14:18.090 13785 RALLYDEBUG rally_openstack.cleanup.manager [-] Deleting neutron.subnet object s_rally_b862a655_09V1hBIm (c3b6352d-9c57-43dd-bdb1-71c2f9df3114)
2019-12-10 07:14:18.123 13785 RALLYDEBUG rally_openstack.cleanup.manager [-] Deleting neutron.subnet object s_rally_b862a655_4qT56Tmb (c54ef02a-0d5a-416f-ae6e-17a8a0397896)
2019-12-10 07:14:18.128 13785 RALLYDEBUG rally_openstack.cleanup.manager [-] Deleting neutron.subnet object s_rally_b862a655_TBxKupaa (c996472d-f20c-4202-a09b-98f3dec4887f)
2019-12-10 07:14:18.139 13785 RALLYDEBUG rally_openstack.cleanup.manager [-] Deleting neutron.subnet object s_rally_b862a655_YAfraerO (e9efcf15-18cd-421b-8d46-a792ba7471a3)
2019-12-10 07:14:18.154 13785 RALLYDEBUG rally_openstack.cleanup.manager [-] Deleting neutron.subnet object s_rally_b862a655_lY6u2QF8 (ffdbddfd-ec3b-4dc3-a819-4a499b81f17f)
2019-12-10 07:14:18.163 13785 RALLYDEBUG rally_openstack.cleanup.manager [-] Deleting neutron.subnet object s_rally_b862a655_eYlnT0vI (3bf70b05-340f-4246-93b2-a130457483cf)
2019-12-10 07:14:18.178 13785 RALLYDEBUG rally_openstack.cleanup.manager [-] Deleting neutron.subnet object s_rally_b862a655_fyWnPtje (5f31ed5f-46bb-42b1-94bf-a7ee28270a01)
2019-12-10 07:14:18.187 13785 RALLYDEBUG rally_openstack.cleanup.manager [-] Deleting neutron.subnet object s_rally_b862a655_jUvwn2Rb (af97faec-94e7-4b0a-b6ca-90a89b69fe55)
2019-12-10 07:14:18.189 13785 RALLYDEBUG rally_openstack.cleanup.manager [-] Deleting neutron.subnet object s_rally_b862a655_AvVGIWDJ (fc8d04d5-3807-4913-990e-9a960104627a)
2019-12-10 07:14:24.055 13785 RALLYDEBUG rally_openstack.cleanup.manager [-] Cleaning up neutron network objects
2019-12-10 07:14:25.376 13785 RALLYDEBUG rally_openstack.cleanup.manager [-] Deleting neutron.network object s_rally_b862a655_mn3WXVXh (07e3c4d7-26c0-409c-9c14-930dff7ef158)
2019-12-10 07:14:25.386 13785 RALLYDEBUG rally_openstack.cleanup.manager [-] Deleting neutron.network object s_rally_b862a655_r4V9WYxA (2e1d3721-2bba-43b3-8654-e5a9b741c2d3)
2019-12-10 07:14:25.395 13785 RALLYDEBUG rally_openstack.cleanup.manager [-] Deleting neutron.network object s_rally_b862a655_czEfyD83 (61287751-ea86-4879-a4d3-22369f63775a)
2019-12-10 07:14:25.405 13785 RALLYDEBUG rally_openstack.cleanup.manager [-] Deleting neutron.network object s_rally_b862a655_L3U9REWs (7925c354-9b93-4226-adb4-154f1be0475c)
2019-12-10 07:14:25.414 13785 RALLYDEBUG rally_openstack.cleanup.manager [-] Deleting neutron.network object s_rally_b862a655_ugtqvpYB (841c3ab8-cbc3-4b62-af09-d2db4caf348c)
2019-12-10 07:14:25.430 13785 RALLYDEBUG rally_openstack.cleanup.manager [-] Deleting neutron.network object s_rally_b862a655_7TcLWA03 (a8a32075-9636-4b24-bf82-6850820585ae)
2019-12-10 07:14:25.439 13785 RALLYDEBUG rally_openstack.cleanup.manager [-] Deleting neutron.network object s_rally_b862a655_PkFs7xfz (d2238dad-9a05-45d4-875c-ee74dd4d2afe)
2019-12-10 07:14:25.442 13785 RALLYDEBUG rally_openstack.cleanup.manager [-] Deleting neutron.network object s_rally_b862a655_NJuE4kOr (f6649d9b-227f-455e-acbc-e774520eb7fb)
2019-12-10 07:14:25.461 13785 RALLYDEBUG rally_openstack.cleanup.manager [-] Deleting neutron.network object s_rally_b862a655_rdaDrBN6 (541abb9f-8f68-4049-b629-797b16e6c03d)
2019-12-10 07:14:25.470 13785 RALLYDEBUG rally_openstack.cleanup.manager [-] Deleting neutron.network object s_rally_b862a655_lz38BTLU (61eb64c3-9952-4b21-8a43-2c37b036ed92)
2019-12-10 07:14:28.031 13785 RALLYDEBUG rally_openstack.cleanup.manager [-] Cleaning up neutron router objects
2019-12-10 07:14:29.453 13785 RALLYDEBUG rally_openstack.cleanup.manager [-] Deleting neutron.router object s_rally_b862a655_lVy8mp6X (0419a6d9-9dba-4d68-8fe3-1a475bf4e222)
2019-12-10 07:14:29.462 13785 RALLYDEBUG rally_openstack.cleanup.manager [-] Deleting neutron.router object s_rally_b862a655_fBsoHpuQ (4712fbe2-6dd7-48f5-bc50-34b39dcab817)
2019-12-10 07:14:29.466 13785 RALLYDEBUG rally_openstack.cleanup.manager [-] Deleting neutron.router object s_rally_b862a655_yQ746iuS (9316bdcd-a2a2-4fa1-a23b-fcb0c931f45a)
2019-12-10 07:14:29.479 13785 RALLYDEBUG rally_openstack.cleanup.manager [-] Deleting neutron.router object s_rally_b862a655_jnHd0Phu (995a2755-b294-421f-8c41-10a3183940e5)
2019-12-10 07:14:29.489 13785 RALLYDEBUG rally_openstack.cleanup.manager [-] Deleting neutron.router object s_rally_b862a655_zhnhY6XY (9ab55efc-0628-4cff-92bc-9cf600c576b7)
2019-12-10 07:14:29.497 13785 RALLYDEBUG rally_openstack.cleanup.manager [-] Deleting neutron.router object s_rally_b862a655_mWtle5Iy (e9be7f14-64f7-499e-998e-7a458c167586)
2019-12-10 07:14:29.507 13785 RALLYDEBUG rally_openstack.cleanup.manager [-] Deleting neutron.router object s_rally_b862a655_jBKvL6BX (0a24f437-2c52-4127-bbc3-b8689ee19bca)
2019-12-10 07:14:29.523 13785 RALLYDEBUG rally_openstack.cleanup.manager [-] Deleting neutron.router object s_rally_b862a655_E3iY8guc (13dfe4be-59b0-437a-ae7c-88c9ef2f7e25)
2019-12-10 07:14:29.535 13785 RALLYDEBUG rally_openstack.cleanup.manager [-] Deleting neutron.router object s_rally_b862a655_SNqethyj (2963e55d-bbae-4943-bdfe-eb4948037788)
2019-12-10 07:14:29.539 13785 RALLYDEBUG rally_openstack.cleanup.manager [-] Deleting neutron.router object s_rally_b862a655_28G1grYR (49cea68a-46da-49ce-9d4c-ba368472b136)
2019-12-10 07:14:29.555 13785 RALLYDEBUG rally_openstack.cleanup.manager [-] Deleting neutron.router object s_rally_b862a655_73Zy8ibN (4fbbc29a-51e0-4a0c-bee1-543ef541d7d8)
2019-12-10 07:14:29.576 13785 RALLYDEBUG rally_openstack.cleanup.manager [-] Deleting neutron.router object s_rally_b862a655_x6kARuoS (5cc4724e-a73c-487b-b472-25de2b35837e)
2019-12-10 07:14:29.595 13785 RALLYDEBUG rally_openstack.cleanup.manager [-] Deleting neutron.router object s_rally_b862a655_hBUjkZ28 (7e6e3072-cd95-40a0-8f03-87ebe4cf1ee8)
2019-12-10 07:14:29.610 13785 RALLYDEBUG rally_openstack.cleanup.manager [-] Deleting neutron.router object s_rally_b862a655_3uifjvq6 (9cf89f11-6eae-4cb3-ba56-5c06d49a5247)
2019-12-10 07:14:29.612 13785 RALLYDEBUG rally_openstack.cleanup.manager [-] Deleting neutron.router object s_rally_b862a655_8HJZNKpd (cca2798f-ac18-4946-b93b-94f134618ec0)
2019-12-10 07:14:29.618 13785 RALLYDEBUG rally_openstack.cleanup.manager [-] Deleting neutron.router object s_rally_b862a655_VIl1fELq (d25561ee-6679-4862-98a1-5d68fae80bde)
2019-12-10 07:14:29.630 13785 RALLYDEBUG rally_openstack.cleanup.manager [-] Deleting neutron.router object s_rally_b862a655_EhxPv2U0 (198b5c0e-f945-48a7-b3b2-c9c8a16012dd)
2019-12-10 07:14:29.648 13785 RALLYDEBUG rally_openstack.cleanup.manager [-] Deleting neutron.router object s_rally_b862a655_NdtUr0rF (439055d3-e082-44f1-83a9-9ebdc7ff3241)
2019-12-10 07:14:29.659 13785 RALLYDEBUG rally_openstack.cleanup.manager [-] Deleting neutron.router object s_rally_b862a655_c03tEuFI (7347c84b-292c-4eae-8eef-6b6eebdb816a)
2019-12-10 07:14:29.662 13785 RALLYDEBUG rally_openstack.cleanup.manager [-] Deleting neutron.router object s_rally_b862a655_SNThs3ta (bb0ae4bf-0fb1-4de7-b234-94919caadae5)
2019-12-10 07:14:32.314 13785 RALLYDEBUG rally_openstack.cleanup.manager [-] Cleaning up neutron security_group objects
2019-12-10 07:14:33.614 13785 INFO rally.task.context [-] Task a77ceca8-c64d-42ab-9ece-bcdbe7932983 | Context cleanup@openstack cleanup() finished in 32.24 sec
2019-12-10 07:14:33.615 13785 INFO rally.task.context [-] Task a77ceca8-c64d-42ab-9ece-bcdbe7932983 | Context quotas@openstack cleanup() started
2019-12-10 07:14:33.890 13785 INFO rally.task.context [-] Task a77ceca8-c64d-42ab-9ece-bcdbe7932983 | Context quotas@openstack cleanup() finished in 0.28 sec
2019-12-10 07:14:33.891 13785 INFO rally.task.context [-] Task a77ceca8-c64d-42ab-9ece-bcdbe7932983 | Context users@openstack cleanup() started
2019-12-10 07:14:38.362 13785 INFO rally.task.context [-] Task a77ceca8-c64d-42ab-9ece-bcdbe7932983 | Context users@openstack cleanup() finished in 4.47 sec
2019-12-10 07:14:39.886 13785 INFO rally.task.engine [-] Load duration is: 20.23893
2019-12-10 07:14:39.887 13785 INFO rally.task.engine [-] Full runner duration is: 20.293706
2019-12-10 07:14:39.887 13785 INFO rally.task.engine [-] Full duration is: 60.792996
2019-12-10 07:14:40.241 13785 INFO rally.task.engine [-] Running workload: position = 0 config = { "version": 2, "title": "A cropped version of a bigger task.", "description": "Auto-generated task from a single workload (uuid=3a5b80be-22e7-4640-84ad-98c95a4e7225)", "subtasks": [ { "title": "NeutronNetworks.create_and_show_subnets", "description": "Create and show a subnet details.", "scenario": { "NeutronNetworks.create_and_show_subnets": { "subnets_per_network": 2 } }, "contexts": { "users": { "tenants": 3, "users_per_tenant": 2 }, "network": { "router": {} }, "quotas": { "neutron": { "network": -1, "subnet": -1 } } }, "runner": { "constant": { "concurrency": 4, "times": 10 } }, "hooks": [], "sla": { "failure_rate": { "max": 0 } } } ] }
2019-12-10 07:14:40.267 13785 RALLYDEBUG rally_openstack.contexts.keystone.users [-] Creating 3 tenants using 20 threads
2019-12-10 07:14:41.298 13785 RALLYDEBUG rally_openstack.contexts.keystone.users [-] Creating 6 users using 20 threads
2019-12-10 07:14:42.825 13785 INFO rally.task.context [-] Task a77ceca8-c64d-42ab-9ece-bcdbe7932983 | Context users@openstack setup() finished in 2.56 sec
2019-12-10 07:14:43.758 13785 INFO rally.task.context [-] Task a77ceca8-c64d-42ab-9ece-bcdbe7932983 | Context quotas@openstack setup() finished in 0.93 sec
2019-12-10 07:14:44.393 13785 RALLYDEBUG rally_openstack.wrappers.network [-] CIDR generated: 10.2.95.0/24
2019-12-10 07:14:45.354 13785 RALLYDEBUG rally_openstack.wrappers.network [-] CIDR generated: 10.2.96.0/24
2019-12-10 07:14:46.198 13785 RALLYDEBUG rally_openstack.wrappers.network [-] CIDR generated: 10.2.97.0/24
2019-12-10 07:14:46.660 13785 INFO rally.task.context [-] Task a77ceca8-c64d-42ab-9ece-bcdbe7932983 | Context network@openstack setup() finished in 2.90 sec
2019-12-10 07:14:46.660 13785 INFO rally.task.context [-] Task a77ceca8-c64d-42ab-9ece-bcdbe7932983 | Context cleanup@openstack setup() finished in 0.01 msec
2019-12-10 07:14:46.670 13785 RALLYDEBUG rally.task.runner [-] Starting the constant runner (task UUID: a77ceca8-c64d-42ab-9ece-bcdbe7932983). times: 10 concurrency: 4 timeout: 0 max_cpu_used: 16 processes_to_start: 4 concurrency_per_worker: 1 concurrency_overhead: 0
2019-12-10 07:14:46.681 20125 RALLYDEBUG rally.task.runner [-] Starting a worker. times: 10 duration: None concurrency: 1 timeout: 0 cls: method_name: run args: {"subnets_per_network": 2}
2019-12-10 07:14:46.684 20126 RALLYDEBUG rally.task.runner [-] Starting a worker. times: 10 duration: None concurrency: 1 timeout: 0 cls: method_name: run args: {"subnets_per_network": 2}
2019-12-10 07:14:46.689 20125 INFO rally.task.runner [-] Task a77ceca8-c64d-42ab-9ece-bcdbe7932983 | ITER: 1 START
2019-12-10 07:14:46.688 20127 RALLYDEBUG rally.task.runner [-] Starting a worker. times: 10 duration: None concurrency: 1 timeout: 0 cls: method_name: run args: {"subnets_per_network": 2}
2019-12-10 07:14:46.691 20125 RALLYDEBUG rally_openstack.wrappers.network [-] CIDR generated: 10.2.98.0/24
2019-12-10 07:14:46.691 20126 INFO rally.task.runner [-] Task a77ceca8-c64d-42ab-9ece-bcdbe7932983 | ITER: 2 START
2019-12-10 07:14:46.691 20128 RALLYDEBUG rally.task.runner [-] Starting a worker. times: 10 duration: None concurrency: 1 timeout: 0 cls: method_name: run args: {"subnets_per_network": 2}
2019-12-10 07:14:46.694 20126 RALLYDEBUG rally_openstack.wrappers.network [-] CIDR generated: 10.2.99.0/24
2019-12-10 07:14:46.695 20127 INFO rally.task.runner [-] Task a77ceca8-c64d-42ab-9ece-bcdbe7932983 | ITER: 3 START
2019-12-10 07:14:46.698 20128 INFO rally.task.runner [-] Task a77ceca8-c64d-42ab-9ece-bcdbe7932983 | ITER: 4 START
2019-12-10 07:14:46.698 20127 RALLYDEBUG rally_openstack.wrappers.network [-] CIDR generated: 10.2.100.0/24
2019-12-10 07:14:46.700 20128 RALLYDEBUG rally_openstack.wrappers.network [-] CIDR generated: 10.2.101.0/24
2019-12-10 07:14:47.690 20126 RALLYDEBUG rally_openstack.wrappers.network [-] CIDR generated: 10.2.102.0/24
2019-12-10 07:14:47.716 20127 RALLYDEBUG rally_openstack.wrappers.network [-] CIDR generated: 10.2.103.0/24
2019-12-10 07:14:47.785 20128 RALLYDEBUG rally_openstack.wrappers.network [-] CIDR generated: 10.2.104.0/24
2019-12-10 07:14:47.940 20125 RALLYDEBUG rally_openstack.wrappers.network [-] CIDR generated: 10.2.105.0/24
2019-12-10 07:14:48.514 20128 INFO rally.task.runner [-] Task a77ceca8-c64d-42ab-9ece-bcdbe7932983 | ITER: 4 END: OK
2019-12-10 07:14:48.519 20128 INFO rally.task.runner [-] Task a77ceca8-c64d-42ab-9ece-bcdbe7932983 | ITER: 5 START
2019-12-10 07:14:48.520 20128 RALLYDEBUG rally_openstack.wrappers.network [-] CIDR generated: 10.2.106.0/24
