2019-12-10 07:00:52.946 11675 INFO rally.task.context [-] Task 2fdad28d-2d99-452f-9101-2a8c6466b24d | Context users@openstack cleanup() started
2019-12-10 07:00:55.992 11675 INFO rally.task.context [-] Task 2fdad28d-2d99-452f-9101-2a8c6466b24d | Context users@openstack cleanup() finished in 3.05 sec
2019-12-10 07:00:56.821 11675 INFO rally.task.engine [-] Load duration is: 3.142395
2019-12-10 07:00:56.821 11675 INFO rally.task.engine [-] Full runner duration is: 4.505038
2019-12-10 07:00:56.822 11675 INFO rally.task.engine [-] Full duration is: 15.266118
2019-12-10 07:00:57.208 11675 INFO rally.task.engine [-] Running workload: position = 0 config = { "version": 2, "title": "A cropped version of a bigger task.", "description": "Auto-generated task from a single workload (uuid=d7fb74bc-27ef-4815-8d31-b02c7eb6b3e0)", "subtasks": [ { "title": "KeystoneBasic.create_and_list_users", "description": "Create a keystone user with random name and list all users.", "scenario": { "KeystoneBasic.create_and_list_users": {} }, "contexts": {}, "runner": { "constant": { "concurrency": 4, "times": 10 } }, "hooks": [], "sla": { "failure_rate": { "max": 0 } } } ] }
2019-12-10 07:00:57.233 11675 RALLYDEBUG rally_openstack.contexts.keystone.users [-] Creating 1 tenants using 20 threads
2019-12-10 07:00:58.150 11675 RALLYDEBUG rally_openstack.contexts.keystone.users [-] Creating 1 users using 20 threads
2019-12-10 07:00:59.528 11675 INFO rally.task.context [-] Task 2fdad28d-2d99-452f-9101-2a8c6466b24d | Context users@openstack setup() finished in 2.30 sec
2019-12-10 07:00:59.529 11675 INFO rally.task.context [-] Task 2fdad28d-2d99-452f-9101-2a8c6466b24d | Context admin_cleanup@openstack setup() finished in 0.01 msec
2019-12-10 07:00:59.538 11675 RALLYDEBUG rally.task.runner [-] Starting the constant runner (task UUID: 2fdad28d-2d99-452f-9101-2a8c6466b24d). times: 10 concurrency: 4 timeout: 0 max_cpu_used: 16 processes_to_start: 4 concurrency_per_worker: 1 concurrency_overhead: 0
2019-12-10 07:00:59.550 13455 RALLYDEBUG rally.task.runner [-] Starting a worker. times: 10 duration: None concurrency: 1 timeout: 0 cls: method_name: run args: {}
2019-12-10 07:00:59.553 13456 RALLYDEBUG rally.task.runner [-] Starting a worker. times: 10 duration: None concurrency: 1 timeout: 0 cls: method_name: run args: {}
2019-12-10 07:00:59.556 13455 INFO rally.task.runner [-] Task 2fdad28d-2d99-452f-9101-2a8c6466b24d | ITER: 1 START
2019-12-10 07:00:59.557 13457 RALLYDEBUG rally.task.runner [-] Starting a worker. times: 10 duration: None concurrency: 1 timeout: 0 cls: method_name: run args: {}
2019-12-10 07:00:59.559 13456 INFO rally.task.runner [-] Task 2fdad28d-2d99-452f-9101-2a8c6466b24d | ITER: 2 START
2019-12-10 07:00:59.560 13460 RALLYDEBUG rally.task.runner [-] Starting a worker. times: 10 duration: None concurrency: 1 timeout: 0 cls: method_name: run args: {}
2019-12-10 07:00:59.562 13457 INFO rally.task.runner [-] Task 2fdad28d-2d99-452f-9101-2a8c6466b24d | ITER: 3 START
2019-12-10 07:00:59.565 13460 INFO rally.task.runner [-] Task 2fdad28d-2d99-452f-9101-2a8c6466b24d | ITER: 4 START
2019-12-10 07:01:01.122 13455 INFO rally.task.runner [-] Task 2fdad28d-2d99-452f-9101-2a8c6466b24d | ITER: 1 END: OK
2019-12-10 07:01:01.123 13457 INFO rally.task.runner [-] Task 2fdad28d-2d99-452f-9101-2a8c6466b24d | ITER: 3 END: OK
2019-12-10 07:01:01.125 13455 INFO rally.task.runner [-] Task 2fdad28d-2d99-452f-9101-2a8c6466b24d | ITER: 5 START
2019-12-10 07:01:01.127 13457 INFO rally.task.runner [-] Task 2fdad28d-2d99-452f-9101-2a8c6466b24d | ITER: 6 START
2019-12-10 07:01:01.128 13460 INFO rally.task.runner [-] Task 2fdad28d-2d99-452f-9101-2a8c6466b24d | ITER: 4 END: OK
2019-12-10 07:01:01.131 13456 INFO rally.task.runner [-] Task 2fdad28d-2d99-452f-9101-2a8c6466b24d | ITER: 2 END: OK
2019-12-10 07:01:01.131 13460 INFO rally.task.runner [-] Task 2fdad28d-2d99-452f-9101-2a8c6466b24d | ITER: 7 START
2019-12-10 07:01:01.134 13456 INFO rally.task.runner [-] Task 2fdad28d-2d99-452f-9101-2a8c6466b24d | ITER: 8 START
2019-12-10 07:01:02.593 13457 INFO rally.task.runner [-] Task 2fdad28d-2d99-452f-9101-2a8c6466b24d | ITER: 6 END: OK
2019-12-10 07:01:02.593 13460 INFO rally.task.runner [-] Task 2fdad28d-2d99-452f-9101-2a8c6466b24d | ITER: 7 END: OK
2019-12-10 07:01:02.594 13455 INFO rally.task.runner [-] Task 2fdad28d-2d99-452f-9101-2a8c6466b24d | ITER: 5 END: OK
2019-12-10 07:01:02.594 13456 INFO rally.task.runner [-] Task 2fdad28d-2d99-452f-9101-2a8c6466b24d | ITER: 8 END: OK
2019-12-10 07:01:02.596 13457 INFO rally.task.runner [-] Task 2fdad28d-2d99-452f-9101-2a8c6466b24d | ITER: 9 START
2019-12-10 07:01:02.596 13460 INFO rally.task.runner [-] Task 2fdad28d-2d99-452f-9101-2a8c6466b24d | ITER: 10 START
2019-12-10 07:01:04.100 13457 INFO rally.task.runner [-] Task 2fdad28d-2d99-452f-9101-2a8c6466b24d | ITER: 9 END: OK
2019-12-10 07:01:04.114 13460 INFO rally.task.runner [-] Task 2fdad28d-2d99-452f-9101-2a8c6466b24d | ITER: 10 END: OK
2019-12-10 07:01:04.138 11675 INFO rally.task.context [-] Task 2fdad28d-2d99-452f-9101-2a8c6466b24d | Context admin_cleanup@openstack cleanup() started
2019-12-10 07:01:04.141 11675 RALLYDEBUG rally_openstack.cleanup.manager [-] Cleaning up keystone user objects
2019-12-10 07:01:04.877 11675 RALLYDEBUG rally_openstack.cleanup.manager [-] Deleting keystone.user object s_rally_d7fb74bc_QB6pFMr2 (027c0d8056564932bba7d126c0168fd4)
2019-12-10 07:01:04.897 11675 RALLYDEBUG rally_openstack.cleanup.manager [-] Deleting keystone.user object s_rally_d7fb74bc_ehmv6FWJ (3723e466732d446ab2cca6481fff5f04)
2019-12-10 07:01:04.905 11675 RALLYDEBUG rally_openstack.cleanup.manager [-] Deleting keystone.user object s_rally_d7fb74bc_SsvzGsXY (41ce1801effe425bbf1911e0feeb2423)
2019-12-10 07:01:04.907 11675 RALLYDEBUG rally_openstack.cleanup.manager [-] Deleting keystone.user object s_rally_d7fb74bc_NuIgV14K (2ac49e09c8ee4237a3877b87b79daa06)
2019-12-10 07:01:04.926 11675 RALLYDEBUG rally_openstack.cleanup.manager [-] Deleting keystone.user object s_rally_d7fb74bc_E5s5KdOH (5f67251dbcab4a2c9a8f00f9309dd2d6)
2019-12-10 07:01:04.932 11675 RALLYDEBUG rally_openstack.cleanup.manager [-] Deleting keystone.user object s_rally_d7fb74bc_VHm0y9EQ (5e77e2deabac43c995b2825565a0a0e0)
2019-12-10 07:01:04.942 11675 RALLYDEBUG rally_openstack.cleanup.manager [-] Deleting keystone.user object s_rally_d7fb74bc_wmlaZAxO (647eb75aae43482b8caa1cb4eba91164)
2019-12-10 07:01:04.978 11675 RALLYDEBUG rally_openstack.cleanup.manager [-] Deleting keystone.user object s_rally_d7fb74bc_T1v6pswT (caf16987f75c4688a3b7f9a5c2f5cd9a)
2019-12-10 07:01:05.012 11675 RALLYDEBUG rally_openstack.cleanup.manager [-] Deleting keystone.user object s_rally_d7fb74bc_0NESRzix (fb791c9c51f54c9cb4fb8541f1f1e3ac)
2019-12-10 07:01:05.020 11675 RALLYDEBUG rally_openstack.cleanup.manager [-] Deleting keystone.user object s_rally_d7fb74bc_lv8nPZjA (f6bd6972ef43487a9a71626f506567bb)
2019-12-10 07:01:07.470 11675 RALLYDEBUG rally_openstack.cleanup.manager [-] Cleaning up keystone project objects
2019-12-10 07:01:08.310 11675 RALLYDEBUG rally_openstack.cleanup.manager [-] Cleaning up keystone service objects
2019-12-10 07:01:09.160 11675 RALLYDEBUG rally_openstack.cleanup.manager [-] Cleaning up keystone role objects
2019-12-10 07:01:09.969 11675 INFO rally.task.context [-] Task 2fdad28d-2d99-452f-9101-2a8c6466b24d | Context admin_cleanup@openstack cleanup() finished in 5.83 sec
2019-12-10 07:01:09.970 11675 INFO rally.task.context [-] Task 2fdad28d-2d99-452f-9101-2a8c6466b24d | Context users@openstack cleanup() started
2019-12-10 07:01:12.990 11675 INFO rally.task.context [-] Task 2fdad28d-2d99-452f-9101-2a8c6466b24d | Context users@openstack cleanup() finished in 3.02 sec
2019-12-10 07:01:13.331 11675 INFO rally.task.engine [-] Load duration is: 3.244109
2019-12-10 07:01:13.331 11675 INFO rally.task.engine [-] Full runner duration is: 4.60039
2019-12-10 07:01:13.332 11675 INFO rally.task.engine [-] Full duration is: 15.759489
2019-12-10 07:01:13.657 11675 INFO rally.task.engine [-] Running workload: position = 0 config = { "version": 2, "title": "A cropped version of a bigger task.", "description": "Auto-generated task from a single workload (uuid=2cc9b26b-3551-4be8-8b4b-5ea936108f32)", "subtasks": [ { "title": "KeystoneBasic.create_tenant_with_users", "description": "Create a keystone tenant and several users belonging to it.", "scenario": { "KeystoneBasic.create_tenant_with_users": { "users_per_tenant": 10 } }, "contexts": {}, "runner": { "constant": { "concurrency": 4, "times": 10 } }, "hooks": [], "sla": { "failure_rate": { "max": 0 } } } ] }
2019-12-10 07:01:13.681 11675 RALLYDEBUG rally_openstack.contexts.keystone.users [-] Creating 1 tenants using 20 threads
2019-12-10 07:01:14.616 11675 RALLYDEBUG rally_openstack.contexts.keystone.users [-] Creating 1 users using 20 threads
2019-12-10 07:01:16.106 11675 INFO rally.task.context [-] Task 2fdad28d-2d99-452f-9101-2a8c6466b24d | Context users@openstack setup() finished in 2.42 sec
2019-12-10 07:01:16.107 11675 INFO rally.task.context [-] Task 2fdad28d-2d99-452f-9101-2a8c6466b24d | Context admin_cleanup@openstack setup() finished in 0.01 msec
2019-12-10 07:01:16.117 11675 RALLYDEBUG rally.task.runner [-] Starting the constant runner (task UUID: 2fdad28d-2d99-452f-9101-2a8c6466b24d). times: 10 concurrency: 4 timeout: 0 max_cpu_used: 16 processes_to_start: 4 concurrency_per_worker: 1 concurrency_overhead: 0
2019-12-10 07:01:16.128 13639 RALLYDEBUG rally.task.runner [-] Starting a worker. times: 10 duration: None concurrency: 1 timeout: 0 cls: method_name: run args: {"users_per_tenant": 10}
2019-12-10 07:01:16.132 13640 RALLYDEBUG rally.task.runner [-] Starting a worker. times: 10 duration: None concurrency: 1 timeout: 0 cls: method_name: run args: {"users_per_tenant": 10}
2019-12-10 07:01:16.134 13639 INFO rally.task.runner [-] Task 2fdad28d-2d99-452f-9101-2a8c6466b24d | ITER: 1 START
2019-12-10 07:01:16.135 13641 RALLYDEBUG rally.task.runner [-] Starting a worker. times: 10 duration: None concurrency: 1 timeout: 0 cls: method_name: run args: {"users_per_tenant": 10}
2019-12-10 07:01:16.138 13640 INFO rally.task.runner [-] Task 2fdad28d-2d99-452f-9101-2a8c6466b24d | ITER: 2 START
2019-12-10 07:01:16.139 13644 RALLYDEBUG rally.task.runner [-] Starting a worker. times: 10 duration: None concurrency: 1 timeout: 0 cls: method_name: run args: {"users_per_tenant": 10}
2019-12-10 07:01:16.141 13641 INFO rally.task.runner [-] Task 2fdad28d-2d99-452f-9101-2a8c6466b24d | ITER: 3 START
2019-12-10 07:01:16.144 13644 INFO rally.task.runner [-] Task 2fdad28d-2d99-452f-9101-2a8c6466b24d | ITER: 4 START
2019-12-10 07:01:21.340 13641 INFO rally.task.runner [-] Task 2fdad28d-2d99-452f-9101-2a8c6466b24d | ITER: 3 END: OK
2019-12-10 07:01:21.343 13641 INFO rally.task.runner [-] Task 2fdad28d-2d99-452f-9101-2a8c6466b24d | ITER: 5 START
2019-12-10 07:01:21.448 13644 INFO rally.task.runner [-] Task 2fdad28d-2d99-452f-9101-2a8c6466b24d | ITER: 4 END: OK
2019-12-10 07:01:21.451 13644 INFO rally.task.runner [-] Task 2fdad28d-2d99-452f-9101-2a8c6466b24d | ITER: 6 START
2019-12-10 07:01:21.508 13639 INFO rally.task.runner [-] Task 2fdad28d-2d99-452f-9101-2a8c6466b24d | ITER: 1 END: OK
2019-12-10 07:01:21.512 13639 INFO rally.task.runner [-] Task 2fdad28d-2d99-452f-9101-2a8c6466b24d | ITER: 7 START
2019-12-10 07:01:21.554 13640 INFO rally.task.runner [-] Task 2fdad28d-2d99-452f-9101-2a8c6466b24d | ITER: 2 END: OK
2019-12-10 07:01:21.557 13640 INFO rally.task.runner [-] Task 2fdad28d-2d99-452f-9101-2a8c6466b24d | ITER: 8 START
2019-12-10 07:01:26.761 13641 INFO rally.task.runner [-] Task 2fdad28d-2d99-452f-9101-2a8c6466b24d | ITER: 5 END: OK
2019-12-10 07:01:26.764 13639 INFO rally.task.runner [-] Task 2fdad28d-2d99-452f-9101-2a8c6466b24d | ITER: 7 END: OK
2019-12-10 07:01:26.764 13641 INFO rally.task.runner [-] Task 2fdad28d-2d99-452f-9101-2a8c6466b24d | ITER: 9 START
2019-12-10 07:01:26.766 13639 INFO rally.task.runner [-] Task 2fdad28d-2d99-452f-9101-2a8c6466b24d | ITER: 10 START
2019-12-10 07:01:26.790 13644 INFO rally.task.runner [-] Task 2fdad28d-2d99-452f-9101-2a8c6466b24d | ITER: 6 END: OK
2019-12-10 07:01:26.864 13640 INFO rally.task.runner [-] Task 2fdad28d-2d99-452f-9101-2a8c6466b24d | ITER: 8 END: OK
2019-12-10 07:01:31.854 13641 INFO rally.task.runner [-] Task 2fdad28d-2d99-452f-9101-2a8c6466b24d | ITER: 9 END: OK
2019-12-10 07:01:31.921 13639 INFO rally.task.runner [-] Task 2fdad28d-2d99-452f-9101-2a8c6466b24d | ITER: 10 END: OK
2019-12-10 07:01:31.952 11675 INFO rally.task.context [-] Task 2fdad28d-2d99-452f-9101-2a8c6466b24d | Context admin_cleanup@openstack cleanup() started
2019-12-10 07:01:31.956 11675 RALLYDEBUG rally_openstack.cleanup.manager [-] Cleaning up keystone user objects
2019-12-10 07:01:32.736 11675 RALLYDEBUG rally_openstack.cleanup.manager [-] Deleting keystone.user object s_rally_2cc9b26b_OYS5MwSG (04c2ff1d69734689b820d7a806dc0e94)
2019-12-10 07:01:32.745 11675 RALLYDEBUG rally_openstack.cleanup.manager [-] Deleting keystone.user object s_rally_2cc9b26b_Y5O2ozLK (04dccc7019354bfe9cd67f03c71e7b7a)
2019-12-10 07:01:32.754 11675 RALLYDEBUG rally_openstack.cleanup.manager [-] Deleting keystone.user object s_rally_2cc9b26b_uhLQPtiG (05827eb7df9d4bb8a4a7587f1741594c)
2019-12-10 07:01:32.763 11675 RALLYDEBUG rally_openstack.cleanup.manager [-] Deleting keystone.user object s_rally_2cc9b26b_o2kivnNE (0720af7926e641da8e4ff80d1bd70187)
2019-12-10 07:01:32.777 11675 RALLYDEBUG rally_openstack.cleanup.manager [-] Deleting keystone.user object s_rally_2cc9b26b_vnKXZxAb (0bd0db4386e14be6809ce2d43146fa82)
2019-12-10 07:01:32.781 11675 RALLYDEBUG rally_openstack.cleanup.manager [-] Deleting keystone.user object s_rally_2cc9b26b_lZo0bfN2 (0dc3af6e3bf541f29c59e5e1b7429f60)
2019-12-10 07:01:32.782 11675 RALLYDEBUG rally_openstack.cleanup.manager [-] Deleting keystone.user object s_rally_2cc9b26b_fy87OoA2 (07878d3ec26246929c660fe76ae9ead9)
2019-12-10 07:01:32.802 11675 RALLYDEBUG rally_openstack.cleanup.manager [-] Deleting keystone.user object s_rally_2cc9b26b_57CD4pHo (0f93a18f9e284d3eae617da89d6f8e55)
2019-12-10 07:01:32.818 11675 RALLYDEBUG rally_openstack.cleanup.manager [-] Deleting keystone.user object s_rally_2cc9b26b_kh8eIn11 (1a90d9d0a2a347b8aa014e51670b960b)
2019-12-10 07:01:32.819 11675 RALLYDEBUG rally_openstack.cleanup.manager [-] Deleting keystone.user object s_rally_2cc9b26b_ma7BLamd (186a7e50090745bfa53175041c923d37)
2019-12-10 07:01:32.842 11675 RALLYDEBUG rally_openstack.cleanup.manager [-] Deleting keystone.user object s_rally_2cc9b26b_13bBXcrY (2095d33556fe4806853fc194a47e977b)
2019-12-10 07:01:32.847 11675 RALLYDEBUG rally_openstack.cleanup.manager [-] Deleting keystone.user object s_rally_2cc9b26b_LO4Ht6vw (2249b635f89c46b68fd005b81d4f61f5)
2019-12-10 07:01:32.868 11675 RALLYDEBUG rally_openstack.cleanup.manager [-] Deleting keystone.user object s_rally_2cc9b26b_insGlaMN (280742bf69854ab6b78af4b664527a0a)
2019-12-10 07:01:32.890 11675 RALLYDEBUG rally_openstack.cleanup.manager [-] Deleting keystone.user object s_rally_2cc9b26b_LHC3t0QZ (2cd379668ea2486b83cf90f7da5f17e0)
2019-12-10 07:01:32.899 11675 RALLYDEBUG rally_openstack.cleanup.manager [-] Deleting keystone.user object s_rally_2cc9b26b_zjZksHhL (2e1bdcb8940540769127323d69563676)
2019-12-10 07:01:32.901 11675 RALLYDEBUG rally_openstack.cleanup.manager [-] Deleting keystone.user object s_rally_2cc9b26b_RXlPcyTx (34f9357698df47bdb7586594e0f7153e)
2019-12-10 07:01:32.910 11675 RALLYDEBUG rally_openstack.cleanup.manager [-] Deleting keystone.user object s_rally_2cc9b26b_H0y6bTez (35811d3554b64b75b18983dcf5da4595)
2019-12-10 07:01:32.912 11675 RALLYDEBUG rally_openstack.cleanup.manager [-] Deleting keystone.user object s_rally_2cc9b26b_ftW4wnlB (369915cda1c940d3bb1f1a8d05390677)
2019-12-10 07:01:32.922 11675 RALLYDEBUG rally_openstack.cleanup.manager [-] Deleting keystone.user object s_rally_2cc9b26b_FDuIcEd5 (36c0063546ef42d5bcb60c532f14fa27)
2019-12-10 07:01:32.937 11675 RALLYDEBUG rally_openstack.cleanup.manager [-] Deleting keystone.user object s_rally_2cc9b26b_1z7eLOw8 (36d2932a547e4a5db704c04e71a49548)
2019-12-10 07:01:34.708 11675 RALLYDEBUG rally_openstack.cleanup.manager [-] Deleting keystone.user object s_rally_2cc9b26b_Y6eliHft (3a37a4fe6efd4ef7b99bdf6aa493c845)
2019-12-10 07:01:35.012 11675 RALLYDEBUG rally_openstack.cleanup.manager [-] Deleting keystone.user object s_rally_2cc9b26b_gg1r8NXU (3bac0abca4b24243a62d789656bf4e0f)
2019-12-10 07:01:35.021 11675 RALLYDEBUG rally_openstack.cleanup.manager [-] Deleting keystone.user object s_rally_2cc9b26b_YeJAp6s6 (3c05b26f30f140a5b7d05cf0aa83a64f)
2019-12-10 07:01:35.037 11675 RALLYDEBUG rally_openstack.cleanup.manager [-] Deleting keystone.user object s_rally_2cc9b26b_HHCVKs0d (41d7a6f61e86407186e6a120b8f2a70d)
2019-12-10 07:01:35.048 11675 RALLYDEBUG rally_openstack.cleanup.manager [-] Deleting keystone.user object s_rally_2cc9b26b_hDflARKv (4530735da1ef4856a0a9f78dd4a75644)
2019-12-10 07:01:35.064 11675 RALLYDEBUG rally_openstack.cleanup.manager [-] Deleting keystone.user object s_rally_2cc9b26b_UUsyy1q8 (45d27bdfb5304e5896e33a37e460251d)
2019-12-10 07:01:35.076 11675 RALLYDEBUG rally_openstack.cleanup.manager [-] Deleting keystone.user object s_rally_2cc9b26b_g4GqSdTs (46eb348cc2614475bf668c56c3a9c4d9)
2019-12-10 07:01:35.107 11675 RALLYDEBUG rally_openstack.cleanup.manager [-] Deleting keystone.user object s_rally_2cc9b26b_hXUgjkeb (4bb96d81130a4a149d5828810ddd0f91)
2019-12-10 07:01:35.345 11675 RALLYDEBUG rally_openstack.cleanup.manager [-] Deleting keystone.user object s_rally_2cc9b26b_MuF7gOcl (552314c253da453a9c04f15c5b93686d)
2019-12-10 07:01:35.358 11675 RALLYDEBUG rally_openstack.cleanup.manager [-] Deleting keystone.user object s_rally_2cc9b26b_w9NGamdu (5b3aae9e54f64382a390405f2c0d11fc)
2019-12-10 07:01:35.387 11675 RALLYDEBUG rally_openstack.cleanup.manager [-] Deleting keystone.user object s_rally_2cc9b26b_tlpSBjvU (607937c7bfbf4d7a95fcf2c8f2895fa5)
2019-12-10 07:01:35.391 11675 RALLYDEBUG rally_openstack.cleanup.manager [-] Deleting keystone.user object s_rally_2cc9b26b_vqi8sBuY (63bb8a7e28dd407091febebf1c0510e2)
2019-12-10 07:01:35.397 11675 RALLYDEBUG rally_openstack.cleanup.manager [-] Deleting keystone.user object s_rally_2cc9b26b_33dG9WRK (64a3dc9fe7e748a68e32c4200bf06e72)
2019-12-10 07:01:35.404 11675 RALLYDEBUG rally_openstack.cleanup.manager [-] Deleting keystone.user object s_rally_2cc9b26b_ccAU1kFi (64f22e82d6ec45caa74d3d0d7d3969c1)
2019-12-10 07:01:35.407 11675 RALLYDEBUG rally_openstack.cleanup.manager [-] Deleting keystone.user object s_rally_2cc9b26b_5SrKQBFC (6619ba36831b4fe5b7576b1160d32b76)
2019-12-10 07:01:35.411 11675 RALLYDEBUG rally_openstack.cleanup.manager [-] Deleting keystone.user object s_rally_2cc9b26b_c8feLVu5 (674118b5aae74888bf516e723532069d)
2019-12-10 07:01:35.414 11675 RALLYDEBUG rally_openstack.cleanup.manager [-] Deleting keystone.user object s_rally_2cc9b26b_ETh8k4Ko (68b4ffe04f394887a98a666d3594fcd0)
2019-12-10 07:01:35.417 11675 RALLYDEBUG rally_openstack.cleanup.manager [-] Deleting keystone.user object s_rally_2cc9b26b_mxm138r8 (69f62fb40bd7476486ed126105439537)
2019-12-10 07:01:35.541 11675 RALLYDEBUG rally_openstack.cleanup.manager [-] Deleting keystone.user object s_rally_2cc9b26b_hNLpMucn (6adcf4e96ff34c808b95c7e40a0f320c)
2019-12-10 07:01:35.596 11675 RALLYDEBUG rally_openstack.cleanup.manager [-] Deleting keystone.user object s_rally_2cc9b26b_jadfoN4z (6b0e1b5b06234b7ba26a18f144ca5485)
2019-12-10 07:01:36.651 11675 RALLYDEBUG rally_openstack.cleanup.manager [-] Deleting keystone.user object s_rally_2cc9b26b_O41WtrrK (6ea9997a850644f0a6e107e04aaead24)
2019-12-10 07:01:37.019 11675 RALLYDEBUG rally_openstack.cleanup.manager [-] Deleting keystone.user object s_rally_2cc9b26b_y4vvTG5J (72a6dcff6f6c42848c40869b1a663bdf)
2019-12-10 07:01:37.073 11675 RALLYDEBUG rally_openstack.cleanup.manager [-] Deleting keystone.user object s_rally_2cc9b26b_dvYHJXet (7531bd92649f4ed0a8048f9225f64743)
2019-12-10 07:01:37.103 11675 RALLYDEBUG rally_openstack.cleanup.manager [-] Deleting keystone.user object s_rally_2cc9b26b_F5jKdzvl (777fc21b23a7466aa2b9a4739193a1ad)
2019-12-10 07:01:37.107 11675 RALLYDEBUG rally_openstack.cleanup.manager [-] Deleting keystone.user object s_rally_2cc9b26b_gCMWZ6fD (7a28496d4eef49c89554c6f1b6da7a1e)
2019-12-10 07:01:37.315 11675 RALLYDEBUG rally_openstack.cleanup.manager [-] Deleting keystone.user object s_rally_2cc9b26b_usIQ7juM (7a40485d63d44db0b0b0876e026d862e)
2019-12-10 07:01:37.365 11675 RALLYDEBUG rally_openstack.cleanup.manager [-] Deleting keystone.user object s_rally_2cc9b26b_LwYLOgWR (7ae1ab5c7de54753b9a363f42fb676a3)
2019-12-10 07:01:37.374 11675 RALLYDEBUG rally_openstack.cleanup.manager [-] Deleting keystone.user object s_rally_2cc9b26b_R8WcFcpu (7b761af0120846838a79e3aeb93d6261)
2019-12-10 07:01:37.405 11675 RALLYDEBUG rally_openstack.cleanup.manager [-] Deleting keystone.user object s_rally_2cc9b26b_L6O253o1 (7c0be6379b8146958ca75b6dbf3919ce)
2019-12-10 07:01:37.427 11675 RALLYDEBUG rally_openstack.cleanup.manager [-] Deleting keystone.user object s_rally_2cc9b26b_r0pKa6Wy (7f5a01fdbcf94f29b5dca5b9377603fd)
2019-12-10 07:01:37.743 11675 RALLYDEBUG rally_openstack.cleanup.manager [-] Deleting keystone.user object s_rally_2cc9b26b_reydQUDi (80b0bc4b3daa440383b90e33a5457d01)
2019-12-10 07:01:37.747 11675 RALLYDEBUG rally_openstack.cleanup.manager [-] Deleting keystone.user object s_rally_2cc9b26b_GrtgVnlA (81cde9f7850a4cbd8d356870201d86c5)
2019-12-10 07:01:37.780 11675 RALLYDEBUG rally_openstack.cleanup.manager [-] Deleting keystone.user object s_rally_2cc9b26b_wgQMviM1 (841bf7c54d79479380002b65aa175d5e)
2019-12-10 07:01:37.799 11675 RALLYDEBUG rally_openstack.cleanup.manager [-] Deleting keystone.user object s_rally_2cc9b26b_RJx4UUpU (845b1fd9606b41e2aab9d8414e619a7d)
2019-12-10 07:01:37.808 11675 RALLYDEBUG rally_openstack.cleanup.manager [-] Deleting keystone.user object s_rally_2cc9b26b_xDHupllv (85981e21c9c046aaa3db68df0cc2c518)
2019-12-10 07:01:37.812 11675 RALLYDEBUG rally_openstack.cleanup.manager [-] Deleting keystone.user object s_rally_2cc9b26b_hJIXwvW1 (869720171e524e499c70bef8adf958cf)
2019-12-10 07:01:37.859 11675 RALLYDEBUG rally_openstack.cleanup.manager [-] Deleting keystone.user object s_rally_2cc9b26b_XKUv8EZi (89adc3d3c64a4ff6bbf369494197c14b)
2019-12-10 07:01:37.886 11675 RALLYDEBUG rally_openstack.cleanup.manager [-] Deleting keystone.user object s_rally_2cc9b26b_ZzDsFATw (8c679ac54972474d8a74fbd3854428b8)
2019-12-10 07:01:38.086 11675 RALLYDEBUG rally_openstack.cleanup.manager [-] Deleting keystone.user object s_rally_2cc9b26b_XKh8jGMI (8f5d275810d2411fbb8c65d52b2ddce1)
2019-12-10 07:01:38.143 11675 RALLYDEBUG rally_openstack.cleanup.manager [-] Deleting keystone.user object s_rally_2cc9b26b_zawPRRST (93ad20de3fb4478ba0d45baeb0c77618)
2019-12-10 07:01:38.615 11675 RALLYDEBUG rally_openstack.cleanup.manager [-] Deleting keystone.user object s_rally_2cc9b26b_NwHBzNVR (94852a1623f849408e27dba925d859e8)
2019-12-10 07:01:38.894 11675 RALLYDEBUG rally_openstack.cleanup.manager [-] Deleting keystone.user object s_rally_2cc9b26b_w7WkLCGg (94af35fc03ce4505a862a01cc1b8f847)
2019-12-10 07:01:39.049 11675 RALLYDEBUG rally_openstack.cleanup.manager [-] Deleting keystone.user object s_rally_2cc9b26b_irC5Mp9U (96a011551a3d4c92b9777868932a7fc2)
2019-12-10 07:01:39.071 11675 RALLYDEBUG rally_openstack.cleanup.manager [-] Deleting keystone.user object s_rally_2cc9b26b_FFFBV8nO (97e08cf55cae4c4c9a25a3e987529282)
2019-12-10 07:01:39.280 11675 RALLYDEBUG rally_openstack.cleanup.manager [-] Deleting keystone.user object s_rally_2cc9b26b_wvkXvhRG (9905aaa16428433ca7c3daed5adc610b)
2019-12-10 07:01:39.428 11675 RALLYDEBUG rally_openstack.cleanup.manager [-] Deleting keystone.user object s_rally_2cc9b26b_E1ZLAek8 (9a638177d90a4ed7a6be458b1bab8f52)
2019-12-10 07:01:39.609 11675 RALLYDEBUG rally_openstack.cleanup.manager [-] Deleting keystone.user object s_rally_2cc9b26b_eVJUL3ZD (9f29680a251946818a6e416f06a5f8e8)
2019-12-10 07:01:39.727 11675 RALLYDEBUG rally_openstack.cleanup.manager [-] Deleting keystone.user object s_rally_2cc9b26b_vWvMK79c (a0cb47113cb041c58780fea678e42a31)
2019-12-10 07:01:39.732 11675 RALLYDEBUG rally_openstack.cleanup.manager [-] Deleting keystone.user object s_rally_2cc9b26b_dX7EZYbo (a35d9c50cf454438953ceab8004a6534)
2019-12-10 07:01:39.746 11675 RALLYDEBUG rally_openstack.cleanup.manager [-] Deleting keystone.user object s_rally_2cc9b26b_goT4acGG (a70573bc3c0f44b4bed3601aa44cd749)
2019-12-10 07:01:39.853 11675 RALLYDEBUG rally_openstack.cleanup.manager [-] Deleting keystone.user object s_rally_2cc9b26b_MJk0d541 (a76f15d562144c7aa4030df1c5b56c97)
2019-12-10 07:01:39.910 11675 RALLYDEBUG rally_openstack.cleanup.manager [-] Deleting keystone.user object s_rally_2cc9b26b_abIAORwA (a99cd9ce75f54b6594a12eca7410a5ad)
2019-12-10 07:01:39.920 11675 RALLYDEBUG rally_openstack.cleanup.manager [-] Deleting keystone.user object s_rally_2cc9b26b_oEEcL0v6 (ad8ea03096bd4e6fafc0067507e1fb10)
2019-12-10 07:01:39.936 11675 RALLYDEBUG rally_openstack.cleanup.manager [-] Deleting keystone.user object s_rally_2cc9b26b_Xx6AbAQZ (af2a54af7546486f82e85b1ed71572f4)
2019-12-10 07:01:39.946 11675 RALLYDEBUG rally_openstack.cleanup.manager [-] Deleting keystone.user object s_rally_2cc9b26b_0eb11JUD (afa422b528dc4930ad2a0ae8d372287d)
2019-12-10 07:01:40.153 11675 RALLYDEBUG rally_openstack.cleanup.manager [-] Deleting keystone.user object s_rally_2cc9b26b_ilvU4uO2 (b8892750a0f34b46a06ea66e6f22591d)
2019-12-10 07:01:40.161 11675 RALLYDEBUG rally_openstack.cleanup.manager [-] Deleting keystone.user object s_rally_2cc9b26b_WkE5J26C (b97dcc48aca144d6b1518f004a77c33d)
2019-12-10 07:01:40.164 11675 RALLYDEBUG rally_openstack.cleanup.manager [-] Deleting keystone.user object s_rally_2cc9b26b_cqPeh3eb (ba248357c49240bc9f28f0074c555173)
2019-12-10 07:01:40.170 11675 RALLYDEBUG rally_openstack.cleanup.manager [-] Deleting keystone.user object s_rally_2cc9b26b_2xzdkcZ0 (c15d8cb6e1d2407d94df1639d8ad37ec)
2019-12-10 07:01:40.185 11675 RALLYDEBUG rally_openstack.cleanup.manager [-] Deleting keystone.user object s_rally_2cc9b26b_u1dovMoZ (c2559e62150447c5ac3c6a00b1ee1f13)
2019-12-10 07:01:40.564 11675 RALLYDEBUG rally_openstack.cleanup.manager [-] Deleting keystone.user object s_rally_2cc9b26b_LUoXYZR9 (cbb9fecfd6a84904bd564eb8297d21e0)
2019-12-10 07:01:40.796 11675 RALLYDEBUG rally_openstack.cleanup.manager [-] Deleting keystone.user object s_rally_2cc9b26b_XUMKQ469 (ccd145b595e84184b669099da871b72c)
2019-12-10 07:01:40.888 11675 RALLYDEBUG rally_openstack.cleanup.manager [-] Deleting keystone.user object s_rally_2cc9b26b_0C60JWzU (cd3523e2e8f84d28ad1e6891228bd66f)
2019-12-10 07:01:41.019 11675 RALLYDEBUG rally_openstack.cleanup.manager [-] Deleting keystone.user object s_rally_2cc9b26b_HppCfuVz (cef9c13f47a249a78df28c0a52fa3003)
2019-12-10 07:01:41.349 11675 RALLYDEBUG rally_openstack.cleanup.manager [-] Deleting keystone.user object s_rally_2cc9b26b_ILFA8D6v (d594f99bd0cc4bc281fc9ab9aa9014be)
2019-12-10 07:01:41.368 11675 RALLYDEBUG rally_openstack.cleanup.manager [-] Deleting keystone.user object s_rally_2cc9b26b_MeZt01dw (d9c4a971d1744241ae02f0c5c5245e09)
2019-12-10 07:01:41.736 11675 RALLYDEBUG rally_openstack.cleanup.manager [-] Deleting keystone.user object s_rally_2cc9b26b_RKrxBk4p (db39c9cb0209410480a2bcf8f8d48366)
2019-12-10 07:01:41.753 11675 RALLYDEBUG rally_openstack.cleanup.manager [-] Deleting keystone.user object s_rally_2cc9b26b_CwsqkQUB (df81c7ae21974e76837b435ec519a46c)
2019-12-10 07:01:41.769 11675 RALLYDEBUG rally_openstack.cleanup.manager [-] Deleting keystone.user object s_rally_2cc9b26b_xNrZnso5 (dfa2892601e34a4bb0d242e47e3d9564)
2019-12-10 07:01:41.793 11675 RALLYDEBUG rally_openstack.cleanup.manager [-] Deleting keystone.user object s_rally_2cc9b26b_ooTyENsB (e630b025638c4ee4939ed7a8cdbc5c92)
2019-12-10 07:01:41.820 11675 RALLYDEBUG rally_openstack.cleanup.manager [-] Deleting keystone.user object s_rally_2cc9b26b_C3u0nASA (e6925ffa62d744a19d82b64ebc368813)
2019-12-10 07:01:42.048 11675 RALLYDEBUG rally_openstack.cleanup.manager [-] Deleting keystone.user object s_rally_2cc9b26b_z85UPd0t (e6ccbb693ebf44149c8fa9636eb8aab5)
2019-12-10 07:01:42.184 11675 RALLYDEBUG rally_openstack.cleanup.manager [-] Deleting keystone.user object s_rally_2cc9b26b_jCYDrzsy (e867e7f39bf841159804bd26be7f20ec)
2019-12-10 07:01:42.246 11675 RALLYDEBUG rally_openstack.cleanup.manager [-] Deleting keystone.user object s_rally_2cc9b26b_C4fbAr9h (ea809e61c27a430e818e9332bed1f3f2)
2019-12-10 07:01:42.252 11675 RALLYDEBUG rally_openstack.cleanup.manager [-] Deleting keystone.user object s_rally_2cc9b26b_jVkb004R (ee4cd9ccb1834c6ca70b967270f18655)
2019-12-10 07:01:42.260 11675 RALLYDEBUG rally_openstack.cleanup.manager [-] Deleting keystone.user object s_rally_2cc9b26b_Ug3YZyeS (f0fc3552077544419344851ff7d57f2d)
2019-12-10 07:01:42.265 11675 RALLYDEBUG rally_openstack.cleanup.manager [-] Deleting keystone.user object s_rally_2cc9b26b_TxWKO86n (f1161dc638654cb99df859c96a7ed1b3)
2019-12-10 07:01:42.302 11675 RALLYDEBUG rally_openstack.cleanup.manager [-] Deleting keystone.user object s_rally_2cc9b26b_ZLbEq1Gb (f12dd5048cf64f6bb3e01433c26a78ae)
2019-12-10 07:01:42.430 11675 RALLYDEBUG rally_openstack.cleanup.manager [-] Deleting keystone.user object s_rally_2cc9b26b_pnhxu8C8 (f8422862e64742c2b2d56fdfbb02a2ad)
2019-12-10 07:01:42.504 11675 RALLYDEBUG rally_openstack.cleanup.manager [-] Deleting keystone.user object s_rally_2cc9b26b_hvDJt9lw (f90c2df2bc3c4e0783b0583366603f6f)
2019-12-10 07:01:44.634 11675 RALLYDEBUG rally_openstack.cleanup.manager [-] Cleaning up keystone project objects
2019-12-10 07:01:45.505 11675 RALLYDEBUG rally_openstack.cleanup.manager [-] Deleting keystone.project object s_rally_2cc9b26b_vyCmg0WD (07f863ddfa1242fcb0207d05a9e08e8a)
2019-12-10 07:01:45.512 11675 RALLYDEBUG rally_openstack.cleanup.manager [-] Deleting keystone.project object s_rally_2cc9b26b_WMmdIRco (0d71032663b043e8a8f982eb920f5bf8)
2019-12-10 07:01:45.521 11675 RALLYDEBUG rally_openstack.cleanup.manager [-] Deleting keystone.project object s_rally_2cc9b26b_jPVIz8C6 (1df1a05773264831a896ac337d5a5547)
2019-12-10 07:01:45.539 11675 RALLYDEBUG rally_openstack.cleanup.manager [-] Deleting keystone.project object s_rally_2cc9b26b_M4wHEsJE (40cdbf64dd354914a2cebd3b0546f246)
2019-12-10 07:01:45.545 11675 RALLYDEBUG rally_openstack.cleanup.manager [-] Deleting keystone.project object s_rally_2cc9b26b_d5Nfy9wF (43abf790e16747b399360489f732c3bc)
2019-12-10 07:01:45.551 11675 RALLYDEBUG rally_openstack.cleanup.manager [-] Deleting keystone.project object s_rally_2cc9b26b_t3bU6STk (48588a0792544a0fa18059fdf51ef1d1)
2019-12-10 07:01:45.582 11675 RALLYDEBUG rally_openstack.cleanup.manager [-] Deleting keystone.project object s_rally_2cc9b26b_qyurtD0n (91c4642a61644591a2986ceab51af6c7)
2019-12-10 07:01:45.596 11675 RALLYDEBUG rally_openstack.cleanup.manager [-] Deleting keystone.project object s_rally_2cc9b26b_XHFXvpI5 (ba73dfa16cbe4f498abc3c8aced3ddfe)
2019-12-10 07:01:45.609 11675 RALLYDEBUG rally_openstack.cleanup.manager [-] Deleting keystone.project object s_rally_2cc9b26b_6xvl5tBB (d06c11a879c54279b7a2217fb8e1cf5e)
2019-12-10 07:01:45.625 11675 RALLYDEBUG rally_openstack.cleanup.manager [-] Deleting keystone.project object s_rally_2cc9b26b_DOzy0XJt (d643634cd9f44621835f3ea47a159837)
2019-12-10 07:01:47.711 11675 RALLYDEBUG rally_openstack.cleanup.manager [-] Cleaning up keystone service objects
2019-12-10 07:01:48.527 11675 RALLYDEBUG rally_openstack.cleanup.manager [-] Cleaning up keystone role objects
2019-12-10 07:01:49.300 11675 INFO rally.task.context [-] Task 2fdad28d-2d99-452f-9101-2a8c6466b24d | Context admin_cleanup@openstack cleanup() finished in 17.35 sec
2019-12-10 07:01:49.300 11675 INFO rally.task.context [-] Task 2fdad28d-2d99-452f-9101-2a8c6466b24d | Context users@openstack cleanup() started
2019-12-10 07:01:52.373 11675 INFO rally.task.context [-] Task 2fdad28d-2d99-452f-9101-2a8c6466b24d | Context users@openstack cleanup() finished in 3.07 sec
2019-12-10 07:01:54.049 11675 INFO rally.task.engine [-] Load duration is: 14.452501
2019-12-10 07:01:54.049 11675 INFO rally.task.engine [-] Full runner duration is: 15.836122
2019-12-10 07:01:54.050 11675 INFO rally.task.engine [-] Full duration is: 38.692999
2019-12-10 07:01:54.379 11675 INFO rally.task.engine [-] Task 2fdad28d-2d99-452f-9101-2a8c6466b24d | Completed: Running task.
2019-12-10 07:01:55.932 13781 RALLYDEBUG rally.api [-] INFO logs from urllib3 and requests module are hide.
2019-12-10 07:01:55.932 13781 RALLYDEBUG rally.api [-] urllib3 insecure warnings are hidden.
2019-12-10 07:01:55.932 13781 RALLYDEBUG rally.api [-] ERROR log from boto module is hide.
2019-12-10 07:01:57.143 13782 RALLYDEBUG rally.api [-] INFO logs from urllib3 and requests module are hide.
2019-12-10 07:01:57.143 13782 RALLYDEBUG rally.api [-] urllib3 insecure warnings are hidden.
2019-12-10 07:01:57.143 13782 RALLYDEBUG rally.api [-] ERROR log from boto module is hide.
2019-12-10 07:01:58.411 13783 RALLYDEBUG rally.api [-] INFO logs from urllib3 and requests module are hide.
2019-12-10 07:01:58.411 13783 RALLYDEBUG rally.api [-] urllib3 insecure warnings are hidden.
2019-12-10 07:01:58.412 13783 RALLYDEBUG rally.api [-] ERROR log from boto module is hide.
2019-12-10 07:02:00.022 13783 INFO rally.api [-] Building 'json' report for the following task(s): '2fdad28d-2d99-452f-9101-2a8c6466b24d'.
2019-12-10 07:02:00.049 13783 INFO rally.api [-] The report has been successfully built.
2019-12-10 07:02:01.438 13785 RALLYDEBUG rally.api [-] INFO logs from urllib3 and requests module are hide.
2019-12-10 07:02:01.438 13785 RALLYDEBUG rally.api [-] urllib3 insecure warnings are hidden.
2019-12-10 07:02:01.438 13785 RALLYDEBUG rally.api [-] ERROR log from boto module is hide.
2019-12-10 07:02:03.433 13785 INFO rally.task.engine [-] Task a77ceca8-c64d-42ab-9ece-bcdbe7932983 | Starting: Task validation.
2019-12-10 07:02:03.493 13785 INFO rally.task.engine [-] Task a77ceca8-c64d-42ab-9ece-bcdbe7932983 | Starting: Task validation of syntax.
2019-12-10 07:02:03.792 13785 INFO rally.task.engine [-] Task a77ceca8-c64d-42ab-9ece-bcdbe7932983 | Completed: Task validation of syntax.
2019-12-10 07:02:03.793 13785 INFO rally.task.engine [-] Task a77ceca8-c64d-42ab-9ece-bcdbe7932983 | Starting: Task validation of required platforms.
2019-12-10 07:02:03.915 13785 INFO rally.task.engine [-] Task a77ceca8-c64d-42ab-9ece-bcdbe7932983 | Completed: Task validation of required platforms.
2019-12-10 07:02:03.915 13785 INFO rally.task.engine [-] Task a77ceca8-c64d-42ab-9ece-bcdbe7932983 | Starting: Task validation of semantic.
2019-12-10 07:02:03.915 13785 INFO rally.task.engine [-] Check health of the environment 'd5c14118-836a-4e0c-a67c-e2921db8f91e'.
2019-12-10 07:02:04.918 13785 INFO rally.task.engine [-] Platform existing@openstack (available: True): OK!
2019-12-10 07:02:04.938 13785 RALLYDEBUG rally_openstack.contexts.keystone.users [-] Creating 1 tenants using 20 threads
2019-12-10 07:02:05.790 13785 RALLYDEBUG rally_openstack.contexts.keystone.users [-] Creating 1 users using 20 threads
2019-12-10 07:02:07.207 13785 INFO rally.task.context [-] Task a77ceca8-c64d-42ab-9ece-bcdbe7932983 | Context users@openstack setup() finished in 2.27 sec
2019-12-10 07:02:13.648 13785 INFO rally.task.context [-] Task a77ceca8-c64d-42ab-9ece-bcdbe7932983 | Context users@openstack cleanup() started
2019-12-10 07:02:16.646 13785 INFO rally.task.context [-] Task a77ceca8-c64d-42ab-9ece-bcdbe7932983 | Context users@openstack cleanup() finished in 3.00 sec
2019-12-10 07:02:16.647 13785 INFO rally.task.engine [-] Task a77ceca8-c64d-42ab-9ece-bcdbe7932983 | Completed: Task validation of semantic.
2019-12-10 07:02:16.647 13785 INFO rally.task.engine [-] Task a77ceca8-c64d-42ab-9ece-bcdbe7932983 | Completed: Task validation.
2019-12-10 07:02:16.648 13785 INFO rally.api [-] Task a77ceca8-c64d-42ab-9ece-bcdbe7932983 input file is valid.
2019-12-10 07:02:16.648 13785 INFO rally.api [-] Run Task a77ceca8-c64d-42ab-9ece-bcdbe7932983 against Deployment d5c14118-836a-4e0c-a67c-e2921db8f91e
2019-12-10 07:02:16.648 13785 INFO rally.task.engine [-] Task a77ceca8-c64d-42ab-9ece-bcdbe7932983 | Starting: Running task.
2019-12-10 07:02:16.856 13785 INFO rally.task.engine [-] Running workload: position = 0 config = { "version": 2, "title": "A cropped version of a bigger task.", "description": "Auto-generated task from a single workload (uuid=90e1da87-f8fb-4024-a82a-c826e3520e18)", "subtasks": [ { "title": "NeutronNetworks.create_and_update_networks", "description": "Create and update a network.", "scenario": { "NeutronNetworks.create_and_update_networks": { "network_create_args": {}, "network_update_args": { "admin_state_up": false } } }, "contexts": { "users": { "tenants": 3, "users_per_tenant": 2 }, "quotas": { "neutron": { "network": -1 } } }, "runner": { "constant": { "concurrency": 4, "times": 10 } }, "hooks": [], "sla": { "failure_rate": { "max": 0 } } } ] }
2019-12-10 07:02:16.882 13785 RALLYDEBUG rally_openstack.contexts.keystone.users [-] Creating 3 tenants using 20 threads
2019-12-10 07:02:17.786 13785 RALLYDEBUG rally_openstack.contexts.keystone.users [-] Creating 6 users using 20 threads
2019-12-10 07:02:19.480 13785 INFO rally.task.context [-] Task a77ceca8-c64d-42ab-9ece-bcdbe7932983 | Context users@openstack setup() finished in 2.60 sec
2019-12-10 07:02:20.219 13785 INFO rally.task.context [-] Task a77ceca8-c64d-42ab-9ece-bcdbe7932983 | Context quotas@openstack setup() finished in 0.74 sec
2019-12-10 07:02:20.219 13785 INFO rally.task.context [-] Task a77ceca8-c64d-42ab-9ece-bcdbe7932983 | Context cleanup@openstack setup() finished in 0.03 msec
2019-12-10 07:02:20.229 13785 RALLYDEBUG rally.task.runner [-] Starting the constant runner (task UUID: a77ceca8-c64d-42ab-9ece-bcdbe7932983). times: 10 concurrency: 4 timeout: 0 max_cpu_used: 16 processes_to_start: 4 concurrency_per_worker: 1 concurrency_overhead: 0
2019-12-10 07:02:20.243 13909 RALLYDEBUG rally.task.runner [-] Starting a worker. times: 10 duration: None concurrency: 1 timeout: 0 cls: method_name: run args: {"network_create_args": {}, "network_update_args": {"admin_state_up": false}}
2019-12-10 07:02:20.246 13910 RALLYDEBUG rally.task.runner [-] Starting a worker. times: 10 duration: None concurrency: 1 timeout: 0 cls: method_name: run args: {"network_create_args": {}, "network_update_args": {"admin_state_up": false}}
2019-12-10 07:02:20.249 13909 INFO rally.task.runner [-] Task a77ceca8-c64d-42ab-9ece-bcdbe7932983 | ITER: 1 START
2019-12-10 07:02:20.249 13911 RALLYDEBUG rally.task.runner [-] Starting a worker. times: 10 duration: None concurrency: 1 timeout: 0 cls: method_name: run args: {"network_create_args": {}, "network_update_args": {"admin_state_up": false}}
2019-12-10 07:02:20.252 13910 INFO rally.task.runner [-] Task a77ceca8-c64d-42ab-9ece-bcdbe7932983 | ITER: 2 START
2019-12-10 07:02:20.253 13914 RALLYDEBUG rally.task.runner [-] Starting a worker. times: 10 duration: None concurrency: 1 timeout: 0 cls: method_name: run args: {"network_create_args": {}, "network_update_args": {"admin_state_up": false}}
2019-12-10 07:02:20.255 13911 INFO rally.task.runner [-] Task a77ceca8-c64d-42ab-9ece-bcdbe7932983 | ITER: 3 START
2019-12-10 07:02:20.258 13914 INFO rally.task.runner [-] Task a77ceca8-c64d-42ab-9ece-bcdbe7932983 | ITER: 4 START
2019-12-10 07:02:21.342 13909 INFO rally.task.runner [-] Task a77ceca8-c64d-42ab-9ece-bcdbe7932983 | ITER: 1 END: OK
2019-12-10 07:02:21.347 13909 INFO rally.task.runner [-] Task a77ceca8-c64d-42ab-9ece-bcdbe7932983 | ITER: 5 START
2019-12-10 07:02:21.387 13910 INFO rally.task.runner [-] Task a77ceca8-c64d-42ab-9ece-bcdbe7932983 | ITER: 2 END: OK
2019-12-10 07:02:21.392 13910 INFO rally.task.runner [-] Task a77ceca8-c64d-42ab-9ece-bcdbe7932983 | ITER: 6 START
2019-12-10 07:02:21.423 13911 INFO rally.task.runner [-] Task a77ceca8-c64d-42ab-9ece-bcdbe7932983 | ITER: 3 END: OK
2019-12-10 07:02:21.427 13911 INFO rally.task.runner [-] Task a77ceca8-c64d-42ab-9ece-bcdbe7932983 | ITER: 7 START
2019-12-10 07:02:21.956 13914 INFO rally.task.runner [-] Task a77ceca8-c64d-42ab-9ece-bcdbe7932983 | ITER: 4 END: OK
2019-12-10 07:02:21.960 13914 INFO rally.task.runner [-] Task a77ceca8-c64d-42ab-9ece-bcdbe7932983 | ITER: 8 START
2019-12-10 07:02:22.233 13909 INFO rally.task.runner [-] Task a77ceca8-c64d-42ab-9ece-bcdbe7932983 | ITER: 5 END: OK
2019-12-10 07:02:22.236 13909 INFO rally.task.runner [-] Task a77ceca8-c64d-42ab-9ece-bcdbe7932983 | ITER: 9 START
2019-12-10 07:02:22.366 13911 INFO rally.task.runner [-] Task a77ceca8-c64d-42ab-9ece-bcdbe7932983 | ITER: 7 END: OK
2019-12-10 07:02:22.370 13911 INFO rally.task.runner [-] Task a77ceca8-c64d-42ab-9ece-bcdbe7932983 | ITER: 10 START
2019-12-10 07:02:22.422 13910 INFO rally.task.runner [-] Task a77ceca8-c64d-42ab-9ece-bcdbe7932983 | ITER: 6 END: OK
2019-12-10 07:02:22.954 13914 INFO rally.task.runner [-] Task a77ceca8-c64d-42ab-9ece-bcdbe7932983 | ITER: 8 END: OK
2019-12-10 07:02:23.283 13911 INFO rally.task.runner [-] Task a77ceca8-c64d-42ab-9ece-bcdbe7932983 | ITER: 10 END: OK
2019-12-10 07:02:23.485 13909 INFO rally.task.runner [-] Task a77ceca8-c64d-42ab-9ece-bcdbe7932983 | ITER: 9 END: OK
2019-12-10 07:02:23.510 13785 INFO rally.task.context [-] Task a77ceca8-c64d-42ab-9ece-bcdbe7932983 | Context cleanup@openstack cleanup() started
2019-12-10 07:02:23.513 13785 RALLYDEBUG rally_openstack.cleanup.manager [-] Cleaning up neutron vip objects
2019-12-10 07:02:24.767 13785 RALLYDEBUG rally_openstack.cleanup.manager [-] Cleaning up neutron health_monitor objects
2019-12-10 07:02:25.928 13785 RALLYDEBUG rally_openstack.cleanup.manager [-] Cleaning up neutron pool objects
2019-12-10 07:02:27.078 13785 RALLYDEBUG rally_openstack.cleanup.manager [-] Cleaning up neutron loadbalancer objects
2019-12-10 07:02:28.218 13785 RALLYDEBUG rally_openstack.cleanup.manager [-] Cleaning up neutron floatingip objects
2019-12-10 07:02:29.494 13785 RALLYDEBUG rally_openstack.cleanup.manager [-] Cleaning up neutron trunk objects
2019-12-10 07:02:30.702 13785 RALLYDEBUG rally_openstack.cleanup.manager [-] Cleaning up neutron port objects
2019-12-10 07:02:31.936 13785 RALLYDEBUG rally_openstack.cleanup.manager [-] Cleaning up neutron subnet objects
2019-12-10 07:02:33.146 13785 RALLYDEBUG rally_openstack.cleanup.manager [-] Cleaning up neutron network objects
2019-12-10 07:02:34.508 13785 RALLYDEBUG rally_openstack.cleanup.manager [-] Deleting neutron.network object s_rally_90e1da87_sPRTpBhL (0e0e33ef-39ca-4b20-9672-e2bea33042b2)
2019-12-10 07:02:34.518 13785 RALLYDEBUG rally_openstack.cleanup.manager [-] Deleting neutron.network object s_rally_90e1da87_vlohUgfW (278c40b1-b6dd-4726-bbe7-b11141a065ae)
2019-12-10 07:02:34.527 13785 RALLYDEBUG rally_openstack.cleanup.manager [-] Deleting neutron.network object s_rally_90e1da87_4QhNsrKM (76ef3439-b8d2-4804-8a4c-ccf080e10456)
2019-12-10 07:02:34.538 13785 RALLYDEBUG rally_openstack.cleanup.manager [-] Deleting neutron.network object s_rally_90e1da87_yIG0t2os (8e9518be-c071-423c-bf61-b5665c5acda1)
2019-12-10 07:02:34.543 13785 RALLYDEBUG rally_openstack.cleanup.manager [-] Deleting neutron.network object s_rally_90e1da87_YIR8C2u2 (c4dfd69c-70ac-44e3-b99e-5c95f2083b12)
2019-12-10 07:02:34.557 13785 RALLYDEBUG rally_openstack.cleanup.manager [-] Deleting neutron.network object s_rally_90e1da87_74BBW9az (1c4c7686-c8c5-411a-b1fc-4afa6bef1c3a)
2019-12-10 07:02:34.570 13785 RALLYDEBUG rally_openstack.cleanup.manager [-] Deleting neutron.network object s_rally_90e1da87_Vq2YDhT0 (36aacaf8-caca-47e3-a465-72ad11b94545)
2019-12-10 07:02:34.579 13785 RALLYDEBUG rally_openstack.cleanup.manager [-] Deleting neutron.network object s_rally_90e1da87_8i0v4zTB (4668f727-f72c-4a95-a9ec-d84ad33894d0)
2019-12-10 07:02:34.584 13785 RALLYDEBUG rally_openstack.cleanup.manager [-] Deleting neutron.network object s_rally_90e1da87_b8ATiunb (66835c5a-af7c-4504-8e9f-93cc5be723ed)
2019-12-10 07:02:34.596 13785 RALLYDEBUG rally_openstack.cleanup.manager [-] Deleting neutron.network object s_rally_90e1da87_CNShnHXU (cfbb0a63-f1d2-457b-aaee-47d76822d353)
2019-12-10 07:02:37.871 13785 RALLYDEBUG rally_openstack.cleanup.manager [-] Cleaning up neutron router objects
2019-12-10 07:02:39.142 13785 RALLYDEBUG rally_openstack.cleanup.manager [-] Cleaning up neutron security_group objects
2019-12-10 07:02:40.539 13785 INFO rally.task.context [-] Task a77ceca8-c64d-42ab-9ece-bcdbe7932983 | Context cleanup@openstack cleanup() finished in 17.03 sec
2019-12-10 07:02:40.540 13785 INFO rally.task.context [-] Task a77ceca8-c64d-42ab-9ece-bcdbe7932983 | Context quotas@openstack cleanup() started
2019-12-10 07:02:40.756 13785 INFO rally.task.context [-] Task a77ceca8-c64d-42ab-9ece-bcdbe7932983 | Context quotas@openstack cleanup() finished in 0.22 sec
2019-12-10 07:02:40.757 13785 INFO rally.task.context [-] Task a77ceca8-c64d-42ab-9ece-bcdbe7932983 | Context users@openstack cleanup() started
2019-12-10 07:02:44.862 13785 INFO rally.task.context [-] Task a77ceca8-c64d-42ab-9ece-bcdbe7932983 | Context users@openstack cleanup() finished in 4.10 sec
2019-12-10 07:02:45.095 13785 INFO rally.task.engine [-] Load duration is: 3.235268
2019-12-10 07:02:45.096 13785 INFO rally.task.engine [-] Full runner duration is: 3.280941
2019-12-10 07:02:45.096 13785 INFO rally.task.engine [-] Full duration is: 27.982882
2019-12-10 07:02:45.437 13785 INFO rally.task.engine [-] Running workload: position = 0 config = { "version": 2, "title": "A cropped version of a bigger task.", "description": "Auto-generated task from a single workload (uuid=f9c60f94-df79-4b68-b2dc-db67304c61a7)", "subtasks": [ { "title": "NeutronNetworks.create_and_update_ports", "description": "Create and update a given number of ports.", "scenario": { "NeutronNetworks.create_and_update_ports": { "network_create_args": {}, "port_create_args": {}, "port_update_args": { "admin_state_up": false, "device_id": "dummy_id", "device_owner": "dummy_owner" }, "ports_per_network": 1 } }, "contexts": { "users": { "tenants": 3, "users_per_tenant": 2 }, "network": { "router": {} }, "quotas": { "neutron": { "network": -1, "port": -1 } } }, "runner": { "constant": { "concurrency": 4, "times": 10 } }, "hooks": [], "sla": { "failure_rate": { "max": 0 } } } ] }
2019-12-10 07:02:45.465 13785 RALLYDEBUG rally_openstack.contexts.keystone.users [-] Creating 3 tenants using 20 threads
2019-12-10 07:02:46.398 13785 RALLYDEBUG rally_openstack.contexts.keystone.users [-] Creating 6 users using 20 threads
2019-12-10 07:02:48.020 13785 INFO rally.task.context [-] Task a77ceca8-c64d-42ab-9ece-bcdbe7932983 | Context users@openstack setup() finished in 2.56 sec
2019-12-10 07:02:48.955 13785 INFO rally.task.context [-] Task a77ceca8-c64d-42ab-9ece-bcdbe7932983 | Context quotas@openstack setup() finished in 0.93 sec
2019-12-10 07:02:49.622 13785 RALLYDEBUG rally_openstack.wrappers.network [-] CIDR generated: 10.2.0.0/24
2019-12-10 07:02:50.593 13785 RALLYDEBUG rally_openstack.wrappers.network [-] CIDR generated: 10.2.1.0/24
2019-12-10 07:02:51.460 13785 RALLYDEBUG rally_openstack.wrappers.network [-] CIDR generated: 10.2.2.0/24
2019-12-10 07:02:52.006 13785 INFO rally.task.context [-] Task a77ceca8-c64d-42ab-9ece-bcdbe7932983 | Context network@openstack setup() finished in 3.05 sec
2019-12-10 07:02:52.007 13785 INFO rally.task.context [-] Task a77ceca8-c64d-42ab-9ece-bcdbe7932983 | Context cleanup@openstack setup() finished in 0.02 msec
2019-12-10 07:02:52.016 13785 RALLYDEBUG rally.task.runner [-] Starting the constant runner (task UUID: a77ceca8-c64d-42ab-9ece-bcdbe7932983). times: 10 concurrency: 4 timeout: 0 max_cpu_used: 16 processes_to_start: 4 concurrency_per_worker: 1 concurrency_overhead: 0
2019-12-10 07:02:52.028 14233 RALLYDEBUG rally.task.runner [-] Starting a worker. times: 10 duration: None concurrency: 1 timeout: 0 cls: method_name: run args: {"network_create_args": {}, "port_create_args": {}, "port_update_args": {"admin_state_up": false, "device_id": "dummy_id", "device_owner": "dummy_owner"}, "ports_per_network": 1}
2019-12-10 07:02:52.031 14234 RALLYDEBUG rally.task.runner [-] Starting a worker. times: 10 duration: None concurrency: 1 timeout: 0 cls: method_name: run args: {"network_create_args": {}, "port_create_args": {}, "port_update_args": {"admin_state_up": false, "device_id": "dummy_id", "device_owner": "dummy_owner"}, "ports_per_network": 1}
2019-12-10 07:02:52.035 14233 INFO rally.task.runner [-] Task a77ceca8-c64d-42ab-9ece-bcdbe7932983 | ITER: 1 START
2019-12-10 07:02:52.034 14235 RALLYDEBUG rally.task.runner [-] Starting a worker. times: 10 duration: None concurrency: 1 timeout: 0 cls: method_name: run args: {"network_create_args": {}, "port_create_args": {}, "port_update_args": {"admin_state_up": false, "device_id": "dummy_id", "device_owner": "dummy_owner"}, "ports_per_network": 1}
2019-12-10 07:02:52.038 14234 INFO rally.task.runner [-] Task a77ceca8-c64d-42ab-9ece-bcdbe7932983 | ITER: 2 START
2019-12-10 07:02:52.037 14236 RALLYDEBUG rally.task.runner [-] Starting a worker. times: 10 duration: None concurrency: 1 timeout: 0 cls: method_name: run args: {"network_create_args": {}, "port_create_args": {}, "port_update_args": {"admin_state_up": false, "device_id": "dummy_id", "device_owner": "dummy_owner"}, "ports_per_network": 1}
2019-12-10 07:02:52.041 14235 INFO rally.task.runner [-] Task a77ceca8-c64d-42ab-9ece-bcdbe7932983 | ITER: 3 START
2019-12-10 07:02:52.044 14236 INFO rally.task.runner [-] Task a77ceca8-c64d-42ab-9ece-bcdbe7932983 | ITER: 4 START
2019-12-10 07:02:53.470 14234 INFO rally.task.runner [-] Task a77ceca8-c64d-42ab-9ece-bcdbe7932983 | ITER: 2 END: OK
2019-12-10 07:02:53.475 14234 INFO rally.task.runner [-] Task a77ceca8-c64d-42ab-9ece-bcdbe7932983 | ITER: 5 START
