2019-11-27 09:16:40.614 5024 WARNING rally_openstack.scenarios.neutron.utils [-] Running this scenario without either the 'network' or 'existing_network' context is deprecated
2019-11-27 09:16:40.615 5027 INFO rally.task.runner [-] Task 42b5f550-8a24-431c-ae52-9cea7470be6e | ITER: 11 START
2019-11-27 09:16:40.617 5027 WARNING rally_openstack.scenarios.neutron.utils [-] Running this scenario without either the 'network' or 'existing_network' context is deprecated
2019-11-27 09:16:40.631 5032 RALLYDEBUG rally.task.runner [-] Starting a worker. times: 40 duration: None concurrency: 1 timeout: 0 cls: method_name: run args: {"network_create_args": {}, "subnet_create_args": {}, "subnet_cidr_start": "1.1.0.0/30", "subnets_per_network": 2}
2019-11-27 09:16:40.633 5033 RALLYDEBUG rally.task.runner [-] Starting a worker. times: 40 duration: None concurrency: 1 timeout: 0 cls: method_name: run args: {"network_create_args": {}, "subnet_create_args": {}, "subnet_cidr_start": "1.1.0.0/30", "subnets_per_network": 2}
2019-11-27 09:16:40.638 5033 INFO rally.task.runner [-] Task 42b5f550-8a24-431c-ae52-9cea7470be6e | ITER: 13 START
2019-11-27 09:16:40.636 5032 INFO rally.task.runner [-] Task 42b5f550-8a24-431c-ae52-9cea7470be6e | ITER: 12 START
2019-11-27 09:16:40.640 5033 WARNING rally_openstack.scenarios.neutron.utils [-] Running this scenario without either the 'network' or 'existing_network' context is deprecated
2019-11-27 09:16:40.640 5032 WARNING rally_openstack.scenarios.neutron.utils [-] Running this scenario without either the 'network' or 'existing_network' context is deprecated
2019-11-27 09:16:40.640 5034 RALLYDEBUG rally.task.runner [-] Starting a worker. times: 40 duration: None concurrency: 1 timeout: 0 cls: method_name: run args: {"network_create_args": {}, "subnet_create_args": {}, "subnet_cidr_start": "1.1.0.0/30", "subnets_per_network": 2}
2019-11-27 09:16:40.645 5034 INFO rally.task.runner [-] Task 42b5f550-8a24-431c-ae52-9cea7470be6e | ITER: 14 START
2019-11-27 09:16:40.646 5034 WARNING rally_openstack.scenarios.neutron.utils [-] Running this scenario without either the 'network' or 'existing_network' context is deprecated
2019-11-27 09:16:40.646 5039 RALLYDEBUG rally.task.runner [-] Starting a worker. times: 40 duration: None concurrency: 1 timeout: 0 cls: method_name: run args: {"network_create_args": {}, "subnet_create_args": {}, "subnet_cidr_start": "1.1.0.0/30", "subnets_per_network": 2}
2019-11-27 09:16:40.650 5039 INFO rally.task.runner [-] Task 42b5f550-8a24-431c-ae52-9cea7470be6e | ITER: 15 START
2019-11-27 09:16:40.652 5039 WARNING rally_openstack.scenarios.neutron.utils [-] Running this scenario without either the 'network' or 'existing_network' context is deprecated
2019-11-27 09:16:40.654 5043 RALLYDEBUG rally.task.runner [-] Starting a worker. times: 40 duration: None concurrency: 1 timeout: 0 cls: method_name: run args: {"network_create_args": {}, "subnet_create_args": {}, "subnet_cidr_start": "1.1.0.0/30", "subnets_per_network": 2}
2019-11-27 09:16:40.658 5043 INFO rally.task.runner [-] Task 42b5f550-8a24-431c-ae52-9cea7470be6e | ITER: 16 START
2019-11-27 09:16:40.659 5045 RALLYDEBUG rally.task.runner [-] Starting a worker. times: 40 duration: None concurrency: 1 timeout: 0 cls: method_name: run args: {"network_create_args": {}, "subnet_create_args": {}, "subnet_cidr_start": "1.1.0.0/30", "subnets_per_network": 2}
2019-11-27 09:16:40.660 5043 WARNING rally_openstack.scenarios.neutron.utils [-] Running this scenario without either the 'network' or 'existing_network' context is deprecated
2019-11-27 09:16:40.664 5045 INFO rally.task.runner [-] Task 42b5f550-8a24-431c-ae52-9cea7470be6e | ITER: 17 START
2019-11-27 09:16:40.665 5045 WARNING rally_openstack.scenarios.neutron.utils [-] Running this scenario without either the 'network' or 'existing_network' context is deprecated
2019-11-27 09:16:40.666 5048 RALLYDEBUG rally.task.runner [-] Starting a worker. times: 40 duration: None concurrency: 1 timeout: 0 cls: method_name: run args: {"network_create_args": {}, "subnet_create_args": {}, "subnet_cidr_start": "1.1.0.0/30", "subnets_per_network": 2}
2019-11-27 09:16:40.670 5048 INFO rally.task.runner [-] Task 42b5f550-8a24-431c-ae52-9cea7470be6e | ITER: 18 START
2019-11-27 09:16:40.670 5051 RALLYDEBUG rally.task.runner [-] Starting a worker. times: 40 duration: None concurrency: 1 timeout: 0 cls: method_name: run args: {"network_create_args": {}, "subnet_create_args": {}, "subnet_cidr_start": "1.1.0.0/30", "subnets_per_network": 2}
2019-11-27 09:16:40.671 5048 WARNING rally_openstack.scenarios.neutron.utils [-] Running this scenario without either the 'network' or 'existing_network' context is deprecated
2019-11-27 09:16:40.675 5051 INFO rally.task.runner [-] Task 42b5f550-8a24-431c-ae52-9cea7470be6e | ITER: 19 START
2019-11-27 09:16:40.676 5051 WARNING rally_openstack.scenarios.neutron.utils [-] Running this scenario without either the 'network' or 'existing_network' context is deprecated
2019-11-27 09:16:40.677 5055 RALLYDEBUG rally.task.runner [-] Starting a worker. times: 40 duration: None concurrency: 1 timeout: 0 cls: method_name: run args: {"network_create_args": {}, "subnet_create_args": {}, "subnet_cidr_start": "1.1.0.0/30", "subnets_per_network": 2}
2019-11-27 09:16:40.681 5055 INFO rally.task.runner [-] Task 42b5f550-8a24-431c-ae52-9cea7470be6e | ITER: 20 START
2019-11-27 09:16:40.682 5055 WARNING rally_openstack.scenarios.neutron.utils [-] Running this scenario without either the 'network' or 'existing_network' context is deprecated
2019-11-27 09:16:41.270 5008 RALLYDEBUG rally_openstack.wrappers.network [-] CIDR generated: 1.1.4.96/30
2019-11-27 09:16:41.378 5008 RALLYDEBUG rally_openstack.wrappers.network [-] CIDR generated: 1.1.4.100/30
2019-11-27 09:16:41.384 5013 RALLYDEBUG rally_openstack.wrappers.network [-] CIDR generated: 1.1.4.104/30
2019-11-27 09:16:41.407 5024 RALLYDEBUG rally_openstack.wrappers.network [-] CIDR generated: 1.1.4.108/30
2019-11-27 09:16:41.408 5027 RALLYDEBUG rally_openstack.wrappers.network [-] CIDR generated: 1.1.4.112/30
2019-11-27 09:16:41.415 5032 RALLYDEBUG rally_openstack.wrappers.network [-] CIDR generated: 1.1.4.116/30
2019-11-27 09:16:41.446 5020 RALLYDEBUG rally_openstack.wrappers.network [-] CIDR generated: 1.1.4.120/30
2019-11-27 09:16:41.499 5051 RALLYDEBUG rally_openstack.wrappers.network [-] CIDR generated: 1.1.4.124/30
2019-11-27 09:16:41.537 5045 RALLYDEBUG rally_openstack.wrappers.network [-] CIDR generated: 1.1.4.128/30
2019-11-27 09:16:41.687 5033 RALLYDEBUG rally_openstack.wrappers.network [-] CIDR generated: 1.1.4.132/30
2019-11-27 09:16:41.809 5007 RALLYDEBUG rally_openstack.wrappers.network [-] CIDR generated: 1.1.4.136/30
2019-11-27 09:16:41.811 5055 RALLYDEBUG rally_openstack.wrappers.network [-] CIDR generated: 1.1.4.140/30
2019-11-27 09:16:41.851 5009 RALLYDEBUG rally_openstack.wrappers.network [-] CIDR generated: 1.1.4.144/30
2019-11-27 09:16:41.867 5034 RALLYDEBUG rally_openstack.wrappers.network [-] CIDR generated: 1.1.4.148/30
2019-11-27 09:16:41.883 5007 RALLYDEBUG rally_openstack.wrappers.network [-] CIDR generated: 1.1.4.152/30
2019-11-27 09:16:41.962 5043 RALLYDEBUG rally_openstack.wrappers.network [-] CIDR generated: 1.1.4.156/30
2019-11-27 09:16:41.963 5009 RALLYDEBUG rally_openstack.wrappers.network [-] CIDR generated: 1.1.4.160/30
2019-11-27 09:16:42.022 5024 RALLYDEBUG rally_openstack.wrappers.network [-] CIDR generated: 1.1.4.164/30
2019-11-27 09:16:42.178 5045 RALLYDEBUG rally_openstack.wrappers.network [-] CIDR generated: 1.1.4.168/30
2019-11-27 09:16:42.184 5048 RALLYDEBUG rally_openstack.wrappers.network [-] CIDR generated: 1.1.4.172/30
2019-11-27 09:16:42.189 5013 RALLYDEBUG rally_openstack.wrappers.network [-] CIDR generated: 1.1.4.176/30
2019-11-27 09:16:42.203 5039 RALLYDEBUG rally_openstack.wrappers.network [-] CIDR generated: 1.1.4.180/30
2019-11-27 09:16:42.227 5027 RALLYDEBUG rally_openstack.wrappers.network [-] CIDR generated: 1.1.4.184/30
2019-11-27 09:16:42.527 5033 RALLYDEBUG rally_openstack.wrappers.network [-] CIDR generated: 1.1.4.188/30
2019-11-27 09:16:42.848 5009 RALLYDEBUG rally_openstack.wrappers.network [-] CIDR generated: 1.1.4.192/30
2019-11-27 09:16:42.979 5020 RALLYDEBUG rally_openstack.wrappers.network [-] CIDR generated: 1.1.4.196/30
2019-11-27 09:16:43.130 5007 RALLYDEBUG rally_openstack.wrappers.network [-] CIDR generated: 1.1.4.200/30
2019-11-27 09:16:43.395 5013 RALLYDEBUG rally_openstack.wrappers.network [-] CIDR generated: 1.1.4.204/30
2019-11-27 09:16:43.421 5008 RALLYDEBUG rally_openstack.wrappers.network [-] CIDR generated: 1.1.4.208/30
2019-11-27 09:16:43.478 5032 RALLYDEBUG rally_openstack.wrappers.network [-] CIDR generated: 1.1.4.212/30
2019-11-27 09:16:43.509 5034 RALLYDEBUG rally_openstack.wrappers.network [-] CIDR generated: 1.1.4.216/30
2019-11-27 09:16:43.910 5039 RALLYDEBUG rally_openstack.wrappers.network [-] CIDR generated: 1.1.4.220/30
2019-11-27 09:16:43.983 5013 RALLYDEBUG rally_openstack.wrappers.network [-] CIDR generated: 1.1.4.224/30
2019-11-27 09:16:44.065 5051 RALLYDEBUG rally_openstack.wrappers.network [-] CIDR generated: 1.1.4.228/30
2019-11-27 09:16:44.534 5008 RALLYDEBUG rally_openstack.wrappers.network [-] CIDR generated: 1.1.4.232/30
2019-11-27 09:16:44.639 5055 RALLYDEBUG rally_openstack.wrappers.network [-] CIDR generated: 1.1.4.236/30
2019-11-27 09:16:44.684 5009 RALLYDEBUG rally_openstack.wrappers.network [-] CIDR generated: 1.1.4.240/30
2019-11-27 09:16:45.009 5043 RALLYDEBUG rally_openstack.wrappers.network [-] CIDR generated: 1.1.4.244/30
2019-11-27 09:16:45.416 5007 RALLYDEBUG rally_openstack.wrappers.network [-] CIDR generated: 1.1.4.248/30
2019-11-27 09:16:45.779 5048 RALLYDEBUG rally_openstack.wrappers.network [-] CIDR generated: 1.1.4.252/30
2019-11-27 09:16:45.878 5024 INFO rally.task.runner [-] Task 42b5f550-8a24-431c-ae52-9cea7470be6e | ITER: 10 END: OK
2019-11-27 09:16:45.882 5024 INFO rally.task.runner [-] Task 42b5f550-8a24-431c-ae52-9cea7470be6e | ITER: 21 START
2019-11-27 09:16:45.883 5024 WARNING rally_openstack.scenarios.neutron.utils [-] Running this scenario without either the 'network' or 'existing_network' context is deprecated
2019-11-27 09:16:46.767 5024 RALLYDEBUG rally_openstack.wrappers.network [-] CIDR generated: 1.1.5.0/30
2019-11-27 09:16:46.867 5020 INFO rally.task.runner [-] Task 42b5f550-8a24-431c-ae52-9cea7470be6e | ITER: 9 END: OK
2019-11-27 09:16:46.871 5020 INFO rally.task.runner [-] Task 42b5f550-8a24-431c-ae52-9cea7470be6e | ITER: 22 START
2019-11-27 09:16:46.871 5020 WARNING rally_openstack.scenarios.neutron.utils [-] Running this scenario without either the 'network' or 'existing_network' context is deprecated
2019-11-27 09:16:46.899 5013 INFO rally.task.runner [-] Task 42b5f550-8a24-431c-ae52-9cea7470be6e | ITER: 7 END: OK
2019-11-27 09:16:46.903 5013 INFO rally.task.runner [-] Task 42b5f550-8a24-431c-ae52-9cea7470be6e | ITER: 23 START
2019-11-27 09:16:46.904 5013 WARNING rally_openstack.scenarios.neutron.utils [-] Running this scenario without either the 'network' or 'existing_network' context is deprecated
2019-11-27 09:16:47.075 5045 INFO rally.task.runner [-] Task 42b5f550-8a24-431c-ae52-9cea7470be6e | ITER: 17 END: OK
2019-11-27 09:16:47.079 5045 INFO rally.task.runner [-] Task 42b5f550-8a24-431c-ae52-9cea7470be6e | ITER: 24 START
2019-11-27 09:16:47.080 5045 WARNING rally_openstack.scenarios.neutron.utils [-] Running this scenario without either the 'network' or 'existing_network' context is deprecated
2019-11-27 09:16:47.199 5033 INFO rally.task.runner [-] Task 42b5f550-8a24-431c-ae52-9cea7470be6e | ITER: 13 END: OK
2019-11-27 09:16:47.203 5033 INFO rally.task.runner [-] Task 42b5f550-8a24-431c-ae52-9cea7470be6e | ITER: 25 START
2019-11-27 09:16:47.204 5033 WARNING rally_openstack.scenarios.neutron.utils [-] Running this scenario without either the 'network' or 'existing_network' context is deprecated
2019-11-27 09:16:47.425 5013 RALLYDEBUG rally_openstack.wrappers.network [-] CIDR generated: 1.1.5.4/30
2019-11-27 09:16:47.426 5027 INFO rally.task.runner [-] Task 42b5f550-8a24-431c-ae52-9cea7470be6e | ITER: 11 END: OK
2019-11-27 09:16:47.430 5027 INFO rally.task.runner [-] Task 42b5f550-8a24-431c-ae52-9cea7470be6e | ITER: 26 START
2019-11-27 09:16:47.431 5027 WARNING rally_openstack.scenarios.neutron.utils [-] Running this scenario without either the 'network' or 'existing_network' context is deprecated
2019-11-27 09:16:47.517 5020 RALLYDEBUG rally_openstack.wrappers.network [-] CIDR generated: 1.1.5.8/30
2019-11-27 09:16:47.695 5009 INFO rally.task.runner [-] Task 42b5f550-8a24-431c-ae52-9cea7470be6e | ITER: 6 END: OK
2019-11-27 09:16:47.699 5009 INFO rally.task.runner [-] Task 42b5f550-8a24-431c-ae52-9cea7470be6e | ITER: 27 START
2019-11-27 09:16:47.700 5009 WARNING rally_openstack.scenarios.neutron.utils [-] Running this scenario without either the 'network' or 'existing_network' context is deprecated
2019-11-27 09:16:47.911 5007 INFO rally.task.runner [-] Task 42b5f550-8a24-431c-ae52-9cea7470be6e | ITER: 2 END: OK
2019-11-27 09:16:47.914 5007 INFO rally.task.runner [-] Task 42b5f550-8a24-431c-ae52-9cea7470be6e | ITER: 28 START
2019-11-27 09:16:47.915 5007 WARNING rally_openstack.scenarios.neutron.utils [-] Running this scenario without either the 'network' or 'existing_network' context is deprecated
2019-11-27 09:16:47.927 5024 RALLYDEBUG rally_openstack.wrappers.network [-] CIDR generated: 1.1.5.12/30
2019-11-27 09:16:47.992 5027 RALLYDEBUG rally_openstack.wrappers.network [-] CIDR generated: 1.1.5.16/30
2019-11-27 09:16:48.081 5007 INFO rally.task.runner [-] Task 42b5f550-8a24-431c-ae52-9cea7470be6e | ITER: 1 END: OK
2019-11-27 09:16:48.083 5007 INFO rally.task.runner [-] Task 42b5f550-8a24-431c-ae52-9cea7470be6e | ITER: 29 START
2019-11-27 09:16:48.084 5007 WARNING rally_openstack.scenarios.neutron.utils [-] Running this scenario without either the 'network' or 'existing_network' context is deprecated
2019-11-27 09:16:48.103 5045 RALLYDEBUG rally_openstack.wrappers.network [-] CIDR generated: 1.1.5.20/30
2019-11-27 09:16:48.244 5055 INFO rally.task.runner [-] Task 42b5f550-8a24-431c-ae52-9cea7470be6e | ITER: 20 END: OK
2019-11-27 09:16:48.248 5055 INFO rally.task.runner [-] Task 42b5f550-8a24-431c-ae52-9cea7470be6e | ITER: 30 START
2019-11-27 09:16:48.248 5055 WARNING rally_openstack.scenarios.neutron.utils [-] Running this scenario without either the 'network' or 'existing_network' context is deprecated
2019-11-27 09:16:48.411 5033 RALLYDEBUG rally_openstack.wrappers.network [-] CIDR generated: 1.1.5.24/30
2019-11-27 09:16:48.489 5007 RALLYDEBUG rally_openstack.wrappers.network [-] CIDR generated: 1.1.5.28/30
2019-11-27 09:16:48.756 5009 RALLYDEBUG rally_openstack.wrappers.network [-] CIDR generated: 1.1.5.32/30
2019-11-27 09:16:48.891 5055 RALLYDEBUG rally_openstack.wrappers.network [-] CIDR generated: 1.1.5.36/30
2019-11-27 09:16:48.920 5007 RALLYDEBUG rally_openstack.wrappers.network [-] CIDR generated: 1.1.5.40/30
2019-11-27 09:16:49.179 5013 RALLYDEBUG rally_openstack.wrappers.network [-] CIDR generated: 1.1.5.44/30
2019-11-27 09:16:49.199 5020 RALLYDEBUG rally_openstack.wrappers.network [-] CIDR generated: 1.1.5.48/30
2019-11-27 09:16:49.312 5008 INFO rally.task.runner [-] Task 42b5f550-8a24-431c-ae52-9cea7470be6e | ITER: 3 END: OK
2019-11-27 09:16:49.316 5008 INFO rally.task.runner [-] Task 42b5f550-8a24-431c-ae52-9cea7470be6e | ITER: 31 START
2019-11-27 09:16:49.317 5008 WARNING rally_openstack.scenarios.neutron.utils [-] Running this scenario without either the 'network' or 'existing_network' context is deprecated
2019-11-27 09:16:49.356 5027 RALLYDEBUG rally_openstack.wrappers.network [-] CIDR generated: 1.1.5.52/30
2019-11-27 09:16:49.843 5008 RALLYDEBUG rally_openstack.wrappers.network [-] CIDR generated: 1.1.5.56/30
2019-11-27 09:16:50.069 5009 RALLYDEBUG rally_openstack.wrappers.network [-] CIDR generated: 1.1.5.60/30
2019-11-27 09:16:50.083 5007 RALLYDEBUG rally_openstack.wrappers.network [-] CIDR generated: 1.1.5.64/30
2019-11-27 09:16:50.309 5039 INFO rally.task.runner [-] Task 42b5f550-8a24-431c-ae52-9cea7470be6e | ITER: 15 END: OK
2019-11-27 09:16:50.313 5039 INFO rally.task.runner [-] Task 42b5f550-8a24-431c-ae52-9cea7470be6e | ITER: 32 START
2019-11-27 09:16:50.314 5039 WARNING rally_openstack.scenarios.neutron.utils [-] Running this scenario without either the 'network' or 'existing_network' context is deprecated
2019-11-27 09:16:50.541 5008 INFO rally.task.runner [-] Task 42b5f550-8a24-431c-ae52-9cea7470be6e | ITER: 4 END: OK
2019-11-27 09:16:50.544 5008 INFO rally.task.runner [-] Task 42b5f550-8a24-431c-ae52-9cea7470be6e | ITER: 33 START
2019-11-27 09:16:50.545 5008 WARNING rally_openstack.scenarios.neutron.utils [-] Running this scenario without either the 'network' or 'existing_network' context is deprecated
2019-11-27 09:16:50.668 5032 INFO rally.task.runner [-] Task 42b5f550-8a24-431c-ae52-9cea7470be6e | ITER: 12 END: OK
2019-11-27 09:16:50.673 5032 INFO rally.task.runner [-] Task 42b5f550-8a24-431c-ae52-9cea7470be6e | ITER: 34 START
2019-11-27 09:16:50.673 5032 WARNING rally_openstack.scenarios.neutron.utils [-] Running this scenario without either the 'network' or 'existing_network' context is deprecated
2019-11-27 09:16:50.771 5013 INFO rally.task.runner [-] Task 42b5f550-8a24-431c-ae52-9cea7470be6e | ITER: 8 END: OK
2019-11-27 09:16:50.774 5013 INFO rally.task.runner [-] Task 42b5f550-8a24-431c-ae52-9cea7470be6e | ITER: 35 START
2019-11-27 09:16:50.775 5013 WARNING rally_openstack.scenarios.neutron.utils [-] Running this scenario without either the 'network' or 'existing_network' context is deprecated
2019-11-27 09:16:50.814 5045 RALLYDEBUG rally_openstack.wrappers.network [-] CIDR generated: 1.1.5.68/30
2019-11-27 09:16:50.933 5007 RALLYDEBUG rally_openstack.wrappers.network [-] CIDR generated: 1.1.5.72/30
2019-11-27 09:16:50.965 5055 RALLYDEBUG rally_openstack.wrappers.network [-] CIDR generated: 1.1.5.76/30
2019-11-27 09:16:50.967 5034 INFO rally.task.runner [-] Task 42b5f550-8a24-431c-ae52-9cea7470be6e | ITER: 14 END: OK
2019-11-27 09:16:50.971 5034 INFO rally.task.runner [-] Task 42b5f550-8a24-431c-ae52-9cea7470be6e | ITER: 36 START
2019-11-27 09:16:50.972 5034 WARNING rally_openstack.scenarios.neutron.utils [-] Running this scenario without either the 'network' or 'existing_network' context is deprecated
2019-11-27 09:16:51.018 5039 RALLYDEBUG rally_openstack.wrappers.network [-] CIDR generated: 1.1.5.80/30
2019-11-27 09:16:51.256 5033 RALLYDEBUG rally_openstack.wrappers.network [-] CIDR generated: 1.1.5.84/30
2019-11-27 09:16:51.330 5043 INFO rally.task.runner [-] Task 42b5f550-8a24-431c-ae52-9cea7470be6e | ITER: 16 END: OK
2019-11-27 09:16:51.334 5043 INFO rally.task.runner [-] Task 42b5f550-8a24-431c-ae52-9cea7470be6e | ITER: 37 START
2019-11-27 09:16:51.335 5043 WARNING rally_openstack.scenarios.neutron.utils [-] Running this scenario without either the 'network' or 'existing_network' context is deprecated
2019-11-27 09:16:51.395 5008 RALLYDEBUG rally_openstack.wrappers.network [-] CIDR generated: 1.1.5.88/30
2019-11-27 09:16:51.424 5013 RALLYDEBUG rally_openstack.wrappers.network [-] CIDR generated: 1.1.5.92/30
2019-11-27 09:16:51.594 5034 RALLYDEBUG rally_openstack.wrappers.network [-] CIDR generated: 1.1.5.96/30
2019-11-27 09:16:52.062 5032 RALLYDEBUG rally_openstack.wrappers.network [-] CIDR generated: 1.1.5.100/30
2019-11-27 09:16:52.258 5008 RALLYDEBUG rally_openstack.wrappers.network [-] CIDR generated: 1.1.5.104/30
2019-11-27 09:16:52.407 5009 INFO rally.task.runner [-] Task 42b5f550-8a24-431c-ae52-9cea7470be6e | ITER: 5 END: OK
2019-11-27 09:16:52.410 5009 INFO rally.task.runner [-] Task 42b5f550-8a24-431c-ae52-9cea7470be6e | ITER: 38 START
2019-11-27 09:16:52.411 5009 WARNING rally_openstack.scenarios.neutron.utils [-] Running this scenario without either the 'network' or 'existing_network' context is deprecated
2019-11-27 09:16:52.500 5013 RALLYDEBUG rally_openstack.wrappers.network [-] CIDR generated: 1.1.5.108/30
2019-11-27 09:16:52.687 5043 RALLYDEBUG rally_openstack.wrappers.network [-] CIDR generated: 1.1.5.112/30
2019-11-27 09:16:53.011 5009 RALLYDEBUG rally_openstack.wrappers.network [-] CIDR generated: 1.1.5.116/30
2019-11-27 09:16:53.028 5051 INFO rally.task.runner [-] Task 42b5f550-8a24-431c-ae52-9cea7470be6e | ITER: 19 END: OK
2019-11-27 09:16:53.032 5051 INFO rally.task.runner [-] Task 42b5f550-8a24-431c-ae52-9cea7470be6e | ITER: 39 START
2019-11-27 09:16:53.033 5051 WARNING rally_openstack.scenarios.neutron.utils [-] Running this scenario without either the 'network' or 'existing_network' context is deprecated
2019-11-27 09:16:53.365 5008 RALLYDEBUG rally_openstack.wrappers.network [-] CIDR generated: 1.1.5.120/30
2019-11-27 09:16:53.906 5048 INFO rally.task.runner [-] Task 42b5f550-8a24-431c-ae52-9cea7470be6e | ITER: 18 END: OK
2019-11-27 09:16:53.910 5048 INFO rally.task.runner [-] Task 42b5f550-8a24-431c-ae52-9cea7470be6e | ITER: 40 START
2019-11-27 09:16:53.911 5048 WARNING rally_openstack.scenarios.neutron.utils [-] Running this scenario without either the 'network' or 'existing_network' context is deprecated
2019-11-27 09:16:54.063 5039 RALLYDEBUG rally_openstack.wrappers.network [-] CIDR generated: 1.1.5.124/30
2019-11-27 09:16:54.218 5051 RALLYDEBUG rally_openstack.wrappers.network [-] CIDR generated: 1.1.5.128/30
2019-11-27 09:16:54.441 5048 RALLYDEBUG rally_openstack.wrappers.network [-] CIDR generated: 1.1.5.132/30
2019-11-27 09:16:54.471 5027 INFO rally.task.runner [-] Task 42b5f550-8a24-431c-ae52-9cea7470be6e | ITER: 26 END: OK
2019-11-27 09:16:54.478 5034 RALLYDEBUG rally_openstack.wrappers.network [-] CIDR generated: 1.1.5.136/30
2019-11-27 09:16:54.784 5009 INFO rally.task.runner [-] Task 42b5f550-8a24-431c-ae52-9cea7470be6e | ITER: 27 END: OK
2019-11-27 09:16:54.945 5009 RALLYDEBUG rally_openstack.wrappers.network [-] CIDR generated: 1.1.5.140/30
2019-11-27 09:16:55.077 5024 INFO rally.task.runner [-] Task 42b5f550-8a24-431c-ae52-9cea7470be6e | ITER: 21 END: OK
2019-11-27 09:16:55.165 5020 INFO rally.task.runner [-] Task 42b5f550-8a24-431c-ae52-9cea7470be6e | ITER: 22 END: OK
2019-11-27 09:16:55.208 5051 RALLYDEBUG rally_openstack.wrappers.network [-] CIDR generated: 1.1.5.144/30
2019-11-27 09:16:55.234 5007 INFO rally.task.runner [-] Task 42b5f550-8a24-431c-ae52-9cea7470be6e | ITER: 28 END: OK
2019-11-27 09:16:55.371 5008 INFO rally.task.runner [-] Task 42b5f550-8a24-431c-ae52-9cea7470be6e | ITER: 31 END: OK
2019-11-27 09:16:55.387 5055 INFO rally.task.runner [-] Task 42b5f550-8a24-431c-ae52-9cea7470be6e | ITER: 30 END: OK
2019-11-27 09:16:55.503 5032 RALLYDEBUG rally_openstack.wrappers.network [-] CIDR generated: 1.1.5.148/30
2019-11-27 09:16:55.513 5048 RALLYDEBUG rally_openstack.wrappers.network [-] CIDR generated: 1.1.5.152/30
2019-11-27 09:16:55.603 5045 INFO rally.task.runner [-] Task 42b5f550-8a24-431c-ae52-9cea7470be6e | ITER: 24 END: OK
2019-11-27 09:16:55.635 5043 RALLYDEBUG rally_openstack.wrappers.network [-] CIDR generated: 1.1.5.156/30
2019-11-27 09:16:56.390 5007 INFO rally.task.runner [-] Task 42b5f550-8a24-431c-ae52-9cea7470be6e | ITER: 29 END: OK
2019-11-27 09:16:56.625 5033 INFO rally.task.runner [-] Task 42b5f550-8a24-431c-ae52-9cea7470be6e | ITER: 25 END: OK
2019-11-27 09:16:56.897 5013 INFO rally.task.runner [-] Task 42b5f550-8a24-431c-ae52-9cea7470be6e | ITER: 35 END: OK
2019-11-27 09:16:57.035 5013 INFO rally.task.runner [-] Task 42b5f550-8a24-431c-ae52-9cea7470be6e | ITER: 23 END: OK
2019-11-27 09:16:57.292 5048 INFO rally.task.runner [-] Task 42b5f550-8a24-431c-ae52-9cea7470be6e | ITER: 40 END: OK
2019-11-27 09:16:57.843 5051 INFO rally.task.runner [-] Task 42b5f550-8a24-431c-ae52-9cea7470be6e | ITER: 39 END: OK
2019-11-27 09:16:58.308 5032 INFO rally.task.runner [-] Task 42b5f550-8a24-431c-ae52-9cea7470be6e | ITER: 34 END: OK
2019-11-27 09:16:58.544 5039 INFO rally.task.runner [-] Task 42b5f550-8a24-431c-ae52-9cea7470be6e | ITER: 32 END: OK
2019-11-27 09:16:59.018 5008 INFO rally.task.runner [-] Task 42b5f550-8a24-431c-ae52-9cea7470be6e | ITER: 33 END: OK
2019-11-27 09:17:00.110 5009 INFO rally.task.runner [-] Task 42b5f550-8a24-431c-ae52-9cea7470be6e | ITER: 38 END: OK
2019-11-27 09:17:00.229 5034 INFO rally.task.runner [-] Task 42b5f550-8a24-431c-ae52-9cea7470be6e | ITER: 36 END: OK
2019-11-27 09:17:00.607 5043 INFO rally.task.runner [-] Task 42b5f550-8a24-431c-ae52-9cea7470be6e | ITER: 37 END: OK
2019-11-27 09:17:00.634 2813 INFO rally.task.context [-] Task 42b5f550-8a24-431c-ae52-9cea7470be6e | Context cleanup@openstack cleanup() started
2019-11-27 09:17:00.638 2813 RALLYDEBUG rally_openstack.cleanup.manager [-] Cleaning up neutron vip objects
2019-11-27 09:17:01.012 2813 RALLYDEBUG rally_openstack.cleanup.manager [-] Cleaning up neutron health_monitor objects
2019-11-27 09:17:01.371 2813 RALLYDEBUG rally_openstack.cleanup.manager [-] Cleaning up neutron pool objects
2019-11-27 09:17:01.740 2813 RALLYDEBUG rally_openstack.cleanup.manager [-] Cleaning up neutron loadbalancer objects
2019-11-27 09:17:02.089 2813 RALLYDEBUG rally_openstack.cleanup.manager [-] Cleaning up neutron floatingip objects
2019-11-27 09:17:02.479 2813 RALLYDEBUG rally_openstack.cleanup.manager [-] Cleaning up neutron trunk objects
2019-11-27 09:17:02.849 2813 RALLYDEBUG rally_openstack.cleanup.manager [-] Cleaning up neutron port objects
2019-11-27 09:17:03.656 2813 RALLYDEBUG rally_openstack.cleanup.manager [-] Cleaning up neutron subnet objects
2019-11-27 09:17:04.061 2813 RALLYDEBUG rally_openstack.cleanup.manager [-] Cleaning up neutron network objects
2019-11-27 09:17:04.621 2813 RALLYDEBUG rally_openstack.cleanup.manager [-] Deleting neutron.network object s_rally_46e7a2ee_sVhpxt9x (08274607-7579-4306-a311-753128df597c)
2019-11-27 09:17:04.631 2813 RALLYDEBUG rally_openstack.cleanup.manager [-] Deleting neutron.network object s_rally_46e7a2ee_jBFIq30w (1492dddc-8a7d-4536-a6d1-e068b1416325)
2019-11-27 09:17:04.641 2813 RALLYDEBUG rally_openstack.cleanup.manager [-] Deleting neutron.network object s_rally_46e7a2ee_AplXCzXi (1a7fda21-8a1c-4eea-b31e-9db688e49cdd)
2019-11-27 09:17:04.645 2813 RALLYDEBUG rally_openstack.cleanup.manager [-] Deleting neutron.network object s_rally_46e7a2ee_1H0iWlk4 (2a61682c-b875-422d-ac9b-9c6a82d3d860)
2019-11-27 09:17:04.653 2813 RALLYDEBUG rally_openstack.cleanup.manager [-] Deleting neutron.network object s_rally_46e7a2ee_bmpmhEcs (3375059f-2917-48ab-9e8d-93e3b426c4e4)
2019-11-27 09:17:04.664 2813 RALLYDEBUG rally_openstack.cleanup.manager [-] Deleting neutron.network object s_rally_46e7a2ee_hadzrptl (35a5c312-0d8f-4b3f-ad52-c56105ca07c5)
2019-11-27 09:17:04.668 2813 RALLYDEBUG rally_openstack.cleanup.manager [-] Deleting neutron.network object s_rally_46e7a2ee_uAJho7Gv (44a50149-08bd-4bd0-a220-fe6751c36b14)
2019-11-27 09:17:04.679 2813 RALLYDEBUG rally_openstack.cleanup.manager [-] Deleting neutron.network object s_rally_46e7a2ee_F0mcsrWw (46231baf-ed9f-4e05-a09f-0fd672c05136)
2019-11-27 09:17:04.690 2813 RALLYDEBUG rally_openstack.cleanup.manager [-] Deleting neutron.network object s_rally_46e7a2ee_PlWvWRNr (47808288-816d-4f76-8a44-8a73c881af98)
2019-11-27 09:17:04.721 2813 RALLYDEBUG rally_openstack.cleanup.manager [-] Deleting neutron.network object s_rally_46e7a2ee_ggH7usAf (4c9fdfc2-5c14-4c09-9810-4278d4c868c2)
2019-11-27 09:17:04.733 2813 RALLYDEBUG rally_openstack.cleanup.manager [-] Deleting neutron.network object s_rally_46e7a2ee_T74oq0tp (4d186a87-1a00-453a-a991-fb2f0febf333)
2019-11-27 09:17:04.750 2813 RALLYDEBUG rally_openstack.cleanup.manager [-] Deleting neutron.network object s_rally_46e7a2ee_oTH1sZ48 (5320befe-ea39-4da0-b7a9-798d5cb519ad)
2019-11-27 09:17:04.764 2813 RALLYDEBUG rally_openstack.cleanup.manager [-] Deleting neutron.network object s_rally_46e7a2ee_xesiotQH (53c7c188-b283-43bc-9909-eb350ca4a31f)
2019-11-27 09:17:04.776 2813 RALLYDEBUG rally_openstack.cleanup.manager [-] Deleting neutron.network object s_rally_46e7a2ee_db4Xu4l3 (55a6fb56-e917-450c-b6db-385cc595e8bf)
2019-11-27 09:17:04.804 2813 RALLYDEBUG rally_openstack.cleanup.manager [-] Deleting neutron.network object s_rally_46e7a2ee_qaGr9SqN (569d0ec6-3af8-4ef7-8d2f-d8e378fe30b2)
2019-11-27 09:17:04.818 2813 RALLYDEBUG rally_openstack.cleanup.manager [-] Deleting neutron.network object s_rally_46e7a2ee_GX9AnDd2 (6fa4f0c4-c7f4-4da9-9728-18934e770748)
2019-11-27 09:17:04.824 2813 RALLYDEBUG rally_openstack.cleanup.manager [-] Deleting neutron.network object s_rally_46e7a2ee_P6GwCCaG (73a538ef-c5eb-427d-8710-394377d9013a)
2019-11-27 09:17:04.832 2813 RALLYDEBUG rally_openstack.cleanup.manager [-] Deleting neutron.network object s_rally_46e7a2ee_FXoFRGXk (756dad4b-0362-4d66-8ff7-f46f3f124baa)
2019-11-27 09:17:04.841 2813 RALLYDEBUG rally_openstack.cleanup.manager [-] Deleting neutron.network object s_rally_46e7a2ee_69JPUaK2 (77802b8e-4c99-417f-be06-9765434e5af2)
2019-11-27 09:17:04.849 2813 RALLYDEBUG rally_openstack.cleanup.manager [-] Deleting neutron.network object s_rally_46e7a2ee_qYGWxlIy (794cd5b6-02a5-4400-ac95-aba0113082fd)
2019-11-27 09:17:06.828 2813 RALLYDEBUG rally_openstack.cleanup.manager [-] Deleting neutron.network object s_rally_46e7a2ee_odIRQuTd (7b112702-dbac-404e-a6f5-77ad7fd92ad6)
2019-11-27 09:17:06.912 2813 RALLYDEBUG rally_openstack.cleanup.manager [-] Deleting neutron.network object s_rally_46e7a2ee_LdAlkr8C (81948e1d-9298-4a25-bc3c-bdce158ba2d2)
2019-11-27 09:17:06.961 2813 RALLYDEBUG rally_openstack.cleanup.manager [-] Deleting neutron.network object s_rally_46e7a2ee_7rMYksD1 (835997a9-2e93-49a0-9361-49b0ee82c064)
2019-11-27 09:17:07.037 2813 RALLYDEBUG rally_openstack.cleanup.manager [-] Deleting neutron.network object s_rally_46e7a2ee_iuJZlN6t (8689a499-06ac-4426-b0db-965108d1da05)
2019-11-27 09:17:07.178 2813 RALLYDEBUG rally_openstack.cleanup.manager [-] Deleting neutron.network object s_rally_46e7a2ee_TXsALKg7 (89ac70fe-2b79-4470-a1a7-879ac81e7754)
2019-11-27 09:17:07.203 2813 RALLYDEBUG rally_openstack.cleanup.manager [-] Deleting neutron.network object s_rally_46e7a2ee_NH1TYWMA (97b3b93a-a93f-4476-a2d0-3ba14578377f)
2019-11-27 09:17:07.206 2813 RALLYDEBUG rally_openstack.cleanup.manager [-] Deleting neutron.network object s_rally_46e7a2ee_r7DVMiIn (9e5a65d3-ee85-40af-95f3-f88f9c7d0ce9)
2019-11-27 09:17:07.396 2813 RALLYDEBUG rally_openstack.cleanup.manager [-] Deleting neutron.network object s_rally_46e7a2ee_Owr5cd1Y (a3547872-68ef-492b-8ce5-f9274d93f368)
2019-11-27 09:17:07.405 2813 RALLYDEBUG rally_openstack.cleanup.manager [-] Deleting neutron.network object s_rally_46e7a2ee_dauaCHoy (b0197185-59dc-4888-a496-b671383a6371)
2019-11-27 09:17:07.556 2813 RALLYDEBUG rally_openstack.cleanup.manager [-] Deleting neutron.network object s_rally_46e7a2ee_bGAF3v4S (b2e19b1d-c0fc-4f55-86d5-4788b42fea54)
2019-11-27 09:17:07.587 2813 RALLYDEBUG rally_openstack.cleanup.manager [-] Deleting neutron.network object s_rally_46e7a2ee_VvtswcID (ba9d5900-04e5-4553-95ff-9e407cb3721c)
2019-11-27 09:17:07.614 2813 RALLYDEBUG rally_openstack.cleanup.manager [-] Deleting neutron.network object s_rally_46e7a2ee_5AaC3aiK (c5407729-7631-476d-80c0-731ba551d185)
2019-11-27 09:17:07.651 2813 RALLYDEBUG rally_openstack.cleanup.manager [-] Deleting neutron.network object s_rally_46e7a2ee_eE4nLWi3 (e399be10-d0ee-4cdb-81fe-2a648f04d9b3)
2019-11-27 09:17:07.675 2813 RALLYDEBUG rally_openstack.cleanup.manager [-] Deleting neutron.network object s_rally_46e7a2ee_wQsfxSCf (f21a759f-afe5-4abb-8ee2-bb62cc661e90)
2019-11-27 09:17:07.726 2813 RALLYDEBUG rally_openstack.cleanup.manager [-] Deleting neutron.network object s_rally_46e7a2ee_rqyFU9NP (f6b023aa-d357-476a-888b-3538fe980a16)
2019-11-27 09:17:07.736 2813 RALLYDEBUG rally_openstack.cleanup.manager [-] Deleting neutron.network object s_rally_46e7a2ee_sjQryISI (f9fc4f1b-36ce-43dc-835f-e4cc3bd5f406)
2019-11-27 09:17:07.936 2813 RALLYDEBUG rally_openstack.cleanup.manager [-] Deleting neutron.network object s_rally_46e7a2ee_aqfQknf1 (fb176a7b-99f2-4dfa-9eda-c2c6cfb566c3)
2019-11-27 09:17:07.948 2813 RALLYDEBUG rally_openstack.cleanup.manager [-] Deleting neutron.network object s_rally_46e7a2ee_mVrHxRH7 (fd3bcd86-17b3-4221-ac28-0e5ae7884ff3)
2019-11-27 09:17:08.066 2813 RALLYDEBUG rally_openstack.cleanup.manager [-] Deleting neutron.network object s_rally_46e7a2ee_CVZ2lRQZ (fd6d0110-15a4-41d7-959f-afee3f1c38c6)
2019-11-27 09:17:08.353 2813 RALLYDEBUG rally_openstack.cleanup.manager [-] Deleting neutron.network object s_rally_46e7a2ee_DOZznj2I (fdc6f8a0-fb1c-4ef1-859c-1aa43949e4e8)
2019-11-27 09:17:10.872 2813 RALLYDEBUG rally_openstack.cleanup.manager [-] Cleaning up neutron router objects
2019-11-27 09:17:11.289 2813 RALLYDEBUG rally_openstack.cleanup.manager [-] Cleaning up neutron security_group objects
2019-11-27 09:17:11.730 2813 INFO rally.task.context [-] Task 42b5f550-8a24-431c-ae52-9cea7470be6e | Context cleanup@openstack cleanup() finished in 11.10 sec
2019-11-27 09:17:11.730 2813 INFO rally.task.context [-] Task 42b5f550-8a24-431c-ae52-9cea7470be6e | Context quotas@openstack cleanup() started
2019-11-27 09:17:11.807 2813 INFO rally.task.context [-] Task 42b5f550-8a24-431c-ae52-9cea7470be6e | Context quotas@openstack cleanup() finished in 76.80 msec
2019-11-27 09:17:11.808 2813 INFO rally.task.context [-] Task 42b5f550-8a24-431c-ae52-9cea7470be6e | Context users@openstack cleanup() started
2019-11-27 09:17:14.476 2813 INFO rally.task.context [-] Task 42b5f550-8a24-431c-ae52-9cea7470be6e | Context users@openstack cleanup() finished in 2.67 sec
2019-11-27 09:17:15.478 2813 INFO rally.task.engine [-] Load duration is: 20.02232
2019-11-27 09:17:15.479 2813 INFO rally.task.engine [-] Full runner duration is: 20.073128
2019-11-27 09:17:15.479 2813 INFO rally.task.engine [-] Full duration is: 37.178097
2019-11-27 09:17:15.924 2813 INFO rally.task.engine [-] Running workload: position = 0 config = { "version": 2, "title": "A cropped version of a bigger task.", "description": "Auto-generated task from a single workload (uuid=e0e7e2ec-65c4-4e33-9105-c6f796e1bf4e)", "subtasks": [ { "title": "NeutronNetworks.create_and_list_routers", "description": "Create and a given number of routers and list all routers.", "scenario": { "NeutronNetworks.create_and_list_routers": { "network_create_args": null, "subnet_create_args": null, "subnet_cidr_start": "1.1.0.0/30", "subnets_per_network": 2, "router_create_args": null } }, "contexts": { "users": { "tenants": 1, "users_per_tenant": 1 }, "quotas": { "neutron": { "network": -1, "subnet": -1, "router": -1 } } }, "runner": { "constant": { "times": 40, "concurrency": 20 } }, "hooks": [], "sla": { "failure_rate": { "max": 0 } } } ] }
2019-11-27 09:17:15.950 2813 RALLYDEBUG rally_openstack.contexts.keystone.users [-] Creating 1 tenants using 20 threads
2019-11-27 09:17:16.896 2813 RALLYDEBUG rally_openstack.contexts.keystone.users [-] Creating 1 users using 20 threads
2019-11-27 09:17:18.285 2813 INFO rally.task.context [-] Task 42b5f550-8a24-431c-ae52-9cea7470be6e | Context users@openstack setup() finished in 2.34 sec
2019-11-27 09:17:18.845 2813 INFO rally.task.context [-] Task 42b5f550-8a24-431c-ae52-9cea7470be6e | Context quotas@openstack setup() finished in 0.56 sec
2019-11-27 09:17:18.845 2813 INFO rally.task.context [-] Task 42b5f550-8a24-431c-ae52-9cea7470be6e | Context cleanup@openstack setup() finished in 0.01 msec
2019-11-27 09:17:18.854 2813 RALLYDEBUG rally.task.runner [-] Starting the constant runner (task UUID: 42b5f550-8a24-431c-ae52-9cea7470be6e). times: 40 concurrency: 20 timeout: 0 max_cpu_used: 16 processes_to_start: 16 concurrency_per_worker: 1 concurrency_overhead: 4
2019-11-27 09:17:18.865 5397 RALLYDEBUG rally.task.runner [-] Starting a worker. times: 40 duration: None concurrency: 2 timeout: 0 cls: method_name: run args: {"network_create_args": null, "subnet_create_args": null, "subnet_cidr_start": "1.1.0.0/30", "subnets_per_network": 2, "router_create_args": null}
2019-11-27 09:17:18.869 5398 RALLYDEBUG rally.task.runner [-] Starting a worker. times: 40 duration: None concurrency: 2 timeout: 0 cls: method_name: run args: {"network_create_args": null, "subnet_create_args": null, "subnet_cidr_start": "1.1.0.0/30", "subnets_per_network": 2, "router_create_args": null}
2019-11-27 09:17:18.871 5397 INFO rally.task.runner [-] Task 42b5f550-8a24-431c-ae52-9cea7470be6e | ITER: 1 START
2019-11-27 09:17:18.872 5399 RALLYDEBUG rally.task.runner [-] Starting a worker. times: 40 duration: None concurrency: 2 timeout: 0 cls: method_name: run args: {"network_create_args": null, "subnet_create_args": null, "subnet_cidr_start": "1.1.0.0/30", "subnets_per_network": 2, "router_create_args": null}
2019-11-27 09:17:18.874 5398 INFO rally.task.runner [-] Task 42b5f550-8a24-431c-ae52-9cea7470be6e | ITER: 2 START
2019-11-27 09:17:18.875 5402 RALLYDEBUG rally.task.runner [-] Starting a worker. times: 40 duration: None concurrency: 2 timeout: 0 cls: method_name: run args: {"network_create_args": null, "subnet_create_args": null, "subnet_cidr_start": "1.1.0.0/30", "subnets_per_network": 2, "router_create_args": null}
2019-11-27 09:17:18.879 5397 INFO rally.task.runner [-] Task 42b5f550-8a24-431c-ae52-9cea7470be6e | ITER: 3 START
2019-11-27 09:17:18.879 5405 RALLYDEBUG rally.task.runner [-] Starting a worker. times: 40 duration: None concurrency: 1 timeout: 0 cls: method_name: run args: {"network_create_args": null, "subnet_create_args": null, "subnet_cidr_start": "1.1.0.0/30", "subnets_per_network": 2, "router_create_args": null}
2019-11-27 09:17:18.881 5399 INFO rally.task.runner [-] Task 42b5f550-8a24-431c-ae52-9cea7470be6e | ITER: 4 START
2019-11-27 09:17:18.883 5406 RALLYDEBUG rally.task.runner [-] Starting a worker. times: 40 duration: None concurrency: 1 timeout: 0 cls: method_name: run args: {"network_create_args": null, "subnet_create_args": null, "subnet_cidr_start": "1.1.0.0/30", "subnets_per_network": 2, "router_create_args": null}
2019-11-27 09:17:18.887 5410 RALLYDEBUG rally.task.runner [-] Starting a worker. times: 40 duration: None concurrency: 1 timeout: 0 cls: method_name: run args: {"network_create_args": null, "subnet_create_args": null, "subnet_cidr_start": "1.1.0.0/30", "subnets_per_network": 2, "router_create_args": null}
2019-11-27 09:17:18.889 5398 INFO rally.task.runner [-] Task 42b5f550-8a24-431c-ae52-9cea7470be6e | ITER: 5 START
2019-11-27 09:17:18.891 5411 RALLYDEBUG rally.task.runner [-] Starting a worker. times: 40 duration: None concurrency: 1 timeout: 0 cls: method_name: run args: {"network_create_args": null, "subnet_create_args": null, "subnet_cidr_start": "1.1.0.0/30", "subnets_per_network": 2, "router_create_args": null}
2019-11-27 09:17:18.892 5410 INFO rally.task.runner [-] Task 42b5f550-8a24-431c-ae52-9cea7470be6e | ITER: 10 START
2019-11-27 09:17:18.892 5405 INFO rally.task.runner [-] Task 42b5f550-8a24-431c-ae52-9cea7470be6e | ITER: 8 START
2019-11-27 09:17:18.893 5406 INFO rally.task.runner [-] Task 42b5f550-8a24-431c-ae52-9cea7470be6e | ITER: 9 START
2019-11-27 09:17:18.893 5402 INFO rally.task.runner [-] Task 42b5f550-8a24-431c-ae52-9cea7470be6e | ITER: 6 START
2019-11-27 09:17:18.896 5414 RALLYDEBUG rally.task.runner [-] Starting a worker. times: 40 duration: None concurrency: 1 timeout: 0 cls: method_name: run args: {"network_create_args": null, "subnet_create_args": null, "subnet_cidr_start": "1.1.0.0/30", "subnets_per_network": 2, "router_create_args": null}
2019-11-27 09:17:18.898 5411 INFO rally.task.runner [-] Task 42b5f550-8a24-431c-ae52-9cea7470be6e | ITER: 12 START
2019-11-27 09:17:18.897 5399 INFO rally.task.runner [-] Task 42b5f550-8a24-431c-ae52-9cea7470be6e | ITER: 7 START
2019-11-27 09:17:18.899 5424 RALLYDEBUG rally.task.runner [-] Starting a worker. times: 40 duration: None concurrency: 1 timeout: 0 cls: method_name: run args: {"network_create_args": null, "subnet_create_args": null, "subnet_cidr_start": "1.1.0.0/30", "subnets_per_network": 2, "router_create_args": null}
2019-11-27 09:17:18.901 5414 INFO rally.task.runner [-] Task 42b5f550-8a24-431c-ae52-9cea7470be6e | ITER: 13 START
2019-11-27 09:17:18.905 5424 INFO rally.task.runner [-] Task 42b5f550-8a24-431c-ae52-9cea7470be6e | ITER: 14 START
2019-11-27 09:17:18.904 5427 RALLYDEBUG rally.task.runner [-] Starting a worker. times: 40 duration: None concurrency: 1 timeout: 0 cls: method_name: run args: {"network_create_args": null, "subnet_create_args": null, "subnet_cidr_start": "1.1.0.0/30", "subnets_per_network": 2, "router_create_args": null}
2019-11-27 09:17:18.894 5402 INFO rally.task.runner [-] Task 42b5f550-8a24-431c-ae52-9cea7470be6e | ITER: 11 START
2019-11-27 09:17:18.911 5427 INFO rally.task.runner [-] Task 42b5f550-8a24-431c-ae52-9cea7470be6e | ITER: 15 START
2019-11-27 09:17:18.913 5432 RALLYDEBUG rally.task.runner [-] Starting a worker. times: 40 duration: None concurrency: 1 timeout: 0 cls: method_name: run args: {"network_create_args": null, "subnet_create_args": null, "subnet_cidr_start": "1.1.0.0/30", "subnets_per_network": 2, "router_create_args": null}
2019-11-27 09:17:18.917 5435 RALLYDEBUG rally.task.runner [-] Starting a worker. times: 40 duration: None concurrency: 1 timeout: 0 cls: method_name: run args: {"network_create_args": null, "subnet_create_args": null, "subnet_cidr_start": "1.1.0.0/30", "subnets_per_network": 2, "router_create_args": null}
2019-11-27 09:17:18.919 5432 INFO rally.task.runner [-] Task 42b5f550-8a24-431c-ae52-9cea7470be6e | ITER: 16 START
2019-11-27 09:17:18.923 5435 INFO rally.task.runner [-] Task 42b5f550-8a24-431c-ae52-9cea7470be6e | ITER: 17 START
2019-11-27 09:17:18.927 5440 RALLYDEBUG rally.task.runner [-] Starting a worker. times: 40 duration: None concurrency: 1 timeout: 0 cls: method_name: run args: {"network_create_args": null, "subnet_create_args": null, "subnet_cidr_start": "1.1.0.0/30", "subnets_per_network": 2, "router_create_args": null}
2019-11-27 09:17:18.932 5440 INFO rally.task.runner [-] Task 42b5f550-8a24-431c-ae52-9cea7470be6e | ITER: 18 START
2019-11-27 09:17:18.933 5441 RALLYDEBUG rally.task.runner [-] Starting a worker. times: 40 duration: None concurrency: 1 timeout: 0 cls: method_name: run args: {"network_create_args": null, "subnet_create_args": null, "subnet_cidr_start": "1.1.0.0/30", "subnets_per_network": 2, "router_create_args": null}
2019-11-27 09:17:18.936 5444 RALLYDEBUG rally.task.runner [-] Starting a worker. times: 40 duration: None concurrency: 1 timeout: 0 cls: method_name: run args: {"network_create_args": null, "subnet_create_args": null, "subnet_cidr_start": "1.1.0.0/30", "subnets_per_network": 2, "router_create_args": null}
2019-11-27 09:17:18.937 5441 INFO rally.task.runner [-] Task 42b5f550-8a24-431c-ae52-9cea7470be6e | ITER: 19 START
2019-11-27 09:17:18.939 5444 INFO rally.task.runner [-] Task 42b5f550-8a24-431c-ae52-9cea7470be6e | ITER: 20 START
2019-11-27 09:17:19.612 5405 RALLYDEBUG rally_openstack.wrappers.network [-] CIDR generated: 1.1.5.160/30
2019-11-27 09:17:19.665 5399 RALLYDEBUG rally_openstack.wrappers.network [-] CIDR generated: 1.1.5.164/30
2019-11-27 09:17:19.683 5432 RALLYDEBUG rally_openstack.wrappers.network [-] CIDR generated: 1.1.5.168/30
2019-11-27 09:17:19.695 5424 RALLYDEBUG rally_openstack.wrappers.network [-] CIDR generated: 1.1.5.172/30
2019-11-27 09:17:19.833 5402 RALLYDEBUG rally_openstack.wrappers.network [-] CIDR generated: 1.1.5.176/30
2019-11-27 09:17:19.858 5441 RALLYDEBUG rally_openstack.wrappers.network [-] CIDR generated: 1.1.5.180/30
2019-11-27 09:17:19.933 5399 RALLYDEBUG rally_openstack.wrappers.network [-] CIDR generated: 1.1.5.184/30
2019-11-27 09:17:19.950 5398 RALLYDEBUG rally_openstack.wrappers.network [-] CIDR generated: 1.1.5.188/30
2019-11-27 09:17:19.973 5435 RALLYDEBUG rally_openstack.wrappers.network [-] CIDR generated: 1.1.5.192/30
2019-11-27 09:17:19.979 5406 RALLYDEBUG rally_openstack.wrappers.network [-] CIDR generated: 1.1.5.196/30
2019-11-27 09:17:20.068 5427 RALLYDEBUG rally_openstack.wrappers.network [-] CIDR generated: 1.1.5.200/30
2019-11-27 09:17:20.116 5402 RALLYDEBUG rally_openstack.wrappers.network [-] CIDR generated: 1.1.5.204/30
2019-11-27 09:17:20.185 5440 RALLYDEBUG rally_openstack.wrappers.network [-] CIDR generated: 1.1.5.208/30
2019-11-27 09:17:20.320 5397 RALLYDEBUG rally_openstack.wrappers.network [-] CIDR generated: 1.1.5.212/30
2019-11-27 09:17:20.323 5444 RALLYDEBUG rally_openstack.wrappers.network [-] CIDR generated: 1.1.5.216/30
2019-11-27 09:17:20.380 5411 RALLYDEBUG rally_openstack.wrappers.network [-] CIDR generated: 1.1.5.220/30
2019-11-27 09:17:20.387 5414 RALLYDEBUG rally_openstack.wrappers.network [-] CIDR generated: 1.1.5.224/30
2019-11-27 09:17:20.391 5397 RALLYDEBUG rally_openstack.wrappers.network [-] CIDR generated: 1.1.5.228/30
2019-11-27 09:17:20.414 5410 RALLYDEBUG rally_openstack.wrappers.network [-] CIDR generated: 1.1.5.232/30
2019-11-27 09:17:20.430 5424 RALLYDEBUG rally_openstack.wrappers.network [-] CIDR generated: 1.1.5.236/30
2019-11-27 09:17:20.586 5406 RALLYDEBUG rally_openstack.wrappers.network [-] CIDR generated: 1.1.5.240/30
2019-11-27 09:17:20.763 5399 RALLYDEBUG rally_openstack.wrappers.network [-] CIDR generated: 1.1.5.244/30
2019-11-27 09:17:20.791 5398 RALLYDEBUG rally_openstack.wrappers.network [-] CIDR generated: 1.1.5.248/30
2019-11-27 09:17:20.867 5441 RALLYDEBUG rally_openstack.wrappers.network [-] CIDR generated: 1.1.5.252/30
2019-11-27 09:17:20.934 5440 RALLYDEBUG rally_openstack.wrappers.network [-] CIDR generated: 1.1.6.0/30
2019-11-27 09:17:21.297 5405 RALLYDEBUG rally_openstack.wrappers.network [-] CIDR generated: 1.1.6.4/30
2019-11-27 09:17:21.386 5432 RALLYDEBUG rally_openstack.wrappers.network [-] CIDR generated: 1.1.6.8/30
2019-11-27 09:17:21.589 5427 RALLYDEBUG rally_openstack.wrappers.network [-] CIDR generated: 1.1.6.12/30
2019-11-27 09:17:21.908 5402 RALLYDEBUG rally_openstack.wrappers.network [-] CIDR generated: 1.1.6.16/30
2019-11-27 09:17:21.981 5435 RALLYDEBUG rally_openstack.wrappers.network [-] CIDR generated: 1.1.6.20/30
2019-11-27 09:17:22.177 5402 RALLYDEBUG rally_openstack.wrappers.network [-] CIDR generated: 1.1.6.24/30
2019-11-27 09:17:22.231 5399 RALLYDEBUG rally_openstack.wrappers.network [-] CIDR generated: 1.1.6.28/30
2019-11-27 09:17:22.237 5397 RALLYDEBUG rally_openstack.wrappers.network [-] CIDR generated: 1.1.6.32/30
2019-11-27 09:17:22.269 5414 RALLYDEBUG rally_openstack.wrappers.network [-] CIDR generated: 1.1.6.36/30
2019-11-27 09:17:22.318 5410 RALLYDEBUG rally_openstack.wrappers.network [-] CIDR generated: 1.1.6.40/30
2019-11-27 09:17:22.350 5411 RALLYDEBUG rally_openstack.wrappers.network [-] CIDR generated: 1.1.6.44/30
2019-11-27 09:17:22.382 5398 RALLYDEBUG rally_openstack.wrappers.network [-] CIDR generated: 1.1.6.48/30
2019-11-27 09:17:22.624 5397 RALLYDEBUG rally_openstack.wrappers.network [-] CIDR generated: 1.1.6.52/30
2019-11-27 09:17:22.811 5444 RALLYDEBUG rally_openstack.wrappers.network [-] CIDR generated: 1.1.6.56/30
2019-11-27 09:17:22.903 5398 RALLYDEBUG rally_openstack.wrappers.network [-] CIDR generated: 1.1.6.60/30
2019-11-27 09:17:30.421 5441 INFO rally.task.runner [-] Task 42b5f550-8a24-431c-ae52-9cea7470be6e | ITER: 19 END: OK
2019-11-27 09:17:30.425 5441 INFO rally.task.runner [-] Task 42b5f550-8a24-431c-ae52-9cea7470be6e | ITER: 21 START
2019-11-27 09:17:31.624 5432 INFO rally.task.runner [-] Task 42b5f550-8a24-431c-ae52-9cea7470be6e | ITER: 16 END: OK
2019-11-27 09:17:31.627 5432 INFO rally.task.runner [-] Task 42b5f550-8a24-431c-ae52-9cea7470be6e | ITER: 22 START
2019-11-27 09:17:31.695 5441 RALLYDEBUG rally_openstack.wrappers.network [-] CIDR generated: 1.1.6.64/30
2019-11-27 09:17:31.826 5427 INFO rally.task.runner [-] Task 42b5f550-8a24-431c-ae52-9cea7470be6e | ITER: 15 END: OK
2019-11-27 09:17:31.831 5427 INFO rally.task.runner [-] Task 42b5f550-8a24-431c-ae52-9cea7470be6e | ITER: 23 START
2019-11-27 09:17:32.568 5432 RALLYDEBUG rally_openstack.wrappers.network [-] CIDR generated: 1.1.6.68/30
2019-11-27 09:17:33.087 5427 RALLYDEBUG rally_openstack.wrappers.network [-] CIDR generated: 1.1.6.72/30
2019-11-27 09:17:33.441 5432 RALLYDEBUG rally_openstack.wrappers.network [-] CIDR generated: 1.1.6.76/30
2019-11-27 09:17:33.602 5398 INFO rally.task.runner [-] Task 42b5f550-8a24-431c-ae52-9cea7470be6e | ITER: 5 END: OK
2019-11-27 09:17:33.606 5398 INFO rally.task.runner [-] Task 42b5f550-8a24-431c-ae52-9cea7470be6e | ITER: 24 START
2019-11-27 09:17:34.045 5440 INFO rally.task.runner [-] Task 42b5f550-8a24-431c-ae52-9cea7470be6e | ITER: 18 END: OK
2019-11-27 09:17:34.048 5440 INFO rally.task.runner [-] Task 42b5f550-8a24-431c-ae52-9cea7470be6e | ITER: 25 START
2019-11-27 09:17:34.149 5398 RALLYDEBUG rally_openstack.wrappers.network [-] CIDR generated: 1.1.6.80/30
2019-11-27 09:17:34.575 5440 RALLYDEBUG rally_openstack.wrappers.network [-] CIDR generated: 1.1.6.84/30
2019-11-27 09:17:34.669 5441 RALLYDEBUG rally_openstack.wrappers.network [-] CIDR generated: 1.1.6.88/30
2019-11-27 09:17:35.392 5398 RALLYDEBUG rally_openstack.wrappers.network [-] CIDR generated: 1.1.6.92/30
2019-11-27 09:17:35.998 5435 INFO rally.task.runner [-] Task 42b5f550-8a24-431c-ae52-9cea7470be6e | ITER: 17 END: OK
2019-11-27 09:17:36.005 5435 INFO rally.task.runner [-] Task 42b5f550-8a24-431c-ae52-9cea7470be6e | ITER: 26 START
2019-11-27 09:17:36.013 5399 INFO rally.task.runner [-] Task 42b5f550-8a24-431c-ae52-9cea7470be6e | ITER: 7 END: OK
2019-11-27 09:17:36.021 5399 INFO rally.task.runner [-] Task 42b5f550-8a24-431c-ae52-9cea7470be6e | ITER: 27 START
2019-11-27 09:17:36.625 5399 RALLYDEBUG rally_openstack.wrappers.network [-] CIDR generated: 1.1.6.96/30
2019-11-27 09:17:36.723 5435 RALLYDEBUG rally_openstack.wrappers.network [-] CIDR generated: 1.1.6.100/30
2019-11-27 09:17:37.114 5424 INFO rally.task.runner [-] Task 42b5f550-8a24-431c-ae52-9cea7470be6e | ITER: 14 END: OK
