2019-11-27 09:25:47.981 2813 RALLYDEBUG rally_openstack.cleanup.manager [-] Cleaning up neutron vip objects
2019-11-27 09:25:48.368 2813 RALLYDEBUG rally_openstack.cleanup.manager [-] Cleaning up neutron health_monitor objects
2019-11-27 09:25:48.753 2813 RALLYDEBUG rally_openstack.cleanup.manager [-] Cleaning up neutron pool objects
2019-11-27 09:25:49.130 2813 RALLYDEBUG rally_openstack.cleanup.manager [-] Cleaning up neutron loadbalancer objects
2019-11-27 09:25:49.516 2813 RALLYDEBUG rally_openstack.cleanup.manager [-] Cleaning up neutron floatingip objects
2019-11-27 09:25:49.935 2813 RALLYDEBUG rally_openstack.cleanup.manager [-] Cleaning up neutron trunk objects
2019-11-27 09:25:50.325 2813 RALLYDEBUG rally_openstack.cleanup.manager [-] Cleaning up neutron port objects
2019-11-27 09:25:50.747 2813 RALLYDEBUG rally_openstack.cleanup.manager [-] Cleaning up neutron subnet objects
2019-11-27 09:25:51.163 2813 RALLYDEBUG rally_openstack.cleanup.manager [-] Cleaning up neutron network objects
2019-11-27 09:25:51.729 2813 RALLYDEBUG rally_openstack.cleanup.manager [-] Deleting neutron.network object s_rally_9f2db98c_iiDuPvy8 (04d383ee-fe6e-4069-b8e0-d39baef9b100)
2019-11-27 09:25:51.738 2813 RALLYDEBUG rally_openstack.cleanup.manager [-] Deleting neutron.network object s_rally_9f2db98c_xpye2yuV (0b5ddd83-7fcd-40fe-a00b-35325d804eda)
2019-11-27 09:25:51.747 2813 RALLYDEBUG rally_openstack.cleanup.manager [-] Deleting neutron.network object s_rally_9f2db98c_yRxrvQFe (0ff8bab5-b6a8-4425-9ffe-9ecb4d7f1e30)
2019-11-27 09:25:51.755 2813 RALLYDEBUG rally_openstack.cleanup.manager [-] Deleting neutron.network object s_rally_9f2db98c_qbX1QAVW (1b1c0e05-7f54-45ec-abe1-09b2f4145098)
2019-11-27 09:25:51.764 2813 RALLYDEBUG rally_openstack.cleanup.manager [-] Deleting neutron.network object s_rally_9f2db98c_BObfC1kk (20d4837c-43a5-4ecb-a7f7-169549822085)
2019-11-27 09:25:51.768 2813 RALLYDEBUG rally_openstack.cleanup.manager [-] Deleting neutron.network object s_rally_9f2db98c_dW9dqU8n (227ca145-b80b-4ce1-a8c2-7daa855149bd)
2019-11-27 09:25:51.776 2813 RALLYDEBUG rally_openstack.cleanup.manager [-] Deleting neutron.network object s_rally_9f2db98c_Fw0OeMUN (2aee00d0-957e-480b-b52f-4c4fbf2ea29e)
2019-11-27 09:25:51.799 2813 RALLYDEBUG rally_openstack.cleanup.manager [-] Deleting neutron.network object s_rally_9f2db98c_NipCmGsN (2b6547c1-49f5-4106-8cc3-78a29783184d)
2019-11-27 09:25:51.815 2813 RALLYDEBUG rally_openstack.cleanup.manager [-] Deleting neutron.network object s_rally_9f2db98c_HhWPY3M3 (2d1432aa-f863-4b76-8dcb-f74dac9eb1ea)
2019-11-27 09:25:51.820 2813 RALLYDEBUG rally_openstack.cleanup.manager [-] Deleting neutron.network object s_rally_9f2db98c_acGZQSC0 (3ae75b4b-5e22-4cc5-ae39-384db3b74e5d)
2019-11-27 09:25:51.829 2813 RALLYDEBUG rally_openstack.cleanup.manager [-] Deleting neutron.network object s_rally_9f2db98c_isUjGOvW (3bf5d3a9-a9ce-46f3-bed6-1e70f0aaeb8c)
2019-11-27 09:25:51.847 2813 RALLYDEBUG rally_openstack.cleanup.manager [-] Deleting neutron.network object s_rally_9f2db98c_cNiI1oyy (56fa2d69-28bc-4010-9094-7ace91cd8f5c)
2019-11-27 09:25:51.862 2813 RALLYDEBUG rally_openstack.cleanup.manager [-] Deleting neutron.network object s_rally_9f2db98c_R4wOIPhJ (5cc04468-08e1-45eb-a19f-b5e24b4d1365)
2019-11-27 09:25:51.872 2813 RALLYDEBUG rally_openstack.cleanup.manager [-] Deleting neutron.network object s_rally_9f2db98c_5jYeSP37 (5d1843f5-fa48-4dfc-a93a-5e7cd47d2bdf)
2019-11-27 09:25:51.875 2813 RALLYDEBUG rally_openstack.cleanup.manager [-] Deleting neutron.network object s_rally_9f2db98c_GwejgV41 (5e3ea1d7-d214-4931-9637-42936eddc2b8)
2019-11-27 09:25:51.893 2813 RALLYDEBUG rally_openstack.cleanup.manager [-] Deleting neutron.network object s_rally_9f2db98c_pAG0yMnN (682720ef-e95a-4f3a-9091-bb99fe751336)
2019-11-27 09:25:51.915 2813 RALLYDEBUG rally_openstack.cleanup.manager [-] Deleting neutron.network object s_rally_9f2db98c_UsNFSx1O (73310590-e3b4-4f34-ae11-e7a47c9b8973)
2019-11-27 09:25:51.925 2813 RALLYDEBUG rally_openstack.cleanup.manager [-] Deleting neutron.network object s_rally_9f2db98c_SKdp4l75 (73604275-defc-4454-9619-f5a85a74e122)
2019-11-27 09:25:51.935 2813 RALLYDEBUG rally_openstack.cleanup.manager [-] Deleting neutron.network object s_rally_9f2db98c_X8xYNIvu (739b03a4-919e-41b8-8e7f-cd5475b0c535)
2019-11-27 09:25:51.946 2813 RALLYDEBUG rally_openstack.cleanup.manager [-] Deleting neutron.network object s_rally_9f2db98c_bAOzDz5G (7bc0c3d0-fcf8-44f7-b2cf-694d46b5d826)
2019-11-27 09:25:53.891 2813 RALLYDEBUG rally_openstack.cleanup.manager [-] Deleting neutron.network object s_rally_9f2db98c_hMJMmiyw (7d66d650-dca4-496a-b690-151e83841b85)
2019-11-27 09:25:53.900 2813 RALLYDEBUG rally_openstack.cleanup.manager [-] Deleting neutron.network object s_rally_9f2db98c_KbOl2sHt (88544db1-09ff-4f73-b6ec-0457314272e1)
2019-11-27 09:25:54.009 2813 RALLYDEBUG rally_openstack.cleanup.manager [-] Deleting neutron.network object s_rally_9f2db98c_vnaPgSJ5 (892ec1ab-c66c-4a20-bfca-ae0a0eba5487)
2019-11-27 09:25:54.056 2813 RALLYDEBUG rally_openstack.cleanup.manager [-] Deleting neutron.network object s_rally_9f2db98c_vbUOWOKt (908236fb-22f1-49c8-a9da-f512565ac535)
2019-11-27 09:25:54.201 2813 RALLYDEBUG rally_openstack.cleanup.manager [-] Deleting neutron.network object s_rally_9f2db98c_eYSohzWQ (9520de11-3cda-4278-9e46-cb9af8f912d9)
2019-11-27 09:25:54.235 2813 RALLYDEBUG rally_openstack.cleanup.manager [-] Deleting neutron.network object s_rally_9f2db98c_Og66gt1k (979abd7e-31f7-48e8-870d-a6e329a82a05)
2019-11-27 09:25:54.291 2813 RALLYDEBUG rally_openstack.cleanup.manager [-] Deleting neutron.network object s_rally_9f2db98c_xGizmjNt (a077e9a7-34f8-45e8-b3bb-27b5f7232740)
2019-11-27 09:25:54.362 2813 RALLYDEBUG rally_openstack.cleanup.manager [-] Deleting neutron.network object s_rally_9f2db98c_bJdJFSyK (ab967bd1-11d4-46d8-b34f-37cf416fc71d)
2019-11-27 09:25:54.373 2813 RALLYDEBUG rally_openstack.cleanup.manager [-] Deleting neutron.network object s_rally_9f2db98c_2tdBxAlN (ad7c4648-9adf-40ee-83c6-3c5e3c2d4afb)
2019-11-27 09:25:54.456 2813 RALLYDEBUG rally_openstack.cleanup.manager [-] Deleting neutron.network object s_rally_9f2db98c_sSvlcbK2 (c6034011-177b-469b-921c-89194b1a71b6)
2019-11-27 09:25:54.527 2813 RALLYDEBUG rally_openstack.cleanup.manager [-] Deleting neutron.network object s_rally_9f2db98c_lMWHDiRX (c7358fcc-5620-4805-bd0d-49d9796e9edd)
2019-11-27 09:25:54.625 2813 RALLYDEBUG rally_openstack.cleanup.manager [-] Deleting neutron.network object s_rally_9f2db98c_5dFeiCSx (ca307dde-567f-440c-9fff-d8c3bc95d7d3)
2019-11-27 09:25:54.629 2813 RALLYDEBUG rally_openstack.cleanup.manager [-] Deleting neutron.network object s_rally_9f2db98c_KiqGVKoO (cd9ab285-bf8b-43bc-a576-e6e87c873566)
2019-11-27 09:25:54.737 2813 RALLYDEBUG rally_openstack.cleanup.manager [-] Deleting neutron.network object s_rally_9f2db98c_YVTBsU0S (d6018921-8581-4cd3-9183-624dd0d48e72)
2019-11-27 09:25:54.754 2813 RALLYDEBUG rally_openstack.cleanup.manager [-] Deleting neutron.network object s_rally_9f2db98c_hiVeJaNg (d9a52cb5-decf-448c-a562-1ae3e3bc1063)
2019-11-27 09:25:54.789 2813 RALLYDEBUG rally_openstack.cleanup.manager [-] Deleting neutron.network object s_rally_9f2db98c_TfBc20YA (da292023-34ef-49e6-be86-c746e5e6a59d)
2019-11-27 09:25:54.852 2813 RALLYDEBUG rally_openstack.cleanup.manager [-] Deleting neutron.network object s_rally_9f2db98c_EKC2JN4n (e90c57f7-dce5-4d15-992b-3db92dc5299a)
2019-11-27 09:25:54.890 2813 RALLYDEBUG rally_openstack.cleanup.manager [-] Deleting neutron.network object s_rally_9f2db98c_AeWQxDRt (f2de9521-fcbe-45d3-8051-d58726e3bffa)
2019-11-27 09:25:54.929 2813 RALLYDEBUG rally_openstack.cleanup.manager [-] Deleting neutron.network object s_rally_9f2db98c_oQF3R0gW (f600bfec-0b0a-4682-8c45-66af4a65454e)
2019-11-27 09:25:55.111 2813 RALLYDEBUG rally_openstack.cleanup.manager [-] Deleting neutron.network object s_rally_9f2db98c_E6gKhPgN (f606650d-7a8c-450d-9188-e413b385ac43)
2019-11-27 09:25:57.582 2813 RALLYDEBUG rally_openstack.cleanup.manager [-] Cleaning up neutron router objects
2019-11-27 09:25:58.020 2813 RALLYDEBUG rally_openstack.cleanup.manager [-] Cleaning up neutron security_group objects
2019-11-27 09:25:58.445 2813 INFO rally.task.context [-] Task 42b5f550-8a24-431c-ae52-9cea7470be6e | Context cleanup@openstack cleanup() finished in 10.47 sec
2019-11-27 09:25:58.446 2813 INFO rally.task.context [-] Task 42b5f550-8a24-431c-ae52-9cea7470be6e | Context quotas@openstack cleanup() started
2019-11-27 09:25:58.542 2813 INFO rally.task.context [-] Task 42b5f550-8a24-431c-ae52-9cea7470be6e | Context quotas@openstack cleanup() finished in 95.75 msec
2019-11-27 09:25:58.542 2813 INFO rally.task.context [-] Task 42b5f550-8a24-431c-ae52-9cea7470be6e | Context users@openstack cleanup() started
2019-11-27 09:26:01.210 2813 INFO rally.task.context [-] Task 42b5f550-8a24-431c-ae52-9cea7470be6e | Context users@openstack cleanup() finished in 2.67 sec
2019-11-27 09:26:02.275 2813 INFO rally.task.engine [-] Load duration is: 20.915956
2019-11-27 09:26:02.276 2813 INFO rally.task.engine [-] Full runner duration is: 20.965574
2019-11-27 09:26:02.276 2813 INFO rally.task.engine [-] Full duration is: 37.106055
2019-11-27 09:26:02.630 2813 INFO rally.task.engine [-] Running workload: position = 0 config = { "version": 2, "title": "A cropped version of a bigger task.", "description": "Auto-generated task from a single workload (uuid=787b9ea0-944e-48df-9699-61cfdfe43bb0)", "subtasks": [ { "title": "Quotas.neutron_update", "description": "Update quotas for neutron.", "scenario": { "Quotas.neutron_update": { "max_quota": 1024 } }, "contexts": { "users": { "tenants": 20, "users_per_tenant": 1 } }, "runner": { "constant": { "times": 40, "concurrency": 20 } }, "hooks": [], "sla": { "failure_rate": { "max": 0 } } } ] }
2019-11-27 09:26:02.655 2813 RALLYDEBUG rally_openstack.contexts.keystone.users [-] Creating 20 tenants using 20 threads
2019-11-27 09:26:04.755 2813 RALLYDEBUG rally_openstack.contexts.keystone.users [-] Creating 20 users using 20 threads
2019-11-27 09:26:07.345 2813 INFO rally.task.context [-] Task 42b5f550-8a24-431c-ae52-9cea7470be6e | Context users@openstack setup() finished in 4.69 sec
2019-11-27 09:26:07.346 2813 INFO rally.task.context [-] Task 42b5f550-8a24-431c-ae52-9cea7470be6e | Context admin_cleanup@openstack setup() finished in 0.01 msec
2019-11-27 09:26:07.356 2813 RALLYDEBUG rally.task.runner [-] Starting the constant runner (task UUID: 42b5f550-8a24-431c-ae52-9cea7470be6e). times: 40 concurrency: 20 timeout: 0 max_cpu_used: 16 processes_to_start: 16 concurrency_per_worker: 1 concurrency_overhead: 4
2019-11-27 09:26:07.368 7669 RALLYDEBUG rally.task.runner [-] Starting a worker. times: 40 duration: None concurrency: 2 timeout: 0 cls: method_name: run args: {"max_quota": 1024}
2019-11-27 09:26:07.371 7670 RALLYDEBUG rally.task.runner [-] Starting a worker. times: 40 duration: None concurrency: 2 timeout: 0 cls: method_name: run args: {"max_quota": 1024}
2019-11-27 09:26:07.375 7671 RALLYDEBUG rally.task.runner [-] Starting a worker. times: 40 duration: None concurrency: 2 timeout: 0 cls: method_name: run args: {"max_quota": 1024}
2019-11-27 09:26:07.378 7672 RALLYDEBUG rally.task.runner [-] Starting a worker. times: 40 duration: None concurrency: 2 timeout: 0 cls: method_name: run args: {"max_quota": 1024}
2019-11-27 09:26:07.382 7674 RALLYDEBUG rally.task.runner [-] Starting a worker. times: 40 duration: None concurrency: 1 timeout: 0 cls: method_name: run args: {"max_quota": 1024}
2019-11-27 09:26:07.383 7669 INFO rally.task.runner [-] Task 42b5f550-8a24-431c-ae52-9cea7470be6e | ITER: 1 START
2019-11-27 09:26:07.381 7670 INFO rally.task.runner [-] Task 42b5f550-8a24-431c-ae52-9cea7470be6e | ITER: 2 START
2019-11-27 09:26:07.387 7677 RALLYDEBUG rally.task.runner [-] Starting a worker. times: 40 duration: None concurrency: 1 timeout: 0 cls: method_name: run args: {"max_quota": 1024}
2019-11-27 09:26:07.390 7671 INFO rally.task.runner [-] Task 42b5f550-8a24-431c-ae52-9cea7470be6e | ITER: 8 START
2019-11-27 09:26:07.391 7674 INFO rally.task.runner [-] Task 42b5f550-8a24-431c-ae52-9cea7470be6e | ITER: 7 START
2019-11-27 09:26:07.391 7680 RALLYDEBUG rally.task.runner [-] Starting a worker. times: 40 duration: None concurrency: 1 timeout: 0 cls: method_name: run args: {"max_quota": 1024}
2019-11-27 09:26:07.393 7672 INFO rally.task.runner [-] Task 42b5f550-8a24-431c-ae52-9cea7470be6e | ITER: 5 START
2019-11-27 09:26:07.394 7683 RALLYDEBUG rally.task.runner [-] Starting a worker. times: 40 duration: None concurrency: 1 timeout: 0 cls: method_name: run args: {"max_quota": 1024}
2019-11-27 09:26:07.397 7677 INFO rally.task.runner [-] Task 42b5f550-8a24-431c-ae52-9cea7470be6e | ITER: 10 START
2019-11-27 09:26:07.397 7691 RALLYDEBUG rally.task.runner [-] Starting a worker. times: 40 duration: None concurrency: 1 timeout: 0 cls: method_name: run args: {"max_quota": 1024}
2019-11-27 09:26:07.398 7669 INFO rally.task.runner [-] Task 42b5f550-8a24-431c-ae52-9cea7470be6e | ITER: 4 START
2019-11-27 09:26:07.401 7693 RALLYDEBUG rally.task.runner [-] Starting a worker. times: 40 duration: None concurrency: 1 timeout: 0 cls: method_name: run args: {"max_quota": 1024}
2019-11-27 09:26:07.390 7671 INFO rally.task.runner [-] Task 42b5f550-8a24-431c-ae52-9cea7470be6e | ITER: 3 START
2019-11-27 09:26:07.403 7680 INFO rally.task.runner [-] Task 42b5f550-8a24-431c-ae52-9cea7470be6e | ITER: 11 START
2019-11-27 09:26:07.394 7672 INFO rally.task.runner [-] Task 42b5f550-8a24-431c-ae52-9cea7470be6e | ITER: 9 START
2019-11-27 09:26:07.406 7691 INFO rally.task.runner [-] Task 42b5f550-8a24-431c-ae52-9cea7470be6e | ITER: 13 START
2019-11-27 09:26:07.405 7670 INFO rally.task.runner [-] Task 42b5f550-8a24-431c-ae52-9cea7470be6e | ITER: 6 START
2019-11-27 09:26:07.408 7683 INFO rally.task.runner [-] Task 42b5f550-8a24-431c-ae52-9cea7470be6e | ITER: 12 START
2019-11-27 09:26:07.410 7698 RALLYDEBUG rally.task.runner [-] Starting a worker. times: 40 duration: None concurrency: 1 timeout: 0 cls: method_name: run args: {"max_quota": 1024}
2019-11-27 09:26:07.411 7693 INFO rally.task.runner [-] Task 42b5f550-8a24-431c-ae52-9cea7470be6e | ITER: 14 START
2019-11-27 09:26:07.417 7704 RALLYDEBUG rally.task.runner [-] Starting a worker. times: 40 duration: None concurrency: 1 timeout: 0 cls: method_name: run args: {"max_quota": 1024}
2019-11-27 09:26:07.421 7698 INFO rally.task.runner [-] Task 42b5f550-8a24-431c-ae52-9cea7470be6e | ITER: 15 START
2019-11-27 09:26:07.426 7704 INFO rally.task.runner [-] Task 42b5f550-8a24-431c-ae52-9cea7470be6e | ITER: 16 START
2019-11-27 09:26:07.427 7706 RALLYDEBUG rally.task.runner [-] Starting a worker. times: 40 duration: None concurrency: 1 timeout: 0 cls: method_name: run args: {"max_quota": 1024}
2019-11-27 09:26:07.433 7710 RALLYDEBUG rally.task.runner [-] Starting a worker. times: 40 duration: None concurrency: 1 timeout: 0 cls: method_name: run args: {"max_quota": 1024}
2019-11-27 09:26:07.436 7706 INFO rally.task.runner [-] Task 42b5f550-8a24-431c-ae52-9cea7470be6e | ITER: 17 START
2019-11-27 09:26:07.435 7711 RALLYDEBUG rally.task.runner [-] Starting a worker. times: 40 duration: None concurrency: 1 timeout: 0 cls: method_name: run args: {"max_quota": 1024}
2019-11-27 09:26:07.439 7713 RALLYDEBUG rally.task.runner [-] Starting a worker. times: 40 duration: None concurrency: 1 timeout: 0 cls: method_name: run args: {"max_quota": 1024}
2019-11-27 09:26:07.441 7710 INFO rally.task.runner [-] Task 42b5f550-8a24-431c-ae52-9cea7470be6e | ITER: 18 START
2019-11-27 09:26:07.444 7711 INFO rally.task.runner [-] Task 42b5f550-8a24-431c-ae52-9cea7470be6e | ITER: 19 START
2019-11-27 09:26:07.447 7713 INFO rally.task.runner [-] Task 42b5f550-8a24-431c-ae52-9cea7470be6e | ITER: 20 START
2019-11-27 09:26:07.922 7671 INFO rally.task.runner [-] Task 42b5f550-8a24-431c-ae52-9cea7470be6e | ITER: 8 END: OK
2019-11-27 09:26:07.922 7680 INFO rally.task.runner [-] Task 42b5f550-8a24-431c-ae52-9cea7470be6e | ITER: 11 END: OK
2019-11-27 09:26:07.929 7671 INFO rally.task.runner [-] Task 42b5f550-8a24-431c-ae52-9cea7470be6e | ITER: 21 START
2019-11-27 09:26:07.930 7680 INFO rally.task.runner [-] Task 42b5f550-8a24-431c-ae52-9cea7470be6e | ITER: 22 START
2019-11-27 09:26:07.949 7698 INFO rally.task.runner [-] Task 42b5f550-8a24-431c-ae52-9cea7470be6e | ITER: 15 END: OK
2019-11-27 09:26:07.955 7698 INFO rally.task.runner [-] Task 42b5f550-8a24-431c-ae52-9cea7470be6e | ITER: 23 START
2019-11-27 09:26:07.963 7674 INFO rally.task.runner [-] Task 42b5f550-8a24-431c-ae52-9cea7470be6e | ITER: 7 END: OK
2019-11-27 09:26:07.968 7669 INFO rally.task.runner [-] Task 42b5f550-8a24-431c-ae52-9cea7470be6e | ITER: 1 END: OK
2019-11-27 09:26:07.970 7674 INFO rally.task.runner [-] Task 42b5f550-8a24-431c-ae52-9cea7470be6e | ITER: 24 START
2019-11-27 09:26:07.972 7672 INFO rally.task.runner [-] Task 42b5f550-8a24-431c-ae52-9cea7470be6e | ITER: 9 END: OK
2019-11-27 09:26:07.974 7669 INFO rally.task.runner [-] Task 42b5f550-8a24-431c-ae52-9cea7470be6e | ITER: 25 START
2019-11-27 09:26:07.979 7672 INFO rally.task.runner [-] Task 42b5f550-8a24-431c-ae52-9cea7470be6e | ITER: 26 START
2019-11-27 09:26:08.001 7672 INFO rally.task.runner [-] Task 42b5f550-8a24-431c-ae52-9cea7470be6e | ITER: 5 END: OK
2019-11-27 09:26:08.003 7670 INFO rally.task.runner [-] Task 42b5f550-8a24-431c-ae52-9cea7470be6e | ITER: 2 END: OK
2019-11-27 09:26:08.007 7672 INFO rally.task.runner [-] Task 42b5f550-8a24-431c-ae52-9cea7470be6e | ITER: 27 START
2019-11-27 09:26:08.009 7670 INFO rally.task.runner [-] Task 42b5f550-8a24-431c-ae52-9cea7470be6e | ITER: 28 START
2019-11-27 09:26:08.011 7669 INFO rally.task.runner [-] Task 42b5f550-8a24-431c-ae52-9cea7470be6e | ITER: 4 END: OK
2019-11-27 09:26:08.016 7669 INFO rally.task.runner [-] Task 42b5f550-8a24-431c-ae52-9cea7470be6e | ITER: 29 START
2019-11-27 09:26:08.049 7691 INFO rally.task.runner [-] Task 42b5f550-8a24-431c-ae52-9cea7470be6e | ITER: 13 END: OK
2019-11-27 09:26:08.049 7670 INFO rally.task.runner [-] Task 42b5f550-8a24-431c-ae52-9cea7470be6e | ITER: 6 END: OK
2019-11-27 09:26:08.052 7677 INFO rally.task.runner [-] Task 42b5f550-8a24-431c-ae52-9cea7470be6e | ITER: 10 END: OK
2019-11-27 09:26:08.054 7670 INFO rally.task.runner [-] Task 42b5f550-8a24-431c-ae52-9cea7470be6e | ITER: 30 START
2019-11-27 09:26:08.055 7691 INFO rally.task.runner [-] Task 42b5f550-8a24-431c-ae52-9cea7470be6e | ITER: 31 START
2019-11-27 09:26:08.058 7677 INFO rally.task.runner [-] Task 42b5f550-8a24-431c-ae52-9cea7470be6e | ITER: 32 START
2019-11-27 09:26:08.154 7704 INFO rally.task.runner [-] Task 42b5f550-8a24-431c-ae52-9cea7470be6e | ITER: 16 END: OK
2019-11-27 09:26:08.161 7704 INFO rally.task.runner [-] Task 42b5f550-8a24-431c-ae52-9cea7470be6e | ITER: 33 START
2019-11-27 09:26:08.182 7710 INFO rally.task.runner [-] Task 42b5f550-8a24-431c-ae52-9cea7470be6e | ITER: 18 END: OK
2019-11-27 09:26:08.184 7683 INFO rally.task.runner [-] Task 42b5f550-8a24-431c-ae52-9cea7470be6e | ITER: 12 END: OK
2019-11-27 09:26:08.190 7683 INFO rally.task.runner [-] Task 42b5f550-8a24-431c-ae52-9cea7470be6e | ITER: 35 START
2019-11-27 09:26:08.192 7710 INFO rally.task.runner [-] Task 42b5f550-8a24-431c-ae52-9cea7470be6e | ITER: 34 START
2019-11-27 09:26:08.226 7706 INFO rally.task.runner [-] Task 42b5f550-8a24-431c-ae52-9cea7470be6e | ITER: 17 END: OK
2019-11-27 09:26:08.233 7706 INFO rally.task.runner [-] Task 42b5f550-8a24-431c-ae52-9cea7470be6e | ITER: 36 START
2019-11-27 09:26:08.285 7693 INFO rally.task.runner [-] Task 42b5f550-8a24-431c-ae52-9cea7470be6e | ITER: 14 END: OK
2019-11-27 09:26:08.292 7693 INFO rally.task.runner [-] Task 42b5f550-8a24-431c-ae52-9cea7470be6e | ITER: 37 START
2019-11-27 09:26:08.324 7671 INFO rally.task.runner [-] Task 42b5f550-8a24-431c-ae52-9cea7470be6e | ITER: 3 END: OK
2019-11-27 09:26:08.330 7671 INFO rally.task.runner [-] Task 42b5f550-8a24-431c-ae52-9cea7470be6e | ITER: 38 START
2019-11-27 09:26:08.344 7713 INFO rally.task.runner [-] Task 42b5f550-8a24-431c-ae52-9cea7470be6e | ITER: 20 END: OK
2019-11-27 09:26:08.350 7713 INFO rally.task.runner [-] Task 42b5f550-8a24-431c-ae52-9cea7470be6e | ITER: 39 START
2019-11-27 09:26:08.367 7711 INFO rally.task.runner [-] Task 42b5f550-8a24-431c-ae52-9cea7470be6e | ITER: 19 END: OK
2019-11-27 09:26:08.373 7711 INFO rally.task.runner [-] Task 42b5f550-8a24-431c-ae52-9cea7470be6e | ITER: 40 START
2019-11-27 09:26:08.392 7671 INFO rally.task.runner [-] Task 42b5f550-8a24-431c-ae52-9cea7470be6e | ITER: 21 END: OK
2019-11-27 09:26:08.443 7669 INFO rally.task.runner [-] Task 42b5f550-8a24-431c-ae52-9cea7470be6e | ITER: 25 END: OK
2019-11-27 09:26:08.514 7672 INFO rally.task.runner [-] Task 42b5f550-8a24-431c-ae52-9cea7470be6e | ITER: 27 END: OK
2019-11-27 09:26:08.515 7670 INFO rally.task.runner [-] Task 42b5f550-8a24-431c-ae52-9cea7470be6e | ITER: 28 END: OK
2019-11-27 09:26:08.581 7680 INFO rally.task.runner [-] Task 42b5f550-8a24-431c-ae52-9cea7470be6e | ITER: 22 END: OK
2019-11-27 09:26:08.594 7677 INFO rally.task.runner [-] Task 42b5f550-8a24-431c-ae52-9cea7470be6e | ITER: 32 END: OK
2019-11-27 09:26:08.621 7698 INFO rally.task.runner [-] Task 42b5f550-8a24-431c-ae52-9cea7470be6e | ITER: 23 END: OK
2019-11-27 09:26:08.629 7691 INFO rally.task.runner [-] Task 42b5f550-8a24-431c-ae52-9cea7470be6e | ITER: 31 END: OK
2019-11-27 09:26:08.669 7674 INFO rally.task.runner [-] Task 42b5f550-8a24-431c-ae52-9cea7470be6e | ITER: 24 END: OK
2019-11-27 09:26:08.691 7672 INFO rally.task.runner [-] Task 42b5f550-8a24-431c-ae52-9cea7470be6e | ITER: 26 END: OK
2019-11-27 09:26:08.699 7710 INFO rally.task.runner [-] Task 42b5f550-8a24-431c-ae52-9cea7470be6e | ITER: 34 END: OK
2019-11-27 09:26:08.699 7669 INFO rally.task.runner [-] Task 42b5f550-8a24-431c-ae52-9cea7470be6e | ITER: 29 END: OK
2019-11-27 09:26:08.784 7670 INFO rally.task.runner [-] Task 42b5f550-8a24-431c-ae52-9cea7470be6e | ITER: 30 END: OK
2019-11-27 09:26:08.842 7713 INFO rally.task.runner [-] Task 42b5f550-8a24-431c-ae52-9cea7470be6e | ITER: 39 END: OK
2019-11-27 09:26:08.886 7704 INFO rally.task.runner [-] Task 42b5f550-8a24-431c-ae52-9cea7470be6e | ITER: 33 END: OK
2019-11-27 09:26:08.899 7706 INFO rally.task.runner [-] Task 42b5f550-8a24-431c-ae52-9cea7470be6e | ITER: 36 END: OK
2019-11-27 09:26:08.900 7711 INFO rally.task.runner [-] Task 42b5f550-8a24-431c-ae52-9cea7470be6e | ITER: 40 END: OK
2019-11-27 09:26:08.926 7693 INFO rally.task.runner [-] Task 42b5f550-8a24-431c-ae52-9cea7470be6e | ITER: 37 END: OK
2019-11-27 09:26:09.020 7671 INFO rally.task.runner [-] Task 42b5f550-8a24-431c-ae52-9cea7470be6e | ITER: 38 END: OK
2019-11-27 09:26:09.114 7683 INFO rally.task.runner [-] Task 42b5f550-8a24-431c-ae52-9cea7470be6e | ITER: 35 END: OK
2019-11-27 09:26:09.146 2813 INFO rally.task.context [-] Task 42b5f550-8a24-431c-ae52-9cea7470be6e | Context admin_cleanup@openstack cleanup() started
2019-11-27 09:26:09.149 2813 RALLYDEBUG rally_openstack.cleanup.manager [-] Cleaning up neutron quota objects
2019-11-27 09:26:10.671 2813 INFO rally.task.context [-] Task 42b5f550-8a24-431c-ae52-9cea7470be6e | Context admin_cleanup@openstack cleanup() finished in 1.53 sec
2019-11-27 09:26:10.672 2813 INFO rally.task.context [-] Task 42b5f550-8a24-431c-ae52-9cea7470be6e | Context users@openstack cleanup() started
2019-11-27 09:26:30.812 2813 INFO rally.task.context [-] Task 42b5f550-8a24-431c-ae52-9cea7470be6e | Context users@openstack cleanup() finished in 20.14 sec
2019-11-27 09:26:30.913 2813 INFO rally.task.engine [-] Load duration is: 1.729202
2019-11-27 09:26:30.913 2813 INFO rally.task.engine [-] Full runner duration is: 1.790361
2019-11-27 09:26:30.913 2813 INFO rally.task.engine [-] Full duration is: 28.15851
2019-11-27 09:26:31.241 2813 INFO rally.task.engine [-] Running workload: position = 0 config = { "version": 2, "title": "A cropped version of a bigger task.", "description": "Auto-generated task from a single workload (uuid=a731ef48-892f-4f46-8220-0acaebf1858c)", "subtasks": [ { "title": "NeutronTrunks.create_and_list_trunks", "description": "Create and a given number of trunks with subports and list all trunks", "scenario": { "NeutronTrunks.create_and_list_trunks": { "subport_count": 125 } }, "contexts": { "users": { "tenants": 1, "users_per_tenant": 1 }, "quotas": { "neutron": { "network": -1, "port": 1000 } } }, "runner": { "constant": { "times": 4, "concurrency": 4 } }, "hooks": [], "sla": { "failure_rate": { "max": 0 } } } ] }
2019-11-27 09:26:31.266 2813 RALLYDEBUG rally_openstack.contexts.keystone.users [-] Creating 1 tenants using 20 threads
2019-11-27 09:26:32.256 2813 RALLYDEBUG rally_openstack.contexts.keystone.users [-] Creating 1 users using 20 threads
2019-11-27 09:26:33.899 2813 INFO rally.task.context [-] Task 42b5f550-8a24-431c-ae52-9cea7470be6e | Context users@openstack setup() finished in 2.63 sec
2019-11-27 09:26:34.463 2813 INFO rally.task.context [-] Task 42b5f550-8a24-431c-ae52-9cea7470be6e | Context quotas@openstack setup() finished in 0.56 sec
2019-11-27 09:26:34.463 2813 INFO rally.task.context [-] Task 42b5f550-8a24-431c-ae52-9cea7470be6e | Context cleanup@openstack setup() finished in 0.01 msec
2019-11-27 09:26:34.473 2813 RALLYDEBUG rally.task.runner [-] Starting the constant runner (task UUID: 42b5f550-8a24-431c-ae52-9cea7470be6e). times: 4 concurrency: 4 timeout: 0 max_cpu_used: 16 processes_to_start: 4 concurrency_per_worker: 1 concurrency_overhead: 0
2019-11-27 09:26:34.484 7859 RALLYDEBUG rally.task.runner [-] Starting a worker. times: 4 duration: None concurrency: 1 timeout: 0 cls: method_name: run args: {"subport_count": 125}
2019-11-27 09:26:34.488 7860 RALLYDEBUG rally.task.runner [-] Starting a worker. times: 4 duration: None concurrency: 1 timeout: 0 cls: method_name: run args: {"subport_count": 125}
2019-11-27 09:26:34.490 7859 INFO rally.task.runner [-] Task 42b5f550-8a24-431c-ae52-9cea7470be6e | ITER: 1 START
2019-11-27 09:26:34.491 7861 RALLYDEBUG rally.task.runner [-] Starting a worker. times: 4 duration: None concurrency: 1 timeout: 0 cls: method_name: run args: {"subport_count": 125}
2019-11-27 09:26:34.493 7860 INFO rally.task.runner [-] Task 42b5f550-8a24-431c-ae52-9cea7470be6e | ITER: 2 START
2019-11-27 09:26:34.495 7864 RALLYDEBUG rally.task.runner [-] Starting a worker. times: 4 duration: None concurrency: 1 timeout: 0 cls: method_name: run args: {"subport_count": 125}
2019-11-27 09:26:34.497 7861 INFO rally.task.runner [-] Task 42b5f550-8a24-431c-ae52-9cea7470be6e | ITER: 3 START
2019-11-27 09:26:34.500 7864 INFO rally.task.runner [-] Task 42b5f550-8a24-431c-ae52-9cea7470be6e | ITER: 4 START
2019-11-27 09:27:47.236 7864 INFO rally.task.runner [-] Task 42b5f550-8a24-431c-ae52-9cea7470be6e | ITER: 4 END: OK
2019-11-27 09:27:49.130 7861 INFO rally.task.runner [-] Task 42b5f550-8a24-431c-ae52-9cea7470be6e | ITER: 3 END: OK
2019-11-27 09:27:50.094 7859 INFO rally.task.runner [-] Task 42b5f550-8a24-431c-ae52-9cea7470be6e | ITER: 1 END: OK
2019-11-27 09:27:51.826 7860 INFO rally.task.runner [-] Task 42b5f550-8a24-431c-ae52-9cea7470be6e | ITER: 2 END: OK
2019-11-27 09:27:51.856 2813 INFO rally.task.context [-] Task 42b5f550-8a24-431c-ae52-9cea7470be6e | Context cleanup@openstack cleanup() started
2019-11-27 09:27:51.862 2813 RALLYDEBUG rally_openstack.cleanup.manager [-] Cleaning up neutron vip objects
2019-11-27 09:27:52.282 2813 RALLYDEBUG rally_openstack.cleanup.manager [-] Cleaning up neutron health_monitor objects
2019-11-27 09:27:52.680 2813 RALLYDEBUG rally_openstack.cleanup.manager [-] Cleaning up neutron pool objects
2019-11-27 09:27:53.095 2813 RALLYDEBUG rally_openstack.cleanup.manager [-] Cleaning up neutron loadbalancer objects
2019-11-27 09:27:53.506 2813 RALLYDEBUG rally_openstack.cleanup.manager [-] Cleaning up neutron floatingip objects
2019-11-27 09:27:53.937 2813 RALLYDEBUG rally_openstack.cleanup.manager [-] Cleaning up neutron trunk objects
2019-11-27 09:27:54.385 2813 RALLYDEBUG rally_openstack.cleanup.manager [-] Deleting neutron.trunk object s_rally_a731ef48_JfCSf2wg (063c87cd-09b4-4d35-af38-316b98d3eecf)
2019-11-27 09:27:54.391 2813 RALLYDEBUG rally_openstack.cleanup.manager [-] Deleting neutron.trunk object s_rally_a731ef48_9q8V4TnP (01a7bde3-4400-42d7-a7d7-5fe5d378781a)
2019-11-27 09:27:54.395 2813 RALLYDEBUG rally_openstack.cleanup.manager [-] Deleting neutron.trunk object s_rally_a731ef48_NkaXzYt7 (105572f1-2573-40f1-b271-c0259cdf8a1d)
2019-11-27 09:27:54.399 2813 RALLYDEBUG rally_openstack.cleanup.manager [-] Deleting neutron.trunk object s_rally_a731ef48_Epwq6PQs (da9218ad-b0ee-4f5b-8076-fb1d08b2a7f5)
2019-11-27 09:27:56.426 2813 RALLYDEBUG rally_openstack.cleanup.manager [-] Cleaning up neutron port objects
2019-11-27 09:27:58.131 2813 RALLYDEBUG rally_openstack.cleanup.manager [-] Deleting neutron.port object s_rally_a731ef48_9oEpYqtw (0035ab98-e598-4099-9da2-386026cb311a)
2019-11-27 09:27:58.140 2813 RALLYDEBUG rally_openstack.cleanup.manager [-] Deleting neutron.port object s_rally_a731ef48_CudxXs75 (00767fab-680b-468e-b785-9851ad4643a2)
2019-11-27 09:27:58.148 2813 RALLYDEBUG rally_openstack.cleanup.manager [-] Deleting neutron.port object s_rally_a731ef48_i1WYGcTu (007b3640-efeb-40ec-b74f-a6b092887342)
2019-11-27 09:27:58.157 2813 RALLYDEBUG rally_openstack.cleanup.manager [-] Deleting neutron.port object s_rally_a731ef48_DKkk9X12 (00cf8e40-cf83-4cdb-848c-3b1b38cafce3)
2019-11-27 09:27:58.166 2813 RALLYDEBUG rally_openstack.cleanup.manager [-] Deleting neutron.port object s_rally_a731ef48_JrQcjoCD (0199e56c-5718-464a-ac69-022f7f452a88)
2019-11-27 09:27:58.172 2813 RALLYDEBUG rally_openstack.cleanup.manager [-] Deleting neutron.port object s_rally_a731ef48_2Gv31y2E (01e099f5-62d4-45de-94cd-7f1c18ad2260)
2019-11-27 09:27:58.176 2813 RALLYDEBUG rally_openstack.cleanup.manager [-] Deleting neutron.port object s_rally_a731ef48_Vs34oxlm (0249e208-6bb3-4445-a119-a8b90acb0064)
2019-11-27 09:27:58.212 2813 RALLYDEBUG rally_openstack.cleanup.manager [-] Deleting neutron.port object s_rally_a731ef48_yJiBS8so (024a3323-4dfc-4f35-beca-76d8b180ce24)
2019-11-27 09:27:58.218 2813 RALLYDEBUG rally_openstack.cleanup.manager [-] Deleting neutron.port object s_rally_a731ef48_MKywmuz9 (02864eae-92d1-4420-9010-b310966e1858)
2019-11-27 09:27:58.227 2813 RALLYDEBUG rally_openstack.cleanup.manager [-] Deleting neutron.port object s_rally_a731ef48_7t8q32lG (045bae8c-36f0-42d8-bb34-95daed2dbf9a)
2019-11-27 09:27:58.259 2813 RALLYDEBUG rally_openstack.cleanup.manager [-] Deleting neutron.port object s_rally_a731ef48_xlrNsOg1 (0495a9f1-6652-4cb0-9aad-246cd0d21391)
2019-11-27 09:27:58.269 2813 RALLYDEBUG rally_openstack.cleanup.manager [-] Deleting neutron.port object s_rally_a731ef48_6FoiOCKH (04b7001c-7fc9-417e-8041-f21fddc5e0cd)
2019-11-27 09:27:58.286 2813 RALLYDEBUG rally_openstack.cleanup.manager [-] Deleting neutron.port object s_rally_a731ef48_DpahuRBG (051895d3-16ed-4ff1-b5af-ff3c447c614b)
2019-11-27 09:27:58.291 2813 RALLYDEBUG rally_openstack.cleanup.manager [-] Deleting neutron.port object s_rally_a731ef48_UCLVn298 (059a4634-3f5b-4c81-b3a7-bcb5b57cb3c3)
2019-11-27 09:27:58.309 2813 RALLYDEBUG rally_openstack.cleanup.manager [-] Deleting neutron.port object s_rally_a731ef48_0S0DOC8r (05aa2a3e-948b-44c1-b957-9b75407ce8d4)
2019-11-27 09:27:58.325 2813 RALLYDEBUG rally_openstack.cleanup.manager [-] Deleting neutron.port object s_rally_a731ef48_oKWiof2X (05db2149-428f-4d3c-8b1e-283ffe90b72f)
2019-11-27 09:27:58.335 2813 RALLYDEBUG rally_openstack.cleanup.manager [-] Deleting neutron.port object s_rally_a731ef48_0JVZkRGY (06d628d8-442a-4175-ad86-ab0d6c72d703)
2019-11-27 09:27:58.356 2813 RALLYDEBUG rally_openstack.cleanup.manager [-] Deleting neutron.port object s_rally_a731ef48_4wyyHnUF (0768c9d3-495c-46b8-8384-e893e1fb35b3)
2019-11-27 09:27:58.364 2813 RALLYDEBUG rally_openstack.cleanup.manager [-] Deleting neutron.port object s_rally_a731ef48_W63NlCot (08d038d6-6b7b-413e-8fe0-a69282f16528)
2019-11-27 09:27:58.372 2813 RALLYDEBUG rally_openstack.cleanup.manager [-] Deleting neutron.port object s_rally_a731ef48_SGlhbDS3 (09fcb088-a52a-41f4-8751-b6506676241a)
2019-11-27 09:28:00.171 2813 RALLYDEBUG rally_openstack.cleanup.manager [-] Deleting neutron.port object s_rally_a731ef48_Lb1XemJ9 (0a5164ed-8992-4998-8ae1-a6c28a64b4a9)
2019-11-27 09:28:00.321 2813 RALLYDEBUG rally_openstack.cleanup.manager [-] Deleting neutron.port object s_rally_a731ef48_tTkxt43b (0ad2e773-76d6-429b-b28b-b137dfecd713)
2019-11-27 09:28:00.353 2813 RALLYDEBUG rally_openstack.cleanup.manager [-] Deleting neutron.port object s_rally_a731ef48_rE1pB4wf (0aead9b6-76a3-4730-ab78-ae432cca84bb)
2019-11-27 09:28:00.356 2813 RALLYDEBUG rally_openstack.cleanup.manager [-] Deleting neutron.port object s_rally_a731ef48_SvURuilW (0c50981b-dcdd-4e08-8be9-b460052783fc)
2019-11-27 09:28:00.382 2813 RALLYDEBUG rally_openstack.cleanup.manager [-] Deleting neutron.port object s_rally_a731ef48_r5g0RN9C (0d11eaa5-a45e-4fd3-9e91-32287f5839df)
2019-11-27 09:28:00.439 2813 RALLYDEBUG rally_openstack.cleanup.manager [-] Deleting neutron.port object s_rally_a731ef48_hPeIPJpL (0d46fc1f-1c35-4ca2-a8c8-f8e642f5c274)
2019-11-27 09:28:00.451 2813 RALLYDEBUG rally_openstack.cleanup.manager [-] Deleting neutron.port object s_rally_a731ef48_VD2eF88m (0d50dac6-97b3-4093-8360-7538093a1304)
2019-11-27 09:28:00.598 2813 RALLYDEBUG rally_openstack.cleanup.manager [-] Deleting neutron.port object s_rally_a731ef48_NXloZDuX (0e12773a-1437-4622-bc50-b175629bc784)
2019-11-27 09:28:00.608 2813 RALLYDEBUG rally_openstack.cleanup.manager [-] Deleting neutron.port object s_rally_a731ef48_7wkmOrO8 (0e320180-9fa6-4b4f-884f-a6d50136fd2b)
2019-11-27 09:28:00.716 2813 RALLYDEBUG rally_openstack.cleanup.manager [-] Deleting neutron.port object s_rally_a731ef48_fEPgVqtC (0e7e7ee2-b191-437f-9a39-2066eecf6230)
2019-11-27 09:28:00.724 2813 RALLYDEBUG rally_openstack.cleanup.manager [-] Deleting neutron.port object s_rally_a731ef48_rulpSAi7 (0f0e5e7b-44ac-4b06-a2c2-14df07f34b7c)
2019-11-27 09:28:00.733 2813 RALLYDEBUG rally_openstack.cleanup.manager [-] Deleting neutron.port object s_rally_a731ef48_vt23K3xw (0f25eb24-641a-49f8-9a20-0000af930ff6)
2019-11-27 09:28:00.909 2813 RALLYDEBUG rally_openstack.cleanup.manager [-] Deleting neutron.port object s_rally_a731ef48_EFaBJTHG (0f6029f2-9d79-4ccc-b26d-ef2933ed0a5e)
2019-11-27 09:28:00.913 2813 RALLYDEBUG rally_openstack.cleanup.manager [-] Deleting neutron.port object s_rally_a731ef48_QBxqsdFT (0fae1cb0-9e4b-4164-b9c9-72e8b677e183)
2019-11-27 09:28:01.099 2813 RALLYDEBUG rally_openstack.cleanup.manager [-] Deleting neutron.port object s_rally_a731ef48_ISgmaW13 (102853f9-cd01-42bc-855b-757f6dd7e7e8)
2019-11-27 09:28:01.107 2813 RALLYDEBUG rally_openstack.cleanup.manager [-] Deleting neutron.port object s_rally_a731ef48_E9qD7rHJ (10ea86f1-7772-4fcd-a7c1-df19e64a2b3a)
2019-11-27 09:28:01.116 2813 RALLYDEBUG rally_openstack.cleanup.manager [-] Deleting neutron.port object s_rally_a731ef48_GfWawTrG (114ee418-4ed6-4764-a052-90595dd3bcdb)
2019-11-27 09:28:01.211 2813 RALLYDEBUG rally_openstack.cleanup.manager [-] Deleting neutron.port object s_rally_a731ef48_JlNFrxCy (132b432d-d727-4083-8552-e54e8c35486d)
2019-11-27 09:28:01.215 2813 RALLYDEBUG rally_openstack.cleanup.manager [-] Deleting neutron.port object s_rally_a731ef48_xWbbkBqW (134ad090-216e-43fa-91b2-f52a16f917cb)
2019-11-27 09:28:01.239 2813 RALLYDEBUG rally_openstack.cleanup.manager [-] Deleting neutron.port object s_rally_a731ef48_mnlrK6zf (137dd058-91fc-4293-8f0a-a1fad8aa8a78)
2019-11-27 09:28:01.894 2813 RALLYDEBUG rally_openstack.cleanup.manager [-] Deleting neutron.port object s_rally_a731ef48_KHSF7NLE (13a084a7-f241-4262-a90b-d8d2e0efb2fe)
2019-11-27 09:28:02.103 2813 RALLYDEBUG rally_openstack.cleanup.manager [-] Deleting neutron.port object s_rally_a731ef48_tmwkQQu1 (13a1d101-bbf8-4702-a139-b79b34409f2f)
2019-11-27 09:28:02.108 2813 RALLYDEBUG rally_openstack.cleanup.manager [-] Deleting neutron.port object s_rally_a731ef48_3KXXqGZT (13c5b4b4-504e-4ac6-902f-5b2ab670b965)
2019-11-27 09:28:02.136 2813 RALLYDEBUG rally_openstack.cleanup.manager [-] Deleting neutron.port object s_rally_a731ef48_4SCwo68u (1458410a-b932-4cf6-8daa-f1b8d9c9a69c)
2019-11-27 09:28:02.154 2813 RALLYDEBUG rally_openstack.cleanup.manager [-] Deleting neutron.port object s_rally_a731ef48_2gIj1YKt (147264b9-7f53-45c7-b40b-80eec080a064)
2019-11-27 09:28:02.209 2813 RALLYDEBUG rally_openstack.cleanup.manager [-] Deleting neutron.port object s_rally_a731ef48_sRLAzr94 (14d0a433-54b1-47f8-8612-50192b9d8b97)
2019-11-27 09:28:02.287 2813 RALLYDEBUG rally_openstack.cleanup.manager [-] Deleting neutron.port object s_rally_a731ef48_84UfE7pa (15022756-2c6b-4810-962a-301da0390b73)
2019-11-27 09:28:02.387 2813 RALLYDEBUG rally_openstack.cleanup.manager [-] Deleting neutron.port object s_rally_a731ef48_muNOQozI (1666504d-e633-4b15-9bb6-964f831ad3dc)
2019-11-27 09:28:02.481 2813 RALLYDEBUG rally_openstack.cleanup.manager [-] Deleting neutron.port object s_rally_a731ef48_K6YCUD5G (17b80a08-0347-4938-b95a-80ebe6fbeebc)
2019-11-27 09:28:02.498 2813 RALLYDEBUG rally_openstack.cleanup.manager [-] Deleting neutron.port object s_rally_a731ef48_DzRdl0zE (17c845b8-0465-457a-b0bd-9d3aa1ab1b8b)
2019-11-27 09:28:02.506 2813 RALLYDEBUG rally_openstack.cleanup.manager [-] Deleting neutron.port object s_rally_a731ef48_KebJV3Pl (1817cfc0-6a29-4312-80e3-2b55afb61cda)
2019-11-27 09:28:02.519 2813 RALLYDEBUG rally_openstack.cleanup.manager [-] Deleting neutron.port object s_rally_a731ef48_g5CwXtnE (188d0a6d-b3d1-4695-9da1-1f67a4346779)
2019-11-27 09:28:02.685 2813 RALLYDEBUG rally_openstack.cleanup.manager [-] Deleting neutron.port object s_rally_a731ef48_kWfxVdta (188fe1f5-70e4-42ed-b1c4-b0c94f08c8af)
2019-11-27 09:28:02.851 2813 RALLYDEBUG rally_openstack.cleanup.manager [-] Deleting neutron.port object s_rally_a731ef48_ZMoGWtYR (1a2e67e1-02b6-461a-a9c2-58ee7dc526ff)
2019-11-27 09:28:02.869 2813 RALLYDEBUG rally_openstack.cleanup.manager [-] Deleting neutron.port object s_rally_a731ef48_9bc2fqpo (1aa24848-5508-4a14-ab43-b2d1ef454ce3)
2019-11-27 09:28:02.880 2813 RALLYDEBUG rally_openstack.cleanup.manager [-] Deleting neutron.port object s_rally_a731ef48_ajpeaY1r (1aeafa84-a7dd-4832-aa8b-a03c6937a5fd)
2019-11-27 09:28:02.929 2813 RALLYDEBUG rally_openstack.cleanup.manager [-] Deleting neutron.port object s_rally_a731ef48_r5oGf3Rg (1af303b5-8aab-439a-ba2f-0ea1eb491741)
2019-11-27 09:28:03.013 2813 RALLYDEBUG rally_openstack.cleanup.manager [-] Deleting neutron.port object s_rally_a731ef48_L5KazNfX (1c2d17dc-80c2-4582-940a-ccfb6762f65b)
2019-11-27 09:28:03.246 2813 RALLYDEBUG rally_openstack.cleanup.manager [-] Deleting neutron.port object s_rally_a731ef48_2z2zMXtD (1c845dca-a980-4759-b3cc-5751fa0c0f01)
2019-11-27 09:28:03.255 2813 RALLYDEBUG rally_openstack.cleanup.manager [-] Deleting neutron.port object s_rally_a731ef48_qUluvRLs (1cae4041-bbbf-41ec-82f1-a4903c8e828c)
2019-11-27 09:28:03.633 2813 RALLYDEBUG rally_openstack.cleanup.manager [-] Deleting neutron.port object s_rally_a731ef48_yctOSb9I (1ce6bb9d-99e9-4c74-a2d8-48066f55398f)
2019-11-27 09:28:03.887 2813 RALLYDEBUG rally_openstack.cleanup.manager [-] Deleting neutron.port object s_rally_a731ef48_Y262wVZh (1d777581-02cc-4eb4-b8fb-e61443aff861)
2019-11-27 09:28:04.101 2813 RALLYDEBUG rally_openstack.cleanup.manager [-] Deleting neutron.port object s_rally_a731ef48_NiWpCSAP (1e4d8520-6e3d-4943-93aa-87ef5aa035a9)
2019-11-27 09:28:04.109 2813 RALLYDEBUG rally_openstack.cleanup.manager [-] Deleting neutron.port object s_rally_a731ef48_nbpWE9AY (1f389fe6-6f81-4bd3-bb3c-a67041ad5abf)
2019-11-27 09:28:04.158 2813 RALLYDEBUG rally_openstack.cleanup.manager [-] Deleting neutron.port object s_rally_a731ef48_H9Xco7M4 (1fc4f5f1-5185-41ad-ae67-16e0834f7f7b)
2019-11-27 09:28:04.268 2813 RALLYDEBUG rally_openstack.cleanup.manager [-] Deleting neutron.port object s_rally_a731ef48_4HBFdXse (1fe70846-03bf-433f-893d-ad2385f14351)
2019-11-27 09:28:04.367 2813 RALLYDEBUG rally_openstack.cleanup.manager [-] Deleting neutron.port object s_rally_a731ef48_X7Dapf0e (20fce783-e5ff-47f2-b7b4-c167de7f9fc5)
2019-11-27 09:28:04.431 2813 RALLYDEBUG rally_openstack.cleanup.manager [-] Deleting neutron.port object s_rally_a731ef48_euFydHtW (212ca7ac-fe4c-4e9d-846f-de7f13ce4f75)
2019-11-27 09:28:04.435 2813 RALLYDEBUG rally_openstack.cleanup.manager [-] Deleting neutron.port object s_rally_a731ef48_JW08I2vp (213d0297-e59d-4fe8-b0bf-fe8d6bcc9e1a)
2019-11-27 09:28:04.544 2813 RALLYDEBUG rally_openstack.cleanup.manager [-] Deleting neutron.port object s_rally_a731ef48_vNb6n3DA (216daec3-96b9-4233-aeb4-13ed1ac5b78e)
2019-11-27 09:28:04.547 2813 RALLYDEBUG rally_openstack.cleanup.manager [-] Deleting neutron.port object s_rally_a731ef48_znPuOVpj (219fa474-5b5d-4c71-8731-517eb27f5688)
2019-11-27 09:28:04.607 2813 RALLYDEBUG rally_openstack.cleanup.manager [-] Deleting neutron.port object s_rally_a731ef48_ZDER8tZo (22180776-d750-4aac-8ec6-f8480329c194)
2019-11-27 09:28:04.747 2813 RALLYDEBUG rally_openstack.cleanup.manager [-] Deleting neutron.port object s_rally_a731ef48_CeimABsS (23037a45-9370-4dd4-86f0-9a435ff9cc53)
2019-11-27 09:28:04.762 2813 RALLYDEBUG rally_openstack.cleanup.manager [-] Deleting neutron.port object s_rally_a731ef48_h7ZMU0vp (234c17d0-1502-4358-bd45-8bd165541e84)
2019-11-27 09:28:04.786 2813 RALLYDEBUG rally_openstack.cleanup.manager [-] Deleting neutron.port object s_rally_a731ef48_y4cjtqAu (23dec446-ef21-4086-b2fe-b009f0d98412)
2019-11-27 09:28:04.794 2813 RALLYDEBUG rally_openstack.cleanup.manager [-] Deleting neutron.port object s_rally_a731ef48_XmzAgzvb (24d635db-d4d3-40c1-a9c6-5b849016e90f)
2019-11-27 09:28:04.799 2813 RALLYDEBUG rally_openstack.cleanup.manager [-] Deleting neutron.port object s_rally_a731ef48_vYMS7su9 (25303b8c-fdd1-41ad-b73d-debe691e80d3)
2019-11-27 09:28:04.944 2813 RALLYDEBUG rally_openstack.cleanup.manager [-] Deleting neutron.port object s_rally_a731ef48_E8YzevJL (2593615d-cae9-44e7-95e6-987cd2563f50)
2019-11-27 09:28:05.007 2813 RALLYDEBUG rally_openstack.cleanup.manager [-] Deleting neutron.port object s_rally_a731ef48_bt2QIuzm (26d9144b-171c-4bd9-b711-3415196235f4)
2019-11-27 09:28:05.020 2813 RALLYDEBUG rally_openstack.cleanup.manager [-] Deleting neutron.port object s_rally_a731ef48_SYypImdu (271ba7dd-7268-467b-b4c4-ebd755c5e036)
2019-11-27 09:28:05.380 2813 RALLYDEBUG rally_openstack.cleanup.manager [-] Deleting neutron.port object s_rally_a731ef48_Nc8Ghewz (277993f7-f7eb-41e7-a8d3-19c04efc4147)
2019-11-27 09:28:05.602 2813 RALLYDEBUG rally_openstack.cleanup.manager [-] Deleting neutron.port object s_rally_a731ef48_wjU6h1gU (278a07c9-3942-4ffc-9c48-74b780799fdc)
2019-11-27 09:28:05.846 2813 RALLYDEBUG rally_openstack.cleanup.manager [-] Deleting neutron.port object s_rally_a731ef48_eeT7j2bv (27a79aef-5965-48c8-98e3-9c720c6fb5d2)
2019-11-27 09:28:05.893 2813 RALLYDEBUG rally_openstack.cleanup.manager [-] Deleting neutron.port object s_rally_a731ef48_wcT4TWCf (27b1bd9d-5f7e-400b-b1d6-ed2dd885c654)
2019-11-27 09:28:05.897 2813 RALLYDEBUG rally_openstack.cleanup.manager [-] Deleting neutron.port object s_rally_a731ef48_7QsZQEYu (27d5b95d-25cf-436b-b3b2-9efa4f636816)
2019-11-27 09:28:06.094 2813 RALLYDEBUG rally_openstack.cleanup.manager [-] Deleting neutron.port object s_rally_a731ef48_TSVsPPf6 (28e534eb-f462-486d-a8b6-2aaa9e640f1c)
2019-11-27 09:28:06.098 2813 RALLYDEBUG rally_openstack.cleanup.manager [-] Deleting neutron.port object s_rally_a731ef48_ccwLqFyi (29be2baf-e4da-4ebc-9b43-62845ef9c70f)
2019-11-27 09:28:06.370 2813 RALLYDEBUG rally_openstack.cleanup.manager [-] Deleting neutron.port object s_rally_a731ef48_8zSzhj0E (2ab95808-882a-455a-af7f-d5cafd44e80b)
2019-11-27 09:28:06.484 2813 RALLYDEBUG rally_openstack.cleanup.manager [-] Deleting neutron.port object s_rally_a731ef48_9ZcRqD6N (2b8f2f3e-75ab-4263-a1e7-f0aa7ce9c4f8)
2019-11-27 09:28:06.508 2813 RALLYDEBUG rally_openstack.cleanup.manager [-] Deleting neutron.port object s_rally_a731ef48_n5epfzc0 (2bc81006-3050-4fe9-ae5c-cad4d87736b1)
2019-11-27 09:28:06.538 2813 RALLYDEBUG rally_openstack.cleanup.manager [-] Deleting neutron.port object s_rally_a731ef48_LjnL1srt (2c59547c-75bd-463e-8a1b-c65d73d7808d)
2019-11-27 09:28:06.551 2813 RALLYDEBUG rally_openstack.cleanup.manager [-] Deleting neutron.port object s_rally_a731ef48_8GRKZsgG (2c869cff-6ad1-4ed2-b9a0-d8b2325f40b0)
2019-11-27 09:28:06.583 2813 RALLYDEBUG rally_openstack.cleanup.manager [-] Deleting neutron.port object s_rally_a731ef48_ZBkFeQj4 (2d29f253-306e-40d2-9a0d-9924b03e6c12)
2019-11-27 09:28:06.663 2813 RALLYDEBUG rally_openstack.cleanup.manager [-] Deleting neutron.port object s_rally_a731ef48_xROb1MwP (2d36ff04-1513-47fa-b467-1c8dede9c001)
2019-11-27 09:28:06.745 2813 RALLYDEBUG rally_openstack.cleanup.manager [-] Deleting neutron.port object s_rally_a731ef48_fMtpZIO7 (2e1dab32-e3fc-4adb-8ff4-e7114a25a0db)
2019-11-27 09:28:06.763 2813 RALLYDEBUG rally_openstack.cleanup.manager [-] Deleting neutron.port object s_rally_a731ef48_opy9yRz2 (2e5ff6f0-95e0-476e-bf91-c33f57a88597)
2019-11-27 09:28:06.972 2813 RALLYDEBUG rally_openstack.cleanup.manager [-] Deleting neutron.port object s_rally_a731ef48_eZiQQQgR (2e89dfd7-011c-4507-ae36-9c234bf4695f)
2019-11-27 09:28:07.064 2813 RALLYDEBUG rally_openstack.cleanup.manager [-] Deleting neutron.port object s_rally_a731ef48_o1KNzHQH (2eb6d36f-70f3-48d5-ad8d-04f4f20f890d)
2019-11-27 09:28:07.073 2813 RALLYDEBUG rally_openstack.cleanup.manager [-] Deleting neutron.port object s_rally_a731ef48_DlyRhV1z (2f7fe7d6-5ff7-403f-ab0a-0fe00cc823b2)
2019-11-27 09:28:07.114 2813 RALLYDEBUG rally_openstack.cleanup.manager [-] Deleting neutron.port object s_rally_a731ef48_3Dd2SS91 (3021a0bd-52f3-4f19-b093-ba3da6db7db9)
2019-11-27 09:28:07.158 2813 RALLYDEBUG rally_openstack.cleanup.manager [-] Deleting neutron.port object s_rally_a731ef48_W9ElqzEg (307953e7-c982-4c33-aeb0-ae11c713069a)
2019-11-27 09:28:07.350 2813 RALLYDEBUG rally_openstack.cleanup.manager [-] Deleting neutron.port object s_rally_a731ef48_XADwaocs (3091ad83-f54c-4961-b1be-f1534bfeebb7)
2019-11-27 09:28:07.540 2813 RALLYDEBUG rally_openstack.cleanup.manager [-] Deleting neutron.port object s_rally_a731ef48_ydIMd2vu (30ea0605-53e6-4de8-8064-20fd4bbd3e46)
2019-11-27 09:28:07.627 2813 RALLYDEBUG rally_openstack.cleanup.manager [-] Deleting neutron.port object s_rally_a731ef48_mF5olwEs (30f11529-01f0-47a2-837d-885ba20fc468)
2019-11-27 09:28:07.872 2813 RALLYDEBUG rally_openstack.cleanup.manager [-] Deleting neutron.port object s_rally_a731ef48_37qygpTh (3164e855-a976-4a17-ac27-0459779a1678)
2019-11-27 09:28:07.914 2813 RALLYDEBUG rally_openstack.cleanup.manager [-] Deleting neutron.port object s_rally_a731ef48_hAHtKHtC (31824615-8be7-45b4-9fde-a6de736175fc)
2019-11-27 09:28:08.085 2813 RALLYDEBUG rally_openstack.cleanup.manager [-] Deleting neutron.port object s_rally_a731ef48_Z929KEgy (31c2f8dc-9698-48f5-8305-0d6df07c10eb)
2019-11-27 09:28:08.200 2813 RALLYDEBUG rally_openstack.cleanup.manager [-] Deleting neutron.port object s_rally_a731ef48_wiolhEOV (33a48ed3-ff78-4486-aa7c-ddfd2766c2d5)
2019-11-27 09:28:08.210 2813 RALLYDEBUG rally_openstack.cleanup.manager [-] Deleting neutron.port object s_rally_a731ef48_eDiXJEOl (33c940a5-d125-457e-9375-150f3cb4305b)
2019-11-27 09:28:08.283 2813 RALLYDEBUG rally_openstack.cleanup.manager [-] Deleting neutron.port object s_rally_a731ef48_1xoHCcg9 (33e860a6-7eab-47bc-90c7-9a40a4522e4d)
2019-11-27 09:28:08.299 2813 RALLYDEBUG rally_openstack.cleanup.manager [-] Deleting neutron.port object s_rally_a731ef48_D3Rkk8km (33feef23-65fe-435b-bf0f-5680ba6b8a5d)
2019-11-27 09:28:08.332 2813 RALLYDEBUG rally_openstack.cleanup.manager [-] Deleting neutron.port object s_rally_a731ef48_dwHWZAKK (34428942-454f-4b9c-a854-3e35113f0511)
2019-11-27 09:28:08.483 2813 RALLYDEBUG rally_openstack.cleanup.manager [-] Deleting neutron.port object s_rally_a731ef48_xAr0EpzY (34ba7436-61d1-4128-98a5-693562fcd417)
2019-11-27 09:28:08.492 2813 RALLYDEBUG rally_openstack.cleanup.manager [-] Deleting neutron.port object s_rally_a731ef48_TvUdgDw9 (353d608f-3e0b-4f99-8732-57fc9af4dc00)
2019-11-27 09:28:08.763 2813 RALLYDEBUG rally_openstack.cleanup.manager [-] Deleting neutron.port object s_rally_a731ef48_7NVOKn1Q (3542c588-80f4-41b8-8de8-3c293e990a46)
2019-11-27 09:28:08.828 2813 RALLYDEBUG rally_openstack.cleanup.manager [-] Deleting neutron.port object s_rally_a731ef48_by8xUYQh (35812cc1-55ae-48d4-9d6d-ea272581dc33)
2019-11-27 09:28:08.837 2813 RALLYDEBUG rally_openstack.cleanup.manager [-] Deleting neutron.port object s_rally_a731ef48_4IbCqnIS (358cbd68-a3e9-431e-a855-65d2fad706cf)
2019-11-27 09:28:08.867 2813 RALLYDEBUG rally_openstack.cleanup.manager [-] Deleting neutron.port object s_rally_a731ef48_YyHYpGMa (3670c926-fd5f-4001-b224-0596872e3947)
2019-11-27 09:28:08.904 2813 RALLYDEBUG rally_openstack.cleanup.manager [-] Deleting neutron.port object s_rally_a731ef48_axjXlnUJ (374844c0-a563-4ce8-8789-03cf384b3b76)
2019-11-27 09:28:08.907 2813 RALLYDEBUG rally_openstack.cleanup.manager [-] Deleting neutron.port object s_rally_a731ef48_YWo2xq4i (379c4034-bd0d-4612-9b34-99c88cad13c3)
2019-11-27 09:28:09.054 2813 RALLYDEBUG rally_openstack.cleanup.manager [-] Deleting neutron.port object s_rally_a731ef48_8mvVgFef (383530fc-ca09-459c-bbb7-a8a83e7ff103)
2019-11-27 09:28:09.058 2813 RALLYDEBUG rally_openstack.cleanup.manager [-] Deleting neutron.port object s_rally_a731ef48_LXiIjdSO (38452955-180e-496f-91ac-e717da3003bb)
2019-11-27 09:28:09.518 2813 RALLYDEBUG rally_openstack.cleanup.manager [-] Deleting neutron.port object s_rally_a731ef48_x3OuyAbF (388e5630-154f-43a6-b445-ba978486dbad)
2019-11-27 09:28:09.609 2813 RALLYDEBUG rally_openstack.cleanup.manager [-] Deleting neutron.port object s_rally_a731ef48_GEja7G7H (3af91c7f-51a2-4aae-aac4-df0bb60fefec)
2019-11-27 09:28:09.617 2813 RALLYDEBUG rally_openstack.cleanup.manager [-] Deleting neutron.port object s_rally_a731ef48_aWY3LMML (3b9d0b17-d09f-4e17-a1d9-513536803905)
