2019-11-27 09:25:00.020 2813 RALLYDEBUG rally_openstack.cleanup.manager [-] Deleting neutron.port object s_rally_e04b7b95_tk9eadCc (76f1e423-14f3-45ea-86d1-cd6cbf6176cf)
2019-11-27 09:25:00.076 2813 RALLYDEBUG rally_openstack.cleanup.manager [-] Deleting neutron.port object s_rally_e04b7b95_7VXiGPr1 (77567784-4d3b-485d-bcb2-34033e5db717)
2019-11-27 09:25:00.213 2813 RALLYDEBUG rally_openstack.cleanup.manager [-] Deleting neutron.port object s_rally_e04b7b95_8rpw0lmO (78f7aa05-d725-4338-aef3-5d6b7e7c76bd)
2019-11-27 09:25:00.230 2813 RALLYDEBUG rally_openstack.cleanup.manager [-] Deleting neutron.port object s_rally_e04b7b95_g6UaoWAM (7bf244f0-415f-43d7-a5a1-66918c2d9a28)
2019-11-27 09:25:00.322 2813 RALLYDEBUG rally_openstack.cleanup.manager [-] Deleting neutron.port object s_rally_e04b7b95_KVYN3Lr1 (7e670b10-d034-42a3-915d-77ef06b76c5d)
2019-11-27 09:25:00.368 2813 RALLYDEBUG rally_openstack.cleanup.manager [-] Deleting neutron.port object s_rally_e04b7b95_XGAigmuO (7f8aebcc-4bbf-4618-9e63-241223a64309)
2019-11-27 09:25:00.527 2813 RALLYDEBUG rally_openstack.cleanup.manager [-] Deleting neutron.port object s_rally_e04b7b95_v25pICSo (7fe305b0-ff92-460d-9d9d-918edbf65b19)
2019-11-27 09:25:00.637 2813 RALLYDEBUG rally_openstack.cleanup.manager [-] Deleting neutron.port object s_rally_e04b7b95_HZVaJFMk (7ff0fe8b-8af9-46e0-8abe-d1e617ac158b)
2019-11-27 09:25:00.704 2813 RALLYDEBUG rally_openstack.cleanup.manager [-] Deleting neutron.port object s_rally_e04b7b95_woWwRNqC (807f74ba-f44a-459d-9919-8b16eb2dd50b)
2019-11-27 09:25:00.749 2813 RALLYDEBUG rally_openstack.cleanup.manager [-] Deleting neutron.port object s_rally_e04b7b95_Vaq6pRBT (81fbc874-9238-412c-8f3a-e8e6d0721eca)
2019-11-27 09:25:00.793 2813 RALLYDEBUG rally_openstack.cleanup.manager [-] Deleting neutron.port object s_rally_e04b7b95_QgiqRiwZ (83be2a54-4c85-42fb-acb5-4a59bf87afae)
2019-11-27 09:25:00.859 2813 RALLYDEBUG rally_openstack.cleanup.manager [-] Deleting neutron.port object s_rally_e04b7b95_By5DHnOJ (84a5a306-84b2-4577-9d20-78e9ec4e631d)
2019-11-27 09:25:00.876 2813 RALLYDEBUG rally_openstack.cleanup.manager [-] Deleting neutron.port object s_rally_e04b7b95_97eTWkaB (8756b1de-5be7-4612-84c0-df74c1a9d939)
2019-11-27 09:25:00.920 2813 RALLYDEBUG rally_openstack.cleanup.manager [-] Deleting neutron.port object s_rally_e04b7b95_yhPtNWJH (8933f572-3fcf-41dd-b718-f2699bd36a8a)
2019-11-27 09:25:01.065 2813 RALLYDEBUG rally_openstack.cleanup.manager [-] Deleting neutron.port object s_rally_e04b7b95_O3M6grjZ (8a98b80a-b89d-4802-84f3-fb2d85e72084)
2019-11-27 09:25:01.253 2813 RALLYDEBUG rally_openstack.cleanup.manager [-] Deleting neutron.port object s_rally_e04b7b95_PyQ6dHtM (8bc43d57-fbf4-45ff-83aa-40527783dd85)
2019-11-27 09:25:01.425 2813 RALLYDEBUG rally_openstack.cleanup.manager [-] Deleting neutron.port object s_rally_e04b7b95_CQ0bmh4i (8dc8f950-f22d-4505-bcde-8338660c1158)
2019-11-27 09:25:01.435 2813 RALLYDEBUG rally_openstack.cleanup.manager [-] Deleting neutron.port object s_rally_e04b7b95_ELqOvjjd (8fe98201-f7b5-4f77-a540-83b009f89a30)
2019-11-27 09:25:01.558 2813 RALLYDEBUG rally_openstack.cleanup.manager [-] Deleting neutron.port object s_rally_e04b7b95_Ly7EwkRz (900648e8-9a26-4ad2-a407-84bcca748fe8)
2019-11-27 09:25:01.602 2813 RALLYDEBUG rally_openstack.cleanup.manager [-] Deleting neutron.port object s_rally_e04b7b95_j3fL3fgb (908757fd-806b-451b-977e-a607eade6507)
2019-11-27 09:25:01.749 2813 RALLYDEBUG rally_openstack.cleanup.manager [-] Deleting neutron.port object s_rally_e04b7b95_XuH2ZAZs (93ad5083-edcd-4abc-9bba-36313c21b824)
2019-11-27 09:25:01.849 2813 RALLYDEBUG rally_openstack.cleanup.manager [-] Deleting neutron.port object s_rally_e04b7b95_6YUTH9hG (945c1d4f-79f3-4d22-8c39-331f59800de0)
2019-11-27 09:25:01.958 2813 RALLYDEBUG rally_openstack.cleanup.manager [-] Deleting neutron.port object s_rally_e04b7b95_mix6b9d0 (94623bc0-f451-4f24-afa8-06677553dcac)
2019-11-27 09:25:02.063 2813 RALLYDEBUG rally_openstack.cleanup.manager [-] Deleting neutron.port object s_rally_e04b7b95_adcLJeFO (9474c1da-e149-464b-8735-422bef438186)
2019-11-27 09:25:02.119 2813 RALLYDEBUG rally_openstack.cleanup.manager [-] Deleting neutron.port object s_rally_e04b7b95_E1JQf6bs (958c7fb3-d8ce-4c6e-8a2c-d412218a085d)
2019-11-27 09:25:02.150 2813 RALLYDEBUG rally_openstack.cleanup.manager [-] Deleting neutron.port object s_rally_e04b7b95_iWTRGl5N (9601b4b4-e7b5-4794-9e98-dcdb75022534)
2019-11-27 09:25:02.404 2813 RALLYDEBUG rally_openstack.cleanup.manager [-] Deleting neutron.port object s_rally_e04b7b95_TO4FaT8d (9649546e-bac6-4e11-a88a-f916c54a84aa)
2019-11-27 09:25:02.413 2813 RALLYDEBUG rally_openstack.cleanup.manager [-] Deleting neutron.port object s_rally_e04b7b95_TTkMCUGv (98c9e1e2-96da-433f-b9f2-d3ff0d5a3880)
2019-11-27 09:25:02.472 2813 RALLYDEBUG rally_openstack.cleanup.manager [-] Deleting neutron.port object s_rally_e04b7b95_jD0evalu (9ead3829-2f40-4f81-854b-08d2cde664de)
2019-11-27 09:25:02.545 2813 RALLYDEBUG rally_openstack.cleanup.manager [-] Deleting neutron.port object s_rally_e04b7b95_LgcG33fx (9eb80b3e-c969-4f70-9a04-ab820b169422)
2019-11-27 09:25:02.633 2813 RALLYDEBUG rally_openstack.cleanup.manager [-] Deleting neutron.port object s_rally_e04b7b95_MdVWTszy (9ed6ca7e-999b-43dc-b0ca-e23b867f33af)
2019-11-27 09:25:02.681 2813 RALLYDEBUG rally_openstack.cleanup.manager [-] Deleting neutron.port object s_rally_e04b7b95_71Tm5XEE (9f6b3641-2ed1-403b-a1b2-760da38e1a63)
2019-11-27 09:25:02.742 2813 RALLYDEBUG rally_openstack.cleanup.manager [-] Deleting neutron.port object s_rally_e04b7b95_anUHx76j (9f861865-10e5-4a63-ac54-8e0574a51d78)
2019-11-27 09:25:02.788 2813 RALLYDEBUG rally_openstack.cleanup.manager [-] Deleting neutron.port object s_rally_e04b7b95_XF4Uv1aT (a149a6be-8385-4f08-8ba6-696c58a94f04)
2019-11-27 09:25:02.943 2813 RALLYDEBUG rally_openstack.cleanup.manager [-] Deleting neutron.port object s_rally_e04b7b95_1zm7y8cD (a27e03da-91db-45b8-9881-45311d6e8aec)
2019-11-27 09:25:03.005 2813 RALLYDEBUG rally_openstack.cleanup.manager [-] Deleting neutron.port object s_rally_e04b7b95_oT2cBQK4 (a2832046-180a-45bc-b59a-b65612a074a8)
2019-11-27 09:25:03.178 2813 RALLYDEBUG rally_openstack.cleanup.manager [-] Deleting neutron.port object s_rally_e04b7b95_5U7OkLqz (a46a42ab-1540-4e17-afc8-084b1438658f)
2019-11-27 09:25:03.287 2813 RALLYDEBUG rally_openstack.cleanup.manager [-] Deleting neutron.port object s_rally_e04b7b95_8cf154sS (a766baad-4f93-4f11-970c-0166cb38f0fe)
2019-11-27 09:25:03.316 2813 RALLYDEBUG rally_openstack.cleanup.manager [-] Deleting neutron.port object s_rally_e04b7b95_PsxDjwLs (a84dd7bd-28eb-4ba2-b79c-9efc5265dad9)
2019-11-27 09:25:03.333 2813 RALLYDEBUG rally_openstack.cleanup.manager [-] Deleting neutron.port object s_rally_e04b7b95_YcSKaeCI (a89115f0-d3c5-41f0-be64-1fe1c39b1b70)
2019-11-27 09:25:03.572 2813 RALLYDEBUG rally_openstack.cleanup.manager [-] Deleting neutron.port object s_rally_e04b7b95_AMa1iIvE (a8dacaf8-adb7-4804-ba45-62385d226bad)
2019-11-27 09:25:03.582 2813 RALLYDEBUG rally_openstack.cleanup.manager [-] Deleting neutron.port object s_rally_e04b7b95_sQG7Ospf (aa684b3a-c3bc-4cfa-8be9-b7525be3ef68)
2019-11-27 09:25:03.664 2813 RALLYDEBUG rally_openstack.cleanup.manager [-] Deleting neutron.port object s_rally_e04b7b95_ifnJKbZv (aabd7873-b50e-4854-8290-49d2122aa567)
2019-11-27 09:25:03.961 2813 RALLYDEBUG rally_openstack.cleanup.manager [-] Deleting neutron.port object s_rally_e04b7b95_0ldnYuP7 (abf0d2db-f07d-40bd-b670-a10161e2be75)
2019-11-27 09:25:04.021 2813 RALLYDEBUG rally_openstack.cleanup.manager [-] Deleting neutron.port object s_rally_e04b7b95_Uw7oV844 (ac285e7f-1afb-4863-b300-8b2d3cab6bd5)
2019-11-27 09:25:04.052 2813 RALLYDEBUG rally_openstack.cleanup.manager [-] Deleting neutron.port object s_rally_e04b7b95_R3Y1y5zc (acd147f2-e5c7-4292-950c-94ceddb3fa3d)
2019-11-27 09:25:04.144 2813 RALLYDEBUG rally_openstack.cleanup.manager [-] Deleting neutron.port object s_rally_e04b7b95_cPJe3prI (ade7cbe4-634b-4aba-aabb-d6a0518431f8)
2019-11-27 09:25:04.292 2813 RALLYDEBUG rally_openstack.cleanup.manager [-] Deleting neutron.port object s_rally_e04b7b95_vC7N6y5b (ae438b03-8f01-473d-b38f-86cf27625ee2)
2019-11-27 09:25:04.430 2813 RALLYDEBUG rally_openstack.cleanup.manager [-] Deleting neutron.port object s_rally_e04b7b95_ag4YVkaS (af81a1cb-0d71-4130-8166-d8894aae2ef7)
2019-11-27 09:25:04.434 2813 RALLYDEBUG rally_openstack.cleanup.manager [-] Deleting neutron.port object s_rally_e04b7b95_V1gG4udO (b310b32b-9806-4cc5-ae61-587bf5944bf4)
2019-11-27 09:25:04.479 2813 RALLYDEBUG rally_openstack.cleanup.manager [-] Deleting neutron.port object s_rally_e04b7b95_ki4gZaXU (b64c9908-dd89-4141-bedf-af5f061ae140)
2019-11-27 09:25:04.506 2813 RALLYDEBUG rally_openstack.cleanup.manager [-] Deleting neutron.port object s_rally_e04b7b95_pRc57nEP (b882f24f-69b5-45f2-a17d-9519cf8433ad)
2019-11-27 09:25:04.680 2813 RALLYDEBUG rally_openstack.cleanup.manager [-] Deleting neutron.port object s_rally_e04b7b95_EhWvo4Vs (bc18b421-3402-4f28-852b-4f5ab9c388d1)
2019-11-27 09:25:04.704 2813 RALLYDEBUG rally_openstack.cleanup.manager [-] Deleting neutron.port object s_rally_e04b7b95_MW9zfj6o (bfae20e7-688a-4f12-a912-18cf7a14da14)
2019-11-27 09:25:04.849 2813 RALLYDEBUG rally_openstack.cleanup.manager [-] Deleting neutron.port object s_rally_e04b7b95_0JQfrfk6 (c01d4ba2-3c7b-446d-a68c-15f9b9694035)
2019-11-27 09:25:04.894 2813 RALLYDEBUG rally_openstack.cleanup.manager [-] Deleting neutron.port object s_rally_e04b7b95_n5z7wG2V (c0c4f878-b1be-4615-b33b-499028b9491c)
2019-11-27 09:25:05.021 2813 RALLYDEBUG rally_openstack.cleanup.manager [-] Deleting neutron.port object s_rally_e04b7b95_Ir4Z8SKv (c148bac3-06b9-443b-9ebc-77b9f24e025e)
2019-11-27 09:25:05.045 2813 RALLYDEBUG rally_openstack.cleanup.manager [-] Deleting neutron.port object s_rally_e04b7b95_EwZqROhq (c18ed2e9-2fb7-4dd4-8500-ffce9bfe2f02)
2019-11-27 09:25:05.060 2813 RALLYDEBUG rally_openstack.cleanup.manager [-] Deleting neutron.port object s_rally_e04b7b95_A7Tq9ChL (c2fab48f-98d7-4c01-b5ca-6c5df33753c4)
2019-11-27 09:25:05.305 2813 RALLYDEBUG rally_openstack.cleanup.manager [-] Deleting neutron.port object s_rally_e04b7b95_jheGUC3P (c41c1655-b7b8-446c-b7e5-0fc6365ec750)
2019-11-27 09:25:05.325 2813 RALLYDEBUG rally_openstack.cleanup.manager [-] Deleting neutron.port object s_rally_e04b7b95_ClXYyPLh (c6297308-74c0-4811-b852-ce874ac4de60)
2019-11-27 09:25:05.334 2813 RALLYDEBUG rally_openstack.cleanup.manager [-] Deleting neutron.port object s_rally_e04b7b95_NTy29wss (c7c54c69-861e-4f75-8115-e2b2b2a953f0)
2019-11-27 09:25:05.371 2813 RALLYDEBUG rally_openstack.cleanup.manager [-] Deleting neutron.port object s_rally_e04b7b95_IRTizylY (ca78c916-89cd-491c-a44e-81594654efa2)
2019-11-27 09:25:05.916 2813 RALLYDEBUG rally_openstack.cleanup.manager [-] Deleting neutron.port object s_rally_e04b7b95_6sG6x2oA (cb9f4164-248f-484c-9583-3411dd353f1f)
2019-11-27 09:25:05.952 2813 RALLYDEBUG rally_openstack.cleanup.manager [-] Deleting neutron.port object s_rally_e04b7b95_BFodBxvB (cccc12ef-9322-46ce-af43-18e4a990aac5)
2019-11-27 09:25:06.011 2813 RALLYDEBUG rally_openstack.cleanup.manager [-] Deleting neutron.port object s_rally_e04b7b95_5r5Shilo (ce927404-611f-414d-9439-c58fc4266c44)
2019-11-27 09:25:06.062 2813 RALLYDEBUG rally_openstack.cleanup.manager [-] Deleting neutron.port object s_rally_e04b7b95_CWnIRgW6 (ceb83951-260d-4bc9-9ff7-0944803b472c)
2019-11-27 09:25:06.065 2813 RALLYDEBUG rally_openstack.cleanup.manager [-] Deleting neutron.port object s_rally_e04b7b95_Hz7lje3N (cf64bd24-f4fc-4792-a5da-e7b2b674e3c8)
2019-11-27 09:25:06.162 2813 RALLYDEBUG rally_openstack.cleanup.manager [-] Deleting neutron.port object s_rally_e04b7b95_ZscR5zSh (cf729676-b517-498a-aeb2-6a8160229132)
2019-11-27 09:25:06.207 2813 RALLYDEBUG rally_openstack.cleanup.manager [-] Deleting neutron.port object s_rally_e04b7b95_yHzMDJPD (d2f78b3f-6dda-433c-bc86-6c5f53e88605)
2019-11-27 09:25:06.211 2813 RALLYDEBUG rally_openstack.cleanup.manager [-] Deleting neutron.port object s_rally_e04b7b95_tNVnwUjc (d39ca2a8-bcf0-4368-9df9-16370166169b)
2019-11-27 09:25:06.261 2813 RALLYDEBUG rally_openstack.cleanup.manager [-] Deleting neutron.port object s_rally_e04b7b95_DMwA4fAx (d3c0a299-9b9e-43c7-9200-51318257b80d)
2019-11-27 09:25:06.435 2813 RALLYDEBUG rally_openstack.cleanup.manager [-] Deleting neutron.port object s_rally_e04b7b95_t2xngdde (d43eaec7-7c2d-407e-b60c-5d8660af24a1)
2019-11-27 09:25:06.607 2813 RALLYDEBUG rally_openstack.cleanup.manager [-] Deleting neutron.port object s_rally_e04b7b95_n9MkGoUs (d4c0067f-e869-43f5-b9fd-1bda6864c6ab)
2019-11-27 09:25:06.615 2813 RALLYDEBUG rally_openstack.cleanup.manager [-] Deleting neutron.port object s_rally_e04b7b95_lnDRtUj0 (d9b30442-a69c-4244-bfd2-dc64f14d1087)
2019-11-27 09:25:06.744 2813 RALLYDEBUG rally_openstack.cleanup.manager [-] Deleting neutron.port object s_rally_e04b7b95_7kbDpmOa (d9cb1741-e266-4ede-a288-44561a3b7a89)
2019-11-27 09:25:06.762 2813 RALLYDEBUG rally_openstack.cleanup.manager [-] Deleting neutron.port object s_rally_e04b7b95_kzTVsDPs (da0645a4-dd9e-4afc-ad91-76507e4b7be1)
2019-11-27 09:25:06.793 2813 RALLYDEBUG rally_openstack.cleanup.manager [-] Deleting neutron.port object s_rally_e04b7b95_M75DXgFJ (dbcaf3d8-88c1-4d11-828a-573d2ee47897)
2019-11-27 09:25:06.824 2813 RALLYDEBUG rally_openstack.cleanup.manager [-] Deleting neutron.port object s_rally_e04b7b95_HhyBspIQ (dd744ed3-8675-45f5-a99b-e1dd85486baf)
2019-11-27 09:25:07.062 2813 RALLYDEBUG rally_openstack.cleanup.manager [-] Deleting neutron.port object s_rally_e04b7b95_dtE8QhTK (dde1313f-0b3d-4e51-883d-7001260049f4)
2019-11-27 09:25:07.079 2813 RALLYDEBUG rally_openstack.cleanup.manager [-] Deleting neutron.port object s_rally_e04b7b95_hGIJqCTP (de28ac0a-ed8c-4a78-a88c-0a163e692ee9)
2019-11-27 09:25:07.085 2813 RALLYDEBUG rally_openstack.cleanup.manager [-] Deleting neutron.port object s_rally_e04b7b95_dWE4r7e9 (e07f8437-fae7-4c29-ba1e-829e862e42e3)
2019-11-27 09:25:07.129 2813 RALLYDEBUG rally_openstack.cleanup.manager [-] Deleting neutron.port object s_rally_e04b7b95_RyQOiPiA (e141bf49-e2b0-467b-b1dc-2913765c94a7)
2019-11-27 09:25:07.686 2813 RALLYDEBUG rally_openstack.cleanup.manager [-] Deleting neutron.port object s_rally_e04b7b95_2Aw0fr8T (e17fa539-dd03-4c82-8535-6270afb1148c)
2019-11-27 09:25:07.743 2813 RALLYDEBUG rally_openstack.cleanup.manager [-] Deleting neutron.port object s_rally_e04b7b95_p2tQ5xzM (e2cbe3d1-37cb-4b24-a021-9ada6d74512e)
2019-11-27 09:25:07.779 2813 RALLYDEBUG rally_openstack.cleanup.manager [-] Deleting neutron.port object s_rally_e04b7b95_uwEqvqzE (e6881155-5580-4f6a-bcc5-f9b6a7a007b5)
2019-11-27 09:25:07.895 2813 RALLYDEBUG rally_openstack.cleanup.manager [-] Deleting neutron.port object s_rally_e04b7b95_nCNUZahY (e7c3c95a-145e-4641-96d5-1da977aebd99)
2019-11-27 09:25:07.913 2813 RALLYDEBUG rally_openstack.cleanup.manager [-] Deleting neutron.port object s_rally_e04b7b95_768XATXF (e7fd7735-8de1-4f95-a9bd-190a51f37b0d)
2019-11-27 09:25:07.917 2813 RALLYDEBUG rally_openstack.cleanup.manager [-] Deleting neutron.port object s_rally_e04b7b95_ke4npKKC (e7ff00a7-4fe6-4ccf-ab08-69a544a3c6f7)
2019-11-27 09:25:07.963 2813 RALLYDEBUG rally_openstack.cleanup.manager [-] Deleting neutron.port object s_rally_e04b7b95_b0YKocA3 (e81a5bcf-8088-48f2-95b6-3098124338cd)
2019-11-27 09:25:08.274 2813 RALLYDEBUG rally_openstack.cleanup.manager [-] Deleting neutron.port object s_rally_e04b7b95_QnykYDtg (ea4d78d8-a0dd-4416-a7a0-51af62fde318)
2019-11-27 09:25:08.279 2813 RALLYDEBUG rally_openstack.cleanup.manager [-] Deleting neutron.port object s_rally_e04b7b95_YlSNosMo (eb24f957-f595-4403-afe7-dd20f208dcf9)
2019-11-27 09:25:08.306 2813 RALLYDEBUG rally_openstack.cleanup.manager [-] Deleting neutron.port object s_rally_e04b7b95_6lVwxY4N (ebbe3bfb-fe5f-41ee-92d0-00e6af6f686a)
2019-11-27 09:25:08.374 2813 RALLYDEBUG rally_openstack.cleanup.manager [-] Deleting neutron.port object s_rally_e04b7b95_V9bnbuA5 (ebe395f0-c50d-4efb-b965-fa19e349536c)
2019-11-27 09:25:08.380 2813 RALLYDEBUG rally_openstack.cleanup.manager [-] Deleting neutron.port object s_rally_e04b7b95_efnMYzma (eeebb362-4ff6-4d5c-bdf0-8222ba600063)
2019-11-27 09:25:08.515 2813 RALLYDEBUG rally_openstack.cleanup.manager [-] Deleting neutron.port object s_rally_e04b7b95_JHYVVDuJ (effab60e-4109-443f-b944-579ac430c0a3)
2019-11-27 09:25:08.553 2813 RALLYDEBUG rally_openstack.cleanup.manager [-] Deleting neutron.port object s_rally_e04b7b95_aUPkOk85 (f0340cd0-2cc4-4f4a-9450-0b41746caef7)
2019-11-27 09:25:08.557 2813 RALLYDEBUG rally_openstack.cleanup.manager [-] Deleting neutron.port object s_rally_e04b7b95_o4eimV3f (f05524f9-66d5-4ba8-87b3-aacdae95b677)
2019-11-27 09:25:08.852 2813 RALLYDEBUG rally_openstack.cleanup.manager [-] Deleting neutron.port object s_rally_e04b7b95_OyPyxh8E (f091a763-1526-4bb3-ade1-8cfa33290e4e)
2019-11-27 09:25:08.856 2813 RALLYDEBUG rally_openstack.cleanup.manager [-] Deleting neutron.port object s_rally_e04b7b95_ymMEWf8x (f19c5560-1b92-4548-a2fe-7319fb320e12)
2019-11-27 09:25:08.893 2813 RALLYDEBUG rally_openstack.cleanup.manager [-] Deleting neutron.port object s_rally_e04b7b95_S8EeshO0 (f19cea4a-bae7-4a6d-a36b-7802e31091c4)
2019-11-27 09:25:09.311 2813 RALLYDEBUG rally_openstack.cleanup.manager [-] Deleting neutron.port object s_rally_e04b7b95_Jq7cw5yh (f1ca4684-1a0f-4cfd-b630-beee14095d30)
2019-11-27 09:25:09.328 2813 RALLYDEBUG rally_openstack.cleanup.manager [-] Deleting neutron.port object s_rally_e04b7b95_Gk3qCbBT (f28a7f71-aae3-4f6d-ac18-9b0a72743448)
2019-11-27 09:25:09.705 2813 RALLYDEBUG rally_openstack.cleanup.manager [-] Deleting neutron.port object s_rally_e04b7b95_rPoWVybK (f374f4f8-e2c6-4dba-b9c8-efa5709161b4)
2019-11-27 09:25:09.766 2813 RALLYDEBUG rally_openstack.cleanup.manager [-] Deleting neutron.port object s_rally_e04b7b95_a9cNZksm (f40ff4a5-45e1-4851-afcf-28aa4f0b37b5)
2019-11-27 09:25:09.897 2813 RALLYDEBUG rally_openstack.cleanup.manager [-] Deleting neutron.port object s_rally_e04b7b95_fcLpyrK2 (f4331dee-54f9-4079-8844-ffc1d56cb37d)
2019-11-27 09:25:09.914 2813 RALLYDEBUG rally_openstack.cleanup.manager [-] Deleting neutron.port object s_rally_e04b7b95_L3unErkw (f45fb7c1-503f-4bf4-90b9-2e45fc55da2f)
2019-11-27 09:25:10.038 2813 RALLYDEBUG rally_openstack.cleanup.manager [-] Deleting neutron.port object s_rally_e04b7b95_dupTgvGq (f6d28bc4-bafe-48c1-bf49-fbab2d69a24b)
2019-11-27 09:25:10.051 2813 RALLYDEBUG rally_openstack.cleanup.manager [-] Deleting neutron.port object s_rally_e04b7b95_M2gGgO8w (f799a186-e35e-44b0-8114-811004c53941)
2019-11-27 09:25:10.059 2813 RALLYDEBUG rally_openstack.cleanup.manager [-] Deleting neutron.port object s_rally_e04b7b95_nsHI3YVD (f8447504-036a-49d5-880e-c936e592a459)
2019-11-27 09:25:10.072 2813 RALLYDEBUG rally_openstack.cleanup.manager [-] Deleting neutron.port object s_rally_e04b7b95_mNNwiInv (f9e77d73-b19e-4f6a-bec3-2c2797133aa3)
2019-11-27 09:25:10.132 2813 RALLYDEBUG rally_openstack.cleanup.manager [-] Deleting neutron.port object s_rally_e04b7b95_ekJWyjf5 (fc4c3e53-d2bf-46ff-8466-57510a2574ad)
2019-11-27 09:25:10.140 2813 RALLYDEBUG rally_openstack.cleanup.manager [-] Deleting neutron.port object s_rally_e04b7b95_uMl7ufi0 (fddd159c-2f0c-4d4b-98de-a5ca3dbd5197)
2019-11-27 09:25:10.177 2813 RALLYDEBUG rally_openstack.cleanup.manager [-] Deleting neutron.port object s_rally_e04b7b95_n5iNeFEG (fe683c0a-c212-4aef-83e9-5f733f2f7a43)
2019-11-27 09:25:10.350 2813 RALLYDEBUG rally_openstack.cleanup.manager [-] Deleting neutron.port object s_rally_e04b7b95_PdYLC35U (ff62307b-c28d-412c-ba10-3e640187ec2b)
2019-11-27 09:25:12.315 2813 RALLYDEBUG rally_openstack.cleanup.manager [-] Cleaning up neutron subnet objects
2019-11-27 09:25:12.719 2813 RALLYDEBUG rally_openstack.cleanup.manager [-] Cleaning up neutron network objects
2019-11-27 09:25:13.290 2813 RALLYDEBUG rally_openstack.cleanup.manager [-] Deleting neutron.network object s_rally_e04b7b95_XNkVPQWU (02a9d8b3-6d5a-49dd-9538-6f5fe97f23b4)
2019-11-27 09:25:13.299 2813 RALLYDEBUG rally_openstack.cleanup.manager [-] Deleting neutron.network object s_rally_e04b7b95_UQMWXO5F (047204f8-c0ed-49b9-b03d-011063337751)
2019-11-27 09:25:13.308 2813 RALLYDEBUG rally_openstack.cleanup.manager [-] Deleting neutron.network object s_rally_e04b7b95_eL5ZXfZA (0782681c-1b42-443f-9fe5-591eb313fc71)
2019-11-27 09:25:13.317 2813 RALLYDEBUG rally_openstack.cleanup.manager [-] Deleting neutron.network object s_rally_e04b7b95_KeEoGPHN (08298d6c-3722-4941-bdfd-d92060bc42c3)
2019-11-27 09:25:13.326 2813 RALLYDEBUG rally_openstack.cleanup.manager [-] Deleting neutron.network object s_rally_e04b7b95_jnDLn8S2 (12137b68-23e7-41c3-a5c6-ff8365d96c17)
2019-11-27 09:25:13.334 2813 RALLYDEBUG rally_openstack.cleanup.manager [-] Deleting neutron.network object s_rally_e04b7b95_EnPXL3OO (122ec8ce-5261-45a8-93b0-85bc25d894b2)
2019-11-27 09:25:13.339 2813 RALLYDEBUG rally_openstack.cleanup.manager [-] Deleting neutron.network object s_rally_e04b7b95_jpAsZABN (1a4c3bea-1d04-4083-b085-acb36c2f2682)
2019-11-27 09:25:13.361 2813 RALLYDEBUG rally_openstack.cleanup.manager [-] Deleting neutron.network object s_rally_e04b7b95_OmildAQJ (1abd3854-72f1-4057-9e98-6273dfcddb28)
2019-11-27 09:25:13.365 2813 RALLYDEBUG rally_openstack.cleanup.manager [-] Deleting neutron.network object s_rally_e04b7b95_owHdn5V1 (2455ec2c-ef77-4459-9a91-b50d240d692c)
2019-11-27 09:25:13.390 2813 RALLYDEBUG rally_openstack.cleanup.manager [-] Deleting neutron.network object s_rally_e04b7b95_V5H2NOn3 (24ab2c8e-195a-4795-ad40-00600310d0ba)
2019-11-27 09:25:13.397 2813 RALLYDEBUG rally_openstack.cleanup.manager [-] Deleting neutron.network object s_rally_e04b7b95_6ziUulYA (26f1bc49-2cd2-42cb-871f-18130660c227)
2019-11-27 09:25:13.419 2813 RALLYDEBUG rally_openstack.cleanup.manager [-] Deleting neutron.network object s_rally_e04b7b95_paLdYPFk (2bfb74c1-a535-48d9-ab7c-7a6f11cbeddb)
2019-11-27 09:25:13.424 2813 RALLYDEBUG rally_openstack.cleanup.manager [-] Deleting neutron.network object s_rally_e04b7b95_AyNfJB5R (354bf097-c0b9-4d46-880b-165dbd93db75)
2019-11-27 09:25:13.452 2813 RALLYDEBUG rally_openstack.cleanup.manager [-] Deleting neutron.network object s_rally_e04b7b95_u2lo4Mji (3f636e4d-9712-4ae9-95b9-85c74a2a428f)
2019-11-27 09:25:13.457 2813 RALLYDEBUG rally_openstack.cleanup.manager [-] Deleting neutron.network object s_rally_e04b7b95_XDBJJLHI (402d2ab9-c17f-4903-a106-bcdc10382630)
2019-11-27 09:25:13.469 2813 RALLYDEBUG rally_openstack.cleanup.manager [-] Deleting neutron.network object s_rally_e04b7b95_yWIGTPpQ (43609caf-4222-4a95-881d-4e94827bc518)
2019-11-27 09:25:13.481 2813 RALLYDEBUG rally_openstack.cleanup.manager [-] Deleting neutron.network object s_rally_e04b7b95_QMk6wQYj (4eaf73ea-1994-4510-89f7-32ca3e3f6ced)
2019-11-27 09:25:13.486 2813 RALLYDEBUG rally_openstack.cleanup.manager [-] Deleting neutron.network object s_rally_e04b7b95_t4vGQ79s (5d15d0e0-6717-4396-8113-4016af1f6a70)
2019-11-27 09:25:13.499 2813 RALLYDEBUG rally_openstack.cleanup.manager [-] Deleting neutron.network object s_rally_e04b7b95_MxmxX66w (60c623c5-d6cf-4294-aef5-ddcd02904670)
2019-11-27 09:25:13.510 2813 RALLYDEBUG rally_openstack.cleanup.manager [-] Deleting neutron.network object s_rally_e04b7b95_rQ6L4rk6 (6242a458-d6ed-455a-a157-12f8820e27cd)
2019-11-27 09:25:15.326 2813 RALLYDEBUG rally_openstack.cleanup.manager [-] Deleting neutron.network object s_rally_e04b7b95_AFx5zJ2K (65ac6897-7529-4170-8454-195b66045db3)
2019-11-27 09:25:15.401 2813 RALLYDEBUG rally_openstack.cleanup.manager [-] Deleting neutron.network object s_rally_e04b7b95_WL7otANV (6edb62e8-0595-4ed0-93dd-c0d36e2ec536)
2019-11-27 09:25:15.493 2813 RALLYDEBUG rally_openstack.cleanup.manager [-] Deleting neutron.network object s_rally_e04b7b95_GMHqlSSF (7b5f6b85-84b2-4c66-9c2d-5a32d184b6f7)
2019-11-27 09:25:15.585 2813 RALLYDEBUG rally_openstack.cleanup.manager [-] Deleting neutron.network object s_rally_e04b7b95_VUGVAQDy (7de4a0ac-9a6b-4742-a035-89869673b72b)
2019-11-27 09:25:15.658 2813 RALLYDEBUG rally_openstack.cleanup.manager [-] Deleting neutron.network object s_rally_e04b7b95_xMNTUcHc (81f05275-50bd-4d6d-9ae7-ac4175f8de00)
2019-11-27 09:25:15.809 2813 RALLYDEBUG rally_openstack.cleanup.manager [-] Deleting neutron.network object s_rally_e04b7b95_BZyHjbwm (82639a47-def6-4276-b7c9-a170add43b69)
2019-11-27 09:25:15.966 2813 RALLYDEBUG rally_openstack.cleanup.manager [-] Deleting neutron.network object s_rally_e04b7b95_yBDizgiL (93cb9b83-9c0e-4233-a328-0a67c3c02af3)
2019-11-27 09:25:16.084 2813 RALLYDEBUG rally_openstack.cleanup.manager [-] Deleting neutron.network object s_rally_e04b7b95_D7dr9fkp (9ff17bd9-5e5f-463f-857d-ba64f717829e)
2019-11-27 09:25:16.102 2813 RALLYDEBUG rally_openstack.cleanup.manager [-] Deleting neutron.network object s_rally_e04b7b95_bZGicAPO (a4e5b223-13e4-4a82-ad38-a2609bb8bd32)
2019-11-27 09:25:16.112 2813 RALLYDEBUG rally_openstack.cleanup.manager [-] Deleting neutron.network object s_rally_e04b7b95_rS1uxObB (a5364bde-b6d9-45b6-8760-7ec641236a2b)
2019-11-27 09:25:16.166 2813 RALLYDEBUG rally_openstack.cleanup.manager [-] Deleting neutron.network object s_rally_e04b7b95_rDBpT6v6 (abd1ac16-9049-424d-b0c2-a0dc01d02d58)
2019-11-27 09:25:16.183 2813 RALLYDEBUG rally_openstack.cleanup.manager [-] Deleting neutron.network object s_rally_e04b7b95_kJneKR6D (ac8d6b70-9a00-4e37-9b2a-6a3ceea6e773)
2019-11-27 09:25:16.202 2813 RALLYDEBUG rally_openstack.cleanup.manager [-] Deleting neutron.network object s_rally_e04b7b95_9GkHKDy9 (ac9efc65-dbe3-4f1c-b49a-3bbbf0834ad8)
2019-11-27 09:25:16.206 2813 RALLYDEBUG rally_openstack.cleanup.manager [-] Deleting neutron.network object s_rally_e04b7b95_M2cTlefl (aed5c10d-4de9-416a-9b34-48ff41c0d57e)
2019-11-27 09:25:16.218 2813 RALLYDEBUG rally_openstack.cleanup.manager [-] Deleting neutron.network object s_rally_e04b7b95_UOz8MQJH (ba48cdac-b599-4193-8afe-054443d36fca)
2019-11-27 09:25:16.244 2813 RALLYDEBUG rally_openstack.cleanup.manager [-] Deleting neutron.network object s_rally_e04b7b95_eADRiCRx (d51e1851-e917-4d10-9961-bc517cfdba78)
2019-11-27 09:25:16.376 2813 RALLYDEBUG rally_openstack.cleanup.manager [-] Deleting neutron.network object s_rally_e04b7b95_StqfkXG9 (daad7940-b809-40cd-ac73-14d281707b02)
2019-11-27 09:25:16.444 2813 RALLYDEBUG rally_openstack.cleanup.manager [-] Deleting neutron.network object s_rally_e04b7b95_zfOFcdVn (dd636125-03d0-4904-95ba-b168e97a0391)
2019-11-27 09:25:16.452 2813 RALLYDEBUG rally_openstack.cleanup.manager [-] Deleting neutron.network object s_rally_e04b7b95_R1KSRZNv (e8f95a43-84e1-49b4-9407-049bc4f58d5f)
2019-11-27 09:25:16.464 2813 RALLYDEBUG rally_openstack.cleanup.manager [-] Deleting neutron.network object s_rally_e04b7b95_BUWMXEVD (fabb9eea-12b9-4985-bb2a-fe84dc25bdb2)
2019-11-27 09:25:19.123 2813 RALLYDEBUG rally_openstack.cleanup.manager [-] Cleaning up neutron router objects
2019-11-27 09:25:19.544 2813 RALLYDEBUG rally_openstack.cleanup.manager [-] Cleaning up neutron security_group objects
2019-11-27 09:25:19.972 2813 INFO rally.task.context [-] Task 42b5f550-8a24-431c-ae52-9cea7470be6e | Context cleanup@openstack cleanup() finished in 31.37 sec
2019-11-27 09:25:19.973 2813 INFO rally.task.context [-] Task 42b5f550-8a24-431c-ae52-9cea7470be6e | Context quotas@openstack cleanup() started
2019-11-27 09:25:20.046 2813 INFO rally.task.context [-] Task 42b5f550-8a24-431c-ae52-9cea7470be6e | Context quotas@openstack cleanup() finished in 72.87 msec
2019-11-27 09:25:20.046 2813 INFO rally.task.context [-] Task 42b5f550-8a24-431c-ae52-9cea7470be6e | Context users@openstack cleanup() started
2019-11-27 09:25:22.781 2813 INFO rally.task.context [-] Task 42b5f550-8a24-431c-ae52-9cea7470be6e | Context users@openstack cleanup() finished in 2.73 sec
2019-11-27 09:25:23.785 2813 INFO rally.task.engine [-] Load duration is: 20.07829
2019-11-27 09:25:23.786 2813 INFO rally.task.engine [-] Full runner duration is: 20.131754
2019-11-27 09:25:23.786 2813 INFO rally.task.engine [-] Full duration is: 57.266984
2019-11-27 09:25:24.086 2813 INFO rally.task.engine [-] Running workload: position = 2 config = { "version": 2, "title": "A cropped version of a bigger task.", "description": "Auto-generated task from a single workload (uuid=9f2db98c-9812-4c13-ab32-fcd2beddfa2b)", "subtasks": [ { "title": "NeutronNetworks.create_and_delete_ports", "description": "Create and delete a port.", "scenario": { "NeutronNetworks.create_and_delete_ports": { "network_create_args": {}, "port_create_args": {}, "ports_per_network": 5 } }, "contexts": { "users": { "tenants": 1, "users_per_tenant": 1 }, "quotas": { "neutron": { "network": -1, "port": -1 } } }, "runner": { "constant": { "times": 40, "concurrency": 20 } }, "hooks": [], "sla": { "failure_rate": { "max": 0 } } } ] }
2019-11-27 09:25:24.106 2813 RALLYDEBUG rally_openstack.contexts.keystone.users [-] Creating 1 tenants using 20 threads
2019-11-27 09:25:25.043 2813 RALLYDEBUG rally_openstack.contexts.keystone.users [-] Creating 1 users using 20 threads
2019-11-27 09:25:26.431 2813 INFO rally.task.context [-] Task 42b5f550-8a24-431c-ae52-9cea7470be6e | Context users@openstack setup() finished in 2.33 sec
2019-11-27 09:25:27.003 2813 INFO rally.task.context [-] Task 42b5f550-8a24-431c-ae52-9cea7470be6e | Context quotas@openstack setup() finished in 0.57 sec
2019-11-27 09:25:27.004 2813 INFO rally.task.context [-] Task 42b5f550-8a24-431c-ae52-9cea7470be6e | Context cleanup@openstack setup() finished in 0.01 msec
2019-11-27 09:25:27.012 2813 RALLYDEBUG rally.task.runner [-] Starting the constant runner (task UUID: 42b5f550-8a24-431c-ae52-9cea7470be6e). times: 40 concurrency: 20 timeout: 0 max_cpu_used: 16 processes_to_start: 16 concurrency_per_worker: 1 concurrency_overhead: 4
2019-11-27 09:25:27.024 7279 RALLYDEBUG rally.task.runner [-] Starting a worker. times: 40 duration: None concurrency: 2 timeout: 0 cls: method_name: run args: {"network_create_args": {}, "port_create_args": {}, "ports_per_network": 5}
2019-11-27 09:25:27.027 7280 RALLYDEBUG rally.task.runner [-] Starting a worker. times: 40 duration: None concurrency: 2 timeout: 0 cls: method_name: run args: {"network_create_args": {}, "port_create_args": {}, "ports_per_network": 5}
2019-11-27 09:25:27.031 7281 RALLYDEBUG rally.task.runner [-] Starting a worker. times: 40 duration: None concurrency: 2 timeout: 0 cls: method_name: run args: {"network_create_args": {}, "port_create_args": {}, "ports_per_network": 5}
2019-11-27 09:25:27.029 7279 INFO rally.task.runner [-] Task 42b5f550-8a24-431c-ae52-9cea7470be6e | ITER: 1 START
2019-11-27 09:25:27.034 7279 WARNING rally_openstack.scenarios.neutron.utils [-] Running this scenario without either the 'network' or 'existing_network' context is deprecated
2019-11-27 09:25:27.035 7284 RALLYDEBUG rally.task.runner [-] Starting a worker. times: 40 duration: None concurrency: 2 timeout: 0 cls: method_name: run args: {"network_create_args": {}, "port_create_args": {}, "ports_per_network": 5}
2019-11-27 09:25:27.035 7280 INFO rally.task.runner [-] Task 42b5f550-8a24-431c-ae52-9cea7470be6e | ITER: 2 START
2019-11-27 09:25:27.038 7281 INFO rally.task.runner [-] Task 42b5f550-8a24-431c-ae52-9cea7470be6e | ITER: 4 START
2019-11-27 09:25:27.037 7288 RALLYDEBUG rally.task.runner [-] Starting a worker. times: 40 duration: None concurrency: 1 timeout: 0 cls: method_name: run args: {"network_create_args": {}, "port_create_args": {}, "ports_per_network": 5}
2019-11-27 09:25:27.036 7280 INFO rally.task.runner [-] Task 42b5f550-8a24-431c-ae52-9cea7470be6e | ITER: 5 START
2019-11-27 09:25:27.037 7280 WARNING rally_openstack.scenarios.neutron.utils [-] Running this scenario without either the 'network' or 'existing_network' context is deprecated
2019-11-27 09:25:27.039 7281 WARNING rally_openstack.scenarios.neutron.utils [-] Running this scenario without either the 'network' or 'existing_network' context is deprecated
2019-11-27 09:25:27.041 7292 RALLYDEBUG rally.task.runner [-] Starting a worker. times: 40 duration: None concurrency: 1 timeout: 0 cls: method_name: run args: {"network_create_args": {}, "port_create_args": {}, "ports_per_network": 5}
2019-11-27 09:25:27.042 7284 INFO rally.task.runner [-] Task 42b5f550-8a24-431c-ae52-9cea7470be6e | ITER: 7 START
2019-11-27 09:25:27.043 7288 INFO rally.task.runner [-] Task 42b5f550-8a24-431c-ae52-9cea7470be6e | ITER: 8 START
2019-11-27 09:25:27.043 7284 WARNING rally_openstack.scenarios.neutron.utils [-] Running this scenario without either the 'network' or 'existing_network' context is deprecated
2019-11-27 09:25:27.045 7288 WARNING rally_openstack.scenarios.neutron.utils [-] Running this scenario without either the 'network' or 'existing_network' context is deprecated
2019-11-27 09:25:27.046 7292 INFO rally.task.runner [-] Task 42b5f550-8a24-431c-ae52-9cea7470be6e | ITER: 10 START
2019-11-27 09:25:27.041 7279 INFO rally.task.runner [-] Task 42b5f550-8a24-431c-ae52-9cea7470be6e | ITER: 3 START
2019-11-27 09:25:27.047 7281 INFO rally.task.runner [-] Task 42b5f550-8a24-431c-ae52-9cea7470be6e | ITER: 6 START
2019-11-27 09:25:27.046 7296 RALLYDEBUG rally.task.runner [-] Starting a worker. times: 40 duration: None concurrency: 1 timeout: 0 cls: method_name: run args: {"network_create_args": {}, "port_create_args": {}, "ports_per_network": 5}
2019-11-27 09:25:27.048 7292 WARNING rally_openstack.scenarios.neutron.utils [-] Running this scenario without either the 'network' or 'existing_network' context is deprecated
2019-11-27 09:25:27.050 7279 WARNING rally_openstack.scenarios.neutron.utils [-] Running this scenario without either the 'network' or 'existing_network' context is deprecated
2019-11-27 09:25:27.050 7300 RALLYDEBUG rally.task.runner [-] Starting a worker. times: 40 duration: None concurrency: 1 timeout: 0 cls: method_name: run args: {"network_create_args": {}, "port_create_args": {}, "ports_per_network": 5}
2019-11-27 09:25:27.039 7280 WARNING rally_openstack.scenarios.neutron.utils [-] Running this scenario without either the 'network' or 'existing_network' context is deprecated
2019-11-27 09:25:27.052 7296 INFO rally.task.runner [-] Task 42b5f550-8a24-431c-ae52-9cea7470be6e | ITER: 11 START
2019-11-27 09:25:27.055 7296 WARNING rally_openstack.scenarios.neutron.utils [-] Running this scenario without either the 'network' or 'existing_network' context is deprecated
2019-11-27 09:25:27.050 7284 INFO rally.task.runner [-] Task 42b5f550-8a24-431c-ae52-9cea7470be6e | ITER: 9 START
2019-11-27 09:25:27.053 7281 WARNING rally_openstack.scenarios.neutron.utils [-] Running this scenario without either the 'network' or 'existing_network' context is deprecated
2019-11-27 09:25:27.055 7300 INFO rally.task.runner [-] Task 42b5f550-8a24-431c-ae52-9cea7470be6e | ITER: 12 START
2019-11-27 09:25:27.056 7284 WARNING rally_openstack.scenarios.neutron.utils [-] Running this scenario without either the 'network' or 'existing_network' context is deprecated
2019-11-27 09:25:27.056 7303 RALLYDEBUG rally.task.runner [-] Starting a worker. times: 40 duration: None concurrency: 1 timeout: 0 cls: method_name: run args: {"network_create_args": {}, "port_create_args": {}, "ports_per_network": 5}
2019-11-27 09:25:27.058 7300 WARNING rally_openstack.scenarios.neutron.utils [-] Running this scenario without either the 'network' or 'existing_network' context is deprecated
2019-11-27 09:25:27.060 7308 RALLYDEBUG rally.task.runner [-] Starting a worker. times: 40 duration: None concurrency: 1 timeout: 0 cls: method_name: run args: {"network_create_args": {}, "port_create_args": {}, "ports_per_network": 5}
2019-11-27 09:25:27.062 7303 INFO rally.task.runner [-] Task 42b5f550-8a24-431c-ae52-9cea7470be6e | ITER: 13 START
2019-11-27 09:25:27.064 7303 WARNING rally_openstack.scenarios.neutron.utils [-] Running this scenario without either the 'network' or 'existing_network' context is deprecated
2019-11-27 09:25:27.065 7308 INFO rally.task.runner [-] Task 42b5f550-8a24-431c-ae52-9cea7470be6e | ITER: 14 START
2019-11-27 09:25:27.067 7308 WARNING rally_openstack.scenarios.neutron.utils [-] Running this scenario without either the 'network' or 'existing_network' context is deprecated
2019-11-27 09:25:27.069 7312 RALLYDEBUG rally.task.runner [-] Starting a worker. times: 40 duration: None concurrency: 1 timeout: 0 cls: method_name: run args: {"network_create_args": {}, "port_create_args": {}, "ports_per_network": 5}
2019-11-27 09:25:27.074 7312 INFO rally.task.runner [-] Task 42b5f550-8a24-431c-ae52-9cea7470be6e | ITER: 15 START
2019-11-27 09:25:27.076 7312 WARNING rally_openstack.scenarios.neutron.utils [-] Running this scenario without either the 'network' or 'existing_network' context is deprecated
2019-11-27 09:25:27.078 7315 RALLYDEBUG rally.task.runner [-] Starting a worker. times: 40 duration: None concurrency: 1 timeout: 0 cls: method_name: run args: {"network_create_args": {}, "port_create_args": {}, "ports_per_network": 5}
2019-11-27 09:25:27.082 7315 INFO rally.task.runner [-] Task 42b5f550-8a24-431c-ae52-9cea7470be6e | ITER: 16 START
2019-11-27 09:25:27.084 7315 WARNING rally_openstack.scenarios.neutron.utils [-] Running this scenario without either the 'network' or 'existing_network' context is deprecated
2019-11-27 09:25:27.084 7317 RALLYDEBUG rally.task.runner [-] Starting a worker. times: 40 duration: None concurrency: 1 timeout: 0 cls: method_name: run args: {"network_create_args": {}, "port_create_args": {}, "ports_per_network": 5}
2019-11-27 09:25:27.089 7317 INFO rally.task.runner [-] Task 42b5f550-8a24-431c-ae52-9cea7470be6e | ITER: 17 START
2019-11-27 09:25:27.089 7320 RALLYDEBUG rally.task.runner [-] Starting a worker. times: 40 duration: None concurrency: 1 timeout: 0 cls: method_name: run args: {"network_create_args": {}, "port_create_args": {}, "ports_per_network": 5}
2019-11-27 09:25:27.090 7317 WARNING rally_openstack.scenarios.neutron.utils [-] Running this scenario without either the 'network' or 'existing_network' context is deprecated
2019-11-27 09:25:27.093 7320 INFO rally.task.runner [-] Task 42b5f550-8a24-431c-ae52-9cea7470be6e | ITER: 18 START
2019-11-27 09:25:27.093 7323 RALLYDEBUG rally.task.runner [-] Starting a worker. times: 40 duration: None concurrency: 1 timeout: 0 cls: method_name: run args: {"network_create_args": {}, "port_create_args": {}, "ports_per_network": 5}
2019-11-27 09:25:27.095 7320 WARNING rally_openstack.scenarios.neutron.utils [-] Running this scenario without either the 'network' or 'existing_network' context is deprecated
2019-11-27 09:25:27.098 7323 INFO rally.task.runner [-] Task 42b5f550-8a24-431c-ae52-9cea7470be6e | ITER: 19 START
2019-11-27 09:25:27.098 7326 RALLYDEBUG rally.task.runner [-] Starting a worker. times: 40 duration: None concurrency: 1 timeout: 0 cls: method_name: run args: {"network_create_args": {}, "port_create_args": {}, "ports_per_network": 5}
2019-11-27 09:25:27.099 7323 WARNING rally_openstack.scenarios.neutron.utils [-] Running this scenario without either the 'network' or 'existing_network' context is deprecated
2019-11-27 09:25:27.103 7326 INFO rally.task.runner [-] Task 42b5f550-8a24-431c-ae52-9cea7470be6e | ITER: 20 START
2019-11-27 09:25:27.104 7326 WARNING rally_openstack.scenarios.neutron.utils [-] Running this scenario without either the 'network' or 'existing_network' context is deprecated
2019-11-27 09:25:34.907 7280 INFO rally.task.runner [-] Task 42b5f550-8a24-431c-ae52-9cea7470be6e | ITER: 5 END: OK
2019-11-27 09:25:34.911 7280 INFO rally.task.runner [-] Task 42b5f550-8a24-431c-ae52-9cea7470be6e | ITER: 21 START
2019-11-27 09:25:34.912 7280 WARNING rally_openstack.scenarios.neutron.utils [-] Running this scenario without either the 'network' or 'existing_network' context is deprecated
2019-11-27 09:25:35.345 7279 INFO rally.task.runner [-] Task 42b5f550-8a24-431c-ae52-9cea7470be6e | ITER: 1 END: OK
2019-11-27 09:25:35.349 7279 INFO rally.task.runner [-] Task 42b5f550-8a24-431c-ae52-9cea7470be6e | ITER: 22 START
2019-11-27 09:25:35.350 7279 WARNING rally_openstack.scenarios.neutron.utils [-] Running this scenario without either the 'network' or 'existing_network' context is deprecated
2019-11-27 09:25:35.761 7308 INFO rally.task.runner [-] Task 42b5f550-8a24-431c-ae52-9cea7470be6e | ITER: 14 END: OK
2019-11-27 09:25:35.764 7308 INFO rally.task.runner [-] Task 42b5f550-8a24-431c-ae52-9cea7470be6e | ITER: 23 START
2019-11-27 09:25:35.765 7308 WARNING rally_openstack.scenarios.neutron.utils [-] Running this scenario without either the 'network' or 'existing_network' context is deprecated
2019-11-27 09:25:35.996 7280 INFO rally.task.runner [-] Task 42b5f550-8a24-431c-ae52-9cea7470be6e | ITER: 2 END: OK
2019-11-27 09:25:35.999 7280 INFO rally.task.runner [-] Task 42b5f550-8a24-431c-ae52-9cea7470be6e | ITER: 24 START
2019-11-27 09:25:36.000 7280 WARNING rally_openstack.scenarios.neutron.utils [-] Running this scenario without either the 'network' or 'existing_network' context is deprecated
2019-11-27 09:25:36.054 7315 INFO rally.task.runner [-] Task 42b5f550-8a24-431c-ae52-9cea7470be6e | ITER: 16 END: OK
2019-11-27 09:25:36.059 7315 INFO rally.task.runner [-] Task 42b5f550-8a24-431c-ae52-9cea7470be6e | ITER: 25 START
2019-11-27 09:25:36.059 7315 WARNING rally_openstack.scenarios.neutron.utils [-] Running this scenario without either the 'network' or 'existing_network' context is deprecated
2019-11-27 09:25:36.315 7288 INFO rally.task.runner [-] Task 42b5f550-8a24-431c-ae52-9cea7470be6e | ITER: 8 END: OK
2019-11-27 09:25:36.319 7288 INFO rally.task.runner [-] Task 42b5f550-8a24-431c-ae52-9cea7470be6e | ITER: 26 START
2019-11-27 09:25:36.320 7288 WARNING rally_openstack.scenarios.neutron.utils [-] Running this scenario without either the 'network' or 'existing_network' context is deprecated
2019-11-27 09:25:36.339 7284 INFO rally.task.runner [-] Task 42b5f550-8a24-431c-ae52-9cea7470be6e | ITER: 7 END: OK
2019-11-27 09:25:36.343 7284 INFO rally.task.runner [-] Task 42b5f550-8a24-431c-ae52-9cea7470be6e | ITER: 27 START
2019-11-27 09:25:36.344 7284 WARNING rally_openstack.scenarios.neutron.utils [-] Running this scenario without either the 'network' or 'existing_network' context is deprecated
2019-11-27 09:25:36.365 7300 INFO rally.task.runner [-] Task 42b5f550-8a24-431c-ae52-9cea7470be6e | ITER: 12 END: OK
2019-11-27 09:25:36.368 7300 INFO rally.task.runner [-] Task 42b5f550-8a24-431c-ae52-9cea7470be6e | ITER: 28 START
2019-11-27 09:25:36.369 7300 WARNING rally_openstack.scenarios.neutron.utils [-] Running this scenario without either the 'network' or 'existing_network' context is deprecated
2019-11-27 09:25:36.386 7323 INFO rally.task.runner [-] Task 42b5f550-8a24-431c-ae52-9cea7470be6e | ITER: 19 END: OK
2019-11-27 09:25:36.389 7323 INFO rally.task.runner [-] Task 42b5f550-8a24-431c-ae52-9cea7470be6e | ITER: 29 START
2019-11-27 09:25:36.390 7323 WARNING rally_openstack.scenarios.neutron.utils [-] Running this scenario without either the 'network' or 'existing_network' context is deprecated
2019-11-27 09:25:36.787 7317 INFO rally.task.runner [-] Task 42b5f550-8a24-431c-ae52-9cea7470be6e | ITER: 17 END: OK
2019-11-27 09:25:36.791 7317 INFO rally.task.runner [-] Task 42b5f550-8a24-431c-ae52-9cea7470be6e | ITER: 30 START
2019-11-27 09:25:36.791 7317 WARNING rally_openstack.scenarios.neutron.utils [-] Running this scenario without either the 'network' or 'existing_network' context is deprecated
2019-11-27 09:25:37.398 7284 INFO rally.task.runner [-] Task 42b5f550-8a24-431c-ae52-9cea7470be6e | ITER: 9 END: OK
2019-11-27 09:25:37.401 7284 INFO rally.task.runner [-] Task 42b5f550-8a24-431c-ae52-9cea7470be6e | ITER: 31 START
2019-11-27 09:25:37.402 7284 WARNING rally_openstack.scenarios.neutron.utils [-] Running this scenario without either the 'network' or 'existing_network' context is deprecated
2019-11-27 09:25:37.433 7320 INFO rally.task.runner [-] Task 42b5f550-8a24-431c-ae52-9cea7470be6e | ITER: 18 END: OK
2019-11-27 09:25:37.437 7320 INFO rally.task.runner [-] Task 42b5f550-8a24-431c-ae52-9cea7470be6e | ITER: 32 START
2019-11-27 09:25:37.438 7320 WARNING rally_openstack.scenarios.neutron.utils [-] Running this scenario without either the 'network' or 'existing_network' context is deprecated
2019-11-27 09:25:37.660 7292 INFO rally.task.runner [-] Task 42b5f550-8a24-431c-ae52-9cea7470be6e | ITER: 10 END: OK
2019-11-27 09:25:37.664 7292 INFO rally.task.runner [-] Task 42b5f550-8a24-431c-ae52-9cea7470be6e | ITER: 33 START
2019-11-27 09:25:37.665 7292 WARNING rally_openstack.scenarios.neutron.utils [-] Running this scenario without either the 'network' or 'existing_network' context is deprecated
2019-11-27 09:25:37.687 7281 INFO rally.task.runner [-] Task 42b5f550-8a24-431c-ae52-9cea7470be6e | ITER: 4 END: OK
2019-11-27 09:25:37.691 7281 INFO rally.task.runner [-] Task 42b5f550-8a24-431c-ae52-9cea7470be6e | ITER: 34 START
2019-11-27 09:25:37.692 7281 WARNING rally_openstack.scenarios.neutron.utils [-] Running this scenario without either the 'network' or 'existing_network' context is deprecated
2019-11-27 09:25:37.857 7303 INFO rally.task.runner [-] Task 42b5f550-8a24-431c-ae52-9cea7470be6e | ITER: 13 END: OK
2019-11-27 09:25:37.861 7303 INFO rally.task.runner [-] Task 42b5f550-8a24-431c-ae52-9cea7470be6e | ITER: 35 START
2019-11-27 09:25:37.862 7303 WARNING rally_openstack.scenarios.neutron.utils [-] Running this scenario without either the 'network' or 'existing_network' context is deprecated
2019-11-27 09:25:38.072 7279 INFO rally.task.runner [-] Task 42b5f550-8a24-431c-ae52-9cea7470be6e | ITER: 3 END: OK
2019-11-27 09:25:38.075 7279 INFO rally.task.runner [-] Task 42b5f550-8a24-431c-ae52-9cea7470be6e | ITER: 36 START
2019-11-27 09:25:38.076 7279 WARNING rally_openstack.scenarios.neutron.utils [-] Running this scenario without either the 'network' or 'existing_network' context is deprecated
2019-11-27 09:25:38.629 7326 INFO rally.task.runner [-] Task 42b5f550-8a24-431c-ae52-9cea7470be6e | ITER: 20 END: OK
2019-11-27 09:25:38.633 7326 INFO rally.task.runner [-] Task 42b5f550-8a24-431c-ae52-9cea7470be6e | ITER: 37 START
2019-11-27 09:25:38.634 7326 WARNING rally_openstack.scenarios.neutron.utils [-] Running this scenario without either the 'network' or 'existing_network' context is deprecated
2019-11-27 09:25:38.772 7296 INFO rally.task.runner [-] Task 42b5f550-8a24-431c-ae52-9cea7470be6e | ITER: 11 END: OK
2019-11-27 09:25:38.776 7296 INFO rally.task.runner [-] Task 42b5f550-8a24-431c-ae52-9cea7470be6e | ITER: 38 START
2019-11-27 09:25:38.777 7296 WARNING rally_openstack.scenarios.neutron.utils [-] Running this scenario without either the 'network' or 'existing_network' context is deprecated
2019-11-27 09:25:38.784 7312 INFO rally.task.runner [-] Task 42b5f550-8a24-431c-ae52-9cea7470be6e | ITER: 15 END: OK
2019-11-27 09:25:38.787 7312 INFO rally.task.runner [-] Task 42b5f550-8a24-431c-ae52-9cea7470be6e | ITER: 39 START
2019-11-27 09:25:38.788 7312 WARNING rally_openstack.scenarios.neutron.utils [-] Running this scenario without either the 'network' or 'existing_network' context is deprecated
2019-11-27 09:25:38.897 7281 INFO rally.task.runner [-] Task 42b5f550-8a24-431c-ae52-9cea7470be6e | ITER: 6 END: OK
2019-11-27 09:25:38.900 7281 INFO rally.task.runner [-] Task 42b5f550-8a24-431c-ae52-9cea7470be6e | ITER: 40 START
2019-11-27 09:25:38.901 7281 WARNING rally_openstack.scenarios.neutron.utils [-] Running this scenario without either the 'network' or 'existing_network' context is deprecated
2019-11-27 09:25:43.096 7280 INFO rally.task.runner [-] Task 42b5f550-8a24-431c-ae52-9cea7470be6e | ITER: 21 END: OK
2019-11-27 09:25:43.624 7280 INFO rally.task.runner [-] Task 42b5f550-8a24-431c-ae52-9cea7470be6e | ITER: 24 END: OK
2019-11-27 09:25:44.257 7308 INFO rally.task.runner [-] Task 42b5f550-8a24-431c-ae52-9cea7470be6e | ITER: 23 END: OK
2019-11-27 09:25:45.050 7315 INFO rally.task.runner [-] Task 42b5f550-8a24-431c-ae52-9cea7470be6e | ITER: 25 END: OK
2019-11-27 09:25:45.368 7284 INFO rally.task.runner [-] Task 42b5f550-8a24-431c-ae52-9cea7470be6e | ITER: 27 END: OK
2019-11-27 09:25:45.389 7288 INFO rally.task.runner [-] Task 42b5f550-8a24-431c-ae52-9cea7470be6e | ITER: 26 END: OK
2019-11-27 09:25:45.516 7323 INFO rally.task.runner [-] Task 42b5f550-8a24-431c-ae52-9cea7470be6e | ITER: 29 END: OK
2019-11-27 09:25:45.705 7279 INFO rally.task.runner [-] Task 42b5f550-8a24-431c-ae52-9cea7470be6e | ITER: 22 END: OK
2019-11-27 09:25:45.755 7300 INFO rally.task.runner [-] Task 42b5f550-8a24-431c-ae52-9cea7470be6e | ITER: 28 END: OK
2019-11-27 09:25:45.987 7284 INFO rally.task.runner [-] Task 42b5f550-8a24-431c-ae52-9cea7470be6e | ITER: 31 END: OK
2019-11-27 09:25:46.071 7303 INFO rally.task.runner [-] Task 42b5f550-8a24-431c-ae52-9cea7470be6e | ITER: 35 END: OK
2019-11-27 09:25:46.486 7320 INFO rally.task.runner [-] Task 42b5f550-8a24-431c-ae52-9cea7470be6e | ITER: 32 END: OK
2019-11-27 09:25:46.502 7317 INFO rally.task.runner [-] Task 42b5f550-8a24-431c-ae52-9cea7470be6e | ITER: 30 END: OK
2019-11-27 09:25:46.702 7281 INFO rally.task.runner [-] Task 42b5f550-8a24-431c-ae52-9cea7470be6e | ITER: 34 END: OK
2019-11-27 09:25:46.874 7312 INFO rally.task.runner [-] Task 42b5f550-8a24-431c-ae52-9cea7470be6e | ITER: 39 END: OK
2019-11-27 09:25:47.322 7281 INFO rally.task.runner [-] Task 42b5f550-8a24-431c-ae52-9cea7470be6e | ITER: 40 END: OK
2019-11-27 09:25:47.538 7326 INFO rally.task.runner [-] Task 42b5f550-8a24-431c-ae52-9cea7470be6e | ITER: 37 END: OK
2019-11-27 09:25:47.815 7292 INFO rally.task.runner [-] Task 42b5f550-8a24-431c-ae52-9cea7470be6e | ITER: 33 END: OK
2019-11-27 09:25:47.908 7279 INFO rally.task.runner [-] Task 42b5f550-8a24-431c-ae52-9cea7470be6e | ITER: 36 END: OK
2019-11-27 09:25:47.950 7296 INFO rally.task.runner [-] Task 42b5f550-8a24-431c-ae52-9cea7470be6e | ITER: 38 END: OK
2019-11-27 09:25:47.978 2813 INFO rally.task.context [-] Task 42b5f550-8a24-431c-ae52-9cea7470be6e | Context cleanup@openstack cleanup() started
