2019-11-27 09:33:33.901 11461 INFO rally.task.runner [-] Task 42b5f550-8a24-431c-ae52-9cea7470be6e | ITER: 6 START
2019-11-27 09:33:33.903 11464 INFO rally.task.runner [-] Task 42b5f550-8a24-431c-ae52-9cea7470be6e | ITER: 7 START
2019-11-27 09:33:33.903 11467 RALLYDEBUG rally.task.runner [-] Starting a worker. times: 50 duration: None concurrency: 1 timeout: 0 cls: method_name: run args: {"security_group_create_args": {}, "security_group_update_args": {}}
2019-11-27 09:33:33.909 11467 INFO rally.task.runner [-] Task 42b5f550-8a24-431c-ae52-9cea7470be6e | ITER: 8 START
2019-11-27 09:33:33.911 11472 RALLYDEBUG rally.task.runner [-] Starting a worker. times: 50 duration: None concurrency: 1 timeout: 0 cls: method_name: run args: {"security_group_create_args": {}, "security_group_update_args": {}}
2019-11-27 09:33:33.917 11472 INFO rally.task.runner [-] Task 42b5f550-8a24-431c-ae52-9cea7470be6e | ITER: 9 START
2019-11-27 09:33:33.920 11476 RALLYDEBUG rally.task.runner [-] Starting a worker. times: 50 duration: None concurrency: 1 timeout: 0 cls: method_name: run args: {"security_group_create_args": {}, "security_group_update_args": {}}
2019-11-27 09:33:33.926 11476 INFO rally.task.runner [-] Task 42b5f550-8a24-431c-ae52-9cea7470be6e | ITER: 10 START
2019-11-27 09:33:34.625 11467 INFO rally.task.runner [-] Task 42b5f550-8a24-431c-ae52-9cea7470be6e | ITER: 8 END: OK
2019-11-27 09:33:34.629 11467 INFO rally.task.runner [-] Task 42b5f550-8a24-431c-ae52-9cea7470be6e | ITER: 11 START
2019-11-27 09:33:34.672 11451 INFO rally.task.runner [-] Task 42b5f550-8a24-431c-ae52-9cea7470be6e | ITER: 2 END: OK
2019-11-27 09:33:34.676 11451 INFO rally.task.runner [-] Task 42b5f550-8a24-431c-ae52-9cea7470be6e | ITER: 12 START
2019-11-27 09:33:34.691 11450 INFO rally.task.runner [-] Task 42b5f550-8a24-431c-ae52-9cea7470be6e | ITER: 1 END: OK
2019-11-27 09:33:34.696 11450 INFO rally.task.runner [-] Task 42b5f550-8a24-431c-ae52-9cea7470be6e | ITER: 13 START
2019-11-27 09:33:34.916 11476 INFO rally.task.runner [-] Task 42b5f550-8a24-431c-ae52-9cea7470be6e | ITER: 10 END: OK
2019-11-27 09:33:34.921 11476 INFO rally.task.runner [-] Task 42b5f550-8a24-431c-ae52-9cea7470be6e | ITER: 14 START
2019-11-27 09:33:35.108 11472 INFO rally.task.runner [-] Task 42b5f550-8a24-431c-ae52-9cea7470be6e | ITER: 9 END: OK
2019-11-27 09:33:35.112 11472 INFO rally.task.runner [-] Task 42b5f550-8a24-431c-ae52-9cea7470be6e | ITER: 15 START
2019-11-27 09:33:35.156 11467 INFO rally.task.runner [-] Task 42b5f550-8a24-431c-ae52-9cea7470be6e | ITER: 11 END: OK
2019-11-27 09:33:35.160 11467 INFO rally.task.runner [-] Task 42b5f550-8a24-431c-ae52-9cea7470be6e | ITER: 16 START
2019-11-27 09:33:35.200 11453 INFO rally.task.runner [-] Task 42b5f550-8a24-431c-ae52-9cea7470be6e | ITER: 4 END: OK
2019-11-27 09:33:35.202 11461 INFO rally.task.runner [-] Task 42b5f550-8a24-431c-ae52-9cea7470be6e | ITER: 6 END: OK
2019-11-27 09:33:35.204 11453 INFO rally.task.runner [-] Task 42b5f550-8a24-431c-ae52-9cea7470be6e | ITER: 17 START
2019-11-27 09:33:35.207 11461 INFO rally.task.runner [-] Task 42b5f550-8a24-431c-ae52-9cea7470be6e | ITER: 18 START
2019-11-27 09:33:35.238 11452 INFO rally.task.runner [-] Task 42b5f550-8a24-431c-ae52-9cea7470be6e | ITER: 3 END: OK
2019-11-27 09:33:35.243 11452 INFO rally.task.runner [-] Task 42b5f550-8a24-431c-ae52-9cea7470be6e | ITER: 19 START
2019-11-27 09:33:35.265 11464 INFO rally.task.runner [-] Task 42b5f550-8a24-431c-ae52-9cea7470be6e | ITER: 7 END: OK
2019-11-27 09:33:35.270 11464 INFO rally.task.runner [-] Task 42b5f550-8a24-431c-ae52-9cea7470be6e | ITER: 20 START
2019-11-27 09:33:35.289 11451 INFO rally.task.runner [-] Task 42b5f550-8a24-431c-ae52-9cea7470be6e | ITER: 12 END: OK
2019-11-27 09:33:35.292 11451 INFO rally.task.runner [-] Task 42b5f550-8a24-431c-ae52-9cea7470be6e | ITER: 21 START
2019-11-27 09:33:35.300 11458 INFO rally.task.runner [-] Task 42b5f550-8a24-431c-ae52-9cea7470be6e | ITER: 5 END: OK
2019-11-27 09:33:35.306 11458 INFO rally.task.runner [-] Task 42b5f550-8a24-431c-ae52-9cea7470be6e | ITER: 22 START
2019-11-27 09:33:35.431 11450 INFO rally.task.runner [-] Task 42b5f550-8a24-431c-ae52-9cea7470be6e | ITER: 13 END: OK
2019-11-27 09:33:35.435 11450 INFO rally.task.runner [-] Task 42b5f550-8a24-431c-ae52-9cea7470be6e | ITER: 23 START
2019-11-27 09:33:35.545 11476 INFO rally.task.runner [-] Task 42b5f550-8a24-431c-ae52-9cea7470be6e | ITER: 14 END: OK
2019-11-27 09:33:35.549 11476 INFO rally.task.runner [-] Task 42b5f550-8a24-431c-ae52-9cea7470be6e | ITER: 24 START
2019-11-27 09:33:35.706 11472 INFO rally.task.runner [-] Task 42b5f550-8a24-431c-ae52-9cea7470be6e | ITER: 15 END: OK
2019-11-27 09:33:35.710 11472 INFO rally.task.runner [-] Task 42b5f550-8a24-431c-ae52-9cea7470be6e | ITER: 25 START
2019-11-27 09:33:35.728 11461 INFO rally.task.runner [-] Task 42b5f550-8a24-431c-ae52-9cea7470be6e | ITER: 18 END: OK
2019-11-27 09:33:35.732 11461 INFO rally.task.runner [-] Task 42b5f550-8a24-431c-ae52-9cea7470be6e | ITER: 26 START
2019-11-27 09:33:35.733 11467 INFO rally.task.runner [-] Task 42b5f550-8a24-431c-ae52-9cea7470be6e | ITER: 16 END: OK
2019-11-27 09:33:35.737 11467 INFO rally.task.runner [-] Task 42b5f550-8a24-431c-ae52-9cea7470be6e | ITER: 27 START
2019-11-27 09:33:35.748 11453 INFO rally.task.runner [-] Task 42b5f550-8a24-431c-ae52-9cea7470be6e | ITER: 17 END: OK
2019-11-27 09:33:35.751 11453 INFO rally.task.runner [-] Task 42b5f550-8a24-431c-ae52-9cea7470be6e | ITER: 28 START
2019-11-27 09:33:35.874 11452 INFO rally.task.runner [-] Task 42b5f550-8a24-431c-ae52-9cea7470be6e | ITER: 19 END: OK
2019-11-27 09:33:35.879 11452 INFO rally.task.runner [-] Task 42b5f550-8a24-431c-ae52-9cea7470be6e | ITER: 29 START
2019-11-27 09:33:35.903 11451 INFO rally.task.runner [-] Task 42b5f550-8a24-431c-ae52-9cea7470be6e | ITER: 21 END: OK
2019-11-27 09:33:35.906 11451 INFO rally.task.runner [-] Task 42b5f550-8a24-431c-ae52-9cea7470be6e | ITER: 30 START
2019-11-27 09:33:35.939 11458 INFO rally.task.runner [-] Task 42b5f550-8a24-431c-ae52-9cea7470be6e | ITER: 22 END: OK
2019-11-27 09:33:35.943 11458 INFO rally.task.runner [-] Task 42b5f550-8a24-431c-ae52-9cea7470be6e | ITER: 31 START
2019-11-27 09:33:35.959 11464 INFO rally.task.runner [-] Task 42b5f550-8a24-431c-ae52-9cea7470be6e | ITER: 20 END: OK
2019-11-27 09:33:35.963 11464 INFO rally.task.runner [-] Task 42b5f550-8a24-431c-ae52-9cea7470be6e | ITER: 32 START
2019-11-27 09:33:36.056 11450 INFO rally.task.runner [-] Task 42b5f550-8a24-431c-ae52-9cea7470be6e | ITER: 23 END: OK
2019-11-27 09:33:36.059 11450 INFO rally.task.runner [-] Task 42b5f550-8a24-431c-ae52-9cea7470be6e | ITER: 33 START
2019-11-27 09:33:36.099 11476 INFO rally.task.runner [-] Task 42b5f550-8a24-431c-ae52-9cea7470be6e | ITER: 24 END: OK
2019-11-27 09:33:36.102 11476 INFO rally.task.runner [-] Task 42b5f550-8a24-431c-ae52-9cea7470be6e | ITER: 34 START
2019-11-27 09:33:36.253 11467 INFO rally.task.runner [-] Task 42b5f550-8a24-431c-ae52-9cea7470be6e | ITER: 27 END: OK
2019-11-27 09:33:36.257 11467 INFO rally.task.runner [-] Task 42b5f550-8a24-431c-ae52-9cea7470be6e | ITER: 35 START
2019-11-27 09:33:36.307 11461 INFO rally.task.runner [-] Task 42b5f550-8a24-431c-ae52-9cea7470be6e | ITER: 26 END: OK
2019-11-27 09:33:36.312 11461 INFO rally.task.runner [-] Task 42b5f550-8a24-431c-ae52-9cea7470be6e | ITER: 36 START
2019-11-27 09:33:36.331 11472 INFO rally.task.runner [-] Task 42b5f550-8a24-431c-ae52-9cea7470be6e | ITER: 25 END: OK
2019-11-27 09:33:36.334 11472 INFO rally.task.runner [-] Task 42b5f550-8a24-431c-ae52-9cea7470be6e | ITER: 37 START
2019-11-27 09:33:36.375 11453 INFO rally.task.runner [-] Task 42b5f550-8a24-431c-ae52-9cea7470be6e | ITER: 28 END: OK
2019-11-27 09:33:36.378 11453 INFO rally.task.runner [-] Task 42b5f550-8a24-431c-ae52-9cea7470be6e | ITER: 38 START
2019-11-27 09:33:36.489 11452 INFO rally.task.runner [-] Task 42b5f550-8a24-431c-ae52-9cea7470be6e | ITER: 29 END: OK
2019-11-27 09:33:36.493 11452 INFO rally.task.runner [-] Task 42b5f550-8a24-431c-ae52-9cea7470be6e | ITER: 39 START
2019-11-27 09:33:36.521 11458 INFO rally.task.runner [-] Task 42b5f550-8a24-431c-ae52-9cea7470be6e | ITER: 31 END: OK
2019-11-27 09:33:36.525 11458 INFO rally.task.runner [-] Task 42b5f550-8a24-431c-ae52-9cea7470be6e | ITER: 40 START
2019-11-27 09:33:36.540 11451 INFO rally.task.runner [-] Task 42b5f550-8a24-431c-ae52-9cea7470be6e | ITER: 30 END: OK
2019-11-27 09:33:36.543 11464 INFO rally.task.runner [-] Task 42b5f550-8a24-431c-ae52-9cea7470be6e | ITER: 32 END: OK
2019-11-27 09:33:36.544 11451 INFO rally.task.runner [-] Task 42b5f550-8a24-431c-ae52-9cea7470be6e | ITER: 41 START
2019-11-27 09:33:36.547 11464 INFO rally.task.runner [-] Task 42b5f550-8a24-431c-ae52-9cea7470be6e | ITER: 42 START
2019-11-27 09:33:36.636 11450 INFO rally.task.runner [-] Task 42b5f550-8a24-431c-ae52-9cea7470be6e | ITER: 33 END: OK
2019-11-27 09:33:36.640 11450 INFO rally.task.runner [-] Task 42b5f550-8a24-431c-ae52-9cea7470be6e | ITER: 43 START
2019-11-27 09:33:36.668 11476 INFO rally.task.runner [-] Task 42b5f550-8a24-431c-ae52-9cea7470be6e | ITER: 34 END: OK
2019-11-27 09:33:36.672 11476 INFO rally.task.runner [-] Task 42b5f550-8a24-431c-ae52-9cea7470be6e | ITER: 44 START
2019-11-27 09:33:36.917 11467 INFO rally.task.runner [-] Task 42b5f550-8a24-431c-ae52-9cea7470be6e | ITER: 35 END: OK
2019-11-27 09:33:36.921 11467 INFO rally.task.runner [-] Task 42b5f550-8a24-431c-ae52-9cea7470be6e | ITER: 45 START
2019-11-27 09:33:36.946 11472 INFO rally.task.runner [-] Task 42b5f550-8a24-431c-ae52-9cea7470be6e | ITER: 37 END: OK
2019-11-27 09:33:36.947 11453 INFO rally.task.runner [-] Task 42b5f550-8a24-431c-ae52-9cea7470be6e | ITER: 38 END: OK
2019-11-27 09:33:36.950 11472 INFO rally.task.runner [-] Task 42b5f550-8a24-431c-ae52-9cea7470be6e | ITER: 46 START
2019-11-27 09:33:36.950 11453 INFO rally.task.runner [-] Task 42b5f550-8a24-431c-ae52-9cea7470be6e | ITER: 47 START
2019-11-27 09:33:37.103 11451 INFO rally.task.runner [-] Task 42b5f550-8a24-431c-ae52-9cea7470be6e | ITER: 41 END: OK
2019-11-27 09:33:37.106 11451 INFO rally.task.runner [-] Task 42b5f550-8a24-431c-ae52-9cea7470be6e | ITER: 48 START
2019-11-27 09:33:37.118 11458 INFO rally.task.runner [-] Task 42b5f550-8a24-431c-ae52-9cea7470be6e | ITER: 40 END: OK
2019-11-27 09:33:37.123 11458 INFO rally.task.runner [-] Task 42b5f550-8a24-431c-ae52-9cea7470be6e | ITER: 49 START
2019-11-27 09:33:37.131 11464 INFO rally.task.runner [-] Task 42b5f550-8a24-431c-ae52-9cea7470be6e | ITER: 42 END: OK
2019-11-27 09:33:37.135 11464 INFO rally.task.runner [-] Task 42b5f550-8a24-431c-ae52-9cea7470be6e | ITER: 50 START
2019-11-27 09:33:37.192 11452 INFO rally.task.runner [-] Task 42b5f550-8a24-431c-ae52-9cea7470be6e | ITER: 39 END: OK
2019-11-27 09:33:37.192 11461 INFO rally.task.runner [-] Task 42b5f550-8a24-431c-ae52-9cea7470be6e | ITER: 36 END: OK
2019-11-27 09:33:37.223 11476 INFO rally.task.runner [-] Task 42b5f550-8a24-431c-ae52-9cea7470be6e | ITER: 44 END: OK
2019-11-27 09:33:37.275 11450 INFO rally.task.runner [-] Task 42b5f550-8a24-431c-ae52-9cea7470be6e | ITER: 43 END: OK
2019-11-27 09:33:37.528 11453 INFO rally.task.runner [-] Task 42b5f550-8a24-431c-ae52-9cea7470be6e | ITER: 47 END: OK
2019-11-27 09:33:37.531 11467 INFO rally.task.runner [-] Task 42b5f550-8a24-431c-ae52-9cea7470be6e | ITER: 45 END: OK
2019-11-27 09:33:37.555 11472 INFO rally.task.runner [-] Task 42b5f550-8a24-431c-ae52-9cea7470be6e | ITER: 46 END: OK
2019-11-27 09:33:37.664 11458 INFO rally.task.runner [-] Task 42b5f550-8a24-431c-ae52-9cea7470be6e | ITER: 49 END: OK
2019-11-27 09:33:37.666 11451 INFO rally.task.runner [-] Task 42b5f550-8a24-431c-ae52-9cea7470be6e | ITER: 48 END: OK
2019-11-27 09:33:37.752 11464 INFO rally.task.runner [-] Task 42b5f550-8a24-431c-ae52-9cea7470be6e | ITER: 50 END: OK
2019-11-27 09:33:37.777 2813 INFO rally.task.context [-] Task 42b5f550-8a24-431c-ae52-9cea7470be6e | Context cleanup@openstack cleanup() started
2019-11-27 09:33:37.780 2813 RALLYDEBUG rally_openstack.cleanup.manager [-] Cleaning up neutron vip objects
2019-11-27 09:33:38.519 2813 RALLYDEBUG rally_openstack.cleanup.manager [-] Cleaning up neutron health_monitor objects
2019-11-27 09:33:39.284 2813 RALLYDEBUG rally_openstack.cleanup.manager [-] Cleaning up neutron pool objects
2019-11-27 09:33:40.045 2813 RALLYDEBUG rally_openstack.cleanup.manager [-] Cleaning up neutron loadbalancer objects
2019-11-27 09:33:40.799 2813 RALLYDEBUG rally_openstack.cleanup.manager [-] Cleaning up neutron floatingip objects
2019-11-27 09:33:41.649 2813 RALLYDEBUG rally_openstack.cleanup.manager [-] Cleaning up neutron trunk objects
2019-11-27 09:33:42.433 2813 RALLYDEBUG rally_openstack.cleanup.manager [-] Cleaning up neutron port objects
2019-11-27 09:33:43.521 2813 RALLYDEBUG rally_openstack.cleanup.manager [-] Cleaning up neutron subnet objects
2019-11-27 09:33:44.345 2813 RALLYDEBUG rally_openstack.cleanup.manager [-] Cleaning up neutron network objects
2019-11-27 09:33:45.143 2813 RALLYDEBUG rally_openstack.cleanup.manager [-] Cleaning up neutron router objects
2019-11-27 09:33:45.993 2813 RALLYDEBUG rally_openstack.cleanup.manager [-] Cleaning up neutron security_group objects
2019-11-27 09:33:47.375 2813 RALLYDEBUG rally_openstack.cleanup.manager [-] Deleting neutron.security_group object s_rally_c1f2e809_e9BilKDu (02212992-35fd-423a-be49-4b1bebc72dcc)
2019-11-27 09:33:47.381 2813 RALLYDEBUG rally_openstack.cleanup.manager [-] Deleting neutron.security_group object s_rally_c1f2e809_mKlIYBW6 (07c683c8-f6eb-4230-9e7c-25b5a83f466d)
2019-11-27 09:33:47.389 2813 RALLYDEBUG rally_openstack.cleanup.manager [-] Deleting neutron.security_group object s_rally_c1f2e809_P1WM9fkY (0ae40379-f660-43cf-80be-cb0c2b2b80d8)
2019-11-27 09:33:47.400 2813 RALLYDEBUG rally_openstack.cleanup.manager [-] Deleting neutron.security_group object s_rally_c1f2e809_7GDF2RIx (1628da66-1539-4df0-9605-0762c7f2cf0f)
2019-11-27 09:33:47.408 2813 RALLYDEBUG rally_openstack.cleanup.manager [-] Deleting neutron.security_group object s_rally_c1f2e809_9kje9Aie (16e8d3e2-37d8-4311-b2b1-cb5d62f92e1c)
2019-11-27 09:33:47.425 2813 RALLYDEBUG rally_openstack.cleanup.manager [-] Deleting neutron.security_group object s_rally_c1f2e809_7BZ5Oa60 (21ed838a-6b73-469d-bc29-52e9009f230d)
2019-11-27 09:33:47.440 2813 RALLYDEBUG rally_openstack.cleanup.manager [-] Deleting neutron.security_group object s_rally_c1f2e809_2r82hlnb (23184339-1a3d-4c6e-af39-84b5028d94bb)
2019-11-27 09:33:47.447 2813 RALLYDEBUG rally_openstack.cleanup.manager [-] Deleting neutron.security_group object s_rally_c1f2e809_53KjqrsI (316a931b-ad29-48c3-a958-d7666a0c9fd3)
2019-11-27 09:33:47.454 2813 RALLYDEBUG rally_openstack.cleanup.manager [-] Deleting neutron.security_group object s_rally_c1f2e809_ogB5uiH1 (37dde9ad-0754-45c5-aaeb-e89861e50e87)
2019-11-27 09:33:47.461 2813 RALLYDEBUG rally_openstack.cleanup.manager [-] Deleting neutron.security_group object s_rally_c1f2e809_6sOBDgrY (394df661-5088-41d0-8bf5-b1897c66497e)
2019-11-27 09:33:47.471 2813 RALLYDEBUG rally_openstack.cleanup.manager [-] Deleting neutron.security_group object s_rally_c1f2e809_0BX6mBtn (3d0d21d6-9bf8-4f7d-82f5-f769edb15c34)
2019-11-27 09:33:47.487 2813 RALLYDEBUG rally_openstack.cleanup.manager [-] Deleting neutron.security_group object s_rally_c1f2e809_W8N00eFB (53783282-7418-4486-89f4-2f0f1eae6c83)
2019-11-27 09:33:47.504 2813 RALLYDEBUG rally_openstack.cleanup.manager [-] Deleting neutron.security_group object s_rally_c1f2e809_P1ebLOc6 (5d796a6c-3c9e-4656-8ec6-747e921d7e05)
2019-11-27 09:33:47.514 2813 RALLYDEBUG rally_openstack.cleanup.manager [-] Deleting neutron.security_group object s_rally_c1f2e809_vYarF7wD (69f62bf4-6744-41bd-a5e1-5afa5605e7c2)
2019-11-27 09:33:47.524 2813 RALLYDEBUG rally_openstack.cleanup.manager [-] Deleting neutron.security_group object s_rally_c1f2e809_ZNCWp9lz (8dda4ced-88bc-4807-853d-4ce9eae2c4ad)
2019-11-27 09:33:47.532 2813 RALLYDEBUG rally_openstack.cleanup.manager [-] Deleting neutron.security_group object s_rally_c1f2e809_3FqX3JqO (8ef1e645-93c6-472a-b8b1-bf955b59445f)
2019-11-27 09:33:47.540 2813 RALLYDEBUG rally_openstack.cleanup.manager [-] Deleting neutron.security_group object s_rally_c1f2e809_hBwafkf9 (9603a1d1-2ae8-4265-abe8-bb91e55a606d)
2019-11-27 09:33:47.546 2813 RALLYDEBUG rally_openstack.cleanup.manager [-] Deleting neutron.security_group object s_rally_c1f2e809_yXpkkhLX (a0dba334-37f4-4153-bfad-ba43269eac3b)
2019-11-27 09:33:47.558 2813 RALLYDEBUG rally_openstack.cleanup.manager [-] Deleting neutron.security_group object s_rally_c1f2e809_XTU0A8kt (a2b22dbb-f677-4119-8ea6-9bb1c4698762)
2019-11-27 09:33:47.564 2813 RALLYDEBUG rally_openstack.cleanup.manager [-] Deleting neutron.security_group object s_rally_c1f2e809_WVEMvjOx (af80c27a-4db7-458b-91c1-ab97176b01b5)
2019-11-27 09:33:48.924 2813 RALLYDEBUG rally_openstack.cleanup.manager [-] Deleting neutron.security_group object s_rally_c1f2e809_KhFPLZEw (be553e63-43ee-4f34-88c0-8df1e95545d2)
2019-11-27 09:33:48.933 2813 RALLYDEBUG rally_openstack.cleanup.manager [-] Deleting neutron.security_group object s_rally_c1f2e809_QuNb5jWA (c234e5ed-6101-44e6-abf0-885dca1e7b9c)
2019-11-27 09:33:48.942 2813 RALLYDEBUG rally_openstack.cleanup.manager [-] Deleting neutron.security_group object s_rally_c1f2e809_Ene92535 (d3024ca4-2e02-4bb9-9eda-beb5bb2b226a)
2019-11-27 09:33:49.023 2813 RALLYDEBUG rally_openstack.cleanup.manager [-] Deleting neutron.security_group object s_rally_c1f2e809_kKjnkmfU (dd4f568a-f95f-4c14-ac42-5729e7743ada)
2019-11-27 09:33:49.089 2813 RALLYDEBUG rally_openstack.cleanup.manager [-] Deleting neutron.security_group object s_rally_c1f2e809_1HbhoNgz (e1ea9665-03bb-420a-ad1a-9808e69d4480)
2019-11-27 09:33:49.116 2813 RALLYDEBUG rally_openstack.cleanup.manager [-] Deleting neutron.security_group object s_rally_c1f2e809_PkHQeOg4 (0346ee60-75ff-44e8-b880-a5be9baf512f)
2019-11-27 09:33:49.127 2813 RALLYDEBUG rally_openstack.cleanup.manager [-] Deleting neutron.security_group object s_rally_c1f2e809_l9GhUa0Z (1efd8578-1698-42a0-839e-080e56686106)
2019-11-27 09:33:49.151 2813 RALLYDEBUG rally_openstack.cleanup.manager [-] Deleting neutron.security_group object s_rally_c1f2e809_RAvBvvmm (2c300dca-df2f-4716-a558-0e45af071452)
2019-11-27 09:33:49.243 2813 RALLYDEBUG rally_openstack.cleanup.manager [-] Deleting neutron.security_group object s_rally_c1f2e809_mlVMRb9y (2f7fd561-6988-441e-8b5c-65fceb69cda8)
2019-11-27 09:33:49.277 2813 RALLYDEBUG rally_openstack.cleanup.manager [-] Deleting neutron.security_group object s_rally_c1f2e809_jCDSBAyL (37aeaf42-964d-466e-9d36-afb334dcd9cf)
2019-11-27 09:33:49.293 2813 RALLYDEBUG rally_openstack.cleanup.manager [-] Deleting neutron.security_group object s_rally_c1f2e809_vIkaLROZ (3e5a2e65-027a-4370-8e2d-11a11efe5422)
2019-11-27 09:33:49.319 2813 RALLYDEBUG rally_openstack.cleanup.manager [-] Deleting neutron.security_group object s_rally_c1f2e809_F1n8ZQTA (4def3273-0236-446c-8114-8ea61cc82c23)
2019-11-27 09:33:49.375 2813 RALLYDEBUG rally_openstack.cleanup.manager [-] Deleting neutron.security_group object s_rally_c1f2e809_Ja6Riyen (505c14c0-5c81-4c4a-9a84-e54f33cb5d05)
2019-11-27 09:33:49.390 2813 RALLYDEBUG rally_openstack.cleanup.manager [-] Deleting neutron.security_group object s_rally_c1f2e809_lqVe6VaL (547460ae-1293-4974-a039-7fa2bb342945)
2019-11-27 09:33:49.394 2813 RALLYDEBUG rally_openstack.cleanup.manager [-] Deleting neutron.security_group object s_rally_c1f2e809_ieppQ5ZA (566932bc-25bf-4113-8831-604082a6154e)
2019-11-27 09:33:49.403 2813 RALLYDEBUG rally_openstack.cleanup.manager [-] Deleting neutron.security_group object s_rally_c1f2e809_G1mWzaKH (5f833aff-b6c9-4ece-923b-347873554981)
2019-11-27 09:33:49.407 2813 RALLYDEBUG rally_openstack.cleanup.manager [-] Deleting neutron.security_group object s_rally_c1f2e809_4QSZ2NJw (6c69658b-b71d-487e-93eb-ad247f2bd999)
2019-11-27 09:33:49.455 2813 RALLYDEBUG rally_openstack.cleanup.manager [-] Deleting neutron.security_group object s_rally_c1f2e809_ToWug7w6 (971c59a9-9efd-4830-bc8a-c41db8bb9c78)
2019-11-27 09:33:49.467 2813 RALLYDEBUG rally_openstack.cleanup.manager [-] Deleting neutron.security_group object s_rally_c1f2e809_KBm6MdsR (98675ae1-6b78-48fe-add4-eb561c604e26)
2019-11-27 09:33:49.713 2813 RALLYDEBUG rally_openstack.cleanup.manager [-] Deleting neutron.security_group object s_rally_c1f2e809_Ymdow7zc (994beab7-5283-4e43-9604-821d1d4ba37b)
2019-11-27 09:33:50.477 2813 RALLYDEBUG rally_openstack.cleanup.manager [-] Deleting neutron.security_group object s_rally_c1f2e809_2U8HHKsz (99574f4c-43ca-4495-b663-7557b9be2879)
2019-11-27 09:33:50.486 2813 RALLYDEBUG rally_openstack.cleanup.manager [-] Deleting neutron.security_group object s_rally_c1f2e809_oHcAhJtp (9bb76260-2207-461d-9541-bbf09054a413)
2019-11-27 09:33:50.498 2813 RALLYDEBUG rally_openstack.cleanup.manager [-] Deleting neutron.security_group object s_rally_c1f2e809_z8WGy1RO (9c874820-0542-4c92-87ad-1b144df99dd2)
2019-11-27 09:33:50.577 2813 RALLYDEBUG rally_openstack.cleanup.manager [-] Deleting neutron.security_group object s_rally_c1f2e809_4CCVr2MG (a5037795-1eb8-47ab-8d22-ceeb311af7b5)
2019-11-27 09:33:50.649 2813 RALLYDEBUG rally_openstack.cleanup.manager [-] Deleting neutron.security_group object s_rally_c1f2e809_Dj2zjw8x (b358bdf2-ecfd-45b9-95ad-2aa56dc0da3b)
2019-11-27 09:33:50.666 2813 RALLYDEBUG rally_openstack.cleanup.manager [-] Deleting neutron.security_group object s_rally_c1f2e809_mvTW0dgY (c922205d-4a26-4b86-9c1c-9f3a59e629f4)
2019-11-27 09:33:50.687 2813 RALLYDEBUG rally_openstack.cleanup.manager [-] Deleting neutron.security_group object s_rally_c1f2e809_G3iasQjq (df28bf67-c808-4a8a-9b98-67c9ab31d04e)
2019-11-27 09:33:50.696 2813 RALLYDEBUG rally_openstack.cleanup.manager [-] Deleting neutron.security_group object s_rally_c1f2e809_57WBRB1l (e716e698-43ea-4504-8031-fb47988575b5)
2019-11-27 09:33:50.786 2813 RALLYDEBUG rally_openstack.cleanup.manager [-] Deleting neutron.security_group object s_rally_c1f2e809_mZr05RoB (f7020983-78cc-433b-aef7-639e7ff85c93)
2019-11-27 09:33:50.839 2813 RALLYDEBUG rally_openstack.cleanup.manager [-] Deleting neutron.security_group object s_rally_c1f2e809_rvMp3lpB (fabb9d88-a026-4ad1-8379-949ee7662cc9)
2019-11-27 09:33:52.313 2813 INFO rally.task.context [-] Task 42b5f550-8a24-431c-ae52-9cea7470be6e | Context cleanup@openstack cleanup() finished in 14.54 sec
2019-11-27 09:33:52.314 2813 INFO rally.task.context [-] Task 42b5f550-8a24-431c-ae52-9cea7470be6e | Context quotas@openstack cleanup() started
2019-11-27 09:33:52.433 2813 INFO rally.task.context [-] Task 42b5f550-8a24-431c-ae52-9cea7470be6e | Context quotas@openstack cleanup() finished in 0.12 sec
2019-11-27 09:33:52.434 2813 INFO rally.task.context [-] Task 42b5f550-8a24-431c-ae52-9cea7470be6e | Context users@openstack cleanup() started
2019-11-27 09:33:56.119 2813 INFO rally.task.context [-] Task 42b5f550-8a24-431c-ae52-9cea7470be6e | Context users@openstack cleanup() finished in 3.69 sec
2019-11-27 09:33:56.741 2813 INFO rally.task.engine [-] Load duration is: 3.869951
2019-11-27 09:33:56.742 2813 INFO rally.task.engine [-] Full runner duration is: 3.914885
2019-11-27 09:33:56.742 2813 INFO rally.task.engine [-] Full duration is: 25.522606
2019-11-27 09:33:57.023 2813 INFO rally.task.engine [-] Task 42b5f550-8a24-431c-ae52-9cea7470be6e | Completed: Running task.
2019-11-27 09:33:58.775 11790 RALLYDEBUG rally.api [-] INFO logs from urllib3 and requests module are hide.
2019-11-27 09:33:58.775 11790 RALLYDEBUG rally.api [-] urllib3 insecure warnings are hidden.
2019-11-27 09:33:58.775 11790 RALLYDEBUG rally.api [-] ERROR log from boto module is hide.
2019-11-27 09:33:59.842 11791 RALLYDEBUG rally.api [-] INFO logs from urllib3 and requests module are hide.
2019-11-27 09:33:59.842 11791 RALLYDEBUG rally.api [-] urllib3 insecure warnings are hidden.
2019-11-27 09:33:59.843 11791 RALLYDEBUG rally.api [-] ERROR log from boto module is hide.
2019-11-27 09:34:01.249 11792 RALLYDEBUG rally.api [-] INFO logs from urllib3 and requests module are hide.
2019-11-27 09:34:01.249 11792 RALLYDEBUG rally.api [-] urllib3 insecure warnings are hidden.
2019-11-27 09:34:01.250 11792 RALLYDEBUG rally.api [-] ERROR log from boto module is hide.
2019-11-27 09:34:02.654 11792 INFO rally.common.plugin.discover [-] Loading plugins from directories /root/.rally/plugins/*
2019-11-27 09:34:02.654 11792 INFO rally.common.plugin.discover [-] Loaded module with plugins: /root/.rally/plugins/__init__.py
2019-11-27 09:34:02.817 11792 INFO rally.api [-] Building 'json' report for the following task(s): '42b5f550-8a24-431c-ae52-9cea7470be6e'.
2019-11-27 09:34:03.001 11792 INFO rally.api [-] The report has been successfully built.
2019-11-27 09:34:04.440 11794 RALLYDEBUG rally.api [-] INFO logs from urllib3 and requests module are hide.
2019-11-27 09:34:04.440 11794 RALLYDEBUG rally.api [-] urllib3 insecure warnings are hidden.
2019-11-27 09:34:04.440 11794 RALLYDEBUG rally.api [-] ERROR log from boto module is hide.
2019-11-27 09:34:06.003 11794 INFO rally.common.plugin.discover [-] Loading plugins from directories /root/.rally/plugins/*
2019-11-27 09:34:06.004 11794 INFO rally.common.plugin.discover [-] Loaded module with plugins: /root/.rally/plugins/__init__.py
2019-11-27 09:34:06.176 11794 INFO rally.api [-] Building 'html' report for the following task(s): '42b5f550-8a24-431c-ae52-9cea7470be6e'.
2019-11-27 09:34:06.358 11794 INFO rally.api [-] The report has been successfully built.
2019-11-27 09:34:07.736 11796 RALLYDEBUG rally.api [-] INFO logs from urllib3 and requests module are hide.
2019-11-27 09:34:07.736 11796 RALLYDEBUG rally.api [-] urllib3 insecure warnings are hidden.
2019-11-27 09:34:07.737 11796 RALLYDEBUG rally.api [-] ERROR log from boto module is hide.
2019-11-27 09:34:09.148 11796 INFO rally.common.plugin.discover [-] Loading plugins from directories /root/.rally/plugins/*
2019-11-27 09:34:09.149 11796 INFO rally.common.plugin.discover [-] Loaded module with plugins: /root/.rally/plugins/__init__.py
2019-11-27 09:34:09.318 11796 INFO rally.api [-] Building 'junit-xml' report for the following task(s): '42b5f550-8a24-431c-ae52-9cea7470be6e'.
2019-11-27 09:34:09.323 11796 INFO rally.api [-] The report has been successfully built.