2019-11-27 09:11:58.975 2804 RALLYDEBUG rally.api [-] INFO logs from urllib3 and requests module are hide.
2019-11-27 09:11:58.975 2804 RALLYDEBUG rally.api [-] urllib3 insecure warnings are hidden.
2019-11-27 09:11:58.975 2804 RALLYDEBUG rally.api [-] ERROR log from boto module is hide.
2019-11-27 09:12:02.257 2806 RALLYDEBUG rally.api [-] INFO logs from urllib3 and requests module are hide.
2019-11-27 09:12:02.257 2806 RALLYDEBUG rally.api [-] urllib3 insecure warnings are hidden.
2019-11-27 09:12:02.258 2806 RALLYDEBUG rally.api [-] ERROR log from boto module is hide.
2019-11-27 09:12:05.488 2808 RALLYDEBUG rally.api [-] INFO logs from urllib3 and requests module are hide.
2019-11-27 09:12:05.488 2808 RALLYDEBUG rally.api [-] urllib3 insecure warnings are hidden.
2019-11-27 09:12:05.488 2808 RALLYDEBUG rally.api [-] ERROR log from boto module is hide.
2019-11-27 09:12:09.773 2811 RALLYDEBUG rally.api [-] INFO logs from urllib3 and requests module are hide.
2019-11-27 09:12:09.774 2811 RALLYDEBUG rally.api [-] urllib3 insecure warnings are hidden.
2019-11-27 09:12:09.774 2811 RALLYDEBUG rally.api [-] ERROR log from boto module is hide.
2019-11-27 09:12:11.574 2813 RALLYDEBUG rally.api [-] INFO logs from urllib3 and requests module are hide.
2019-11-27 09:12:11.574 2813 RALLYDEBUG rally.api [-] urllib3 insecure warnings are hidden.
2019-11-27 09:12:11.574 2813 RALLYDEBUG rally.api [-] ERROR log from boto module is hide.
2019-11-27 09:12:13.170 2813 INFO rally.common.plugin.discover [-] Loading plugins from directories /root/.rally/plugins/*
2019-11-27 09:12:13.171 2813 INFO rally.common.plugin.discover [-] Loaded module with plugins: /root/.rally/plugins/__init__.py
2019-11-27 09:12:13.518 2813 INFO rally.task.engine [-] Task 42b5f550-8a24-431c-ae52-9cea7470be6e | Starting: Task validation.
2019-11-27 09:12:13.567 2813 INFO rally.task.engine [-] Task 42b5f550-8a24-431c-ae52-9cea7470be6e | Starting: Task validation of syntax.
2019-11-27 09:12:13.905 2813 INFO rally.task.engine [-] Task 42b5f550-8a24-431c-ae52-9cea7470be6e | Completed: Task validation of syntax.
2019-11-27 09:12:13.907 2813 INFO rally.task.engine [-] Task 42b5f550-8a24-431c-ae52-9cea7470be6e | Starting: Task validation of required platforms.
2019-11-27 09:12:14.034 2813 INFO rally.task.engine [-] Task 42b5f550-8a24-431c-ae52-9cea7470be6e | Completed: Task validation of required platforms.
2019-11-27 09:12:14.034 2813 INFO rally.task.engine [-] Task 42b5f550-8a24-431c-ae52-9cea7470be6e | Starting: Task validation of semantic.
2019-11-27 09:12:14.035 2813 INFO rally.task.engine [-] Check health of the environment 'ab1ac644-166b-4927-99e2-33a6dd4eef30'.
2019-11-27 09:12:14.955 2813 INFO rally.task.engine [-] Platform existing@openstack (available: True): OK!
2019-11-27 09:12:14.975 2813 RALLYDEBUG rally_openstack.contexts.keystone.users [-] Creating 1 tenants using 20 threads
2019-11-27 09:12:15.839 2813 RALLYDEBUG rally_openstack.contexts.keystone.users [-] Creating 1 users using 20 threads
2019-11-27 09:12:17.245 2813 INFO rally.task.context [-] Task 42b5f550-8a24-431c-ae52-9cea7470be6e | Context users@openstack setup() finished in 2.27 sec
2019-11-27 09:12:27.107 2813 INFO rally.task.context [-] Task 42b5f550-8a24-431c-ae52-9cea7470be6e | Context users@openstack cleanup() started
2019-11-27 09:12:30.434 2813 INFO rally.task.context [-] Task 42b5f550-8a24-431c-ae52-9cea7470be6e | Context users@openstack cleanup() finished in 3.33 sec
2019-11-27 09:12:30.434 2813 INFO rally.task.engine [-] Task 42b5f550-8a24-431c-ae52-9cea7470be6e | Completed: Task validation of semantic.
2019-11-27 09:12:30.435 2813 INFO rally.task.engine [-] Task 42b5f550-8a24-431c-ae52-9cea7470be6e | Completed: Task validation.
2019-11-27 09:12:30.435 2813 INFO rally.api [-] Task 42b5f550-8a24-431c-ae52-9cea7470be6e input file is valid.
2019-11-27 09:12:30.435 2813 INFO rally.api [-] Run Task 42b5f550-8a24-431c-ae52-9cea7470be6e against Deployment ab1ac644-166b-4927-99e2-33a6dd4eef30
2019-11-27 09:12:30.436 2813 INFO rally.task.engine [-] Task 42b5f550-8a24-431c-ae52-9cea7470be6e | Starting: Running task.
2019-11-27 09:12:30.596 2813 INFO rally.task.engine [-] Running workload: position = 0 config = { "version": 2, "title": "A cropped version of a bigger task.", "description": "Auto-generated task from a single workload (uuid=e0f91bb3-fa34-40be-a762-7a6c01b547f5)", "subtasks": [ { "title": "NeutronNetworks.create_and_list_networks", "description": "Check performance of list_networks action and ensure > network quotas are not exceeded", "scenario": { "NeutronNetworks.create_and_list_networks": {} }, "contexts": { "users": { "tenants": 1, "users_per_tenant": 1 }, "quotas": { "neutron": { "network": 119 } } }, "runner": { "constant": { "times": 100, "concurrency": 20 } }, "hooks": [], "sla": { "max_avg_duration_per_atomic": { "neutron.list_networks": 15 }, "failure_rate": { "max": 0 } } } ] }
2019-11-27 09:12:30.619 2813 RALLYDEBUG rally_openstack.contexts.keystone.users [-] Creating 1 tenants using 20 threads
2019-11-27 09:12:31.542 2813 RALLYDEBUG rally_openstack.contexts.keystone.users [-] Creating 1 users using 20 threads
2019-11-27 09:12:32.949 2813 INFO rally.task.context [-] Task 42b5f550-8a24-431c-ae52-9cea7470be6e | Context users@openstack setup() finished in 2.33 sec
2019-11-27 09:12:33.431 2813 INFO rally.task.context [-] Task 42b5f550-8a24-431c-ae52-9cea7470be6e | Context quotas@openstack setup() finished in 0.48 sec
2019-11-27 09:12:33.432 2813 INFO rally.task.context [-] Task 42b5f550-8a24-431c-ae52-9cea7470be6e | Context cleanup@openstack setup() finished in 0.03 msec
2019-11-27 09:12:33.440 2813 RALLYDEBUG rally.task.runner [-] Starting the constant runner (task UUID: 42b5f550-8a24-431c-ae52-9cea7470be6e). times: 100 concurrency: 20 timeout: 0 max_cpu_used: 16 processes_to_start: 16 concurrency_per_worker: 1 concurrency_overhead: 4
2019-11-27 09:12:33.453 2937 RALLYDEBUG rally.task.runner [-] Starting a worker. times: 100 duration: None concurrency: 2 timeout: 0 cls: method_name: run args: {}
2019-11-27 09:12:33.457 2938 RALLYDEBUG rally.task.runner [-] Starting a worker. times: 100 duration: None concurrency: 2 timeout: 0 cls: method_name: run args: {}
2019-11-27 09:12:33.460 2937 INFO rally.task.runner [-] Task 42b5f550-8a24-431c-ae52-9cea7470be6e | ITER: 1 START
2019-11-27 09:12:33.460 2939 RALLYDEBUG rally.task.runner [-] Starting a worker. times: 100 duration: None concurrency: 2 timeout: 0 cls: method_name: run args: {}
2019-11-27 09:12:33.463 2938 INFO rally.task.runner [-] Task 42b5f550-8a24-431c-ae52-9cea7470be6e | ITER: 3 START
2019-11-27 09:12:33.463 2942 RALLYDEBUG rally.task.runner [-] Starting a worker. times: 100 duration: None concurrency: 2 timeout: 0 cls: method_name: run args: {}
2019-11-27 09:12:33.466 2946 RALLYDEBUG rally.task.runner [-] Starting a worker. times: 100 duration: None concurrency: 1 timeout: 0 cls: method_name: run args: {}
2019-11-27 09:12:33.465 2939 INFO rally.task.runner [-] Task 42b5f550-8a24-431c-ae52-9cea7470be6e | ITER: 4 START
2019-11-27 09:12:33.470 2942 INFO rally.task.runner [-] Task 42b5f550-8a24-431c-ae52-9cea7470be6e | ITER: 6 START
2019-11-27 09:12:33.470 2950 RALLYDEBUG rally.task.runner [-] Starting a worker. times: 100 duration: None concurrency: 1 timeout: 0 cls: method_name: run args: {}
2019-11-27 09:12:33.471 2938 INFO rally.task.runner [-] Task 42b5f550-8a24-431c-ae52-9cea7470be6e | ITER: 5 START
2019-11-27 09:12:33.471 2946 INFO rally.task.runner [-] Task 42b5f550-8a24-431c-ae52-9cea7470be6e | ITER: 8 START
2019-11-27 09:12:33.474 2955 RALLYDEBUG rally.task.runner [-] Starting a worker. times: 100 duration: None concurrency: 1 timeout: 0 cls: method_name: run args: {}
2019-11-27 09:12:33.476 2950 INFO rally.task.runner [-] Task 42b5f550-8a24-431c-ae52-9cea7470be6e | ITER: 10 START
2019-11-27 09:12:33.475 2937 INFO rally.task.runner [-] Task 42b5f550-8a24-431c-ae52-9cea7470be6e | ITER: 2 START
2019-11-27 09:12:33.478 2958 RALLYDEBUG rally.task.runner [-] Starting a worker. times: 100 duration: None concurrency: 1 timeout: 0 cls: method_name: run args: {}
2019-11-27 09:12:33.479 2955 INFO rally.task.runner [-] Task 42b5f550-8a24-431c-ae52-9cea7470be6e | ITER: 11 START
2019-11-27 09:12:33.483 2958 INFO rally.task.runner [-] Task 42b5f550-8a24-431c-ae52-9cea7470be6e | ITER: 12 START
2019-11-27 09:12:33.483 2962 RALLYDEBUG rally.task.runner [-] Starting a worker. times: 100 duration: None concurrency: 1 timeout: 0 cls: method_name: run args: {}
2019-11-27 09:12:33.483 2939 INFO rally.task.runner [-] Task 42b5f550-8a24-431c-ae52-9cea7470be6e | ITER: 7 START
2019-11-27 09:12:33.488 2962 INFO rally.task.runner [-] Task 42b5f550-8a24-431c-ae52-9cea7470be6e | ITER: 13 START
2019-11-27 09:12:33.489 2966 RALLYDEBUG rally.task.runner [-] Starting a worker. times: 100 duration: None concurrency: 1 timeout: 0 cls: method_name: run args: {}
2019-11-27 09:12:33.470 2942 INFO rally.task.runner [-] Task 42b5f550-8a24-431c-ae52-9cea7470be6e | ITER: 9 START
2019-11-27 09:12:33.493 2966 INFO rally.task.runner [-] Task 42b5f550-8a24-431c-ae52-9cea7470be6e | ITER: 14 START
2019-11-27 09:12:33.501 2971 RALLYDEBUG rally.task.runner [-] Starting a worker. times: 100 duration: None concurrency: 1 timeout: 0 cls: method_name: run args: {}
2019-11-27 09:12:33.506 2971 INFO rally.task.runner [-] Task 42b5f550-8a24-431c-ae52-9cea7470be6e | ITER: 15 START
2019-11-27 09:12:33.506 2972 RALLYDEBUG rally.task.runner [-] Starting a worker. times: 100 duration: None concurrency: 1 timeout: 0 cls: method_name: run args: {}
2019-11-27 09:12:33.512 2975 RALLYDEBUG rally.task.runner [-] Starting a worker. times: 100 duration: None concurrency: 1 timeout: 0 cls: method_name: run args: {}
2019-11-27 09:12:33.513 2972 INFO rally.task.runner [-] Task 42b5f550-8a24-431c-ae52-9cea7470be6e | ITER: 16 START
2019-11-27 09:12:33.516 2975 INFO rally.task.runner [-] Task 42b5f550-8a24-431c-ae52-9cea7470be6e | ITER: 17 START
2019-11-27 09:12:33.517 2978 RALLYDEBUG rally.task.runner [-] Starting a worker. times: 100 duration: None concurrency: 1 timeout: 0 cls: method_name: run args: {}
2019-11-27 09:12:33.521 2981 RALLYDEBUG rally.task.runner [-] Starting a worker. times: 100 duration: None concurrency: 1 timeout: 0 cls: method_name: run args: {}
2019-11-27 09:12:33.521 2978 INFO rally.task.runner [-] Task 42b5f550-8a24-431c-ae52-9cea7470be6e | ITER: 18 START
2019-11-27 09:12:33.525 2981 INFO rally.task.runner [-] Task 42b5f550-8a24-431c-ae52-9cea7470be6e | ITER: 19 START
2019-11-27 09:12:33.527 2984 RALLYDEBUG rally.task.runner [-] Starting a worker. times: 100 duration: None concurrency: 1 timeout: 0 cls: method_name: run args: {}
2019-11-27 09:12:33.530 2984 INFO rally.task.runner [-] Task 42b5f550-8a24-431c-ae52-9cea7470be6e | ITER: 20 START
2019-11-27 09:12:34.378 2937 INFO rally.task.runner [-] Task 42b5f550-8a24-431c-ae52-9cea7470be6e | ITER: 1 END: OK
2019-11-27 09:12:34.382 2937 INFO rally.task.runner [-] Task 42b5f550-8a24-431c-ae52-9cea7470be6e | ITER: 21 START
2019-11-27 09:12:34.573 2938 INFO rally.task.runner [-] Task 42b5f550-8a24-431c-ae52-9cea7470be6e | ITER: 3 END: OK
2019-11-27 09:12:34.577 2938 INFO rally.task.runner [-] Task 42b5f550-8a24-431c-ae52-9cea7470be6e | ITER: 5 END: OK
2019-11-27 09:12:34.579 2938 INFO rally.task.runner [-] Task 42b5f550-8a24-431c-ae52-9cea7470be6e | ITER: 22 START
2019-11-27 09:12:34.587 2938 INFO rally.task.runner [-] Task 42b5f550-8a24-431c-ae52-9cea7470be6e | ITER: 23 START
2019-11-27 09:12:34.629 2946 INFO rally.task.runner [-] Task 42b5f550-8a24-431c-ae52-9cea7470be6e | ITER: 8 END: OK
2019-11-27 09:12:34.632 2946 INFO rally.task.runner [-] Task 42b5f550-8a24-431c-ae52-9cea7470be6e | ITER: 24 START
2019-11-27 09:12:34.633 2942 INFO rally.task.runner [-] Task 42b5f550-8a24-431c-ae52-9cea7470be6e | ITER: 6 END: OK
2019-11-27 09:12:34.637 2942 INFO rally.task.runner [-] Task 42b5f550-8a24-431c-ae52-9cea7470be6e | ITER: 25 START
2019-11-27 09:12:34.640 2955 INFO rally.task.runner [-] Task 42b5f550-8a24-431c-ae52-9cea7470be6e | ITER: 11 END: OK
2019-11-27 09:12:34.644 2955 INFO rally.task.runner [-] Task 42b5f550-8a24-431c-ae52-9cea7470be6e | ITER: 26 START
2019-11-27 09:12:34.678 2950 INFO rally.task.runner [-] Task 42b5f550-8a24-431c-ae52-9cea7470be6e | ITER: 10 END: OK
2019-11-27 09:12:34.682 2950 INFO rally.task.runner [-] Task 42b5f550-8a24-431c-ae52-9cea7470be6e | ITER: 27 START
2019-11-27 09:12:34.702 2939 INFO rally.task.runner [-] Task 42b5f550-8a24-431c-ae52-9cea7470be6e | ITER: 4 END: OK
2019-11-27 09:12:34.705 2939 INFO rally.task.runner [-] Task 42b5f550-8a24-431c-ae52-9cea7470be6e | ITER: 28 START
2019-11-27 09:12:34.737 2939 INFO rally.task.runner [-] Task 42b5f550-8a24-431c-ae52-9cea7470be6e | ITER: 7 END: OK
2019-11-27 09:12:34.740 2939 INFO rally.task.runner [-] Task 42b5f550-8a24-431c-ae52-9cea7470be6e | ITER: 29 START
2019-11-27 09:12:34.766 2981 INFO rally.task.runner [-] Task 42b5f550-8a24-431c-ae52-9cea7470be6e | ITER: 19 END: OK
2019-11-27 09:12:34.770 2981 INFO rally.task.runner [-] Task 42b5f550-8a24-431c-ae52-9cea7470be6e | ITER: 30 START
2019-11-27 09:12:34.836 2962 INFO rally.task.runner [-] Task 42b5f550-8a24-431c-ae52-9cea7470be6e | ITER: 13 END: OK
2019-11-27 09:12:34.840 2962 INFO rally.task.runner [-] Task 42b5f550-8a24-431c-ae52-9cea7470be6e | ITER: 31 START
2019-11-27 09:12:34.985 2958 INFO rally.task.runner [-] Task 42b5f550-8a24-431c-ae52-9cea7470be6e | ITER: 12 END: OK
2019-11-27 09:12:34.988 2958 INFO rally.task.runner [-] Task 42b5f550-8a24-431c-ae52-9cea7470be6e | ITER: 32 START
2019-11-27 09:12:34.997 2971 INFO rally.task.runner [-] Task 42b5f550-8a24-431c-ae52-9cea7470be6e | ITER: 15 END: OK
2019-11-27 09:12:34.998 2966 INFO rally.task.runner [-] Task 42b5f550-8a24-431c-ae52-9cea7470be6e | ITER: 14 END: OK
2019-11-27 09:12:35.000 2971 INFO rally.task.runner [-] Task 42b5f550-8a24-431c-ae52-9cea7470be6e | ITER: 33 START
2019-11-27 09:12:35.002 2966 INFO rally.task.runner [-] Task 42b5f550-8a24-431c-ae52-9cea7470be6e | ITER: 34 START
2019-11-27 09:12:35.034 2937 INFO rally.task.runner [-] Task 42b5f550-8a24-431c-ae52-9cea7470be6e | ITER: 2 END: OK
2019-11-27 09:12:35.036 2937 INFO rally.task.runner [-] Task 42b5f550-8a24-431c-ae52-9cea7470be6e | ITER: 35 START
2019-11-27 09:12:35.080 2975 INFO rally.task.runner [-] Task 42b5f550-8a24-431c-ae52-9cea7470be6e | ITER: 17 END: OK
2019-11-27 09:12:35.084 2975 INFO rally.task.runner [-] Task 42b5f550-8a24-431c-ae52-9cea7470be6e | ITER: 36 START
2019-11-27 09:12:35.113 2978 INFO rally.task.runner [-] Task 42b5f550-8a24-431c-ae52-9cea7470be6e | ITER: 18 END: OK
2019-11-27 09:12:35.117 2978 INFO rally.task.runner [-] Task 42b5f550-8a24-431c-ae52-9cea7470be6e | ITER: 37 START
2019-11-27 09:12:35.130 2942 INFO rally.task.runner [-] Task 42b5f550-8a24-431c-ae52-9cea7470be6e | ITER: 9 END: OK
2019-11-27 09:12:35.133 2942 INFO rally.task.runner [-] Task 42b5f550-8a24-431c-ae52-9cea7470be6e | ITER: 38 START
2019-11-27 09:12:35.181 2984 INFO rally.task.runner [-] Task 42b5f550-8a24-431c-ae52-9cea7470be6e | ITER: 20 END: OK
2019-11-27 09:12:35.184 2984 INFO rally.task.runner [-] Task 42b5f550-8a24-431c-ae52-9cea7470be6e | ITER: 39 START
2019-11-27 09:12:35.552 2972 INFO rally.task.runner [-] Task 42b5f550-8a24-431c-ae52-9cea7470be6e | ITER: 16 END: OK
2019-11-27 09:12:35.556 2972 INFO rally.task.runner [-] Task 42b5f550-8a24-431c-ae52-9cea7470be6e | ITER: 40 START
2019-11-27 09:12:35.585 2955 INFO rally.task.runner [-] Task 42b5f550-8a24-431c-ae52-9cea7470be6e | ITER: 26 END: OK
2019-11-27 09:12:35.587 2955 INFO rally.task.runner [-] Task 42b5f550-8a24-431c-ae52-9cea7470be6e | ITER: 41 START
2019-11-27 09:12:35.777 2937 INFO rally.task.runner [-] Task 42b5f550-8a24-431c-ae52-9cea7470be6e | ITER: 21 END: OK
2019-11-27 09:12:35.778 2981 INFO rally.task.runner [-] Task 42b5f550-8a24-431c-ae52-9cea7470be6e | ITER: 30 END: OK
2019-11-27 09:12:35.780 2937 INFO rally.task.runner [-] Task 42b5f550-8a24-431c-ae52-9cea7470be6e | ITER: 42 START
2019-11-27 09:12:35.781 2981 INFO rally.task.runner [-] Task 42b5f550-8a24-431c-ae52-9cea7470be6e | ITER: 43 START
2019-11-27 09:12:35.785 2939 INFO rally.task.runner [-] Task 42b5f550-8a24-431c-ae52-9cea7470be6e | ITER: 28 END: OK
2019-11-27 09:12:35.786 2946 INFO rally.task.runner [-] Task 42b5f550-8a24-431c-ae52-9cea7470be6e | ITER: 24 END: OK
2019-11-27 09:12:35.788 2939 INFO rally.task.runner [-] Task 42b5f550-8a24-431c-ae52-9cea7470be6e | ITER: 44 START
2019-11-27 09:12:35.789 2946 INFO rally.task.runner [-] Task 42b5f550-8a24-431c-ae52-9cea7470be6e | ITER: 45 START
2019-11-27 09:12:35.831 2962 INFO rally.task.runner [-] Task 42b5f550-8a24-431c-ae52-9cea7470be6e | ITER: 31 END: OK
2019-11-27 09:12:35.834 2962 INFO rally.task.runner [-] Task 42b5f550-8a24-431c-ae52-9cea7470be6e | ITER: 46 START
2019-11-27 09:12:35.990 2939 INFO rally.task.runner [-] Task 42b5f550-8a24-431c-ae52-9cea7470be6e | ITER: 29 END: OK
2019-11-27 09:12:35.993 2939 INFO rally.task.runner [-] Task 42b5f550-8a24-431c-ae52-9cea7470be6e | ITER: 47 START
2019-11-27 09:12:36.000 2958 INFO rally.task.runner [-] Task 42b5f550-8a24-431c-ae52-9cea7470be6e | ITER: 32 END: OK
2019-11-27 09:12:36.003 2958 INFO rally.task.runner [-] Task 42b5f550-8a24-431c-ae52-9cea7470be6e | ITER: 48 START
2019-11-27 09:12:36.246 2978 INFO rally.task.runner [-] Task 42b5f550-8a24-431c-ae52-9cea7470be6e | ITER: 37 END: OK
2019-11-27 09:12:36.249 2978 INFO rally.task.runner [-] Task 42b5f550-8a24-431c-ae52-9cea7470be6e | ITER: 49 START
2019-11-27 09:12:36.265 2938 INFO rally.task.runner [-] Task 42b5f550-8a24-431c-ae52-9cea7470be6e | ITER: 22 END: OK
2019-11-27 09:12:36.269 2938 INFO rally.task.runner [-] Task 42b5f550-8a24-431c-ae52-9cea7470be6e | ITER: 50 START
2019-11-27 09:12:36.351 2942 INFO rally.task.runner [-] Task 42b5f550-8a24-431c-ae52-9cea7470be6e | ITER: 38 END: OK
2019-11-27 09:12:36.354 2942 INFO rally.task.runner [-] Task 42b5f550-8a24-431c-ae52-9cea7470be6e | ITER: 51 START
2019-11-27 09:12:36.359 2938 INFO rally.task.runner [-] Task 42b5f550-8a24-431c-ae52-9cea7470be6e | ITER: 23 END: OK
2019-11-27 09:12:36.362 2938 INFO rally.task.runner [-] Task 42b5f550-8a24-431c-ae52-9cea7470be6e | ITER: 52 START
2019-11-27 09:12:36.406 2966 INFO rally.task.runner [-] Task 42b5f550-8a24-431c-ae52-9cea7470be6e | ITER: 34 END: OK
2019-11-27 09:12:36.410 2966 INFO rally.task.runner [-] Task 42b5f550-8a24-431c-ae52-9cea7470be6e | ITER: 53 START
2019-11-27 09:12:36.449 2975 INFO rally.task.runner [-] Task 42b5f550-8a24-431c-ae52-9cea7470be6e | ITER: 36 END: OK
2019-11-27 09:12:36.452 2975 INFO rally.task.runner [-] Task 42b5f550-8a24-431c-ae52-9cea7470be6e | ITER: 54 START
2019-11-27 09:12:36.455 2984 INFO rally.task.runner [-] Task 42b5f550-8a24-431c-ae52-9cea7470be6e | ITER: 39 END: OK
2019-11-27 09:12:36.458 2984 INFO rally.task.runner [-] Task 42b5f550-8a24-431c-ae52-9cea7470be6e | ITER: 55 START
2019-11-27 09:12:36.528 2971 INFO rally.task.runner [-] Task 42b5f550-8a24-431c-ae52-9cea7470be6e | ITER: 33 END: OK
2019-11-27 09:12:36.531 2971 INFO rally.task.runner [-] Task 42b5f550-8a24-431c-ae52-9cea7470be6e | ITER: 56 START
2019-11-27 09:12:36.542 2950 INFO rally.task.runner [-] Task 42b5f550-8a24-431c-ae52-9cea7470be6e | ITER: 27 END: OK
2019-11-27 09:12:36.545 2950 INFO rally.task.runner [-] Task 42b5f550-8a24-431c-ae52-9cea7470be6e | ITER: 57 START
2019-11-27 09:12:36.704 2937 INFO rally.task.runner [-] Task 42b5f550-8a24-431c-ae52-9cea7470be6e | ITER: 35 END: OK
2019-11-27 09:12:36.707 2937 INFO rally.task.runner [-] Task 42b5f550-8a24-431c-ae52-9cea7470be6e | ITER: 58 START
2019-11-27 09:12:36.871 2937 INFO rally.task.runner [-] Task 42b5f550-8a24-431c-ae52-9cea7470be6e | ITER: 42 END: OK
2019-11-27 09:12:36.874 2937 INFO rally.task.runner [-] Task 42b5f550-8a24-431c-ae52-9cea7470be6e | ITER: 59 START
2019-11-27 09:12:36.911 2946 INFO rally.task.runner [-] Task 42b5f550-8a24-431c-ae52-9cea7470be6e | ITER: 45 END: OK
2019-11-27 09:12:36.913 2946 INFO rally.task.runner [-] Task 42b5f550-8a24-431c-ae52-9cea7470be6e | ITER: 60 START
2019-11-27 09:12:36.961 2955 INFO rally.task.runner [-] Task 42b5f550-8a24-431c-ae52-9cea7470be6e | ITER: 41 END: OK
2019-11-27 09:12:36.963 2939 INFO rally.task.runner [-] Task 42b5f550-8a24-431c-ae52-9cea7470be6e | ITER: 44 END: OK
2019-11-27 09:12:36.963 2958 INFO rally.task.runner [-] Task 42b5f550-8a24-431c-ae52-9cea7470be6e | ITER: 48 END: OK
2019-11-27 09:12:36.964 2955 INFO rally.task.runner [-] Task 42b5f550-8a24-431c-ae52-9cea7470be6e | ITER: 61 START
2019-11-27 09:12:36.966 2939 INFO rally.task.runner [-] Task 42b5f550-8a24-431c-ae52-9cea7470be6e | ITER: 62 START
2019-11-27 09:12:36.966 2958 INFO rally.task.runner [-] Task 42b5f550-8a24-431c-ae52-9cea7470be6e | ITER: 63 START
2019-11-27 09:12:37.055 2939 INFO rally.task.runner [-] Task 42b5f550-8a24-431c-ae52-9cea7470be6e | ITER: 47 END: OK
2019-11-27 09:12:37.058 2939 INFO rally.task.runner [-] Task 42b5f550-8a24-431c-ae52-9cea7470be6e | ITER: 64 START
2019-11-27 09:12:37.068 2962 INFO rally.task.runner [-] Task 42b5f550-8a24-431c-ae52-9cea7470be6e | ITER: 46 END: OK
2019-11-27 09:12:37.071 2962 INFO rally.task.runner [-] Task 42b5f550-8a24-431c-ae52-9cea7470be6e | ITER: 65 START
2019-11-27 09:12:37.104 2972 INFO rally.task.runner [-] Task 42b5f550-8a24-431c-ae52-9cea7470be6e | ITER: 40 END: OK
2019-11-27 09:12:37.107 2972 INFO rally.task.runner [-] Task 42b5f550-8a24-431c-ae52-9cea7470be6e | ITER: 66 START
2019-11-27 09:12:37.327 2978 INFO rally.task.runner [-] Task 42b5f550-8a24-431c-ae52-9cea7470be6e | ITER: 49 END: OK
2019-11-27 09:12:37.330 2978 INFO rally.task.runner [-] Task 42b5f550-8a24-431c-ae52-9cea7470be6e | ITER: 67 START
2019-11-27 09:12:37.507 2938 INFO rally.task.runner [-] Task 42b5f550-8a24-431c-ae52-9cea7470be6e | ITER: 52 END: OK
2019-11-27 09:12:37.510 2938 INFO rally.task.runner [-] Task 42b5f550-8a24-431c-ae52-9cea7470be6e | ITER: 68 START
2019-11-27 09:12:37.633 2950 INFO rally.task.runner [-] Task 42b5f550-8a24-431c-ae52-9cea7470be6e | ITER: 57 END: OK
2019-11-27 09:12:37.635 2950 INFO rally.task.runner [-] Task 42b5f550-8a24-431c-ae52-9cea7470be6e | ITER: 69 START
2019-11-27 09:12:37.675 2981 INFO rally.task.runner [-] Task 42b5f550-8a24-431c-ae52-9cea7470be6e | ITER: 43 END: OK
2019-11-27 09:12:37.678 2981 INFO rally.task.runner [-] Task 42b5f550-8a24-431c-ae52-9cea7470be6e | ITER: 70 START
2019-11-27 09:12:37.786 2942 INFO rally.task.runner [-] Task 42b5f550-8a24-431c-ae52-9cea7470be6e | ITER: 25 END: OK
2019-11-27 09:12:37.788 2942 INFO rally.task.runner [-] Task 42b5f550-8a24-431c-ae52-9cea7470be6e | ITER: 71 START
2019-11-27 09:12:37.810 2975 INFO rally.task.runner [-] Task 42b5f550-8a24-431c-ae52-9cea7470be6e | ITER: 54 END: OK
2019-11-27 09:12:37.813 2975 INFO rally.task.runner [-] Task 42b5f550-8a24-431c-ae52-9cea7470be6e | ITER: 72 START
2019-11-27 09:12:37.861 2966 INFO rally.task.runner [-] Task 42b5f550-8a24-431c-ae52-9cea7470be6e | ITER: 53 END: OK
2019-11-27 09:12:37.863 2966 INFO rally.task.runner [-] Task 42b5f550-8a24-431c-ae52-9cea7470be6e | ITER: 73 START
2019-11-27 09:12:38.057 2942 INFO rally.task.runner [-] Task 42b5f550-8a24-431c-ae52-9cea7470be6e | ITER: 51 END: OK
2019-11-27 09:12:38.061 2942 INFO rally.task.runner [-] Task 42b5f550-8a24-431c-ae52-9cea7470be6e | ITER: 74 START
2019-11-27 09:12:38.075 2938 INFO rally.task.runner [-] Task 42b5f550-8a24-431c-ae52-9cea7470be6e | ITER: 50 END: OK
2019-11-27 09:12:38.077 2938 INFO rally.task.runner [-] Task 42b5f550-8a24-431c-ae52-9cea7470be6e | ITER: 75 START
2019-11-27 09:12:38.079 2984 INFO rally.task.runner [-] Task 42b5f550-8a24-431c-ae52-9cea7470be6e | ITER: 55 END: OK
2019-11-27 09:12:38.081 2984 INFO rally.task.runner [-] Task 42b5f550-8a24-431c-ae52-9cea7470be6e | ITER: 76 START
2019-11-27 09:12:38.091 2971 INFO rally.task.runner [-] Task 42b5f550-8a24-431c-ae52-9cea7470be6e | ITER: 56 END: OK
2019-11-27 09:12:38.094 2971 INFO rally.task.runner [-] Task 42b5f550-8a24-431c-ae52-9cea7470be6e | ITER: 77 START
2019-11-27 09:12:38.096 2972 INFO rally.task.runner [-] Task 42b5f550-8a24-431c-ae52-9cea7470be6e | ITER: 66 END: OK
2019-11-27 09:12:38.099 2972 INFO rally.task.runner [-] Task 42b5f550-8a24-431c-ae52-9cea7470be6e | ITER: 78 START
2019-11-27 09:12:38.248 2946 INFO rally.task.runner [-] Task 42b5f550-8a24-431c-ae52-9cea7470be6e | ITER: 60 END: OK
2019-11-27 09:12:38.251 2946 INFO rally.task.runner [-] Task 42b5f550-8a24-431c-ae52-9cea7470be6e | ITER: 79 START
2019-11-27 09:12:38.293 2937 INFO rally.task.runner [-] Task 42b5f550-8a24-431c-ae52-9cea7470be6e | ITER: 58 END: OK
2019-11-27 09:12:38.296 2937 INFO rally.task.runner [-] Task 42b5f550-8a24-431c-ae52-9cea7470be6e | ITER: 80 START
2019-11-27 09:12:38.327 2955 INFO rally.task.runner [-] Task 42b5f550-8a24-431c-ae52-9cea7470be6e | ITER: 61 END: OK
2019-11-27 09:12:38.330 2955 INFO rally.task.runner [-] Task 42b5f550-8a24-431c-ae52-9cea7470be6e | ITER: 81 START
2019-11-27 09:12:38.514 2939 INFO rally.task.runner [-] Task 42b5f550-8a24-431c-ae52-9cea7470be6e | ITER: 62 END: OK
2019-11-27 09:12:38.517 2939 INFO rally.task.runner [-] Task 42b5f550-8a24-431c-ae52-9cea7470be6e | ITER: 82 START
2019-11-27 09:12:38.578 2939 INFO rally.task.runner [-] Task 42b5f550-8a24-431c-ae52-9cea7470be6e | ITER: 64 END: OK
2019-11-27 09:12:38.581 2939 INFO rally.task.runner [-] Task 42b5f550-8a24-431c-ae52-9cea7470be6e | ITER: 83 START
2019-11-27 09:12:38.723 2937 INFO rally.task.runner [-] Task 42b5f550-8a24-431c-ae52-9cea7470be6e | ITER: 59 END: OK
2019-11-27 09:12:38.726 2937 INFO rally.task.runner [-] Task 42b5f550-8a24-431c-ae52-9cea7470be6e | ITER: 84 START
2019-11-27 09:12:38.740 2962 INFO rally.task.runner [-] Task 42b5f550-8a24-431c-ae52-9cea7470be6e | ITER: 65 END: OK
2019-11-27 09:12:38.744 2962 INFO rally.task.runner [-] Task 42b5f550-8a24-431c-ae52-9cea7470be6e | ITER: 85 START
2019-11-27 09:12:38.760 2950 INFO rally.task.runner [-] Task 42b5f550-8a24-431c-ae52-9cea7470be6e | ITER: 69 END: OK
2019-11-27 09:12:38.763 2950 INFO rally.task.runner [-] Task 42b5f550-8a24-431c-ae52-9cea7470be6e | ITER: 86 START
2019-11-27 09:12:38.779 2958 INFO rally.task.runner [-] Task 42b5f550-8a24-431c-ae52-9cea7470be6e | ITER: 63 END: OK
2019-11-27 09:12:38.781 2958 INFO rally.task.runner [-] Task 42b5f550-8a24-431c-ae52-9cea7470be6e | ITER: 87 START
2019-11-27 09:12:38.818 2942 INFO rally.task.runner [-] Task 42b5f550-8a24-431c-ae52-9cea7470be6e | ITER: 71 END: OK
2019-11-27 09:12:38.820 2942 INFO rally.task.runner [-] Task 42b5f550-8a24-431c-ae52-9cea7470be6e | ITER: 88 START
2019-11-27 09:12:38.881 2978 INFO rally.task.runner [-] Task 42b5f550-8a24-431c-ae52-9cea7470be6e | ITER: 67 END: OK
2019-11-27 09:12:38.884 2978 INFO rally.task.runner [-] Task 42b5f550-8a24-431c-ae52-9cea7470be6e | ITER: 89 START
2019-11-27 09:12:39.204 2972 INFO rally.task.runner [-] Task 42b5f550-8a24-431c-ae52-9cea7470be6e | ITER: 78 END: OK
2019-11-27 09:12:39.207 2972 INFO rally.task.runner [-] Task 42b5f550-8a24-431c-ae52-9cea7470be6e | ITER: 90 START
2019-11-27 09:12:39.212 2975 INFO rally.task.runner [-] Task 42b5f550-8a24-431c-ae52-9cea7470be6e | ITER: 72 END: OK
2019-11-27 09:12:39.215 2975 INFO rally.task.runner [-] Task 42b5f550-8a24-431c-ae52-9cea7470be6e | ITER: 91 START
2019-11-27 09:12:39.271 2981 INFO rally.task.runner [-] Task 42b5f550-8a24-431c-ae52-9cea7470be6e | ITER: 70 END: OK
2019-11-27 09:12:39.274 2981 INFO rally.task.runner [-] Task 42b5f550-8a24-431c-ae52-9cea7470be6e | ITER: 92 START
2019-11-27 09:12:39.363 2942 INFO rally.task.runner [-] Task 42b5f550-8a24-431c-ae52-9cea7470be6e | ITER: 74 END: OK
2019-11-27 09:12:39.366 2942 INFO rally.task.runner [-] Task 42b5f550-8a24-431c-ae52-9cea7470be6e | ITER: 93 START
2019-11-27 09:12:39.377 2946 INFO rally.task.runner [-] Task 42b5f550-8a24-431c-ae52-9cea7470be6e | ITER: 79 END: OK
2019-11-27 09:12:39.380 2946 INFO rally.task.runner [-] Task 42b5f550-8a24-431c-ae52-9cea7470be6e | ITER: 94 START
2019-11-27 09:12:39.550 2939 INFO rally.task.runner [-] Task 42b5f550-8a24-431c-ae52-9cea7470be6e | ITER: 83 END: OK
2019-11-27 09:12:39.553 2939 INFO rally.task.runner [-] Task 42b5f550-8a24-431c-ae52-9cea7470be6e | ITER: 95 START
2019-11-27 09:12:39.741 2938 INFO rally.task.runner [-] Task 42b5f550-8a24-431c-ae52-9cea7470be6e | ITER: 68 END: OK
2019-11-27 09:12:39.744 2938 INFO rally.task.runner [-] Task 42b5f550-8a24-431c-ae52-9cea7470be6e | ITER: 96 START
2019-11-27 09:12:39.745 2984 INFO rally.task.runner [-] Task 42b5f550-8a24-431c-ae52-9cea7470be6e | ITER: 76 END: OK
2019-11-27 09:12:39.748 2984 INFO rally.task.runner [-] Task 42b5f550-8a24-431c-ae52-9cea7470be6e | ITER: 97 START
2019-11-27 09:12:39.859 2958 INFO rally.task.runner [-] Task 42b5f550-8a24-431c-ae52-9cea7470be6e | ITER: 87 END: OK
2019-11-27 09:12:39.862 2958 INFO rally.task.runner [-] Task 42b5f550-8a24-431c-ae52-9cea7470be6e | ITER: 98 START
2019-11-27 09:12:39.923 2962 INFO rally.task.runner [-] Task 42b5f550-8a24-431c-ae52-9cea7470be6e | ITER: 85 END: OK
2019-11-27 09:12:39.926 2962 INFO rally.task.runner [-] Task 42b5f550-8a24-431c-ae52-9cea7470be6e | ITER: 99 START
2019-11-27 09:12:39.938 2938 INFO rally.task.runner [-] Task 42b5f550-8a24-431c-ae52-9cea7470be6e | ITER: 75 END: OK
2019-11-27 09:12:39.941 2938 INFO rally.task.runner [-] Task 42b5f550-8a24-431c-ae52-9cea7470be6e | ITER: 100 START
2019-11-27 09:12:39.979 2942 INFO rally.task.runner [-] Task 42b5f550-8a24-431c-ae52-9cea7470be6e | ITER: 88 END: OK
2019-11-27 09:12:39.980 2966 INFO rally.task.runner [-] Task 42b5f550-8a24-431c-ae52-9cea7470be6e | ITER: 73 END: OK
2019-11-27 09:12:40.071 2978 INFO rally.task.runner [-] Task 42b5f550-8a24-431c-ae52-9cea7470be6e | ITER: 89 END: OK
2019-11-27 09:12:40.113 2950 INFO rally.task.runner [-] Task 42b5f550-8a24-431c-ae52-9cea7470be6e | ITER: 86 END: OK
2019-11-27 09:12:40.124 2937 INFO rally.task.runner [-] Task 42b5f550-8a24-431c-ae52-9cea7470be6e | ITER: 84 END: OK
2019-11-27 09:12:40.171 2955 INFO rally.task.runner [-] Task 42b5f550-8a24-431c-ae52-9cea7470be6e | ITER: 81 END: OK
2019-11-27 09:12:40.404 2971 INFO rally.task.runner [-] Task 42b5f550-8a24-431c-ae52-9cea7470be6e | ITER: 77 END: OK
2019-11-27 09:12:40.414 2942 INFO rally.task.runner [-] Task 42b5f550-8a24-431c-ae52-9cea7470be6e | ITER: 93 END: OK
2019-11-27 09:12:40.492 2975 INFO rally.task.runner [-] Task 42b5f550-8a24-431c-ae52-9cea7470be6e | ITER: 91 END: OK
2019-11-27 09:12:40.741 2939 INFO rally.task.runner [-] Task 42b5f550-8a24-431c-ae52-9cea7470be6e | ITER: 82 END: OK
2019-11-27 09:12:40.741 2946 INFO rally.task.runner [-] Task 42b5f550-8a24-431c-ae52-9cea7470be6e | ITER: 94 END: OK
2019-11-27 09:12:40.745 2984 INFO rally.task.runner [-] Task 42b5f550-8a24-431c-ae52-9cea7470be6e | ITER: 97 END: OK
2019-11-27 09:12:40.747 2972 INFO rally.task.runner [-] Task 42b5f550-8a24-431c-ae52-9cea7470be6e | ITER: 90 END: OK
2019-11-27 09:12:40.750 2939 INFO rally.task.runner [-] Task 42b5f550-8a24-431c-ae52-9cea7470be6e | ITER: 95 END: OK
2019-11-27 09:12:40.872 2981 INFO rally.task.runner [-] Task 42b5f550-8a24-431c-ae52-9cea7470be6e | ITER: 92 END: OK
2019-11-27 09:12:40.919 2937 INFO rally.task.runner [-] Task 42b5f550-8a24-431c-ae52-9cea7470be6e | ITER: 80 END: OK
2019-11-27 09:12:41.000 2958 INFO rally.task.runner [-] Task 42b5f550-8a24-431c-ae52-9cea7470be6e | ITER: 98 END: OK
2019-11-27 09:12:41.007 2938 INFO rally.task.runner [-] Task 42b5f550-8a24-431c-ae52-9cea7470be6e | ITER: 96 END: OK
2019-11-27 09:12:41.231 2962 INFO rally.task.runner [-] Task 42b5f550-8a24-431c-ae52-9cea7470be6e | ITER: 99 END: OK
2019-11-27 09:12:41.284 2938 INFO rally.task.runner [-] Task 42b5f550-8a24-431c-ae52-9cea7470be6e | ITER: 100 END: OK
2019-11-27 09:12:41.315 2813 INFO rally.task.context [-] Task 42b5f550-8a24-431c-ae52-9cea7470be6e | Context cleanup@openstack cleanup() started
2019-11-27 09:12:41.319 2813 RALLYDEBUG rally_openstack.cleanup.manager [-] Cleaning up neutron vip objects
2019-11-27 09:12:41.720 2813 RALLYDEBUG rally_openstack.cleanup.manager [-] Cleaning up neutron health_monitor objects
2019-11-27 09:12:42.108 2813 RALLYDEBUG rally_openstack.cleanup.manager [-] Cleaning up neutron pool objects
2019-11-27 09:12:42.481 2813 RALLYDEBUG rally_openstack.cleanup.manager [-] Cleaning up neutron loadbalancer objects
2019-11-27 09:12:42.866 2813 RALLYDEBUG rally_openstack.cleanup.manager [-] Cleaning up neutron floatingip objects
2019-11-27 09:12:43.290 2813 RALLYDEBUG rally_openstack.cleanup.manager [-] Cleaning up neutron trunk objects
2019-11-27 09:12:43.680 2813 RALLYDEBUG rally_openstack.cleanup.manager [-] Cleaning up neutron port objects
2019-11-27 09:12:44.079 2813 RALLYDEBUG rally_openstack.cleanup.manager [-] Cleaning up neutron subnet objects
2019-11-27 09:12:44.494 2813 RALLYDEBUG rally_openstack.cleanup.manager [-] Cleaning up neutron network objects
2019-11-27 09:12:45.210 2813 RALLYDEBUG rally_openstack.cleanup.manager [-] Deleting neutron.network object s_rally_e0f91bb3_1S3kNgGZ (016d65cc-1827-4cc6-8a1b-a8f597098214)
2019-11-27 09:12:45.222 2813 RALLYDEBUG rally_openstack.cleanup.manager [-] Deleting neutron.network object s_rally_e0f91bb3_6JX52QYs (018f422b-dfcd-4170-bb06-d293e77d47c8)
2019-11-27 09:12:45.231 2813 RALLYDEBUG rally_openstack.cleanup.manager [-] Deleting neutron.network object s_rally_e0f91bb3_OwNHRd8Z (04904264-cd54-46c6-b102-6d0adc9ac358)
2019-11-27 09:12:45.239 2813 RALLYDEBUG rally_openstack.cleanup.manager [-] Deleting neutron.network object s_rally_e0f91bb3_jw5UdrCL (09a0d920-ff96-4d01-8eb7-bf625b1035cd)
2019-11-27 09:12:45.248 2813 RALLYDEBUG rally_openstack.cleanup.manager [-] Deleting neutron.network object s_rally_e0f91bb3_KvNIwFrQ (0a40d439-af1c-4a4f-ab07-1f2f29d716ad)
2019-11-27 09:12:45.256 2813 RALLYDEBUG rally_openstack.cleanup.manager [-] Deleting neutron.network object s_rally_e0f91bb3_MmFAG7zv (0dfcfa7d-0439-433d-b9d2-573d380052ad)
2019-11-27 09:12:45.274 2813 RALLYDEBUG rally_openstack.cleanup.manager [-] Deleting neutron.network object s_rally_e0f91bb3_BM18ZIH9 (0f19589a-ad6b-4416-bf22-36ee818f556f)
2019-11-27 09:12:45.281 2813 RALLYDEBUG rally_openstack.cleanup.manager [-] Deleting neutron.network object s_rally_e0f91bb3_VINOtzZT (0f561e32-eb5d-496f-a37e-e8d08f268864)
2019-11-27 09:12:45.297 2813 RALLYDEBUG rally_openstack.cleanup.manager [-] Deleting neutron.network object s_rally_e0f91bb3_9O9NFvGE (0fb35229-4978-423b-abee-afa8a8cd0ea4)
2019-11-27 09:12:45.321 2813 RALLYDEBUG rally_openstack.cleanup.manager [-] Deleting neutron.network object s_rally_e0f91bb3_e7enNT7R (100eb4ae-691b-43c4-af5d-c07f12714abd)
2019-11-27 09:12:45.335 2813 RALLYDEBUG rally_openstack.cleanup.manager [-] Deleting neutron.network object s_rally_e0f91bb3_5rfPjJvD (12a03271-309a-438c-8147-913bef9957fb)
2019-11-27 09:12:45.341 2813 RALLYDEBUG rally_openstack.cleanup.manager [-] Deleting neutron.network object s_rally_e0f91bb3_3RoNrKEH (12a9143f-340f-4622-bd1e-593a449219ec)
2019-11-27 09:12:45.354 2813 RALLYDEBUG rally_openstack.cleanup.manager [-] Deleting neutron.network object s_rally_e0f91bb3_L8rVWAYW (155910fa-9962-4fcb-8dc3-30eaec9b784e)
2019-11-27 09:12:45.371 2813 RALLYDEBUG rally_openstack.cleanup.manager [-] Deleting neutron.network object s_rally_e0f91bb3_49MOnwJz (17d16213-2fce-46b4-9a4a-1c59b69bef88)
2019-11-27 09:12:45.384 2813 RALLYDEBUG rally_openstack.cleanup.manager [-] Deleting neutron.network object s_rally_e0f91bb3_pCSW1pTO (1a3994f6-3f3a-4fa4-8d77-e11013935769)
2019-11-27 09:12:45.389 2813 RALLYDEBUG rally_openstack.cleanup.manager [-] Deleting neutron.network object s_rally_e0f91bb3_emjZbit5 (1b50fd9b-f0f9-4189-a66f-92deaffbe47f)
2019-11-27 09:12:45.397 2813 RALLYDEBUG rally_openstack.cleanup.manager [-] Deleting neutron.network object s_rally_e0f91bb3_4pPGcDVb (1c7da521-888f-4e98-ad02-0f04c436ca3d)
2019-11-27 09:12:45.407 2813 RALLYDEBUG rally_openstack.cleanup.manager [-] Deleting neutron.network object s_rally_e0f91bb3_4JrDPQjS (22095799-1555-405f-a3e3-44d1e82ccec9)
2019-11-27 09:12:45.411 2813 RALLYDEBUG rally_openstack.cleanup.manager [-] Deleting neutron.network object s_rally_e0f91bb3_BaFtP1CS (2b980bcc-ed4a-4e98-845b-2e6cdd53fadc)
2019-11-27 09:12:45.416 2813 RALLYDEBUG rally_openstack.cleanup.manager [-] Deleting neutron.network object s_rally_e0f91bb3_cvfqWwWc (2e2a779d-c15c-4f3a-8552-a6c4227d8415)
2019-11-27 09:12:47.452 2813 RALLYDEBUG rally_openstack.cleanup.manager [-] Deleting neutron.network object s_rally_e0f91bb3_dSpqjdx8 (2f7a6bcc-4372-4abd-b84e-ca0735628bf7)
2019-11-27 09:12:47.609 2813 RALLYDEBUG rally_openstack.cleanup.manager [-] Deleting neutron.network object s_rally_e0f91bb3_3kKT8XsL (3214f7b5-f1fe-4c48-9310-ed025b9044ff)
2019-11-27 09:12:47.619 2813 RALLYDEBUG rally_openstack.cleanup.manager [-] Deleting neutron.network object s_rally_e0f91bb3_6DFbCMCf (34641e4f-171a-4a02-8fc9-fc8b4becc978)
2019-11-27 09:12:47.632 2813 RALLYDEBUG rally_openstack.cleanup.manager [-] Deleting neutron.network object s_rally_e0f91bb3_6XiomDns (3644bf3a-47cd-4f9f-a421-d36090bd9650)
2019-11-27 09:12:47.658 2813 RALLYDEBUG rally_openstack.cleanup.manager [-] Deleting neutron.network object s_rally_e0f91bb3_olusqSh4 (3b8e84c4-ce2d-41b8-883a-0a7ecd0691f4)
2019-11-27 09:12:47.880 2813 RALLYDEBUG rally_openstack.cleanup.manager [-] Deleting neutron.network object s_rally_e0f91bb3_WClYy4tu (3bcc8cb0-085e-46ff-8685-bb430cd2a6e5)
2019-11-27 09:12:47.895 2813 RALLYDEBUG rally_openstack.cleanup.manager [-] Deleting neutron.network object s_rally_e0f91bb3_Z3HpQBsQ (3f542587-0e11-483d-a479-b3173467bc47)
2019-11-27 09:12:47.958 2813 RALLYDEBUG rally_openstack.cleanup.manager [-] Deleting neutron.network object s_rally_e0f91bb3_XLl6ANbf (406c89dd-af09-459f-8ec3-5810d7be37b2)
2019-11-27 09:12:47.990 2813 RALLYDEBUG rally_openstack.cleanup.manager [-] Deleting neutron.network object s_rally_e0f91bb3_xG7nSo3I (40c4c514-7567-49e2-843e-43c4211a860d)
2019-11-27 09:12:48.001 2813 RALLYDEBUG rally_openstack.cleanup.manager [-] Deleting neutron.network object s_rally_e0f91bb3_Gn7XVvED (436ce279-8a57-4441-97ef-0ed3779748ee)
2019-11-27 09:12:48.018 2813 RALLYDEBUG rally_openstack.cleanup.manager [-] Deleting neutron.network object s_rally_e0f91bb3_nNhYUS4n (4390e0df-35a4-42f1-a301-435ab387c6f8)
2019-11-27 09:12:48.052 2813 RALLYDEBUG rally_openstack.cleanup.manager [-] Deleting neutron.network object s_rally_e0f91bb3_YKGHQNmk (43e461fe-4b91-4c55-85b8-88104ba5dc52)
2019-11-27 09:12:48.130 2813 RALLYDEBUG rally_openstack.cleanup.manager [-] Deleting neutron.network object s_rally_e0f91bb3_pBC28QmK (47721cac-61d4-490b-8113-df0c724dc0b1)
2019-11-27 09:12:48.147 2813 RALLYDEBUG rally_openstack.cleanup.manager [-] Deleting neutron.network object s_rally_e0f91bb3_EKrP6TLV (4c3ff869-2cd1-4f05-b9a7-db1722477781)
2019-11-27 09:12:48.219 2813 RALLYDEBUG rally_openstack.cleanup.manager [-] Deleting neutron.network object s_rally_e0f91bb3_rCjN13Xs (4c7ed9d4-b305-41e6-967d-954e22ae209e)
2019-11-27 09:12:48.235 2813 RALLYDEBUG rally_openstack.cleanup.manager [-] Deleting neutron.network object s_rally_e0f91bb3_w9bLBsz5 (4dca022e-3798-4930-ac1b-756b3bdb23eb)
2019-11-27 09:12:48.268 2813 RALLYDEBUG rally_openstack.cleanup.manager [-] Deleting neutron.network object s_rally_e0f91bb3_LDpIUiZP (51a0c28f-ec07-4604-8fc4-ff6ee654149b)
2019-11-27 09:12:48.284 2813 RALLYDEBUG rally_openstack.cleanup.manager [-] Deleting neutron.network object s_rally_e0f91bb3_hfEh4YvT (568b879b-b560-48fb-856e-f538660b45e9)
2019-11-27 09:12:48.352 2813 RALLYDEBUG rally_openstack.cleanup.manager [-] Deleting neutron.network object s_rally_e0f91bb3_9IeTvmIc (57899626-2338-4657-8a58-4a7f28d66f42)
2019-11-27 09:12:48.576 2813 RALLYDEBUG rally_openstack.cleanup.manager [-] Deleting neutron.network object s_rally_e0f91bb3_LaIjLLOf (58c67e13-587e-4f2e-b49c-6fa4a6074c20)
2019-11-27 09:12:49.360 2813 RALLYDEBUG rally_openstack.cleanup.manager [-] Deleting neutron.network object s_rally_e0f91bb3_TIQhIj0P (5bd37e18-4250-4a35-bdff-6d85ad931ff3)
2019-11-27 09:12:49.593 2813 RALLYDEBUG rally_openstack.cleanup.manager [-] Deleting neutron.network object s_rally_e0f91bb3_aPjRFku5 (5e468b1a-c90b-43da-bc5b-0703ae5072c2)
2019-11-27 09:12:49.813 2813 RALLYDEBUG rally_openstack.cleanup.manager [-] Deleting neutron.network object s_rally_e0f91bb3_ZBFClcvN (60427c2b-b374-42cc-87d9-d2392be15798)
2019-11-27 09:12:49.859 2813 RALLYDEBUG rally_openstack.cleanup.manager [-] Deleting neutron.network object s_rally_e0f91bb3_v47xRxwi (604c96e9-48b0-46a8-b2ae-c7f91f9043b4)
2019-11-27 09:12:50.022 2813 RALLYDEBUG rally_openstack.cleanup.manager [-] Deleting neutron.network object s_rally_e0f91bb3_A6amAduJ (6565abbb-515f-499f-9ca2-56cb19419768)
2019-11-27 09:12:50.159 2813 RALLYDEBUG rally_openstack.cleanup.manager [-] Deleting neutron.network object s_rally_e0f91bb3_SZVTdAsR (66202400-ff51-4e68-9429-b90c8d88a116)
2019-11-27 09:12:50.187 2813 RALLYDEBUG rally_openstack.cleanup.manager [-] Deleting neutron.network object s_rally_e0f91bb3_ENRhoUuD (6891d954-d4c4-4275-b07f-eb3fb01c67c9)
2019-11-27 09:12:50.248 2813 RALLYDEBUG rally_openstack.cleanup.manager [-] Deleting neutron.network object s_rally_e0f91bb3_ZtN6gBfg (69155f39-c877-4f8e-a179-150296972c52)
2019-11-27 09:12:50.277 2813 RALLYDEBUG rally_openstack.cleanup.manager [-] Deleting neutron.network object s_rally_e0f91bb3_73fveKif (6a564c4b-0043-44ed-887d-db7057b1c0c2)
2019-11-27 09:12:50.427 2813 RALLYDEBUG rally_openstack.cleanup.manager [-] Deleting neutron.network object s_rally_e0f91bb3_PutcNVB9 (6bf69920-e347-4929-af92-c62cd8ed20a1)
2019-11-27 09:12:50.455 2813 RALLYDEBUG rally_openstack.cleanup.manager [-] Deleting neutron.network object s_rally_e0f91bb3_mTEC7sQ3 (6d4c83a9-7be3-4144-9e13-a92f4e15a29f)
2019-11-27 09:12:50.458 2813 RALLYDEBUG rally_openstack.cleanup.manager [-] Deleting neutron.network object s_rally_e0f91bb3_oz16Ig29 (6e52c2da-62ef-4a34-8db9-1e9259f28218)
2019-11-27 09:12:50.462 2813 RALLYDEBUG rally_openstack.cleanup.manager [-] Deleting neutron.network object s_rally_e0f91bb3_mqBOGEsq (6eb7c16b-ac6a-45c7-ae89-42bdafda4703)
2019-11-27 09:12:50.488 2813 RALLYDEBUG rally_openstack.cleanup.manager [-] Deleting neutron.network object s_rally_e0f91bb3_52MKivZ3 (6fc26fc0-f955-4117-9187-d221660426aa)
2019-11-27 09:12:50.526 2813 RALLYDEBUG rally_openstack.cleanup.manager [-] Deleting neutron.network object s_rally_e0f91bb3_eSFl4haW (72822149-d6d6-4d67-a9c6-69be2184bb93)
2019-11-27 09:12:50.529 2813 RALLYDEBUG rally_openstack.cleanup.manager [-] Deleting neutron.network object s_rally_e0f91bb3_tLyRoqBo (73ef923b-7a5d-4e4b-8698-5e7b2abca3fd)
2019-11-27 09:12:50.546 2813 RALLYDEBUG rally_openstack.cleanup.manager [-] Deleting neutron.network object s_rally_e0f91bb3_vPzn4qYa (763353b1-b143-48e1-8183-39aaf1fd5739)
2019-11-27 09:12:50.771 2813 RALLYDEBUG rally_openstack.cleanup.manager [-] Deleting neutron.network object s_rally_e0f91bb3_HG6cGgLQ (775dad18-236d-449a-9218-a44ee648c08e)
2019-11-27 09:12:50.808 2813 RALLYDEBUG rally_openstack.cleanup.manager [-] Deleting neutron.network object s_rally_e0f91bb3_qzkmmcQv (7a9fc1ff-f1c3-4083-8038-09c9eb1ff7af)
2019-11-27 09:12:50.946 2813 RALLYDEBUG rally_openstack.cleanup.manager [-] Deleting neutron.network object s_rally_e0f91bb3_hptTDpGB (7ad8ba1a-7f71-4b87-a982-1fb161af3966)
2019-11-27 09:12:51.243 2813 RALLYDEBUG rally_openstack.cleanup.manager [-] Deleting neutron.network object s_rally_e0f91bb3_7SbUKhCt (80783464-abe4-408b-ad73-6dc0f76b4f60)
2019-11-27 09:12:51.437 2813 RALLYDEBUG rally_openstack.cleanup.manager [-] Deleting neutron.network object s_rally_e0f91bb3_9Yxzfbjw (8c7f0a8f-6103-4668-ac33-458bf13017ce)
2019-11-27 09:12:51.665 2813 RALLYDEBUG rally_openstack.cleanup.manager [-] Deleting neutron.network object s_rally_e0f91bb3_3WJipgXT (8e707c00-8707-4791-bf39-62ec0d58ac8b)
2019-11-27 09:12:51.790 2813 RALLYDEBUG rally_openstack.cleanup.manager [-] Deleting neutron.network object s_rally_e0f91bb3_czT2pp0Y (961c3500-16a2-42a9-af95-64551766a87c)
2019-11-27 09:12:52.421 2813 RALLYDEBUG rally_openstack.cleanup.manager [-] Deleting neutron.network object s_rally_e0f91bb3_GkCthPWQ (9cc0ae04-3a91-413a-92af-891de8c67a7f)
2019-11-27 09:12:52.538 2813 RALLYDEBUG rally_openstack.cleanup.manager [-] Deleting neutron.network object s_rally_e0f91bb3_ljuiQynj (9fae1de2-2c95-462b-8c8e-744d7e738fb1)
2019-11-27 09:12:52.575 2813 RALLYDEBUG rally_openstack.cleanup.manager [-] Deleting neutron.network object s_rally_e0f91bb3_PbVHRU8K (a048d237-7599-41f7-915c-5fcd356fd189)
2019-11-27 09:12:52.619 2813 RALLYDEBUG rally_openstack.cleanup.manager [-] Deleting neutron.network object s_rally_e0f91bb3_81pFWLnG (a71f788c-1283-4556-8a76-abd17b98da2a)
2019-11-27 09:12:52.661 2813 RALLYDEBUG rally_openstack.cleanup.manager [-] Deleting neutron.network object s_rally_e0f91bb3_6PXZWkc9 (a740d1d0-d04a-48a9-8f3a-fc73e0649d72)
2019-11-27 09:12:52.696 2813 RALLYDEBUG rally_openstack.cleanup.manager [-] Deleting neutron.network object s_rally_e0f91bb3_yExxh40a (a96333ae-f813-4cfa-8286-24ed7ab34829)
2019-11-27 09:12:52.707 2813 RALLYDEBUG rally_openstack.cleanup.manager [-] Deleting neutron.network object s_rally_e0f91bb3_oGjWD5dC (aaeed69f-0ec5-4e96-ae38-0189bdde2584)
2019-11-27 09:12:52.761 2813 RALLYDEBUG rally_openstack.cleanup.manager [-] Deleting neutron.network object s_rally_e0f91bb3_nRkISwTi (abbc7589-790b-4a80-ad5b-231da25fb16c)
2019-11-27 09:12:52.781 2813 RALLYDEBUG rally_openstack.cleanup.manager [-] Deleting neutron.network object s_rally_e0f91bb3_4MaNOseG (ad527597-f0ac-43bc-9d20-9f621c29c565)
2019-11-27 09:12:52.790 2813 RALLYDEBUG rally_openstack.cleanup.manager [-] Deleting neutron.network object s_rally_e0f91bb3_oJKJ4WSg (b00ae04f-5128-4c77-b4cf-9faa332c9ced)
2019-11-27 09:12:52.943 2813 RALLYDEBUG rally_openstack.cleanup.manager [-] Deleting neutron.network object s_rally_e0f91bb3_4DNS1yeV (b015d1f2-857c-425d-9f9c-3c89d66d76d9)
2019-11-27 09:12:53.034 2813 RALLYDEBUG rally_openstack.cleanup.manager [-] Deleting neutron.network object s_rally_e0f91bb3_IPTjUt1b (b2963ed9-496f-43b6-9a8d-a090f91167d1)
2019-11-27 09:12:53.139 2813 RALLYDEBUG rally_openstack.cleanup.manager [-] Deleting neutron.network object s_rally_e0f91bb3_EplRRRTN (b54ee9aa-b592-4daa-ab76-09b1a15a8e34)
2019-11-27 09:12:53.157 2813 RALLYDEBUG rally_openstack.cleanup.manager [-] Deleting neutron.network object s_rally_e0f91bb3_UVlppT6f (b7a0ecc1-1e5d-4923-bd30-d777ffd51b7d)
2019-11-27 09:12:53.163 2813 RALLYDEBUG rally_openstack.cleanup.manager [-] Deleting neutron.network object s_rally_e0f91bb3_4Pyblb7O (bbb20921-eccf-4055-9c3e-86be581d8af7)
2019-11-27 09:12:53.183 2813 RALLYDEBUG rally_openstack.cleanup.manager [-] Deleting neutron.network object s_rally_e0f91bb3_6ZTfhiD0 (bcd6ec32-9d8d-4ab8-9618-e3a4093722b7)
2019-11-27 09:12:53.297 2813 RALLYDEBUG rally_openstack.cleanup.manager [-] Deleting neutron.network object s_rally_e0f91bb3_8iTxGrCY (bd4f1f63-c854-4ca0-b85c-66c83ce84e11)
2019-11-27 09:12:53.318 2813 RALLYDEBUG rally_openstack.cleanup.manager [-] Deleting neutron.network object s_rally_e0f91bb3_X1wwDb18 (c76e6113-af76-448a-b2d7-ea5ef0a5b32d)
2019-11-27 09:12:53.740 2813 RALLYDEBUG rally_openstack.cleanup.manager [-] Deleting neutron.network object s_rally_e0f91bb3_CdnKE2xh (ced4d08c-f794-463b-b4f5-f38c4767ac05)
2019-11-27 09:12:53.853 2813 RALLYDEBUG rally_openstack.cleanup.manager [-] Deleting neutron.network object s_rally_e0f91bb3_zqTLDa6N (d1f74dbc-bcf2-41e0-8ad1-85784f84146c)
2019-11-27 09:12:54.470 2813 RALLYDEBUG rally_openstack.cleanup.manager [-] Deleting neutron.network object s_rally_e0f91bb3_zCf0ePLI (d2515a2f-e232-4557-952f-207fda839b3d)
2019-11-27 09:12:54.541 2813 RALLYDEBUG rally_openstack.cleanup.manager [-] Deleting neutron.network object s_rally_e0f91bb3_dy5beZie (d42d0ec0-681f-4131-b90a-86fa36dbc343)
2019-11-27 09:12:54.641 2813 RALLYDEBUG rally_openstack.cleanup.manager [-] Deleting neutron.network object s_rally_e0f91bb3_3F3SO5GM (d4b0149b-dcd1-4cb1-b941-3938376bd510)
2019-11-27 09:12:54.764 2813 RALLYDEBUG rally_openstack.cleanup.manager [-] Deleting neutron.network object s_rally_e0f91bb3_WmlXIphs (d4df3c3f-c602-4799-82b8-c092fca59a4d)
2019-11-27 09:12:54.862 2813 RALLYDEBUG rally_openstack.cleanup.manager [-] Deleting neutron.network object s_rally_e0f91bb3_I3wy6mKh (d7c2984c-7bd7-4cac-b31a-6446ca223b78)
2019-11-27 09:12:55.002 2813 RALLYDEBUG rally_openstack.cleanup.manager [-] Deleting neutron.network object s_rally_e0f91bb3_h86AjtBI (db88eb28-143f-4706-a5bb-dde4b157067c)
2019-11-27 09:12:55.063 2813 RALLYDEBUG rally_openstack.cleanup.manager [-] Deleting neutron.network object s_rally_e0f91bb3_LFAJB59M (dc5b0249-a137-4b6e-a27e-62686ed32f02)
2019-11-27 09:12:55.092 2813 RALLYDEBUG rally_openstack.cleanup.manager [-] Deleting neutron.network object s_rally_e0f91bb3_jlq2iu8v (e032b8b7-9ebb-4f66-83df-b1cd9bd2bb39)
2019-11-27 09:12:55.167 2813 RALLYDEBUG rally_openstack.cleanup.manager [-] Deleting neutron.network object s_rally_e0f91bb3_qeRFOYJ1 (e3d1ce7c-fd7e-43ce-864e-ea9ddff7321e)
2019-11-27 09:12:55.273 2813 RALLYDEBUG rally_openstack.cleanup.manager [-] Deleting neutron.network object s_rally_e0f91bb3_CV3XgCtt (e4720bcd-c656-4712-8d56-3302bb09d341)
2019-11-27 09:12:55.276 2813 RALLYDEBUG rally_openstack.cleanup.manager [-] Deleting neutron.network object s_rally_e0f91bb3_G8mO6X6F (e5b04bbd-eabd-4d84-9e18-fccaba68397d)
2019-11-27 09:12:55.347 2813 RALLYDEBUG rally_openstack.cleanup.manager [-] Deleting neutron.network object s_rally_e0f91bb3_NkCLsGGc (e7c13429-e650-4f75-86a3-95fd2bb7bd18)
2019-11-27 09:12:55.351 2813 RALLYDEBUG rally_openstack.cleanup.manager [-] Deleting neutron.network object s_rally_e0f91bb3_qT9wTpyy (f4ba38d7-0b52-4175-b8f5-1228beafb031)
2019-11-27 09:12:55.360 2813 RALLYDEBUG rally_openstack.cleanup.manager [-] Deleting neutron.network object s_rally_e0f91bb3_mHNf73CN (f5d8f4c2-cb44-4745-8bf0-505dd6fe4404)
2019-11-27 09:12:55.393 2813 RALLYDEBUG rally_openstack.cleanup.manager [-] Deleting neutron.network object s_rally_e0f91bb3_x53Qmese (f82ba875-d5e0-4e52-81fa-31d7f82da757)
