2019-11-27 09:24:10.407 2813 RALLYDEBUG rally_openstack.cleanup.manager [-] Deleting neutron.port object s_rally_3d86804a_qeU1sBv5 (e0ed41dc-4d70-4e77-9b70-4455254955bb)
2019-11-27 09:24:10.598 2813 RALLYDEBUG rally_openstack.cleanup.manager [-] Deleting neutron.port object s_rally_3d86804a_VEM7KbIz (e124b62c-7205-4bac-beb6-4e74ae246dbd)
2019-11-27 09:24:10.715 2813 RALLYDEBUG rally_openstack.cleanup.manager [-] Deleting neutron.port object s_rally_3d86804a_R4CTxmA1 (e1734c97-e274-49d9-9466-6cca3cf9829a)
2019-11-27 09:24:10.813 2813 RALLYDEBUG rally_openstack.cleanup.manager [-] Deleting neutron.port object s_rally_3d86804a_4OFrseNS (e1a78821-89f9-437b-b3ef-c17016d837ed)
2019-11-27 09:24:10.908 2813 RALLYDEBUG rally_openstack.cleanup.manager [-] Deleting neutron.port object s_rally_3d86804a_ZFGmgTRy (e2032d9b-27c3-489c-9031-74f7b95325d6)
2019-11-27 09:24:11.033 2813 RALLYDEBUG rally_openstack.cleanup.manager [-] Deleting neutron.port object s_rally_3d86804a_jcsPyEaw (e25576b1-917a-4b71-a725-0afc15beb21c)
2019-11-27 09:24:11.225 2813 RALLYDEBUG rally_openstack.cleanup.manager [-] Deleting neutron.port object s_rally_3d86804a_QkxqFHeW (e27731fa-67d7-4fc5-a80e-cc75baee4ba8)
2019-11-27 09:24:11.294 2813 RALLYDEBUG rally_openstack.cleanup.manager [-] Deleting neutron.port object s_rally_3d86804a_o6TDwsAy (e27aac35-302d-46da-ba64-86187e7b64a2)
2019-11-27 09:24:11.359 2813 RALLYDEBUG rally_openstack.cleanup.manager [-] Deleting neutron.port object s_rally_3d86804a_kkNUlbiQ (e33a1f22-6c8c-4f27-a001-ca0fd062685d)
2019-11-27 09:24:11.522 2813 RALLYDEBUG rally_openstack.cleanup.manager [-] Deleting neutron.port object s_rally_3d86804a_T6Kjvb3c (e398d17e-36db-4d41-a0bb-37c6652e83bd)
2019-11-27 09:24:11.530 2813 RALLYDEBUG rally_openstack.cleanup.manager [-] Deleting neutron.port object s_rally_3d86804a_sLEhR16x (e3a7f229-838a-4627-9fa2-22b8c1beb346)
2019-11-27 09:24:11.550 2813 RALLYDEBUG rally_openstack.cleanup.manager [-] Deleting neutron.port object s_rally_3d86804a_TOIyf6B1 (e40ce525-1cbc-446a-aac6-966b2399aff9)
2019-11-27 09:24:11.638 2813 RALLYDEBUG rally_openstack.cleanup.manager [-] Deleting neutron.port object s_rally_3d86804a_0BrdqIn5 (e464abcd-c666-4c10-b22f-c05d885e41c2)
2019-11-27 09:24:11.713 2813 RALLYDEBUG rally_openstack.cleanup.manager [-] Deleting neutron.port object s_rally_3d86804a_0nPCoGQl (e65cf763-e56c-4e53-8419-3546f3e3ab3b)
2019-11-27 09:24:11.876 2813 RALLYDEBUG rally_openstack.cleanup.manager [-] Deleting neutron.port object s_rally_3d86804a_qkORrcTv (e6f54296-668a-435a-becc-40edefc84883)
2019-11-27 09:24:11.963 2813 RALLYDEBUG rally_openstack.cleanup.manager [-] Deleting neutron.port object s_rally_3d86804a_OTx0JNMU (e7d856e9-4a10-4118-a180-3feea48b3b0e)
2019-11-27 09:24:12.012 2813 RALLYDEBUG rally_openstack.cleanup.manager [-] Deleting neutron.port object s_rally_3d86804a_HNGSPj3p (e7f13a4e-68b9-4a50-9478-99e3f9780bdf)
2019-11-27 09:24:12.060 2813 RALLYDEBUG rally_openstack.cleanup.manager [-] Deleting neutron.port object s_rally_3d86804a_yzNMURrE (e83e5d48-8425-4106-8ec3-b459719b037b)
2019-11-27 09:24:12.073 2813 RALLYDEBUG rally_openstack.cleanup.manager [-] Deleting neutron.port object s_rally_3d86804a_XFpMEDhe (e920e5c1-ff21-408a-8628-9b030144229e)
2019-11-27 09:24:12.080 2813 RALLYDEBUG rally_openstack.cleanup.manager [-] Deleting neutron.port object s_rally_3d86804a_wiJQB0GL (e976af20-a202-4224-a682-ae0f1f448900)
2019-11-27 09:24:12.142 2813 RALLYDEBUG rally_openstack.cleanup.manager [-] Deleting neutron.port object s_rally_3d86804a_fdwmEOEF (e9caa61c-a2ae-4265-acc4-9efafd9a0d2e)
2019-11-27 09:24:12.425 2813 RALLYDEBUG rally_openstack.cleanup.manager [-] Deleting neutron.port object s_rally_3d86804a_vUNkb6wM (eaf4eba8-9989-454b-b659-6bb4653832ef)
2019-11-27 09:24:12.658 2813 RALLYDEBUG rally_openstack.cleanup.manager [-] Deleting neutron.port object s_rally_3d86804a_YcZm8xym (ec07bf6f-c432-423e-b2fd-af2cefcf9dd7)
2019-11-27 09:24:12.804 2813 RALLYDEBUG rally_openstack.cleanup.manager [-] Deleting neutron.port object s_rally_3d86804a_gFqPIzIG (ec307f30-68c7-4113-966f-0bfbf1e9a2ee)
2019-11-27 09:24:12.878 2813 RALLYDEBUG rally_openstack.cleanup.manager [-] Deleting neutron.port object s_rally_3d86804a_3TIui6nO (ee0e8990-b7c4-4041-bee5-04bf5426270f)
2019-11-27 09:24:12.923 2813 RALLYDEBUG rally_openstack.cleanup.manager [-] Deleting neutron.port object s_rally_3d86804a_dPzuUU8x (ee2fb300-99a8-4fac-8348-25780a60711a)
2019-11-27 09:24:12.938 2813 RALLYDEBUG rally_openstack.cleanup.manager [-] Deleting neutron.port object s_rally_3d86804a_SAI3LVdM (efc0b639-a34e-4716-8495-69d61dcf8dd7)
2019-11-27 09:24:13.138 2813 RALLYDEBUG rally_openstack.cleanup.manager [-] Deleting neutron.port object s_rally_3d86804a_HEoQeduv (f00668a3-9a2c-47c5-9292-11d5244c9df1)
2019-11-27 09:24:13.267 2813 RALLYDEBUG rally_openstack.cleanup.manager [-] Deleting neutron.port object s_rally_3d86804a_XUA2oIEg (f1165850-09b2-4059-8e17-742dfc3d1f22)
2019-11-27 09:24:13.288 2813 RALLYDEBUG rally_openstack.cleanup.manager [-] Deleting neutron.port object s_rally_3d86804a_1dgTzLTM (f16fd2b9-dc25-484e-ba7b-aa6a7eaba1ab)
2019-11-27 09:24:13.349 2813 RALLYDEBUG rally_openstack.cleanup.manager [-] Deleting neutron.port object s_rally_3d86804a_E1KJCDEj (f1f5e028-f5bd-4094-876c-7af6a3af85cc)
2019-11-27 09:24:13.397 2813 RALLYDEBUG rally_openstack.cleanup.manager [-] Deleting neutron.port object s_rally_3d86804a_8DhAzYmV (f380982e-f2fd-4cc1-91b7-1abc90ed8063)
2019-11-27 09:24:13.406 2813 RALLYDEBUG rally_openstack.cleanup.manager [-] Deleting neutron.port object s_rally_3d86804a_z4Dw9Yo6 (f46045e6-a1ad-471e-a41f-42d25fb7db51)
2019-11-27 09:24:13.573 2813 RALLYDEBUG rally_openstack.cleanup.manager [-] Deleting neutron.port object s_rally_3d86804a_19HAhZFP (f46e5fbb-fd70-4156-98ba-b6c69f5499cd)
2019-11-27 09:24:13.693 2813 RALLYDEBUG rally_openstack.cleanup.manager [-] Deleting neutron.port object s_rally_3d86804a_cqXFdZTj (f737b2e7-6708-4ed4-a217-2225e1025d15)
2019-11-27 09:24:13.803 2813 RALLYDEBUG rally_openstack.cleanup.manager [-] Deleting neutron.port object s_rally_3d86804a_2iZZzWH6 (f7e35d9b-6a9c-4dc0-9f25-c36def6ee8d0)
2019-11-27 09:24:13.844 2813 RALLYDEBUG rally_openstack.cleanup.manager [-] Deleting neutron.port object s_rally_3d86804a_09reXOrK (f9bc6d88-f40d-4253-8989-3180b57431d5)
2019-11-27 09:24:13.867 2813 RALLYDEBUG rally_openstack.cleanup.manager [-] Deleting neutron.port object s_rally_3d86804a_veKdnFLv (fa012efc-28b6-4fbf-8c78-71334f67e5f1)
2019-11-27 09:24:13.884 2813 RALLYDEBUG rally_openstack.cleanup.manager [-] Deleting neutron.port object s_rally_3d86804a_ASu5iwlC (fa36356a-5c1d-4d7b-aaf2-0975b867be23)
2019-11-27 09:24:13.904 2813 RALLYDEBUG rally_openstack.cleanup.manager [-] Deleting neutron.port object s_rally_3d86804a_Eq9JSBTB (fb0473f1-6b26-48be-b98d-b880f08bc11c)
2019-11-27 09:24:13.920 2813 RALLYDEBUG rally_openstack.cleanup.manager [-] Deleting neutron.port object s_rally_3d86804a_4SP3BkBN (fc46acbe-7fd2-4ec9-a982-e4fe33c9b5a3)
2019-11-27 09:24:14.161 2813 RALLYDEBUG rally_openstack.cleanup.manager [-] Deleting neutron.port object s_rally_3d86804a_Xo6mlQPU (fd50e05b-2d06-45f8-99cb-bb999e7aeea3)
2019-11-27 09:24:14.397 2813 RALLYDEBUG rally_openstack.cleanup.manager [-] Deleting neutron.port object s_rally_3d86804a_0k4V8otX (fe16ede0-8887-40ea-8ec0-69c2bc333f4e)
2019-11-27 09:24:14.606 2813 RALLYDEBUG rally_openstack.cleanup.manager [-] Deleting neutron.port object s_rally_3d86804a_jHtOd8cf (fed45213-2f5b-46c5-8dc0-590a851597a6)
2019-11-27 09:24:14.627 2813 RALLYDEBUG rally_openstack.cleanup.manager [-] Deleting neutron.port object s_rally_3d86804a_HIQuNr2w (ffa29797-cfbe-436f-9a93-374e061d030f)
2019-11-27 09:24:16.663 2813 RALLYDEBUG rally_openstack.cleanup.manager [-] Cleaning up neutron subnet objects
2019-11-27 09:24:17.066 2813 RALLYDEBUG rally_openstack.cleanup.manager [-] Cleaning up neutron network objects
2019-11-27 09:24:17.586 2813 RALLYDEBUG rally_openstack.cleanup.manager [-] Deleting neutron.network object s_rally_3d86804a_LW5igawK (2564014e-3a77-4d7e-93d1-a0e99366e460)
2019-11-27 09:24:17.595 2813 RALLYDEBUG rally_openstack.cleanup.manager [-] Deleting neutron.network object s_rally_3d86804a_Qa4gfx3S (2747346d-2659-4213-8085-303c63518f35)
2019-11-27 09:24:17.604 2813 RALLYDEBUG rally_openstack.cleanup.manager [-] Deleting neutron.network object s_rally_3d86804a_gAFLJE77 (34aad9f7-8cb1-4580-bfb3-1b9b3ddd1923)
2019-11-27 09:24:17.608 2813 RALLYDEBUG rally_openstack.cleanup.manager [-] Deleting neutron.network object s_rally_3d86804a_7jpuP5J9 (78a815b3-09b4-4c81-a965-d1fec90dd755)
2019-11-27 09:24:17.611 2813 RALLYDEBUG rally_openstack.cleanup.manager [-] Deleting neutron.network object s_rally_3d86804a_IqR7hbO5 (7ccf9079-2966-4930-9976-458d1754ff84)
2019-11-27 09:24:17.622 2813 RALLYDEBUG rally_openstack.cleanup.manager [-] Deleting neutron.network object s_rally_3d86804a_ZrKkttbn (7cfbc9b3-ec5f-49fc-91f9-e7d85a9ac9c3)
2019-11-27 09:24:17.630 2813 RALLYDEBUG rally_openstack.cleanup.manager [-] Deleting neutron.network object s_rally_3d86804a_UKp5HBeU (af4eb85d-2106-4752-85d7-c7b998c32e07)
2019-11-27 09:24:17.644 2813 RALLYDEBUG rally_openstack.cleanup.manager [-] Deleting neutron.network object s_rally_3d86804a_Hp6dAkZc (d5f0755e-237a-4f01-af22-cfe1d58f9eb1)
2019-11-27 09:24:20.154 2813 RALLYDEBUG rally_openstack.cleanup.manager [-] Cleaning up neutron router objects
2019-11-27 09:24:20.581 2813 RALLYDEBUG rally_openstack.cleanup.manager [-] Cleaning up neutron security_group objects
2019-11-27 09:24:21.031 2813 INFO rally.task.context [-] Task 42b5f550-8a24-431c-ae52-9cea7470be6e | Context cleanup@openstack cleanup() finished in 47.61 sec
2019-11-27 09:24:21.031 2813 INFO rally.task.context [-] Task 42b5f550-8a24-431c-ae52-9cea7470be6e | Context quotas@openstack cleanup() started
2019-11-27 09:24:21.113 2813 INFO rally.task.context [-] Task 42b5f550-8a24-431c-ae52-9cea7470be6e | Context quotas@openstack cleanup() finished in 81.15 msec
2019-11-27 09:24:21.113 2813 INFO rally.task.context [-] Task 42b5f550-8a24-431c-ae52-9cea7470be6e | Context users@openstack cleanup() started
2019-11-27 09:24:23.864 2813 INFO rally.task.context [-] Task 42b5f550-8a24-431c-ae52-9cea7470be6e | Context users@openstack cleanup() finished in 2.75 sec
2019-11-27 09:24:25.257 2813 INFO rally.task.engine [-] Load duration is: 57.500725
2019-11-27 09:24:25.258 2813 INFO rally.task.engine [-] Full runner duration is: 57.549429
2019-11-27 09:24:25.258 2813 INFO rally.task.engine [-] Full duration is: 111.08197
2019-11-27 09:24:25.493 2813 INFO rally.task.engine [-] Running workload: position = 1 config = { "version": 2, "title": "A cropped version of a bigger task.", "description": "Auto-generated task from a single workload (uuid=e04b7b95-5024-46b3-b56c-7c35b4411b18)", "subtasks": [ { "title": "NeutronNetworks.create_and_update_ports", "description": "Create and update a given number of ports.", "scenario": { "NeutronNetworks.create_and_update_ports": { "network_create_args": {}, "port_create_args": {}, "ports_per_network": 5, "port_update_args": { "admin_state_up": false, "device_id": "dummy_id", "device_owner": "dummy_owner", "name": "_port_updated" } } }, "contexts": { "users": { "tenants": 1, "users_per_tenant": 1 }, "quotas": { "neutron": { "network": -1, "port": -1 } } }, "runner": { "constant": { "times": 40, "concurrency": 20 } }, "hooks": [], "sla": { "failure_rate": { "max": 0 } } } ] }
2019-11-27 09:24:25.516 2813 RALLYDEBUG rally_openstack.contexts.keystone.users [-] Creating 1 tenants using 20 threads
2019-11-27 09:24:26.468 2813 RALLYDEBUG rally_openstack.contexts.keystone.users [-] Creating 1 users using 20 threads
2019-11-27 09:24:27.894 2813 INFO rally.task.context [-] Task 42b5f550-8a24-431c-ae52-9cea7470be6e | Context users@openstack setup() finished in 2.38 sec
2019-11-27 09:24:28.463 2813 INFO rally.task.context [-] Task 42b5f550-8a24-431c-ae52-9cea7470be6e | Context quotas@openstack setup() finished in 0.57 sec
2019-11-27 09:24:28.463 2813 INFO rally.task.context [-] Task 42b5f550-8a24-431c-ae52-9cea7470be6e | Context cleanup@openstack setup() finished in 0.03 msec
2019-11-27 09:24:28.473 2813 RALLYDEBUG rally.task.runner [-] Starting the constant runner (task UUID: 42b5f550-8a24-431c-ae52-9cea7470be6e). times: 40 concurrency: 20 timeout: 0 max_cpu_used: 16 processes_to_start: 16 concurrency_per_worker: 1 concurrency_overhead: 4
2019-11-27 09:24:28.485 6889 RALLYDEBUG rally.task.runner [-] Starting a worker. times: 40 duration: None concurrency: 2 timeout: 0 cls: method_name: run args: {"network_create_args": {}, "port_create_args": {}, "ports_per_network": 5, "port_update_args": {"admin_state_up": false, "device_id": "dummy_id", "device_owner": "dummy_owner", "name": "_port_updated"}}
2019-11-27 09:24:28.488 6890 RALLYDEBUG rally.task.runner [-] Starting a worker. times: 40 duration: None concurrency: 2 timeout: 0 cls: method_name: run args: {"network_create_args": {}, "port_create_args": {}, "ports_per_network": 5, "port_update_args": {"admin_state_up": false, "device_id": "dummy_id", "device_owner": "dummy_owner", "name": "_port_updated"}}
2019-11-27 09:24:28.491 6891 RALLYDEBUG rally.task.runner [-] Starting a worker. times: 40 duration: None concurrency: 2 timeout: 0 cls: method_name: run args: {"network_create_args": {}, "port_create_args": {}, "ports_per_network": 5, "port_update_args": {"admin_state_up": false, "device_id": "dummy_id", "device_owner": "dummy_owner", "name": "_port_updated"}}
2019-11-27 09:24:28.492 6889 INFO rally.task.runner [-] Task 42b5f550-8a24-431c-ae52-9cea7470be6e | ITER: 1 START
2019-11-27 09:24:28.494 6890 INFO rally.task.runner [-] Task 42b5f550-8a24-431c-ae52-9cea7470be6e | ITER: 2 START
2019-11-27 09:24:28.494 6889 WARNING rally_openstack.scenarios.neutron.utils [-] Running this scenario without either the 'network' or 'existing_network' context is deprecated
2019-11-27 09:24:28.495 6890 WARNING rally_openstack.scenarios.neutron.utils [-] Running this scenario without either the 'network' or 'existing_network' context is deprecated
2019-11-27 09:24:28.495 6893 RALLYDEBUG rally.task.runner [-] Starting a worker. times: 40 duration: None concurrency: 2 timeout: 0 cls: method_name: run args: {"network_create_args": {}, "port_create_args": {}, "ports_per_network": 5, "port_update_args": {"admin_state_up": false, "device_id": "dummy_id", "device_owner": "dummy_owner", "name": "_port_updated"}}
2019-11-27 09:24:28.497 6891 INFO rally.task.runner [-] Task 42b5f550-8a24-431c-ae52-9cea7470be6e | ITER: 4 START
2019-11-27 09:24:28.498 6891 WARNING rally_openstack.scenarios.neutron.utils [-] Running this scenario without either the 'network' or 'existing_network' context is deprecated
2019-11-27 09:24:28.499 6898 RALLYDEBUG rally.task.runner [-] Starting a worker. times: 40 duration: None concurrency: 1 timeout: 0 cls: method_name: run args: {"network_create_args": {}, "port_create_args": {}, "ports_per_network": 5, "port_update_args": {"admin_state_up": false, "device_id": "dummy_id", "device_owner": "dummy_owner", "name": "_port_updated"}}
2019-11-27 09:24:28.502 6901 RALLYDEBUG rally.task.runner [-] Starting a worker. times: 40 duration: None concurrency: 1 timeout: 0 cls: method_name: run args: {"network_create_args": {}, "port_create_args": {}, "ports_per_network": 5, "port_update_args": {"admin_state_up": false, "device_id": "dummy_id", "device_owner": "dummy_owner", "name": "_port_updated"}}
2019-11-27 09:24:28.503 6890 INFO rally.task.runner [-] Task 42b5f550-8a24-431c-ae52-9cea7470be6e | ITER: 5 START
2019-11-27 09:24:28.504 6890 WARNING rally_openstack.scenarios.neutron.utils [-] Running this scenario without either the 'network' or 'existing_network' context is deprecated
2019-11-27 09:24:28.499 6889 INFO rally.task.runner [-] Task 42b5f550-8a24-431c-ae52-9cea7470be6e | ITER: 3 START
2019-11-27 09:24:28.508 6889 WARNING rally_openstack.scenarios.neutron.utils [-] Running this scenario without either the 'network' or 'existing_network' context is deprecated
2019-11-27 09:24:28.507 6902 RALLYDEBUG rally.task.runner [-] Starting a worker. times: 40 duration: None concurrency: 1 timeout: 0 cls: method_name: run args: {"network_create_args": {}, "port_create_args": {}, "ports_per_network": 5, "port_update_args": {"admin_state_up": false, "device_id": "dummy_id", "device_owner": "dummy_owner", "name": "_port_updated"}}
2019-11-27 09:24:28.509 6901 INFO rally.task.runner [-] Task 42b5f550-8a24-431c-ae52-9cea7470be6e | ITER: 9 START
2019-11-27 09:24:28.509 6898 INFO rally.task.runner [-] Task 42b5f550-8a24-431c-ae52-9cea7470be6e | ITER: 8 START
2019-11-27 09:24:28.510 6904 RALLYDEBUG rally.task.runner [-] Starting a worker. times: 40 duration: None concurrency: 1 timeout: 0 cls: method_name: run args: {"network_create_args": {}, "port_create_args": {}, "ports_per_network": 5, "port_update_args": {"admin_state_up": false, "device_id": "dummy_id", "device_owner": "dummy_owner", "name": "_port_updated"}}
2019-11-27 09:24:28.512 6901 WARNING rally_openstack.scenarios.neutron.utils [-] Running this scenario without either the 'network' or 'existing_network' context is deprecated
2019-11-27 09:24:28.512 6898 WARNING rally_openstack.scenarios.neutron.utils [-] Running this scenario without either the 'network' or 'existing_network' context is deprecated
2019-11-27 09:24:28.512 6893 INFO rally.task.runner [-] Task 42b5f550-8a24-431c-ae52-9cea7470be6e | ITER: 7 START
2019-11-27 09:24:28.513 6902 INFO rally.task.runner [-] Task 42b5f550-8a24-431c-ae52-9cea7470be6e | ITER: 11 START
2019-11-27 09:24:28.513 6891 INFO rally.task.runner [-] Task 42b5f550-8a24-431c-ae52-9cea7470be6e | ITER: 6 START
2019-11-27 09:24:28.515 6891 WARNING rally_openstack.scenarios.neutron.utils [-] Running this scenario without either the 'network' or 'existing_network' context is deprecated
2019-11-27 09:24:28.515 6902 WARNING rally_openstack.scenarios.neutron.utils [-] Running this scenario without either the 'network' or 'existing_network' context is deprecated
2019-11-27 09:24:28.515 6911 RALLYDEBUG rally.task.runner [-] Starting a worker. times: 40 duration: None concurrency: 1 timeout: 0 cls: method_name: run args: {"network_create_args": {}, "port_create_args": {}, "ports_per_network": 5, "port_update_args": {"admin_state_up": false, "device_id": "dummy_id", "device_owner": "dummy_owner", "name": "_port_updated"}}
2019-11-27 09:24:28.512 6893 INFO rally.task.runner [-] Task 42b5f550-8a24-431c-ae52-9cea7470be6e | ITER: 10 START
2019-11-27 09:24:28.516 6904 INFO rally.task.runner [-] Task 42b5f550-8a24-431c-ae52-9cea7470be6e | ITER: 12 START
2019-11-27 09:24:28.516 6893 WARNING rally_openstack.scenarios.neutron.utils [-] Running this scenario without either the 'network' or 'existing_network' context is deprecated
2019-11-27 09:24:28.518 6904 WARNING rally_openstack.scenarios.neutron.utils [-] Running this scenario without either the 'network' or 'existing_network' context is deprecated
2019-11-27 09:24:28.522 6911 INFO rally.task.runner [-] Task 42b5f550-8a24-431c-ae52-9cea7470be6e | ITER: 13 START
2019-11-27 09:24:28.517 6893 WARNING rally_openstack.scenarios.neutron.utils [-] Running this scenario without either the 'network' or 'existing_network' context is deprecated
2019-11-27 09:24:28.522 6918 RALLYDEBUG rally.task.runner [-] Starting a worker. times: 40 duration: None concurrency: 1 timeout: 0 cls: method_name: run args: {"network_create_args": {}, "port_create_args": {}, "ports_per_network": 5, "port_update_args": {"admin_state_up": false, "device_id": "dummy_id", "device_owner": "dummy_owner", "name": "_port_updated"}}
2019-11-27 09:24:28.524 6911 WARNING rally_openstack.scenarios.neutron.utils [-] Running this scenario without either the 'network' or 'existing_network' context is deprecated
2019-11-27 09:24:28.528 6918 INFO rally.task.runner [-] Task 42b5f550-8a24-431c-ae52-9cea7470be6e | ITER: 14 START
2019-11-27 09:24:28.529 6918 WARNING rally_openstack.scenarios.neutron.utils [-] Running this scenario without either the 'network' or 'existing_network' context is deprecated
2019-11-27 09:24:28.535 6921 RALLYDEBUG rally.task.runner [-] Starting a worker. times: 40 duration: None concurrency: 1 timeout: 0 cls: method_name: run args: {"network_create_args": {}, "port_create_args": {}, "ports_per_network": 5, "port_update_args": {"admin_state_up": false, "device_id": "dummy_id", "device_owner": "dummy_owner", "name": "_port_updated"}}
2019-11-27 09:24:28.538 6924 RALLYDEBUG rally.task.runner [-] Starting a worker. times: 40 duration: None concurrency: 1 timeout: 0 cls: method_name: run args: {"network_create_args": {}, "port_create_args": {}, "ports_per_network": 5, "port_update_args": {"admin_state_up": false, "device_id": "dummy_id", "device_owner": "dummy_owner", "name": "_port_updated"}}
2019-11-27 09:24:28.541 6921 INFO rally.task.runner [-] Task 42b5f550-8a24-431c-ae52-9cea7470be6e | ITER: 15 START
2019-11-27 09:24:28.543 6921 WARNING rally_openstack.scenarios.neutron.utils [-] Running this scenario without either the 'network' or 'existing_network' context is deprecated
2019-11-27 09:24:28.543 6924 INFO rally.task.runner [-] Task 42b5f550-8a24-431c-ae52-9cea7470be6e | ITER: 16 START
2019-11-27 09:24:28.545 6924 WARNING rally_openstack.scenarios.neutron.utils [-] Running this scenario without either the 'network' or 'existing_network' context is deprecated
2019-11-27 09:24:28.547 6929 RALLYDEBUG rally.task.runner [-] Starting a worker. times: 40 duration: None concurrency: 1 timeout: 0 cls: method_name: run args: {"network_create_args": {}, "port_create_args": {}, "ports_per_network": 5, "port_update_args": {"admin_state_up": false, "device_id": "dummy_id", "device_owner": "dummy_owner", "name": "_port_updated"}}
2019-11-27 09:24:28.551 6929 INFO rally.task.runner [-] Task 42b5f550-8a24-431c-ae52-9cea7470be6e | ITER: 17 START
2019-11-27 09:24:28.552 6930 RALLYDEBUG rally.task.runner [-] Starting a worker. times: 40 duration: None concurrency: 1 timeout: 0 cls: method_name: run args: {"network_create_args": {}, "port_create_args": {}, "ports_per_network": 5, "port_update_args": {"admin_state_up": false, "device_id": "dummy_id", "device_owner": "dummy_owner", "name": "_port_updated"}}
2019-11-27 09:24:28.553 6929 WARNING rally_openstack.scenarios.neutron.utils [-] Running this scenario without either the 'network' or 'existing_network' context is deprecated
2019-11-27 09:24:28.555 6933 RALLYDEBUG rally.task.runner [-] Starting a worker. times: 40 duration: None concurrency: 1 timeout: 0 cls: method_name: run args: {"network_create_args": {}, "port_create_args": {}, "ports_per_network": 5, "port_update_args": {"admin_state_up": false, "device_id": "dummy_id", "device_owner": "dummy_owner", "name": "_port_updated"}}
2019-11-27 09:24:28.556 6930 INFO rally.task.runner [-] Task 42b5f550-8a24-431c-ae52-9cea7470be6e | ITER: 18 START
2019-11-27 09:24:28.558 6930 WARNING rally_openstack.scenarios.neutron.utils [-] Running this scenario without either the 'network' or 'existing_network' context is deprecated
2019-11-27 09:24:28.559 6933 INFO rally.task.runner [-] Task 42b5f550-8a24-431c-ae52-9cea7470be6e | ITER: 19 START
2019-11-27 09:24:28.559 6934 RALLYDEBUG rally.task.runner [-] Starting a worker. times: 40 duration: None concurrency: 1 timeout: 0 cls: method_name: run args: {"network_create_args": {}, "port_create_args": {}, "ports_per_network": 5, "port_update_args": {"admin_state_up": false, "device_id": "dummy_id", "device_owner": "dummy_owner", "name": "_port_updated"}}
2019-11-27 09:24:28.560 6933 WARNING rally_openstack.scenarios.neutron.utils [-] Running this scenario without either the 'network' or 'existing_network' context is deprecated
2019-11-27 09:24:28.563 6934 INFO rally.task.runner [-] Task 42b5f550-8a24-431c-ae52-9cea7470be6e | ITER: 20 START
2019-11-27 09:24:28.564 6934 WARNING rally_openstack.scenarios.neutron.utils [-] Running this scenario without either the 'network' or 'existing_network' context is deprecated
2019-11-27 09:24:35.647 6933 INFO rally.task.runner [-] Task 42b5f550-8a24-431c-ae52-9cea7470be6e | ITER: 19 END: OK
2019-11-27 09:24:35.651 6933 INFO rally.task.runner [-] Task 42b5f550-8a24-431c-ae52-9cea7470be6e | ITER: 21 START
2019-11-27 09:24:35.652 6933 WARNING rally_openstack.scenarios.neutron.utils [-] Running this scenario without either the 'network' or 'existing_network' context is deprecated
2019-11-27 09:24:35.819 6890 INFO rally.task.runner [-] Task 42b5f550-8a24-431c-ae52-9cea7470be6e | ITER: 2 END: OK
2019-11-27 09:24:35.823 6890 INFO rally.task.runner [-] Task 42b5f550-8a24-431c-ae52-9cea7470be6e | ITER: 22 START
2019-11-27 09:24:35.824 6890 WARNING rally_openstack.scenarios.neutron.utils [-] Running this scenario without either the 'network' or 'existing_network' context is deprecated
2019-11-27 09:24:36.592 6901 INFO rally.task.runner [-] Task 42b5f550-8a24-431c-ae52-9cea7470be6e | ITER: 9 END: OK
2019-11-27 09:24:36.596 6901 INFO rally.task.runner [-] Task 42b5f550-8a24-431c-ae52-9cea7470be6e | ITER: 23 START
2019-11-27 09:24:36.597 6901 WARNING rally_openstack.scenarios.neutron.utils [-] Running this scenario without either the 'network' or 'existing_network' context is deprecated
2019-11-27 09:24:36.618 6890 INFO rally.task.runner [-] Task 42b5f550-8a24-431c-ae52-9cea7470be6e | ITER: 5 END: OK
2019-11-27 09:24:36.621 6890 INFO rally.task.runner [-] Task 42b5f550-8a24-431c-ae52-9cea7470be6e | ITER: 24 START
2019-11-27 09:24:36.622 6890 WARNING rally_openstack.scenarios.neutron.utils [-] Running this scenario without either the 'network' or 'existing_network' context is deprecated
2019-11-27 09:24:36.646 6893 INFO rally.task.runner [-] Task 42b5f550-8a24-431c-ae52-9cea7470be6e | ITER: 10 END: OK
2019-11-27 09:24:36.650 6893 INFO rally.task.runner [-] Task 42b5f550-8a24-431c-ae52-9cea7470be6e | ITER: 25 START
2019-11-27 09:24:36.651 6893 WARNING rally_openstack.scenarios.neutron.utils [-] Running this scenario without either the 'network' or 'existing_network' context is deprecated
2019-11-27 09:24:37.121 6904 INFO rally.task.runner [-] Task 42b5f550-8a24-431c-ae52-9cea7470be6e | ITER: 12 END: OK
2019-11-27 09:24:37.124 6904 INFO rally.task.runner [-] Task 42b5f550-8a24-431c-ae52-9cea7470be6e | ITER: 26 START
2019-11-27 09:24:37.125 6904 WARNING rally_openstack.scenarios.neutron.utils [-] Running this scenario without either the 'network' or 'existing_network' context is deprecated
2019-11-27 09:24:37.207 6934 INFO rally.task.runner [-] Task 42b5f550-8a24-431c-ae52-9cea7470be6e | ITER: 20 END: OK
2019-11-27 09:24:37.210 6934 INFO rally.task.runner [-] Task 42b5f550-8a24-431c-ae52-9cea7470be6e | ITER: 27 START
2019-11-27 09:24:37.211 6934 WARNING rally_openstack.scenarios.neutron.utils [-] Running this scenario without either the 'network' or 'existing_network' context is deprecated
2019-11-27 09:24:37.672 6893 INFO rally.task.runner [-] Task 42b5f550-8a24-431c-ae52-9cea7470be6e | ITER: 7 END: OK
2019-11-27 09:24:37.674 6893 INFO rally.task.runner [-] Task 42b5f550-8a24-431c-ae52-9cea7470be6e | ITER: 28 START
2019-11-27 09:24:37.675 6893 WARNING rally_openstack.scenarios.neutron.utils [-] Running this scenario without either the 'network' or 'existing_network' context is deprecated
2019-11-27 09:24:37.687 6889 INFO rally.task.runner [-] Task 42b5f550-8a24-431c-ae52-9cea7470be6e | ITER: 3 END: OK
2019-11-27 09:24:37.692 6889 INFO rally.task.runner [-] Task 42b5f550-8a24-431c-ae52-9cea7470be6e | ITER: 29 START
2019-11-27 09:24:37.692 6889 WARNING rally_openstack.scenarios.neutron.utils [-] Running this scenario without either the 'network' or 'existing_network' context is deprecated
2019-11-27 09:24:38.156 6898 INFO rally.task.runner [-] Task 42b5f550-8a24-431c-ae52-9cea7470be6e | ITER: 8 END: OK
2019-11-27 09:24:38.160 6898 INFO rally.task.runner [-] Task 42b5f550-8a24-431c-ae52-9cea7470be6e | ITER: 30 START
2019-11-27 09:24:38.161 6898 WARNING rally_openstack.scenarios.neutron.utils [-] Running this scenario without either the 'network' or 'existing_network' context is deprecated
2019-11-27 09:24:38.415 6911 INFO rally.task.runner [-] Task 42b5f550-8a24-431c-ae52-9cea7470be6e | ITER: 13 END: OK
2019-11-27 09:24:38.419 6911 INFO rally.task.runner [-] Task 42b5f550-8a24-431c-ae52-9cea7470be6e | ITER: 31 START
2019-11-27 09:24:38.420 6911 WARNING rally_openstack.scenarios.neutron.utils [-] Running this scenario without either the 'network' or 'existing_network' context is deprecated
2019-11-27 09:24:38.470 6891 INFO rally.task.runner [-] Task 42b5f550-8a24-431c-ae52-9cea7470be6e | ITER: 6 END: OK
2019-11-27 09:24:38.474 6891 INFO rally.task.runner [-] Task 42b5f550-8a24-431c-ae52-9cea7470be6e | ITER: 32 START
2019-11-27 09:24:38.475 6891 WARNING rally_openstack.scenarios.neutron.utils [-] Running this scenario without either the 'network' or 'existing_network' context is deprecated
2019-11-27 09:24:38.564 6902 INFO rally.task.runner [-] Task 42b5f550-8a24-431c-ae52-9cea7470be6e | ITER: 11 END: OK
2019-11-27 09:24:38.568 6902 INFO rally.task.runner [-] Task 42b5f550-8a24-431c-ae52-9cea7470be6e | ITER: 33 START
2019-11-27 09:24:38.569 6902 WARNING rally_openstack.scenarios.neutron.utils [-] Running this scenario without either the 'network' or 'existing_network' context is deprecated
2019-11-27 09:24:38.635 6918 INFO rally.task.runner [-] Task 42b5f550-8a24-431c-ae52-9cea7470be6e | ITER: 14 END: OK
2019-11-27 09:24:38.638 6918 INFO rally.task.runner [-] Task 42b5f550-8a24-431c-ae52-9cea7470be6e | ITER: 34 START
2019-11-27 09:24:38.639 6918 WARNING rally_openstack.scenarios.neutron.utils [-] Running this scenario without either the 'network' or 'existing_network' context is deprecated
2019-11-27 09:24:39.087 6891 INFO rally.task.runner [-] Task 42b5f550-8a24-431c-ae52-9cea7470be6e | ITER: 4 END: OK
2019-11-27 09:24:39.091 6891 INFO rally.task.runner [-] Task 42b5f550-8a24-431c-ae52-9cea7470be6e | ITER: 35 START
2019-11-27 09:24:39.091 6891 WARNING rally_openstack.scenarios.neutron.utils [-] Running this scenario without either the 'network' or 'existing_network' context is deprecated
2019-11-27 09:24:39.381 6930 INFO rally.task.runner [-] Task 42b5f550-8a24-431c-ae52-9cea7470be6e | ITER: 18 END: OK
2019-11-27 09:24:39.385 6930 INFO rally.task.runner [-] Task 42b5f550-8a24-431c-ae52-9cea7470be6e | ITER: 36 START
2019-11-27 09:24:39.386 6930 WARNING rally_openstack.scenarios.neutron.utils [-] Running this scenario without either the 'network' or 'existing_network' context is deprecated
2019-11-27 09:24:39.697 6921 INFO rally.task.runner [-] Task 42b5f550-8a24-431c-ae52-9cea7470be6e | ITER: 15 END: OK
2019-11-27 09:24:39.700 6921 INFO rally.task.runner [-] Task 42b5f550-8a24-431c-ae52-9cea7470be6e | ITER: 37 START
2019-11-27 09:24:39.701 6921 WARNING rally_openstack.scenarios.neutron.utils [-] Running this scenario without either the 'network' or 'existing_network' context is deprecated
2019-11-27 09:24:40.151 6924 INFO rally.task.runner [-] Task 42b5f550-8a24-431c-ae52-9cea7470be6e | ITER: 16 END: OK
2019-11-27 09:24:40.156 6924 INFO rally.task.runner [-] Task 42b5f550-8a24-431c-ae52-9cea7470be6e | ITER: 38 START
2019-11-27 09:24:40.157 6924 WARNING rally_openstack.scenarios.neutron.utils [-] Running this scenario without either the 'network' or 'existing_network' context is deprecated
2019-11-27 09:24:40.452 6929 INFO rally.task.runner [-] Task 42b5f550-8a24-431c-ae52-9cea7470be6e | ITER: 17 END: OK
2019-11-27 09:24:40.456 6929 INFO rally.task.runner [-] Task 42b5f550-8a24-431c-ae52-9cea7470be6e | ITER: 39 START
2019-11-27 09:24:40.457 6929 WARNING rally_openstack.scenarios.neutron.utils [-] Running this scenario without either the 'network' or 'existing_network' context is deprecated
2019-11-27 09:24:41.053 6889 INFO rally.task.runner [-] Task 42b5f550-8a24-431c-ae52-9cea7470be6e | ITER: 1 END: OK
2019-11-27 09:24:41.056 6889 INFO rally.task.runner [-] Task 42b5f550-8a24-431c-ae52-9cea7470be6e | ITER: 40 START
2019-11-27 09:24:41.057 6889 WARNING rally_openstack.scenarios.neutron.utils [-] Running this scenario without either the 'network' or 'existing_network' context is deprecated
2019-11-27 09:24:43.187 6933 INFO rally.task.runner [-] Task 42b5f550-8a24-431c-ae52-9cea7470be6e | ITER: 21 END: OK
2019-11-27 09:24:43.723 6901 INFO rally.task.runner [-] Task 42b5f550-8a24-431c-ae52-9cea7470be6e | ITER: 23 END: OK
2019-11-27 09:24:45.528 6889 INFO rally.task.runner [-] Task 42b5f550-8a24-431c-ae52-9cea7470be6e | ITER: 29 END: OK
2019-11-27 09:24:45.624 6893 INFO rally.task.runner [-] Task 42b5f550-8a24-431c-ae52-9cea7470be6e | ITER: 25 END: OK
2019-11-27 09:24:45.790 6890 INFO rally.task.runner [-] Task 42b5f550-8a24-431c-ae52-9cea7470be6e | ITER: 22 END: OK
2019-11-27 09:24:46.069 6890 INFO rally.task.runner [-] Task 42b5f550-8a24-431c-ae52-9cea7470be6e | ITER: 24 END: OK
2019-11-27 09:24:46.276 6904 INFO rally.task.runner [-] Task 42b5f550-8a24-431c-ae52-9cea7470be6e | ITER: 26 END: OK
2019-11-27 09:24:46.376 6893 INFO rally.task.runner [-] Task 42b5f550-8a24-431c-ae52-9cea7470be6e | ITER: 28 END: OK
2019-11-27 09:24:46.383 6921 INFO rally.task.runner [-] Task 42b5f550-8a24-431c-ae52-9cea7470be6e | ITER: 37 END: OK
2019-11-27 09:24:46.576 6891 INFO rally.task.runner [-] Task 42b5f550-8a24-431c-ae52-9cea7470be6e | ITER: 35 END: OK
2019-11-27 09:24:46.606 6911 INFO rally.task.runner [-] Task 42b5f550-8a24-431c-ae52-9cea7470be6e | ITER: 31 END: OK
2019-11-27 09:24:46.706 6891 INFO rally.task.runner [-] Task 42b5f550-8a24-431c-ae52-9cea7470be6e | ITER: 32 END: OK
2019-11-27 09:24:46.824 6918 INFO rally.task.runner [-] Task 42b5f550-8a24-431c-ae52-9cea7470be6e | ITER: 34 END: OK
2019-11-27 09:24:46.835 6934 INFO rally.task.runner [-] Task 42b5f550-8a24-431c-ae52-9cea7470be6e | ITER: 27 END: OK
2019-11-27 09:24:46.869 6929 INFO rally.task.runner [-] Task 42b5f550-8a24-431c-ae52-9cea7470be6e | ITER: 39 END: OK
2019-11-27 09:24:47.165 6902 INFO rally.task.runner [-] Task 42b5f550-8a24-431c-ae52-9cea7470be6e | ITER: 33 END: OK
2019-11-27 09:24:47.327 6898 INFO rally.task.runner [-] Task 42b5f550-8a24-431c-ae52-9cea7470be6e | ITER: 30 END: OK
2019-11-27 09:24:47.357 6930 INFO rally.task.runner [-] Task 42b5f550-8a24-431c-ae52-9cea7470be6e | ITER: 36 END: OK
2019-11-27 09:24:48.400 6924 INFO rally.task.runner [-] Task 42b5f550-8a24-431c-ae52-9cea7470be6e | ITER: 38 END: OK
2019-11-27 09:24:48.573 6889 INFO rally.task.runner [-] Task 42b5f550-8a24-431c-ae52-9cea7470be6e | ITER: 40 END: OK
2019-11-27 09:24:48.604 2813 INFO rally.task.context [-] Task 42b5f550-8a24-431c-ae52-9cea7470be6e | Context cleanup@openstack cleanup() started
2019-11-27 09:24:48.607 2813 RALLYDEBUG rally_openstack.cleanup.manager [-] Cleaning up neutron vip objects
2019-11-27 09:24:48.993 2813 RALLYDEBUG rally_openstack.cleanup.manager [-] Cleaning up neutron health_monitor objects
2019-11-27 09:24:49.367 2813 RALLYDEBUG rally_openstack.cleanup.manager [-] Cleaning up neutron pool objects
2019-11-27 09:24:49.739 2813 RALLYDEBUG rally_openstack.cleanup.manager [-] Cleaning up neutron loadbalancer objects
2019-11-27 09:24:50.113 2813 RALLYDEBUG rally_openstack.cleanup.manager [-] Cleaning up neutron floatingip objects
2019-11-27 09:24:50.545 2813 RALLYDEBUG rally_openstack.cleanup.manager [-] Cleaning up neutron trunk objects
2019-11-27 09:24:50.918 2813 RALLYDEBUG rally_openstack.cleanup.manager [-] Cleaning up neutron port objects
2019-11-27 09:24:52.157 2813 RALLYDEBUG rally_openstack.cleanup.manager [-] Deleting neutron.port object s_rally_e04b7b95_pUKVOXg5 (01ccb828-cb0a-4abb-bd03-cd8d2531cce5)
2019-11-27 09:24:52.167 2813 RALLYDEBUG rally_openstack.cleanup.manager [-] Deleting neutron.port object s_rally_e04b7b95_tUmW2BRK (046deb07-856d-4341-8bc8-c7db0d262d01)
2019-11-27 09:24:52.175 2813 RALLYDEBUG rally_openstack.cleanup.manager [-] Deleting neutron.port object s_rally_e04b7b95_HqSQv6tL (0864e04c-4a5c-45ea-84b1-ee890b7a0000)
2019-11-27 09:24:52.184 2813 RALLYDEBUG rally_openstack.cleanup.manager [-] Deleting neutron.port object s_rally_e04b7b95_xzqZPls9 (0952baed-ec4d-4a12-a1aa-59751bace82a)
2019-11-27 09:24:52.193 2813 RALLYDEBUG rally_openstack.cleanup.manager [-] Deleting neutron.port object s_rally_e04b7b95_1dXxuejX (0d2350a9-8df5-4f2c-ab69-3eb982bc0345)
2019-11-27 09:24:52.203 2813 RALLYDEBUG rally_openstack.cleanup.manager [-] Deleting neutron.port object s_rally_e04b7b95_FtxcTP5I (0d9a03b5-8427-4885-9016-22b7adbe4199)
2019-11-27 09:24:52.207 2813 RALLYDEBUG rally_openstack.cleanup.manager [-] Deleting neutron.port object s_rally_e04b7b95_6oANvUwk (0da0f737-f215-4104-99c3-cbf2c145433c)
2019-11-27 09:24:52.237 2813 RALLYDEBUG rally_openstack.cleanup.manager [-] Deleting neutron.port object s_rally_e04b7b95_sf2HVb8P (0f302185-ca4e-416f-abd9-1c7eb69e6ad3)
2019-11-27 09:24:52.258 2813 RALLYDEBUG rally_openstack.cleanup.manager [-] Deleting neutron.port object s_rally_e04b7b95_KE5dxQvj (0ff2f3b3-4e90-40d3-b97c-240688097622)
2019-11-27 09:24:52.271 2813 RALLYDEBUG rally_openstack.cleanup.manager [-] Deleting neutron.port object s_rally_e04b7b95_c4QkU5Gk (1039e35c-7963-4711-9440-94d2ef5e1587)
2019-11-27 09:24:52.280 2813 RALLYDEBUG rally_openstack.cleanup.manager [-] Deleting neutron.port object s_rally_e04b7b95_XM8TMWsb (10490d80-c8f3-40ca-a6c9-fd0e9bf87b63)
2019-11-27 09:24:52.289 2813 RALLYDEBUG rally_openstack.cleanup.manager [-] Deleting neutron.port object s_rally_e04b7b95_KAy544Ck (104ac75a-a323-4438-881e-df4653253b71)
2019-11-27 09:24:52.298 2813 RALLYDEBUG rally_openstack.cleanup.manager [-] Deleting neutron.port object s_rally_e04b7b95_VGIzEfVh (178ab9eb-78b1-4fde-a384-66e7bbcf2a35)
2019-11-27 09:24:52.306 2813 RALLYDEBUG rally_openstack.cleanup.manager [-] Deleting neutron.port object s_rally_e04b7b95_i9vBoF4M (17e78971-a3ee-4684-91a8-29099c3b6c33)
2019-11-27 09:24:52.313 2813 RALLYDEBUG rally_openstack.cleanup.manager [-] Deleting neutron.port object s_rally_e04b7b95_jSu5SfQY (19256877-0f4b-4a71-b7cb-106d93205ef0)
2019-11-27 09:24:52.335 2813 RALLYDEBUG rally_openstack.cleanup.manager [-] Deleting neutron.port object s_rally_e04b7b95_QY0bJW9C (192cdf6f-a710-487f-9872-5a8850a0741c)
2019-11-27 09:24:52.354 2813 RALLYDEBUG rally_openstack.cleanup.manager [-] Deleting neutron.port object s_rally_e04b7b95_mcZ7VSaw (19a9e2a9-1bd8-4764-9a70-2484f679a427)
2019-11-27 09:24:52.380 2813 RALLYDEBUG rally_openstack.cleanup.manager [-] Deleting neutron.port object s_rally_e04b7b95_hmVRdReV (1a5722e5-e83f-4f74-902d-afb8476c8f7b)
2019-11-27 09:24:52.405 2813 RALLYDEBUG rally_openstack.cleanup.manager [-] Deleting neutron.port object s_rally_e04b7b95_DcE5ftAi (204387fc-9de8-424d-a1ca-2127128c6dbb)
2019-11-27 09:24:52.414 2813 RALLYDEBUG rally_openstack.cleanup.manager [-] Deleting neutron.port object s_rally_e04b7b95_bF8kwRU2 (209d2535-f987-4e8f-bd59-5a9855c09f1f)
2019-11-27 09:24:54.059 2813 RALLYDEBUG rally_openstack.cleanup.manager [-] Deleting neutron.port object s_rally_e04b7b95_IH9uStBy (21a98aac-65d2-4721-94a1-8c41cde07e6a)
2019-11-27 09:24:54.080 2813 RALLYDEBUG rally_openstack.cleanup.manager [-] Deleting neutron.port object s_rally_e04b7b95_aBra3g3X (23ed07d5-14c2-4de5-9d8b-67f602c3f584)
2019-11-27 09:24:54.221 2813 RALLYDEBUG rally_openstack.cleanup.manager [-] Deleting neutron.port object s_rally_e04b7b95_I4rbQThY (2413ff46-33d7-49c8-af52-18e2be66d875)
2019-11-27 09:24:54.409 2813 RALLYDEBUG rally_openstack.cleanup.manager [-] Deleting neutron.port object s_rally_e04b7b95_tqQ7RKTZ (255c9a2a-a2d5-4c24-876c-098550a981dd)
2019-11-27 09:24:54.426 2813 RALLYDEBUG rally_openstack.cleanup.manager [-] Deleting neutron.port object s_rally_e04b7b95_xbSPsbvB (2799f03d-ebe0-4e52-acf5-919f6b5ff824)
2019-11-27 09:24:54.429 2813 RALLYDEBUG rally_openstack.cleanup.manager [-] Deleting neutron.port object s_rally_e04b7b95_f1QtA8di (29d1b358-bc04-498d-89ae-3d7df8736950)
2019-11-27 09:24:54.455 2813 RALLYDEBUG rally_openstack.cleanup.manager [-] Deleting neutron.port object s_rally_e04b7b95_FvtHVyqW (29f6bda3-ecbc-4f03-93aa-591fb119e11b)
2019-11-27 09:24:54.473 2813 RALLYDEBUG rally_openstack.cleanup.manager [-] Deleting neutron.port object s_rally_e04b7b95_LBj0bP4q (2a8e10d6-9e56-456f-bd35-3a17f6d7236e)
2019-11-27 09:24:54.500 2813 RALLYDEBUG rally_openstack.cleanup.manager [-] Deleting neutron.port object s_rally_e04b7b95_dyu57vMh (2ff94d82-b8f7-4262-ad21-e469a51e9972)
2019-11-27 09:24:54.517 2813 RALLYDEBUG rally_openstack.cleanup.manager [-] Deleting neutron.port object s_rally_e04b7b95_1da6WtvD (3078fa4e-fb08-4e14-8ecd-4d247e616c50)
2019-11-27 09:24:54.592 2813 RALLYDEBUG rally_openstack.cleanup.manager [-] Deleting neutron.port object s_rally_e04b7b95_brw9FGYh (31c31ef6-fdae-4563-a3d4-e450d7ea5f47)
2019-11-27 09:24:54.655 2813 RALLYDEBUG rally_openstack.cleanup.manager [-] Deleting neutron.port object s_rally_e04b7b95_otDAg5h4 (323798ec-d28f-4f94-a74f-a7d000bc74b6)
2019-11-27 09:24:54.747 2813 RALLYDEBUG rally_openstack.cleanup.manager [-] Deleting neutron.port object s_rally_e04b7b95_qU9Tzzco (32aea888-02f5-4c5b-9f32-388c739d0f2c)
2019-11-27 09:24:54.848 2813 RALLYDEBUG rally_openstack.cleanup.manager [-] Deleting neutron.port object s_rally_e04b7b95_f9ZGvYaM (334770ee-6c62-4005-a670-fa73f82b5315)
2019-11-27 09:24:54.885 2813 RALLYDEBUG rally_openstack.cleanup.manager [-] Deleting neutron.port object s_rally_e04b7b95_RdaDX5Mf (35f3f1cc-9ddc-4bcb-83cb-22a9f6d9606c)
2019-11-27 09:24:54.893 2813 RALLYDEBUG rally_openstack.cleanup.manager [-] Deleting neutron.port object s_rally_e04b7b95_Rsu7yRCf (397097f8-b58d-4fb5-bda7-bbe57aa60e91)
2019-11-27 09:24:54.993 2813 RALLYDEBUG rally_openstack.cleanup.manager [-] Deleting neutron.port object s_rally_e04b7b95_LvszUhpb (3a664edf-5f9a-4ad8-8af8-dca8b400fa7d)
2019-11-27 09:24:54.997 2813 RALLYDEBUG rally_openstack.cleanup.manager [-] Deleting neutron.port object s_rally_e04b7b95_s4hgQ20m (3c2d1a13-61ab-48f2-921f-093ec93c40f7)
2019-11-27 09:24:55.001 2813 RALLYDEBUG rally_openstack.cleanup.manager [-] Deleting neutron.port object s_rally_e04b7b95_RcGBfYhq (3c9d4e6b-30b4-490f-be94-f7180e59fcfd)
2019-11-27 09:24:55.057 2813 RALLYDEBUG rally_openstack.cleanup.manager [-] Deleting neutron.port object s_rally_e04b7b95_6qTjYMl8 (3cf6fe76-f089-4303-958a-e0abda9e4a94)
2019-11-27 09:24:55.812 2813 RALLYDEBUG rally_openstack.cleanup.manager [-] Deleting neutron.port object s_rally_e04b7b95_yXiUehcF (3cfbbcdf-14e5-487c-8ac7-1e47952b6c05)
2019-11-27 09:24:55.868 2813 RALLYDEBUG rally_openstack.cleanup.manager [-] Deleting neutron.port object s_rally_e04b7b95_vcacUYtB (3d371981-4945-404e-b80d-1c2abe349caa)
2019-11-27 09:24:55.968 2813 RALLYDEBUG rally_openstack.cleanup.manager [-] Deleting neutron.port object s_rally_e04b7b95_EL6N8cA1 (3d7fded4-2bee-4486-a002-cc8f349877de)
2019-11-27 09:24:56.201 2813 RALLYDEBUG rally_openstack.cleanup.manager [-] Deleting neutron.port object s_rally_e04b7b95_MRXq9stl (3f1b88ce-907f-4450-8ec7-b82e86ee8343)
2019-11-27 09:24:56.393 2813 RALLYDEBUG rally_openstack.cleanup.manager [-] Deleting neutron.port object s_rally_e04b7b95_YI5w7jNB (3ffb74a6-4253-44e0-8f46-c986ae7fa1b8)
2019-11-27 09:24:56.508 2813 RALLYDEBUG rally_openstack.cleanup.manager [-] Deleting neutron.port object s_rally_e04b7b95_tWpldaYi (400267c3-67cf-4933-be68-febaea889e27)
2019-11-27 09:24:56.517 2813 RALLYDEBUG rally_openstack.cleanup.manager [-] Deleting neutron.port object s_rally_e04b7b95_EpTc7zjR (408ebb2c-ab5f-4f7c-8721-1076b1a2ac3e)
2019-11-27 09:24:56.591 2813 RALLYDEBUG rally_openstack.cleanup.manager [-] Deleting neutron.port object s_rally_e04b7b95_L61yzIts (41e7f9ce-7bd2-4a32-9b60-fe8f5018f077)
2019-11-27 09:24:56.600 2813 RALLYDEBUG rally_openstack.cleanup.manager [-] Deleting neutron.port object s_rally_e04b7b95_50eFKKyq (42f2d024-6d6b-4ef9-8d2b-ac6a29dfb042)
2019-11-27 09:24:56.609 2813 RALLYDEBUG rally_openstack.cleanup.manager [-] Deleting neutron.port object s_rally_e04b7b95_kxELQXHn (43813682-1e75-429d-8a7c-f924a0f02122)
2019-11-27 09:24:56.626 2813 RALLYDEBUG rally_openstack.cleanup.manager [-] Deleting neutron.port object s_rally_e04b7b95_GHkzE8Sy (44a58475-1f94-4cdb-9085-6bb4da70759c)
2019-11-27 09:24:56.688 2813 RALLYDEBUG rally_openstack.cleanup.manager [-] Deleting neutron.port object s_rally_e04b7b95_n5EhPXUx (4581cc09-255d-4104-8d47-5e0419908b0f)
2019-11-27 09:24:56.717 2813 RALLYDEBUG rally_openstack.cleanup.manager [-] Deleting neutron.port object s_rally_e04b7b95_uW78cdBj (4ac5e32d-edd9-45ea-8ec9-5395e9b28825)
2019-11-27 09:24:56.721 2813 RALLYDEBUG rally_openstack.cleanup.manager [-] Deleting neutron.port object s_rally_e04b7b95_DnTvKmr4 (4b0c821e-e77b-4d5c-be3e-f9c585ee558d)
2019-11-27 09:24:56.729 2813 RALLYDEBUG rally_openstack.cleanup.manager [-] Deleting neutron.port object s_rally_e04b7b95_INnftby0 (4c150065-8370-4782-be1e-b257bf01adfb)
2019-11-27 09:24:56.759 2813 RALLYDEBUG rally_openstack.cleanup.manager [-] Deleting neutron.port object s_rally_e04b7b95_kJhMx1ba (4db831a5-7361-4621-b0ba-81705bb5d217)
2019-11-27 09:24:56.843 2813 RALLYDEBUG rally_openstack.cleanup.manager [-] Deleting neutron.port object s_rally_e04b7b95_xvNgOwKh (4f741c09-a34f-4f22-93f1-3ea3419f116c)
2019-11-27 09:24:56.870 2813 RALLYDEBUG rally_openstack.cleanup.manager [-] Deleting neutron.port object s_rally_e04b7b95_382n3u2i (4fb88d1c-1778-4a0a-b764-d0ade5e62132)
2019-11-27 09:24:56.961 2813 RALLYDEBUG rally_openstack.cleanup.manager [-] Deleting neutron.port object s_rally_e04b7b95_FHS11kQq (4fdcc747-1f1d-4ffc-b84f-71c2ee46395f)
2019-11-27 09:24:57.156 2813 RALLYDEBUG rally_openstack.cleanup.manager [-] Deleting neutron.port object s_rally_e04b7b95_g6OedcVR (507570f0-ba14-428e-b0ad-d92aa9c25619)
2019-11-27 09:24:57.545 2813 RALLYDEBUG rally_openstack.cleanup.manager [-] Deleting neutron.port object s_rally_e04b7b95_euEU9RsE (5304668e-11e2-46cf-b5b2-0a2bc10ba3a2)
2019-11-27 09:24:57.589 2813 RALLYDEBUG rally_openstack.cleanup.manager [-] Deleting neutron.port object s_rally_e04b7b95_6n85n8uB (5365f658-a41b-4c49-83f4-daec816a0f83)
2019-11-27 09:24:57.938 2813 RALLYDEBUG rally_openstack.cleanup.manager [-] Deleting neutron.port object s_rally_e04b7b95_8aLb5Hh4 (53e0356e-64d4-4466-b28d-f55444c12057)
2019-11-27 09:24:57.958 2813 RALLYDEBUG rally_openstack.cleanup.manager [-] Deleting neutron.port object s_rally_e04b7b95_velNWMCf (546ef652-47b7-4473-8512-c42d236da4fb)
2019-11-27 09:24:58.119 2813 RALLYDEBUG rally_openstack.cleanup.manager [-] Deleting neutron.port object s_rally_e04b7b95_VG6ilgYr (58a6434f-0e18-4d01-b533-5150193ea623)
2019-11-27 09:24:58.287 2813 RALLYDEBUG rally_openstack.cleanup.manager [-] Deleting neutron.port object s_rally_e04b7b95_PR6wdME8 (5a40de8b-3219-475f-9353-d8128555ee0f)
2019-11-27 09:24:58.330 2813 RALLYDEBUG rally_openstack.cleanup.manager [-] Deleting neutron.port object s_rally_e04b7b95_OGq0DQzs (5c0ffa00-8e06-4fbb-a68c-d3d5d6f94b9b)
2019-11-27 09:24:58.429 2813 RALLYDEBUG rally_openstack.cleanup.manager [-] Deleting neutron.port object s_rally_e04b7b95_rBX4FdNg (5deb0d96-fc14-448e-a6eb-56b37d4fdbfc)
2019-11-27 09:24:58.511 2813 RALLYDEBUG rally_openstack.cleanup.manager [-] Deleting neutron.port object s_rally_e04b7b95_Fa1WXJwl (5e793496-02a1-4825-9156-c6eb90641d27)
2019-11-27 09:24:58.568 2813 RALLYDEBUG rally_openstack.cleanup.manager [-] Deleting neutron.port object s_rally_e04b7b95_uTzaGRsQ (5eb2d0a4-5dd0-4bc6-a899-e16b1ef86b4e)
2019-11-27 09:24:58.635 2813 RALLYDEBUG rally_openstack.cleanup.manager [-] Deleting neutron.port object s_rally_e04b7b95_BnMOtDJx (5eb9e752-cd75-4e23-9181-89715105c9ec)
2019-11-27 09:24:58.676 2813 RALLYDEBUG rally_openstack.cleanup.manager [-] Deleting neutron.port object s_rally_e04b7b95_VwNkI09j (5f431aaf-baff-4b08-853d-98a7df42c15c)
2019-11-27 09:24:58.715 2813 RALLYDEBUG rally_openstack.cleanup.manager [-] Deleting neutron.port object s_rally_e04b7b95_4m2zFBC4 (6351b9d3-d577-48cb-86ea-5da6ed6342fe)
2019-11-27 09:24:58.760 2813 RALLYDEBUG rally_openstack.cleanup.manager [-] Deleting neutron.port object s_rally_e04b7b95_HWSMcALu (68d75c02-1663-43ae-9cb8-93e55e3b2a42)
2019-11-27 09:24:58.869 2813 RALLYDEBUG rally_openstack.cleanup.manager [-] Deleting neutron.port object s_rally_e04b7b95_CoUjroJQ (690859c2-72ce-42be-a26d-75ab77d14c37)
2019-11-27 09:24:58.898 2813 RALLYDEBUG rally_openstack.cleanup.manager [-] Deleting neutron.port object s_rally_e04b7b95_Xsc2NXKN (69e7539a-7760-4425-8b24-dbc770924f7d)
2019-11-27 09:24:58.978 2813 RALLYDEBUG rally_openstack.cleanup.manager [-] Deleting neutron.port object s_rally_e04b7b95_x6RNdzYa (6c8221fe-1d99-49d1-bcf8-8afb6c84a048)
2019-11-27 09:24:59.006 2813 RALLYDEBUG rally_openstack.cleanup.manager [-] Deleting neutron.port object s_rally_e04b7b95_0DE1YDwF (6d8189aa-fae2-4692-b083-3263da70da60)
2019-11-27 09:24:59.147 2813 RALLYDEBUG rally_openstack.cleanup.manager [-] Deleting neutron.port object s_rally_e04b7b95_ehN14DXN (6e1f37de-2362-41f3-95db-b1e3b001725a)
2019-11-27 09:24:59.194 2813 RALLYDEBUG rally_openstack.cleanup.manager [-] Deleting neutron.port object s_rally_e04b7b95_bgHTgOrK (6f560ad5-a05c-40bf-b7d2-0068df1e2c3d)
2019-11-27 09:24:59.489 2813 RALLYDEBUG rally_openstack.cleanup.manager [-] Deleting neutron.port object s_rally_e04b7b95_R5sx6RHO (6ff2be3a-810c-45b7-9d80-e81e8b039ae2)
2019-11-27 09:24:59.562 2813 RALLYDEBUG rally_openstack.cleanup.manager [-] Deleting neutron.port object s_rally_e04b7b95_RZX3BYX9 (72b8fe6d-bec3-48db-932a-dbd56f6a419a)
2019-11-27 09:24:59.679 2813 RALLYDEBUG rally_openstack.cleanup.manager [-] Deleting neutron.port object s_rally_e04b7b95_Stjqu87O (751c5b76-4d2b-42f9-b97f-55854e4778ea)
2019-11-27 09:24:59.688 2813 RALLYDEBUG rally_openstack.cleanup.manager [-] Deleting neutron.port object s_rally_e04b7b95_su0sAv4L (754bbd14-c3f7-4da8-9eb5-5dcefe985fa5)
2019-11-27 09:24:59.855 2813 RALLYDEBUG rally_openstack.cleanup.manager [-] Deleting neutron.port object s_rally_e04b7b95_EZ5vlR0u (75559c04-c4df-46c3-b5aa-cfb8f0f66887)
