2019-11-27 07:08:15.853 727 RALLYDEBUG rally.task.runner [-] Starting the constant runner (task UUID: 84d19f3c-edd5-4ebf-8d23-1504ce0a201d). times: 10 concurrency: 4 timeout: 0 max_cpu_used: 16 processes_to_start: 4 concurrency_per_worker: 1 concurrency_overhead: 0
2019-11-27 07:08:15.865 975 RALLYDEBUG rally.task.runner [-] Starting a worker. times: 10 duration: None concurrency: 1 timeout: 0 cls: method_name: run args: {"container_format": "bare", "disk_format": "qcow2", "image_location": "/home/opnfv/functest/images/cirros-0.4.0-x86_64-disk.img"}
2019-11-27 07:08:15.869 976 RALLYDEBUG rally.task.runner [-] Starting a worker. times: 10 duration: None concurrency: 1 timeout: 0 cls: method_name: run args: {"container_format": "bare", "disk_format": "qcow2", "image_location": "/home/opnfv/functest/images/cirros-0.4.0-x86_64-disk.img"}
2019-11-27 07:08:15.872 975 INFO rally.task.runner [-] Task 84d19f3c-edd5-4ebf-8d23-1504ce0a201d | ITER: 1 START
2019-11-27 07:08:15.873 977 RALLYDEBUG rally.task.runner [-] Starting a worker. times: 10 duration: None concurrency: 1 timeout: 0 cls: method_name: run args: {"container_format": "bare", "disk_format": "qcow2", "image_location": "/home/opnfv/functest/images/cirros-0.4.0-x86_64-disk.img"}
2019-11-27 07:08:15.876 976 INFO rally.task.runner [-] Task 84d19f3c-edd5-4ebf-8d23-1504ce0a201d | ITER: 2 START
2019-11-27 07:08:15.876 979 RALLYDEBUG rally.task.runner [-] Starting a worker. times: 10 duration: None concurrency: 1 timeout: 0 cls: method_name: run args: {"container_format": "bare", "disk_format": "qcow2", "image_location": "/home/opnfv/functest/images/cirros-0.4.0-x86_64-disk.img"}
2019-11-27 07:08:15.879 977 INFO rally.task.runner [-] Task 84d19f3c-edd5-4ebf-8d23-1504ce0a201d | ITER: 3 START
2019-11-27 07:08:15.882 979 INFO rally.task.runner [-] Task 84d19f3c-edd5-4ebf-8d23-1504ce0a201d | ITER: 4 START
2019-11-27 07:08:18.842 979 RALLYDEBUG rally.task.utils [-] Waiting for resource 'cd967516-8900-4ec7-badb-641c52f65256'. Status changed: NONE => QUEUED in 0.03423619270324707
2019-11-27 07:08:18.845 976 RALLYDEBUG rally.task.utils [-] Waiting for resource '8dd70bb1-6907-4b94-8333-54e6a93c7fa4'. Status changed: NONE => QUEUED in 0.03524899482727051
2019-11-27 07:08:18.845 975 RALLYDEBUG rally.task.utils [-] Waiting for resource '11d5a890-75f7-4f53-ab96-d7c4c6d308e3'. Status changed: NONE => QUEUED in 0.03599262237548828
2019-11-27 07:08:18.847 977 RALLYDEBUG rally.task.utils [-] Waiting for resource 'e0fc03b3-29ed-4444-a1d2-a56b934aeee1'. Status changed: NONE => QUEUED in 0.0319676399230957
2019-11-27 07:08:19.081 976 RALLYDEBUG rally.task.utils [-] Waiting for resource s_rally_05bfbdba_20KzR4Es. Status changed: QUEUED => ACTIVE in 0.018923282623291016
2019-11-27 07:08:19.082 977 RALLYDEBUG rally.task.utils [-] Waiting for resource s_rally_05bfbdba_7FJD96QO. Status changed: QUEUED => ACTIVE in 0.020330429077148438
2019-11-27 07:08:19.100 979 RALLYDEBUG rally.task.utils [-] Waiting for resource s_rally_05bfbdba_fYvs0sJo. Status changed: QUEUED => ACTIVE in 0.018371105194091797
2019-11-27 07:08:19.103 975 RALLYDEBUG rally.task.utils [-] Waiting for resource s_rally_05bfbdba_QJLwQr5U. Status changed: QUEUED => ACTIVE in 0.01982402801513672
2019-11-27 07:08:19.111 977 INFO rally.task.runner [-] Task 84d19f3c-edd5-4ebf-8d23-1504ce0a201d | ITER: 3 END: OK
2019-11-27 07:08:19.114 976 INFO rally.task.runner [-] Task 84d19f3c-edd5-4ebf-8d23-1504ce0a201d | ITER: 2 END: OK
2019-11-27 07:08:19.115 977 INFO rally.task.runner [-] Task 84d19f3c-edd5-4ebf-8d23-1504ce0a201d | ITER: 5 START
2019-11-27 07:08:19.119 976 INFO rally.task.runner [-] Task 84d19f3c-edd5-4ebf-8d23-1504ce0a201d | ITER: 6 START
2019-11-27 07:08:19.130 979 INFO rally.task.runner [-] Task 84d19f3c-edd5-4ebf-8d23-1504ce0a201d | ITER: 4 END: OK
2019-11-27 07:08:19.134 979 INFO rally.task.runner [-] Task 84d19f3c-edd5-4ebf-8d23-1504ce0a201d | ITER: 7 START
2019-11-27 07:08:19.135 975 INFO rally.task.runner [-] Task 84d19f3c-edd5-4ebf-8d23-1504ce0a201d | ITER: 1 END: OK
2019-11-27 07:08:19.139 975 INFO rally.task.runner [-] Task 84d19f3c-edd5-4ebf-8d23-1504ce0a201d | ITER: 8 START
2019-11-27 07:08:21.899 976 RALLYDEBUG rally.task.utils [-] Waiting for resource 'ca97620d-197b-42c1-8649-a9328dbb41fe'. Status changed: NONE => QUEUED in 0.039197683334350586
2019-11-27 07:08:21.899 979 RALLYDEBUG rally.task.utils [-] Waiting for resource 'b6ba664e-49d2-4079-a345-fca0f2166b72'. Status changed: NONE => QUEUED in 0.04111814498901367
2019-11-27 07:08:21.981 975 RALLYDEBUG rally.task.utils [-] Waiting for resource '659e60b4-ac7a-4527-a75f-a7d52387442a'. Status changed: NONE => QUEUED in 0.040699005126953125
2019-11-27 07:08:22.001 977 RALLYDEBUG rally.task.utils [-] Waiting for resource 'e3bc8b82-7815-4c9d-abe4-5d089192651c'. Status changed: NONE => QUEUED in 0.05556058883666992
2019-11-27 07:08:22.131 979 RALLYDEBUG rally.task.utils [-] Waiting for resource s_rally_05bfbdba_8Pu4k2Bf. Status changed: QUEUED => ACTIVE in 0.019283056259155273
2019-11-27 07:08:22.144 976 RALLYDEBUG rally.task.utils [-] Waiting for resource s_rally_05bfbdba_B4wTgS2R. Status changed: QUEUED => ACTIVE in 0.01916646957397461
2019-11-27 07:08:22.169 979 INFO rally.task.runner [-] Task 84d19f3c-edd5-4ebf-8d23-1504ce0a201d | ITER: 7 END: OK
2019-11-27 07:08:22.173 979 INFO rally.task.runner [-] Task 84d19f3c-edd5-4ebf-8d23-1504ce0a201d | ITER: 9 START
2019-11-27 07:08:22.175 976 INFO rally.task.runner [-] Task 84d19f3c-edd5-4ebf-8d23-1504ce0a201d | ITER: 6 END: OK
2019-11-27 07:08:22.178 976 INFO rally.task.runner [-] Task 84d19f3c-edd5-4ebf-8d23-1504ce0a201d | ITER: 10 START
2019-11-27 07:08:22.221 975 RALLYDEBUG rally.task.utils [-] Waiting for resource s_rally_05bfbdba_hsUJ9plu. Status changed: QUEUED => ACTIVE in 0.017153024673461914
2019-11-27 07:08:22.238 977 RALLYDEBUG rally.task.utils [-] Waiting for resource s_rally_05bfbdba_NMinJutS. Status changed: QUEUED => ACTIVE in 0.019460439682006836
2019-11-27 07:08:22.252 975 INFO rally.task.runner [-] Task 84d19f3c-edd5-4ebf-8d23-1504ce0a201d | ITER: 8 END: OK
2019-11-27 07:08:22.269 977 INFO rally.task.runner [-] Task 84d19f3c-edd5-4ebf-8d23-1504ce0a201d | ITER: 5 END: OK
2019-11-27 07:08:24.969 979 RALLYDEBUG rally.task.utils [-] Waiting for resource '4f577915-5f6b-4537-adef-cb32ca5695b9'. Status changed: NONE => QUEUED in 0.04359269142150879
2019-11-27 07:08:25.216 979 RALLYDEBUG rally.task.utils [-] Waiting for resource s_rally_05bfbdba_yiiYBfM6. Status changed: QUEUED => ACTIVE in 0.02486896514892578
2019-11-27 07:08:25.258 979 INFO rally.task.runner [-] Task 84d19f3c-edd5-4ebf-8d23-1504ce0a201d | ITER: 9 END: OK
2019-11-27 07:08:25.267 976 RALLYDEBUG rally.task.utils [-] Waiting for resource '8d1d06e5-6e38-4d1d-9994-28d64dfdc26b'. Status changed: NONE => QUEUED in 0.0321044921875
2019-11-27 07:08:25.479 976 RALLYDEBUG rally.task.utils [-] Waiting for resource s_rally_05bfbdba_g07YAUES. Status changed: QUEUED => ACTIVE in 0.02045154571533203
2019-11-27 07:08:25.520 976 INFO rally.task.runner [-] Task 84d19f3c-edd5-4ebf-8d23-1504ce0a201d | ITER: 10 END: OK
2019-11-27 07:08:25.544 727 INFO rally.task.context [-] Task 84d19f3c-edd5-4ebf-8d23-1504ce0a201d | Context cleanup@openstack cleanup() started
2019-11-27 07:08:25.547 727 RALLYDEBUG rally_openstack.cleanup.manager [-] Cleaning up glance images objects
2019-11-27 07:08:27.004 727 RALLYDEBUG rally_openstack.cleanup.manager [-] Deleting glance.images object s_rally_05bfbdba_8Pu4k2Bf (b6ba664e-49d2-4079-a345-fca0f2166b72)
2019-11-27 07:08:27.013 727 RALLYDEBUG rally_openstack.cleanup.manager [-] Deleting glance.images object s_rally_05bfbdba_7FJD96QO (e0fc03b3-29ed-4444-a1d2-a56b934aeee1)
2019-11-27 07:08:27.022 727 RALLYDEBUG rally_openstack.cleanup.manager [-] Deleting glance.images object s_rally_05bfbdba_g07YAUES (8d1d06e5-6e38-4d1d-9994-28d64dfdc26b)
2019-11-27 07:08:27.031 727 RALLYDEBUG rally_openstack.cleanup.manager [-] Deleting glance.images object s_rally_05bfbdba_NMinJutS (e3bc8b82-7815-4c9d-abe4-5d089192651c)
2019-11-27 07:08:27.036 727 RALLYDEBUG rally_openstack.cleanup.manager [-] Deleting glance.images object s_rally_05bfbdba_hsUJ9plu (659e60b4-ac7a-4527-a75f-a7d52387442a)
2019-11-27 07:08:27.042 727 RALLYDEBUG rally_openstack.cleanup.manager [-] Deleting glance.images object s_rally_05bfbdba_20KzR4Es (8dd70bb1-6907-4b94-8333-54e6a93c7fa4)
2019-11-27 07:08:27.054 727 RALLYDEBUG rally_openstack.cleanup.manager [-] Deleting glance.images object s_rally_05bfbdba_yiiYBfM6 (4f577915-5f6b-4537-adef-cb32ca5695b9)
2019-11-27 07:08:27.066 727 RALLYDEBUG rally_openstack.cleanup.manager [-] Deleting glance.images object s_rally_05bfbdba_B4wTgS2R (ca97620d-197b-42c1-8649-a9328dbb41fe)
2019-11-27 07:08:27.073 727 RALLYDEBUG rally_openstack.cleanup.manager [-] Deleting glance.images object s_rally_05bfbdba_fYvs0sJo (cd967516-8900-4ec7-badb-641c52f65256)
2019-11-27 07:08:27.079 727 RALLYDEBUG rally_openstack.cleanup.manager [-] Deleting glance.images object s_rally_05bfbdba_QJLwQr5U (11d5a890-75f7-4f53-ab96-d7c4c6d308e3)
2019-11-27 07:08:27.519 727 DEBUG glanceclient.common.http [-] Request returned failure status 404. _handle_response /usr/lib/python3.6/site-packages/glanceclient/common/http.py:125
2019-11-27 07:08:27.539 727 DEBUG glanceclient.common.http [-] Request returned failure status 404. _handle_response /usr/lib/python3.6/site-packages/glanceclient/common/http.py:125
2019-11-27 07:08:27.607 727 DEBUG glanceclient.common.http [-] Request returned failure status 404. _handle_response /usr/lib/python3.6/site-packages/glanceclient/common/http.py:125
2019-11-27 07:08:27.616 727 DEBUG glanceclient.common.http [-] Request returned failure status 404. _handle_response /usr/lib/python3.6/site-packages/glanceclient/common/http.py:125
2019-11-27 07:08:27.632 727 DEBUG glanceclient.common.http [-] Request returned failure status 404. _handle_response /usr/lib/python3.6/site-packages/glanceclient/common/http.py:125
2019-11-27 07:08:27.639 727 DEBUG glanceclient.common.http [-] Request returned failure status 404. _handle_response /usr/lib/python3.6/site-packages/glanceclient/common/http.py:125
2019-11-27 07:08:27.645 727 DEBUG glanceclient.common.http [-] Request returned failure status 404. _handle_response /usr/lib/python3.6/site-packages/glanceclient/common/http.py:125
2019-11-27 07:08:27.647 727 DEBUG glanceclient.common.http [-] Request returned failure status 404. _handle_response /usr/lib/python3.6/site-packages/glanceclient/common/http.py:125
2019-11-27 07:08:27.660 727 DEBUG glanceclient.common.http [-] Request returned failure status 404. _handle_response /usr/lib/python3.6/site-packages/glanceclient/common/http.py:125
2019-11-27 07:08:27.672 727 DEBUG glanceclient.common.http [-] Request returned failure status 404. _handle_response /usr/lib/python3.6/site-packages/glanceclient/common/http.py:125
2019-11-27 07:08:27.679 727 DEBUG glanceclient.common.http [-] Request returned failure status 404. _handle_response /usr/lib/python3.6/site-packages/glanceclient/common/http.py:125
2019-11-27 07:08:27.680 727 DEBUG glanceclient.common.http [-] Request returned failure status 404. _handle_response /usr/lib/python3.6/site-packages/glanceclient/common/http.py:125
2019-11-27 07:08:27.682 727 DEBUG glanceclient.common.http [-] Request returned failure status 404. _handle_response /usr/lib/python3.6/site-packages/glanceclient/common/http.py:125
2019-11-27 07:08:27.687 727 DEBUG glanceclient.common.http [-] Request returned failure status 404. _handle_response /usr/lib/python3.6/site-packages/glanceclient/common/http.py:125
2019-11-27 07:08:27.702 727 DEBUG glanceclient.common.http [-] Request returned failure status 404. _handle_response /usr/lib/python3.6/site-packages/glanceclient/common/http.py:125
2019-11-27 07:08:27.704 727 DEBUG glanceclient.common.http [-] Request returned failure status 404. _handle_response /usr/lib/python3.6/site-packages/glanceclient/common/http.py:125
2019-11-27 07:08:27.894 727 DEBUG glanceclient.common.http [-] Request returned failure status 404. _handle_response /usr/lib/python3.6/site-packages/glanceclient/common/http.py:125
2019-11-27 07:08:27.903 727 DEBUG glanceclient.common.http [-] Request returned failure status 404. _handle_response /usr/lib/python3.6/site-packages/glanceclient/common/http.py:125
2019-11-27 07:08:27.912 727 DEBUG glanceclient.common.http [-] Request returned failure status 404. _handle_response /usr/lib/python3.6/site-packages/glanceclient/common/http.py:125
2019-11-27 07:08:27.919 727 DEBUG glanceclient.common.http [-] Request returned failure status 404. _handle_response /usr/lib/python3.6/site-packages/glanceclient/common/http.py:125
2019-11-27 07:08:28.922 727 INFO rally.task.context [-] Task 84d19f3c-edd5-4ebf-8d23-1504ce0a201d | Context cleanup@openstack cleanup() finished in 3.38 sec
2019-11-27 07:08:28.923 727 INFO rally.task.context [-] Task 84d19f3c-edd5-4ebf-8d23-1504ce0a201d | Context users@openstack cleanup() started
2019-11-27 07:08:33.476 727 INFO rally.task.context [-] Task 84d19f3c-edd5-4ebf-8d23-1504ce0a201d | Context users@openstack cleanup() finished in 4.55 sec
2019-11-27 07:08:35.261 727 INFO rally.task.engine [-] Load duration is: 8.953491
2019-11-27 07:08:35.261 727 INFO rally.task.engine [-] Full runner duration is: 9.690953
2019-11-27 07:08:35.262 727 INFO rally.task.engine [-] Full duration is: 20.398282
2019-11-27 07:08:35.853 727 INFO rally.task.engine [-] Running workload: position = 0 config = { "version": 2, "title": "A cropped version of a bigger task.", "description": "Auto-generated task from a single workload (uuid=5d4ed7ed-8382-40fb-aed5-44f8bfda4b52)", "subtasks": [ { "title": "GlanceImages.list_images", "description": "List all images.", "scenario": { "GlanceImages.list_images": {} }, "contexts": { "users": { "tenants": 3, "users_per_tenant": 2 } }, "runner": { "constant": { "concurrency": 4, "times": 10 } }, "hooks": [], "sla": { "failure_rate": { "max": 0 } } } ] }
2019-11-27 07:08:35.876 727 RALLYDEBUG rally_openstack.contexts.keystone.users [-] Creating 3 tenants using 20 threads
2019-11-27 07:08:36.952 727 RALLYDEBUG rally_openstack.contexts.keystone.users [-] Creating 6 users using 20 threads
2019-11-27 07:08:38.526 727 INFO rally.task.context [-] Task 84d19f3c-edd5-4ebf-8d23-1504ce0a201d | Context users@openstack setup() finished in 2.65 sec
2019-11-27 07:08:38.534 727 RALLYDEBUG rally.task.runner [-] Starting the constant runner (task UUID: 84d19f3c-edd5-4ebf-8d23-1504ce0a201d). times: 10 concurrency: 4 timeout: 0 max_cpu_used: 16 processes_to_start: 4 concurrency_per_worker: 1 concurrency_overhead: 0
2019-11-27 07:08:38.545 1099 RALLYDEBUG rally.task.runner [-] Starting a worker. times: 10 duration: None concurrency: 1 timeout: 0 cls: method_name: run args: {}
2019-11-27 07:08:38.549 1100 RALLYDEBUG rally.task.runner [-] Starting a worker. times: 10 duration: None concurrency: 1 timeout: 0 cls: method_name: run args: {}
2019-11-27 07:08:38.552 1099 INFO rally.task.runner [-] Task 84d19f3c-edd5-4ebf-8d23-1504ce0a201d | ITER: 1 START
2019-11-27 07:08:38.552 1101 RALLYDEBUG rally.task.runner [-] Starting a worker. times: 10 duration: None concurrency: 1 timeout: 0 cls: method_name: run args: {}
2019-11-27 07:08:38.556 1100 INFO rally.task.runner [-] Task 84d19f3c-edd5-4ebf-8d23-1504ce0a201d | ITER: 2 START
2019-11-27 07:08:38.556 1104 RALLYDEBUG rally.task.runner [-] Starting a worker. times: 10 duration: None concurrency: 1 timeout: 0 cls: method_name: run args: {}
2019-11-27 07:08:38.559 1101 INFO rally.task.runner [-] Task 84d19f3c-edd5-4ebf-8d23-1504ce0a201d | ITER: 3 START
2019-11-27 07:08:38.563 1104 INFO rally.task.runner [-] Task 84d19f3c-edd5-4ebf-8d23-1504ce0a201d | ITER: 4 START
2019-11-27 07:08:39.434 1104 INFO rally.task.runner [-] Task 84d19f3c-edd5-4ebf-8d23-1504ce0a201d | ITER: 4 END: OK
2019-11-27 07:08:39.438 1104 INFO rally.task.runner [-] Task 84d19f3c-edd5-4ebf-8d23-1504ce0a201d | ITER: 5 START
2019-11-27 07:08:39.440 1100 INFO rally.task.runner [-] Task 84d19f3c-edd5-4ebf-8d23-1504ce0a201d | ITER: 2 END: OK
2019-11-27 07:08:39.442 1099 INFO rally.task.runner [-] Task 84d19f3c-edd5-4ebf-8d23-1504ce0a201d | ITER: 1 END: OK
2019-11-27 07:08:39.444 1100 INFO rally.task.runner [-] Task 84d19f3c-edd5-4ebf-8d23-1504ce0a201d | ITER: 6 START
2019-11-27 07:08:39.445 1101 INFO rally.task.runner [-] Task 84d19f3c-edd5-4ebf-8d23-1504ce0a201d | ITER: 3 END: OK
2019-11-27 07:08:39.446 1099 INFO rally.task.runner [-] Task 84d19f3c-edd5-4ebf-8d23-1504ce0a201d | ITER: 7 START
2019-11-27 07:08:39.448 1101 INFO rally.task.runner [-] Task 84d19f3c-edd5-4ebf-8d23-1504ce0a201d | ITER: 8 START
2019-11-27 07:08:40.121 1101 INFO rally.task.runner [-] Task 84d19f3c-edd5-4ebf-8d23-1504ce0a201d | ITER: 8 END: OK
2019-11-27 07:08:40.125 1101 INFO rally.task.runner [-] Task 84d19f3c-edd5-4ebf-8d23-1504ce0a201d | ITER: 9 START
2019-11-27 07:08:40.126 1104 INFO rally.task.runner [-] Task 84d19f3c-edd5-4ebf-8d23-1504ce0a201d | ITER: 5 END: OK
2019-11-27 07:08:40.130 1104 INFO rally.task.runner [-] Task 84d19f3c-edd5-4ebf-8d23-1504ce0a201d | ITER: 10 START
2019-11-27 07:08:40.220 1099 INFO rally.task.runner [-] Task 84d19f3c-edd5-4ebf-8d23-1504ce0a201d | ITER: 7 END: OK
2019-11-27 07:08:40.221 1100 INFO rally.task.runner [-] Task 84d19f3c-edd5-4ebf-8d23-1504ce0a201d | ITER: 6 END: OK
2019-11-27 07:08:40.808 1101 INFO rally.task.runner [-] Task 84d19f3c-edd5-4ebf-8d23-1504ce0a201d | ITER: 9 END: OK
2019-11-27 07:08:40.957 1104 INFO rally.task.runner [-] Task 84d19f3c-edd5-4ebf-8d23-1504ce0a201d | ITER: 10 END: OK
2019-11-27 07:08:40.981 727 INFO rally.task.context [-] Task 84d19f3c-edd5-4ebf-8d23-1504ce0a201d | Context users@openstack cleanup() started
2019-11-27 07:08:45.475 727 INFO rally.task.context [-] Task 84d19f3c-edd5-4ebf-8d23-1504ce0a201d | Context users@openstack cleanup() finished in 4.49 sec
2019-11-27 07:08:45.998 727 INFO rally.task.engine [-] Load duration is: 1.700768
2019-11-27 07:08:45.998 727 INFO rally.task.engine [-] Full runner duration is: 2.447043
2019-11-27 07:08:45.999 727 INFO rally.task.engine [-] Full duration is: 9.600396
2019-11-27 07:08:46.587 727 INFO rally.task.engine [-] Running workload: position = 0 config = { "version": 2, "title": "A cropped version of a bigger task.", "description": "Auto-generated task from a single workload (uuid=d53eef20-d0f8-438a-b149-316c1d0fe4aa)", "subtasks": [ { "title": "GlanceImages.create_image_and_boot_instances", "description": "Create an image and boot several instances from it.", "scenario": { "GlanceImages.create_image_and_boot_instances": { "container_format": "bare", "disk_format": "qcow2", "image_location": "/home/opnfv/functest/images/cirros-0.4.0-x86_64-disk.img", "flavor": { "name": "rally_full-flavor_57ee946c-5f1b-4106-aebb-3fde2ec88a78" }, "number_instances": 2, "nics": [ { "net-id": "d95c9992-5f2f-47fa-b118-becdfa3d2826" } ] } }, "contexts": { "users": { "tenants": 3, "users_per_tenant": 2 }, "quotas": { "nova": { "cores": -1, "floating_ips": -1, "instances": -1, "ram": -1, "security_group_rules": -1, "security_groups": -1 } } }, "runner": { "constant": { "concurrency": 4, "times": 10 } }, "hooks": [], "sla": { "failure_rate": { "max": 0 } } } ] }
2019-11-27 07:08:46.613 727 RALLYDEBUG rally_openstack.contexts.keystone.users [-] Creating 3 tenants using 20 threads
2019-11-27 07:08:47.548 727 RALLYDEBUG rally_openstack.contexts.keystone.users [-] Creating 6 users using 20 threads
2019-11-27 07:08:49.082 727 INFO rally.task.context [-] Task 84d19f3c-edd5-4ebf-8d23-1504ce0a201d | Context users@openstack setup() finished in 2.47 sec
2019-11-27 07:08:50.378 727 INFO rally.task.context [-] Task 84d19f3c-edd5-4ebf-8d23-1504ce0a201d | Context quotas@openstack setup() finished in 1.30 sec
2019-11-27 07:08:50.379 727 INFO rally.task.context [-] Task 84d19f3c-edd5-4ebf-8d23-1504ce0a201d | Context cleanup@openstack setup() finished in 0.01 msec
2019-11-27 07:08:50.780 727 RALLYDEBUG rally.task.runner [-] Starting the constant runner (task UUID: 84d19f3c-edd5-4ebf-8d23-1504ce0a201d). times: 10 concurrency: 4 timeout: 0 max_cpu_used: 16 processes_to_start: 4 concurrency_per_worker: 1 concurrency_overhead: 0
2019-11-27 07:08:50.793 1203 RALLYDEBUG rally.task.runner [-] Starting a worker. times: 10 duration: None concurrency: 1 timeout: 0 cls: method_name: run args: {"container_format": "bare", "disk_format": "qcow2", "image_location": "/home/opnfv/functest/images/cirros-0.4.0-x86_64-disk.img", "flavor": "b7ee6839-7084-4d32-bbfc-2b8387608c08", "number_instances": 2, "nics": [{"net-id": "d95c9992-5f2f-47fa-b118-becdfa3d2826"}]}
2019-11-27 07:08:50.796 1204 RALLYDEBUG rally.task.runner [-] Starting a worker. times: 10 duration: None concurrency: 1 timeout: 0 cls: method_name: run args: {"container_format": "bare", "disk_format": "qcow2", "image_location": "/home/opnfv/functest/images/cirros-0.4.0-x86_64-disk.img", "flavor": "b7ee6839-7084-4d32-bbfc-2b8387608c08", "number_instances": 2, "nics": [{"net-id": "d95c9992-5f2f-47fa-b118-becdfa3d2826"}]}
2019-11-27 07:08:50.800 1203 INFO rally.task.runner [-] Task 84d19f3c-edd5-4ebf-8d23-1504ce0a201d | ITER: 1 START
2019-11-27 07:08:50.799 1205 RALLYDEBUG rally.task.runner [-] Starting a worker. times: 10 duration: None concurrency: 1 timeout: 0 cls: method_name: run args: {"container_format": "bare", "disk_format": "qcow2", "image_location": "/home/opnfv/functest/images/cirros-0.4.0-x86_64-disk.img", "flavor": "b7ee6839-7084-4d32-bbfc-2b8387608c08", "number_instances": 2, "nics": [{"net-id": "d95c9992-5f2f-47fa-b118-becdfa3d2826"}]}
2019-11-27 07:08:50.803 1204 INFO rally.task.runner [-] Task 84d19f3c-edd5-4ebf-8d23-1504ce0a201d | ITER: 2 START
2019-11-27 07:08:50.803 1207 RALLYDEBUG rally.task.runner [-] Starting a worker. times: 10 duration: None concurrency: 1 timeout: 0 cls: method_name: run args: {"container_format": "bare", "disk_format": "qcow2", "image_location": "/home/opnfv/functest/images/cirros-0.4.0-x86_64-disk.img", "flavor": "b7ee6839-7084-4d32-bbfc-2b8387608c08", "number_instances": 2, "nics": [{"net-id": "d95c9992-5f2f-47fa-b118-becdfa3d2826"}]}
2019-11-27 07:08:50.806 1205 INFO rally.task.runner [-] Task 84d19f3c-edd5-4ebf-8d23-1504ce0a201d | ITER: 3 START
2019-11-27 07:08:50.809 1207 INFO rally.task.runner [-] Task 84d19f3c-edd5-4ebf-8d23-1504ce0a201d | ITER: 4 START
2019-11-27 07:08:51.492 1203 WARNING rally_openstack.scenarios.glance.images [-] 'kwargs' is deprecated in Rally v0.8.0: Use 'boot_server_kwargs' for additional parameters when booting servers.
2019-11-27 07:08:51.493 1205 WARNING rally_openstack.scenarios.glance.images [-] 'kwargs' is deprecated in Rally v0.8.0: Use 'boot_server_kwargs' for additional parameters when booting servers.
2019-11-27 07:08:51.499 1207 WARNING rally_openstack.scenarios.glance.images [-] 'kwargs' is deprecated in Rally v0.8.0: Use 'boot_server_kwargs' for additional parameters when booting servers.
2019-11-27 07:08:51.500 1204 WARNING rally_openstack.scenarios.glance.images [-] 'kwargs' is deprecated in Rally v0.8.0: Use 'boot_server_kwargs' for additional parameters when booting servers.
2019-11-27 07:08:53.736 1203 RALLYDEBUG rally.task.utils [-] Waiting for resource '3d9d23d6-d413-418f-8d5b-df646d766a80'. Status changed: NONE => QUEUED in 0.04002499580383301
2019-11-27 07:08:53.736 1205 RALLYDEBUG rally.task.utils [-] Waiting for resource 'f3552d4a-df27-4f95-8f8f-857877c295c1'. Status changed: NONE => QUEUED in 0.04516291618347168
2019-11-27 07:08:53.742 1207 RALLYDEBUG rally.task.utils [-] Waiting for resource 'fe7ceb5e-7649-4ed3-b791-df6f51f2eef1'. Status changed: NONE => QUEUED in 0.04230904579162598
2019-11-27 07:08:53.746 1204 RALLYDEBUG rally.task.utils [-] Waiting for resource 'c54efcb9-6a7d-4f38-98bb-da38ac4a20b7'. Status changed: NONE => QUEUED in 0.03925967216491699
2019-11-27 07:08:53.963 1203 RALLYDEBUG rally.task.utils [-] Waiting for resource s_rally_d53eef20_uC36dpRl. Status changed: QUEUED => ACTIVE in 0.018239498138427734
2019-11-27 07:08:53.965 1207 RALLYDEBUG rally.task.utils [-] Waiting for resource s_rally_d53eef20_JsudnAmJ. Status changed: QUEUED => ACTIVE in 0.020099878311157227
2019-11-27 07:08:53.966 1205 RALLYDEBUG rally.task.utils [-] Waiting for resource s_rally_d53eef20_VjlOScfi. Status changed: QUEUED => ACTIVE in 0.018726348876953125
2019-11-27 07:08:53.977 1204 RALLYDEBUG rally.task.utils [-] Waiting for resource s_rally_d53eef20_sjV57J1x. Status changed: QUEUED => ACTIVE in 0.01881575584411621
2019-11-27 07:09:01.610 1203 RALLYDEBUG rally.task.utils [-] Waiting for resource s_rally_d53eef20_8mqzMfvr_1. Status changed: BUILD => ACTIVE in 4.746709823608398
2019-11-27 07:09:01.890 1203 RALLYDEBUG rally.task.utils [-] Waiting for resource s_rally_d53eef20_8mqzMfvr_0. Status changed: BUILD => ACTIVE in 0.2796199321746826
2019-11-27 07:09:01.890 1203 INFO rally.task.runner [-] Task 84d19f3c-edd5-4ebf-8d23-1504ce0a201d | ITER: 1 END: OK
2019-11-27 07:09:01.895 1203 INFO rally.task.runner [-] Task 84d19f3c-edd5-4ebf-8d23-1504ce0a201d | ITER: 5 START
2019-11-27 07:09:02.599 1203 WARNING rally_openstack.scenarios.glance.images [-] 'kwargs' is deprecated in Rally v0.8.0: Use 'boot_server_kwargs' for additional parameters when booting servers.
2019-11-27 07:09:03.586 1205 RALLYDEBUG rally.task.utils [-] Waiting for resource s_rally_d53eef20_eDtNCFeN_1. Status changed: BUILD => ACTIVE in 6.824078798294067
2019-11-27 07:09:04.785 1203 RALLYDEBUG rally.task.utils [-] Waiting for resource 'a6018af2-26ba-4f78-b15d-d08feb22fbf5'. Status changed: NONE => QUEUED in 0.03582763671875
2019-11-27 07:09:05.118 1203 RALLYDEBUG rally.task.utils [-] Waiting for resource s_rally_d53eef20_tR0I62dg. Status changed: QUEUED => ACTIVE in 0.018679141998291016
2019-11-27 07:09:06.048 1205 RALLYDEBUG rally.task.utils [-] Waiting for resource s_rally_d53eef20_eDtNCFeN_0. Status changed: BUILD => ACTIVE in 2.461921453475952
2019-11-27 07:09:06.049 1205 INFO rally.task.runner [-] Task 84d19f3c-edd5-4ebf-8d23-1504ce0a201d | ITER: 3 END: OK
2019-11-27 07:09:06.053 1205 INFO rally.task.runner [-] Task 84d19f3c-edd5-4ebf-8d23-1504ce0a201d | ITER: 6 START
2019-11-27 07:09:06.685 1205 WARNING rally_openstack.scenarios.glance.images [-] 'kwargs' is deprecated in Rally v0.8.0: Use 'boot_server_kwargs' for additional parameters when booting servers.
2019-11-27 07:09:08.030 1207 RALLYDEBUG rally.task.utils [-] Waiting for resource s_rally_d53eef20_NEi7DZYI_1. Status changed: BUILD => ACTIVE in 11.048181295394897
2019-11-27 07:09:08.272 1207 RALLYDEBUG rally.task.utils [-] Waiting for resource s_rally_d53eef20_NEi7DZYI_0. Status changed: BUILD => ACTIVE in 0.24141287803649902
2019-11-27 07:09:08.273 1207 INFO rally.task.runner [-] Task 84d19f3c-edd5-4ebf-8d23-1504ce0a201d | ITER: 4 END: OK
2019-11-27 07:09:08.277 1207 INFO rally.task.runner [-] Task 84d19f3c-edd5-4ebf-8d23-1504ce0a201d | ITER: 7 START
2019-11-27 07:09:08.858 1205 RALLYDEBUG rally.task.utils [-] Waiting for resource '580c2c2f-eac7-4077-8e69-409099ece493'. Status changed: NONE => QUEUED in 0.03303718566894531
2019-11-27 07:09:08.878 1207 WARNING rally_openstack.scenarios.glance.images [-] 'kwargs' is deprecated in Rally v0.8.0: Use 'boot_server_kwargs' for additional parameters when booting servers.
2019-11-27 07:09:09.126 1205 RALLYDEBUG rally.task.utils [-] Waiting for resource s_rally_d53eef20_CxfLN2ih. Status changed: QUEUED => ACTIVE in 0.019139528274536133
2019-11-27 07:09:10.359 1204 RALLYDEBUG rally.task.utils [-] Waiting for resource s_rally_d53eef20_0gE0rzuv_1. Status changed: BUILD => ACTIVE in 13.419804573059082
2019-11-27 07:09:10.551 1204 RALLYDEBUG rally.task.utils [-] Waiting for resource s_rally_d53eef20_0gE0rzuv_0. Status changed: BUILD => ACTIVE in 0.19181370735168457
2019-11-27 07:09:10.552 1204 INFO rally.task.runner [-] Task 84d19f3c-edd5-4ebf-8d23-1504ce0a201d | ITER: 2 END: OK
2019-11-27 07:09:10.556 1204 INFO rally.task.runner [-] Task 84d19f3c-edd5-4ebf-8d23-1504ce0a201d | ITER: 8 START
2019-11-27 07:09:11.061 1207 RALLYDEBUG rally.task.utils [-] Waiting for resource '4b753ea0-ffde-456a-befa-9deec33b2626'. Status changed: NONE => QUEUED in 0.040335655212402344
2019-11-27 07:09:11.290 1204 WARNING rally_openstack.scenarios.glance.images [-] 'kwargs' is deprecated in Rally v0.8.0: Use 'boot_server_kwargs' for additional parameters when booting servers.
2019-11-27 07:09:11.388 1207 RALLYDEBUG rally.task.utils [-] Waiting for resource s_rally_d53eef20_Bhs08JHT. Status changed: QUEUED => ACTIVE in 0.020299434661865234
2019-11-27 07:09:13.468 1204 RALLYDEBUG rally.task.utils [-] Waiting for resource 'b1538047-a729-44f2-a698-0e6ae30ec0e4'. Status changed: NONE => QUEUED in 0.03222298622131348
2019-11-27 07:09:13.848 1204 RALLYDEBUG rally.task.utils [-] Waiting for resource s_rally_d53eef20_JQ3lwTlq. Status changed: QUEUED => ACTIVE in 0.022941112518310547
2019-11-27 07:09:17.108 1203 RALLYDEBUG rally.task.utils [-] Waiting for resource s_rally_d53eef20_6L565cwv_1. Status changed: BUILD => ACTIVE in 9.01044225692749
2019-11-27 07:09:17.444 1203 RALLYDEBUG rally.task.utils [-] Waiting for resource s_rally_d53eef20_6L565cwv_0. Status changed: BUILD => ACTIVE in 0.33300328254699707
2019-11-27 07:09:17.445 1203 INFO rally.task.runner [-] Task 84d19f3c-edd5-4ebf-8d23-1504ce0a201d | ITER: 5 END: OK
2019-11-27 07:09:17.450 1203 INFO rally.task.runner [-] Task 84d19f3c-edd5-4ebf-8d23-1504ce0a201d | ITER: 9 START
2019-11-27 07:09:18.053 1203 WARNING rally_openstack.scenarios.glance.images [-] 'kwargs' is deprecated in Rally v0.8.0: Use 'boot_server_kwargs' for additional parameters when booting servers.
2019-11-27 07:09:20.233 1203 RALLYDEBUG rally.task.utils [-] Waiting for resource '23e48065-b1a3-432f-beec-754ee64a9f79'. Status changed: NONE => QUEUED in 0.03348278999328613
2019-11-27 07:09:20.582 1203 RALLYDEBUG rally.task.utils [-] Waiting for resource s_rally_d53eef20_Xl8aDXTF. Status changed: QUEUED => ACTIVE in 0.019690513610839844
2019-11-27 07:09:21.105 1205 RALLYDEBUG rally.task.utils [-] Waiting for resource s_rally_d53eef20_I83wbi5Y_1. Status changed: BUILD => ACTIVE in 9.027015209197998
2019-11-27 07:09:21.319 1205 RALLYDEBUG rally.task.utils [-] Waiting for resource s_rally_d53eef20_I83wbi5Y_0. Status changed: BUILD => ACTIVE in 0.21217107772827148
2019-11-27 07:09:21.320 1205 INFO rally.task.runner [-] Task 84d19f3c-edd5-4ebf-8d23-1504ce0a201d | ITER: 6 END: OK
2019-11-27 07:09:21.326 1205 INFO rally.task.runner [-] Task 84d19f3c-edd5-4ebf-8d23-1504ce0a201d | ITER: 10 START
2019-11-27 07:09:21.931 1205 WARNING rally_openstack.scenarios.glance.images [-] 'kwargs' is deprecated in Rally v0.8.0: Use 'boot_server_kwargs' for additional parameters when booting servers.
2019-11-27 07:09:23.152 1207 RALLYDEBUG rally.task.utils [-] Waiting for resource s_rally_d53eef20_31PurUKF_1. Status changed: BUILD => ACTIVE in 9.117274522781372
2019-11-27 07:09:23.294 1207 RALLYDEBUG rally.task.utils [-] Waiting for resource s_rally_d53eef20_31PurUKF_0. Status changed: BUILD => ACTIVE in 0.14159345626831055
2019-11-27 07:09:23.295 1207 INFO rally.task.runner [-] Task 84d19f3c-edd5-4ebf-8d23-1504ce0a201d | ITER: 7 END: OK
2019-11-27 07:09:23.740 1204 RALLYDEBUG rally.task.utils [-] Waiting for resource s_rally_d53eef20_HldfaZ4E_1. Status changed: BUILD => ACTIVE in 7.005866050720215
2019-11-27 07:09:24.102 1205 RALLYDEBUG rally.task.utils [-] Waiting for resource '3779b870-4519-49aa-a2cb-2d4b2e062474'. Status changed: NONE => QUEUED in 0.03264427185058594
2019-11-27 07:09:24.527 1205 RALLYDEBUG rally.task.utils [-] Waiting for resource s_rally_d53eef20_vyRi7Mzd. Status changed: QUEUED => ACTIVE in 0.018912792205810547
2019-11-27 07:09:26.099 1204 RALLYDEBUG rally.task.utils [-] Waiting for resource s_rally_d53eef20_HldfaZ4E_0. Status changed: BUILD => ACTIVE in 2.3581297397613525
2019-11-27 07:09:26.100 1204 INFO rally.task.runner [-] Task 84d19f3c-edd5-4ebf-8d23-1504ce0a201d | ITER: 8 END: OK
2019-11-27 07:09:32.303 1203 RALLYDEBUG rally.task.utils [-] Waiting for resource s_rally_d53eef20_1CC1xe0P_1. Status changed: BUILD => ACTIVE in 8.809707641601562
2019-11-27 07:09:36.217 1205 RALLYDEBUG rally.task.utils [-] Waiting for resource s_rally_d53eef20_XlgJCFQe_1. Status changed: BUILD => ACTIVE in 8.952183723449707
2019-11-27 07:09:36.814 1203 RALLYDEBUG rally.task.utils [-] Waiting for resource s_rally_d53eef20_1CC1xe0P_0. Status changed: BUILD => ACTIVE in 4.51012659072876
2019-11-27 07:09:36.814 1203 INFO rally.task.runner [-] Task 84d19f3c-edd5-4ebf-8d23-1504ce0a201d | ITER: 9 END: OK
2019-11-27 07:09:38.713 1205 RALLYDEBUG rally.task.utils [-] Waiting for resource s_rally_d53eef20_XlgJCFQe_0. Status changed: BUILD => ACTIVE in 2.495316982269287
2019-11-27 07:09:38.714 1205 INFO rally.task.runner [-] Task 84d19f3c-edd5-4ebf-8d23-1504ce0a201d | ITER: 10 END: OK
2019-11-27 07:09:38.743 727 INFO rally.task.context [-] Task 84d19f3c-edd5-4ebf-8d23-1504ce0a201d | Context cleanup@openstack cleanup() started
2019-11-27 07:09:38.750 727 RALLYDEBUG rally_openstack.cleanup.manager [-] Cleaning up nova servers objects
2019-11-27 07:09:41.199 727 RALLYDEBUG rally_openstack.cleanup.manager [-] Deleting nova.servers object s_rally_d53eef20_XlgJCFQe_1 (7fcae28f-f03a-43a2-8c45-b8fbd59bf598)
2019-11-27 07:09:41.209 727 RALLYDEBUG rally_openstack.cleanup.manager [-] Deleting nova.servers object s_rally_d53eef20_XlgJCFQe_0 (fadd61e3-9e56-4c5c-bb81-6b37d0f2f58f)
2019-11-27 07:09:41.218 727 RALLYDEBUG rally_openstack.cleanup.manager [-] Deleting nova.servers object s_rally_d53eef20_31PurUKF_0 (7f2002b6-616c-4833-861a-c76f9d5d4427)
2019-11-27 07:09:41.227 727 RALLYDEBUG rally_openstack.cleanup.manager [-] Deleting nova.servers object s_rally_d53eef20_31PurUKF_1 (b4621df8-501b-488d-b18b-dd52c21b4d84)
2019-11-27 07:09:41.232 727 RALLYDEBUG rally_openstack.cleanup.manager [-] Deleting nova.servers object s_rally_d53eef20_6L565cwv_1 (2998aa9e-5f9a-4583-ac74-cca7b8c78fe7)
2019-11-27 07:09:41.246 727 RALLYDEBUG rally_openstack.cleanup.manager [-] Deleting nova.servers object s_rally_d53eef20_6L565cwv_0 (3cc03bad-d7d6-434e-9510-700d7f0972a8)
2019-11-27 07:09:41.262 727 RALLYDEBUG rally_openstack.cleanup.manager [-] Deleting nova.servers object s_rally_d53eef20_NEi7DZYI_1 (24e19b12-7e46-42e8-bdb1-3f01392d8961)
2019-11-27 07:09:41.270 727 RALLYDEBUG rally_openstack.cleanup.manager [-] Deleting nova.servers object s_rally_d53eef20_NEi7DZYI_0 (9d5fa200-ffe3-4751-93f4-0071e6ec131a)
2019-11-27 07:09:41.276 727 RALLYDEBUG rally_openstack.cleanup.manager [-] Deleting nova.servers object s_rally_d53eef20_1CC1xe0P_1 (2942658a-af00-433b-ab48-8aca5f7bd339)
2019-11-27 07:09:41.310 727 RALLYDEBUG rally_openstack.cleanup.manager [-] Deleting nova.servers object s_rally_d53eef20_1CC1xe0P_0 (0c422f1d-083f-44e1-8379-e8a3cc9991b4)
2019-11-27 07:09:41.323 727 RALLYDEBUG rally_openstack.cleanup.manager [-] Deleting nova.servers object s_rally_d53eef20_8mqzMfvr_1 (0e25a0ba-4d95-4578-bc37-0a9fc7aed89f)
2019-11-27 07:09:41.331 727 RALLYDEBUG rally_openstack.cleanup.manager [-] Deleting nova.servers object s_rally_d53eef20_0gE0rzuv_1 (5c1658f0-d858-450e-a917-03d5f1a1451e)
2019-11-27 07:09:41.358 727 RALLYDEBUG rally_openstack.cleanup.manager [-] Deleting nova.servers object s_rally_d53eef20_0gE0rzuv_0 (1dc46398-c37d-4a70-8d71-d40eb7c55b97)
2019-11-27 07:09:41.363 727 RALLYDEBUG rally_openstack.cleanup.manager [-] Deleting nova.servers object s_rally_d53eef20_8mqzMfvr_0 (d11be63d-4add-4838-89bc-b90d3c315d6d)
2019-11-27 07:09:41.373 727 RALLYDEBUG rally_openstack.cleanup.manager [-] Deleting nova.servers object s_rally_d53eef20_HldfaZ4E_1 (51f38782-4a3a-4678-8b04-aabf9b14a396)
2019-11-27 07:09:41.390 727 RALLYDEBUG rally_openstack.cleanup.manager [-] Deleting nova.servers object s_rally_d53eef20_HldfaZ4E_0 (2a19503a-e516-4cb4-84d1-a458fde7ed7e)
2019-11-27 07:09:41.401 727 RALLYDEBUG rally_openstack.cleanup.manager [-] Deleting nova.servers object s_rally_d53eef20_I83wbi5Y_1 (0249aae9-3c58-4f44-bc91-3c37f57c3ce0)
2019-11-27 07:09:41.412 727 RALLYDEBUG rally_openstack.cleanup.manager [-] Deleting nova.servers object s_rally_d53eef20_I83wbi5Y_0 (af67c2ba-5957-4eb5-bff1-9fc001428788)
2019-11-27 07:09:41.421 727 RALLYDEBUG rally_openstack.cleanup.manager [-] Deleting nova.servers object s_rally_d53eef20_eDtNCFeN_1 (960d5529-8e2f-4e4d-a5d6-41c7938c91cb)
2019-11-27 07:09:41.432 727 RALLYDEBUG rally_openstack.cleanup.manager [-] Deleting nova.servers object s_rally_d53eef20_eDtNCFeN_0 (95582fbf-56c7-4550-a159-40bd1036c263)
2019-11-27 07:09:51.296 727 RALLYDEBUG rally_openstack.cleanup.manager [-] Cleaning up nova server_groups objects
2019-11-27 07:09:52.454 727 RALLYDEBUG rally_openstack.cleanup.manager [-] Cleaning up nova keypairs objects
2019-11-27 07:09:54.782 727 RALLYDEBUG rally_openstack.cleanup.manager [-] Cleaning up glance images objects
2019-11-27 07:09:56.161 727 RALLYDEBUG rally_openstack.cleanup.manager [-] Deleting glance.images object s_rally_d53eef20_vyRi7Mzd (3779b870-4519-49aa-a2cb-2d4b2e062474)
2019-11-27 07:09:56.171 727 RALLYDEBUG rally_openstack.cleanup.manager [-] Deleting glance.images object s_rally_d53eef20_Bhs08JHT (4b753ea0-ffde-456a-befa-9deec33b2626)
2019-11-27 07:09:56.180 727 RALLYDEBUG rally_openstack.cleanup.manager [-] Deleting glance.images object s_rally_d53eef20_tR0I62dg (a6018af2-26ba-4f78-b15d-d08feb22fbf5)
2019-11-27 07:09:56.186 727 RALLYDEBUG rally_openstack.cleanup.manager [-] Deleting glance.images object s_rally_d53eef20_JsudnAmJ (fe7ceb5e-7649-4ed3-b791-df6f51f2eef1)
2019-11-27 07:09:56.200 727 RALLYDEBUG rally_openstack.cleanup.manager [-] Deleting glance.images object s_rally_d53eef20_Xl8aDXTF (23e48065-b1a3-432f-beec-754ee64a9f79)
2019-11-27 07:09:56.206 727 RALLYDEBUG rally_openstack.cleanup.manager [-] Deleting glance.images object s_rally_d53eef20_sjV57J1x (c54efcb9-6a7d-4f38-98bb-da38ac4a20b7)
2019-11-27 07:09:56.223 727 RALLYDEBUG rally_openstack.cleanup.manager [-] Deleting glance.images object s_rally_d53eef20_uC36dpRl (3d9d23d6-d413-418f-8d5b-df646d766a80)
2019-11-27 07:09:56.238 727 RALLYDEBUG rally_openstack.cleanup.manager [-] Deleting glance.images object s_rally_d53eef20_JQ3lwTlq (b1538047-a729-44f2-a698-0e6ae30ec0e4)
2019-11-27 07:09:56.259 727 RALLYDEBUG rally_openstack.cleanup.manager [-] Deleting glance.images object s_rally_d53eef20_CxfLN2ih (580c2c2f-eac7-4077-8e69-409099ece493)
2019-11-27 07:09:56.263 727 RALLYDEBUG rally_openstack.cleanup.manager [-] Deleting glance.images object s_rally_d53eef20_VjlOScfi (f3552d4a-df27-4f95-8f8f-857877c295c1)
2019-11-27 07:09:56.673 727 DEBUG glanceclient.common.http [-] Request returned failure status 404. _handle_response /usr/lib/python3.6/site-packages/glanceclient/common/http.py:125
2019-11-27 07:09:56.688 727 DEBUG glanceclient.common.http [-] Request returned failure status 404. _handle_response /usr/lib/python3.6/site-packages/glanceclient/common/http.py:125
2019-11-27 07:09:56.721 727 DEBUG glanceclient.common.http [-] Request returned failure status 404. _handle_response /usr/lib/python3.6/site-packages/glanceclient/common/http.py:125
2019-11-27 07:09:56.741 727 DEBUG glanceclient.common.http [-] Request returned failure status 404. _handle_response /usr/lib/python3.6/site-packages/glanceclient/common/http.py:125
2019-11-27 07:09:56.748 727 DEBUG glanceclient.common.http [-] Request returned failure status 404. _handle_response /usr/lib/python3.6/site-packages/glanceclient/common/http.py:125
2019-11-27 07:09:56.760 727 DEBUG glanceclient.common.http [-] Request returned failure status 404. _handle_response /usr/lib/python3.6/site-packages/glanceclient/common/http.py:125
2019-11-27 07:09:56.773 727 DEBUG glanceclient.common.http [-] Request returned failure status 404. _handle_response /usr/lib/python3.6/site-packages/glanceclient/common/http.py:125
2019-11-27 07:09:56.774 727 DEBUG glanceclient.common.http [-] Request returned failure status 404. _handle_response /usr/lib/python3.6/site-packages/glanceclient/common/http.py:125
2019-11-27 07:09:56.790 727 DEBUG glanceclient.common.http [-] Request returned failure status 404. _handle_response /usr/lib/python3.6/site-packages/glanceclient/common/http.py:125
2019-11-27 07:09:56.800 727 DEBUG glanceclient.common.http [-] Request returned failure status 404. _handle_response /usr/lib/python3.6/site-packages/glanceclient/common/http.py:125
2019-11-27 07:09:56.801 727 DEBUG glanceclient.common.http [-] Request returned failure status 404. _handle_response /usr/lib/python3.6/site-packages/glanceclient/common/http.py:125
2019-11-27 07:09:56.812 727 DEBUG glanceclient.common.http [-] Request returned failure status 404. _handle_response /usr/lib/python3.6/site-packages/glanceclient/common/http.py:125
2019-11-27 07:09:56.817 727 DEBUG glanceclient.common.http [-] Request returned failure status 404. _handle_response /usr/lib/python3.6/site-packages/glanceclient/common/http.py:125
2019-11-27 07:09:56.818 727 DEBUG glanceclient.common.http [-] Request returned failure status 404. _handle_response /usr/lib/python3.6/site-packages/glanceclient/common/http.py:125
2019-11-27 07:09:56.819 727 DEBUG glanceclient.common.http [-] Request returned failure status 404. _handle_response /usr/lib/python3.6/site-packages/glanceclient/common/http.py:125
2019-11-27 07:09:56.821 727 DEBUG glanceclient.common.http [-] Request returned failure status 404. _handle_response /usr/lib/python3.6/site-packages/glanceclient/common/http.py:125
2019-11-27 07:09:56.827 727 DEBUG glanceclient.common.http [-] Request returned failure status 404. _handle_response /usr/lib/python3.6/site-packages/glanceclient/common/http.py:125
2019-11-27 07:09:56.829 727 DEBUG glanceclient.common.http [-] Request returned failure status 404. _handle_response /usr/lib/python3.6/site-packages/glanceclient/common/http.py:125
2019-11-27 07:09:56.842 727 DEBUG glanceclient.common.http [-] Request returned failure status 404. _handle_response /usr/lib/python3.6/site-packages/glanceclient/common/http.py:125
2019-11-27 07:09:56.844 727 DEBUG glanceclient.common.http [-] Request returned failure status 404. _handle_response /usr/lib/python3.6/site-packages/glanceclient/common/http.py:125
2019-11-27 07:09:57.847 727 INFO rally.task.context [-] Task 84d19f3c-edd5-4ebf-8d23-1504ce0a201d | Context cleanup@openstack cleanup() finished in 19.10 sec
2019-11-27 07:09:57.848 727 INFO rally.task.context [-] Task 84d19f3c-edd5-4ebf-8d23-1504ce0a201d | Context quotas@openstack cleanup() started
2019-11-27 07:09:57.913 727 INFO rally.task.context [-] Task 84d19f3c-edd5-4ebf-8d23-1504ce0a201d | Context quotas@openstack cleanup() finished in 65.21 msec
2019-11-27 07:09:57.913 727 INFO rally.task.context [-] Task 84d19f3c-edd5-4ebf-8d23-1504ce0a201d | Context users@openstack cleanup() started
2019-11-27 07:10:01.966 727 INFO rally.task.context [-] Task 84d19f3c-edd5-4ebf-8d23-1504ce0a201d | Context users@openstack cleanup() finished in 4.05 sec
2019-11-27 07:10:02.986 727 INFO rally.task.engine [-] Load duration is: 46.221607
2019-11-27 07:10:02.986 727 INFO rally.task.engine [-] Full runner duration is: 47.962398
2019-11-27 07:10:02.987 727 INFO rally.task.engine [-] Full duration is: 75.35548
2019-11-27 07:10:03.547 727 INFO rally.task.engine [-] Running workload: position = 0 config = { "version": 2, "title": "A cropped version of a bigger task.", "description": "Auto-generated task from a single workload (uuid=1169321f-19d6-4e4b-ac35-d97c7c481d53)", "subtasks": [ { "title": "GlanceImages.create_and_deactivate_image", "description": "Create an image, then deactivate it.", "scenario": { "GlanceImages.create_and_deactivate_image": { "container_format": "bare", "disk_format": "qcow2", "image_location": "/home/opnfv/functest/images/cirros-0.4.0-x86_64-disk.img" } }, "contexts": { "users": { "tenants": 3, "users_per_tenant": 2 } }, "runner": { "constant": { "concurrency": 4, "times": 10 } }, "hooks": [], "sla": { "failure_rate": { "max": 0 } } } ] }
2019-11-27 07:10:03.577 727 RALLYDEBUG rally_openstack.contexts.keystone.users [-] Creating 3 tenants using 20 threads
2019-11-27 07:10:04.604 727 RALLYDEBUG rally_openstack.contexts.keystone.users [-] Creating 6 users using 20 threads
2019-11-27 07:10:06.061 727 INFO rally.task.context [-] Task 84d19f3c-edd5-4ebf-8d23-1504ce0a201d | Context users@openstack setup() finished in 2.48 sec
2019-11-27 07:10:06.061 727 INFO rally.task.context [-] Task 84d19f3c-edd5-4ebf-8d23-1504ce0a201d | Context cleanup@openstack setup() finished in 0.03 msec
2019-11-27 07:10:06.069 727 RALLYDEBUG rally.task.runner [-] Starting the constant runner (task UUID: 84d19f3c-edd5-4ebf-8d23-1504ce0a201d). times: 10 concurrency: 4 timeout: 0 max_cpu_used: 16 processes_to_start: 4 concurrency_per_worker: 1 concurrency_overhead: 0
2019-11-27 07:10:06.082 1387 RALLYDEBUG rally.task.runner [-] Starting a worker. times: 10 duration: None concurrency: 1 timeout: 0 cls: method_name: run args: {"container_format": "bare", "disk_format": "qcow2", "image_location": "/home/opnfv/functest/images/cirros-0.4.0-x86_64-disk.img"}
2019-11-27 07:10:06.084 1388 RALLYDEBUG rally.task.runner [-] Starting a worker. times: 10 duration: None concurrency: 1 timeout: 0 cls: method_name: run args: {"container_format": "bare", "disk_format": "qcow2", "image_location": "/home/opnfv/functest/images/cirros-0.4.0-x86_64-disk.img"}
2019-11-27 07:10:06.087 1389 RALLYDEBUG rally.task.runner [-] Starting a worker. times: 10 duration: None concurrency: 1 timeout: 0 cls: method_name: run args: {"container_format": "bare", "disk_format": "qcow2", "image_location": "/home/opnfv/functest/images/cirros-0.4.0-x86_64-disk.img"}
2019-11-27 07:10:06.089 1387 INFO rally.task.runner [-] Task 84d19f3c-edd5-4ebf-8d23-1504ce0a201d | ITER: 1 START
2019-11-27 07:10:06.090 1390 RALLYDEBUG rally.task.runner [-] Starting a worker. times: 10 duration: None concurrency: 1 timeout: 0 cls: method_name: run args: {"container_format": "bare", "disk_format": "qcow2", "image_location": "/home/opnfv/functest/images/cirros-0.4.0-x86_64-disk.img"}
2019-11-27 07:10:06.091 1388 INFO rally.task.runner [-] Task 84d19f3c-edd5-4ebf-8d23-1504ce0a201d | ITER: 2 START
2019-11-27 07:10:06.094 1389 INFO rally.task.runner [-] Task 84d19f3c-edd5-4ebf-8d23-1504ce0a201d | ITER: 3 START
2019-11-27 07:10:06.096 1390 INFO rally.task.runner [-] Task 84d19f3c-edd5-4ebf-8d23-1504ce0a201d | ITER: 4 START
2019-11-27 07:10:09.022 1388 RALLYDEBUG rally.task.utils [-] Waiting for resource '674d3279-c40b-432f-bbeb-d79f99b75474'. Status changed: NONE => QUEUED in 0.03798699378967285
2019-11-27 07:10:09.027 1390 RALLYDEBUG rally.task.utils [-] Waiting for resource '7e9ffce4-f844-48ed-b0da-1871983ce783'. Status changed: NONE => QUEUED in 0.04486823081970215
2019-11-27 07:10:09.028 1389 RALLYDEBUG rally.task.utils [-] Waiting for resource 'abddf296-2140-4232-890a-91ed90e6d6fb'. Status changed: NONE => QUEUED in 0.04055333137512207
2019-11-27 07:10:09.030 1387 RALLYDEBUG rally.task.utils [-] Waiting for resource '73ababb1-b179-48e1-9a2b-2a3f258831d6'. Status changed: NONE => QUEUED in 0.04325366020202637
2019-11-27 07:10:09.258 1389 RALLYDEBUG rally.task.utils [-] Waiting for resource s_rally_1169321f_TvQDSUmv. Status changed: QUEUED => ACTIVE in 0.019286632537841797
2019-11-27 07:10:09.258 1387 RALLYDEBUG rally.task.utils [-] Waiting for resource s_rally_1169321f_HXTTYYyF. Status changed: QUEUED => ACTIVE in 0.018584012985229492
2019-11-27 07:10:09.278 1390 RALLYDEBUG rally.task.utils [-] Waiting for resource s_rally_1169321f_Bnlnkedd. Status changed: QUEUED => ACTIVE in 0.024723529815673828
2019-11-27 07:10:09.304 1388 RALLYDEBUG rally.task.utils [-] Waiting for resource s_rally_1169321f_mG3qyAgl. Status changed: QUEUED => ACTIVE in 0.023977041244506836
2019-11-27 07:10:09.321 1387 INFO rally.task.runner [-] Task 84d19f3c-edd5-4ebf-8d23-1504ce0a201d | ITER: 1 END: OK
2019-11-27 07:10:09.321 1389 INFO rally.task.runner [-] Task 84d19f3c-edd5-4ebf-8d23-1504ce0a201d | ITER: 3 END: OK
2019-11-27 07:10:09.325 1387 INFO rally.task.runner [-] Task 84d19f3c-edd5-4ebf-8d23-1504ce0a201d | ITER: 5 START
2019-11-27 07:10:09.326 1389 INFO rally.task.runner [-] Task 84d19f3c-edd5-4ebf-8d23-1504ce0a201d | ITER: 6 START
2019-11-27 07:10:09.339 1390 INFO rally.task.runner [-] Task 84d19f3c-edd5-4ebf-8d23-1504ce0a201d | ITER: 4 END: OK
2019-11-27 07:10:09.344 1390 INFO rally.task.runner [-] Task 84d19f3c-edd5-4ebf-8d23-1504ce0a201d | ITER: 7 START
2019-11-27 07:10:09.365 1388 INFO rally.task.runner [-] Task 84d19f3c-edd5-4ebf-8d23-1504ce0a201d | ITER: 2 END: OK
2019-11-27 07:10:09.368 1388 INFO rally.task.runner [-] Task 84d19f3c-edd5-4ebf-8d23-1504ce0a201d | ITER: 8 START
2019-11-27 07:10:12.132 1390 RALLYDEBUG rally.task.utils [-] Waiting for resource '15735768-a228-47b8-bedc-a16a3768ef12'. Status changed: NONE => QUEUED in 0.04256081581115723
2019-11-27 07:10:12.143 1388 RALLYDEBUG rally.task.utils [-] Waiting for resource '4532c073-7323-43ce-a1b2-6e4b3d403a32'. Status changed: NONE => QUEUED in 0.04103255271911621
2019-11-27 07:10:12.212 1389 RALLYDEBUG rally.task.utils [-] Waiting for resource '13382b45-f426-4f13-ac96-864279750be6'. Status changed: NONE => QUEUED in 0.04303789138793945
2019-11-27 07:10:12.327 1387 RALLYDEBUG rally.task.utils [-] Waiting for resource '94269016-d1ab-40a4-add3-b35d0e19d8ac'. Status changed: NONE => QUEUED in 0.03743171691894531
2019-11-27 07:10:12.368 1390 RALLYDEBUG rally.task.utils [-] Waiting for resource s_rally_1169321f_TNXUFC6E. Status changed: QUEUED => ACTIVE in 0.020353078842163086
2019-11-27 07:10:12.371 1388 RALLYDEBUG rally.task.utils [-] Waiting for resource s_rally_1169321f_qPjkTjd7. Status changed: QUEUED => ACTIVE in 0.018184185028076172
2019-11-27 07:10:12.437 1388 INFO rally.task.runner [-] Task 84d19f3c-edd5-4ebf-8d23-1504ce0a201d | ITER: 8 END: OK
2019-11-27 07:10:12.441 1388 INFO rally.task.runner [-] Task 84d19f3c-edd5-4ebf-8d23-1504ce0a201d | ITER: 9 START
