2019-11-27 07:16:46.476 2604 INFO rally.task.runner [-] Task 9479e9fc-18dd-46af-8897-4ed049cfaf14 | ITER: 10 START
2019-11-27 07:16:46.479 2603 INFO rally.task.runner [-] Task 9479e9fc-18dd-46af-8897-4ed049cfaf14 | ITER: 8 END: OK
2019-11-27 07:16:46.505 2601 INFO rally.task.runner [-] Task 9479e9fc-18dd-46af-8897-4ed049cfaf14 | ITER: 5 END: OK
2019-11-27 07:16:49.291 2602 INFO rally.task.runner [-] Task 9479e9fc-18dd-46af-8897-4ed049cfaf14 | ITER: 9 END: OK
2019-11-27 07:16:49.355 2604 INFO rally.task.runner [-] Task 9479e9fc-18dd-46af-8897-4ed049cfaf14 | ITER: 10 END: OK
2019-11-27 07:16:49.383 1845 INFO rally.task.context [-] Task 9479e9fc-18dd-46af-8897-4ed049cfaf14 | Context cleanup@openstack cleanup() started
2019-11-27 07:16:49.387 1845 RALLYDEBUG rally_openstack.cleanup.manager [-] Cleaning up cinder backups objects
2019-11-27 07:16:50.646 1845 RALLYDEBUG rally_openstack.cleanup.manager [-] Cleaning up cinder volume_snapshots objects
2019-11-27 07:16:51.807 1845 RALLYDEBUG rally_openstack.cleanup.manager [-] Cleaning up cinder transfers objects
2019-11-27 07:16:52.963 1845 RALLYDEBUG rally_openstack.cleanup.manager [-] Cleaning up cinder volumes objects
2019-11-27 07:16:54.417 1845 RALLYDEBUG rally_openstack.cleanup.manager [-] Deleting cinder.volumes object s_rally_2b5c46e1_tOBCzFTW (aa2b566c-019d-4166-9a6d-7a6c8fccfd77)
2019-11-27 07:16:54.423 1845 RALLYDEBUG rally_openstack.cleanup.manager [-] Deleting cinder.volumes object s_rally_2b5c46e1_FAH9Zuhv (62dec894-00d0-41c0-9aea-8a85917789bc)
2019-11-27 07:16:54.435 1845 RALLYDEBUG rally_openstack.cleanup.manager [-] Deleting cinder.volumes object s_rally_2b5c46e1_jHX4gcs2 (baf5003f-20e2-4678-a24c-87232c27fc4b)
2019-11-27 07:16:54.445 1845 RALLYDEBUG rally_openstack.cleanup.manager [-] Deleting cinder.volumes object s_rally_2b5c46e1_s8GbILWN (480e585e-d7b0-4a56-96fa-e2dd7860fb00)
2019-11-27 07:16:54.456 1845 RALLYDEBUG rally_openstack.cleanup.manager [-] Deleting cinder.volumes object s_rally_2b5c46e1_YqABtO8O (6bddcc29-846f-47a7-910e-6488a7bb12bc)
2019-11-27 07:16:54.465 1845 RALLYDEBUG rally_openstack.cleanup.manager [-] Deleting cinder.volumes object s_rally_2b5c46e1_Idok3mqp (227b9de3-c7fc-43a5-a683-3ae528f31ff3)
2019-11-27 07:16:54.483 1845 RALLYDEBUG rally_openstack.cleanup.manager [-] Deleting cinder.volumes object s_rally_2b5c46e1_6sbXOQFu (4333e790-cefc-4ce3-9d16-382946a98763)
2019-11-27 07:16:54.493 1845 RALLYDEBUG rally_openstack.cleanup.manager [-] Deleting cinder.volumes object s_rally_2b5c46e1_C97KU1yT (abb4ef8a-2507-44a5-b337-75a91e50aa35)
2019-11-27 07:16:54.507 1845 RALLYDEBUG rally_openstack.cleanup.manager [-] Deleting cinder.volumes object s_rally_2b5c46e1_8cGsYHqj (3530dd45-3734-4594-b28a-13d3327c2047)
2019-11-27 07:16:54.524 1845 RALLYDEBUG rally_openstack.cleanup.manager [-] Deleting cinder.volumes object s_rally_2b5c46e1_hZl1lrNk (265feb44-0438-4385-a03f-14676e6fdc94)
2019-11-27 07:16:58.356 1845 INFO rally.task.context [-] Task 9479e9fc-18dd-46af-8897-4ed049cfaf14 | Context cleanup@openstack cleanup() finished in 8.97 sec
2019-11-27 07:16:58.357 1845 INFO rally.task.context [-] Task 9479e9fc-18dd-46af-8897-4ed049cfaf14 | Context quotas@openstack cleanup() started
2019-11-27 07:16:58.439 1845 INFO rally.task.context [-] Task 9479e9fc-18dd-46af-8897-4ed049cfaf14 | Context quotas@openstack cleanup() finished in 81.98 msec
2019-11-27 07:16:58.439 1845 INFO rally.task.context [-] Task 9479e9fc-18dd-46af-8897-4ed049cfaf14 | Context api_versions@openstack cleanup() started
2019-11-27 07:16:58.440 1845 INFO rally.task.context [-] Task 9479e9fc-18dd-46af-8897-4ed049cfaf14 | Context api_versions@openstack cleanup() finished in 0.33 msec
2019-11-27 07:16:58.440 1845 INFO rally.task.context [-] Task 9479e9fc-18dd-46af-8897-4ed049cfaf14 | Context users@openstack cleanup() started
2019-11-27 07:17:02.968 1845 INFO rally.task.context [-] Task 9479e9fc-18dd-46af-8897-4ed049cfaf14 | Context users@openstack cleanup() finished in 4.53 sec
2019-11-27 07:17:04.970 1845 INFO rally.task.engine [-] Load duration is: 8.625912
2019-11-27 07:17:04.970 1845 INFO rally.task.engine [-] Full runner duration is: 8.678513
2019-11-27 07:17:04.970 1845 INFO rally.task.engine [-] Full duration is: 26.168972
2019-11-27 07:17:05.276 1845 INFO rally.task.engine [-] Running workload: position = 0 config = { "version": 2, "title": "A cropped version of a bigger task.", "description": "Auto-generated task from a single workload (uuid=edcbc476-93f0-495a-b44d-1013aa0faa01)", "subtasks": [ { "title": "CinderVolumes.create_and_upload_volume_to_image", "description": "Create and upload a volume to image.", "scenario": { "CinderVolumes.create_and_upload_volume_to_image": { "container_format": "bare", "disk_format": "raw", "do_delete": true, "force": false, "size": 1 } }, "contexts": { "users": { "tenants": 3, "users_per_tenant": 2 }, "quotas": { "cinder": { "gigabytes": -1, "snapshots": -1, "volumes": -1 } }, "api_versions": { "cinder": { "version": 3, "service_type": "volumev3" } } }, "runner": { "constant": { "concurrency": 4, "times": 10 } }, "hooks": [], "sla": { "failure_rate": { "max": 0 } } } ] }
2019-11-27 07:17:05.302 1845 RALLYDEBUG rally_openstack.contexts.keystone.users [-] Creating 3 tenants using 20 threads
2019-11-27 07:17:06.361 1845 RALLYDEBUG rally_openstack.contexts.keystone.users [-] Creating 6 users using 20 threads
2019-11-27 07:17:07.897 1845 INFO rally.task.context [-] Task 9479e9fc-18dd-46af-8897-4ed049cfaf14 | Context users@openstack setup() finished in 2.59 sec
2019-11-27 07:17:08.316 1845 INFO rally.task.context [-] Task 9479e9fc-18dd-46af-8897-4ed049cfaf14 | Context api_versions@openstack setup() finished in 0.42 sec
2019-11-27 07:17:09.332 1845 INFO rally.task.context [-] Task 9479e9fc-18dd-46af-8897-4ed049cfaf14 | Context quotas@openstack setup() finished in 1.02 sec
2019-11-27 07:17:09.332 1845 INFO rally.task.context [-] Task 9479e9fc-18dd-46af-8897-4ed049cfaf14 | Context cleanup@openstack setup() finished in 0.01 msec
2019-11-27 07:17:09.343 1845 RALLYDEBUG rally.task.runner [-] Starting the constant runner (task UUID: 9479e9fc-18dd-46af-8897-4ed049cfaf14). times: 10 concurrency: 4 timeout: 0 max_cpu_used: 16 processes_to_start: 4 concurrency_per_worker: 1 concurrency_overhead: 0
2019-11-27 07:17:09.355 2785 RALLYDEBUG rally.task.runner [-] Starting a worker. times: 10 duration: None concurrency: 1 timeout: 0 cls: method_name: run args: {"container_format": "bare", "disk_format": "raw", "do_delete": true, "force": false, "size": 1}
2019-11-27 07:17:09.361 2785 INFO rally.task.runner [-] Task 9479e9fc-18dd-46af-8897-4ed049cfaf14 | ITER: 1 START
2019-11-27 07:17:09.364 2786 RALLYDEBUG rally.task.runner [-] Starting a worker. times: 10 duration: None concurrency: 1 timeout: 0 cls: method_name: run args: {"container_format": "bare", "disk_format": "raw", "do_delete": true, "force": false, "size": 1}
2019-11-27 07:17:09.370 2786 INFO rally.task.runner [-] Task 9479e9fc-18dd-46af-8897-4ed049cfaf14 | ITER: 2 START
2019-11-27 07:17:09.372 2789 RALLYDEBUG rally.task.runner [-] Starting a worker. times: 10 duration: None concurrency: 1 timeout: 0 cls: method_name: run args: {"container_format": "bare", "disk_format": "raw", "do_delete": true, "force": false, "size": 1}
2019-11-27 07:17:09.379 2789 INFO rally.task.runner [-] Task 9479e9fc-18dd-46af-8897-4ed049cfaf14 | ITER: 3 START
2019-11-27 07:17:12.833 2785 RALLYDEBUG rally.task.utils [-] Waiting for resource s_rally_edcbc476_4uUukgdm. Status changed: AVAILABLE => UPLOADING in 0.07093453407287598
2019-11-27 07:17:13.207 2786 RALLYDEBUG rally.task.utils [-] Waiting for resource s_rally_edcbc476_ZSefQHHS. Status changed: AVAILABLE => UPLOADING in 0.05606198310852051
2019-11-27 07:17:23.202 2785 RALLYDEBUG rally.task.utils [-] Waiting for resource s_rally_edcbc476_4uUukgdm. Status changed: UPLOADING => AVAILABLE in 10.369273900985718
2019-11-27 07:17:23.432 2785 RALLYDEBUG rally.task.utils [-] Waiting for resource s_rally_edcbc476_4uUukgdm. Status changed: AVAILABLE => DELETING in 0.06906557083129883
2019-11-27 07:17:23.559 2786 RALLYDEBUG rally.task.utils [-] Waiting for resource s_rally_edcbc476_ZSefQHHS. Status changed: UPLOADING => AVAILABLE in 10.352526187896729
2019-11-27 07:17:23.757 2786 RALLYDEBUG rally.task.utils [-] Waiting for resource s_rally_edcbc476_ZSefQHHS. Status changed: AVAILABLE => DELETING in 0.0729827880859375
2019-11-27 07:17:25.681 2785 INFO rally.task.runner [-] Task 9479e9fc-18dd-46af-8897-4ed049cfaf14 | ITER: 1 END: OK
2019-11-27 07:17:25.686 2785 INFO rally.task.runner [-] Task 9479e9fc-18dd-46af-8897-4ed049cfaf14 | ITER: 4 START
2019-11-27 07:17:26.000 2786 INFO rally.task.runner [-] Task 9479e9fc-18dd-46af-8897-4ed049cfaf14 | ITER: 2 END: OK
2019-11-27 07:17:26.005 2786 INFO rally.task.runner [-] Task 9479e9fc-18dd-46af-8897-4ed049cfaf14 | ITER: 5 START
2019-11-27 07:17:29.080 2785 RALLYDEBUG rally.task.utils [-] Waiting for resource s_rally_edcbc476_AorRxW60. Status changed: AVAILABLE => UPLOADING in 0.07035374641418457
2019-11-27 07:17:29.757 2786 RALLYDEBUG rally.task.utils [-] Waiting for resource s_rally_edcbc476_A0aqqXWC. Status changed: AVAILABLE => UPLOADING in 0.05872225761413574
2019-11-27 07:17:39.438 2785 RALLYDEBUG rally.task.utils [-] Waiting for resource s_rally_edcbc476_AorRxW60. Status changed: UPLOADING => AVAILABLE in 10.357700109481812
2019-11-27 07:17:39.662 2785 RALLYDEBUG rally.task.utils [-] Waiting for resource s_rally_edcbc476_AorRxW60. Status changed: AVAILABLE => DELETING in 0.06753683090209961
2019-11-27 07:17:40.114 2786 RALLYDEBUG rally.task.utils [-] Waiting for resource s_rally_edcbc476_A0aqqXWC. Status changed: UPLOADING => AVAILABLE in 10.356327533721924
2019-11-27 07:17:40.330 2786 RALLYDEBUG rally.task.utils [-] Waiting for resource s_rally_edcbc476_A0aqqXWC. Status changed: AVAILABLE => DELETING in 0.06759786605834961
2019-11-27 07:17:41.922 2785 INFO rally.task.runner [-] Task 9479e9fc-18dd-46af-8897-4ed049cfaf14 | ITER: 4 END: OK
2019-11-27 07:17:41.927 2785 INFO rally.task.runner [-] Task 9479e9fc-18dd-46af-8897-4ed049cfaf14 | ITER: 6 START
2019-11-27 07:17:42.655 2786 INFO rally.task.runner [-] Task 9479e9fc-18dd-46af-8897-4ed049cfaf14 | ITER: 5 END: OK
2019-11-27 07:17:42.661 2786 INFO rally.task.runner [-] Task 9479e9fc-18dd-46af-8897-4ed049cfaf14 | ITER: 7 START
2019-11-27 07:17:45.558 2785 RALLYDEBUG rally.task.utils [-] Waiting for resource s_rally_edcbc476_dWVfe0H0. Status changed: AVAILABLE => UPLOADING in 0.05953097343444824
2019-11-27 07:17:46.624 2786 RALLYDEBUG rally.task.utils [-] Waiting for resource s_rally_edcbc476_8dooIDQ5. Status changed: AVAILABLE => UPLOADING in 0.060982704162597656
2019-11-27 07:17:55.913 2785 RALLYDEBUG rally.task.utils [-] Waiting for resource s_rally_edcbc476_dWVfe0H0. Status changed: UPLOADING => AVAILABLE in 10.354171514511108
2019-11-27 07:17:56.142 2785 RALLYDEBUG rally.task.utils [-] Waiting for resource s_rally_edcbc476_dWVfe0H0. Status changed: AVAILABLE => DELETING in 0.08613848686218262
2019-11-27 07:17:58.403 2785 INFO rally.task.runner [-] Task 9479e9fc-18dd-46af-8897-4ed049cfaf14 | ITER: 6 END: OK
2019-11-27 07:17:58.407 2785 INFO rally.task.runner [-] Task 9479e9fc-18dd-46af-8897-4ed049cfaf14 | ITER: 8 START
2019-11-27 07:17:59.064 2786 RALLYDEBUG rally.task.utils [-] Waiting for resource s_rally_edcbc476_8dooIDQ5. Status changed: UPLOADING => AVAILABLE in 12.43967056274414
2019-11-27 07:17:59.258 2786 RALLYDEBUG rally.task.utils [-] Waiting for resource s_rally_edcbc476_8dooIDQ5. Status changed: AVAILABLE => DELETING in 0.05871319770812988
2019-11-27 07:18:01.512 2786 INFO rally.task.runner [-] Task 9479e9fc-18dd-46af-8897-4ed049cfaf14 | ITER: 7 END: OK
2019-11-27 07:18:01.516 2786 INFO rally.task.runner [-] Task 9479e9fc-18dd-46af-8897-4ed049cfaf14 | ITER: 9 START
2019-11-27 07:18:01.818 2785 RALLYDEBUG rally.task.utils [-] Waiting for resource s_rally_edcbc476_G2nkKfd6. Status changed: AVAILABLE => UPLOADING in 0.0695037841796875
2019-11-27 07:18:04.816 2786 RALLYDEBUG rally.task.utils [-] Waiting for resource s_rally_edcbc476_CBuwHXlD. Status changed: AVAILABLE => UPLOADING in 0.06654143333435059
2019-11-27 07:18:12.143 2785 RALLYDEBUG rally.task.utils [-] Waiting for resource s_rally_edcbc476_G2nkKfd6. Status changed: UPLOADING => AVAILABLE in 10.324913263320923
2019-11-27 07:18:12.320 2785 RALLYDEBUG rally.task.utils [-] Waiting for resource s_rally_edcbc476_G2nkKfd6. Status changed: AVAILABLE => DELETING in 0.06265068054199219
2019-11-27 07:18:14.601 2785 INFO rally.task.runner [-] Task 9479e9fc-18dd-46af-8897-4ed049cfaf14 | ITER: 8 END: OK
2019-11-27 07:18:14.605 2785 INFO rally.task.runner [-] Task 9479e9fc-18dd-46af-8897-4ed049cfaf14 | ITER: 10 START
2019-11-27 07:18:15.192 2786 RALLYDEBUG rally.task.utils [-] Waiting for resource s_rally_edcbc476_CBuwHXlD. Status changed: UPLOADING => AVAILABLE in 10.375766515731812
2019-11-27 07:18:15.381 2786 RALLYDEBUG rally.task.utils [-] Waiting for resource s_rally_edcbc476_CBuwHXlD. Status changed: AVAILABLE => DELETING in 0.058080196380615234
2019-11-27 07:18:17.615 2786 INFO rally.task.runner [-] Task 9479e9fc-18dd-46af-8897-4ed049cfaf14 | ITER: 9 END: OK
2019-11-27 07:18:17.852 2785 RALLYDEBUG rally.task.utils [-] Waiting for resource s_rally_edcbc476_vh7WwPOy. Status changed: AVAILABLE => UPLOADING in 0.07564234733581543
2019-11-27 07:18:28.224 2785 RALLYDEBUG rally.task.utils [-] Waiting for resource s_rally_edcbc476_vh7WwPOy. Status changed: UPLOADING => AVAILABLE in 10.372182846069336
2019-11-27 07:18:28.445 2785 RALLYDEBUG rally.task.utils [-] Waiting for resource s_rally_edcbc476_vh7WwPOy. Status changed: AVAILABLE => DELETING in 0.07390332221984863
2019-11-27 07:18:31.120 2785 INFO rally.task.runner [-] Task 9479e9fc-18dd-46af-8897-4ed049cfaf14 | ITER: 10 END: OK