2019-11-27 07:11:22.387 727 DEBUG glanceclient.common.http [-] Request returned failure status 404. _handle_response /usr/lib/python3.6/site-packages/glanceclient/common/http.py:125
2019-11-27 07:11:22.445 727 DEBUG glanceclient.common.http [-] Request returned failure status 404. _handle_response /usr/lib/python3.6/site-packages/glanceclient/common/http.py:125
2019-11-27 07:11:22.452 727 DEBUG glanceclient.common.http [-] Request returned failure status 404. _handle_response /usr/lib/python3.6/site-packages/glanceclient/common/http.py:125
2019-11-27 07:11:22.467 727 DEBUG glanceclient.common.http [-] Request returned failure status 404. _handle_response /usr/lib/python3.6/site-packages/glanceclient/common/http.py:125
2019-11-27 07:11:22.473 727 DEBUG glanceclient.common.http [-] Request returned failure status 404. _handle_response /usr/lib/python3.6/site-packages/glanceclient/common/http.py:125
2019-11-27 07:11:22.475 727 DEBUG glanceclient.common.http [-] Request returned failure status 404. _handle_response /usr/lib/python3.6/site-packages/glanceclient/common/http.py:125
2019-11-27 07:11:22.485 727 DEBUG glanceclient.common.http [-] Request returned failure status 404. _handle_response /usr/lib/python3.6/site-packages/glanceclient/common/http.py:125
2019-11-27 07:11:22.494 727 DEBUG glanceclient.common.http [-] Request returned failure status 404. _handle_response /usr/lib/python3.6/site-packages/glanceclient/common/http.py:125
2019-11-27 07:11:22.508 727 DEBUG glanceclient.common.http [-] Request returned failure status 404. _handle_response /usr/lib/python3.6/site-packages/glanceclient/common/http.py:125
2019-11-27 07:11:23.512 727 INFO rally.task.context [-] Task 84d19f3c-edd5-4ebf-8d23-1504ce0a201d | Context cleanup@openstack cleanup() finished in 3.43 sec
2019-11-27 07:11:23.512 727 INFO rally.task.context [-] Task 84d19f3c-edd5-4ebf-8d23-1504ce0a201d | Context users@openstack cleanup() started
2019-11-27 07:11:27.968 727 INFO rally.task.context [-] Task 84d19f3c-edd5-4ebf-8d23-1504ce0a201d | Context users@openstack cleanup() finished in 4.46 sec
2019-11-27 07:11:29.894 727 INFO rally.task.engine [-] Load duration is: 8.956546
2019-11-27 07:11:29.894 727 INFO rally.task.engine [-] Full runner duration is: 9.687924
2019-11-27 07:11:29.895 727 INFO rally.task.engine [-] Full duration is: 20.217125
2019-11-27 07:11:30.363 727 INFO rally.task.engine [-] Task 84d19f3c-edd5-4ebf-8d23-1504ce0a201d | Completed: Running task.
2019-11-27 07:11:31.907 1841 RALLYDEBUG rally.api [-] INFO logs from urllib3 and requests module are hide.
2019-11-27 07:11:31.907 1841 RALLYDEBUG rally.api [-] urllib3 insecure warnings are hidden.
2019-11-27 07:11:31.907 1841 RALLYDEBUG rally.api [-] ERROR log from boto module is hide.
2019-11-27 07:11:33.132 1842 RALLYDEBUG rally.api [-] INFO logs from urllib3 and requests module are hide.
2019-11-27 07:11:33.133 1842 RALLYDEBUG rally.api [-] urllib3 insecure warnings are hidden.
2019-11-27 07:11:33.133 1842 RALLYDEBUG rally.api [-] ERROR log from boto module is hide.
2019-11-27 07:11:34.236 1843 RALLYDEBUG rally.api [-] INFO logs from urllib3 and requests module are hide.
2019-11-27 07:11:34.237 1843 RALLYDEBUG rally.api [-] urllib3 insecure warnings are hidden.
2019-11-27 07:11:34.237 1843 RALLYDEBUG rally.api [-] ERROR log from boto module is hide.
2019-11-27 07:11:35.891 1843 INFO rally.api [-] Building 'json' report for the following task(s): '84d19f3c-edd5-4ebf-8d23-1504ce0a201d'.
2019-11-27 07:11:35.909 1843 INFO rally.api [-] The report has been successfully built.
2019-11-27 07:11:37.331 1845 RALLYDEBUG rally.api [-] INFO logs from urllib3 and requests module are hide.
2019-11-27 07:11:37.331 1845 RALLYDEBUG rally.api [-] urllib3 insecure warnings are hidden.
2019-11-27 07:11:37.331 1845 RALLYDEBUG rally.api [-] ERROR log from boto module is hide.
2019-11-27 07:11:39.289 1845 INFO rally.task.engine [-] Task 9479e9fc-18dd-46af-8897-4ed049cfaf14 | Starting: Task validation.
2019-11-27 07:11:39.374 1845 INFO rally.task.engine [-] Task 9479e9fc-18dd-46af-8897-4ed049cfaf14 | Starting: Task validation of syntax.
2019-11-27 07:11:39.751 1845 INFO rally.task.engine [-] Task 9479e9fc-18dd-46af-8897-4ed049cfaf14 | Completed: Task validation of syntax.
2019-11-27 07:11:39.751 1845 INFO rally.task.engine [-] Task 9479e9fc-18dd-46af-8897-4ed049cfaf14 | Starting: Task validation of required platforms.
2019-11-27 07:11:39.881 1845 INFO rally.task.engine [-] Task 9479e9fc-18dd-46af-8897-4ed049cfaf14 | Completed: Task validation of required platforms.
2019-11-27 07:11:39.882 1845 INFO rally.task.engine [-] Task 9479e9fc-18dd-46af-8897-4ed049cfaf14 | Starting: Task validation of semantic.
2019-11-27 07:11:39.882 1845 INFO rally.task.engine [-] Check health of the environment 'ffd1ca24-1bb6-4b95-be70-9c375e386cc7'.
2019-11-27 07:11:40.846 1845 INFO rally.task.engine [-] Platform existing@openstack (available: True): OK!
2019-11-27 07:11:40.867 1845 RALLYDEBUG rally_openstack.contexts.keystone.users [-] Creating 1 tenants using 20 threads
2019-11-27 07:11:41.792 1845 RALLYDEBUG rally_openstack.contexts.keystone.users [-] Creating 1 users using 20 threads
2019-11-27 07:11:43.189 1845 INFO rally.task.context [-] Task 9479e9fc-18dd-46af-8897-4ed049cfaf14 | Context users@openstack setup() finished in 2.32 sec
2019-11-27 07:11:56.884 1845 INFO rally.task.context [-] Task 9479e9fc-18dd-46af-8897-4ed049cfaf14 | Context users@openstack cleanup() started
2019-11-27 07:11:59.804 1845 INFO rally.task.context [-] Task 9479e9fc-18dd-46af-8897-4ed049cfaf14 | Context users@openstack cleanup() finished in 2.92 sec
2019-11-27 07:11:59.805 1845 INFO rally.task.engine [-] Task 9479e9fc-18dd-46af-8897-4ed049cfaf14 | Completed: Task validation of semantic.
2019-11-27 07:11:59.805 1845 INFO rally.task.engine [-] Task 9479e9fc-18dd-46af-8897-4ed049cfaf14 | Completed: Task validation.
2019-11-27 07:11:59.806 1845 INFO rally.api [-] Task 9479e9fc-18dd-46af-8897-4ed049cfaf14 input file is valid.
2019-11-27 07:11:59.806 1845 INFO rally.api [-] Run Task 9479e9fc-18dd-46af-8897-4ed049cfaf14 against Deployment ffd1ca24-1bb6-4b95-be70-9c375e386cc7
2019-11-27 07:11:59.806 1845 INFO rally.task.engine [-] Task 9479e9fc-18dd-46af-8897-4ed049cfaf14 | Starting: Running task.
2019-11-27 07:12:00.104 1845 INFO rally.task.engine [-] Running workload: position = 0 config = { "version": 2, "title": "A cropped version of a bigger task.", "description": "Auto-generated task from a single workload (uuid=dcf61705-8637-4ceb-9bac-2543e28d6f68)", "subtasks": [ { "title": "CinderVolumes.create_and_attach_volume", "description": "Create a VM and attach a volume to it.", "scenario": { "CinderVolumes.create_and_attach_volume": { "flavor": { "name": "rally_full-flavor_57ee946c-5f1b-4106-aebb-3fde2ec88a78" }, "image": { "name": "rally_full-img_57ee946c-5f1b-4106-aebb-3fde2ec88a78" }, "size": 1, "nics": [ { "net-id": "d95c9992-5f2f-47fa-b118-becdfa3d2826" } ] } }, "contexts": { "users": { "tenants": 3, "users_per_tenant": 2 }, "quotas": { "cinder": { "gigabytes": -1, "snapshots": -1, "volumes": -1 } }, "api_versions": { "cinder": { "version": 3, "service_type": "volumev3" } } }, "runner": { "constant": { "concurrency": 4, "times": 10 } }, "hooks": [], "sla": { "failure_rate": { "max": 0 } } } ] }
2019-11-27 07:12:00.148 1845 RALLYDEBUG rally_openstack.contexts.keystone.users [-] Creating 3 tenants using 20 threads
2019-11-27 07:12:01.099 1845 RALLYDEBUG rally_openstack.contexts.keystone.users [-] Creating 6 users using 20 threads
2019-11-27 07:12:02.638 1845 INFO rally.task.context [-] Task 9479e9fc-18dd-46af-8897-4ed049cfaf14 | Context users@openstack setup() finished in 2.49 sec
2019-11-27 07:12:03.057 1845 INFO rally.task.context [-] Task 9479e9fc-18dd-46af-8897-4ed049cfaf14 | Context api_versions@openstack setup() finished in 0.42 sec
2019-11-27 07:12:04.039 1845 INFO rally.task.context [-] Task 9479e9fc-18dd-46af-8897-4ed049cfaf14 | Context quotas@openstack setup() finished in 0.98 sec
2019-11-27 07:12:04.040 1845 INFO rally.task.context [-] Task 9479e9fc-18dd-46af-8897-4ed049cfaf14 | Context cleanup@openstack setup() finished in 0.06 msec
2019-11-27 07:12:04.990 1845 RALLYDEBUG rally.task.runner [-] Starting the constant runner (task UUID: 9479e9fc-18dd-46af-8897-4ed049cfaf14). times: 10 concurrency: 4 timeout: 0 max_cpu_used: 16 processes_to_start: 4 concurrency_per_worker: 1 concurrency_overhead: 0
2019-11-27 07:12:05.003 1969 RALLYDEBUG rally.task.runner [-] Starting a worker. times: 10 duration: None concurrency: 1 timeout: 0 cls: method_name: run args: {"flavor": "b7ee6839-7084-4d32-bbfc-2b8387608c08", "image": "55a4957d-c39c-4a60-a716-52387f8cfec5", "size": 1, "nics": [{"net-id": "d95c9992-5f2f-47fa-b118-becdfa3d2826"}]}
2019-11-27 07:12:05.007 1970 RALLYDEBUG rally.task.runner [-] Starting a worker. times: 10 duration: None concurrency: 1 timeout: 0 cls: method_name: run args: {"flavor": "b7ee6839-7084-4d32-bbfc-2b8387608c08", "image": "55a4957d-c39c-4a60-a716-52387f8cfec5", "size": 1, "nics": [{"net-id": "d95c9992-5f2f-47fa-b118-becdfa3d2826"}]}
2019-11-27 07:12:05.010 1969 INFO rally.task.runner [-] Task 9479e9fc-18dd-46af-8897-4ed049cfaf14 | ITER: 1 START
2019-11-27 07:12:05.011 1971 RALLYDEBUG rally.task.runner [-] Starting a worker. times: 10 duration: None concurrency: 1 timeout: 0 cls: method_name: run args: {"flavor": "b7ee6839-7084-4d32-bbfc-2b8387608c08", "image": "55a4957d-c39c-4a60-a716-52387f8cfec5", "size": 1, "nics": [{"net-id": "d95c9992-5f2f-47fa-b118-becdfa3d2826"}]}
2019-11-27 07:12:05.013 1970 INFO rally.task.runner [-] Task 9479e9fc-18dd-46af-8897-4ed049cfaf14 | ITER: 2 START
2019-11-27 07:12:05.014 1973 RALLYDEBUG rally.task.runner [-] Starting a worker. times: 10 duration: None concurrency: 1 timeout: 0 cls: method_name: run args: {"flavor": "b7ee6839-7084-4d32-bbfc-2b8387608c08", "image": "55a4957d-c39c-4a60-a716-52387f8cfec5", "size": 1, "nics": [{"net-id": "d95c9992-5f2f-47fa-b118-becdfa3d2826"}]}
2019-11-27 07:12:05.017 1971 INFO rally.task.runner [-] Task 9479e9fc-18dd-46af-8897-4ed049cfaf14 | ITER: 3 START
2019-11-27 07:12:05.020 1973 INFO rally.task.runner [-] Task 9479e9fc-18dd-46af-8897-4ed049cfaf14 | ITER: 4 START
2019-11-27 07:12:12.064 1969 RALLYDEBUG rally.task.utils [-] Waiting for resource s_rally_dcf61705_4pNuIWa1. Status changed: BUILD => ACTIVE in 4.652283668518066
2019-11-27 07:12:14.232 1970 RALLYDEBUG rally.task.utils [-] Waiting for resource s_rally_dcf61705_Rsc7Kzem. Status changed: BUILD => ACTIVE in 6.667999029159546
2019-11-27 07:12:14.338 1973 RALLYDEBUG rally.task.utils [-] Waiting for resource s_rally_dcf61705_ODSasCb2. Status changed: BUILD => ACTIVE in 6.864840984344482
2019-11-27 07:12:14.363 1971 RALLYDEBUG rally.task.utils [-] Waiting for resource s_rally_dcf61705_Rb0OjySm. Status changed: BUILD => ACTIVE in 7.105536222457886
2019-11-27 07:12:15.071 1969 RALLYDEBUG rally.task.utils [-] Waiting for resource s_rally_dcf61705_MvYGMuki. Status changed: AVAILABLE => RESERVED in 0.4075126647949219
2019-11-27 07:12:17.319 1970 RALLYDEBUG rally.task.utils [-] Waiting for resource s_rally_dcf61705_Bzhbsk4p. Status changed: AVAILABLE => RESERVED in 0.4008796215057373
2019-11-27 07:12:17.491 1969 RALLYDEBUG rally.task.utils [-] Waiting for resource s_rally_dcf61705_MvYGMuki. Status changed: RESERVED => IN-USE in 2.4194488525390625
2019-11-27 07:12:17.540 1971 RALLYDEBUG rally.task.utils [-] Waiting for resource s_rally_dcf61705_CE0GDFOL. Status changed: AVAILABLE => RESERVED in 0.4089021682739258
2019-11-27 07:12:17.546 1973 RALLYDEBUG rally.task.utils [-] Waiting for resource s_rally_dcf61705_GKNLfBbc. Status changed: AVAILABLE => RESERVED in 0.41908884048461914
2019-11-27 07:12:18.048 1969 RALLYDEBUG rally.task.utils [-] Waiting for resource s_rally_dcf61705_MvYGMuki. Status changed: AVAILABLE => DETACHING in 0.3990316390991211
2019-11-27 07:12:19.954 1973 RALLYDEBUG rally.task.utils [-] Waiting for resource s_rally_dcf61705_GKNLfBbc. Status changed: RESERVED => IN-USE in 2.407614231109619
2019-11-27 07:12:20.021 1970 RALLYDEBUG rally.task.utils [-] Waiting for resource s_rally_dcf61705_Bzhbsk4p. Status changed: RESERVED => IN-USE in 2.7019548416137695
2019-11-27 07:12:20.232 1971 RALLYDEBUG rally.task.utils [-] Waiting for resource s_rally_dcf61705_CE0GDFOL. Status changed: RESERVED => IN-USE in 2.6925313472747803
2019-11-27 07:12:20.460 1969 RALLYDEBUG rally.task.utils [-] Waiting for resource s_rally_dcf61705_MvYGMuki. Status changed: DETACHING => AVAILABLE in 2.4122045040130615
2019-11-27 07:12:20.531 1973 RALLYDEBUG rally.task.utils [-] Waiting for resource s_rally_dcf61705_GKNLfBbc. Status changed: AVAILABLE => DETACHING in 0.4096040725708008
2019-11-27 07:12:20.581 1969 RALLYDEBUG rally.task.utils [-] Waiting for resource s_rally_dcf61705_MvYGMuki. Status changed: AVAILABLE => DELETING in 0.062341928482055664
2019-11-27 07:12:20.636 1970 RALLYDEBUG rally.task.utils [-] Waiting for resource s_rally_dcf61705_Bzhbsk4p. Status changed: AVAILABLE => DETACHING in 0.40184974670410156
2019-11-27 07:12:20.837 1971 RALLYDEBUG rally.task.utils [-] Waiting for resource s_rally_dcf61705_CE0GDFOL. Status changed: AVAILABLE => DETACHING in 0.4056386947631836
2019-11-27 07:12:22.955 1973 RALLYDEBUG rally.task.utils [-] Waiting for resource s_rally_dcf61705_GKNLfBbc. Status changed: DETACHING => AVAILABLE in 2.4235522747039795
2019-11-27 07:12:23.049 1970 RALLYDEBUG rally.task.utils [-] Waiting for resource s_rally_dcf61705_Bzhbsk4p. Status changed: DETACHING => AVAILABLE in 2.4135935306549072
2019-11-27 07:12:23.098 1973 RALLYDEBUG rally.task.utils [-] Waiting for resource s_rally_dcf61705_GKNLfBbc. Status changed: AVAILABLE => DELETING in 0.08223628997802734
2019-11-27 07:12:23.164 1970 RALLYDEBUG rally.task.utils [-] Waiting for resource s_rally_dcf61705_Bzhbsk4p. Status changed: AVAILABLE => DELETING in 0.05750727653503418
2019-11-27 07:12:23.256 1971 RALLYDEBUG rally.task.utils [-] Waiting for resource s_rally_dcf61705_CE0GDFOL. Status changed: DETACHING => AVAILABLE in 2.418735980987549
2019-11-27 07:12:23.379 1971 RALLYDEBUG rally.task.utils [-] Waiting for resource s_rally_dcf61705_CE0GDFOL. Status changed: AVAILABLE => DELETING in 0.059152841567993164
2019-11-27 07:12:25.120 1969 INFO rally.task.runner [-] Task 9479e9fc-18dd-46af-8897-4ed049cfaf14 | ITER: 1 END: OK
2019-11-27 07:12:25.128 1969 INFO rally.task.runner [-] Task 9479e9fc-18dd-46af-8897-4ed049cfaf14 | ITER: 5 START
2019-11-27 07:12:27.724 1970 INFO rally.task.runner [-] Task 9479e9fc-18dd-46af-8897-4ed049cfaf14 | ITER: 2 END: OK
2019-11-27 07:12:27.731 1970 INFO rally.task.runner [-] Task 9479e9fc-18dd-46af-8897-4ed049cfaf14 | ITER: 6 START
2019-11-27 07:12:27.852 1971 INFO rally.task.runner [-] Task 9479e9fc-18dd-46af-8897-4ed049cfaf14 | ITER: 3 END: OK
2019-11-27 07:12:27.860 1971 INFO rally.task.runner [-] Task 9479e9fc-18dd-46af-8897-4ed049cfaf14 | ITER: 7 START
2019-11-27 07:12:29.632 1973 INFO rally.task.runner [-] Task 9479e9fc-18dd-46af-8897-4ed049cfaf14 | ITER: 4 END: OK
2019-11-27 07:12:29.639 1973 INFO rally.task.runner [-] Task 9479e9fc-18dd-46af-8897-4ed049cfaf14 | ITER: 8 START
2019-11-27 07:12:32.329 1969 RALLYDEBUG rally.task.utils [-] Waiting for resource s_rally_dcf61705_6L07OF4h. Status changed: BUILD => ACTIVE in 4.843742370605469
2019-11-27 07:12:34.712 1970 RALLYDEBUG rally.task.utils [-] Waiting for resource s_rally_dcf61705_UZi7oYhp. Status changed: BUILD => ACTIVE in 4.599220037460327
2019-11-27 07:12:34.858 1971 RALLYDEBUG rally.task.utils [-] Waiting for resource s_rally_dcf61705_avXY5MLz. Status changed: BUILD => ACTIVE in 4.598742961883545
2019-11-27 07:12:35.352 1969 RALLYDEBUG rally.task.utils [-] Waiting for resource s_rally_dcf61705_DqvZEMvG. Status changed: AVAILABLE => RESERVED in 0.4289402961730957
2019-11-27 07:12:37.724 1970 RALLYDEBUG rally.task.utils [-] Waiting for resource s_rally_dcf61705_T6qVAZ8j. Status changed: AVAILABLE => RESERVED in 0.4175231456756592
2019-11-27 07:12:37.773 1969 RALLYDEBUG rally.task.utils [-] Waiting for resource s_rally_dcf61705_DqvZEMvG. Status changed: RESERVED => IN-USE in 2.4215247631073
2019-11-27 07:12:38.039 1971 RALLYDEBUG rally.task.utils [-] Waiting for resource s_rally_dcf61705_DKev2U0O. Status changed: AVAILABLE => RESERVED in 0.4167296886444092
2019-11-27 07:12:38.349 1969 RALLYDEBUG rally.task.utils [-] Waiting for resource s_rally_dcf61705_DqvZEMvG. Status changed: AVAILABLE => DETACHING in 0.41272687911987305
2019-11-27 07:12:39.016 1973 RALLYDEBUG rally.task.utils [-] Waiting for resource s_rally_dcf61705_MuoTYcOt. Status changed: BUILD => ACTIVE in 7.083725929260254
2019-11-27 07:12:40.144 1970 RALLYDEBUG rally.task.utils [-] Waiting for resource s_rally_dcf61705_T6qVAZ8j. Status changed: RESERVED => IN-USE in 2.4202260971069336
2019-11-27 07:12:40.467 1971 RALLYDEBUG rally.task.utils [-] Waiting for resource s_rally_dcf61705_DKev2U0O. Status changed: RESERVED => IN-USE in 2.4276490211486816
2019-11-27 07:12:40.736 1970 RALLYDEBUG rally.task.utils [-] Waiting for resource s_rally_dcf61705_T6qVAZ8j. Status changed: AVAILABLE => DETACHING in 0.4082655906677246
2019-11-27 07:12:40.747 1969 RALLYDEBUG rally.task.utils [-] Waiting for resource s_rally_dcf61705_DqvZEMvG. Status changed: DETACHING => AVAILABLE in 2.3981010913848877
2019-11-27 07:12:40.880 1969 RALLYDEBUG rally.task.utils [-] Waiting for resource s_rally_dcf61705_DqvZEMvG. Status changed: AVAILABLE => DELETING in 0.07403564453125
2019-11-27 07:12:41.051 1971 RALLYDEBUG rally.task.utils [-] Waiting for resource s_rally_dcf61705_DKev2U0O. Status changed: AVAILABLE => DETACHING in 0.42238450050354004
2019-11-27 07:12:42.475 1973 RALLYDEBUG rally.task.utils [-] Waiting for resource s_rally_dcf61705_RerDCzQD. Status changed: AVAILABLE => RESERVED in 0.6924576759338379
2019-11-27 07:12:43.152 1970 RALLYDEBUG rally.task.utils [-] Waiting for resource s_rally_dcf61705_T6qVAZ8j. Status changed: DETACHING => AVAILABLE in 2.415775775909424
2019-11-27 07:12:43.275 1970 RALLYDEBUG rally.task.utils [-] Waiting for resource s_rally_dcf61705_T6qVAZ8j. Status changed: AVAILABLE => DELETING in 0.06474566459655762
2019-11-27 07:12:43.463 1971 RALLYDEBUG rally.task.utils [-] Waiting for resource s_rally_dcf61705_DKev2U0O. Status changed: DETACHING => AVAILABLE in 2.4115865230560303
2019-11-27 07:12:43.576 1971 RALLYDEBUG rally.task.utils [-] Waiting for resource s_rally_dcf61705_DKev2U0O. Status changed: AVAILABLE => DELETING in 0.05765080451965332
2019-11-27 07:12:44.882 1973 RALLYDEBUG rally.task.utils [-] Waiting for resource s_rally_dcf61705_RerDCzQD. Status changed: RESERVED => IN-USE in 2.4075753688812256
2019-11-27 07:12:45.485 1973 RALLYDEBUG rally.task.utils [-] Waiting for resource s_rally_dcf61705_RerDCzQD. Status changed: AVAILABLE => DETACHING in 0.42214012145996094
2019-11-27 07:12:45.556 1969 INFO rally.task.runner [-] Task 9479e9fc-18dd-46af-8897-4ed049cfaf14 | ITER: 5 END: OK
2019-11-27 07:12:45.560 1969 INFO rally.task.runner [-] Task 9479e9fc-18dd-46af-8897-4ed049cfaf14 | ITER: 9 START
2019-11-27 07:12:47.669 1970 INFO rally.task.runner [-] Task 9479e9fc-18dd-46af-8897-4ed049cfaf14 | ITER: 6 END: OK
2019-11-27 07:12:47.674 1970 INFO rally.task.runner [-] Task 9479e9fc-18dd-46af-8897-4ed049cfaf14 | ITER: 10 START
2019-11-27 07:12:48.020 1971 INFO rally.task.runner [-] Task 9479e9fc-18dd-46af-8897-4ed049cfaf14 | ITER: 7 END: OK
2019-11-27 07:12:48.193 1973 RALLYDEBUG rally.task.utils [-] Waiting for resource s_rally_dcf61705_RerDCzQD. Status changed: DETACHING => AVAILABLE in 2.7077298164367676
2019-11-27 07:12:48.318 1973 RALLYDEBUG rally.task.utils [-] Waiting for resource s_rally_dcf61705_RerDCzQD. Status changed: AVAILABLE => DELETING in 0.0611419677734375
2019-11-27 07:12:52.837 1969 RALLYDEBUG rally.task.utils [-] Waiting for resource s_rally_dcf61705_8hHgkvjk. Status changed: BUILD => ACTIVE in 4.753627777099609
2019-11-27 07:12:52.879 1973 INFO rally.task.runner [-] Task 9479e9fc-18dd-46af-8897-4ed049cfaf14 | ITER: 8 END: OK
2019-11-27 07:12:56.029 1969 RALLYDEBUG rally.task.utils [-] Waiting for resource s_rally_dcf61705_v2DkBR7t. Status changed: AVAILABLE => RESERVED in 0.40688037872314453
2019-11-27 07:12:56.939 1970 RALLYDEBUG rally.task.utils [-] Waiting for resource s_rally_dcf61705_PW7S6GWl. Status changed: BUILD => ACTIVE in 6.825808048248291
2019-11-27 07:12:58.480 1969 RALLYDEBUG rally.task.utils [-] Waiting for resource s_rally_dcf61705_v2DkBR7t. Status changed: RESERVED => IN-USE in 2.450913429260254
2019-11-27 07:12:59.094 1969 RALLYDEBUG rally.task.utils [-] Waiting for resource s_rally_dcf61705_v2DkBR7t. Status changed: AVAILABLE => DETACHING in 0.4298064708709717
2019-11-27 07:13:00.018 1970 RALLYDEBUG rally.task.utils [-] Waiting for resource s_rally_dcf61705_P1nBMY5a. Status changed: AVAILABLE => RESERVED in 0.4270913600921631
2019-11-27 07:13:01.547 1969 RALLYDEBUG rally.task.utils [-] Waiting for resource s_rally_dcf61705_v2DkBR7t. Status changed: DETACHING => AVAILABLE in 2.452972412109375
2019-11-27 07:13:01.682 1969 RALLYDEBUG rally.task.utils [-] Waiting for resource s_rally_dcf61705_v2DkBR7t. Status changed: AVAILABLE => DELETING in 0.06577491760253906
2019-11-27 07:13:02.460 1970 RALLYDEBUG rally.task.utils [-] Waiting for resource s_rally_dcf61705_P1nBMY5a. Status changed: RESERVED => IN-USE in 2.4424407482147217
2019-11-27 07:13:03.069 1970 RALLYDEBUG rally.task.utils [-] Waiting for resource s_rally_dcf61705_P1nBMY5a. Status changed: AVAILABLE => DETACHING in 0.42208242416381836
2019-11-27 07:13:05.496 1970 RALLYDEBUG rally.task.utils [-] Waiting for resource s_rally_dcf61705_P1nBMY5a. Status changed: DETACHING => AVAILABLE in 2.4275777339935303
2019-11-27 07:13:05.653 1970 RALLYDEBUG rally.task.utils [-] Waiting for resource s_rally_dcf61705_P1nBMY5a. Status changed: AVAILABLE => DELETING in 0.06870818138122559
2019-11-27 07:13:06.102 1969 INFO rally.task.runner [-] Task 9479e9fc-18dd-46af-8897-4ed049cfaf14 | ITER: 9 END: OK
2019-11-27 07:13:10.079 1970 INFO rally.task.runner [-] Task 9479e9fc-18dd-46af-8897-4ed049cfaf14 | ITER: 10 END: OK
2019-11-27 07:13:10.116 1845 INFO rally.task.context [-] Task 9479e9fc-18dd-46af-8897-4ed049cfaf14 | Context cleanup@openstack cleanup() started
2019-11-27 07:13:10.122 1845 RALLYDEBUG rally_openstack.cleanup.manager [-] Cleaning up nova servers objects
2019-11-27 07:13:11.647 1845 RALLYDEBUG rally_openstack.cleanup.manager [-] Cleaning up nova server_groups objects
2019-11-27 07:13:12.805 1845 RALLYDEBUG rally_openstack.cleanup.manager [-] Cleaning up nova keypairs objects
2019-11-27 07:13:15.133 1845 RALLYDEBUG rally_openstack.cleanup.manager [-] Cleaning up cinder backups objects
2019-11-27 07:13:16.304 1845 RALLYDEBUG rally_openstack.cleanup.manager [-] Cleaning up cinder volume_snapshots objects
2019-11-27 07:13:17.480 1845 RALLYDEBUG rally_openstack.cleanup.manager [-] Cleaning up cinder transfers objects
2019-11-27 07:13:18.613 1845 RALLYDEBUG rally_openstack.cleanup.manager [-] Cleaning up cinder volumes objects
2019-11-27 07:13:19.846 1845 INFO rally.task.context [-] Task 9479e9fc-18dd-46af-8897-4ed049cfaf14 | Context cleanup@openstack cleanup() finished in 9.73 sec
2019-11-27 07:13:19.846 1845 INFO rally.task.context [-] Task 9479e9fc-18dd-46af-8897-4ed049cfaf14 | Context quotas@openstack cleanup() started
2019-11-27 07:13:19.928 1845 INFO rally.task.context [-] Task 9479e9fc-18dd-46af-8897-4ed049cfaf14 | Context quotas@openstack cleanup() finished in 81.13 msec
2019-11-27 07:13:19.928 1845 INFO rally.task.context [-] Task 9479e9fc-18dd-46af-8897-4ed049cfaf14 | Context api_versions@openstack cleanup() started
2019-11-27 07:13:19.929 1845 INFO rally.task.context [-] Task 9479e9fc-18dd-46af-8897-4ed049cfaf14 | Context api_versions@openstack cleanup() finished in 0.32 msec
2019-11-27 07:13:19.929 1845 INFO rally.task.context [-] Task 9479e9fc-18dd-46af-8897-4ed049cfaf14 | Context users@openstack cleanup() started
2019-11-27 07:13:24.130 1845 INFO rally.task.context [-] Task 9479e9fc-18dd-46af-8897-4ed049cfaf14 | Context users@openstack cleanup() finished in 4.20 sec
2019-11-27 07:13:24.708 1845 INFO rally.task.engine [-] Load duration is: 64.064781
2019-11-27 07:13:24.709 1845 INFO rally.task.engine [-] Full runner duration is: 65.127367
2019-11-27 07:13:24.709 1845 INFO rally.task.engine [-] Full duration is: 83.985269
2019-11-27 07:13:25.292 1845 INFO rally.task.engine [-] Running workload: position = 0 config = { "version": 2, "title": "A cropped version of a bigger task.", "description": "Auto-generated task from a single workload (uuid=f313ab87-6d23-4943-8938-831f0e36d4b6)", "subtasks": [ { "title": "CinderVolumes.create_and_list_snapshots", "description": "Create and then list a volume-snapshot.", "scenario": { "CinderVolumes.create_and_list_snapshots": { "detailed": true, "force": false } }, "contexts": { "users": { "tenants": 3, "users_per_tenant": 2 }, "quotas": { "cinder": { "gigabytes": -1, "snapshots": -1, "volumes": -1 } }, "api_versions": { "cinder": { "version": 3, "service_type": "volumev3" } }, "volumes": { "size": 1, "volumes_per_tenant": 1 } }, "runner": { "constant": { "concurrency": 4, "times": 10 } }, "hooks": [], "sla": { "failure_rate": { "max": 0 } } } ] }
2019-11-27 07:13:25.318 1845 RALLYDEBUG rally_openstack.contexts.keystone.users [-] Creating 3 tenants using 20 threads
2019-11-27 07:13:26.265 1845 RALLYDEBUG rally_openstack.contexts.keystone.users [-] Creating 6 users using 20 threads
2019-11-27 07:13:27.786 1845 INFO rally.task.context [-] Task 9479e9fc-18dd-46af-8897-4ed049cfaf14 | Context users@openstack setup() finished in 2.47 sec
2019-11-27 07:13:28.203 1845 INFO rally.task.context [-] Task 9479e9fc-18dd-46af-8897-4ed049cfaf14 | Context api_versions@openstack setup() finished in 0.42 sec
2019-11-27 07:13:29.291 1845 INFO rally.task.context [-] Task 9479e9fc-18dd-46af-8897-4ed049cfaf14 | Context quotas@openstack setup() finished in 1.09 sec
2019-11-27 07:13:38.375 1845 INFO rally.task.context [-] Task 9479e9fc-18dd-46af-8897-4ed049cfaf14 | Context volumes@openstack setup() finished in 9.08 sec
2019-11-27 07:13:38.375 1845 INFO rally.task.context [-] Task 9479e9fc-18dd-46af-8897-4ed049cfaf14 | Context cleanup@openstack setup() finished in 0.00 msec
2019-11-27 07:13:38.385 1845 RALLYDEBUG rally.task.runner [-] Starting the constant runner (task UUID: 9479e9fc-18dd-46af-8897-4ed049cfaf14). times: 10 concurrency: 4 timeout: 0 max_cpu_used: 16 processes_to_start: 4 concurrency_per_worker: 1 concurrency_overhead: 0
2019-11-27 07:13:38.396 2213 RALLYDEBUG rally.task.runner [-] Starting a worker. times: 10 duration: None concurrency: 1 timeout: 0 cls: method_name: run args: {"detailed": true, "force": false}
2019-11-27 07:13:38.400 2214 RALLYDEBUG rally.task.runner [-] Starting a worker. times: 10 duration: None concurrency: 1 timeout: 0 cls: method_name: run args: {"detailed": true, "force": false}
2019-11-27 07:13:38.404 2213 INFO rally.task.runner [-] Task 9479e9fc-18dd-46af-8897-4ed049cfaf14 | ITER: 1 START
2019-11-27 07:13:38.404 2215 RALLYDEBUG rally.task.runner [-] Starting a worker. times: 10 duration: None concurrency: 1 timeout: 0 cls: method_name: run args: {"detailed": true, "force": false}
2019-11-27 07:13:38.407 2214 INFO rally.task.runner [-] Task 9479e9fc-18dd-46af-8897-4ed049cfaf14 | ITER: 2 START
2019-11-27 07:13:38.407 2217 RALLYDEBUG rally.task.runner [-] Starting a worker. times: 10 duration: None concurrency: 1 timeout: 0 cls: method_name: run args: {"detailed": true, "force": false}
2019-11-27 07:13:38.411 2215 INFO rally.task.runner [-] Task 9479e9fc-18dd-46af-8897-4ed049cfaf14 | ITER: 3 START
2019-11-27 07:13:38.413 2217 INFO rally.task.runner [-] Task 9479e9fc-18dd-46af-8897-4ed049cfaf14 | ITER: 4 START
2019-11-27 07:13:41.011 2214 INFO rally.task.runner [-] Task 9479e9fc-18dd-46af-8897-4ed049cfaf14 | ITER: 2 END: OK
2019-11-27 07:13:41.015 2214 INFO rally.task.runner [-] Task 9479e9fc-18dd-46af-8897-4ed049cfaf14 | ITER: 5 START
2019-11-27 07:13:41.015 2213 INFO rally.task.runner [-] Task 9479e9fc-18dd-46af-8897-4ed049cfaf14 | ITER: 1 END: OK
2019-11-27 07:13:41.020 2213 INFO rally.task.runner [-] Task 9479e9fc-18dd-46af-8897-4ed049cfaf14 | ITER: 6 START
2019-11-27 07:13:41.031 2215 INFO rally.task.runner [-] Task 9479e9fc-18dd-46af-8897-4ed049cfaf14 | ITER: 3 END: OK
2019-11-27 07:13:41.036 2215 INFO rally.task.runner [-] Task 9479e9fc-18dd-46af-8897-4ed049cfaf14 | ITER: 7 START
2019-11-27 07:13:41.131 2217 INFO rally.task.runner [-] Task 9479e9fc-18dd-46af-8897-4ed049cfaf14 | ITER: 4 END: OK
2019-11-27 07:13:41.135 2217 INFO rally.task.runner [-] Task 9479e9fc-18dd-46af-8897-4ed049cfaf14 | ITER: 8 START
2019-11-27 07:13:43.598 2214 INFO rally.task.runner [-] Task 9479e9fc-18dd-46af-8897-4ed049cfaf14 | ITER: 5 END: OK
2019-11-27 07:13:43.602 2214 INFO rally.task.runner [-] Task 9479e9fc-18dd-46af-8897-4ed049cfaf14 | ITER: 9 START
2019-11-27 07:13:43.625 2215 INFO rally.task.runner [-] Task 9479e9fc-18dd-46af-8897-4ed049cfaf14 | ITER: 7 END: OK
2019-11-27 07:13:43.629 2215 INFO rally.task.runner [-] Task 9479e9fc-18dd-46af-8897-4ed049cfaf14 | ITER: 10 START
2019-11-27 07:13:43.721 2217 INFO rally.task.runner [-] Task 9479e9fc-18dd-46af-8897-4ed049cfaf14 | ITER: 8 END: OK
2019-11-27 07:13:44.008 2213 INFO rally.task.runner [-] Task 9479e9fc-18dd-46af-8897-4ed049cfaf14 | ITER: 6 END: OK
2019-11-27 07:13:46.221 2214 INFO rally.task.runner [-] Task 9479e9fc-18dd-46af-8897-4ed049cfaf14 | ITER: 9 END: OK
2019-11-27 07:13:46.231 2215 INFO rally.task.runner [-] Task 9479e9fc-18dd-46af-8897-4ed049cfaf14 | ITER: 10 END: OK
2019-11-27 07:13:46.260 1845 INFO rally.task.context [-] Task 9479e9fc-18dd-46af-8897-4ed049cfaf14 | Context cleanup@openstack cleanup() started
2019-11-27 07:13:46.266 1845 RALLYDEBUG rally_openstack.cleanup.manager [-] Cleaning up cinder backups objects
2019-11-27 07:13:47.432 1845 RALLYDEBUG rally_openstack.cleanup.manager [-] Cleaning up cinder volume_snapshots objects
2019-11-27 07:13:48.576 1845 RALLYDEBUG rally_openstack.cleanup.manager [-] Deleting cinder.volume_snapshots object s_rally_f313ab87_bAafC4kC (aa0387dc-cc4e-4494-a338-4a3c6c1134e6)
2019-11-27 07:13:48.588 1845 RALLYDEBUG rally_openstack.cleanup.manager [-] Deleting cinder.volume_snapshots object s_rally_f313ab87_Gnm9qGdt (b4da7f8a-6a2c-4e79-9687-3f1db0f55994)
2019-11-27 07:13:48.588 1845 RALLYDEBUG rally_openstack.cleanup.manager [-] Deleting cinder.volume_snapshots object s_rally_f313ab87_6P52A6p5 (2c7f770e-d528-458e-957a-e1b8a657f4fa)
2019-11-27 07:13:48.592 1845 RALLYDEBUG rally_openstack.cleanup.manager [-] Deleting cinder.volume_snapshots object s_rally_f313ab87_jqZjgHEW (27a0a72b-076a-49fd-bf07-b72354b19fb8)
2019-11-27 07:13:48.608 1845 RALLYDEBUG rally_openstack.cleanup.manager [-] Deleting cinder.volume_snapshots object s_rally_f313ab87_R5BAR1jF (f660db7f-33b5-40cf-9e68-3526cacefa64)
2019-11-27 07:13:48.622 1845 RALLYDEBUG rally_openstack.cleanup.manager [-] Deleting cinder.volume_snapshots object s_rally_f313ab87_Rgi4jim6 (f5ea1c82-ffa1-4b2d-9398-b8322d561be7)
2019-11-27 07:13:48.640 1845 RALLYDEBUG rally_openstack.cleanup.manager [-] Deleting cinder.volume_snapshots object s_rally_f313ab87_KUfGdrvM (a89197bc-c59b-41f8-bd4e-4c13bb22294d)
2019-11-27 07:13:48.662 1845 RALLYDEBUG rally_openstack.cleanup.manager [-] Deleting cinder.volume_snapshots object s_rally_f313ab87_MtgOCT5K (5a7e9b56-53b7-4835-b0e9-e3515332fb9c)
2019-11-27 07:13:48.672 1845 RALLYDEBUG rally_openstack.cleanup.manager [-] Deleting cinder.volume_snapshots object s_rally_f313ab87_98tHmopX (9ebf9514-2af2-46b2-8ba9-29080305f021)
2019-11-27 07:13:48.681 1845 RALLYDEBUG rally_openstack.cleanup.manager [-] Deleting cinder.volume_snapshots object s_rally_f313ab87_OWsrel5S (12b34931-81b8-4c75-81c5-6d5f4ee0e810)
2019-11-27 07:13:52.246 1845 RALLYDEBUG rally_openstack.cleanup.manager [-] Cleaning up cinder transfers objects
2019-11-27 07:13:53.397 1845 RALLYDEBUG rally_openstack.cleanup.manager [-] Cleaning up cinder volumes objects
2019-11-27 07:13:54.663 1845 INFO rally.task.context [-] Task 9479e9fc-18dd-46af-8897-4ed049cfaf14 | Context cleanup@openstack cleanup() finished in 8.40 sec
2019-11-27 07:13:54.663 1845 INFO rally.task.context [-] Task 9479e9fc-18dd-46af-8897-4ed049cfaf14 | Context volumes@openstack cleanup() started
2019-11-27 07:13:54.664 1845 RALLYDEBUG rally_openstack.cleanup.manager [-] Cleaning up cinder volumes objects
2019-11-27 07:13:55.904 1845 RALLYDEBUG rally_openstack.cleanup.manager [-] Deleting cinder.volumes object c_rally_f313ab87_rMToW35j (d38e1434-2218-4149-89e0-2f6f45ea280a)
2019-11-27 07:13:55.911 1845 RALLYDEBUG rally_openstack.cleanup.manager [-] Deleting cinder.volumes object c_rally_f313ab87_p5tM9iA3 (5f6a91ee-bfe6-4d74-97e5-16c68417babe)
2019-11-27 07:13:55.917 1845 RALLYDEBUG rally_openstack.cleanup.manager [-] Deleting cinder.volumes object c_rally_f313ab87_6U7xyA8r (3aeea69a-f78a-4c00-8a1e-dc8e3ded9c19)
2019-11-27 07:13:58.467 1845 INFO rally.task.context [-] Task 9479e9fc-18dd-46af-8897-4ed049cfaf14 | Context volumes@openstack cleanup() finished in 3.80 sec
2019-11-27 07:13:58.468 1845 INFO rally.task.context [-] Task 9479e9fc-18dd-46af-8897-4ed049cfaf14 | Context quotas@openstack cleanup() started
2019-11-27 07:13:58.549 1845 INFO rally.task.context [-] Task 9479e9fc-18dd-46af-8897-4ed049cfaf14 | Context quotas@openstack cleanup() finished in 81.93 msec
2019-11-27 07:13:58.550 1845 INFO rally.task.context [-] Task 9479e9fc-18dd-46af-8897-4ed049cfaf14 | Context api_versions@openstack cleanup() started
2019-11-27 07:13:58.550 1845 INFO rally.task.context [-] Task 9479e9fc-18dd-46af-8897-4ed049cfaf14 | Context api_versions@openstack cleanup() finished in 0.37 msec
2019-11-27 07:13:58.551 1845 INFO rally.task.context [-] Task 9479e9fc-18dd-46af-8897-4ed049cfaf14 | Context users@openstack cleanup() started
2019-11-27 07:14:02.886 1845 INFO rally.task.context [-] Task 9479e9fc-18dd-46af-8897-4ed049cfaf14 | Context users@openstack cleanup() finished in 4.33 sec
2019-11-27 07:14:03.533 1845 INFO rally.task.engine [-] Load duration is: 7.822932
2019-11-27 07:14:03.533 1845 INFO rally.task.engine [-] Full runner duration is: 7.875467
2019-11-27 07:14:03.534 1845 INFO rally.task.engine [-] Full duration is: 37.570427
2019-11-27 07:14:03.856 1845 INFO rally.task.engine [-] Running workload: position = 0 config = { "version": 2, "title": "A cropped version of a bigger task.", "description": "Auto-generated task from a single workload (uuid=0566a2c0-6416-4f15-8ffc-a009272fb9e0)", "subtasks": [ { "title": "CinderVolumes.create_and_list_volume", "description": "Create a volume and list all volumes.", "scenario": { "CinderVolumes.create_and_list_volume": { "detailed": true, "image": { "name": "rally_full-img_57ee946c-5f1b-4106-aebb-3fde2ec88a78" }, "size": 1 } }, "contexts": { "users": { "tenants": 3, "users_per_tenant": 2 }, "quotas": { "cinder": { "gigabytes": -1, "snapshots": -1, "volumes": -1 } }, "api_versions": { "cinder": { "version": 3, "service_type": "volumev3" } } }, "runner": { "constant": { "concurrency": 4, "times": 10 } }, "hooks": [], "sla": { "failure_rate": { "max": 0 } } } ] }
2019-11-27 07:14:03.882 1845 RALLYDEBUG rally_openstack.contexts.keystone.users [-] Creating 3 tenants using 20 threads
2019-11-27 07:14:04.928 1845 RALLYDEBUG rally_openstack.contexts.keystone.users [-] Creating 6 users using 20 threads
2019-11-27 07:14:06.502 1845 INFO rally.task.context [-] Task 9479e9fc-18dd-46af-8897-4ed049cfaf14 | Context users@openstack setup() finished in 2.62 sec
2019-11-27 07:14:06.925 1845 INFO rally.task.context [-] Task 9479e9fc-18dd-46af-8897-4ed049cfaf14 | Context api_versions@openstack setup() finished in 0.42 sec
2019-11-27 07:14:07.923 1845 INFO rally.task.context [-] Task 9479e9fc-18dd-46af-8897-4ed049cfaf14 | Context quotas@openstack setup() finished in 1.00 sec
2019-11-27 07:14:07.923 1845 INFO rally.task.context [-] Task 9479e9fc-18dd-46af-8897-4ed049cfaf14 | Context cleanup@openstack setup() finished in 0.01 msec
2019-11-27 07:14:08.481 1845 RALLYDEBUG rally.task.runner [-] Starting the constant runner (task UUID: 9479e9fc-18dd-46af-8897-4ed049cfaf14). times: 10 concurrency: 4 timeout: 0 max_cpu_used: 16 processes_to_start: 4 concurrency_per_worker: 1 concurrency_overhead: 0
2019-11-27 07:14:08.493 2417 RALLYDEBUG rally.task.runner [-] Starting a worker. times: 10 duration: None concurrency: 1 timeout: 0 cls: method_name: run args: {"detailed": true, "image": "55a4957d-c39c-4a60-a716-52387f8cfec5", "size": 1}
2019-11-27 07:14:08.497 2418 RALLYDEBUG rally.task.runner [-] Starting a worker. times: 10 duration: None concurrency: 1 timeout: 0 cls: method_name: run args: {"detailed": true, "image": "55a4957d-c39c-4a60-a716-52387f8cfec5", "size": 1}
2019-11-27 07:14:08.500 2417 INFO rally.task.runner [-] Task 9479e9fc-18dd-46af-8897-4ed049cfaf14 | ITER: 1 START
2019-11-27 07:14:08.500 2419 RALLYDEBUG rally.task.runner [-] Starting a worker. times: 10 duration: None concurrency: 1 timeout: 0 cls: method_name: run args: {"detailed": true, "image": "55a4957d-c39c-4a60-a716-52387f8cfec5", "size": 1}
2019-11-27 07:14:08.504 2418 INFO rally.task.runner [-] Task 9479e9fc-18dd-46af-8897-4ed049cfaf14 | ITER: 2 START
2019-11-27 07:14:08.504 2420 RALLYDEBUG rally.task.runner [-] Starting a worker. times: 10 duration: None concurrency: 1 timeout: 0 cls: method_name: run args: {"detailed": true, "image": "55a4957d-c39c-4a60-a716-52387f8cfec5", "size": 1}
2019-11-27 07:14:08.507 2419 INFO rally.task.runner [-] Task 9479e9fc-18dd-46af-8897-4ed049cfaf14 | ITER: 3 START
2019-11-27 07:14:08.511 2420 INFO rally.task.runner [-] Task 9479e9fc-18dd-46af-8897-4ed049cfaf14 | ITER: 4 START
2019-11-27 07:14:32.249 2418 RALLYDEBUG rally.task.utils [-] Waiting for resource s_rally_0566a2c0_ikOjvK54. Status changed: DOWNLOADING => AVAILABLE in 20.876991033554077
2019-11-27 07:14:32.314 2418 INFO rally.task.runner [-] Task 9479e9fc-18dd-46af-8897-4ed049cfaf14 | ITER: 2 END: OK
2019-11-27 07:14:32.320 2418 INFO rally.task.runner [-] Task 9479e9fc-18dd-46af-8897-4ed049cfaf14 | ITER: 5 START
2019-11-27 07:15:20.105 2417 RALLYDEBUG rally.task.utils [-] Waiting for resource s_rally_0566a2c0_PvjnuIyA. Status changed: DOWNLOADING => AVAILABLE in 68.58206057548523
2019-11-27 07:15:20.170 2417 INFO rally.task.runner [-] Task 9479e9fc-18dd-46af-8897-4ed049cfaf14 | ITER: 1 END: OK
2019-11-27 07:15:20.177 2417 INFO rally.task.runner [-] Task 9479e9fc-18dd-46af-8897-4ed049cfaf14 | ITER: 6 START
2019-11-27 07:15:20.177 2419 RALLYDEBUG rally.task.utils [-] Waiting for resource s_rally_0566a2c0_KgTj2Nmq. Status changed: DOWNLOADING => AVAILABLE in 68.58263111114502
2019-11-27 07:15:20.242 2419 INFO rally.task.runner [-] Task 9479e9fc-18dd-46af-8897-4ed049cfaf14 | ITER: 3 END: OK
2019-11-27 07:15:20.247 2419 INFO rally.task.runner [-] Task 9479e9fc-18dd-46af-8897-4ed049cfaf14 | ITER: 7 START
2019-11-27 07:15:22.551 2420 RALLYDEBUG rally.task.utils [-] Waiting for resource s_rally_0566a2c0_kjf850Ye. Status changed: DOWNLOADING => AVAILABLE in 70.8873462677002
2019-11-27 07:15:22.616 2420 INFO rally.task.runner [-] Task 9479e9fc-18dd-46af-8897-4ed049cfaf14 | ITER: 4 END: OK
2019-11-27 07:15:22.622 2420 INFO rally.task.runner [-] Task 9479e9fc-18dd-46af-8897-4ed049cfaf14 | ITER: 8 START
2019-11-27 07:15:28.007 2420 RALLYDEBUG rally.task.utils [-] Waiting for resource s_rally_0566a2c0_guqyplgH. Status changed: CREATING => DOWNLOADING in 2.2007527351379395
2019-11-27 07:15:37.555 2419 RALLYDEBUG rally.task.utils [-] Waiting for resource s_rally_0566a2c0_Kijr0ilm. Status changed: DOWNLOADING => AVAILABLE in 14.622080564498901
2019-11-27 07:15:37.614 2419 INFO rally.task.runner [-] Task 9479e9fc-18dd-46af-8897-4ed049cfaf14 | ITER: 7 END: OK
2019-11-27 07:15:37.618 2419 INFO rally.task.runner [-] Task 9479e9fc-18dd-46af-8897-4ed049cfaf14 | ITER: 9 START
2019-11-27 07:15:39.671 2418 RALLYDEBUG rally.task.utils [-] Waiting for resource s_rally_0566a2c0_9GDICTKg. Status changed: DOWNLOADING => AVAILABLE in 64.40066409111023
2019-11-27 07:15:39.734 2418 INFO rally.task.runner [-] Task 9479e9fc-18dd-46af-8897-4ed049cfaf14 | ITER: 5 END: OK
2019-11-27 07:15:39.739 2418 INFO rally.task.runner [-] Task 9479e9fc-18dd-46af-8897-4ed049cfaf14 | ITER: 10 START
2019-11-27 07:15:42.909 2419 RALLYDEBUG rally.task.utils [-] Waiting for resource s_rally_0566a2c0_6yiinoml. Status changed: CREATING => DOWNLOADING in 2.205488920211792
2019-11-27 07:15:49.220 2418 RALLYDEBUG rally.task.utils [-] Waiting for resource s_rally_0566a2c0_jAGMT4Nz. Status changed: CREATING => DOWNLOADING in 6.36469841003418
2019-11-27 07:15:58.294 2417 RALLYDEBUG rally.task.utils [-] Waiting for resource s_rally_0566a2c0_jyBvOIyX. Status changed: DOWNLOADING => AVAILABLE in 35.3457293510437
2019-11-27 07:15:58.363 2417 INFO rally.task.runner [-] Task 9479e9fc-18dd-46af-8897-4ed049cfaf14 | ITER: 6 END: OK
2019-11-27 07:16:01.195 2420 RALLYDEBUG rally.task.utils [-] Waiting for resource s_rally_0566a2c0_guqyplgH. Status changed: DOWNLOADING => AVAILABLE in 33.18752193450928
2019-11-27 07:16:01.268 2420 INFO rally.task.runner [-] Task 9479e9fc-18dd-46af-8897-4ed049cfaf14 | ITER: 8 END: OK
2019-11-27 07:16:22.363 2418 RALLYDEBUG rally.task.utils [-] Waiting for resource s_rally_0566a2c0_jAGMT4Nz. Status changed: DOWNLOADING => AVAILABLE in 33.14292526245117
2019-11-27 07:16:22.406 2419 RALLYDEBUG rally.task.utils [-] Waiting for resource s_rally_0566a2c0_6yiinoml. Status changed: DOWNLOADING => AVAILABLE in 39.49661111831665
2019-11-27 07:16:22.425 2418 INFO rally.task.runner [-] Task 9479e9fc-18dd-46af-8897-4ed049cfaf14 | ITER: 10 END: OK
2019-11-27 07:16:22.586 2419 INFO rally.task.runner [-] Task 9479e9fc-18dd-46af-8897-4ed049cfaf14 | ITER: 9 END: OK
2019-11-27 07:16:22.610 1845 INFO rally.task.context [-] Task 9479e9fc-18dd-46af-8897-4ed049cfaf14 | Context cleanup@openstack cleanup() started
2019-11-27 07:16:22.615 1845 RALLYDEBUG rally_openstack.cleanup.manager [-] Cleaning up cinder backups objects
2019-11-27 07:16:23.820 1845 RALLYDEBUG rally_openstack.cleanup.manager [-] Cleaning up cinder volume_snapshots objects
2019-11-27 07:16:25.103 1845 RALLYDEBUG rally_openstack.cleanup.manager [-] Cleaning up cinder transfers objects
2019-11-27 07:16:26.549 1845 RALLYDEBUG rally_openstack.cleanup.manager [-] Cleaning up cinder volumes objects
2019-11-27 07:16:27.833 1845 RALLYDEBUG rally_openstack.cleanup.manager [-] Deleting cinder.volumes object s_rally_0566a2c0_jAGMT4Nz (8098e54d-d398-42bc-91d6-845a3e5b0f90)
2019-11-27 07:16:27.842 1845 RALLYDEBUG rally_openstack.cleanup.manager [-] Deleting cinder.volumes object s_rally_0566a2c0_guqyplgH (8a3e0c11-5d99-4d56-9aed-eba0810ccca4)
2019-11-27 07:16:27.851 1845 RALLYDEBUG rally_openstack.cleanup.manager [-] Deleting cinder.volumes object s_rally_0566a2c0_ikOjvK54 (206712ba-dc8b-4c82-a0dd-53809f8e7204)
2019-11-27 07:16:27.861 1845 RALLYDEBUG rally_openstack.cleanup.manager [-] Deleting cinder.volumes object s_rally_0566a2c0_Kijr0ilm (4f775083-012c-4cc4-aace-c9c31668d130)
2019-11-27 07:16:27.865 1845 RALLYDEBUG rally_openstack.cleanup.manager [-] Deleting cinder.volumes object s_rally_0566a2c0_9GDICTKg (e167cf68-aaac-4016-9fd0-28aae059b7bc)
2019-11-27 07:16:27.878 1845 RALLYDEBUG rally_openstack.cleanup.manager [-] Deleting cinder.volumes object s_rally_0566a2c0_6yiinoml (8bed3a4b-8e15-452a-b071-0aacd8ac747c)
2019-11-27 07:16:27.883 1845 RALLYDEBUG rally_openstack.cleanup.manager [-] Deleting cinder.volumes object s_rally_0566a2c0_jyBvOIyX (4fd7edc9-4f04-466d-82b8-866c2ed2da3b)
2019-11-27 07:16:27.904 1845 RALLYDEBUG rally_openstack.cleanup.manager [-] Deleting cinder.volumes object s_rally_0566a2c0_kjf850Ye (7f85d35a-f849-44eb-abfe-b459845b20fb)
2019-11-27 07:16:27.912 1845 RALLYDEBUG rally_openstack.cleanup.manager [-] Deleting cinder.volumes object s_rally_0566a2c0_KgTj2Nmq (b7e3a97f-41a9-4303-9930-ae4543dda68b)
2019-11-27 07:16:27.932 1845 RALLYDEBUG rally_openstack.cleanup.manager [-] Deleting cinder.volumes object s_rally_0566a2c0_PvjnuIyA (4e967224-cae8-42ee-a9c4-4ccb679cfa86)
2019-11-27 07:16:31.763 1845 INFO rally.task.context [-] Task 9479e9fc-18dd-46af-8897-4ed049cfaf14 | Context cleanup@openstack cleanup() finished in 9.15 sec
2019-11-27 07:16:31.764 1845 INFO rally.task.context [-] Task 9479e9fc-18dd-46af-8897-4ed049cfaf14 | Context quotas@openstack cleanup() started
2019-11-27 07:16:31.851 1845 INFO rally.task.context [-] Task 9479e9fc-18dd-46af-8897-4ed049cfaf14 | Context quotas@openstack cleanup() finished in 86.82 msec
2019-11-27 07:16:31.851 1845 INFO rally.task.context [-] Task 9479e9fc-18dd-46af-8897-4ed049cfaf14 | Context api_versions@openstack cleanup() started
2019-11-27 07:16:31.852 1845 INFO rally.task.context [-] Task 9479e9fc-18dd-46af-8897-4ed049cfaf14 | Context api_versions@openstack cleanup() finished in 0.36 msec
2019-11-27 07:16:31.852 1845 INFO rally.task.context [-] Task 9479e9fc-18dd-46af-8897-4ed049cfaf14 | Context users@openstack cleanup() started
2019-11-27 07:16:36.322 1845 INFO rally.task.context [-] Task 9479e9fc-18dd-46af-8897-4ed049cfaf14 | Context users@openstack cleanup() finished in 4.47 sec
2019-11-27 07:16:36.548 1845 INFO rally.task.engine [-] Load duration is: 134.080771
2019-11-27 07:16:36.548 1845 INFO rally.task.engine [-] Full runner duration is: 134.12929
2019-11-27 07:16:36.548 1845 INFO rally.task.engine [-] Full duration is: 152.442868
2019-11-27 07:16:36.774 1845 INFO rally.task.engine [-] Running workload: position = 1 config = { "version": 2, "title": "A cropped version of a bigger task.", "description": "Auto-generated task from a single workload (uuid=2b5c46e1-fa19-4bd1-a5bc-8312ffe02c41)", "subtasks": [ { "title": "CinderVolumes.create_and_list_volume", "description": "Create a volume and list all volumes.", "scenario": { "CinderVolumes.create_and_list_volume": { "detailed": true, "size": 1 } }, "contexts": { "users": { "tenants": 3, "users_per_tenant": 2 }, "quotas": { "cinder": { "gigabytes": -1, "snapshots": -1, "volumes": -1 } }, "api_versions": { "cinder": { "version": 3, "service_type": "volumev3" } } }, "runner": { "constant": { "concurrency": 4, "times": 10 } }, "hooks": [], "sla": { "failure_rate": { "max": 0 } } } ] }
2019-11-27 07:16:36.801 1845 RALLYDEBUG rally_openstack.contexts.keystone.users [-] Creating 3 tenants using 20 threads
2019-11-27 07:16:37.867 1845 RALLYDEBUG rally_openstack.contexts.keystone.users [-] Creating 6 users using 20 threads
2019-11-27 07:16:39.370 1845 INFO rally.task.context [-] Task 9479e9fc-18dd-46af-8897-4ed049cfaf14 | Context users@openstack setup() finished in 2.57 sec
2019-11-27 07:16:39.786 1845 INFO rally.task.context [-] Task 9479e9fc-18dd-46af-8897-4ed049cfaf14 | Context api_versions@openstack setup() finished in 0.42 sec
2019-11-27 07:16:40.696 1845 INFO rally.task.context [-] Task 9479e9fc-18dd-46af-8897-4ed049cfaf14 | Context quotas@openstack setup() finished in 0.91 sec
2019-11-27 07:16:40.696 1845 INFO rally.task.context [-] Task 9479e9fc-18dd-46af-8897-4ed049cfaf14 | Context cleanup@openstack setup() finished in 0.05 msec
2019-11-27 07:16:40.705 1845 RALLYDEBUG rally.task.runner [-] Starting the constant runner (task UUID: 9479e9fc-18dd-46af-8897-4ed049cfaf14). times: 10 concurrency: 4 timeout: 0 max_cpu_used: 16 processes_to_start: 4 concurrency_per_worker: 1 concurrency_overhead: 0
2019-11-27 07:16:40.717 2601 RALLYDEBUG rally.task.runner [-] Starting a worker. times: 10 duration: None concurrency: 1 timeout: 0 cls: method_name: run args: {"detailed": true, "size": 1}
2019-11-27 07:16:40.721 2602 RALLYDEBUG rally.task.runner [-] Starting a worker. times: 10 duration: None concurrency: 1 timeout: 0 cls: method_name: run args: {"detailed": true, "size": 1}
2019-11-27 07:16:40.724 2601 INFO rally.task.runner [-] Task 9479e9fc-18dd-46af-8897-4ed049cfaf14 | ITER: 1 START
2019-11-27 07:16:40.724 2603 RALLYDEBUG rally.task.runner [-] Starting a worker. times: 10 duration: None concurrency: 1 timeout: 0 cls: method_name: run args: {"detailed": true, "size": 1}
2019-11-27 07:16:40.727 2602 INFO rally.task.runner [-] Task 9479e9fc-18dd-46af-8897-4ed049cfaf14 | ITER: 2 START
2019-11-27 07:16:40.727 2604 RALLYDEBUG rally.task.runner [-] Starting a worker. times: 10 duration: None concurrency: 1 timeout: 0 cls: method_name: run args: {"detailed": true, "size": 1}
2019-11-27 07:16:40.731 2603 INFO rally.task.runner [-] Task 9479e9fc-18dd-46af-8897-4ed049cfaf14 | ITER: 3 START
2019-11-27 07:16:40.734 2604 INFO rally.task.runner [-] Task 9479e9fc-18dd-46af-8897-4ed049cfaf14 | ITER: 4 START
2019-11-27 07:16:43.611 2601 INFO rally.task.runner [-] Task 9479e9fc-18dd-46af-8897-4ed049cfaf14 | ITER: 1 END: OK
2019-11-27 07:16:43.616 2601 INFO rally.task.runner [-] Task 9479e9fc-18dd-46af-8897-4ed049cfaf14 | ITER: 5 START
2019-11-27 07:16:43.657 2602 INFO rally.task.runner [-] Task 9479e9fc-18dd-46af-8897-4ed049cfaf14 | ITER: 2 END: OK
2019-11-27 07:16:43.662 2604 INFO rally.task.runner [-] Task 9479e9fc-18dd-46af-8897-4ed049cfaf14 | ITER: 4 END: OK
2019-11-27 07:16:43.663 2602 INFO rally.task.runner [-] Task 9479e9fc-18dd-46af-8897-4ed049cfaf14 | ITER: 6 START
2019-11-27 07:16:43.667 2604 INFO rally.task.runner [-] Task 9479e9fc-18dd-46af-8897-4ed049cfaf14 | ITER: 7 START
2019-11-27 07:16:43.716 2603 INFO rally.task.runner [-] Task 9479e9fc-18dd-46af-8897-4ed049cfaf14 | ITER: 3 END: OK
2019-11-27 07:16:43.721 2603 INFO rally.task.runner [-] Task 9479e9fc-18dd-46af-8897-4ed049cfaf14 | ITER: 8 START
2019-11-27 07:16:46.425 2602 INFO rally.task.runner [-] Task 9479e9fc-18dd-46af-8897-4ed049cfaf14 | ITER: 6 END: OK
2019-11-27 07:16:46.429 2602 INFO rally.task.runner [-] Task 9479e9fc-18dd-46af-8897-4ed049cfaf14 | ITER: 9 START
2019-11-27 07:16:46.471 2604 INFO rally.task.runner [-] Task 9479e9fc-18dd-46af-8897-4ed049cfaf14 | ITER: 7 END: OK
