2019-11-27 07:06:08.201 8 RALLYDEBUG rally.api [-] INFO logs from urllib3 and requests module are hide.
2019-11-27 07:06:08.201 8 RALLYDEBUG rally.api [-] urllib3 insecure warnings are hidden.
2019-11-27 07:06:08.201 8 RALLYDEBUG rally.api [-] ERROR log from boto module is hide.
2019-11-27 07:06:09.975 8 ERROR rally.cli.cliutils [-] Unexpected exception in CLI: rally.exceptions.DBRecordNotFound: Record for uuid or name is opnfv-rally not found in table envs
2019-11-27 07:06:09.975 8 ERROR rally.cli.cliutils
Traceback (most recent call last):
2019-11-27 07:06:09.975 8 ERROR rally.cli.cliutils
File "/usr/lib/python3.6/site-packages/rally/cli/cliutils.py", line 674, in run
2019-11-27 07:06:09.975 8 ERROR rally.cli.cliutils ret = fn(*fn_args, **fn_kwargs)
2019-11-27 07:06:09.975 8 ERROR rally.cli.cliutils File "", line 2, in destroy
2019-11-27 07:06:09.975 8 ERROR rally.cli.cliutils
File "/usr/lib/python3.6/site-packages/rally/cli/envutils.py", line 68, in default_from_global
2019-11-27 07:06:09.975 8 ERROR rally.cli.cliutils return f(*args, **kwargs)
2019-11-27 07:06:09.975 8 ERROR rally.cli.cliutils File "", line 2, in destroy
2019-11-27 07:06:09.975 8 ERROR rally.cli.cliutils
File "/usr/lib/python3.6/site-packages/rally/plugins/__init__.py", line 51, in ensure_plugins_are_loaded
2019-11-27 07:06:09.975 8 ERROR rally.cli.cliutils return f(*args, **kwargs)
2019-11-27 07:06:09.975 8 ERROR rally.cli.cliutils
File "/usr/lib/python3.6/site-packages/rally/cli/commands/deployment.py", line 157, in destroy
2019-11-27 07:06:09.975 8 ERROR rally.cli.cliutils api.deployment.destroy(deployment=deployment)
2019-11-27 07:06:09.975 8 ERROR rally.cli.cliutils
File "/usr/lib/python3.6/site-packages/rally/api.py", line 115, in destroy
2019-11-27 07:06:09.975 8 ERROR rally.cli.cliutils deploy = objects.Deployment.get(deployment)
2019-11-27 07:06:09.975 8 ERROR rally.cli.cliutils
File "/usr/lib/python3.6/site-packages/rally/common/objects/deploy.py", line 124, in get
2019-11-27 07:06:09.975 8 ERROR rally.cli.cliutils return Deployment(env_mgr.EnvManager.get(deploy))
2019-11-27 07:06:09.975 8 ERROR rally.cli.cliutils
File "/usr/lib/python3.6/site-packages/rally/env/env_mgr.py", line 212, in get
2019-11-27 07:06:09.975 8 ERROR rally.cli.cliutils return cls(db.env_get(uuid_or_name))
2019-11-27 07:06:09.975 8 ERROR rally.cli.cliutils
File "/usr/lib/python3.6/site-packages/rally/common/db/api.py", line 135, in wrapper
2019-11-27 07:06:09.975 8 ERROR rally.cli.cliutils result = f(session, *args, **kwargs)
2019-11-27 07:06:09.975 8 ERROR rally.cli.cliutils
File "/usr/lib/python3.6/site-packages/rally/common/db/api.py", line 521, in env_get
2019-11-27 07:06:09.975 8 ERROR rally.cli.cliutils criteria="uuid or name is %s" % uuid_or_name, table="envs")
2019-11-27 07:06:09.975 8 ERROR rally.cli.cliutils rally.exceptions.DBRecordNotFound: Record for uuid or name is opnfv-rally not found in table envs
2019-11-27 07:06:09.975 8 ERROR rally.cli.cliutils
2019-11-27 07:06:11.268 10 RALLYDEBUG rally.api [-] INFO logs from urllib3 and requests module are hide.
2019-11-27 07:06:11.268 10 RALLYDEBUG rally.api [-] urllib3 insecure warnings are hidden.
2019-11-27 07:06:11.269 10 RALLYDEBUG rally.api [-] ERROR log from boto module is hide.
2019-11-27 07:06:14.904 12 RALLYDEBUG rally.api [-] INFO logs from urllib3 and requests module are hide.
2019-11-27 07:06:14.904 12 RALLYDEBUG rally.api [-] urllib3 insecure warnings are hidden.
2019-11-27 07:06:14.905 12 RALLYDEBUG rally.api [-] ERROR log from boto module is hide.
2019-11-27 07:06:19.134 15 RALLYDEBUG rally.api [-] INFO logs from urllib3 and requests module are hide.
2019-11-27 07:06:19.134 15 RALLYDEBUG rally.api [-] urllib3 insecure warnings are hidden.
2019-11-27 07:06:19.134 15 RALLYDEBUG rally.api [-] ERROR log from boto module is hide.
2019-11-27 07:06:20.591 17 RALLYDEBUG rally.api [-] INFO logs from urllib3 and requests module are hide.
2019-11-27 07:06:20.591 17 RALLYDEBUG rally.api [-] urllib3 insecure warnings are hidden.
2019-11-27 07:06:20.592 17 RALLYDEBUG rally.api [-] ERROR log from boto module is hide.
2019-11-27 07:06:22.433 17 INFO rally.task.engine [-] Task 8a5f7f94-b032-4070-9198-d5fe9f5124b4 | Starting: Task validation.
2019-11-27 07:06:22.478 17 INFO rally.task.engine [-] Task 8a5f7f94-b032-4070-9198-d5fe9f5124b4 | Starting: Task validation of syntax.
2019-11-27 07:06:22.567 17 INFO rally.task.engine [-] Task 8a5f7f94-b032-4070-9198-d5fe9f5124b4 | Completed: Task validation of syntax.
2019-11-27 07:06:22.568 17 INFO rally.task.engine [-] Task 8a5f7f94-b032-4070-9198-d5fe9f5124b4 | Starting: Task validation of required platforms.
2019-11-27 07:06:22.612 17 INFO rally.task.engine [-] Task 8a5f7f94-b032-4070-9198-d5fe9f5124b4 | Completed: Task validation of required platforms.
2019-11-27 07:06:22.612 17 INFO rally.task.engine [-] Task 8a5f7f94-b032-4070-9198-d5fe9f5124b4 | Starting: Task validation of semantic.
2019-11-27 07:06:22.613 17 INFO rally.task.engine [-] Check health of the environment 'ffd1ca24-1bb6-4b95-be70-9c375e386cc7'.
2019-11-27 07:06:23.549 17 INFO rally.task.engine [-] Platform existing@openstack (available: True): OK!
2019-11-27 07:06:23.575 17 RALLYDEBUG rally_openstack.contexts.keystone.users [-] Creating 1 tenants using 20 threads
2019-11-27 07:06:24.423 17 RALLYDEBUG rally_openstack.contexts.keystone.users [-] Creating 1 users using 20 threads
2019-11-27 07:06:25.777 17 INFO rally.task.context [-] Task 8a5f7f94-b032-4070-9198-d5fe9f5124b4 | Context users@openstack setup() finished in 2.20 sec
2019-11-27 07:06:25.841 17 INFO rally.task.context [-] Task 8a5f7f94-b032-4070-9198-d5fe9f5124b4 | Context users@openstack cleanup() started
2019-11-27 07:06:28.800 17 INFO rally.task.context [-] Task 8a5f7f94-b032-4070-9198-d5fe9f5124b4 | Context users@openstack cleanup() finished in 2.96 sec
2019-11-27 07:06:28.801 17 INFO rally.task.engine [-] Task 8a5f7f94-b032-4070-9198-d5fe9f5124b4 | Completed: Task validation of semantic.
2019-11-27 07:06:28.801 17 INFO rally.task.engine [-] Task 8a5f7f94-b032-4070-9198-d5fe9f5124b4 | Completed: Task validation.
2019-11-27 07:06:28.801 17 INFO rally.api [-] Task 8a5f7f94-b032-4070-9198-d5fe9f5124b4 input file is valid.
2019-11-27 07:06:28.802 17 INFO rally.api [-] Run Task 8a5f7f94-b032-4070-9198-d5fe9f5124b4 against Deployment ffd1ca24-1bb6-4b95-be70-9c375e386cc7
2019-11-27 07:06:28.802 17 INFO rally.task.engine [-] Task 8a5f7f94-b032-4070-9198-d5fe9f5124b4 | Starting: Running task.
2019-11-27 07:06:29.081 17 INFO rally.task.engine [-] Running workload: position = 0 config = { "version": 2, "title": "A cropped version of a bigger task.", "description": "Auto-generated task from a single workload (uuid=670aad29-7330-49de-8fdf-38bceabd57c2)", "subtasks": [ { "title": "Authenticate.keystone", "description": "Check Keystone Client.", "scenario": { "Authenticate.keystone": {} }, "contexts": { "users": { "tenants": 3, "users_per_tenant": 2 } }, "runner": { "constant": { "concurrency": 4, "times": 10 } }, "hooks": [], "sla": { "failure_rate": { "max": 0 } } } ] }
2019-11-27 07:06:29.103 17 RALLYDEBUG rally_openstack.contexts.keystone.users [-] Creating 3 tenants using 20 threads
2019-11-27 07:06:30.057 17 RALLYDEBUG rally_openstack.contexts.keystone.users [-] Creating 6 users using 20 threads
2019-11-27 07:06:31.680 17 INFO rally.task.context [-] Task 8a5f7f94-b032-4070-9198-d5fe9f5124b4 | Context users@openstack setup() finished in 2.58 sec
2019-11-27 07:06:31.690 17 RALLYDEBUG rally.task.runner [-] Starting the constant runner (task UUID: 8a5f7f94-b032-4070-9198-d5fe9f5124b4). times: 10 concurrency: 4 timeout: 0 max_cpu_used: 16 processes_to_start: 4 concurrency_per_worker: 1 concurrency_overhead: 0
2019-11-27 07:06:31.704 141 RALLYDEBUG rally.task.runner [-] Starting a worker. times: 10 duration: None concurrency: 1 timeout: 0 cls: method_name: run args: {}
2019-11-27 07:06:31.707 142 RALLYDEBUG rally.task.runner [-] Starting a worker. times: 10 duration: None concurrency: 1 timeout: 0 cls: method_name: run args: {}
2019-11-27 07:06:31.710 141 INFO rally.task.runner [-] Task 8a5f7f94-b032-4070-9198-d5fe9f5124b4 | ITER: 1 START
2019-11-27 07:06:31.711 143 RALLYDEBUG rally.task.runner [-] Starting a worker. times: 10 duration: None concurrency: 1 timeout: 0 cls: method_name: run args: {}
2019-11-27 07:06:31.714 142 INFO rally.task.runner [-] Task 8a5f7f94-b032-4070-9198-d5fe9f5124b4 | ITER: 2 START
2019-11-27 07:06:31.714 144 RALLYDEBUG rally.task.runner [-] Starting a worker. times: 10 duration: None concurrency: 1 timeout: 0 cls: method_name: run args: {}
2019-11-27 07:06:31.717 143 INFO rally.task.runner [-] Task 8a5f7f94-b032-4070-9198-d5fe9f5124b4 | ITER: 3 START
2019-11-27 07:06:31.720 144 INFO rally.task.runner [-] Task 8a5f7f94-b032-4070-9198-d5fe9f5124b4 | ITER: 4 START
2019-11-27 07:06:32.427 142 INFO rally.task.runner [-] Task 8a5f7f94-b032-4070-9198-d5fe9f5124b4 | ITER: 2 END: OK
2019-11-27 07:06:32.428 143 INFO rally.task.runner [-] Task 8a5f7f94-b032-4070-9198-d5fe9f5124b4 | ITER: 3 END: OK
2019-11-27 07:06:32.431 142 INFO rally.task.runner [-] Task 8a5f7f94-b032-4070-9198-d5fe9f5124b4 | ITER: 5 START
2019-11-27 07:06:32.433 143 INFO rally.task.runner [-] Task 8a5f7f94-b032-4070-9198-d5fe9f5124b4 | ITER: 6 START
2019-11-27 07:06:32.435 141 INFO rally.task.runner [-] Task 8a5f7f94-b032-4070-9198-d5fe9f5124b4 | ITER: 1 END: OK
2019-11-27 07:06:32.440 141 INFO rally.task.runner [-] Task 8a5f7f94-b032-4070-9198-d5fe9f5124b4 | ITER: 7 START
2019-11-27 07:06:32.495 144 INFO rally.task.runner [-] Task 8a5f7f94-b032-4070-9198-d5fe9f5124b4 | ITER: 4 END: OK
2019-11-27 07:06:32.500 144 INFO rally.task.runner [-] Task 8a5f7f94-b032-4070-9198-d5fe9f5124b4 | ITER: 8 START
2019-11-27 07:06:33.046 142 INFO rally.task.runner [-] Task 8a5f7f94-b032-4070-9198-d5fe9f5124b4 | ITER: 5 END: OK
2019-11-27 07:06:33.049 142 INFO rally.task.runner [-] Task 8a5f7f94-b032-4070-9198-d5fe9f5124b4 | ITER: 9 START
2019-11-27 07:06:33.054 141 INFO rally.task.runner [-] Task 8a5f7f94-b032-4070-9198-d5fe9f5124b4 | ITER: 7 END: OK
2019-11-27 07:06:33.058 141 INFO rally.task.runner [-] Task 8a5f7f94-b032-4070-9198-d5fe9f5124b4 | ITER: 10 START
2019-11-27 07:06:33.112 144 INFO rally.task.runner [-] Task 8a5f7f94-b032-4070-9198-d5fe9f5124b4 | ITER: 8 END: OK
2019-11-27 07:06:33.218 143 INFO rally.task.runner [-] Task 8a5f7f94-b032-4070-9198-d5fe9f5124b4 | ITER: 6 END: OK
2019-11-27 07:06:33.653 142 INFO rally.task.runner [-] Task 8a5f7f94-b032-4070-9198-d5fe9f5124b4 | ITER: 9 END: OK
2019-11-27 07:06:33.684 141 INFO rally.task.runner [-] Task 8a5f7f94-b032-4070-9198-d5fe9f5124b4 | ITER: 10 END: OK
2019-11-27 07:06:33.709 17 INFO rally.task.context [-] Task 8a5f7f94-b032-4070-9198-d5fe9f5124b4 | Context users@openstack cleanup() started
2019-11-27 07:06:38.684 17 INFO rally.task.context [-] Task 8a5f7f94-b032-4070-9198-d5fe9f5124b4 | Context users@openstack cleanup() finished in 4.97 sec
2019-11-27 07:06:39.237 17 INFO rally.task.engine [-] Load duration is: 1.972745
2019-11-27 07:06:39.237 17 INFO rally.task.engine [-] Full runner duration is: 2.020227
2019-11-27 07:06:39.238 17 INFO rally.task.engine [-] Full duration is: 9.582215
2019-11-27 07:06:39.548 17 INFO rally.task.engine [-] Running workload: position = 0 config = { "version": 2, "title": "A cropped version of a bigger task.", "description": "Auto-generated task from a single workload (uuid=8523cb45-6484-4b0c-9753-0438b407ee9a)", "subtasks": [ { "title": "Authenticate.validate_cinder", "description": "Check Cinder Client to ensure validation of token.", "scenario": { "Authenticate.validate_cinder": { "repetitions": 2 } }, "contexts": { "users": { "tenants": 3, "users_per_tenant": 2 } }, "runner": { "constant": { "concurrency": 4, "times": 10 } }, "hooks": [], "sla": { "failure_rate": { "max": 0 } } } ] }
2019-11-27 07:06:39.574 17 RALLYDEBUG rally_openstack.contexts.keystone.users [-] Creating 3 tenants using 20 threads
2019-11-27 07:06:40.760 17 RALLYDEBUG rally_openstack.contexts.keystone.users [-] Creating 6 users using 20 threads
2019-11-27 07:06:42.364 17 INFO rally.task.context [-] Task 8a5f7f94-b032-4070-9198-d5fe9f5124b4 | Context users@openstack setup() finished in 2.79 sec
2019-11-27 07:06:42.375 17 RALLYDEBUG rally.task.runner [-] Starting the constant runner (task UUID: 8a5f7f94-b032-4070-9198-d5fe9f5124b4). times: 10 concurrency: 4 timeout: 0 max_cpu_used: 16 processes_to_start: 4 concurrency_per_worker: 1 concurrency_overhead: 0
2019-11-27 07:06:42.387 245 RALLYDEBUG rally.task.runner [-] Starting a worker. times: 10 duration: None concurrency: 1 timeout: 0 cls: method_name: run args: {"repetitions": 2}
2019-11-27 07:06:42.391 246 RALLYDEBUG rally.task.runner [-] Starting a worker. times: 10 duration: None concurrency: 1 timeout: 0 cls: method_name: run args: {"repetitions": 2}
2019-11-27 07:06:42.394 245 INFO rally.task.runner [-] Task 8a5f7f94-b032-4070-9198-d5fe9f5124b4 | ITER: 1 START
2019-11-27 07:06:42.394 247 RALLYDEBUG rally.task.runner [-] Starting a worker. times: 10 duration: None concurrency: 1 timeout: 0 cls: method_name: run args: {"repetitions": 2}
2019-11-27 07:06:42.397 246 INFO rally.task.runner [-] Task 8a5f7f94-b032-4070-9198-d5fe9f5124b4 | ITER: 2 START
2019-11-27 07:06:42.398 248 RALLYDEBUG rally.task.runner [-] Starting a worker. times: 10 duration: None concurrency: 1 timeout: 0 cls: method_name: run args: {"repetitions": 2}
2019-11-27 07:06:42.401 247 INFO rally.task.runner [-] Task 8a5f7f94-b032-4070-9198-d5fe9f5124b4 | ITER: 3 START
2019-11-27 07:06:42.404 248 INFO rally.task.runner [-] Task 8a5f7f94-b032-4070-9198-d5fe9f5124b4 | ITER: 4 START
2019-11-27 07:06:43.169 246 INFO rally.task.runner [-] Task 8a5f7f94-b032-4070-9198-d5fe9f5124b4 | ITER: 2 END: OK
2019-11-27 07:06:43.173 246 INFO rally.task.runner [-] Task 8a5f7f94-b032-4070-9198-d5fe9f5124b4 | ITER: 5 START
2019-11-27 07:06:43.302 248 INFO rally.task.runner [-] Task 8a5f7f94-b032-4070-9198-d5fe9f5124b4 | ITER: 4 END: OK
2019-11-27 07:06:43.306 248 INFO rally.task.runner [-] Task 8a5f7f94-b032-4070-9198-d5fe9f5124b4 | ITER: 6 START
2019-11-27 07:06:43.317 247 INFO rally.task.runner [-] Task 8a5f7f94-b032-4070-9198-d5fe9f5124b4 | ITER: 3 END: OK
2019-11-27 07:06:43.321 247 INFO rally.task.runner [-] Task 8a5f7f94-b032-4070-9198-d5fe9f5124b4 | ITER: 7 START
2019-11-27 07:06:43.326 245 INFO rally.task.runner [-] Task 8a5f7f94-b032-4070-9198-d5fe9f5124b4 | ITER: 1 END: OK
2019-11-27 07:06:43.329 245 INFO rally.task.runner [-] Task 8a5f7f94-b032-4070-9198-d5fe9f5124b4 | ITER: 8 START
2019-11-27 07:06:43.707 245 INFO rally.task.runner [-] Task 8a5f7f94-b032-4070-9198-d5fe9f5124b4 | ITER: 8 END: OK
2019-11-27 07:06:43.711 245 INFO rally.task.runner [-] Task 8a5f7f94-b032-4070-9198-d5fe9f5124b4 | ITER: 9 START
2019-11-27 07:06:43.865 248 INFO rally.task.runner [-] Task 8a5f7f94-b032-4070-9198-d5fe9f5124b4 | ITER: 6 END: OK
2019-11-27 07:06:43.869 248 INFO rally.task.runner [-] Task 8a5f7f94-b032-4070-9198-d5fe9f5124b4 | ITER: 10 START
2019-11-27 07:06:44.014 247 INFO rally.task.runner [-] Task 8a5f7f94-b032-4070-9198-d5fe9f5124b4 | ITER: 7 END: OK
2019-11-27 07:06:44.028 246 INFO rally.task.runner [-] Task 8a5f7f94-b032-4070-9198-d5fe9f5124b4 | ITER: 5 END: OK
2019-11-27 07:06:44.388 245 INFO rally.task.runner [-] Task 8a5f7f94-b032-4070-9198-d5fe9f5124b4 | ITER: 9 END: OK
2019-11-27 07:06:44.581 248 INFO rally.task.runner [-] Task 8a5f7f94-b032-4070-9198-d5fe9f5124b4 | ITER: 10 END: OK
2019-11-27 07:06:44.609 17 INFO rally.task.context [-] Task 8a5f7f94-b032-4070-9198-d5fe9f5124b4 | Context users@openstack cleanup() started
2019-11-27 07:06:48.933 17 INFO rally.task.context [-] Task 8a5f7f94-b032-4070-9198-d5fe9f5124b4 | Context users@openstack cleanup() finished in 4.32 sec
2019-11-27 07:06:49.662 17 INFO rally.task.engine [-] Load duration is: 2.186077
2019-11-27 07:06:49.663 17 INFO rally.task.engine [-] Full runner duration is: 2.233962
2019-11-27 07:06:49.663 17 INFO rally.task.engine [-] Full duration is: 9.361481
2019-11-27 07:06:50.042 17 INFO rally.task.engine [-] Running workload: position = 0 config = { "version": 2, "title": "A cropped version of a bigger task.", "description": "Auto-generated task from a single workload (uuid=ae0efa66-62e9-4ea8-a2af-142794e742dd)", "subtasks": [ { "title": "Authenticate.validate_glance", "description": "Check Glance Client to ensure validation of token.", "scenario": { "Authenticate.validate_glance": { "repetitions": 2 } }, "contexts": { "users": { "tenants": 3, "users_per_tenant": 2 } }, "runner": { "constant": { "concurrency": 4, "times": 10 } }, "hooks": [], "sla": { "failure_rate": { "max": 0 } } } ] }
2019-11-27 07:06:50.067 17 RALLYDEBUG rally_openstack.contexts.keystone.users [-] Creating 3 tenants using 20 threads
2019-11-27 07:06:51.126 17 RALLYDEBUG rally_openstack.contexts.keystone.users [-] Creating 6 users using 20 threads
2019-11-27 07:06:52.651 17 INFO rally.task.context [-] Task 8a5f7f94-b032-4070-9198-d5fe9f5124b4 | Context users@openstack setup() finished in 2.58 sec
2019-11-27 07:06:52.660 17 RALLYDEBUG rally.task.runner [-] Starting the constant runner (task UUID: 8a5f7f94-b032-4070-9198-d5fe9f5124b4). times: 10 concurrency: 4 timeout: 0 max_cpu_used: 16 processes_to_start: 4 concurrency_per_worker: 1 concurrency_overhead: 0
2019-11-27 07:06:52.672 349 RALLYDEBUG rally.task.runner [-] Starting a worker. times: 10 duration: None concurrency: 1 timeout: 0 cls: method_name: run args: {"repetitions": 2}
2019-11-27 07:06:52.675 350 RALLYDEBUG rally.task.runner [-] Starting a worker. times: 10 duration: None concurrency: 1 timeout: 0 cls: method_name: run args: {"repetitions": 2}
2019-11-27 07:06:52.679 349 INFO rally.task.runner [-] Task 8a5f7f94-b032-4070-9198-d5fe9f5124b4 | ITER: 1 START
2019-11-27 07:06:52.679 351 RALLYDEBUG rally.task.runner [-] Starting a worker. times: 10 duration: None concurrency: 1 timeout: 0 cls: method_name: run args: {"repetitions": 2}
2019-11-27 07:06:52.682 350 INFO rally.task.runner [-] Task 8a5f7f94-b032-4070-9198-d5fe9f5124b4 | ITER: 2 START
2019-11-27 07:06:52.682 352 RALLYDEBUG rally.task.runner [-] Starting a worker. times: 10 duration: None concurrency: 1 timeout: 0 cls: method_name: run args: {"repetitions": 2}
2019-11-27 07:06:52.685 351 INFO rally.task.runner [-] Task 8a5f7f94-b032-4070-9198-d5fe9f5124b4 | ITER: 3 START
2019-11-27 07:06:52.688 352 INFO rally.task.runner [-] Task 8a5f7f94-b032-4070-9198-d5fe9f5124b4 | ITER: 4 START
2019-11-27 07:06:53.322 351 INFO rally.task.runner [-] Task 8a5f7f94-b032-4070-9198-d5fe9f5124b4 | ITER: 3 END: OK
2019-11-27 07:06:53.323 349 INFO rally.task.runner [-] Task 8a5f7f94-b032-4070-9198-d5fe9f5124b4 | ITER: 1 END: OK
2019-11-27 07:06:53.323 352 INFO rally.task.runner [-] Task 8a5f7f94-b032-4070-9198-d5fe9f5124b4 | ITER: 4 END: OK
2019-11-27 07:06:53.327 351 INFO rally.task.runner [-] Task 8a5f7f94-b032-4070-9198-d5fe9f5124b4 | ITER: 5 START
2019-11-27 07:06:53.327 349 INFO rally.task.runner [-] Task 8a5f7f94-b032-4070-9198-d5fe9f5124b4 | ITER: 6 START
2019-11-27 07:06:53.327 352 INFO rally.task.runner [-] Task 8a5f7f94-b032-4070-9198-d5fe9f5124b4 | ITER: 7 START
2019-11-27 07:06:53.570 350 INFO rally.task.runner [-] Task 8a5f7f94-b032-4070-9198-d5fe9f5124b4 | ITER: 2 END: OK
2019-11-27 07:06:53.574 350 INFO rally.task.runner [-] Task 8a5f7f94-b032-4070-9198-d5fe9f5124b4 | ITER: 8 START
2019-11-27 07:06:53.735 352 INFO rally.task.runner [-] Task 8a5f7f94-b032-4070-9198-d5fe9f5124b4 | ITER: 7 END: OK
2019-11-27 07:06:53.739 352 INFO rally.task.runner [-] Task 8a5f7f94-b032-4070-9198-d5fe9f5124b4 | ITER: 9 START
2019-11-27 07:06:53.741 351 INFO rally.task.runner [-] Task 8a5f7f94-b032-4070-9198-d5fe9f5124b4 | ITER: 5 END: OK
2019-11-27 07:06:53.745 351 INFO rally.task.runner [-] Task 8a5f7f94-b032-4070-9198-d5fe9f5124b4 | ITER: 10 START
2019-11-27 07:06:53.798 349 INFO rally.task.runner [-] Task 8a5f7f94-b032-4070-9198-d5fe9f5124b4 | ITER: 6 END: OK
2019-11-27 07:06:54.127 350 INFO rally.task.runner [-] Task 8a5f7f94-b032-4070-9198-d5fe9f5124b4 | ITER: 8 END: OK
2019-11-27 07:06:54.157 351 INFO rally.task.runner [-] Task 8a5f7f94-b032-4070-9198-d5fe9f5124b4 | ITER: 10 END: OK
2019-11-27 07:06:54.461 352 INFO rally.task.runner [-] Task 8a5f7f94-b032-4070-9198-d5fe9f5124b4 | ITER: 9 END: OK
2019-11-27 07:06:54.486 17 INFO rally.task.context [-] Task 8a5f7f94-b032-4070-9198-d5fe9f5124b4 | Context users@openstack cleanup() started
2019-11-27 07:06:59.207 17 INFO rally.task.context [-] Task 8a5f7f94-b032-4070-9198-d5fe9f5124b4 | Context users@openstack cleanup() finished in 4.72 sec
2019-11-27 07:07:00.174 17 INFO rally.task.engine [-] Load duration is: 1.780806
2019-11-27 07:07:00.175 17 INFO rally.task.engine [-] Full runner duration is: 1.82653
2019-11-27 07:07:00.175 17 INFO rally.task.engine [-] Full duration is: 9.140671
2019-11-27 07:07:00.674 17 INFO rally.task.engine [-] Running workload: position = 0 config = { "version": 2, "title": "A cropped version of a bigger task.", "description": "Auto-generated task from a single workload (uuid=f7275174-e07a-4511-8a45-b70ae0e4d87f)", "subtasks": [ { "title": "Authenticate.validate_heat", "description": "Check Heat Client to ensure validation of token.", "scenario": { "Authenticate.validate_heat": { "repetitions": 2 } }, "contexts": { "users": { "tenants": 3, "users_per_tenant": 2 } }, "runner": { "constant": { "concurrency": 4, "times": 10 } }, "hooks": [], "sla": { "failure_rate": { "max": 0 } } } ] }
2019-11-27 07:07:00.697 17 RALLYDEBUG rally_openstack.contexts.keystone.users [-] Creating 3 tenants using 20 threads
2019-11-27 07:07:01.817 17 RALLYDEBUG rally_openstack.contexts.keystone.users [-] Creating 6 users using 20 threads
2019-11-27 07:07:03.449 17 INFO rally.task.context [-] Task 8a5f7f94-b032-4070-9198-d5fe9f5124b4 | Context users@openstack setup() finished in 2.75 sec
2019-11-27 07:07:03.458 17 RALLYDEBUG rally.task.runner [-] Starting the constant runner (task UUID: 8a5f7f94-b032-4070-9198-d5fe9f5124b4). times: 10 concurrency: 4 timeout: 0 max_cpu_used: 16 processes_to_start: 4 concurrency_per_worker: 1 concurrency_overhead: 0
2019-11-27 07:07:03.469 453 RALLYDEBUG rally.task.runner [-] Starting a worker. times: 10 duration: None concurrency: 1 timeout: 0 cls: method_name: run args: {"repetitions": 2}
2019-11-27 07:07:03.473 454 RALLYDEBUG rally.task.runner [-] Starting a worker. times: 10 duration: None concurrency: 1 timeout: 0 cls: method_name: run args: {"repetitions": 2}
2019-11-27 07:07:03.476 453 INFO rally.task.runner [-] Task 8a5f7f94-b032-4070-9198-d5fe9f5124b4 | ITER: 1 START
2019-11-27 07:07:03.476 455 RALLYDEBUG rally.task.runner [-] Starting a worker. times: 10 duration: None concurrency: 1 timeout: 0 cls: method_name: run args: {"repetitions": 2}
2019-11-27 07:07:03.480 454 INFO rally.task.runner [-] Task 8a5f7f94-b032-4070-9198-d5fe9f5124b4 | ITER: 2 START
2019-11-27 07:07:03.479 457 RALLYDEBUG rally.task.runner [-] Starting a worker. times: 10 duration: None concurrency: 1 timeout: 0 cls: method_name: run args: {"repetitions": 2}
2019-11-27 07:07:03.483 455 INFO rally.task.runner [-] Task 8a5f7f94-b032-4070-9198-d5fe9f5124b4 | ITER: 3 START
2019-11-27 07:07:03.485 457 INFO rally.task.runner [-] Task 8a5f7f94-b032-4070-9198-d5fe9f5124b4 | ITER: 4 START
2019-11-27 07:07:04.375 457 INFO rally.task.runner [-] Task 8a5f7f94-b032-4070-9198-d5fe9f5124b4 | ITER: 4 END: OK
2019-11-27 07:07:04.380 457 INFO rally.task.runner [-] Task 8a5f7f94-b032-4070-9198-d5fe9f5124b4 | ITER: 5 START
2019-11-27 07:07:04.381 453 INFO rally.task.runner [-] Task 8a5f7f94-b032-4070-9198-d5fe9f5124b4 | ITER: 1 END: OK
2019-11-27 07:07:04.386 453 INFO rally.task.runner [-] Task 8a5f7f94-b032-4070-9198-d5fe9f5124b4 | ITER: 6 START
2019-11-27 07:07:04.434 455 INFO rally.task.runner [-] Task 8a5f7f94-b032-4070-9198-d5fe9f5124b4 | ITER: 3 END: OK
2019-11-27 07:07:04.438 455 INFO rally.task.runner [-] Task 8a5f7f94-b032-4070-9198-d5fe9f5124b4 | ITER: 7 START
2019-11-27 07:07:04.443 454 INFO rally.task.runner [-] Task 8a5f7f94-b032-4070-9198-d5fe9f5124b4 | ITER: 2 END: OK
2019-11-27 07:07:04.447 454 INFO rally.task.runner [-] Task 8a5f7f94-b032-4070-9198-d5fe9f5124b4 | ITER: 8 START
2019-11-27 07:07:04.823 455 INFO rally.task.runner [-] Task 8a5f7f94-b032-4070-9198-d5fe9f5124b4 | ITER: 7 END: OK
2019-11-27 07:07:04.826 455 INFO rally.task.runner [-] Task 8a5f7f94-b032-4070-9198-d5fe9f5124b4 | ITER: 9 START
2019-11-27 07:07:04.973 454 INFO rally.task.runner [-] Task 8a5f7f94-b032-4070-9198-d5fe9f5124b4 | ITER: 8 END: OK
2019-11-27 07:07:04.976 454 INFO rally.task.runner [-] Task 8a5f7f94-b032-4070-9198-d5fe9f5124b4 | ITER: 10 START
2019-11-27 07:07:05.059 457 INFO rally.task.runner [-] Task 8a5f7f94-b032-4070-9198-d5fe9f5124b4 | ITER: 5 END: OK
2019-11-27 07:07:05.139 453 INFO rally.task.runner [-] Task 8a5f7f94-b032-4070-9198-d5fe9f5124b4 | ITER: 6 END: OK
2019-11-27 07:07:05.516 455 INFO rally.task.runner [-] Task 8a5f7f94-b032-4070-9198-d5fe9f5124b4 | ITER: 9 END: OK
2019-11-27 07:07:05.783 454 INFO rally.task.runner [-] Task 8a5f7f94-b032-4070-9198-d5fe9f5124b4 | ITER: 10 END: OK
2019-11-27 07:07:05.806 17 INFO rally.task.context [-] Task 8a5f7f94-b032-4070-9198-d5fe9f5124b4 | Context users@openstack cleanup() started
2019-11-27 07:07:10.366 17 INFO rally.task.context [-] Task 8a5f7f94-b032-4070-9198-d5fe9f5124b4 | Context users@openstack cleanup() finished in 4.56 sec
2019-11-27 07:07:10.820 17 INFO rally.task.engine [-] Load duration is: 2.305607
2019-11-27 07:07:10.821 17 INFO rally.task.engine [-] Full runner duration is: 2.348961
2019-11-27 07:07:10.821 17 INFO rally.task.engine [-] Full duration is: 9.670398
2019-11-27 07:07:11.306 17 INFO rally.task.engine [-] Running workload: position = 0 config = { "version": 2, "title": "A cropped version of a bigger task.", "description": "Auto-generated task from a single workload (uuid=e2270d09-565e-4847-8ab5-3ad21d3f96b6)", "subtasks": [ { "title": "Authenticate.validate_neutron", "description": "Check Neutron Client to ensure validation of token.", "scenario": { "Authenticate.validate_neutron": { "repetitions": 2 } }, "contexts": { "users": { "tenants": 3, "users_per_tenant": 2 } }, "runner": { "constant": { "concurrency": 4, "times": 10 } }, "hooks": [], "sla": { "failure_rate": { "max": 0 } } } ] }
2019-11-27 07:07:11.331 17 RALLYDEBUG rally_openstack.contexts.keystone.users [-] Creating 3 tenants using 20 threads
2019-11-27 07:07:12.407 17 RALLYDEBUG rally_openstack.contexts.keystone.users [-] Creating 6 users using 20 threads
2019-11-27 07:07:13.921 17 INFO rally.task.context [-] Task 8a5f7f94-b032-4070-9198-d5fe9f5124b4 | Context users@openstack setup() finished in 2.59 sec
2019-11-27 07:07:13.931 17 RALLYDEBUG rally.task.runner [-] Starting the constant runner (task UUID: 8a5f7f94-b032-4070-9198-d5fe9f5124b4). times: 10 concurrency: 4 timeout: 0 max_cpu_used: 16 processes_to_start: 4 concurrency_per_worker: 1 concurrency_overhead: 0
2019-11-27 07:07:13.943 557 RALLYDEBUG rally.task.runner [-] Starting a worker. times: 10 duration: None concurrency: 1 timeout: 0 cls: method_name: run args: {"repetitions": 2}
2019-11-27 07:07:13.947 558 RALLYDEBUG rally.task.runner [-] Starting a worker. times: 10 duration: None concurrency: 1 timeout: 0 cls: method_name: run args: {"repetitions": 2}
2019-11-27 07:07:13.950 557 INFO rally.task.runner [-] Task 8a5f7f94-b032-4070-9198-d5fe9f5124b4 | ITER: 1 START
2019-11-27 07:07:13.950 559 RALLYDEBUG rally.task.runner [-] Starting a worker. times: 10 duration: None concurrency: 1 timeout: 0 cls: method_name: run args: {"repetitions": 2}
2019-11-27 07:07:13.954 558 INFO rally.task.runner [-] Task 8a5f7f94-b032-4070-9198-d5fe9f5124b4 | ITER: 2 START
2019-11-27 07:07:13.954 561 RALLYDEBUG rally.task.runner [-] Starting a worker. times: 10 duration: None concurrency: 1 timeout: 0 cls: method_name: run args: {"repetitions": 2}
2019-11-27 07:07:13.957 559 INFO rally.task.runner [-] Task 8a5f7f94-b032-4070-9198-d5fe9f5124b4 | ITER: 3 START
2019-11-27 07:07:13.959 561 INFO rally.task.runner [-] Task 8a5f7f94-b032-4070-9198-d5fe9f5124b4 | ITER: 4 START
2019-11-27 07:07:14.631 559 INFO rally.task.runner [-] Task 8a5f7f94-b032-4070-9198-d5fe9f5124b4 | ITER: 3 END: OK
2019-11-27 07:07:14.634 557 INFO rally.task.runner [-] Task 8a5f7f94-b032-4070-9198-d5fe9f5124b4 | ITER: 1 END: OK
2019-11-27 07:07:14.636 559 INFO rally.task.runner [-] Task 8a5f7f94-b032-4070-9198-d5fe9f5124b4 | ITER: 5 START
2019-11-27 07:07:14.638 557 INFO rally.task.runner [-] Task 8a5f7f94-b032-4070-9198-d5fe9f5124b4 | ITER: 6 START
2019-11-27 07:07:14.680 561 INFO rally.task.runner [-] Task 8a5f7f94-b032-4070-9198-d5fe9f5124b4 | ITER: 4 END: OK
2019-11-27 07:07:14.684 561 INFO rally.task.runner [-] Task 8a5f7f94-b032-4070-9198-d5fe9f5124b4 | ITER: 7 START
2019-11-27 07:07:14.688 558 INFO rally.task.runner [-] Task 8a5f7f94-b032-4070-9198-d5fe9f5124b4 | ITER: 2 END: OK
2019-11-27 07:07:14.693 558 INFO rally.task.runner [-] Task 8a5f7f94-b032-4070-9198-d5fe9f5124b4 | ITER: 8 START
2019-11-27 07:07:15.259 561 INFO rally.task.runner [-] Task 8a5f7f94-b032-4070-9198-d5fe9f5124b4 | ITER: 7 END: OK
2019-11-27 07:07:15.263 561 INFO rally.task.runner [-] Task 8a5f7f94-b032-4070-9198-d5fe9f5124b4 | ITER: 9 START
2019-11-27 07:07:15.330 558 INFO rally.task.runner [-] Task 8a5f7f94-b032-4070-9198-d5fe9f5124b4 | ITER: 8 END: OK
2019-11-27 07:07:15.334 558 INFO rally.task.runner [-] Task 8a5f7f94-b032-4070-9198-d5fe9f5124b4 | ITER: 10 START
2019-11-27 07:07:15.367 557 INFO rally.task.runner [-] Task 8a5f7f94-b032-4070-9198-d5fe9f5124b4 | ITER: 6 END: OK
2019-11-27 07:07:15.637 559 INFO rally.task.runner [-] Task 8a5f7f94-b032-4070-9198-d5fe9f5124b4 | ITER: 5 END: OK
2019-11-27 07:07:15.866 561 INFO rally.task.runner [-] Task 8a5f7f94-b032-4070-9198-d5fe9f5124b4 | ITER: 9 END: OK
2019-11-27 07:07:16.209 558 INFO rally.task.runner [-] Task 8a5f7f94-b032-4070-9198-d5fe9f5124b4 | ITER: 10 END: OK
2019-11-27 07:07:16.232 17 INFO rally.task.context [-] Task 8a5f7f94-b032-4070-9198-d5fe9f5124b4 | Context users@openstack cleanup() started
2019-11-27 07:07:20.462 17 INFO rally.task.context [-] Task 8a5f7f94-b032-4070-9198-d5fe9f5124b4 | Context users@openstack cleanup() finished in 4.23 sec
2019-11-27 07:07:21.403 17 INFO rally.task.engine [-] Load duration is: 2.25774
2019-11-27 07:07:21.403 17 INFO rally.task.engine [-] Full runner duration is: 2.301064
2019-11-27 07:07:21.404 17 INFO rally.task.engine [-] Full duration is: 9.13251
2019-11-27 07:07:21.921 17 INFO rally.task.engine [-] Running workload: position = 0 config = { "version": 2, "title": "A cropped version of a bigger task.", "description": "Auto-generated task from a single workload (uuid=b049e644-1377-41a0-b666-c78f8dfe9fa4)", "subtasks": [ { "title": "Authenticate.validate_nova", "description": "Check Nova Client to ensure validation of token.", "scenario": { "Authenticate.validate_nova": { "repetitions": 2 } }, "contexts": { "users": { "tenants": 3, "users_per_tenant": 2 } }, "runner": { "constant": { "concurrency": 4, "times": 10 } }, "hooks": [], "sla": { "failure_rate": { "max": 0 } } } ] }
2019-11-27 07:07:21.945 17 RALLYDEBUG rally_openstack.contexts.keystone.users [-] Creating 3 tenants using 20 threads
2019-11-27 07:07:22.961 17 RALLYDEBUG rally_openstack.contexts.keystone.users [-] Creating 6 users using 20 threads
2019-11-27 07:07:24.514 17 INFO rally.task.context [-] Task 8a5f7f94-b032-4070-9198-d5fe9f5124b4 | Context users@openstack setup() finished in 2.57 sec
2019-11-27 07:07:24.523 17 RALLYDEBUG rally.task.runner [-] Starting the constant runner (task UUID: 8a5f7f94-b032-4070-9198-d5fe9f5124b4). times: 10 concurrency: 4 timeout: 0 max_cpu_used: 16 processes_to_start: 4 concurrency_per_worker: 1 concurrency_overhead: 0
2019-11-27 07:07:24.535 661 RALLYDEBUG rally.task.runner [-] Starting a worker. times: 10 duration: None concurrency: 1 timeout: 0 cls: method_name: run args: {"repetitions": 2}
2019-11-27 07:07:24.538 662 RALLYDEBUG rally.task.runner [-] Starting a worker. times: 10 duration: None concurrency: 1 timeout: 0 cls: method_name: run args: {"repetitions": 2}
2019-11-27 07:07:24.542 661 INFO rally.task.runner [-] Task 8a5f7f94-b032-4070-9198-d5fe9f5124b4 | ITER: 1 START
2019-11-27 07:07:24.542 663 RALLYDEBUG rally.task.runner [-] Starting a worker. times: 10 duration: None concurrency: 1 timeout: 0 cls: method_name: run args: {"repetitions": 2}
2019-11-27 07:07:24.543 662 INFO rally.task.runner [-] Task 8a5f7f94-b032-4070-9198-d5fe9f5124b4 | ITER: 2 START
2019-11-27 07:07:24.545 664 RALLYDEBUG rally.task.runner [-] Starting a worker. times: 10 duration: None concurrency: 1 timeout: 0 cls: method_name: run args: {"repetitions": 2}
2019-11-27 07:07:24.549 663 INFO rally.task.runner [-] Task 8a5f7f94-b032-4070-9198-d5fe9f5124b4 | ITER: 3 START
2019-11-27 07:07:24.551 664 INFO rally.task.runner [-] Task 8a5f7f94-b032-4070-9198-d5fe9f5124b4 | ITER: 4 START
2019-11-27 07:07:25.196 661 INFO rally.task.runner [-] Task 8a5f7f94-b032-4070-9198-d5fe9f5124b4 | ITER: 1 END: OK
2019-11-27 07:07:25.200 662 INFO rally.task.runner [-] Task 8a5f7f94-b032-4070-9198-d5fe9f5124b4 | ITER: 2 END: OK
2019-11-27 07:07:25.201 661 INFO rally.task.runner [-] Task 8a5f7f94-b032-4070-9198-d5fe9f5124b4 | ITER: 5 START
2019-11-27 07:07:25.204 662 INFO rally.task.runner [-] Task 8a5f7f94-b032-4070-9198-d5fe9f5124b4 | ITER: 6 START
2019-11-27 07:07:25.218 663 INFO rally.task.runner [-] Task 8a5f7f94-b032-4070-9198-d5fe9f5124b4 | ITER: 3 END: OK
2019-11-27 07:07:25.222 663 INFO rally.task.runner [-] Task 8a5f7f94-b032-4070-9198-d5fe9f5124b4 | ITER: 7 START
2019-11-27 07:07:25.230 664 INFO rally.task.runner [-] Task 8a5f7f94-b032-4070-9198-d5fe9f5124b4 | ITER: 4 END: OK
2019-11-27 07:07:25.234 664 INFO rally.task.runner [-] Task 8a5f7f94-b032-4070-9198-d5fe9f5124b4 | ITER: 8 START
2019-11-27 07:07:25.616 664 INFO rally.task.runner [-] Task 8a5f7f94-b032-4070-9198-d5fe9f5124b4 | ITER: 8 END: OK
2019-11-27 07:07:25.620 664 INFO rally.task.runner [-] Task 8a5f7f94-b032-4070-9198-d5fe9f5124b4 | ITER: 9 START
2019-11-27 07:07:25.689 662 INFO rally.task.runner [-] Task 8a5f7f94-b032-4070-9198-d5fe9f5124b4 | ITER: 6 END: OK
2019-11-27 07:07:25.693 662 INFO rally.task.runner [-] Task 8a5f7f94-b032-4070-9198-d5fe9f5124b4 | ITER: 10 START
2019-11-27 07:07:25.694 661 INFO rally.task.runner [-] Task 8a5f7f94-b032-4070-9198-d5fe9f5124b4 | ITER: 5 END: OK
2019-11-27 07:07:25.697 663 INFO rally.task.runner [-] Task 8a5f7f94-b032-4070-9198-d5fe9f5124b4 | ITER: 7 END: OK
2019-11-27 07:07:26.081 662 INFO rally.task.runner [-] Task 8a5f7f94-b032-4070-9198-d5fe9f5124b4 | ITER: 10 END: OK
2019-11-27 07:07:26.118 664 INFO rally.task.runner [-] Task 8a5f7f94-b032-4070-9198-d5fe9f5124b4 | ITER: 9 END: OK
2019-11-27 07:07:26.140 17 INFO rally.task.context [-] Task 8a5f7f94-b032-4070-9198-d5fe9f5124b4 | Context users@openstack cleanup() started
2019-11-27 07:07:30.590 17 INFO rally.task.context [-] Task 8a5f7f94-b032-4070-9198-d5fe9f5124b4 | Context users@openstack cleanup() finished in 4.45 sec
2019-11-27 07:07:32.017 17 INFO rally.task.engine [-] Load duration is: 1.574883
2019-11-27 07:07:32.017 17 INFO rally.task.engine [-] Full runner duration is: 1.61697
2019-11-27 07:07:32.018 17 INFO rally.task.engine [-] Full duration is: 8.646514
2019-11-27 07:07:32.423 17 INFO rally.task.engine [-] Task 8a5f7f94-b032-4070-9198-d5fe9f5124b4 | Completed: Running task.
2019-11-27 07:07:33.995 723 RALLYDEBUG rally.api [-] INFO logs from urllib3 and requests module are hide.
2019-11-27 07:07:33.995 723 RALLYDEBUG rally.api [-] urllib3 insecure warnings are hidden.
2019-11-27 07:07:33.995 723 RALLYDEBUG rally.api [-] ERROR log from boto module is hide.
2019-11-27 07:07:35.221 724 RALLYDEBUG rally.api [-] INFO logs from urllib3 and requests module are hide.
2019-11-27 07:07:35.221 724 RALLYDEBUG rally.api [-] urllib3 insecure warnings are hidden.
2019-11-27 07:07:35.222 724 RALLYDEBUG rally.api [-] ERROR log from boto module is hide.
2019-11-27 07:07:36.502 725 RALLYDEBUG rally.api [-] INFO logs from urllib3 and requests module are hide.
2019-11-27 07:07:36.502 725 RALLYDEBUG rally.api [-] urllib3 insecure warnings are hidden.
2019-11-27 07:07:36.502 725 RALLYDEBUG rally.api [-] ERROR log from boto module is hide.
2019-11-27 07:07:38.135 725 INFO rally.api [-] Building 'json' report for the following task(s): '8a5f7f94-b032-4070-9198-d5fe9f5124b4'.
2019-11-27 07:07:38.143 725 INFO rally.api [-] The report has been successfully built.
2019-11-27 07:07:39.584 727 RALLYDEBUG rally.api [-] INFO logs from urllib3 and requests module are hide.
2019-11-27 07:07:39.584 727 RALLYDEBUG rally.api [-] urllib3 insecure warnings are hidden.
2019-11-27 07:07:39.584 727 RALLYDEBUG rally.api [-] ERROR log from boto module is hide.
2019-11-27 07:07:41.524 727 INFO rally.task.engine [-] Task 84d19f3c-edd5-4ebf-8d23-1504ce0a201d | Starting: Task validation.
2019-11-27 07:07:41.617 727 INFO rally.task.engine [-] Task 84d19f3c-edd5-4ebf-8d23-1504ce0a201d | Starting: Task validation of syntax.
2019-11-27 07:07:41.744 727 INFO rally.task.engine [-] Task 84d19f3c-edd5-4ebf-8d23-1504ce0a201d | Completed: Task validation of syntax.
2019-11-27 07:07:41.744 727 INFO rally.task.engine [-] Task 84d19f3c-edd5-4ebf-8d23-1504ce0a201d | Starting: Task validation of required platforms.
2019-11-27 07:07:41.797 727 INFO rally.task.engine [-] Task 84d19f3c-edd5-4ebf-8d23-1504ce0a201d | Completed: Task validation of required platforms.
2019-11-27 07:07:41.797 727 INFO rally.task.engine [-] Task 84d19f3c-edd5-4ebf-8d23-1504ce0a201d | Starting: Task validation of semantic.
2019-11-27 07:07:41.797 727 INFO rally.task.engine [-] Check health of the environment 'ffd1ca24-1bb6-4b95-be70-9c375e386cc7'.
2019-11-27 07:07:42.776 727 INFO rally.task.engine [-] Platform existing@openstack (available: True): OK!
2019-11-27 07:07:42.797 727 RALLYDEBUG rally_openstack.contexts.keystone.users [-] Creating 1 tenants using 20 threads
2019-11-27 07:07:43.657 727 RALLYDEBUG rally_openstack.contexts.keystone.users [-] Creating 1 users using 20 threads
2019-11-27 07:07:45.041 727 INFO rally.task.context [-] Task 84d19f3c-edd5-4ebf-8d23-1504ce0a201d | Context users@openstack setup() finished in 2.24 sec
2019-11-27 07:07:48.890 727 INFO rally.task.context [-] Task 84d19f3c-edd5-4ebf-8d23-1504ce0a201d | Context users@openstack cleanup() started
2019-11-27 07:07:52.075 727 INFO rally.task.context [-] Task 84d19f3c-edd5-4ebf-8d23-1504ce0a201d | Context users@openstack cleanup() finished in 3.18 sec
2019-11-27 07:07:52.076 727 INFO rally.task.engine [-] Task 84d19f3c-edd5-4ebf-8d23-1504ce0a201d | Completed: Task validation of semantic.
2019-11-27 07:07:52.076 727 INFO rally.task.engine [-] Task 84d19f3c-edd5-4ebf-8d23-1504ce0a201d | Completed: Task validation.
2019-11-27 07:07:52.077 727 INFO rally.api [-] Task 84d19f3c-edd5-4ebf-8d23-1504ce0a201d input file is valid.
2019-11-27 07:07:52.077 727 INFO rally.api [-] Run Task 84d19f3c-edd5-4ebf-8d23-1504ce0a201d against Deployment ffd1ca24-1bb6-4b95-be70-9c375e386cc7
2019-11-27 07:07:52.077 727 INFO rally.task.engine [-] Task 84d19f3c-edd5-4ebf-8d23-1504ce0a201d | Starting: Running task.
2019-11-27 07:07:52.385 727 INFO rally.task.engine [-] Running workload: position = 0 config = { "version": 2, "title": "A cropped version of a bigger task.", "description": "Auto-generated task from a single workload (uuid=360eee27-87ef-4501-8187-64fb66374ab9)", "subtasks": [ { "title": "GlanceImages.create_and_delete_image", "description": "Create and then delete an image.", "scenario": { "GlanceImages.create_and_delete_image": { "container_format": "bare", "disk_format": "qcow2", "image_location": "/home/opnfv/functest/images/cirros-0.4.0-x86_64-disk.img" } }, "contexts": { "users": { "tenants": 3, "users_per_tenant": 2 } }, "runner": { "constant": { "concurrency": 4, "times": 10 } }, "hooks": [], "sla": { "failure_rate": { "max": 0 } } } ] }
2019-11-27 07:07:52.409 727 RALLYDEBUG rally_openstack.contexts.keystone.users [-] Creating 3 tenants using 20 threads
2019-11-27 07:07:53.452 727 RALLYDEBUG rally_openstack.contexts.keystone.users [-] Creating 6 users using 20 threads
2019-11-27 07:07:55.032 727 INFO rally.task.context [-] Task 84d19f3c-edd5-4ebf-8d23-1504ce0a201d | Context users@openstack setup() finished in 2.62 sec
2019-11-27 07:07:55.033 727 INFO rally.task.context [-] Task 84d19f3c-edd5-4ebf-8d23-1504ce0a201d | Context cleanup@openstack setup() finished in 0.02 msec
2019-11-27 07:07:55.043 727 RALLYDEBUG rally.task.runner [-] Starting the constant runner (task UUID: 84d19f3c-edd5-4ebf-8d23-1504ce0a201d). times: 10 concurrency: 4 timeout: 0 max_cpu_used: 16 processes_to_start: 4 concurrency_per_worker: 1 concurrency_overhead: 0
2019-11-27 07:07:55.057 851 RALLYDEBUG rally.task.runner [-] Starting a worker. times: 10 duration: None concurrency: 1 timeout: 0 cls: method_name: run args: {"container_format": "bare", "disk_format": "qcow2", "image_location": "/home/opnfv/functest/images/cirros-0.4.0-x86_64-disk.img"}
2019-11-27 07:07:55.060 852 RALLYDEBUG rally.task.runner [-] Starting a worker. times: 10 duration: None concurrency: 1 timeout: 0 cls: method_name: run args: {"container_format": "bare", "disk_format": "qcow2", "image_location": "/home/opnfv/functest/images/cirros-0.4.0-x86_64-disk.img"}
2019-11-27 07:07:55.063 851 INFO rally.task.runner [-] Task 84d19f3c-edd5-4ebf-8d23-1504ce0a201d | ITER: 1 START
2019-11-27 07:07:55.064 853 RALLYDEBUG rally.task.runner [-] Starting a worker. times: 10 duration: None concurrency: 1 timeout: 0 cls: method_name: run args: {"container_format": "bare", "disk_format": "qcow2", "image_location": "/home/opnfv/functest/images/cirros-0.4.0-x86_64-disk.img"}
2019-11-27 07:07:55.067 852 INFO rally.task.runner [-] Task 84d19f3c-edd5-4ebf-8d23-1504ce0a201d | ITER: 2 START
2019-11-27 07:07:55.067 855 RALLYDEBUG rally.task.runner [-] Starting a worker. times: 10 duration: None concurrency: 1 timeout: 0 cls: method_name: run args: {"container_format": "bare", "disk_format": "qcow2", "image_location": "/home/opnfv/functest/images/cirros-0.4.0-x86_64-disk.img"}
2019-11-27 07:07:55.070 853 INFO rally.task.runner [-] Task 84d19f3c-edd5-4ebf-8d23-1504ce0a201d | ITER: 3 START
2019-11-27 07:07:55.072 855 INFO rally.task.runner [-] Task 84d19f3c-edd5-4ebf-8d23-1504ce0a201d | ITER: 4 START
2019-11-27 07:07:58.076 853 RALLYDEBUG rally.task.utils [-] Waiting for resource 'dcebdcf8-885f-43ef-9ea0-879480b71979'. Status changed: NONE => QUEUED in 0.03580021858215332
2019-11-27 07:07:58.079 851 RALLYDEBUG rally.task.utils [-] Waiting for resource 'bca271e0-4007-4b56-816d-e35fa592cf2b'. Status changed: NONE => QUEUED in 0.038526058197021484
2019-11-27 07:07:58.096 852 RALLYDEBUG rally.task.utils [-] Waiting for resource '5ce5b3bc-a20a-401c-add9-f53c7a84b14b'. Status changed: NONE => QUEUED in 0.03808450698852539
2019-11-27 07:07:58.112 855 RALLYDEBUG rally.task.utils [-] Waiting for resource '4c31c932-e93b-4b71-9048-fa6e880446d3'. Status changed: NONE => QUEUED in 0.03643488883972168
2019-11-27 07:07:58.325 852 RALLYDEBUG rally.task.utils [-] Waiting for resource s_rally_360eee27_7QBiNqji. Status changed: QUEUED => ACTIVE in 0.018720626831054688
2019-11-27 07:07:58.326 851 RALLYDEBUG rally.task.utils [-] Waiting for resource s_rally_360eee27_esW73VvE. Status changed: QUEUED => ACTIVE in 0.019933462142944336
2019-11-27 07:07:58.330 853 RALLYDEBUG rally.task.utils [-] Waiting for resource s_rally_360eee27_liecNZ1t. Status changed: QUEUED => ACTIVE in 0.018674850463867188
2019-11-27 07:07:58.356 855 RALLYDEBUG rally.task.utils [-] Waiting for resource s_rally_360eee27_DhQolTVt. Status changed: QUEUED => ACTIVE in 0.018916606903076172
2019-11-27 07:07:58.466 851 INFO rally.task.runner [-] Task 84d19f3c-edd5-4ebf-8d23-1504ce0a201d | ITER: 1 END: OK
2019-11-27 07:07:58.466 853 INFO rally.task.runner [-] Task 84d19f3c-edd5-4ebf-8d23-1504ce0a201d | ITER: 3 END: OK
2019-11-27 07:07:58.471 851 INFO rally.task.runner [-] Task 84d19f3c-edd5-4ebf-8d23-1504ce0a201d | ITER: 5 START
2019-11-27 07:07:58.471 853 INFO rally.task.runner [-] Task 84d19f3c-edd5-4ebf-8d23-1504ce0a201d | ITER: 6 START
2019-11-27 07:07:58.472 855 INFO rally.task.runner [-] Task 84d19f3c-edd5-4ebf-8d23-1504ce0a201d | ITER: 4 END: OK
2019-11-27 07:07:58.476 852 INFO rally.task.runner [-] Task 84d19f3c-edd5-4ebf-8d23-1504ce0a201d | ITER: 2 END: OK
2019-11-27 07:07:58.477 855 INFO rally.task.runner [-] Task 84d19f3c-edd5-4ebf-8d23-1504ce0a201d | ITER: 7 START
2019-11-27 07:07:58.480 852 INFO rally.task.runner [-] Task 84d19f3c-edd5-4ebf-8d23-1504ce0a201d | ITER: 8 START
2019-11-27 07:08:01.250 851 RALLYDEBUG rally.task.utils [-] Waiting for resource '0e2d1c6f-8fc6-4bd2-a05e-e1284fd7fb6c'. Status changed: NONE => QUEUED in 0.03975796699523926
2019-11-27 07:08:01.260 852 RALLYDEBUG rally.task.utils [-] Waiting for resource 'f9a09023-e27e-41db-8d1c-cf5310a6a1eb'. Status changed: NONE => QUEUED in 0.04191851615905762
2019-11-27 07:08:01.289 853 RALLYDEBUG rally.task.utils [-] Waiting for resource '4329002e-ffd3-4c67-b3cf-e16f7f60e1bb'. Status changed: NONE => QUEUED in 0.03702569007873535
2019-11-27 07:08:01.355 855 RALLYDEBUG rally.task.utils [-] Waiting for resource '7c25ed4c-f6b4-4ec4-acf0-32220f42f07b'. Status changed: NONE => QUEUED in 0.04120230674743652
2019-11-27 07:08:01.477 851 RALLYDEBUG rally.task.utils [-] Waiting for resource s_rally_360eee27_braVpiLd. Status changed: QUEUED => ACTIVE in 0.016750812530517578
2019-11-27 07:08:01.484 852 RALLYDEBUG rally.task.utils [-] Waiting for resource s_rally_360eee27_nSrBT0Le. Status changed: QUEUED => ACTIVE in 0.020359516143798828
2019-11-27 07:08:01.496 853 RALLYDEBUG rally.task.utils [-] Waiting for resource s_rally_360eee27_uxNEd1MN. Status changed: QUEUED => ACTIVE in 0.018842220306396484
2019-11-27 07:08:01.553 852 INFO rally.task.runner [-] Task 84d19f3c-edd5-4ebf-8d23-1504ce0a201d | ITER: 8 END: OK
2019-11-27 07:08:01.553 851 INFO rally.task.runner [-] Task 84d19f3c-edd5-4ebf-8d23-1504ce0a201d | ITER: 5 END: OK
2019-11-27 07:08:01.556 852 INFO rally.task.runner [-] Task 84d19f3c-edd5-4ebf-8d23-1504ce0a201d | ITER: 9 START
2019-11-27 07:08:01.557 851 INFO rally.task.runner [-] Task 84d19f3c-edd5-4ebf-8d23-1504ce0a201d | ITER: 10 START
2019-11-27 07:08:01.557 853 INFO rally.task.runner [-] Task 84d19f3c-edd5-4ebf-8d23-1504ce0a201d | ITER: 6 END: OK
2019-11-27 07:08:01.604 855 RALLYDEBUG rally.task.utils [-] Waiting for resource s_rally_360eee27_fcxnlIH4. Status changed: QUEUED => ACTIVE in 0.02101898193359375
2019-11-27 07:08:01.668 855 INFO rally.task.runner [-] Task 84d19f3c-edd5-4ebf-8d23-1504ce0a201d | ITER: 7 END: OK
2019-11-27 07:08:04.337 851 RALLYDEBUG rally.task.utils [-] Waiting for resource '2c8cac1c-6da7-457e-8716-dce76103968f'. Status changed: NONE => QUEUED in 0.04265928268432617
2019-11-27 07:08:04.451 852 RALLYDEBUG rally.task.utils [-] Waiting for resource 'e90be29a-2055-4f76-a2b4-7d824a05ef79'. Status changed: NONE => QUEUED in 0.035894155502319336
2019-11-27 07:08:04.581 851 RALLYDEBUG rally.task.utils [-] Waiting for resource s_rally_360eee27_jTaKf9pn. Status changed: QUEUED => ACTIVE in 0.021372079849243164
2019-11-27 07:08:04.650 851 INFO rally.task.runner [-] Task 84d19f3c-edd5-4ebf-8d23-1504ce0a201d | ITER: 10 END: OK
2019-11-27 07:08:04.670 852 RALLYDEBUG rally.task.utils [-] Waiting for resource s_rally_360eee27_9QPGfU9x. Status changed: QUEUED => ACTIVE in 0.020459890365600586
2019-11-27 07:08:04.741 852 INFO rally.task.runner [-] Task 84d19f3c-edd5-4ebf-8d23-1504ce0a201d | ITER: 9 END: OK
2019-11-27 07:08:04.766 727 INFO rally.task.context [-] Task 84d19f3c-edd5-4ebf-8d23-1504ce0a201d | Context cleanup@openstack cleanup() started
2019-11-27 07:08:04.771 727 RALLYDEBUG rally_openstack.cleanup.manager [-] Cleaning up glance images objects
2019-11-27 07:08:06.100 727 INFO rally.task.context [-] Task 84d19f3c-edd5-4ebf-8d23-1504ce0a201d | Context cleanup@openstack cleanup() finished in 1.33 sec
2019-11-27 07:08:06.101 727 INFO rally.task.context [-] Task 84d19f3c-edd5-4ebf-8d23-1504ce0a201d | Context users@openstack cleanup() started
2019-11-27 07:08:10.881 727 INFO rally.task.context [-] Task 84d19f3c-edd5-4ebf-8d23-1504ce0a201d | Context users@openstack cleanup() finished in 4.78 sec
2019-11-27 07:08:12.540 727 INFO rally.task.engine [-] Load duration is: 8.95013
2019-11-27 07:08:12.540 727 INFO rally.task.engine [-] Full runner duration is: 9.724169
2019-11-27 07:08:12.541 727 INFO rally.task.engine [-] Full duration is: 18.474451
2019-11-27 07:08:13.054 727 INFO rally.task.engine [-] Running workload: position = 0 config = { "version": 2, "title": "A cropped version of a bigger task.", "description": "Auto-generated task from a single workload (uuid=05bfbdba-2af1-416c-a220-88e9b950fcc4)", "subtasks": [ { "title": "GlanceImages.create_and_list_image", "description": "Create an image and then list all images.", "scenario": { "GlanceImages.create_and_list_image": { "container_format": "bare", "disk_format": "qcow2", "image_location": "/home/opnfv/functest/images/cirros-0.4.0-x86_64-disk.img" } }, "contexts": { "users": { "tenants": 3, "users_per_tenant": 2 } }, "runner": { "constant": { "concurrency": 4, "times": 10 } }, "hooks": [], "sla": { "failure_rate": { "max": 0 } } } ] }
2019-11-27 07:08:13.079 727 RALLYDEBUG rally_openstack.contexts.keystone.users [-] Creating 3 tenants using 20 threads
2019-11-27 07:08:14.119 727 RALLYDEBUG rally_openstack.contexts.keystone.users [-] Creating 6 users using 20 threads
2019-11-27 07:08:15.843 727 INFO rally.task.context [-] Task 84d19f3c-edd5-4ebf-8d23-1504ce0a201d | Context users@openstack setup() finished in 2.76 sec
2019-11-27 07:08:15.844 727 INFO rally.task.context [-] Task 84d19f3c-edd5-4ebf-8d23-1504ce0a201d | Context cleanup@openstack setup() finished in 0.02 msec
