2019-11-26 15:30:03.140 27676 RALLYDEBUG rally_openstack.cleanup.manager [-] Deleting neutron.port object s_rally_089e4c2d_W4ev3Q0M (ddf3ba1f-13ea-4676-ac0d-f113f32d95b3)
2019-11-26 15:30:03.386 27676 RALLYDEBUG rally_openstack.cleanup.manager [-] Deleting neutron.port object s_rally_089e4c2d_8Vlb4Vzo (de7162c5-51f4-4a97-bb3f-576b4eee6883)
2019-11-26 15:30:03.394 27676 RALLYDEBUG rally_openstack.cleanup.manager [-] Deleting neutron.port object s_rally_089e4c2d_ZewpaOvB (df176111-6a08-4abf-9383-3c367af88823)
2019-11-26 15:30:03.655 27676 RALLYDEBUG rally_openstack.cleanup.manager [-] Deleting neutron.port object s_rally_089e4c2d_O3sFNdWr (df5bbf3a-859f-4641-8145-469b0b90c49b)
2019-11-26 15:30:03.727 27676 RALLYDEBUG rally_openstack.cleanup.manager [-] Deleting neutron.port object s_rally_089e4c2d_RMxfOqAM (e0e73e87-9e0b-4324-90c0-24075e020edb)
2019-11-26 15:30:03.745 27676 RALLYDEBUG rally_openstack.cleanup.manager [-] Deleting neutron.port object s_rally_089e4c2d_g07opdri (e1630e3a-fab3-4b5d-98e1-2b49c8700fb3)
2019-11-26 15:30:03.854 27676 RALLYDEBUG rally_openstack.cleanup.manager [-] Deleting neutron.port object s_rally_089e4c2d_t4oYyBb1 (e16f9945-97b9-4cd1-a51c-8ae0f2951b49)
2019-11-26 15:30:03.875 27676 RALLYDEBUG rally_openstack.cleanup.manager [-] Deleting neutron.port object s_rally_089e4c2d_ylX0mKPe (e18e3980-4122-4ce5-b767-30fc6b94b5ee)
2019-11-26 15:30:04.023 27676 RALLYDEBUG rally_openstack.cleanup.manager [-] Deleting neutron.port object s_rally_089e4c2d_W7AOhZrx (e2dcc5fa-4a9d-459a-9d9e-1e8e70f9396b)
2019-11-26 15:30:04.216 27676 RALLYDEBUG rally_openstack.cleanup.manager [-] Deleting neutron.port object s_rally_089e4c2d_y8u2oIpq (e2f553cb-277c-4316-9c98-bcbdc814b2aa)
2019-11-26 15:30:04.320 27676 RALLYDEBUG rally_openstack.cleanup.manager [-] Deleting neutron.port object s_rally_089e4c2d_f8oY7IGt (e30d99a3-4066-4e4c-a672-df37f28c4549)
2019-11-26 15:30:04.465 27676 RALLYDEBUG rally_openstack.cleanup.manager [-] Deleting neutron.port object s_rally_089e4c2d_UGpzYBtH (e34e7017-6a37-4091-aa7c-1d8b988c76e1)
2019-11-26 15:30:04.540 27676 RALLYDEBUG rally_openstack.cleanup.manager [-] Deleting neutron.port object s_rally_089e4c2d_jMW68b8t (e403b952-8a55-43d9-9cdc-bf6416f2aa6e)
2019-11-26 15:30:04.553 27676 RALLYDEBUG rally_openstack.cleanup.manager [-] Deleting neutron.port object s_rally_089e4c2d_AaCyByZE (e408e38a-2585-48a9-9ba9-ab87603b1c10)
2019-11-26 15:30:04.561 27676 RALLYDEBUG rally_openstack.cleanup.manager [-] Deleting neutron.port object s_rally_089e4c2d_ot0dEf0o (e4b9f916-c286-4f7f-a5b7-d378273e2758)
2019-11-26 15:30:04.586 27676 RALLYDEBUG rally_openstack.cleanup.manager [-] Deleting neutron.port object s_rally_089e4c2d_5ZCGigNI (e4fd93e5-9343-44a4-b1c2-527a5143f4c6)
2019-11-26 15:30:04.629 27676 RALLYDEBUG rally_openstack.cleanup.manager [-] Deleting neutron.port object s_rally_089e4c2d_xnKNXkrN (e5c6c78a-9aaf-4989-9e2c-a8e47486ae52)
2019-11-26 15:30:04.805 27676 RALLYDEBUG rally_openstack.cleanup.manager [-] Deleting neutron.port object s_rally_089e4c2d_zDaX120g (e5dba102-5fa5-4d80-8938-8df412917dfc)
2019-11-26 15:30:04.882 27676 RALLYDEBUG rally_openstack.cleanup.manager [-] Deleting neutron.port object s_rally_089e4c2d_TJxUDPCw (e6428609-16de-423e-b78e-a200045964e1)
2019-11-26 15:30:05.050 27676 RALLYDEBUG rally_openstack.cleanup.manager [-] Deleting neutron.port object s_rally_089e4c2d_5hgBFotz (e6f5118b-b7b9-4da5-8abb-01515f69e315)
2019-11-26 15:30:05.101 27676 RALLYDEBUG rally_openstack.cleanup.manager [-] Deleting neutron.port object s_rally_089e4c2d_dahbvnvn (e83cffdf-65f4-489a-bdb8-b535c1afc1e2)
2019-11-26 15:30:05.198 27676 RALLYDEBUG rally_openstack.cleanup.manager [-] Deleting neutron.port object s_rally_089e4c2d_WETksqeB (e89c4569-f951-4068-8394-f6c335165dfa)
2019-11-26 15:30:05.367 27676 RALLYDEBUG rally_openstack.cleanup.manager [-] Deleting neutron.port object s_rally_089e4c2d_QYtJwg5s (e93094a9-3ced-4a4f-a471-798133fbfbc5)
2019-11-26 15:30:05.392 27676 RALLYDEBUG rally_openstack.cleanup.manager [-] Deleting neutron.port object s_rally_089e4c2d_AiYrz2zI (e9590dec-668d-4b78-8da3-d51b91f58747)
2019-11-26 15:30:05.451 27676 RALLYDEBUG rally_openstack.cleanup.manager [-] Deleting neutron.port object s_rally_089e4c2d_vMIQgh7C (e9c440cf-896a-4cf9-9bdd-8737ebf6dead)
2019-11-26 15:30:05.624 27676 RALLYDEBUG rally_openstack.cleanup.manager [-] Deleting neutron.port object s_rally_089e4c2d_1C0qD9L2 (ea347eac-2291-4cf6-b4b7-ebe7ccc7c921)
2019-11-26 15:30:05.733 27676 RALLYDEBUG rally_openstack.cleanup.manager [-] Deleting neutron.port object s_rally_089e4c2d_1aWb6UI4 (ea495349-2f41-4f65-913b-d55a8f131b67)
2019-11-26 15:30:05.818 27676 RALLYDEBUG rally_openstack.cleanup.manager [-] Deleting neutron.port object s_rally_089e4c2d_CowL9tYw (eb1600c7-88ea-4f84-baeb-69e6cd296339)
2019-11-26 15:30:05.927 27676 RALLYDEBUG rally_openstack.cleanup.manager [-] Deleting neutron.port object s_rally_089e4c2d_DoFedFxL (eb697e26-f264-4bc6-92a8-bf61f6bf3dca)
2019-11-26 15:30:05.976 27676 RALLYDEBUG rally_openstack.cleanup.manager [-] Deleting neutron.port object s_rally_089e4c2d_wd4gPa9E (ebbc54be-62ab-48ec-9044-b1b7222a9007)
2019-11-26 15:30:06.085 27676 RALLYDEBUG rally_openstack.cleanup.manager [-] Deleting neutron.port object s_rally_089e4c2d_4rKa6xNR (ebe15141-57e7-46b8-90df-f20dfe1fd796)
2019-11-26 15:30:06.223 27676 RALLYDEBUG rally_openstack.cleanup.manager [-] Deleting neutron.port object s_rally_089e4c2d_2GkoBrH9 (ebfde51b-d237-49b5-a213-97f2ca2c3324)
2019-11-26 15:30:06.319 27676 RALLYDEBUG rally_openstack.cleanup.manager [-] Deleting neutron.port object s_rally_089e4c2d_3wKtw11V (ec0c840c-3916-477d-a4f1-e669f8937596)
2019-11-26 15:30:06.341 27676 RALLYDEBUG rally_openstack.cleanup.manager [-] Deleting neutron.port object s_rally_089e4c2d_Cl2BWrua (ec259ae2-b0ff-4699-9f96-5ec5f09c76ca)
2019-11-26 15:30:06.353 27676 RALLYDEBUG rally_openstack.cleanup.manager [-] Deleting neutron.port object s_rally_089e4c2d_vUMQ2Cye (ecb9b005-79dd-4edf-b037-a2a8972126e6)
2019-11-26 15:30:06.399 27676 RALLYDEBUG rally_openstack.cleanup.manager [-] Deleting neutron.port object s_rally_089e4c2d_gJXililf (ecd66e3b-3d07-4291-8ef5-a6c393eb5464)
2019-11-26 15:30:06.508 27676 RALLYDEBUG rally_openstack.cleanup.manager [-] Deleting neutron.port object s_rally_089e4c2d_UyzOMMZO (ed210626-86ff-4aab-aafc-46a4b9143105)
2019-11-26 15:30:06.609 27676 RALLYDEBUG rally_openstack.cleanup.manager [-] Deleting neutron.port object s_rally_089e4c2d_nCmJ1CGm (ee57d807-779d-4a17-a51a-35cebb4c1662)
2019-11-26 15:30:06.651 27676 RALLYDEBUG rally_openstack.cleanup.manager [-] Deleting neutron.port object s_rally_089e4c2d_9oh3rffv (efa5eda8-3859-4f36-9c2d-9176cd4d5a00)
2019-11-26 15:30:06.751 27676 RALLYDEBUG rally_openstack.cleanup.manager [-] Deleting neutron.port object s_rally_089e4c2d_ZMTFdwki (f06a2386-f23a-4a6d-abb1-32ed0484273d)
2019-11-26 15:30:06.809 27676 RALLYDEBUG rally_openstack.cleanup.manager [-] Deleting neutron.port object s_rally_089e4c2d_t35M37vC (f14e0cd2-abee-4e8d-81a9-03a9cabf3835)
2019-11-26 15:30:06.924 27676 RALLYDEBUG rally_openstack.cleanup.manager [-] Deleting neutron.port object s_rally_089e4c2d_HAGv8ysH (f1d9a6cb-1861-470c-a268-0fc0d7aad1dc)
2019-11-26 15:30:07.081 27676 RALLYDEBUG rally_openstack.cleanup.manager [-] Deleting neutron.port object s_rally_089e4c2d_kiug2G6S (f1f217fa-ab33-468f-823a-7e51f9a0e68f)
2019-11-26 15:30:07.090 27676 RALLYDEBUG rally_openstack.cleanup.manager [-] Deleting neutron.port object s_rally_089e4c2d_1mqLq6Ti (f2521e37-9166-42f1-80c9-7800e305dacc)
2019-11-26 15:30:07.168 27676 RALLYDEBUG rally_openstack.cleanup.manager [-] Deleting neutron.port object s_rally_089e4c2d_DlOthp4B (f313ed34-0bc9-4832-9d2a-bd85e1f58544)
2019-11-26 15:30:07.334 27676 RALLYDEBUG rally_openstack.cleanup.manager [-] Deleting neutron.port object s_rally_089e4c2d_ROMvTxOD (f3f16300-fb91-4f0f-912e-1eb5c842f02d)
2019-11-26 15:30:07.444 27676 RALLYDEBUG rally_openstack.cleanup.manager [-] Deleting neutron.port object s_rally_089e4c2d_SPc9b4iP (f43c4bc4-40e8-4a06-8f90-41c12b49957c)
2019-11-26 15:30:07.553 27676 RALLYDEBUG rally_openstack.cleanup.manager [-] Deleting neutron.port object s_rally_089e4c2d_z7M67FoL (f521be4d-bea7-466d-8f16-1c477ab270ca)
2019-11-26 15:30:07.678 27676 RALLYDEBUG rally_openstack.cleanup.manager [-] Deleting neutron.port object s_rally_089e4c2d_aUaVkxlO (f5326a18-51cc-4b43-8b80-43f348cc93a0)
2019-11-26 15:30:07.736 27676 RALLYDEBUG rally_openstack.cleanup.manager [-] Deleting neutron.port object s_rally_089e4c2d_0lCOLhUM (f5fd9a20-c650-4ccb-8d45-0185ed02d8cb)
2019-11-26 15:30:07.866 27676 RALLYDEBUG rally_openstack.cleanup.manager [-] Deleting neutron.port object s_rally_089e4c2d_OTO9mXkw (f6031406-352d-4961-9e59-ef8ea94b297a)
2019-11-26 15:30:08.075 27676 RALLYDEBUG rally_openstack.cleanup.manager [-] Deleting neutron.port object s_rally_089e4c2d_Gyu4KNJc (f6809276-739d-4b3c-bac3-aed75e102394)
2019-11-26 15:30:08.095 27676 RALLYDEBUG rally_openstack.cleanup.manager [-] Deleting neutron.port object s_rally_089e4c2d_tjk5G3nh (f78c4e9d-c5f7-469c-8fab-09443775877a)
2019-11-26 15:30:08.153 27676 RALLYDEBUG rally_openstack.cleanup.manager [-] Deleting neutron.port object s_rally_089e4c2d_MNNyzdh5 (f9ad48fd-a5c6-48df-be16-b7f0ba9d365c)
2019-11-26 15:30:08.237 27676 RALLYDEBUG rally_openstack.cleanup.manager [-] Deleting neutron.port object s_rally_089e4c2d_M1FlNSJC (f9ed008c-a462-4066-b037-97a7f3114439)
2019-11-26 15:30:08.354 27676 RALLYDEBUG rally_openstack.cleanup.manager [-] Deleting neutron.port object s_rally_089e4c2d_qoeyqQYc (f9f1e828-8829-49df-8b83-a5719a70f57b)
2019-11-26 15:30:08.400 27676 RALLYDEBUG rally_openstack.cleanup.manager [-] Deleting neutron.port object s_rally_089e4c2d_gFZt37nX (fa83067b-e3af-4089-9bee-45306eb3dddb)
2019-11-26 15:30:08.417 27676 RALLYDEBUG rally_openstack.cleanup.manager [-] Deleting neutron.port object s_rally_089e4c2d_V8onaZwP (fae59804-a19e-4b4d-b275-756082e7bbc2)
2019-11-26 15:30:08.557 27676 RALLYDEBUG rally_openstack.cleanup.manager [-] Deleting neutron.port object s_rally_089e4c2d_D3fLhSE4 (fb42e8d3-e326-4a80-9704-0dac280e135a)
2019-11-26 15:30:08.584 27676 RALLYDEBUG rally_openstack.cleanup.manager [-] Deleting neutron.port object s_rally_089e4c2d_rZjdb8e8 (fbc5acaa-78d1-419b-8284-ecf0e08d2b73)
2019-11-26 15:30:08.730 27676 RALLYDEBUG rally_openstack.cleanup.manager [-] Deleting neutron.port object s_rally_089e4c2d_tBIpBrNn (fc52fe6e-3b21-48cb-a874-4f7e4edff7c5)
2019-11-26 15:30:08.765 27676 RALLYDEBUG rally_openstack.cleanup.manager [-] Deleting neutron.port object s_rally_089e4c2d_6iIYBqjr (fc576184-0dbe-49b6-8e60-c01c0748b5d9)
2019-11-26 15:30:08.834 27676 RALLYDEBUG rally_openstack.cleanup.manager [-] Deleting neutron.port object s_rally_089e4c2d_Dy5dlYDf (fdb5855d-6243-4801-b802-785fa04b7e16)
2019-11-26 15:30:09.041 27676 RALLYDEBUG rally_openstack.cleanup.manager [-] Deleting neutron.port object s_rally_089e4c2d_vOqmNNQa (fdc18d0f-4c43-446a-8e58-37b93e77533c)
2019-11-26 15:30:09.106 27676 RALLYDEBUG rally_openstack.cleanup.manager [-] Deleting neutron.port object s_rally_089e4c2d_ohOMsv6G (fe604779-825b-46ba-ab27-9d2357618b8e)
2019-11-26 15:30:09.215 27676 RALLYDEBUG rally_openstack.cleanup.manager [-] Deleting neutron.port object s_rally_089e4c2d_64Edcrvh (feec9ade-9e9d-4fe5-9130-7ee8b428f1f7)
2019-11-26 15:30:10.934 27676 RALLYDEBUG rally_openstack.cleanup.manager [-] Cleaning up neutron subnet objects
2019-11-26 15:30:11.351 27676 RALLYDEBUG rally_openstack.cleanup.manager [-] Cleaning up neutron network objects
2019-11-26 15:30:11.827 27676 RALLYDEBUG rally_openstack.cleanup.manager [-] Deleting neutron.network object s_rally_089e4c2d_PGBtNqLZ (347d4998-e467-461b-befa-eeb0d69362e1)
2019-11-26 15:30:11.837 27676 RALLYDEBUG rally_openstack.cleanup.manager [-] Deleting neutron.network object s_rally_089e4c2d_gtWOft0t (3d5a5d4e-7137-48db-920f-1cf35177065f)
2019-11-26 15:30:11.846 27676 RALLYDEBUG rally_openstack.cleanup.manager [-] Deleting neutron.network object s_rally_089e4c2d_0P2Iuvme (46ec5593-313c-4af3-8e99-3b221057a22b)
2019-11-26 15:30:11.855 27676 RALLYDEBUG rally_openstack.cleanup.manager [-] Deleting neutron.network object s_rally_089e4c2d_dUxwLGAC (48b27ec3-23e2-471f-8bc8-f8e3a70e3572)
2019-11-26 15:30:11.860 27676 RALLYDEBUG rally_openstack.cleanup.manager [-] Deleting neutron.network object s_rally_089e4c2d_1eafeVyl (5f53e17d-d002-4a40-81ab-3a8f32b242f5)
2019-11-26 15:30:11.867 27676 RALLYDEBUG rally_openstack.cleanup.manager [-] Deleting neutron.network object s_rally_089e4c2d_KAqTnpIc (6b02a656-df05-4bdf-a780-866f083afbd3)
2019-11-26 15:30:11.888 27676 RALLYDEBUG rally_openstack.cleanup.manager [-] Deleting neutron.network object s_rally_089e4c2d_CGgazLoK (727b3fdb-33f4-49ec-9b37-636472bdc5db)
2019-11-26 15:30:11.892 27676 RALLYDEBUG rally_openstack.cleanup.manager [-] Deleting neutron.network object s_rally_089e4c2d_uiLn14LN (8474375e-15bb-4cd5-8c6d-6ab948120410)
2019-11-26 15:30:14.786 27676 RALLYDEBUG rally_openstack.cleanup.manager [-] Cleaning up neutron router objects
2019-11-26 15:30:15.216 27676 RALLYDEBUG rally_openstack.cleanup.manager [-] Cleaning up neutron security_group objects
2019-11-26 15:30:15.696 27676 INFO rally.task.context [-] Task e826c3d6-f261-482c-9185-7df8fa45a3f4 | Context cleanup@openstack cleanup() finished in 46.99 sec
2019-11-26 15:30:15.697 27676 INFO rally.task.context [-] Task e826c3d6-f261-482c-9185-7df8fa45a3f4 | Context quotas@openstack cleanup() started
2019-11-26 15:30:15.793 27676 INFO rally.task.context [-] Task e826c3d6-f261-482c-9185-7df8fa45a3f4 | Context quotas@openstack cleanup() finished in 95.98 msec
2019-11-26 15:30:15.794 27676 INFO rally.task.context [-] Task e826c3d6-f261-482c-9185-7df8fa45a3f4 | Context users@openstack cleanup() started
2019-11-26 15:30:18.554 27676 INFO rally.task.context [-] Task e826c3d6-f261-482c-9185-7df8fa45a3f4 | Context users@openstack cleanup() finished in 2.76 sec
2019-11-26 15:30:18.790 27676 INFO rally.task.engine [-] Load duration is: 55.485685
2019-11-26 15:30:18.790 27676 INFO rally.task.engine [-] Full runner duration is: 55.528801
2019-11-26 15:30:18.790 27676 INFO rally.task.engine [-] Full duration is: 108.280359
2019-11-26 15:30:19.061 27676 INFO rally.task.engine [-] Running workload: position = 1 config = { "version": 2, "title": "A cropped version of a bigger task.", "description": "Auto-generated task from a single workload (uuid=1b01883e-e416-4844-99a5-4f7a6d4b48ad)", "subtasks": [ { "title": "NeutronNetworks.create_and_update_ports", "description": "Create and update a given number of ports.", "scenario": { "NeutronNetworks.create_and_update_ports": { "network_create_args": {}, "port_create_args": {}, "ports_per_network": 5, "port_update_args": { "admin_state_up": false, "device_id": "dummy_id", "device_owner": "dummy_owner", "name": "_port_updated" } } }, "contexts": { "users": { "tenants": 1, "users_per_tenant": 1 }, "quotas": { "neutron": { "network": -1, "port": -1 } } }, "runner": { "constant": { "times": 40, "concurrency": 20 } }, "hooks": [], "sla": { "failure_rate": { "max": 0 } } } ] }
2019-11-26 15:30:19.089 27676 RALLYDEBUG rally_openstack.contexts.keystone.users [-] Creating 1 tenants using 20 threads
2019-11-26 15:30:20.036 27676 RALLYDEBUG rally_openstack.contexts.keystone.users [-] Creating 1 users using 20 threads
2019-11-26 15:30:21.470 27676 INFO rally.task.context [-] Task e826c3d6-f261-482c-9185-7df8fa45a3f4 | Context users@openstack setup() finished in 2.38 sec
2019-11-26 15:30:22.047 27676 INFO rally.task.context [-] Task e826c3d6-f261-482c-9185-7df8fa45a3f4 | Context quotas@openstack setup() finished in 0.58 sec
2019-11-26 15:30:22.047 27676 INFO rally.task.context [-] Task e826c3d6-f261-482c-9185-7df8fa45a3f4 | Context cleanup@openstack setup() finished in 0.02 msec
2019-11-26 15:30:22.057 27676 RALLYDEBUG rally.task.runner [-] Starting the constant runner (task UUID: e826c3d6-f261-482c-9185-7df8fa45a3f4). times: 40 concurrency: 20 timeout: 0 max_cpu_used: 16 processes_to_start: 16 concurrency_per_worker: 1 concurrency_overhead: 4
2019-11-26 15:30:22.069 31752 RALLYDEBUG rally.task.runner [-] Starting a worker. times: 40 duration: None concurrency: 2 timeout: 0 cls: method_name: run args: {"network_create_args": {}, "port_create_args": {}, "ports_per_network": 5, "port_update_args": {"admin_state_up": false, "device_id": "dummy_id", "device_owner": "dummy_owner", "name": "_port_updated"}}
2019-11-26 15:30:22.072 31753 RALLYDEBUG rally.task.runner [-] Starting a worker. times: 40 duration: None concurrency: 2 timeout: 0 cls: method_name: run args: {"network_create_args": {}, "port_create_args": {}, "ports_per_network": 5, "port_update_args": {"admin_state_up": false, "device_id": "dummy_id", "device_owner": "dummy_owner", "name": "_port_updated"}}
2019-11-26 15:30:22.075 31754 RALLYDEBUG rally.task.runner [-] Starting a worker. times: 40 duration: None concurrency: 2 timeout: 0 cls: method_name: run args: {"network_create_args": {}, "port_create_args": {}, "ports_per_network": 5, "port_update_args": {"admin_state_up": false, "device_id": "dummy_id", "device_owner": "dummy_owner", "name": "_port_updated"}}
2019-11-26 15:30:22.077 31752 INFO rally.task.runner [-] Task e826c3d6-f261-482c-9185-7df8fa45a3f4 | ITER: 1 START
2019-11-26 15:30:22.079 31752 WARNING rally_openstack.scenarios.neutron.utils [-] Running this scenario without either the 'network' or 'existing_network' context is deprecated
2019-11-26 15:30:22.079 31756 RALLYDEBUG rally.task.runner [-] Starting a worker. times: 40 duration: None concurrency: 2 timeout: 0 cls: method_name: run args: {"network_create_args": {}, "port_create_args": {}, "ports_per_network": 5, "port_update_args": {"admin_state_up": false, "device_id": "dummy_id", "device_owner": "dummy_owner", "name": "_port_updated"}}
2019-11-26 15:30:22.079 31753 INFO rally.task.runner [-] Task e826c3d6-f261-482c-9185-7df8fa45a3f4 | ITER: 2 START
2019-11-26 15:30:22.083 31754 INFO rally.task.runner [-] Task e826c3d6-f261-482c-9185-7df8fa45a3f4 | ITER: 5 START
2019-11-26 15:30:22.082 31753 WARNING rally_openstack.scenarios.neutron.utils [-] Running this scenario without either the 'network' or 'existing_network' context is deprecated
2019-11-26 15:30:22.082 31761 RALLYDEBUG rally.task.runner [-] Starting a worker. times: 40 duration: None concurrency: 1 timeout: 0 cls: method_name: run args: {"network_create_args": {}, "port_create_args": {}, "ports_per_network": 5, "port_update_args": {"admin_state_up": false, "device_id": "dummy_id", "device_owner": "dummy_owner", "name": "_port_updated"}}
2019-11-26 15:30:22.084 31754 INFO rally.task.runner [-] Task e826c3d6-f261-482c-9185-7df8fa45a3f4 | ITER: 6 START
2019-11-26 15:30:22.085 31754 WARNING rally_openstack.scenarios.neutron.utils [-] Running this scenario without either the 'network' or 'existing_network' context is deprecated
2019-11-26 15:30:22.086 31756 INFO rally.task.runner [-] Task e826c3d6-f261-482c-9185-7df8fa45a3f4 | ITER: 7 START
2019-11-26 15:30:22.086 31765 RALLYDEBUG rally.task.runner [-] Starting a worker. times: 40 duration: None concurrency: 1 timeout: 0 cls: method_name: run args: {"network_create_args": {}, "port_create_args": {}, "ports_per_network": 5, "port_update_args": {"admin_state_up": false, "device_id": "dummy_id", "device_owner": "dummy_owner", "name": "_port_updated"}}
2019-11-26 15:30:22.089 31756 WARNING rally_openstack.scenarios.neutron.utils [-] Running this scenario without either the 'network' or 'existing_network' context is deprecated
2019-11-26 15:30:22.089 31761 INFO rally.task.runner [-] Task e826c3d6-f261-482c-9185-7df8fa45a3f4 | ITER: 8 START
2019-11-26 15:30:22.090 31761 WARNING rally_openstack.scenarios.neutron.utils [-] Running this scenario without either the 'network' or 'existing_network' context is deprecated
2019-11-26 15:30:22.089 31769 RALLYDEBUG rally.task.runner [-] Starting a worker. times: 40 duration: None concurrency: 1 timeout: 0 cls: method_name: run args: {"network_create_args": {}, "port_create_args": {}, "ports_per_network": 5, "port_update_args": {"admin_state_up": false, "device_id": "dummy_id", "device_owner": "dummy_owner", "name": "_port_updated"}}
2019-11-26 15:30:22.080 31752 INFO rally.task.runner [-] Task e826c3d6-f261-482c-9185-7df8fa45a3f4 | ITER: 3 START
2019-11-26 15:30:22.091 31765 INFO rally.task.runner [-] Task e826c3d6-f261-482c-9185-7df8fa45a3f4 | ITER: 10 START
2019-11-26 15:30:22.093 31765 WARNING rally_openstack.scenarios.neutron.utils [-] Running this scenario without either the 'network' or 'existing_network' context is deprecated
2019-11-26 15:30:22.093 31752 WARNING rally_openstack.scenarios.neutron.utils [-] Running this scenario without either the 'network' or 'existing_network' context is deprecated
2019-11-26 15:30:22.083 31753 INFO rally.task.runner [-] Task e826c3d6-f261-482c-9185-7df8fa45a3f4 | ITER: 4 START
2019-11-26 15:30:22.095 31753 WARNING rally_openstack.scenarios.neutron.utils [-] Running this scenario without either the 'network' or 'existing_network' context is deprecated
2019-11-26 15:30:22.095 31769 INFO rally.task.runner [-] Task e826c3d6-f261-482c-9185-7df8fa45a3f4 | ITER: 11 START
2019-11-26 15:30:22.098 31769 WARNING rally_openstack.scenarios.neutron.utils [-] Running this scenario without either the 'network' or 'existing_network' context is deprecated
2019-11-26 15:30:22.086 31754 WARNING rally_openstack.scenarios.neutron.utils [-] Running this scenario without either the 'network' or 'existing_network' context is deprecated
2019-11-26 15:30:22.097 31775 RALLYDEBUG rally.task.runner [-] Starting a worker. times: 40 duration: None concurrency: 1 timeout: 0 cls: method_name: run args: {"network_create_args": {}, "port_create_args": {}, "ports_per_network": 5, "port_update_args": {"admin_state_up": false, "device_id": "dummy_id", "device_owner": "dummy_owner", "name": "_port_updated"}}
2019-11-26 15:30:22.094 31756 INFO rally.task.runner [-] Task e826c3d6-f261-482c-9185-7df8fa45a3f4 | ITER: 9 START
2019-11-26 15:30:22.102 31775 INFO rally.task.runner [-] Task e826c3d6-f261-482c-9185-7df8fa45a3f4 | ITER: 12 START
2019-11-26 15:30:22.102 31778 RALLYDEBUG rally.task.runner [-] Starting a worker. times: 40 duration: None concurrency: 1 timeout: 0 cls: method_name: run args: {"network_create_args": {}, "port_create_args": {}, "ports_per_network": 5, "port_update_args": {"admin_state_up": false, "device_id": "dummy_id", "device_owner": "dummy_owner", "name": "_port_updated"}}
2019-11-26 15:30:22.104 31756 WARNING rally_openstack.scenarios.neutron.utils [-] Running this scenario without either the 'network' or 'existing_network' context is deprecated
2019-11-26 15:30:22.104 31775 WARNING rally_openstack.scenarios.neutron.utils [-] Running this scenario without either the 'network' or 'existing_network' context is deprecated
2019-11-26 15:30:22.107 31781 RALLYDEBUG rally.task.runner [-] Starting a worker. times: 40 duration: None concurrency: 1 timeout: 0 cls: method_name: run args: {"network_create_args": {}, "port_create_args": {}, "ports_per_network": 5, "port_update_args": {"admin_state_up": false, "device_id": "dummy_id", "device_owner": "dummy_owner", "name": "_port_updated"}}
2019-11-26 15:30:22.108 31778 INFO rally.task.runner [-] Task e826c3d6-f261-482c-9185-7df8fa45a3f4 | ITER: 13 START
2019-11-26 15:30:22.110 31778 WARNING rally_openstack.scenarios.neutron.utils [-] Running this scenario without either the 'network' or 'existing_network' context is deprecated
2019-11-26 15:30:22.112 31781 INFO rally.task.runner [-] Task e826c3d6-f261-482c-9185-7df8fa45a3f4 | ITER: 14 START
2019-11-26 15:30:22.114 31781 WARNING rally_openstack.scenarios.neutron.utils [-] Running this scenario without either the 'network' or 'existing_network' context is deprecated
2019-11-26 15:30:22.117 31786 RALLYDEBUG rally.task.runner [-] Starting a worker. times: 40 duration: None concurrency: 1 timeout: 0 cls: method_name: run args: {"network_create_args": {}, "port_create_args": {}, "ports_per_network": 5, "port_update_args": {"admin_state_up": false, "device_id": "dummy_id", "device_owner": "dummy_owner", "name": "_port_updated"}}
2019-11-26 15:30:22.123 31786 INFO rally.task.runner [-] Task e826c3d6-f261-482c-9185-7df8fa45a3f4 | ITER: 15 START
2019-11-26 15:30:22.125 31786 WARNING rally_openstack.scenarios.neutron.utils [-] Running this scenario without either the 'network' or 'existing_network' context is deprecated
2019-11-26 15:30:22.124 31787 RALLYDEBUG rally.task.runner [-] Starting a worker. times: 40 duration: None concurrency: 1 timeout: 0 cls: method_name: run args: {"network_create_args": {}, "port_create_args": {}, "ports_per_network": 5, "port_update_args": {"admin_state_up": false, "device_id": "dummy_id", "device_owner": "dummy_owner", "name": "_port_updated"}}
2019-11-26 15:30:22.129 31787 INFO rally.task.runner [-] Task e826c3d6-f261-482c-9185-7df8fa45a3f4 | ITER: 16 START
2019-11-26 15:30:22.131 31787 WARNING rally_openstack.scenarios.neutron.utils [-] Running this scenario without either the 'network' or 'existing_network' context is deprecated
2019-11-26 15:30:22.131 31790 RALLYDEBUG rally.task.runner [-] Starting a worker. times: 40 duration: None concurrency: 1 timeout: 0 cls: method_name: run args: {"network_create_args": {}, "port_create_args": {}, "ports_per_network": 5, "port_update_args": {"admin_state_up": false, "device_id": "dummy_id", "device_owner": "dummy_owner", "name": "_port_updated"}}
2019-11-26 15:30:22.135 31790 INFO rally.task.runner [-] Task e826c3d6-f261-482c-9185-7df8fa45a3f4 | ITER: 17 START
2019-11-26 15:30:22.135 31793 RALLYDEBUG rally.task.runner [-] Starting a worker. times: 40 duration: None concurrency: 1 timeout: 0 cls: method_name: run args: {"network_create_args": {}, "port_create_args": {}, "ports_per_network": 5, "port_update_args": {"admin_state_up": false, "device_id": "dummy_id", "device_owner": "dummy_owner", "name": "_port_updated"}}
2019-11-26 15:30:22.137 31790 WARNING rally_openstack.scenarios.neutron.utils [-] Running this scenario without either the 'network' or 'existing_network' context is deprecated
2019-11-26 15:30:22.140 31793 INFO rally.task.runner [-] Task e826c3d6-f261-482c-9185-7df8fa45a3f4 | ITER: 18 START
2019-11-26 15:30:22.139 31796 RALLYDEBUG rally.task.runner [-] Starting a worker. times: 40 duration: None concurrency: 1 timeout: 0 cls: method_name: run args: {"network_create_args": {}, "port_create_args": {}, "ports_per_network": 5, "port_update_args": {"admin_state_up": false, "device_id": "dummy_id", "device_owner": "dummy_owner", "name": "_port_updated"}}
2019-11-26 15:30:22.141 31793 WARNING rally_openstack.scenarios.neutron.utils [-] Running this scenario without either the 'network' or 'existing_network' context is deprecated
2019-11-26 15:30:22.143 31798 RALLYDEBUG rally.task.runner [-] Starting a worker. times: 40 duration: None concurrency: 1 timeout: 0 cls: method_name: run args: {"network_create_args": {}, "port_create_args": {}, "ports_per_network": 5, "port_update_args": {"admin_state_up": false, "device_id": "dummy_id", "device_owner": "dummy_owner", "name": "_port_updated"}}
2019-11-26 15:30:22.143 31796 INFO rally.task.runner [-] Task e826c3d6-f261-482c-9185-7df8fa45a3f4 | ITER: 19 START
2019-11-26 15:30:22.144 31796 WARNING rally_openstack.scenarios.neutron.utils [-] Running this scenario without either the 'network' or 'existing_network' context is deprecated
2019-11-26 15:30:22.146 31798 INFO rally.task.runner [-] Task e826c3d6-f261-482c-9185-7df8fa45a3f4 | ITER: 20 START
2019-11-26 15:30:22.147 31798 WARNING rally_openstack.scenarios.neutron.utils [-] Running this scenario without either the 'network' or 'existing_network' context is deprecated
2019-11-26 15:30:29.220 31786 INFO rally.task.runner [-] Task e826c3d6-f261-482c-9185-7df8fa45a3f4 | ITER: 15 END: OK
2019-11-26 15:30:29.224 31786 INFO rally.task.runner [-] Task e826c3d6-f261-482c-9185-7df8fa45a3f4 | ITER: 21 START
2019-11-26 15:30:29.224 31786 WARNING rally_openstack.scenarios.neutron.utils [-] Running this scenario without either the 'network' or 'existing_network' context is deprecated
2019-11-26 15:30:29.737 31753 INFO rally.task.runner [-] Task e826c3d6-f261-482c-9185-7df8fa45a3f4 | ITER: 4 END: OK
2019-11-26 15:30:29.741 31753 INFO rally.task.runner [-] Task e826c3d6-f261-482c-9185-7df8fa45a3f4 | ITER: 22 START
2019-11-26 15:30:29.742 31753 WARNING rally_openstack.scenarios.neutron.utils [-] Running this scenario without either the 'network' or 'existing_network' context is deprecated
2019-11-26 15:30:30.316 31790 INFO rally.task.runner [-] Task e826c3d6-f261-482c-9185-7df8fa45a3f4 | ITER: 17 END: OK
2019-11-26 15:30:30.319 31790 INFO rally.task.runner [-] Task e826c3d6-f261-482c-9185-7df8fa45a3f4 | ITER: 23 START
2019-11-26 15:30:30.320 31790 WARNING rally_openstack.scenarios.neutron.utils [-] Running this scenario without either the 'network' or 'existing_network' context is deprecated
2019-11-26 15:30:30.374 31753 INFO rally.task.runner [-] Task e826c3d6-f261-482c-9185-7df8fa45a3f4 | ITER: 2 END: OK
2019-11-26 15:30:30.378 31753 INFO rally.task.runner [-] Task e826c3d6-f261-482c-9185-7df8fa45a3f4 | ITER: 24 START
2019-11-26 15:30:30.379 31753 WARNING rally_openstack.scenarios.neutron.utils [-] Running this scenario without either the 'network' or 'existing_network' context is deprecated
2019-11-26 15:30:30.586 31756 INFO rally.task.runner [-] Task e826c3d6-f261-482c-9185-7df8fa45a3f4 | ITER: 7 END: OK
2019-11-26 15:30:30.589 31756 INFO rally.task.runner [-] Task e826c3d6-f261-482c-9185-7df8fa45a3f4 | ITER: 25 START
2019-11-26 15:30:30.590 31756 WARNING rally_openstack.scenarios.neutron.utils [-] Running this scenario without either the 'network' or 'existing_network' context is deprecated
2019-11-26 15:30:30.867 31752 INFO rally.task.runner [-] Task e826c3d6-f261-482c-9185-7df8fa45a3f4 | ITER: 3 END: OK
2019-11-26 15:30:30.871 31752 INFO rally.task.runner [-] Task e826c3d6-f261-482c-9185-7df8fa45a3f4 | ITER: 26 START
2019-11-26 15:30:30.872 31752 WARNING rally_openstack.scenarios.neutron.utils [-] Running this scenario without either the 'network' or 'existing_network' context is deprecated
2019-11-26 15:30:31.007 31765 INFO rally.task.runner [-] Task e826c3d6-f261-482c-9185-7df8fa45a3f4 | ITER: 10 END: OK
2019-11-26 15:30:31.011 31765 INFO rally.task.runner [-] Task e826c3d6-f261-482c-9185-7df8fa45a3f4 | ITER: 27 START
2019-11-26 15:30:31.011 31765 WARNING rally_openstack.scenarios.neutron.utils [-] Running this scenario without either the 'network' or 'existing_network' context is deprecated
2019-11-26 15:30:31.085 31775 INFO rally.task.runner [-] Task e826c3d6-f261-482c-9185-7df8fa45a3f4 | ITER: 12 END: OK
2019-11-26 15:30:31.089 31775 INFO rally.task.runner [-] Task e826c3d6-f261-482c-9185-7df8fa45a3f4 | ITER: 28 START
2019-11-26 15:30:31.090 31775 WARNING rally_openstack.scenarios.neutron.utils [-] Running this scenario without either the 'network' or 'existing_network' context is deprecated
2019-11-26 15:30:31.405 31787 INFO rally.task.runner [-] Task e826c3d6-f261-482c-9185-7df8fa45a3f4 | ITER: 16 END: OK
2019-11-26 15:30:31.408 31787 INFO rally.task.runner [-] Task e826c3d6-f261-482c-9185-7df8fa45a3f4 | ITER: 29 START
2019-11-26 15:30:31.409 31787 WARNING rally_openstack.scenarios.neutron.utils [-] Running this scenario without either the 'network' or 'existing_network' context is deprecated
2019-11-26 15:30:31.427 31778 INFO rally.task.runner [-] Task e826c3d6-f261-482c-9185-7df8fa45a3f4 | ITER: 13 END: OK
2019-11-26 15:30:31.430 31778 INFO rally.task.runner [-] Task e826c3d6-f261-482c-9185-7df8fa45a3f4 | ITER: 30 START
2019-11-26 15:30:31.431 31778 WARNING rally_openstack.scenarios.neutron.utils [-] Running this scenario without either the 'network' or 'existing_network' context is deprecated
2019-11-26 15:30:31.454 31781 INFO rally.task.runner [-] Task e826c3d6-f261-482c-9185-7df8fa45a3f4 | ITER: 14 END: OK
2019-11-26 15:30:31.457 31781 INFO rally.task.runner [-] Task e826c3d6-f261-482c-9185-7df8fa45a3f4 | ITER: 31 START
2019-11-26 15:30:31.458 31781 WARNING rally_openstack.scenarios.neutron.utils [-] Running this scenario without either the 'network' or 'existing_network' context is deprecated
2019-11-26 15:30:31.746 31754 INFO rally.task.runner [-] Task e826c3d6-f261-482c-9185-7df8fa45a3f4 | ITER: 5 END: OK
2019-11-26 15:30:31.751 31754 INFO rally.task.runner [-] Task e826c3d6-f261-482c-9185-7df8fa45a3f4 | ITER: 32 START
2019-11-26 15:30:31.752 31754 WARNING rally_openstack.scenarios.neutron.utils [-] Running this scenario without either the 'network' or 'existing_network' context is deprecated
2019-11-26 15:30:31.967 31761 INFO rally.task.runner [-] Task e826c3d6-f261-482c-9185-7df8fa45a3f4 | ITER: 8 END: OK
2019-11-26 15:30:31.971 31761 INFO rally.task.runner [-] Task e826c3d6-f261-482c-9185-7df8fa45a3f4 | ITER: 33 START
2019-11-26 15:30:31.972 31761 WARNING rally_openstack.scenarios.neutron.utils [-] Running this scenario without either the 'network' or 'existing_network' context is deprecated
2019-11-26 15:30:32.401 31752 INFO rally.task.runner [-] Task e826c3d6-f261-482c-9185-7df8fa45a3f4 | ITER: 1 END: OK
2019-11-26 15:30:32.404 31752 INFO rally.task.runner [-] Task e826c3d6-f261-482c-9185-7df8fa45a3f4 | ITER: 34 START
2019-11-26 15:30:32.405 31752 WARNING rally_openstack.scenarios.neutron.utils [-] Running this scenario without either the 'network' or 'existing_network' context is deprecated
2019-11-26 15:30:32.584 31798 INFO rally.task.runner [-] Task e826c3d6-f261-482c-9185-7df8fa45a3f4 | ITER: 20 END: OK
2019-11-26 15:30:32.589 31798 INFO rally.task.runner [-] Task e826c3d6-f261-482c-9185-7df8fa45a3f4 | ITER: 35 START
2019-11-26 15:30:32.589 31798 WARNING rally_openstack.scenarios.neutron.utils [-] Running this scenario without either the 'network' or 'existing_network' context is deprecated
2019-11-26 15:30:32.652 31769 INFO rally.task.runner [-] Task e826c3d6-f261-482c-9185-7df8fa45a3f4 | ITER: 11 END: OK
2019-11-26 15:30:32.657 31769 INFO rally.task.runner [-] Task e826c3d6-f261-482c-9185-7df8fa45a3f4 | ITER: 36 START
2019-11-26 15:30:32.658 31769 WARNING rally_openstack.scenarios.neutron.utils [-] Running this scenario without either the 'network' or 'existing_network' context is deprecated
2019-11-26 15:30:32.921 31796 INFO rally.task.runner [-] Task e826c3d6-f261-482c-9185-7df8fa45a3f4 | ITER: 19 END: OK
2019-11-26 15:30:32.925 31796 INFO rally.task.runner [-] Task e826c3d6-f261-482c-9185-7df8fa45a3f4 | ITER: 37 START
2019-11-26 15:30:32.926 31796 WARNING rally_openstack.scenarios.neutron.utils [-] Running this scenario without either the 'network' or 'existing_network' context is deprecated
2019-11-26 15:30:33.013 31756 INFO rally.task.runner [-] Task e826c3d6-f261-482c-9185-7df8fa45a3f4 | ITER: 9 END: OK
2019-11-26 15:30:33.016 31756 INFO rally.task.runner [-] Task e826c3d6-f261-482c-9185-7df8fa45a3f4 | ITER: 38 START
2019-11-26 15:30:33.017 31756 WARNING rally_openstack.scenarios.neutron.utils [-] Running this scenario without either the 'network' or 'existing_network' context is deprecated
2019-11-26 15:30:33.112 31754 INFO rally.task.runner [-] Task e826c3d6-f261-482c-9185-7df8fa45a3f4 | ITER: 6 END: OK
2019-11-26 15:30:33.116 31754 INFO rally.task.runner [-] Task e826c3d6-f261-482c-9185-7df8fa45a3f4 | ITER: 39 START
2019-11-26 15:30:33.117 31754 WARNING rally_openstack.scenarios.neutron.utils [-] Running this scenario without either the 'network' or 'existing_network' context is deprecated
2019-11-26 15:30:33.428 31793 INFO rally.task.runner [-] Task e826c3d6-f261-482c-9185-7df8fa45a3f4 | ITER: 18 END: OK
2019-11-26 15:30:33.432 31793 INFO rally.task.runner [-] Task e826c3d6-f261-482c-9185-7df8fa45a3f4 | ITER: 40 START
2019-11-26 15:30:33.433 31793 WARNING rally_openstack.scenarios.neutron.utils [-] Running this scenario without either the 'network' or 'existing_network' context is deprecated
2019-11-26 15:30:36.209 31786 INFO rally.task.runner [-] Task e826c3d6-f261-482c-9185-7df8fa45a3f4 | ITER: 21 END: OK
2019-11-26 15:30:38.643 31753 INFO rally.task.runner [-] Task e826c3d6-f261-482c-9185-7df8fa45a3f4 | ITER: 22 END: OK
2019-11-26 15:30:39.118 31765 INFO rally.task.runner [-] Task e826c3d6-f261-482c-9185-7df8fa45a3f4 | ITER: 27 END: OK
2019-11-26 15:30:39.237 31775 INFO rally.task.runner [-] Task e826c3d6-f261-482c-9185-7df8fa45a3f4 | ITER: 28 END: OK
2019-11-26 15:30:39.340 31752 INFO rally.task.runner [-] Task e826c3d6-f261-482c-9185-7df8fa45a3f4 | ITER: 26 END: OK
2019-11-26 15:30:39.568 31753 INFO rally.task.runner [-] Task e826c3d6-f261-482c-9185-7df8fa45a3f4 | ITER: 24 END: OK
2019-11-26 15:30:39.629 31761 INFO rally.task.runner [-] Task e826c3d6-f261-482c-9185-7df8fa45a3f4 | ITER: 33 END: OK
2019-11-26 15:30:39.679 31798 INFO rally.task.runner [-] Task e826c3d6-f261-482c-9185-7df8fa45a3f4 | ITER: 35 END: OK
2019-11-26 15:30:39.714 31781 INFO rally.task.runner [-] Task e826c3d6-f261-482c-9185-7df8fa45a3f4 | ITER: 31 END: OK
2019-11-26 15:30:40.027 31752 INFO rally.task.runner [-] Task e826c3d6-f261-482c-9185-7df8fa45a3f4 | ITER: 34 END: OK
2019-11-26 15:30:40.036 31787 INFO rally.task.runner [-] Task e826c3d6-f261-482c-9185-7df8fa45a3f4 | ITER: 29 END: OK
2019-11-26 15:30:40.381 31796 INFO rally.task.runner [-] Task e826c3d6-f261-482c-9185-7df8fa45a3f4 | ITER: 37 END: OK
2019-11-26 15:30:40.389 31756 INFO rally.task.runner [-] Task e826c3d6-f261-482c-9185-7df8fa45a3f4 | ITER: 38 END: OK
2019-11-26 15:30:40.508 31754 INFO rally.task.runner [-] Task e826c3d6-f261-482c-9185-7df8fa45a3f4 | ITER: 32 END: OK
2019-11-26 15:30:40.531 31790 INFO rally.task.runner [-] Task e826c3d6-f261-482c-9185-7df8fa45a3f4 | ITER: 23 END: OK
2019-11-26 15:30:40.617 31769 INFO rally.task.runner [-] Task e826c3d6-f261-482c-9185-7df8fa45a3f4 | ITER: 36 END: OK
2019-11-26 15:30:40.761 31778 INFO rally.task.runner [-] Task e826c3d6-f261-482c-9185-7df8fa45a3f4 | ITER: 30 END: OK
2019-11-26 15:30:40.776 31756 INFO rally.task.runner [-] Task e826c3d6-f261-482c-9185-7df8fa45a3f4 | ITER: 25 END: OK
2019-11-26 15:30:41.309 31754 INFO rally.task.runner [-] Task e826c3d6-f261-482c-9185-7df8fa45a3f4 | ITER: 39 END: OK
2019-11-26 15:30:41.533 31793 INFO rally.task.runner [-] Task e826c3d6-f261-482c-9185-7df8fa45a3f4 | ITER: 40 END: OK
2019-11-26 15:30:41.560 27676 INFO rally.task.context [-] Task e826c3d6-f261-482c-9185-7df8fa45a3f4 | Context cleanup@openstack cleanup() started
2019-11-26 15:30:41.563 27676 RALLYDEBUG rally_openstack.cleanup.manager [-] Cleaning up neutron vip objects
2019-11-26 15:30:41.943 27676 RALLYDEBUG rally_openstack.cleanup.manager [-] Cleaning up neutron health_monitor objects
2019-11-26 15:30:42.320 27676 RALLYDEBUG rally_openstack.cleanup.manager [-] Cleaning up neutron pool objects
2019-11-26 15:30:42.707 27676 RALLYDEBUG rally_openstack.cleanup.manager [-] Cleaning up neutron loadbalancer objects
2019-11-26 15:30:43.090 27676 RALLYDEBUG rally_openstack.cleanup.manager [-] Cleaning up neutron floatingip objects
2019-11-26 15:30:43.513 27676 RALLYDEBUG rally_openstack.cleanup.manager [-] Cleaning up neutron trunk objects
2019-11-26 15:30:43.914 27676 RALLYDEBUG rally_openstack.cleanup.manager [-] Cleaning up neutron port objects
2019-11-26 15:30:44.864 27676 RALLYDEBUG rally_openstack.cleanup.manager [-] Deleting neutron.port object s_rally_1b01883e_G1JiW9dy (022c5f29-c2f5-4140-b5f1-d706a424e4fb)
2019-11-26 15:30:44.873 27676 RALLYDEBUG rally_openstack.cleanup.manager [-] Deleting neutron.port object s_rally_1b01883e_J800DZPn (038f5001-8b21-40bf-b369-19c70e703e56)
2019-11-26 15:30:44.882 27676 RALLYDEBUG rally_openstack.cleanup.manager [-] Deleting neutron.port object s_rally_1b01883e_nQbGQv6P (04628913-184e-4ef5-9ee1-ee9c9d24157f)
2019-11-26 15:30:44.892 27676 RALLYDEBUG rally_openstack.cleanup.manager [-] Deleting neutron.port object s_rally_1b01883e_vgRQba88 (05b2e101-5773-4987-b04a-cf9525f9b72f)
2019-11-26 15:30:44.896 27676 RALLYDEBUG rally_openstack.cleanup.manager [-] Deleting neutron.port object s_rally_1b01883e_CANVlYPs (06d9bb8b-5b7b-4c0f-b0de-b6188fd47474)
2019-11-26 15:30:44.901 27676 RALLYDEBUG rally_openstack.cleanup.manager [-] Deleting neutron.port object s_rally_1b01883e_KqwpsKcu (07fdc97b-6e50-403f-ba1e-a3cbaa5e353e)
2019-11-26 15:30:44.910 27676 RALLYDEBUG rally_openstack.cleanup.manager [-] Deleting neutron.port object s_rally_1b01883e_qzA1j9lT (095c0a41-26e6-4e8d-8c4d-3e02a0bb239a)
2019-11-26 15:30:44.930 27676 RALLYDEBUG rally_openstack.cleanup.manager [-] Deleting neutron.port object s_rally_1b01883e_cBrzcArc (098c1de1-b496-4fad-8871-3a2db25a02bc)
2019-11-26 15:30:44.939 27676 RALLYDEBUG rally_openstack.cleanup.manager [-] Deleting neutron.port object s_rally_1b01883e_UNQMt5HZ (099859d2-9ea3-4d07-bfe8-a5b862d35485)
2019-11-26 15:30:44.971 27676 RALLYDEBUG rally_openstack.cleanup.manager [-] Deleting neutron.port object s_rally_1b01883e_28JPK2MQ (0aba5eb3-4fb1-487b-a66d-29530d846778)
2019-11-26 15:30:44.976 27676 RALLYDEBUG rally_openstack.cleanup.manager [-] Deleting neutron.port object s_rally_1b01883e_zYd3yz03 (0afe1778-0a3a-4190-a499-3002b65abb23)
2019-11-26 15:30:44.988 27676 RALLYDEBUG rally_openstack.cleanup.manager [-] Deleting neutron.port object s_rally_1b01883e_MaViLvEl (0d26e9d5-1f37-412a-b7c4-a96243a08775)
2019-11-26 15:30:45.000 27676 RALLYDEBUG rally_openstack.cleanup.manager [-] Deleting neutron.port object s_rally_1b01883e_4WpR1uaW (0e0d5d46-f606-405f-834a-cf0b82fa1675)
2019-11-26 15:30:45.010 27676 RALLYDEBUG rally_openstack.cleanup.manager [-] Deleting neutron.port object s_rally_1b01883e_LHMoNoeJ (0ee46290-0441-4d69-a468-735402e12f81)
2019-11-26 15:30:45.034 27676 RALLYDEBUG rally_openstack.cleanup.manager [-] Deleting neutron.port object s_rally_1b01883e_5Ok2DRO7 (0ef1eda5-6356-4a16-8872-4d8622dfa92e)
2019-11-26 15:30:45.045 27676 RALLYDEBUG rally_openstack.cleanup.manager [-] Deleting neutron.port object s_rally_1b01883e_06RJ9Eyq (0f2a83b7-8c95-4df5-9abe-0f6101111206)
2019-11-26 15:30:45.056 27676 RALLYDEBUG rally_openstack.cleanup.manager [-] Deleting neutron.port object s_rally_1b01883e_YxeHLIS0 (0f5bc039-bcd5-4a99-b3e2-67b9b2b82b88)
2019-11-26 15:30:45.206 27676 RALLYDEBUG rally_openstack.cleanup.manager [-] Deleting neutron.port object s_rally_1b01883e_Hvr2Zz93 (10201697-e388-4a45-8062-1179244fe9b7)
2019-11-26 15:30:45.216 27676 RALLYDEBUG rally_openstack.cleanup.manager [-] Deleting neutron.port object s_rally_1b01883e_Mbd5Z43z (115447ca-7907-4d32-b818-7a27705ddd96)
2019-11-26 15:30:45.234 27676 RALLYDEBUG rally_openstack.cleanup.manager [-] Deleting neutron.port object s_rally_1b01883e_y4mNqI68 (116b868f-e29a-4e55-82f9-ed66e07bbf00)
2019-11-26 15:30:46.963 27676 RALLYDEBUG rally_openstack.cleanup.manager [-] Deleting neutron.port object s_rally_1b01883e_sbQCmPyg (1295b26b-8a92-43d2-a1fc-8b47dcf431a4)
2019-11-26 15:30:47.034 27676 RALLYDEBUG rally_openstack.cleanup.manager [-] Deleting neutron.port object s_rally_1b01883e_uGomjM71 (147698e7-4176-454a-91cf-2dffa60013e7)
2019-11-26 15:30:47.052 27676 RALLYDEBUG rally_openstack.cleanup.manager [-] Deleting neutron.port object s_rally_1b01883e_dFkVzUwj (174522a1-0be2-4d97-92f7-497a893c6cc9)
2019-11-26 15:30:47.095 27676 RALLYDEBUG rally_openstack.cleanup.manager [-] Deleting neutron.port object s_rally_1b01883e_7HbdAUUS (18a923ce-3e28-425d-94e2-8b193756145d)
2019-11-26 15:30:47.159 27676 RALLYDEBUG rally_openstack.cleanup.manager [-] Deleting neutron.port object s_rally_1b01883e_Y8ZHQmtg (1b91e87a-d58f-49e0-80d1-2eebed05a5ca)
2019-11-26 15:30:47.172 27676 RALLYDEBUG rally_openstack.cleanup.manager [-] Deleting neutron.port object s_rally_1b01883e_rfkSsd2z (1e9db4e9-7467-4c6a-90d5-9bde4287cf77)
2019-11-26 15:30:47.201 27676 RALLYDEBUG rally_openstack.cleanup.manager [-] Deleting neutron.port object s_rally_1b01883e_erpFJ9Je (202eedef-ff41-4ec9-af0f-6de55fb31969)
2019-11-26 15:30:47.205 27676 RALLYDEBUG rally_openstack.cleanup.manager [-] Deleting neutron.port object s_rally_1b01883e_Nfg8V7pc (204d493a-0c97-49b0-875e-0a18c25665c6)
2019-11-26 15:30:47.224 27676 RALLYDEBUG rally_openstack.cleanup.manager [-] Deleting neutron.port object s_rally_1b01883e_OG0kVmvo (2134cdf7-4299-4ff9-99b9-8043fea063ff)
2019-11-26 15:30:47.245 27676 RALLYDEBUG rally_openstack.cleanup.manager [-] Deleting neutron.port object s_rally_1b01883e_sns6O0NM (2404271a-c43a-47cb-8358-d8f43a97ef09)
2019-11-26 15:30:47.339 27676 RALLYDEBUG rally_openstack.cleanup.manager [-] Deleting neutron.port object s_rally_1b01883e_WQgf1ptE (2474e84d-5732-4216-aa50-ddd3d5cd48f7)
2019-11-26 15:30:47.357 27676 RALLYDEBUG rally_openstack.cleanup.manager [-] Deleting neutron.port object s_rally_1b01883e_RrKJPV9k (25763eea-41b2-45ca-99d9-9da03b277d09)
2019-11-26 15:30:47.384 27676 RALLYDEBUG rally_openstack.cleanup.manager [-] Deleting neutron.port object s_rally_1b01883e_ULy7qUda (272464e3-3f39-43e4-9989-c65e914dd906)
2019-11-26 15:30:47.394 27676 RALLYDEBUG rally_openstack.cleanup.manager [-] Deleting neutron.port object s_rally_1b01883e_5PFX37Qo (2b6391d8-32ac-49a8-906c-ddec72eb9104)
2019-11-26 15:30:47.421 27676 RALLYDEBUG rally_openstack.cleanup.manager [-] Deleting neutron.port object s_rally_1b01883e_56jcxziu (2b8de3e1-828e-4fc7-9026-d27a40e836ad)
2019-11-26 15:30:47.529 27676 RALLYDEBUG rally_openstack.cleanup.manager [-] Deleting neutron.port object s_rally_1b01883e_JBq6sRYi (2bac21d6-16a1-4ad7-9fff-fd31fb334218)
2019-11-26 15:30:47.538 27676 RALLYDEBUG rally_openstack.cleanup.manager [-] Deleting neutron.port object s_rally_1b01883e_Lq8YKEoy (2ce1492f-6d26-484b-a3bc-07ff60920fb9)
2019-11-26 15:30:47.541 27676 RALLYDEBUG rally_openstack.cleanup.manager [-] Deleting neutron.port object s_rally_1b01883e_ajmNDX2c (2fb4a7d2-1241-4b42-b89e-10e9537f9364)
2019-11-26 15:30:47.562 27676 RALLYDEBUG rally_openstack.cleanup.manager [-] Deleting neutron.port object s_rally_1b01883e_awGvhjBe (31cacaf6-bc04-4ed8-988f-752966fb7bb3)
2019-11-26 15:30:47.696 27676 RALLYDEBUG rally_openstack.cleanup.manager [-] Deleting neutron.port object s_rally_1b01883e_wBMSkuNq (34699bce-6697-436d-9b1c-32542a8064f3)
2019-11-26 15:30:48.742 27676 RALLYDEBUG rally_openstack.cleanup.manager [-] Deleting neutron.port object s_rally_1b01883e_T0qDw1Ox (34afca79-6d3f-427e-a3be-d98f38d5c2a5)
2019-11-26 15:30:48.957 27676 RALLYDEBUG rally_openstack.cleanup.manager [-] Deleting neutron.port object s_rally_1b01883e_6goVXDMw (36112ece-4002-41fc-a081-2b6bfa6407fd)
2019-11-26 15:30:49.027 27676 RALLYDEBUG rally_openstack.cleanup.manager [-] Deleting neutron.port object s_rally_1b01883e_GqfrxCAn (3765925c-dc4a-4386-9ef7-450cdb6486c6)
2019-11-26 15:30:49.074 27676 RALLYDEBUG rally_openstack.cleanup.manager [-] Deleting neutron.port object s_rally_1b01883e_I8HIz3rP (37ab1e97-5478-4046-a496-c3da698750df)
2019-11-26 15:30:49.096 27676 RALLYDEBUG rally_openstack.cleanup.manager [-] Deleting neutron.port object s_rally_1b01883e_GnedpAxT (388e7c19-60a9-4be5-8a49-b791c9512b18)
2019-11-26 15:30:49.166 27676 RALLYDEBUG rally_openstack.cleanup.manager [-] Deleting neutron.port object s_rally_1b01883e_Ip0jKePc (38c6fe14-2a5b-44ff-90ce-bcda23e17fd2)
2019-11-26 15:30:49.211 27676 RALLYDEBUG rally_openstack.cleanup.manager [-] Deleting neutron.port object s_rally_1b01883e_LhQGyKPp (38d4fd81-61a1-433b-943d-09a8a5b963df)
2019-11-26 15:30:49.215 27676 RALLYDEBUG rally_openstack.cleanup.manager [-] Deleting neutron.port object s_rally_1b01883e_QbGUjq6y (3a999b96-a8a6-4a29-9bfa-f405c0df82fb)
2019-11-26 15:30:49.241 27676 RALLYDEBUG rally_openstack.cleanup.manager [-] Deleting neutron.port object s_rally_1b01883e_AWVi5JKA (3ba1588d-0a23-46a8-8c85-83e495f29b13)
2019-11-26 15:30:49.353 27676 RALLYDEBUG rally_openstack.cleanup.manager [-] Deleting neutron.port object s_rally_1b01883e_08IVORvd (3dc90188-649b-4849-8bb0-aba18bfa66ff)
2019-11-26 15:30:49.409 27676 RALLYDEBUG rally_openstack.cleanup.manager [-] Deleting neutron.port object s_rally_1b01883e_9Eksg8gs (3f03958f-a418-4578-a0e9-a5dfdcf7e722)
2019-11-26 15:30:49.561 27676 RALLYDEBUG rally_openstack.cleanup.manager [-] Deleting neutron.port object s_rally_1b01883e_ivYppHeI (3fe8728f-052b-4d10-a34d-5269d32c4a27)
2019-11-26 15:30:49.569 27676 RALLYDEBUG rally_openstack.cleanup.manager [-] Deleting neutron.port object s_rally_1b01883e_FZFQGeap (40e49541-73dd-4531-bb2a-0135ee482554)
2019-11-26 15:30:49.595 27676 RALLYDEBUG rally_openstack.cleanup.manager [-] Deleting neutron.port object s_rally_1b01883e_FTLua0pF (428b40ec-fc2f-4062-bcf8-9589b37c1fc5)
2019-11-26 15:30:49.598 27676 RALLYDEBUG rally_openstack.cleanup.manager [-] Deleting neutron.port object s_rally_1b01883e_r9GU62ha (433b186a-a76b-4e45-8a38-dd827f103655)
2019-11-26 15:30:49.609 27676 RALLYDEBUG rally_openstack.cleanup.manager [-] Deleting neutron.port object s_rally_1b01883e_C2uREDrH (443d1c8f-9364-4364-9b80-d3f4a405a165)
2019-11-26 15:30:49.713 27676 RALLYDEBUG rally_openstack.cleanup.manager [-] Deleting neutron.port object s_rally_1b01883e_zvwLvqTS (449f83f7-5311-4bde-8aa8-12ae5015b560)
2019-11-26 15:30:49.724 27676 RALLYDEBUG rally_openstack.cleanup.manager [-] Deleting neutron.port object s_rally_1b01883e_Qj6ZtdLX (48a113cc-7a9e-4e49-a1e3-9e266d8f2a7a)
2019-11-26 15:30:49.731 27676 RALLYDEBUG rally_openstack.cleanup.manager [-] Deleting neutron.port object s_rally_1b01883e_BDJ10Sou (48f59356-0d55-4590-bdce-f937fe4ef7e1)
2019-11-26 15:30:49.912 27676 RALLYDEBUG rally_openstack.cleanup.manager [-] Deleting neutron.port object s_rally_1b01883e_oL4pNoAm (49691167-2ec9-4c7e-901f-9b0db075273d)
2019-11-26 15:30:50.710 27676 RALLYDEBUG rally_openstack.cleanup.manager [-] Deleting neutron.port object s_rally_1b01883e_fUwQyK6v (4af5ddcb-38d1-4e77-b6e9-b3f16a9725a7)
2019-11-26 15:30:50.819 27676 RALLYDEBUG rally_openstack.cleanup.manager [-] Deleting neutron.port object s_rally_1b01883e_gSvfk43M (4c34fe22-ea30-4f03-add0-e3eb6d9a6050)
