2019-11-26 15:39:20.486 27676 RALLYDEBUG rally_openstack.cleanup.manager [-] Deleting neutron.security_group object s_rally_17664ca0_qc5nhXAa (fb9aeaec-a466-4c75-ac06-8772abeffa9d)
2019-11-26 15:39:21.951 27676 INFO rally.task.context [-] Task e826c3d6-f261-482c-9185-7df8fa45a3f4 | Context cleanup@openstack cleanup() finished in 14.74 sec
2019-11-26 15:39:21.952 27676 INFO rally.task.context [-] Task e826c3d6-f261-482c-9185-7df8fa45a3f4 | Context quotas@openstack cleanup() started
2019-11-26 15:39:22.067 27676 INFO rally.task.context [-] Task e826c3d6-f261-482c-9185-7df8fa45a3f4 | Context quotas@openstack cleanup() finished in 0.12 sec
2019-11-26 15:39:22.068 27676 INFO rally.task.context [-] Task e826c3d6-f261-482c-9185-7df8fa45a3f4 | Context users@openstack cleanup() started
2019-11-26 15:39:25.674 27676 INFO rally.task.context [-] Task e826c3d6-f261-482c-9185-7df8fa45a3f4 | Context users@openstack cleanup() finished in 3.61 sec
2019-11-26 15:39:26.366 27676 INFO rally.task.engine [-] Load duration is: 3.583667
2019-11-26 15:39:26.367 27676 INFO rally.task.engine [-] Full runner duration is: 3.626946
2019-11-26 15:39:26.367 27676 INFO rally.task.engine [-] Full duration is: 25.465897
2019-11-26 15:39:26.628 27676 INFO rally.task.engine [-] Running workload: position = 6 config = { "version": 2, "title": "A cropped version of a bigger task.", "description": "Auto-generated task from a single workload (uuid=985f12ab-6c3b-4476-b937-96a8ba148243)", "subtasks": [ { "title": "NeutronSecurityGroup.create_and_update_security_groups", "description": "Create and update Neutron security-groups.", "scenario": { "NeutronSecurityGroup.create_and_update_security_groups": { "security_group_create_args": {}, "security_group_update_args": {} } }, "contexts": { "users": { "tenants": 2, "users_per_tenant": 3 }, "quotas": { "neutron": { "security_group": -1 } } }, "runner": { "constant": { "times": 50, "concurrency": 10 } }, "hooks": [], "sla": { "failure_rate": { "max": 0 } } } ] }
2019-11-26 15:39:26.652 27676 RALLYDEBUG rally_openstack.contexts.keystone.users [-] Creating 2 tenants using 20 threads
2019-11-26 15:39:27.713 27676 RALLYDEBUG rally_openstack.contexts.keystone.users [-] Creating 6 users using 20 threads
2019-11-26 15:39:29.277 27676 INFO rally.task.context [-] Task e826c3d6-f261-482c-9185-7df8fa45a3f4 | Context users@openstack setup() finished in 2.63 sec
2019-11-26 15:39:29.981 27676 INFO rally.task.context [-] Task e826c3d6-f261-482c-9185-7df8fa45a3f4 | Context quotas@openstack setup() finished in 0.70 sec
2019-11-26 15:39:29.981 27676 INFO rally.task.context [-] Task e826c3d6-f261-482c-9185-7df8fa45a3f4 | Context cleanup@openstack setup() finished in 0.01 msec
2019-11-26 15:39:29.990 27676 RALLYDEBUG rally.task.runner [-] Starting the constant runner (task UUID: e826c3d6-f261-482c-9185-7df8fa45a3f4). times: 50 concurrency: 10 timeout: 0 max_cpu_used: 16 processes_to_start: 10 concurrency_per_worker: 1 concurrency_overhead: 0
2019-11-26 15:39:30.001 3845 RALLYDEBUG rally.task.runner [-] Starting a worker. times: 50 duration: None concurrency: 1 timeout: 0 cls: method_name: run args: {"security_group_create_args": {}, "security_group_update_args": {}}
2019-11-26 15:39:30.005 3846 RALLYDEBUG rally.task.runner [-] Starting a worker. times: 50 duration: None concurrency: 1 timeout: 0 cls: method_name: run args: {"security_group_create_args": {}, "security_group_update_args": {}}
2019-11-26 15:39:30.008 3845 INFO rally.task.runner [-] Task e826c3d6-f261-482c-9185-7df8fa45a3f4 | ITER: 1 START
2019-11-26 15:39:30.009 3847 RALLYDEBUG rally.task.runner [-] Starting a worker. times: 50 duration: None concurrency: 1 timeout: 0 cls: method_name: run args: {"security_group_create_args": {}, "security_group_update_args": {}}
2019-11-26 15:39:30.011 3846 INFO rally.task.runner [-] Task e826c3d6-f261-482c-9185-7df8fa45a3f4 | ITER: 2 START
2019-11-26 15:39:30.011 3849 RALLYDEBUG rally.task.runner [-] Starting a worker. times: 50 duration: None concurrency: 1 timeout: 0 cls: method_name: run args: {"security_group_create_args": {}, "security_group_update_args": {}}
2019-11-26 15:39:30.015 3847 INFO rally.task.runner [-] Task e826c3d6-f261-482c-9185-7df8fa45a3f4 | ITER: 3 START
2019-11-26 15:39:30.015 3852 RALLYDEBUG rally.task.runner [-] Starting a worker. times: 50 duration: None concurrency: 1 timeout: 0 cls: method_name: run args: {"security_group_create_args": {}, "security_group_update_args": {}}
2019-11-26 15:39:30.017 3849 INFO rally.task.runner [-] Task e826c3d6-f261-482c-9185-7df8fa45a3f4 | ITER: 4 START
2019-11-26 15:39:30.019 3855 RALLYDEBUG rally.task.runner [-] Starting a worker. times: 50 duration: None concurrency: 1 timeout: 0 cls: method_name: run args: {"security_group_create_args": {}, "security_group_update_args": {}}
2019-11-26 15:39:30.021 3852 INFO rally.task.runner [-] Task e826c3d6-f261-482c-9185-7df8fa45a3f4 | ITER: 5 START
2019-11-26 15:39:30.024 3859 RALLYDEBUG rally.task.runner [-] Starting a worker. times: 50 duration: None concurrency: 1 timeout: 0 cls: method_name: run args: {"security_group_create_args": {}, "security_group_update_args": {}}
2019-11-26 15:39:30.026 3855 INFO rally.task.runner [-] Task e826c3d6-f261-482c-9185-7df8fa45a3f4 | ITER: 6 START
2019-11-26 15:39:30.028 3862 RALLYDEBUG rally.task.runner [-] Starting a worker. times: 50 duration: None concurrency: 1 timeout: 0 cls: method_name: run args: {"security_group_create_args": {}, "security_group_update_args": {}}
2019-11-26 15:39:30.030 3859 INFO rally.task.runner [-] Task e826c3d6-f261-482c-9185-7df8fa45a3f4 | ITER: 7 START
2019-11-26 15:39:30.033 3862 INFO rally.task.runner [-] Task e826c3d6-f261-482c-9185-7df8fa45a3f4 | ITER: 8 START
2019-11-26 15:39:30.032 3865 RALLYDEBUG rally.task.runner [-] Starting a worker. times: 50 duration: None concurrency: 1 timeout: 0 cls: method_name: run args: {"security_group_create_args": {}, "security_group_update_args": {}}
2019-11-26 15:39:30.037 3869 RALLYDEBUG rally.task.runner [-] Starting a worker. times: 50 duration: None concurrency: 1 timeout: 0 cls: method_name: run args: {"security_group_create_args": {}, "security_group_update_args": {}}
2019-11-26 15:39:30.039 3865 INFO rally.task.runner [-] Task e826c3d6-f261-482c-9185-7df8fa45a3f4 | ITER: 9 START
2019-11-26 15:39:30.043 3869 INFO rally.task.runner [-] Task e826c3d6-f261-482c-9185-7df8fa45a3f4 | ITER: 10 START
2019-11-26 15:39:30.725 3852 INFO rally.task.runner [-] Task e826c3d6-f261-482c-9185-7df8fa45a3f4 | ITER: 5 END: OK
2019-11-26 15:39:30.729 3852 INFO rally.task.runner [-] Task e826c3d6-f261-482c-9185-7df8fa45a3f4 | ITER: 11 START
2019-11-26 15:39:30.779 3855 INFO rally.task.runner [-] Task e826c3d6-f261-482c-9185-7df8fa45a3f4 | ITER: 6 END: OK
2019-11-26 15:39:30.784 3855 INFO rally.task.runner [-] Task e826c3d6-f261-482c-9185-7df8fa45a3f4 | ITER: 12 START
2019-11-26 15:39:30.819 3859 INFO rally.task.runner [-] Task e826c3d6-f261-482c-9185-7df8fa45a3f4 | ITER: 7 END: OK
2019-11-26 15:39:30.823 3846 INFO rally.task.runner [-] Task e826c3d6-f261-482c-9185-7df8fa45a3f4 | ITER: 2 END: OK
2019-11-26 15:39:30.824 3859 INFO rally.task.runner [-] Task e826c3d6-f261-482c-9185-7df8fa45a3f4 | ITER: 13 START
2019-11-26 15:39:30.827 3846 INFO rally.task.runner [-] Task e826c3d6-f261-482c-9185-7df8fa45a3f4 | ITER: 14 START
2019-11-26 15:39:30.866 3865 INFO rally.task.runner [-] Task e826c3d6-f261-482c-9185-7df8fa45a3f4 | ITER: 9 END: OK
2019-11-26 15:39:30.871 3865 INFO rally.task.runner [-] Task e826c3d6-f261-482c-9185-7df8fa45a3f4 | ITER: 15 START
2019-11-26 15:39:30.871 3849 INFO rally.task.runner [-] Task e826c3d6-f261-482c-9185-7df8fa45a3f4 | ITER: 4 END: OK
2019-11-26 15:39:30.875 3849 INFO rally.task.runner [-] Task e826c3d6-f261-482c-9185-7df8fa45a3f4 | ITER: 16 START
2019-11-26 15:39:31.279 3855 INFO rally.task.runner [-] Task e826c3d6-f261-482c-9185-7df8fa45a3f4 | ITER: 12 END: OK
2019-11-26 15:39:31.283 3855 INFO rally.task.runner [-] Task e826c3d6-f261-482c-9185-7df8fa45a3f4 | ITER: 17 START
2019-11-26 15:39:31.285 3845 INFO rally.task.runner [-] Task e826c3d6-f261-482c-9185-7df8fa45a3f4 | ITER: 1 END: OK
2019-11-26 15:39:31.289 3845 INFO rally.task.runner [-] Task e826c3d6-f261-482c-9185-7df8fa45a3f4 | ITER: 18 START
2019-11-26 15:39:31.294 3847 INFO rally.task.runner [-] Task e826c3d6-f261-482c-9185-7df8fa45a3f4 | ITER: 3 END: OK
2019-11-26 15:39:31.299 3847 INFO rally.task.runner [-] Task e826c3d6-f261-482c-9185-7df8fa45a3f4 | ITER: 19 START
2019-11-26 15:39:31.403 3862 INFO rally.task.runner [-] Task e826c3d6-f261-482c-9185-7df8fa45a3f4 | ITER: 8 END: OK
2019-11-26 15:39:31.408 3862 INFO rally.task.runner [-] Task e826c3d6-f261-482c-9185-7df8fa45a3f4 | ITER: 20 START
2019-11-26 15:39:31.429 3869 INFO rally.task.runner [-] Task e826c3d6-f261-482c-9185-7df8fa45a3f4 | ITER: 10 END: OK
2019-11-26 15:39:31.434 3869 INFO rally.task.runner [-] Task e826c3d6-f261-482c-9185-7df8fa45a3f4 | ITER: 21 START
2019-11-26 15:39:31.438 3852 INFO rally.task.runner [-] Task e826c3d6-f261-482c-9185-7df8fa45a3f4 | ITER: 11 END: OK
2019-11-26 15:39:31.442 3852 INFO rally.task.runner [-] Task e826c3d6-f261-482c-9185-7df8fa45a3f4 | ITER: 22 START
2019-11-26 15:39:31.468 3865 INFO rally.task.runner [-] Task e826c3d6-f261-482c-9185-7df8fa45a3f4 | ITER: 15 END: OK
2019-11-26 15:39:31.471 3865 INFO rally.task.runner [-] Task e826c3d6-f261-482c-9185-7df8fa45a3f4 | ITER: 23 START
2019-11-26 15:39:31.478 3859 INFO rally.task.runner [-] Task e826c3d6-f261-482c-9185-7df8fa45a3f4 | ITER: 13 END: OK
2019-11-26 15:39:31.482 3859 INFO rally.task.runner [-] Task e826c3d6-f261-482c-9185-7df8fa45a3f4 | ITER: 24 START
2019-11-26 15:39:31.493 3849 INFO rally.task.runner [-] Task e826c3d6-f261-482c-9185-7df8fa45a3f4 | ITER: 16 END: OK
2019-11-26 15:39:31.496 3849 INFO rally.task.runner [-] Task e826c3d6-f261-482c-9185-7df8fa45a3f4 | ITER: 25 START
2019-11-26 15:39:31.529 3846 INFO rally.task.runner [-] Task e826c3d6-f261-482c-9185-7df8fa45a3f4 | ITER: 14 END: OK
2019-11-26 15:39:31.533 3846 INFO rally.task.runner [-] Task e826c3d6-f261-482c-9185-7df8fa45a3f4 | ITER: 26 START
2019-11-26 15:39:31.857 3845 INFO rally.task.runner [-] Task e826c3d6-f261-482c-9185-7df8fa45a3f4 | ITER: 18 END: OK
2019-11-26 15:39:31.861 3845 INFO rally.task.runner [-] Task e826c3d6-f261-482c-9185-7df8fa45a3f4 | ITER: 27 START
2019-11-26 15:39:31.910 3847 INFO rally.task.runner [-] Task e826c3d6-f261-482c-9185-7df8fa45a3f4 | ITER: 19 END: OK
2019-11-26 15:39:31.914 3847 INFO rally.task.runner [-] Task e826c3d6-f261-482c-9185-7df8fa45a3f4 | ITER: 28 START
2019-11-26 15:39:31.915 3855 INFO rally.task.runner [-] Task e826c3d6-f261-482c-9185-7df8fa45a3f4 | ITER: 17 END: OK
2019-11-26 15:39:31.919 3855 INFO rally.task.runner [-] Task e826c3d6-f261-482c-9185-7df8fa45a3f4 | ITER: 29 START
2019-11-26 15:39:31.942 3852 INFO rally.task.runner [-] Task e826c3d6-f261-482c-9185-7df8fa45a3f4 | ITER: 22 END: OK
2019-11-26 15:39:31.945 3852 INFO rally.task.runner [-] Task e826c3d6-f261-482c-9185-7df8fa45a3f4 | ITER: 30 START
2019-11-26 15:39:31.988 3862 INFO rally.task.runner [-] Task e826c3d6-f261-482c-9185-7df8fa45a3f4 | ITER: 20 END: OK
2019-11-26 15:39:31.993 3862 INFO rally.task.runner [-] Task e826c3d6-f261-482c-9185-7df8fa45a3f4 | ITER: 31 START
2019-11-26 15:39:32.120 3849 INFO rally.task.runner [-] Task e826c3d6-f261-482c-9185-7df8fa45a3f4 | ITER: 25 END: OK
2019-11-26 15:39:32.123 3849 INFO rally.task.runner [-] Task e826c3d6-f261-482c-9185-7df8fa45a3f4 | ITER: 32 START
2019-11-26 15:39:32.131 3859 INFO rally.task.runner [-] Task e826c3d6-f261-482c-9185-7df8fa45a3f4 | ITER: 24 END: OK
2019-11-26 15:39:32.134 3859 INFO rally.task.runner [-] Task e826c3d6-f261-482c-9185-7df8fa45a3f4 | ITER: 33 START
2019-11-26 15:39:32.187 3865 INFO rally.task.runner [-] Task e826c3d6-f261-482c-9185-7df8fa45a3f4 | ITER: 23 END: OK
2019-11-26 15:39:32.191 3865 INFO rally.task.runner [-] Task e826c3d6-f261-482c-9185-7df8fa45a3f4 | ITER: 34 START
2019-11-26 15:39:32.198 3846 INFO rally.task.runner [-] Task e826c3d6-f261-482c-9185-7df8fa45a3f4 | ITER: 26 END: OK
2019-11-26 15:39:32.201 3846 INFO rally.task.runner [-] Task e826c3d6-f261-482c-9185-7df8fa45a3f4 | ITER: 35 START
2019-11-26 15:39:32.318 3869 INFO rally.task.runner [-] Task e826c3d6-f261-482c-9185-7df8fa45a3f4 | ITER: 21 END: OK
2019-11-26 15:39:32.322 3869 INFO rally.task.runner [-] Task e826c3d6-f261-482c-9185-7df8fa45a3f4 | ITER: 36 START
2019-11-26 15:39:32.479 3855 INFO rally.task.runner [-] Task e826c3d6-f261-482c-9185-7df8fa45a3f4 | ITER: 29 END: OK
2019-11-26 15:39:32.483 3855 INFO rally.task.runner [-] Task e826c3d6-f261-482c-9185-7df8fa45a3f4 | ITER: 37 START
2019-11-26 15:39:32.502 3845 INFO rally.task.runner [-] Task e826c3d6-f261-482c-9185-7df8fa45a3f4 | ITER: 27 END: OK
2019-11-26 15:39:32.505 3845 INFO rally.task.runner [-] Task e826c3d6-f261-482c-9185-7df8fa45a3f4 | ITER: 38 START
2019-11-26 15:39:32.574 3847 INFO rally.task.runner [-] Task e826c3d6-f261-482c-9185-7df8fa45a3f4 | ITER: 28 END: OK
2019-11-26 15:39:32.578 3847 INFO rally.task.runner [-] Task e826c3d6-f261-482c-9185-7df8fa45a3f4 | ITER: 39 START
2019-11-26 15:39:32.662 3862 INFO rally.task.runner [-] Task e826c3d6-f261-482c-9185-7df8fa45a3f4 | ITER: 31 END: OK
2019-11-26 15:39:32.666 3862 INFO rally.task.runner [-] Task e826c3d6-f261-482c-9185-7df8fa45a3f4 | ITER: 40 START
2019-11-26 15:39:32.693 3852 INFO rally.task.runner [-] Task e826c3d6-f261-482c-9185-7df8fa45a3f4 | ITER: 30 END: OK
2019-11-26 15:39:32.694 3865 INFO rally.task.runner [-] Task e826c3d6-f261-482c-9185-7df8fa45a3f4 | ITER: 34 END: OK
2019-11-26 15:39:32.696 3852 INFO rally.task.runner [-] Task e826c3d6-f261-482c-9185-7df8fa45a3f4 | ITER: 41 START
2019-11-26 15:39:32.697 3865 INFO rally.task.runner [-] Task e826c3d6-f261-482c-9185-7df8fa45a3f4 | ITER: 42 START
2019-11-26 15:39:32.705 3859 INFO rally.task.runner [-] Task e826c3d6-f261-482c-9185-7df8fa45a3f4 | ITER: 33 END: OK
2019-11-26 15:39:32.708 3859 INFO rally.task.runner [-] Task e826c3d6-f261-482c-9185-7df8fa45a3f4 | ITER: 43 START
2019-11-26 15:39:32.900 3846 INFO rally.task.runner [-] Task e826c3d6-f261-482c-9185-7df8fa45a3f4 | ITER: 35 END: OK
2019-11-26 15:39:32.905 3846 INFO rally.task.runner [-] Task e826c3d6-f261-482c-9185-7df8fa45a3f4 | ITER: 44 START
2019-11-26 15:39:32.947 3869 INFO rally.task.runner [-] Task e826c3d6-f261-482c-9185-7df8fa45a3f4 | ITER: 36 END: OK
2019-11-26 15:39:32.951 3849 INFO rally.task.runner [-] Task e826c3d6-f261-482c-9185-7df8fa45a3f4 | ITER: 32 END: OK
2019-11-26 15:39:32.952 3869 INFO rally.task.runner [-] Task e826c3d6-f261-482c-9185-7df8fa45a3f4 | ITER: 45 START
2019-11-26 15:39:32.955 3849 INFO rally.task.runner [-] Task e826c3d6-f261-482c-9185-7df8fa45a3f4 | ITER: 46 START
2019-11-26 15:39:33.054 3845 INFO rally.task.runner [-] Task e826c3d6-f261-482c-9185-7df8fa45a3f4 | ITER: 38 END: OK
2019-11-26 15:39:33.058 3845 INFO rally.task.runner [-] Task e826c3d6-f261-482c-9185-7df8fa45a3f4 | ITER: 47 START
2019-11-26 15:39:33.106 3855 INFO rally.task.runner [-] Task e826c3d6-f261-482c-9185-7df8fa45a3f4 | ITER: 37 END: OK
2019-11-26 15:39:33.110 3855 INFO rally.task.runner [-] Task e826c3d6-f261-482c-9185-7df8fa45a3f4 | ITER: 48 START
2019-11-26 15:39:33.182 3847 INFO rally.task.runner [-] Task e826c3d6-f261-482c-9185-7df8fa45a3f4 | ITER: 39 END: OK
2019-11-26 15:39:33.186 3847 INFO rally.task.runner [-] Task e826c3d6-f261-482c-9185-7df8fa45a3f4 | ITER: 49 START
2019-11-26 15:39:33.256 3862 INFO rally.task.runner [-] Task e826c3d6-f261-482c-9185-7df8fa45a3f4 | ITER: 40 END: OK
2019-11-26 15:39:33.259 3862 INFO rally.task.runner [-] Task e826c3d6-f261-482c-9185-7df8fa45a3f4 | ITER: 50 START
2019-11-26 15:39:33.288 3852 INFO rally.task.runner [-] Task e826c3d6-f261-482c-9185-7df8fa45a3f4 | ITER: 41 END: OK
2019-11-26 15:39:33.323 3859 INFO rally.task.runner [-] Task e826c3d6-f261-482c-9185-7df8fa45a3f4 | ITER: 43 END: OK
2019-11-26 15:39:33.330 3865 INFO rally.task.runner [-] Task e826c3d6-f261-482c-9185-7df8fa45a3f4 | ITER: 42 END: OK
2019-11-26 15:39:33.454 3846 INFO rally.task.runner [-] Task e826c3d6-f261-482c-9185-7df8fa45a3f4 | ITER: 44 END: OK
2019-11-26 15:39:33.463 3849 INFO rally.task.runner [-] Task e826c3d6-f261-482c-9185-7df8fa45a3f4 | ITER: 46 END: OK
2019-11-26 15:39:33.533 3869 INFO rally.task.runner [-] Task e826c3d6-f261-482c-9185-7df8fa45a3f4 | ITER: 45 END: OK
2019-11-26 15:39:33.698 3855 INFO rally.task.runner [-] Task e826c3d6-f261-482c-9185-7df8fa45a3f4 | ITER: 48 END: OK
2019-11-26 15:39:33.813 3847 INFO rally.task.runner [-] Task e826c3d6-f261-482c-9185-7df8fa45a3f4 | ITER: 49 END: OK
2019-11-26 15:39:33.843 3862 INFO rally.task.runner [-] Task e826c3d6-f261-482c-9185-7df8fa45a3f4 | ITER: 50 END: OK
2019-11-26 15:39:33.913 3845 INFO rally.task.runner [-] Task e826c3d6-f261-482c-9185-7df8fa45a3f4 | ITER: 47 END: OK
2019-11-26 15:39:33.941 27676 INFO rally.task.context [-] Task e826c3d6-f261-482c-9185-7df8fa45a3f4 | Context cleanup@openstack cleanup() started
2019-11-26 15:39:33.944 27676 RALLYDEBUG rally_openstack.cleanup.manager [-] Cleaning up neutron vip objects
2019-11-26 15:39:34.686 27676 RALLYDEBUG rally_openstack.cleanup.manager [-] Cleaning up neutron health_monitor objects
2019-11-26 15:39:35.439 27676 RALLYDEBUG rally_openstack.cleanup.manager [-] Cleaning up neutron pool objects
2019-11-26 15:39:36.189 27676 RALLYDEBUG rally_openstack.cleanup.manager [-] Cleaning up neutron loadbalancer objects
2019-11-26 15:39:36.957 27676 RALLYDEBUG rally_openstack.cleanup.manager [-] Cleaning up neutron floatingip objects
2019-11-26 15:39:37.799 27676 RALLYDEBUG rally_openstack.cleanup.manager [-] Cleaning up neutron trunk objects
2019-11-26 15:39:38.572 27676 RALLYDEBUG rally_openstack.cleanup.manager [-] Cleaning up neutron port objects
2019-11-26 15:39:39.383 27676 RALLYDEBUG rally_openstack.cleanup.manager [-] Cleaning up neutron subnet objects
2019-11-26 15:39:40.191 27676 RALLYDEBUG rally_openstack.cleanup.manager [-] Cleaning up neutron network objects
2019-11-26 15:39:41.014 27676 RALLYDEBUG rally_openstack.cleanup.manager [-] Cleaning up neutron router objects
2019-11-26 15:39:41.862 27676 RALLYDEBUG rally_openstack.cleanup.manager [-] Cleaning up neutron security_group objects
2019-11-26 15:39:43.221 27676 RALLYDEBUG rally_openstack.cleanup.manager [-] Deleting neutron.security_group object s_rally_985f12ab_YoTjHdMC (0bd4f956-f4bf-4de1-864d-224d0e14a7d1)
2019-11-26 15:39:43.225 27676 RALLYDEBUG rally_openstack.cleanup.manager [-] Deleting neutron.security_group object s_rally_985f12ab_CAemjELu (22c905c3-5910-4660-8a94-faa574516275)
2019-11-26 15:39:43.233 27676 RALLYDEBUG rally_openstack.cleanup.manager [-] Deleting neutron.security_group object s_rally_985f12ab_5kDJJheB (31db6ed9-deee-403e-8072-d5126ed11dd0)
2019-11-26 15:39:43.237 27676 RALLYDEBUG rally_openstack.cleanup.manager [-] Deleting neutron.security_group object s_rally_985f12ab_em1Ujqs8 (3ad273ec-623f-4976-af48-ec6485c489d8)
2019-11-26 15:39:43.247 27676 RALLYDEBUG rally_openstack.cleanup.manager [-] Deleting neutron.security_group object s_rally_985f12ab_oVA7X6UU (3c9f29b1-259b-493b-b21f-804acf198565)
2019-11-26 15:39:43.250 27676 RALLYDEBUG rally_openstack.cleanup.manager [-] Deleting neutron.security_group object s_rally_985f12ab_1B3ZfbWw (47b00bcf-868b-4742-9095-a4cf91bfe97f)
2019-11-26 15:39:43.259 27676 RALLYDEBUG rally_openstack.cleanup.manager [-] Deleting neutron.security_group object s_rally_985f12ab_lZ7Aj0MB (4d014000-de43-4cd5-b78b-9e7ee7e365d2)
2019-11-26 15:39:43.264 27676 RALLYDEBUG rally_openstack.cleanup.manager [-] Deleting neutron.security_group object s_rally_985f12ab_BqDsLsOo (50696b79-f9ad-4bcf-aef5-49216a90a7a9)
2019-11-26 15:39:43.287 27676 RALLYDEBUG rally_openstack.cleanup.manager [-] Deleting neutron.security_group object s_rally_985f12ab_mlNXeWT1 (518b4ed0-b878-491a-aa47-80f3adabef76)
2019-11-26 15:39:43.320 27676 RALLYDEBUG rally_openstack.cleanup.manager [-] Deleting neutron.security_group object s_rally_985f12ab_SRjk80sy (520700af-6a37-4682-9b88-609cc9f9f20f)
2019-11-26 15:39:43.331 27676 RALLYDEBUG rally_openstack.cleanup.manager [-] Deleting neutron.security_group object s_rally_985f12ab_NALpaqkL (5ab939a0-94cb-4c23-a72e-6d53cef80a84)
2019-11-26 15:39:43.352 27676 RALLYDEBUG rally_openstack.cleanup.manager [-] Deleting neutron.security_group object s_rally_985f12ab_AdSVwG9V (5fb2580e-bf07-4913-b884-51fd8489ddc4)
2019-11-26 15:39:43.357 27676 RALLYDEBUG rally_openstack.cleanup.manager [-] Deleting neutron.security_group object s_rally_985f12ab_SH0RcpfK (620d7240-d4c7-4192-9083-8d03e4d4e28a)
2019-11-26 15:39:43.364 27676 RALLYDEBUG rally_openstack.cleanup.manager [-] Deleting neutron.security_group object s_rally_985f12ab_dVlHUWLI (65bbf296-fe39-4630-9e4e-bfb1fe56eb52)
2019-11-26 15:39:43.388 27676 RALLYDEBUG rally_openstack.cleanup.manager [-] Deleting neutron.security_group object s_rally_985f12ab_64zVinlX (6e256f73-8dfa-4e49-9401-cdd7c79d798f)
2019-11-26 15:39:43.417 27676 RALLYDEBUG rally_openstack.cleanup.manager [-] Deleting neutron.security_group object s_rally_985f12ab_QErYtGmB (835ac79f-d5dd-4d82-ab5c-bb2cac74c8d2)
2019-11-26 15:39:43.426 27676 RALLYDEBUG rally_openstack.cleanup.manager [-] Deleting neutron.security_group object s_rally_985f12ab_08wfl1hv (877be3f0-4502-47b5-b715-7559fff8c5d9)
2019-11-26 15:39:43.438 27676 RALLYDEBUG rally_openstack.cleanup.manager [-] Deleting neutron.security_group object s_rally_985f12ab_xs4hX7rN (96450c4c-3d52-466a-ad49-8486fa0b4e2c)
2019-11-26 15:39:43.459 27676 RALLYDEBUG rally_openstack.cleanup.manager [-] Deleting neutron.security_group object s_rally_985f12ab_8vzF5LN4 (c18b2abc-5abd-4632-83e3-f64d59df5ca9)
2019-11-26 15:39:43.469 27676 RALLYDEBUG rally_openstack.cleanup.manager [-] Deleting neutron.security_group object s_rally_985f12ab_bR1vyj6e (c608f987-13bc-4539-827b-6103b2208967)
2019-11-26 15:39:44.807 27676 RALLYDEBUG rally_openstack.cleanup.manager [-] Deleting neutron.security_group object s_rally_985f12ab_tfXhdtQv (d22ada4f-d9d9-4f31-b862-ce0fbca98812)
2019-11-26 15:39:44.815 27676 RALLYDEBUG rally_openstack.cleanup.manager [-] Deleting neutron.security_group object s_rally_985f12ab_bStpxa7l (e0a8e83d-77a8-495f-8ed4-78f4a4f5e342)
2019-11-26 15:39:44.911 27676 RALLYDEBUG rally_openstack.cleanup.manager [-] Deleting neutron.security_group object s_rally_985f12ab_5EpQH2TM (e23745d8-237b-4553-808d-c1189bd07f2e)
2019-11-26 15:39:44.924 27676 RALLYDEBUG rally_openstack.cleanup.manager [-] Deleting neutron.security_group object s_rally_985f12ab_AuhtucOJ (ebd2b963-62ea-44f6-81fa-1c9d0682d12c)
2019-11-26 15:39:44.968 27676 RALLYDEBUG rally_openstack.cleanup.manager [-] Deleting neutron.security_group object s_rally_985f12ab_X6KROCAX (0a67e884-5065-41c6-9214-1642b6bc25f5)
2019-11-26 15:39:44.999 27676 RALLYDEBUG rally_openstack.cleanup.manager [-] Deleting neutron.security_group object s_rally_985f12ab_35te3ZnQ (0c576fd3-caeb-49cf-ad3e-f0519c29e438)
2019-11-26 15:39:45.030 27676 RALLYDEBUG rally_openstack.cleanup.manager [-] Deleting neutron.security_group object s_rally_985f12ab_s0NCIV9v (19957b74-d206-48c8-abb0-92874856f896)
2019-11-26 15:39:45.046 27676 RALLYDEBUG rally_openstack.cleanup.manager [-] Deleting neutron.security_group object s_rally_985f12ab_6fyq2BMp (1e096046-1b58-4e9d-a5fb-b379e13c1eed)
2019-11-26 15:39:45.072 27676 RALLYDEBUG rally_openstack.cleanup.manager [-] Deleting neutron.security_group object s_rally_985f12ab_G6GR7gYf (20963fe5-bba7-440b-9c1b-1cdb0d11130a)
2019-11-26 15:39:45.076 27676 RALLYDEBUG rally_openstack.cleanup.manager [-] Deleting neutron.security_group object s_rally_985f12ab_BGeMHEvk (2ae0bf2a-9c53-42a5-8810-0b26ba90e5c4)
2019-11-26 15:39:45.119 27676 RALLYDEBUG rally_openstack.cleanup.manager [-] Deleting neutron.security_group object s_rally_985f12ab_QW5L9bWj (30b72188-6165-4130-b8c3-2339aa4b03c6)
2019-11-26 15:39:45.136 27676 RALLYDEBUG rally_openstack.cleanup.manager [-] Deleting neutron.security_group object s_rally_985f12ab_qhCb5vkL (53378ff4-0ffe-4551-8859-ebedd699efb0)
2019-11-26 15:39:45.144 27676 RALLYDEBUG rally_openstack.cleanup.manager [-] Deleting neutron.security_group object s_rally_985f12ab_G7CQnuzv (5540c042-7764-4b87-956c-7a00f3c668e0)
2019-11-26 15:39:45.185 27676 RALLYDEBUG rally_openstack.cleanup.manager [-] Deleting neutron.security_group object s_rally_985f12ab_OmNcVemh (5a0b8f65-9cbb-4f14-9f57-2a01eb4ccc4c)
2019-11-26 15:39:45.195 27676 RALLYDEBUG rally_openstack.cleanup.manager [-] Deleting neutron.security_group object s_rally_985f12ab_mC60oR6l (6f4cb612-8b4f-4619-87c3-945b8e226755)
2019-11-26 15:39:45.260 27676 RALLYDEBUG rally_openstack.cleanup.manager [-] Deleting neutron.security_group object s_rally_985f12ab_J9WLWfud (7231e1b3-91dc-49e6-98a5-72711efdb91d)
2019-11-26 15:39:45.263 27676 RALLYDEBUG rally_openstack.cleanup.manager [-] Deleting neutron.security_group object s_rally_985f12ab_3AnWigO7 (8d0b4ccb-3ea7-4335-be3d-ad180ad0aaff)
2019-11-26 15:39:45.276 27676 RALLYDEBUG rally_openstack.cleanup.manager [-] Deleting neutron.security_group object s_rally_985f12ab_X3mAunv3 (93cb1869-003a-4e69-ad21-1dd2adfab9b3)
2019-11-26 15:39:45.360 27676 RALLYDEBUG rally_openstack.cleanup.manager [-] Deleting neutron.security_group object s_rally_985f12ab_XuXc5eDx (a7c6cea0-33b1-4c44-80c7-2f16090cbb2f)
2019-11-26 15:39:45.375 27676 RALLYDEBUG rally_openstack.cleanup.manager [-] Deleting neutron.security_group object s_rally_985f12ab_k3u6gj1u (ac0b1e79-8ece-4aa1-bcf0-8686cfceb9a9)
2019-11-26 15:39:46.335 27676 RALLYDEBUG rally_openstack.cleanup.manager [-] Deleting neutron.security_group object s_rally_985f12ab_P0WzWmm2 (ade02f59-a2b0-4a7b-90cf-f2ec6d82992f)
2019-11-26 15:39:46.348 27676 RALLYDEBUG rally_openstack.cleanup.manager [-] Deleting neutron.security_group object s_rally_985f12ab_uLtPgXjY (aecef569-d4c3-40d1-9753-6e08eb52787f)
2019-11-26 15:39:46.435 27676 RALLYDEBUG rally_openstack.cleanup.manager [-] Deleting neutron.security_group object s_rally_985f12ab_nukN14Yo (bfc75ec7-ddb4-4cb7-b1c4-e22ef948f969)
2019-11-26 15:39:46.495 27676 RALLYDEBUG rally_openstack.cleanup.manager [-] Deleting neutron.security_group object s_rally_985f12ab_nwgwnP9Q (cfcad0ed-0c3f-40e9-b827-9ae5a79c9419)
2019-11-26 15:39:46.520 27676 RALLYDEBUG rally_openstack.cleanup.manager [-] Deleting neutron.security_group object s_rally_985f12ab_d2DSZsLl (d700ec7e-8fb0-41e7-a6c3-8bb76b0e5904)
2019-11-26 15:39:46.572 27676 RALLYDEBUG rally_openstack.cleanup.manager [-] Deleting neutron.security_group object s_rally_985f12ab_M6W9B2VM (d8a654b1-a60d-4934-9b8f-ac07fffd8d85)
2019-11-26 15:39:46.576 27676 RALLYDEBUG rally_openstack.cleanup.manager [-] Deleting neutron.security_group object s_rally_985f12ab_vLNOyEXF (dc0c4fb4-4c81-4fb2-a468-66c7b2bfdedf)
2019-11-26 15:39:46.667 27676 RALLYDEBUG rally_openstack.cleanup.manager [-] Deleting neutron.security_group object s_rally_985f12ab_UW0Z6njK (fbc98dd1-4674-41ba-bdae-7b3e701ce6aa)
2019-11-26 15:39:46.690 27676 RALLYDEBUG rally_openstack.cleanup.manager [-] Deleting neutron.security_group object s_rally_985f12ab_WWOXTe1p (fcb196c7-a708-4868-bf8f-9dd0aac63203)
2019-11-26 15:39:46.704 27676 RALLYDEBUG rally_openstack.cleanup.manager [-] Deleting neutron.security_group object s_rally_985f12ab_lk1wdUJu (fdda5841-4e20-4235-85d2-dd2d17988725)
2019-11-26 15:39:48.189 27676 INFO rally.task.context [-] Task e826c3d6-f261-482c-9185-7df8fa45a3f4 | Context cleanup@openstack cleanup() finished in 14.25 sec
2019-11-26 15:39:48.189 27676 INFO rally.task.context [-] Task e826c3d6-f261-482c-9185-7df8fa45a3f4 | Context quotas@openstack cleanup() started
2019-11-26 15:39:48.365 27676 INFO rally.task.context [-] Task e826c3d6-f261-482c-9185-7df8fa45a3f4 | Context quotas@openstack cleanup() finished in 0.18 sec
2019-11-26 15:39:48.365 27676 INFO rally.task.context [-] Task e826c3d6-f261-482c-9185-7df8fa45a3f4 | Context users@openstack cleanup() started
2019-11-26 15:39:51.871 27676 INFO rally.task.context [-] Task e826c3d6-f261-482c-9185-7df8fa45a3f4 | Context users@openstack cleanup() finished in 3.51 sec
2019-11-26 15:39:52.820 27676 INFO rally.task.engine [-] Load duration is: 3.903448
2019-11-26 15:39:52.821 27676 INFO rally.task.engine [-] Full runner duration is: 3.951688
2019-11-26 15:39:52.821 27676 INFO rally.task.engine [-] Full duration is: 25.22223
2019-11-26 15:39:53.112 27676 INFO rally.task.engine [-] Task e826c3d6-f261-482c-9185-7df8fa45a3f4 | Completed: Running task.
2019-11-26 15:39:54.964 4185 RALLYDEBUG rally.api [-] INFO logs from urllib3 and requests module are hide.
2019-11-26 15:39:54.964 4185 RALLYDEBUG rally.api [-] urllib3 insecure warnings are hidden.
2019-11-26 15:39:54.964 4185 RALLYDEBUG rally.api [-] ERROR log from boto module is hide.
2019-11-26 15:39:56.193 4186 RALLYDEBUG rally.api [-] INFO logs from urllib3 and requests module are hide.
2019-11-26 15:39:56.194 4186 RALLYDEBUG rally.api [-] urllib3 insecure warnings are hidden.
2019-11-26 15:39:56.194 4186 RALLYDEBUG rally.api [-] ERROR log from boto module is hide.
2019-11-26 15:39:57.589 4187 RALLYDEBUG rally.api [-] INFO logs from urllib3 and requests module are hide.
2019-11-26 15:39:57.590 4187 RALLYDEBUG rally.api [-] urllib3 insecure warnings are hidden.
2019-11-26 15:39:57.590 4187 RALLYDEBUG rally.api [-] ERROR log from boto module is hide.
2019-11-26 15:39:59.163 4187 INFO rally.common.plugin.discover [-] Loading plugins from directories /root/.rally/plugins/*
2019-11-26 15:39:59.164 4187 INFO rally.common.plugin.discover [-] Loaded module with plugins: /root/.rally/plugins/__init__.py
2019-11-26 15:39:59.328 4187 INFO rally.api [-] Building 'json' report for the following task(s): 'e826c3d6-f261-482c-9185-7df8fa45a3f4'.
2019-11-26 15:39:59.510 4187 INFO rally.api [-] The report has been successfully built.
2019-11-26 15:40:01.004 4189 RALLYDEBUG rally.api [-] INFO logs from urllib3 and requests module are hide.
2019-11-26 15:40:01.004 4189 RALLYDEBUG rally.api [-] urllib3 insecure warnings are hidden.
2019-11-26 15:40:01.004 4189 RALLYDEBUG rally.api [-] ERROR log from boto module is hide.
2019-11-26 15:40:02.604 4189 INFO rally.common.plugin.discover [-] Loading plugins from directories /root/.rally/plugins/*
2019-11-26 15:40:02.605 4189 INFO rally.common.plugin.discover [-] Loaded module with plugins: /root/.rally/plugins/__init__.py
2019-11-26 15:40:02.779 4189 INFO rally.api [-] Building 'html' report for the following task(s): 'e826c3d6-f261-482c-9185-7df8fa45a3f4'.
2019-11-26 15:40:02.961 4189 INFO rally.api [-] The report has been successfully built.
2019-11-26 15:40:04.296 4191 RALLYDEBUG rally.api [-] INFO logs from urllib3 and requests module are hide.
2019-11-26 15:40:04.296 4191 RALLYDEBUG rally.api [-] urllib3 insecure warnings are hidden.
2019-11-26 15:40:04.296 4191 RALLYDEBUG rally.api [-] ERROR log from boto module is hide.
2019-11-26 15:40:05.874 4191 INFO rally.common.plugin.discover [-] Loading plugins from directories /root/.rally/plugins/*
2019-11-26 15:40:05.875 4191 INFO rally.common.plugin.discover [-] Loaded module with plugins: /root/.rally/plugins/__init__.py
2019-11-26 15:40:06.046 4191 INFO rally.api [-] Building 'junit-xml' report for the following task(s): 'e826c3d6-f261-482c-9185-7df8fa45a3f4'.
2019-11-26 15:40:06.051 4191 INFO rally.api [-] The report has been successfully built.