2019-11-26 15:30:50.847 27676 RALLYDEBUG rally_openstack.cleanup.manager [-] Deleting neutron.port object s_rally_1b01883e_DE7AbRQc (4fa5e2ca-59fe-475f-ae1e-9ef177ee86cd)
2019-11-26 15:30:50.897 27676 RALLYDEBUG rally_openstack.cleanup.manager [-] Deleting neutron.port object s_rally_1b01883e_63pZWFjZ (501da7e6-e7d3-4ed1-8ea8-3189465e87c4)
2019-11-26 15:30:50.977 27676 RALLYDEBUG rally_openstack.cleanup.manager [-] Deleting neutron.port object s_rally_1b01883e_jEotJBPT (515f6c99-e5ca-4cfd-966a-cfdd65b86295)
2019-11-26 15:30:51.093 27676 RALLYDEBUG rally_openstack.cleanup.manager [-] Deleting neutron.port object s_rally_1b01883e_Wx33HCqo (52968922-c3ea-450b-9f25-48b157aa236b)
2019-11-26 15:30:51.097 27676 RALLYDEBUG rally_openstack.cleanup.manager [-] Deleting neutron.port object s_rally_1b01883e_imoDmfTA (545effd4-d19c-4771-a573-635fe8eaf19e)
2019-11-26 15:30:51.111 27676 RALLYDEBUG rally_openstack.cleanup.manager [-] Deleting neutron.port object s_rally_1b01883e_E5YhgNsG (55eb0635-8488-48a7-86ee-a00ef82c4e48)
2019-11-26 15:30:51.131 27676 RALLYDEBUG rally_openstack.cleanup.manager [-] Deleting neutron.port object s_rally_1b01883e_XkaZRI40 (55f0d125-507d-496e-b2c3-b0195a4758c4)
2019-11-26 15:30:51.389 27676 RALLYDEBUG rally_openstack.cleanup.manager [-] Deleting neutron.port object s_rally_1b01883e_2lgrO1L1 (5888bf80-4f38-4a28-9b2b-7af0068a314b)
2019-11-26 15:30:51.462 27676 RALLYDEBUG rally_openstack.cleanup.manager [-] Deleting neutron.port object s_rally_1b01883e_AZ5NioL1 (590e5c46-d4a9-4dea-9da4-ee38c3010ba8)
2019-11-26 15:30:51.483 27676 RALLYDEBUG rally_openstack.cleanup.manager [-] Deleting neutron.port object s_rally_1b01883e_RmKic6I2 (59395cfd-706d-4abd-91ff-65237743bd95)
2019-11-26 15:30:51.494 27676 RALLYDEBUG rally_openstack.cleanup.manager [-] Deleting neutron.port object s_rally_1b01883e_Hr0s6I3h (5d894ec1-f851-4bc1-903c-8b9662e39573)
2019-11-26 15:30:51.580 27676 RALLYDEBUG rally_openstack.cleanup.manager [-] Deleting neutron.port object s_rally_1b01883e_FFm73iEu (5eb190cd-0b4f-4467-a6f6-7247d4eb4db4)
2019-11-26 15:30:51.656 27676 RALLYDEBUG rally_openstack.cleanup.manager [-] Deleting neutron.port object s_rally_1b01883e_nnBgmGXv (6067fbe0-a401-46d5-82b3-03b4093d42ba)
2019-11-26 15:30:51.693 27676 RALLYDEBUG rally_openstack.cleanup.manager [-] Deleting neutron.port object s_rally_1b01883e_y6r9zEMP (6157277c-b74c-4dac-ae73-0951c154bd8e)
2019-11-26 15:30:51.712 27676 RALLYDEBUG rally_openstack.cleanup.manager [-] Deleting neutron.port object s_rally_1b01883e_BZYF7NEd (61a5de75-cc8f-47d7-b23d-4492eb41789d)
2019-11-26 15:30:51.716 27676 RALLYDEBUG rally_openstack.cleanup.manager [-] Deleting neutron.port object s_rally_1b01883e_BlS7eLsa (621109db-cad2-4c10-ac81-8722a136b6a7)
2019-11-26 15:30:51.771 27676 RALLYDEBUG rally_openstack.cleanup.manager [-] Deleting neutron.port object s_rally_1b01883e_6EnQNYKP (6317da1d-c76c-4273-85c3-86ad2c0ff4d3)
2019-11-26 15:30:51.802 27676 RALLYDEBUG rally_openstack.cleanup.manager [-] Deleting neutron.port object s_rally_1b01883e_JdPTyRbD (6726e8e9-e250-4c59-8f1f-777bd931b0ab)
2019-11-26 15:30:52.431 27676 RALLYDEBUG rally_openstack.cleanup.manager [-] Deleting neutron.port object s_rally_1b01883e_eFIm1qka (674d4dfc-4aab-4990-a30e-2d57889b4f88)
2019-11-26 15:30:52.669 27676 RALLYDEBUG rally_openstack.cleanup.manager [-] Deleting neutron.port object s_rally_1b01883e_NLGp67zQ (6804d6d0-2f1c-43cb-b26f-9ea66c8db91b)
2019-11-26 15:30:53.014 27676 RALLYDEBUG rally_openstack.cleanup.manager [-] Deleting neutron.port object s_rally_1b01883e_cfMRkmYa (687bad1f-3aa9-4a07-b2ff-1dd50c2c7480)
2019-11-26 15:30:53.027 27676 RALLYDEBUG rally_openstack.cleanup.manager [-] Deleting neutron.port object s_rally_1b01883e_MUdWn2qq (6a70bf17-0b05-4a59-bc9b-58488227ac10)
2019-11-26 15:30:53.049 27676 RALLYDEBUG rally_openstack.cleanup.manager [-] Deleting neutron.port object s_rally_1b01883e_vWLG61Ow (6acaca99-564e-40cb-8ff1-77ad2b667fd3)
2019-11-26 15:30:53.097 27676 RALLYDEBUG rally_openstack.cleanup.manager [-] Deleting neutron.port object s_rally_1b01883e_14Tzj0x3 (6d52d899-51fb-4daf-b3c7-89551553d7a2)
2019-11-26 15:30:53.169 27676 RALLYDEBUG rally_openstack.cleanup.manager [-] Deleting neutron.port object s_rally_1b01883e_xNsT5Cvr (6edd4260-a8a7-4b8b-b474-5ced2e66b8cd)
2019-11-26 15:30:53.203 27676 RALLYDEBUG rally_openstack.cleanup.manager [-] Deleting neutron.port object s_rally_1b01883e_AqU87Iqm (6f157e9a-78a8-4b22-9eb5-3bd55a63587f)
2019-11-26 15:30:53.220 27676 RALLYDEBUG rally_openstack.cleanup.manager [-] Deleting neutron.port object s_rally_1b01883e_HcGU5D0O (6f1812d0-3c9a-400e-a5e8-2a65f0f1c944)
2019-11-26 15:30:53.284 27676 RALLYDEBUG rally_openstack.cleanup.manager [-] Deleting neutron.port object s_rally_1b01883e_jGbTO2WP (6fc004e3-d352-4805-bcff-ba9d56db468c)
2019-11-26 15:30:53.346 27676 RALLYDEBUG rally_openstack.cleanup.manager [-] Deleting neutron.port object s_rally_1b01883e_GxA2pVUV (70c87ff7-980a-4abf-a04e-6ace68b94f5c)
2019-11-26 15:30:53.493 27676 RALLYDEBUG rally_openstack.cleanup.manager [-] Deleting neutron.port object s_rally_1b01883e_S3se7O5z (71d567a8-72bf-4dfb-ba64-576193a1a13f)
2019-11-26 15:30:53.555 27676 RALLYDEBUG rally_openstack.cleanup.manager [-] Deleting neutron.port object s_rally_1b01883e_uANGu4tn (733b5aa1-69e2-41ac-b67b-c44fb119c297)
2019-11-26 15:30:53.588 27676 RALLYDEBUG rally_openstack.cleanup.manager [-] Deleting neutron.port object s_rally_1b01883e_fxG6enY0 (73e0f82f-236d-4666-8c2a-31251b48edcf)
2019-11-26 15:30:53.597 27676 RALLYDEBUG rally_openstack.cleanup.manager [-] Deleting neutron.port object s_rally_1b01883e_RqAZMffG (7779227a-2ade-4de4-b45c-c1a78f910a73)
2019-11-26 15:30:53.606 27676 RALLYDEBUG rally_openstack.cleanup.manager [-] Deleting neutron.port object s_rally_1b01883e_HrTuSTZY (77bc1ecc-439b-44ef-8e29-a873c22fbeeb)
2019-11-26 15:30:53.723 27676 RALLYDEBUG rally_openstack.cleanup.manager [-] Deleting neutron.port object s_rally_1b01883e_X8hsxnhi (7b1e0605-90e2-4434-9944-d40e0c78cfa9)
2019-11-26 15:30:53.727 27676 RALLYDEBUG rally_openstack.cleanup.manager [-] Deleting neutron.port object s_rally_1b01883e_osIksYdT (7bf5b2f4-b38d-4e09-b83e-803d6fa9c654)
2019-11-26 15:30:53.731 27676 RALLYDEBUG rally_openstack.cleanup.manager [-] Deleting neutron.port object s_rally_1b01883e_S1cXkm96 (7f210a12-2820-48cb-afa2-fbf4a6ed9c3b)
2019-11-26 15:30:53.771 27676 RALLYDEBUG rally_openstack.cleanup.manager [-] Deleting neutron.port object s_rally_1b01883e_d9CXozmv (8104d77e-3e5c-47da-84bc-8aa460ab3e08)
2019-11-26 15:30:54.188 27676 RALLYDEBUG rally_openstack.cleanup.manager [-] Deleting neutron.port object s_rally_1b01883e_QgPJX6Fg (81b9ffb6-a49d-4cb2-bfe6-15215508d54b)
2019-11-26 15:30:54.398 27676 RALLYDEBUG rally_openstack.cleanup.manager [-] Deleting neutron.port object s_rally_1b01883e_PrebyUhE (825881bb-dc6c-4a39-9e14-62c6aadcc3c2)
2019-11-26 15:30:54.807 27676 RALLYDEBUG rally_openstack.cleanup.manager [-] Deleting neutron.port object s_rally_1b01883e_AyQqSQXH (83512763-944b-4a23-af56-947b7e841383)
2019-11-26 15:30:54.816 27676 RALLYDEBUG rally_openstack.cleanup.manager [-] Deleting neutron.port object s_rally_1b01883e_Wcu9ukFO (85ffda15-dbf9-44f8-adb3-a05a3c19bb33)
2019-11-26 15:30:54.855 27676 RALLYDEBUG rally_openstack.cleanup.manager [-] Deleting neutron.port object s_rally_1b01883e_Agw3pJ86 (87f90180-f8b9-47e4-a51e-5ff6f6203d08)
2019-11-26 15:30:54.917 27676 RALLYDEBUG rally_openstack.cleanup.manager [-] Deleting neutron.port object s_rally_1b01883e_PLNDySyr (88ed6802-1b98-45a7-8756-cb93c175fa6b)
2019-11-26 15:30:54.986 27676 RALLYDEBUG rally_openstack.cleanup.manager [-] Deleting neutron.port object s_rally_1b01883e_uW5tjPh4 (8989ba18-3b5b-40b4-aa69-3eb4aad36015)
2019-11-26 15:30:55.040 27676 RALLYDEBUG rally_openstack.cleanup.manager [-] Deleting neutron.port object s_rally_1b01883e_Ms3JHiXI (89f7c484-d29a-41b3-983d-1a33a33f57e8)
2019-11-26 15:30:55.103 27676 RALLYDEBUG rally_openstack.cleanup.manager [-] Deleting neutron.port object s_rally_1b01883e_1CAdmqoC (8a1f57cc-2134-443a-a12f-dde5a8438715)
2019-11-26 15:30:55.212 27676 RALLYDEBUG rally_openstack.cleanup.manager [-] Deleting neutron.port object s_rally_1b01883e_3UR9x1Cb (8b0d39bc-21cc-4aed-a7b6-6eabe78c7a77)
2019-11-26 15:30:55.246 27676 RALLYDEBUG rally_openstack.cleanup.manager [-] Deleting neutron.port object s_rally_1b01883e_8eCALd1l (8d35c3d6-947d-4d31-8284-d38819f2f230)
2019-11-26 15:30:55.334 27676 RALLYDEBUG rally_openstack.cleanup.manager [-] Deleting neutron.port object s_rally_1b01883e_BNlhMiNX (8d380515-ab27-4baa-bb6d-3adbb481d53f)
2019-11-26 15:30:55.381 27676 RALLYDEBUG rally_openstack.cleanup.manager [-] Deleting neutron.port object s_rally_1b01883e_UoO8HHWa (8dcfab60-5940-4819-a036-6c84bef00576)
2019-11-26 15:30:55.443 27676 RALLYDEBUG rally_openstack.cleanup.manager [-] Deleting neutron.port object s_rally_1b01883e_UKqdArNi (903dfd37-00cb-4c54-a1b8-e7be005298ea)
2019-11-26 15:30:55.455 27676 RALLYDEBUG rally_openstack.cleanup.manager [-] Deleting neutron.port object s_rally_1b01883e_7xvcP9kh (908455bd-72dd-4c55-9a81-98f46018c8b3)
2019-11-26 15:30:55.491 27676 RALLYDEBUG rally_openstack.cleanup.manager [-] Deleting neutron.port object s_rally_1b01883e_ofQya3z6 (9335d310-64ce-4177-a343-b81b7533caf7)
2019-11-26 15:30:55.551 27676 RALLYDEBUG rally_openstack.cleanup.manager [-] Deleting neutron.port object s_rally_1b01883e_4Yt6yjcm (93ee9d07-2860-4ee5-95e6-7e9dca3735ac)
2019-11-26 15:30:55.578 27676 RALLYDEBUG rally_openstack.cleanup.manager [-] Deleting neutron.port object s_rally_1b01883e_2mLrQDlD (95b7a93e-e7bc-4d60-a86e-dbeb056c9d3a)
2019-11-26 15:30:55.790 27676 RALLYDEBUG rally_openstack.cleanup.manager [-] Deleting neutron.port object s_rally_1b01883e_tsdJN5CD (95e34b6f-663f-4d8a-92c6-5f6b9aaa222f)
2019-11-26 15:30:55.860 27676 RALLYDEBUG rally_openstack.cleanup.manager [-] Deleting neutron.port object s_rally_1b01883e_GwcdK6D5 (967be602-76ef-41f0-8af3-192ba2d52307)
2019-11-26 15:30:55.960 27676 RALLYDEBUG rally_openstack.cleanup.manager [-] Deleting neutron.port object s_rally_1b01883e_1h1yhyKq (96b1ea74-d920-4ad5-8d2c-d218df81194c)
2019-11-26 15:30:56.325 27676 RALLYDEBUG rally_openstack.cleanup.manager [-] Deleting neutron.port object s_rally_1b01883e_TNtgnVdT (991e9e02-e1f0-459d-97a0-1f6adfb9e5b6)
2019-11-26 15:30:56.550 27676 RALLYDEBUG rally_openstack.cleanup.manager [-] Deleting neutron.port object s_rally_1b01883e_4cN6ORbZ (9b23ce09-3fb8-45f1-be3c-ab62493abc84)
2019-11-26 15:30:56.576 27676 RALLYDEBUG rally_openstack.cleanup.manager [-] Deleting neutron.port object s_rally_1b01883e_7rUOYEqr (9b46960f-18bd-478a-b4a5-e4c321441353)
2019-11-26 15:30:56.680 27676 RALLYDEBUG rally_openstack.cleanup.manager [-] Deleting neutron.port object s_rally_1b01883e_cfLYIcdE (9cc8ac0f-9e5f-4553-bd9a-adf673b68fc5)
2019-11-26 15:30:56.811 27676 RALLYDEBUG rally_openstack.cleanup.manager [-] Deleting neutron.port object s_rally_1b01883e_SB28fyxz (9d758538-fc3d-4898-b2a6-b52da313c8a7)
2019-11-26 15:30:56.897 27676 RALLYDEBUG rally_openstack.cleanup.manager [-] Deleting neutron.port object s_rally_1b01883e_jvSnaMAt (9e887033-4ac4-43b9-bb48-3c04dca3e173)
2019-11-26 15:30:56.993 27676 RALLYDEBUG rally_openstack.cleanup.manager [-] Deleting neutron.port object s_rally_1b01883e_wuasN2vn (9f9499ae-afac-420c-a06c-25bf8cdd97f2)
2019-11-26 15:30:57.002 27676 RALLYDEBUG rally_openstack.cleanup.manager [-] Deleting neutron.port object s_rally_1b01883e_CmEUATDA (9faef012-b779-4134-9e65-39e92fb2267e)
2019-11-26 15:30:57.198 27676 RALLYDEBUG rally_openstack.cleanup.manager [-] Deleting neutron.port object s_rally_1b01883e_FllhiDgm (a0d595a6-85c1-4c9d-b634-49045aab3af2)
2019-11-26 15:30:57.206 27676 RALLYDEBUG rally_openstack.cleanup.manager [-] Deleting neutron.port object s_rally_1b01883e_MqXsZbPt (a208b4e8-e0d0-458f-a4b1-07b27fcc65ed)
2019-11-26 15:30:57.271 27676 RALLYDEBUG rally_openstack.cleanup.manager [-] Deleting neutron.port object s_rally_1b01883e_EAcfwydn (a260c9af-78d1-4d2a-9ac1-12d63a365949)
2019-11-26 15:30:57.364 27676 RALLYDEBUG rally_openstack.cleanup.manager [-] Deleting neutron.port object s_rally_1b01883e_h95WApXz (a311225a-4115-4808-86b8-4610239e9985)
2019-11-26 15:30:57.442 27676 RALLYDEBUG rally_openstack.cleanup.manager [-] Deleting neutron.port object s_rally_1b01883e_j5caGWHa (a3e73a4e-54d2-4309-ac7c-26148a5c1ab1)
2019-11-26 15:30:57.515 27676 RALLYDEBUG rally_openstack.cleanup.manager [-] Deleting neutron.port object s_rally_1b01883e_XEWjHXwH (a472a74f-369f-4c0c-826c-ca79eb7d8ef6)
2019-11-26 15:30:57.524 27676 RALLYDEBUG rally_openstack.cleanup.manager [-] Deleting neutron.port object s_rally_1b01883e_URynvSQi (a507e9f4-9798-476d-b11d-ff587a6957fd)
2019-11-26 15:30:57.534 27676 RALLYDEBUG rally_openstack.cleanup.manager [-] Deleting neutron.port object s_rally_1b01883e_T45iR7z4 (a642d194-7504-4c6c-aebd-ad0fcb91403c)
2019-11-26 15:30:57.615 27676 RALLYDEBUG rally_openstack.cleanup.manager [-] Deleting neutron.port object s_rally_1b01883e_mdcW3g62 (a867cafb-3041-45d6-b19b-c4d99a2c8509)
2019-11-26 15:30:57.633 27676 RALLYDEBUG rally_openstack.cleanup.manager [-] Deleting neutron.port object s_rally_1b01883e_FYSjftG5 (a8a88754-2b7e-4790-bd72-4b58cb0ac9f9)
2019-11-26 15:30:57.665 27676 RALLYDEBUG rally_openstack.cleanup.manager [-] Deleting neutron.port object s_rally_1b01883e_MJGRGJOE (a93207df-ae5a-450d-8c90-37404e61bda6)
2019-11-26 15:30:57.833 27676 RALLYDEBUG rally_openstack.cleanup.manager [-] Deleting neutron.port object s_rally_1b01883e_TuFwdd1K (a978293c-1ae7-4a9d-94fd-c5d4fba20e79)
2019-11-26 15:30:58.054 27676 RALLYDEBUG rally_openstack.cleanup.manager [-] Deleting neutron.port object s_rally_1b01883e_J0FlnDgr (aa047e31-6192-4a61-9547-5d42453b4744)
2019-11-26 15:30:58.283 27676 RALLYDEBUG rally_openstack.cleanup.manager [-] Deleting neutron.port object s_rally_1b01883e_Prew6fan (b068466a-cf2d-42d2-b598-a3f5035fc2e8)
2019-11-26 15:30:58.297 27676 RALLYDEBUG rally_openstack.cleanup.manager [-] Deleting neutron.port object s_rally_1b01883e_DYqX21hh (b17c6ce5-f8c2-44de-8fee-3a7ac421645b)
2019-11-26 15:30:58.402 27676 RALLYDEBUG rally_openstack.cleanup.manager [-] Deleting neutron.port object s_rally_1b01883e_zduAa3q1 (b19a445c-11dd-479c-ba6e-c3639c1abb9b)
2019-11-26 15:30:58.560 27676 RALLYDEBUG rally_openstack.cleanup.manager [-] Deleting neutron.port object s_rally_1b01883e_t8s1rwNu (b3d4686f-5c2e-4b41-9a03-4f7f8f1d37ca)
2019-11-26 15:30:58.627 27676 RALLYDEBUG rally_openstack.cleanup.manager [-] Deleting neutron.port object s_rally_1b01883e_FTeYmWIe (b45d4459-b729-4568-a8be-ae22a15c8e8f)
2019-11-26 15:30:58.712 27676 RALLYDEBUG rally_openstack.cleanup.manager [-] Deleting neutron.port object s_rally_1b01883e_Cxw3lLOt (b7fbf963-805b-4fd5-a5c1-07ea52a50b01)
2019-11-26 15:30:58.723 27676 RALLYDEBUG rally_openstack.cleanup.manager [-] Deleting neutron.port object s_rally_1b01883e_8vJgxeDK (b8208dd7-fb3a-4cec-9a67-0ae93d07005d)
2019-11-26 15:30:58.984 27676 RALLYDEBUG rally_openstack.cleanup.manager [-] Deleting neutron.port object s_rally_1b01883e_XFeOrehN (b824124b-eefc-45e7-ae0b-c105edf00db9)
2019-11-26 15:30:59.002 27676 RALLYDEBUG rally_openstack.cleanup.manager [-] Deleting neutron.port object s_rally_1b01883e_DlTfqV03 (b87c7168-e6ff-4892-bd76-f3eb238904fd)
2019-11-26 15:30:59.078 27676 RALLYDEBUG rally_openstack.cleanup.manager [-] Deleting neutron.port object s_rally_1b01883e_9jfK02ZI (ba050c0e-8ac5-4ca4-8334-89dc21580eea)
2019-11-26 15:30:59.261 27676 RALLYDEBUG rally_openstack.cleanup.manager [-] Deleting neutron.port object s_rally_1b01883e_9SzwmHrG (bae8d2e4-15dc-4ca0-be8d-096d6f1007e9)
2019-11-26 15:30:59.313 27676 RALLYDEBUG rally_openstack.cleanup.manager [-] Deleting neutron.port object s_rally_1b01883e_bLwFD49F (bd75c6f2-e3d4-4d3a-a9cb-9556446bf81c)
2019-11-26 15:30:59.321 27676 RALLYDEBUG rally_openstack.cleanup.manager [-] Deleting neutron.port object s_rally_1b01883e_NxsyqmLd (bd9e2a2c-fe8c-4989-889b-a5c3a7078027)
2019-11-26 15:30:59.378 27676 RALLYDEBUG rally_openstack.cleanup.manager [-] Deleting neutron.port object s_rally_1b01883e_lEZdWZnu (bf363346-9d60-48cd-a678-9045929c77db)
2019-11-26 15:30:59.398 27676 RALLYDEBUG rally_openstack.cleanup.manager [-] Deleting neutron.port object s_rally_1b01883e_WTVObaoM (c16c4f57-d031-4304-88e2-3e07d9408e44)
2019-11-26 15:30:59.412 27676 RALLYDEBUG rally_openstack.cleanup.manager [-] Deleting neutron.port object s_rally_1b01883e_t0Kg3PwA (c1a474b6-b70f-40b4-9421-dd6cfeb2b9f3)
2019-11-26 15:30:59.445 27676 RALLYDEBUG rally_openstack.cleanup.manager [-] Deleting neutron.port object s_rally_1b01883e_BP3lg76x (c286b20f-8bd3-41b2-8e29-aeb2b6a00e21)
2019-11-26 15:30:59.461 27676 RALLYDEBUG rally_openstack.cleanup.manager [-] Deleting neutron.port object s_rally_1b01883e_ZAag5WnR (c337ec9a-976c-42c2-9935-bf85105a7bba)
2019-11-26 15:30:59.889 27676 RALLYDEBUG rally_openstack.cleanup.manager [-] Deleting neutron.port object s_rally_1b01883e_zcrymIP8 (c5480f91-d16a-434d-94c3-40c75b722f12)
2019-11-26 15:31:00.021 27676 RALLYDEBUG rally_openstack.cleanup.manager [-] Deleting neutron.port object s_rally_1b01883e_sxv7A9S4 (c58615ae-fd8b-4796-806c-de92d63191c9)
2019-11-26 15:31:00.025 27676 RALLYDEBUG rally_openstack.cleanup.manager [-] Deleting neutron.port object s_rally_1b01883e_67gk8Clv (c5c0e4fc-bb5a-496a-9c1b-9766b44bedd5)
2019-11-26 15:31:00.038 27676 RALLYDEBUG rally_openstack.cleanup.manager [-] Deleting neutron.port object s_rally_1b01883e_gHrC04u5 (c6c56135-14df-4d0d-aa24-b8e327ee5490)
2019-11-26 15:31:00.109 27676 RALLYDEBUG rally_openstack.cleanup.manager [-] Deleting neutron.port object s_rally_1b01883e_Bra9ZP3d (cad5e051-9fb0-4cbf-a839-a8f0a3c66d8d)
2019-11-26 15:31:00.285 27676 RALLYDEBUG rally_openstack.cleanup.manager [-] Deleting neutron.port object s_rally_1b01883e_lr5ALpOs (cb09dae5-cfa5-433a-99fd-35ec4339c0d1)
2019-11-26 15:31:00.339 27676 RALLYDEBUG rally_openstack.cleanup.manager [-] Deleting neutron.port object s_rally_1b01883e_TY3qm4Xu (cd240988-ccfb-4e98-abdc-7d8391b7d090)
2019-11-26 15:31:00.450 27676 RALLYDEBUG rally_openstack.cleanup.manager [-] Deleting neutron.port object s_rally_1b01883e_VM5jT403 (ce799807-591d-4080-80ad-6cbe36b441c5)
2019-11-26 15:31:00.697 27676 RALLYDEBUG rally_openstack.cleanup.manager [-] Deleting neutron.port object s_rally_1b01883e_rFbvTTHw (d131203c-fd4c-4992-896c-46967c25523d)
2019-11-26 15:31:00.706 27676 RALLYDEBUG rally_openstack.cleanup.manager [-] Deleting neutron.port object s_rally_1b01883e_bTVziAwe (d3258d79-2e8d-4aee-9fcf-b6982bccb22c)
2019-11-26 15:31:00.815 27676 RALLYDEBUG rally_openstack.cleanup.manager [-] Deleting neutron.port object s_rally_1b01883e_N2kDYiAI (d3fdb990-3f53-43bf-990a-faa7b048b411)
2019-11-26 15:31:00.866 27676 RALLYDEBUG rally_openstack.cleanup.manager [-] Deleting neutron.port object s_rally_1b01883e_CsVWRxYV (d4a40eb5-9b98-48cc-9691-cc458baf883b)
2019-11-26 15:31:01.077 27676 RALLYDEBUG rally_openstack.cleanup.manager [-] Deleting neutron.port object s_rally_1b01883e_1xivqO0K (d6dd12c2-a497-40a4-a801-b80905fbb615)
2019-11-26 15:31:01.107 27676 RALLYDEBUG rally_openstack.cleanup.manager [-] Deleting neutron.port object s_rally_1b01883e_0BnL2DtY (d77373d5-cc6c-4e6e-ba2d-486e8fbb92a6)
2019-11-26 15:31:01.181 27676 RALLYDEBUG rally_openstack.cleanup.manager [-] Deleting neutron.port object s_rally_1b01883e_fkwaOsfD (d8c8bfe2-dda6-4cdd-bb91-957da954acf6)
2019-11-26 15:31:01.189 27676 RALLYDEBUG rally_openstack.cleanup.manager [-] Deleting neutron.port object s_rally_1b01883e_qaYGs3Eq (da1ff020-0599-4df9-956d-4f4d667ece27)
2019-11-26 15:31:01.223 27676 RALLYDEBUG rally_openstack.cleanup.manager [-] Deleting neutron.port object s_rally_1b01883e_Pa9uMLRq (de1a224b-55c7-4cf7-bf07-900154c41805)
2019-11-26 15:31:01.230 27676 RALLYDEBUG rally_openstack.cleanup.manager [-] Deleting neutron.port object s_rally_1b01883e_ISm1MO30 (de1efbcc-5b8a-4355-8e52-c086d053598e)
2019-11-26 15:31:01.331 27676 RALLYDEBUG rally_openstack.cleanup.manager [-] Deleting neutron.port object s_rally_1b01883e_RoVLg3oq (de238ab6-860a-4cf9-b494-e812796ac07a)
2019-11-26 15:31:01.407 27676 RALLYDEBUG rally_openstack.cleanup.manager [-] Deleting neutron.port object s_rally_1b01883e_NOLzNobX (de9f03c3-e250-476d-91cd-36ba9cf9bbc9)
2019-11-26 15:31:01.620 27676 RALLYDEBUG rally_openstack.cleanup.manager [-] Deleting neutron.port object s_rally_1b01883e_d6K4Vp7y (deb27bb0-2bce-4fc9-966c-a75a7db0dffc)
2019-11-26 15:31:01.794 27676 RALLYDEBUG rally_openstack.cleanup.manager [-] Deleting neutron.port object s_rally_1b01883e_O8tJ5V5f (ded69663-5f57-49c6-a3dd-307e18da8975)
2019-11-26 15:31:01.804 27676 RALLYDEBUG rally_openstack.cleanup.manager [-] Deleting neutron.port object s_rally_1b01883e_zyOPkyyO (df3d869d-8ffe-4d2e-9c6d-33e8406ab74f)
2019-11-26 15:31:02.030 27676 RALLYDEBUG rally_openstack.cleanup.manager [-] Deleting neutron.port object s_rally_1b01883e_A1fUrn5K (e1132cf9-2880-44ed-994f-3f9aad671028)
2019-11-26 15:31:02.039 27676 RALLYDEBUG rally_openstack.cleanup.manager [-] Deleting neutron.port object s_rally_1b01883e_Q8gWHXUd (e13d3246-018b-4b8c-a997-b2bea9265265)
2019-11-26 15:31:02.079 27676 RALLYDEBUG rally_openstack.cleanup.manager [-] Deleting neutron.port object s_rally_1b01883e_VAIGZF3z (e40652f2-b896-4c42-9794-71d4edd58e54)
2019-11-26 15:31:02.111 27676 RALLYDEBUG rally_openstack.cleanup.manager [-] Deleting neutron.port object s_rally_1b01883e_ZbhoWeIv (e6650235-58c5-469f-ae6d-83a1f98c5b51)
2019-11-26 15:31:02.429 27676 RALLYDEBUG rally_openstack.cleanup.manager [-] Deleting neutron.port object s_rally_1b01883e_hFd5kitr (e7170b60-f127-445c-abcf-7e3d545cac98)
2019-11-26 15:31:02.473 27676 RALLYDEBUG rally_openstack.cleanup.manager [-] Deleting neutron.port object s_rally_1b01883e_wwkTVq0e (e9e7d74a-e4d4-4cd5-a7f1-e6216f33ee2c)
2019-11-26 15:31:02.572 27676 RALLYDEBUG rally_openstack.cleanup.manager [-] Deleting neutron.port object s_rally_1b01883e_vDMG131X (efc31cc8-10d9-4d7d-9d30-d6034eca7913)
2019-11-26 15:31:02.591 27676 RALLYDEBUG rally_openstack.cleanup.manager [-] Deleting neutron.port object s_rally_1b01883e_sa21Quwf (f0d0ef70-294b-44af-a55d-f2e180156101)
2019-11-26 15:31:02.781 27676 RALLYDEBUG rally_openstack.cleanup.manager [-] Deleting neutron.port object s_rally_1b01883e_pnxwk9O8 (f1a02f8c-e3f0-4db9-ba49-193f702b3e35)
2019-11-26 15:31:02.896 27676 RALLYDEBUG rally_openstack.cleanup.manager [-] Deleting neutron.port object s_rally_1b01883e_DI4ytudi (f329ced9-c1c5-4ffe-baaa-f42908323b3b)
2019-11-26 15:31:02.905 27676 RALLYDEBUG rally_openstack.cleanup.manager [-] Deleting neutron.port object s_rally_1b01883e_s40cpbn9 (f346f123-a59c-4165-8120-a39f212aa7f6)
2019-11-26 15:31:02.923 27676 RALLYDEBUG rally_openstack.cleanup.manager [-] Deleting neutron.port object s_rally_1b01883e_O137icto (f3d4d7cd-ec50-43d7-90a0-4b93f3d006fd)
2019-11-26 15:31:03.140 27676 RALLYDEBUG rally_openstack.cleanup.manager [-] Deleting neutron.port object s_rally_1b01883e_liAx0cLL (f4a7047e-3165-40e1-87fa-fb779cc0165c)
2019-11-26 15:31:03.173 27676 RALLYDEBUG rally_openstack.cleanup.manager [-] Deleting neutron.port object s_rally_1b01883e_eDuJcuYz (f5203551-c1b9-49a5-9ee5-f81995196d48)
2019-11-26 15:31:03.205 27676 RALLYDEBUG rally_openstack.cleanup.manager [-] Deleting neutron.port object s_rally_1b01883e_er1Yus7l (f94ddb02-aaf3-4cac-a192-d863939b056f)
2019-11-26 15:31:03.264 27676 RALLYDEBUG rally_openstack.cleanup.manager [-] Deleting neutron.port object s_rally_1b01883e_k28WQswv (fbf36740-a3f5-46fc-97df-fb785ed07307)
2019-11-26 15:31:03.309 27676 RALLYDEBUG rally_openstack.cleanup.manager [-] Deleting neutron.port object s_rally_1b01883e_SJVW8S2h (fe5907f3-5c30-46b5-84e5-0b496338e2a3)
2019-11-26 15:31:05.311 27676 RALLYDEBUG rally_openstack.cleanup.manager [-] Cleaning up neutron subnet objects
2019-11-26 15:31:05.719 27676 RALLYDEBUG rally_openstack.cleanup.manager [-] Cleaning up neutron network objects
2019-11-26 15:31:06.316 27676 RALLYDEBUG rally_openstack.cleanup.manager [-] Deleting neutron.network object s_rally_1b01883e_YKWT43Pm (04049307-4e69-40e6-8d1a-9552741ca77d)
2019-11-26 15:31:06.326 27676 RALLYDEBUG rally_openstack.cleanup.manager [-] Deleting neutron.network object s_rally_1b01883e_pq61Vqha (0805214d-1601-453a-ae31-fab73c492fcc)
2019-11-26 15:31:06.335 27676 RALLYDEBUG rally_openstack.cleanup.manager [-] Deleting neutron.network object s_rally_1b01883e_ii2azFoi (0a50ee97-378f-40f6-b285-c6bcbd48b540)
2019-11-26 15:31:06.339 27676 RALLYDEBUG rally_openstack.cleanup.manager [-] Deleting neutron.network object s_rally_1b01883e_8SHoLzt8 (1cbbde1b-6151-45bf-a702-6225553493a7)
2019-11-26 15:31:06.352 27676 RALLYDEBUG rally_openstack.cleanup.manager [-] Deleting neutron.network object s_rally_1b01883e_aryFhbVX (20ac56ec-8888-42cc-9b88-272b77fa1b5e)
2019-11-26 15:31:06.367 27676 RALLYDEBUG rally_openstack.cleanup.manager [-] Deleting neutron.network object s_rally_1b01883e_BjSUzVt9 (2c1ec2de-1b44-4f14-ba39-f5372552b118)
2019-11-26 15:31:06.376 27676 RALLYDEBUG rally_openstack.cleanup.manager [-] Deleting neutron.network object s_rally_1b01883e_CiiGZPZs (2f2ae080-8200-42dd-995d-e2bdcbb9245f)
2019-11-26 15:31:06.386 27676 RALLYDEBUG rally_openstack.cleanup.manager [-] Deleting neutron.network object s_rally_1b01883e_RqaKCc3b (367ed74b-8aba-4337-8742-bafc9542aaa3)
2019-11-26 15:31:06.390 27676 RALLYDEBUG rally_openstack.cleanup.manager [-] Deleting neutron.network object s_rally_1b01883e_L6Utd62D (44b185b3-889c-4b6b-ab69-dfb860081bd5)
2019-11-26 15:31:06.394 27676 RALLYDEBUG rally_openstack.cleanup.manager [-] Deleting neutron.network object s_rally_1b01883e_GTdAV8kY (4d09f595-68b4-4f05-818a-0f8b6863e63d)
2019-11-26 15:31:06.402 27676 RALLYDEBUG rally_openstack.cleanup.manager [-] Deleting neutron.network object s_rally_1b01883e_SzdO8sHC (4d9afec9-c453-4b36-8627-b79a246a8488)
2019-11-26 15:31:06.413 27676 RALLYDEBUG rally_openstack.cleanup.manager [-] Deleting neutron.network object s_rally_1b01883e_neF5kytS (4e4c9622-5781-48f2-b4ac-4d8718bab084)
2019-11-26 15:31:06.424 27676 RALLYDEBUG rally_openstack.cleanup.manager [-] Deleting neutron.network object s_rally_1b01883e_2D8Vd2a7 (52f8a0ee-b48c-403e-8377-dcd3631407dd)
2019-11-26 15:31:06.437 27676 RALLYDEBUG rally_openstack.cleanup.manager [-] Deleting neutron.network object s_rally_1b01883e_GZaSYl6v (5afb93d3-3201-4745-a7d4-88b2f02d94d1)
2019-11-26 15:31:06.442 27676 RALLYDEBUG rally_openstack.cleanup.manager [-] Deleting neutron.network object s_rally_1b01883e_SgpSc1Fu (6191a837-aa44-4d86-96c4-68bf3f74afa4)
2019-11-26 15:31:06.446 27676 RALLYDEBUG rally_openstack.cleanup.manager [-] Deleting neutron.network object s_rally_1b01883e_XCYREiZ2 (6337cc8e-a29f-4aeb-9262-7b0d8d192549)
2019-11-26 15:31:06.470 27676 RALLYDEBUG rally_openstack.cleanup.manager [-] Deleting neutron.network object s_rally_1b01883e_dVwYLSqM (63f58e74-99f1-430c-aeab-18e3985296cc)
2019-11-26 15:31:06.475 27676 RALLYDEBUG rally_openstack.cleanup.manager [-] Deleting neutron.network object s_rally_1b01883e_uhJEuPii (72695f86-9772-4f93-9615-a2245319cfce)
2019-11-26 15:31:06.483 27676 RALLYDEBUG rally_openstack.cleanup.manager [-] Deleting neutron.network object s_rally_1b01883e_ItJdSetB (7eb424fc-ddcb-4899-9ca6-edd28c77b1b5)
2019-11-26 15:31:06.486 27676 RALLYDEBUG rally_openstack.cleanup.manager [-] Deleting neutron.network object s_rally_1b01883e_wmOOZh5e (89471313-4728-4573-96de-f6b9fe3fd786)
2019-11-26 15:31:08.395 27676 RALLYDEBUG rally_openstack.cleanup.manager [-] Deleting neutron.network object s_rally_1b01883e_stXpCayD (8d101a80-ef8a-41ff-9603-80cced573f15)
2019-11-26 15:31:08.548 27676 RALLYDEBUG rally_openstack.cleanup.manager [-] Deleting neutron.network object s_rally_1b01883e_LNyZIwVP (91642c04-e34c-48c6-ae1b-6c842a9f683d)
2019-11-26 15:31:08.557 27676 RALLYDEBUG rally_openstack.cleanup.manager [-] Deleting neutron.network object s_rally_1b01883e_6wSVS83Y (93dfa0e7-efc0-4124-91db-0c38d9b0a291)
2019-11-26 15:31:08.717 27676 RALLYDEBUG rally_openstack.cleanup.manager [-] Deleting neutron.network object s_rally_1b01883e_zSFcBGr6 (94666127-df6b-4d47-b444-f2e8ffb3a529)
2019-11-26 15:31:08.746 27676 RALLYDEBUG rally_openstack.cleanup.manager [-] Deleting neutron.network object s_rally_1b01883e_KyQwh7zy (9bc12204-e924-47cd-b210-01bda9ff6a9a)
2019-11-26 15:31:08.808 27676 RALLYDEBUG rally_openstack.cleanup.manager [-] Deleting neutron.network object s_rally_1b01883e_GDWgx7Fy (9e6856ec-949d-4eb6-985f-68def4d6e1b7)
2019-11-26 15:31:08.957 27676 RALLYDEBUG rally_openstack.cleanup.manager [-] Deleting neutron.network object s_rally_1b01883e_8XfwnD2n (a27a2ad7-4614-4e8e-8180-4bd3d7785d2a)
2019-11-26 15:31:08.984 27676 RALLYDEBUG rally_openstack.cleanup.manager [-] Deleting neutron.network object s_rally_1b01883e_Q9oTj8BO (a664d726-d150-47b8-bfaa-c1c2f687baac)
2019-11-26 15:31:09.005 27676 RALLYDEBUG rally_openstack.cleanup.manager [-] Deleting neutron.network object s_rally_1b01883e_egICXi5I (a833fdb2-d04e-43ea-be3b-652f3f5ebca0)
2019-11-26 15:31:09.008 27676 RALLYDEBUG rally_openstack.cleanup.manager [-] Deleting neutron.network object s_rally_1b01883e_KXDme9qP (b0fdd3b7-9739-4d9f-968d-dd9d61a05578)
2019-11-26 15:31:09.012 27676 RALLYDEBUG rally_openstack.cleanup.manager [-] Deleting neutron.network object s_rally_1b01883e_XCKxmZsZ (b275d24e-ee3d-49eb-8bb2-3d888dd465b9)
2019-11-26 15:31:09.016 27676 RALLYDEBUG rally_openstack.cleanup.manager [-] Deleting neutron.network object s_rally_1b01883e_DDF3gKb4 (b4221e49-8100-4dfa-92a6-91fbb061fecf)
2019-11-26 15:31:09.095 27676 RALLYDEBUG rally_openstack.cleanup.manager [-] Deleting neutron.network object s_rally_1b01883e_c5NRgLKs (b4321c76-61a4-4081-8594-98efdd8422be)
2019-11-26 15:31:09.120 27676 RALLYDEBUG rally_openstack.cleanup.manager [-] Deleting neutron.network object s_rally_1b01883e_Afo7jFre (ba13aefc-8641-402b-bafd-e0c0681dedf7)
2019-11-26 15:31:09.248 27676 RALLYDEBUG rally_openstack.cleanup.manager [-] Deleting neutron.network object s_rally_1b01883e_2nZt5cib (c12f18cf-a15f-4291-a683-201ccdc5f3a6)
2019-11-26 15:31:09.397 27676 RALLYDEBUG rally_openstack.cleanup.manager [-] Deleting neutron.network object s_rally_1b01883e_bl3UlPHD (d9f8c6b5-c5ef-46f2-8fe6-0fc565977d9c)
2019-11-26 15:31:09.401 27676 RALLYDEBUG rally_openstack.cleanup.manager [-] Deleting neutron.network object s_rally_1b01883e_toZP3Z5J (f8ce32ef-3b48-460a-8023-b6bdcb8052ec)
2019-11-26 15:31:09.718 27676 RALLYDEBUG rally_openstack.cleanup.manager [-] Deleting neutron.network object s_rally_1b01883e_iA5K0s7x (f9043e53-9880-4e47-9b64-4dd5a12c8d2d)
2019-11-26 15:31:09.771 27676 RALLYDEBUG rally_openstack.cleanup.manager [-] Deleting neutron.network object s_rally_1b01883e_kSwVJdJG (fd268f57-a2d3-4c5e-904c-d7eea6a16cf0)
2019-11-26 15:31:09.794 27676 RALLYDEBUG rally_openstack.cleanup.manager [-] Deleting neutron.network object s_rally_1b01883e_9XLFec7k (ff825df6-d8fe-4ad4-9bf0-51f48ced238f)
2019-11-26 15:31:11.797 27676 RALLYDEBUG rally_openstack.cleanup.manager [-] Cleaning up neutron router objects
2019-11-26 15:31:12.233 27676 RALLYDEBUG rally_openstack.cleanup.manager [-] Cleaning up neutron security_group objects
2019-11-26 15:31:12.680 27676 INFO rally.task.context [-] Task e826c3d6-f261-482c-9185-7df8fa45a3f4 | Context cleanup@openstack cleanup() finished in 31.12 sec
2019-11-26 15:31:12.681 27676 INFO rally.task.context [-] Task e826c3d6-f261-482c-9185-7df8fa45a3f4 | Context quotas@openstack cleanup() started
2019-11-26 15:31:12.766 27676 INFO rally.task.context [-] Task e826c3d6-f261-482c-9185-7df8fa45a3f4 | Context quotas@openstack cleanup() finished in 85.16 msec
2019-11-26 15:31:12.767 27676 INFO rally.task.context [-] Task e826c3d6-f261-482c-9185-7df8fa45a3f4 | Context users@openstack cleanup() started
2019-11-26 15:31:15.553 27676 INFO rally.task.context [-] Task e826c3d6-f261-482c-9185-7df8fa45a3f4 | Context users@openstack cleanup() finished in 2.79 sec
2019-11-26 15:31:17.526 27676 INFO rally.task.engine [-] Load duration is: 19.453335
2019-11-26 15:31:17.527 27676 INFO rally.task.engine [-] Full runner duration is: 19.503772
2019-11-26 15:31:17.527 27676 INFO rally.task.engine [-] Full duration is: 56.465733
2019-11-26 15:31:17.756 27676 INFO rally.task.engine [-] Running workload: position = 2 config = { "version": 2, "title": "A cropped version of a bigger task.", "description": "Auto-generated task from a single workload (uuid=14d4efb7-9f86-4584-b271-ff088603bedc)", "subtasks": [ { "title": "NeutronNetworks.create_and_delete_ports", "description": "Create and delete a port.", "scenario": { "NeutronNetworks.create_and_delete_ports": { "network_create_args": {}, "port_create_args": {}, "ports_per_network": 5 } }, "contexts": { "users": { "tenants": 1, "users_per_tenant": 1 }, "quotas": { "neutron": { "network": -1, "port": -1 } } }, "runner": { "constant": { "times": 40, "concurrency": 20 } }, "hooks": [], "sla": { "failure_rate": { "max": 0 } } } ] }
2019-11-26 15:31:17.781 27676 RALLYDEBUG rally_openstack.contexts.keystone.users [-] Creating 1 tenants using 20 threads
2019-11-26 15:31:18.717 27676 RALLYDEBUG rally_openstack.contexts.keystone.users [-] Creating 1 users using 20 threads
2019-11-26 15:31:20.139 27676 INFO rally.task.context [-] Task e826c3d6-f261-482c-9185-7df8fa45a3f4 | Context users@openstack setup() finished in 2.36 sec
2019-11-26 15:31:20.722 27676 INFO rally.task.context [-] Task e826c3d6-f261-482c-9185-7df8fa45a3f4 | Context quotas@openstack setup() finished in 0.58 sec
2019-11-26 15:31:20.723 27676 INFO rally.task.context [-] Task e826c3d6-f261-482c-9185-7df8fa45a3f4 | Context cleanup@openstack setup() finished in 0.02 msec
2019-11-26 15:31:20.732 27676 RALLYDEBUG rally.task.runner [-] Starting the constant runner (task UUID: e826c3d6-f261-482c-9185-7df8fa45a3f4). times: 40 concurrency: 20 timeout: 0 max_cpu_used: 16 processes_to_start: 16 concurrency_per_worker: 1 concurrency_overhead: 4
2019-11-26 15:31:20.744 32142 RALLYDEBUG rally.task.runner [-] Starting a worker. times: 40 duration: None concurrency: 2 timeout: 0 cls: method_name: run args: {"network_create_args": {}, "port_create_args": {}, "ports_per_network": 5}
2019-11-26 15:31:20.748 32143 RALLYDEBUG rally.task.runner [-] Starting a worker. times: 40 duration: None concurrency: 2 timeout: 0 cls: method_name: run args: {"network_create_args": {}, "port_create_args": {}, "ports_per_network": 5}
2019-11-26 15:31:20.751 32144 RALLYDEBUG rally.task.runner [-] Starting a worker. times: 40 duration: None concurrency: 2 timeout: 0 cls: method_name: run args: {"network_create_args": {}, "port_create_args": {}, "ports_per_network": 5}
2019-11-26 15:31:20.752 32142 INFO rally.task.runner [-] Task e826c3d6-f261-482c-9185-7df8fa45a3f4 | ITER: 1 START
2019-11-26 15:31:20.754 32142 WARNING rally_openstack.scenarios.neutron.utils [-] Running this scenario without either the 'network' or 'existing_network' context is deprecated
2019-11-26 15:31:20.754 32143 INFO rally.task.runner [-] Task e826c3d6-f261-482c-9185-7df8fa45a3f4 | ITER: 2 START
2019-11-26 15:31:20.754 32146 RALLYDEBUG rally.task.runner [-] Starting a worker. times: 40 duration: None concurrency: 2 timeout: 0 cls: method_name: run args: {"network_create_args": {}, "port_create_args": {}, "ports_per_network": 5}
2019-11-26 15:31:20.756 32143 INFO rally.task.runner [-] Task e826c3d6-f261-482c-9185-7df8fa45a3f4 | ITER: 4 START
2019-11-26 15:31:20.757 32143 WARNING rally_openstack.scenarios.neutron.utils [-] Running this scenario without either the 'network' or 'existing_network' context is deprecated
2019-11-26 15:31:20.758 32151 RALLYDEBUG rally.task.runner [-] Starting a worker. times: 40 duration: None concurrency: 1 timeout: 0 cls: method_name: run args: {"network_create_args": {}, "port_create_args": {}, "ports_per_network": 5}
2019-11-26 15:31:20.759 32144 INFO rally.task.runner [-] Task e826c3d6-f261-482c-9185-7df8fa45a3f4 | ITER: 5 START
2019-11-26 15:31:20.762 32146 INFO rally.task.runner [-] Task e826c3d6-f261-482c-9185-7df8fa45a3f4 | ITER: 6 START
2019-11-26 15:31:20.760 32144 INFO rally.task.runner [-] Task e826c3d6-f261-482c-9185-7df8fa45a3f4 | ITER: 7 START
2019-11-26 15:31:20.762 32144 WARNING rally_openstack.scenarios.neutron.utils [-] Running this scenario without either the 'network' or 'existing_network' context is deprecated
2019-11-26 15:31:20.762 32155 RALLYDEBUG rally.task.runner [-] Starting a worker. times: 40 duration: None concurrency: 1 timeout: 0 cls: method_name: run args: {"network_create_args": {}, "port_create_args": {}, "ports_per_network": 5}
2019-11-26 15:31:20.763 32146 WARNING rally_openstack.scenarios.neutron.utils [-] Running this scenario without either the 'network' or 'existing_network' context is deprecated
2019-11-26 15:31:20.764 32151 INFO rally.task.runner [-] Task e826c3d6-f261-482c-9185-7df8fa45a3f4 | ITER: 9 START
2019-11-26 15:31:20.766 32151 WARNING rally_openstack.scenarios.neutron.utils [-] Running this scenario without either the 'network' or 'existing_network' context is deprecated
2019-11-26 15:31:20.765 32160 RALLYDEBUG rally.task.runner [-] Starting a worker. times: 40 duration: None concurrency: 1 timeout: 0 cls: method_name: run args: {"network_create_args": {}, "port_create_args": {}, "ports_per_network": 5}
2019-11-26 15:31:20.762 32142 INFO rally.task.runner [-] Task e826c3d6-f261-482c-9185-7df8fa45a3f4 | ITER: 3 START
2019-11-26 15:31:20.759 32143 WARNING rally_openstack.scenarios.neutron.utils [-] Running this scenario without either the 'network' or 'existing_network' context is deprecated
2019-11-26 15:31:20.769 32142 WARNING rally_openstack.scenarios.neutron.utils [-] Running this scenario without either the 'network' or 'existing_network' context is deprecated
2019-11-26 15:31:20.769 32155 INFO rally.task.runner [-] Task e826c3d6-f261-482c-9185-7df8fa45a3f4 | ITER: 10 START
2019-11-26 15:31:20.771 32160 INFO rally.task.runner [-] Task e826c3d6-f261-482c-9185-7df8fa45a3f4 | ITER: 11 START
2019-11-26 15:31:20.771 32155 WARNING rally_openstack.scenarios.neutron.utils [-] Running this scenario without either the 'network' or 'existing_network' context is deprecated
2019-11-26 15:31:20.773 32160 WARNING rally_openstack.scenarios.neutron.utils [-] Running this scenario without either the 'network' or 'existing_network' context is deprecated
2019-11-26 15:31:20.773 32163 RALLYDEBUG rally.task.runner [-] Starting a worker. times: 40 duration: None concurrency: 1 timeout: 0 cls: method_name: run args: {"network_create_args": {}, "port_create_args": {}, "ports_per_network": 5}
2019-11-26 15:31:20.764 32146 INFO rally.task.runner [-] Task e826c3d6-f261-482c-9185-7df8fa45a3f4 | ITER: 8 START
2019-11-26 15:31:20.763 32144 WARNING rally_openstack.scenarios.neutron.utils [-] Running this scenario without either the 'network' or 'existing_network' context is deprecated
2019-11-26 15:31:20.776 32168 RALLYDEBUG rally.task.runner [-] Starting a worker. times: 40 duration: None concurrency: 1 timeout: 0 cls: method_name: run args: {"network_create_args": {}, "port_create_args": {}, "ports_per_network": 5}
2019-11-26 15:31:20.777 32146 WARNING rally_openstack.scenarios.neutron.utils [-] Running this scenario without either the 'network' or 'existing_network' context is deprecated
2019-11-26 15:31:20.780 32163 INFO rally.task.runner [-] Task e826c3d6-f261-482c-9185-7df8fa45a3f4 | ITER: 12 START
2019-11-26 15:31:20.782 32168 INFO rally.task.runner [-] Task e826c3d6-f261-482c-9185-7df8fa45a3f4 | ITER: 13 START
2019-11-26 15:31:20.782 32163 WARNING rally_openstack.scenarios.neutron.utils [-] Running this scenario without either the 'network' or 'existing_network' context is deprecated
2019-11-26 15:31:20.783 32168 WARNING rally_openstack.scenarios.neutron.utils [-] Running this scenario without either the 'network' or 'existing_network' context is deprecated
2019-11-26 15:31:20.783 32169 RALLYDEBUG rally.task.runner [-] Starting a worker. times: 40 duration: None concurrency: 1 timeout: 0 cls: method_name: run args: {"network_create_args": {}, "port_create_args": {}, "ports_per_network": 5}
2019-11-26 15:31:20.789 32169 INFO rally.task.runner [-] Task e826c3d6-f261-482c-9185-7df8fa45a3f4 | ITER: 14 START
2019-11-26 15:31:20.789 32174 RALLYDEBUG rally.task.runner [-] Starting a worker. times: 40 duration: None concurrency: 1 timeout: 0 cls: method_name: run args: {"network_create_args": {}, "port_create_args": {}, "ports_per_network": 5}
2019-11-26 15:31:20.791 32169 WARNING rally_openstack.scenarios.neutron.utils [-] Running this scenario without either the 'network' or 'existing_network' context is deprecated
2019-11-26 15:31:20.795 32174 INFO rally.task.runner [-] Task e826c3d6-f261-482c-9185-7df8fa45a3f4 | ITER: 15 START
2019-11-26 15:31:20.797 32174 WARNING rally_openstack.scenarios.neutron.utils [-] Running this scenario without either the 'network' or 'existing_network' context is deprecated
2019-11-26 15:31:20.800 32178 RALLYDEBUG rally.task.runner [-] Starting a worker. times: 40 duration: None concurrency: 1 timeout: 0 cls: method_name: run args: {"network_create_args": {}, "port_create_args": {}, "ports_per_network": 5}
2019-11-26 15:31:20.806 32178 INFO rally.task.runner [-] Task e826c3d6-f261-482c-9185-7df8fa45a3f4 | ITER: 16 START
2019-11-26 15:31:20.807 32178 WARNING rally_openstack.scenarios.neutron.utils [-] Running this scenario without either the 'network' or 'existing_network' context is deprecated
2019-11-26 15:31:20.808 32180 RALLYDEBUG rally.task.runner [-] Starting a worker. times: 40 duration: None concurrency: 1 timeout: 0 cls: method_name: run args: {"network_create_args": {}, "port_create_args": {}, "ports_per_network": 5}
2019-11-26 15:31:20.812 32180 INFO rally.task.runner [-] Task e826c3d6-f261-482c-9185-7df8fa45a3f4 | ITER: 17 START
2019-11-26 15:31:20.812 32183 RALLYDEBUG rally.task.runner [-] Starting a worker. times: 40 duration: None concurrency: 1 timeout: 0 cls: method_name: run args: {"network_create_args": {}, "port_create_args": {}, "ports_per_network": 5}
2019-11-26 15:31:20.814 32180 WARNING rally_openstack.scenarios.neutron.utils [-] Running this scenario without either the 'network' or 'existing_network' context is deprecated
2019-11-26 15:31:20.815 32184 RALLYDEBUG rally.task.runner [-] Starting a worker. times: 40 duration: None concurrency: 1 timeout: 0 cls: method_name: run args: {"network_create_args": {}, "port_create_args": {}, "ports_per_network": 5}
2019-11-26 15:31:20.816 32183 INFO rally.task.runner [-] Task e826c3d6-f261-482c-9185-7df8fa45a3f4 | ITER: 18 START
2019-11-26 15:31:20.818 32183 WARNING rally_openstack.scenarios.neutron.utils [-] Running this scenario without either the 'network' or 'existing_network' context is deprecated
2019-11-26 15:31:20.818 32184 INFO rally.task.runner [-] Task e826c3d6-f261-482c-9185-7df8fa45a3f4 | ITER: 19 START
2019-11-26 15:31:20.818 32187 RALLYDEBUG rally.task.runner [-] Starting a worker. times: 40 duration: None concurrency: 1 timeout: 0 cls: method_name: run args: {"network_create_args": {}, "port_create_args": {}, "ports_per_network": 5}
2019-11-26 15:31:20.820 32184 WARNING rally_openstack.scenarios.neutron.utils [-] Running this scenario without either the 'network' or 'existing_network' context is deprecated
2019-11-26 15:31:20.823 32187 INFO rally.task.runner [-] Task e826c3d6-f261-482c-9185-7df8fa45a3f4 | ITER: 20 START
2019-11-26 15:31:20.824 32187 WARNING rally_openstack.scenarios.neutron.utils [-] Running this scenario without either the 'network' or 'existing_network' context is deprecated
2019-11-26 15:31:27.655 32184 INFO rally.task.runner [-] Task e826c3d6-f261-482c-9185-7df8fa45a3f4 | ITER: 19 END: OK
2019-11-26 15:31:27.659 32184 INFO rally.task.runner [-] Task e826c3d6-f261-482c-9185-7df8fa45a3f4 | ITER: 21 START
2019-11-26 15:31:27.660 32184 WARNING rally_openstack.scenarios.neutron.utils [-] Running this scenario without either the 'network' or 'existing_network' context is deprecated
2019-11-26 15:31:28.638 32180 INFO rally.task.runner [-] Task e826c3d6-f261-482c-9185-7df8fa45a3f4 | ITER: 17 END: OK
2019-11-26 15:31:28.642 32180 INFO rally.task.runner [-] Task e826c3d6-f261-482c-9185-7df8fa45a3f4 | ITER: 22 START
2019-11-26 15:31:28.643 32180 WARNING rally_openstack.scenarios.neutron.utils [-] Running this scenario without either the 'network' or 'existing_network' context is deprecated
2019-11-26 15:31:28.912 32146 INFO rally.task.runner [-] Task e826c3d6-f261-482c-9185-7df8fa45a3f4 | ITER: 8 END: OK
2019-11-26 15:31:28.916 32146 INFO rally.task.runner [-] Task e826c3d6-f261-482c-9185-7df8fa45a3f4 | ITER: 23 START
2019-11-26 15:31:28.917 32146 WARNING rally_openstack.scenarios.neutron.utils [-] Running this scenario without either the 'network' or 'existing_network' context is deprecated
2019-11-26 15:31:29.341 32142 INFO rally.task.runner [-] Task e826c3d6-f261-482c-9185-7df8fa45a3f4 | ITER: 3 END: OK
2019-11-26 15:31:29.345 32142 INFO rally.task.runner [-] Task e826c3d6-f261-482c-9185-7df8fa45a3f4 | ITER: 24 START
2019-11-26 15:31:29.346 32142 WARNING rally_openstack.scenarios.neutron.utils [-] Running this scenario without either the 'network' or 'existing_network' context is deprecated
2019-11-26 15:31:29.837 32178 INFO rally.task.runner [-] Task e826c3d6-f261-482c-9185-7df8fa45a3f4 | ITER: 16 END: OK
2019-11-26 15:31:29.841 32178 INFO rally.task.runner [-] Task e826c3d6-f261-482c-9185-7df8fa45a3f4 | ITER: 25 START
2019-11-26 15:31:29.842 32178 WARNING rally_openstack.scenarios.neutron.utils [-] Running this scenario without either the 'network' or 'existing_network' context is deprecated
2019-11-26 15:31:30.007 32160 INFO rally.task.runner [-] Task e826c3d6-f261-482c-9185-7df8fa45a3f4 | ITER: 11 END: OK
2019-11-26 15:31:30.011 32160 INFO rally.task.runner [-] Task e826c3d6-f261-482c-9185-7df8fa45a3f4 | ITER: 26 START
2019-11-26 15:31:30.012 32160 WARNING rally_openstack.scenarios.neutron.utils [-] Running this scenario without either the 'network' or 'existing_network' context is deprecated
2019-11-26 15:31:30.150 32144 INFO rally.task.runner [-] Task e826c3d6-f261-482c-9185-7df8fa45a3f4 | ITER: 7 END: OK
2019-11-26 15:31:30.154 32144 INFO rally.task.runner [-] Task e826c3d6-f261-482c-9185-7df8fa45a3f4 | ITER: 27 START
2019-11-26 15:31:30.155 32144 WARNING rally_openstack.scenarios.neutron.utils [-] Running this scenario without either the 'network' or 'existing_network' context is deprecated
2019-11-26 15:31:30.252 32168 INFO rally.task.runner [-] Task e826c3d6-f261-482c-9185-7df8fa45a3f4 | ITER: 13 END: OK
2019-11-26 15:31:30.256 32168 INFO rally.task.runner [-] Task e826c3d6-f261-482c-9185-7df8fa45a3f4 | ITER: 28 START
2019-11-26 15:31:30.256 32168 WARNING rally_openstack.scenarios.neutron.utils [-] Running this scenario without either the 'network' or 'existing_network' context is deprecated
2019-11-26 15:31:30.304 32169 INFO rally.task.runner [-] Task e826c3d6-f261-482c-9185-7df8fa45a3f4 | ITER: 14 END: OK
2019-11-26 15:31:30.308 32169 INFO rally.task.runner [-] Task e826c3d6-f261-482c-9185-7df8fa45a3f4 | ITER: 29 START
2019-11-26 15:31:30.308 32169 WARNING rally_openstack.scenarios.neutron.utils [-] Running this scenario without either the 'network' or 'existing_network' context is deprecated
2019-11-26 15:31:30.810 32163 INFO rally.task.runner [-] Task e826c3d6-f261-482c-9185-7df8fa45a3f4 | ITER: 12 END: OK
2019-11-26 15:31:30.814 32163 INFO rally.task.runner [-] Task e826c3d6-f261-482c-9185-7df8fa45a3f4 | ITER: 30 START
2019-11-26 15:31:30.815 32163 WARNING rally_openstack.scenarios.neutron.utils [-] Running this scenario without either the 'network' or 'existing_network' context is deprecated
2019-11-26 15:31:30.946 32142 INFO rally.task.runner [-] Task e826c3d6-f261-482c-9185-7df8fa45a3f4 | ITER: 1 END: OK
2019-11-26 15:31:30.948 32142 INFO rally.task.runner [-] Task e826c3d6-f261-482c-9185-7df8fa45a3f4 | ITER: 31 START
2019-11-26 15:31:30.949 32142 WARNING rally_openstack.scenarios.neutron.utils [-] Running this scenario without either the 'network' or 'existing_network' context is deprecated
2019-11-26 15:31:30.967 32174 INFO rally.task.runner [-] Task e826c3d6-f261-482c-9185-7df8fa45a3f4 | ITER: 15 END: OK
2019-11-26 15:31:30.971 32174 INFO rally.task.runner [-] Task e826c3d6-f261-482c-9185-7df8fa45a3f4 | ITER: 32 START
2019-11-26 15:31:30.972 32174 WARNING rally_openstack.scenarios.neutron.utils [-] Running this scenario without either the 'network' or 'existing_network' context is deprecated
2019-11-26 15:31:31.449 32183 INFO rally.task.runner [-] Task e826c3d6-f261-482c-9185-7df8fa45a3f4 | ITER: 18 END: OK
2019-11-26 15:31:31.453 32183 INFO rally.task.runner [-] Task e826c3d6-f261-482c-9185-7df8fa45a3f4 | ITER: 33 START
2019-11-26 15:31:31.454 32183 WARNING rally_openstack.scenarios.neutron.utils [-] Running this scenario without either the 'network' or 'existing_network' context is deprecated
2019-11-26 15:31:31.512 32187 INFO rally.task.runner [-] Task e826c3d6-f261-482c-9185-7df8fa45a3f4 | ITER: 20 END: OK
2019-11-26 15:31:31.516 32187 INFO rally.task.runner [-] Task e826c3d6-f261-482c-9185-7df8fa45a3f4 | ITER: 34 START
2019-11-26 15:31:31.517 32187 WARNING rally_openstack.scenarios.neutron.utils [-] Running this scenario without either the 'network' or 'existing_network' context is deprecated
2019-11-26 15:31:31.732 32143 INFO rally.task.runner [-] Task e826c3d6-f261-482c-9185-7df8fa45a3f4 | ITER: 4 END: OK
2019-11-26 15:31:31.736 32143 INFO rally.task.runner [-] Task e826c3d6-f261-482c-9185-7df8fa45a3f4 | ITER: 35 START
2019-11-26 15:31:31.737 32143 WARNING rally_openstack.scenarios.neutron.utils [-] Running this scenario without either the 'network' or 'existing_network' context is deprecated
2019-11-26 15:31:31.808 32155 INFO rally.task.runner [-] Task e826c3d6-f261-482c-9185-7df8fa45a3f4 | ITER: 10 END: OK
2019-11-26 15:31:31.812 32155 INFO rally.task.runner [-] Task e826c3d6-f261-482c-9185-7df8fa45a3f4 | ITER: 36 START
2019-11-26 15:31:31.813 32155 WARNING rally_openstack.scenarios.neutron.utils [-] Running this scenario without either the 'network' or 'existing_network' context is deprecated
