2019-11-26 15:18:09.351 27667 RALLYDEBUG rally.api [-] INFO logs from urllib3 and requests module are hide.
2019-11-26 15:18:09.351 27667 RALLYDEBUG rally.api [-] urllib3 insecure warnings are hidden.
2019-11-26 15:18:09.352 27667 RALLYDEBUG rally.api [-] ERROR log from boto module is hide.
2019-11-26 15:18:12.594 27669 RALLYDEBUG rally.api [-] INFO logs from urllib3 and requests module are hide.
2019-11-26 15:18:12.594 27669 RALLYDEBUG rally.api [-] urllib3 insecure warnings are hidden.
2019-11-26 15:18:12.594 27669 RALLYDEBUG rally.api [-] ERROR log from boto module is hide.
2019-11-26 15:18:15.982 27671 RALLYDEBUG rally.api [-] INFO logs from urllib3 and requests module are hide.
2019-11-26 15:18:15.982 27671 RALLYDEBUG rally.api [-] urllib3 insecure warnings are hidden.
2019-11-26 15:18:15.983 27671 RALLYDEBUG rally.api [-] ERROR log from boto module is hide.
2019-11-26 15:18:20.200 27674 RALLYDEBUG rally.api [-] INFO logs from urllib3 and requests module are hide.
2019-11-26 15:18:20.201 27674 RALLYDEBUG rally.api [-] urllib3 insecure warnings are hidden.
2019-11-26 15:18:20.201 27674 RALLYDEBUG rally.api [-] ERROR log from boto module is hide.
2019-11-26 15:18:21.898 27676 RALLYDEBUG rally.api [-] INFO logs from urllib3 and requests module are hide.
2019-11-26 15:18:21.898 27676 RALLYDEBUG rally.api [-] urllib3 insecure warnings are hidden.
2019-11-26 15:18:21.898 27676 RALLYDEBUG rally.api [-] ERROR log from boto module is hide.
2019-11-26 15:18:23.475 27676 INFO rally.common.plugin.discover [-] Loading plugins from directories /root/.rally/plugins/*
2019-11-26 15:18:23.476 27676 INFO rally.common.plugin.discover [-] Loaded module with plugins: /root/.rally/plugins/__init__.py
2019-11-26 15:18:23.808 27676 INFO rally.task.engine [-] Task e826c3d6-f261-482c-9185-7df8fa45a3f4 | Starting: Task validation.
2019-11-26 15:18:23.863 27676 INFO rally.task.engine [-] Task e826c3d6-f261-482c-9185-7df8fa45a3f4 | Starting: Task validation of syntax.
2019-11-26 15:18:24.180 27676 INFO rally.task.engine [-] Task e826c3d6-f261-482c-9185-7df8fa45a3f4 | Completed: Task validation of syntax.
2019-11-26 15:18:24.182 27676 INFO rally.task.engine [-] Task e826c3d6-f261-482c-9185-7df8fa45a3f4 | Starting: Task validation of required platforms.
2019-11-26 15:18:24.305 27676 INFO rally.task.engine [-] Task e826c3d6-f261-482c-9185-7df8fa45a3f4 | Completed: Task validation of required platforms.
2019-11-26 15:18:24.305 27676 INFO rally.task.engine [-] Task e826c3d6-f261-482c-9185-7df8fa45a3f4 | Starting: Task validation of semantic.
2019-11-26 15:18:24.305 27676 INFO rally.task.engine [-] Check health of the environment 'db77a1da-301e-4f4e-9ab4-56026ac93147'.
2019-11-26 15:18:25.229 27676 INFO rally.task.engine [-] Platform existing@openstack (available: True): OK!
2019-11-26 15:18:25.249 27676 RALLYDEBUG rally_openstack.contexts.keystone.users [-] Creating 1 tenants using 20 threads
2019-11-26 15:18:26.115 27676 RALLYDEBUG rally_openstack.contexts.keystone.users [-] Creating 1 users using 20 threads
2019-11-26 15:18:27.525 27676 INFO rally.task.context [-] Task e826c3d6-f261-482c-9185-7df8fa45a3f4 | Context users@openstack setup() finished in 2.28 sec
2019-11-26 15:18:37.003 27676 INFO rally.task.context [-] Task e826c3d6-f261-482c-9185-7df8fa45a3f4 | Context users@openstack cleanup() started
2019-11-26 15:18:39.786 27676 INFO rally.task.context [-] Task e826c3d6-f261-482c-9185-7df8fa45a3f4 | Context users@openstack cleanup() finished in 2.78 sec
2019-11-26 15:18:39.787 27676 INFO rally.task.engine [-] Task e826c3d6-f261-482c-9185-7df8fa45a3f4 | Completed: Task validation of semantic.
2019-11-26 15:18:39.787 27676 INFO rally.task.engine [-] Task e826c3d6-f261-482c-9185-7df8fa45a3f4 | Completed: Task validation.
2019-11-26 15:18:39.787 27676 INFO rally.api [-] Task e826c3d6-f261-482c-9185-7df8fa45a3f4 input file is valid.
2019-11-26 15:18:39.788 27676 INFO rally.api [-] Run Task e826c3d6-f261-482c-9185-7df8fa45a3f4 against Deployment db77a1da-301e-4f4e-9ab4-56026ac93147
2019-11-26 15:18:39.788 27676 INFO rally.task.engine [-] Task e826c3d6-f261-482c-9185-7df8fa45a3f4 | Starting: Running task.
2019-11-26 15:18:39.978 27676 INFO rally.task.engine [-] Running workload: position = 0 config = { "version": 2, "title": "A cropped version of a bigger task.", "description": "Auto-generated task from a single workload (uuid=e6d21446-f540-47b8-a4fe-ff3d67e9f359)", "subtasks": [ { "title": "NeutronNetworks.create_and_list_networks", "description": "Check performance of list_networks action and ensure > network quotas are not exceeded", "scenario": { "NeutronNetworks.create_and_list_networks": {} }, "contexts": { "users": { "tenants": 1, "users_per_tenant": 1 }, "quotas": { "neutron": { "network": 119 } } }, "runner": { "constant": { "times": 100, "concurrency": 20 } }, "hooks": [], "sla": { "max_avg_duration_per_atomic": { "neutron.list_networks": 15 }, "failure_rate": { "max": 0 } } } ] }
2019-11-26 15:18:40.001 27676 RALLYDEBUG rally_openstack.contexts.keystone.users [-] Creating 1 tenants using 20 threads
2019-11-26 15:18:40.934 27676 RALLYDEBUG rally_openstack.contexts.keystone.users [-] Creating 1 users using 20 threads
2019-11-26 15:18:42.355 27676 INFO rally.task.context [-] Task e826c3d6-f261-482c-9185-7df8fa45a3f4 | Context users@openstack setup() finished in 2.35 sec
2019-11-26 15:18:42.926 27676 INFO rally.task.context [-] Task e826c3d6-f261-482c-9185-7df8fa45a3f4 | Context quotas@openstack setup() finished in 0.57 sec
2019-11-26 15:18:42.927 27676 INFO rally.task.context [-] Task e826c3d6-f261-482c-9185-7df8fa45a3f4 | Context cleanup@openstack setup() finished in 0.03 msec
2019-11-26 15:18:42.936 27676 RALLYDEBUG rally.task.runner [-] Starting the constant runner (task UUID: e826c3d6-f261-482c-9185-7df8fa45a3f4). times: 100 concurrency: 20 timeout: 0 max_cpu_used: 16 processes_to_start: 16 concurrency_per_worker: 1 concurrency_overhead: 4
2019-11-26 15:18:42.949 27800 RALLYDEBUG rally.task.runner [-] Starting a worker. times: 100 duration: None concurrency: 2 timeout: 0 cls: method_name: run args: {}
2019-11-26 15:18:42.952 27801 RALLYDEBUG rally.task.runner [-] Starting a worker. times: 100 duration: None concurrency: 2 timeout: 0 cls: method_name: run args: {}
2019-11-26 15:18:42.955 27800 INFO rally.task.runner [-] Task e826c3d6-f261-482c-9185-7df8fa45a3f4 | ITER: 1 START
2019-11-26 15:18:42.955 27802 RALLYDEBUG rally.task.runner [-] Starting a worker. times: 100 duration: None concurrency: 2 timeout: 0 cls: method_name: run args: {}
2019-11-26 15:18:42.958 27801 INFO rally.task.runner [-] Task e826c3d6-f261-482c-9185-7df8fa45a3f4 | ITER: 2 START
2019-11-26 15:18:42.958 27805 RALLYDEBUG rally.task.runner [-] Starting a worker. times: 100 duration: None concurrency: 2 timeout: 0 cls: method_name: run args: {}
2019-11-26 15:18:42.962 27802 INFO rally.task.runner [-] Task e826c3d6-f261-482c-9185-7df8fa45a3f4 | ITER: 5 START
2019-11-26 15:18:42.961 27809 RALLYDEBUG rally.task.runner [-] Starting a worker. times: 100 duration: None concurrency: 1 timeout: 0 cls: method_name: run args: {}
2019-11-26 15:18:42.965 27805 INFO rally.task.runner [-] Task e826c3d6-f261-482c-9185-7df8fa45a3f4 | ITER: 7 START
2019-11-26 15:18:42.965 27813 RALLYDEBUG rally.task.runner [-] Starting a worker. times: 100 duration: None concurrency: 1 timeout: 0 cls: method_name: run args: {}
2019-11-26 15:18:42.966 27809 INFO rally.task.runner [-] Task e826c3d6-f261-482c-9185-7df8fa45a3f4 | ITER: 9 START
2019-11-26 15:18:42.970 27813 INFO rally.task.runner [-] Task e826c3d6-f261-482c-9185-7df8fa45a3f4 | ITER: 10 START
2019-11-26 15:18:42.957 27800 INFO rally.task.runner [-] Task e826c3d6-f261-482c-9185-7df8fa45a3f4 | ITER: 3 START
2019-11-26 15:18:42.970 27818 RALLYDEBUG rally.task.runner [-] Starting a worker. times: 100 duration: None concurrency: 1 timeout: 0 cls: method_name: run args: {}
2019-11-26 15:18:42.966 27805 INFO rally.task.runner [-] Task e826c3d6-f261-482c-9185-7df8fa45a3f4 | ITER: 8 START
2019-11-26 15:18:42.975 27818 INFO rally.task.runner [-] Task e826c3d6-f261-482c-9185-7df8fa45a3f4 | ITER: 11 START
2019-11-26 15:18:42.974 27822 RALLYDEBUG rally.task.runner [-] Starting a worker. times: 100 duration: None concurrency: 1 timeout: 0 cls: method_name: run args: {}
2019-11-26 15:18:42.960 27801 INFO rally.task.runner [-] Task e826c3d6-f261-482c-9185-7df8fa45a3f4 | ITER: 4 START
2019-11-26 15:18:42.977 27824 RALLYDEBUG rally.task.runner [-] Starting a worker. times: 100 duration: None concurrency: 1 timeout: 0 cls: method_name: run args: {}
2019-11-26 15:18:42.963 27802 INFO rally.task.runner [-] Task e826c3d6-f261-482c-9185-7df8fa45a3f4 | ITER: 6 START
2019-11-26 15:18:42.980 27822 INFO rally.task.runner [-] Task e826c3d6-f261-482c-9185-7df8fa45a3f4 | ITER: 12 START
2019-11-26 15:18:42.982 27824 INFO rally.task.runner [-] Task e826c3d6-f261-482c-9185-7df8fa45a3f4 | ITER: 13 START
2019-11-26 15:18:42.984 27828 RALLYDEBUG rally.task.runner [-] Starting a worker. times: 100 duration: None concurrency: 1 timeout: 0 cls: method_name: run args: {}
2019-11-26 15:18:42.988 27828 INFO rally.task.runner [-] Task e826c3d6-f261-482c-9185-7df8fa45a3f4 | ITER: 14 START
2019-11-26 15:18:42.992 27833 RALLYDEBUG rally.task.runner [-] Starting a worker. times: 100 duration: None concurrency: 1 timeout: 0 cls: method_name: run args: {}
2019-11-26 15:18:42.997 27833 INFO rally.task.runner [-] Task e826c3d6-f261-482c-9185-7df8fa45a3f4 | ITER: 15 START
2019-11-26 15:18:42.999 27835 RALLYDEBUG rally.task.runner [-] Starting a worker. times: 100 duration: None concurrency: 1 timeout: 0 cls: method_name: run args: {}
2019-11-26 15:18:43.004 27835 INFO rally.task.runner [-] Task e826c3d6-f261-482c-9185-7df8fa45a3f4 | ITER: 16 START
2019-11-26 15:18:43.005 27838 RALLYDEBUG rally.task.runner [-] Starting a worker. times: 100 duration: None concurrency: 1 timeout: 0 cls: method_name: run args: {}
2019-11-26 15:18:43.008 27841 RALLYDEBUG rally.task.runner [-] Starting a worker. times: 100 duration: None concurrency: 1 timeout: 0 cls: method_name: run args: {}
2019-11-26 15:18:43.009 27838 INFO rally.task.runner [-] Task e826c3d6-f261-482c-9185-7df8fa45a3f4 | ITER: 17 START
2019-11-26 15:18:43.013 27841 INFO rally.task.runner [-] Task e826c3d6-f261-482c-9185-7df8fa45a3f4 | ITER: 18 START
2019-11-26 15:18:43.013 27843 RALLYDEBUG rally.task.runner [-] Starting a worker. times: 100 duration: None concurrency: 1 timeout: 0 cls: method_name: run args: {}
2019-11-26 15:18:43.017 27843 INFO rally.task.runner [-] Task e826c3d6-f261-482c-9185-7df8fa45a3f4 | ITER: 19 START
2019-11-26 15:18:43.016 27846 RALLYDEBUG rally.task.runner [-] Starting a worker. times: 100 duration: None concurrency: 1 timeout: 0 cls: method_name: run args: {}
2019-11-26 15:18:43.020 27846 INFO rally.task.runner [-] Task e826c3d6-f261-482c-9185-7df8fa45a3f4 | ITER: 20 START
2019-11-26 15:18:43.846 27802 INFO rally.task.runner [-] Task e826c3d6-f261-482c-9185-7df8fa45a3f4 | ITER: 5 END: OK
2019-11-26 15:18:43.849 27802 INFO rally.task.runner [-] Task e826c3d6-f261-482c-9185-7df8fa45a3f4 | ITER: 21 START
2019-11-26 15:18:43.914 27805 INFO rally.task.runner [-] Task e826c3d6-f261-482c-9185-7df8fa45a3f4 | ITER: 8 END: OK
2019-11-26 15:18:43.917 27805 INFO rally.task.runner [-] Task e826c3d6-f261-482c-9185-7df8fa45a3f4 | ITER: 22 START
2019-11-26 15:18:43.947 27809 INFO rally.task.runner [-] Task e826c3d6-f261-482c-9185-7df8fa45a3f4 | ITER: 9 END: OK
2019-11-26 15:18:43.950 27809 INFO rally.task.runner [-] Task e826c3d6-f261-482c-9185-7df8fa45a3f4 | ITER: 23 START
2019-11-26 15:18:43.970 27800 INFO rally.task.runner [-] Task e826c3d6-f261-482c-9185-7df8fa45a3f4 | ITER: 3 END: OK
2019-11-26 15:18:43.973 27800 INFO rally.task.runner [-] Task e826c3d6-f261-482c-9185-7df8fa45a3f4 | ITER: 24 START
2019-11-26 15:18:43.985 27801 INFO rally.task.runner [-] Task e826c3d6-f261-482c-9185-7df8fa45a3f4 | ITER: 4 END: OK
2019-11-26 15:18:43.989 27801 INFO rally.task.runner [-] Task e826c3d6-f261-482c-9185-7df8fa45a3f4 | ITER: 25 START
2019-11-26 15:18:44.041 27802 INFO rally.task.runner [-] Task e826c3d6-f261-482c-9185-7df8fa45a3f4 | ITER: 6 END: OK
2019-11-26 15:18:44.045 27802 INFO rally.task.runner [-] Task e826c3d6-f261-482c-9185-7df8fa45a3f4 | ITER: 26 START
2019-11-26 15:18:44.111 27841 INFO rally.task.runner [-] Task e826c3d6-f261-482c-9185-7df8fa45a3f4 | ITER: 18 END: OK
2019-11-26 15:18:44.115 27841 INFO rally.task.runner [-] Task e826c3d6-f261-482c-9185-7df8fa45a3f4 | ITER: 27 START
2019-11-26 15:18:44.153 27833 INFO rally.task.runner [-] Task e826c3d6-f261-482c-9185-7df8fa45a3f4 | ITER: 15 END: OK
2019-11-26 15:18:44.157 27833 INFO rally.task.runner [-] Task e826c3d6-f261-482c-9185-7df8fa45a3f4 | ITER: 28 START
2019-11-26 15:18:44.180 27846 INFO rally.task.runner [-] Task e826c3d6-f261-482c-9185-7df8fa45a3f4 | ITER: 20 END: OK
2019-11-26 15:18:44.183 27846 INFO rally.task.runner [-] Task e826c3d6-f261-482c-9185-7df8fa45a3f4 | ITER: 29 START
2019-11-26 15:18:44.231 27828 INFO rally.task.runner [-] Task e826c3d6-f261-482c-9185-7df8fa45a3f4 | ITER: 14 END: OK
2019-11-26 15:18:44.234 27828 INFO rally.task.runner [-] Task e826c3d6-f261-482c-9185-7df8fa45a3f4 | ITER: 30 START
2019-11-26 15:18:44.329 27818 INFO rally.task.runner [-] Task e826c3d6-f261-482c-9185-7df8fa45a3f4 | ITER: 11 END: OK
2019-11-26 15:18:44.332 27818 INFO rally.task.runner [-] Task e826c3d6-f261-482c-9185-7df8fa45a3f4 | ITER: 31 START
2019-11-26 15:18:44.492 27822 INFO rally.task.runner [-] Task e826c3d6-f261-482c-9185-7df8fa45a3f4 | ITER: 12 END: OK
2019-11-26 15:18:44.495 27822 INFO rally.task.runner [-] Task e826c3d6-f261-482c-9185-7df8fa45a3f4 | ITER: 32 START
2019-11-26 15:18:44.793 27805 INFO rally.task.runner [-] Task e826c3d6-f261-482c-9185-7df8fa45a3f4 | ITER: 22 END: OK
2019-11-26 15:18:44.797 27805 INFO rally.task.runner [-] Task e826c3d6-f261-482c-9185-7df8fa45a3f4 | ITER: 33 START
2019-11-26 15:18:44.835 27800 INFO rally.task.runner [-] Task e826c3d6-f261-482c-9185-7df8fa45a3f4 | ITER: 24 END: OK
2019-11-26 15:18:44.838 27800 INFO rally.task.runner [-] Task e826c3d6-f261-482c-9185-7df8fa45a3f4 | ITER: 34 START
2019-11-26 15:18:44.907 27843 INFO rally.task.runner [-] Task e826c3d6-f261-482c-9185-7df8fa45a3f4 | ITER: 19 END: OK
2019-11-26 15:18:44.911 27843 INFO rally.task.runner [-] Task e826c3d6-f261-482c-9185-7df8fa45a3f4 | ITER: 35 START
2019-11-26 15:18:44.934 27835 INFO rally.task.runner [-] Task e826c3d6-f261-482c-9185-7df8fa45a3f4 | ITER: 16 END: OK
2019-11-26 15:18:44.938 27835 INFO rally.task.runner [-] Task e826c3d6-f261-482c-9185-7df8fa45a3f4 | ITER: 36 START
2019-11-26 15:18:44.938 27800 INFO rally.task.runner [-] Task e826c3d6-f261-482c-9185-7df8fa45a3f4 | ITER: 1 END: OK
2019-11-26 15:18:44.939 27805 INFO rally.task.runner [-] Task e826c3d6-f261-482c-9185-7df8fa45a3f4 | ITER: 7 END: OK
2019-11-26 15:18:44.941 27824 INFO rally.task.runner [-] Task e826c3d6-f261-482c-9185-7df8fa45a3f4 | ITER: 13 END: OK
2019-11-26 15:18:44.942 27800 INFO rally.task.runner [-] Task e826c3d6-f261-482c-9185-7df8fa45a3f4 | ITER: 37 START
2019-11-26 15:18:44.943 27805 INFO rally.task.runner [-] Task e826c3d6-f261-482c-9185-7df8fa45a3f4 | ITER: 38 START
2019-11-26 15:18:44.945 27824 INFO rally.task.runner [-] Task e826c3d6-f261-482c-9185-7df8fa45a3f4 | ITER: 39 START
2019-11-26 15:18:45.012 27838 INFO rally.task.runner [-] Task e826c3d6-f261-482c-9185-7df8fa45a3f4 | ITER: 17 END: OK
2019-11-26 15:18:45.013 27813 INFO rally.task.runner [-] Task e826c3d6-f261-482c-9185-7df8fa45a3f4 | ITER: 10 END: OK
2019-11-26 15:18:45.016 27838 INFO rally.task.runner [-] Task e826c3d6-f261-482c-9185-7df8fa45a3f4 | ITER: 40 START
2019-11-26 15:18:45.017 27813 INFO rally.task.runner [-] Task e826c3d6-f261-482c-9185-7df8fa45a3f4 | ITER: 41 START
2019-11-26 15:18:45.091 27801 INFO rally.task.runner [-] Task e826c3d6-f261-482c-9185-7df8fa45a3f4 | ITER: 2 END: OK
2019-11-26 15:18:45.094 27801 INFO rally.task.runner [-] Task e826c3d6-f261-482c-9185-7df8fa45a3f4 | ITER: 42 START
2019-11-26 15:18:45.166 27802 INFO rally.task.runner [-] Task e826c3d6-f261-482c-9185-7df8fa45a3f4 | ITER: 21 END: OK
2019-11-26 15:18:45.169 27802 INFO rally.task.runner [-] Task e826c3d6-f261-482c-9185-7df8fa45a3f4 | ITER: 43 START
2019-11-26 15:18:45.365 27801 INFO rally.task.runner [-] Task e826c3d6-f261-482c-9185-7df8fa45a3f4 | ITER: 25 END: OK
2019-11-26 15:18:45.369 27801 INFO rally.task.runner [-] Task e826c3d6-f261-482c-9185-7df8fa45a3f4 | ITER: 44 START
2019-11-26 15:18:45.385 27833 INFO rally.task.runner [-] Task e826c3d6-f261-482c-9185-7df8fa45a3f4 | ITER: 28 END: OK
2019-11-26 15:18:45.388 27833 INFO rally.task.runner [-] Task e826c3d6-f261-482c-9185-7df8fa45a3f4 | ITER: 45 START
2019-11-26 15:18:45.446 27802 INFO rally.task.runner [-] Task e826c3d6-f261-482c-9185-7df8fa45a3f4 | ITER: 26 END: OK
2019-11-26 15:18:45.448 27802 INFO rally.task.runner [-] Task e826c3d6-f261-482c-9185-7df8fa45a3f4 | ITER: 46 START
2019-11-26 15:18:45.489 27846 INFO rally.task.runner [-] Task e826c3d6-f261-482c-9185-7df8fa45a3f4 | ITER: 29 END: OK
2019-11-26 15:18:45.489 27841 INFO rally.task.runner [-] Task e826c3d6-f261-482c-9185-7df8fa45a3f4 | ITER: 27 END: OK
2019-11-26 15:18:45.492 27846 INFO rally.task.runner [-] Task e826c3d6-f261-482c-9185-7df8fa45a3f4 | ITER: 48 START
2019-11-26 15:18:45.492 27841 INFO rally.task.runner [-] Task e826c3d6-f261-482c-9185-7df8fa45a3f4 | ITER: 47 START
2019-11-26 15:18:45.511 27809 INFO rally.task.runner [-] Task e826c3d6-f261-482c-9185-7df8fa45a3f4 | ITER: 23 END: OK
2019-11-26 15:18:45.514 27809 INFO rally.task.runner [-] Task e826c3d6-f261-482c-9185-7df8fa45a3f4 | ITER: 49 START
2019-11-26 15:18:45.622 27828 INFO rally.task.runner [-] Task e826c3d6-f261-482c-9185-7df8fa45a3f4 | ITER: 30 END: OK
2019-11-26 15:18:45.624 27828 INFO rally.task.runner [-] Task e826c3d6-f261-482c-9185-7df8fa45a3f4 | ITER: 50 START
2019-11-26 15:18:45.685 27805 INFO rally.task.runner [-] Task e826c3d6-f261-482c-9185-7df8fa45a3f4 | ITER: 33 END: OK
2019-11-26 15:18:45.688 27805 INFO rally.task.runner [-] Task e826c3d6-f261-482c-9185-7df8fa45a3f4 | ITER: 51 START
2019-11-26 15:18:45.939 27822 INFO rally.task.runner [-] Task e826c3d6-f261-482c-9185-7df8fa45a3f4 | ITER: 32 END: OK
2019-11-26 15:18:45.941 27822 INFO rally.task.runner [-] Task e826c3d6-f261-482c-9185-7df8fa45a3f4 | ITER: 52 START
2019-11-26 15:18:45.990 27813 INFO rally.task.runner [-] Task e826c3d6-f261-482c-9185-7df8fa45a3f4 | ITER: 41 END: OK
2019-11-26 15:18:45.993 27813 INFO rally.task.runner [-] Task e826c3d6-f261-482c-9185-7df8fa45a3f4 | ITER: 53 START
2019-11-26 15:18:45.995 27843 INFO rally.task.runner [-] Task e826c3d6-f261-482c-9185-7df8fa45a3f4 | ITER: 35 END: OK
2019-11-26 15:18:45.997 27800 INFO rally.task.runner [-] Task e826c3d6-f261-482c-9185-7df8fa45a3f4 | ITER: 34 END: OK
2019-11-26 15:18:45.997 27835 INFO rally.task.runner [-] Task e826c3d6-f261-482c-9185-7df8fa45a3f4 | ITER: 36 END: OK
2019-11-26 15:18:45.999 27843 INFO rally.task.runner [-] Task e826c3d6-f261-482c-9185-7df8fa45a3f4 | ITER: 54 START
2019-11-26 15:18:46.000 27800 INFO rally.task.runner [-] Task e826c3d6-f261-482c-9185-7df8fa45a3f4 | ITER: 55 START
2019-11-26 15:18:46.001 27835 INFO rally.task.runner [-] Task e826c3d6-f261-482c-9185-7df8fa45a3f4 | ITER: 56 START
2019-11-26 15:18:46.113 27805 INFO rally.task.runner [-] Task e826c3d6-f261-482c-9185-7df8fa45a3f4 | ITER: 38 END: OK
2019-11-26 15:18:46.115 27805 INFO rally.task.runner [-] Task e826c3d6-f261-482c-9185-7df8fa45a3f4 | ITER: 57 START
2019-11-26 15:18:46.176 27802 INFO rally.task.runner [-] Task e826c3d6-f261-482c-9185-7df8fa45a3f4 | ITER: 43 END: OK
2019-11-26 15:18:46.180 27802 INFO rally.task.runner [-] Task e826c3d6-f261-482c-9185-7df8fa45a3f4 | ITER: 58 START
2019-11-26 15:18:46.219 27824 INFO rally.task.runner [-] Task e826c3d6-f261-482c-9185-7df8fa45a3f4 | ITER: 39 END: OK
2019-11-26 15:18:46.221 27824 INFO rally.task.runner [-] Task e826c3d6-f261-482c-9185-7df8fa45a3f4 | ITER: 59 START
2019-11-26 15:18:46.236 27801 INFO rally.task.runner [-] Task e826c3d6-f261-482c-9185-7df8fa45a3f4 | ITER: 42 END: OK
2019-11-26 15:18:46.239 27801 INFO rally.task.runner [-] Task e826c3d6-f261-482c-9185-7df8fa45a3f4 | ITER: 60 START
2019-11-26 15:18:46.424 27818 INFO rally.task.runner [-] Task e826c3d6-f261-482c-9185-7df8fa45a3f4 | ITER: 31 END: OK
2019-11-26 15:18:46.427 27818 INFO rally.task.runner [-] Task e826c3d6-f261-482c-9185-7df8fa45a3f4 | ITER: 61 START
2019-11-26 15:18:46.484 27800 INFO rally.task.runner [-] Task e826c3d6-f261-482c-9185-7df8fa45a3f4 | ITER: 37 END: OK
2019-11-26 15:18:46.487 27800 INFO rally.task.runner [-] Task e826c3d6-f261-482c-9185-7df8fa45a3f4 | ITER: 62 START
2019-11-26 15:18:46.508 27838 INFO rally.task.runner [-] Task e826c3d6-f261-482c-9185-7df8fa45a3f4 | ITER: 40 END: OK
2019-11-26 15:18:46.511 27838 INFO rally.task.runner [-] Task e826c3d6-f261-482c-9185-7df8fa45a3f4 | ITER: 63 START
2019-11-26 15:18:46.515 27801 INFO rally.task.runner [-] Task e826c3d6-f261-482c-9185-7df8fa45a3f4 | ITER: 44 END: OK
2019-11-26 15:18:46.518 27801 INFO rally.task.runner [-] Task e826c3d6-f261-482c-9185-7df8fa45a3f4 | ITER: 64 START
2019-11-26 15:18:46.705 27805 INFO rally.task.runner [-] Task e826c3d6-f261-482c-9185-7df8fa45a3f4 | ITER: 51 END: OK
2019-11-26 15:18:46.709 27805 INFO rally.task.runner [-] Task e826c3d6-f261-482c-9185-7df8fa45a3f4 | ITER: 65 START
2019-11-26 15:18:46.943 27822 INFO rally.task.runner [-] Task e826c3d6-f261-482c-9185-7df8fa45a3f4 | ITER: 52 END: OK
2019-11-26 15:18:46.946 27822 INFO rally.task.runner [-] Task e826c3d6-f261-482c-9185-7df8fa45a3f4 | ITER: 66 START
2019-11-26 15:18:47.108 27828 INFO rally.task.runner [-] Task e826c3d6-f261-482c-9185-7df8fa45a3f4 | ITER: 50 END: OK
2019-11-26 15:18:47.111 27828 INFO rally.task.runner [-] Task e826c3d6-f261-482c-9185-7df8fa45a3f4 | ITER: 67 START
2019-11-26 15:18:47.169 27813 INFO rally.task.runner [-] Task e826c3d6-f261-482c-9185-7df8fa45a3f4 | ITER: 53 END: OK
2019-11-26 15:18:47.172 27813 INFO rally.task.runner [-] Task e826c3d6-f261-482c-9185-7df8fa45a3f4 | ITER: 68 START
2019-11-26 15:18:47.177 27833 INFO rally.task.runner [-] Task e826c3d6-f261-482c-9185-7df8fa45a3f4 | ITER: 45 END: OK
2019-11-26 15:18:47.180 27833 INFO rally.task.runner [-] Task e826c3d6-f261-482c-9185-7df8fa45a3f4 | ITER: 69 START
2019-11-26 15:18:47.269 27802 INFO rally.task.runner [-] Task e826c3d6-f261-482c-9185-7df8fa45a3f4 | ITER: 58 END: OK
2019-11-26 15:18:47.272 27802 INFO rally.task.runner [-] Task e826c3d6-f261-482c-9185-7df8fa45a3f4 | ITER: 70 START
2019-11-26 15:18:47.290 27835 INFO rally.task.runner [-] Task e826c3d6-f261-482c-9185-7df8fa45a3f4 | ITER: 56 END: OK
2019-11-26 15:18:47.293 27835 INFO rally.task.runner [-] Task e826c3d6-f261-482c-9185-7df8fa45a3f4 | ITER: 71 START
2019-11-26 15:18:47.407 27841 INFO rally.task.runner [-] Task e826c3d6-f261-482c-9185-7df8fa45a3f4 | ITER: 47 END: OK
2019-11-26 15:18:47.410 27841 INFO rally.task.runner [-] Task e826c3d6-f261-482c-9185-7df8fa45a3f4 | ITER: 72 START
2019-11-26 15:18:47.431 27846 INFO rally.task.runner [-] Task e826c3d6-f261-482c-9185-7df8fa45a3f4 | ITER: 48 END: OK
2019-11-26 15:18:47.434 27846 INFO rally.task.runner [-] Task e826c3d6-f261-482c-9185-7df8fa45a3f4 | ITER: 73 START
2019-11-26 15:18:47.472 27824 INFO rally.task.runner [-] Task e826c3d6-f261-482c-9185-7df8fa45a3f4 | ITER: 59 END: OK
2019-11-26 15:18:47.476 27824 INFO rally.task.runner [-] Task e826c3d6-f261-482c-9185-7df8fa45a3f4 | ITER: 74 START
2019-11-26 15:18:47.536 27843 INFO rally.task.runner [-] Task e826c3d6-f261-482c-9185-7df8fa45a3f4 | ITER: 54 END: OK
2019-11-26 15:18:47.539 27843 INFO rally.task.runner [-] Task e826c3d6-f261-482c-9185-7df8fa45a3f4 | ITER: 75 START
2019-11-26 15:18:47.612 27801 INFO rally.task.runner [-] Task e826c3d6-f261-482c-9185-7df8fa45a3f4 | ITER: 60 END: OK
2019-11-26 15:18:47.616 27801 INFO rally.task.runner [-] Task e826c3d6-f261-482c-9185-7df8fa45a3f4 | ITER: 76 START
2019-11-26 15:18:47.681 27809 INFO rally.task.runner [-] Task e826c3d6-f261-482c-9185-7df8fa45a3f4 | ITER: 49 END: OK
2019-11-26 15:18:47.683 27809 INFO rally.task.runner [-] Task e826c3d6-f261-482c-9185-7df8fa45a3f4 | ITER: 77 START
2019-11-26 15:18:47.780 27800 INFO rally.task.runner [-] Task e826c3d6-f261-482c-9185-7df8fa45a3f4 | ITER: 55 END: OK
2019-11-26 15:18:47.783 27800 INFO rally.task.runner [-] Task e826c3d6-f261-482c-9185-7df8fa45a3f4 | ITER: 78 START
2019-11-26 15:18:47.847 27805 INFO rally.task.runner [-] Task e826c3d6-f261-482c-9185-7df8fa45a3f4 | ITER: 65 END: OK
2019-11-26 15:18:47.850 27805 INFO rally.task.runner [-] Task e826c3d6-f261-482c-9185-7df8fa45a3f4 | ITER: 79 START
2019-11-26 15:18:47.907 27838 INFO rally.task.runner [-] Task e826c3d6-f261-482c-9185-7df8fa45a3f4 | ITER: 63 END: OK
2019-11-26 15:18:47.910 27838 INFO rally.task.runner [-] Task e826c3d6-f261-482c-9185-7df8fa45a3f4 | ITER: 80 START
2019-11-26 15:18:48.068 27801 INFO rally.task.runner [-] Task e826c3d6-f261-482c-9185-7df8fa45a3f4 | ITER: 64 END: OK
2019-11-26 15:18:48.071 27801 INFO rally.task.runner [-] Task e826c3d6-f261-482c-9185-7df8fa45a3f4 | ITER: 81 START
2019-11-26 15:18:48.245 27835 INFO rally.task.runner [-] Task e826c3d6-f261-482c-9185-7df8fa45a3f4 | ITER: 71 END: OK
2019-11-26 15:18:48.248 27835 INFO rally.task.runner [-] Task e826c3d6-f261-482c-9185-7df8fa45a3f4 | ITER: 82 START
2019-11-26 15:18:48.310 27828 INFO rally.task.runner [-] Task e826c3d6-f261-482c-9185-7df8fa45a3f4 | ITER: 67 END: OK
2019-11-26 15:18:48.311 27805 INFO rally.task.runner [-] Task e826c3d6-f261-482c-9185-7df8fa45a3f4 | ITER: 57 END: OK
2019-11-26 15:18:48.313 27828 INFO rally.task.runner [-] Task e826c3d6-f261-482c-9185-7df8fa45a3f4 | ITER: 83 START
2019-11-26 15:18:48.314 27802 INFO rally.task.runner [-] Task e826c3d6-f261-482c-9185-7df8fa45a3f4 | ITER: 46 END: OK
2019-11-26 15:18:48.314 27805 INFO rally.task.runner [-] Task e826c3d6-f261-482c-9185-7df8fa45a3f4 | ITER: 84 START
2019-11-26 15:18:48.317 27802 INFO rally.task.runner [-] Task e826c3d6-f261-482c-9185-7df8fa45a3f4 | ITER: 85 START
2019-11-26 15:18:48.364 27822 INFO rally.task.runner [-] Task e826c3d6-f261-482c-9185-7df8fa45a3f4 | ITER: 66 END: OK
2019-11-26 15:18:48.367 27822 INFO rally.task.runner [-] Task e826c3d6-f261-482c-9185-7df8fa45a3f4 | ITER: 86 START
2019-11-26 15:18:48.419 27802 INFO rally.task.runner [-] Task e826c3d6-f261-482c-9185-7df8fa45a3f4 | ITER: 70 END: OK
2019-11-26 15:18:48.422 27802 INFO rally.task.runner [-] Task e826c3d6-f261-482c-9185-7df8fa45a3f4 | ITER: 87 START
2019-11-26 15:18:48.447 27818 INFO rally.task.runner [-] Task e826c3d6-f261-482c-9185-7df8fa45a3f4 | ITER: 61 END: OK
2019-11-26 15:18:48.450 27818 INFO rally.task.runner [-] Task e826c3d6-f261-482c-9185-7df8fa45a3f4 | ITER: 88 START
2019-11-26 15:18:48.524 27846 INFO rally.task.runner [-] Task e826c3d6-f261-482c-9185-7df8fa45a3f4 | ITER: 73 END: OK
2019-11-26 15:18:48.527 27846 INFO rally.task.runner [-] Task e826c3d6-f261-482c-9185-7df8fa45a3f4 | ITER: 89 START
2019-11-26 15:18:48.550 27833 INFO rally.task.runner [-] Task e826c3d6-f261-482c-9185-7df8fa45a3f4 | ITER: 69 END: OK
2019-11-26 15:18:48.554 27833 INFO rally.task.runner [-] Task e826c3d6-f261-482c-9185-7df8fa45a3f4 | ITER: 90 START
2019-11-26 15:18:48.650 27841 INFO rally.task.runner [-] Task e826c3d6-f261-482c-9185-7df8fa45a3f4 | ITER: 72 END: OK
2019-11-26 15:18:48.653 27841 INFO rally.task.runner [-] Task e826c3d6-f261-482c-9185-7df8fa45a3f4 | ITER: 91 START
2019-11-26 15:18:48.855 27801 INFO rally.task.runner [-] Task e826c3d6-f261-482c-9185-7df8fa45a3f4 | ITER: 76 END: OK
2019-11-26 15:18:48.858 27801 INFO rally.task.runner [-] Task e826c3d6-f261-482c-9185-7df8fa45a3f4 | ITER: 92 START
2019-11-26 15:18:48.990 27824 INFO rally.task.runner [-] Task e826c3d6-f261-482c-9185-7df8fa45a3f4 | ITER: 74 END: OK
2019-11-26 15:18:48.993 27824 INFO rally.task.runner [-] Task e826c3d6-f261-482c-9185-7df8fa45a3f4 | ITER: 93 START
2019-11-26 15:18:49.031 27800 INFO rally.task.runner [-] Task e826c3d6-f261-482c-9185-7df8fa45a3f4 | ITER: 62 END: OK
2019-11-26 15:18:49.034 27800 INFO rally.task.runner [-] Task e826c3d6-f261-482c-9185-7df8fa45a3f4 | ITER: 94 START
2019-11-26 15:18:49.041 27805 INFO rally.task.runner [-] Task e826c3d6-f261-482c-9185-7df8fa45a3f4 | ITER: 79 END: OK
2019-11-26 15:18:49.044 27805 INFO rally.task.runner [-] Task e826c3d6-f261-482c-9185-7df8fa45a3f4 | ITER: 95 START
2019-11-26 15:18:49.071 27813 INFO rally.task.runner [-] Task e826c3d6-f261-482c-9185-7df8fa45a3f4 | ITER: 68 END: OK
2019-11-26 15:18:49.074 27813 INFO rally.task.runner [-] Task e826c3d6-f261-482c-9185-7df8fa45a3f4 | ITER: 96 START
2019-11-26 15:18:49.103 27843 INFO rally.task.runner [-] Task e826c3d6-f261-482c-9185-7df8fa45a3f4 | ITER: 75 END: OK
2019-11-26 15:18:49.106 27843 INFO rally.task.runner [-] Task e826c3d6-f261-482c-9185-7df8fa45a3f4 | ITER: 97 START
2019-11-26 15:18:49.170 27801 INFO rally.task.runner [-] Task e826c3d6-f261-482c-9185-7df8fa45a3f4 | ITER: 81 END: OK
2019-11-26 15:18:49.174 27801 INFO rally.task.runner [-] Task e826c3d6-f261-482c-9185-7df8fa45a3f4 | ITER: 98 START
2019-11-26 15:18:49.313 27802 INFO rally.task.runner [-] Task e826c3d6-f261-482c-9185-7df8fa45a3f4 | ITER: 85 END: OK
2019-11-26 15:18:49.317 27802 INFO rally.task.runner [-] Task e826c3d6-f261-482c-9185-7df8fa45a3f4 | ITER: 99 START
2019-11-26 15:18:49.341 27800 INFO rally.task.runner [-] Task e826c3d6-f261-482c-9185-7df8fa45a3f4 | ITER: 78 END: OK
2019-11-26 15:18:49.343 27800 INFO rally.task.runner [-] Task e826c3d6-f261-482c-9185-7df8fa45a3f4 | ITER: 100 START
2019-11-26 15:18:49.371 27835 INFO rally.task.runner [-] Task e826c3d6-f261-482c-9185-7df8fa45a3f4 | ITER: 82 END: OK
2019-11-26 15:18:49.508 27833 INFO rally.task.runner [-] Task e826c3d6-f261-482c-9185-7df8fa45a3f4 | ITER: 90 END: OK
2019-11-26 15:18:49.619 27838 INFO rally.task.runner [-] Task e826c3d6-f261-482c-9185-7df8fa45a3f4 | ITER: 80 END: OK
2019-11-26 15:18:49.651 27809 INFO rally.task.runner [-] Task e826c3d6-f261-482c-9185-7df8fa45a3f4 | ITER: 77 END: OK
2019-11-26 15:18:49.691 27805 INFO rally.task.runner [-] Task e826c3d6-f261-482c-9185-7df8fa45a3f4 | ITER: 84 END: OK
2019-11-26 15:18:49.802 27846 INFO rally.task.runner [-] Task e826c3d6-f261-482c-9185-7df8fa45a3f4 | ITER: 89 END: OK
2019-11-26 15:18:49.863 27802 INFO rally.task.runner [-] Task e826c3d6-f261-482c-9185-7df8fa45a3f4 | ITER: 87 END: OK
2019-11-26 15:18:49.891 27818 INFO rally.task.runner [-] Task e826c3d6-f261-482c-9185-7df8fa45a3f4 | ITER: 88 END: OK
2019-11-26 15:18:49.956 27801 INFO rally.task.runner [-] Task e826c3d6-f261-482c-9185-7df8fa45a3f4 | ITER: 92 END: OK
2019-11-26 15:18:50.023 27800 INFO rally.task.runner [-] Task e826c3d6-f261-482c-9185-7df8fa45a3f4 | ITER: 94 END: OK
2019-11-26 15:18:50.090 27828 INFO rally.task.runner [-] Task e826c3d6-f261-482c-9185-7df8fa45a3f4 | ITER: 83 END: OK
2019-11-26 15:18:50.278 27841 INFO rally.task.runner [-] Task e826c3d6-f261-482c-9185-7df8fa45a3f4 | ITER: 91 END: OK
2019-11-26 15:18:50.279 27824 INFO rally.task.runner [-] Task e826c3d6-f261-482c-9185-7df8fa45a3f4 | ITER: 93 END: OK
2019-11-26 15:18:50.305 27813 INFO rally.task.runner [-] Task e826c3d6-f261-482c-9185-7df8fa45a3f4 | ITER: 96 END: OK
2019-11-26 15:18:50.375 27800 INFO rally.task.runner [-] Task e826c3d6-f261-482c-9185-7df8fa45a3f4 | ITER: 100 END: OK
2019-11-26 15:18:50.400 27843 INFO rally.task.runner [-] Task e826c3d6-f261-482c-9185-7df8fa45a3f4 | ITER: 97 END: OK
2019-11-26 15:18:50.494 27822 INFO rally.task.runner [-] Task e826c3d6-f261-482c-9185-7df8fa45a3f4 | ITER: 86 END: OK
2019-11-26 15:18:50.553 27802 INFO rally.task.runner [-] Task e826c3d6-f261-482c-9185-7df8fa45a3f4 | ITER: 99 END: OK
2019-11-26 15:18:50.620 27801 INFO rally.task.runner [-] Task e826c3d6-f261-482c-9185-7df8fa45a3f4 | ITER: 98 END: OK
2019-11-26 15:18:50.670 27805 INFO rally.task.runner [-] Task e826c3d6-f261-482c-9185-7df8fa45a3f4 | ITER: 95 END: OK
2019-11-26 15:18:50.698 27676 INFO rally.task.context [-] Task e826c3d6-f261-482c-9185-7df8fa45a3f4 | Context cleanup@openstack cleanup() started
2019-11-26 15:18:50.701 27676 RALLYDEBUG rally_openstack.cleanup.manager [-] Cleaning up neutron vip objects
2019-11-26 15:18:51.073 27676 RALLYDEBUG rally_openstack.cleanup.manager [-] Cleaning up neutron health_monitor objects
2019-11-26 15:18:51.460 27676 RALLYDEBUG rally_openstack.cleanup.manager [-] Cleaning up neutron pool objects
2019-11-26 15:18:51.836 27676 RALLYDEBUG rally_openstack.cleanup.manager [-] Cleaning up neutron loadbalancer objects
2019-11-26 15:18:52.216 27676 RALLYDEBUG rally_openstack.cleanup.manager [-] Cleaning up neutron floatingip objects
2019-11-26 15:18:52.647 27676 RALLYDEBUG rally_openstack.cleanup.manager [-] Cleaning up neutron trunk objects
2019-11-26 15:18:53.033 27676 RALLYDEBUG rally_openstack.cleanup.manager [-] Cleaning up neutron port objects
2019-11-26 15:18:53.435 27676 RALLYDEBUG rally_openstack.cleanup.manager [-] Cleaning up neutron subnet objects
2019-11-26 15:18:53.838 27676 RALLYDEBUG rally_openstack.cleanup.manager [-] Cleaning up neutron network objects
2019-11-26 15:18:54.528 27676 RALLYDEBUG rally_openstack.cleanup.manager [-] Deleting neutron.network object s_rally_e6d21446_3LFwImZn (014bd1cd-5ef1-41dc-88ad-97b1a33f6925)
2019-11-26 15:18:54.538 27676 RALLYDEBUG rally_openstack.cleanup.manager [-] Deleting neutron.network object s_rally_e6d21446_HxSVTLei (021c260e-a89e-441c-8817-94e97bd9589b)
2019-11-26 15:18:54.547 27676 RALLYDEBUG rally_openstack.cleanup.manager [-] Deleting neutron.network object s_rally_e6d21446_JwdSEidm (04b22781-dfa2-4f25-9f96-4b4d6d74a62b)
2019-11-26 15:18:54.557 27676 RALLYDEBUG rally_openstack.cleanup.manager [-] Deleting neutron.network object s_rally_e6d21446_j4Yd24Vf (059c8bc3-8427-4185-8439-e46c76361d68)
2019-11-26 15:18:54.572 27676 RALLYDEBUG rally_openstack.cleanup.manager [-] Deleting neutron.network object s_rally_e6d21446_TjYggmzY (072130c5-a1a5-4f77-b3b5-2ce7f095f6d4)
2019-11-26 15:18:54.577 27676 RALLYDEBUG rally_openstack.cleanup.manager [-] Deleting neutron.network object s_rally_e6d21446_CCASVegu (08a9261d-de34-4abd-8ffc-57179013746c)
2019-11-26 15:18:54.589 27676 RALLYDEBUG rally_openstack.cleanup.manager [-] Deleting neutron.network object s_rally_e6d21446_DsEquN4U (0bbc2f58-e865-440e-81bf-782bceceff19)
2019-11-26 15:18:54.603 27676 RALLYDEBUG rally_openstack.cleanup.manager [-] Deleting neutron.network object s_rally_e6d21446_5WtBQSxF (0c3bf876-6ba3-4511-9dd8-151edf833453)
2019-11-26 15:18:54.613 27676 RALLYDEBUG rally_openstack.cleanup.manager [-] Deleting neutron.network object s_rally_e6d21446_hJeNtRVp (0c48245e-ed6c-4bda-9e45-fc1f0cb867aa)
2019-11-26 15:18:54.628 27676 RALLYDEBUG rally_openstack.cleanup.manager [-] Deleting neutron.network object s_rally_e6d21446_uIGpRtNh (0dcbedc7-611e-49bf-a2ff-fae63de04c9d)
2019-11-26 15:18:54.653 27676 RALLYDEBUG rally_openstack.cleanup.manager [-] Deleting neutron.network object s_rally_e6d21446_kuSDhWoT (0f11ecdc-de6e-4524-bb41-f25fcc738fb6)
2019-11-26 15:18:54.675 27676 RALLYDEBUG rally_openstack.cleanup.manager [-] Deleting neutron.network object s_rally_e6d21446_51Xwqs8F (0fa85fc7-ec09-4384-901a-7d262bf81fd2)
2019-11-26 15:18:54.695 27676 RALLYDEBUG rally_openstack.cleanup.manager [-] Deleting neutron.network object s_rally_e6d21446_V9sVG56K (11d93a13-2156-4a16-b58e-b341522f25a1)
2019-11-26 15:18:54.705 27676 RALLYDEBUG rally_openstack.cleanup.manager [-] Deleting neutron.network object s_rally_e6d21446_13lxdjza (12346b34-508a-44bc-8be6-efd6d711a87c)
2019-11-26 15:18:54.712 27676 RALLYDEBUG rally_openstack.cleanup.manager [-] Deleting neutron.network object s_rally_e6d21446_c1ed3Mg8 (128fecb3-2668-490e-a479-41e7410fb9c1)
2019-11-26 15:18:54.717 27676 RALLYDEBUG rally_openstack.cleanup.manager [-] Deleting neutron.network object s_rally_e6d21446_u7OyQ4IM (1359dc2d-04af-4f82-bff8-731d96aec736)
2019-11-26 15:18:54.726 27676 RALLYDEBUG rally_openstack.cleanup.manager [-] Deleting neutron.network object s_rally_e6d21446_jV14CaN5 (1d5ff536-5b94-4923-bed8-93ef89f5d578)
2019-11-26 15:18:54.738 27676 RALLYDEBUG rally_openstack.cleanup.manager [-] Deleting neutron.network object s_rally_e6d21446_Wnexv5pH (1eeda8a2-99a0-403f-988b-10ab5933e1e3)
2019-11-26 15:18:54.749 27676 RALLYDEBUG rally_openstack.cleanup.manager [-] Deleting neutron.network object s_rally_e6d21446_0sYWRxj8 (23968e03-2af8-4109-8081-c1f08c190fbc)
2019-11-26 15:18:54.761 27676 RALLYDEBUG rally_openstack.cleanup.manager [-] Deleting neutron.network object s_rally_e6d21446_uZyVUHX1 (248cde74-c05f-4230-9e36-05f91fa5c5d2)
2019-11-26 15:18:56.867 27676 RALLYDEBUG rally_openstack.cleanup.manager [-] Deleting neutron.network object s_rally_e6d21446_fsGWFfqU (27c97f6f-e404-408f-9f61-0060a87e3176)
2019-11-26 15:18:56.940 27676 RALLYDEBUG rally_openstack.cleanup.manager [-] Deleting neutron.network object s_rally_e6d21446_j2MuHIXy (2898df46-7b92-4acd-9a8d-71989f4b82df)
2019-11-26 15:18:56.955 27676 RALLYDEBUG rally_openstack.cleanup.manager [-] Deleting neutron.network object s_rally_e6d21446_y6VlblrK (2d15de89-8e00-481e-a627-132a68e4ae18)
2019-11-26 15:18:57.064 27676 RALLYDEBUG rally_openstack.cleanup.manager [-] Deleting neutron.network object s_rally_e6d21446_treop6eP (30e743d3-d8cd-4528-a622-7164919d7b37)
2019-11-26 15:18:57.073 27676 RALLYDEBUG rally_openstack.cleanup.manager [-] Deleting neutron.network object s_rally_e6d21446_LjGE3WBg (31c3b129-5b32-4900-a75e-dcbea440ed7a)
2019-11-26 15:18:57.250 27676 RALLYDEBUG rally_openstack.cleanup.manager [-] Deleting neutron.network object s_rally_e6d21446_U2GHIe2f (335af310-a5d9-405a-98a2-84afa317ce10)
2019-11-26 15:18:57.292 27676 RALLYDEBUG rally_openstack.cleanup.manager [-] Deleting neutron.network object s_rally_e6d21446_oLAU8VkK (3860184a-7272-46a3-87c5-2ce4907b64b9)
2019-11-26 15:18:57.327 27676 RALLYDEBUG rally_openstack.cleanup.manager [-] Deleting neutron.network object s_rally_e6d21446_CU9uW8Bm (3c61fb1f-8951-4e20-9326-90803025f7a6)
2019-11-26 15:18:57.382 27676 RALLYDEBUG rally_openstack.cleanup.manager [-] Deleting neutron.network object s_rally_e6d21446_rYcmebo5 (40e91a08-1c32-44a7-bfc4-06016b1bcdec)
2019-11-26 15:18:57.387 27676 RALLYDEBUG rally_openstack.cleanup.manager [-] Deleting neutron.network object s_rally_e6d21446_Nm49WVNj (42778657-1589-4d29-8a58-66f57b170e9d)
2019-11-26 15:18:57.392 27676 RALLYDEBUG rally_openstack.cleanup.manager [-] Deleting neutron.network object s_rally_e6d21446_vSgBtcSt (42cf7f4a-4e7f-48d8-88bd-74b0f45a3876)
2019-11-26 15:18:57.395 27676 RALLYDEBUG rally_openstack.cleanup.manager [-] Deleting neutron.network object s_rally_e6d21446_lgCEvQp7 (4468638c-8d68-4419-8020-3afce65a6a98)
2019-11-26 15:18:57.414 27676 RALLYDEBUG rally_openstack.cleanup.manager [-] Deleting neutron.network object s_rally_e6d21446_P5nTMN3k (4687fc41-37cb-4812-8ab8-97725fda7119)
2019-11-26 15:18:57.421 27676 RALLYDEBUG rally_openstack.cleanup.manager [-] Deleting neutron.network object s_rally_e6d21446_hN5uEmOt (49b9c8c4-9f50-420a-a837-cfd8c1a3137b)
2019-11-26 15:18:57.427 27676 RALLYDEBUG rally_openstack.cleanup.manager [-] Deleting neutron.network object s_rally_e6d21446_zC4bIZBR (4bff82b6-9a12-44d0-904f-5e79076c6db7)
2019-11-26 15:18:57.456 27676 RALLYDEBUG rally_openstack.cleanup.manager [-] Deleting neutron.network object s_rally_e6d21446_iFB5z4E7 (4d074c23-f54c-460f-b0dc-2ad0ff8712cf)
2019-11-26 15:18:57.465 27676 RALLYDEBUG rally_openstack.cleanup.manager [-] Deleting neutron.network object s_rally_e6d21446_BxwSmjed (588757f1-453d-4ab3-a16f-ff94ef6c8af8)
2019-11-26 15:18:57.487 27676 RALLYDEBUG rally_openstack.cleanup.manager [-] Deleting neutron.network object s_rally_e6d21446_raDGcXAl (58bc7d96-74f1-48f6-9d94-cbe02c8bb44e)
2019-11-26 15:18:57.726 27676 RALLYDEBUG rally_openstack.cleanup.manager [-] Deleting neutron.network object s_rally_e6d21446_kuLFH2X1 (5a7b7eee-a17b-4025-95e0-bc868891fc45)
2019-11-26 15:18:57.758 27676 RALLYDEBUG rally_openstack.cleanup.manager [-] Deleting neutron.network object s_rally_e6d21446_gpc4Tz7y (5d7325fa-54bd-404b-a160-dd7899932b45)
2019-11-26 15:18:58.794 27676 RALLYDEBUG rally_openstack.cleanup.manager [-] Deleting neutron.network object s_rally_e6d21446_C7wuuaDH (5f4ae510-ca98-436b-8d50-dd67183c69f8)
2019-11-26 15:18:58.949 27676 RALLYDEBUG rally_openstack.cleanup.manager [-] Deleting neutron.network object s_rally_e6d21446_JDif1Z0w (5f531c78-ea46-4b1e-9de6-b25bdccfc90e)
2019-11-26 15:18:59.162 27676 RALLYDEBUG rally_openstack.cleanup.manager [-] Deleting neutron.network object s_rally_e6d21446_rRgXMSTn (62fd8f97-0311-4ca5-a760-449e3f5e9a0a)
2019-11-26 15:18:59.213 27676 RALLYDEBUG rally_openstack.cleanup.manager [-] Deleting neutron.network object s_rally_e6d21446_17MFDq8I (63d5641b-7687-495c-a2c1-a2004daedf2c)
2019-11-26 15:18:59.330 27676 RALLYDEBUG rally_openstack.cleanup.manager [-] Deleting neutron.network object s_rally_e6d21446_iuNUzMCc (66d4aee7-17c9-497d-ba3e-68c4e27c9056)
2019-11-26 15:18:59.453 27676 RALLYDEBUG rally_openstack.cleanup.manager [-] Deleting neutron.network object s_rally_e6d21446_rHxF9bm8 (6a75b7fb-42de-4dd7-a3fc-75fd7eb7382b)
2019-11-26 15:18:59.530 27676 RALLYDEBUG rally_openstack.cleanup.manager [-] Deleting neutron.network object s_rally_e6d21446_fNt4k2wi (723f8cf6-b893-469d-906e-2f95813f947e)
2019-11-26 15:18:59.547 27676 RALLYDEBUG rally_openstack.cleanup.manager [-] Deleting neutron.network object s_rally_e6d21446_BxqZarJV (73059766-6312-406d-a584-b79f1d19df89)
2019-11-26 15:18:59.576 27676 RALLYDEBUG rally_openstack.cleanup.manager [-] Deleting neutron.network object s_rally_e6d21446_XUIjqDZO (7e331067-98fe-48cc-aa5b-5dcf9c759107)
2019-11-26 15:18:59.682 27676 RALLYDEBUG rally_openstack.cleanup.manager [-] Deleting neutron.network object s_rally_e6d21446_ICOqQsYq (8510f542-2908-4232-bb41-2138ab7ecfa2)
2019-11-26 15:18:59.806 27676 RALLYDEBUG rally_openstack.cleanup.manager [-] Deleting neutron.network object s_rally_e6d21446_iXdEBmx7 (87209fee-bbf8-408a-96ed-f57c79ab2232)
2019-11-26 15:18:59.838 27676 RALLYDEBUG rally_openstack.cleanup.manager [-] Deleting neutron.network object s_rally_e6d21446_HATrI8e1 (90e230b9-6b6f-4d6d-b59b-c977a526b4ee)
2019-11-26 15:18:59.873 27676 RALLYDEBUG rally_openstack.cleanup.manager [-] Deleting neutron.network object s_rally_e6d21446_4p7UqkwD (9314d9da-ca39-4dad-a520-83b007a44155)
2019-11-26 15:19:00.080 27676 RALLYDEBUG rally_openstack.cleanup.manager [-] Deleting neutron.network object s_rally_e6d21446_7mqlMpBo (9322d92d-e7e9-4952-adf1-9bbe3b1c548b)
2019-11-26 15:19:00.123 27676 RALLYDEBUG rally_openstack.cleanup.manager [-] Deleting neutron.network object s_rally_e6d21446_HGGC3w9n (95898db5-712c-4791-8311-97fc2724eb75)
2019-11-26 15:19:00.148 27676 RALLYDEBUG rally_openstack.cleanup.manager [-] Deleting neutron.network object s_rally_e6d21446_jSjOJkUM (96a94902-4b6f-47d3-907e-96a9546e4a8a)
2019-11-26 15:19:00.179 27676 RALLYDEBUG rally_openstack.cleanup.manager [-] Deleting neutron.network object s_rally_e6d21446_QlRS5nH4 (9dcfcea3-e93d-4a09-b5eb-dcdefd3c2cf5)
2019-11-26 15:19:00.189 27676 RALLYDEBUG rally_openstack.cleanup.manager [-] Deleting neutron.network object s_rally_e6d21446_Ye8Svali (9ee8ce43-0c6d-428b-a881-1af020f7bce5)
2019-11-26 15:19:00.197 27676 RALLYDEBUG rally_openstack.cleanup.manager [-] Deleting neutron.network object s_rally_e6d21446_qsq6Ql46 (9f89a835-093e-4dee-bf89-400cc2fe46e7)
2019-11-26 15:19:00.272 27676 RALLYDEBUG rally_openstack.cleanup.manager [-] Deleting neutron.network object s_rally_e6d21446_1nEdioF3 (9fa6ca49-2982-41c0-ae56-724b5b6a6597)
2019-11-26 15:19:00.802 27676 RALLYDEBUG rally_openstack.cleanup.manager [-] Deleting neutron.network object s_rally_e6d21446_Y7BVQwHy (a4421600-b18d-4f75-b8de-71e452db64c3)
2019-11-26 15:19:00.852 27676 RALLYDEBUG rally_openstack.cleanup.manager [-] Deleting neutron.network object s_rally_e6d21446_nVufkGh1 (a8f3e555-34ff-4aef-b8af-d38101498875)
2019-11-26 15:19:01.293 27676 RALLYDEBUG rally_openstack.cleanup.manager [-] Deleting neutron.network object s_rally_e6d21446_1BuH7QLn (aa11bfcd-99f1-41a8-b740-7e95af0bf351)
2019-11-26 15:19:01.340 27676 RALLYDEBUG rally_openstack.cleanup.manager [-] Deleting neutron.network object s_rally_e6d21446_gPcvmZ27 (aad1eb21-1a23-431b-a70b-2997abf0fec2)
2019-11-26 15:19:01.457 27676 RALLYDEBUG rally_openstack.cleanup.manager [-] Deleting neutron.network object s_rally_e6d21446_wOfINia8 (ab75f0ee-23aa-4ef3-9a6e-9ccce7f0e959)
2019-11-26 15:19:01.530 27676 RALLYDEBUG rally_openstack.cleanup.manager [-] Deleting neutron.network object s_rally_e6d21446_ZcUZpswU (aef66a91-9059-40ce-82ef-20e6a44b4f69)
2019-11-26 15:19:01.547 27676 RALLYDEBUG rally_openstack.cleanup.manager [-] Deleting neutron.network object s_rally_e6d21446_lx5PzFe3 (b480526f-dec4-44b0-a4ef-7d5d65d2e94f)
2019-11-26 15:19:01.779 27676 RALLYDEBUG rally_openstack.cleanup.manager [-] Deleting neutron.network object s_rally_e6d21446_SqKocbAD (b6270fc3-46d6-4627-93be-87b89533f2a6)
2019-11-26 15:19:01.790 27676 RALLYDEBUG rally_openstack.cleanup.manager [-] Deleting neutron.network object s_rally_e6d21446_Hl9T6lk7 (b934f49a-e24c-4073-9d26-146b2c55856d)
2019-11-26 15:19:01.813 27676 RALLYDEBUG rally_openstack.cleanup.manager [-] Deleting neutron.network object s_rally_e6d21446_KE8u1tAk (b99e10ce-2eee-472d-a78e-d6f973a7981a)
2019-11-26 15:19:01.859 27676 RALLYDEBUG rally_openstack.cleanup.manager [-] Deleting neutron.network object s_rally_e6d21446_f6cXjLO4 (ba83f71f-7fd0-475c-b6fa-b74e9f6c408d)
2019-11-26 15:19:02.024 27676 RALLYDEBUG rally_openstack.cleanup.manager [-] Deleting neutron.network object s_rally_e6d21446_TyIRjUj4 (c1630b27-e5f9-4f61-87d8-f9f200a6221e)
2019-11-26 15:19:02.088 27676 RALLYDEBUG rally_openstack.cleanup.manager [-] Deleting neutron.network object s_rally_e6d21446_iual2Rko (c37c5bf2-5d2e-4824-ad92-f42431fb525d)
2019-11-26 15:19:02.099 27676 RALLYDEBUG rally_openstack.cleanup.manager [-] Deleting neutron.network object s_rally_e6d21446_kX4NfcQX (c8995f3b-c1ed-43e2-94be-0c1ee1fa9acd)
2019-11-26 15:19:02.145 27676 RALLYDEBUG rally_openstack.cleanup.manager [-] Deleting neutron.network object s_rally_e6d21446_xKbzlbvG (cb197a58-bb4b-4992-93e8-8e91e5b217f1)
2019-11-26 15:19:02.196 27676 RALLYDEBUG rally_openstack.cleanup.manager [-] Deleting neutron.network object s_rally_e6d21446_hQo21Kxt (cfff86b8-bc43-4201-98ba-ec8fe75cf867)
2019-11-26 15:19:02.324 27676 RALLYDEBUG rally_openstack.cleanup.manager [-] Deleting neutron.network object s_rally_e6d21446_BU5MiKRa (d2ed40ae-acd6-4fc9-8156-33ce37d5e9f8)
2019-11-26 15:19:02.337 27676 RALLYDEBUG rally_openstack.cleanup.manager [-] Deleting neutron.network object s_rally_e6d21446_fiQGCU36 (d35bda73-1cc1-468f-be68-00e8fd2ad5f1)
2019-11-26 15:19:02.666 27676 RALLYDEBUG rally_openstack.cleanup.manager [-] Deleting neutron.network object s_rally_e6d21446_JUNt1R7W (d651d9e7-ab39-4b82-89df-24dfdda1169f)
2019-11-26 15:19:02.723 27676 RALLYDEBUG rally_openstack.cleanup.manager [-] Deleting neutron.network object s_rally_e6d21446_PviPIR5A (d9cf1d70-3d6b-4f06-9733-5d1c990c2429)
2019-11-26 15:19:02.734 27676 RALLYDEBUG rally_openstack.cleanup.manager [-] Deleting neutron.network object s_rally_e6d21446_nV1iO8fr (d9fb3728-28fc-4c23-a118-bdcad5fdeb50)
2019-11-26 15:19:02.870 27676 RALLYDEBUG rally_openstack.cleanup.manager [-] Deleting neutron.network object s_rally_e6d21446_loufZ2Eh (daa50262-4a54-4a27-b6ea-dafd2f3bcf10)
2019-11-26 15:19:03.175 27676 RALLYDEBUG rally_openstack.cleanup.manager [-] Deleting neutron.network object s_rally_e6d21446_grY7QRsz (db832802-9aac-43bc-ba15-98d5b959dbaa)
2019-11-26 15:19:03.203 27676 RALLYDEBUG rally_openstack.cleanup.manager [-] Deleting neutron.network object s_rally_e6d21446_4eumzD4i (dcfb0911-c199-4153-9551-7e0f2d1598d2)
2019-11-26 15:19:03.289 27676 RALLYDEBUG rally_openstack.cleanup.manager [-] Deleting neutron.network object s_rally_e6d21446_xcVJoae7 (dfd4fdd3-8ddc-4ad4-bd78-022ea24bed03)
2019-11-26 15:19:03.411 27676 RALLYDEBUG rally_openstack.cleanup.manager [-] Deleting neutron.network object s_rally_e6d21446_D551Wtiq (e58abbb9-7257-49c3-9fca-979ba679745e)
2019-11-26 15:19:03.705 27676 RALLYDEBUG rally_openstack.cleanup.manager [-] Deleting neutron.network object s_rally_e6d21446_drMJyWJY (e5f4d7ab-c0bb-4c4a-87b0-9aad579558c8)
2019-11-26 15:19:03.730 27676 RALLYDEBUG rally_openstack.cleanup.manager [-] Deleting neutron.network object s_rally_e6d21446_nN4q065G (e7032f27-293a-44c7-a401-4a3330ddefed)
2019-11-26 15:19:03.750 27676 RALLYDEBUG rally_openstack.cleanup.manager [-] Deleting neutron.network object s_rally_e6d21446_Q8SUY7G0 (e7042540-ad2c-4fc1-9953-e1cd52a0db77)
2019-11-26 15:19:03.754 27676 RALLYDEBUG rally_openstack.cleanup.manager [-] Deleting neutron.network object s_rally_e6d21446_0TQpPs88 (e892aeb6-3e03-4142-8917-e8ce613dd472)
2019-11-26 15:19:03.940 27676 RALLYDEBUG rally_openstack.cleanup.manager [-] Deleting neutron.network object s_rally_e6d21446_9YP6yh6z (ea67fa10-d064-43ec-9140-f968416ae750)
2019-11-26 15:19:04.188 27676 RALLYDEBUG rally_openstack.cleanup.manager [-] Deleting neutron.network object s_rally_e6d21446_7G5ix78p (ed217450-624a-42fd-97aa-5e1e3f3245d0)
2019-11-26 15:19:04.270 27676 RALLYDEBUG rally_openstack.cleanup.manager [-] Deleting neutron.network object s_rally_e6d21446_iAt5pAvY (edbe5d0c-8dcd-4608-b10d-8eb86b5919cc)
2019-11-26 15:19:04.286 27676 RALLYDEBUG rally_openstack.cleanup.manager [-] Deleting neutron.network object s_rally_e6d21446_JDTKIx0a (ede0dc7c-9290-4298-8c2e-6113f6989547)
2019-11-26 15:19:04.382 27676 RALLYDEBUG rally_openstack.cleanup.manager [-] Deleting neutron.network object s_rally_e6d21446_hFc5pB6F (ee45bec4-acaf-4fc0-b5a2-cdb0abdf7d69)
2019-11-26 15:19:04.437 27676 RALLYDEBUG rally_openstack.cleanup.manager [-] Deleting neutron.network object s_rally_e6d21446_q8Pq1kiZ (ef1f6710-c81b-4b44-9e78-90996461488f)
2019-11-26 15:19:04.487 27676 RALLYDEBUG rally_openstack.cleanup.manager [-] Deleting neutron.network object s_rally_e6d21446_q36zVLK0 (ef2ac10a-3500-47f5-bc56-ae4e2ad584bd)
