2019-11-26 15:22:50.199 29887 RALLYDEBUG rally.task.runner [-] Starting a worker. times: 40 duration: None concurrency: 1 timeout: 0 cls: method_name: run args: {"network_create_args": {}, "subnet_create_args": {}, "subnet_cidr_start": "1.1.0.0/30", "subnets_per_network": 2}
2019-11-26 15:22:50.200 29878 WARNING rally_openstack.scenarios.neutron.utils [-] Running this scenario without either the 'network' or 'existing_network' context is deprecated
2019-11-26 15:22:50.199 29874 WARNING rally_openstack.scenarios.neutron.utils [-] Running this scenario without either the 'network' or 'existing_network' context is deprecated
2019-11-26 15:22:50.201 29883 INFO rally.task.runner [-] Task e826c3d6-f261-482c-9185-7df8fa45a3f4 | ITER: 10 START
2019-11-26 15:22:50.202 29883 WARNING rally_openstack.scenarios.neutron.utils [-] Running this scenario without either the 'network' or 'existing_network' context is deprecated
2019-11-26 15:22:50.202 29891 RALLYDEBUG rally.task.runner [-] Starting a worker. times: 40 duration: None concurrency: 1 timeout: 0 cls: method_name: run args: {"network_create_args": {}, "subnet_create_args": {}, "subnet_cidr_start": "1.1.0.0/30", "subnets_per_network": 2}
2019-11-26 15:22:50.190 29870 WARNING rally_openstack.scenarios.neutron.utils [-] Running this scenario without either the 'network' or 'existing_network' context is deprecated
2019-11-26 15:22:50.205 29887 INFO rally.task.runner [-] Task e826c3d6-f261-482c-9185-7df8fa45a3f4 | ITER: 11 START
2019-11-26 15:22:50.200 29874 WARNING rally_openstack.scenarios.neutron.utils [-] Running this scenario without either the 'network' or 'existing_network' context is deprecated
2019-11-26 15:22:50.206 29894 RALLYDEBUG rally.task.runner [-] Starting a worker. times: 40 duration: None concurrency: 1 timeout: 0 cls: method_name: run args: {"network_create_args": {}, "subnet_create_args": {}, "subnet_cidr_start": "1.1.0.0/30", "subnets_per_network": 2}
2019-11-26 15:22:50.193 29871 INFO rally.task.runner [-] Task e826c3d6-f261-482c-9185-7df8fa45a3f4 | ITER: 5 START
2019-11-26 15:22:50.207 29887 WARNING rally_openstack.scenarios.neutron.utils [-] Running this scenario without either the 'network' or 'existing_network' context is deprecated
2019-11-26 15:22:50.208 29891 INFO rally.task.runner [-] Task e826c3d6-f261-482c-9185-7df8fa45a3f4 | ITER: 12 START
2019-11-26 15:22:50.208 29871 WARNING rally_openstack.scenarios.neutron.utils [-] Running this scenario without either the 'network' or 'existing_network' context is deprecated
2019-11-26 15:22:50.210 29891 WARNING rally_openstack.scenarios.neutron.utils [-] Running this scenario without either the 'network' or 'existing_network' context is deprecated
2019-11-26 15:22:50.210 29897 RALLYDEBUG rally.task.runner [-] Starting a worker. times: 40 duration: None concurrency: 1 timeout: 0 cls: method_name: run args: {"network_create_args": {}, "subnet_create_args": {}, "subnet_cidr_start": "1.1.0.0/30", "subnets_per_network": 2}
2019-11-26 15:22:50.211 29894 INFO rally.task.runner [-] Task e826c3d6-f261-482c-9185-7df8fa45a3f4 | ITER: 13 START
2019-11-26 15:22:50.196 29872 WARNING rally_openstack.scenarios.neutron.utils [-] Running this scenario without either the 'network' or 'existing_network' context is deprecated
2019-11-26 15:22:50.213 29894 WARNING rally_openstack.scenarios.neutron.utils [-] Running this scenario without either the 'network' or 'existing_network' context is deprecated
2019-11-26 15:22:50.216 29897 INFO rally.task.runner [-] Task e826c3d6-f261-482c-9185-7df8fa45a3f4 | ITER: 14 START
2019-11-26 15:22:50.217 29897 WARNING rally_openstack.scenarios.neutron.utils [-] Running this scenario without either the 'network' or 'existing_network' context is deprecated
2019-11-26 15:22:50.220 29902 RALLYDEBUG rally.task.runner [-] Starting a worker. times: 40 duration: None concurrency: 1 timeout: 0 cls: method_name: run args: {"network_create_args": {}, "subnet_create_args": {}, "subnet_cidr_start": "1.1.0.0/30", "subnets_per_network": 2}
2019-11-26 15:22:50.225 29902 INFO rally.task.runner [-] Task e826c3d6-f261-482c-9185-7df8fa45a3f4 | ITER: 15 START
2019-11-26 15:22:50.227 29902 WARNING rally_openstack.scenarios.neutron.utils [-] Running this scenario without either the 'network' or 'existing_network' context is deprecated
2019-11-26 15:22:50.229 29906 RALLYDEBUG rally.task.runner [-] Starting a worker. times: 40 duration: None concurrency: 1 timeout: 0 cls: method_name: run args: {"network_create_args": {}, "subnet_create_args": {}, "subnet_cidr_start": "1.1.0.0/30", "subnets_per_network": 2}
2019-11-26 15:22:50.235 29906 INFO rally.task.runner [-] Task e826c3d6-f261-482c-9185-7df8fa45a3f4 | ITER: 16 START
2019-11-26 15:22:50.237 29906 WARNING rally_openstack.scenarios.neutron.utils [-] Running this scenario without either the 'network' or 'existing_network' context is deprecated
2019-11-26 15:22:50.237 29908 RALLYDEBUG rally.task.runner [-] Starting a worker. times: 40 duration: None concurrency: 1 timeout: 0 cls: method_name: run args: {"network_create_args": {}, "subnet_create_args": {}, "subnet_cidr_start": "1.1.0.0/30", "subnets_per_network": 2}
2019-11-26 15:22:50.241 29908 INFO rally.task.runner [-] Task e826c3d6-f261-482c-9185-7df8fa45a3f4 | ITER: 17 START
2019-11-26 15:22:50.243 29908 WARNING rally_openstack.scenarios.neutron.utils [-] Running this scenario without either the 'network' or 'existing_network' context is deprecated
2019-11-26 15:22:50.244 29912 RALLYDEBUG rally.task.runner [-] Starting a worker. times: 40 duration: None concurrency: 1 timeout: 0 cls: method_name: run args: {"network_create_args": {}, "subnet_create_args": {}, "subnet_cidr_start": "1.1.0.0/30", "subnets_per_network": 2}
2019-11-26 15:22:50.248 29914 RALLYDEBUG rally.task.runner [-] Starting a worker. times: 40 duration: None concurrency: 1 timeout: 0 cls: method_name: run args: {"network_create_args": {}, "subnet_create_args": {}, "subnet_cidr_start": "1.1.0.0/30", "subnets_per_network": 2}
2019-11-26 15:22:50.249 29912 INFO rally.task.runner [-] Task e826c3d6-f261-482c-9185-7df8fa45a3f4 | ITER: 18 START
2019-11-26 15:22:50.251 29912 WARNING rally_openstack.scenarios.neutron.utils [-] Running this scenario without either the 'network' or 'existing_network' context is deprecated
2019-11-26 15:22:50.251 29915 RALLYDEBUG rally.task.runner [-] Starting a worker. times: 40 duration: None concurrency: 1 timeout: 0 cls: method_name: run args: {"network_create_args": {}, "subnet_create_args": {}, "subnet_cidr_start": "1.1.0.0/30", "subnets_per_network": 2}
2019-11-26 15:22:50.252 29914 INFO rally.task.runner [-] Task e826c3d6-f261-482c-9185-7df8fa45a3f4 | ITER: 19 START
2019-11-26 15:22:50.253 29914 WARNING rally_openstack.scenarios.neutron.utils [-] Running this scenario without either the 'network' or 'existing_network' context is deprecated
2019-11-26 15:22:50.255 29915 INFO rally.task.runner [-] Task e826c3d6-f261-482c-9185-7df8fa45a3f4 | ITER: 20 START
2019-11-26 15:22:50.256 29915 WARNING rally_openstack.scenarios.neutron.utils [-] Running this scenario without either the 'network' or 'existing_network' context is deprecated
2019-11-26 15:22:50.901 29894 RALLYDEBUG rally_openstack.wrappers.network [-] CIDR generated: 1.1.4.96/30
2019-11-26 15:22:50.910 29870 RALLYDEBUG rally_openstack.wrappers.network [-] CIDR generated: 1.1.4.100/30
2019-11-26 15:22:50.926 29871 RALLYDEBUG rally_openstack.wrappers.network [-] CIDR generated: 1.1.4.104/30
2019-11-26 15:22:50.958 29878 RALLYDEBUG rally_openstack.wrappers.network [-] CIDR generated: 1.1.4.108/30
2019-11-26 15:22:51.001 29883 RALLYDEBUG rally_openstack.wrappers.network [-] CIDR generated: 1.1.4.112/30
2019-11-26 15:22:51.105 29872 RALLYDEBUG rally_openstack.wrappers.network [-] CIDR generated: 1.1.4.116/30
2019-11-26 15:22:51.135 29908 RALLYDEBUG rally_openstack.wrappers.network [-] CIDR generated: 1.1.4.120/30
2019-11-26 15:22:51.257 29874 RALLYDEBUG rally_openstack.wrappers.network [-] CIDR generated: 1.1.4.124/30
2019-11-26 15:22:51.280 29915 RALLYDEBUG rally_openstack.wrappers.network [-] CIDR generated: 1.1.4.128/30
2019-11-26 15:22:51.315 29902 RALLYDEBUG rally_openstack.wrappers.network [-] CIDR generated: 1.1.4.132/30
2019-11-26 15:22:51.325 29891 RALLYDEBUG rally_openstack.wrappers.network [-] CIDR generated: 1.1.4.136/30
2019-11-26 15:22:51.573 29887 RALLYDEBUG rally_openstack.wrappers.network [-] CIDR generated: 1.1.4.140/30
2019-11-26 15:22:51.594 29871 RALLYDEBUG rally_openstack.wrappers.network [-] CIDR generated: 1.1.4.144/30
2019-11-26 15:22:51.618 29870 RALLYDEBUG rally_openstack.wrappers.network [-] CIDR generated: 1.1.4.148/30
2019-11-26 15:22:51.632 29914 RALLYDEBUG rally_openstack.wrappers.network [-] CIDR generated: 1.1.4.152/30
2019-11-26 15:22:51.635 29897 RALLYDEBUG rally_openstack.wrappers.network [-] CIDR generated: 1.1.4.156/30
2019-11-26 15:22:51.642 29874 RALLYDEBUG rally_openstack.wrappers.network [-] CIDR generated: 1.1.4.160/30
2019-11-26 15:22:51.663 29878 RALLYDEBUG rally_openstack.wrappers.network [-] CIDR generated: 1.1.4.164/30
2019-11-26 15:22:51.735 29906 RALLYDEBUG rally_openstack.wrappers.network [-] CIDR generated: 1.1.4.168/30
2019-11-26 15:22:51.809 29912 RALLYDEBUG rally_openstack.wrappers.network [-] CIDR generated: 1.1.4.172/30
2019-11-26 15:22:52.018 29908 RALLYDEBUG rally_openstack.wrappers.network [-] CIDR generated: 1.1.4.176/30
2019-11-26 15:22:52.039 29872 RALLYDEBUG rally_openstack.wrappers.network [-] CIDR generated: 1.1.4.180/30
2019-11-26 15:22:52.151 29915 RALLYDEBUG rally_openstack.wrappers.network [-] CIDR generated: 1.1.4.184/30
2019-11-26 15:22:52.176 29883 RALLYDEBUG rally_openstack.wrappers.network [-] CIDR generated: 1.1.4.188/30
2019-11-26 15:22:52.210 29870 RALLYDEBUG rally_openstack.wrappers.network [-] CIDR generated: 1.1.4.192/30
2019-11-26 15:22:52.752 29887 RALLYDEBUG rally_openstack.wrappers.network [-] CIDR generated: 1.1.4.196/30
2019-11-26 15:22:52.770 29902 RALLYDEBUG rally_openstack.wrappers.network [-] CIDR generated: 1.1.4.200/30
2019-11-26 15:22:52.911 29872 RALLYDEBUG rally_openstack.wrappers.network [-] CIDR generated: 1.1.4.204/30
2019-11-26 15:22:52.941 29871 RALLYDEBUG rally_openstack.wrappers.network [-] CIDR generated: 1.1.4.208/30
2019-11-26 15:22:53.042 29872 RALLYDEBUG rally_openstack.wrappers.network [-] CIDR generated: 1.1.4.212/30
2019-11-26 15:22:53.129 29894 RALLYDEBUG rally_openstack.wrappers.network [-] CIDR generated: 1.1.4.216/30
2019-11-26 15:22:53.197 29874 RALLYDEBUG rally_openstack.wrappers.network [-] CIDR generated: 1.1.4.220/30
2019-11-26 15:22:53.217 29871 RALLYDEBUG rally_openstack.wrappers.network [-] CIDR generated: 1.1.4.224/30
2019-11-26 15:22:53.267 29891 RALLYDEBUG rally_openstack.wrappers.network [-] CIDR generated: 1.1.4.228/30
2019-11-26 15:22:53.303 29874 RALLYDEBUG rally_openstack.wrappers.network [-] CIDR generated: 1.1.4.232/30
2019-11-26 15:22:53.309 29912 RALLYDEBUG rally_openstack.wrappers.network [-] CIDR generated: 1.1.4.236/30
2019-11-26 15:22:53.661 29914 RALLYDEBUG rally_openstack.wrappers.network [-] CIDR generated: 1.1.4.240/30
2019-11-26 15:22:53.814 29906 RALLYDEBUG rally_openstack.wrappers.network [-] CIDR generated: 1.1.4.244/30
2019-11-26 15:22:54.490 29897 RALLYDEBUG rally_openstack.wrappers.network [-] CIDR generated: 1.1.4.248/30
2019-11-26 15:22:54.805 29870 RALLYDEBUG rally_openstack.wrappers.network [-] CIDR generated: 1.1.4.252/30
2019-11-26 15:22:55.622 29878 INFO rally.task.runner [-] Task e826c3d6-f261-482c-9185-7df8fa45a3f4 | ITER: 8 END: OK
2019-11-26 15:22:55.626 29878 INFO rally.task.runner [-] Task e826c3d6-f261-482c-9185-7df8fa45a3f4 | ITER: 21 START
2019-11-26 15:22:55.627 29878 WARNING rally_openstack.scenarios.neutron.utils [-] Running this scenario without either the 'network' or 'existing_network' context is deprecated
2019-11-26 15:22:55.977 29915 INFO rally.task.runner [-] Task e826c3d6-f261-482c-9185-7df8fa45a3f4 | ITER: 20 END: OK
2019-11-26 15:22:55.981 29915 INFO rally.task.runner [-] Task e826c3d6-f261-482c-9185-7df8fa45a3f4 | ITER: 22 START
2019-11-26 15:22:55.982 29915 WARNING rally_openstack.scenarios.neutron.utils [-] Running this scenario without either the 'network' or 'existing_network' context is deprecated
2019-11-26 15:22:56.162 29871 INFO rally.task.runner [-] Task e826c3d6-f261-482c-9185-7df8fa45a3f4 | ITER: 2 END: OK
2019-11-26 15:22:56.166 29871 INFO rally.task.runner [-] Task e826c3d6-f261-482c-9185-7df8fa45a3f4 | ITER: 23 START
2019-11-26 15:22:56.167 29871 WARNING rally_openstack.scenarios.neutron.utils [-] Running this scenario without either the 'network' or 'existing_network' context is deprecated
2019-11-26 15:22:56.194 29878 RALLYDEBUG rally_openstack.wrappers.network [-] CIDR generated: 1.1.5.0/30
2019-11-26 15:22:56.644 29887 INFO rally.task.runner [-] Task e826c3d6-f261-482c-9185-7df8fa45a3f4 | ITER: 11 END: OK
2019-11-26 15:22:56.648 29887 INFO rally.task.runner [-] Task e826c3d6-f261-482c-9185-7df8fa45a3f4 | ITER: 24 START
2019-11-26 15:22:56.649 29887 WARNING rally_openstack.scenarios.neutron.utils [-] Running this scenario without either the 'network' or 'existing_network' context is deprecated
2019-11-26 15:22:56.687 29870 INFO rally.task.runner [-] Task e826c3d6-f261-482c-9185-7df8fa45a3f4 | ITER: 3 END: OK
2019-11-26 15:22:56.691 29870 INFO rally.task.runner [-] Task e826c3d6-f261-482c-9185-7df8fa45a3f4 | ITER: 25 START
2019-11-26 15:22:56.692 29870 WARNING rally_openstack.scenarios.neutron.utils [-] Running this scenario without either the 'network' or 'existing_network' context is deprecated
2019-11-26 15:22:56.700 29908 INFO rally.task.runner [-] Task e826c3d6-f261-482c-9185-7df8fa45a3f4 | ITER: 17 END: OK
2019-11-26 15:22:56.704 29908 INFO rally.task.runner [-] Task e826c3d6-f261-482c-9185-7df8fa45a3f4 | ITER: 26 START
2019-11-26 15:22:56.704 29908 WARNING rally_openstack.scenarios.neutron.utils [-] Running this scenario without either the 'network' or 'existing_network' context is deprecated
2019-11-26 15:22:56.719 29874 INFO rally.task.runner [-] Task e826c3d6-f261-482c-9185-7df8fa45a3f4 | ITER: 7 END: OK
2019-11-26 15:22:56.723 29874 INFO rally.task.runner [-] Task e826c3d6-f261-482c-9185-7df8fa45a3f4 | ITER: 27 START
2019-11-26 15:22:56.724 29874 WARNING rally_openstack.scenarios.neutron.utils [-] Running this scenario without either the 'network' or 'existing_network' context is deprecated
2019-11-26 15:22:56.783 29874 INFO rally.task.runner [-] Task e826c3d6-f261-482c-9185-7df8fa45a3f4 | ITER: 9 END: OK
2019-11-26 15:22:56.785 29874 INFO rally.task.runner [-] Task e826c3d6-f261-482c-9185-7df8fa45a3f4 | ITER: 28 START
2019-11-26 15:22:56.786 29874 WARNING rally_openstack.scenarios.neutron.utils [-] Running this scenario without either the 'network' or 'existing_network' context is deprecated
2019-11-26 15:22:56.963 29871 RALLYDEBUG rally_openstack.wrappers.network [-] CIDR generated: 1.1.5.4/30
2019-11-26 15:22:56.988 29915 RALLYDEBUG rally_openstack.wrappers.network [-] CIDR generated: 1.1.5.8/30
2019-11-26 15:22:57.002 29897 INFO rally.task.runner [-] Task e826c3d6-f261-482c-9185-7df8fa45a3f4 | ITER: 14 END: OK
2019-11-26 15:22:57.005 29897 INFO rally.task.runner [-] Task e826c3d6-f261-482c-9185-7df8fa45a3f4 | ITER: 29 START
2019-11-26 15:22:57.006 29897 WARNING rally_openstack.scenarios.neutron.utils [-] Running this scenario without either the 'network' or 'existing_network' context is deprecated
2019-11-26 15:22:57.323 29870 RALLYDEBUG rally_openstack.wrappers.network [-] CIDR generated: 1.1.5.12/30
2019-11-26 15:22:57.379 29874 RALLYDEBUG rally_openstack.wrappers.network [-] CIDR generated: 1.1.5.16/30
2019-11-26 15:22:57.421 29874 RALLYDEBUG rally_openstack.wrappers.network [-] CIDR generated: 1.1.5.20/30
2019-11-26 15:22:57.490 29887 RALLYDEBUG rally_openstack.wrappers.network [-] CIDR generated: 1.1.5.24/30
2019-11-26 15:22:57.550 29906 INFO rally.task.runner [-] Task e826c3d6-f261-482c-9185-7df8fa45a3f4 | ITER: 16 END: OK
2019-11-26 15:22:57.554 29906 INFO rally.task.runner [-] Task e826c3d6-f261-482c-9185-7df8fa45a3f4 | ITER: 30 START
2019-11-26 15:22:57.554 29906 WARNING rally_openstack.scenarios.neutron.utils [-] Running this scenario without either the 'network' or 'existing_network' context is deprecated
2019-11-26 15:22:58.033 29912 INFO rally.task.runner [-] Task e826c3d6-f261-482c-9185-7df8fa45a3f4 | ITER: 18 END: OK
2019-11-26 15:22:58.037 29912 INFO rally.task.runner [-] Task e826c3d6-f261-482c-9185-7df8fa45a3f4 | ITER: 31 START
2019-11-26 15:22:58.038 29912 WARNING rally_openstack.scenarios.neutron.utils [-] Running this scenario without either the 'network' or 'existing_network' context is deprecated
2019-11-26 15:22:58.179 29906 RALLYDEBUG rally_openstack.wrappers.network [-] CIDR generated: 1.1.5.28/30
2019-11-26 15:22:58.204 29870 INFO rally.task.runner [-] Task e826c3d6-f261-482c-9185-7df8fa45a3f4 | ITER: 1 END: OK
2019-11-26 15:22:58.207 29870 INFO rally.task.runner [-] Task e826c3d6-f261-482c-9185-7df8fa45a3f4 | ITER: 32 START
2019-11-26 15:22:58.208 29870 WARNING rally_openstack.scenarios.neutron.utils [-] Running this scenario without either the 'network' or 'existing_network' context is deprecated
2019-11-26 15:22:58.319 29897 RALLYDEBUG rally_openstack.wrappers.network [-] CIDR generated: 1.1.5.32/30
2019-11-26 15:22:58.588 29874 RALLYDEBUG rally_openstack.wrappers.network [-] CIDR generated: 1.1.5.36/30
2019-11-26 15:22:58.602 29871 RALLYDEBUG rally_openstack.wrappers.network [-] CIDR generated: 1.1.5.40/30
2019-11-26 15:22:58.657 29912 RALLYDEBUG rally_openstack.wrappers.network [-] CIDR generated: 1.1.5.44/30
2019-11-26 15:22:58.705 29874 RALLYDEBUG rally_openstack.wrappers.network [-] CIDR generated: 1.1.5.48/30
2019-11-26 15:22:58.737 29872 INFO rally.task.runner [-] Task e826c3d6-f261-482c-9185-7df8fa45a3f4 | ITER: 4 END: OK
2019-11-26 15:22:58.741 29872 INFO rally.task.runner [-] Task e826c3d6-f261-482c-9185-7df8fa45a3f4 | ITER: 33 START
2019-11-26 15:22:58.742 29872 WARNING rally_openstack.scenarios.neutron.utils [-] Running this scenario without either the 'network' or 'existing_network' context is deprecated
2019-11-26 15:22:58.808 29870 RALLYDEBUG rally_openstack.wrappers.network [-] CIDR generated: 1.1.5.52/30
2019-11-26 15:22:58.817 29902 INFO rally.task.runner [-] Task e826c3d6-f261-482c-9185-7df8fa45a3f4 | ITER: 15 END: OK
2019-11-26 15:22:58.821 29902 INFO rally.task.runner [-] Task e826c3d6-f261-482c-9185-7df8fa45a3f4 | ITER: 34 START
2019-11-26 15:22:58.822 29902 WARNING rally_openstack.scenarios.neutron.utils [-] Running this scenario without either the 'network' or 'existing_network' context is deprecated
2019-11-26 15:22:59.241 29908 RALLYDEBUG rally_openstack.wrappers.network [-] CIDR generated: 1.1.5.56/30
2019-11-26 15:22:59.254 29897 RALLYDEBUG rally_openstack.wrappers.network [-] CIDR generated: 1.1.5.60/30
2019-11-26 15:22:59.324 29902 RALLYDEBUG rally_openstack.wrappers.network [-] CIDR generated: 1.1.5.64/30
2019-11-26 15:22:59.828 29870 RALLYDEBUG rally_openstack.wrappers.network [-] CIDR generated: 1.1.5.68/30
2019-11-26 15:23:00.143 29872 RALLYDEBUG rally_openstack.wrappers.network [-] CIDR generated: 1.1.5.72/30
2019-11-26 15:23:00.365 29872 INFO rally.task.runner [-] Task e826c3d6-f261-482c-9185-7df8fa45a3f4 | ITER: 6 END: OK
2019-11-26 15:23:00.368 29872 INFO rally.task.runner [-] Task e826c3d6-f261-482c-9185-7df8fa45a3f4 | ITER: 35 START
2019-11-26 15:23:00.369 29872 WARNING rally_openstack.scenarios.neutron.utils [-] Running this scenario without either the 'network' or 'existing_network' context is deprecated
2019-11-26 15:23:00.618 29894 INFO rally.task.runner [-] Task e826c3d6-f261-482c-9185-7df8fa45a3f4 | ITER: 13 END: OK
2019-11-26 15:23:00.622 29894 INFO rally.task.runner [-] Task e826c3d6-f261-482c-9185-7df8fa45a3f4 | ITER: 36 START
2019-11-26 15:23:00.623 29894 WARNING rally_openstack.scenarios.neutron.utils [-] Running this scenario without either the 'network' or 'existing_network' context is deprecated
2019-11-26 15:23:00.720 29878 RALLYDEBUG rally_openstack.wrappers.network [-] CIDR generated: 1.1.5.76/30
2019-11-26 15:23:00.808 29874 INFO rally.task.runner [-] Task e826c3d6-f261-482c-9185-7df8fa45a3f4 | ITER: 28 END: OK
2019-11-26 15:23:00.810 29874 INFO rally.task.runner [-] Task e826c3d6-f261-482c-9185-7df8fa45a3f4 | ITER: 37 START
2019-11-26 15:23:00.811 29874 WARNING rally_openstack.scenarios.neutron.utils [-] Running this scenario without either the 'network' or 'existing_network' context is deprecated
2019-11-26 15:23:00.857 29872 RALLYDEBUG rally_openstack.wrappers.network [-] CIDR generated: 1.1.5.80/30
2019-11-26 15:23:01.121 29872 RALLYDEBUG rally_openstack.wrappers.network [-] CIDR generated: 1.1.5.84/30
2019-11-26 15:23:01.391 29874 RALLYDEBUG rally_openstack.wrappers.network [-] CIDR generated: 1.1.5.88/30
2019-11-26 15:23:01.495 29871 INFO rally.task.runner [-] Task e826c3d6-f261-482c-9185-7df8fa45a3f4 | ITER: 5 END: OK
2019-11-26 15:23:01.498 29871 INFO rally.task.runner [-] Task e826c3d6-f261-482c-9185-7df8fa45a3f4 | ITER: 38 START
2019-11-26 15:23:01.499 29871 WARNING rally_openstack.scenarios.neutron.utils [-] Running this scenario without either the 'network' or 'existing_network' context is deprecated
2019-11-26 15:23:01.508 29897 INFO rally.task.runner [-] Task e826c3d6-f261-482c-9185-7df8fa45a3f4 | ITER: 29 END: OK
2019-11-26 15:23:01.511 29897 INFO rally.task.runner [-] Task e826c3d6-f261-482c-9185-7df8fa45a3f4 | ITER: 39 START
2019-11-26 15:23:01.512 29897 WARNING rally_openstack.scenarios.neutron.utils [-] Running this scenario without either the 'network' or 'existing_network' context is deprecated
2019-11-26 15:23:01.632 29872 RALLYDEBUG rally_openstack.wrappers.network [-] CIDR generated: 1.1.5.92/30
2019-11-26 15:23:02.039 29897 RALLYDEBUG rally_openstack.wrappers.network [-] CIDR generated: 1.1.5.96/30
2019-11-26 15:23:02.085 29870 INFO rally.task.runner [-] Task e826c3d6-f261-482c-9185-7df8fa45a3f4 | ITER: 25 END: OK
2019-11-26 15:23:02.088 29870 INFO rally.task.runner [-] Task e826c3d6-f261-482c-9185-7df8fa45a3f4 | ITER: 40 START
2019-11-26 15:23:02.089 29870 WARNING rally_openstack.scenarios.neutron.utils [-] Running this scenario without either the 'network' or 'existing_network' context is deprecated
2019-11-26 15:23:02.102 29871 RALLYDEBUG rally_openstack.wrappers.network [-] CIDR generated: 1.1.5.100/30
2019-11-26 15:23:02.445 29915 RALLYDEBUG rally_openstack.wrappers.network [-] CIDR generated: 1.1.5.104/30
2019-11-26 15:23:02.520 29891 INFO rally.task.runner [-] Task e826c3d6-f261-482c-9185-7df8fa45a3f4 | ITER: 12 END: OK
2019-11-26 15:23:02.601 29874 INFO rally.task.runner [-] Task e826c3d6-f261-482c-9185-7df8fa45a3f4 | ITER: 27 END: OK
2019-11-26 15:23:02.628 29870 RALLYDEBUG rally_openstack.wrappers.network [-] CIDR generated: 1.1.5.108/30
2019-11-26 15:23:02.646 29894 RALLYDEBUG rally_openstack.wrappers.network [-] CIDR generated: 1.1.5.112/30
2019-11-26 15:23:03.102 29871 RALLYDEBUG rally_openstack.wrappers.network [-] CIDR generated: 1.1.5.116/30
2019-11-26 15:23:03.239 29894 RALLYDEBUG rally_openstack.wrappers.network [-] CIDR generated: 1.1.5.120/30
2019-11-26 15:23:03.385 29870 RALLYDEBUG rally_openstack.wrappers.network [-] CIDR generated: 1.1.5.124/30
2019-11-26 15:23:03.757 29887 RALLYDEBUG rally_openstack.wrappers.network [-] CIDR generated: 1.1.5.128/30
2019-11-26 15:23:03.919 29883 INFO rally.task.runner [-] Task e826c3d6-f261-482c-9185-7df8fa45a3f4 | ITER: 10 END: OK
2019-11-26 15:23:04.228 29912 RALLYDEBUG rally_openstack.wrappers.network [-] CIDR generated: 1.1.5.132/30
2019-11-26 15:23:04.980 29906 RALLYDEBUG rally_openstack.wrappers.network [-] CIDR generated: 1.1.5.136/30
2019-11-26 15:23:05.012 29914 INFO rally.task.runner [-] Task e826c3d6-f261-482c-9185-7df8fa45a3f4 | ITER: 19 END: OK
2019-11-26 15:23:05.036 29871 INFO rally.task.runner [-] Task e826c3d6-f261-482c-9185-7df8fa45a3f4 | ITER: 23 END: OK
2019-11-26 15:23:05.298 29872 INFO rally.task.runner [-] Task e826c3d6-f261-482c-9185-7df8fa45a3f4 | ITER: 33 END: OK
2019-11-26 15:23:05.367 29897 RALLYDEBUG rally_openstack.wrappers.network [-] CIDR generated: 1.1.5.140/30
2019-11-26 15:23:05.511 29871 INFO rally.task.runner [-] Task e826c3d6-f261-482c-9185-7df8fa45a3f4 | ITER: 38 END: OK
2019-11-26 15:23:05.717 29908 RALLYDEBUG rally_openstack.wrappers.network [-] CIDR generated: 1.1.5.144/30
2019-11-26 15:23:05.743 29902 RALLYDEBUG rally_openstack.wrappers.network [-] CIDR generated: 1.1.5.148/30
2019-11-26 15:23:06.131 29870 RALLYDEBUG rally_openstack.wrappers.network [-] CIDR generated: 1.1.5.152/30
2019-11-26 15:23:06.584 29872 INFO rally.task.runner [-] Task e826c3d6-f261-482c-9185-7df8fa45a3f4 | ITER: 35 END: OK
2019-11-26 15:23:06.613 29878 INFO rally.task.runner [-] Task e826c3d6-f261-482c-9185-7df8fa45a3f4 | ITER: 21 END: OK
2019-11-26 15:23:07.040 29874 RALLYDEBUG rally_openstack.wrappers.network [-] CIDR generated: 1.1.5.156/30
2019-11-26 15:23:07.063 29912 INFO rally.task.runner [-] Task e826c3d6-f261-482c-9185-7df8fa45a3f4 | ITER: 31 END: OK
2019-11-26 15:23:07.719 29915 INFO rally.task.runner [-] Task e826c3d6-f261-482c-9185-7df8fa45a3f4 | ITER: 22 END: OK
2019-11-26 15:23:07.776 29887 INFO rally.task.runner [-] Task e826c3d6-f261-482c-9185-7df8fa45a3f4 | ITER: 24 END: OK
2019-11-26 15:23:07.807 29894 INFO rally.task.runner [-] Task e826c3d6-f261-482c-9185-7df8fa45a3f4 | ITER: 36 END: OK
2019-11-26 15:23:08.322 29908 INFO rally.task.runner [-] Task e826c3d6-f261-482c-9185-7df8fa45a3f4 | ITER: 26 END: OK
2019-11-26 15:23:09.122 29870 INFO rally.task.runner [-] Task e826c3d6-f261-482c-9185-7df8fa45a3f4 | ITER: 32 END: OK
2019-11-26 15:23:09.200 29906 INFO rally.task.runner [-] Task e826c3d6-f261-482c-9185-7df8fa45a3f4 | ITER: 30 END: OK
2019-11-26 15:23:09.201 29870 INFO rally.task.runner [-] Task e826c3d6-f261-482c-9185-7df8fa45a3f4 | ITER: 40 END: OK
2019-11-26 15:23:09.390 29902 INFO rally.task.runner [-] Task e826c3d6-f261-482c-9185-7df8fa45a3f4 | ITER: 34 END: OK
2019-11-26 15:23:09.480 29874 INFO rally.task.runner [-] Task e826c3d6-f261-482c-9185-7df8fa45a3f4 | ITER: 37 END: OK
2019-11-26 15:23:09.945 29897 INFO rally.task.runner [-] Task e826c3d6-f261-482c-9185-7df8fa45a3f4 | ITER: 39 END: OK
2019-11-26 15:23:09.979 27676 INFO rally.task.context [-] Task e826c3d6-f261-482c-9185-7df8fa45a3f4 | Context cleanup@openstack cleanup() started
2019-11-26 15:23:09.986 27676 RALLYDEBUG rally_openstack.cleanup.manager [-] Cleaning up neutron vip objects
2019-11-26 15:23:10.348 27676 RALLYDEBUG rally_openstack.cleanup.manager [-] Cleaning up neutron health_monitor objects
2019-11-26 15:23:10.709 27676 RALLYDEBUG rally_openstack.cleanup.manager [-] Cleaning up neutron pool objects
2019-11-26 15:23:11.062 27676 RALLYDEBUG rally_openstack.cleanup.manager [-] Cleaning up neutron loadbalancer objects
2019-11-26 15:23:11.434 27676 RALLYDEBUG rally_openstack.cleanup.manager [-] Cleaning up neutron floatingip objects
2019-11-26 15:23:11.820 27676 RALLYDEBUG rally_openstack.cleanup.manager [-] Cleaning up neutron trunk objects
2019-11-26 15:23:12.193 27676 RALLYDEBUG rally_openstack.cleanup.manager [-] Cleaning up neutron port objects
2019-11-26 15:23:12.624 27676 RALLYDEBUG rally_openstack.cleanup.manager [-] Cleaning up neutron subnet objects
2019-11-26 15:23:13.032 27676 RALLYDEBUG rally_openstack.cleanup.manager [-] Cleaning up neutron network objects
2019-11-26 15:23:13.599 27676 RALLYDEBUG rally_openstack.cleanup.manager [-] Deleting neutron.network object s_rally_0f4cec08_pZE2APzg (03e9ddf1-1b05-4991-be2a-3970bb8bf9f0)
2019-11-26 15:23:13.608 27676 RALLYDEBUG rally_openstack.cleanup.manager [-] Deleting neutron.network object s_rally_0f4cec08_NJnIkusV (1097c52f-0f92-4c19-b228-21494dbaa490)
2019-11-26 15:23:13.618 27676 RALLYDEBUG rally_openstack.cleanup.manager [-] Deleting neutron.network object s_rally_0f4cec08_wzlIhjca (16dbb6ef-e6ac-479f-a328-729a3fedef4b)
2019-11-26 15:23:13.622 27676 RALLYDEBUG rally_openstack.cleanup.manager [-] Deleting neutron.network object s_rally_0f4cec08_QNrZpmkg (28a62207-3a2a-4047-8852-ce0d5dec744e)
2019-11-26 15:23:13.631 27676 RALLYDEBUG rally_openstack.cleanup.manager [-] Deleting neutron.network object s_rally_0f4cec08_QQGCvrOT (2c71e526-13ad-4163-b8c4-24eb92f2c10c)
2019-11-26 15:23:13.646 27676 RALLYDEBUG rally_openstack.cleanup.manager [-] Deleting neutron.network object s_rally_0f4cec08_5GiOtUn3 (3cc3c605-5fad-46ce-8249-fc911fcf5960)
2019-11-26 15:23:13.656 27676 RALLYDEBUG rally_openstack.cleanup.manager [-] Deleting neutron.network object s_rally_0f4cec08_ZPn2toqL (42131a99-c040-4a03-a49e-72e043585b79)
2019-11-26 15:23:13.667 27676 RALLYDEBUG rally_openstack.cleanup.manager [-] Deleting neutron.network object s_rally_0f4cec08_qouSkKLc (4954a786-7204-41da-add9-a3c9310341c2)
2019-11-26 15:23:13.681 27676 RALLYDEBUG rally_openstack.cleanup.manager [-] Deleting neutron.network object s_rally_0f4cec08_1DvTP7MT (4f0edabf-f0bc-42c5-ae78-fae3db3b5957)
2019-11-26 15:23:13.695 27676 RALLYDEBUG rally_openstack.cleanup.manager [-] Deleting neutron.network object s_rally_0f4cec08_YnKoyOei (4ff1da37-334a-4da8-8c6b-1b87ff0857d6)
2019-11-26 15:23:13.704 27676 RALLYDEBUG rally_openstack.cleanup.manager [-] Deleting neutron.network object s_rally_0f4cec08_Irk4KXl7 (517a1c22-de95-4f32-b763-6b9de9e6bf91)
2019-11-26 15:23:13.712 27676 RALLYDEBUG rally_openstack.cleanup.manager [-] Deleting neutron.network object s_rally_0f4cec08_ZCAL3THa (51b80e9e-9a58-4c9c-a101-dd3c64b6fadb)
2019-11-26 15:23:13.728 27676 RALLYDEBUG rally_openstack.cleanup.manager [-] Deleting neutron.network object s_rally_0f4cec08_V7dr5Sm8 (52fd6dd6-c674-4446-8bf3-f84f8098eed2)
2019-11-26 15:23:13.741 27676 RALLYDEBUG rally_openstack.cleanup.manager [-] Deleting neutron.network object s_rally_0f4cec08_CPdcDCr2 (544342a4-4c42-4f02-947b-a7724e9ac1c6)
2019-11-26 15:23:13.747 27676 RALLYDEBUG rally_openstack.cleanup.manager [-] Deleting neutron.network object s_rally_0f4cec08_ylidMrSu (5873165f-4676-4d93-89fd-cf5da6d0ae2a)
2019-11-26 15:23:13.752 27676 RALLYDEBUG rally_openstack.cleanup.manager [-] Deleting neutron.network object s_rally_0f4cec08_yYVdBslm (5c96f09f-3917-48d6-a893-cd1deb0376be)
2019-11-26 15:23:13.766 27676 RALLYDEBUG rally_openstack.cleanup.manager [-] Deleting neutron.network object s_rally_0f4cec08_rJy5c1Xn (6718e7d9-2a50-4582-94a4-7e7e50201bad)
2019-11-26 15:23:13.798 27676 RALLYDEBUG rally_openstack.cleanup.manager [-] Deleting neutron.network object s_rally_0f4cec08_AJJHQmNE (68d5b03a-123b-46a8-b33c-c53227afe98c)
2019-11-26 15:23:13.808 27676 RALLYDEBUG rally_openstack.cleanup.manager [-] Deleting neutron.network object s_rally_0f4cec08_lU3KWQu8 (771d0c07-71b3-401c-88d6-dd95db420a10)
2019-11-26 15:23:13.814 27676 RALLYDEBUG rally_openstack.cleanup.manager [-] Deleting neutron.network object s_rally_0f4cec08_mmJHWzsK (843efc62-22b5-49f7-9368-db64b7c9228d)
2019-11-26 15:23:15.721 27676 RALLYDEBUG rally_openstack.cleanup.manager [-] Deleting neutron.network object s_rally_0f4cec08_2OpDYhlX (85035d79-c605-4b08-87c2-242301ebe058)
2019-11-26 15:23:15.862 27676 RALLYDEBUG rally_openstack.cleanup.manager [-] Deleting neutron.network object s_rally_0f4cec08_bvWLOQVA (95726c67-0735-4838-b75d-c7a14ca7c9f8)
2019-11-26 15:23:15.993 27676 RALLYDEBUG rally_openstack.cleanup.manager [-] Deleting neutron.network object s_rally_0f4cec08_ND3qBuwM (9675943f-9b15-4a1f-8ccd-f04d444171cf)
2019-11-26 15:23:16.001 27676 RALLYDEBUG rally_openstack.cleanup.manager [-] Deleting neutron.network object s_rally_0f4cec08_bsZnLpMi (9b3582be-d894-404e-a903-af7d099aaf68)
2019-11-26 15:23:16.021 27676 RALLYDEBUG rally_openstack.cleanup.manager [-] Deleting neutron.network object s_rally_0f4cec08_wrDUsLTS (a2e8e9d5-f23f-4342-a309-3a90048ea607)
2019-11-26 15:23:16.151 27676 RALLYDEBUG rally_openstack.cleanup.manager [-] Deleting neutron.network object s_rally_0f4cec08_eO6cvQ5j (a31fe781-dc24-4832-a48b-d5d948ae1d88)
2019-11-26 15:23:16.177 27676 RALLYDEBUG rally_openstack.cleanup.manager [-] Deleting neutron.network object s_rally_0f4cec08_fy3iY8jm (acd9fa1e-1542-4d6f-bc17-b240df36f5cc)
2019-11-26 15:23:16.193 27676 RALLYDEBUG rally_openstack.cleanup.manager [-] Deleting neutron.network object s_rally_0f4cec08_RVxRJZQv (acedbc72-7401-42a7-94ad-0afc9c1904d0)
2019-11-26 15:23:16.309 27676 RALLYDEBUG rally_openstack.cleanup.manager [-] Deleting neutron.network object s_rally_0f4cec08_jewZob69 (aec8f6c4-af3c-4333-bbba-0b5f6a341f95)
2019-11-26 15:23:16.347 27676 RALLYDEBUG rally_openstack.cleanup.manager [-] Deleting neutron.network object s_rally_0f4cec08_K0JoZflU (af21f2b1-6930-4784-901b-6daeb8d3e90d)
2019-11-26 15:23:16.403 27676 RALLYDEBUG rally_openstack.cleanup.manager [-] Deleting neutron.network object s_rally_0f4cec08_kKAN9Fz5 (b3334da4-c98b-4902-8b19-310bdc867d3b)
2019-11-26 15:23:16.450 27676 RALLYDEBUG rally_openstack.cleanup.manager [-] Deleting neutron.network object s_rally_0f4cec08_CnPPIF9E (b5653b32-a9b3-4b49-88d5-1df570ab88b1)
2019-11-26 15:23:16.485 27676 RALLYDEBUG rally_openstack.cleanup.manager [-] Deleting neutron.network object s_rally_0f4cec08_Bqv5Plok (c1b40dd8-9e4b-404e-bae1-069e8784f8c9)
2019-11-26 15:23:16.697 27676 RALLYDEBUG rally_openstack.cleanup.manager [-] Deleting neutron.network object s_rally_0f4cec08_or7k3RTc (c254edad-aee7-4d72-9be2-ec660886568d)
2019-11-26 15:23:16.741 27676 RALLYDEBUG rally_openstack.cleanup.manager [-] Deleting neutron.network object s_rally_0f4cec08_cboQOBaw (c45a8100-6d8b-4ece-ac7a-02dda379ce94)
2019-11-26 15:23:16.806 27676 RALLYDEBUG rally_openstack.cleanup.manager [-] Deleting neutron.network object s_rally_0f4cec08_vNQxdNyP (d3cfce7c-d591-4e6f-bba4-e5e31a0dedb0)
2019-11-26 15:23:16.833 27676 RALLYDEBUG rally_openstack.cleanup.manager [-] Deleting neutron.network object s_rally_0f4cec08_qtMSdDlU (d7a80da9-ce59-4e8b-a9e0-a4653f0662d8)
2019-11-26 15:23:16.836 27676 RALLYDEBUG rally_openstack.cleanup.manager [-] Deleting neutron.network object s_rally_0f4cec08_LcbOL3bz (e1124873-a343-42c5-8aed-e83de2df50f4)
2019-11-26 15:23:16.998 27676 RALLYDEBUG rally_openstack.cleanup.manager [-] Deleting neutron.network object s_rally_0f4cec08_QL9tEBEr (e6620c3e-17e7-4db9-a9ff-3c7c92b5ab84)
2019-11-26 15:23:17.001 27676 RALLYDEBUG rally_openstack.cleanup.manager [-] Deleting neutron.network object s_rally_0f4cec08_O0WS9Lb3 (e9cfc769-69b9-4240-8b47-38bf50f7213c)
2019-11-26 15:23:19.308 27676 RALLYDEBUG rally_openstack.cleanup.manager [-] Cleaning up neutron router objects
2019-11-26 15:23:19.702 27676 RALLYDEBUG rally_openstack.cleanup.manager [-] Cleaning up neutron security_group objects
2019-11-26 15:23:20.096 27676 INFO rally.task.context [-] Task e826c3d6-f261-482c-9185-7df8fa45a3f4 | Context cleanup@openstack cleanup() finished in 10.12 sec
2019-11-26 15:23:20.096 27676 INFO rally.task.context [-] Task e826c3d6-f261-482c-9185-7df8fa45a3f4 | Context quotas@openstack cleanup() started
2019-11-26 15:23:20.175 27676 INFO rally.task.context [-] Task e826c3d6-f261-482c-9185-7df8fa45a3f4 | Context quotas@openstack cleanup() finished in 79.60 msec
2019-11-26 15:23:20.176 27676 INFO rally.task.context [-] Task e826c3d6-f261-482c-9185-7df8fa45a3f4 | Context users@openstack cleanup() started
2019-11-26 15:23:22.949 27676 INFO rally.task.context [-] Task e826c3d6-f261-482c-9185-7df8fa45a3f4 | Context users@openstack cleanup() finished in 2.77 sec
2019-11-26 15:23:23.294 27676 INFO rally.task.engine [-] Load duration is: 19.756641
2019-11-26 15:23:23.294 27676 INFO rally.task.engine [-] Full runner duration is: 19.811367
2019-11-26 15:23:23.295 27676 INFO rally.task.engine [-] Full duration is: 35.844915
2019-11-26 15:23:23.651 27676 INFO rally.task.engine [-] Running workload: position = 0 config = { "version": 2, "title": "A cropped version of a bigger task.", "description": "Auto-generated task from a single workload (uuid=94b33253-1c59-493e-8424-a049bff8c91e)", "subtasks": [ { "title": "NeutronNetworks.create_and_list_routers", "description": "Create and a given number of routers and list all routers.", "scenario": { "NeutronNetworks.create_and_list_routers": { "network_create_args": null, "subnet_create_args": null, "subnet_cidr_start": "1.1.0.0/30", "subnets_per_network": 2, "router_create_args": null } }, "contexts": { "users": { "tenants": 1, "users_per_tenant": 1 }, "quotas": { "neutron": { "network": -1, "subnet": -1, "router": -1 } } }, "runner": { "constant": { "times": 40, "concurrency": 20 } }, "hooks": [], "sla": { "failure_rate": { "max": 0 } } } ] }
2019-11-26 15:23:23.676 27676 RALLYDEBUG rally_openstack.contexts.keystone.users [-] Creating 1 tenants using 20 threads
2019-11-26 15:23:24.635 27676 RALLYDEBUG rally_openstack.contexts.keystone.users [-] Creating 1 users using 20 threads
2019-11-26 15:23:26.069 27676 INFO rally.task.context [-] Task e826c3d6-f261-482c-9185-7df8fa45a3f4 | Context users@openstack setup() finished in 2.39 sec
2019-11-26 15:23:26.605 27676 INFO rally.task.context [-] Task e826c3d6-f261-482c-9185-7df8fa45a3f4 | Context quotas@openstack setup() finished in 0.54 sec
2019-11-26 15:23:26.606 27676 INFO rally.task.context [-] Task e826c3d6-f261-482c-9185-7df8fa45a3f4 | Context cleanup@openstack setup() finished in 0.02 msec
2019-11-26 15:23:26.615 27676 RALLYDEBUG rally.task.runner [-] Starting the constant runner (task UUID: e826c3d6-f261-482c-9185-7df8fa45a3f4). times: 40 concurrency: 20 timeout: 0 max_cpu_used: 16 processes_to_start: 16 concurrency_per_worker: 1 concurrency_overhead: 4
2019-11-26 15:23:26.627 30260 RALLYDEBUG rally.task.runner [-] Starting a worker. times: 40 duration: None concurrency: 2 timeout: 0 cls: method_name: run args: {"network_create_args": null, "subnet_create_args": null, "subnet_cidr_start": "1.1.0.0/30", "subnets_per_network": 2, "router_create_args": null}
2019-11-26 15:23:26.630 30261 RALLYDEBUG rally.task.runner [-] Starting a worker. times: 40 duration: None concurrency: 2 timeout: 0 cls: method_name: run args: {"network_create_args": null, "subnet_create_args": null, "subnet_cidr_start": "1.1.0.0/30", "subnets_per_network": 2, "router_create_args": null}
2019-11-26 15:23:26.634 30260 INFO rally.task.runner [-] Task e826c3d6-f261-482c-9185-7df8fa45a3f4 | ITER: 1 START
2019-11-26 15:23:26.634 30262 RALLYDEBUG rally.task.runner [-] Starting a worker. times: 40 duration: None concurrency: 2 timeout: 0 cls: method_name: run args: {"network_create_args": null, "subnet_create_args": null, "subnet_cidr_start": "1.1.0.0/30", "subnets_per_network": 2, "router_create_args": null}
2019-11-26 15:23:26.637 30265 RALLYDEBUG rally.task.runner [-] Starting a worker. times: 40 duration: None concurrency: 2 timeout: 0 cls: method_name: run args: {"network_create_args": null, "subnet_create_args": null, "subnet_cidr_start": "1.1.0.0/30", "subnets_per_network": 2, "router_create_args": null}
2019-11-26 15:23:26.636 30261 INFO rally.task.runner [-] Task e826c3d6-f261-482c-9185-7df8fa45a3f4 | ITER: 2 START
2019-11-26 15:23:26.639 30262 INFO rally.task.runner [-] Task e826c3d6-f261-482c-9185-7df8fa45a3f4 | ITER: 4 START
2019-11-26 15:23:26.641 30269 RALLYDEBUG rally.task.runner [-] Starting a worker. times: 40 duration: None concurrency: 1 timeout: 0 cls: method_name: run args: {"network_create_args": null, "subnet_create_args": null, "subnet_cidr_start": "1.1.0.0/30", "subnets_per_network": 2, "router_create_args": null}
2019-11-26 15:23:26.642 30265 INFO rally.task.runner [-] Task e826c3d6-f261-482c-9185-7df8fa45a3f4 | ITER: 6 START
2019-11-26 15:23:26.645 30273 RALLYDEBUG rally.task.runner [-] Starting a worker. times: 40 duration: None concurrency: 1 timeout: 0 cls: method_name: run args: {"network_create_args": null, "subnet_create_args": null, "subnet_cidr_start": "1.1.0.0/30", "subnets_per_network": 2, "router_create_args": null}
2019-11-26 15:23:26.646 30269 INFO rally.task.runner [-] Task e826c3d6-f261-482c-9185-7df8fa45a3f4 | ITER: 9 START
2019-11-26 15:23:26.641 30260 INFO rally.task.runner [-] Task e826c3d6-f261-482c-9185-7df8fa45a3f4 | ITER: 3 START
2019-11-26 15:23:26.645 30261 INFO rally.task.runner [-] Task e826c3d6-f261-482c-9185-7df8fa45a3f4 | ITER: 5 START
2019-11-26 15:23:26.651 30273 INFO rally.task.runner [-] Task e826c3d6-f261-482c-9185-7df8fa45a3f4 | ITER: 10 START
2019-11-26 15:23:26.651 30278 RALLYDEBUG rally.task.runner [-] Starting a worker. times: 40 duration: None concurrency: 1 timeout: 0 cls: method_name: run args: {"network_create_args": null, "subnet_create_args": null, "subnet_cidr_start": "1.1.0.0/30", "subnets_per_network": 2, "router_create_args": null}
2019-11-26 15:23:26.653 30281 RALLYDEBUG rally.task.runner [-] Starting a worker. times: 40 duration: None concurrency: 1 timeout: 0 cls: method_name: run args: {"network_create_args": null, "subnet_create_args": null, "subnet_cidr_start": "1.1.0.0/30", "subnets_per_network": 2, "router_create_args": null}
2019-11-26 15:23:26.651 30265 INFO rally.task.runner [-] Task e826c3d6-f261-482c-9185-7df8fa45a3f4 | ITER: 8 START
2019-11-26 15:23:26.655 30262 INFO rally.task.runner [-] Task e826c3d6-f261-482c-9185-7df8fa45a3f4 | ITER: 7 START
2019-11-26 15:23:26.658 30278 INFO rally.task.runner [-] Task e826c3d6-f261-482c-9185-7df8fa45a3f4 | ITER: 11 START
2019-11-26 15:23:26.658 30281 INFO rally.task.runner [-] Task e826c3d6-f261-482c-9185-7df8fa45a3f4 | ITER: 12 START
2019-11-26 15:23:26.659 30284 RALLYDEBUG rally.task.runner [-] Starting a worker. times: 40 duration: None concurrency: 1 timeout: 0 cls: method_name: run args: {"network_create_args": null, "subnet_create_args": null, "subnet_cidr_start": "1.1.0.0/30", "subnets_per_network": 2, "router_create_args": null}
2019-11-26 15:23:26.664 30284 INFO rally.task.runner [-] Task e826c3d6-f261-482c-9185-7df8fa45a3f4 | ITER: 13 START
2019-11-26 15:23:26.667 30289 RALLYDEBUG rally.task.runner [-] Starting a worker. times: 40 duration: None concurrency: 1 timeout: 0 cls: method_name: run args: {"network_create_args": null, "subnet_create_args": null, "subnet_cidr_start": "1.1.0.0/30", "subnets_per_network": 2, "router_create_args": null}
2019-11-26 15:23:26.673 30292 RALLYDEBUG rally.task.runner [-] Starting a worker. times: 40 duration: None concurrency: 1 timeout: 0 cls: method_name: run args: {"network_create_args": null, "subnet_create_args": null, "subnet_cidr_start": "1.1.0.0/30", "subnets_per_network": 2, "router_create_args": null}
2019-11-26 15:23:26.674 30289 INFO rally.task.runner [-] Task e826c3d6-f261-482c-9185-7df8fa45a3f4 | ITER: 14 START
2019-11-26 15:23:26.679 30292 INFO rally.task.runner [-] Task e826c3d6-f261-482c-9185-7df8fa45a3f4 | ITER: 15 START
2019-11-26 15:23:26.680 30294 RALLYDEBUG rally.task.runner [-] Starting a worker. times: 40 duration: None concurrency: 1 timeout: 0 cls: method_name: run args: {"network_create_args": null, "subnet_create_args": null, "subnet_cidr_start": "1.1.0.0/30", "subnets_per_network": 2, "router_create_args": null}
2019-11-26 15:23:26.682 30296 RALLYDEBUG rally.task.runner [-] Starting a worker. times: 40 duration: None concurrency: 1 timeout: 0 cls: method_name: run args: {"network_create_args": null, "subnet_create_args": null, "subnet_cidr_start": "1.1.0.0/30", "subnets_per_network": 2, "router_create_args": null}
2019-11-26 15:23:26.686 30294 INFO rally.task.runner [-] Task e826c3d6-f261-482c-9185-7df8fa45a3f4 | ITER: 16 START
2019-11-26 15:23:26.687 30296 INFO rally.task.runner [-] Task e826c3d6-f261-482c-9185-7df8fa45a3f4 | ITER: 17 START
2019-11-26 15:23:26.690 30301 RALLYDEBUG rally.task.runner [-] Starting a worker. times: 40 duration: None concurrency: 1 timeout: 0 cls: method_name: run args: {"network_create_args": null, "subnet_create_args": null, "subnet_cidr_start": "1.1.0.0/30", "subnets_per_network": 2, "router_create_args": null}
2019-11-26 15:23:26.694 30301 INFO rally.task.runner [-] Task e826c3d6-f261-482c-9185-7df8fa45a3f4 | ITER: 18 START
2019-11-26 15:23:26.695 30304 RALLYDEBUG rally.task.runner [-] Starting a worker. times: 40 duration: None concurrency: 1 timeout: 0 cls: method_name: run args: {"network_create_args": null, "subnet_create_args": null, "subnet_cidr_start": "1.1.0.0/30", "subnets_per_network": 2, "router_create_args": null}
2019-11-26 15:23:26.699 30304 INFO rally.task.runner [-] Task e826c3d6-f261-482c-9185-7df8fa45a3f4 | ITER: 19 START
2019-11-26 15:23:26.699 30307 RALLYDEBUG rally.task.runner [-] Starting a worker. times: 40 duration: None concurrency: 1 timeout: 0 cls: method_name: run args: {"network_create_args": null, "subnet_create_args": null, "subnet_cidr_start": "1.1.0.0/30", "subnets_per_network": 2, "router_create_args": null}
2019-11-26 15:23:26.703 30307 INFO rally.task.runner [-] Task e826c3d6-f261-482c-9185-7df8fa45a3f4 | ITER: 20 START
2019-11-26 15:23:27.425 30260 RALLYDEBUG rally_openstack.wrappers.network [-] CIDR generated: 1.1.5.160/30
2019-11-26 15:23:27.426 30265 RALLYDEBUG rally_openstack.wrappers.network [-] CIDR generated: 1.1.5.164/30
2019-11-26 15:23:27.431 30260 RALLYDEBUG rally_openstack.wrappers.network [-] CIDR generated: 1.1.5.168/30
2019-11-26 15:23:27.431 30281 RALLYDEBUG rally_openstack.wrappers.network [-] CIDR generated: 1.1.5.172/30
2019-11-26 15:23:27.450 30278 RALLYDEBUG rally_openstack.wrappers.network [-] CIDR generated: 1.1.5.176/30
2019-11-26 15:23:27.519 30262 RALLYDEBUG rally_openstack.wrappers.network [-] CIDR generated: 1.1.5.180/30
2019-11-26 15:23:27.597 30269 RALLYDEBUG rally_openstack.wrappers.network [-] CIDR generated: 1.1.5.184/30
2019-11-26 15:23:27.651 30262 RALLYDEBUG rally_openstack.wrappers.network [-] CIDR generated: 1.1.5.188/30
2019-11-26 15:23:27.660 30289 RALLYDEBUG rally_openstack.wrappers.network [-] CIDR generated: 1.1.5.192/30
2019-11-26 15:23:27.671 30294 RALLYDEBUG rally_openstack.wrappers.network [-] CIDR generated: 1.1.5.196/30
2019-11-26 15:23:27.710 30292 RALLYDEBUG rally_openstack.wrappers.network [-] CIDR generated: 1.1.5.200/30
2019-11-26 15:23:27.907 30261 RALLYDEBUG rally_openstack.wrappers.network [-] CIDR generated: 1.1.5.204/30
2019-11-26 15:23:27.911 30301 RALLYDEBUG rally_openstack.wrappers.network [-] CIDR generated: 1.1.5.208/30
2019-11-26 15:23:27.941 30304 RALLYDEBUG rally_openstack.wrappers.network [-] CIDR generated: 1.1.5.212/30
2019-11-26 15:23:27.946 30284 RALLYDEBUG rally_openstack.wrappers.network [-] CIDR generated: 1.1.5.216/30
2019-11-26 15:23:27.969 30296 RALLYDEBUG rally_openstack.wrappers.network [-] CIDR generated: 1.1.5.220/30
2019-11-26 15:23:28.084 30273 RALLYDEBUG rally_openstack.wrappers.network [-] CIDR generated: 1.1.5.224/30
2019-11-26 15:23:28.102 30260 RALLYDEBUG rally_openstack.wrappers.network [-] CIDR generated: 1.1.5.228/30
2019-11-26 15:23:28.176 30307 RALLYDEBUG rally_openstack.wrappers.network [-] CIDR generated: 1.1.5.232/30
2019-11-26 15:23:28.316 30265 RALLYDEBUG rally_openstack.wrappers.network [-] CIDR generated: 1.1.5.236/30
2019-11-26 15:23:28.415 30265 RALLYDEBUG rally_openstack.wrappers.network [-] CIDR generated: 1.1.5.240/30
2019-11-26 15:23:28.418 30261 RALLYDEBUG rally_openstack.wrappers.network [-] CIDR generated: 1.1.5.244/30
2019-11-26 15:23:28.629 30269 RALLYDEBUG rally_openstack.wrappers.network [-] CIDR generated: 1.1.5.248/30
2019-11-26 15:23:28.738 30262 RALLYDEBUG rally_openstack.wrappers.network [-] CIDR generated: 1.1.5.252/30
2019-11-26 15:23:28.764 30261 RALLYDEBUG rally_openstack.wrappers.network [-] CIDR generated: 1.1.6.0/30
2019-11-26 15:23:28.934 30292 RALLYDEBUG rally_openstack.wrappers.network [-] CIDR generated: 1.1.6.4/30
2019-11-26 15:23:29.129 30289 RALLYDEBUG rally_openstack.wrappers.network [-] CIDR generated: 1.1.6.8/30
2019-11-26 15:23:29.285 30304 RALLYDEBUG rally_openstack.wrappers.network [-] CIDR generated: 1.1.6.12/30
2019-11-26 15:23:29.317 30278 RALLYDEBUG rally_openstack.wrappers.network [-] CIDR generated: 1.1.6.16/30
2019-11-26 15:23:29.539 30281 RALLYDEBUG rally_openstack.wrappers.network [-] CIDR generated: 1.1.6.20/30
2019-11-26 15:23:29.610 30273 RALLYDEBUG rally_openstack.wrappers.network [-] CIDR generated: 1.1.6.24/30
2019-11-26 15:23:29.617 30260 RALLYDEBUG rally_openstack.wrappers.network [-] CIDR generated: 1.1.6.28/30
2019-11-26 15:23:29.629 30262 RALLYDEBUG rally_openstack.wrappers.network [-] CIDR generated: 1.1.6.32/30
2019-11-26 15:23:29.659 30284 RALLYDEBUG rally_openstack.wrappers.network [-] CIDR generated: 1.1.6.36/30
2019-11-26 15:23:29.692 30265 RALLYDEBUG rally_openstack.wrappers.network [-] CIDR generated: 1.1.6.40/30
2019-11-26 15:23:29.815 30307 RALLYDEBUG rally_openstack.wrappers.network [-] CIDR generated: 1.1.6.44/30
2019-11-26 15:23:30.101 30294 RALLYDEBUG rally_openstack.wrappers.network [-] CIDR generated: 1.1.6.48/30
2019-11-26 15:23:30.266 30301 RALLYDEBUG rally_openstack.wrappers.network [-] CIDR generated: 1.1.6.52/30
2019-11-26 15:23:31.611 30296 RALLYDEBUG rally_openstack.wrappers.network [-] CIDR generated: 1.1.6.56/30
2019-11-26 15:23:32.375 30261 RALLYDEBUG rally_openstack.wrappers.network [-] CIDR generated: 1.1.6.60/30
2019-11-26 15:23:36.023 30294 INFO rally.task.runner [-] Task e826c3d6-f261-482c-9185-7df8fa45a3f4 | ITER: 16 END: OK
2019-11-26 15:23:36.026 30294 INFO rally.task.runner [-] Task e826c3d6-f261-482c-9185-7df8fa45a3f4 | ITER: 21 START
2019-11-26 15:23:36.545 30294 RALLYDEBUG rally_openstack.wrappers.network [-] CIDR generated: 1.1.6.64/30
2019-11-26 15:23:38.993 30260 INFO rally.task.runner [-] Task e826c3d6-f261-482c-9185-7df8fa45a3f4 | ITER: 3 END: OK
2019-11-26 15:23:38.997 30260 INFO rally.task.runner [-] Task e826c3d6-f261-482c-9185-7df8fa45a3f4 | ITER: 22 START
2019-11-26 15:23:39.100 30307 INFO rally.task.runner [-] Task e826c3d6-f261-482c-9185-7df8fa45a3f4 | ITER: 20 END: OK
2019-11-26 15:23:39.104 30307 INFO rally.task.runner [-] Task e826c3d6-f261-482c-9185-7df8fa45a3f4 | ITER: 23 START
2019-11-26 15:23:39.489 30260 RALLYDEBUG rally_openstack.wrappers.network [-] CIDR generated: 1.1.6.68/30
