2019-11-26 15:31:32.008 32144 INFO rally.task.runner [-] Task e826c3d6-f261-482c-9185-7df8fa45a3f4 | ITER: 5 END: OK
2019-11-26 15:31:32.011 32144 INFO rally.task.runner [-] Task e826c3d6-f261-482c-9185-7df8fa45a3f4 | ITER: 37 START
2019-11-26 15:31:32.012 32144 WARNING rally_openstack.scenarios.neutron.utils [-] Running this scenario without either the 'network' or 'existing_network' context is deprecated
2019-11-26 15:31:32.068 32146 INFO rally.task.runner [-] Task e826c3d6-f261-482c-9185-7df8fa45a3f4 | ITER: 6 END: OK
2019-11-26 15:31:32.071 32146 INFO rally.task.runner [-] Task e826c3d6-f261-482c-9185-7df8fa45a3f4 | ITER: 38 START
2019-11-26 15:31:32.072 32146 WARNING rally_openstack.scenarios.neutron.utils [-] Running this scenario without either the 'network' or 'existing_network' context is deprecated
2019-11-26 15:31:32.467 32151 INFO rally.task.runner [-] Task e826c3d6-f261-482c-9185-7df8fa45a3f4 | ITER: 9 END: OK
2019-11-26 15:31:32.471 32151 INFO rally.task.runner [-] Task e826c3d6-f261-482c-9185-7df8fa45a3f4 | ITER: 39 START
2019-11-26 15:31:32.471 32151 WARNING rally_openstack.scenarios.neutron.utils [-] Running this scenario without either the 'network' or 'existing_network' context is deprecated
2019-11-26 15:31:32.556 32143 INFO rally.task.runner [-] Task e826c3d6-f261-482c-9185-7df8fa45a3f4 | ITER: 2 END: OK
2019-11-26 15:31:32.558 32143 INFO rally.task.runner [-] Task e826c3d6-f261-482c-9185-7df8fa45a3f4 | ITER: 40 START
2019-11-26 15:31:32.559 32143 WARNING rally_openstack.scenarios.neutron.utils [-] Running this scenario without either the 'network' or 'existing_network' context is deprecated
2019-11-26 15:31:35.845 32184 INFO rally.task.runner [-] Task e826c3d6-f261-482c-9185-7df8fa45a3f4 | ITER: 21 END: OK
2019-11-26 15:31:37.001 32142 INFO rally.task.runner [-] Task e826c3d6-f261-482c-9185-7df8fa45a3f4 | ITER: 24 END: OK
2019-11-26 15:31:37.933 32169 INFO rally.task.runner [-] Task e826c3d6-f261-482c-9185-7df8fa45a3f4 | ITER: 29 END: OK
2019-11-26 15:31:38.385 32168 INFO rally.task.runner [-] Task e826c3d6-f261-482c-9185-7df8fa45a3f4 | ITER: 28 END: OK
2019-11-26 15:31:38.719 32146 INFO rally.task.runner [-] Task e826c3d6-f261-482c-9185-7df8fa45a3f4 | ITER: 38 END: OK
2019-11-26 15:31:38.988 32144 INFO rally.task.runner [-] Task e826c3d6-f261-482c-9185-7df8fa45a3f4 | ITER: 27 END: OK
2019-11-26 15:31:39.102 32146 INFO rally.task.runner [-] Task e826c3d6-f261-482c-9185-7df8fa45a3f4 | ITER: 23 END: OK
2019-11-26 15:31:39.259 32183 INFO rally.task.runner [-] Task e826c3d6-f261-482c-9185-7df8fa45a3f4 | ITER: 33 END: OK
2019-11-26 15:31:39.567 32143 INFO rally.task.runner [-] Task e826c3d6-f261-482c-9185-7df8fa45a3f4 | ITER: 35 END: OK
2019-11-26 15:31:39.604 32163 INFO rally.task.runner [-] Task e826c3d6-f261-482c-9185-7df8fa45a3f4 | ITER: 30 END: OK
2019-11-26 15:31:39.642 32178 INFO rally.task.runner [-] Task e826c3d6-f261-482c-9185-7df8fa45a3f4 | ITER: 25 END: OK
2019-11-26 15:31:39.668 32180 INFO rally.task.runner [-] Task e826c3d6-f261-482c-9185-7df8fa45a3f4 | ITER: 22 END: OK
2019-11-26 15:31:39.748 32160 INFO rally.task.runner [-] Task e826c3d6-f261-482c-9185-7df8fa45a3f4 | ITER: 26 END: OK
2019-11-26 15:31:40.004 32144 INFO rally.task.runner [-] Task e826c3d6-f261-482c-9185-7df8fa45a3f4 | ITER: 37 END: OK
2019-11-26 15:31:40.178 32143 INFO rally.task.runner [-] Task e826c3d6-f261-482c-9185-7df8fa45a3f4 | ITER: 40 END: OK
2019-11-26 15:31:40.185 32155 INFO rally.task.runner [-] Task e826c3d6-f261-482c-9185-7df8fa45a3f4 | ITER: 36 END: OK
2019-11-26 15:31:40.266 32142 INFO rally.task.runner [-] Task e826c3d6-f261-482c-9185-7df8fa45a3f4 | ITER: 31 END: OK
2019-11-26 15:31:40.839 32151 INFO rally.task.runner [-] Task e826c3d6-f261-482c-9185-7df8fa45a3f4 | ITER: 39 END: OK
2019-11-26 15:31:41.110 32174 INFO rally.task.runner [-] Task e826c3d6-f261-482c-9185-7df8fa45a3f4 | ITER: 32 END: OK
2019-11-26 15:31:41.352 32187 INFO rally.task.runner [-] Task e826c3d6-f261-482c-9185-7df8fa45a3f4 | ITER: 34 END: OK
2019-11-26 15:31:41.379 27676 INFO rally.task.context [-] Task e826c3d6-f261-482c-9185-7df8fa45a3f4 | Context cleanup@openstack cleanup() started
2019-11-26 15:31:41.383 27676 RALLYDEBUG rally_openstack.cleanup.manager [-] Cleaning up neutron vip objects
2019-11-26 15:31:41.755 27676 RALLYDEBUG rally_openstack.cleanup.manager [-] Cleaning up neutron health_monitor objects
2019-11-26 15:31:42.141 27676 RALLYDEBUG rally_openstack.cleanup.manager [-] Cleaning up neutron pool objects
2019-11-26 15:31:42.522 27676 RALLYDEBUG rally_openstack.cleanup.manager [-] Cleaning up neutron loadbalancer objects
2019-11-26 15:31:42.906 27676 RALLYDEBUG rally_openstack.cleanup.manager [-] Cleaning up neutron floatingip objects
2019-11-26 15:31:43.328 27676 RALLYDEBUG rally_openstack.cleanup.manager [-] Cleaning up neutron trunk objects
2019-11-26 15:31:43.736 27676 RALLYDEBUG rally_openstack.cleanup.manager [-] Cleaning up neutron port objects
2019-11-26 15:31:44.155 27676 RALLYDEBUG rally_openstack.cleanup.manager [-] Cleaning up neutron subnet objects
2019-11-26 15:31:44.563 27676 RALLYDEBUG rally_openstack.cleanup.manager [-] Cleaning up neutron network objects
2019-11-26 15:31:45.159 27676 RALLYDEBUG rally_openstack.cleanup.manager [-] Deleting neutron.network object s_rally_14d4efb7_K9Be6zuS (02582deb-2e7e-453b-acf7-467eebb6c4bd)
2019-11-26 15:31:45.168 27676 RALLYDEBUG rally_openstack.cleanup.manager [-] Deleting neutron.network object s_rally_14d4efb7_uBP0oIHn (03bbe1ee-338b-473a-b4e1-713980f8da40)
2019-11-26 15:31:45.177 27676 RALLYDEBUG rally_openstack.cleanup.manager [-] Deleting neutron.network object s_rally_14d4efb7_V3wlrwYo (0901db64-0e00-422c-b778-a3774ceb3621)
2019-11-26 15:31:45.181 27676 RALLYDEBUG rally_openstack.cleanup.manager [-] Deleting neutron.network object s_rally_14d4efb7_O6s4INBo (0c4d3e8a-e669-4d2f-9015-5a6b6575db92)
2019-11-26 15:31:45.189 27676 RALLYDEBUG rally_openstack.cleanup.manager [-] Deleting neutron.network object s_rally_14d4efb7_TmPeE8DH (0e081f3a-ac81-42a1-9cf0-6048f6b5e842)
2019-11-26 15:31:45.196 27676 RALLYDEBUG rally_openstack.cleanup.manager [-] Deleting neutron.network object s_rally_14d4efb7_WaurpXBd (15f641ce-0c7e-422b-9dab-5cca12b8f8ab)
2019-11-26 15:31:45.203 27676 RALLYDEBUG rally_openstack.cleanup.manager [-] Deleting neutron.network object s_rally_14d4efb7_KH08Sjiu (1615caea-f604-46f0-9ea3-8b59aa858aff)
2019-11-26 15:31:45.212 27676 RALLYDEBUG rally_openstack.cleanup.manager [-] Deleting neutron.network object s_rally_14d4efb7_t9KFwxuA (22710326-5f0c-46ce-b064-a43481a9d71f)
2019-11-26 15:31:45.217 27676 RALLYDEBUG rally_openstack.cleanup.manager [-] Deleting neutron.network object s_rally_14d4efb7_o7EoJDYt (26d1c4b0-84d1-41d3-bb0d-16f2a71985de)
2019-11-26 15:31:45.229 27676 RALLYDEBUG rally_openstack.cleanup.manager [-] Deleting neutron.network object s_rally_14d4efb7_Ime2bsuq (2f5efb7c-cbf0-42db-a6f2-b7a5eb470681)
2019-11-26 15:31:45.232 27676 RALLYDEBUG rally_openstack.cleanup.manager [-] Deleting neutron.network object s_rally_14d4efb7_NbvzyUQ5 (34c26246-9db3-40c5-97bd-b2ab6c834900)
2019-11-26 15:31:45.244 27676 RALLYDEBUG rally_openstack.cleanup.manager [-] Deleting neutron.network object s_rally_14d4efb7_2ptyw50T (3b27ea45-4c6c-444c-9161-bc4f8580374b)
2019-11-26 15:31:45.270 27676 RALLYDEBUG rally_openstack.cleanup.manager [-] Deleting neutron.network object s_rally_14d4efb7_tRDq0s5T (47ae8b9e-1d25-45cc-869c-fca9ebbf7d76)
2019-11-26 15:31:45.276 27676 RALLYDEBUG rally_openstack.cleanup.manager [-] Deleting neutron.network object s_rally_14d4efb7_hupahMq1 (4ac6e563-8e59-402e-8844-2e77ecdf75eb)
2019-11-26 15:31:45.288 27676 RALLYDEBUG rally_openstack.cleanup.manager [-] Deleting neutron.network object s_rally_14d4efb7_qcznYHuD (537b5acc-3e4b-4961-b404-4eb57cb66316)
2019-11-26 15:31:45.291 27676 RALLYDEBUG rally_openstack.cleanup.manager [-] Deleting neutron.network object s_rally_14d4efb7_0pBtBIGE (589eb917-8702-4669-b077-2a02de4932b5)
2019-11-26 15:31:45.309 27676 RALLYDEBUG rally_openstack.cleanup.manager [-] Deleting neutron.network object s_rally_14d4efb7_SdgFWo5o (5bc44735-e22f-4956-8557-ebe50295225a)
2019-11-26 15:31:45.318 27676 RALLYDEBUG rally_openstack.cleanup.manager [-] Deleting neutron.network object s_rally_14d4efb7_eN2auvEg (6464e4c9-2472-4683-9c56-8b7b18740bac)
2019-11-26 15:31:45.327 27676 RALLYDEBUG rally_openstack.cleanup.manager [-] Deleting neutron.network object s_rally_14d4efb7_YMZVUwID (737b21d0-c8d2-4c33-86ef-841ebbeadb2c)
2019-11-26 15:31:45.335 27676 RALLYDEBUG rally_openstack.cleanup.manager [-] Deleting neutron.network object s_rally_14d4efb7_QxKJHYnK (763b53e0-faa9-4670-ae4d-af70b0448a3b)
2019-11-26 15:31:47.379 27676 RALLYDEBUG rally_openstack.cleanup.manager [-] Deleting neutron.network object s_rally_14d4efb7_oCrT9pgU (777ed308-6ad6-4ff7-baf2-96ffa21964b1)
2019-11-26 15:31:47.429 27676 RALLYDEBUG rally_openstack.cleanup.manager [-] Deleting neutron.network object s_rally_14d4efb7_mZa6OGCT (8472a38d-4f09-4376-9285-38a09b2c6516)
2019-11-26 15:31:47.454 27676 RALLYDEBUG rally_openstack.cleanup.manager [-] Deleting neutron.network object s_rally_14d4efb7_zXFd8KWl (870271b9-3ca7-405e-9534-eba2cd56eb74)
2019-11-26 15:31:47.475 27676 RALLYDEBUG rally_openstack.cleanup.manager [-] Deleting neutron.network object s_rally_14d4efb7_r9O4ya1g (9335e30e-7016-40e4-a049-962e56da9bc7)
2019-11-26 15:31:47.517 27676 RALLYDEBUG rally_openstack.cleanup.manager [-] Deleting neutron.network object s_rally_14d4efb7_M7HGDP8P (947b08a1-a399-4c97-a2d1-5cff7cb4002d)
2019-11-26 15:31:47.570 27676 RALLYDEBUG rally_openstack.cleanup.manager [-] Deleting neutron.network object s_rally_14d4efb7_9vDurp6Z (9b30e344-c02d-4f10-b52b-496b2554c271)
2019-11-26 15:31:47.640 27676 RALLYDEBUG rally_openstack.cleanup.manager [-] Deleting neutron.network object s_rally_14d4efb7_vGeyaFkn (a2d61688-2ead-48d0-a342-eed253cae708)
2019-11-26 15:31:47.758 27676 RALLYDEBUG rally_openstack.cleanup.manager [-] Deleting neutron.network object s_rally_14d4efb7_EPkoubOX (a5afe842-01a4-4468-b885-493bd62ef415)
2019-11-26 15:31:47.767 27676 RALLYDEBUG rally_openstack.cleanup.manager [-] Deleting neutron.network object s_rally_14d4efb7_JZrhWT5T (bda12a51-c38c-4f17-a649-353295396c16)
2019-11-26 15:31:47.892 27676 RALLYDEBUG rally_openstack.cleanup.manager [-] Deleting neutron.network object s_rally_14d4efb7_5SQLAZtJ (beaccca2-e205-49a3-96d5-56d0ebcc63a9)
2019-11-26 15:31:47.910 27676 RALLYDEBUG rally_openstack.cleanup.manager [-] Deleting neutron.network object s_rally_14d4efb7_o3wmz5Zq (c17464cc-980e-460c-9eb5-fd635fa2f93d)
2019-11-26 15:31:47.924 27676 RALLYDEBUG rally_openstack.cleanup.manager [-] Deleting neutron.network object s_rally_14d4efb7_atKX6ux1 (ce50f33f-9952-4c84-9a4f-e5c92d27614a)
2019-11-26 15:31:47.991 27676 RALLYDEBUG rally_openstack.cleanup.manager [-] Deleting neutron.network object s_rally_14d4efb7_4covchQz (d3462b0f-bbba-49a8-b34b-f6072bd0b636)
2019-11-26 15:31:48.049 27676 RALLYDEBUG rally_openstack.cleanup.manager [-] Deleting neutron.network object s_rally_14d4efb7_3fRAzQzF (e53cf676-c636-431e-a1be-2768500fb0b5)
2019-11-26 15:31:48.102 27676 RALLYDEBUG rally_openstack.cleanup.manager [-] Deleting neutron.network object s_rally_14d4efb7_tBOpJqVW (eb62e93a-4032-4b33-a295-bbe103502055)
2019-11-26 15:31:48.176 27676 RALLYDEBUG rally_openstack.cleanup.manager [-] Deleting neutron.network object s_rally_14d4efb7_s3U2ddCL (ec2936a5-b8ec-4638-935c-86ddb4b3cb97)
2019-11-26 15:31:48.214 27676 RALLYDEBUG rally_openstack.cleanup.manager [-] Deleting neutron.network object s_rally_14d4efb7_BWwK5tgQ (ec63f620-8b78-4aa0-b5ad-c6c19e646d9c)
2019-11-26 15:31:48.407 27676 RALLYDEBUG rally_openstack.cleanup.manager [-] Deleting neutron.network object s_rally_14d4efb7_VpHrwnWt (edcda7fb-d55f-455a-be7c-05fc26095cb6)
2019-11-26 15:31:48.415 27676 RALLYDEBUG rally_openstack.cleanup.manager [-] Deleting neutron.network object s_rally_14d4efb7_WKK2pT11 (f89018fa-0e06-429d-9e68-121ab4c4c142)
2019-11-26 15:31:48.425 27676 RALLYDEBUG rally_openstack.cleanup.manager [-] Deleting neutron.network object s_rally_14d4efb7_dcagyZpk (fededfe7-57c6-430d-9ef6-5197a2cc3c41)
2019-11-26 15:31:50.867 27676 RALLYDEBUG rally_openstack.cleanup.manager [-] Cleaning up neutron router objects
2019-11-26 15:31:51.304 27676 RALLYDEBUG rally_openstack.cleanup.manager [-] Cleaning up neutron security_group objects
2019-11-26 15:31:51.756 27676 INFO rally.task.context [-] Task e826c3d6-f261-482c-9185-7df8fa45a3f4 | Context cleanup@openstack cleanup() finished in 10.38 sec
2019-11-26 15:31:51.756 27676 INFO rally.task.context [-] Task e826c3d6-f261-482c-9185-7df8fa45a3f4 | Context quotas@openstack cleanup() started
2019-11-26 15:31:51.839 27676 INFO rally.task.context [-] Task e826c3d6-f261-482c-9185-7df8fa45a3f4 | Context quotas@openstack cleanup() finished in 82.51 msec
2019-11-26 15:31:51.839 27676 INFO rally.task.context [-] Task e826c3d6-f261-482c-9185-7df8fa45a3f4 | Context users@openstack cleanup() started
2019-11-26 15:31:54.562 27676 INFO rally.task.context [-] Task e826c3d6-f261-482c-9185-7df8fa45a3f4 | Context users@openstack cleanup() finished in 2.72 sec
2019-11-26 15:31:55.970 27676 INFO rally.task.engine [-] Load duration is: 20.598302
2019-11-26 15:31:55.971 27676 INFO rally.task.engine [-] Full runner duration is: 20.647535
2019-11-26 15:31:55.971 27676 INFO rally.task.engine [-] Full duration is: 36.783015
2019-11-26 15:31:56.367 27676 INFO rally.task.engine [-] Running workload: position = 0 config = { "version": 2, "title": "A cropped version of a bigger task.", "description": "Auto-generated task from a single workload (uuid=dd8083db-3dee-483e-b923-bf7096f86408)", "subtasks": [ { "title": "Quotas.neutron_update", "description": "Update quotas for neutron.", "scenario": { "Quotas.neutron_update": { "max_quota": 1024 } }, "contexts": { "users": { "tenants": 20, "users_per_tenant": 1 } }, "runner": { "constant": { "times": 40, "concurrency": 20 } }, "hooks": [], "sla": { "failure_rate": { "max": 0 } } } ] }
2019-11-26 15:31:56.390 27676 RALLYDEBUG rally_openstack.contexts.keystone.users [-] Creating 20 tenants using 20 threads
2019-11-26 15:31:58.378 27676 RALLYDEBUG rally_openstack.contexts.keystone.users [-] Creating 20 users using 20 threads
2019-11-26 15:32:01.292 27676 INFO rally.task.context [-] Task e826c3d6-f261-482c-9185-7df8fa45a3f4 | Context users@openstack setup() finished in 4.90 sec
2019-11-26 15:32:01.293 27676 INFO rally.task.context [-] Task e826c3d6-f261-482c-9185-7df8fa45a3f4 | Context admin_cleanup@openstack setup() finished in 0.01 msec
2019-11-26 15:32:01.302 27676 RALLYDEBUG rally.task.runner [-] Starting the constant runner (task UUID: e826c3d6-f261-482c-9185-7df8fa45a3f4). times: 40 concurrency: 20 timeout: 0 max_cpu_used: 16 processes_to_start: 16 concurrency_per_worker: 1 concurrency_overhead: 4
2019-11-26 15:32:01.315 32532 RALLYDEBUG rally.task.runner [-] Starting a worker. times: 40 duration: None concurrency: 2 timeout: 0 cls: method_name: run args: {"max_quota": 1024}
2019-11-26 15:32:01.318 32533 RALLYDEBUG rally.task.runner [-] Starting a worker. times: 40 duration: None concurrency: 2 timeout: 0 cls: method_name: run args: {"max_quota": 1024}
2019-11-26 15:32:01.321 32534 RALLYDEBUG rally.task.runner [-] Starting a worker. times: 40 duration: None concurrency: 2 timeout: 0 cls: method_name: run args: {"max_quota": 1024}
2019-11-26 15:32:01.325 32535 RALLYDEBUG rally.task.runner [-] Starting a worker. times: 40 duration: None concurrency: 2 timeout: 0 cls: method_name: run args: {"max_quota": 1024}
2019-11-26 15:32:01.329 32537 RALLYDEBUG rally.task.runner [-] Starting a worker. times: 40 duration: None concurrency: 1 timeout: 0 cls: method_name: run args: {"max_quota": 1024}
2019-11-26 15:32:01.330 32532 INFO rally.task.runner [-] Task e826c3d6-f261-482c-9185-7df8fa45a3f4 | ITER: 1 START
2019-11-26 15:32:01.333 32539 RALLYDEBUG rally.task.runner [-] Starting a worker. times: 40 duration: None concurrency: 1 timeout: 0 cls: method_name: run args: {"max_quota": 1024}
2019-11-26 15:32:01.336 32534 INFO rally.task.runner [-] Task e826c3d6-f261-482c-9185-7df8fa45a3f4 | ITER: 3 START
2019-11-26 15:32:01.336 32533 INFO rally.task.runner [-] Task e826c3d6-f261-482c-9185-7df8fa45a3f4 | ITER: 2 START
2019-11-26 15:32:01.336 32545 RALLYDEBUG rally.task.runner [-] Starting a worker. times: 40 duration: None concurrency: 1 timeout: 0 cls: method_name: run args: {"max_quota": 1024}
2019-11-26 15:32:01.331 32532 INFO rally.task.runner [-] Task e826c3d6-f261-482c-9185-7df8fa45a3f4 | ITER: 4 START
2019-11-26 15:32:01.339 32537 INFO rally.task.runner [-] Task e826c3d6-f261-482c-9185-7df8fa45a3f4 | ITER: 8 START
2019-11-26 15:32:01.336 32535 INFO rally.task.runner [-] Task e826c3d6-f261-482c-9185-7df8fa45a3f4 | ITER: 5 START
2019-11-26 15:32:01.341 32547 RALLYDEBUG rally.task.runner [-] Starting a worker. times: 40 duration: None concurrency: 1 timeout: 0 cls: method_name: run args: {"max_quota": 1024}
2019-11-26 15:32:01.343 32539 INFO rally.task.runner [-] Task e826c3d6-f261-482c-9185-7df8fa45a3f4 | ITER: 9 START
2019-11-26 15:32:01.344 32553 RALLYDEBUG rally.task.runner [-] Starting a worker. times: 40 duration: None concurrency: 1 timeout: 0 cls: method_name: run args: {"max_quota": 1024}
2019-11-26 15:32:01.337 32534 INFO rally.task.runner [-] Task e826c3d6-f261-482c-9185-7df8fa45a3f4 | ITER: 7 START
2019-11-26 15:32:01.349 32545 INFO rally.task.runner [-] Task e826c3d6-f261-482c-9185-7df8fa45a3f4 | ITER: 11 START
2019-11-26 15:32:01.348 32556 RALLYDEBUG rally.task.runner [-] Starting a worker. times: 40 duration: None concurrency: 1 timeout: 0 cls: method_name: run args: {"max_quota": 1024}
2019-11-26 15:32:01.352 32547 INFO rally.task.runner [-] Task e826c3d6-f261-482c-9185-7df8fa45a3f4 | ITER: 12 START
2019-11-26 15:32:01.353 32553 INFO rally.task.runner [-] Task e826c3d6-f261-482c-9185-7df8fa45a3f4 | ITER: 13 START
2019-11-26 15:32:01.344 32533 INFO rally.task.runner [-] Task e826c3d6-f261-482c-9185-7df8fa45a3f4 | ITER: 6 START
2019-11-26 15:32:01.357 32563 RALLYDEBUG rally.task.runner [-] Starting a worker. times: 40 duration: None concurrency: 1 timeout: 0 cls: method_name: run args: {"max_quota": 1024}
2019-11-26 15:32:01.359 32556 INFO rally.task.runner [-] Task e826c3d6-f261-482c-9185-7df8fa45a3f4 | ITER: 14 START
2019-11-26 15:32:01.359 32535 INFO rally.task.runner [-] Task e826c3d6-f261-482c-9185-7df8fa45a3f4 | ITER: 10 START
2019-11-26 15:32:01.364 32567 RALLYDEBUG rally.task.runner [-] Starting a worker. times: 40 duration: None concurrency: 1 timeout: 0 cls: method_name: run args: {"max_quota": 1024}
2019-11-26 15:32:01.366 32563 INFO rally.task.runner [-] Task e826c3d6-f261-482c-9185-7df8fa45a3f4 | ITER: 15 START
2019-11-26 15:32:01.373 32567 INFO rally.task.runner [-] Task e826c3d6-f261-482c-9185-7df8fa45a3f4 | ITER: 16 START
2019-11-26 15:32:01.377 32570 RALLYDEBUG rally.task.runner [-] Starting a worker. times: 40 duration: None concurrency: 1 timeout: 0 cls: method_name: run args: {"max_quota": 1024}
2019-11-26 15:32:01.379 32573 RALLYDEBUG rally.task.runner [-] Starting a worker. times: 40 duration: None concurrency: 1 timeout: 0 cls: method_name: run args: {"max_quota": 1024}
2019-11-26 15:32:01.383 32574 RALLYDEBUG rally.task.runner [-] Starting a worker. times: 40 duration: None concurrency: 1 timeout: 0 cls: method_name: run args: {"max_quota": 1024}
2019-11-26 15:32:01.385 32570 INFO rally.task.runner [-] Task e826c3d6-f261-482c-9185-7df8fa45a3f4 | ITER: 17 START
2019-11-26 15:32:01.387 32573 INFO rally.task.runner [-] Task e826c3d6-f261-482c-9185-7df8fa45a3f4 | ITER: 18 START
2019-11-26 15:32:01.390 32577 RALLYDEBUG rally.task.runner [-] Starting a worker. times: 40 duration: None concurrency: 1 timeout: 0 cls: method_name: run args: {"max_quota": 1024}
2019-11-26 15:32:01.391 32574 INFO rally.task.runner [-] Task e826c3d6-f261-482c-9185-7df8fa45a3f4 | ITER: 19 START
2019-11-26 15:32:01.398 32577 INFO rally.task.runner [-] Task e826c3d6-f261-482c-9185-7df8fa45a3f4 | ITER: 20 START
2019-11-26 15:32:01.843 32534 INFO rally.task.runner [-] Task e826c3d6-f261-482c-9185-7df8fa45a3f4 | ITER: 3 END: OK
2019-11-26 15:32:01.850 32534 INFO rally.task.runner [-] Task e826c3d6-f261-482c-9185-7df8fa45a3f4 | ITER: 21 START
2019-11-26 15:32:01.862 32532 INFO rally.task.runner [-] Task e826c3d6-f261-482c-9185-7df8fa45a3f4 | ITER: 4 END: OK
2019-11-26 15:32:01.869 32532 INFO rally.task.runner [-] Task e826c3d6-f261-482c-9185-7df8fa45a3f4 | ITER: 22 START
2019-11-26 15:32:01.871 32532 INFO rally.task.runner [-] Task e826c3d6-f261-482c-9185-7df8fa45a3f4 | ITER: 1 END: OK
2019-11-26 15:32:01.882 32532 INFO rally.task.runner [-] Task e826c3d6-f261-482c-9185-7df8fa45a3f4 | ITER: 23 START
2019-11-26 15:32:01.887 32533 INFO rally.task.runner [-] Task e826c3d6-f261-482c-9185-7df8fa45a3f4 | ITER: 6 END: OK
2019-11-26 15:32:01.890 32553 INFO rally.task.runner [-] Task e826c3d6-f261-482c-9185-7df8fa45a3f4 | ITER: 13 END: OK
2019-11-26 15:32:01.896 32537 INFO rally.task.runner [-] Task e826c3d6-f261-482c-9185-7df8fa45a3f4 | ITER: 8 END: OK
2019-11-26 15:32:01.896 32553 INFO rally.task.runner [-] Task e826c3d6-f261-482c-9185-7df8fa45a3f4 | ITER: 25 START
2019-11-26 15:32:01.896 32533 INFO rally.task.runner [-] Task e826c3d6-f261-482c-9185-7df8fa45a3f4 | ITER: 24 START
2019-11-26 15:32:01.897 32533 INFO rally.task.runner [-] Task e826c3d6-f261-482c-9185-7df8fa45a3f4 | ITER: 2 END: OK
2019-11-26 15:32:01.906 32537 INFO rally.task.runner [-] Task e826c3d6-f261-482c-9185-7df8fa45a3f4 | ITER: 26 START
2019-11-26 15:32:01.908 32533 INFO rally.task.runner [-] Task e826c3d6-f261-482c-9185-7df8fa45a3f4 | ITER: 27 START
2019-11-26 15:32:01.913 32539 INFO rally.task.runner [-] Task e826c3d6-f261-482c-9185-7df8fa45a3f4 | ITER: 9 END: OK
2019-11-26 15:32:01.914 32534 INFO rally.task.runner [-] Task e826c3d6-f261-482c-9185-7df8fa45a3f4 | ITER: 7 END: OK
2019-11-26 15:32:01.919 32545 INFO rally.task.runner [-] Task e826c3d6-f261-482c-9185-7df8fa45a3f4 | ITER: 11 END: OK
2019-11-26 15:32:01.919 32539 INFO rally.task.runner [-] Task e826c3d6-f261-482c-9185-7df8fa45a3f4 | ITER: 28 START
2019-11-26 15:32:01.921 32534 INFO rally.task.runner [-] Task e826c3d6-f261-482c-9185-7df8fa45a3f4 | ITER: 29 START
2019-11-26 15:32:01.924 32545 INFO rally.task.runner [-] Task e826c3d6-f261-482c-9185-7df8fa45a3f4 | ITER: 30 START
2019-11-26 15:32:01.926 32547 INFO rally.task.runner [-] Task e826c3d6-f261-482c-9185-7df8fa45a3f4 | ITER: 12 END: OK
2019-11-26 15:32:01.933 32547 INFO rally.task.runner [-] Task e826c3d6-f261-482c-9185-7df8fa45a3f4 | ITER: 31 START
2019-11-26 15:32:01.938 32535 INFO rally.task.runner [-] Task e826c3d6-f261-482c-9185-7df8fa45a3f4 | ITER: 5 END: OK
2019-11-26 15:32:01.943 32535 INFO rally.task.runner [-] Task e826c3d6-f261-482c-9185-7df8fa45a3f4 | ITER: 32 START
2019-11-26 15:32:02.103 32567 INFO rally.task.runner [-] Task e826c3d6-f261-482c-9185-7df8fa45a3f4 | ITER: 16 END: OK
2019-11-26 15:32:02.111 32567 INFO rally.task.runner [-] Task e826c3d6-f261-482c-9185-7df8fa45a3f4 | ITER: 33 START
2019-11-26 15:32:02.111 32577 INFO rally.task.runner [-] Task e826c3d6-f261-482c-9185-7df8fa45a3f4 | ITER: 20 END: OK
2019-11-26 15:32:02.118 32577 INFO rally.task.runner [-] Task e826c3d6-f261-482c-9185-7df8fa45a3f4 | ITER: 34 START
2019-11-26 15:32:02.174 32563 INFO rally.task.runner [-] Task e826c3d6-f261-482c-9185-7df8fa45a3f4 | ITER: 15 END: OK
2019-11-26 15:32:02.182 32563 INFO rally.task.runner [-] Task e826c3d6-f261-482c-9185-7df8fa45a3f4 | ITER: 35 START
2019-11-26 15:32:02.204 32570 INFO rally.task.runner [-] Task e826c3d6-f261-482c-9185-7df8fa45a3f4 | ITER: 17 END: OK
2019-11-26 15:32:02.211 32570 INFO rally.task.runner [-] Task e826c3d6-f261-482c-9185-7df8fa45a3f4 | ITER: 36 START
2019-11-26 15:32:02.224 32535 INFO rally.task.runner [-] Task e826c3d6-f261-482c-9185-7df8fa45a3f4 | ITER: 10 END: OK
2019-11-26 15:32:02.230 32535 INFO rally.task.runner [-] Task e826c3d6-f261-482c-9185-7df8fa45a3f4 | ITER: 37 START
2019-11-26 15:32:02.289 32556 INFO rally.task.runner [-] Task e826c3d6-f261-482c-9185-7df8fa45a3f4 | ITER: 14 END: OK
2019-11-26 15:32:02.296 32556 INFO rally.task.runner [-] Task e826c3d6-f261-482c-9185-7df8fa45a3f4 | ITER: 38 START
2019-11-26 15:32:02.309 32573 INFO rally.task.runner [-] Task e826c3d6-f261-482c-9185-7df8fa45a3f4 | ITER: 18 END: OK
2019-11-26 15:32:02.316 32573 INFO rally.task.runner [-] Task e826c3d6-f261-482c-9185-7df8fa45a3f4 | ITER: 39 START
2019-11-26 15:32:02.381 32553 INFO rally.task.runner [-] Task e826c3d6-f261-482c-9185-7df8fa45a3f4 | ITER: 25 END: OK
2019-11-26 15:32:02.388 32553 INFO rally.task.runner [-] Task e826c3d6-f261-482c-9185-7df8fa45a3f4 | ITER: 40 START
2019-11-26 15:32:02.403 32534 INFO rally.task.runner [-] Task e826c3d6-f261-482c-9185-7df8fa45a3f4 | ITER: 21 END: OK
2019-11-26 15:32:02.412 32533 INFO rally.task.runner [-] Task e826c3d6-f261-482c-9185-7df8fa45a3f4 | ITER: 27 END: OK
2019-11-26 15:32:02.492 32574 INFO rally.task.runner [-] Task e826c3d6-f261-482c-9185-7df8fa45a3f4 | ITER: 19 END: OK
2019-11-26 15:32:02.518 32532 INFO rally.task.runner [-] Task e826c3d6-f261-482c-9185-7df8fa45a3f4 | ITER: 22 END: OK
2019-11-26 15:32:02.536 32532 INFO rally.task.runner [-] Task e826c3d6-f261-482c-9185-7df8fa45a3f4 | ITER: 23 END: OK
2019-11-26 15:32:02.574 32534 INFO rally.task.runner [-] Task e826c3d6-f261-482c-9185-7df8fa45a3f4 | ITER: 29 END: OK
2019-11-26 15:32:02.580 32537 INFO rally.task.runner [-] Task e826c3d6-f261-482c-9185-7df8fa45a3f4 | ITER: 26 END: OK
2019-11-26 15:32:02.581 32535 INFO rally.task.runner [-] Task e826c3d6-f261-482c-9185-7df8fa45a3f4 | ITER: 32 END: OK
2019-11-26 15:32:02.648 32533 INFO rally.task.runner [-] Task e826c3d6-f261-482c-9185-7df8fa45a3f4 | ITER: 24 END: OK
2019-11-26 15:32:02.691 32577 INFO rally.task.runner [-] Task e826c3d6-f261-482c-9185-7df8fa45a3f4 | ITER: 34 END: OK
2019-11-26 15:32:02.733 32539 INFO rally.task.runner [-] Task e826c3d6-f261-482c-9185-7df8fa45a3f4 | ITER: 28 END: OK
2019-11-26 15:32:02.750 32563 INFO rally.task.runner [-] Task e826c3d6-f261-482c-9185-7df8fa45a3f4 | ITER: 35 END: OK
2019-11-26 15:32:02.751 32567 INFO rally.task.runner [-] Task e826c3d6-f261-482c-9185-7df8fa45a3f4 | ITER: 33 END: OK
2019-11-26 15:32:02.760 32547 INFO rally.task.runner [-] Task e826c3d6-f261-482c-9185-7df8fa45a3f4 | ITER: 31 END: OK
2019-11-26 15:32:02.841 32545 INFO rally.task.runner [-] Task e826c3d6-f261-482c-9185-7df8fa45a3f4 | ITER: 30 END: OK
2019-11-26 15:32:02.848 32570 INFO rally.task.runner [-] Task e826c3d6-f261-482c-9185-7df8fa45a3f4 | ITER: 36 END: OK
2019-11-26 15:32:02.896 32553 INFO rally.task.runner [-] Task e826c3d6-f261-482c-9185-7df8fa45a3f4 | ITER: 40 END: OK
2019-11-26 15:32:02.995 32535 INFO rally.task.runner [-] Task e826c3d6-f261-482c-9185-7df8fa45a3f4 | ITER: 37 END: OK
2019-11-26 15:32:02.995 32573 INFO rally.task.runner [-] Task e826c3d6-f261-482c-9185-7df8fa45a3f4 | ITER: 39 END: OK
2019-11-26 15:32:02.997 32556 INFO rally.task.runner [-] Task e826c3d6-f261-482c-9185-7df8fa45a3f4 | ITER: 38 END: OK
2019-11-26 15:32:03.025 27676 INFO rally.task.context [-] Task e826c3d6-f261-482c-9185-7df8fa45a3f4 | Context admin_cleanup@openstack cleanup() started
2019-11-26 15:32:03.028 27676 RALLYDEBUG rally_openstack.cleanup.manager [-] Cleaning up neutron quota objects
2019-11-26 15:32:04.534 27676 INFO rally.task.context [-] Task e826c3d6-f261-482c-9185-7df8fa45a3f4 | Context admin_cleanup@openstack cleanup() finished in 1.51 sec
2019-11-26 15:32:04.535 27676 INFO rally.task.context [-] Task e826c3d6-f261-482c-9185-7df8fa45a3f4 | Context users@openstack cleanup() started
2019-11-26 15:32:25.184 27676 INFO rally.task.context [-] Task e826c3d6-f261-482c-9185-7df8fa45a3f4 | Context users@openstack cleanup() finished in 20.65 sec
2019-11-26 15:32:26.804 27676 INFO rally.task.engine [-] Load duration is: 1.665446
2019-11-26 15:32:26.805 27676 INFO rally.task.engine [-] Full runner duration is: 1.722792
2019-11-26 15:32:26.805 27676 INFO rally.task.engine [-] Full duration is: 28.795089
2019-11-26 15:32:27.139 27676 INFO rally.task.engine [-] Running workload: position = 0 config = { "version": 2, "title": "A cropped version of a bigger task.", "description": "Auto-generated task from a single workload (uuid=bb6045a5-f7f0-4a87-bd3c-39cdafdffe3a)", "subtasks": [ { "title": "NeutronTrunks.create_and_list_trunks", "description": "Create and a given number of trunks with subports and list all trunks", "scenario": { "NeutronTrunks.create_and_list_trunks": { "subport_count": 125 } }, "contexts": { "users": { "tenants": 1, "users_per_tenant": 1 }, "quotas": { "neutron": { "network": -1, "port": 1000 } } }, "runner": { "constant": { "times": 4, "concurrency": 4 } }, "hooks": [], "sla": { "failure_rate": { "max": 0 } } } ] }
2019-11-26 15:32:27.163 27676 RALLYDEBUG rally_openstack.contexts.keystone.users [-] Creating 1 tenants using 20 threads
2019-11-26 15:32:28.095 27676 RALLYDEBUG rally_openstack.contexts.keystone.users [-] Creating 1 users using 20 threads
2019-11-26 15:32:29.490 27676 INFO rally.task.context [-] Task e826c3d6-f261-482c-9185-7df8fa45a3f4 | Context users@openstack setup() finished in 2.33 sec
2019-11-26 15:32:30.063 27676 INFO rally.task.context [-] Task e826c3d6-f261-482c-9185-7df8fa45a3f4 | Context quotas@openstack setup() finished in 0.57 sec
2019-11-26 15:32:30.064 27676 INFO rally.task.context [-] Task e826c3d6-f261-482c-9185-7df8fa45a3f4 | Context cleanup@openstack setup() finished in 0.01 msec
2019-11-26 15:32:30.073 27676 RALLYDEBUG rally.task.runner [-] Starting the constant runner (task UUID: e826c3d6-f261-482c-9185-7df8fa45a3f4). times: 4 concurrency: 4 timeout: 0 max_cpu_used: 16 processes_to_start: 4 concurrency_per_worker: 1 concurrency_overhead: 0
2019-11-26 15:32:30.085 32722 RALLYDEBUG rally.task.runner [-] Starting a worker. times: 4 duration: None concurrency: 1 timeout: 0 cls: method_name: run args: {"subport_count": 125}
2019-11-26 15:32:30.089 32723 RALLYDEBUG rally.task.runner [-] Starting a worker. times: 4 duration: None concurrency: 1 timeout: 0 cls: method_name: run args: {"subport_count": 125}
2019-11-26 15:32:30.090 32722 INFO rally.task.runner [-] Task e826c3d6-f261-482c-9185-7df8fa45a3f4 | ITER: 1 START
2019-11-26 15:32:30.092 32724 RALLYDEBUG rally.task.runner [-] Starting a worker. times: 4 duration: None concurrency: 1 timeout: 0 cls: method_name: run args: {"subport_count": 125}
2019-11-26 15:32:30.094 32723 INFO rally.task.runner [-] Task e826c3d6-f261-482c-9185-7df8fa45a3f4 | ITER: 2 START
2019-11-26 15:32:30.095 32727 RALLYDEBUG rally.task.runner [-] Starting a worker. times: 4 duration: None concurrency: 1 timeout: 0 cls: method_name: run args: {"subport_count": 125}
2019-11-26 15:32:30.098 32724 INFO rally.task.runner [-] Task e826c3d6-f261-482c-9185-7df8fa45a3f4 | ITER: 3 START
2019-11-26 15:32:30.100 32727 INFO rally.task.runner [-] Task e826c3d6-f261-482c-9185-7df8fa45a3f4 | ITER: 4 START
2019-11-26 15:33:40.866 32722 INFO rally.task.runner [-] Task e826c3d6-f261-482c-9185-7df8fa45a3f4 | ITER: 1 END: OK
2019-11-26 15:33:44.202 32727 INFO rally.task.runner [-] Task e826c3d6-f261-482c-9185-7df8fa45a3f4 | ITER: 4 END: OK
2019-11-26 15:33:44.557 32724 INFO rally.task.runner [-] Task e826c3d6-f261-482c-9185-7df8fa45a3f4 | ITER: 3 END: OK
2019-11-26 15:33:45.604 32723 INFO rally.task.runner [-] Task e826c3d6-f261-482c-9185-7df8fa45a3f4 | ITER: 2 END: OK
2019-11-26 15:33:45.629 27676 INFO rally.task.context [-] Task e826c3d6-f261-482c-9185-7df8fa45a3f4 | Context cleanup@openstack cleanup() started
2019-11-26 15:33:45.632 27676 RALLYDEBUG rally_openstack.cleanup.manager [-] Cleaning up neutron vip objects
2019-11-26 15:33:46.032 27676 RALLYDEBUG rally_openstack.cleanup.manager [-] Cleaning up neutron health_monitor objects
2019-11-26 15:33:46.425 27676 RALLYDEBUG rally_openstack.cleanup.manager [-] Cleaning up neutron pool objects
2019-11-26 15:33:46.846 27676 RALLYDEBUG rally_openstack.cleanup.manager [-] Cleaning up neutron loadbalancer objects
2019-11-26 15:33:47.244 27676 RALLYDEBUG rally_openstack.cleanup.manager [-] Cleaning up neutron floatingip objects
2019-11-26 15:33:47.685 27676 RALLYDEBUG rally_openstack.cleanup.manager [-] Cleaning up neutron trunk objects
2019-11-26 15:33:48.144 27676 RALLYDEBUG rally_openstack.cleanup.manager [-] Deleting neutron.trunk object s_rally_bb6045a5_2ysANHqi (a76b7055-462c-4a01-a4a9-d049a4385cd2)
2019-11-26 15:33:48.150 27676 RALLYDEBUG rally_openstack.cleanup.manager [-] Deleting neutron.trunk object s_rally_bb6045a5_2U3Hbzgh (d8c9f475-179f-467a-8085-4a2c0d5c9bc1)
2019-11-26 15:33:48.159 27676 RALLYDEBUG rally_openstack.cleanup.manager [-] Deleting neutron.trunk object s_rally_bb6045a5_JBOTiJmA (e6fae176-ce69-42fd-abdf-9e0acb761bdb)
2019-11-26 15:33:48.170 27676 RALLYDEBUG rally_openstack.cleanup.manager [-] Deleting neutron.trunk object s_rally_bb6045a5_SrVAQyQ7 (f85cbc6f-e06f-4b32-8674-67079b8a2f1f)
2019-11-26 15:33:49.935 27676 RALLYDEBUG rally_openstack.cleanup.manager [-] Cleaning up neutron port objects
2019-11-26 15:33:51.925 27676 RALLYDEBUG rally_openstack.cleanup.manager [-] Deleting neutron.port object s_rally_bb6045a5_AzdM2Ujl (007f3d54-b113-46ef-be2b-06162bb146f4)
2019-11-26 15:33:51.935 27676 RALLYDEBUG rally_openstack.cleanup.manager [-] Deleting neutron.port object s_rally_bb6045a5_N7RkBHCG (01b7cea1-25f7-42be-8eea-52f598bf642d)
2019-11-26 15:33:51.944 27676 RALLYDEBUG rally_openstack.cleanup.manager [-] Deleting neutron.port object s_rally_bb6045a5_LDbD4dYb (02062015-563d-4ef6-bad5-3c66f22fcc8e)
2019-11-26 15:33:51.954 27676 RALLYDEBUG rally_openstack.cleanup.manager [-] Deleting neutron.port object s_rally_bb6045a5_d3QLyTEp (025ce2fd-aa45-4e80-8f86-d97630783d1a)
2019-11-26 15:33:51.960 27676 RALLYDEBUG rally_openstack.cleanup.manager [-] Deleting neutron.port object s_rally_bb6045a5_C9abMkLt (04106b5e-a7a6-499b-ae44-90d033df6993)
2019-11-26 15:33:51.966 27676 RALLYDEBUG rally_openstack.cleanup.manager [-] Deleting neutron.port object s_rally_bb6045a5_PyK3gk2N (047dfe11-fec2-424c-b34b-131faa8cfa15)
2019-11-26 15:33:51.971 27676 RALLYDEBUG rally_openstack.cleanup.manager [-] Deleting neutron.port object s_rally_bb6045a5_GoZwrhtA (049611a5-e7a0-4a04-b0f9-02d4100d3aa0)
2019-11-26 15:33:51.988 27676 RALLYDEBUG rally_openstack.cleanup.manager [-] Deleting neutron.port object s_rally_bb6045a5_EAz1uJbT (05982f3d-c9b2-47d6-922f-f5809f81f800)
2019-11-26 15:33:51.999 27676 RALLYDEBUG rally_openstack.cleanup.manager [-] Deleting neutron.port object s_rally_bb6045a5_ttvGAeDF (05e91e46-1f08-4fdd-a8d0-e8f58c1fc88c)
2019-11-26 15:33:52.006 27676 RALLYDEBUG rally_openstack.cleanup.manager [-] Deleting neutron.port object s_rally_bb6045a5_NUkll0SR (05f6329d-d5af-447e-8119-ad79494d5637)
2019-11-26 15:33:52.015 27676 RALLYDEBUG rally_openstack.cleanup.manager [-] Deleting neutron.port object s_rally_bb6045a5_D2A8mFzY (065bf13e-0985-40d5-a2b2-0c4d46b5e18e)
2019-11-26 15:33:52.020 27676 RALLYDEBUG rally_openstack.cleanup.manager [-] Deleting neutron.port object s_rally_bb6045a5_h4D6Wr5K (0724e116-86be-4952-9049-9d6d110223e7)
2019-11-26 15:33:52.030 27676 RALLYDEBUG rally_openstack.cleanup.manager [-] Deleting neutron.port object s_rally_bb6045a5_DT74anHU (07478d30-d072-40d0-a5dd-43b49901f120)
2019-11-26 15:33:52.052 27676 RALLYDEBUG rally_openstack.cleanup.manager [-] Deleting neutron.port object s_rally_bb6045a5_xHJpfChq (076875d4-b42b-4d5a-bcd1-91604f5e53a6)
2019-11-26 15:33:52.057 27676 RALLYDEBUG rally_openstack.cleanup.manager [-] Deleting neutron.port object s_rally_bb6045a5_Th7ZxL15 (07828f04-f666-4705-8b70-1a31e7f22d5f)
2019-11-26 15:33:52.072 27676 RALLYDEBUG rally_openstack.cleanup.manager [-] Deleting neutron.port object s_rally_bb6045a5_5yscs26U (07c8def6-d828-46ac-8a0e-bedbfb5fce37)
2019-11-26 15:33:52.079 27676 RALLYDEBUG rally_openstack.cleanup.manager [-] Deleting neutron.port object s_rally_bb6045a5_COpAMmWN (07d80668-d6e2-4673-94d3-5634f1542713)
2019-11-26 15:33:52.091 27676 RALLYDEBUG rally_openstack.cleanup.manager [-] Deleting neutron.port object s_rally_bb6045a5_sI7VrjXc (07dd5a90-5cb6-4c4e-9644-79265b3e0f87)
2019-11-26 15:33:52.096 27676 RALLYDEBUG rally_openstack.cleanup.manager [-] Deleting neutron.port object s_rally_bb6045a5_TfpY7C1Z (086fcaff-5812-4e7f-a6a8-adfd42c63c97)
2019-11-26 15:33:52.112 27676 RALLYDEBUG rally_openstack.cleanup.manager [-] Deleting neutron.port object s_rally_bb6045a5_pFjSrzSP (08f7bcfc-d641-49eb-a037-645c56319939)
2019-11-26 15:33:53.832 27676 RALLYDEBUG rally_openstack.cleanup.manager [-] Deleting neutron.port object s_rally_bb6045a5_po3ZK4kv (09539f71-0cac-4106-9f52-c47adbc42520)
2019-11-26 15:33:53.960 27676 RALLYDEBUG rally_openstack.cleanup.manager [-] Deleting neutron.port object s_rally_bb6045a5_Z3jSTNUl (0aa88d00-8591-4fba-b94c-cc4011cc9097)
2019-11-26 15:33:53.992 27676 RALLYDEBUG rally_openstack.cleanup.manager [-] Deleting neutron.port object s_rally_bb6045a5_0DHAYG9m (0c30cca0-1ba9-4ccf-8329-a79434247a7c)
2019-11-26 15:33:54.009 27676 RALLYDEBUG rally_openstack.cleanup.manager [-] Deleting neutron.port object s_rally_bb6045a5_vKsAijJR (0cf87b4e-ef42-47b9-ac4a-f9a4bc39a1c4)
2019-11-26 15:33:54.022 27676 RALLYDEBUG rally_openstack.cleanup.manager [-] Deleting neutron.port object s_rally_bb6045a5_kz1DnPX7 (0d5859fb-874e-4f14-bdb8-200e1068c14f)
2019-11-26 15:33:54.144 27676 RALLYDEBUG rally_openstack.cleanup.manager [-] Deleting neutron.port object s_rally_bb6045a5_jqcODY2Y (0d65a5d3-fbbc-4d00-b1b4-355b04537476)
2019-11-26 15:33:54.152 27676 RALLYDEBUG rally_openstack.cleanup.manager [-] Deleting neutron.port object s_rally_bb6045a5_l439yRVq (0d873d24-d93f-42ee-bb3d-d7ec248a9f20)
2019-11-26 15:33:54.169 27676 RALLYDEBUG rally_openstack.cleanup.manager [-] Deleting neutron.port object s_rally_bb6045a5_UiUqWrtN (0e19ce26-fb70-47b5-9159-94a13db78ffb)
2019-11-26 15:33:54.201 27676 RALLYDEBUG rally_openstack.cleanup.manager [-] Deleting neutron.port object s_rally_bb6045a5_i12Kf7MV (0e58a323-47c2-411a-80ca-79f68cfbe9b9)
2019-11-26 15:33:54.345 27676 RALLYDEBUG rally_openstack.cleanup.manager [-] Deleting neutron.port object s_rally_bb6045a5_9RGJxBEA (0ef8288a-7c17-426b-b5c2-8979ab969296)
2019-11-26 15:33:54.366 27676 RALLYDEBUG rally_openstack.cleanup.manager [-] Deleting neutron.port object s_rally_bb6045a5_r3Mck3ae (0fc4d8aa-778b-4227-a347-a34c6613aaf7)
2019-11-26 15:33:54.500 27676 RALLYDEBUG rally_openstack.cleanup.manager [-] Deleting neutron.port object s_rally_bb6045a5_RlqWCHDD (0fdc225b-d656-4fc4-9929-dad1dc40b9c5)
2019-11-26 15:33:54.582 27676 RALLYDEBUG rally_openstack.cleanup.manager [-] Deleting neutron.port object s_rally_bb6045a5_KNWCFdfw (0fe59f4b-665b-4ed5-86b8-68229895d3dd)
2019-11-26 15:33:54.591 27676 RALLYDEBUG rally_openstack.cleanup.manager [-] Deleting neutron.port object s_rally_bb6045a5_DIFDVnks (10c7da1d-9568-4e28-8c34-5cb40262a46e)
2019-11-26 15:33:54.667 27676 RALLYDEBUG rally_openstack.cleanup.manager [-] Deleting neutron.port object s_rally_bb6045a5_u5QdD46J (11677d2e-ed29-425a-acaf-269b091aefc7)
2019-11-26 15:33:54.713 27676 RALLYDEBUG rally_openstack.cleanup.manager [-] Deleting neutron.port object s_rally_bb6045a5_ZoAINNoM (117e97e4-8650-4995-9551-45921ac98d25)
2019-11-26 15:33:54.746 27676 RALLYDEBUG rally_openstack.cleanup.manager [-] Deleting neutron.port object s_rally_bb6045a5_WSAjbJnB (126e2d6b-b459-4c3b-a5d5-808e17c2d09e)
2019-11-26 15:33:54.754 27676 RALLYDEBUG rally_openstack.cleanup.manager [-] Deleting neutron.port object s_rally_bb6045a5_hwzUkJQD (1284a5bf-df98-4641-bea9-749c639cf53d)
2019-11-26 15:33:54.922 27676 RALLYDEBUG rally_openstack.cleanup.manager [-] Deleting neutron.port object s_rally_bb6045a5_bs6Hq42X (129636ab-f621-4dcf-8e7b-669ae158c0e2)
2019-11-26 15:33:55.019 27676 RALLYDEBUG rally_openstack.cleanup.manager [-] Deleting neutron.port object s_rally_bb6045a5_O4Ls7SP7 (12ddb7fa-4900-463b-9ff9-6e405b61ba65)
2019-11-26 15:33:55.680 27676 RALLYDEBUG rally_openstack.cleanup.manager [-] Deleting neutron.port object s_rally_bb6045a5_4SXvmNip (137c3db0-1cea-4986-bfa0-adfcced73c3d)
2019-11-26 15:33:55.781 27676 RALLYDEBUG rally_openstack.cleanup.manager [-] Deleting neutron.port object s_rally_bb6045a5_UeZkVzAj (13d2c2cd-d76b-483d-8e24-caab4934aa1a)
2019-11-26 15:33:55.786 27676 RALLYDEBUG rally_openstack.cleanup.manager [-] Deleting neutron.port object s_rally_bb6045a5_fDs9Ukpz (13e5973d-e011-4d71-9870-419b0fa7b911)
2019-11-26 15:33:55.912 27676 RALLYDEBUG rally_openstack.cleanup.manager [-] Deleting neutron.port object s_rally_bb6045a5_3CjMQG17 (14293d84-b5b1-4a90-b10f-a992a4e94bf1)
2019-11-26 15:33:55.948 27676 RALLYDEBUG rally_openstack.cleanup.manager [-] Deleting neutron.port object s_rally_bb6045a5_uyu8QG0k (14813b52-af46-45f8-8ba6-452771559827)
2019-11-26 15:33:56.047 27676 RALLYDEBUG rally_openstack.cleanup.manager [-] Deleting neutron.port object s_rally_bb6045a5_fO0Ggy9P (1497db25-755c-4092-a957-9b605bebefbd)
2019-11-26 15:33:56.057 27676 RALLYDEBUG rally_openstack.cleanup.manager [-] Deleting neutron.port object s_rally_bb6045a5_DHI37wL0 (14bd0f5c-4d93-44ac-8c56-546bfa5d8dce)
2019-11-26 15:33:56.095 27676 RALLYDEBUG rally_openstack.cleanup.manager [-] Deleting neutron.port object s_rally_bb6045a5_mPadbKCg (1533a4d8-9704-4a3d-82b1-ce08ce6cd601)
2019-11-26 15:33:56.123 27676 RALLYDEBUG rally_openstack.cleanup.manager [-] Deleting neutron.port object s_rally_bb6045a5_k0IHfyJs (159df94a-606d-4117-9ae7-044f51efdd78)
2019-11-26 15:33:56.253 27676 RALLYDEBUG rally_openstack.cleanup.manager [-] Deleting neutron.port object s_rally_bb6045a5_GBz16T8u (1641427e-07a1-49ce-84a8-d9cf9215c6cf)
2019-11-26 15:33:56.271 27676 RALLYDEBUG rally_openstack.cleanup.manager [-] Deleting neutron.port object s_rally_bb6045a5_cczWyPwr (166b2c38-c720-4471-b78a-d726a3b433f4)
2019-11-26 15:33:56.280 27676 RALLYDEBUG rally_openstack.cleanup.manager [-] Deleting neutron.port object s_rally_bb6045a5_MtTRc3kH (16e29e90-d41c-4771-ac73-5e24814527ea)
2019-11-26 15:33:56.469 27676 RALLYDEBUG rally_openstack.cleanup.manager [-] Deleting neutron.port object s_rally_bb6045a5_vZTfBiO2 (17755a5f-4d5e-4ec6-a676-7d7357079327)
2019-11-26 15:33:56.520 27676 RALLYDEBUG rally_openstack.cleanup.manager [-] Deleting neutron.port object s_rally_bb6045a5_IJs7YwMQ (184c32f4-6272-4964-a080-f7c1fb284129)
2019-11-26 15:33:56.567 27676 RALLYDEBUG rally_openstack.cleanup.manager [-] Deleting neutron.port object s_rally_bb6045a5_EQQk3gzP (1948b95d-26fb-4334-9b4b-2e0313b92e95)
2019-11-26 15:33:56.600 27676 RALLYDEBUG rally_openstack.cleanup.manager [-] Deleting neutron.port object s_rally_bb6045a5_FQV1z3VH (1a1a4b43-75aa-4668-a624-c07e396f0eef)
2019-11-26 15:33:56.647 27676 RALLYDEBUG rally_openstack.cleanup.manager [-] Deleting neutron.port object s_rally_bb6045a5_V5khb52c (1aa7e2ca-94d3-4105-afde-b7facde92353)
2019-11-26 15:33:56.779 27676 RALLYDEBUG rally_openstack.cleanup.manager [-] Deleting neutron.port object s_rally_bb6045a5_fH8OkaMn (1b57bd09-2998-4999-808a-ff53b76624d6)
2019-11-26 15:33:56.995 27676 RALLYDEBUG rally_openstack.cleanup.manager [-] Deleting neutron.port object s_rally_bb6045a5_MJ0ng9LU (1b780799-0869-4a80-9ab5-e57ff9660fde)
2019-11-26 15:33:56.998 27676 RALLYDEBUG rally_openstack.cleanup.manager [-] Deleting neutron.port object s_rally_bb6045a5_c8k1aVK3 (1bb7d67d-76a3-4968-a6af-6582f11594f3)
2019-11-26 15:33:57.431 27676 RALLYDEBUG rally_openstack.cleanup.manager [-] Deleting neutron.port object s_rally_bb6045a5_xknlI0So (1be7d0ea-54b8-4cbd-b457-ee3f5e412386)
2019-11-26 15:33:57.561 27676 RALLYDEBUG rally_openstack.cleanup.manager [-] Deleting neutron.port object s_rally_bb6045a5_8c9Tho6P (1bff1fc5-b2b3-495e-a0f9-c60e070de720)
2019-11-26 15:33:57.790 27676 RALLYDEBUG rally_openstack.cleanup.manager [-] Deleting neutron.port object s_rally_bb6045a5_o2Z7wTCN (1c89b672-2e1f-4a22-b53d-c6aef907a210)
2019-11-26 15:33:57.841 27676 RALLYDEBUG rally_openstack.cleanup.manager [-] Deleting neutron.port object s_rally_bb6045a5_INf41XP7 (1c90334f-cd56-4da3-a85b-0815bc6f058e)
2019-11-26 15:33:57.941 27676 RALLYDEBUG rally_openstack.cleanup.manager [-] Deleting neutron.port object s_rally_bb6045a5_BpltKerR (1d87dc77-1685-47e5-98c9-3c33809f297c)
2019-11-26 15:33:57.988 27676 RALLYDEBUG rally_openstack.cleanup.manager [-] Deleting neutron.port object s_rally_bb6045a5_UmrR2QGE (1da129ab-dacc-406d-9012-0b7395e3d3e2)
2019-11-26 15:33:58.010 27676 RALLYDEBUG rally_openstack.cleanup.manager [-] Deleting neutron.port object s_rally_bb6045a5_AERCTVfK (1daae1be-7e36-44d2-a622-d8bb693474a9)
2019-11-26 15:33:58.047 27676 RALLYDEBUG rally_openstack.cleanup.manager [-] Deleting neutron.port object s_rally_bb6045a5_1nLDznSJ (1e4b874e-6e62-4b38-a966-5f13e22e10cd)
2019-11-26 15:33:58.099 27676 RALLYDEBUG rally_openstack.cleanup.manager [-] Deleting neutron.port object s_rally_bb6045a5_W31ScRVD (1e7d6c6f-144b-48d6-a0ff-e795f452a21b)
2019-11-26 15:33:58.173 27676 RALLYDEBUG rally_openstack.cleanup.manager [-] Deleting neutron.port object s_rally_bb6045a5_GUxD9QlY (1f50f30f-f6bf-4a46-9026-739dbf5961db)
2019-11-26 15:33:58.181 27676 RALLYDEBUG rally_openstack.cleanup.manager [-] Deleting neutron.port object s_rally_bb6045a5_q7YY5FjH (202c3b94-f76e-4598-983d-c30b4b49788d)
2019-11-26 15:33:58.342 27676 RALLYDEBUG rally_openstack.cleanup.manager [-] Deleting neutron.port object s_rally_bb6045a5_O2rmQ7Z5 (20428a93-dac5-44f3-ac41-8345a0cf6009)
2019-11-26 15:33:58.351 27676 RALLYDEBUG rally_openstack.cleanup.manager [-] Deleting neutron.port object s_rally_bb6045a5_1CgFoF3Y (20548098-3b83-4c9b-b5c2-472cd81b0079)
2019-11-26 15:33:58.361 27676 RALLYDEBUG rally_openstack.cleanup.manager [-] Deleting neutron.port object s_rally_bb6045a5_QTEhp2c8 (21698429-14fc-440b-9720-cf5f91715539)
2019-11-26 15:33:58.524 27676 RALLYDEBUG rally_openstack.cleanup.manager [-] Deleting neutron.port object s_rally_bb6045a5_25ij0fHg (21c0963e-f7fd-435f-8691-b9981017411b)
2019-11-26 15:33:58.560 27676 RALLYDEBUG rally_openstack.cleanup.manager [-] Deleting neutron.port object s_rally_bb6045a5_PlrLFsFP (21c3b6b6-f891-4b13-9264-0aa2f1bacffe)
2019-11-26 15:33:58.680 27676 RALLYDEBUG rally_openstack.cleanup.manager [-] Deleting neutron.port object s_rally_bb6045a5_ZwzVK8O5 (22035be2-2d7b-4944-87f9-ca008ea41a64)
2019-11-26 15:33:58.743 27676 RALLYDEBUG rally_openstack.cleanup.manager [-] Deleting neutron.port object s_rally_bb6045a5_l5uU2Knu (22867c96-9a21-471f-a2dc-91edea142730)
2019-11-26 15:33:58.755 27676 RALLYDEBUG rally_openstack.cleanup.manager [-] Deleting neutron.port object s_rally_bb6045a5_erReHFTm (22b0942b-b936-43e7-9543-8dc7363ab0e4)
2019-11-26 15:33:58.797 27676 RALLYDEBUG rally_openstack.cleanup.manager [-] Deleting neutron.port object s_rally_bb6045a5_CgA3saxy (22bdd274-24dd-4ff6-901b-3752d60c4d9c)
2019-11-26 15:33:59.170 27676 RALLYDEBUG rally_openstack.cleanup.manager [-] Deleting neutron.port object s_rally_bb6045a5_WqnkDjC3 (2373bc07-aaae-4041-bfb9-b0115afd578d)
2019-11-26 15:33:59.289 27676 RALLYDEBUG rally_openstack.cleanup.manager [-] Deleting neutron.port object s_rally_bb6045a5_km2o1SBt (2408e0ab-7a16-43aa-b639-73807be007d6)
2019-11-26 15:33:59.591 27676 RALLYDEBUG rally_openstack.cleanup.manager [-] Deleting neutron.port object s_rally_bb6045a5_FjhcvxRE (24510082-5212-4876-8515-8e334c7988a6)
2019-11-26 15:33:59.703 27676 RALLYDEBUG rally_openstack.cleanup.manager [-] Deleting neutron.port object s_rally_bb6045a5_R4TpbbYl (2454b3b8-5768-4268-8eba-067a5f46a760)
2019-11-26 15:33:59.712 27676 RALLYDEBUG rally_openstack.cleanup.manager [-] Deleting neutron.port object s_rally_bb6045a5_Z2hMeTFM (2476b6a5-8408-4f49-a992-f5330bb3e2df)
2019-11-26 15:33:59.741 27676 RALLYDEBUG rally_openstack.cleanup.manager [-] Deleting neutron.port object s_rally_bb6045a5_refMLf07 (25424582-ec56-49a9-b0fb-7aa8ac8a55a1)
2019-11-26 15:33:59.837 27676 RALLYDEBUG rally_openstack.cleanup.manager [-] Deleting neutron.port object s_rally_bb6045a5_WaRTJbwV (2571d906-4372-4e7d-a9ca-9d4657b4a1e1)
2019-11-26 15:33:59.920 27676 RALLYDEBUG rally_openstack.cleanup.manager [-] Deleting neutron.port object s_rally_bb6045a5_ZQ8GrYGw (25cdbd7e-2676-4798-b571-c33c92f52b03)
2019-11-26 15:33:59.941 27676 RALLYDEBUG rally_openstack.cleanup.manager [-] Deleting neutron.port object s_rally_bb6045a5_ccBzaXDt (264a5c7d-41dd-4291-9245-d4c1bb50275c)
2019-11-26 15:34:00.142 27676 RALLYDEBUG rally_openstack.cleanup.manager [-] Deleting neutron.port object s_rally_bb6045a5_F0mZlFYH (274cab95-d7d9-4ad2-beb8-e1df2bf518db)
2019-11-26 15:34:00.174 27676 RALLYDEBUG rally_openstack.cleanup.manager [-] Deleting neutron.port object s_rally_bb6045a5_Gzv6xcj0 (275332e6-4d48-4526-92ea-55cc6774e073)
2019-11-26 15:34:00.190 27676 RALLYDEBUG rally_openstack.cleanup.manager [-] Deleting neutron.port object s_rally_bb6045a5_gNgQhLsy (27a4803f-f34c-4ede-b468-126ec3ca34af)
2019-11-26 15:34:00.258 27676 RALLYDEBUG rally_openstack.cleanup.manager [-] Deleting neutron.port object s_rally_bb6045a5_ZjbJMwAH (27bb404e-4919-4602-84d7-b3a7a2ee6da5)
2019-11-26 15:34:00.294 27676 RALLYDEBUG rally_openstack.cleanup.manager [-] Deleting neutron.port object s_rally_bb6045a5_N4hLr6ok (27f616c5-9828-4cee-95a0-2fc65d0ad7bf)
2019-11-26 15:34:00.297 27676 RALLYDEBUG rally_openstack.cleanup.manager [-] Deleting neutron.port object s_rally_bb6045a5_tXf5oKVz (27fd1113-e596-49cd-a1dc-8785bd906e5d)
2019-11-26 15:34:00.442 27676 RALLYDEBUG rally_openstack.cleanup.manager [-] Deleting neutron.port object s_rally_bb6045a5_RCQLEDvE (2884c92a-0d28-4a46-a66a-507ea6aa19bf)
2019-11-26 15:34:00.486 27676 RALLYDEBUG rally_openstack.cleanup.manager [-] Deleting neutron.port object s_rally_bb6045a5_2tFACYV2 (2922fe71-5a42-4cba-8af2-bf8cebfb03a7)
2019-11-26 15:34:00.490 27676 RALLYDEBUG rally_openstack.cleanup.manager [-] Deleting neutron.port object s_rally_bb6045a5_aefPLfqm (29a13ea6-11d4-45da-8f83-5ac329d1c53d)
2019-11-26 15:34:00.613 27676 RALLYDEBUG rally_openstack.cleanup.manager [-] Deleting neutron.port object s_rally_bb6045a5_hCsV3WeC (2b159b14-4b17-4eca-b646-d29243f87ffc)
