2019-11-26 15:02:27.246 23625 RALLYDEBUG rally.task.utils [-] Waiting for resource s_rally_06bc68d1_xjL6mbC0. Status changed: RESIZE => VERIFY_RESIZE in 29.134955883026123
2019-11-26 15:02:28.380 23625 RALLYDEBUG rally.task.utils [-] Waiting for resource s_rally_06bc68d1_xjL6mbC0. Status changed: ACTIVE => VERIFY_RESIZE in 0.17783069610595703
2019-11-26 15:02:30.666 23625 RALLYDEBUG rally.task.utils [-] Waiting for resource s_rally_06bc68d1_xjL6mbC0. Status changed: VERIFY_RESIZE => ACTIVE in 2.2852768898010254
2019-11-26 15:02:33.095 23625 INFO rally.task.runner [-] Task 0dafeb38-ea40-466d-89d6-45d6e450890d | ITER: 10 END: OK
2019-11-26 15:02:33.129 20411 INFO rally.task.context [-] Task 0dafeb38-ea40-466d-89d6-45d6e450890d | Context cleanup@openstack cleanup() started
2019-11-26 15:02:33.133 20411 RALLYDEBUG rally_openstack.cleanup.manager [-] Cleaning up nova servers objects
2019-11-26 15:02:34.499 20411 RALLYDEBUG rally_openstack.cleanup.manager [-] Cleaning up nova server_groups objects
2019-11-26 15:02:35.673 20411 RALLYDEBUG rally_openstack.cleanup.manager [-] Cleaning up nova keypairs objects
2019-11-26 15:02:38.054 20411 INFO rally.task.context [-] Task 0dafeb38-ea40-466d-89d6-45d6e450890d | Context cleanup@openstack cleanup() finished in 4.93 sec
2019-11-26 15:02:38.055 20411 INFO rally.task.context [-] Task 0dafeb38-ea40-466d-89d6-45d6e450890d | Context users@openstack cleanup() started
2019-11-26 15:02:42.229 20411 INFO rally.task.context [-] Task 0dafeb38-ea40-466d-89d6-45d6e450890d | Context users@openstack cleanup() finished in 4.17 sec
2019-11-26 15:02:43.421 20411 INFO rally.task.engine [-] Load duration is: 99.480928
2019-11-26 15:02:43.422 20411 INFO rally.task.engine [-] Full runner duration is: 100.534505
2019-11-26 15:02:43.422 20411 INFO rally.task.engine [-] Full duration is: 113.304694
2019-11-26 15:02:43.777 20411 INFO rally.task.engine [-] Running workload: position = 0 config = { "version": 2, "title": "A cropped version of a bigger task.", "description": "Auto-generated task from a single workload (uuid=d3cfaed5-3036-47e2-b043-44fc6f9499ee)", "subtasks": [ { "title": "NovaServers.boot_server_and_list_interfaces", "description": "Boot a server and list interfaces attached to it.", "scenario": { "NovaServers.boot_server_and_list_interfaces": { "flavor": { "name": "rally_full-flavor_14c80e47-fc5e-4341-b211-0fe7e7cf2394" }, "image": { "name": "rally_full-img_14c80e47-fc5e-4341-b211-0fe7e7cf2394" }, "auto_assign_nic": true } }, "contexts": { "users": { "tenants": 3, "users_per_tenant": 2 }, "network": {} }, "runner": { "constant": { "concurrency": 4, "times": 10 } }, "hooks": [], "sla": { "failure_rate": { "max": 0 } } } ] }
2019-11-26 15:02:43.803 20411 RALLYDEBUG rally_openstack.contexts.keystone.users [-] Creating 3 tenants using 20 threads
2019-11-26 15:02:44.840 20411 RALLYDEBUG rally_openstack.contexts.keystone.users [-] Creating 6 users using 20 threads
2019-11-26 15:02:46.398 20411 INFO rally.task.context [-] Task 0dafeb38-ea40-466d-89d6-45d6e450890d | Context users@openstack setup() finished in 2.59 sec
2019-11-26 15:02:49.044 20411 RALLYDEBUG rally_openstack.wrappers.network [-] CIDR generated: 10.2.27.0/24
2019-11-26 15:02:53.511 20411 RALLYDEBUG rally_openstack.wrappers.network [-] CIDR generated: 10.2.28.0/24
2019-11-26 15:02:58.047 20411 RALLYDEBUG rally_openstack.wrappers.network [-] CIDR generated: 10.2.29.0/24
2019-11-26 15:03:00.527 20411 INFO rally.task.context [-] Task 0dafeb38-ea40-466d-89d6-45d6e450890d | Context network@openstack setup() finished in 14.13 sec
2019-11-26 15:03:00.527 20411 INFO rally.task.context [-] Task 0dafeb38-ea40-466d-89d6-45d6e450890d | Context cleanup@openstack setup() finished in 0.01 msec
2019-11-26 15:03:01.432 20411 RALLYDEBUG rally.task.runner [-] Starting the constant runner (task UUID: 0dafeb38-ea40-466d-89d6-45d6e450890d). times: 10 concurrency: 4 timeout: 0 max_cpu_used: 16 processes_to_start: 4 concurrency_per_worker: 1 concurrency_overhead: 0
2019-11-26 15:03:01.444 23787 RALLYDEBUG rally.task.runner [-] Starting a worker. times: 10 duration: None concurrency: 1 timeout: 0 cls: method_name: run args: {"flavor": "557b1827-d554-482f-8e5c-ff4a7235ad1e", "image": "d28fe962-223c-4c25-a219-b707ace03132", "auto_assign_nic": true}
2019-11-26 15:03:01.448 23788 RALLYDEBUG rally.task.runner [-] Starting a worker. times: 10 duration: None concurrency: 1 timeout: 0 cls: method_name: run args: {"flavor": "557b1827-d554-482f-8e5c-ff4a7235ad1e", "image": "d28fe962-223c-4c25-a219-b707ace03132", "auto_assign_nic": true}
2019-11-26 15:03:01.452 23787 INFO rally.task.runner [-] Task 0dafeb38-ea40-466d-89d6-45d6e450890d | ITER: 1 START
2019-11-26 15:03:01.452 23789 RALLYDEBUG rally.task.runner [-] Starting a worker. times: 10 duration: None concurrency: 1 timeout: 0 cls: method_name: run args: {"flavor": "557b1827-d554-482f-8e5c-ff4a7235ad1e", "image": "d28fe962-223c-4c25-a219-b707ace03132", "auto_assign_nic": true}
2019-11-26 15:03:01.456 23788 INFO rally.task.runner [-] Task 0dafeb38-ea40-466d-89d6-45d6e450890d | ITER: 2 START
2019-11-26 15:03:01.455 23791 RALLYDEBUG rally.task.runner [-] Starting a worker. times: 10 duration: None concurrency: 1 timeout: 0 cls: method_name: run args: {"flavor": "557b1827-d554-482f-8e5c-ff4a7235ad1e", "image": "d28fe962-223c-4c25-a219-b707ace03132", "auto_assign_nic": true}
2019-11-26 15:03:01.460 23789 INFO rally.task.runner [-] Task 0dafeb38-ea40-466d-89d6-45d6e450890d | ITER: 3 START
2019-11-26 15:03:01.462 23791 INFO rally.task.runner [-] Task 0dafeb38-ea40-466d-89d6-45d6e450890d | ITER: 4 START
2019-11-26 15:03:08.321 23791 RALLYDEBUG rally.task.utils [-] Waiting for resource s_rally_d3cfaed5_R5gDscxU. Status changed: BUILD => ACTIVE in 4.4952356815338135
2019-11-26 15:03:08.413 23791 INFO rally.task.runner [-] Task 0dafeb38-ea40-466d-89d6-45d6e450890d | ITER: 4 END: OK
2019-11-26 15:03:08.418 23791 INFO rally.task.runner [-] Task 0dafeb38-ea40-466d-89d6-45d6e450890d | ITER: 5 START
2019-11-26 15:03:08.484 23787 RALLYDEBUG rally.task.utils [-] Waiting for resource s_rally_d3cfaed5_i2NCG4dI. Status changed: BUILD => ACTIVE in 4.486605405807495
2019-11-26 15:03:08.587 23787 INFO rally.task.runner [-] Task 0dafeb38-ea40-466d-89d6-45d6e450890d | ITER: 1 END: OK
2019-11-26 15:03:08.591 23787 INFO rally.task.runner [-] Task 0dafeb38-ea40-466d-89d6-45d6e450890d | ITER: 6 START
2019-11-26 15:03:10.504 23789 RALLYDEBUG rally.task.utils [-] Waiting for resource s_rally_d3cfaed5_zimVeD6j. Status changed: BUILD => ACTIVE in 6.711390733718872
2019-11-26 15:03:10.609 23788 RALLYDEBUG rally.task.utils [-] Waiting for resource s_rally_d3cfaed5_B6flF5SL. Status changed: BUILD => ACTIVE in 6.6968772411346436
2019-11-26 15:03:10.650 23789 INFO rally.task.runner [-] Task 0dafeb38-ea40-466d-89d6-45d6e450890d | ITER: 3 END: OK
2019-11-26 15:03:10.655 23789 INFO rally.task.runner [-] Task 0dafeb38-ea40-466d-89d6-45d6e450890d | ITER: 7 START
2019-11-26 15:03:10.739 23788 INFO rally.task.runner [-] Task 0dafeb38-ea40-466d-89d6-45d6e450890d | ITER: 2 END: OK
2019-11-26 15:03:10.744 23788 INFO rally.task.runner [-] Task 0dafeb38-ea40-466d-89d6-45d6e450890d | ITER: 8 START
2019-11-26 15:03:15.535 23787 RALLYDEBUG rally.task.utils [-] Waiting for resource s_rally_d3cfaed5_PqrUKoW5. Status changed: BUILD => ACTIVE in 4.668458461761475
2019-11-26 15:03:15.634 23787 INFO rally.task.runner [-] Task 0dafeb38-ea40-466d-89d6-45d6e450890d | ITER: 6 END: OK
2019-11-26 15:03:15.638 23787 INFO rally.task.runner [-] Task 0dafeb38-ea40-466d-89d6-45d6e450890d | ITER: 9 START
2019-11-26 15:03:17.340 23791 RALLYDEBUG rally.task.utils [-] Waiting for resource s_rally_d3cfaed5_lh2lGvW3. Status changed: BUILD => ACTIVE in 6.7154340744018555
2019-11-26 15:03:17.436 23791 INFO rally.task.runner [-] Task 0dafeb38-ea40-466d-89d6-45d6e450890d | ITER: 5 END: OK
2019-11-26 15:03:17.440 23791 INFO rally.task.runner [-] Task 0dafeb38-ea40-466d-89d6-45d6e450890d | ITER: 10 START
2019-11-26 15:03:17.480 23788 RALLYDEBUG rally.task.utils [-] Waiting for resource s_rally_d3cfaed5_88zkjS3f. Status changed: BUILD => ACTIVE in 4.673235893249512
2019-11-26 15:03:17.615 23788 INFO rally.task.runner [-] Task 0dafeb38-ea40-466d-89d6-45d6e450890d | ITER: 8 END: OK
2019-11-26 15:03:19.470 23789 RALLYDEBUG rally.task.utils [-] Waiting for resource s_rally_d3cfaed5_VmnzvtuT. Status changed: BUILD => ACTIVE in 6.7092835903167725
2019-11-26 15:03:19.721 23789 INFO rally.task.runner [-] Task 0dafeb38-ea40-466d-89d6-45d6e450890d | ITER: 7 END: OK
2019-11-26 15:03:24.121 23791 RALLYDEBUG rally.task.utils [-] Waiting for resource s_rally_d3cfaed5_lG58pxM2. Status changed: BUILD => ACTIVE in 4.491073369979858
2019-11-26 15:03:24.271 23791 INFO rally.task.runner [-] Task 0dafeb38-ea40-466d-89d6-45d6e450890d | ITER: 10 END: OK
2019-11-26 15:03:24.936 23787 RALLYDEBUG rally.task.utils [-] Waiting for resource s_rally_d3cfaed5_n38oDsfx. Status changed: BUILD => ACTIVE in 7.074775457382202
2019-11-26 15:03:25.053 23787 INFO rally.task.runner [-] Task 0dafeb38-ea40-466d-89d6-45d6e450890d | ITER: 9 END: OK
2019-11-26 15:03:25.083 20411 INFO rally.task.context [-] Task 0dafeb38-ea40-466d-89d6-45d6e450890d | Context cleanup@openstack cleanup() started
2019-11-26 15:03:25.086 20411 RALLYDEBUG rally_openstack.cleanup.manager [-] Cleaning up nova servers objects
2019-11-26 15:03:27.555 20411 RALLYDEBUG rally_openstack.cleanup.manager [-] Deleting nova.servers object s_rally_d3cfaed5_PqrUKoW5 (7bcb9f59-ca3b-4256-974d-8eb56a313e78)
2019-11-26 15:03:27.561 20411 RALLYDEBUG rally_openstack.cleanup.manager [-] Deleting nova.servers object s_rally_d3cfaed5_lh2lGvW3 (9b193f77-2c20-47c7-985f-fab6b126c995)
2019-11-26 15:03:27.574 20411 RALLYDEBUG rally_openstack.cleanup.manager [-] Deleting nova.servers object s_rally_d3cfaed5_lG58pxM2 (445d187e-18fa-44b4-9dd3-40553d634247)
2019-11-26 15:03:27.583 20411 RALLYDEBUG rally_openstack.cleanup.manager [-] Deleting nova.servers object s_rally_d3cfaed5_n38oDsfx (93822a9d-4f6b-437b-884f-80ee4e6309c3)
2019-11-26 15:03:27.586 20411 RALLYDEBUG rally_openstack.cleanup.manager [-] Deleting nova.servers object s_rally_d3cfaed5_R5gDscxU (9a5de07e-cb9d-4d1f-a5b3-65c2e32c8181)
2019-11-26 15:03:27.598 20411 RALLYDEBUG rally_openstack.cleanup.manager [-] Deleting nova.servers object s_rally_d3cfaed5_zimVeD6j (9afba000-850d-4f6c-824e-08b36d87dadb)
2019-11-26 15:03:27.608 20411 RALLYDEBUG rally_openstack.cleanup.manager [-] Deleting nova.servers object s_rally_d3cfaed5_B6flF5SL (abec6319-7939-4087-9bfe-65e6417a8aef)
2019-11-26 15:03:27.623 20411 RALLYDEBUG rally_openstack.cleanup.manager [-] Deleting nova.servers object s_rally_d3cfaed5_88zkjS3f (2bb8b89c-5d2f-436d-b8aa-765bdb1d12b5)
2019-11-26 15:03:27.627 20411 RALLYDEBUG rally_openstack.cleanup.manager [-] Deleting nova.servers object s_rally_d3cfaed5_VmnzvtuT (ff2af532-ea68-44db-aa04-24c53300b1c1)
2019-11-26 15:03:27.646 20411 RALLYDEBUG rally_openstack.cleanup.manager [-] Deleting nova.servers object s_rally_d3cfaed5_i2NCG4dI (e31d4089-20eb-4aef-ad4e-b5b4904144a5)
2019-11-26 15:03:34.665 20411 RALLYDEBUG rally_openstack.cleanup.manager [-] Cleaning up nova server_groups objects
2019-11-26 15:03:35.845 20411 RALLYDEBUG rally_openstack.cleanup.manager [-] Cleaning up nova keypairs objects
2019-11-26 15:03:38.423 20411 INFO rally.task.context [-] Task 0dafeb38-ea40-466d-89d6-45d6e450890d | Context cleanup@openstack cleanup() finished in 13.34 sec
2019-11-26 15:03:38.424 20411 INFO rally.task.context [-] Task 0dafeb38-ea40-466d-89d6-45d6e450890d | Context network@openstack cleanup() started
2019-11-26 15:04:01.198 20411 INFO rally.task.context [-] Task 0dafeb38-ea40-466d-89d6-45d6e450890d | Context network@openstack cleanup() finished in 22.77 sec
2019-11-26 15:04:01.198 20411 INFO rally.task.context [-] Task 0dafeb38-ea40-466d-89d6-45d6e450890d | Context users@openstack cleanup() started
2019-11-26 15:04:05.511 20411 INFO rally.task.context [-] Task 0dafeb38-ea40-466d-89d6-45d6e450890d | Context users@openstack cleanup() finished in 4.31 sec
2019-11-26 15:04:06.219 20411 INFO rally.task.engine [-] Load duration is: 22.599908
2019-11-26 15:04:06.220 20411 INFO rally.task.engine [-] Full runner duration is: 23.651439
2019-11-26 15:04:06.220 20411 INFO rally.task.engine [-] Full duration is: 81.710547
2019-11-26 15:04:06.520 20411 INFO rally.task.engine [-] Running workload: position = 0 config = { "version": 2, "title": "A cropped version of a bigger task.", "description": "Auto-generated task from a single workload (uuid=863f4eee-85d9-46e3-a83d-bf2c0379e9bf)", "subtasks": [ { "title": "NovaServers.boot_and_get_console_url", "description": "Retrieve a console url of a server.", "scenario": { "NovaServers.boot_and_get_console_url": { "flavor": { "name": "rally_full-flavor_14c80e47-fc5e-4341-b211-0fe7e7cf2394" }, "image": { "name": "rally_full-img_14c80e47-fc5e-4341-b211-0fe7e7cf2394" }, "console_type": "novnc", "auto_assign_nic": true } }, "contexts": { "users": { "tenants": 3, "users_per_tenant": 2 }, "network": {} }, "runner": { "constant": { "concurrency": 4, "times": 10 } }, "hooks": [], "sla": { "failure_rate": { "max": 0 } } } ] }
2019-11-26 15:04:06.545 20411 RALLYDEBUG rally_openstack.contexts.keystone.users [-] Creating 3 tenants using 20 threads
2019-11-26 15:04:07.749 20411 RALLYDEBUG rally_openstack.contexts.keystone.users [-] Creating 6 users using 20 threads
2019-11-26 15:04:09.494 20411 INFO rally.task.context [-] Task 0dafeb38-ea40-466d-89d6-45d6e450890d | Context users@openstack setup() finished in 2.95 sec
2019-11-26 15:04:12.126 20411 RALLYDEBUG rally_openstack.wrappers.network [-] CIDR generated: 10.2.30.0/24
2019-11-26 15:04:16.610 20411 RALLYDEBUG rally_openstack.wrappers.network [-] CIDR generated: 10.2.31.0/24
2019-11-26 15:04:20.664 20411 RALLYDEBUG rally_openstack.wrappers.network [-] CIDR generated: 10.2.32.0/24
2019-11-26 15:04:23.341 20411 INFO rally.task.context [-] Task 0dafeb38-ea40-466d-89d6-45d6e450890d | Context network@openstack setup() finished in 13.85 sec
2019-11-26 15:04:23.342 20411 INFO rally.task.context [-] Task 0dafeb38-ea40-466d-89d6-45d6e450890d | Context cleanup@openstack setup() finished in 0.01 msec
2019-11-26 15:04:24.246 20411 RALLYDEBUG rally.task.runner [-] Starting the constant runner (task UUID: 0dafeb38-ea40-466d-89d6-45d6e450890d). times: 10 concurrency: 4 timeout: 0 max_cpu_used: 16 processes_to_start: 4 concurrency_per_worker: 1 concurrency_overhead: 0
2019-11-26 15:04:24.258 23951 RALLYDEBUG rally.task.runner [-] Starting a worker. times: 10 duration: None concurrency: 1 timeout: 0 cls: method_name: run args: {"flavor": "557b1827-d554-482f-8e5c-ff4a7235ad1e", "image": "d28fe962-223c-4c25-a219-b707ace03132", "console_type": "novnc", "auto_assign_nic": true}
2019-11-26 15:04:24.262 23952 RALLYDEBUG rally.task.runner [-] Starting a worker. times: 10 duration: None concurrency: 1 timeout: 0 cls: method_name: run args: {"flavor": "557b1827-d554-482f-8e5c-ff4a7235ad1e", "image": "d28fe962-223c-4c25-a219-b707ace03132", "console_type": "novnc", "auto_assign_nic": true}
2019-11-26 15:04:24.265 23951 INFO rally.task.runner [-] Task 0dafeb38-ea40-466d-89d6-45d6e450890d | ITER: 1 START
2019-11-26 15:04:24.266 23953 RALLYDEBUG rally.task.runner [-] Starting a worker. times: 10 duration: None concurrency: 1 timeout: 0 cls: method_name: run args: {"flavor": "557b1827-d554-482f-8e5c-ff4a7235ad1e", "image": "d28fe962-223c-4c25-a219-b707ace03132", "console_type": "novnc", "auto_assign_nic": true}
2019-11-26 15:04:24.269 23952 INFO rally.task.runner [-] Task 0dafeb38-ea40-466d-89d6-45d6e450890d | ITER: 2 START
2019-11-26 15:04:24.269 23955 RALLYDEBUG rally.task.runner [-] Starting a worker. times: 10 duration: None concurrency: 1 timeout: 0 cls: method_name: run args: {"flavor": "557b1827-d554-482f-8e5c-ff4a7235ad1e", "image": "d28fe962-223c-4c25-a219-b707ace03132", "console_type": "novnc", "auto_assign_nic": true}
2019-11-26 15:04:24.273 23953 INFO rally.task.runner [-] Task 0dafeb38-ea40-466d-89d6-45d6e450890d | ITER: 3 START
2019-11-26 15:04:24.275 23955 INFO rally.task.runner [-] Task 0dafeb38-ea40-466d-89d6-45d6e450890d | ITER: 4 START
2019-11-26 15:04:31.198 23951 RALLYDEBUG rally.task.utils [-] Waiting for resource s_rally_863f4eee_FtR3wrYY. Status changed: BUILD => ACTIVE in 4.481058120727539
2019-11-26 15:04:31.257 23952 RALLYDEBUG rally.task.utils [-] Waiting for resource s_rally_863f4eee_pa9m454i. Status changed: BUILD => ACTIVE in 4.505883693695068
2019-11-26 15:04:31.269 23951 INFO rally.task.runner [-] Task 0dafeb38-ea40-466d-89d6-45d6e450890d | ITER: 1 END: OK
2019-11-26 15:04:31.274 23951 INFO rally.task.runner [-] Task 0dafeb38-ea40-466d-89d6-45d6e450890d | ITER: 5 START
2019-11-26 15:04:31.325 23952 INFO rally.task.runner [-] Task 0dafeb38-ea40-466d-89d6-45d6e450890d | ITER: 2 END: OK
2019-11-26 15:04:31.330 23952 INFO rally.task.runner [-] Task 0dafeb38-ea40-466d-89d6-45d6e450890d | ITER: 6 START
2019-11-26 15:04:33.776 23953 RALLYDEBUG rally.task.utils [-] Waiting for resource s_rally_863f4eee_CMWHW3o5. Status changed: BUILD => ACTIVE in 6.737678289413452
2019-11-26 15:04:33.856 23953 INFO rally.task.runner [-] Task 0dafeb38-ea40-466d-89d6-45d6e450890d | ITER: 3 END: OK
2019-11-26 15:04:33.861 23953 INFO rally.task.runner [-] Task 0dafeb38-ea40-466d-89d6-45d6e450890d | ITER: 7 START
2019-11-26 15:04:34.380 23955 RALLYDEBUG rally.task.utils [-] Waiting for resource s_rally_863f4eee_3jY5EgZ6. Status changed: BUILD => ACTIVE in 6.941210985183716
2019-11-26 15:04:34.442 23955 INFO rally.task.runner [-] Task 0dafeb38-ea40-466d-89d6-45d6e450890d | ITER: 4 END: OK
2019-11-26 15:04:34.447 23955 INFO rally.task.runner [-] Task 0dafeb38-ea40-466d-89d6-45d6e450890d | ITER: 8 START
2019-11-26 15:04:38.455 23952 RALLYDEBUG rally.task.utils [-] Waiting for resource s_rally_863f4eee_CUKFEtPY. Status changed: BUILD => ACTIVE in 4.613866567611694
2019-11-26 15:04:38.532 23952 INFO rally.task.runner [-] Task 0dafeb38-ea40-466d-89d6-45d6e450890d | ITER: 6 END: OK
2019-11-26 15:04:38.535 23952 INFO rally.task.runner [-] Task 0dafeb38-ea40-466d-89d6-45d6e450890d | ITER: 9 START
2019-11-26 15:04:40.562 23951 RALLYDEBUG rally.task.utils [-] Waiting for resource s_rally_863f4eee_Ytc7O7Hm. Status changed: BUILD => ACTIVE in 6.813451051712036
2019-11-26 15:04:40.630 23951 INFO rally.task.runner [-] Task 0dafeb38-ea40-466d-89d6-45d6e450890d | ITER: 5 END: OK
2019-11-26 15:04:40.634 23951 INFO rally.task.runner [-] Task 0dafeb38-ea40-466d-89d6-45d6e450890d | ITER: 10 START
2019-11-26 15:04:45.204 23953 RALLYDEBUG rally.task.utils [-] Waiting for resource s_rally_863f4eee_3Ugt5z5N. Status changed: BUILD => ACTIVE in 9.053350448608398
2019-11-26 15:04:45.273 23953 INFO rally.task.runner [-] Task 0dafeb38-ea40-466d-89d6-45d6e450890d | ITER: 7 END: OK
2019-11-26 15:04:47.381 23952 RALLYDEBUG rally.task.utils [-] Waiting for resource s_rally_863f4eee_PA7UHTWJ. Status changed: BUILD => ACTIVE in 6.576964616775513
2019-11-26 15:04:47.417 23951 RALLYDEBUG rally.task.utils [-] Waiting for resource s_rally_863f4eee_MsdThMEZ. Status changed: BUILD => ACTIVE in 4.561134099960327
2019-11-26 15:04:47.474 23952 INFO rally.task.runner [-] Task 0dafeb38-ea40-466d-89d6-45d6e450890d | ITER: 9 END: OK
2019-11-26 15:04:47.484 23951 INFO rally.task.runner [-] Task 0dafeb38-ea40-466d-89d6-45d6e450890d | ITER: 10 END: OK
2019-11-26 15:04:49.866 23955 RALLYDEBUG rally.task.utils [-] Waiting for resource s_rally_863f4eee_fzfpeX3p. Status changed: BUILD => ACTIVE in 13.399293184280396
2019-11-26 15:04:49.940 23955 INFO rally.task.runner [-] Task 0dafeb38-ea40-466d-89d6-45d6e450890d | ITER: 8 END: OK
2019-11-26 15:04:49.969 20411 INFO rally.task.context [-] Task 0dafeb38-ea40-466d-89d6-45d6e450890d | Context cleanup@openstack cleanup() started
2019-11-26 15:04:49.973 20411 RALLYDEBUG rally_openstack.cleanup.manager [-] Cleaning up nova servers objects
2019-11-26 15:04:52.368 20411 RALLYDEBUG rally_openstack.cleanup.manager [-] Deleting nova.servers object s_rally_863f4eee_MsdThMEZ (200f94b3-c7a9-4624-a13c-b163d1e525e8)
2019-11-26 15:04:52.371 20411 RALLYDEBUG rally_openstack.cleanup.manager [-] Deleting nova.servers object s_rally_863f4eee_3Ugt5z5N (05799ff8-24f4-4179-83ec-e89d1da8c467)
2019-11-26 15:04:52.375 20411 RALLYDEBUG rally_openstack.cleanup.manager [-] Deleting nova.servers object s_rally_863f4eee_pa9m454i (e376769a-d42e-4230-b353-0f1a36797f95)
2019-11-26 15:04:52.385 20411 RALLYDEBUG rally_openstack.cleanup.manager [-] Deleting nova.servers object s_rally_863f4eee_fzfpeX3p (26174795-5ad4-454c-97a2-391cef1cc398)
2019-11-26 15:04:52.394 20411 RALLYDEBUG rally_openstack.cleanup.manager [-] Deleting nova.servers object s_rally_863f4eee_CMWHW3o5 (36404af3-e4fc-4764-b66b-89779a3a9e0f)
2019-11-26 15:04:52.402 20411 RALLYDEBUG rally_openstack.cleanup.manager [-] Deleting nova.servers object s_rally_863f4eee_FtR3wrYY (6752db06-0c06-4fd2-8d3b-ef1dc91fe862)
2019-11-26 15:04:52.421 20411 RALLYDEBUG rally_openstack.cleanup.manager [-] Deleting nova.servers object s_rally_863f4eee_PA7UHTWJ (759354aa-2bef-4784-8a1e-320a3ecf4b46)
2019-11-26 15:04:52.429 20411 RALLYDEBUG rally_openstack.cleanup.manager [-] Deleting nova.servers object s_rally_863f4eee_CUKFEtPY (2b363e73-49c9-4ef0-b1c7-a58c12ec71c9)
2019-11-26 15:04:52.437 20411 RALLYDEBUG rally_openstack.cleanup.manager [-] Deleting nova.servers object s_rally_863f4eee_Ytc7O7Hm (e90c2e31-6515-4ede-acad-0ee402c85275)
2019-11-26 15:04:52.458 20411 RALLYDEBUG rally_openstack.cleanup.manager [-] Deleting nova.servers object s_rally_863f4eee_3jY5EgZ6 (2bed2107-4baa-4db5-a43a-d425fc016fdc)
2019-11-26 15:04:59.329 20411 RALLYDEBUG rally_openstack.cleanup.manager [-] Cleaning up nova server_groups objects
2019-11-26 15:05:00.521 20411 RALLYDEBUG rally_openstack.cleanup.manager [-] Cleaning up nova keypairs objects
2019-11-26 15:05:02.983 20411 INFO rally.task.context [-] Task 0dafeb38-ea40-466d-89d6-45d6e450890d | Context cleanup@openstack cleanup() finished in 13.01 sec
2019-11-26 15:05:02.984 20411 INFO rally.task.context [-] Task 0dafeb38-ea40-466d-89d6-45d6e450890d | Context network@openstack cleanup() started
2019-11-26 15:05:26.500 20411 INFO rally.task.context [-] Task 0dafeb38-ea40-466d-89d6-45d6e450890d | Context network@openstack cleanup() finished in 23.52 sec
2019-11-26 15:05:26.501 20411 INFO rally.task.context [-] Task 0dafeb38-ea40-466d-89d6-45d6e450890d | Context users@openstack cleanup() started
2019-11-26 15:05:30.707 20411 INFO rally.task.context [-] Task 0dafeb38-ea40-466d-89d6-45d6e450890d | Context users@openstack cleanup() finished in 4.21 sec
2019-11-26 15:05:31.077 20411 INFO rally.task.engine [-] Load duration is: 24.672637
2019-11-26 15:05:31.078 20411 INFO rally.task.engine [-] Full runner duration is: 25.72368
2019-11-26 15:05:31.078 20411 INFO rally.task.engine [-] Full duration is: 84.164209
2019-11-26 15:05:31.389 20411 INFO rally.task.engine [-] Running workload: position = 0 config = { "version": 2, "title": "A cropped version of a bigger task.", "description": "Auto-generated task from a single workload (uuid=30a7c161-04ba-4946-a7c0-a3c4ed4ed7ef)", "subtasks": [ { "title": "NovaServers.boot_server_and_attach_interface", "description": "Create server and subnet, then attach the interface to it.", "scenario": { "NovaServers.boot_server_and_attach_interface": { "flavor": { "name": "rally_full-flavor_14c80e47-fc5e-4341-b211-0fe7e7cf2394" }, "image": { "name": "rally_full-img_14c80e47-fc5e-4341-b211-0fe7e7cf2394" }, "network_create_args": {}, "subnet_create_args": {}, "boot_server_args": { "auto_assign_nic": true } } }, "contexts": { "users": { "tenants": 3, "users_per_tenant": 2 }, "network": {} }, "runner": { "constant": { "concurrency": 4, "times": 10 } }, "hooks": [], "sla": { "failure_rate": { "max": 0 } } } ] }
2019-11-26 15:05:31.414 20411 RALLYDEBUG rally_openstack.contexts.keystone.users [-] Creating 3 tenants using 20 threads
2019-11-26 15:05:32.462 20411 RALLYDEBUG rally_openstack.contexts.keystone.users [-] Creating 6 users using 20 threads
2019-11-26 15:05:33.982 20411 INFO rally.task.context [-] Task 0dafeb38-ea40-466d-89d6-45d6e450890d | Context users@openstack setup() finished in 2.57 sec
2019-11-26 15:05:36.316 20411 RALLYDEBUG rally_openstack.wrappers.network [-] CIDR generated: 10.2.33.0/24
2019-11-26 15:05:41.077 20411 RALLYDEBUG rally_openstack.wrappers.network [-] CIDR generated: 10.2.34.0/24
2019-11-26 15:05:45.209 20411 RALLYDEBUG rally_openstack.wrappers.network [-] CIDR generated: 10.2.35.0/24
2019-11-26 15:05:47.493 20411 INFO rally.task.context [-] Task 0dafeb38-ea40-466d-89d6-45d6e450890d | Context network@openstack setup() finished in 13.51 sec
2019-11-26 15:05:47.494 20411 INFO rally.task.context [-] Task 0dafeb38-ea40-466d-89d6-45d6e450890d | Context cleanup@openstack setup() finished in 0.01 msec
2019-11-26 15:05:48.414 20411 RALLYDEBUG rally.task.runner [-] Starting the constant runner (task UUID: 0dafeb38-ea40-466d-89d6-45d6e450890d). times: 10 concurrency: 4 timeout: 0 max_cpu_used: 16 processes_to_start: 4 concurrency_per_worker: 1 concurrency_overhead: 0
2019-11-26 15:05:48.425 24115 RALLYDEBUG rally.task.runner [-] Starting a worker. times: 10 duration: None concurrency: 1 timeout: 0 cls: method_name: run args: {"flavor": "557b1827-d554-482f-8e5c-ff4a7235ad1e", "image": "d28fe962-223c-4c25-a219-b707ace03132", "network_create_args": {}, "subnet_create_args": {}, "boot_server_args": {"auto_assign_nic": true}}
2019-11-26 15:05:48.429 24116 RALLYDEBUG rally.task.runner [-] Starting a worker. times: 10 duration: None concurrency: 1 timeout: 0 cls: method_name: run args: {"flavor": "557b1827-d554-482f-8e5c-ff4a7235ad1e", "image": "d28fe962-223c-4c25-a219-b707ace03132", "network_create_args": {}, "subnet_create_args": {}, "boot_server_args": {"auto_assign_nic": true}}
2019-11-26 15:05:48.433 24115 INFO rally.task.runner [-] Task 0dafeb38-ea40-466d-89d6-45d6e450890d | ITER: 1 START
2019-11-26 15:05:48.433 24117 RALLYDEBUG rally.task.runner [-] Starting a worker. times: 10 duration: None concurrency: 1 timeout: 0 cls: method_name: run args: {"flavor": "557b1827-d554-482f-8e5c-ff4a7235ad1e", "image": "d28fe962-223c-4c25-a219-b707ace03132", "network_create_args": {}, "subnet_create_args": {}, "boot_server_args": {"auto_assign_nic": true}}
2019-11-26 15:05:48.435 24115 RALLYDEBUG rally_openstack.wrappers.network [-] CIDR generated: 10.2.36.0/24
2019-11-26 15:05:48.437 24116 INFO rally.task.runner [-] Task 0dafeb38-ea40-466d-89d6-45d6e450890d | ITER: 2 START
2019-11-26 15:05:48.436 24118 RALLYDEBUG rally.task.runner [-] Starting a worker. times: 10 duration: None concurrency: 1 timeout: 0 cls: method_name: run args: {"flavor": "557b1827-d554-482f-8e5c-ff4a7235ad1e", "image": "d28fe962-223c-4c25-a219-b707ace03132", "network_create_args": {}, "subnet_create_args": {}, "boot_server_args": {"auto_assign_nic": true}}
2019-11-26 15:05:48.439 24116 RALLYDEBUG rally_openstack.wrappers.network [-] CIDR generated: 10.2.37.0/24
2019-11-26 15:05:48.440 24117 INFO rally.task.runner [-] Task 0dafeb38-ea40-466d-89d6-45d6e450890d | ITER: 3 START
2019-11-26 15:05:48.442 24117 RALLYDEBUG rally_openstack.wrappers.network [-] CIDR generated: 10.2.38.0/24
2019-11-26 15:05:48.444 24118 INFO rally.task.runner [-] Task 0dafeb38-ea40-466d-89d6-45d6e450890d | ITER: 4 START
2019-11-26 15:05:48.446 24118 RALLYDEBUG rally_openstack.wrappers.network [-] CIDR generated: 10.2.39.0/24
2019-11-26 15:05:56.251 24117 RALLYDEBUG rally.task.utils [-] Waiting for resource s_rally_30a7c161_85AuL9uT. Status changed: BUILD => ACTIVE in 4.831425189971924
2019-11-26 15:05:58.488 24118 RALLYDEBUG rally.task.utils [-] Waiting for resource s_rally_30a7c161_zJ1mpUbg. Status changed: BUILD => ACTIVE in 6.808418273925781
2019-11-26 15:05:58.836 24116 RALLYDEBUG rally.task.utils [-] Waiting for resource s_rally_30a7c161_CaNmPfjA. Status changed: BUILD => ACTIVE in 7.1284778118133545
2019-11-26 15:05:59.147 24117 INFO rally.task.runner [-] Task 0dafeb38-ea40-466d-89d6-45d6e450890d | ITER: 3 END: OK
2019-11-26 15:05:59.152 24117 INFO rally.task.runner [-] Task 0dafeb38-ea40-466d-89d6-45d6e450890d | ITER: 5 START
2019-11-26 15:05:59.153 24117 RALLYDEBUG rally_openstack.wrappers.network [-] CIDR generated: 10.2.40.0/24
2019-11-26 15:06:01.075 24115 RALLYDEBUG rally.task.utils [-] Waiting for resource s_rally_30a7c161_zn7M5QZm. Status changed: BUILD => ACTIVE in 9.389448404312134
2019-11-26 15:06:01.400 24118 INFO rally.task.runner [-] Task 0dafeb38-ea40-466d-89d6-45d6e450890d | ITER: 4 END: OK
2019-11-26 15:06:01.405 24118 INFO rally.task.runner [-] Task 0dafeb38-ea40-466d-89d6-45d6e450890d | ITER: 6 START
2019-11-26 15:06:01.406 24118 RALLYDEBUG rally_openstack.wrappers.network [-] CIDR generated: 10.2.41.0/24
2019-11-26 15:06:01.754 24116 INFO rally.task.runner [-] Task 0dafeb38-ea40-466d-89d6-45d6e450890d | ITER: 2 END: OK
2019-11-26 15:06:01.758 24116 INFO rally.task.runner [-] Task 0dafeb38-ea40-466d-89d6-45d6e450890d | ITER: 7 START
2019-11-26 15:06:01.759 24116 RALLYDEBUG rally_openstack.wrappers.network [-] CIDR generated: 10.2.42.0/24
2019-11-26 15:06:04.059 24115 INFO rally.task.runner [-] Task 0dafeb38-ea40-466d-89d6-45d6e450890d | ITER: 1 END: OK
2019-11-26 15:06:04.064 24115 INFO rally.task.runner [-] Task 0dafeb38-ea40-466d-89d6-45d6e450890d | ITER: 8 START
2019-11-26 15:06:04.065 24115 RALLYDEBUG rally_openstack.wrappers.network [-] CIDR generated: 10.2.43.0/24
2019-11-26 15:06:11.483 24117 RALLYDEBUG rally.task.utils [-] Waiting for resource s_rally_30a7c161_fM5k8Pcs. Status changed: BUILD => ACTIVE in 8.944841146469116
2019-11-26 15:06:13.604 24118 RALLYDEBUG rally.task.utils [-] Waiting for resource s_rally_30a7c161_o4mdBYhO. Status changed: BUILD => ACTIVE in 8.99894118309021
2019-11-26 15:06:14.547 24117 INFO rally.task.runner [-] Task 0dafeb38-ea40-466d-89d6-45d6e450890d | ITER: 5 END: OK
2019-11-26 15:06:14.553 24117 INFO rally.task.runner [-] Task 0dafeb38-ea40-466d-89d6-45d6e450890d | ITER: 9 START
2019-11-26 15:06:14.556 24117 RALLYDEBUG rally_openstack.wrappers.network [-] CIDR generated: 10.2.44.0/24
2019-11-26 15:06:16.425 24118 INFO rally.task.runner [-] Task 0dafeb38-ea40-466d-89d6-45d6e450890d | ITER: 6 END: OK
2019-11-26 15:06:16.432 24118 INFO rally.task.runner [-] Task 0dafeb38-ea40-466d-89d6-45d6e450890d | ITER: 10 START
2019-11-26 15:06:16.434 24118 RALLYDEBUG rally_openstack.wrappers.network [-] CIDR generated: 10.2.45.0/24
2019-11-26 15:06:16.764 24115 RALLYDEBUG rally.task.utils [-] Waiting for resource s_rally_30a7c161_8L4a5ibW. Status changed: BUILD => ACTIVE in 9.371150732040405
2019-11-26 15:06:18.098 24116 RALLYDEBUG rally.task.utils [-] Waiting for resource s_rally_30a7c161_JEBLGa0c. Status changed: BUILD => ACTIVE in 13.375403642654419
2019-11-26 15:06:19.144 24115 INFO rally.task.runner [-] Task 0dafeb38-ea40-466d-89d6-45d6e450890d | ITER: 8 END: OK
2019-11-26 15:06:21.022 24116 INFO rally.task.runner [-] Task 0dafeb38-ea40-466d-89d6-45d6e450890d | ITER: 7 END: OK
2019-11-26 15:06:33.689 24118 RALLYDEBUG rally.task.utils [-] Waiting for resource s_rally_30a7c161_6ksAhlko. Status changed: BUILD => ACTIVE in 14.355916738510132
2019-11-26 15:06:36.431 24118 INFO rally.task.runner [-] Task 0dafeb38-ea40-466d-89d6-45d6e450890d | ITER: 10 END: OK
2019-11-26 15:06:37.635 24117 RALLYDEBUG rally.task.utils [-] Waiting for resource s_rally_30a7c161_5s6iIrXo. Status changed: BUILD => ACTIVE in 20.244754314422607
2019-11-26 15:06:40.531 24117 INFO rally.task.runner [-] Task 0dafeb38-ea40-466d-89d6-45d6e450890d | ITER: 9 END: OK
2019-11-26 15:06:40.559 20411 INFO rally.task.context [-] Task 0dafeb38-ea40-466d-89d6-45d6e450890d | Context cleanup@openstack cleanup() started
2019-11-26 15:06:40.562 20411 RALLYDEBUG rally_openstack.cleanup.manager [-] Cleaning up nova servers objects
2019-11-26 15:06:42.784 20411 RALLYDEBUG rally_openstack.cleanup.manager [-] Deleting nova.servers object s_rally_30a7c161_5s6iIrXo (47da4d32-786e-4c7e-acbd-f540ba4ff371)
2019-11-26 15:06:42.793 20411 RALLYDEBUG rally_openstack.cleanup.manager [-] Deleting nova.servers object s_rally_30a7c161_o4mdBYhO (6a54d599-5347-4fae-9f91-20c023be0489)
2019-11-26 15:06:42.801 20411 RALLYDEBUG rally_openstack.cleanup.manager [-] Deleting nova.servers object s_rally_30a7c161_JEBLGa0c (dcfc1502-0380-4b60-88f3-097e9aaa07d3)
2019-11-26 15:06:42.810 20411 RALLYDEBUG rally_openstack.cleanup.manager [-] Deleting nova.servers object s_rally_30a7c161_85AuL9uT (9332f987-5822-4844-9e02-8858bda00991)
2019-11-26 15:06:42.815 20411 RALLYDEBUG rally_openstack.cleanup.manager [-] Deleting nova.servers object s_rally_30a7c161_CaNmPfjA (a7f93844-e976-4fe2-b883-a896cc88a4a1)
2019-11-26 15:06:42.819 20411 RALLYDEBUG rally_openstack.cleanup.manager [-] Deleting nova.servers object s_rally_30a7c161_zn7M5QZm (fff88ab7-3772-4a29-b0eb-2bedf1b2457e)
2019-11-26 15:06:42.837 20411 RALLYDEBUG rally_openstack.cleanup.manager [-] Deleting nova.servers object s_rally_30a7c161_6ksAhlko (27d57463-88b5-4574-be12-abb78ecdcb4b)
2019-11-26 15:06:42.848 20411 RALLYDEBUG rally_openstack.cleanup.manager [-] Deleting nova.servers object s_rally_30a7c161_8L4a5ibW (854e700e-ee88-4d95-b8cb-572157e59351)
2019-11-26 15:06:42.865 20411 RALLYDEBUG rally_openstack.cleanup.manager [-] Deleting nova.servers object s_rally_30a7c161_fM5k8Pcs (c1120f84-871a-4580-900d-4ee7a6ee3f9f)
2019-11-26 15:06:42.869 20411 RALLYDEBUG rally_openstack.cleanup.manager [-] Deleting nova.servers object s_rally_30a7c161_zJ1mpUbg (a693259e-2e3f-4509-b0cc-b7b8ea1ad958)
2019-11-26 15:06:49.907 20411 RALLYDEBUG rally_openstack.cleanup.manager [-] Cleaning up nova server_groups objects
2019-11-26 15:06:51.082 20411 RALLYDEBUG rally_openstack.cleanup.manager [-] Cleaning up nova keypairs objects
2019-11-26 15:06:53.507 20411 RALLYDEBUG rally_openstack.cleanup.manager [-] Cleaning up neutron vip objects
2019-11-26 15:06:54.648 20411 RALLYDEBUG rally_openstack.cleanup.manager [-] Cleaning up neutron health_monitor objects
2019-11-26 15:06:55.799 20411 RALLYDEBUG rally_openstack.cleanup.manager [-] Cleaning up neutron pool objects
2019-11-26 15:06:56.951 20411 RALLYDEBUG rally_openstack.cleanup.manager [-] Cleaning up neutron loadbalancer objects
2019-11-26 15:06:58.085 20411 RALLYDEBUG rally_openstack.cleanup.manager [-] Cleaning up neutron floatingip objects
2019-11-26 15:06:59.322 20411 RALLYDEBUG rally_openstack.cleanup.manager [-] Cleaning up neutron trunk objects
2019-11-26 15:07:00.515 20411 RALLYDEBUG rally_openstack.cleanup.manager [-] Cleaning up neutron port objects
2019-11-26 15:07:03.121 20411 RALLYDEBUG rally_openstack.cleanup.manager [-] Cleaning up neutron subnet objects
2019-11-26 15:07:04.454 20411 RALLYDEBUG rally_openstack.cleanup.manager [-] Deleting neutron.subnet object s_rally_30a7c161_n5AC1j8T (46e6b4c9-70a7-485d-99ce-039ca901e3e2)
2019-11-26 15:07:04.463 20411 RALLYDEBUG rally_openstack.cleanup.manager [-] Deleting neutron.subnet object s_rally_30a7c161_nNeqLYlE (4b7de539-fd3d-46c2-be68-62590d96458e)
2019-11-26 15:07:04.475 20411 RALLYDEBUG rally_openstack.cleanup.manager [-] Deleting neutron.subnet object s_rally_30a7c161_hBbG4Kot (59324e49-0724-43c4-afc5-daa3d528f196)
2019-11-26 15:07:04.483 20411 RALLYDEBUG rally_openstack.cleanup.manager [-] Deleting neutron.subnet object s_rally_30a7c161_QIcOJDa5 (b4cab244-8c97-4da5-8582-b67a6c34417d)
2019-11-26 15:07:04.497 20411 RALLYDEBUG rally_openstack.cleanup.manager [-] Deleting neutron.subnet object s_rally_30a7c161_5muR0U9r (bd2dcc05-82fc-4c31-8c39-71929dc3da43)
2019-11-26 15:07:04.505 20411 RALLYDEBUG rally_openstack.cleanup.manager [-] Deleting neutron.subnet object s_rally_30a7c161_u8mKRCQg (bf054819-42fd-4abd-bea7-ca8aceffa313)
2019-11-26 15:07:04.515 20411 RALLYDEBUG rally_openstack.cleanup.manager [-] Deleting neutron.subnet object s_rally_30a7c161_nMoHFcCq (3eefbec1-9bce-4a39-bd53-03a7c517e966)
2019-11-26 15:07:04.524 20411 RALLYDEBUG rally_openstack.cleanup.manager [-] Deleting neutron.subnet object s_rally_30a7c161_DGU5WNNf (8f03e26b-a812-4278-a24f-d6a9179e55d1)
2019-11-26 15:07:04.529 20411 RALLYDEBUG rally_openstack.cleanup.manager [-] Deleting neutron.subnet object s_rally_30a7c161_gGkGzpHD (964328b5-9a73-4121-96fe-d859cd143afe)
2019-11-26 15:07:04.553 20411 RALLYDEBUG rally_openstack.cleanup.manager [-] Deleting neutron.subnet object s_rally_30a7c161_yy6p9iA7 (9ee25d54-635f-43e5-8439-8a27b7c331d5)
2019-11-26 15:07:11.096 20411 RALLYDEBUG rally_openstack.cleanup.manager [-] Cleaning up neutron network objects
2019-11-26 15:07:12.518 20411 RALLYDEBUG rally_openstack.cleanup.manager [-] Cleaning up neutron router objects
2019-11-26 15:07:14.355 20411 RALLYDEBUG rally_openstack.cleanup.manager [-] Cleaning up neutron security_group objects
2019-11-26 15:07:15.632 20411 INFO rally.task.context [-] Task 0dafeb38-ea40-466d-89d6-45d6e450890d | Context cleanup@openstack cleanup() finished in 35.07 sec
2019-11-26 15:07:15.632 20411 INFO rally.task.context [-] Task 0dafeb38-ea40-466d-89d6-45d6e450890d | Context network@openstack cleanup() started
2019-11-26 15:07:40.098 20411 INFO rally.task.context [-] Task 0dafeb38-ea40-466d-89d6-45d6e450890d | Context network@openstack cleanup() finished in 24.47 sec
2019-11-26 15:07:40.099 20411 INFO rally.task.context [-] Task 0dafeb38-ea40-466d-89d6-45d6e450890d | Context users@openstack cleanup() started
2019-11-26 15:07:44.336 20411 INFO rally.task.context [-] Task 0dafeb38-ea40-466d-89d6-45d6e450890d | Context users@openstack cleanup() finished in 4.24 sec
2019-11-26 15:07:45.995 20411 INFO rally.task.engine [-] Load duration is: 51.09722
2019-11-26 15:07:45.995 20411 INFO rally.task.engine [-] Full runner duration is: 52.146131
2019-11-26 15:07:45.996 20411 INFO rally.task.engine [-] Full duration is: 132.923683
2019-11-26 15:07:46.313 20411 INFO rally.task.engine [-] Running workload: position = 0 config = { "version": 2, "title": "A cropped version of a bigger task.", "description": "Auto-generated task from a single workload (uuid=02d4ef61-7a02-4848-ae77-c722dc1c30e0)", "subtasks": [ { "title": "NovaServers.boot_server_attach_volume_and_list_attachments", "description": "Create a VM, attach N volume to it and list server's attachemnt.", "scenario": { "NovaServers.boot_server_attach_volume_and_list_attachments": { "flavor": { "name": "rally_full-flavor_14c80e47-fc5e-4341-b211-0fe7e7cf2394" }, "image": { "name": "rally_full-img_14c80e47-fc5e-4341-b211-0fe7e7cf2394" }, "volume_size": 1, "volume_num": 1, "create_volume_kwargs": {}, "boot_server_kwargs": { "auto_assign_nic": true } } }, "contexts": { "users": { "tenants": 3, "users_per_tenant": 2 }, "network": {}, "api_versions": { "cinder": { "version": 3, "service_type": "volumev3" } } }, "runner": { "constant": { "concurrency": 4, "times": 10 } }, "hooks": [], "sla": { "failure_rate": { "max": 0 } } } ] }
2019-11-26 15:07:46.340 20411 RALLYDEBUG rally_openstack.contexts.keystone.users [-] Creating 3 tenants using 20 threads
2019-11-26 15:07:47.390 20411 RALLYDEBUG rally_openstack.contexts.keystone.users [-] Creating 6 users using 20 threads
2019-11-26 15:07:48.919 20411 INFO rally.task.context [-] Task 0dafeb38-ea40-466d-89d6-45d6e450890d | Context users@openstack setup() finished in 2.58 sec
2019-11-26 15:07:49.331 20411 INFO rally.task.context [-] Task 0dafeb38-ea40-466d-89d6-45d6e450890d | Context api_versions@openstack setup() finished in 0.41 sec
2019-11-26 15:07:51.507 20411 RALLYDEBUG rally_openstack.wrappers.network [-] CIDR generated: 10.2.46.0/24
2019-11-26 15:07:55.653 20411 RALLYDEBUG rally_openstack.wrappers.network [-] CIDR generated: 10.2.47.0/24
2019-11-26 15:08:00.108 20411 RALLYDEBUG rally_openstack.wrappers.network [-] CIDR generated: 10.2.48.0/24
2019-11-26 15:08:02.395 20411 INFO rally.task.context [-] Task 0dafeb38-ea40-466d-89d6-45d6e450890d | Context network@openstack setup() finished in 13.06 sec
2019-11-26 15:08:02.396 20411 INFO rally.task.context [-] Task 0dafeb38-ea40-466d-89d6-45d6e450890d | Context cleanup@openstack setup() finished in 0.03 msec
2019-11-26 15:08:03.259 20411 RALLYDEBUG rally.task.runner [-] Starting the constant runner (task UUID: 0dafeb38-ea40-466d-89d6-45d6e450890d). times: 10 concurrency: 4 timeout: 0 max_cpu_used: 16 processes_to_start: 4 concurrency_per_worker: 1 concurrency_overhead: 0
2019-11-26 15:08:03.272 24499 RALLYDEBUG rally.task.runner [-] Starting a worker. times: 10 duration: None concurrency: 1 timeout: 0 cls: method_name: run args: {"flavor": "557b1827-d554-482f-8e5c-ff4a7235ad1e", "image": "d28fe962-223c-4c25-a219-b707ace03132", "volume_size": 1, "volume_num": 1, "create_volume_kwargs": {}, "boot_server_kwargs": {"auto_assign_nic": true}}
2019-11-26 15:08:03.275 24500 RALLYDEBUG rally.task.runner [-] Starting a worker. times: 10 duration: None concurrency: 1 timeout: 0 cls: method_name: run args: {"flavor": "557b1827-d554-482f-8e5c-ff4a7235ad1e", "image": "d28fe962-223c-4c25-a219-b707ace03132", "volume_size": 1, "volume_num": 1, "create_volume_kwargs": {}, "boot_server_kwargs": {"auto_assign_nic": true}}
2019-11-26 15:08:03.279 24501 RALLYDEBUG rally.task.runner [-] Starting a worker. times: 10 duration: None concurrency: 1 timeout: 0 cls: method_name: run args: {"flavor": "557b1827-d554-482f-8e5c-ff4a7235ad1e", "image": "d28fe962-223c-4c25-a219-b707ace03132", "volume_size": 1, "volume_num": 1, "create_volume_kwargs": {}, "boot_server_kwargs": {"auto_assign_nic": true}}
2019-11-26 15:08:03.280 24499 INFO rally.task.runner [-] Task 0dafeb38-ea40-466d-89d6-45d6e450890d | ITER: 1 START
2019-11-26 15:08:03.283 24500 INFO rally.task.runner [-] Task 0dafeb38-ea40-466d-89d6-45d6e450890d | ITER: 2 START
2019-11-26 15:08:03.283 24502 RALLYDEBUG rally.task.runner [-] Starting a worker. times: 10 duration: None concurrency: 1 timeout: 0 cls: method_name: run args: {"flavor": "557b1827-d554-482f-8e5c-ff4a7235ad1e", "image": "d28fe962-223c-4c25-a219-b707ace03132", "volume_size": 1, "volume_num": 1, "create_volume_kwargs": {}, "boot_server_kwargs": {"auto_assign_nic": true}}
2019-11-26 15:08:03.287 24501 INFO rally.task.runner [-] Task 0dafeb38-ea40-466d-89d6-45d6e450890d | ITER: 3 START
2019-11-26 15:08:03.290 24502 INFO rally.task.runner [-] Task 0dafeb38-ea40-466d-89d6-45d6e450890d | ITER: 4 START
2019-11-26 15:08:10.246 24499 RALLYDEBUG rally.task.utils [-] Waiting for resource s_rally_02d4ef61_xSLW4yUu. Status changed: BUILD => ACTIVE in 4.586238861083984
2019-11-26 15:08:10.429 24500 RALLYDEBUG rally.task.utils [-] Waiting for resource s_rally_02d4ef61_6oZnp3lR. Status changed: BUILD => ACTIVE in 4.643186807632446
2019-11-26 15:08:12.398 24502 RALLYDEBUG rally.task.utils [-] Waiting for resource s_rally_02d4ef61_OTXssQ07. Status changed: BUILD => ACTIVE in 6.839630126953125
2019-11-26 15:08:12.539 24501 RALLYDEBUG rally.task.utils [-] Waiting for resource s_rally_02d4ef61_twlKelPP. Status changed: BUILD => ACTIVE in 6.788910388946533
2019-11-26 15:08:13.269 24499 RALLYDEBUG rally.task.utils [-] Waiting for resource s_rally_02d4ef61_oTD9isZM. Status changed: AVAILABLE => RESERVED in 0.41571807861328125
2019-11-26 15:08:13.579 24500 RALLYDEBUG rally.task.utils [-] Waiting for resource s_rally_02d4ef61_waJWmtCv. Status changed: AVAILABLE => RESERVED in 0.41901159286499023
2019-11-26 15:08:15.449 24502 RALLYDEBUG rally.task.utils [-] Waiting for resource s_rally_02d4ef61_J0e0N3lC. Status changed: AVAILABLE => RESERVED in 0.43589282035827637
2019-11-26 15:08:15.602 24501 RALLYDEBUG rally.task.utils [-] Waiting for resource s_rally_02d4ef61_Uhu23Y3v. Status changed: AVAILABLE => RESERVED in 0.4035165309906006
2019-11-26 15:08:15.687 24499 RALLYDEBUG rally.task.utils [-] Waiting for resource s_rally_02d4ef61_oTD9isZM. Status changed: RESERVED => IN-USE in 2.41780948638916
2019-11-26 15:08:15.733 24499 INFO rally.task.runner [-] Task 0dafeb38-ea40-466d-89d6-45d6e450890d | ITER: 1 END: OK
2019-11-26 15:08:15.738 24499 INFO rally.task.runner [-] Task 0dafeb38-ea40-466d-89d6-45d6e450890d | ITER: 5 START
2019-11-26 15:08:16.002 24500 RALLYDEBUG rally.task.utils [-] Waiting for resource s_rally_02d4ef61_waJWmtCv. Status changed: RESERVED => IN-USE in 2.422614574432373
2019-11-26 15:08:16.046 24500 INFO rally.task.runner [-] Task 0dafeb38-ea40-466d-89d6-45d6e450890d | ITER: 2 END: OK
2019-11-26 15:08:16.051 24500 INFO rally.task.runner [-] Task 0dafeb38-ea40-466d-89d6-45d6e450890d | ITER: 6 START
2019-11-26 15:08:17.974 24502 RALLYDEBUG rally.task.utils [-] Waiting for resource s_rally_02d4ef61_J0e0N3lC. Status changed: RESERVED => IN-USE in 2.524984359741211
2019-11-26 15:08:18.016 24501 RALLYDEBUG rally.task.utils [-] Waiting for resource s_rally_02d4ef61_Uhu23Y3v. Status changed: RESERVED => IN-USE in 2.413480281829834
2019-11-26 15:08:18.033 24502 INFO rally.task.runner [-] Task 0dafeb38-ea40-466d-89d6-45d6e450890d | ITER: 4 END: OK
2019-11-26 15:08:18.037 24502 INFO rally.task.runner [-] Task 0dafeb38-ea40-466d-89d6-45d6e450890d | ITER: 7 START
2019-11-26 15:08:18.064 24501 INFO rally.task.runner [-] Task 0dafeb38-ea40-466d-89d6-45d6e450890d | ITER: 3 END: OK
2019-11-26 15:08:18.069 24501 INFO rally.task.runner [-] Task 0dafeb38-ea40-466d-89d6-45d6e450890d | ITER: 8 START
2019-11-26 15:08:25.136 24502 RALLYDEBUG rally.task.utils [-] Waiting for resource s_rally_02d4ef61_C3zKkItA. Status changed: BUILD => ACTIVE in 4.835472106933594
2019-11-26 15:08:25.199 24499 RALLYDEBUG rally.task.utils [-] Waiting for resource s_rally_02d4ef61_ciGYAxeX. Status changed: BUILD => ACTIVE in 6.935220003128052
2019-11-26 15:08:27.260 24500 RALLYDEBUG rally.task.utils [-] Waiting for resource s_rally_02d4ef61_4qY8eppa. Status changed: BUILD => ACTIVE in 8.91964316368103
2019-11-26 15:08:28.192 24502 RALLYDEBUG rally.task.utils [-] Waiting for resource s_rally_02d4ef61_qRtJc1I6. Status changed: AVAILABLE => RESERVED in 0.4006688594818115
2019-11-26 15:08:28.203 24499 RALLYDEBUG rally.task.utils [-] Waiting for resource s_rally_02d4ef61_5wavexgQ. Status changed: AVAILABLE => RESERVED in 0.39259767532348633
2019-11-26 15:08:29.627 24501 RALLYDEBUG rally.task.utils [-] Waiting for resource s_rally_02d4ef61_E1672CWZ. Status changed: BUILD => ACTIVE in 9.251175880432129
2019-11-26 15:08:30.355 24500 RALLYDEBUG rally.task.utils [-] Waiting for resource s_rally_02d4ef61_CPYKHFRq. Status changed: AVAILABLE => RESERVED in 0.4013817310333252
2019-11-26 15:08:30.596 24502 RALLYDEBUG rally.task.utils [-] Waiting for resource s_rally_02d4ef61_qRtJc1I6. Status changed: RESERVED => IN-USE in 2.404231309890747
2019-11-26 15:08:30.616 24499 RALLYDEBUG rally.task.utils [-] Waiting for resource s_rally_02d4ef61_5wavexgQ. Status changed: RESERVED => IN-USE in 2.4132604598999023
2019-11-26 15:08:30.645 24502 INFO rally.task.runner [-] Task 0dafeb38-ea40-466d-89d6-45d6e450890d | ITER: 7 END: OK
2019-11-26 15:08:30.651 24502 INFO rally.task.runner [-] Task 0dafeb38-ea40-466d-89d6-45d6e450890d | ITER: 9 START
2019-11-26 15:08:30.662 24499 INFO rally.task.runner [-] Task 0dafeb38-ea40-466d-89d6-45d6e450890d | ITER: 5 END: OK
2019-11-26 15:08:30.668 24499 INFO rally.task.runner [-] Task 0dafeb38-ea40-466d-89d6-45d6e450890d | ITER: 10 START
2019-11-26 15:08:32.728 24501 RALLYDEBUG rally.task.utils [-] Waiting for resource s_rally_02d4ef61_zhIjg9UI. Status changed: AVAILABLE => RESERVED in 0.44441699981689453
2019-11-26 15:08:32.799 24500 RALLYDEBUG rally.task.utils [-] Waiting for resource s_rally_02d4ef61_CPYKHFRq. Status changed: RESERVED => IN-USE in 2.4444704055786133
2019-11-26 15:08:32.854 24500 INFO rally.task.runner [-] Task 0dafeb38-ea40-466d-89d6-45d6e450890d | ITER: 6 END: OK
2019-11-26 15:08:35.175 24501 RALLYDEBUG rally.task.utils [-] Waiting for resource s_rally_02d4ef61_zhIjg9UI. Status changed: RESERVED => IN-USE in 2.4466331005096436
2019-11-26 15:08:35.225 24501 INFO rally.task.runner [-] Task 0dafeb38-ea40-466d-89d6-45d6e450890d | ITER: 8 END: OK
2019-11-26 15:08:37.526 24502 RALLYDEBUG rally.task.utils [-] Waiting for resource s_rally_02d4ef61_YakKmfai. Status changed: BUILD => ACTIVE in 4.5367372035980225
2019-11-26 15:08:39.693 24499 RALLYDEBUG rally.task.utils [-] Waiting for resource s_rally_02d4ef61_WOkI6kbz. Status changed: BUILD => ACTIVE in 6.838257551193237
2019-11-26 15:08:40.581 24502 RALLYDEBUG rally.task.utils [-] Waiting for resource s_rally_02d4ef61_EJCntQYd. Status changed: AVAILABLE => RESERVED in 0.41018247604370117
2019-11-26 15:08:42.769 24499 RALLYDEBUG rally.task.utils [-] Waiting for resource s_rally_02d4ef61_IRFmi777. Status changed: AVAILABLE => RESERVED in 0.412109375
2019-11-26 15:08:43.021 24502 RALLYDEBUG rally.task.utils [-] Waiting for resource s_rally_02d4ef61_EJCntQYd. Status changed: RESERVED => IN-USE in 2.439183473587036
2019-11-26 15:08:43.071 24502 INFO rally.task.runner [-] Task 0dafeb38-ea40-466d-89d6-45d6e450890d | ITER: 9 END: OK
2019-11-26 15:08:45.249 24499 RALLYDEBUG rally.task.utils [-] Waiting for resource s_rally_02d4ef61_IRFmi777. Status changed: RESERVED => IN-USE in 2.4805378913879395
2019-11-26 15:08:45.314 24499 INFO rally.task.runner [-] Task 0dafeb38-ea40-466d-89d6-45d6e450890d | ITER: 10 END: OK
2019-11-26 15:08:45.340 20411 INFO rally.task.context [-] Task 0dafeb38-ea40-466d-89d6-45d6e450890d | Context cleanup@openstack cleanup() started
2019-11-26 15:08:45.344 20411 RALLYDEBUG rally_openstack.cleanup.manager [-] Cleaning up nova servers objects
2019-11-26 15:08:48.013 20411 RALLYDEBUG rally_openstack.cleanup.manager [-] Deleting nova.servers object s_rally_02d4ef61_E1672CWZ (58c2177c-0441-48ee-af61-68ffda5c598f)
2019-11-26 15:08:48.019 20411 RALLYDEBUG rally_openstack.cleanup.manager [-] Deleting nova.servers object s_rally_02d4ef61_C3zKkItA (978fb608-2bc4-44bd-93f5-89c47300715f)
2019-11-26 15:08:48.031 20411 RALLYDEBUG rally_openstack.cleanup.manager [-] Deleting nova.servers object s_rally_02d4ef61_OTXssQ07 (03bd20db-2208-452e-80d1-cc071994e403)
