2019-11-26 14:06:59.724 14234 INFO rally.task.runner [-] Task 00ba39eb-45e0-4442-8ead-fb9035d26b8d | ITER: 8 START
2019-11-26 14:07:00.742 14235 INFO rally.task.runner [-] Task 00ba39eb-45e0-4442-8ead-fb9035d26b8d | ITER: 5 END: OK
2019-11-26 14:07:00.746 14235 INFO rally.task.runner [-] Task 00ba39eb-45e0-4442-8ead-fb9035d26b8d | ITER: 9 START
2019-11-26 14:07:00.806 14233 INFO rally.task.runner [-] Task 00ba39eb-45e0-4442-8ead-fb9035d26b8d | ITER: 6 END: OK
2019-11-26 14:07:00.809 14233 INFO rally.task.runner [-] Task 00ba39eb-45e0-4442-8ead-fb9035d26b8d | ITER: 10 START
2019-11-26 14:07:01.034 14237 INFO rally.task.runner [-] Task 00ba39eb-45e0-4442-8ead-fb9035d26b8d | ITER: 7 END: OK
2019-11-26 14:07:01.110 14234 INFO rally.task.runner [-] Task 00ba39eb-45e0-4442-8ead-fb9035d26b8d | ITER: 8 END: OK
2019-11-26 14:07:02.176 14233 INFO rally.task.runner [-] Task 00ba39eb-45e0-4442-8ead-fb9035d26b8d | ITER: 10 END: OK
2019-11-26 14:07:02.428 14235 INFO rally.task.runner [-] Task 00ba39eb-45e0-4442-8ead-fb9035d26b8d | ITER: 9 END: OK
2019-11-26 14:07:02.449 13785 INFO rally.task.context [-] Task 00ba39eb-45e0-4442-8ead-fb9035d26b8d | Context cleanup@openstack cleanup() started
2019-11-26 14:07:02.453 13785 RALLYDEBUG rally_openstack.cleanup.manager [-] Cleaning up neutron vip objects
2019-11-26 14:07:03.522 13785 RALLYDEBUG rally_openstack.cleanup.manager [-] Cleaning up neutron health_monitor objects
2019-11-26 14:07:04.584 13785 RALLYDEBUG rally_openstack.cleanup.manager [-] Cleaning up neutron pool objects
2019-11-26 14:07:05.710 13785 RALLYDEBUG rally_openstack.cleanup.manager [-] Cleaning up neutron loadbalancer objects
2019-11-26 14:07:06.804 13785 RALLYDEBUG rally_openstack.cleanup.manager [-] Cleaning up neutron floatingip objects
2019-11-26 14:07:08.012 13785 RALLYDEBUG rally_openstack.cleanup.manager [-] Cleaning up neutron trunk objects
2019-11-26 14:07:09.147 13785 RALLYDEBUG rally_openstack.cleanup.manager [-] Cleaning up neutron port objects
2019-11-26 14:07:10.531 13785 RALLYDEBUG rally_openstack.cleanup.manager [-] Deleting neutron.port object s_rally_fc067f17_hyzYfhwp (04a7be8f-f0d9-458b-961d-dc309f87f3f9)
2019-11-26 14:07:10.547 13785 RALLYDEBUG rally_openstack.cleanup.manager [-] Deleting neutron.port object s_rally_fc067f17_YHjN1Bry (a4cd721d-eebc-45ff-95d5-50ed5541c34a)
2019-11-26 14:07:10.556 13785 RALLYDEBUG rally_openstack.cleanup.manager [-] Deleting neutron.port object s_rally_fc067f17_KgU3yH5a (408b1065-d1fc-48a1-81c0-3d6dd4c315af)
2019-11-26 14:07:10.564 13785 RALLYDEBUG rally_openstack.cleanup.manager [-] Deleting neutron.port object s_rally_fc067f17_pkamdBqN (45a61098-14c2-4d70-854d-a96cb1b933e0)
2019-11-26 14:07:10.565 13785 RALLYDEBUG rally_openstack.cleanup.manager [-] Deleting neutron.port object s_rally_fc067f17_ahHj54fO (0ca4c2b5-9bab-4730-8faf-608bcc57f65a)
2019-11-26 14:07:10.570 13785 RALLYDEBUG rally_openstack.cleanup.manager [-] Deleting neutron.port object s_rally_fc067f17_PIVp0nRg (595bebbb-aabd-44fa-bb0a-56b44c427da6)
2019-11-26 14:07:10.575 13785 RALLYDEBUG rally_openstack.cleanup.manager [-] Deleting neutron.port object s_rally_fc067f17_PFXwgX6N (5a097fd2-8570-40e9-8ab0-8fead1b12dc9)
2019-11-26 14:07:10.586 13785 RALLYDEBUG rally_openstack.cleanup.manager [-] Deleting neutron.port object s_rally_fc067f17_5kjI5Dad (cbcc2991-bd5c-4609-89cc-7ad58c6b4ccd)
2019-11-26 14:07:10.592 13785 RALLYDEBUG rally_openstack.cleanup.manager [-] Deleting neutron.port object s_rally_fc067f17_senffbVe (02f8c898-0ae7-4354-abfc-f3a560696583)
2019-11-26 14:07:10.597 13785 RALLYDEBUG rally_openstack.cleanup.manager [-] Deleting neutron.port object s_rally_fc067f17_0JrjcD4c (bc620341-9860-4bf1-9d50-41950550f12a)
2019-11-26 14:07:13.302 13785 RALLYDEBUG rally_openstack.cleanup.manager [-] Cleaning up neutron subnet objects
2019-11-26 14:07:14.601 13785 RALLYDEBUG rally_openstack.cleanup.manager [-] Cleaning up neutron network objects
2019-11-26 14:07:16.026 13785 RALLYDEBUG rally_openstack.cleanup.manager [-] Cleaning up neutron router objects
2019-11-26 14:07:17.261 13785 RALLYDEBUG rally_openstack.cleanup.manager [-] Cleaning up neutron security_group objects
2019-11-26 14:07:18.527 13785 INFO rally.task.context [-] Task 00ba39eb-45e0-4442-8ead-fb9035d26b8d | Context cleanup@openstack cleanup() finished in 16.08 sec
2019-11-26 14:07:18.528 13785 INFO rally.task.context [-] Task 00ba39eb-45e0-4442-8ead-fb9035d26b8d | Context network@openstack cleanup() started
2019-11-26 14:07:30.939 13785 INFO rally.task.context [-] Task 00ba39eb-45e0-4442-8ead-fb9035d26b8d | Context network@openstack cleanup() finished in 12.41 sec
2019-11-26 14:07:30.939 13785 INFO rally.task.context [-] Task 00ba39eb-45e0-4442-8ead-fb9035d26b8d | Context quotas@openstack cleanup() started
2019-11-26 14:07:31.202 13785 INFO rally.task.context [-] Task 00ba39eb-45e0-4442-8ead-fb9035d26b8d | Context quotas@openstack cleanup() finished in 0.26 sec
2019-11-26 14:07:31.202 13785 INFO rally.task.context [-] Task 00ba39eb-45e0-4442-8ead-fb9035d26b8d | Context users@openstack cleanup() started
2019-11-26 14:07:35.495 13785 INFO rally.task.context [-] Task 00ba39eb-45e0-4442-8ead-fb9035d26b8d | Context users@openstack cleanup() finished in 4.29 sec
2019-11-26 14:07:37.376 13785 INFO rally.task.engine [-] Load duration is: 4.66543
2019-11-26 14:07:37.377 13785 INFO rally.task.engine [-] Full runner duration is: 4.706371
2019-11-26 14:07:37.377 13785 INFO rally.task.engine [-] Full duration is: 44.37401
2019-11-26 14:07:37.673 13785 INFO rally.task.engine [-] Running workload: position = 0 config = { "version": 2, "title": "A cropped version of a bigger task.", "description": "Auto-generated task from a single workload (uuid=fde56175-f11e-4cdd-b540-73561226dae7)", "subtasks": [ { "title": "NeutronNetworks.create_and_update_routers", "description": "Create and update a given number of routers.", "scenario": { "NeutronNetworks.create_and_update_routers": { "network_create_args": {}, "router_create_args": {}, "router_update_args": { "admin_state_up": false }, "subnet_cidr_start": "1.1.0.0/30", "subnet_create_args": {}, "subnets_per_network": 1 } }, "contexts": { "users": { "tenants": 3, "users_per_tenant": 2 }, "quotas": { "neutron": { "network": -1, "subnet": -1, "port": -1, "router": -1 } } }, "runner": { "constant": { "concurrency": 4, "times": 10 } }, "hooks": [], "sla": { "failure_rate": { "max": 0 } } } ] }
2019-11-26 14:07:37.698 13785 RALLYDEBUG rally_openstack.contexts.keystone.users [-] Creating 3 tenants using 20 threads
2019-11-26 14:07:38.792 13785 RALLYDEBUG rally_openstack.contexts.keystone.users [-] Creating 6 users using 20 threads
2019-11-26 14:07:40.488 13785 INFO rally.task.context [-] Task 00ba39eb-45e0-4442-8ead-fb9035d26b8d | Context users@openstack setup() finished in 2.79 sec
2019-11-26 14:07:41.483 13785 INFO rally.task.context [-] Task 00ba39eb-45e0-4442-8ead-fb9035d26b8d | Context quotas@openstack setup() finished in 0.99 sec
2019-11-26 14:07:41.484 13785 INFO rally.task.context [-] Task 00ba39eb-45e0-4442-8ead-fb9035d26b8d | Context cleanup@openstack setup() finished in 0.00 msec
2019-11-26 14:07:41.493 13785 RALLYDEBUG rally.task.runner [-] Starting the constant runner (task UUID: 00ba39eb-45e0-4442-8ead-fb9035d26b8d). times: 10 concurrency: 4 timeout: 0 max_cpu_used: 16 processes_to_start: 4 concurrency_per_worker: 1 concurrency_overhead: 0
2019-11-26 14:07:41.504 14557 RALLYDEBUG rally.task.runner [-] Starting a worker. times: 10 duration: None concurrency: 1 timeout: 0 cls: method_name: run args: {"network_create_args": {}, "router_create_args": {}, "router_update_args": {"admin_state_up": false}, "subnet_cidr_start": "1.1.0.0/30", "subnet_create_args": {}, "subnets_per_network": 1}
2019-11-26 14:07:41.507 14558 RALLYDEBUG rally.task.runner [-] Starting a worker. times: 10 duration: None concurrency: 1 timeout: 0 cls: method_name: run args: {"network_create_args": {}, "router_create_args": {}, "router_update_args": {"admin_state_up": false}, "subnet_cidr_start": "1.1.0.0/30", "subnet_create_args": {}, "subnets_per_network": 1}
2019-11-26 14:07:41.511 14557 INFO rally.task.runner [-] Task 00ba39eb-45e0-4442-8ead-fb9035d26b8d | ITER: 1 START
2019-11-26 14:07:41.511 14559 RALLYDEBUG rally.task.runner [-] Starting a worker. times: 10 duration: None concurrency: 1 timeout: 0 cls: method_name: run args: {"network_create_args": {}, "router_create_args": {}, "router_update_args": {"admin_state_up": false}, "subnet_cidr_start": "1.1.0.0/30", "subnet_create_args": {}, "subnets_per_network": 1}
2019-11-26 14:07:41.514 14558 INFO rally.task.runner [-] Task 00ba39eb-45e0-4442-8ead-fb9035d26b8d | ITER: 2 START
2019-11-26 14:07:41.514 14560 RALLYDEBUG rally.task.runner [-] Starting a worker. times: 10 duration: None concurrency: 1 timeout: 0 cls: method_name: run args: {"network_create_args": {}, "router_create_args": {}, "router_update_args": {"admin_state_up": false}, "subnet_cidr_start": "1.1.0.0/30", "subnet_create_args": {}, "subnets_per_network": 1}
2019-11-26 14:07:41.517 14559 INFO rally.task.runner [-] Task 00ba39eb-45e0-4442-8ead-fb9035d26b8d | ITER: 3 START
2019-11-26 14:07:41.520 14560 INFO rally.task.runner [-] Task 00ba39eb-45e0-4442-8ead-fb9035d26b8d | ITER: 4 START
2019-11-26 14:07:42.234 14558 RALLYDEBUG rally_openstack.wrappers.network [-] CIDR generated: 1.1.0.12/30
2019-11-26 14:07:42.253 14559 RALLYDEBUG rally_openstack.wrappers.network [-] CIDR generated: 1.1.0.16/30
2019-11-26 14:07:42.304 14557 RALLYDEBUG rally_openstack.wrappers.network [-] CIDR generated: 1.1.0.20/30
2019-11-26 14:07:42.746 14560 RALLYDEBUG rally_openstack.wrappers.network [-] CIDR generated: 1.1.0.24/30
2019-11-26 14:07:45.597 14559 INFO rally.task.runner [-] Task 00ba39eb-45e0-4442-8ead-fb9035d26b8d | ITER: 3 END: OK
2019-11-26 14:07:45.602 14559 INFO rally.task.runner [-] Task 00ba39eb-45e0-4442-8ead-fb9035d26b8d | ITER: 5 START
2019-11-26 14:07:45.608 14557 INFO rally.task.runner [-] Task 00ba39eb-45e0-4442-8ead-fb9035d26b8d | ITER: 1 END: OK
2019-11-26 14:07:45.613 14557 INFO rally.task.runner [-] Task 00ba39eb-45e0-4442-8ead-fb9035d26b8d | ITER: 6 START
2019-11-26 14:07:45.732 14558 INFO rally.task.runner [-] Task 00ba39eb-45e0-4442-8ead-fb9035d26b8d | ITER: 2 END: OK
2019-11-26 14:07:45.736 14558 INFO rally.task.runner [-] Task 00ba39eb-45e0-4442-8ead-fb9035d26b8d | ITER: 7 START
2019-11-26 14:07:45.914 14560 INFO rally.task.runner [-] Task 00ba39eb-45e0-4442-8ead-fb9035d26b8d | ITER: 4 END: OK
2019-11-26 14:07:45.919 14560 INFO rally.task.runner [-] Task 00ba39eb-45e0-4442-8ead-fb9035d26b8d | ITER: 8 START
2019-11-26 14:07:46.092 14557 RALLYDEBUG rally_openstack.wrappers.network [-] CIDR generated: 1.1.0.28/30
2019-11-26 14:07:46.205 14558 RALLYDEBUG rally_openstack.wrappers.network [-] CIDR generated: 1.1.0.32/30
2019-11-26 14:07:46.229 14559 RALLYDEBUG rally_openstack.wrappers.network [-] CIDR generated: 1.1.0.36/30
2019-11-26 14:07:46.401 14560 RALLYDEBUG rally_openstack.wrappers.network [-] CIDR generated: 1.1.0.40/30
2019-11-26 14:07:49.157 14557 INFO rally.task.runner [-] Task 00ba39eb-45e0-4442-8ead-fb9035d26b8d | ITER: 6 END: OK
2019-11-26 14:07:49.161 14557 INFO rally.task.runner [-] Task 00ba39eb-45e0-4442-8ead-fb9035d26b8d | ITER: 9 START
2019-11-26 14:07:49.279 14560 INFO rally.task.runner [-] Task 00ba39eb-45e0-4442-8ead-fb9035d26b8d | ITER: 8 END: OK
2019-11-26 14:07:49.283 14560 INFO rally.task.runner [-] Task 00ba39eb-45e0-4442-8ead-fb9035d26b8d | ITER: 10 START
2019-11-26 14:07:49.519 14559 INFO rally.task.runner [-] Task 00ba39eb-45e0-4442-8ead-fb9035d26b8d | ITER: 5 END: OK
2019-11-26 14:07:49.620 14557 RALLYDEBUG rally_openstack.wrappers.network [-] CIDR generated: 1.1.0.44/30
2019-11-26 14:07:49.667 14558 INFO rally.task.runner [-] Task 00ba39eb-45e0-4442-8ead-fb9035d26b8d | ITER: 7 END: OK
2019-11-26 14:07:49.782 14560 RALLYDEBUG rally_openstack.wrappers.network [-] CIDR generated: 1.1.0.48/30
2019-11-26 14:07:52.709 14557 INFO rally.task.runner [-] Task 00ba39eb-45e0-4442-8ead-fb9035d26b8d | ITER: 9 END: OK
2019-11-26 14:07:52.913 14560 INFO rally.task.runner [-] Task 00ba39eb-45e0-4442-8ead-fb9035d26b8d | ITER: 10 END: OK
2019-11-26 14:07:52.936 13785 INFO rally.task.context [-] Task 00ba39eb-45e0-4442-8ead-fb9035d26b8d | Context cleanup@openstack cleanup() started
2019-11-26 14:07:52.939 13785 RALLYDEBUG rally_openstack.cleanup.manager [-] Cleaning up neutron vip objects
2019-11-26 14:07:54.103 13785 RALLYDEBUG rally_openstack.cleanup.manager [-] Cleaning up neutron health_monitor objects
2019-11-26 14:07:55.199 13785 RALLYDEBUG rally_openstack.cleanup.manager [-] Cleaning up neutron pool objects
2019-11-26 14:07:56.293 13785 RALLYDEBUG rally_openstack.cleanup.manager [-] Cleaning up neutron loadbalancer objects
2019-11-26 14:07:57.396 13785 RALLYDEBUG rally_openstack.cleanup.manager [-] Cleaning up neutron floatingip objects
2019-11-26 14:07:58.911 13785 RALLYDEBUG rally_openstack.cleanup.manager [-] Cleaning up neutron trunk objects
2019-11-26 14:08:00.090 13785 RALLYDEBUG rally_openstack.cleanup.manager [-] Cleaning up neutron port objects
2019-11-26 14:08:02.053 13785 RALLYDEBUG rally_openstack.cleanup.manager [-] Deleting neutron.port object s_rally_fde56175_iMW0h0J5 (203ff7c0-bfb3-41bf-bfa8-70c2b8dcabbe)
2019-11-26 14:08:02.071 13785 RALLYDEBUG rally_openstack.cleanup.manager [-] Deleting neutron.port object s_rally_fde56175_9zGhkLvV (4cd232f2-0f54-4525-81f2-e0bc815c11ff)
2019-11-26 14:08:02.080 13785 RALLYDEBUG rally_openstack.cleanup.manager [-] Deleting neutron.port object s_rally_fde56175_fruvQtUI (913315a1-42c1-416c-a5c7-c3f5b2271f0d)
2019-11-26 14:08:02.086 13785 RALLYDEBUG rally_openstack.cleanup.manager [-] Deleting neutron.port object s_rally_fde56175_RxjP9y1V (b2b766c9-3568-4b80-b5e0-77add7b97e75)
2019-11-26 14:08:02.094 13785 RALLYDEBUG rally_openstack.cleanup.manager [-] Deleting neutron.port object s_rally_fde56175_1teQt9nM (b4af6f23-9166-4ef8-9231-22a7c49939cf)
2019-11-26 14:08:02.113 13785 RALLYDEBUG rally_openstack.cleanup.manager [-] Deleting neutron.port object s_rally_fde56175_KQtMW4YI (d234c27e-206b-452b-823e-ad252eedd592)
2019-11-26 14:08:02.126 13785 RALLYDEBUG rally_openstack.cleanup.manager [-] Deleting neutron.port object s_rally_fde56175_ZemqGiSx (1eb8e42b-425e-4e55-b544-2442e17683ec)
2019-11-26 14:08:02.148 13785 RALLYDEBUG rally_openstack.cleanup.manager [-] Deleting neutron.port object s_rally_fde56175_JzflWCsu (2fbd6534-7637-4a62-b353-bd7921741ada)
2019-11-26 14:08:02.168 13785 RALLYDEBUG rally_openstack.cleanup.manager [-] Deleting neutron.port object s_rally_fde56175_z9pwfgoE (dfc73936-de9e-4d83-a20f-232409d29a4d)
2019-11-26 14:08:02.178 13785 RALLYDEBUG rally_openstack.cleanup.manager [-] Deleting neutron.port object s_rally_fde56175_HHggxEq8 (f6568aac-2682-4cba-b040-3c0678af5b07)
2019-11-26 14:08:06.530 13785 RALLYDEBUG rally_openstack.cleanup.manager [-] Cleaning up neutron subnet objects
2019-11-26 14:08:07.807 13785 RALLYDEBUG rally_openstack.cleanup.manager [-] Deleting neutron.subnet object s_rally_fde56175_Ktgj6n0e (30711575-3d9f-4fc2-ae5c-e3e9ae6a5ca9)
2019-11-26 14:08:07.817 13785 RALLYDEBUG rally_openstack.cleanup.manager [-] Deleting neutron.subnet object s_rally_fde56175_uevHvWKC (621289ec-77ef-4772-8ee0-b19dd95b5422)
2019-11-26 14:08:07.826 13785 RALLYDEBUG rally_openstack.cleanup.manager [-] Deleting neutron.subnet object s_rally_fde56175_dUHpr7ji (6c301f9b-6757-43e7-b5d5-59d83c3d038c)
2019-11-26 14:08:07.834 13785 RALLYDEBUG rally_openstack.cleanup.manager [-] Deleting neutron.subnet object s_rally_fde56175_ST3BPRyf (bd4bbc0a-4dcf-4991-967b-8775480a0309)
2019-11-26 14:08:07.839 13785 RALLYDEBUG rally_openstack.cleanup.manager [-] Deleting neutron.subnet object s_rally_fde56175_8tvZQXer (cbfbaebe-b90d-4f89-80cd-0d7c636407f3)
2019-11-26 14:08:07.857 13785 RALLYDEBUG rally_openstack.cleanup.manager [-] Deleting neutron.subnet object s_rally_fde56175_5SRQYylw (07a831f5-f88d-46a6-b7ab-d90aa0c3ddc5)
2019-11-26 14:08:07.863 13785 RALLYDEBUG rally_openstack.cleanup.manager [-] Deleting neutron.subnet object s_rally_fde56175_TXz6XaeP (2f430710-395e-4ef0-ae34-234fabda7cc8)
2019-11-26 14:08:07.882 13785 RALLYDEBUG rally_openstack.cleanup.manager [-] Deleting neutron.subnet object s_rally_fde56175_U4kj5pLh (608ea464-2363-4715-bd46-9e76d094bc6c)
2019-11-26 14:08:07.905 13785 RALLYDEBUG rally_openstack.cleanup.manager [-] Deleting neutron.subnet object s_rally_fde56175_KXYrzp9C (b4aa9821-5d5a-461d-a3cb-272de00b9242)
2019-11-26 14:08:07.913 13785 RALLYDEBUG rally_openstack.cleanup.manager [-] Deleting neutron.subnet object s_rally_fde56175_VyYn7bvU (f49f1483-f56c-4c9b-bec4-7673915c0086)
2019-11-26 14:08:11.228 13785 RALLYDEBUG rally_openstack.cleanup.manager [-] Cleaning up neutron network objects
2019-11-26 14:08:12.736 13785 RALLYDEBUG rally_openstack.cleanup.manager [-] Deleting neutron.network object s_rally_fde56175_xvu5kT2Y (0ca5a591-4935-4cd5-8f6e-76d6acbfddab)
2019-11-26 14:08:12.743 13785 RALLYDEBUG rally_openstack.cleanup.manager [-] Deleting neutron.network object s_rally_fde56175_CBO2gH8p (4a32554a-4f69-4363-810f-505a1722b693)
2019-11-26 14:08:12.755 13785 RALLYDEBUG rally_openstack.cleanup.manager [-] Deleting neutron.network object s_rally_fde56175_54C6Bq0V (65f7f4fe-b0a5-4227-a5b0-f5c02afd9852)
2019-11-26 14:08:12.761 13785 RALLYDEBUG rally_openstack.cleanup.manager [-] Deleting neutron.network object s_rally_fde56175_FqkxykYU (90cb5101-ce67-43d2-b4a9-1685867462de)
2019-11-26 14:08:12.770 13785 RALLYDEBUG rally_openstack.cleanup.manager [-] Deleting neutron.network object s_rally_fde56175_gamavz7x (f42eea94-c5ab-4ab7-af4b-99e530b3d866)
2019-11-26 14:08:12.781 13785 RALLYDEBUG rally_openstack.cleanup.manager [-] Deleting neutron.network object s_rally_fde56175_aSu5Be0t (9f19b0d2-e62c-452a-9282-1d3b633b091a)
2019-11-26 14:08:12.787 13785 RALLYDEBUG rally_openstack.cleanup.manager [-] Deleting neutron.network object s_rally_fde56175_jzO1xLtv (87882dbb-f279-4d93-b60a-8b8d152692ab)
2019-11-26 14:08:12.799 13785 RALLYDEBUG rally_openstack.cleanup.manager [-] Deleting neutron.network object s_rally_fde56175_COLeGDVR (89c8cbbd-7c13-4ecf-bd4c-8d8d9e66b4e4)
2019-11-26 14:08:12.811 13785 RALLYDEBUG rally_openstack.cleanup.manager [-] Deleting neutron.network object s_rally_fde56175_fD75Znsp (a232f79a-669b-40fc-95d6-6bacf01ad38f)
2019-11-26 14:08:12.828 13785 RALLYDEBUG rally_openstack.cleanup.manager [-] Deleting neutron.network object s_rally_fde56175_ketAkYvf (ecda6b59-9faf-4b37-8e8a-bf9813018614)
2019-11-26 14:08:15.306 13785 RALLYDEBUG rally_openstack.cleanup.manager [-] Cleaning up neutron router objects
2019-11-26 14:08:16.688 13785 RALLYDEBUG rally_openstack.cleanup.manager [-] Deleting neutron.router object s_rally_fde56175_iMW0h0J5 (12d61e70-0b07-429f-af18-1c8e9cce5a56)
2019-11-26 14:08:16.697 13785 RALLYDEBUG rally_openstack.cleanup.manager [-] Deleting neutron.router object s_rally_fde56175_fruvQtUI (5fab6c2c-5c3e-48af-84e9-5a8c2aa67d25)
2019-11-26 14:08:16.706 13785 RALLYDEBUG rally_openstack.cleanup.manager [-] Deleting neutron.router object s_rally_fde56175_9zGhkLvV (c6382414-49eb-4456-a7b9-7ab4ec6be8dc)
2019-11-26 14:08:16.716 13785 RALLYDEBUG rally_openstack.cleanup.manager [-] Deleting neutron.router object s_rally_fde56175_RxjP9y1V (cec4e5fe-7b8d-4a12-9409-03465b00b6ed)
2019-11-26 14:08:16.727 13785 RALLYDEBUG rally_openstack.cleanup.manager [-] Deleting neutron.router object s_rally_fde56175_1teQt9nM (fb208936-ec07-4946-89a7-51ef98813eac)
2019-11-26 14:08:16.735 13785 RALLYDEBUG rally_openstack.cleanup.manager [-] Deleting neutron.router object s_rally_fde56175_KQtMW4YI (8baea979-01b2-47f1-8cc1-2d5c6216c047)
2019-11-26 14:08:16.759 13785 RALLYDEBUG rally_openstack.cleanup.manager [-] Deleting neutron.router object s_rally_fde56175_z9pwfgoE (171d3b6b-d71e-42c9-be3f-0f44ccab8838)
2019-11-26 14:08:16.764 13785 RALLYDEBUG rally_openstack.cleanup.manager [-] Deleting neutron.router object s_rally_fde56175_JzflWCsu (965ddfc2-ccc7-417e-8d79-18572daac3b1)
2019-11-26 14:08:16.784 13785 RALLYDEBUG rally_openstack.cleanup.manager [-] Deleting neutron.router object s_rally_fde56175_HHggxEq8 (c0d59187-2702-4a5a-af69-bb11f34d9498)
2019-11-26 14:08:16.811 13785 RALLYDEBUG rally_openstack.cleanup.manager [-] Deleting neutron.router object s_rally_fde56175_ZemqGiSx (fa687a24-190f-4d1b-b3c1-f7eb916431f7)
2019-11-26 14:08:18.916 13785 RALLYDEBUG rally_openstack.cleanup.manager [-] Cleaning up neutron security_group objects
2019-11-26 14:08:20.185 13785 INFO rally.task.context [-] Task 00ba39eb-45e0-4442-8ead-fb9035d26b8d | Context cleanup@openstack cleanup() finished in 27.25 sec
2019-11-26 14:08:20.185 13785 INFO rally.task.context [-] Task 00ba39eb-45e0-4442-8ead-fb9035d26b8d | Context quotas@openstack cleanup() started
2019-11-26 14:08:20.380 13785 INFO rally.task.context [-] Task 00ba39eb-45e0-4442-8ead-fb9035d26b8d | Context quotas@openstack cleanup() finished in 0.19 sec
2019-11-26 14:08:20.381 13785 INFO rally.task.context [-] Task 00ba39eb-45e0-4442-8ead-fb9035d26b8d | Context users@openstack cleanup() started
2019-11-26 14:08:24.446 13785 INFO rally.task.context [-] Task 00ba39eb-45e0-4442-8ead-fb9035d26b8d | Context users@openstack cleanup() finished in 4.07 sec
2019-11-26 14:08:26.026 13785 INFO rally.task.engine [-] Load duration is: 11.4013
2019-11-26 14:08:26.027 13785 INFO rally.task.engine [-] Full runner duration is: 11.443925
2019-11-26 14:08:26.027 13785 INFO rally.task.engine [-] Full duration is: 46.749696
2019-11-26 14:08:26.372 13785 INFO rally.task.engine [-] Running workload: position = 0 config = { "version": 2, "title": "A cropped version of a bigger task.", "description": "Auto-generated task from a single workload (uuid=20008884-a2d3-4439-9e81-9040d21053f2)", "subtasks": [ { "title": "NeutronNetworks.create_and_update_subnets", "description": "Create and update a subnet.", "scenario": { "NeutronNetworks.create_and_update_subnets": { "network_create_args": {}, "subnet_cidr_start": "1.4.0.0/16", "subnet_create_args": {}, "subnet_update_args": { "enable_dhcp": false }, "subnets_per_network": 1 } }, "contexts": { "users": { "tenants": 3, "users_per_tenant": 2 }, "quotas": { "neutron": { "network": -1, "subnet": -1 } } }, "runner": { "constant": { "concurrency": 4, "times": 10 } }, "hooks": [], "sla": { "failure_rate": { "max": 0 } } } ] }
2019-11-26 14:08:26.397 13785 RALLYDEBUG rally_openstack.contexts.keystone.users [-] Creating 3 tenants using 20 threads
2019-11-26 14:08:27.490 13785 RALLYDEBUG rally_openstack.contexts.keystone.users [-] Creating 6 users using 20 threads
2019-11-26 14:08:29.087 13785 INFO rally.task.context [-] Task 00ba39eb-45e0-4442-8ead-fb9035d26b8d | Context users@openstack setup() finished in 2.69 sec
2019-11-26 14:08:29.996 13785 INFO rally.task.context [-] Task 00ba39eb-45e0-4442-8ead-fb9035d26b8d | Context quotas@openstack setup() finished in 0.91 sec
2019-11-26 14:08:29.996 13785 INFO rally.task.context [-] Task 00ba39eb-45e0-4442-8ead-fb9035d26b8d | Context cleanup@openstack setup() finished in 0.01 msec
2019-11-26 14:08:30.006 13785 RALLYDEBUG rally.task.runner [-] Starting the constant runner (task UUID: 00ba39eb-45e0-4442-8ead-fb9035d26b8d). times: 10 concurrency: 4 timeout: 0 max_cpu_used: 16 processes_to_start: 4 concurrency_per_worker: 1 concurrency_overhead: 0
2019-11-26 14:08:30.017 14881 RALLYDEBUG rally.task.runner [-] Starting a worker. times: 10 duration: None concurrency: 1 timeout: 0 cls: method_name: run args: {"network_create_args": {}, "subnet_cidr_start": "1.4.0.0/16", "subnet_create_args": {}, "subnet_update_args": {"enable_dhcp": false}, "subnets_per_network": 1}
2019-11-26 14:08:30.021 14882 RALLYDEBUG rally.task.runner [-] Starting a worker. times: 10 duration: None concurrency: 1 timeout: 0 cls: method_name: run args: {"network_create_args": {}, "subnet_cidr_start": "1.4.0.0/16", "subnet_create_args": {}, "subnet_update_args": {"enable_dhcp": false}, "subnets_per_network": 1}
2019-11-26 14:08:30.024 14881 INFO rally.task.runner [-] Task 00ba39eb-45e0-4442-8ead-fb9035d26b8d | ITER: 1 START
2019-11-26 14:08:30.024 14883 RALLYDEBUG rally.task.runner [-] Starting a worker. times: 10 duration: None concurrency: 1 timeout: 0 cls: method_name: run args: {"network_create_args": {}, "subnet_cidr_start": "1.4.0.0/16", "subnet_create_args": {}, "subnet_update_args": {"enable_dhcp": false}, "subnets_per_network": 1}
2019-11-26 14:08:30.027 14882 INFO rally.task.runner [-] Task 00ba39eb-45e0-4442-8ead-fb9035d26b8d | ITER: 2 START
2019-11-26 14:08:30.028 14884 RALLYDEBUG rally.task.runner [-] Starting a worker. times: 10 duration: None concurrency: 1 timeout: 0 cls: method_name: run args: {"network_create_args": {}, "subnet_cidr_start": "1.4.0.0/16", "subnet_create_args": {}, "subnet_update_args": {"enable_dhcp": false}, "subnets_per_network": 1}
2019-11-26 14:08:30.031 14883 INFO rally.task.runner [-] Task 00ba39eb-45e0-4442-8ead-fb9035d26b8d | ITER: 3 START
2019-11-26 14:08:30.034 14884 INFO rally.task.runner [-] Task 00ba39eb-45e0-4442-8ead-fb9035d26b8d | ITER: 4 START
2019-11-26 14:08:30.681 14883 RALLYDEBUG rally_openstack.wrappers.network [-] CIDR generated: 1.17.0.0/16
2019-11-26 14:08:30.683 14881 RALLYDEBUG rally_openstack.wrappers.network [-] CIDR generated: 1.18.0.0/16
2019-11-26 14:08:30.688 14882 RALLYDEBUG rally_openstack.wrappers.network [-] CIDR generated: 1.19.0.0/16
2019-11-26 14:08:31.323 14884 RALLYDEBUG rally_openstack.wrappers.network [-] CIDR generated: 1.20.0.0/16
2019-11-26 14:08:31.917 14882 INFO rally.task.runner [-] Task 00ba39eb-45e0-4442-8ead-fb9035d26b8d | ITER: 2 END: OK
2019-11-26 14:08:31.921 14882 INFO rally.task.runner [-] Task 00ba39eb-45e0-4442-8ead-fb9035d26b8d | ITER: 5 START
2019-11-26 14:08:32.044 14883 INFO rally.task.runner [-] Task 00ba39eb-45e0-4442-8ead-fb9035d26b8d | ITER: 3 END: OK
2019-11-26 14:08:32.048 14883 INFO rally.task.runner [-] Task 00ba39eb-45e0-4442-8ead-fb9035d26b8d | ITER: 6 START
2019-11-26 14:08:32.154 14881 INFO rally.task.runner [-] Task 00ba39eb-45e0-4442-8ead-fb9035d26b8d | ITER: 1 END: OK
2019-11-26 14:08:32.159 14881 INFO rally.task.runner [-] Task 00ba39eb-45e0-4442-8ead-fb9035d26b8d | ITER: 7 START
2019-11-26 14:08:32.384 14882 RALLYDEBUG rally_openstack.wrappers.network [-] CIDR generated: 1.21.0.0/16
2019-11-26 14:08:32.608 14883 RALLYDEBUG rally_openstack.wrappers.network [-] CIDR generated: 1.22.0.0/16
2019-11-26 14:08:32.640 14881 RALLYDEBUG rally_openstack.wrappers.network [-] CIDR generated: 1.23.0.0/16
2019-11-26 14:08:32.712 14884 INFO rally.task.runner [-] Task 00ba39eb-45e0-4442-8ead-fb9035d26b8d | ITER: 4 END: OK
2019-11-26 14:08:32.716 14884 INFO rally.task.runner [-] Task 00ba39eb-45e0-4442-8ead-fb9035d26b8d | ITER: 8 START
2019-11-26 14:08:33.182 14884 RALLYDEBUG rally_openstack.wrappers.network [-] CIDR generated: 1.24.0.0/16
2019-11-26 14:08:33.661 14883 INFO rally.task.runner [-] Task 00ba39eb-45e0-4442-8ead-fb9035d26b8d | ITER: 6 END: OK
2019-11-26 14:08:33.665 14883 INFO rally.task.runner [-] Task 00ba39eb-45e0-4442-8ead-fb9035d26b8d | ITER: 9 START
2019-11-26 14:08:33.673 14882 INFO rally.task.runner [-] Task 00ba39eb-45e0-4442-8ead-fb9035d26b8d | ITER: 5 END: OK
2019-11-26 14:08:33.677 14882 INFO rally.task.runner [-] Task 00ba39eb-45e0-4442-8ead-fb9035d26b8d | ITER: 10 START
2019-11-26 14:08:33.894 14881 INFO rally.task.runner [-] Task 00ba39eb-45e0-4442-8ead-fb9035d26b8d | ITER: 7 END: OK
2019-11-26 14:08:34.132 14882 RALLYDEBUG rally_openstack.wrappers.network [-] CIDR generated: 1.25.0.0/16
2019-11-26 14:08:34.267 14883 RALLYDEBUG rally_openstack.wrappers.network [-] CIDR generated: 1.26.0.0/16
2019-11-26 14:08:34.471 14884 INFO rally.task.runner [-] Task 00ba39eb-45e0-4442-8ead-fb9035d26b8d | ITER: 8 END: OK
2019-11-26 14:08:35.192 14882 INFO rally.task.runner [-] Task 00ba39eb-45e0-4442-8ead-fb9035d26b8d | ITER: 10 END: OK
2019-11-26 14:08:35.338 14883 INFO rally.task.runner [-] Task 00ba39eb-45e0-4442-8ead-fb9035d26b8d | ITER: 9 END: OK
2019-11-26 14:08:35.361 13785 INFO rally.task.context [-] Task 00ba39eb-45e0-4442-8ead-fb9035d26b8d | Context cleanup@openstack cleanup() started
2019-11-26 14:08:35.364 13785 RALLYDEBUG rally_openstack.cleanup.manager [-] Cleaning up neutron vip objects
2019-11-26 14:08:36.517 13785 RALLYDEBUG rally_openstack.cleanup.manager [-] Cleaning up neutron health_monitor objects
2019-11-26 14:08:37.567 13785 RALLYDEBUG rally_openstack.cleanup.manager [-] Cleaning up neutron pool objects
2019-11-26 14:08:38.625 13785 RALLYDEBUG rally_openstack.cleanup.manager [-] Cleaning up neutron loadbalancer objects
2019-11-26 14:08:39.680 13785 RALLYDEBUG rally_openstack.cleanup.manager [-] Cleaning up neutron floatingip objects
2019-11-26 14:08:40.852 13785 RALLYDEBUG rally_openstack.cleanup.manager [-] Cleaning up neutron trunk objects
2019-11-26 14:08:42.016 13785 RALLYDEBUG rally_openstack.cleanup.manager [-] Cleaning up neutron port objects
2019-11-26 14:08:43.200 13785 RALLYDEBUG rally_openstack.cleanup.manager [-] Cleaning up neutron subnet objects
2019-11-26 14:08:44.512 13785 RALLYDEBUG rally_openstack.cleanup.manager [-] Deleting neutron.subnet object s_rally_20008884_bl8ZEEgf (4ed29140-31b1-4da3-b6a4-837bf064cfe0)
2019-11-26 14:08:44.524 13785 RALLYDEBUG rally_openstack.cleanup.manager [-] Deleting neutron.subnet object s_rally_20008884_eCARGMji (553bdfb2-9757-4cb7-9229-df7c3d300522)
2019-11-26 14:08:44.528 13785 RALLYDEBUG rally_openstack.cleanup.manager [-] Deleting neutron.subnet object s_rally_20008884_Fz8oCp6A (ce93708e-91cb-443f-a085-bb13c9e2dfef)
2019-11-26 14:08:44.537 13785 RALLYDEBUG rally_openstack.cleanup.manager [-] Deleting neutron.subnet object s_rally_20008884_8rVZxVDK (4a7ee388-d91e-45f0-afab-98ed7bde4129)
2019-11-26 14:08:44.552 13785 RALLYDEBUG rally_openstack.cleanup.manager [-] Deleting neutron.subnet object s_rally_20008884_NeSU3gPJ (91b58e49-a0c5-4f45-8a5c-bbb919f335e1)
2019-11-26 14:08:44.558 13785 RALLYDEBUG rally_openstack.cleanup.manager [-] Deleting neutron.subnet object s_rally_20008884_WyZRae9W (9238bd49-4f93-49f5-9d09-cd646fac239a)
2019-11-26 14:08:44.564 13785 RALLYDEBUG rally_openstack.cleanup.manager [-] Deleting neutron.subnet object s_rally_20008884_gQ4CeKAy (af1d3a4c-ae64-4e0b-a38e-85d32fef3f1b)
2019-11-26 14:08:44.585 13785 RALLYDEBUG rally_openstack.cleanup.manager [-] Deleting neutron.subnet object s_rally_20008884_0tdE4BLN (dc08e1ed-8306-407e-9c5c-5acadd073f25)
2019-11-26 14:08:44.606 13785 RALLYDEBUG rally_openstack.cleanup.manager [-] Deleting neutron.subnet object s_rally_20008884_my6227Ti (18927517-bccb-4ea8-8f4c-0069f2fd3fea)
2019-11-26 14:08:44.630 13785 RALLYDEBUG rally_openstack.cleanup.manager [-] Deleting neutron.subnet object s_rally_20008884_29ByKHsp (b8b3cca8-e920-4e01-a801-cca5298286ec)
2019-11-26 14:08:47.158 13785 RALLYDEBUG rally_openstack.cleanup.manager [-] Cleaning up neutron network objects
2019-11-26 14:08:48.547 13785 RALLYDEBUG rally_openstack.cleanup.manager [-] Deleting neutron.network object s_rally_20008884_8BlE872J (22b0a0da-60f7-4773-bb7e-d4f7d4346c96)
2019-11-26 14:08:48.556 13785 RALLYDEBUG rally_openstack.cleanup.manager [-] Deleting neutron.network object s_rally_20008884_yTZ79wtq (3db2bd57-3b54-4368-911d-f30a7e6ec6d0)
2019-11-26 14:08:48.564 13785 RALLYDEBUG rally_openstack.cleanup.manager [-] Deleting neutron.network object s_rally_20008884_ze99IjKN (7e6e601a-397a-4490-9ede-d09605f0bf08)
2019-11-26 14:08:48.568 13785 RALLYDEBUG rally_openstack.cleanup.manager [-] Deleting neutron.network object s_rally_20008884_dT4WTacE (5e36c4f8-e3f2-41c1-b7ba-6a5b8827d144)
2019-11-26 14:08:48.582 13785 RALLYDEBUG rally_openstack.cleanup.manager [-] Deleting neutron.network object s_rally_20008884_pLPhnrXI (6698ddb8-cd72-417b-85dc-6ce8b3730882)
2019-11-26 14:08:48.595 13785 RALLYDEBUG rally_openstack.cleanup.manager [-] Deleting neutron.network object s_rally_20008884_f0otFLV8 (b1823113-4b88-4860-b6bd-29e9c7d2fc87)
2019-11-26 14:08:48.599 13785 RALLYDEBUG rally_openstack.cleanup.manager [-] Deleting neutron.network object s_rally_20008884_w5i0uftM (e31172c2-7ba0-4bd3-aadf-8dbdc86c35b0)
2019-11-26 14:08:48.617 13785 RALLYDEBUG rally_openstack.cleanup.manager [-] Deleting neutron.network object s_rally_20008884_vGHz11CK (f39a7b92-72c2-4b46-bfcb-fdf8ebbb23cf)
2019-11-26 14:08:48.630 13785 RALLYDEBUG rally_openstack.cleanup.manager [-] Deleting neutron.network object s_rally_20008884_Xg0J0cdK (28591bea-7486-4b0a-b6be-6595ab106ce5)
2019-11-26 14:08:48.648 13785 RALLYDEBUG rally_openstack.cleanup.manager [-] Deleting neutron.network object s_rally_20008884_RLoBoW5z (704d8d49-143f-4df9-a048-253e40c718c5)
2019-11-26 14:08:50.924 13785 RALLYDEBUG rally_openstack.cleanup.manager [-] Cleaning up neutron router objects
2019-11-26 14:08:52.185 13785 RALLYDEBUG rally_openstack.cleanup.manager [-] Cleaning up neutron security_group objects
2019-11-26 14:08:53.434 13785 INFO rally.task.context [-] Task 00ba39eb-45e0-4442-8ead-fb9035d26b8d | Context cleanup@openstack cleanup() finished in 18.07 sec
2019-11-26 14:08:53.434 13785 INFO rally.task.context [-] Task 00ba39eb-45e0-4442-8ead-fb9035d26b8d | Context quotas@openstack cleanup() started
2019-11-26 14:08:53.696 13785 INFO rally.task.context [-] Task 00ba39eb-45e0-4442-8ead-fb9035d26b8d | Context quotas@openstack cleanup() finished in 0.26 sec
2019-11-26 14:08:53.697 13785 INFO rally.task.context [-] Task 00ba39eb-45e0-4442-8ead-fb9035d26b8d | Context users@openstack cleanup() started
2019-11-26 14:08:57.627 13785 INFO rally.task.context [-] Task 00ba39eb-45e0-4442-8ead-fb9035d26b8d | Context users@openstack cleanup() finished in 3.93 sec
2019-11-26 14:08:58.721 13785 INFO rally.task.engine [-] Load duration is: 5.312279
2019-11-26 14:08:58.721 13785 INFO rally.task.engine [-] Full runner duration is: 5.355275
2019-11-26 14:08:58.722 13785 INFO rally.task.engine [-] Full duration is: 31.232581
2019-11-26 14:08:59.021 13785 INFO rally.task.engine [-] Running workload: position = 0 config = { "version": 2, "title": "A cropped version of a bigger task.", "description": "Auto-generated task from a single workload (uuid=65c99362-2cc0-4431-927b-a122f42ab7f6)", "subtasks": [ { "title": "NeutronNetworks.create_and_delete_networks", "description": "Create and delete a network.", "scenario": { "NeutronNetworks.create_and_delete_networks": { "network_create_args": {} } }, "contexts": { "users": { "tenants": 3, "users_per_tenant": 2 }, "quotas": { "neutron": { "network": -1 } } }, "runner": { "constant": { "concurrency": 4, "times": 10 } }, "hooks": [], "sla": { "failure_rate": { "max": 0 } } } ] }
2019-11-26 14:08:59.043 13785 RALLYDEBUG rally_openstack.contexts.keystone.users [-] Creating 3 tenants using 20 threads
2019-11-26 14:09:00.229 13785 RALLYDEBUG rally_openstack.contexts.keystone.users [-] Creating 6 users using 20 threads
2019-11-26 14:09:01.755 13785 INFO rally.task.context [-] Task 00ba39eb-45e0-4442-8ead-fb9035d26b8d | Context users@openstack setup() finished in 2.71 sec
2019-11-26 14:09:02.530 13785 INFO rally.task.context [-] Task 00ba39eb-45e0-4442-8ead-fb9035d26b8d | Context quotas@openstack setup() finished in 0.77 sec
2019-11-26 14:09:02.530 13785 INFO rally.task.context [-] Task 00ba39eb-45e0-4442-8ead-fb9035d26b8d | Context cleanup@openstack setup() finished in 0.01 msec
2019-11-26 14:09:02.539 13785 RALLYDEBUG rally.task.runner [-] Starting the constant runner (task UUID: 00ba39eb-45e0-4442-8ead-fb9035d26b8d). times: 10 concurrency: 4 timeout: 0 max_cpu_used: 16 processes_to_start: 4 concurrency_per_worker: 1 concurrency_overhead: 0
2019-11-26 14:09:02.550 15205 RALLYDEBUG rally.task.runner [-] Starting a worker. times: 10 duration: None concurrency: 1 timeout: 0 cls: method_name: run args: {"network_create_args": {}}
2019-11-26 14:09:02.554 15206 RALLYDEBUG rally.task.runner [-] Starting a worker. times: 10 duration: None concurrency: 1 timeout: 0 cls: method_name: run args: {"network_create_args": {}}
2019-11-26 14:09:02.557 15205 INFO rally.task.runner [-] Task 00ba39eb-45e0-4442-8ead-fb9035d26b8d | ITER: 1 START
2019-11-26 14:09:02.557 15207 RALLYDEBUG rally.task.runner [-] Starting a worker. times: 10 duration: None concurrency: 1 timeout: 0 cls: method_name: run args: {"network_create_args": {}}
2019-11-26 14:09:02.560 15206 INFO rally.task.runner [-] Task 00ba39eb-45e0-4442-8ead-fb9035d26b8d | ITER: 2 START
2019-11-26 14:09:02.560 15208 RALLYDEBUG rally.task.runner [-] Starting a worker. times: 10 duration: None concurrency: 1 timeout: 0 cls: method_name: run args: {"network_create_args": {}}
2019-11-26 14:09:02.564 15207 INFO rally.task.runner [-] Task 00ba39eb-45e0-4442-8ead-fb9035d26b8d | ITER: 3 START
2019-11-26 14:09:02.567 15208 INFO rally.task.runner [-] Task 00ba39eb-45e0-4442-8ead-fb9035d26b8d | ITER: 4 START
2019-11-26 14:09:03.732 15205 INFO rally.task.runner [-] Task 00ba39eb-45e0-4442-8ead-fb9035d26b8d | ITER: 1 END: OK
2019-11-26 14:09:03.738 15205 INFO rally.task.runner [-] Task 00ba39eb-45e0-4442-8ead-fb9035d26b8d | ITER: 5 START
2019-11-26 14:09:03.788 15206 INFO rally.task.runner [-] Task 00ba39eb-45e0-4442-8ead-fb9035d26b8d | ITER: 2 END: OK
2019-11-26 14:09:03.793 15206 INFO rally.task.runner [-] Task 00ba39eb-45e0-4442-8ead-fb9035d26b8d | ITER: 6 START
2019-11-26 14:09:03.842 15207 INFO rally.task.runner [-] Task 00ba39eb-45e0-4442-8ead-fb9035d26b8d | ITER: 3 END: OK
2019-11-26 14:09:03.847 15207 INFO rally.task.runner [-] Task 00ba39eb-45e0-4442-8ead-fb9035d26b8d | ITER: 7 START
2019-11-26 14:09:03.957 15208 INFO rally.task.runner [-] Task 00ba39eb-45e0-4442-8ead-fb9035d26b8d | ITER: 4 END: OK
2019-11-26 14:09:03.961 15208 INFO rally.task.runner [-] Task 00ba39eb-45e0-4442-8ead-fb9035d26b8d | ITER: 8 START
2019-11-26 14:09:04.826 15207 INFO rally.task.runner [-] Task 00ba39eb-45e0-4442-8ead-fb9035d26b8d | ITER: 7 END: OK
2019-11-26 14:09:04.826 15206 INFO rally.task.runner [-] Task 00ba39eb-45e0-4442-8ead-fb9035d26b8d | ITER: 6 END: OK
2019-11-26 14:09:04.829 15207 INFO rally.task.runner [-] Task 00ba39eb-45e0-4442-8ead-fb9035d26b8d | ITER: 9 START
2019-11-26 14:09:04.829 15206 INFO rally.task.runner [-] Task 00ba39eb-45e0-4442-8ead-fb9035d26b8d | ITER: 10 START
2019-11-26 14:09:05.306 15205 INFO rally.task.runner [-] Task 00ba39eb-45e0-4442-8ead-fb9035d26b8d | ITER: 5 END: OK
2019-11-26 14:09:05.752 15208 INFO rally.task.runner [-] Task 00ba39eb-45e0-4442-8ead-fb9035d26b8d | ITER: 8 END: OK
2019-11-26 14:09:06.395 15207 INFO rally.task.runner [-] Task 00ba39eb-45e0-4442-8ead-fb9035d26b8d | ITER: 9 END: OK
2019-11-26 14:09:06.658 15206 INFO rally.task.runner [-] Task 00ba39eb-45e0-4442-8ead-fb9035d26b8d | ITER: 10 END: OK
2019-11-26 14:09:06.684 13785 INFO rally.task.context [-] Task 00ba39eb-45e0-4442-8ead-fb9035d26b8d | Context cleanup@openstack cleanup() started
2019-11-26 14:09:06.688 13785 RALLYDEBUG rally_openstack.cleanup.manager [-] Cleaning up neutron vip objects
2019-11-26 14:09:07.935 13785 RALLYDEBUG rally_openstack.cleanup.manager [-] Cleaning up neutron health_monitor objects
2019-11-26 14:09:09.062 13785 RALLYDEBUG rally_openstack.cleanup.manager [-] Cleaning up neutron pool objects
2019-11-26 14:09:10.171 13785 RALLYDEBUG rally_openstack.cleanup.manager [-] Cleaning up neutron loadbalancer objects
2019-11-26 14:09:11.285 13785 RALLYDEBUG rally_openstack.cleanup.manager [-] Cleaning up neutron floatingip objects
2019-11-26 14:09:12.523 13785 RALLYDEBUG rally_openstack.cleanup.manager [-] Cleaning up neutron trunk objects
2019-11-26 14:09:13.685 13785 RALLYDEBUG rally_openstack.cleanup.manager [-] Cleaning up neutron port objects
2019-11-26 14:09:14.902 13785 RALLYDEBUG rally_openstack.cleanup.manager [-] Cleaning up neutron subnet objects
2019-11-26 14:09:16.127 13785 RALLYDEBUG rally_openstack.cleanup.manager [-] Cleaning up neutron network objects
2019-11-26 14:09:17.359 13785 RALLYDEBUG rally_openstack.cleanup.manager [-] Cleaning up neutron router objects
2019-11-26 14:09:18.570 13785 RALLYDEBUG rally_openstack.cleanup.manager [-] Cleaning up neutron security_group objects
2019-11-26 14:09:19.815 13785 INFO rally.task.context [-] Task 00ba39eb-45e0-4442-8ead-fb9035d26b8d | Context cleanup@openstack cleanup() finished in 13.13 sec
2019-11-26 14:09:19.816 13785 INFO rally.task.context [-] Task 00ba39eb-45e0-4442-8ead-fb9035d26b8d | Context quotas@openstack cleanup() started
2019-11-26 14:09:19.989 13785 INFO rally.task.context [-] Task 00ba39eb-45e0-4442-8ead-fb9035d26b8d | Context quotas@openstack cleanup() finished in 0.17 sec
2019-11-26 14:09:19.990 13785 INFO rally.task.context [-] Task 00ba39eb-45e0-4442-8ead-fb9035d26b8d | Context users@openstack cleanup() started
2019-11-26 14:09:23.962 13785 INFO rally.task.context [-] Task 00ba39eb-45e0-4442-8ead-fb9035d26b8d | Context users@openstack cleanup() finished in 3.97 sec
2019-11-26 14:09:25.209 13785 INFO rally.task.engine [-] Load duration is: 4.099685
2019-11-26 14:09:25.209 13785 INFO rally.task.engine [-] Full runner duration is: 4.145631
2019-11-26 14:09:25.209 13785 INFO rally.task.engine [-] Full duration is: 24.92064
2019-11-26 14:09:25.506 13785 INFO rally.task.engine [-] Running workload: position = 0 config = { "version": 2, "title": "A cropped version of a bigger task.", "description": "Auto-generated task from a single workload (uuid=f0ff0c72-1a10-4b15-8cac-c9582a3e33c5)", "subtasks": [ { "title": "NeutronNetworks.create_and_delete_ports", "description": "Create and delete a port.", "scenario": { "NeutronNetworks.create_and_delete_ports": { "network_create_args": {}, "port_create_args": {}, "ports_per_network": 1 } }, "contexts": { "users": { "tenants": 3, "users_per_tenant": 2 }, "network": { "router": {} }, "quotas": { "neutron": { "network": -1, "port": -1 } } }, "runner": { "constant": { "concurrency": 4, "times": 10 } }, "hooks": [], "sla": { "failure_rate": { "max": 0 } } } ] }
2019-11-26 14:09:25.531 13785 RALLYDEBUG rally_openstack.contexts.keystone.users [-] Creating 3 tenants using 20 threads
2019-11-26 14:09:26.614 13785 RALLYDEBUG rally_openstack.contexts.keystone.users [-] Creating 6 users using 20 threads
2019-11-26 14:09:28.196 13785 INFO rally.task.context [-] Task 00ba39eb-45e0-4442-8ead-fb9035d26b8d | Context users@openstack setup() finished in 2.66 sec
2019-11-26 14:09:29.095 13785 INFO rally.task.context [-] Task 00ba39eb-45e0-4442-8ead-fb9035d26b8d | Context quotas@openstack setup() finished in 0.90 sec
2019-11-26 14:09:29.731 13785 RALLYDEBUG rally_openstack.wrappers.network [-] CIDR generated: 10.2.23.0/24
2019-11-26 14:09:30.678 13785 RALLYDEBUG rally_openstack.wrappers.network [-] CIDR generated: 10.2.24.0/24
2019-11-26 14:09:31.429 13785 RALLYDEBUG rally_openstack.wrappers.network [-] CIDR generated: 10.2.25.0/24
2019-11-26 14:09:32.245 13785 INFO rally.task.context [-] Task 00ba39eb-45e0-4442-8ead-fb9035d26b8d | Context network@openstack setup() finished in 3.15 sec
2019-11-26 14:09:32.246 13785 INFO rally.task.context [-] Task 00ba39eb-45e0-4442-8ead-fb9035d26b8d | Context cleanup@openstack setup() finished in 0.01 msec
2019-11-26 14:09:32.255 13785 RALLYDEBUG rally.task.runner [-] Starting the constant runner (task UUID: 00ba39eb-45e0-4442-8ead-fb9035d26b8d). times: 10 concurrency: 4 timeout: 0 max_cpu_used: 16 processes_to_start: 4 concurrency_per_worker: 1 concurrency_overhead: 0
2019-11-26 14:09:32.266 15529 RALLYDEBUG rally.task.runner [-] Starting a worker. times: 10 duration: None concurrency: 1 timeout: 0 cls: method_name: run args: {"network_create_args": {}, "port_create_args": {}, "ports_per_network": 1}
2019-11-26 14:09:32.270 15530 RALLYDEBUG rally.task.runner [-] Starting a worker. times: 10 duration: None concurrency: 1 timeout: 0 cls: method_name: run args: {"network_create_args": {}, "port_create_args": {}, "ports_per_network": 1}
2019-11-26 14:09:32.274 15529 INFO rally.task.runner [-] Task 00ba39eb-45e0-4442-8ead-fb9035d26b8d | ITER: 1 START
2019-11-26 14:09:32.274 15531 RALLYDEBUG rally.task.runner [-] Starting a worker. times: 10 duration: None concurrency: 1 timeout: 0 cls: method_name: run args: {"network_create_args": {}, "port_create_args": {}, "ports_per_network": 1}
2019-11-26 14:09:32.277 15530 INFO rally.task.runner [-] Task 00ba39eb-45e0-4442-8ead-fb9035d26b8d | ITER: 2 START
2019-11-26 14:09:32.277 15532 RALLYDEBUG rally.task.runner [-] Starting a worker. times: 10 duration: None concurrency: 1 timeout: 0 cls: method_name: run args: {"network_create_args": {}, "port_create_args": {}, "ports_per_network": 1}
2019-11-26 14:09:32.281 15531 INFO rally.task.runner [-] Task 00ba39eb-45e0-4442-8ead-fb9035d26b8d | ITER: 3 START
2019-11-26 14:09:32.284 15532 INFO rally.task.runner [-] Task 00ba39eb-45e0-4442-8ead-fb9035d26b8d | ITER: 4 START
2019-11-26 14:09:33.810 15532 INFO rally.task.runner [-] Task 00ba39eb-45e0-4442-8ead-fb9035d26b8d | ITER: 4 END: OK
2019-11-26 14:09:33.815 15532 INFO rally.task.runner [-] Task 00ba39eb-45e0-4442-8ead-fb9035d26b8d | ITER: 5 START
2019-11-26 14:09:34.036 15531 INFO rally.task.runner [-] Task 00ba39eb-45e0-4442-8ead-fb9035d26b8d | ITER: 3 END: OK
2019-11-26 14:09:34.041 15531 INFO rally.task.runner [-] Task 00ba39eb-45e0-4442-8ead-fb9035d26b8d | ITER: 6 START
2019-11-26 14:09:34.202 15530 INFO rally.task.runner [-] Task 00ba39eb-45e0-4442-8ead-fb9035d26b8d | ITER: 2 END: OK
2019-11-26 14:09:34.206 15530 INFO rally.task.runner [-] Task 00ba39eb-45e0-4442-8ead-fb9035d26b8d | ITER: 7 START
2019-11-26 14:09:34.320 15529 INFO rally.task.runner [-] Task 00ba39eb-45e0-4442-8ead-fb9035d26b8d | ITER: 1 END: OK
2019-11-26 14:09:34.325 15529 INFO rally.task.runner [-] Task 00ba39eb-45e0-4442-8ead-fb9035d26b8d | ITER: 8 START
2019-11-26 14:09:35.540 15532 INFO rally.task.runner [-] Task 00ba39eb-45e0-4442-8ead-fb9035d26b8d | ITER: 5 END: OK
2019-11-26 14:09:35.544 15532 INFO rally.task.runner [-] Task 00ba39eb-45e0-4442-8ead-fb9035d26b8d | ITER: 9 START
2019-11-26 14:09:35.554 15530 INFO rally.task.runner [-] Task 00ba39eb-45e0-4442-8ead-fb9035d26b8d | ITER: 7 END: OK
2019-11-26 14:09:35.558 15530 INFO rally.task.runner [-] Task 00ba39eb-45e0-4442-8ead-fb9035d26b8d | ITER: 10 START
2019-11-26 14:09:35.910 15529 INFO rally.task.runner [-] Task 00ba39eb-45e0-4442-8ead-fb9035d26b8d | ITER: 8 END: OK
2019-11-26 14:09:35.989 15531 INFO rally.task.runner [-] Task 00ba39eb-45e0-4442-8ead-fb9035d26b8d | ITER: 6 END: OK
2019-11-26 14:09:37.191 15532 INFO rally.task.runner [-] Task 00ba39eb-45e0-4442-8ead-fb9035d26b8d | ITER: 9 END: OK
2019-11-26 14:09:37.206 15530 INFO rally.task.runner [-] Task 00ba39eb-45e0-4442-8ead-fb9035d26b8d | ITER: 10 END: OK
2019-11-26 14:09:37.227 13785 INFO rally.task.context [-] Task 00ba39eb-45e0-4442-8ead-fb9035d26b8d | Context cleanup@openstack cleanup() started
2019-11-26 14:09:37.231 13785 RALLYDEBUG rally_openstack.cleanup.manager [-] Cleaning up neutron vip objects
2019-11-26 14:09:38.332 13785 RALLYDEBUG rally_openstack.cleanup.manager [-] Cleaning up neutron health_monitor objects
2019-11-26 14:09:39.447 13785 RALLYDEBUG rally_openstack.cleanup.manager [-] Cleaning up neutron pool objects
2019-11-26 14:09:40.560 13785 RALLYDEBUG rally_openstack.cleanup.manager [-] Cleaning up neutron loadbalancer objects
2019-11-26 14:09:41.669 13785 RALLYDEBUG rally_openstack.cleanup.manager [-] Cleaning up neutron floatingip objects
2019-11-26 14:09:43.188 13785 RALLYDEBUG rally_openstack.cleanup.manager [-] Cleaning up neutron trunk objects
2019-11-26 14:09:44.327 13785 RALLYDEBUG rally_openstack.cleanup.manager [-] Cleaning up neutron port objects
2019-11-26 14:09:45.683 13785 RALLYDEBUG rally_openstack.cleanup.manager [-] Cleaning up neutron subnet objects
2019-11-26 14:09:46.963 13785 RALLYDEBUG rally_openstack.cleanup.manager [-] Cleaning up neutron network objects
2019-11-26 14:09:48.415 13785 RALLYDEBUG rally_openstack.cleanup.manager [-] Cleaning up neutron router objects
2019-11-26 14:09:49.653 13785 RALLYDEBUG rally_openstack.cleanup.manager [-] Cleaning up neutron security_group objects
2019-11-26 14:09:50.913 13785 INFO rally.task.context [-] Task 00ba39eb-45e0-4442-8ead-fb9035d26b8d | Context cleanup@openstack cleanup() finished in 13.69 sec
2019-11-26 14:09:50.914 13785 INFO rally.task.context [-] Task 00ba39eb-45e0-4442-8ead-fb9035d26b8d | Context network@openstack cleanup() started
2019-11-26 14:10:02.479 13785 INFO rally.task.context [-] Task 00ba39eb-45e0-4442-8ead-fb9035d26b8d | Context network@openstack cleanup() finished in 11.56 sec
2019-11-26 14:10:02.480 13785 INFO rally.task.context [-] Task 00ba39eb-45e0-4442-8ead-fb9035d26b8d | Context quotas@openstack cleanup() started
2019-11-26 14:10:02.728 13785 INFO rally.task.context [-] Task 00ba39eb-45e0-4442-8ead-fb9035d26b8d | Context quotas@openstack cleanup() finished in 0.25 sec
2019-11-26 14:10:02.728 13785 INFO rally.task.context [-] Task 00ba39eb-45e0-4442-8ead-fb9035d26b8d | Context users@openstack cleanup() started
2019-11-26 14:10:06.848 13785 INFO rally.task.context [-] Task 00ba39eb-45e0-4442-8ead-fb9035d26b8d | Context users@openstack cleanup() finished in 4.12 sec
2019-11-26 14:10:07.813 13785 INFO rally.task.engine [-] Load duration is: 4.93061
2019-11-26 14:10:07.813 13785 INFO rally.task.engine [-] Full runner duration is: 4.972947
2019-11-26 14:10:07.813 13785 INFO rally.task.engine [-] Full duration is: 41.318973
