2019-11-26 14:33:21.260 20411 INFO rally.task.context [-] Task 0dafeb38-ea40-466d-89d6-45d6e450890d | Context users@openstack setup() finished in 2.55 sec
2019-11-26 14:33:23.126 20411 INFO rally.task.context [-] Task 0dafeb38-ea40-466d-89d6-45d6e450890d | Context quotas@openstack setup() finished in 1.87 sec
2019-11-26 14:33:25.370 20411 RALLYDEBUG rally_openstack.wrappers.network [-] CIDR generated: 100.1.1.128/25
2019-11-26 14:33:29.991 20411 RALLYDEBUG rally_openstack.wrappers.network [-] CIDR generated: 100.1.2.0/25
2019-11-26 14:33:33.863 20411 RALLYDEBUG rally_openstack.wrappers.network [-] CIDR generated: 100.1.2.128/25
2019-11-26 14:33:36.337 20411 INFO rally.task.context [-] Task 0dafeb38-ea40-466d-89d6-45d6e450890d | Context network@openstack setup() finished in 13.21 sec
2019-11-26 14:33:36.338 20411 INFO rally.task.context [-] Task 0dafeb38-ea40-466d-89d6-45d6e450890d | Context cleanup@openstack setup() finished in 0.02 msec
2019-11-26 14:33:37.233 20411 RALLYDEBUG rally.task.runner [-] Starting the constant runner (task UUID: 0dafeb38-ea40-466d-89d6-45d6e450890d). times: 10 concurrency: 4 timeout: 0 max_cpu_used: 16 processes_to_start: 4 concurrency_per_worker: 1 concurrency_overhead: 0
2019-11-26 14:33:37.245 21027 RALLYDEBUG rally.task.runner [-] Starting a worker. times: 10 duration: None concurrency: 1 timeout: 0 cls: method_name: run args: {"flavor": "557b1827-d554-482f-8e5c-ff4a7235ad1e", "image": "d28fe962-223c-4c25-a219-b707ace03132", "nics": [{"net-id": "6abc0ace-55e5-437e-8ca2-3154ab90105d"}]}
2019-11-26 14:33:37.249 21028 RALLYDEBUG rally.task.runner [-] Starting a worker. times: 10 duration: None concurrency: 1 timeout: 0 cls: method_name: run args: {"flavor": "557b1827-d554-482f-8e5c-ff4a7235ad1e", "image": "d28fe962-223c-4c25-a219-b707ace03132", "nics": [{"net-id": "6abc0ace-55e5-437e-8ca2-3154ab90105d"}]}
2019-11-26 14:33:37.253 21027 INFO rally.task.runner [-] Task 0dafeb38-ea40-466d-89d6-45d6e450890d | ITER: 1 START
2019-11-26 14:33:37.253 21029 RALLYDEBUG rally.task.runner [-] Starting a worker. times: 10 duration: None concurrency: 1 timeout: 0 cls: method_name: run args: {"flavor": "557b1827-d554-482f-8e5c-ff4a7235ad1e", "image": "d28fe962-223c-4c25-a219-b707ace03132", "nics": [{"net-id": "6abc0ace-55e5-437e-8ca2-3154ab90105d"}]}
2019-11-26 14:33:37.257 21028 INFO rally.task.runner [-] Task 0dafeb38-ea40-466d-89d6-45d6e450890d | ITER: 2 START
2019-11-26 14:33:37.257 21031 RALLYDEBUG rally.task.runner [-] Starting a worker. times: 10 duration: None concurrency: 1 timeout: 0 cls: method_name: run args: {"flavor": "557b1827-d554-482f-8e5c-ff4a7235ad1e", "image": "d28fe962-223c-4c25-a219-b707ace03132", "nics": [{"net-id": "6abc0ace-55e5-437e-8ca2-3154ab90105d"}]}
2019-11-26 14:33:37.261 21029 INFO rally.task.runner [-] Task 0dafeb38-ea40-466d-89d6-45d6e450890d | ITER: 3 START
2019-11-26 14:33:37.264 21031 INFO rally.task.runner [-] Task 0dafeb38-ea40-466d-89d6-45d6e450890d | ITER: 4 START
2019-11-26 14:33:44.116 21029 RALLYDEBUG rally.task.utils [-] Waiting for resource s_rally_8325a3f7_vPJ1PDTl. Status changed: BUILD => ACTIVE in 4.4413018226623535
2019-11-26 14:33:45.195 21028 RALLYDEBUG rally.task.utils [-] Waiting for resource s_rally_8325a3f7_7ko6D7fL. Status changed: BUILD => ACTIVE in 5.226505756378174
2019-11-26 14:33:46.450 21029 INFO rally.task.runner [-] Task 0dafeb38-ea40-466d-89d6-45d6e450890d | ITER: 3 END: OK
2019-11-26 14:33:46.453 21029 INFO rally.task.runner [-] Task 0dafeb38-ea40-466d-89d6-45d6e450890d | ITER: 5 START
2019-11-26 14:33:47.122 21031 RALLYDEBUG rally.task.utils [-] Waiting for resource s_rally_8325a3f7_EIuuWuMv. Status changed: BUILD => ACTIVE in 7.210530757904053
2019-11-26 14:33:47.564 21028 INFO rally.task.runner [-] Task 0dafeb38-ea40-466d-89d6-45d6e450890d | ITER: 2 END: OK
2019-11-26 14:33:47.569 21028 INFO rally.task.runner [-] Task 0dafeb38-ea40-466d-89d6-45d6e450890d | ITER: 6 START
2019-11-26 14:33:49.420 21027 RALLYDEBUG rally.task.utils [-] Waiting for resource s_rally_8325a3f7_bDqIoMcB. Status changed: BUILD => ACTIVE in 9.47811508178711
2019-11-26 14:33:49.623 21031 INFO rally.task.runner [-] Task 0dafeb38-ea40-466d-89d6-45d6e450890d | ITER: 4 END: OK
2019-11-26 14:33:49.628 21031 INFO rally.task.runner [-] Task 0dafeb38-ea40-466d-89d6-45d6e450890d | ITER: 7 START
2019-11-26 14:33:51.780 21027 INFO rally.task.runner [-] Task 0dafeb38-ea40-466d-89d6-45d6e450890d | ITER: 1 END: OK
2019-11-26 14:33:51.785 21027 INFO rally.task.runner [-] Task 0dafeb38-ea40-466d-89d6-45d6e450890d | ITER: 8 START
2019-11-26 14:33:53.467 21029 RALLYDEBUG rally.task.utils [-] Waiting for resource s_rally_8325a3f7_oR3mZwhI. Status changed: BUILD => ACTIVE in 4.673930406570435
2019-11-26 14:33:55.020 21028 RALLYDEBUG rally.task.utils [-] Waiting for resource s_rally_8325a3f7_rBSOqiYL. Status changed: BUILD => ACTIVE in 4.9128499031066895
2019-11-26 14:33:56.057 21029 INFO rally.task.runner [-] Task 0dafeb38-ea40-466d-89d6-45d6e450890d | ITER: 5 END: OK
2019-11-26 14:33:56.061 21029 INFO rally.task.runner [-] Task 0dafeb38-ea40-466d-89d6-45d6e450890d | ITER: 9 START
2019-11-26 14:33:56.345 21031 RALLYDEBUG rally.task.utils [-] Waiting for resource s_rally_8325a3f7_60lwgNaH. Status changed: BUILD => ACTIVE in 4.4390246868133545
2019-11-26 14:33:57.392 21028 INFO rally.task.runner [-] Task 0dafeb38-ea40-466d-89d6-45d6e450890d | ITER: 6 END: OK
2019-11-26 14:33:57.396 21028 INFO rally.task.runner [-] Task 0dafeb38-ea40-466d-89d6-45d6e450890d | ITER: 10 START
2019-11-26 14:33:58.777 21031 INFO rally.task.runner [-] Task 0dafeb38-ea40-466d-89d6-45d6e450890d | ITER: 7 END: OK
2019-11-26 14:33:59.412 21027 RALLYDEBUG rally.task.utils [-] Waiting for resource s_rally_8325a3f7_DEZiSaeS. Status changed: BUILD => ACTIVE in 4.622697591781616
2019-11-26 14:34:01.733 21027 INFO rally.task.runner [-] Task 0dafeb38-ea40-466d-89d6-45d6e450890d | ITER: 8 END: OK
2019-11-26 14:34:02.793 21029 RALLYDEBUG rally.task.utils [-] Waiting for resource s_rally_8325a3f7_cY713PPO. Status changed: BUILD => ACTIVE in 4.621070623397827
2019-11-26 14:34:04.580 21028 RALLYDEBUG rally.task.utils [-] Waiting for resource s_rally_8325a3f7_oGepYDvH. Status changed: BUILD => ACTIVE in 4.6746320724487305
2019-11-26 14:34:05.307 21029 INFO rally.task.runner [-] Task 0dafeb38-ea40-466d-89d6-45d6e450890d | ITER: 9 END: OK
2019-11-26 14:34:07.145 21028 INFO rally.task.runner [-] Task 0dafeb38-ea40-466d-89d6-45d6e450890d | ITER: 10 END: OK
2019-11-26 14:34:07.170 20411 INFO rally.task.context [-] Task 0dafeb38-ea40-466d-89d6-45d6e450890d | Context cleanup@openstack cleanup() started
2019-11-26 14:34:07.173 20411 RALLYDEBUG rally_openstack.cleanup.manager [-] Cleaning up nova servers objects
2019-11-26 14:34:08.627 20411 RALLYDEBUG rally_openstack.cleanup.manager [-] Cleaning up nova server_groups objects
2019-11-26 14:34:09.781 20411 RALLYDEBUG rally_openstack.cleanup.manager [-] Cleaning up nova keypairs objects
2019-11-26 14:34:12.173 20411 INFO rally.task.context [-] Task 0dafeb38-ea40-466d-89d6-45d6e450890d | Context cleanup@openstack cleanup() finished in 5.00 sec
2019-11-26 14:34:12.173 20411 INFO rally.task.context [-] Task 0dafeb38-ea40-466d-89d6-45d6e450890d | Context network@openstack cleanup() started
2019-11-26 14:34:36.590 20411 INFO rally.task.context [-] Task 0dafeb38-ea40-466d-89d6-45d6e450890d | Context network@openstack cleanup() finished in 24.42 sec
2019-11-26 14:34:36.591 20411 INFO rally.task.context [-] Task 0dafeb38-ea40-466d-89d6-45d6e450890d | Context quotas@openstack cleanup() started
2019-11-26 14:34:36.849 20411 INFO rally.task.context [-] Task 0dafeb38-ea40-466d-89d6-45d6e450890d | Context quotas@openstack cleanup() finished in 0.26 sec
2019-11-26 14:34:36.849 20411 INFO rally.task.context [-] Task 0dafeb38-ea40-466d-89d6-45d6e450890d | Context users@openstack cleanup() started
2019-11-26 14:34:40.956 20411 INFO rally.task.context [-] Task 0dafeb38-ea40-466d-89d6-45d6e450890d | Context users@openstack cleanup() finished in 4.11 sec
2019-11-26 14:34:41.068 20411 INFO rally.task.engine [-] Load duration is: 28.890222
2019-11-26 14:34:41.068 20411 INFO rally.task.engine [-] Full runner duration is: 29.937401
2019-11-26 14:34:41.069 20411 INFO rally.task.engine [-] Full duration is: 82.250887
2019-11-26 14:34:41.438 20411 INFO rally.task.engine [-] Running workload: position = 0 config = { "version": 2, "title": "A cropped version of a bigger task.", "description": "Auto-generated task from a single workload (uuid=c71fc04d-a4e0-46a8-8ad3-796d6edafcfb)", "subtasks": [ { "title": "NovaServers.boot_and_list_server", "description": "Boot a server from an image and then list all servers.", "scenario": { "NovaServers.boot_and_list_server": { "detailed": true, "flavor": { "name": "rally_full-flavor_14c80e47-fc5e-4341-b211-0fe7e7cf2394" }, "image": { "name": "rally_full-img_14c80e47-fc5e-4341-b211-0fe7e7cf2394" }, "nics": [ { "net-id": "6abc0ace-55e5-437e-8ca2-3154ab90105d" } ] } }, "contexts": { "users": { "tenants": 3, "users_per_tenant": 2 }, "network": { "networks_per_tenant": 1, "start_cidr": "100.1.0.0/25" }, "quotas": { "neutron": { "network": -1, "port": -1, "subnet": -1 }, "nova": { "cores": -1, "floating_ips": -1, "instances": -1, "ram": -1, "security_group_rules": -1, "security_groups": -1 } } }, "runner": { "constant": { "concurrency": 4, "times": 10 } }, "hooks": [], "sla": { "failure_rate": { "max": 0 } } } ] }
2019-11-26 14:34:41.463 20411 RALLYDEBUG rally_openstack.contexts.keystone.users [-] Creating 3 tenants using 20 threads
2019-11-26 14:34:42.500 20411 RALLYDEBUG rally_openstack.contexts.keystone.users [-] Creating 6 users using 20 threads
2019-11-26 14:34:44.006 20411 INFO rally.task.context [-] Task 0dafeb38-ea40-466d-89d6-45d6e450890d | Context users@openstack setup() finished in 2.54 sec
2019-11-26 14:34:45.742 20411 INFO rally.task.context [-] Task 0dafeb38-ea40-466d-89d6-45d6e450890d | Context quotas@openstack setup() finished in 1.74 sec
2019-11-26 14:34:48.157 20411 RALLYDEBUG rally_openstack.wrappers.network [-] CIDR generated: 100.1.3.0/25
2019-11-26 14:34:52.492 20411 RALLYDEBUG rally_openstack.wrappers.network [-] CIDR generated: 100.1.3.128/25
2019-11-26 14:34:56.676 20411 RALLYDEBUG rally_openstack.wrappers.network [-] CIDR generated: 100.1.4.0/25
2019-11-26 14:34:58.898 20411 INFO rally.task.context [-] Task 0dafeb38-ea40-466d-89d6-45d6e450890d | Context network@openstack setup() finished in 13.16 sec
2019-11-26 14:34:58.899 20411 INFO rally.task.context [-] Task 0dafeb38-ea40-466d-89d6-45d6e450890d | Context cleanup@openstack setup() finished in 0.02 msec
2019-11-26 14:34:59.762 20411 RALLYDEBUG rally.task.runner [-] Starting the constant runner (task UUID: 0dafeb38-ea40-466d-89d6-45d6e450890d). times: 10 concurrency: 4 timeout: 0 max_cpu_used: 16 processes_to_start: 4 concurrency_per_worker: 1 concurrency_overhead: 0
2019-11-26 14:34:59.774 21191 RALLYDEBUG rally.task.runner [-] Starting a worker. times: 10 duration: None concurrency: 1 timeout: 0 cls: method_name: run args: {"detailed": true, "flavor": "557b1827-d554-482f-8e5c-ff4a7235ad1e", "image": "d28fe962-223c-4c25-a219-b707ace03132", "nics": [{"net-id": "6abc0ace-55e5-437e-8ca2-3154ab90105d"}]}
2019-11-26 14:34:59.778 21192 RALLYDEBUG rally.task.runner [-] Starting a worker. times: 10 duration: None concurrency: 1 timeout: 0 cls: method_name: run args: {"detailed": true, "flavor": "557b1827-d554-482f-8e5c-ff4a7235ad1e", "image": "d28fe962-223c-4c25-a219-b707ace03132", "nics": [{"net-id": "6abc0ace-55e5-437e-8ca2-3154ab90105d"}]}
2019-11-26 14:34:59.781 21191 INFO rally.task.runner [-] Task 0dafeb38-ea40-466d-89d6-45d6e450890d | ITER: 1 START
2019-11-26 14:34:59.782 21193 RALLYDEBUG rally.task.runner [-] Starting a worker. times: 10 duration: None concurrency: 1 timeout: 0 cls: method_name: run args: {"detailed": true, "flavor": "557b1827-d554-482f-8e5c-ff4a7235ad1e", "image": "d28fe962-223c-4c25-a219-b707ace03132", "nics": [{"net-id": "6abc0ace-55e5-437e-8ca2-3154ab90105d"}]}
2019-11-26 14:34:59.785 21192 INFO rally.task.runner [-] Task 0dafeb38-ea40-466d-89d6-45d6e450890d | ITER: 2 START
2019-11-26 14:34:59.785 21195 RALLYDEBUG rally.task.runner [-] Starting a worker. times: 10 duration: None concurrency: 1 timeout: 0 cls: method_name: run args: {"detailed": true, "flavor": "557b1827-d554-482f-8e5c-ff4a7235ad1e", "image": "d28fe962-223c-4c25-a219-b707ace03132", "nics": [{"net-id": "6abc0ace-55e5-437e-8ca2-3154ab90105d"}]}
2019-11-26 14:34:59.789 21193 INFO rally.task.runner [-] Task 0dafeb38-ea40-466d-89d6-45d6e450890d | ITER: 3 START
2019-11-26 14:34:59.791 21195 INFO rally.task.runner [-] Task 0dafeb38-ea40-466d-89d6-45d6e450890d | ITER: 4 START
2019-11-26 14:35:06.878 21191 RALLYDEBUG rally.task.utils [-] Waiting for resource s_rally_c71fc04d_Q3slikMy. Status changed: BUILD => ACTIVE in 4.554590463638306
2019-11-26 14:35:07.143 21191 INFO rally.task.runner [-] Task 0dafeb38-ea40-466d-89d6-45d6e450890d | ITER: 1 END: OK
2019-11-26 14:35:07.147 21191 INFO rally.task.runner [-] Task 0dafeb38-ea40-466d-89d6-45d6e450890d | ITER: 5 START
2019-11-26 14:35:07.794 21195 RALLYDEBUG rally.task.utils [-] Waiting for resource s_rally_c71fc04d_kK7o25b2. Status changed: BUILD => ACTIVE in 4.9929258823394775
2019-11-26 14:35:08.074 21195 INFO rally.task.runner [-] Task 0dafeb38-ea40-466d-89d6-45d6e450890d | ITER: 4 END: OK
2019-11-26 14:35:08.079 21195 INFO rally.task.runner [-] Task 0dafeb38-ea40-466d-89d6-45d6e450890d | ITER: 6 START
2019-11-26 14:35:08.884 21193 RALLYDEBUG rally.task.utils [-] Waiting for resource s_rally_c71fc04d_9eJAVZzy. Status changed: BUILD => ACTIVE in 6.802207708358765
2019-11-26 14:35:09.202 21193 INFO rally.task.runner [-] Task 0dafeb38-ea40-466d-89d6-45d6e450890d | ITER: 3 END: OK
2019-11-26 14:35:09.206 21193 INFO rally.task.runner [-] Task 0dafeb38-ea40-466d-89d6-45d6e450890d | ITER: 7 START
2019-11-26 14:35:09.717 21192 RALLYDEBUG rally.task.utils [-] Waiting for resource s_rally_c71fc04d_1OvNFlOr. Status changed: BUILD => ACTIVE in 6.982790470123291
2019-11-26 14:35:09.990 21192 INFO rally.task.runner [-] Task 0dafeb38-ea40-466d-89d6-45d6e450890d | ITER: 2 END: OK
2019-11-26 14:35:09.994 21192 INFO rally.task.runner [-] Task 0dafeb38-ea40-466d-89d6-45d6e450890d | ITER: 8 START
2019-11-26 14:35:16.104 21193 RALLYDEBUG rally.task.utils [-] Waiting for resource s_rally_c71fc04d_pnQQufsw. Status changed: BUILD => ACTIVE in 4.803893089294434
2019-11-26 14:35:16.338 21193 INFO rally.task.runner [-] Task 0dafeb38-ea40-466d-89d6-45d6e450890d | ITER: 7 END: OK
2019-11-26 14:35:16.342 21193 INFO rally.task.runner [-] Task 0dafeb38-ea40-466d-89d6-45d6e450890d | ITER: 9 START
2019-11-26 14:35:16.724 21192 RALLYDEBUG rally.task.utils [-] Waiting for resource s_rally_c71fc04d_XeIDMBWR. Status changed: BUILD => ACTIVE in 4.536746025085449
2019-11-26 14:35:16.806 21191 RALLYDEBUG rally.task.utils [-] Waiting for resource s_rally_c71fc04d_usp2ml3s. Status changed: BUILD => ACTIVE in 7.035688400268555
2019-11-26 14:35:16.963 21192 INFO rally.task.runner [-] Task 0dafeb38-ea40-466d-89d6-45d6e450890d | ITER: 8 END: OK
2019-11-26 14:35:16.968 21192 INFO rally.task.runner [-] Task 0dafeb38-ea40-466d-89d6-45d6e450890d | ITER: 10 START
2019-11-26 14:35:17.020 21191 INFO rally.task.runner [-] Task 0dafeb38-ea40-466d-89d6-45d6e450890d | ITER: 5 END: OK
2019-11-26 14:35:17.398 21195 RALLYDEBUG rally.task.utils [-] Waiting for resource s_rally_c71fc04d_T0p0idYo. Status changed: BUILD => ACTIVE in 6.862140417098999
2019-11-26 14:35:17.638 21195 INFO rally.task.runner [-] Task 0dafeb38-ea40-466d-89d6-45d6e450890d | ITER: 6 END: OK
2019-11-26 14:35:23.185 21193 RALLYDEBUG rally.task.utils [-] Waiting for resource s_rally_c71fc04d_oFJjwUOA. Status changed: BUILD => ACTIVE in 4.643508672714233
2019-11-26 14:35:23.488 21193 INFO rally.task.runner [-] Task 0dafeb38-ea40-466d-89d6-45d6e450890d | ITER: 9 END: OK
2019-11-26 14:35:23.789 21192 RALLYDEBUG rally.task.utils [-] Waiting for resource s_rally_c71fc04d_sm392lfV. Status changed: BUILD => ACTIVE in 4.69902491569519
2019-11-26 14:35:24.102 21192 INFO rally.task.runner [-] Task 0dafeb38-ea40-466d-89d6-45d6e450890d | ITER: 10 END: OK
2019-11-26 14:35:24.134 20411 INFO rally.task.context [-] Task 0dafeb38-ea40-466d-89d6-45d6e450890d | Context cleanup@openstack cleanup() started
2019-11-26 14:35:24.138 20411 RALLYDEBUG rally_openstack.cleanup.manager [-] Cleaning up nova servers objects
2019-11-26 14:35:26.846 20411 RALLYDEBUG rally_openstack.cleanup.manager [-] Deleting nova.servers object s_rally_c71fc04d_sm392lfV (d04d1daf-a223-4f41-ad92-a9daeb0f96a4)
2019-11-26 14:35:26.855 20411 RALLYDEBUG rally_openstack.cleanup.manager [-] Deleting nova.servers object s_rally_c71fc04d_pnQQufsw (0b919989-accf-41b1-ad05-1b97fd0fc72f)
2019-11-26 14:35:26.864 20411 RALLYDEBUG rally_openstack.cleanup.manager [-] Deleting nova.servers object s_rally_c71fc04d_1OvNFlOr (b509d9a4-2847-4f90-a545-c502015d2950)
2019-11-26 14:35:26.868 20411 RALLYDEBUG rally_openstack.cleanup.manager [-] Deleting nova.servers object s_rally_c71fc04d_Q3slikMy (1d1c52b4-8729-4cbe-a4e7-7cbb1a74f55f)
2019-11-26 14:35:26.882 20411 RALLYDEBUG rally_openstack.cleanup.manager [-] Deleting nova.servers object s_rally_c71fc04d_kK7o25b2 (c0c90b4d-4345-4e7a-86b3-e9577c202470)
2019-11-26 14:35:26.891 20411 RALLYDEBUG rally_openstack.cleanup.manager [-] Deleting nova.servers object s_rally_c71fc04d_9eJAVZzy (758e51d7-57b3-4e72-844b-4f385c84491d)
2019-11-26 14:35:26.919 20411 RALLYDEBUG rally_openstack.cleanup.manager [-] Deleting nova.servers object s_rally_c71fc04d_oFJjwUOA (c26dacbf-6c2f-4af5-bc05-f57ef04f566a)
2019-11-26 14:35:26.926 20411 RALLYDEBUG rally_openstack.cleanup.manager [-] Deleting nova.servers object s_rally_c71fc04d_XeIDMBWR (550a6f36-3757-4c54-8c7e-5b6c1d29ea61)
2019-11-26 14:35:26.945 20411 RALLYDEBUG rally_openstack.cleanup.manager [-] Deleting nova.servers object s_rally_c71fc04d_T0p0idYo (4adb76a0-85f9-4e0b-966f-6dd25b469a3c)
2019-11-26 14:35:26.953 20411 RALLYDEBUG rally_openstack.cleanup.manager [-] Deleting nova.servers object s_rally_c71fc04d_usp2ml3s (4700790b-ff9a-4193-9394-2cbdafd46ae4)
2019-11-26 14:35:32.412 20411 RALLYDEBUG rally_openstack.cleanup.manager [-] Cleaning up nova server_groups objects
2019-11-26 14:35:33.600 20411 RALLYDEBUG rally_openstack.cleanup.manager [-] Cleaning up nova keypairs objects
2019-11-26 14:35:35.959 20411 INFO rally.task.context [-] Task 0dafeb38-ea40-466d-89d6-45d6e450890d | Context cleanup@openstack cleanup() finished in 11.82 sec
2019-11-26 14:35:35.960 20411 INFO rally.task.context [-] Task 0dafeb38-ea40-466d-89d6-45d6e450890d | Context network@openstack cleanup() started
2019-11-26 14:35:58.979 20411 INFO rally.task.context [-] Task 0dafeb38-ea40-466d-89d6-45d6e450890d | Context network@openstack cleanup() finished in 23.02 sec
2019-11-26 14:35:58.979 20411 INFO rally.task.context [-] Task 0dafeb38-ea40-466d-89d6-45d6e450890d | Context quotas@openstack cleanup() started
2019-11-26 14:35:59.194 20411 INFO rally.task.context [-] Task 0dafeb38-ea40-466d-89d6-45d6e450890d | Context quotas@openstack cleanup() finished in 0.21 sec
2019-11-26 14:35:59.194 20411 INFO rally.task.context [-] Task 0dafeb38-ea40-466d-89d6-45d6e450890d | Context users@openstack cleanup() started
2019-11-26 14:36:03.286 20411 INFO rally.task.context [-] Task 0dafeb38-ea40-466d-89d6-45d6e450890d | Context users@openstack cleanup() finished in 4.09 sec
2019-11-26 14:36:03.839 20411 INFO rally.task.engine [-] Load duration is: 23.319757
2019-11-26 14:36:03.840 20411 INFO rally.task.engine [-] Full runner duration is: 24.372856
2019-11-26 14:36:03.840 20411 INFO rally.task.engine [-] Full duration is: 81.825152
2019-11-26 14:36:04.162 20411 INFO rally.task.engine [-] Running workload: position = 0 config = { "version": 2, "title": "A cropped version of a bigger task.", "description": "Auto-generated task from a single workload (uuid=296de469-8f6b-4c12-a7bf-589e93682454)", "subtasks": [ { "title": "NovaServers.boot_and_rebuild_server", "description": "Rebuild a server.", "scenario": { "NovaServers.boot_and_rebuild_server": { "flavor": { "name": "rally_full-flavor_14c80e47-fc5e-4341-b211-0fe7e7cf2394" }, "from_image": { "name": "rally_full-img_14c80e47-fc5e-4341-b211-0fe7e7cf2394" }, "to_image": { "name": "rally_full-img_14c80e47-fc5e-4341-b211-0fe7e7cf2394" }, "nics": [ { "net-id": "6abc0ace-55e5-437e-8ca2-3154ab90105d" } ] } }, "contexts": { "users": { "tenants": 3, "users_per_tenant": 2 }, "network": { "networks_per_tenant": 1, "start_cidr": "100.1.0.0/25" }, "quotas": { "neutron": { "network": -1, "port": -1, "subnet": -1 }, "nova": { "cores": -1, "floating_ips": -1, "instances": -1, "ram": -1, "security_group_rules": -1, "security_groups": -1 } } }, "runner": { "constant": { "concurrency": 4, "times": 10 } }, "hooks": [], "sla": { "failure_rate": { "max": 0 } } } ] }
2019-11-26 14:36:04.190 20411 RALLYDEBUG rally_openstack.contexts.keystone.users [-] Creating 3 tenants using 20 threads
2019-11-26 14:36:05.210 20411 RALLYDEBUG rally_openstack.contexts.keystone.users [-] Creating 6 users using 20 threads
2019-11-26 14:36:06.753 20411 INFO rally.task.context [-] Task 0dafeb38-ea40-466d-89d6-45d6e450890d | Context users@openstack setup() finished in 2.56 sec
2019-11-26 14:36:08.667 20411 INFO rally.task.context [-] Task 0dafeb38-ea40-466d-89d6-45d6e450890d | Context quotas@openstack setup() finished in 1.91 sec
2019-11-26 14:36:11.132 20411 RALLYDEBUG rally_openstack.wrappers.network [-] CIDR generated: 100.1.4.128/25
2019-11-26 14:36:15.382 20411 RALLYDEBUG rally_openstack.wrappers.network [-] CIDR generated: 100.1.5.0/25
2019-11-26 14:36:19.297 20411 RALLYDEBUG rally_openstack.wrappers.network [-] CIDR generated: 100.1.5.128/25
2019-11-26 14:36:21.771 20411 INFO rally.task.context [-] Task 0dafeb38-ea40-466d-89d6-45d6e450890d | Context network@openstack setup() finished in 13.10 sec
2019-11-26 14:36:21.772 20411 INFO rally.task.context [-] Task 0dafeb38-ea40-466d-89d6-45d6e450890d | Context cleanup@openstack setup() finished in 0.02 msec
2019-11-26 14:36:22.612 20411 RALLYDEBUG rally.task.runner [-] Starting the constant runner (task UUID: 0dafeb38-ea40-466d-89d6-45d6e450890d). times: 10 concurrency: 4 timeout: 0 max_cpu_used: 16 processes_to_start: 4 concurrency_per_worker: 1 concurrency_overhead: 0
2019-11-26 14:36:22.624 21355 RALLYDEBUG rally.task.runner [-] Starting a worker. times: 10 duration: None concurrency: 1 timeout: 0 cls: method_name: run args: {"flavor": "557b1827-d554-482f-8e5c-ff4a7235ad1e", "from_image": "d28fe962-223c-4c25-a219-b707ace03132", "to_image": "d28fe962-223c-4c25-a219-b707ace03132", "nics": [{"net-id": "6abc0ace-55e5-437e-8ca2-3154ab90105d"}]}
2019-11-26 14:36:22.628 21356 RALLYDEBUG rally.task.runner [-] Starting a worker. times: 10 duration: None concurrency: 1 timeout: 0 cls: method_name: run args: {"flavor": "557b1827-d554-482f-8e5c-ff4a7235ad1e", "from_image": "d28fe962-223c-4c25-a219-b707ace03132", "to_image": "d28fe962-223c-4c25-a219-b707ace03132", "nics": [{"net-id": "6abc0ace-55e5-437e-8ca2-3154ab90105d"}]}
2019-11-26 14:36:22.632 21355 INFO rally.task.runner [-] Task 0dafeb38-ea40-466d-89d6-45d6e450890d | ITER: 1 START
2019-11-26 14:36:22.632 21357 RALLYDEBUG rally.task.runner [-] Starting a worker. times: 10 duration: None concurrency: 1 timeout: 0 cls: method_name: run args: {"flavor": "557b1827-d554-482f-8e5c-ff4a7235ad1e", "from_image": "d28fe962-223c-4c25-a219-b707ace03132", "to_image": "d28fe962-223c-4c25-a219-b707ace03132", "nics": [{"net-id": "6abc0ace-55e5-437e-8ca2-3154ab90105d"}]}
2019-11-26 14:36:22.636 21356 INFO rally.task.runner [-] Task 0dafeb38-ea40-466d-89d6-45d6e450890d | ITER: 2 START
2019-11-26 14:36:22.636 21359 RALLYDEBUG rally.task.runner [-] Starting a worker. times: 10 duration: None concurrency: 1 timeout: 0 cls: method_name: run args: {"flavor": "557b1827-d554-482f-8e5c-ff4a7235ad1e", "from_image": "d28fe962-223c-4c25-a219-b707ace03132", "to_image": "d28fe962-223c-4c25-a219-b707ace03132", "nics": [{"net-id": "6abc0ace-55e5-437e-8ca2-3154ab90105d"}]}
2019-11-26 14:36:22.639 21357 INFO rally.task.runner [-] Task 0dafeb38-ea40-466d-89d6-45d6e450890d | ITER: 3 START
2019-11-26 14:36:22.643 21359 INFO rally.task.runner [-] Task 0dafeb38-ea40-466d-89d6-45d6e450890d | ITER: 4 START
2019-11-26 14:36:31.774 21359 RALLYDEBUG rally.task.utils [-] Waiting for resource s_rally_296de469_Y2inr2Eg. Status changed: BUILD => ACTIVE in 6.734365940093994
2019-11-26 14:36:31.809 21356 RALLYDEBUG rally.task.utils [-] Waiting for resource s_rally_296de469_Dz7BRCAP. Status changed: BUILD => ACTIVE in 6.971867561340332
2019-11-26 14:36:33.275 21356 RALLYDEBUG rally.task.utils [-] Waiting for resource s_rally_296de469_Dz7BRCAP. Status changed: ACTIVE => REBUILD in 0.19355225563049316
2019-11-26 14:36:33.551 21359 RALLYDEBUG rally.task.utils [-] Waiting for resource s_rally_296de469_Y2inr2Eg. Status changed: ACTIVE => REBUILD in 0.287794828414917
2019-11-26 14:36:34.106 21355 RALLYDEBUG rally.task.utils [-] Waiting for resource s_rally_296de469_DLizmKhR. Status changed: BUILD => ACTIVE in 9.004037141799927
2019-11-26 14:36:34.459 21357 RALLYDEBUG rally.task.utils [-] Waiting for resource s_rally_296de469_WXUEcJwn. Status changed: BUILD => ACTIVE in 9.111133575439453
2019-11-26 14:36:35.660 21355 RALLYDEBUG rally.task.utils [-] Waiting for resource s_rally_296de469_DLizmKhR. Status changed: ACTIVE => REBUILD in 0.20903229713439941
2019-11-26 14:36:35.973 21357 RALLYDEBUG rally.task.utils [-] Waiting for resource s_rally_296de469_WXUEcJwn. Status changed: ACTIVE => REBUILD in 0.23613309860229492
2019-11-26 14:36:48.937 21359 RALLYDEBUG rally.task.utils [-] Waiting for resource s_rally_296de469_Y2inr2Eg. Status changed: REBUILD => ACTIVE in 15.385871648788452
2019-11-26 14:36:51.272 21359 INFO rally.task.runner [-] Task 0dafeb38-ea40-466d-89d6-45d6e450890d | ITER: 4 END: OK
2019-11-26 14:36:51.271 21355 RALLYDEBUG rally.task.utils [-] Waiting for resource s_rally_296de469_DLizmKhR. Status changed: REBUILD => ACTIVE in 15.610420227050781
2019-11-26 14:36:51.278 21359 INFO rally.task.runner [-] Task 0dafeb38-ea40-466d-89d6-45d6e450890d | ITER: 5 START
2019-11-26 14:36:52.450 21357 RALLYDEBUG rally.task.utils [-] Waiting for resource s_rally_296de469_WXUEcJwn. Status changed: REBUILD => ACTIVE in 16.477315664291382
2019-11-26 14:36:53.591 21355 INFO rally.task.runner [-] Task 0dafeb38-ea40-466d-89d6-45d6e450890d | ITER: 1 END: OK
2019-11-26 14:36:53.598 21355 INFO rally.task.runner [-] Task 0dafeb38-ea40-466d-89d6-45d6e450890d | ITER: 6 START
2019-11-26 14:36:54.813 21357 INFO rally.task.runner [-] Task 0dafeb38-ea40-466d-89d6-45d6e450890d | ITER: 3 END: OK
2019-11-26 14:36:54.820 21357 INFO rally.task.runner [-] Task 0dafeb38-ea40-466d-89d6-45d6e450890d | ITER: 7 START
2019-11-26 14:36:58.099 21359 RALLYDEBUG rally.task.utils [-] Waiting for resource s_rally_296de469_DiETRDxV. Status changed: BUILD => ACTIVE in 4.603726148605347
2019-11-26 14:36:59.550 21359 RALLYDEBUG rally.task.utils [-] Waiting for resource s_rally_296de469_DiETRDxV. Status changed: ACTIVE => REBUILD in 0.15662193298339844
2019-11-26 14:37:00.221 21355 RALLYDEBUG rally.task.utils [-] Waiting for resource s_rally_296de469_6cnuLXkf. Status changed: BUILD => ACTIVE in 4.567232131958008
2019-11-26 14:37:01.673 21355 RALLYDEBUG rally.task.utils [-] Waiting for resource s_rally_296de469_6cnuLXkf. Status changed: ACTIVE => REBUILD in 0.1605386734008789
2019-11-26 14:37:03.897 21357 RALLYDEBUG rally.task.utils [-] Waiting for resource s_rally_296de469_LvGj67Hg. Status changed: BUILD => ACTIVE in 6.834102153778076
2019-11-26 14:37:05.461 21357 RALLYDEBUG rally.task.utils [-] Waiting for resource s_rally_296de469_LvGj67Hg. Status changed: ACTIVE => REBUILD in 0.2577223777770996
2019-11-26 14:37:10.205 21356 RALLYDEBUG rally.task.utils [-] Waiting for resource s_rally_296de469_Dz7BRCAP. Status changed: REBUILD => ACTIVE in 36.93003582954407
2019-11-26 14:37:12.566 21356 INFO rally.task.runner [-] Task 0dafeb38-ea40-466d-89d6-45d6e450890d | ITER: 2 END: OK
2019-11-26 14:37:12.572 21356 INFO rally.task.runner [-] Task 0dafeb38-ea40-466d-89d6-45d6e450890d | ITER: 8 START
2019-11-26 14:37:16.300 21359 RALLYDEBUG rally.task.utils [-] Waiting for resource s_rally_296de469_DiETRDxV. Status changed: REBUILD => ACTIVE in 16.749714374542236
2019-11-26 14:37:18.560 21355 RALLYDEBUG rally.task.utils [-] Waiting for resource s_rally_296de469_6cnuLXkf. Status changed: REBUILD => ACTIVE in 16.88709568977356
2019-11-26 14:37:18.624 21359 INFO rally.task.runner [-] Task 0dafeb38-ea40-466d-89d6-45d6e450890d | ITER: 5 END: OK
2019-11-26 14:37:18.630 21359 INFO rally.task.runner [-] Task 0dafeb38-ea40-466d-89d6-45d6e450890d | ITER: 9 START
2019-11-26 14:37:20.904 21355 INFO rally.task.runner [-] Task 0dafeb38-ea40-466d-89d6-45d6e450890d | ITER: 6 END: OK
2019-11-26 14:37:20.908 21355 INFO rally.task.runner [-] Task 0dafeb38-ea40-466d-89d6-45d6e450890d | ITER: 10 START
2019-11-26 14:37:21.487 21356 RALLYDEBUG rally.task.utils [-] Waiting for resource s_rally_296de469_HNADSuvI. Status changed: BUILD => ACTIVE in 6.764958381652832
2019-11-26 14:37:23.090 21356 RALLYDEBUG rally.task.utils [-] Waiting for resource s_rally_296de469_HNADSuvI. Status changed: ACTIVE => REBUILD in 0.15099263191223145
2019-11-26 14:37:24.307 21357 RALLYDEBUG rally.task.utils [-] Waiting for resource s_rally_296de469_LvGj67Hg. Status changed: REBUILD => ACTIVE in 18.845930576324463
2019-11-26 14:37:26.634 21357 INFO rally.task.runner [-] Task 0dafeb38-ea40-466d-89d6-45d6e450890d | ITER: 7 END: OK
2019-11-26 14:37:27.580 21359 RALLYDEBUG rally.task.utils [-] Waiting for resource s_rally_296de469_hfgYzixU. Status changed: BUILD => ACTIVE in 6.877604246139526
2019-11-26 14:37:29.210 21359 RALLYDEBUG rally.task.utils [-] Waiting for resource s_rally_296de469_hfgYzixU. Status changed: ACTIVE => REBUILD in 0.1850907802581787
2019-11-26 14:37:29.670 21355 RALLYDEBUG rally.task.utils [-] Waiting for resource s_rally_296de469_TNHVvSP1. Status changed: BUILD => ACTIVE in 6.563842058181763
2019-11-26 14:37:31.227 21355 RALLYDEBUG rally.task.utils [-] Waiting for resource s_rally_296de469_TNHVvSP1. Status changed: ACTIVE => REBUILD in 0.2561831474304199
2019-11-26 14:37:38.640 21356 RALLYDEBUG rally.task.utils [-] Waiting for resource s_rally_296de469_HNADSuvI. Status changed: REBUILD => ACTIVE in 15.549631118774414
2019-11-26 14:37:40.992 21356 INFO rally.task.runner [-] Task 0dafeb38-ea40-466d-89d6-45d6e450890d | ITER: 8 END: OK
2019-11-26 14:37:44.927 21359 RALLYDEBUG rally.task.utils [-] Waiting for resource s_rally_296de469_hfgYzixU. Status changed: REBUILD => ACTIVE in 15.716951608657837
2019-11-26 14:37:47.250 21355 RALLYDEBUG rally.task.utils [-] Waiting for resource s_rally_296de469_TNHVvSP1. Status changed: REBUILD => ACTIVE in 16.02363920211792
2019-11-26 14:37:47.321 21359 INFO rally.task.runner [-] Task 0dafeb38-ea40-466d-89d6-45d6e450890d | ITER: 9 END: OK
2019-11-26 14:37:49.662 21355 INFO rally.task.runner [-] Task 0dafeb38-ea40-466d-89d6-45d6e450890d | ITER: 10 END: OK
2019-11-26 14:37:49.694 20411 INFO rally.task.context [-] Task 0dafeb38-ea40-466d-89d6-45d6e450890d | Context cleanup@openstack cleanup() started
2019-11-26 14:37:49.698 20411 RALLYDEBUG rally_openstack.cleanup.manager [-] Cleaning up nova servers objects
2019-11-26 14:37:51.019 20411 RALLYDEBUG rally_openstack.cleanup.manager [-] Cleaning up nova server_groups objects
2019-11-26 14:37:52.221 20411 RALLYDEBUG rally_openstack.cleanup.manager [-] Cleaning up nova keypairs objects
2019-11-26 14:37:54.597 20411 INFO rally.task.context [-] Task 0dafeb38-ea40-466d-89d6-45d6e450890d | Context cleanup@openstack cleanup() finished in 4.90 sec
2019-11-26 14:37:54.598 20411 INFO rally.task.context [-] Task 0dafeb38-ea40-466d-89d6-45d6e450890d | Context network@openstack cleanup() started
2019-11-26 14:38:18.175 20411 INFO rally.task.context [-] Task 0dafeb38-ea40-466d-89d6-45d6e450890d | Context network@openstack cleanup() finished in 23.58 sec
2019-11-26 14:38:18.176 20411 INFO rally.task.context [-] Task 0dafeb38-ea40-466d-89d6-45d6e450890d | Context quotas@openstack cleanup() started
2019-11-26 14:38:18.379 20411 INFO rally.task.context [-] Task 0dafeb38-ea40-466d-89d6-45d6e450890d | Context quotas@openstack cleanup() finished in 0.20 sec
2019-11-26 14:38:18.379 20411 INFO rally.task.context [-] Task 0dafeb38-ea40-466d-89d6-45d6e450890d | Context users@openstack cleanup() started
2019-11-26 14:38:22.478 20411 INFO rally.task.context [-] Task 0dafeb38-ea40-466d-89d6-45d6e450890d | Context users@openstack cleanup() finished in 4.10 sec
2019-11-26 14:38:22.746 20411 INFO rally.task.engine [-] Load duration is: 85.028917
2019-11-26 14:38:22.747 20411 INFO rally.task.engine [-] Full runner duration is: 87.082253
2019-11-26 14:38:22.747 20411 INFO rally.task.engine [-] Full duration is: 138.290839
2019-11-26 14:38:23.105 20411 INFO rally.task.engine [-] Running workload: position = 0 config = { "version": 2, "title": "A cropped version of a bigger task.", "description": "Auto-generated task from a single workload (uuid=d5f69dc4-1eec-4dd9-878e-2455a2f5d5d7)", "subtasks": [ { "title": "NovaServers.snapshot_server", "description": "Boot a server, make its snapshot and delete both.", "scenario": { "NovaServers.snapshot_server": { "flavor": { "name": "rally_full-flavor_14c80e47-fc5e-4341-b211-0fe7e7cf2394" }, "image": { "name": "rally_full-img_14c80e47-fc5e-4341-b211-0fe7e7cf2394" }, "nics": [ { "net-id": "6abc0ace-55e5-437e-8ca2-3154ab90105d" } ] } }, "contexts": { "users": { "tenants": 3, "users_per_tenant": 2 }, "network": { "networks_per_tenant": 1, "start_cidr": "100.1.0.0/25" }, "quotas": { "neutron": { "network": -1, "port": -1, "subnet": -1 }, "nova": { "cores": -1, "floating_ips": -1, "instances": -1, "ram": -1, "security_group_rules": -1, "security_groups": -1 } } }, "runner": { "constant": { "concurrency": 4, "times": 10 } }, "hooks": [], "sla": { "failure_rate": { "max": 0 } } } ] }
2019-11-26 14:38:23.131 20411 RALLYDEBUG rally_openstack.contexts.keystone.users [-] Creating 3 tenants using 20 threads
2019-11-26 14:38:24.160 20411 RALLYDEBUG rally_openstack.contexts.keystone.users [-] Creating 6 users using 20 threads
2019-11-26 14:38:25.809 20411 INFO rally.task.context [-] Task 0dafeb38-ea40-466d-89d6-45d6e450890d | Context users@openstack setup() finished in 2.68 sec
2019-11-26 14:38:27.653 20411 INFO rally.task.context [-] Task 0dafeb38-ea40-466d-89d6-45d6e450890d | Context quotas@openstack setup() finished in 1.84 sec
2019-11-26 14:38:29.992 20411 RALLYDEBUG rally_openstack.wrappers.network [-] CIDR generated: 100.1.6.0/25
2019-11-26 14:38:34.239 20411 RALLYDEBUG rally_openstack.wrappers.network [-] CIDR generated: 100.1.6.128/25
2019-11-26 14:38:38.068 20411 RALLYDEBUG rally_openstack.wrappers.network [-] CIDR generated: 100.1.7.0/25
2019-11-26 14:38:40.288 20411 INFO rally.task.context [-] Task 0dafeb38-ea40-466d-89d6-45d6e450890d | Context network@openstack setup() finished in 12.63 sec
2019-11-26 14:38:40.289 20411 INFO rally.task.context [-] Task 0dafeb38-ea40-466d-89d6-45d6e450890d | Context cleanup@openstack setup() finished in 0.01 msec
2019-11-26 14:38:41.152 20411 RALLYDEBUG rally.task.runner [-] Starting the constant runner (task UUID: 0dafeb38-ea40-466d-89d6-45d6e450890d). times: 10 concurrency: 4 timeout: 0 max_cpu_used: 16 processes_to_start: 4 concurrency_per_worker: 1 concurrency_overhead: 0
2019-11-26 14:38:41.163 21519 RALLYDEBUG rally.task.runner [-] Starting a worker. times: 10 duration: None concurrency: 1 timeout: 0 cls: method_name: run args: {"flavor": "557b1827-d554-482f-8e5c-ff4a7235ad1e", "image": "d28fe962-223c-4c25-a219-b707ace03132", "nics": [{"net-id": "6abc0ace-55e5-437e-8ca2-3154ab90105d"}]}
2019-11-26 14:38:41.166 21520 RALLYDEBUG rally.task.runner [-] Starting a worker. times: 10 duration: None concurrency: 1 timeout: 0 cls: method_name: run args: {"flavor": "557b1827-d554-482f-8e5c-ff4a7235ad1e", "image": "d28fe962-223c-4c25-a219-b707ace03132", "nics": [{"net-id": "6abc0ace-55e5-437e-8ca2-3154ab90105d"}]}
2019-11-26 14:38:41.169 21521 RALLYDEBUG rally.task.runner [-] Starting a worker. times: 10 duration: None concurrency: 1 timeout: 0 cls: method_name: run args: {"flavor": "557b1827-d554-482f-8e5c-ff4a7235ad1e", "image": "d28fe962-223c-4c25-a219-b707ace03132", "nics": [{"net-id": "6abc0ace-55e5-437e-8ca2-3154ab90105d"}]}
2019-11-26 14:38:41.170 21519 INFO rally.task.runner [-] Task 0dafeb38-ea40-466d-89d6-45d6e450890d | ITER: 1 START
2019-11-26 14:38:41.172 21522 RALLYDEBUG rally.task.runner [-] Starting a worker. times: 10 duration: None concurrency: 1 timeout: 0 cls: method_name: run args: {"flavor": "557b1827-d554-482f-8e5c-ff4a7235ad1e", "image": "d28fe962-223c-4c25-a219-b707ace03132", "nics": [{"net-id": "6abc0ace-55e5-437e-8ca2-3154ab90105d"}]}
2019-11-26 14:38:41.174 21520 INFO rally.task.runner [-] Task 0dafeb38-ea40-466d-89d6-45d6e450890d | ITER: 2 START
2019-11-26 14:38:41.175 21521 INFO rally.task.runner [-] Task 0dafeb38-ea40-466d-89d6-45d6e450890d | ITER: 3 START
2019-11-26 14:38:41.179 21522 INFO rally.task.runner [-] Task 0dafeb38-ea40-466d-89d6-45d6e450890d | ITER: 4 START
2019-11-26 14:38:48.329 21521 RALLYDEBUG rally.task.utils [-] Waiting for resource s_rally_d5f69dc4_FgFWBGyR. Status changed: BUILD => ACTIVE in 4.9500932693481445
2019-11-26 14:38:48.455 21522 RALLYDEBUG rally.task.utils [-] Waiting for resource s_rally_d5f69dc4_knowUy4e. Status changed: BUILD => ACTIVE in 4.929649114608765
2019-11-26 14:38:50.176 21520 RALLYDEBUG rally.task.utils [-] Waiting for resource s_rally_d5f69dc4_VXNu3YOX. Status changed: BUILD => ACTIVE in 6.7489097118377686
2019-11-26 14:38:50.349 21519 RALLYDEBUG rally.task.utils [-] Waiting for resource s_rally_d5f69dc4_3UjYBQbB. Status changed: BUILD => ACTIVE in 6.905776500701904
2019-11-26 14:38:52.672 21521 RALLYDEBUG rally.task.utils [-] Waiting for resource s_rally_d5f69dc4_FgFWBGyR. Status changed: QUEUED => ACTIVE in 4.0777552127838135
2019-11-26 14:38:52.797 21522 RALLYDEBUG rally.task.utils [-] Waiting for resource s_rally_d5f69dc4_knowUy4e. Status changed: QUEUED => ACTIVE in 4.074284791946411
2019-11-26 14:38:54.546 21520 RALLYDEBUG rally.task.utils [-] Waiting for resource s_rally_d5f69dc4_VXNu3YOX. Status changed: QUEUED => ACTIVE in 4.083557367324829
2019-11-26 14:38:54.641 21519 RALLYDEBUG rally.task.utils [-] Waiting for resource s_rally_d5f69dc4_3UjYBQbB. Status changed: QUEUED => ACTIVE in 4.076644420623779
2019-11-26 14:39:01.450 21522 RALLYDEBUG rally.task.utils [-] Waiting for resource s_rally_d5f69dc4_h6IP1GxP. Status changed: BUILD => ACTIVE in 4.536771535873413
2019-11-26 14:39:03.299 21519 RALLYDEBUG rally.task.utils [-] Waiting for resource s_rally_d5f69dc4_rKDbtWKF. Status changed: BUILD => ACTIVE in 4.630293846130371
2019-11-26 14:39:03.599 21521 RALLYDEBUG rally.task.utils [-] Waiting for resource s_rally_d5f69dc4_KqSqtx93. Status changed: BUILD => ACTIVE in 6.891739368438721
2019-11-26 14:39:03.764 21522 WARNING /usr/lib/python3.6/site-packages/rally_openstack/scenarios/nova/utils.py [-] Method '_delete_image' of NovaScenario class is deprecated since Rally 0.10.0. Use GlanceUtils instead.
2019-11-26 14:39:03.974 21522 DEBUG glanceclient.common.http [-] Request returned failure status 404. _handle_response /usr/lib/python3.6/site-packages/glanceclient/common/http.py:125
2019-11-26 14:39:03.981 21522 INFO rally.task.runner [-] Task 0dafeb38-ea40-466d-89d6-45d6e450890d | ITER: 4 END: OK
2019-11-26 14:39:03.988 21522 INFO rally.task.runner [-] Task 0dafeb38-ea40-466d-89d6-45d6e450890d | ITER: 5 START
2019-11-26 14:39:05.235 21520 RALLYDEBUG rally.task.utils [-] Waiting for resource s_rally_d5f69dc4_C0CYRuDV. Status changed: BUILD => ACTIVE in 6.690367221832275
2019-11-26 14:39:05.614 21519 WARNING /usr/lib/python3.6/site-packages/rally_openstack/scenarios/nova/utils.py [-] Method '_delete_image' of NovaScenario class is deprecated since Rally 0.10.0. Use GlanceUtils instead.
2019-11-26 14:39:05.749 21519 DEBUG glanceclient.common.http [-] Request returned failure status 404. _handle_response /usr/lib/python3.6/site-packages/glanceclient/common/http.py:125
2019-11-26 14:39:05.755 21519 INFO rally.task.runner [-] Task 0dafeb38-ea40-466d-89d6-45d6e450890d | ITER: 1 END: OK
2019-11-26 14:39:05.761 21519 INFO rally.task.runner [-] Task 0dafeb38-ea40-466d-89d6-45d6e450890d | ITER: 6 START
2019-11-26 14:39:05.908 21521 WARNING /usr/lib/python3.6/site-packages/rally_openstack/scenarios/nova/utils.py [-] Method '_delete_image' of NovaScenario class is deprecated since Rally 0.10.0. Use GlanceUtils instead.
2019-11-26 14:39:06.045 21521 DEBUG glanceclient.common.http [-] Request returned failure status 404. _handle_response /usr/lib/python3.6/site-packages/glanceclient/common/http.py:125
2019-11-26 14:39:06.051 21521 INFO rally.task.runner [-] Task 0dafeb38-ea40-466d-89d6-45d6e450890d | ITER: 3 END: OK
2019-11-26 14:39:06.056 21521 INFO rally.task.runner [-] Task 0dafeb38-ea40-466d-89d6-45d6e450890d | ITER: 7 START
2019-11-26 14:39:07.547 21520 WARNING /usr/lib/python3.6/site-packages/rally_openstack/scenarios/nova/utils.py [-] Method '_delete_image' of NovaScenario class is deprecated since Rally 0.10.0. Use GlanceUtils instead.
2019-11-26 14:39:07.678 21520 DEBUG glanceclient.common.http [-] Request returned failure status 404. _handle_response /usr/lib/python3.6/site-packages/glanceclient/common/http.py:125
2019-11-26 14:39:07.683 21520 INFO rally.task.runner [-] Task 0dafeb38-ea40-466d-89d6-45d6e450890d | ITER: 2 END: OK
2019-11-26 14:39:07.689 21520 INFO rally.task.runner [-] Task 0dafeb38-ea40-466d-89d6-45d6e450890d | ITER: 8 START
2019-11-26 14:39:10.949 21522 RALLYDEBUG rally.task.utils [-] Waiting for resource s_rally_d5f69dc4_BIJBLfKJ. Status changed: BUILD => ACTIVE in 4.79942512512207
2019-11-26 14:39:12.527 21519 RALLYDEBUG rally.task.utils [-] Waiting for resource s_rally_d5f69dc4_aGH5bgjM. Status changed: BUILD => ACTIVE in 4.694688320159912
2019-11-26 14:39:15.177 21521 RALLYDEBUG rally.task.utils [-] Waiting for resource s_rally_d5f69dc4_8GV8KzBP. Status changed: BUILD => ACTIVE in 6.77655291557312
2019-11-26 14:39:15.290 21522 RALLYDEBUG rally.task.utils [-] Waiting for resource s_rally_d5f69dc4_BIJBLfKJ. Status changed: QUEUED => ACTIVE in 4.070221424102783
2019-11-26 14:39:16.710 21520 RALLYDEBUG rally.task.utils [-] Waiting for resource s_rally_d5f69dc4_yW90wL7Y. Status changed: BUILD => ACTIVE in 6.944936990737915
2019-11-26 14:39:16.893 21519 RALLYDEBUG rally.task.utils [-] Waiting for resource s_rally_d5f69dc4_aGH5bgjM. Status changed: QUEUED => ACTIVE in 4.066751718521118
2019-11-26 14:39:19.466 21521 RALLYDEBUG rally.task.utils [-] Waiting for resource s_rally_d5f69dc4_8GV8KzBP. Status changed: QUEUED => ACTIVE in 4.067772626876831
2019-11-26 14:39:21.014 21520 RALLYDEBUG rally.task.utils [-] Waiting for resource s_rally_d5f69dc4_yW90wL7Y. Status changed: QUEUED => ACTIVE in 4.069589614868164
2019-11-26 14:39:24.304 21522 RALLYDEBUG rally.task.utils [-] Waiting for resource s_rally_d5f69dc4_Wuh0CMMO. Status changed: BUILD => ACTIVE in 4.529716491699219
2019-11-26 14:39:25.732 21519 RALLYDEBUG rally.task.utils [-] Waiting for resource s_rally_d5f69dc4_m8g6iEvl. Status changed: BUILD => ACTIVE in 4.5645973682403564
2019-11-26 14:39:26.677 21522 WARNING /usr/lib/python3.6/site-packages/rally_openstack/scenarios/nova/utils.py [-] Method '_delete_image' of NovaScenario class is deprecated since Rally 0.10.0. Use GlanceUtils instead.
2019-11-26 14:39:26.808 21522 DEBUG glanceclient.common.http [-] Request returned failure status 404. _handle_response /usr/lib/python3.6/site-packages/glanceclient/common/http.py:125
2019-11-26 14:39:26.809 21522 INFO rally.task.runner [-] Task 0dafeb38-ea40-466d-89d6-45d6e450890d | ITER: 5 END: OK
2019-11-26 14:39:26.813 21522 INFO rally.task.runner [-] Task 0dafeb38-ea40-466d-89d6-45d6e450890d | ITER: 9 START
2019-11-26 14:39:27.982 21521 RALLYDEBUG rally.task.utils [-] Waiting for resource s_rally_d5f69dc4_F8mEkiAR. Status changed: BUILD => ACTIVE in 4.447626352310181
2019-11-26 14:39:28.070 21519 WARNING /usr/lib/python3.6/site-packages/rally_openstack/scenarios/nova/utils.py [-] Method '_delete_image' of NovaScenario class is deprecated since Rally 0.10.0. Use GlanceUtils instead.
2019-11-26 14:39:28.201 21519 DEBUG glanceclient.common.http [-] Request returned failure status 404. _handle_response /usr/lib/python3.6/site-packages/glanceclient/common/http.py:125
2019-11-26 14:39:28.202 21519 INFO rally.task.runner [-] Task 0dafeb38-ea40-466d-89d6-45d6e450890d | ITER: 6 END: OK
2019-11-26 14:39:28.206 21519 INFO rally.task.runner [-] Task 0dafeb38-ea40-466d-89d6-45d6e450890d | ITER: 10 START
2019-11-26 14:39:29.783 21520 RALLYDEBUG rally.task.utils [-] Waiting for resource s_rally_d5f69dc4_HYcmmdjw. Status changed: BUILD => ACTIVE in 4.664239168167114
2019-11-26 14:39:30.337 21521 WARNING /usr/lib/python3.6/site-packages/rally_openstack/scenarios/nova/utils.py [-] Method '_delete_image' of NovaScenario class is deprecated since Rally 0.10.0. Use GlanceUtils instead.
2019-11-26 14:39:30.481 21521 DEBUG glanceclient.common.http [-] Request returned failure status 404. _handle_response /usr/lib/python3.6/site-packages/glanceclient/common/http.py:125
2019-11-26 14:39:30.482 21521 INFO rally.task.runner [-] Task 0dafeb38-ea40-466d-89d6-45d6e450890d | ITER: 7 END: OK
2019-11-26 14:39:32.097 21520 WARNING /usr/lib/python3.6/site-packages/rally_openstack/scenarios/nova/utils.py [-] Method '_delete_image' of NovaScenario class is deprecated since Rally 0.10.0. Use GlanceUtils instead.
2019-11-26 14:39:32.248 21520 DEBUG glanceclient.common.http [-] Request returned failure status 404. _handle_response /usr/lib/python3.6/site-packages/glanceclient/common/http.py:125
2019-11-26 14:39:32.249 21520 INFO rally.task.runner [-] Task 0dafeb38-ea40-466d-89d6-45d6e450890d | ITER: 8 END: OK
2019-11-26 14:39:33.456 21522 RALLYDEBUG rally.task.utils [-] Waiting for resource s_rally_d5f69dc4_wbLb6ODY. Status changed: BUILD => ACTIVE in 4.634755611419678
2019-11-26 14:39:35.774 21522 RALLYDEBUG rally.task.utils [-] Waiting for resource s_rally_d5f69dc4_wbLb6ODY. Status changed: QUEUED => SAVING in 2.048164129257202
2019-11-26 14:39:37.627 21519 RALLYDEBUG rally.task.utils [-] Waiting for resource s_rally_d5f69dc4_VqRwAL0X. Status changed: BUILD => ACTIVE in 6.8573317527771
2019-11-26 14:39:37.802 21522 RALLYDEBUG rally.task.utils [-] Waiting for resource s_rally_d5f69dc4_wbLb6ODY. Status changed: SAVING => ACTIVE in 2.0281989574432373
2019-11-26 14:39:41.960 21519 RALLYDEBUG rally.task.utils [-] Waiting for resource s_rally_d5f69dc4_VqRwAL0X. Status changed: QUEUED => ACTIVE in 4.074061393737793
2019-11-26 14:39:46.448 21522 RALLYDEBUG rally.task.utils [-] Waiting for resource s_rally_d5f69dc4_unk1Q1Ux. Status changed: BUILD => ACTIVE in 4.588192462921143
2019-11-26 14:39:48.774 21522 WARNING /usr/lib/python3.6/site-packages/rally_openstack/scenarios/nova/utils.py [-] Method '_delete_image' of NovaScenario class is deprecated since Rally 0.10.0. Use GlanceUtils instead.
2019-11-26 14:39:48.951 21522 DEBUG glanceclient.common.http [-] Request returned failure status 404. _handle_response /usr/lib/python3.6/site-packages/glanceclient/common/http.py:125
2019-11-26 14:39:48.953 21522 INFO rally.task.runner [-] Task 0dafeb38-ea40-466d-89d6-45d6e450890d | ITER: 9 END: OK
2019-11-26 14:39:50.539 21519 RALLYDEBUG rally.task.utils [-] Waiting for resource s_rally_d5f69dc4_CuM4NMAk. Status changed: BUILD => ACTIVE in 4.50133490562439
2019-11-26 14:39:52.931 21519 WARNING /usr/lib/python3.6/site-packages/rally_openstack/scenarios/nova/utils.py [-] Method '_delete_image' of NovaScenario class is deprecated since Rally 0.10.0. Use GlanceUtils instead.
2019-11-26 14:39:53.118 21519 DEBUG glanceclient.common.http [-] Request returned failure status 404. _handle_response /usr/lib/python3.6/site-packages/glanceclient/common/http.py:125
2019-11-26 14:39:53.120 21519 INFO rally.task.runner [-] Task 0dafeb38-ea40-466d-89d6-45d6e450890d | ITER: 10 END: OK
2019-11-26 14:39:53.155 20411 INFO rally.task.context [-] Task 0dafeb38-ea40-466d-89d6-45d6e450890d | Context cleanup@openstack cleanup() started
2019-11-26 14:39:53.159 20411 RALLYDEBUG rally_openstack.cleanup.manager [-] Cleaning up nova servers objects
2019-11-26 14:39:54.632 20411 RALLYDEBUG rally_openstack.cleanup.manager [-] Cleaning up nova server_groups objects
2019-11-26 14:39:55.784 20411 RALLYDEBUG rally_openstack.cleanup.manager [-] Cleaning up nova keypairs objects
2019-11-26 14:39:58.237 20411 RALLYDEBUG rally_openstack.cleanup.manager [-] Cleaning up glance images objects
2019-11-26 14:39:59.669 20411 INFO rally.task.context [-] Task 0dafeb38-ea40-466d-89d6-45d6e450890d | Context cleanup@openstack cleanup() finished in 6.51 sec
2019-11-26 14:39:59.669 20411 INFO rally.task.context [-] Task 0dafeb38-ea40-466d-89d6-45d6e450890d | Context network@openstack cleanup() started
2019-11-26 14:40:23.563 20411 INFO rally.task.context [-] Task 0dafeb38-ea40-466d-89d6-45d6e450890d | Context network@openstack cleanup() finished in 23.89 sec
2019-11-26 14:40:23.564 20411 INFO rally.task.context [-] Task 0dafeb38-ea40-466d-89d6-45d6e450890d | Context quotas@openstack cleanup() started
2019-11-26 14:40:23.830 20411 INFO rally.task.context [-] Task 0dafeb38-ea40-466d-89d6-45d6e450890d | Context quotas@openstack cleanup() finished in 0.27 sec
2019-11-26 14:40:23.830 20411 INFO rally.task.context [-] Task 0dafeb38-ea40-466d-89d6-45d6e450890d | Context users@openstack cleanup() started
2019-11-26 14:40:28.233 20411 INFO rally.task.context [-] Task 0dafeb38-ea40-466d-89d6-45d6e450890d | Context users@openstack cleanup() finished in 4.40 sec
