2019-11-26 13:28:32.369 727 DEBUG glanceclient.common.http [-] Request returned failure status 404. _handle_response /usr/lib/python3.6/site-packages/glanceclient/common/http.py:125
2019-11-26 13:28:32.375 727 DEBUG glanceclient.common.http [-] Request returned failure status 404. _handle_response /usr/lib/python3.6/site-packages/glanceclient/common/http.py:125
2019-11-26 13:28:32.376 727 DEBUG glanceclient.common.http [-] Request returned failure status 404. _handle_response /usr/lib/python3.6/site-packages/glanceclient/common/http.py:125
2019-11-26 13:28:32.378 727 DEBUG glanceclient.common.http [-] Request returned failure status 404. _handle_response /usr/lib/python3.6/site-packages/glanceclient/common/http.py:125
2019-11-26 13:28:32.379 727 DEBUG glanceclient.common.http [-] Request returned failure status 404. _handle_response /usr/lib/python3.6/site-packages/glanceclient/common/http.py:125
2019-11-26 13:28:32.389 727 DEBUG glanceclient.common.http [-] Request returned failure status 404. _handle_response /usr/lib/python3.6/site-packages/glanceclient/common/http.py:125
2019-11-26 13:28:32.391 727 DEBUG glanceclient.common.http [-] Request returned failure status 404. _handle_response /usr/lib/python3.6/site-packages/glanceclient/common/http.py:125
2019-11-26 13:28:32.392 727 DEBUG glanceclient.common.http [-] Request returned failure status 404. _handle_response /usr/lib/python3.6/site-packages/glanceclient/common/http.py:125
2019-11-26 13:28:32.401 727 DEBUG glanceclient.common.http [-] Request returned failure status 404. _handle_response /usr/lib/python3.6/site-packages/glanceclient/common/http.py:125
2019-11-26 13:28:32.403 727 DEBUG glanceclient.common.http [-] Request returned failure status 404. _handle_response /usr/lib/python3.6/site-packages/glanceclient/common/http.py:125
2019-11-26 13:28:33.406 727 INFO rally.task.context [-] Task 0b418fe0-9ce4-4048-b54b-3e443abafb5b | Context cleanup@openstack cleanup() finished in 3.14 sec
2019-11-26 13:28:33.407 727 INFO rally.task.context [-] Task 0b418fe0-9ce4-4048-b54b-3e443abafb5b | Context users@openstack cleanup() started
2019-11-26 13:28:37.821 727 INFO rally.task.context [-] Task 0b418fe0-9ce4-4048-b54b-3e443abafb5b | Context users@openstack cleanup() finished in 4.41 sec
2019-11-26 13:28:38.231 727 INFO rally.task.engine [-] Load duration is: 8.995249
2019-11-26 13:28:38.232 727 INFO rally.task.engine [-] Full runner duration is: 9.744498
2019-11-26 13:28:38.232 727 INFO rally.task.engine [-] Full duration is: 19.84377
2019-11-26 13:28:38.709 727 INFO rally.task.engine [-] Task 0b418fe0-9ce4-4048-b54b-3e443abafb5b | Completed: Running task.
2019-11-26 13:28:40.249 1841 RALLYDEBUG rally.api [-] INFO logs from urllib3 and requests module are hide.
2019-11-26 13:28:40.250 1841 RALLYDEBUG rally.api [-] urllib3 insecure warnings are hidden.
2019-11-26 13:28:40.250 1841 RALLYDEBUG rally.api [-] ERROR log from boto module is hide.
2019-11-26 13:28:41.452 1842 RALLYDEBUG rally.api [-] INFO logs from urllib3 and requests module are hide.
2019-11-26 13:28:41.452 1842 RALLYDEBUG rally.api [-] urllib3 insecure warnings are hidden.
2019-11-26 13:28:41.452 1842 RALLYDEBUG rally.api [-] ERROR log from boto module is hide.
2019-11-26 13:28:42.709 1843 RALLYDEBUG rally.api [-] INFO logs from urllib3 and requests module are hide.
2019-11-26 13:28:42.710 1843 RALLYDEBUG rally.api [-] urllib3 insecure warnings are hidden.
2019-11-26 13:28:42.710 1843 RALLYDEBUG rally.api [-] ERROR log from boto module is hide.
2019-11-26 13:28:44.211 1843 INFO rally.api [-] Building 'json' report for the following task(s): '0b418fe0-9ce4-4048-b54b-3e443abafb5b'.
2019-11-26 13:28:44.229 1843 INFO rally.api [-] The report has been successfully built.
2019-11-26 13:28:45.678 1845 RALLYDEBUG rally.api [-] INFO logs from urllib3 and requests module are hide.
2019-11-26 13:28:45.678 1845 RALLYDEBUG rally.api [-] urllib3 insecure warnings are hidden.
2019-11-26 13:28:45.678 1845 RALLYDEBUG rally.api [-] ERROR log from boto module is hide.
2019-11-26 13:28:47.674 1845 INFO rally.task.engine [-] Task 1643cad8-380c-4b3c-a108-e26b43a0346d | Starting: Task validation.
2019-11-26 13:28:47.751 1845 INFO rally.task.engine [-] Task 1643cad8-380c-4b3c-a108-e26b43a0346d | Starting: Task validation of syntax.
2019-11-26 13:28:48.129 1845 INFO rally.task.engine [-] Task 1643cad8-380c-4b3c-a108-e26b43a0346d | Completed: Task validation of syntax.
2019-11-26 13:28:48.130 1845 INFO rally.task.engine [-] Task 1643cad8-380c-4b3c-a108-e26b43a0346d | Starting: Task validation of required platforms.
2019-11-26 13:28:48.264 1845 INFO rally.task.engine [-] Task 1643cad8-380c-4b3c-a108-e26b43a0346d | Completed: Task validation of required platforms.
2019-11-26 13:28:48.264 1845 INFO rally.task.engine [-] Task 1643cad8-380c-4b3c-a108-e26b43a0346d | Starting: Task validation of semantic.
2019-11-26 13:28:48.264 1845 INFO rally.task.engine [-] Check health of the environment '73925250-c41d-449a-9e1d-3bea8c973e1e'.
2019-11-26 13:28:49.264 1845 INFO rally.task.engine [-] Platform existing@openstack (available: True): OK!
2019-11-26 13:28:49.282 1845 RALLYDEBUG rally_openstack.contexts.keystone.users [-] Creating 1 tenants using 20 threads
2019-11-26 13:28:50.177 1845 RALLYDEBUG rally_openstack.contexts.keystone.users [-] Creating 1 users using 20 threads
2019-11-26 13:28:51.561 1845 INFO rally.task.context [-] Task 1643cad8-380c-4b3c-a108-e26b43a0346d | Context users@openstack setup() finished in 2.28 sec
2019-11-26 13:29:05.178 1845 INFO rally.task.context [-] Task 1643cad8-380c-4b3c-a108-e26b43a0346d | Context users@openstack cleanup() started
2019-11-26 13:29:07.997 1845 INFO rally.task.context [-] Task 1643cad8-380c-4b3c-a108-e26b43a0346d | Context users@openstack cleanup() finished in 2.82 sec
2019-11-26 13:29:07.997 1845 INFO rally.task.engine [-] Task 1643cad8-380c-4b3c-a108-e26b43a0346d | Completed: Task validation of semantic.
2019-11-26 13:29:07.998 1845 INFO rally.task.engine [-] Task 1643cad8-380c-4b3c-a108-e26b43a0346d | Completed: Task validation.
2019-11-26 13:29:07.998 1845 INFO rally.api [-] Task 1643cad8-380c-4b3c-a108-e26b43a0346d input file is valid.
2019-11-26 13:29:07.999 1845 INFO rally.api [-] Run Task 1643cad8-380c-4b3c-a108-e26b43a0346d against Deployment 73925250-c41d-449a-9e1d-3bea8c973e1e
2019-11-26 13:29:07.999 1845 INFO rally.task.engine [-] Task 1643cad8-380c-4b3c-a108-e26b43a0346d | Starting: Running task.
2019-11-26 13:29:08.255 1845 INFO rally.task.engine [-] Running workload: position = 0 config = { "version": 2, "title": "A cropped version of a bigger task.", "description": "Auto-generated task from a single workload (uuid=833bce5d-eb1c-40a4-a896-a460eb7adfe8)", "subtasks": [ { "title": "CinderVolumes.create_and_attach_volume", "description": "Create a VM and attach a volume to it.", "scenario": { "CinderVolumes.create_and_attach_volume": { "flavor": { "name": "rally_full-flavor_14c80e47-fc5e-4341-b211-0fe7e7cf2394" }, "image": { "name": "rally_full-img_14c80e47-fc5e-4341-b211-0fe7e7cf2394" }, "size": 1, "nics": [ { "net-id": "6abc0ace-55e5-437e-8ca2-3154ab90105d" } ] } }, "contexts": { "users": { "tenants": 3, "users_per_tenant": 2 }, "quotas": { "cinder": { "gigabytes": -1, "snapshots": -1, "volumes": -1 } }, "api_versions": { "cinder": { "version": 3, "service_type": "volumev3" } } }, "runner": { "constant": { "concurrency": 4, "times": 10 } }, "hooks": [], "sla": { "failure_rate": { "max": 0 } } } ] }
2019-11-26 13:29:08.281 1845 RALLYDEBUG rally_openstack.contexts.keystone.users [-] Creating 3 tenants using 20 threads
2019-11-26 13:29:09.218 1845 RALLYDEBUG rally_openstack.contexts.keystone.users [-] Creating 6 users using 20 threads
2019-11-26 13:29:10.743 1845 INFO rally.task.context [-] Task 1643cad8-380c-4b3c-a108-e26b43a0346d | Context users@openstack setup() finished in 2.46 sec
2019-11-26 13:29:11.216 1845 INFO rally.task.context [-] Task 1643cad8-380c-4b3c-a108-e26b43a0346d | Context api_versions@openstack setup() finished in 0.47 sec
2019-11-26 13:29:12.206 1845 INFO rally.task.context [-] Task 1643cad8-380c-4b3c-a108-e26b43a0346d | Context quotas@openstack setup() finished in 0.99 sec
2019-11-26 13:29:12.207 1845 INFO rally.task.context [-] Task 1643cad8-380c-4b3c-a108-e26b43a0346d | Context cleanup@openstack setup() finished in 0.03 msec
2019-11-26 13:29:13.237 1845 RALLYDEBUG rally.task.runner [-] Starting the constant runner (task UUID: 1643cad8-380c-4b3c-a108-e26b43a0346d). times: 10 concurrency: 4 timeout: 0 max_cpu_used: 16 processes_to_start: 4 concurrency_per_worker: 1 concurrency_overhead: 0
2019-11-26 13:29:13.251 1969 RALLYDEBUG rally.task.runner [-] Starting a worker. times: 10 duration: None concurrency: 1 timeout: 0 cls: method_name: run args: {"flavor": "557b1827-d554-482f-8e5c-ff4a7235ad1e", "image": "d28fe962-223c-4c25-a219-b707ace03132", "size": 1, "nics": [{"net-id": "6abc0ace-55e5-437e-8ca2-3154ab90105d"}]}
2019-11-26 13:29:13.254 1970 RALLYDEBUG rally.task.runner [-] Starting a worker. times: 10 duration: None concurrency: 1 timeout: 0 cls: method_name: run args: {"flavor": "557b1827-d554-482f-8e5c-ff4a7235ad1e", "image": "d28fe962-223c-4c25-a219-b707ace03132", "size": 1, "nics": [{"net-id": "6abc0ace-55e5-437e-8ca2-3154ab90105d"}]}
2019-11-26 13:29:13.258 1969 INFO rally.task.runner [-] Task 1643cad8-380c-4b3c-a108-e26b43a0346d | ITER: 1 START
2019-11-26 13:29:13.258 1971 RALLYDEBUG rally.task.runner [-] Starting a worker. times: 10 duration: None concurrency: 1 timeout: 0 cls: method_name: run args: {"flavor": "557b1827-d554-482f-8e5c-ff4a7235ad1e", "image": "d28fe962-223c-4c25-a219-b707ace03132", "size": 1, "nics": [{"net-id": "6abc0ace-55e5-437e-8ca2-3154ab90105d"}]}
2019-11-26 13:29:13.261 1970 INFO rally.task.runner [-] Task 1643cad8-380c-4b3c-a108-e26b43a0346d | ITER: 2 START
2019-11-26 13:29:13.261 1973 RALLYDEBUG rally.task.runner [-] Starting a worker. times: 10 duration: None concurrency: 1 timeout: 0 cls: method_name: run args: {"flavor": "557b1827-d554-482f-8e5c-ff4a7235ad1e", "image": "d28fe962-223c-4c25-a219-b707ace03132", "size": 1, "nics": [{"net-id": "6abc0ace-55e5-437e-8ca2-3154ab90105d"}]}
2019-11-26 13:29:13.264 1971 INFO rally.task.runner [-] Task 1643cad8-380c-4b3c-a108-e26b43a0346d | ITER: 3 START
2019-11-26 13:29:13.267 1973 INFO rally.task.runner [-] Task 1643cad8-380c-4b3c-a108-e26b43a0346d | ITER: 4 START
2019-11-26 13:29:20.340 1971 RALLYDEBUG rally.task.utils [-] Waiting for resource s_rally_833bce5d_eXh7aBg4. Status changed: BUILD => ACTIVE in 4.648166179656982
2019-11-26 13:29:20.649 1969 RALLYDEBUG rally.task.utils [-] Waiting for resource s_rally_833bce5d_K2pmP1qe. Status changed: BUILD => ACTIVE in 4.9154298305511475
2019-11-26 13:29:22.483 1973 RALLYDEBUG rally.task.utils [-] Waiting for resource s_rally_833bce5d_Fg8focIA. Status changed: BUILD => ACTIVE in 6.9919350147247314
2019-11-26 13:29:22.574 1970 RALLYDEBUG rally.task.utils [-] Waiting for resource s_rally_833bce5d_pKUwtIDe. Status changed: BUILD => ACTIVE in 6.824099540710449
2019-11-26 13:29:23.361 1971 RALLYDEBUG rally.task.utils [-] Waiting for resource s_rally_833bce5d_UUC4OGCg. Status changed: AVAILABLE => RESERVED in 0.4100687503814697
2019-11-26 13:29:24.029 1969 RALLYDEBUG rally.task.utils [-] Waiting for resource s_rally_833bce5d_z3tJNeMH. Status changed: AVAILABLE => RESERVED in 0.42209911346435547
2019-11-26 13:29:25.562 1973 RALLYDEBUG rally.task.utils [-] Waiting for resource s_rally_833bce5d_IGcbwnzU. Status changed: AVAILABLE => RESERVED in 0.40536046028137207
2019-11-26 13:29:25.854 1970 RALLYDEBUG rally.task.utils [-] Waiting for resource s_rally_833bce5d_6BoFWK1c. Status changed: AVAILABLE => RESERVED in 0.688910722732544
2019-11-26 13:29:26.047 1971 RALLYDEBUG rally.task.utils [-] Waiting for resource s_rally_833bce5d_UUC4OGCg. Status changed: RESERVED => IN-USE in 2.686039447784424
2019-11-26 13:29:26.445 1969 RALLYDEBUG rally.task.utils [-] Waiting for resource s_rally_833bce5d_z3tJNeMH. Status changed: RESERVED => IN-USE in 2.415553569793701
2019-11-26 13:29:26.613 1971 RALLYDEBUG rally.task.utils [-] Waiting for resource s_rally_833bce5d_UUC4OGCg. Status changed: AVAILABLE => DETACHING in 0.4114060401916504
2019-11-26 13:29:27.730 1969 RALLYDEBUG rally.task.utils [-] Waiting for resource s_rally_833bce5d_z3tJNeMH. Status changed: AVAILABLE => DELETING in 0.05496668815612793
2019-11-26 13:29:27.965 1973 RALLYDEBUG rally.task.utils [-] Waiting for resource s_rally_833bce5d_IGcbwnzU. Status changed: RESERVED => IN-USE in 2.4023778438568115
2019-11-26 13:29:28.274 1970 RALLYDEBUG rally.task.utils [-] Waiting for resource s_rally_833bce5d_6BoFWK1c. Status changed: RESERVED => IN-USE in 2.4208457469940186
2019-11-26 13:29:28.532 1973 RALLYDEBUG rally.task.utils [-] Waiting for resource s_rally_833bce5d_IGcbwnzU. Status changed: AVAILABLE => DETACHING in 0.40964794158935547
2019-11-26 13:29:28.821 1970 RALLYDEBUG rally.task.utils [-] Waiting for resource s_rally_833bce5d_6BoFWK1c. Status changed: AVAILABLE => DETACHING in 0.38805174827575684
2019-11-26 13:29:29.016 1971 RALLYDEBUG rally.task.utils [-] Waiting for resource s_rally_833bce5d_UUC4OGCg. Status changed: DETACHING => AVAILABLE in 2.4036145210266113
2019-11-26 13:29:29.129 1971 RALLYDEBUG rally.task.utils [-] Waiting for resource s_rally_833bce5d_UUC4OGCg. Status changed: AVAILABLE => DELETING in 0.05261063575744629
2019-11-26 13:29:30.958 1973 RALLYDEBUG rally.task.utils [-] Waiting for resource s_rally_833bce5d_IGcbwnzU. Status changed: DETACHING => AVAILABLE in 2.4257218837738037
2019-11-26 13:29:31.092 1973 RALLYDEBUG rally.task.utils [-] Waiting for resource s_rally_833bce5d_IGcbwnzU. Status changed: AVAILABLE => DELETING in 0.05968594551086426
2019-11-26 13:29:31.358 1970 RALLYDEBUG rally.task.utils [-] Waiting for resource s_rally_833bce5d_6BoFWK1c. Status changed: DETACHING => AVAILABLE in 2.5372426509857178
2019-11-26 13:29:31.478 1970 RALLYDEBUG rally.task.utils [-] Waiting for resource s_rally_833bce5d_6BoFWK1c. Status changed: AVAILABLE => DELETING in 0.05482673645019531
2019-11-26 13:29:32.194 1969 INFO rally.task.runner [-] Task 1643cad8-380c-4b3c-a108-e26b43a0346d | ITER: 1 END: OK
2019-11-26 13:29:32.199 1969 INFO rally.task.runner [-] Task 1643cad8-380c-4b3c-a108-e26b43a0346d | ITER: 5 START
2019-11-26 13:29:33.874 1971 INFO rally.task.runner [-] Task 1643cad8-380c-4b3c-a108-e26b43a0346d | ITER: 3 END: OK
2019-11-26 13:29:33.882 1971 INFO rally.task.runner [-] Task 1643cad8-380c-4b3c-a108-e26b43a0346d | ITER: 6 START
2019-11-26 13:29:35.510 1973 INFO rally.task.runner [-] Task 1643cad8-380c-4b3c-a108-e26b43a0346d | ITER: 4 END: OK
2019-11-26 13:29:35.518 1973 INFO rally.task.runner [-] Task 1643cad8-380c-4b3c-a108-e26b43a0346d | ITER: 7 START
2019-11-26 13:29:35.906 1970 INFO rally.task.runner [-] Task 1643cad8-380c-4b3c-a108-e26b43a0346d | ITER: 2 END: OK
2019-11-26 13:29:35.913 1970 INFO rally.task.runner [-] Task 1643cad8-380c-4b3c-a108-e26b43a0346d | ITER: 8 START
2019-11-26 13:29:39.298 1969 RALLYDEBUG rally.task.utils [-] Waiting for resource s_rally_833bce5d_r1dkd6Jx. Status changed: BUILD => ACTIVE in 4.667957067489624
2019-11-26 13:29:42.435 1969 RALLYDEBUG rally.task.utils [-] Waiting for resource s_rally_833bce5d_h9rjm6Ly. Status changed: AVAILABLE => RESERVED in 0.40236425399780273
2019-11-26 13:29:42.481 1973 RALLYDEBUG rally.task.utils [-] Waiting for resource s_rally_833bce5d_wMJfY6fI. Status changed: BUILD => ACTIVE in 4.689533233642578
2019-11-26 13:29:42.950 1970 RALLYDEBUG rally.task.utils [-] Waiting for resource s_rally_833bce5d_jw9PkBbp. Status changed: BUILD => ACTIVE in 4.736339807510376
2019-11-26 13:29:44.848 1969 RALLYDEBUG rally.task.utils [-] Waiting for resource s_rally_833bce5d_h9rjm6Ly. Status changed: RESERVED => IN-USE in 2.4134483337402344
2019-11-26 13:29:45.213 1971 RALLYDEBUG rally.task.utils [-] Waiting for resource s_rally_833bce5d_o5AxgdIc. Status changed: BUILD => ACTIVE in 8.926804065704346
2019-11-26 13:29:45.406 1969 RALLYDEBUG rally.task.utils [-] Waiting for resource s_rally_833bce5d_h9rjm6Ly. Status changed: AVAILABLE => DETACHING in 0.4006969928741455
2019-11-26 13:29:45.570 1973 RALLYDEBUG rally.task.utils [-] Waiting for resource s_rally_833bce5d_OYhj3R69. Status changed: AVAILABLE => RESERVED in 0.4097282886505127
2019-11-26 13:29:45.959 1970 RALLYDEBUG rally.task.utils [-] Waiting for resource s_rally_833bce5d_YhLeOoLF. Status changed: AVAILABLE => RESERVED in 0.3998274803161621
2019-11-26 13:29:47.990 1973 RALLYDEBUG rally.task.utils [-] Waiting for resource s_rally_833bce5d_OYhj3R69. Status changed: RESERVED => IN-USE in 2.420748472213745
2019-11-26 13:29:48.125 1969 RALLYDEBUG rally.task.utils [-] Waiting for resource s_rally_833bce5d_h9rjm6Ly. Status changed: DETACHING => AVAILABLE in 2.719390392303467
2019-11-26 13:29:48.194 1971 RALLYDEBUG rally.task.utils [-] Waiting for resource s_rally_833bce5d_qqkz8y7M. Status changed: AVAILABLE => RESERVED in 0.4050710201263428
2019-11-26 13:29:48.240 1969 RALLYDEBUG rally.task.utils [-] Waiting for resource s_rally_833bce5d_h9rjm6Ly. Status changed: AVAILABLE => DELETING in 0.05749011039733887
2019-11-26 13:29:48.369 1970 RALLYDEBUG rally.task.utils [-] Waiting for resource s_rally_833bce5d_YhLeOoLF. Status changed: RESERVED => IN-USE in 2.4100935459136963
2019-11-26 13:29:48.706 1973 RALLYDEBUG rally.task.utils [-] Waiting for resource s_rally_833bce5d_OYhj3R69. Status changed: AVAILABLE => DETACHING in 0.41430091857910156
2019-11-26 13:29:48.937 1970 RALLYDEBUG rally.task.utils [-] Waiting for resource s_rally_833bce5d_YhLeOoLF. Status changed: AVAILABLE => DETACHING in 0.41227269172668457
2019-11-26 13:29:50.619 1971 RALLYDEBUG rally.task.utils [-] Waiting for resource s_rally_833bce5d_qqkz8y7M. Status changed: RESERVED => IN-USE in 2.424281597137451
2019-11-26 13:29:51.125 1973 RALLYDEBUG rally.task.utils [-] Waiting for resource s_rally_833bce5d_OYhj3R69. Status changed: DETACHING => AVAILABLE in 2.4189043045043945
2019-11-26 13:29:51.237 1973 RALLYDEBUG rally.task.utils [-] Waiting for resource s_rally_833bce5d_OYhj3R69. Status changed: AVAILABLE => DELETING in 0.05321168899536133
2019-11-26 13:29:51.327 1971 RALLYDEBUG rally.task.utils [-] Waiting for resource s_rally_833bce5d_qqkz8y7M. Status changed: AVAILABLE => DETACHING in 0.5463764667510986
2019-11-26 13:29:51.355 1970 RALLYDEBUG rally.task.utils [-] Waiting for resource s_rally_833bce5d_YhLeOoLF. Status changed: DETACHING => AVAILABLE in 2.4181394577026367
2019-11-26 13:29:51.487 1970 RALLYDEBUG rally.task.utils [-] Waiting for resource s_rally_833bce5d_YhLeOoLF. Status changed: AVAILABLE => DELETING in 0.06824827194213867
2019-11-26 13:29:52.901 1969 INFO rally.task.runner [-] Task 1643cad8-380c-4b3c-a108-e26b43a0346d | ITER: 5 END: OK
2019-11-26 13:29:52.905 1969 INFO rally.task.runner [-] Task 1643cad8-380c-4b3c-a108-e26b43a0346d | ITER: 9 START
2019-11-26 13:29:53.752 1971 RALLYDEBUG rally.task.utils [-] Waiting for resource s_rally_833bce5d_qqkz8y7M. Status changed: DETACHING => AVAILABLE in 2.4248108863830566
2019-11-26 13:29:53.873 1971 RALLYDEBUG rally.task.utils [-] Waiting for resource s_rally_833bce5d_qqkz8y7M. Status changed: AVAILABLE => DELETING in 0.05296134948730469
2019-11-26 13:29:55.644 1973 INFO rally.task.runner [-] Task 1643cad8-380c-4b3c-a108-e26b43a0346d | ITER: 7 END: OK
2019-11-26 13:29:55.648 1973 INFO rally.task.runner [-] Task 1643cad8-380c-4b3c-a108-e26b43a0346d | ITER: 10 START
2019-11-26 13:29:55.850 1970 INFO rally.task.runner [-] Task 1643cad8-380c-4b3c-a108-e26b43a0346d | ITER: 8 END: OK
2019-11-26 13:29:58.292 1971 INFO rally.task.runner [-] Task 1643cad8-380c-4b3c-a108-e26b43a0346d | ITER: 6 END: OK
2019-11-26 13:30:01.972 1969 RALLYDEBUG rally.task.utils [-] Waiting for resource s_rally_833bce5d_IZ2KpsuT. Status changed: BUILD => ACTIVE in 6.822301387786865
2019-11-26 13:30:03.145 1973 RALLYDEBUG rally.task.utils [-] Waiting for resource s_rally_833bce5d_2okH8E59. Status changed: BUILD => ACTIVE in 4.840233325958252
2019-11-26 13:30:05.029 1969 RALLYDEBUG rally.task.utils [-] Waiting for resource s_rally_833bce5d_7Kg7Yyzk. Status changed: AVAILABLE => RESERVED in 0.4121432304382324
2019-11-26 13:30:06.203 1973 RALLYDEBUG rally.task.utils [-] Waiting for resource s_rally_833bce5d_V6CE6Zme. Status changed: AVAILABLE => RESERVED in 0.40898895263671875
2019-11-26 13:30:07.459 1969 RALLYDEBUG rally.task.utils [-] Waiting for resource s_rally_833bce5d_7Kg7Yyzk. Status changed: RESERVED => IN-USE in 2.429928779602051
2019-11-26 13:30:08.049 1969 RALLYDEBUG rally.task.utils [-] Waiting for resource s_rally_833bce5d_7Kg7Yyzk. Status changed: AVAILABLE => DETACHING in 0.4097900390625
2019-11-26 13:30:08.638 1973 RALLYDEBUG rally.task.utils [-] Waiting for resource s_rally_833bce5d_V6CE6Zme. Status changed: RESERVED => IN-USE in 2.435166120529175
2019-11-26 13:30:09.236 1973 RALLYDEBUG rally.task.utils [-] Waiting for resource s_rally_833bce5d_V6CE6Zme. Status changed: AVAILABLE => DETACHING in 0.4135286808013916
2019-11-26 13:30:10.484 1969 RALLYDEBUG rally.task.utils [-] Waiting for resource s_rally_833bce5d_7Kg7Yyzk. Status changed: DETACHING => AVAILABLE in 2.4355387687683105
2019-11-26 13:30:10.616 1969 RALLYDEBUG rally.task.utils [-] Waiting for resource s_rally_833bce5d_7Kg7Yyzk. Status changed: AVAILABLE => DELETING in 0.07129502296447754
2019-11-26 13:30:11.678 1973 RALLYDEBUG rally.task.utils [-] Waiting for resource s_rally_833bce5d_V6CE6Zme. Status changed: DETACHING => AVAILABLE in 2.4421072006225586
2019-11-26 13:30:11.813 1973 RALLYDEBUG rally.task.utils [-] Waiting for resource s_rally_833bce5d_V6CE6Zme. Status changed: AVAILABLE => DELETING in 0.06963801383972168
2019-11-26 13:30:15.106 1969 INFO rally.task.runner [-] Task 1643cad8-380c-4b3c-a108-e26b43a0346d | ITER: 9 END: OK
2019-11-26 13:30:16.293 1973 INFO rally.task.runner [-] Task 1643cad8-380c-4b3c-a108-e26b43a0346d | ITER: 10 END: OK
2019-11-26 13:30:16.325 1845 INFO rally.task.context [-] Task 1643cad8-380c-4b3c-a108-e26b43a0346d | Context cleanup@openstack cleanup() started
2019-11-26 13:30:16.331 1845 RALLYDEBUG rally_openstack.cleanup.manager [-] Cleaning up nova servers objects
2019-11-26 13:30:17.884 1845 RALLYDEBUG rally_openstack.cleanup.manager [-] Cleaning up nova server_groups objects
2019-11-26 13:30:19.049 1845 RALLYDEBUG rally_openstack.cleanup.manager [-] Cleaning up nova keypairs objects
2019-11-26 13:30:21.583 1845 RALLYDEBUG rally_openstack.cleanup.manager [-] Cleaning up cinder backups objects
2019-11-26 13:30:22.776 1845 RALLYDEBUG rally_openstack.cleanup.manager [-] Cleaning up cinder volume_snapshots objects
2019-11-26 13:30:23.934 1845 RALLYDEBUG rally_openstack.cleanup.manager [-] Cleaning up cinder transfers objects
2019-11-26 13:30:25.392 1845 RALLYDEBUG rally_openstack.cleanup.manager [-] Cleaning up cinder volumes objects
2019-11-26 13:30:26.640 1845 INFO rally.task.context [-] Task 1643cad8-380c-4b3c-a108-e26b43a0346d | Context cleanup@openstack cleanup() finished in 10.32 sec
2019-11-26 13:30:26.641 1845 INFO rally.task.context [-] Task 1643cad8-380c-4b3c-a108-e26b43a0346d | Context quotas@openstack cleanup() started
2019-11-26 13:30:26.720 1845 INFO rally.task.context [-] Task 1643cad8-380c-4b3c-a108-e26b43a0346d | Context quotas@openstack cleanup() finished in 78.38 msec
2019-11-26 13:30:26.720 1845 INFO rally.task.context [-] Task 1643cad8-380c-4b3c-a108-e26b43a0346d | Context api_versions@openstack cleanup() started
2019-11-26 13:30:26.720 1845 INFO rally.task.context [-] Task 1643cad8-380c-4b3c-a108-e26b43a0346d | Context api_versions@openstack cleanup() finished in 0.40 msec
2019-11-26 13:30:26.721 1845 INFO rally.task.context [-] Task 1643cad8-380c-4b3c-a108-e26b43a0346d | Context users@openstack cleanup() started
2019-11-26 13:30:30.821 1845 INFO rally.task.context [-] Task 1643cad8-380c-4b3c-a108-e26b43a0346d | Context users@openstack cleanup() finished in 4.10 sec
2019-11-26 13:30:30.902 1845 INFO rally.task.engine [-] Load duration is: 62.031016
2019-11-26 13:30:30.903 1845 INFO rally.task.engine [-] Full runner duration is: 63.087707
2019-11-26 13:30:30.903 1845 INFO rally.task.engine [-] Full duration is: 82.542705
2019-11-26 13:30:31.472 1845 INFO rally.task.engine [-] Running workload: position = 0 config = { "version": 2, "title": "A cropped version of a bigger task.", "description": "Auto-generated task from a single workload (uuid=3d7b9dbf-fd77-4e63-a47f-5bb586393f6b)", "subtasks": [ { "title": "CinderVolumes.create_and_list_snapshots", "description": "Create and then list a volume-snapshot.", "scenario": { "CinderVolumes.create_and_list_snapshots": { "detailed": true, "force": false } }, "contexts": { "users": { "tenants": 3, "users_per_tenant": 2 }, "quotas": { "cinder": { "gigabytes": -1, "snapshots": -1, "volumes": -1 } }, "api_versions": { "cinder": { "version": 3, "service_type": "volumev3" } }, "volumes": { "size": 1, "volumes_per_tenant": 1 } }, "runner": { "constant": { "concurrency": 4, "times": 10 } }, "hooks": [], "sla": { "failure_rate": { "max": 0 } } } ] }
2019-11-26 13:30:31.499 1845 RALLYDEBUG rally_openstack.contexts.keystone.users [-] Creating 3 tenants using 20 threads
2019-11-26 13:30:32.656 1845 RALLYDEBUG rally_openstack.contexts.keystone.users [-] Creating 6 users using 20 threads
2019-11-26 13:30:34.198 1845 INFO rally.task.context [-] Task 1643cad8-380c-4b3c-a108-e26b43a0346d | Context users@openstack setup() finished in 2.70 sec
2019-11-26 13:30:34.606 1845 INFO rally.task.context [-] Task 1643cad8-380c-4b3c-a108-e26b43a0346d | Context api_versions@openstack setup() finished in 0.41 sec
2019-11-26 13:30:35.588 1845 INFO rally.task.context [-] Task 1643cad8-380c-4b3c-a108-e26b43a0346d | Context quotas@openstack setup() finished in 0.98 sec
2019-11-26 13:30:44.469 1845 INFO rally.task.context [-] Task 1643cad8-380c-4b3c-a108-e26b43a0346d | Context volumes@openstack setup() finished in 8.88 sec
2019-11-26 13:30:44.470 1845 INFO rally.task.context [-] Task 1643cad8-380c-4b3c-a108-e26b43a0346d | Context cleanup@openstack setup() finished in 0.02 msec
2019-11-26 13:30:44.479 1845 RALLYDEBUG rally.task.runner [-] Starting the constant runner (task UUID: 1643cad8-380c-4b3c-a108-e26b43a0346d). times: 10 concurrency: 4 timeout: 0 max_cpu_used: 16 processes_to_start: 4 concurrency_per_worker: 1 concurrency_overhead: 0
2019-11-26 13:30:44.491 2213 RALLYDEBUG rally.task.runner [-] Starting a worker. times: 10 duration: None concurrency: 1 timeout: 0 cls: method_name: run args: {"detailed": true, "force": false}
2019-11-26 13:30:44.495 2214 RALLYDEBUG rally.task.runner [-] Starting a worker. times: 10 duration: None concurrency: 1 timeout: 0 cls: method_name: run args: {"detailed": true, "force": false}
2019-11-26 13:30:44.498 2213 INFO rally.task.runner [-] Task 1643cad8-380c-4b3c-a108-e26b43a0346d | ITER: 1 START
2019-11-26 13:30:44.498 2215 RALLYDEBUG rally.task.runner [-] Starting a worker. times: 10 duration: None concurrency: 1 timeout: 0 cls: method_name: run args: {"detailed": true, "force": false}
2019-11-26 13:30:44.502 2214 INFO rally.task.runner [-] Task 1643cad8-380c-4b3c-a108-e26b43a0346d | ITER: 2 START
2019-11-26 13:30:44.502 2218 RALLYDEBUG rally.task.runner [-] Starting a worker. times: 10 duration: None concurrency: 1 timeout: 0 cls: method_name: run args: {"detailed": true, "force": false}
2019-11-26 13:30:44.505 2215 INFO rally.task.runner [-] Task 1643cad8-380c-4b3c-a108-e26b43a0346d | ITER: 3 START
2019-11-26 13:30:44.510 2218 INFO rally.task.runner [-] Task 1643cad8-380c-4b3c-a108-e26b43a0346d | ITER: 4 START
2019-11-26 13:30:47.096 2214 INFO rally.task.runner [-] Task 1643cad8-380c-4b3c-a108-e26b43a0346d | ITER: 2 END: OK
2019-11-26 13:30:47.101 2214 INFO rally.task.runner [-] Task 1643cad8-380c-4b3c-a108-e26b43a0346d | ITER: 5 START
2019-11-26 13:30:47.107 2213 INFO rally.task.runner [-] Task 1643cad8-380c-4b3c-a108-e26b43a0346d | ITER: 1 END: OK
2019-11-26 13:30:47.112 2213 INFO rally.task.runner [-] Task 1643cad8-380c-4b3c-a108-e26b43a0346d | ITER: 6 START
2019-11-26 13:30:47.207 2218 INFO rally.task.runner [-] Task 1643cad8-380c-4b3c-a108-e26b43a0346d | ITER: 4 END: OK
2019-11-26 13:30:47.208 2215 INFO rally.task.runner [-] Task 1643cad8-380c-4b3c-a108-e26b43a0346d | ITER: 3 END: OK
2019-11-26 13:30:47.211 2218 INFO rally.task.runner [-] Task 1643cad8-380c-4b3c-a108-e26b43a0346d | ITER: 7 START
2019-11-26 13:30:47.213 2215 INFO rally.task.runner [-] Task 1643cad8-380c-4b3c-a108-e26b43a0346d | ITER: 8 START
2019-11-26 13:30:49.778 2214 INFO rally.task.runner [-] Task 1643cad8-380c-4b3c-a108-e26b43a0346d | ITER: 5 END: OK
2019-11-26 13:30:49.781 2213 INFO rally.task.runner [-] Task 1643cad8-380c-4b3c-a108-e26b43a0346d | ITER: 6 END: OK
2019-11-26 13:30:49.782 2214 INFO rally.task.runner [-] Task 1643cad8-380c-4b3c-a108-e26b43a0346d | ITER: 9 START
2019-11-26 13:30:49.785 2213 INFO rally.task.runner [-] Task 1643cad8-380c-4b3c-a108-e26b43a0346d | ITER: 10 START
2019-11-26 13:30:49.815 2218 INFO rally.task.runner [-] Task 1643cad8-380c-4b3c-a108-e26b43a0346d | ITER: 7 END: OK
2019-11-26 13:30:49.837 2215 INFO rally.task.runner [-] Task 1643cad8-380c-4b3c-a108-e26b43a0346d | ITER: 8 END: OK
2019-11-26 13:30:52.377 2213 INFO rally.task.runner [-] Task 1643cad8-380c-4b3c-a108-e26b43a0346d | ITER: 10 END: OK
2019-11-26 13:30:52.396 2214 INFO rally.task.runner [-] Task 1643cad8-380c-4b3c-a108-e26b43a0346d | ITER: 9 END: OK
2019-11-26 13:30:52.425 1845 INFO rally.task.context [-] Task 1643cad8-380c-4b3c-a108-e26b43a0346d | Context cleanup@openstack cleanup() started
2019-11-26 13:30:52.430 1845 RALLYDEBUG rally_openstack.cleanup.manager [-] Cleaning up cinder backups objects
2019-11-26 13:30:53.626 1845 RALLYDEBUG rally_openstack.cleanup.manager [-] Cleaning up cinder volume_snapshots objects
2019-11-26 13:30:54.806 1845 RALLYDEBUG rally_openstack.cleanup.manager [-] Deleting cinder.volume_snapshots object s_rally_3d7b9dbf_qfHjhnsG (a7aa5394-c5b2-451b-8c33-ca015ab71121)
2019-11-26 13:30:54.810 1845 RALLYDEBUG rally_openstack.cleanup.manager [-] Deleting cinder.volume_snapshots object s_rally_3d7b9dbf_Ayc0RsUf (0a053cea-f183-4938-b11c-80c2a9f429e6)
2019-11-26 13:30:54.824 1845 RALLYDEBUG rally_openstack.cleanup.manager [-] Deleting cinder.volume_snapshots object s_rally_3d7b9dbf_LC9KoZeW (e66bfb70-b0ad-4400-9df5-e1a736f4e884)
2019-11-26 13:30:54.829 1845 RALLYDEBUG rally_openstack.cleanup.manager [-] Deleting cinder.volume_snapshots object s_rally_3d7b9dbf_kbQ4s7fO (68157d26-c837-41c7-8063-086a270a3ba4)
2019-11-26 13:30:54.832 1845 RALLYDEBUG rally_openstack.cleanup.manager [-] Deleting cinder.volume_snapshots object s_rally_3d7b9dbf_PWmNxc7F (2a82d9bf-6c50-475f-ac45-743c41dd5b7b)
2019-11-26 13:30:54.844 1845 RALLYDEBUG rally_openstack.cleanup.manager [-] Deleting cinder.volume_snapshots object s_rally_3d7b9dbf_X48tRrzm (1ed5058d-13e6-4950-8dc6-8951bade0512)
2019-11-26 13:30:54.855 1845 RALLYDEBUG rally_openstack.cleanup.manager [-] Deleting cinder.volume_snapshots object s_rally_3d7b9dbf_m6rJi4n1 (47f822f0-a8ad-4dbe-925b-5443bdb08bce)
2019-11-26 13:30:54.868 1845 RALLYDEBUG rally_openstack.cleanup.manager [-] Deleting cinder.volume_snapshots object s_rally_3d7b9dbf_abnCwvcM (8cb5aa60-1a71-4d0f-b322-83d855580bc5)
2019-11-26 13:30:54.894 1845 RALLYDEBUG rally_openstack.cleanup.manager [-] Deleting cinder.volume_snapshots object s_rally_3d7b9dbf_v7E1Fr2B (40a579c5-6154-4e19-8249-09867f73876f)
2019-11-26 13:30:54.907 1845 RALLYDEBUG rally_openstack.cleanup.manager [-] Deleting cinder.volume_snapshots object s_rally_3d7b9dbf_YDWX5RFv (6dc87302-81c8-4b58-bb7b-daf2dd91599c)
2019-11-26 13:30:58.477 1845 RALLYDEBUG rally_openstack.cleanup.manager [-] Cleaning up cinder transfers objects
2019-11-26 13:30:59.652 1845 RALLYDEBUG rally_openstack.cleanup.manager [-] Cleaning up cinder volumes objects
2019-11-26 13:31:00.899 1845 INFO rally.task.context [-] Task 1643cad8-380c-4b3c-a108-e26b43a0346d | Context cleanup@openstack cleanup() finished in 8.47 sec
2019-11-26 13:31:00.900 1845 INFO rally.task.context [-] Task 1643cad8-380c-4b3c-a108-e26b43a0346d | Context volumes@openstack cleanup() started
2019-11-26 13:31:00.900 1845 RALLYDEBUG rally_openstack.cleanup.manager [-] Cleaning up cinder volumes objects
2019-11-26 13:31:02.140 1845 RALLYDEBUG rally_openstack.cleanup.manager [-] Deleting cinder.volumes object c_rally_3d7b9dbf_W6WSySYD (39c8e667-cd11-4208-ac95-1feb8e4b32cb)
2019-11-26 13:31:02.150 1845 RALLYDEBUG rally_openstack.cleanup.manager [-] Deleting cinder.volumes object c_rally_3d7b9dbf_KqVoFY16 (bd26ec4d-750c-47c8-a68d-0e6d76be4caa)
2019-11-26 13:31:02.156 1845 RALLYDEBUG rally_openstack.cleanup.manager [-] Deleting cinder.volumes object c_rally_3d7b9dbf_k4qzZtL7 (b83c9fd9-fbbe-4644-93a5-e29c77883696)
2019-11-26 13:31:04.690 1845 INFO rally.task.context [-] Task 1643cad8-380c-4b3c-a108-e26b43a0346d | Context volumes@openstack cleanup() finished in 3.79 sec
2019-11-26 13:31:04.690 1845 INFO rally.task.context [-] Task 1643cad8-380c-4b3c-a108-e26b43a0346d | Context quotas@openstack cleanup() started
2019-11-26 13:31:04.794 1845 INFO rally.task.context [-] Task 1643cad8-380c-4b3c-a108-e26b43a0346d | Context quotas@openstack cleanup() finished in 0.10 sec
2019-11-26 13:31:04.794 1845 INFO rally.task.context [-] Task 1643cad8-380c-4b3c-a108-e26b43a0346d | Context api_versions@openstack cleanup() started
2019-11-26 13:31:04.795 1845 INFO rally.task.context [-] Task 1643cad8-380c-4b3c-a108-e26b43a0346d | Context api_versions@openstack cleanup() finished in 0.38 msec
2019-11-26 13:31:04.795 1845 INFO rally.task.context [-] Task 1643cad8-380c-4b3c-a108-e26b43a0346d | Context users@openstack cleanup() started
2019-11-26 13:31:09.174 1845 INFO rally.task.context [-] Task 1643cad8-380c-4b3c-a108-e26b43a0346d | Context users@openstack cleanup() finished in 4.38 sec
2019-11-26 13:31:09.739 1845 INFO rally.task.engine [-] Load duration is: 7.893779
2019-11-26 13:31:09.740 1845 INFO rally.task.engine [-] Full runner duration is: 7.945737
2019-11-26 13:31:09.740 1845 INFO rally.task.engine [-] Full duration is: 37.678486
2019-11-26 13:31:10.035 1845 INFO rally.task.engine [-] Running workload: position = 0 config = { "version": 2, "title": "A cropped version of a bigger task.", "description": "Auto-generated task from a single workload (uuid=f63bfa7c-f5b1-43cb-9c2e-da83dcf982c2)", "subtasks": [ { "title": "CinderVolumes.create_and_list_volume", "description": "Create a volume and list all volumes.", "scenario": { "CinderVolumes.create_and_list_volume": { "detailed": true, "image": { "name": "rally_full-img_14c80e47-fc5e-4341-b211-0fe7e7cf2394" }, "size": 1 } }, "contexts": { "users": { "tenants": 3, "users_per_tenant": 2 }, "quotas": { "cinder": { "gigabytes": -1, "snapshots": -1, "volumes": -1 } }, "api_versions": { "cinder": { "version": 3, "service_type": "volumev3" } } }, "runner": { "constant": { "concurrency": 4, "times": 10 } }, "hooks": [], "sla": { "failure_rate": { "max": 0 } } } ] }
2019-11-26 13:31:10.061 1845 RALLYDEBUG rally_openstack.contexts.keystone.users [-] Creating 3 tenants using 20 threads
2019-11-26 13:31:11.139 1845 RALLYDEBUG rally_openstack.contexts.keystone.users [-] Creating 6 users using 20 threads
2019-11-26 13:31:12.678 1845 INFO rally.task.context [-] Task 1643cad8-380c-4b3c-a108-e26b43a0346d | Context users@openstack setup() finished in 2.62 sec
2019-11-26 13:31:13.087 1845 INFO rally.task.context [-] Task 1643cad8-380c-4b3c-a108-e26b43a0346d | Context api_versions@openstack setup() finished in 0.41 sec
2019-11-26 13:31:13.941 1845 INFO rally.task.context [-] Task 1643cad8-380c-4b3c-a108-e26b43a0346d | Context quotas@openstack setup() finished in 0.85 sec
2019-11-26 13:31:13.941 1845 INFO rally.task.context [-] Task 1643cad8-380c-4b3c-a108-e26b43a0346d | Context cleanup@openstack setup() finished in 0.01 msec
2019-11-26 13:31:14.424 1845 RALLYDEBUG rally.task.runner [-] Starting the constant runner (task UUID: 1643cad8-380c-4b3c-a108-e26b43a0346d). times: 10 concurrency: 4 timeout: 0 max_cpu_used: 16 processes_to_start: 4 concurrency_per_worker: 1 concurrency_overhead: 0
2019-11-26 13:31:14.436 2417 RALLYDEBUG rally.task.runner [-] Starting a worker. times: 10 duration: None concurrency: 1 timeout: 0 cls: method_name: run args: {"detailed": true, "image": "d28fe962-223c-4c25-a219-b707ace03132", "size": 1}
2019-11-26 13:31:14.440 2418 RALLYDEBUG rally.task.runner [-] Starting a worker. times: 10 duration: None concurrency: 1 timeout: 0 cls: method_name: run args: {"detailed": true, "image": "d28fe962-223c-4c25-a219-b707ace03132", "size": 1}
2019-11-26 13:31:14.443 2417 INFO rally.task.runner [-] Task 1643cad8-380c-4b3c-a108-e26b43a0346d | ITER: 1 START
2019-11-26 13:31:14.443 2419 RALLYDEBUG rally.task.runner [-] Starting a worker. times: 10 duration: None concurrency: 1 timeout: 0 cls: method_name: run args: {"detailed": true, "image": "d28fe962-223c-4c25-a219-b707ace03132", "size": 1}
2019-11-26 13:31:14.447 2418 INFO rally.task.runner [-] Task 1643cad8-380c-4b3c-a108-e26b43a0346d | ITER: 2 START
2019-11-26 13:31:14.446 2420 RALLYDEBUG rally.task.runner [-] Starting a worker. times: 10 duration: None concurrency: 1 timeout: 0 cls: method_name: run args: {"detailed": true, "image": "d28fe962-223c-4c25-a219-b707ace03132", "size": 1}
2019-11-26 13:31:14.450 2419 INFO rally.task.runner [-] Task 1643cad8-380c-4b3c-a108-e26b43a0346d | ITER: 3 START
2019-11-26 13:31:14.454 2420 INFO rally.task.runner [-] Task 1643cad8-380c-4b3c-a108-e26b43a0346d | ITER: 4 START
2019-11-26 13:31:36.046 2417 RALLYDEBUG rally.task.utils [-] Waiting for resource s_rally_f63bfa7c_92HWZrux. Status changed: DOWNLOADING => AVAILABLE in 18.77484965324402
2019-11-26 13:31:36.117 2417 INFO rally.task.runner [-] Task 1643cad8-380c-4b3c-a108-e26b43a0346d | ITER: 1 END: OK
2019-11-26 13:31:36.123 2417 INFO rally.task.runner [-] Task 1643cad8-380c-4b3c-a108-e26b43a0346d | ITER: 5 START
2019-11-26 13:31:51.811 2417 RALLYDEBUG rally.task.utils [-] Waiting for resource s_rally_f63bfa7c_SlWMXJ2l. Status changed: DOWNLOADING => AVAILABLE in 12.60997486114502
2019-11-26 13:31:51.871 2417 INFO rally.task.runner [-] Task 1643cad8-380c-4b3c-a108-e26b43a0346d | ITER: 5 END: OK
2019-11-26 13:31:51.875 2417 INFO rally.task.runner [-] Task 1643cad8-380c-4b3c-a108-e26b43a0346d | ITER: 6 START
2019-11-26 13:32:07.442 2417 RALLYDEBUG rally.task.utils [-] Waiting for resource s_rally_f63bfa7c_d86aIm2d. Status changed: DOWNLOADING => AVAILABLE in 12.700425624847412
2019-11-26 13:32:07.499 2417 INFO rally.task.runner [-] Task 1643cad8-380c-4b3c-a108-e26b43a0346d | ITER: 6 END: OK
2019-11-26 13:32:07.504 2417 INFO rally.task.runner [-] Task 1643cad8-380c-4b3c-a108-e26b43a0346d | ITER: 7 START
2019-11-26 13:32:22.944 2417 RALLYDEBUG rally.task.utils [-] Waiting for resource s_rally_f63bfa7c_zLmm4UM8. Status changed: DOWNLOADING => AVAILABLE in 12.69214677810669
2019-11-26 13:32:23.008 2417 INFO rally.task.runner [-] Task 1643cad8-380c-4b3c-a108-e26b43a0346d | ITER: 7 END: OK
2019-11-26 13:32:23.012 2417 INFO rally.task.runner [-] Task 1643cad8-380c-4b3c-a108-e26b43a0346d | ITER: 8 START
2019-11-26 13:32:29.905 2418 RALLYDEBUG rally.task.utils [-] Waiting for resource s_rally_f63bfa7c_a7bc01SS. Status changed: DOWNLOADING => AVAILABLE in 72.64196920394897
2019-11-26 13:32:29.968 2418 INFO rally.task.runner [-] Task 1643cad8-380c-4b3c-a108-e26b43a0346d | ITER: 2 END: OK
2019-11-26 13:32:29.974 2418 INFO rally.task.runner [-] Task 1643cad8-380c-4b3c-a108-e26b43a0346d | ITER: 9 START
2019-11-26 13:32:30.147 2417 RALLYDEBUG rally.task.utils [-] Waiting for resource s_rally_f63bfa7c_frcpxtP4. Status changed: CREATING => DOWNLOADING in 4.294833183288574
2019-11-26 13:32:30.266 2420 RALLYDEBUG rally.task.utils [-] Waiting for resource s_rally_f63bfa7c_4ZcblYKZ. Status changed: DOWNLOADING => AVAILABLE in 72.64898490905762
2019-11-26 13:32:30.332 2420 INFO rally.task.runner [-] Task 1643cad8-380c-4b3c-a108-e26b43a0346d | ITER: 4 END: OK
2019-11-26 13:32:30.338 2420 INFO rally.task.runner [-] Task 1643cad8-380c-4b3c-a108-e26b43a0346d | ITER: 10 START
2019-11-26 13:32:32.354 2419 RALLYDEBUG rally.task.utils [-] Waiting for resource s_rally_f63bfa7c_SqlQeamx. Status changed: DOWNLOADING => AVAILABLE in 74.83459329605103
2019-11-26 13:32:32.424 2419 INFO rally.task.runner [-] Task 1643cad8-380c-4b3c-a108-e26b43a0346d | ITER: 3 END: OK
2019-11-26 13:32:34.977 2418 RALLYDEBUG rally.task.utils [-] Waiting for resource s_rally_f63bfa7c_Xqd9k6KW. Status changed: CREATING => DOWNLOADING in 2.2073888778686523
2019-11-26 13:32:35.453 2420 RALLYDEBUG rally.task.utils [-] Waiting for resource s_rally_f63bfa7c_zjeBQm5f. Status changed: CREATING => DOWNLOADING in 2.3746659755706787
2019-11-26 13:32:50.876 2417 RALLYDEBUG rally.task.utils [-] Waiting for resource s_rally_f63bfa7c_frcpxtP4. Status changed: DOWNLOADING => AVAILABLE in 20.72922658920288
2019-11-26 13:32:50.943 2417 INFO rally.task.runner [-] Task 1643cad8-380c-4b3c-a108-e26b43a0346d | ITER: 8 END: OK
2019-11-26 13:33:22.775 2418 RALLYDEBUG rally.task.utils [-] Waiting for resource s_rally_f63bfa7c_Xqd9k6KW. Status changed: DOWNLOADING => AVAILABLE in 47.79805564880371
2019-11-26 13:33:22.840 2418 INFO rally.task.runner [-] Task 1643cad8-380c-4b3c-a108-e26b43a0346d | ITER: 9 END: OK
2019-11-26 13:33:23.235 2420 RALLYDEBUG rally.task.utils [-] Waiting for resource s_rally_f63bfa7c_zjeBQm5f. Status changed: DOWNLOADING => AVAILABLE in 47.78127980232239
2019-11-26 13:33:23.302 2420 INFO rally.task.runner [-] Task 1643cad8-380c-4b3c-a108-e26b43a0346d | ITER: 10 END: OK
2019-11-26 13:33:23.328 1845 INFO rally.task.context [-] Task 1643cad8-380c-4b3c-a108-e26b43a0346d | Context cleanup@openstack cleanup() started
2019-11-26 13:33:23.334 1845 RALLYDEBUG rally_openstack.cleanup.manager [-] Cleaning up cinder backups objects
2019-11-26 13:33:24.545 1845 RALLYDEBUG rally_openstack.cleanup.manager [-] Cleaning up cinder volume_snapshots objects
2019-11-26 13:33:25.720 1845 RALLYDEBUG rally_openstack.cleanup.manager [-] Cleaning up cinder transfers objects
2019-11-26 13:33:26.889 1845 RALLYDEBUG rally_openstack.cleanup.manager [-] Cleaning up cinder volumes objects
2019-11-26 13:33:28.161 1845 RALLYDEBUG rally_openstack.cleanup.manager [-] Deleting cinder.volumes object s_rally_f63bfa7c_zjeBQm5f (0cb98ecd-b5b6-4e44-a720-9baf22e72973)
2019-11-26 13:33:28.170 1845 RALLYDEBUG rally_openstack.cleanup.manager [-] Deleting cinder.volumes object s_rally_f63bfa7c_frcpxtP4 (c9dd1924-4437-4f91-a994-ca1bd92e9200)
2019-11-26 13:33:28.179 1845 RALLYDEBUG rally_openstack.cleanup.manager [-] Deleting cinder.volumes object s_rally_f63bfa7c_zLmm4UM8 (195b02eb-ae53-4c23-9ec0-7aaadbacb896)
2019-11-26 13:33:28.187 1845 RALLYDEBUG rally_openstack.cleanup.manager [-] Deleting cinder.volumes object s_rally_f63bfa7c_SlWMXJ2l (5774e772-4594-4f88-bc6c-4bb4a1ab0bd8)
2019-11-26 13:33:28.192 1845 RALLYDEBUG rally_openstack.cleanup.manager [-] Deleting cinder.volumes object s_rally_f63bfa7c_4ZcblYKZ (6f55a3cb-2d15-4c9f-bb1e-bd17fc5914f0)
2019-11-26 13:33:28.205 1845 RALLYDEBUG rally_openstack.cleanup.manager [-] Deleting cinder.volumes object s_rally_f63bfa7c_Xqd9k6KW (d84ac4f3-0c30-46e6-8612-94aec43db4e9)
2019-11-26 13:33:28.234 1845 RALLYDEBUG rally_openstack.cleanup.manager [-] Deleting cinder.volumes object s_rally_f63bfa7c_a7bc01SS (9e751d20-d19e-4e8b-af35-01d5fca1a1ad)
2019-11-26 13:33:28.240 1845 RALLYDEBUG rally_openstack.cleanup.manager [-] Deleting cinder.volumes object s_rally_f63bfa7c_SqlQeamx (55889313-dd69-43f5-b092-98ee6f0884a7)
2019-11-26 13:33:28.249 1845 RALLYDEBUG rally_openstack.cleanup.manager [-] Deleting cinder.volumes object s_rally_f63bfa7c_92HWZrux (187fa9bf-7723-4950-a9f9-020b89e33ff0)
2019-11-26 13:33:28.259 1845 RALLYDEBUG rally_openstack.cleanup.manager [-] Deleting cinder.volumes object s_rally_f63bfa7c_d86aIm2d (6a2b7bb5-021b-42b3-ad04-32035315dbcc)
2019-11-26 13:33:31.946 1845 INFO rally.task.context [-] Task 1643cad8-380c-4b3c-a108-e26b43a0346d | Context cleanup@openstack cleanup() finished in 8.62 sec
2019-11-26 13:33:31.946 1845 INFO rally.task.context [-] Task 1643cad8-380c-4b3c-a108-e26b43a0346d | Context quotas@openstack cleanup() started
2019-11-26 13:33:32.033 1845 INFO rally.task.context [-] Task 1643cad8-380c-4b3c-a108-e26b43a0346d | Context quotas@openstack cleanup() finished in 86.27 msec
2019-11-26 13:33:32.033 1845 INFO rally.task.context [-] Task 1643cad8-380c-4b3c-a108-e26b43a0346d | Context api_versions@openstack cleanup() started
2019-11-26 13:33:32.034 1845 INFO rally.task.context [-] Task 1643cad8-380c-4b3c-a108-e26b43a0346d | Context api_versions@openstack cleanup() finished in 0.35 msec
2019-11-26 13:33:32.034 1845 INFO rally.task.context [-] Task 1643cad8-380c-4b3c-a108-e26b43a0346d | Context users@openstack cleanup() started
2019-11-26 13:33:36.469 1845 INFO rally.task.context [-] Task 1643cad8-380c-4b3c-a108-e26b43a0346d | Context users@openstack cleanup() finished in 4.44 sec
2019-11-26 13:33:36.733 1845 INFO rally.task.engine [-] Load duration is: 128.854118
2019-11-26 13:33:36.733 1845 INFO rally.task.engine [-] Full runner duration is: 128.904699
2019-11-26 13:33:36.733 1845 INFO rally.task.engine [-] Full duration is: 146.410976
2019-11-26 13:33:36.933 1845 INFO rally.task.engine [-] Running workload: position = 1 config = { "version": 2, "title": "A cropped version of a bigger task.", "description": "Auto-generated task from a single workload (uuid=3168aefd-6bde-45c2-8aba-9ac02254d35a)", "subtasks": [ { "title": "CinderVolumes.create_and_list_volume", "description": "Create a volume and list all volumes.", "scenario": { "CinderVolumes.create_and_list_volume": { "detailed": true, "size": 1 } }, "contexts": { "users": { "tenants": 3, "users_per_tenant": 2 }, "quotas": { "cinder": { "gigabytes": -1, "snapshots": -1, "volumes": -1 } }, "api_versions": { "cinder": { "version": 3, "service_type": "volumev3" } } }, "runner": { "constant": { "concurrency": 4, "times": 10 } }, "hooks": [], "sla": { "failure_rate": { "max": 0 } } } ] }
2019-11-26 13:33:36.959 1845 RALLYDEBUG rally_openstack.contexts.keystone.users [-] Creating 3 tenants using 20 threads
2019-11-26 13:33:38.146 1845 RALLYDEBUG rally_openstack.contexts.keystone.users [-] Creating 6 users using 20 threads
2019-11-26 13:33:39.605 1845 INFO rally.task.context [-] Task 1643cad8-380c-4b3c-a108-e26b43a0346d | Context users@openstack setup() finished in 2.65 sec
2019-11-26 13:33:40.017 1845 INFO rally.task.context [-] Task 1643cad8-380c-4b3c-a108-e26b43a0346d | Context api_versions@openstack setup() finished in 0.41 sec
2019-11-26 13:33:40.836 1845 INFO rally.task.context [-] Task 1643cad8-380c-4b3c-a108-e26b43a0346d | Context quotas@openstack setup() finished in 0.82 sec
2019-11-26 13:33:40.836 1845 INFO rally.task.context [-] Task 1643cad8-380c-4b3c-a108-e26b43a0346d | Context cleanup@openstack setup() finished in 0.02 msec
2019-11-26 13:33:40.846 1845 RALLYDEBUG rally.task.runner [-] Starting the constant runner (task UUID: 1643cad8-380c-4b3c-a108-e26b43a0346d). times: 10 concurrency: 4 timeout: 0 max_cpu_used: 16 processes_to_start: 4 concurrency_per_worker: 1 concurrency_overhead: 0
2019-11-26 13:33:40.858 2601 RALLYDEBUG rally.task.runner [-] Starting a worker. times: 10 duration: None concurrency: 1 timeout: 0 cls: method_name: run args: {"detailed": true, "size": 1}
2019-11-26 13:33:40.862 2602 RALLYDEBUG rally.task.runner [-] Starting a worker. times: 10 duration: None concurrency: 1 timeout: 0 cls: method_name: run args: {"detailed": true, "size": 1}
2019-11-26 13:33:40.865 2601 INFO rally.task.runner [-] Task 1643cad8-380c-4b3c-a108-e26b43a0346d | ITER: 1 START
2019-11-26 13:33:40.865 2603 RALLYDEBUG rally.task.runner [-] Starting a worker. times: 10 duration: None concurrency: 1 timeout: 0 cls: method_name: run args: {"detailed": true, "size": 1}
2019-11-26 13:33:40.869 2602 INFO rally.task.runner [-] Task 1643cad8-380c-4b3c-a108-e26b43a0346d | ITER: 2 START
2019-11-26 13:33:40.868 2605 RALLYDEBUG rally.task.runner [-] Starting a worker. times: 10 duration: None concurrency: 1 timeout: 0 cls: method_name: run args: {"detailed": true, "size": 1}
2019-11-26 13:33:40.872 2603 INFO rally.task.runner [-] Task 1643cad8-380c-4b3c-a108-e26b43a0346d | ITER: 3 START
2019-11-26 13:33:40.874 2605 INFO rally.task.runner [-] Task 1643cad8-380c-4b3c-a108-e26b43a0346d | ITER: 4 START
2019-11-26 13:33:43.748 2603 INFO rally.task.runner [-] Task 1643cad8-380c-4b3c-a108-e26b43a0346d | ITER: 3 END: OK
2019-11-26 13:33:43.748 2605 INFO rally.task.runner [-] Task 1643cad8-380c-4b3c-a108-e26b43a0346d | ITER: 4 END: OK
2019-11-26 13:33:43.753 2603 INFO rally.task.runner [-] Task 1643cad8-380c-4b3c-a108-e26b43a0346d | ITER: 5 START
2019-11-26 13:33:43.753 2605 INFO rally.task.runner [-] Task 1643cad8-380c-4b3c-a108-e26b43a0346d | ITER: 6 START
2019-11-26 13:33:43.775 2601 INFO rally.task.runner [-] Task 1643cad8-380c-4b3c-a108-e26b43a0346d | ITER: 1 END: OK
2019-11-26 13:33:43.780 2601 INFO rally.task.runner [-] Task 1643cad8-380c-4b3c-a108-e26b43a0346d | ITER: 7 START
2019-11-26 13:33:44.813 2602 INFO rally.task.runner [-] Task 1643cad8-380c-4b3c-a108-e26b43a0346d | ITER: 2 END: OK
2019-11-26 13:33:44.818 2602 INFO rally.task.runner [-] Task 1643cad8-380c-4b3c-a108-e26b43a0346d | ITER: 8 START
2019-11-26 13:33:46.498 2603 INFO rally.task.runner [-] Task 1643cad8-380c-4b3c-a108-e26b43a0346d | ITER: 5 END: OK
2019-11-26 13:33:46.501 2603 INFO rally.task.runner [-] Task 1643cad8-380c-4b3c-a108-e26b43a0346d | ITER: 9 START
2019-11-26 13:33:46.504 2605 INFO rally.task.runner [-] Task 1643cad8-380c-4b3c-a108-e26b43a0346d | ITER: 6 END: OK
2019-11-26 13:33:46.507 2605 INFO rally.task.runner [-] Task 1643cad8-380c-4b3c-a108-e26b43a0346d | ITER: 10 START
2019-11-26 13:33:46.530 2601 INFO rally.task.runner [-] Task 1643cad8-380c-4b3c-a108-e26b43a0346d | ITER: 7 END: OK
