2019-11-26 14:00:35.212 11211 RALLYDEBUG rally.task.utils [-] Waiting for resource . Status changed: CREATE_COMPLETE => CHECK_IN_PROGRESS in 0.05558896064758301
2019-11-26 14:00:35.219 11213 RALLYDEBUG rally.task.utils [-] Waiting for resource . Status changed: CREATE_COMPLETE => CHECK_COMPLETE in 0.06573796272277832
2019-11-26 14:00:35.222 11212 RALLYDEBUG rally.task.utils [-] Waiting for resource . Status changed: CREATE_COMPLETE => CHECK_IN_PROGRESS in 0.0640561580657959
2019-11-26 14:00:35.318 11215 RALLYDEBUG rally.task.utils [-] Waiting for resource . Status changed: CREATE_COMPLETE => DELETE_IN_PROGRESS in 0.04992842674255371
2019-11-26 14:00:35.325 11213 RALLYDEBUG rally.task.utils [-] Waiting for resource . Status changed: CREATE_COMPLETE => DELETE_IN_PROGRESS in 0.04810333251953125
2019-11-26 14:00:36.286 11211 RALLYDEBUG rally.task.utils [-] Waiting for resource . Status changed: CHECK_IN_PROGRESS => CHECK_COMPLETE in 1.073859691619873
2019-11-26 14:00:36.296 11212 RALLYDEBUG rally.task.utils [-] Waiting for resource . Status changed: CHECK_IN_PROGRESS => CHECK_COMPLETE in 1.0735960006713867
2019-11-26 14:00:36.429 11211 RALLYDEBUG rally.task.utils [-] Waiting for resource . Status changed: CREATE_COMPLETE => DELETE_IN_PROGRESS in 0.056008100509643555
2019-11-26 14:00:36.432 11212 RALLYDEBUG rally.task.utils [-] Waiting for resource . Status changed: CREATE_COMPLETE => DELETE_IN_PROGRESS in 0.06130218505859375
2019-11-26 14:00:37.442 11215 INFO rally.task.runner [-] Task 1b23e3e8-d1c9-4c11-837e-447c0e99147c | ITER: 4 END: OK
2019-11-26 14:00:37.445 11213 INFO rally.task.runner [-] Task 1b23e3e8-d1c9-4c11-837e-447c0e99147c | ITER: 3 END: OK
2019-11-26 14:00:37.447 11215 INFO rally.task.runner [-] Task 1b23e3e8-d1c9-4c11-837e-447c0e99147c | ITER: 5 START
2019-11-26 14:00:37.450 11213 INFO rally.task.runner [-] Task 1b23e3e8-d1c9-4c11-837e-447c0e99147c | ITER: 6 START
2019-11-26 14:00:38.542 11211 INFO rally.task.runner [-] Task 1b23e3e8-d1c9-4c11-837e-447c0e99147c | ITER: 1 END: OK
2019-11-26 14:00:38.546 11211 INFO rally.task.runner [-] Task 1b23e3e8-d1c9-4c11-837e-447c0e99147c | ITER: 7 START
2019-11-26 14:00:38.551 11212 INFO rally.task.runner [-] Task 1b23e3e8-d1c9-4c11-837e-447c0e99147c | ITER: 2 END: OK
2019-11-26 14:00:38.556 11212 INFO rally.task.runner [-] Task 1b23e3e8-d1c9-4c11-837e-447c0e99147c | ITER: 8 START
2019-11-26 14:00:40.996 11215 RALLYDEBUG rally.task.utils [-] Waiting for resource . Status changed: CREATE_IN_PROGRESS => CREATE_COMPLETE in 0.09116506576538086
2019-11-26 14:00:41.072 11213 RALLYDEBUG rally.task.utils [-] Waiting for resource . Status changed: CREATE_IN_PROGRESS => CREATE_COMPLETE in 0.06290578842163086
2019-11-26 14:00:41.152 11215 RALLYDEBUG rally.task.utils [-] Waiting for resource . Status changed: CREATE_COMPLETE => CHECK_COMPLETE in 0.06280875205993652
2019-11-26 14:00:41.240 11213 RALLYDEBUG rally.task.utils [-] Waiting for resource . Status changed: CREATE_COMPLETE => CHECK_COMPLETE in 0.068023681640625
2019-11-26 14:00:41.269 11215 RALLYDEBUG rally.task.utils [-] Waiting for resource . Status changed: CREATE_COMPLETE => DELETE_IN_PROGRESS in 0.05958890914916992
2019-11-26 14:00:41.341 11213 RALLYDEBUG rally.task.utils [-] Waiting for resource . Status changed: CREATE_COMPLETE => DELETE_IN_PROGRESS in 0.049636125564575195
2019-11-26 14:00:42.030 11211 RALLYDEBUG rally.task.utils [-] Waiting for resource . Status changed: CREATE_IN_PROGRESS => CREATE_COMPLETE in 0.07508230209350586
2019-11-26 14:00:42.047 11212 RALLYDEBUG rally.task.utils [-] Waiting for resource . Status changed: CREATE_IN_PROGRESS => CREATE_COMPLETE in 0.0706934928894043
2019-11-26 14:00:42.194 11211 RALLYDEBUG rally.task.utils [-] Waiting for resource . Status changed: CREATE_COMPLETE => CHECK_COMPLETE in 0.06498169898986816
2019-11-26 14:00:42.233 11212 RALLYDEBUG rally.task.utils [-] Waiting for resource . Status changed: CREATE_COMPLETE => CHECK_COMPLETE in 0.07828974723815918
2019-11-26 14:00:42.343 11211 RALLYDEBUG rally.task.utils [-] Waiting for resource . Status changed: CREATE_COMPLETE => DELETE_IN_PROGRESS in 0.05480623245239258
2019-11-26 14:00:42.357 11212 RALLYDEBUG rally.task.utils [-] Waiting for resource . Status changed: CREATE_COMPLETE => DELETE_IN_PROGRESS in 0.04984927177429199
2019-11-26 14:00:43.393 11215 INFO rally.task.runner [-] Task 1b23e3e8-d1c9-4c11-837e-447c0e99147c | ITER: 5 END: OK
2019-11-26 14:00:43.398 11215 INFO rally.task.runner [-] Task 1b23e3e8-d1c9-4c11-837e-447c0e99147c | ITER: 9 START
2019-11-26 14:00:43.454 11213 INFO rally.task.runner [-] Task 1b23e3e8-d1c9-4c11-837e-447c0e99147c | ITER: 6 END: OK
2019-11-26 14:00:43.458 11213 INFO rally.task.runner [-] Task 1b23e3e8-d1c9-4c11-837e-447c0e99147c | ITER: 10 START
2019-11-26 14:00:44.459 11211 INFO rally.task.runner [-] Task 1b23e3e8-d1c9-4c11-837e-447c0e99147c | ITER: 7 END: OK
2019-11-26 14:00:44.474 11212 INFO rally.task.runner [-] Task 1b23e3e8-d1c9-4c11-837e-447c0e99147c | ITER: 8 END: OK
2019-11-26 14:00:46.881 11215 RALLYDEBUG rally.task.utils [-] Waiting for resource . Status changed: CREATE_IN_PROGRESS => CREATE_COMPLETE in 0.0773458480834961
2019-11-26 14:00:46.976 11213 RALLYDEBUG rally.task.utils [-] Waiting for resource . Status changed: CREATE_IN_PROGRESS => CREATE_COMPLETE in 0.07535743713378906
2019-11-26 14:00:47.145 11213 RALLYDEBUG rally.task.utils [-] Waiting for resource . Status changed: CREATE_COMPLETE => CHECK_COMPLETE in 0.0669717788696289
2019-11-26 14:00:47.168 11215 RALLYDEBUG rally.task.utils [-] Waiting for resource . Status changed: CREATE_COMPLETE => CHECK_IN_PROGRESS in 0.0632028579711914
2019-11-26 14:00:47.262 11213 RALLYDEBUG rally.task.utils [-] Waiting for resource . Status changed: CREATE_COMPLETE => DELETE_IN_PROGRESS in 0.05421757698059082
2019-11-26 14:00:48.360 11215 RALLYDEBUG rally.task.utils [-] Waiting for resource . Status changed: CHECK_IN_PROGRESS => CHECK_COMPLETE in 1.1919136047363281
2019-11-26 14:00:48.498 11215 RALLYDEBUG rally.task.utils [-] Waiting for resource . Status changed: CREATE_COMPLETE => DELETE_IN_PROGRESS in 0.0637814998626709
2019-11-26 14:00:49.391 11213 INFO rally.task.runner [-] Task 1b23e3e8-d1c9-4c11-837e-447c0e99147c | ITER: 10 END: OK
2019-11-26 14:00:50.628 11215 INFO rally.task.runner [-] Task 1b23e3e8-d1c9-4c11-837e-447c0e99147c | ITER: 9 END: OK
2019-11-26 14:00:50.658 8497 INFO rally.task.context [-] Task 1b23e3e8-d1c9-4c11-837e-447c0e99147c | Context cleanup@openstack cleanup() started
2019-11-26 14:00:50.662 8497 RALLYDEBUG rally_openstack.cleanup.manager [-] Cleaning up heat stacks objects
2019-11-26 14:00:52.267 8497 INFO rally.task.context [-] Task 1b23e3e8-d1c9-4c11-837e-447c0e99147c | Context cleanup@openstack cleanup() finished in 1.61 sec
2019-11-26 14:00:52.268 8497 INFO rally.task.context [-] Task 1b23e3e8-d1c9-4c11-837e-447c0e99147c | Context roles@openstack cleanup() started
2019-11-26 14:00:52.268 8497 RALLYDEBUG rally_openstack.contexts.keystone.roles [-] Removing assigned role 8124ecee8b204e63850653583a5602b5 from all users
2019-11-26 14:00:53.233 8497 INFO rally.task.context [-] Task 1b23e3e8-d1c9-4c11-837e-447c0e99147c | Context roles@openstack cleanup() finished in 0.97 sec
2019-11-26 14:00:53.234 8497 INFO rally.task.context [-] Task 1b23e3e8-d1c9-4c11-837e-447c0e99147c | Context users@openstack cleanup() started
2019-11-26 14:00:58.236 8497 INFO rally.task.context [-] Task 1b23e3e8-d1c9-4c11-837e-447c0e99147c | Context users@openstack cleanup() finished in 5.00 sec
2019-11-26 14:00:59.198 8497 INFO rally.task.engine [-] Load duration is: 17.021089
2019-11-26 14:00:59.198 8497 INFO rally.task.engine [-] Full runner duration is: 19.07155
2019-11-26 14:00:59.199 8497 INFO rally.task.engine [-] Full duration is: 35.276596
2019-11-26 14:00:59.553 8497 INFO rally.task.engine [-] Running workload: position = 0 config = { "version": 2, "title": "A cropped version of a bigger task.", "description": "Auto-generated task from a single workload (uuid=e59e2e58-f1f0-4964-8378-6ecb000c79f8)", "subtasks": [ { "title": "HeatStacks.create_suspend_resume_delete_stack", "description": "Create, suspend-resume and then delete a stack.", "scenario": { "HeatStacks.create_suspend_resume_delete_stack": { "template_path": "/usr/lib/python3.6/site-packages/functest/opnfv_tests/openstack/rally/scenario/templates/random_strings.yaml.template" } }, "contexts": { "users": { "tenants": 3, "users_per_tenant": 2 }, "roles": [ "heat_stack_owner" ] }, "runner": { "constant": { "concurrency": 4, "times": 10 } }, "hooks": [], "sla": { "failure_rate": { "max": 0 } } } ] }
2019-11-26 14:00:59.578 8497 RALLYDEBUG rally_openstack.contexts.keystone.users [-] Creating 3 tenants using 20 threads
2019-11-26 14:01:00.623 8497 RALLYDEBUG rally_openstack.contexts.keystone.users [-] Creating 6 users using 20 threads
2019-11-26 14:01:02.155 8497 INFO rally.task.context [-] Task 1b23e3e8-d1c9-4c11-837e-447c0e99147c | Context users@openstack setup() finished in 2.58 sec
2019-11-26 14:01:02.917 8497 RALLYDEBUG rally_openstack.contexts.keystone.roles [-] Adding role heat_stack_owner having ID 8124ecee8b204e63850653583a5602b5 to all users using 30 threads
2019-11-26 14:01:08.221 8497 INFO rally.task.context [-] Task 1b23e3e8-d1c9-4c11-837e-447c0e99147c | Context roles@openstack setup() finished in 6.07 sec
2019-11-26 14:01:08.222 8497 INFO rally.task.context [-] Task 1b23e3e8-d1c9-4c11-837e-447c0e99147c | Context cleanup@openstack setup() finished in 0.01 msec
2019-11-26 14:01:08.233 8497 RALLYDEBUG rally.task.runner [-] Starting the constant runner (task UUID: 1b23e3e8-d1c9-4c11-837e-447c0e99147c). times: 10 concurrency: 4 timeout: 0 max_cpu_used: 16 processes_to_start: 4 concurrency_per_worker: 1 concurrency_overhead: 0
2019-11-26 14:01:08.244 11395 RALLYDEBUG rally.task.runner [-] Starting a worker. times: 10 duration: None concurrency: 1 timeout: 0 cls: method_name: run args: {"template_path": "heat_template_version: 2014-10-16\n\ndescription: Test template for rally create-update-delete scenario\n\nresources:\n test_string_one:\n type: OS::Heat::RandomString\n properties:\n length: 20\n test_string_two:\n type: OS::Heat::RandomString\n properties:\n length: 20"}
2019-11-26 14:01:08.248 11396 RALLYDEBUG rally.task.runner [-] Starting a worker. times: 10 duration: None concurrency: 1 timeout: 0 cls: method_name: run args: {"template_path": "heat_template_version: 2014-10-16\n\ndescription: Test template for rally create-update-delete scenario\n\nresources:\n test_string_one:\n type: OS::Heat::RandomString\n properties:\n length: 20\n test_string_two:\n type: OS::Heat::RandomString\n properties:\n length: 20"}
2019-11-26 14:01:08.251 11395 INFO rally.task.runner [-] Task 1b23e3e8-d1c9-4c11-837e-447c0e99147c | ITER: 1 START
2019-11-26 14:01:08.251 11397 RALLYDEBUG rally.task.runner [-] Starting a worker. times: 10 duration: None concurrency: 1 timeout: 0 cls: method_name: run args: {"template_path": "heat_template_version: 2014-10-16\n\ndescription: Test template for rally create-update-delete scenario\n\nresources:\n test_string_one:\n type: OS::Heat::RandomString\n properties:\n length: 20\n test_string_two:\n type: OS::Heat::RandomString\n properties:\n length: 20"}
2019-11-26 14:01:08.255 11396 INFO rally.task.runner [-] Task 1b23e3e8-d1c9-4c11-837e-447c0e99147c | ITER: 2 START
2019-11-26 14:01:08.254 11399 RALLYDEBUG rally.task.runner [-] Starting a worker. times: 10 duration: None concurrency: 1 timeout: 0 cls: method_name: run args: {"template_path": "heat_template_version: 2014-10-16\n\ndescription: Test template for rally create-update-delete scenario\n\nresources:\n test_string_one:\n type: OS::Heat::RandomString\n properties:\n length: 20\n test_string_two:\n type: OS::Heat::RandomString\n properties:\n length: 20"}
2019-11-26 14:01:08.258 11397 INFO rally.task.runner [-] Task 1b23e3e8-d1c9-4c11-837e-447c0e99147c | ITER: 3 START
2019-11-26 14:01:08.260 11399 INFO rally.task.runner [-] Task 1b23e3e8-d1c9-4c11-837e-447c0e99147c | ITER: 4 START
2019-11-26 14:01:11.719 11397 RALLYDEBUG rally.task.utils [-] Waiting for resource . Status changed: CREATE_IN_PROGRESS => CREATE_COMPLETE in 0.07547569274902344
2019-11-26 14:01:11.719 11395 RALLYDEBUG rally.task.utils [-] Waiting for resource . Status changed: CREATE_IN_PROGRESS => CREATE_COMPLETE in 0.08179497718811035
2019-11-26 14:01:11.792 11396 RALLYDEBUG rally.task.utils [-] Waiting for resource . Status changed: CREATE_IN_PROGRESS => CREATE_COMPLETE in 0.07136845588684082
2019-11-26 14:01:11.893 11395 RALLYDEBUG rally.task.utils [-] Waiting for resource . Status changed: CREATE_COMPLETE => SUSPEND_IN_PROGRESS in 0.06196022033691406
2019-11-26 14:01:11.896 11399 RALLYDEBUG rally.task.utils [-] Waiting for resource . Status changed: CREATE_IN_PROGRESS => CREATE_COMPLETE in 0.07711052894592285
2019-11-26 14:01:11.899 11397 RALLYDEBUG rally.task.utils [-] Waiting for resource . Status changed: CREATE_COMPLETE => SUSPEND_IN_PROGRESS in 0.06331133842468262
2019-11-26 14:01:11.937 11396 RALLYDEBUG rally.task.utils [-] Waiting for resource . Status changed: CREATE_COMPLETE => SUSPEND_IN_PROGRESS in 0.05541396141052246
2019-11-26 14:01:12.041 11399 RALLYDEBUG rally.task.utils [-] Waiting for resource . Status changed: CREATE_COMPLETE => SUSPEND_IN_PROGRESS in 0.05438661575317383
2019-11-26 14:01:12.962 11395 RALLYDEBUG rally.task.utils [-] Waiting for resource . Status changed: SUSPEND_IN_PROGRESS => SUSPEND_COMPLETE in 1.0686192512512207
2019-11-26 14:01:12.969 11397 RALLYDEBUG rally.task.utils [-] Waiting for resource . Status changed: SUSPEND_IN_PROGRESS => SUSPEND_COMPLETE in 1.0701067447662354
2019-11-26 14:01:13.002 11396 RALLYDEBUG rally.task.utils [-] Waiting for resource . Status changed: SUSPEND_IN_PROGRESS => SUSPEND_COMPLETE in 1.0653772354125977
2019-11-26 14:01:13.104 11399 RALLYDEBUG rally.task.utils [-] Waiting for resource . Status changed: SUSPEND_IN_PROGRESS => SUSPEND_COMPLETE in 1.0629322528839111
2019-11-26 14:01:13.122 11397 RALLYDEBUG rally.task.utils [-] Waiting for resource . Status changed: CREATE_COMPLETE => RESUME_IN_PROGRESS in 0.05812788009643555
2019-11-26 14:01:13.136 11395 RALLYDEBUG rally.task.utils [-] Waiting for resource . Status changed: CREATE_COMPLETE => RESUME_IN_PROGRESS in 0.07191658020019531
2019-11-26 14:01:13.166 11396 RALLYDEBUG rally.task.utils [-] Waiting for resource . Status changed: CREATE_COMPLETE => RESUME_COMPLETE in 0.06738591194152832
2019-11-26 14:01:13.245 11399 RALLYDEBUG rally.task.utils [-] Waiting for resource . Status changed: CREATE_COMPLETE => RESUME_IN_PROGRESS in 0.055916786193847656
2019-11-26 14:01:13.271 11396 RALLYDEBUG rally.task.utils [-] Waiting for resource . Status changed: CREATE_COMPLETE => DELETE_IN_PROGRESS in 0.05522894859313965
2019-11-26 14:01:14.208 11395 RALLYDEBUG rally.task.utils [-] Waiting for resource . Status changed: RESUME_IN_PROGRESS => RESUME_COMPLETE in 1.0713543891906738
2019-11-26 14:01:14.309 11399 RALLYDEBUG rally.task.utils [-] Waiting for resource . Status changed: RESUME_IN_PROGRESS => RESUME_COMPLETE in 1.0642249584197998
2019-11-26 14:01:14.338 11397 RALLYDEBUG rally.task.utils [-] Waiting for resource . Status changed: RESUME_IN_PROGRESS => RESUME_COMPLETE in 1.2162599563598633
2019-11-26 14:01:14.341 11395 RALLYDEBUG rally.task.utils [-] Waiting for resource . Status changed: CREATE_COMPLETE => DELETE_IN_PROGRESS in 0.0671231746673584
2019-11-26 14:01:14.422 11399 RALLYDEBUG rally.task.utils [-] Waiting for resource . Status changed: CREATE_COMPLETE => DELETE_IN_PROGRESS in 0.050954580307006836
2019-11-26 14:01:14.449 11397 RALLYDEBUG rally.task.utils [-] Waiting for resource . Status changed: CREATE_COMPLETE => DELETE_IN_PROGRESS in 0.051580190658569336
2019-11-26 14:01:15.399 11396 INFO rally.task.runner [-] Task 1b23e3e8-d1c9-4c11-837e-447c0e99147c | ITER: 2 END: OK
2019-11-26 14:01:15.404 11396 INFO rally.task.runner [-] Task 1b23e3e8-d1c9-4c11-837e-447c0e99147c | ITER: 5 START
2019-11-26 14:01:16.462 11395 INFO rally.task.runner [-] Task 1b23e3e8-d1c9-4c11-837e-447c0e99147c | ITER: 1 END: OK
2019-11-26 14:01:16.467 11395 INFO rally.task.runner [-] Task 1b23e3e8-d1c9-4c11-837e-447c0e99147c | ITER: 6 START
2019-11-26 14:01:16.544 11399 INFO rally.task.runner [-] Task 1b23e3e8-d1c9-4c11-837e-447c0e99147c | ITER: 4 END: OK
2019-11-26 14:01:16.550 11399 INFO rally.task.runner [-] Task 1b23e3e8-d1c9-4c11-837e-447c0e99147c | ITER: 7 START
2019-11-26 14:01:16.559 11397 INFO rally.task.runner [-] Task 1b23e3e8-d1c9-4c11-837e-447c0e99147c | ITER: 3 END: OK
2019-11-26 14:01:16.564 11397 INFO rally.task.runner [-] Task 1b23e3e8-d1c9-4c11-837e-447c0e99147c | ITER: 8 START
2019-11-26 14:01:18.965 11396 RALLYDEBUG rally.task.utils [-] Waiting for resource . Status changed: CREATE_IN_PROGRESS => CREATE_COMPLETE in 0.05973553657531738
2019-11-26 14:01:19.148 11396 RALLYDEBUG rally.task.utils [-] Waiting for resource . Status changed: CREATE_COMPLETE => SUSPEND_COMPLETE in 0.08285713195800781
2019-11-26 14:01:19.304 11396 RALLYDEBUG rally.task.utils [-] Waiting for resource . Status changed: CREATE_COMPLETE => RESUME_IN_PROGRESS in 0.05616593360900879
2019-11-26 14:01:19.909 11397 RALLYDEBUG rally.task.utils [-] Waiting for resource . Status changed: CREATE_IN_PROGRESS => CREATE_COMPLETE in 0.06976914405822754
2019-11-26 14:01:19.921 11399 RALLYDEBUG rally.task.utils [-] Waiting for resource . Status changed: CREATE_IN_PROGRESS => CREATE_COMPLETE in 0.06906533241271973
2019-11-26 14:01:19.965 11395 RALLYDEBUG rally.task.utils [-] Waiting for resource . Status changed: CREATE_IN_PROGRESS => CREATE_COMPLETE in 0.06819438934326172
2019-11-26 14:01:20.062 11397 RALLYDEBUG rally.task.utils [-] Waiting for resource . Status changed: CREATE_COMPLETE => SUSPEND_IN_PROGRESS in 0.05759596824645996
2019-11-26 14:01:20.075 11399 RALLYDEBUG rally.task.utils [-] Waiting for resource . Status changed: CREATE_COMPLETE => SUSPEND_COMPLETE in 0.05748558044433594
2019-11-26 14:01:20.109 11395 RALLYDEBUG rally.task.utils [-] Waiting for resource . Status changed: CREATE_COMPLETE => SUSPEND_IN_PROGRESS in 0.05881142616271973
2019-11-26 14:01:20.231 11399 RALLYDEBUG rally.task.utils [-] Waiting for resource . Status changed: CREATE_COMPLETE => RESUME_IN_PROGRESS in 0.05736565589904785
2019-11-26 14:01:20.368 11396 RALLYDEBUG rally.task.utils [-] Waiting for resource . Status changed: RESUME_IN_PROGRESS => RESUME_COMPLETE in 1.0642156600952148
2019-11-26 14:01:20.492 11396 RALLYDEBUG rally.task.utils [-] Waiting for resource . Status changed: CREATE_COMPLETE => DELETE_IN_PROGRESS in 0.05615544319152832
2019-11-26 14:01:21.136 11397 RALLYDEBUG rally.task.utils [-] Waiting for resource . Status changed: SUSPEND_IN_PROGRESS => SUSPEND_COMPLETE in 1.0739073753356934
2019-11-26 14:01:21.177 11395 RALLYDEBUG rally.task.utils [-] Waiting for resource . Status changed: SUSPEND_IN_PROGRESS => SUSPEND_COMPLETE in 1.0678627490997314
2019-11-26 14:01:21.299 11397 RALLYDEBUG rally.task.utils [-] Waiting for resource . Status changed: CREATE_COMPLETE => RESUME_IN_PROGRESS in 0.06296920776367188
2019-11-26 14:01:21.300 11399 RALLYDEBUG rally.task.utils [-] Waiting for resource . Status changed: RESUME_IN_PROGRESS => RESUME_COMPLETE in 1.0692639350891113
2019-11-26 14:01:21.334 11395 RALLYDEBUG rally.task.utils [-] Waiting for resource . Status changed: CREATE_COMPLETE => RESUME_IN_PROGRESS in 0.0656280517578125
2019-11-26 14:01:21.422 11399 RALLYDEBUG rally.task.utils [-] Waiting for resource . Status changed: CREATE_COMPLETE => DELETE_IN_PROGRESS in 0.05864071846008301
2019-11-26 14:01:22.374 11397 RALLYDEBUG rally.task.utils [-] Waiting for resource . Status changed: RESUME_IN_PROGRESS => RESUME_COMPLETE in 1.0754477977752686
2019-11-26 14:01:22.395 11395 RALLYDEBUG rally.task.utils [-] Waiting for resource . Status changed: RESUME_IN_PROGRESS => RESUME_COMPLETE in 1.060844898223877
2019-11-26 14:01:22.502 11397 RALLYDEBUG rally.task.utils [-] Waiting for resource . Status changed: CREATE_COMPLETE => DELETE_IN_PROGRESS in 0.0615081787109375
2019-11-26 14:01:22.513 11395 RALLYDEBUG rally.task.utils [-] Waiting for resource . Status changed: CREATE_COMPLETE => DELETE_IN_PROGRESS in 0.05298876762390137
2019-11-26 14:01:22.614 11396 INFO rally.task.runner [-] Task 1b23e3e8-d1c9-4c11-837e-447c0e99147c | ITER: 5 END: OK
2019-11-26 14:01:22.618 11396 INFO rally.task.runner [-] Task 1b23e3e8-d1c9-4c11-837e-447c0e99147c | ITER: 9 START
2019-11-26 14:01:23.540 11399 INFO rally.task.runner [-] Task 1b23e3e8-d1c9-4c11-837e-447c0e99147c | ITER: 7 END: OK
2019-11-26 14:01:23.543 11399 INFO rally.task.runner [-] Task 1b23e3e8-d1c9-4c11-837e-447c0e99147c | ITER: 10 START
2019-11-26 14:01:23.559 11397 INFO rally.task.runner [-] Task 1b23e3e8-d1c9-4c11-837e-447c0e99147c | ITER: 8 END: OK
2019-11-26 14:01:24.624 11395 INFO rally.task.runner [-] Task 1b23e3e8-d1c9-4c11-837e-447c0e99147c | ITER: 6 END: OK
2019-11-26 14:01:26.157 11396 RALLYDEBUG rally.task.utils [-] Waiting for resource . Status changed: CREATE_IN_PROGRESS => CREATE_COMPLETE in 0.07994437217712402
2019-11-26 14:01:26.327 11396 RALLYDEBUG rally.task.utils [-] Waiting for resource . Status changed: CREATE_COMPLETE => SUSPEND_IN_PROGRESS in 0.061868906021118164
2019-11-26 14:01:27.242 11399 RALLYDEBUG rally.task.utils [-] Waiting for resource . Status changed: CREATE_IN_PROGRESS => CREATE_COMPLETE in 0.07553553581237793
2019-11-26 14:01:27.396 11396 RALLYDEBUG rally.task.utils [-] Waiting for resource . Status changed: SUSPEND_IN_PROGRESS => SUSPEND_COMPLETE in 1.0688350200653076
2019-11-26 14:01:27.412 11399 RALLYDEBUG rally.task.utils [-] Waiting for resource . Status changed: CREATE_COMPLETE => SUSPEND_IN_PROGRESS in 0.06227731704711914
2019-11-26 14:01:27.587 11396 RALLYDEBUG rally.task.utils [-] Waiting for resource . Status changed: CREATE_COMPLETE => RESUME_IN_PROGRESS in 0.07555150985717773
2019-11-26 14:01:28.495 11399 RALLYDEBUG rally.task.utils [-] Waiting for resource . Status changed: SUSPEND_IN_PROGRESS => SUSPEND_COMPLETE in 1.0832602977752686
2019-11-26 14:01:28.656 11396 RALLYDEBUG rally.task.utils [-] Waiting for resource . Status changed: RESUME_IN_PROGRESS => RESUME_COMPLETE in 1.0699095726013184
2019-11-26 14:01:28.670 11399 RALLYDEBUG rally.task.utils [-] Waiting for resource . Status changed: CREATE_COMPLETE => RESUME_IN_PROGRESS in 0.06414794921875
2019-11-26 14:01:28.791 11396 RALLYDEBUG rally.task.utils [-] Waiting for resource . Status changed: CREATE_COMPLETE => DELETE_IN_PROGRESS in 0.056183815002441406
2019-11-26 14:01:29.749 11399 RALLYDEBUG rally.task.utils [-] Waiting for resource . Status changed: RESUME_IN_PROGRESS => RESUME_COMPLETE in 1.0790271759033203
2019-11-26 14:01:29.905 11399 RALLYDEBUG rally.task.utils [-] Waiting for resource . Status changed: CREATE_COMPLETE => DELETE_IN_PROGRESS in 0.0628197193145752
2019-11-26 14:01:30.919 11396 INFO rally.task.runner [-] Task 1b23e3e8-d1c9-4c11-837e-447c0e99147c | ITER: 9 END: OK
2019-11-26 14:01:30.966 11399 INFO rally.task.runner [-] Task 1b23e3e8-d1c9-4c11-837e-447c0e99147c | ITER: 10 END: OK
2019-11-26 14:01:30.996 8497 INFO rally.task.context [-] Task 1b23e3e8-d1c9-4c11-837e-447c0e99147c | Context cleanup@openstack cleanup() started
2019-11-26 14:01:30.999 8497 RALLYDEBUG rally_openstack.cleanup.manager [-] Cleaning up heat stacks objects
2019-11-26 14:01:32.632 8497 INFO rally.task.context [-] Task 1b23e3e8-d1c9-4c11-837e-447c0e99147c | Context cleanup@openstack cleanup() finished in 1.64 sec
2019-11-26 14:01:32.633 8497 INFO rally.task.context [-] Task 1b23e3e8-d1c9-4c11-837e-447c0e99147c | Context roles@openstack cleanup() started
2019-11-26 14:01:32.633 8497 RALLYDEBUG rally_openstack.contexts.keystone.roles [-] Removing assigned role 8124ecee8b204e63850653583a5602b5 from all users
2019-11-26 14:01:33.648 8497 INFO rally.task.context [-] Task 1b23e3e8-d1c9-4c11-837e-447c0e99147c | Context roles@openstack cleanup() finished in 1.01 sec
2019-11-26 14:01:33.648 8497 INFO rally.task.context [-] Task 1b23e3e8-d1c9-4c11-837e-447c0e99147c | Context users@openstack cleanup() started
2019-11-26 14:01:38.454 8497 INFO rally.task.context [-] Task 1b23e3e8-d1c9-4c11-837e-447c0e99147c | Context users@openstack cleanup() finished in 4.81 sec
2019-11-26 14:01:39.792 8497 INFO rally.task.engine [-] Load duration is: 20.713286
2019-11-26 14:01:39.793 8497 INFO rally.task.engine [-] Full runner duration is: 22.764194
2019-11-26 14:01:39.793 8497 INFO rally.task.engine [-] Full duration is: 38.878462
2019-11-26 14:01:40.153 8497 INFO rally.task.engine [-] Running workload: position = 0 config = { "version": 2, "title": "A cropped version of a bigger task.", "description": "Auto-generated task from a single workload (uuid=238f3be7-e5cb-4e2d-9e1c-b07174038438)", "subtasks": [ { "title": "HeatStacks.list_stacks_and_resources", "description": "List all resources from tenant stacks.", "scenario": { "HeatStacks.list_stacks_and_resources": {} }, "contexts": { "users": { "tenants": 3, "users_per_tenant": 2 }, "roles": [ "heat_stack_owner" ] }, "runner": { "constant": { "concurrency": 4, "times": 10 } }, "hooks": [], "sla": { "failure_rate": { "max": 0 } } } ] }
2019-11-26 14:01:40.178 8497 RALLYDEBUG rally_openstack.contexts.keystone.users [-] Creating 3 tenants using 20 threads
2019-11-26 14:01:41.197 8497 RALLYDEBUG rally_openstack.contexts.keystone.users [-] Creating 6 users using 20 threads
2019-11-26 14:01:42.777 8497 INFO rally.task.context [-] Task 1b23e3e8-d1c9-4c11-837e-447c0e99147c | Context users@openstack setup() finished in 2.60 sec
2019-11-26 14:01:43.477 8497 RALLYDEBUG rally_openstack.contexts.keystone.roles [-] Adding role heat_stack_owner having ID 8124ecee8b204e63850653583a5602b5 to all users using 30 threads
2019-11-26 14:01:48.727 8497 INFO rally.task.context [-] Task 1b23e3e8-d1c9-4c11-837e-447c0e99147c | Context roles@openstack setup() finished in 5.95 sec
2019-11-26 14:01:48.736 8497 RALLYDEBUG rally.task.runner [-] Starting the constant runner (task UUID: 1b23e3e8-d1c9-4c11-837e-447c0e99147c). times: 10 concurrency: 4 timeout: 0 max_cpu_used: 16 processes_to_start: 4 concurrency_per_worker: 1 concurrency_overhead: 0
2019-11-26 14:01:48.748 11579 RALLYDEBUG rally.task.runner [-] Starting a worker. times: 10 duration: None concurrency: 1 timeout: 0 cls: method_name: run args: {}
2019-11-26 14:01:48.751 11580 RALLYDEBUG rally.task.runner [-] Starting a worker. times: 10 duration: None concurrency: 1 timeout: 0 cls: method_name: run args: {}
2019-11-26 14:01:48.755 11579 INFO rally.task.runner [-] Task 1b23e3e8-d1c9-4c11-837e-447c0e99147c | ITER: 1 START
2019-11-26 14:01:48.755 11581 RALLYDEBUG rally.task.runner [-] Starting a worker. times: 10 duration: None concurrency: 1 timeout: 0 cls: method_name: run args: {}
2019-11-26 14:01:48.758 11580 INFO rally.task.runner [-] Task 1b23e3e8-d1c9-4c11-837e-447c0e99147c | ITER: 2 START
2019-11-26 14:01:48.758 11582 RALLYDEBUG rally.task.runner [-] Starting a worker. times: 10 duration: None concurrency: 1 timeout: 0 cls: method_name: run args: {}
2019-11-26 14:01:48.762 11581 INFO rally.task.runner [-] Task 1b23e3e8-d1c9-4c11-837e-447c0e99147c | ITER: 3 START
2019-11-26 14:01:48.765 11582 INFO rally.task.runner [-] Task 1b23e3e8-d1c9-4c11-837e-447c0e99147c | ITER: 4 START
2019-11-26 14:01:49.312 11580 INFO rally.task.runner [-] Task 1b23e3e8-d1c9-4c11-837e-447c0e99147c | ITER: 2 END: OK
2019-11-26 14:01:49.312 11579 INFO rally.task.runner [-] Task 1b23e3e8-d1c9-4c11-837e-447c0e99147c | ITER: 1 END: OK
2019-11-26 14:01:49.317 11581 INFO rally.task.runner [-] Task 1b23e3e8-d1c9-4c11-837e-447c0e99147c | ITER: 3 END: OK
2019-11-26 14:01:49.317 11582 INFO rally.task.runner [-] Task 1b23e3e8-d1c9-4c11-837e-447c0e99147c | ITER: 4 END: OK
2019-11-26 14:01:49.317 11580 INFO rally.task.runner [-] Task 1b23e3e8-d1c9-4c11-837e-447c0e99147c | ITER: 5 START
2019-11-26 14:01:49.317 11579 INFO rally.task.runner [-] Task 1b23e3e8-d1c9-4c11-837e-447c0e99147c | ITER: 6 START
2019-11-26 14:01:49.321 11581 INFO rally.task.runner [-] Task 1b23e3e8-d1c9-4c11-837e-447c0e99147c | ITER: 7 START
2019-11-26 14:01:49.321 11582 INFO rally.task.runner [-] Task 1b23e3e8-d1c9-4c11-837e-447c0e99147c | ITER: 8 START
2019-11-26 14:01:49.691 11581 INFO rally.task.runner [-] Task 1b23e3e8-d1c9-4c11-837e-447c0e99147c | ITER: 7 END: OK
2019-11-26 14:01:49.694 11579 INFO rally.task.runner [-] Task 1b23e3e8-d1c9-4c11-837e-447c0e99147c | ITER: 6 END: OK
2019-11-26 14:01:49.695 11581 INFO rally.task.runner [-] Task 1b23e3e8-d1c9-4c11-837e-447c0e99147c | ITER: 9 START
2019-11-26 14:01:49.697 11579 INFO rally.task.runner [-] Task 1b23e3e8-d1c9-4c11-837e-447c0e99147c | ITER: 10 START
2019-11-26 14:01:49.699 11582 INFO rally.task.runner [-] Task 1b23e3e8-d1c9-4c11-837e-447c0e99147c | ITER: 8 END: OK
2019-11-26 14:01:49.847 11580 INFO rally.task.runner [-] Task 1b23e3e8-d1c9-4c11-837e-447c0e99147c | ITER: 5 END: OK
2019-11-26 14:01:50.131 11579 INFO rally.task.runner [-] Task 1b23e3e8-d1c9-4c11-837e-447c0e99147c | ITER: 10 END: OK
2019-11-26 14:01:50.187 11581 INFO rally.task.runner [-] Task 1b23e3e8-d1c9-4c11-837e-447c0e99147c | ITER: 9 END: OK
2019-11-26 14:01:50.211 8497 INFO rally.task.context [-] Task 1b23e3e8-d1c9-4c11-837e-447c0e99147c | Context roles@openstack cleanup() started
2019-11-26 14:01:50.212 8497 RALLYDEBUG rally_openstack.contexts.keystone.roles [-] Removing assigned role 8124ecee8b204e63850653583a5602b5 from all users
2019-11-26 14:01:51.229 8497 INFO rally.task.context [-] Task 1b23e3e8-d1c9-4c11-837e-447c0e99147c | Context roles@openstack cleanup() finished in 1.02 sec
2019-11-26 14:01:51.230 8497 INFO rally.task.context [-] Task 1b23e3e8-d1c9-4c11-837e-447c0e99147c | Context users@openstack cleanup() started
2019-11-26 14:01:56.497 8497 INFO rally.task.context [-] Task 1b23e3e8-d1c9-4c11-837e-447c0e99147c | Context users@openstack cleanup() finished in 5.27 sec
2019-11-26 14:01:58.327 8497 INFO rally.task.engine [-] Load duration is: 1.429963
2019-11-26 14:01:58.328 8497 INFO rally.task.engine [-] Full runner duration is: 1.475052
2019-11-26 14:01:58.328 8497 INFO rally.task.engine [-] Full duration is: 16.320904
2019-11-26 14:01:58.624 8497 INFO rally.task.engine [-] Task 1b23e3e8-d1c9-4c11-837e-447c0e99147c | Completed: Running task.
2019-11-26 14:02:00.206 11671 RALLYDEBUG rally.api [-] INFO logs from urllib3 and requests module are hide.
2019-11-26 14:02:00.206 11671 RALLYDEBUG rally.api [-] urllib3 insecure warnings are hidden.
2019-11-26 14:02:00.206 11671 RALLYDEBUG rally.api [-] ERROR log from boto module is hide.
2019-11-26 14:02:01.475 11672 RALLYDEBUG rally.api [-] INFO logs from urllib3 and requests module are hide.
2019-11-26 14:02:01.475 11672 RALLYDEBUG rally.api [-] urllib3 insecure warnings are hidden.
2019-11-26 14:02:01.475 11672 RALLYDEBUG rally.api [-] ERROR log from boto module is hide.
2019-11-26 14:02:02.652 11673 RALLYDEBUG rally.api [-] INFO logs from urllib3 and requests module are hide.
2019-11-26 14:02:02.652 11673 RALLYDEBUG rally.api [-] urllib3 insecure warnings are hidden.
2019-11-26 14:02:02.653 11673 RALLYDEBUG rally.api [-] ERROR log from boto module is hide.
2019-11-26 14:02:04.321 11673 INFO rally.api [-] Building 'json' report for the following task(s): '1b23e3e8-d1c9-4c11-837e-447c0e99147c'.
2019-11-26 14:02:04.344 11673 INFO rally.api [-] The report has been successfully built.
2019-11-26 14:02:05.714 11675 RALLYDEBUG rally.api [-] INFO logs from urllib3 and requests module are hide.
2019-11-26 14:02:05.714 11675 RALLYDEBUG rally.api [-] urllib3 insecure warnings are hidden.
2019-11-26 14:02:05.714 11675 RALLYDEBUG rally.api [-] ERROR log from boto module is hide.
2019-11-26 14:02:07.610 11675 INFO rally.task.engine [-] Task 2692e8e9-1f68-4fcc-854e-284bc7a04018 | Starting: Task validation.
2019-11-26 14:02:07.660 11675 INFO rally.task.engine [-] Task 2692e8e9-1f68-4fcc-854e-284bc7a04018 | Starting: Task validation of syntax.
2019-11-26 14:02:07.805 11675 INFO rally.task.engine [-] Task 2692e8e9-1f68-4fcc-854e-284bc7a04018 | Completed: Task validation of syntax.
2019-11-26 14:02:07.805 11675 INFO rally.task.engine [-] Task 2692e8e9-1f68-4fcc-854e-284bc7a04018 | Starting: Task validation of required platforms.
2019-11-26 14:02:07.869 11675 INFO rally.task.engine [-] Task 2692e8e9-1f68-4fcc-854e-284bc7a04018 | Completed: Task validation of required platforms.
2019-11-26 14:02:07.871 11675 INFO rally.task.engine [-] Task 2692e8e9-1f68-4fcc-854e-284bc7a04018 | Starting: Task validation of semantic.
2019-11-26 14:02:07.871 11675 INFO rally.task.engine [-] Check health of the environment '73925250-c41d-449a-9e1d-3bea8c973e1e'.
2019-11-26 14:02:08.909 11675 INFO rally.task.engine [-] Platform existing@openstack (available: True): OK!
2019-11-26 14:02:08.931 11675 RALLYDEBUG rally_openstack.contexts.keystone.users [-] Creating 1 tenants using 20 threads
2019-11-26 14:02:09.969 11675 RALLYDEBUG rally_openstack.contexts.keystone.users [-] Creating 1 users using 20 threads
2019-11-26 14:02:11.358 11675 INFO rally.task.context [-] Task 2692e8e9-1f68-4fcc-854e-284bc7a04018 | Context users@openstack setup() finished in 2.43 sec
2019-11-26 14:02:11.455 11675 INFO rally.task.context [-] Task 2692e8e9-1f68-4fcc-854e-284bc7a04018 | Context users@openstack cleanup() started
2019-11-26 14:02:14.541 11675 INFO rally.task.context [-] Task 2692e8e9-1f68-4fcc-854e-284bc7a04018 | Context users@openstack cleanup() finished in 3.09 sec
2019-11-26 14:02:14.541 11675 INFO rally.task.engine [-] Task 2692e8e9-1f68-4fcc-854e-284bc7a04018 | Completed: Task validation of semantic.
2019-11-26 14:02:14.542 11675 INFO rally.task.engine [-] Task 2692e8e9-1f68-4fcc-854e-284bc7a04018 | Completed: Task validation.
2019-11-26 14:02:14.542 11675 INFO rally.api [-] Task 2692e8e9-1f68-4fcc-854e-284bc7a04018 input file is valid.
2019-11-26 14:02:14.543 11675 INFO rally.api [-] Run Task 2692e8e9-1f68-4fcc-854e-284bc7a04018 against Deployment 73925250-c41d-449a-9e1d-3bea8c973e1e
2019-11-26 14:02:14.543 11675 INFO rally.task.engine [-] Task 2692e8e9-1f68-4fcc-854e-284bc7a04018 | Starting: Running task.
2019-11-26 14:02:14.745 11675 INFO rally.task.engine [-] Running workload: position = 0 config = { "version": 2, "title": "A cropped version of a bigger task.", "description": "Auto-generated task from a single workload (uuid=c94c6b30-b7bb-43f6-bbc6-a8f9f8feeac4)", "subtasks": [ { "title": "KeystoneBasic.add_and_remove_user_role", "description": "Create a user role add to a user and disassociate.", "scenario": { "KeystoneBasic.add_and_remove_user_role": {} }, "contexts": { "users": { "tenants": 3, "users_per_tenant": 2 } }, "runner": { "constant": { "concurrency": 4, "times": 10 } }, "hooks": [], "sla": { "failure_rate": { "max": 0 } } } ] }
2019-11-26 14:02:14.768 11675 RALLYDEBUG rally_openstack.contexts.keystone.users [-] Creating 3 tenants using 20 threads
2019-11-26 14:02:15.726 11675 RALLYDEBUG rally_openstack.contexts.keystone.users [-] Creating 6 users using 20 threads
2019-11-26 14:02:17.235 11675 INFO rally.task.context [-] Task 2692e8e9-1f68-4fcc-854e-284bc7a04018 | Context users@openstack setup() finished in 2.47 sec
2019-11-26 14:02:17.236 11675 INFO rally.task.context [-] Task 2692e8e9-1f68-4fcc-854e-284bc7a04018 | Context admin_cleanup@openstack setup() finished in 0.05 msec
2019-11-26 14:02:17.245 11675 RALLYDEBUG rally.task.runner [-] Starting the constant runner (task UUID: 2692e8e9-1f68-4fcc-854e-284bc7a04018). times: 10 concurrency: 4 timeout: 0 max_cpu_used: 16 processes_to_start: 4 concurrency_per_worker: 1 concurrency_overhead: 0
2019-11-26 14:02:17.258 11799 RALLYDEBUG rally.task.runner [-] Starting a worker. times: 10 duration: None concurrency: 1 timeout: 0 cls: method_name: run args: {}
2019-11-26 14:02:17.262 11800 RALLYDEBUG rally.task.runner [-] Starting a worker. times: 10 duration: None concurrency: 1 timeout: 0 cls: method_name: run args: {}
2019-11-26 14:02:17.265 11799 INFO rally.task.runner [-] Task 2692e8e9-1f68-4fcc-854e-284bc7a04018 | ITER: 1 START
2019-11-26 14:02:17.265 11801 RALLYDEBUG rally.task.runner [-] Starting a worker. times: 10 duration: None concurrency: 1 timeout: 0 cls: method_name: run args: {}
2019-11-26 14:02:17.268 11800 INFO rally.task.runner [-] Task 2692e8e9-1f68-4fcc-854e-284bc7a04018 | ITER: 2 START
2019-11-26 14:02:17.268 11803 RALLYDEBUG rally.task.runner [-] Starting a worker. times: 10 duration: None concurrency: 1 timeout: 0 cls: method_name: run args: {}
2019-11-26 14:02:17.271 11801 INFO rally.task.runner [-] Task 2692e8e9-1f68-4fcc-854e-284bc7a04018 | ITER: 3 START
2019-11-26 14:02:17.273 11803 INFO rally.task.runner [-] Task 2692e8e9-1f68-4fcc-854e-284bc7a04018 | ITER: 4 START
2019-11-26 14:02:18.770 11801 INFO rally.task.runner [-] Task 2692e8e9-1f68-4fcc-854e-284bc7a04018 | ITER: 3 END: OK
2019-11-26 14:02:18.774 11801 INFO rally.task.runner [-] Task 2692e8e9-1f68-4fcc-854e-284bc7a04018 | ITER: 5 START
2019-11-26 14:02:18.778 11803 INFO rally.task.runner [-] Task 2692e8e9-1f68-4fcc-854e-284bc7a04018 | ITER: 4 END: OK
2019-11-26 14:02:18.783 11803 INFO rally.task.runner [-] Task 2692e8e9-1f68-4fcc-854e-284bc7a04018 | ITER: 6 START
2019-11-26 14:02:18.786 11800 INFO rally.task.runner [-] Task 2692e8e9-1f68-4fcc-854e-284bc7a04018 | ITER: 2 END: OK
2019-11-26 14:02:18.790 11800 INFO rally.task.runner [-] Task 2692e8e9-1f68-4fcc-854e-284bc7a04018 | ITER: 7 START
2019-11-26 14:02:18.865 11799 INFO rally.task.runner [-] Task 2692e8e9-1f68-4fcc-854e-284bc7a04018 | ITER: 1 END: OK
2019-11-26 14:02:18.869 11799 INFO rally.task.runner [-] Task 2692e8e9-1f68-4fcc-854e-284bc7a04018 | ITER: 8 START
2019-11-26 14:02:20.304 11801 INFO rally.task.runner [-] Task 2692e8e9-1f68-4fcc-854e-284bc7a04018 | ITER: 5 END: OK
2019-11-26 14:02:20.307 11801 INFO rally.task.runner [-] Task 2692e8e9-1f68-4fcc-854e-284bc7a04018 | ITER: 9 START
2019-11-26 14:02:20.315 11803 INFO rally.task.runner [-] Task 2692e8e9-1f68-4fcc-854e-284bc7a04018 | ITER: 6 END: OK
2019-11-26 14:02:20.318 11803 INFO rally.task.runner [-] Task 2692e8e9-1f68-4fcc-854e-284bc7a04018 | ITER: 10 START
2019-11-26 14:02:20.395 11800 INFO rally.task.runner [-] Task 2692e8e9-1f68-4fcc-854e-284bc7a04018 | ITER: 7 END: OK
2019-11-26 14:02:20.564 11799 INFO rally.task.runner [-] Task 2692e8e9-1f68-4fcc-854e-284bc7a04018 | ITER: 8 END: OK
2019-11-26 14:02:21.964 11803 INFO rally.task.runner [-] Task 2692e8e9-1f68-4fcc-854e-284bc7a04018 | ITER: 10 END: OK
2019-11-26 14:02:22.053 11801 INFO rally.task.runner [-] Task 2692e8e9-1f68-4fcc-854e-284bc7a04018 | ITER: 9 END: OK
2019-11-26 14:02:22.082 11675 INFO rally.task.context [-] Task 2692e8e9-1f68-4fcc-854e-284bc7a04018 | Context admin_cleanup@openstack cleanup() started
2019-11-26 14:02:22.085 11675 RALLYDEBUG rally_openstack.cleanup.manager [-] Cleaning up keystone user objects
2019-11-26 14:02:22.980 11675 RALLYDEBUG rally_openstack.cleanup.manager [-] Cleaning up keystone project objects
2019-11-26 14:02:23.732 11675 RALLYDEBUG rally_openstack.cleanup.manager [-] Cleaning up keystone service objects
2019-11-26 14:02:24.503 11675 RALLYDEBUG rally_openstack.cleanup.manager [-] Cleaning up keystone role objects
2019-11-26 14:02:25.243 11675 RALLYDEBUG rally_openstack.cleanup.manager [-] Deleting keystone.role object s_rally_c94c6b30_h1yUpQUG (26b8939fd7c94ef99ebc032caf1512c8)
2019-11-26 14:02:25.254 11675 RALLYDEBUG rally_openstack.cleanup.manager [-] Deleting keystone.role object s_rally_c94c6b30_FdolO1CQ (316624ee891d43588b75484a153dddef)
2019-11-26 14:02:25.263 11675 RALLYDEBUG rally_openstack.cleanup.manager [-] Deleting keystone.role object s_rally_c94c6b30_4t9gODss (32200315bd454401890691b9cd67ae7a)
2019-11-26 14:02:25.273 11675 RALLYDEBUG rally_openstack.cleanup.manager [-] Deleting keystone.role object s_rally_c94c6b30_grQNiIW4 (6d01b2d2bbe8474bb733defb1c257842)
2019-11-26 14:02:25.282 11675 RALLYDEBUG rally_openstack.cleanup.manager [-] Deleting keystone.role object s_rally_c94c6b30_cs0NbOsa (6fb5920c1ad243b683c17ae23f2bd4db)
2019-11-26 14:02:25.283 11675 RALLYDEBUG rally_openstack.cleanup.manager [-] Deleting keystone.role object s_rally_c94c6b30_zkm0abSp (51e6ce5d84e44a4db5b6cc6a93ece16b)
2019-11-26 14:02:25.318 11675 RALLYDEBUG rally_openstack.cleanup.manager [-] Deleting keystone.role object s_rally_c94c6b30_1l5DVjMh (977ca0e37b81433abf58dffec0422a48)
2019-11-26 14:02:25.319 11675 RALLYDEBUG rally_openstack.cleanup.manager [-] Deleting keystone.role object s_rally_c94c6b30_7nd1Vx3W (b37fca4ac90848c6b4e48420fb4680c0)
2019-11-26 14:02:25.323 11675 RALLYDEBUG rally_openstack.cleanup.manager [-] Deleting keystone.role object s_rally_c94c6b30_XLlsFhVl (fac561ac5b9d43a8ba385e5c59e39925)
2019-11-26 14:02:25.337 11675 RALLYDEBUG rally_openstack.cleanup.manager [-] Deleting keystone.role object s_rally_c94c6b30_9lPip0h9 (fafdecb836b24babbda6166080f36cf2)
2019-11-26 14:02:27.617 11675 INFO rally.task.context [-] Task 2692e8e9-1f68-4fcc-854e-284bc7a04018 | Context admin_cleanup@openstack cleanup() finished in 5.53 sec
2019-11-26 14:02:27.617 11675 INFO rally.task.context [-] Task 2692e8e9-1f68-4fcc-854e-284bc7a04018 | Context users@openstack cleanup() started
2019-11-26 14:02:32.533 11675 INFO rally.task.context [-] Task 2692e8e9-1f68-4fcc-854e-284bc7a04018 | Context users@openstack cleanup() finished in 4.92 sec
2019-11-26 14:02:32.874 11675 INFO rally.task.engine [-] Load duration is: 3.485525
2019-11-26 14:02:32.874 11675 INFO rally.task.engine [-] Full runner duration is: 4.837358
2019-11-26 14:02:32.874 11675 INFO rally.task.engine [-] Full duration is: 17.76611
2019-11-26 14:02:33.237 11675 INFO rally.task.engine [-] Running workload: position = 0 config = { "version": 2, "title": "A cropped version of a bigger task.", "description": "Auto-generated task from a single workload (uuid=b7865d85-f32b-4c99-8492-f6c9f6edef15)", "subtasks": [ { "title": "KeystoneBasic.create_add_and_list_user_roles", "description": "Create user role, add it and list user roles for given user.", "scenario": { "KeystoneBasic.create_add_and_list_user_roles": {} }, "contexts": { "users": { "tenants": 3, "users_per_tenant": 2 } }, "runner": { "constant": { "concurrency": 4, "times": 10 } }, "hooks": [], "sla": { "failure_rate": { "max": 0 } } } ] }
2019-11-26 14:02:33.262 11675 RALLYDEBUG rally_openstack.contexts.keystone.users [-] Creating 3 tenants using 20 threads
2019-11-26 14:02:34.246 11675 RALLYDEBUG rally_openstack.contexts.keystone.users [-] Creating 6 users using 20 threads
2019-11-26 14:02:35.779 11675 INFO rally.task.context [-] Task 2692e8e9-1f68-4fcc-854e-284bc7a04018 | Context users@openstack setup() finished in 2.52 sec
2019-11-26 14:02:35.780 11675 INFO rally.task.context [-] Task 2692e8e9-1f68-4fcc-854e-284bc7a04018 | Context admin_cleanup@openstack setup() finished in 0.02 msec
2019-11-26 14:02:35.788 11675 RALLYDEBUG rally.task.runner [-] Starting the constant runner (task UUID: 2692e8e9-1f68-4fcc-854e-284bc7a04018). times: 10 concurrency: 4 timeout: 0 max_cpu_used: 16 processes_to_start: 4 concurrency_per_worker: 1 concurrency_overhead: 0
2019-11-26 14:02:35.800 11983 RALLYDEBUG rally.task.runner [-] Starting a worker. times: 10 duration: None concurrency: 1 timeout: 0 cls: method_name: run args: {}
2019-11-26 14:02:35.803 11984 RALLYDEBUG rally.task.runner [-] Starting a worker. times: 10 duration: None concurrency: 1 timeout: 0 cls: method_name: run args: {}
2019-11-26 14:02:35.807 11983 INFO rally.task.runner [-] Task 2692e8e9-1f68-4fcc-854e-284bc7a04018 | ITER: 1 START
2019-11-26 14:02:35.806 11985 RALLYDEBUG rally.task.runner [-] Starting a worker. times: 10 duration: None concurrency: 1 timeout: 0 cls: method_name: run args: {}
2019-11-26 14:02:35.809 11984 INFO rally.task.runner [-] Task 2692e8e9-1f68-4fcc-854e-284bc7a04018 | ITER: 2 START
2019-11-26 14:02:35.809 11986 RALLYDEBUG rally.task.runner [-] Starting a worker. times: 10 duration: None concurrency: 1 timeout: 0 cls: method_name: run args: {}
2019-11-26 14:02:35.813 11985 INFO rally.task.runner [-] Task 2692e8e9-1f68-4fcc-854e-284bc7a04018 | ITER: 3 START
2019-11-26 14:02:35.815 11986 INFO rally.task.runner [-] Task 2692e8e9-1f68-4fcc-854e-284bc7a04018 | ITER: 4 START
2019-11-26 14:02:37.301 11985 INFO rally.task.runner [-] Task 2692e8e9-1f68-4fcc-854e-284bc7a04018 | ITER: 3 END: OK
2019-11-26 14:02:37.306 11985 INFO rally.task.runner [-] Task 2692e8e9-1f68-4fcc-854e-284bc7a04018 | ITER: 5 START
2019-11-26 14:02:37.309 11983 INFO rally.task.runner [-] Task 2692e8e9-1f68-4fcc-854e-284bc7a04018 | ITER: 1 END: OK
2019-11-26 14:02:37.314 11983 INFO rally.task.runner [-] Task 2692e8e9-1f68-4fcc-854e-284bc7a04018 | ITER: 6 START
2019-11-26 14:02:37.321 11986 INFO rally.task.runner [-] Task 2692e8e9-1f68-4fcc-854e-284bc7a04018 | ITER: 4 END: OK
2019-11-26 14:02:37.325 11986 INFO rally.task.runner [-] Task 2692e8e9-1f68-4fcc-854e-284bc7a04018 | ITER: 7 START
2019-11-26 14:02:37.507 11984 INFO rally.task.runner [-] Task 2692e8e9-1f68-4fcc-854e-284bc7a04018 | ITER: 2 END: OK
2019-11-26 14:02:37.511 11984 INFO rally.task.runner [-] Task 2692e8e9-1f68-4fcc-854e-284bc7a04018 | ITER: 8 START
2019-11-26 14:02:38.772 11983 INFO rally.task.runner [-] Task 2692e8e9-1f68-4fcc-854e-284bc7a04018 | ITER: 6 END: OK
2019-11-26 14:02:38.776 11983 INFO rally.task.runner [-] Task 2692e8e9-1f68-4fcc-854e-284bc7a04018 | ITER: 9 START
2019-11-26 14:02:38.776 11985 INFO rally.task.runner [-] Task 2692e8e9-1f68-4fcc-854e-284bc7a04018 | ITER: 5 END: OK
2019-11-26 14:02:38.780 11985 INFO rally.task.runner [-] Task 2692e8e9-1f68-4fcc-854e-284bc7a04018 | ITER: 10 START
2019-11-26 14:02:38.916 11986 INFO rally.task.runner [-] Task 2692e8e9-1f68-4fcc-854e-284bc7a04018 | ITER: 7 END: OK
2019-11-26 14:02:39.078 11984 INFO rally.task.runner [-] Task 2692e8e9-1f68-4fcc-854e-284bc7a04018 | ITER: 8 END: OK
2019-11-26 14:02:40.301 11983 INFO rally.task.runner [-] Task 2692e8e9-1f68-4fcc-854e-284bc7a04018 | ITER: 9 END: OK
2019-11-26 14:02:40.420 11985 INFO rally.task.runner [-] Task 2692e8e9-1f68-4fcc-854e-284bc7a04018 | ITER: 10 END: OK
2019-11-26 14:02:40.447 11675 INFO rally.task.context [-] Task 2692e8e9-1f68-4fcc-854e-284bc7a04018 | Context admin_cleanup@openstack cleanup() started
2019-11-26 14:02:40.451 11675 RALLYDEBUG rally_openstack.cleanup.manager [-] Cleaning up keystone user objects
2019-11-26 14:02:41.294 11675 RALLYDEBUG rally_openstack.cleanup.manager [-] Cleaning up keystone project objects
2019-11-26 14:02:42.059 11675 RALLYDEBUG rally_openstack.cleanup.manager [-] Cleaning up keystone service objects
2019-11-26 14:02:42.820 11675 RALLYDEBUG rally_openstack.cleanup.manager [-] Cleaning up keystone role objects
2019-11-26 14:02:43.555 11675 RALLYDEBUG rally_openstack.cleanup.manager [-] Deleting keystone.role object s_rally_b7865d85_bUdBKxcQ (04de60d6783f4f96b3e6e876eb9ae0d3)
2019-11-26 14:02:43.565 11675 RALLYDEBUG rally_openstack.cleanup.manager [-] Deleting keystone.role object s_rally_b7865d85_4k3Gl3ts (212eff9a90a14fc0ad16bc8dd446002c)
2019-11-26 14:02:43.577 11675 RALLYDEBUG rally_openstack.cleanup.manager [-] Deleting keystone.role object s_rally_b7865d85_KBltg7hS (2767348c71a54197926c902a5f9ebabd)
2019-11-26 14:02:43.587 11675 RALLYDEBUG rally_openstack.cleanup.manager [-] Deleting keystone.role object s_rally_b7865d85_SpqVKnl3 (375527bf00ff4ee88aa3e696b85c7735)
2019-11-26 14:02:43.604 11675 RALLYDEBUG rally_openstack.cleanup.manager [-] Deleting keystone.role object s_rally_b7865d85_qSNsKX4Z (65817ad299b24c4f9bfa75ffd056aa77)
2019-11-26 14:02:43.617 11675 RALLYDEBUG rally_openstack.cleanup.manager [-] Deleting keystone.role object s_rally_b7865d85_F9kSFqmn (6f8d502b5bdb4f3eab0e9167d70585a0)
2019-11-26 14:02:43.633 11675 RALLYDEBUG rally_openstack.cleanup.manager [-] Deleting keystone.role object s_rally_b7865d85_b7CnIr2m (6f97a4998f16482583c3a0424fae4bfb)
2019-11-26 14:02:43.653 11675 RALLYDEBUG rally_openstack.cleanup.manager [-] Deleting keystone.role object s_rally_b7865d85_WX1e6dvf (8aa594a95fdf4135a5b960dd495fa79f)
2019-11-26 14:02:43.664 11675 RALLYDEBUG rally_openstack.cleanup.manager [-] Deleting keystone.role object s_rally_b7865d85_BTyM1MDK (c3006b13e7984a8c846f83368c6217f5)
2019-11-26 14:02:43.686 11675 RALLYDEBUG rally_openstack.cleanup.manager [-] Deleting keystone.role object s_rally_b7865d85_hZhWmPkW (f6de046f36cb4591bafa3683322382a1)
2019-11-26 14:02:45.806 11675 INFO rally.task.context [-] Task 2692e8e9-1f68-4fcc-854e-284bc7a04018 | Context admin_cleanup@openstack cleanup() finished in 5.36 sec
2019-11-26 14:02:45.807 11675 INFO rally.task.context [-] Task 2692e8e9-1f68-4fcc-854e-284bc7a04018 | Context users@openstack cleanup() started
2019-11-26 14:02:50.883 11675 INFO rally.task.context [-] Task 2692e8e9-1f68-4fcc-854e-284bc7a04018 | Context users@openstack cleanup() finished in 5.08 sec
2019-11-26 14:02:51.420 11675 INFO rally.task.engine [-] Load duration is: 3.310086
2019-11-26 14:02:51.421 11675 INFO rally.task.engine [-] Full runner duration is: 4.659742
2019-11-26 14:02:51.421 11675 INFO rally.task.engine [-] Full duration is: 17.6226
2019-11-26 14:02:51.771 11675 INFO rally.task.engine [-] Running workload: position = 0 config = { "version": 2, "title": "A cropped version of a bigger task.", "description": "Auto-generated task from a single workload (uuid=03eba3bc-3907-4a68-a91b-e7b67084356c)", "subtasks": [ { "title": "KeystoneBasic.create_and_list_tenants", "description": "Create a keystone tenant with random name and list all tenants.", "scenario": { "KeystoneBasic.create_and_list_tenants": {} }, "contexts": { "users": { "tenants": 3, "users_per_tenant": 2 } }, "runner": { "constant": { "concurrency": 4, "times": 10 } }, "hooks": [], "sla": { "failure_rate": { "max": 0 } } } ] }
2019-11-26 14:02:51.795 11675 RALLYDEBUG rally_openstack.contexts.keystone.users [-] Creating 3 tenants using 20 threads
