2019-11-26 14:54:00.145 20411 INFO rally.task.engine [-] Running workload: position = 0 config = { "version": 2, "title": "A cropped version of a bigger task.", "description": "Auto-generated task from a single workload (uuid=5a330426-09e9-4699-b328-3c8cc6960acd)", "subtasks": [ { "title": "NovaKeypair.boot_and_delete_server_with_keypair", "description": "Boot and delete server with keypair.", "scenario": { "NovaKeypair.boot_and_delete_server_with_keypair": { "flavor": { "name": "rally_full-flavor_14c80e47-fc5e-4341-b211-0fe7e7cf2394" }, "image": { "name": "rally_full-img_14c80e47-fc5e-4341-b211-0fe7e7cf2394" }, "server_kwargs": { "nics": [ { "net-id": "6abc0ace-55e5-437e-8ca2-3154ab90105d" } ] } } }, "contexts": { "users": { "tenants": 3, "users_per_tenant": 2 }, "network": { "networks_per_tenant": 1, "start_cidr": "100.1.0.0/25" }, "quotas": { "neutron": { "network": -1, "port": -1, "subnet": -1 }, "nova": { "cores": -1, "floating_ips": -1, "instances": -1, "key_pairs": -1, "ram": -1, "security_group_rules": -1, "security_groups": -1 } } }, "runner": { "constant": { "concurrency": 4, "times": 10 } }, "hooks": [], "sla": { "failure_rate": { "max": 0 } } } ] }
2019-11-26 14:54:00.171 20411 RALLYDEBUG rally_openstack.contexts.keystone.users [-] Creating 3 tenants using 20 threads
2019-11-26 14:54:01.236 20411 RALLYDEBUG rally_openstack.contexts.keystone.users [-] Creating 6 users using 20 threads
2019-11-26 14:54:02.791 20411 INFO rally.task.context [-] Task 0dafeb38-ea40-466d-89d6-45d6e450890d | Context users@openstack setup() finished in 2.62 sec
2019-11-26 14:54:04.558 20411 INFO rally.task.context [-] Task 0dafeb38-ea40-466d-89d6-45d6e450890d | Context quotas@openstack setup() finished in 1.77 sec
2019-11-26 14:54:07.116 20411 RALLYDEBUG rally_openstack.wrappers.network [-] CIDR generated: 100.1.9.0/25
2019-11-26 14:54:11.619 20411 RALLYDEBUG rally_openstack.wrappers.network [-] CIDR generated: 100.1.9.128/25
2019-11-26 14:54:16.103 20411 RALLYDEBUG rally_openstack.wrappers.network [-] CIDR generated: 100.1.10.0/25
2019-11-26 14:54:18.632 20411 INFO rally.task.context [-] Task 0dafeb38-ea40-466d-89d6-45d6e450890d | Context network@openstack setup() finished in 14.07 sec
2019-11-26 14:54:18.632 20411 INFO rally.task.context [-] Task 0dafeb38-ea40-466d-89d6-45d6e450890d | Context cleanup@openstack setup() finished in 0.02 msec
2019-11-26 14:54:19.479 20411 RALLYDEBUG rally.task.runner [-] Starting the constant runner (task UUID: 0dafeb38-ea40-466d-89d6-45d6e450890d). times: 10 concurrency: 4 timeout: 0 max_cpu_used: 16 processes_to_start: 4 concurrency_per_worker: 1 concurrency_overhead: 0
2019-11-26 14:54:19.491 23051 RALLYDEBUG rally.task.runner [-] Starting a worker. times: 10 duration: None concurrency: 1 timeout: 0 cls: method_name: run args: {"flavor": "557b1827-d554-482f-8e5c-ff4a7235ad1e", "image": "d28fe962-223c-4c25-a219-b707ace03132", "server_kwargs": {"nics": [{"net-id": "6abc0ace-55e5-437e-8ca2-3154ab90105d"}]}}
2019-11-26 14:54:19.495 23052 RALLYDEBUG rally.task.runner [-] Starting a worker. times: 10 duration: None concurrency: 1 timeout: 0 cls: method_name: run args: {"flavor": "557b1827-d554-482f-8e5c-ff4a7235ad1e", "image": "d28fe962-223c-4c25-a219-b707ace03132", "server_kwargs": {"nics": [{"net-id": "6abc0ace-55e5-437e-8ca2-3154ab90105d"}]}}
2019-11-26 14:54:19.499 23051 INFO rally.task.runner [-] Task 0dafeb38-ea40-466d-89d6-45d6e450890d | ITER: 1 START
2019-11-26 14:54:19.499 23053 RALLYDEBUG rally.task.runner [-] Starting a worker. times: 10 duration: None concurrency: 1 timeout: 0 cls: method_name: run args: {"flavor": "557b1827-d554-482f-8e5c-ff4a7235ad1e", "image": "d28fe962-223c-4c25-a219-b707ace03132", "server_kwargs": {"nics": [{"net-id": "6abc0ace-55e5-437e-8ca2-3154ab90105d"}]}}
2019-11-26 14:54:19.503 23052 INFO rally.task.runner [-] Task 0dafeb38-ea40-466d-89d6-45d6e450890d | ITER: 2 START
2019-11-26 14:54:19.502 23054 RALLYDEBUG rally.task.runner [-] Starting a worker. times: 10 duration: None concurrency: 1 timeout: 0 cls: method_name: run args: {"flavor": "557b1827-d554-482f-8e5c-ff4a7235ad1e", "image": "d28fe962-223c-4c25-a219-b707ace03132", "server_kwargs": {"nics": [{"net-id": "6abc0ace-55e5-437e-8ca2-3154ab90105d"}]}}
2019-11-26 14:54:19.504 23051 WARNING rally.common.logging [-] Argument(s): `server_kwargs' of `run()' are deprecated in v0.3.2: 'server_kwargs' has been renamed 'boot_server_kwargs'. Used at
2019-11-26 14:54:19.506 23053 INFO rally.task.runner [-] Task 0dafeb38-ea40-466d-89d6-45d6e450890d | ITER: 3 START
2019-11-26 14:54:19.508 23052 WARNING rally.common.logging [-] Argument(s): `server_kwargs' of `run()' are deprecated in v0.3.2: 'server_kwargs' has been renamed 'boot_server_kwargs'. Used at
2019-11-26 14:54:19.510 23054 INFO rally.task.runner [-] Task 0dafeb38-ea40-466d-89d6-45d6e450890d | ITER: 4 START
2019-11-26 14:54:19.511 23053 WARNING rally.common.logging [-] Argument(s): `server_kwargs' of `run()' are deprecated in v0.3.2: 'server_kwargs' has been renamed 'boot_server_kwargs'. Used at
2019-11-26 14:54:19.514 23054 WARNING rally.common.logging [-] Argument(s): `server_kwargs' of `run()' are deprecated in v0.3.2: 'server_kwargs' has been renamed 'boot_server_kwargs'. Used at
2019-11-26 14:54:26.614 23053 RALLYDEBUG rally.task.utils [-] Waiting for resource s_rally_5a330426_wFImcWFJ. Status changed: BUILD => ACTIVE in 4.714148283004761
2019-11-26 14:54:29.000 23054 RALLYDEBUG rally.task.utils [-] Waiting for resource s_rally_5a330426_P8UeJKrt. Status changed: BUILD => ACTIVE in 6.80384373664856
2019-11-26 14:54:29.131 23053 INFO rally.task.runner [-] Task 0dafeb38-ea40-466d-89d6-45d6e450890d | ITER: 3 END: OK
2019-11-26 14:54:29.136 23053 INFO rally.task.runner [-] Task 0dafeb38-ea40-466d-89d6-45d6e450890d | ITER: 5 START
2019-11-26 14:54:29.223 23051 RALLYDEBUG rally.task.utils [-] Waiting for resource s_rally_5a330426_xmQCtCRq. Status changed: BUILD => ACTIVE in 6.812123537063599
2019-11-26 14:54:30.989 23052 RALLYDEBUG rally.task.utils [-] Waiting for resource s_rally_5a330426_YLPbazp0. Status changed: BUILD => ACTIVE in 9.08671760559082
2019-11-26 14:54:31.379 23054 INFO rally.task.runner [-] Task 0dafeb38-ea40-466d-89d6-45d6e450890d | ITER: 4 END: OK
2019-11-26 14:54:31.384 23054 INFO rally.task.runner [-] Task 0dafeb38-ea40-466d-89d6-45d6e450890d | ITER: 6 START
2019-11-26 14:54:31.756 23051 INFO rally.task.runner [-] Task 0dafeb38-ea40-466d-89d6-45d6e450890d | ITER: 1 END: OK
2019-11-26 14:54:31.761 23051 INFO rally.task.runner [-] Task 0dafeb38-ea40-466d-89d6-45d6e450890d | ITER: 7 START
2019-11-26 14:54:33.359 23052 INFO rally.task.runner [-] Task 0dafeb38-ea40-466d-89d6-45d6e450890d | ITER: 2 END: OK
2019-11-26 14:54:33.364 23052 INFO rally.task.runner [-] Task 0dafeb38-ea40-466d-89d6-45d6e450890d | ITER: 8 START
2019-11-26 14:54:35.905 23053 RALLYDEBUG rally.task.utils [-] Waiting for resource s_rally_5a330426_XKH9JHO0. Status changed: BUILD => ACTIVE in 4.457598924636841
2019-11-26 14:54:38.288 23053 INFO rally.task.runner [-] Task 0dafeb38-ea40-466d-89d6-45d6e450890d | ITER: 5 END: OK
2019-11-26 14:54:38.292 23053 INFO rally.task.runner [-] Task 0dafeb38-ea40-466d-89d6-45d6e450890d | ITER: 9 START
2019-11-26 14:54:38.507 23054 RALLYDEBUG rally.task.utils [-] Waiting for resource s_rally_5a330426_YhjLRJVg. Status changed: BUILD => ACTIVE in 4.671465635299683
2019-11-26 14:54:38.793 23051 RALLYDEBUG rally.task.utils [-] Waiting for resource s_rally_5a330426_bailS6Vf. Status changed: BUILD => ACTIVE in 4.56325888633728
2019-11-26 14:54:40.652 23052 RALLYDEBUG rally.task.utils [-] Waiting for resource s_rally_5a330426_3FmqSFee. Status changed: BUILD => ACTIVE in 4.548830509185791
2019-11-26 14:54:40.835 23054 INFO rally.task.runner [-] Task 0dafeb38-ea40-466d-89d6-45d6e450890d | ITER: 6 END: OK
2019-11-26 14:54:40.842 23054 INFO rally.task.runner [-] Task 0dafeb38-ea40-466d-89d6-45d6e450890d | ITER: 10 START
2019-11-26 14:54:41.273 23051 INFO rally.task.runner [-] Task 0dafeb38-ea40-466d-89d6-45d6e450890d | ITER: 7 END: OK
2019-11-26 14:54:43.024 23052 INFO rally.task.runner [-] Task 0dafeb38-ea40-466d-89d6-45d6e450890d | ITER: 8 END: OK
2019-11-26 14:54:45.234 23053 RALLYDEBUG rally.task.utils [-] Waiting for resource s_rally_5a330426_clRo6HAm. Status changed: BUILD => ACTIVE in 4.6413187980651855
2019-11-26 14:54:47.590 23053 INFO rally.task.runner [-] Task 0dafeb38-ea40-466d-89d6-45d6e450890d | ITER: 9 END: OK
2019-11-26 14:54:47.958 23054 RALLYDEBUG rally.task.utils [-] Waiting for resource s_rally_5a330426_P5u0htB5. Status changed: BUILD => ACTIVE in 4.844163417816162
2019-11-26 14:54:50.435 23054 INFO rally.task.runner [-] Task 0dafeb38-ea40-466d-89d6-45d6e450890d | ITER: 10 END: OK
2019-11-26 14:54:50.464 20411 INFO rally.task.context [-] Task 0dafeb38-ea40-466d-89d6-45d6e450890d | Context cleanup@openstack cleanup() started
2019-11-26 14:54:50.468 20411 RALLYDEBUG rally_openstack.cleanup.manager [-] Cleaning up nova servers objects
2019-11-26 14:54:51.815 20411 RALLYDEBUG rally_openstack.cleanup.manager [-] Cleaning up nova server_groups objects
2019-11-26 14:54:53.006 20411 RALLYDEBUG rally_openstack.cleanup.manager [-] Cleaning up nova keypairs objects
2019-11-26 14:54:55.472 20411 INFO rally.task.context [-] Task 0dafeb38-ea40-466d-89d6-45d6e450890d | Context cleanup@openstack cleanup() finished in 5.01 sec
2019-11-26 14:54:55.473 20411 INFO rally.task.context [-] Task 0dafeb38-ea40-466d-89d6-45d6e450890d | Context network@openstack cleanup() started
2019-11-26 14:55:19.095 20411 INFO rally.task.context [-] Task 0dafeb38-ea40-466d-89d6-45d6e450890d | Context network@openstack cleanup() finished in 23.62 sec
2019-11-26 14:55:19.096 20411 INFO rally.task.context [-] Task 0dafeb38-ea40-466d-89d6-45d6e450890d | Context quotas@openstack cleanup() started
2019-11-26 14:55:19.411 20411 INFO rally.task.context [-] Task 0dafeb38-ea40-466d-89d6-45d6e450890d | Context quotas@openstack cleanup() finished in 0.32 sec
2019-11-26 14:55:19.412 20411 INFO rally.task.context [-] Task 0dafeb38-ea40-466d-89d6-45d6e450890d | Context users@openstack cleanup() started
2019-11-26 14:55:23.613 20411 INFO rally.task.context [-] Task 0dafeb38-ea40-466d-89d6-45d6e450890d | Context users@openstack cleanup() finished in 4.20 sec
2019-11-26 14:55:24.565 20411 INFO rally.task.engine [-] Load duration is: 29.934807
2019-11-26 14:55:24.565 20411 INFO rally.task.engine [-] Full runner duration is: 30.985412
2019-11-26 14:55:24.566 20411 INFO rally.task.engine [-] Full duration is: 83.444898
2019-11-26 14:55:24.912 20411 INFO rally.task.engine [-] Running workload: position = 0 config = { "version": 2, "title": "A cropped version of a bigger task.", "description": "Auto-generated task from a single workload (uuid=aeb72079-c366-4417-a242-3fac81d25dd1)", "subtasks": [ { "title": "NovaServers.boot_server_from_volume_and_delete", "description": "Boot a server from volume and then delete it.", "scenario": { "NovaServers.boot_server_from_volume_and_delete": { "flavor": { "name": "rally_full-flavor_14c80e47-fc5e-4341-b211-0fe7e7cf2394" }, "image": { "name": "rally_full-img_14c80e47-fc5e-4341-b211-0fe7e7cf2394" }, "volume_size": 1, "nics": [ { "net-id": "6abc0ace-55e5-437e-8ca2-3154ab90105d" } ] } }, "contexts": { "users": { "tenants": 3, "users_per_tenant": 2 }, "network": { "networks_per_tenant": 1, "start_cidr": "100.1.0.0/25" }, "quotas": { "cinder": { "gigabytes": -1, "snapshots": -1, "volumes": -1 }, "neutron": { "network": -1, "port": -1, "subnet": -1 }, "nova": { "cores": -1, "floating_ips": -1, "instances": -1, "ram": -1, "security_group_rules": -1, "security_groups": -1 } }, "api_versions": { "cinder": { "version": 3, "service_type": "volumev3" } } }, "runner": { "constant": { "concurrency": 4, "times": 10 } }, "hooks": [], "sla": { "failure_rate": { "max": 0 } } } ] }
2019-11-26 14:55:24.940 20411 RALLYDEBUG rally_openstack.contexts.keystone.users [-] Creating 3 tenants using 20 threads
2019-11-26 14:55:25.993 20411 RALLYDEBUG rally_openstack.contexts.keystone.users [-] Creating 6 users using 20 threads
2019-11-26 14:55:27.551 20411 INFO rally.task.context [-] Task 0dafeb38-ea40-466d-89d6-45d6e450890d | Context users@openstack setup() finished in 2.61 sec
2019-11-26 14:55:27.972 20411 INFO rally.task.context [-] Task 0dafeb38-ea40-466d-89d6-45d6e450890d | Context api_versions@openstack setup() finished in 0.42 sec
2019-11-26 14:55:30.236 20411 INFO rally.task.context [-] Task 0dafeb38-ea40-466d-89d6-45d6e450890d | Context quotas@openstack setup() finished in 2.26 sec
2019-11-26 14:55:32.796 20411 RALLYDEBUG rally_openstack.wrappers.network [-] CIDR generated: 100.1.10.128/25
2019-11-26 14:55:36.865 20411 RALLYDEBUG rally_openstack.wrappers.network [-] CIDR generated: 100.1.11.0/25
2019-11-26 14:55:40.890 20411 RALLYDEBUG rally_openstack.wrappers.network [-] CIDR generated: 100.1.11.128/25
2019-11-26 14:55:43.188 20411 INFO rally.task.context [-] Task 0dafeb38-ea40-466d-89d6-45d6e450890d | Context network@openstack setup() finished in 12.95 sec
2019-11-26 14:55:43.189 20411 INFO rally.task.context [-] Task 0dafeb38-ea40-466d-89d6-45d6e450890d | Context cleanup@openstack setup() finished in 0.02 msec
2019-11-26 14:55:44.047 20411 RALLYDEBUG rally.task.runner [-] Starting the constant runner (task UUID: 0dafeb38-ea40-466d-89d6-45d6e450890d). times: 10 concurrency: 4 timeout: 0 max_cpu_used: 16 processes_to_start: 4 concurrency_per_worker: 1 concurrency_overhead: 0
2019-11-26 14:55:44.059 23215 RALLYDEBUG rally.task.runner [-] Starting a worker. times: 10 duration: None concurrency: 1 timeout: 0 cls: method_name: run args: {"flavor": "557b1827-d554-482f-8e5c-ff4a7235ad1e", "image": "d28fe962-223c-4c25-a219-b707ace03132", "volume_size": 1, "nics": [{"net-id": "6abc0ace-55e5-437e-8ca2-3154ab90105d"}]}
2019-11-26 14:55:44.063 23216 RALLYDEBUG rally.task.runner [-] Starting a worker. times: 10 duration: None concurrency: 1 timeout: 0 cls: method_name: run args: {"flavor": "557b1827-d554-482f-8e5c-ff4a7235ad1e", "image": "d28fe962-223c-4c25-a219-b707ace03132", "volume_size": 1, "nics": [{"net-id": "6abc0ace-55e5-437e-8ca2-3154ab90105d"}]}
2019-11-26 14:55:44.068 23215 INFO rally.task.runner [-] Task 0dafeb38-ea40-466d-89d6-45d6e450890d | ITER: 1 START
2019-11-26 14:55:44.067 23217 RALLYDEBUG rally.task.runner [-] Starting a worker. times: 10 duration: None concurrency: 1 timeout: 0 cls: method_name: run args: {"flavor": "557b1827-d554-482f-8e5c-ff4a7235ad1e", "image": "d28fe962-223c-4c25-a219-b707ace03132", "volume_size": 1, "nics": [{"net-id": "6abc0ace-55e5-437e-8ca2-3154ab90105d"}]}
2019-11-26 14:55:44.071 23216 INFO rally.task.runner [-] Task 0dafeb38-ea40-466d-89d6-45d6e450890d | ITER: 2 START
2019-11-26 14:55:44.071 23218 RALLYDEBUG rally.task.runner [-] Starting a worker. times: 10 duration: None concurrency: 1 timeout: 0 cls: method_name: run args: {"flavor": "557b1827-d554-482f-8e5c-ff4a7235ad1e", "image": "d28fe962-223c-4c25-a219-b707ace03132", "volume_size": 1, "nics": [{"net-id": "6abc0ace-55e5-437e-8ca2-3154ab90105d"}]}
2019-11-26 14:55:44.075 23217 INFO rally.task.runner [-] Task 0dafeb38-ea40-466d-89d6-45d6e450890d | ITER: 3 START
2019-11-26 14:55:44.079 23218 INFO rally.task.runner [-] Task 0dafeb38-ea40-466d-89d6-45d6e450890d | ITER: 4 START
2019-11-26 14:56:09.800 23216 RALLYDEBUG rally.task.utils [-] Waiting for resource s_rally_aeb72079_PH5Ryra2. Status changed: DOWNLOADING => AVAILABLE in 22.919167280197144
2019-11-26 14:56:19.774 23216 RALLYDEBUG rally.task.utils [-] Waiting for resource s_rally_aeb72079_rrTlJTpP. Status changed: BUILD => ACTIVE in 7.350888013839722
2019-11-26 14:56:22.304 23216 INFO rally.task.runner [-] Task 0dafeb38-ea40-466d-89d6-45d6e450890d | ITER: 2 END: OK
2019-11-26 14:56:22.312 23216 INFO rally.task.runner [-] Task 0dafeb38-ea40-466d-89d6-45d6e450890d | ITER: 5 START
2019-11-26 14:56:59.495 23217 RALLYDEBUG rally.task.utils [-] Waiting for resource s_rally_aeb72079_akwRCsKD. Status changed: DOWNLOADING => AVAILABLE in 72.6032075881958
2019-11-26 14:56:59.537 23215 RALLYDEBUG rally.task.utils [-] Waiting for resource s_rally_aeb72079_zlRfDzOB. Status changed: DOWNLOADING => AVAILABLE in 72.63059496879578
2019-11-26 14:57:01.539 23218 RALLYDEBUG rally.task.utils [-] Waiting for resource s_rally_aeb72079_HTMLl0Ai. Status changed: DOWNLOADING => AVAILABLE in 74.59770083427429
2019-11-26 14:57:06.634 23215 RALLYDEBUG rally.task.utils [-] Waiting for resource s_rally_aeb72079_xDT5PWVN. Status changed: BUILD => ACTIVE in 4.894035816192627
2019-11-26 14:57:08.886 23217 RALLYDEBUG rally.task.utils [-] Waiting for resource s_rally_aeb72079_PX7NI5fk. Status changed: BUILD => ACTIVE in 7.099364995956421
2019-11-26 14:57:09.072 23215 INFO rally.task.runner [-] Task 0dafeb38-ea40-466d-89d6-45d6e450890d | ITER: 1 END: OK
2019-11-26 14:57:09.078 23215 INFO rally.task.runner [-] Task 0dafeb38-ea40-466d-89d6-45d6e450890d | ITER: 6 START
2019-11-26 14:57:11.258 23217 INFO rally.task.runner [-] Task 0dafeb38-ea40-466d-89d6-45d6e450890d | ITER: 3 END: OK
2019-11-26 14:57:11.265 23217 INFO rally.task.runner [-] Task 0dafeb38-ea40-466d-89d6-45d6e450890d | ITER: 7 START
2019-11-26 14:57:12.574 23218 RALLYDEBUG rally.task.utils [-] Waiting for resource s_rally_aeb72079_z1S5XsWr. Status changed: BUILD => ACTIVE in 9.034401416778564
2019-11-26 14:57:19.308 23216 RALLYDEBUG rally.task.utils [-] Waiting for resource s_rally_aeb72079_7VS7MElN. Status changed: DOWNLOADING => AVAILABLE in 54.04104137420654
2019-11-26 14:57:19.735 23218 INFO rally.task.runner [-] Task 0dafeb38-ea40-466d-89d6-45d6e450890d | ITER: 4 END: OK
2019-11-26 14:57:19.743 23218 INFO rally.task.runner [-] Task 0dafeb38-ea40-466d-89d6-45d6e450890d | ITER: 8 START
2019-11-26 14:57:24.648 23218 RALLYDEBUG rally.task.utils [-] Waiting for resource s_rally_aeb72079_8XHlevRx. Status changed: CREATING => DOWNLOADING in 2.2135446071624756
2019-11-26 14:57:26.759 23216 RALLYDEBUG rally.task.utils [-] Waiting for resource s_rally_aeb72079_jaAl0Gle. Status changed: BUILD => ACTIVE in 5.057622194290161
2019-11-26 14:57:26.777 23215 RALLYDEBUG rally.task.utils [-] Waiting for resource s_rally_aeb72079_05pOhfHY. Status changed: DOWNLOADING => AVAILABLE in 14.641851425170898
2019-11-26 14:57:31.425 23216 INFO rally.task.runner [-] Task 0dafeb38-ea40-466d-89d6-45d6e450890d | ITER: 5 END: OK
2019-11-26 14:57:31.431 23216 INFO rally.task.runner [-] Task 0dafeb38-ea40-466d-89d6-45d6e450890d | ITER: 9 START
2019-11-26 14:57:36.491 23216 RALLYDEBUG rally.task.utils [-] Waiting for resource s_rally_aeb72079_iHy2t8l9. Status changed: CREATING => DOWNLOADING in 2.2211484909057617
2019-11-26 14:57:39.157 23217 RALLYDEBUG rally.task.utils [-] Waiting for resource s_rally_aeb72079_wUHPzmPM. Status changed: DOWNLOADING => AVAILABLE in 25.13514494895935
2019-11-26 14:57:40.649 23215 RALLYDEBUG rally.task.utils [-] Waiting for resource s_rally_aeb72079_iaW5SFHZ. Status changed: BUILD => ACTIVE in 11.711044073104858
2019-11-26 14:57:43.018 23215 INFO rally.task.runner [-] Task 0dafeb38-ea40-466d-89d6-45d6e450890d | ITER: 6 END: OK
2019-11-26 14:57:43.024 23215 INFO rally.task.runner [-] Task 0dafeb38-ea40-466d-89d6-45d6e450890d | ITER: 10 START
2019-11-26 14:57:50.024 23215 RALLYDEBUG rally.task.utils [-] Waiting for resource s_rally_aeb72079_G1d78gpy. Status changed: CREATING => DOWNLOADING in 4.320903301239014
2019-11-26 14:57:50.905 23217 RALLYDEBUG rally.task.utils [-] Waiting for resource s_rally_aeb72079_DTpcI3r9. Status changed: BUILD => ACTIVE in 9.273566722869873
2019-11-26 14:57:51.598 23218 RALLYDEBUG rally.task.utils [-] Waiting for resource s_rally_aeb72079_8XHlevRx. Status changed: DOWNLOADING => AVAILABLE in 26.950039625167847
2019-11-26 14:57:55.556 23217 INFO rally.task.runner [-] Task 0dafeb38-ea40-466d-89d6-45d6e450890d | ITER: 7 END: OK
2019-11-26 14:57:58.640 23218 RALLYDEBUG rally.task.utils [-] Waiting for resource s_rally_aeb72079_zpV4Tjq4. Status changed: BUILD => ACTIVE in 4.6404407024383545
2019-11-26 14:58:03.210 23218 INFO rally.task.runner [-] Task 0dafeb38-ea40-466d-89d6-45d6e450890d | ITER: 8 END: OK
2019-11-26 14:58:03.679 23216 RALLYDEBUG rally.task.utils [-] Waiting for resource s_rally_aeb72079_iHy2t8l9. Status changed: DOWNLOADING => AVAILABLE in 27.188369750976562
2019-11-26 14:58:14.850 23215 RALLYDEBUG rally.task.utils [-] Waiting for resource s_rally_aeb72079_G1d78gpy. Status changed: DOWNLOADING => AVAILABLE in 24.8253653049469
2019-11-26 14:58:15.523 23216 RALLYDEBUG rally.task.utils [-] Waiting for resource s_rally_aeb72079_xNkbSf1g. Status changed: BUILD => ACTIVE in 9.495203256607056
2019-11-26 14:58:17.967 23216 INFO rally.task.runner [-] Task 0dafeb38-ea40-466d-89d6-45d6e450890d | ITER: 9 END: OK
2019-11-26 14:58:24.333 23215 RALLYDEBUG rally.task.utils [-] Waiting for resource s_rally_aeb72079_UMgJPHxG. Status changed: BUILD => ACTIVE in 7.357775449752808
2019-11-26 14:58:26.977 23215 INFO rally.task.runner [-] Task 0dafeb38-ea40-466d-89d6-45d6e450890d | ITER: 10 END: OK
2019-11-26 14:58:27.009 20411 INFO rally.task.context [-] Task 0dafeb38-ea40-466d-89d6-45d6e450890d | Context cleanup@openstack cleanup() started
2019-11-26 14:58:27.012 20411 RALLYDEBUG rally_openstack.cleanup.manager [-] Cleaning up nova servers objects
2019-11-26 14:58:28.386 20411 RALLYDEBUG rally_openstack.cleanup.manager [-] Cleaning up nova server_groups objects
2019-11-26 14:58:29.547 20411 RALLYDEBUG rally_openstack.cleanup.manager [-] Cleaning up nova keypairs objects
2019-11-26 14:58:31.895 20411 RALLYDEBUG rally_openstack.cleanup.manager [-] Cleaning up cinder backups objects
2019-11-26 14:58:33.076 20411 RALLYDEBUG rally_openstack.cleanup.manager [-] Cleaning up cinder volume_snapshots objects
2019-11-26 14:58:34.249 20411 RALLYDEBUG rally_openstack.cleanup.manager [-] Cleaning up cinder transfers objects
2019-11-26 14:58:35.432 20411 RALLYDEBUG rally_openstack.cleanup.manager [-] Cleaning up cinder volumes objects
2019-11-26 14:58:36.708 20411 RALLYDEBUG rally_openstack.cleanup.manager [-] Deleting cinder.volumes object s_rally_aeb72079_iHy2t8l9 (1fd583ae-1c13-49ee-bfe4-edffa1ad2769)
2019-11-26 14:58:36.717 20411 RALLYDEBUG rally_openstack.cleanup.manager [-] Deleting cinder.volumes object s_rally_aeb72079_8XHlevRx (d8fc7853-cdfd-4e65-b360-5a71ae75ceac)
2019-11-26 14:58:36.726 20411 RALLYDEBUG rally_openstack.cleanup.manager [-] Deleting cinder.volumes object s_rally_aeb72079_wUHPzmPM (0054f187-aacf-4e4c-9c76-cd0646dd0f3c)
2019-11-26 14:58:36.730 20411 RALLYDEBUG rally_openstack.cleanup.manager [-] Deleting cinder.volumes object s_rally_aeb72079_zlRfDzOB (c4b56020-bee7-4710-9f45-360e4da9a165)
2019-11-26 14:58:36.738 20411 RALLYDEBUG rally_openstack.cleanup.manager [-] Deleting cinder.volumes object s_rally_aeb72079_akwRCsKD (bf8b3aa9-b899-4c19-88d7-67bbc42fa7a3)
2019-11-26 14:58:36.750 20411 RALLYDEBUG rally_openstack.cleanup.manager [-] Deleting cinder.volumes object s_rally_aeb72079_G1d78gpy (f815cd15-fe9c-4684-9ea1-a7564a327ecd)
2019-11-26 14:58:36.764 20411 RALLYDEBUG rally_openstack.cleanup.manager [-] Deleting cinder.volumes object s_rally_aeb72079_05pOhfHY (5c20537d-5da5-4193-b8ad-e445b9030165)
2019-11-26 14:58:36.781 20411 RALLYDEBUG rally_openstack.cleanup.manager [-] Deleting cinder.volumes object s_rally_aeb72079_7VS7MElN (777690b8-08d2-4fa6-b57b-0f5f684db1a8)
2019-11-26 14:58:36.797 20411 RALLYDEBUG rally_openstack.cleanup.manager [-] Deleting cinder.volumes object s_rally_aeb72079_PH5Ryra2 (16377948-935b-4f7c-8947-6af0832b5e5e)
2019-11-26 14:58:36.793 20411 RALLYDEBUG rally_openstack.cleanup.manager [-] Deleting cinder.volumes object s_rally_aeb72079_HTMLl0Ai (d58940d6-c0b0-4b46-92b3-2ee514b62cb1)
2019-11-26 14:58:40.778 20411 INFO rally.task.context [-] Task 0dafeb38-ea40-466d-89d6-45d6e450890d | Context cleanup@openstack cleanup() finished in 13.77 sec
2019-11-26 14:58:40.778 20411 INFO rally.task.context [-] Task 0dafeb38-ea40-466d-89d6-45d6e450890d | Context network@openstack cleanup() started
2019-11-26 14:59:04.046 20411 INFO rally.task.context [-] Task 0dafeb38-ea40-466d-89d6-45d6e450890d | Context network@openstack cleanup() finished in 23.27 sec
2019-11-26 14:59:04.047 20411 INFO rally.task.context [-] Task 0dafeb38-ea40-466d-89d6-45d6e450890d | Context quotas@openstack cleanup() started
2019-11-26 14:59:04.358 20411 INFO rally.task.context [-] Task 0dafeb38-ea40-466d-89d6-45d6e450890d | Context quotas@openstack cleanup() finished in 0.31 sec
2019-11-26 14:59:04.359 20411 INFO rally.task.context [-] Task 0dafeb38-ea40-466d-89d6-45d6e450890d | Context api_versions@openstack cleanup() started
2019-11-26 14:59:04.359 20411 INFO rally.task.context [-] Task 0dafeb38-ea40-466d-89d6-45d6e450890d | Context api_versions@openstack cleanup() finished in 0.39 msec
2019-11-26 14:59:04.360 20411 INFO rally.task.context [-] Task 0dafeb38-ea40-466d-89d6-45d6e450890d | Context users@openstack cleanup() started
2019-11-26 14:59:08.529 20411 INFO rally.task.context [-] Task 0dafeb38-ea40-466d-89d6-45d6e450890d | Context users@openstack cleanup() finished in 4.17 sec
2019-11-26 14:59:09.844 20411 INFO rally.task.engine [-] Load duration is: 161.904783
2019-11-26 14:59:09.845 20411 INFO rally.task.engine [-] Full runner duration is: 162.962111
2019-11-26 14:59:09.845 20411 INFO rally.task.engine [-] Full duration is: 223.59266
2019-11-26 14:59:10.134 20411 INFO rally.task.engine [-] Running workload: position = 0 config = { "version": 2, "title": "A cropped version of a bigger task.", "description": "Auto-generated task from a single workload (uuid=4376cf05-cdaf-42e6-8b13-0bc5ba8a3670)", "subtasks": [ { "title": "NovaServers.pause_and_unpause_server", "description": "Create a server, pause, unpause and then delete it", "scenario": { "NovaServers.pause_and_unpause_server": { "flavor": { "name": "rally_full-flavor_14c80e47-fc5e-4341-b211-0fe7e7cf2394" }, "image": { "name": "rally_full-img_14c80e47-fc5e-4341-b211-0fe7e7cf2394" }, "force_delete": false, "nics": [ { "net-id": "6abc0ace-55e5-437e-8ca2-3154ab90105d" } ] } }, "contexts": { "users": { "tenants": 3, "users_per_tenant": 2 }, "network": { "networks_per_tenant": 1, "start_cidr": "100.1.0.0/25" }, "quotas": { "neutron": { "network": -1, "port": -1, "subnet": -1 }, "nova": { "cores": -1, "floating_ips": -1, "instances": -1, "ram": -1, "security_group_rules": -1, "security_groups": -1 } } }, "runner": { "constant": { "concurrency": 4, "times": 10 } }, "hooks": [], "sla": { "failure_rate": { "max": 0 } } } ] }
2019-11-26 14:59:10.160 20411 RALLYDEBUG rally_openstack.contexts.keystone.users [-] Creating 3 tenants using 20 threads
2019-11-26 14:59:11.280 20411 RALLYDEBUG rally_openstack.contexts.keystone.users [-] Creating 6 users using 20 threads
2019-11-26 14:59:12.845 20411 INFO rally.task.context [-] Task 0dafeb38-ea40-466d-89d6-45d6e450890d | Context users@openstack setup() finished in 2.68 sec
2019-11-26 14:59:14.670 20411 INFO rally.task.context [-] Task 0dafeb38-ea40-466d-89d6-45d6e450890d | Context quotas@openstack setup() finished in 1.82 sec
2019-11-26 14:59:17.295 20411 RALLYDEBUG rally_openstack.wrappers.network [-] CIDR generated: 100.1.12.0/25
2019-11-26 14:59:22.289 20411 RALLYDEBUG rally_openstack.wrappers.network [-] CIDR generated: 100.1.12.128/25
2019-11-26 14:59:26.168 20411 RALLYDEBUG rally_openstack.wrappers.network [-] CIDR generated: 100.1.13.0/25
2019-11-26 14:59:28.940 20411 INFO rally.task.context [-] Task 0dafeb38-ea40-466d-89d6-45d6e450890d | Context network@openstack setup() finished in 14.27 sec
2019-11-26 14:59:28.940 20411 INFO rally.task.context [-] Task 0dafeb38-ea40-466d-89d6-45d6e450890d | Context cleanup@openstack setup() finished in 0.02 msec
2019-11-26 14:59:29.841 20411 RALLYDEBUG rally.task.runner [-] Starting the constant runner (task UUID: 0dafeb38-ea40-466d-89d6-45d6e450890d). times: 10 concurrency: 4 timeout: 0 max_cpu_used: 16 processes_to_start: 4 concurrency_per_worker: 1 concurrency_overhead: 0
2019-11-26 14:59:29.853 23459 RALLYDEBUG rally.task.runner [-] Starting a worker. times: 10 duration: None concurrency: 1 timeout: 0 cls: method_name: run args: {"flavor": "557b1827-d554-482f-8e5c-ff4a7235ad1e", "image": "d28fe962-223c-4c25-a219-b707ace03132", "force_delete": false, "nics": [{"net-id": "6abc0ace-55e5-437e-8ca2-3154ab90105d"}]}
2019-11-26 14:59:29.857 23460 RALLYDEBUG rally.task.runner [-] Starting a worker. times: 10 duration: None concurrency: 1 timeout: 0 cls: method_name: run args: {"flavor": "557b1827-d554-482f-8e5c-ff4a7235ad1e", "image": "d28fe962-223c-4c25-a219-b707ace03132", "force_delete": false, "nics": [{"net-id": "6abc0ace-55e5-437e-8ca2-3154ab90105d"}]}
2019-11-26 14:59:29.861 23459 INFO rally.task.runner [-] Task 0dafeb38-ea40-466d-89d6-45d6e450890d | ITER: 1 START
2019-11-26 14:59:29.861 23461 RALLYDEBUG rally.task.runner [-] Starting a worker. times: 10 duration: None concurrency: 1 timeout: 0 cls: method_name: run args: {"flavor": "557b1827-d554-482f-8e5c-ff4a7235ad1e", "image": "d28fe962-223c-4c25-a219-b707ace03132", "force_delete": false, "nics": [{"net-id": "6abc0ace-55e5-437e-8ca2-3154ab90105d"}]}
2019-11-26 14:59:29.865 23460 INFO rally.task.runner [-] Task 0dafeb38-ea40-466d-89d6-45d6e450890d | ITER: 2 START
2019-11-26 14:59:29.864 23463 RALLYDEBUG rally.task.runner [-] Starting a worker. times: 10 duration: None concurrency: 1 timeout: 0 cls: method_name: run args: {"flavor": "557b1827-d554-482f-8e5c-ff4a7235ad1e", "image": "d28fe962-223c-4c25-a219-b707ace03132", "force_delete": false, "nics": [{"net-id": "6abc0ace-55e5-437e-8ca2-3154ab90105d"}]}
2019-11-26 14:59:29.869 23461 INFO rally.task.runner [-] Task 0dafeb38-ea40-466d-89d6-45d6e450890d | ITER: 3 START
2019-11-26 14:59:29.871 23463 INFO rally.task.runner [-] Task 0dafeb38-ea40-466d-89d6-45d6e450890d | ITER: 4 START
2019-11-26 14:59:36.982 23461 RALLYDEBUG rally.task.utils [-] Waiting for resource s_rally_4376cf05_8eruZgyL. Status changed: BUILD => ACTIVE in 4.670154809951782
2019-11-26 14:59:36.989 23463 RALLYDEBUG rally.task.utils [-] Waiting for resource s_rally_4376cf05_J57wTSrc. Status changed: BUILD => ACTIVE in 4.683505058288574
2019-11-26 14:59:38.934 23459 RALLYDEBUG rally.task.utils [-] Waiting for resource s_rally_4376cf05_WQuSRcQk. Status changed: BUILD => ACTIVE in 6.797978162765503
2019-11-26 14:59:39.020 23460 RALLYDEBUG rally.task.utils [-] Waiting for resource s_rally_4376cf05_4Aa8E0JT. Status changed: BUILD => ACTIVE in 6.893878936767578
2019-11-26 14:59:39.343 23463 RALLYDEBUG rally.task.utils [-] Waiting for resource s_rally_4376cf05_J57wTSrc. Status changed: ACTIVE => PAUSED in 0.23881840705871582
2019-11-26 14:59:39.394 23461 RALLYDEBUG rally.task.utils [-] Waiting for resource s_rally_4376cf05_8eruZgyL. Status changed: ACTIVE => PAUSED in 0.29249000549316406
2019-11-26 14:59:41.284 23459 RALLYDEBUG rally.task.utils [-] Waiting for resource s_rally_4376cf05_WQuSRcQk. Status changed: ACTIVE => PAUSED in 0.22151994705200195
2019-11-26 14:59:41.452 23460 RALLYDEBUG rally.task.utils [-] Waiting for resource s_rally_4376cf05_4Aa8E0JT. Status changed: ACTIVE => PAUSED in 0.30309128761291504
2019-11-26 14:59:44.080 23463 INFO rally.task.runner [-] Task 0dafeb38-ea40-466d-89d6-45d6e450890d | ITER: 4 END: OK
2019-11-26 14:59:44.084 23463 INFO rally.task.runner [-] Task 0dafeb38-ea40-466d-89d6-45d6e450890d | ITER: 5 START
2019-11-26 14:59:44.122 23461 INFO rally.task.runner [-] Task 0dafeb38-ea40-466d-89d6-45d6e450890d | ITER: 3 END: OK
2019-11-26 14:59:44.126 23461 INFO rally.task.runner [-] Task 0dafeb38-ea40-466d-89d6-45d6e450890d | ITER: 6 START
2019-11-26 14:59:46.027 23459 INFO rally.task.runner [-] Task 0dafeb38-ea40-466d-89d6-45d6e450890d | ITER: 1 END: OK
2019-11-26 14:59:46.030 23459 INFO rally.task.runner [-] Task 0dafeb38-ea40-466d-89d6-45d6e450890d | ITER: 7 START
2019-11-26 14:59:46.448 23460 INFO rally.task.runner [-] Task 0dafeb38-ea40-466d-89d6-45d6e450890d | ITER: 2 END: OK
2019-11-26 14:59:46.451 23460 INFO rally.task.runner [-] Task 0dafeb38-ea40-466d-89d6-45d6e450890d | ITER: 8 START
2019-11-26 14:59:51.012 23461 RALLYDEBUG rally.task.utils [-] Waiting for resource s_rally_4376cf05_Ky66iDfR. Status changed: BUILD => ACTIVE in 4.603285074234009
2019-11-26 14:59:51.159 23463 RALLYDEBUG rally.task.utils [-] Waiting for resource s_rally_4376cf05_aIWmbzOw. Status changed: BUILD => ACTIVE in 4.7261083126068115
2019-11-26 14:59:53.367 23461 RALLYDEBUG rally.task.utils [-] Waiting for resource s_rally_4376cf05_Ky66iDfR. Status changed: ACTIVE => PAUSED in 0.21174025535583496
2019-11-26 14:59:53.489 23463 RALLYDEBUG rally.task.utils [-] Waiting for resource s_rally_4376cf05_aIWmbzOw. Status changed: ACTIVE => PAUSED in 0.18246865272521973
2019-11-26 14:59:55.256 23459 RALLYDEBUG rally.task.utils [-] Waiting for resource s_rally_4376cf05_f6ghF1z3. Status changed: BUILD => ACTIVE in 6.8317365646362305
2019-11-26 14:59:55.527 23460 RALLYDEBUG rally.task.utils [-] Waiting for resource s_rally_4376cf05_ZGhaUzsS. Status changed: BUILD => ACTIVE in 6.892851114273071
2019-11-26 14:59:57.882 23460 RALLYDEBUG rally.task.utils [-] Waiting for resource s_rally_4376cf05_ZGhaUzsS. Status changed: ACTIVE => PAUSED in 0.22832107543945312
2019-11-26 14:59:58.012 23459 RALLYDEBUG rally.task.utils [-] Waiting for resource s_rally_4376cf05_f6ghF1z3. Status changed: ACTIVE => PAUSED in 0.6061832904815674
2019-11-26 14:59:58.217 23463 INFO rally.task.runner [-] Task 0dafeb38-ea40-466d-89d6-45d6e450890d | ITER: 5 END: OK
2019-11-26 14:59:58.223 23463 INFO rally.task.runner [-] Task 0dafeb38-ea40-466d-89d6-45d6e450890d | ITER: 9 START
2019-11-26 14:59:58.262 23461 INFO rally.task.runner [-] Task 0dafeb38-ea40-466d-89d6-45d6e450890d | ITER: 6 END: OK
2019-11-26 14:59:58.270 23461 INFO rally.task.runner [-] Task 0dafeb38-ea40-466d-89d6-45d6e450890d | ITER: 10 START
2019-11-26 15:00:02.606 23460 INFO rally.task.runner [-] Task 0dafeb38-ea40-466d-89d6-45d6e450890d | ITER: 8 END: OK
2019-11-26 15:00:02.706 23459 INFO rally.task.runner [-] Task 0dafeb38-ea40-466d-89d6-45d6e450890d | ITER: 7 END: OK
2019-11-26 15:00:05.160 23461 RALLYDEBUG rally.task.utils [-] Waiting for resource s_rally_4376cf05_yxD8kMx0. Status changed: BUILD => ACTIVE in 4.653869390487671
2019-11-26 15:00:07.250 23463 RALLYDEBUG rally.task.utils [-] Waiting for resource s_rally_4376cf05_uV4iGgMA. Status changed: BUILD => ACTIVE in 6.874112367630005
2019-11-26 15:00:07.564 23461 RALLYDEBUG rally.task.utils [-] Waiting for resource s_rally_4376cf05_yxD8kMx0. Status changed: ACTIVE => PAUSED in 0.25946688652038574
2019-11-26 15:00:09.658 23463 RALLYDEBUG rally.task.utils [-] Waiting for resource s_rally_4376cf05_uV4iGgMA. Status changed: ACTIVE => PAUSED in 0.2561309337615967
2019-11-26 15:00:12.410 23461 INFO rally.task.runner [-] Task 0dafeb38-ea40-466d-89d6-45d6e450890d | ITER: 10 END: OK
2019-11-26 15:00:14.604 23463 INFO rally.task.runner [-] Task 0dafeb38-ea40-466d-89d6-45d6e450890d | ITER: 9 END: OK
2019-11-26 15:00:14.628 20411 INFO rally.task.context [-] Task 0dafeb38-ea40-466d-89d6-45d6e450890d | Context cleanup@openstack cleanup() started
2019-11-26 15:00:14.632 20411 RALLYDEBUG rally_openstack.cleanup.manager [-] Cleaning up nova servers objects
2019-11-26 15:00:15.933 20411 RALLYDEBUG rally_openstack.cleanup.manager [-] Cleaning up nova server_groups objects
2019-11-26 15:00:17.098 20411 RALLYDEBUG rally_openstack.cleanup.manager [-] Cleaning up nova keypairs objects
2019-11-26 15:00:19.460 20411 INFO rally.task.context [-] Task 0dafeb38-ea40-466d-89d6-45d6e450890d | Context cleanup@openstack cleanup() finished in 4.83 sec
2019-11-26 15:00:19.461 20411 INFO rally.task.context [-] Task 0dafeb38-ea40-466d-89d6-45d6e450890d | Context network@openstack cleanup() started
2019-11-26 15:00:42.886 20411 INFO rally.task.context [-] Task 0dafeb38-ea40-466d-89d6-45d6e450890d | Context network@openstack cleanup() finished in 23.43 sec
2019-11-26 15:00:42.887 20411 INFO rally.task.context [-] Task 0dafeb38-ea40-466d-89d6-45d6e450890d | Context quotas@openstack cleanup() started
2019-11-26 15:00:43.215 20411 INFO rally.task.context [-] Task 0dafeb38-ea40-466d-89d6-45d6e450890d | Context quotas@openstack cleanup() finished in 0.33 sec
2019-11-26 15:00:43.216 20411 INFO rally.task.context [-] Task 0dafeb38-ea40-466d-89d6-45d6e450890d | Context users@openstack cleanup() started
2019-11-26 15:00:47.410 20411 INFO rally.task.context [-] Task 0dafeb38-ea40-466d-89d6-45d6e450890d | Context users@openstack cleanup() finished in 4.19 sec
2019-11-26 15:00:48.612 20411 INFO rally.task.engine [-] Load duration is: 39.741472
2019-11-26 15:00:48.612 20411 INFO rally.task.engine [-] Full runner duration is: 44.787755
2019-11-26 15:00:48.613 20411 INFO rally.task.engine [-] Full duration is: 97.252571
2019-11-26 15:00:48.902 20411 INFO rally.task.engine [-] Running workload: position = 0 config = { "version": 2, "title": "A cropped version of a bigger task.", "description": "Auto-generated task from a single workload (uuid=06bc68d1-a5fb-4245-9e50-7b4a66e2ced0)", "subtasks": [ { "title": "NovaServers.boot_and_migrate_server", "description": "Migrate a server.", "scenario": { "NovaServers.boot_and_migrate_server": { "flavor": { "name": "rally_full-flavor_14c80e47-fc5e-4341-b211-0fe7e7cf2394" }, "image": { "name": "rally_full-img_14c80e47-fc5e-4341-b211-0fe7e7cf2394" }, "nics": [ { "net-id": "6abc0ace-55e5-437e-8ca2-3154ab90105d" } ] } }, "contexts": { "users": { "tenants": 3, "users_per_tenant": 2 } }, "runner": { "constant": { "concurrency": 4, "times": 10 } }, "hooks": [], "sla": { "failure_rate": { "max": 0 } } } ] }
2019-11-26 15:00:48.926 20411 RALLYDEBUG rally_openstack.contexts.keystone.users [-] Creating 3 tenants using 20 threads
2019-11-26 15:00:50.002 20411 RALLYDEBUG rally_openstack.contexts.keystone.users [-] Creating 6 users using 20 threads
2019-11-26 15:00:51.499 20411 INFO rally.task.context [-] Task 0dafeb38-ea40-466d-89d6-45d6e450890d | Context users@openstack setup() finished in 2.57 sec
2019-11-26 15:00:51.500 20411 INFO rally.task.context [-] Task 0dafeb38-ea40-466d-89d6-45d6e450890d | Context cleanup@openstack setup() finished in 0.01 msec
2019-11-26 15:00:52.595 20411 RALLYDEBUG rally.task.runner [-] Starting the constant runner (task UUID: 0dafeb38-ea40-466d-89d6-45d6e450890d). times: 10 concurrency: 4 timeout: 0 max_cpu_used: 16 processes_to_start: 4 concurrency_per_worker: 1 concurrency_overhead: 0
2019-11-26 15:00:52.605 23623 RALLYDEBUG rally.task.runner [-] Starting a worker. times: 10 duration: None concurrency: 1 timeout: 0 cls: method_name: run args: {"flavor": "557b1827-d554-482f-8e5c-ff4a7235ad1e", "image": "d28fe962-223c-4c25-a219-b707ace03132", "nics": [{"net-id": "6abc0ace-55e5-437e-8ca2-3154ab90105d"}]}
2019-11-26 15:00:52.608 23624 RALLYDEBUG rally.task.runner [-] Starting a worker. times: 10 duration: None concurrency: 1 timeout: 0 cls: method_name: run args: {"flavor": "557b1827-d554-482f-8e5c-ff4a7235ad1e", "image": "d28fe962-223c-4c25-a219-b707ace03132", "nics": [{"net-id": "6abc0ace-55e5-437e-8ca2-3154ab90105d"}]}
2019-11-26 15:00:52.610 23625 RALLYDEBUG rally.task.runner [-] Starting a worker. times: 10 duration: None concurrency: 1 timeout: 0 cls: method_name: run args: {"flavor": "557b1827-d554-482f-8e5c-ff4a7235ad1e", "image": "d28fe962-223c-4c25-a219-b707ace03132", "nics": [{"net-id": "6abc0ace-55e5-437e-8ca2-3154ab90105d"}]}
2019-11-26 15:00:52.612 23623 INFO rally.task.runner [-] Task 0dafeb38-ea40-466d-89d6-45d6e450890d | ITER: 1 START
2019-11-26 15:00:52.612 23626 RALLYDEBUG rally.task.runner [-] Starting a worker. times: 10 duration: None concurrency: 1 timeout: 0 cls: method_name: run args: {"flavor": "557b1827-d554-482f-8e5c-ff4a7235ad1e", "image": "d28fe962-223c-4c25-a219-b707ace03132", "nics": [{"net-id": "6abc0ace-55e5-437e-8ca2-3154ab90105d"}]}
2019-11-26 15:00:52.614 23624 INFO rally.task.runner [-] Task 0dafeb38-ea40-466d-89d6-45d6e450890d | ITER: 2 START
2019-11-26 15:00:52.617 23625 INFO rally.task.runner [-] Task 0dafeb38-ea40-466d-89d6-45d6e450890d | ITER: 3 START
2019-11-26 15:00:52.619 23626 INFO rally.task.runner [-] Task 0dafeb38-ea40-466d-89d6-45d6e450890d | ITER: 4 START
2019-11-26 15:00:59.840 23623 RALLYDEBUG rally.task.utils [-] Waiting for resource s_rally_06bc68d1_AJQRnvMp. Status changed: BUILD => ACTIVE in 4.701639890670776
2019-11-26 15:01:00.451 23625 RALLYDEBUG rally.task.utils [-] Waiting for resource s_rally_06bc68d1_2vqKUcuf. Status changed: BUILD => ACTIVE in 4.934137582778931
2019-11-26 15:01:01.695 23623 RALLYDEBUG rally.task.utils [-] Waiting for resource s_rally_06bc68d1_AJQRnvMp. Status changed: ACTIVE => RESIZE in 0.26121091842651367
2019-11-26 15:01:01.969 23626 RALLYDEBUG rally.task.utils [-] Waiting for resource s_rally_06bc68d1_8aw76qpm. Status changed: BUILD => ACTIVE in 6.806499004364014
2019-11-26 15:01:02.078 23624 RALLYDEBUG rally.task.utils [-] Waiting for resource s_rally_06bc68d1_I7M4wT8i. Status changed: BUILD => ACTIVE in 6.76171612739563
2019-11-26 15:01:02.317 23625 RALLYDEBUG rally.task.utils [-] Waiting for resource s_rally_06bc68d1_2vqKUcuf. Status changed: ACTIVE => RESIZE in 0.27491188049316406
2019-11-26 15:01:03.645 23626 RALLYDEBUG rally.task.utils [-] Waiting for resource s_rally_06bc68d1_8aw76qpm. Status changed: ACTIVE => RESIZE in 0.18188071250915527
2019-11-26 15:01:03.705 23624 RALLYDEBUG rally.task.utils [-] Waiting for resource s_rally_06bc68d1_I7M4wT8i. Status changed: ACTIVE => RESIZE in 0.19551706314086914
2019-11-26 15:01:10.710 23623 RALLYDEBUG rally.task.utils [-] Waiting for resource s_rally_06bc68d1_AJQRnvMp. Status changed: RESIZE => VERIFY_RESIZE in 9.01484727859497
2019-11-26 15:01:11.099 23623 RALLYDEBUG rally.task.utils [-] Waiting for resource s_rally_06bc68d1_AJQRnvMp. Status changed: ACTIVE => VERIFY_RESIZE in 0.14079689979553223
2019-11-26 15:01:11.399 23625 RALLYDEBUG rally.task.utils [-] Waiting for resource s_rally_06bc68d1_2vqKUcuf. Status changed: RESIZE => VERIFY_RESIZE in 9.082114219665527
2019-11-26 15:01:11.847 23625 RALLYDEBUG rally.task.utils [-] Waiting for resource s_rally_06bc68d1_2vqKUcuf. Status changed: ACTIVE => VERIFY_RESIZE in 0.15805745124816895
2019-11-26 15:01:13.363 23623 RALLYDEBUG rally.task.utils [-] Waiting for resource s_rally_06bc68d1_AJQRnvMp. Status changed: VERIFY_RESIZE => ACTIVE in 2.2642788887023926
2019-11-26 15:01:14.079 23625 RALLYDEBUG rally.task.utils [-] Waiting for resource s_rally_06bc68d1_2vqKUcuf. Status changed: VERIFY_RESIZE => ACTIVE in 2.2314929962158203
2019-11-26 15:01:15.773 23623 INFO rally.task.runner [-] Task 0dafeb38-ea40-466d-89d6-45d6e450890d | ITER: 1 END: OK
2019-11-26 15:01:15.780 23623 INFO rally.task.runner [-] Task 0dafeb38-ea40-466d-89d6-45d6e450890d | ITER: 5 START
2019-11-26 15:01:16.436 23625 INFO rally.task.runner [-] Task 0dafeb38-ea40-466d-89d6-45d6e450890d | ITER: 3 END: OK
2019-11-26 15:01:16.443 23625 INFO rally.task.runner [-] Task 0dafeb38-ea40-466d-89d6-45d6e450890d | ITER: 6 START
2019-11-26 15:01:23.928 23626 RALLYDEBUG rally.task.utils [-] Waiting for resource s_rally_06bc68d1_8aw76qpm. Status changed: RESIZE => VERIFY_RESIZE in 20.282644987106323
2019-11-26 15:01:24.420 23626 RALLYDEBUG rally.task.utils [-] Waiting for resource s_rally_06bc68d1_8aw76qpm. Status changed: ACTIVE => VERIFY_RESIZE in 0.1584913730621338
2019-11-26 15:01:24.875 23623 RALLYDEBUG rally.task.utils [-] Waiting for resource s_rally_06bc68d1_aBolJUYq. Status changed: BUILD => ACTIVE in 6.799290418624878
2019-11-26 15:01:25.783 23625 RALLYDEBUG rally.task.utils [-] Waiting for resource s_rally_06bc68d1_OhOFdF5e. Status changed: BUILD => ACTIVE in 7.164851188659668
2019-11-26 15:01:26.630 23626 RALLYDEBUG rally.task.utils [-] Waiting for resource s_rally_06bc68d1_8aw76qpm. Status changed: VERIFY_RESIZE => ACTIVE in 2.2101526260375977
2019-11-26 15:01:27.020 23623 RALLYDEBUG rally.task.utils [-] Waiting for resource s_rally_06bc68d1_aBolJUYq. Status changed: ACTIVE => RESIZE in 0.22787714004516602
2019-11-26 15:01:27.411 23625 RALLYDEBUG rally.task.utils [-] Waiting for resource s_rally_06bc68d1_OhOFdF5e. Status changed: ACTIVE => RESIZE in 0.14876413345336914
2019-11-26 15:01:29.009 23626 INFO rally.task.runner [-] Task 0dafeb38-ea40-466d-89d6-45d6e450890d | ITER: 4 END: OK
2019-11-26 15:01:29.015 23626 INFO rally.task.runner [-] Task 0dafeb38-ea40-466d-89d6-45d6e450890d | ITER: 7 START
2019-11-26 15:01:34.303 23624 RALLYDEBUG rally.task.utils [-] Waiting for resource s_rally_06bc68d1_I7M4wT8i. Status changed: RESIZE => VERIFY_RESIZE in 30.59769606590271
2019-11-26 15:01:34.771 23624 RALLYDEBUG rally.task.utils [-] Waiting for resource s_rally_06bc68d1_I7M4wT8i. Status changed: ACTIVE => VERIFY_RESIZE in 0.1463489532470703
2019-11-26 15:01:35.937 23623 RALLYDEBUG rally.task.utils [-] Waiting for resource s_rally_06bc68d1_aBolJUYq. Status changed: RESIZE => VERIFY_RESIZE in 8.917234420776367
2019-11-26 15:01:36.215 23626 RALLYDEBUG rally.task.utils [-] Waiting for resource s_rally_06bc68d1_XM4QAV13. Status changed: BUILD => ACTIVE in 4.780105829238892
2019-11-26 15:01:36.423 23623 RALLYDEBUG rally.task.utils [-] Waiting for resource s_rally_06bc68d1_aBolJUYq. Status changed: ACTIVE => VERIFY_RESIZE in 0.1956024169921875
2019-11-26 15:01:36.924 23624 RALLYDEBUG rally.task.utils [-] Waiting for resource s_rally_06bc68d1_I7M4wT8i. Status changed: VERIFY_RESIZE => ACTIVE in 2.1529276371002197
2019-11-26 15:01:38.165 23626 RALLYDEBUG rally.task.utils [-] Waiting for resource s_rally_06bc68d1_XM4QAV13. Status changed: ACTIVE => RESIZE in 0.16332221031188965
2019-11-26 15:01:38.577 23623 RALLYDEBUG rally.task.utils [-] Waiting for resource s_rally_06bc68d1_aBolJUYq. Status changed: VERIFY_RESIZE => ACTIVE in 2.1542439460754395
2019-11-26 15:01:39.231 23624 INFO rally.task.runner [-] Task 0dafeb38-ea40-466d-89d6-45d6e450890d | ITER: 2 END: OK
2019-11-26 15:01:39.238 23624 INFO rally.task.runner [-] Task 0dafeb38-ea40-466d-89d6-45d6e450890d | ITER: 8 START
2019-11-26 15:01:40.948 23623 INFO rally.task.runner [-] Task 0dafeb38-ea40-466d-89d6-45d6e450890d | ITER: 5 END: OK
2019-11-26 15:01:40.951 23623 INFO rally.task.runner [-] Task 0dafeb38-ea40-466d-89d6-45d6e450890d | ITER: 9 START
2019-11-26 15:01:44.734 23625 RALLYDEBUG rally.task.utils [-] Waiting for resource s_rally_06bc68d1_OhOFdF5e. Status changed: RESIZE => VERIFY_RESIZE in 17.3230938911438
2019-11-26 15:01:45.205 23625 RALLYDEBUG rally.task.utils [-] Waiting for resource s_rally_06bc68d1_OhOFdF5e. Status changed: ACTIVE => VERIFY_RESIZE in 0.15548133850097656
2019-11-26 15:01:46.193 23624 RALLYDEBUG rally.task.utils [-] Waiting for resource s_rally_06bc68d1_CNYWkh49. Status changed: BUILD => ACTIVE in 4.481657981872559
2019-11-26 15:01:47.119 23626 RALLYDEBUG rally.task.utils [-] Waiting for resource s_rally_06bc68d1_XM4QAV13. Status changed: RESIZE => VERIFY_RESIZE in 8.954130172729492
2019-11-26 15:01:47.384 23625 RALLYDEBUG rally.task.utils [-] Waiting for resource s_rally_06bc68d1_OhOFdF5e. Status changed: VERIFY_RESIZE => ACTIVE in 2.178908586502075
2019-11-26 15:01:47.534 23626 RALLYDEBUG rally.task.utils [-] Waiting for resource s_rally_06bc68d1_XM4QAV13. Status changed: ACTIVE => VERIFY_RESIZE in 0.13820624351501465
2019-11-26 15:01:47.793 23624 RALLYDEBUG rally.task.utils [-] Waiting for resource s_rally_06bc68d1_CNYWkh49. Status changed: ACTIVE => RESIZE in 0.13851451873779297
2019-11-26 15:01:49.693 23625 INFO rally.task.runner [-] Task 0dafeb38-ea40-466d-89d6-45d6e450890d | ITER: 6 END: OK
2019-11-26 15:01:49.695 23626 RALLYDEBUG rally.task.utils [-] Waiting for resource s_rally_06bc68d1_XM4QAV13. Status changed: VERIFY_RESIZE => ACTIVE in 2.160609006881714
2019-11-26 15:01:49.697 23625 INFO rally.task.runner [-] Task 0dafeb38-ea40-466d-89d6-45d6e450890d | ITER: 10 START
2019-11-26 15:01:50.162 23623 RALLYDEBUG rally.task.utils [-] Waiting for resource s_rally_06bc68d1_alQpcGpK. Status changed: BUILD => ACTIVE in 6.960466384887695
2019-11-26 15:01:52.027 23626 INFO rally.task.runner [-] Task 0dafeb38-ea40-466d-89d6-45d6e450890d | ITER: 7 END: OK
2019-11-26 15:01:52.396 23623 RALLYDEBUG rally.task.utils [-] Waiting for resource s_rally_06bc68d1_alQpcGpK. Status changed: ACTIVE => RESIZE in 0.3936038017272949
2019-11-26 15:01:56.360 23625 RALLYDEBUG rally.task.utils [-] Waiting for resource s_rally_06bc68d1_xjL6mbC0. Status changed: BUILD => ACTIVE in 4.555256605148315
2019-11-26 15:01:58.111 23625 RALLYDEBUG rally.task.utils [-] Waiting for resource s_rally_06bc68d1_xjL6mbC0. Status changed: ACTIVE => RESIZE in 0.2522616386413574
2019-11-26 15:01:58.801 23624 RALLYDEBUG rally.task.utils [-] Waiting for resource s_rally_06bc68d1_CNYWkh49. Status changed: RESIZE => VERIFY_RESIZE in 11.008076429367065
2019-11-26 15:01:59.197 23624 RALLYDEBUG rally.task.utils [-] Waiting for resource s_rally_06bc68d1_CNYWkh49. Status changed: ACTIVE => VERIFY_RESIZE in 0.1392807960510254
2019-11-26 15:02:01.112 23623 RALLYDEBUG rally.task.utils [-] Waiting for resource s_rally_06bc68d1_alQpcGpK. Status changed: RESIZE => VERIFY_RESIZE in 8.716133117675781
2019-11-26 15:02:01.610 23623 RALLYDEBUG rally.task.utils [-] Waiting for resource s_rally_06bc68d1_alQpcGpK. Status changed: ACTIVE => VERIFY_RESIZE in 0.20899033546447754
2019-11-26 15:02:01.659 23624 RALLYDEBUG rally.task.utils [-] Waiting for resource s_rally_06bc68d1_CNYWkh49. Status changed: VERIFY_RESIZE => ACTIVE in 2.461595058441162
2019-11-26 15:02:03.878 23623 RALLYDEBUG rally.task.utils [-] Waiting for resource s_rally_06bc68d1_alQpcGpK. Status changed: VERIFY_RESIZE => ACTIVE in 2.2680890560150146
2019-11-26 15:02:03.986 23624 INFO rally.task.runner [-] Task 0dafeb38-ea40-466d-89d6-45d6e450890d | ITER: 8 END: OK
2019-11-26 15:02:06.263 23623 INFO rally.task.runner [-] Task 0dafeb38-ea40-466d-89d6-45d6e450890d | ITER: 9 END: OK
