2019-11-26 13:33:47.627 2602 INFO rally.task.runner [-] Task 1643cad8-380c-4b3c-a108-e26b43a0346d | ITER: 8 END: OK
2019-11-26 13:33:49.268 2603 INFO rally.task.runner [-] Task 1643cad8-380c-4b3c-a108-e26b43a0346d | ITER: 9 END: OK
2019-11-26 13:33:49.665 2605 INFO rally.task.runner [-] Task 1643cad8-380c-4b3c-a108-e26b43a0346d | ITER: 10 END: OK
2019-11-26 13:33:49.689 1845 INFO rally.task.context [-] Task 1643cad8-380c-4b3c-a108-e26b43a0346d | Context cleanup@openstack cleanup() started
2019-11-26 13:33:49.693 1845 RALLYDEBUG rally_openstack.cleanup.manager [-] Cleaning up cinder backups objects
2019-11-26 13:33:50.855 1845 RALLYDEBUG rally_openstack.cleanup.manager [-] Cleaning up cinder volume_snapshots objects
2019-11-26 13:33:52.109 1845 RALLYDEBUG rally_openstack.cleanup.manager [-] Cleaning up cinder transfers objects
2019-11-26 13:33:53.275 1845 RALLYDEBUG rally_openstack.cleanup.manager [-] Cleaning up cinder volumes objects
2019-11-26 13:33:54.539 1845 RALLYDEBUG rally_openstack.cleanup.manager [-] Deleting cinder.volumes object s_rally_3168aefd_j6JAiElJ (a1750c9b-9f77-4a9a-8827-af07faaa30cd)
2019-11-26 13:33:54.543 1845 RALLYDEBUG rally_openstack.cleanup.manager [-] Deleting cinder.volumes object s_rally_3168aefd_eTlajc4t (e5ebd519-ed17-40d2-b36a-80199f1f0bc1)
2019-11-26 13:33:54.552 1845 RALLYDEBUG rally_openstack.cleanup.manager [-] Deleting cinder.volumes object s_rally_3168aefd_i8FT20Ex (15fa91df-10a2-4087-b314-ccff24b32907)
2019-11-26 13:33:54.555 1845 RALLYDEBUG rally_openstack.cleanup.manager [-] Deleting cinder.volumes object s_rally_3168aefd_Mageo8ld (1d2b8ea7-a250-44b7-9f2b-eeebe378ce54)
2019-11-26 13:33:54.566 1845 RALLYDEBUG rally_openstack.cleanup.manager [-] Deleting cinder.volumes object s_rally_3168aefd_WTcY9RGW (59766071-0340-47c5-b44b-15f3e8ab73a3)
2019-11-26 13:33:54.575 1845 RALLYDEBUG rally_openstack.cleanup.manager [-] Deleting cinder.volumes object s_rally_3168aefd_t7aukEaq (774f47b2-62bc-4756-a2d7-6af30ea5e366)
2019-11-26 13:33:54.584 1845 RALLYDEBUG rally_openstack.cleanup.manager [-] Deleting cinder.volumes object s_rally_3168aefd_ciEChItL (c14e6fca-750d-4334-83f5-f10d91818556)
2019-11-26 13:33:54.593 1845 RALLYDEBUG rally_openstack.cleanup.manager [-] Deleting cinder.volumes object s_rally_3168aefd_MgUScTf5 (71e7ea69-f7c0-4f86-8390-5d05b6043ca0)
2019-11-26 13:33:54.599 1845 RALLYDEBUG rally_openstack.cleanup.manager [-] Deleting cinder.volumes object s_rally_3168aefd_ouYqqEX5 (5f2b7e3c-c184-473f-959f-56dea1732902)
2019-11-26 13:33:54.635 1845 RALLYDEBUG rally_openstack.cleanup.manager [-] Deleting cinder.volumes object s_rally_3168aefd_YYKxSPVp (125dc59f-cea8-4d84-a1a9-8375e9634faa)
2019-11-26 13:33:58.518 1845 INFO rally.task.context [-] Task 1643cad8-380c-4b3c-a108-e26b43a0346d | Context cleanup@openstack cleanup() finished in 8.83 sec
2019-11-26 13:33:58.519 1845 INFO rally.task.context [-] Task 1643cad8-380c-4b3c-a108-e26b43a0346d | Context quotas@openstack cleanup() started
2019-11-26 13:33:58.604 1845 INFO rally.task.context [-] Task 1643cad8-380c-4b3c-a108-e26b43a0346d | Context quotas@openstack cleanup() finished in 85.22 msec
2019-11-26 13:33:58.604 1845 INFO rally.task.context [-] Task 1643cad8-380c-4b3c-a108-e26b43a0346d | Context api_versions@openstack cleanup() started
2019-11-26 13:33:58.605 1845 INFO rally.task.context [-] Task 1643cad8-380c-4b3c-a108-e26b43a0346d | Context api_versions@openstack cleanup() finished in 0.36 msec
2019-11-26 13:33:58.605 1845 INFO rally.task.context [-] Task 1643cad8-380c-4b3c-a108-e26b43a0346d | Context users@openstack cleanup() started
2019-11-26 13:34:02.904 1845 INFO rally.task.context [-] Task 1643cad8-380c-4b3c-a108-e26b43a0346d | Context users@openstack cleanup() finished in 4.30 sec
2019-11-26 13:34:03.108 1845 INFO rally.task.engine [-] Load duration is: 8.79588
2019-11-26 13:34:03.109 1845 INFO rally.task.engine [-] Full runner duration is: 8.843502
2019-11-26 13:34:03.109 1845 INFO rally.task.engine [-] Full duration is: 25.947484
2019-11-26 13:34:03.426 1845 INFO rally.task.engine [-] Running workload: position = 0 config = { "version": 2, "title": "A cropped version of a bigger task.", "description": "Auto-generated task from a single workload (uuid=d84a33bd-69dc-41bc-80a9-0b29ff200a1a)", "subtasks": [ { "title": "CinderVolumes.create_and_upload_volume_to_image", "description": "Create and upload a volume to image.", "scenario": { "CinderVolumes.create_and_upload_volume_to_image": { "container_format": "bare", "disk_format": "raw", "do_delete": true, "force": false, "size": 1 } }, "contexts": { "users": { "tenants": 3, "users_per_tenant": 2 }, "quotas": { "cinder": { "gigabytes": -1, "snapshots": -1, "volumes": -1 } }, "api_versions": { "cinder": { "version": 3, "service_type": "volumev3" } } }, "runner": { "constant": { "concurrency": 4, "times": 10 } }, "hooks": [], "sla": { "failure_rate": { "max": 0 } } } ] }
2019-11-26 13:34:03.451 1845 RALLYDEBUG rally_openstack.contexts.keystone.users [-] Creating 3 tenants using 20 threads
2019-11-26 13:34:04.549 1845 RALLYDEBUG rally_openstack.contexts.keystone.users [-] Creating 6 users using 20 threads
2019-11-26 13:34:06.109 1845 INFO rally.task.context [-] Task 1643cad8-380c-4b3c-a108-e26b43a0346d | Context users@openstack setup() finished in 2.66 sec
2019-11-26 13:34:06.526 1845 INFO rally.task.context [-] Task 1643cad8-380c-4b3c-a108-e26b43a0346d | Context api_versions@openstack setup() finished in 0.42 sec
2019-11-26 13:34:07.508 1845 INFO rally.task.context [-] Task 1643cad8-380c-4b3c-a108-e26b43a0346d | Context quotas@openstack setup() finished in 0.98 sec
2019-11-26 13:34:07.508 1845 INFO rally.task.context [-] Task 1643cad8-380c-4b3c-a108-e26b43a0346d | Context cleanup@openstack setup() finished in 0.01 msec
2019-11-26 13:34:07.517 1845 RALLYDEBUG rally.task.runner [-] Starting the constant runner (task UUID: 1643cad8-380c-4b3c-a108-e26b43a0346d). times: 10 concurrency: 4 timeout: 0 max_cpu_used: 16 processes_to_start: 4 concurrency_per_worker: 1 concurrency_overhead: 0
2019-11-26 13:34:07.531 2785 RALLYDEBUG rally.task.runner [-] Starting a worker. times: 10 duration: None concurrency: 1 timeout: 0 cls: method_name: run args: {"container_format": "bare", "disk_format": "raw", "do_delete": true, "force": false, "size": 1}
2019-11-26 13:34:07.535 2786 RALLYDEBUG rally.task.runner [-] Starting a worker. times: 10 duration: None concurrency: 1 timeout: 0 cls: method_name: run args: {"container_format": "bare", "disk_format": "raw", "do_delete": true, "force": false, "size": 1}
2019-11-26 13:34:07.539 2785 INFO rally.task.runner [-] Task 1643cad8-380c-4b3c-a108-e26b43a0346d | ITER: 1 START
2019-11-26 13:34:07.539 2787 RALLYDEBUG rally.task.runner [-] Starting a worker. times: 10 duration: None concurrency: 1 timeout: 0 cls: method_name: run args: {"container_format": "bare", "disk_format": "raw", "do_delete": true, "force": false, "size": 1}
2019-11-26 13:34:07.542 2788 RALLYDEBUG rally.task.runner [-] Starting a worker. times: 10 duration: None concurrency: 1 timeout: 0 cls: method_name: run args: {"container_format": "bare", "disk_format": "raw", "do_delete": true, "force": false, "size": 1}
2019-11-26 13:34:07.543 2786 INFO rally.task.runner [-] Task 1643cad8-380c-4b3c-a108-e26b43a0346d | ITER: 2 START
2019-11-26 13:34:07.546 2787 INFO rally.task.runner [-] Task 1643cad8-380c-4b3c-a108-e26b43a0346d | ITER: 3 START
2019-11-26 13:34:07.548 2788 INFO rally.task.runner [-] Task 1643cad8-380c-4b3c-a108-e26b43a0346d | ITER: 4 START
2019-11-26 13:34:10.865 2785 RALLYDEBUG rally.task.utils [-] Waiting for resource s_rally_d84a33bd_sZ8lRjOr. Status changed: AVAILABLE => UPLOADING in 0.05110907554626465
2019-11-26 13:34:10.876 2787 RALLYDEBUG rally.task.utils [-] Waiting for resource s_rally_d84a33bd_Oyt2oWEd. Status changed: AVAILABLE => UPLOADING in 0.05426144599914551
2019-11-26 13:34:11.209 2788 RALLYDEBUG rally.task.utils [-] Waiting for resource s_rally_d84a33bd_uKiSb0fb. Status changed: AVAILABLE => UPLOADING in 0.06665301322937012
2019-11-26 13:34:11.678 2786 RALLYDEBUG rally.task.utils [-] Waiting for resource s_rally_d84a33bd_6mp165uV. Status changed: AVAILABLE => UPLOADING in 0.05716443061828613
2019-11-26 13:34:21.221 2787 RALLYDEBUG rally.task.utils [-] Waiting for resource s_rally_d84a33bd_Oyt2oWEd. Status changed: UPLOADING => AVAILABLE in 10.345251560211182
2019-11-26 13:34:21.368 2785 RALLYDEBUG rally.task.utils [-] Waiting for resource s_rally_d84a33bd_sZ8lRjOr. Status changed: UPLOADING => AVAILABLE in 10.503392696380615
2019-11-26 13:34:21.401 2787 RALLYDEBUG rally.task.utils [-] Waiting for resource s_rally_d84a33bd_Oyt2oWEd. Status changed: AVAILABLE => DELETING in 0.05313825607299805
2019-11-26 13:34:21.547 2785 RALLYDEBUG rally.task.utils [-] Waiting for resource s_rally_d84a33bd_sZ8lRjOr. Status changed: AVAILABLE => DELETING in 0.05760049819946289
2019-11-26 13:34:23.713 2787 INFO rally.task.runner [-] Task 1643cad8-380c-4b3c-a108-e26b43a0346d | ITER: 3 END: OK
2019-11-26 13:34:23.718 2787 INFO rally.task.runner [-] Task 1643cad8-380c-4b3c-a108-e26b43a0346d | ITER: 5 START
2019-11-26 13:34:23.946 2785 INFO rally.task.runner [-] Task 1643cad8-380c-4b3c-a108-e26b43a0346d | ITER: 1 END: OK
2019-11-26 13:34:23.951 2785 INFO rally.task.runner [-] Task 1643cad8-380c-4b3c-a108-e26b43a0346d | ITER: 6 START
2019-11-26 13:34:26.975 2787 RALLYDEBUG rally.task.utils [-] Waiting for resource s_rally_d84a33bd_48B2OdXe. Status changed: AVAILABLE => UPLOADING in 0.060753822326660156
2019-11-26 13:34:27.196 2785 RALLYDEBUG rally.task.utils [-] Waiting for resource s_rally_d84a33bd_woWNvSwe. Status changed: AVAILABLE => UPLOADING in 0.0656895637512207
2019-11-26 13:34:27.740 2788 RALLYDEBUG rally.task.utils [-] Waiting for resource s_rally_d84a33bd_uKiSb0fb. Status changed: UPLOADING => AVAILABLE in 16.531142473220825
2019-11-26 13:34:27.965 2788 RALLYDEBUG rally.task.utils [-] Waiting for resource s_rally_d84a33bd_uKiSb0fb. Status changed: AVAILABLE => DELETING in 0.06307387351989746
2019-11-26 13:34:28.242 2786 RALLYDEBUG rally.task.utils [-] Waiting for resource s_rally_d84a33bd_6mp165uV. Status changed: UPLOADING => AVAILABLE in 16.563804149627686
2019-11-26 13:34:28.532 2786 RALLYDEBUG rally.task.utils [-] Waiting for resource s_rally_d84a33bd_6mp165uV. Status changed: AVAILABLE => DELETING in 0.08258175849914551
2019-11-26 13:34:30.608 2788 INFO rally.task.runner [-] Task 1643cad8-380c-4b3c-a108-e26b43a0346d | ITER: 4 END: OK
2019-11-26 13:34:30.615 2788 INFO rally.task.runner [-] Task 1643cad8-380c-4b3c-a108-e26b43a0346d | ITER: 7 START
2019-11-26 13:34:31.247 2786 INFO rally.task.runner [-] Task 1643cad8-380c-4b3c-a108-e26b43a0346d | ITER: 2 END: OK
2019-11-26 13:34:31.253 2786 INFO rally.task.runner [-] Task 1643cad8-380c-4b3c-a108-e26b43a0346d | ITER: 8 START
2019-11-26 13:34:34.235 2788 RALLYDEBUG rally.task.utils [-] Waiting for resource s_rally_d84a33bd_lcDaqGyQ. Status changed: AVAILABLE => UPLOADING in 0.09516334533691406
2019-11-26 13:34:34.556 2786 RALLYDEBUG rally.task.utils [-] Waiting for resource s_rally_d84a33bd_jvFlFYfY. Status changed: AVAILABLE => UPLOADING in 0.06857872009277344
2019-11-26 13:34:37.305 2787 RALLYDEBUG rally.task.utils [-] Waiting for resource s_rally_d84a33bd_48B2OdXe. Status changed: UPLOADING => AVAILABLE in 10.32984209060669
2019-11-26 13:34:37.483 2787 RALLYDEBUG rally.task.utils [-] Waiting for resource s_rally_d84a33bd_48B2OdXe. Status changed: AVAILABLE => DELETING in 0.05231070518493652
2019-11-26 13:34:37.499 2785 RALLYDEBUG rally.task.utils [-] Waiting for resource s_rally_d84a33bd_woWNvSwe. Status changed: UPLOADING => AVAILABLE in 10.302669763565063
2019-11-26 13:34:37.690 2785 RALLYDEBUG rally.task.utils [-] Waiting for resource s_rally_d84a33bd_woWNvSwe. Status changed: AVAILABLE => DELETING in 0.06006598472595215
2019-11-26 13:34:40.161 2787 INFO rally.task.runner [-] Task 1643cad8-380c-4b3c-a108-e26b43a0346d | ITER: 5 END: OK
2019-11-26 13:34:40.166 2787 INFO rally.task.runner [-] Task 1643cad8-380c-4b3c-a108-e26b43a0346d | ITER: 9 START
2019-11-26 13:34:40.336 2785 INFO rally.task.runner [-] Task 1643cad8-380c-4b3c-a108-e26b43a0346d | ITER: 6 END: OK
2019-11-26 13:34:40.341 2785 INFO rally.task.runner [-] Task 1643cad8-380c-4b3c-a108-e26b43a0346d | ITER: 10 START
2019-11-26 13:34:44.204 2787 RALLYDEBUG rally.task.utils [-] Waiting for resource s_rally_d84a33bd_hNUA3KxB. Status changed: AVAILABLE => UPLOADING in 0.062149763107299805
2019-11-26 13:34:44.454 2785 RALLYDEBUG rally.task.utils [-] Waiting for resource s_rally_d84a33bd_UBUPhV50. Status changed: AVAILABLE => UPLOADING in 0.05224967002868652
2019-11-26 13:34:44.597 2788 RALLYDEBUG rally.task.utils [-] Waiting for resource s_rally_d84a33bd_lcDaqGyQ. Status changed: UPLOADING => AVAILABLE in 10.361207723617554
2019-11-26 13:34:44.772 2788 RALLYDEBUG rally.task.utils [-] Waiting for resource s_rally_d84a33bd_lcDaqGyQ. Status changed: AVAILABLE => DELETING in 0.052988529205322266
2019-11-26 13:34:45.395 2786 RALLYDEBUG rally.task.utils [-] Waiting for resource s_rally_d84a33bd_jvFlFYfY. Status changed: UPLOADING => AVAILABLE in 10.83897590637207
2019-11-26 13:34:45.607 2786 RALLYDEBUG rally.task.utils [-] Waiting for resource s_rally_d84a33bd_jvFlFYfY. Status changed: AVAILABLE => DELETING in 0.06579446792602539
2019-11-26 13:34:47.303 2788 INFO rally.task.runner [-] Task 1643cad8-380c-4b3c-a108-e26b43a0346d | ITER: 7 END: OK
2019-11-26 13:34:48.328 2786 INFO rally.task.runner [-] Task 1643cad8-380c-4b3c-a108-e26b43a0346d | ITER: 8 END: OK
2019-11-26 13:34:54.686 2787 RALLYDEBUG rally.task.utils [-] Waiting for resource s_rally_d84a33bd_hNUA3KxB. Status changed: UPLOADING => AVAILABLE in 10.48245358467102
2019-11-26 13:34:54.772 2785 RALLYDEBUG rally.task.utils [-] Waiting for resource s_rally_d84a33bd_UBUPhV50. Status changed: UPLOADING => AVAILABLE in 10.317751407623291
2019-11-26 13:34:54.887 2787 RALLYDEBUG rally.task.utils [-] Waiting for resource s_rally_d84a33bd_hNUA3KxB. Status changed: AVAILABLE => DELETING in 0.06834864616394043
2019-11-26 13:34:54.967 2785 RALLYDEBUG rally.task.utils [-] Waiting for resource s_rally_d84a33bd_UBUPhV50. Status changed: AVAILABLE => DELETING in 0.06061387062072754
2019-11-26 13:34:57.222 2785 INFO rally.task.runner [-] Task 1643cad8-380c-4b3c-a108-e26b43a0346d | ITER: 10 END: OK
2019-11-26 13:34:57.266 2787 INFO rally.task.runner [-] Task 1643cad8-380c-4b3c-a108-e26b43a0346d | ITER: 9 END: OK
2019-11-26 13:34:57.290 1845 INFO rally.task.context [-] Task 1643cad8-380c-4b3c-a108-e26b43a0346d | Context cleanup@openstack cleanup() started
2019-11-26 13:34:57.295 1845 RALLYDEBUG rally_openstack.cleanup.manager [-] Cleaning up cinder backups objects
2019-11-26 13:34:58.726 1845 RALLYDEBUG rally_openstack.cleanup.manager [-] Cleaning up cinder volume_snapshots objects
2019-11-26 13:34:59.901 1845 RALLYDEBUG rally_openstack.cleanup.manager [-] Cleaning up cinder transfers objects
2019-11-26 13:35:01.068 1845 RALLYDEBUG rally_openstack.cleanup.manager [-] Cleaning up cinder volumes objects
2019-11-26 13:35:02.317 1845 RALLYDEBUG rally_openstack.cleanup.manager [-] Cleaning up glance images objects
2019-11-26 13:35:03.655 1845 INFO rally.task.context [-] Task 1643cad8-380c-4b3c-a108-e26b43a0346d | Context cleanup@openstack cleanup() finished in 6.37 sec
2019-11-26 13:35:03.655 1845 INFO rally.task.context [-] Task 1643cad8-380c-4b3c-a108-e26b43a0346d | Context quotas@openstack cleanup() started
2019-11-26 13:35:03.732 1845 INFO rally.task.context [-] Task 1643cad8-380c-4b3c-a108-e26b43a0346d | Context quotas@openstack cleanup() finished in 76.10 msec
2019-11-26 13:35:03.732 1845 INFO rally.task.context [-] Task 1643cad8-380c-4b3c-a108-e26b43a0346d | Context api_versions@openstack cleanup() started
2019-11-26 13:35:03.732 1845 INFO rally.task.context [-] Task 1643cad8-380c-4b3c-a108-e26b43a0346d | Context api_versions@openstack cleanup() finished in 0.38 msec
2019-11-26 13:35:03.733 1845 INFO rally.task.context [-] Task 1643cad8-380c-4b3c-a108-e26b43a0346d | Context users@openstack cleanup() started
2019-11-26 13:35:08.106 1845 INFO rally.task.context [-] Task 1643cad8-380c-4b3c-a108-e26b43a0346d | Context users@openstack cleanup() finished in 4.37 sec
2019-11-26 13:35:09.805 1845 INFO rally.task.engine [-] Load duration is: 49.112834
2019-11-26 13:35:09.805 1845 INFO rally.task.engine [-] Full runner duration is: 49.77314
2019-11-26 13:35:09.806 1845 INFO rally.task.engine [-] Full duration is: 64.657997
2019-11-26 13:35:10.146 1845 INFO rally.task.engine [-] Running workload: position = 0 config = { "version": 2, "title": "A cropped version of a bigger task.", "description": "Auto-generated task from a single workload (uuid=f3b2f96c-3a4b-4802-96c9-e8a8b5e8d7ac)", "subtasks": [ { "title": "CinderVolumes.create_nested_snapshots_and_attach_volume", "description": "Create a volume from snapshot and attach/detach the volume", "scenario": { "CinderVolumes.create_nested_snapshots_and_attach_volume": { "flavor": { "name": "rally_full-flavor_14c80e47-fc5e-4341-b211-0fe7e7cf2394" }, "image": { "name": "rally_full-img_14c80e47-fc5e-4341-b211-0fe7e7cf2394" }, "nested_level": 1, "size": { "max": 1, "min": 1 }, "create_vm_params": { "nics": [ { "net-id": "6abc0ace-55e5-437e-8ca2-3154ab90105d" } ] } } }, "contexts": { "users": { "tenants": 3, "users_per_tenant": 2 }, "quotas": { "cinder": { "gigabytes": -1, "snapshots": -1, "volumes": -1 } }, "api_versions": { "cinder": { "version": 3, "service_type": "volumev3" } } }, "runner": { "constant": { "concurrency": 4, "times": 10 } }, "hooks": [], "sla": { "failure_rate": { "max": 0 } } } ] }
2019-11-26 13:35:10.173 1845 RALLYDEBUG rally_openstack.contexts.keystone.users [-] Creating 3 tenants using 20 threads
2019-11-26 13:35:11.235 1845 RALLYDEBUG rally_openstack.contexts.keystone.users [-] Creating 6 users using 20 threads
2019-11-26 13:35:12.672 1845 INFO rally.task.context [-] Task 1643cad8-380c-4b3c-a108-e26b43a0346d | Context users@openstack setup() finished in 2.50 sec
2019-11-26 13:35:13.068 1845 INFO rally.task.context [-] Task 1643cad8-380c-4b3c-a108-e26b43a0346d | Context api_versions@openstack setup() finished in 0.40 sec
2019-11-26 13:35:14.092 1845 INFO rally.task.context [-] Task 1643cad8-380c-4b3c-a108-e26b43a0346d | Context quotas@openstack setup() finished in 1.02 sec
2019-11-26 13:35:14.092 1845 INFO rally.task.context [-] Task 1643cad8-380c-4b3c-a108-e26b43a0346d | Context cleanup@openstack setup() finished in 0.02 msec
2019-11-26 13:35:15.171 1845 RALLYDEBUG rally.task.runner [-] Starting the constant runner (task UUID: 1643cad8-380c-4b3c-a108-e26b43a0346d). times: 10 concurrency: 4 timeout: 0 max_cpu_used: 16 processes_to_start: 4 concurrency_per_worker: 1 concurrency_overhead: 0
2019-11-26 13:35:15.183 2989 RALLYDEBUG rally.task.runner [-] Starting a worker. times: 10 duration: None concurrency: 1 timeout: 0 cls: method_name: run args: {"flavor": "557b1827-d554-482f-8e5c-ff4a7235ad1e", "image": "d28fe962-223c-4c25-a219-b707ace03132", "nested_level": 1, "size": {"max": 1, "min": 1}, "create_vm_params": {"nics": [{"net-id": "6abc0ace-55e5-437e-8ca2-3154ab90105d"}]}}
2019-11-26 13:35:15.187 2990 RALLYDEBUG rally.task.runner [-] Starting a worker. times: 10 duration: None concurrency: 1 timeout: 0 cls: method_name: run args: {"flavor": "557b1827-d554-482f-8e5c-ff4a7235ad1e", "image": "d28fe962-223c-4c25-a219-b707ace03132", "nested_level": 1, "size": {"max": 1, "min": 1}, "create_vm_params": {"nics": [{"net-id": "6abc0ace-55e5-437e-8ca2-3154ab90105d"}]}}
2019-11-26 13:35:15.190 2989 INFO rally.task.runner [-] Task 1643cad8-380c-4b3c-a108-e26b43a0346d | ITER: 1 START
2019-11-26 13:35:15.191 2991 RALLYDEBUG rally.task.runner [-] Starting a worker. times: 10 duration: None concurrency: 1 timeout: 0 cls: method_name: run args: {"flavor": "557b1827-d554-482f-8e5c-ff4a7235ad1e", "image": "d28fe962-223c-4c25-a219-b707ace03132", "nested_level": 1, "size": {"max": 1, "min": 1}, "create_vm_params": {"nics": [{"net-id": "6abc0ace-55e5-437e-8ca2-3154ab90105d"}]}}
2019-11-26 13:35:15.194 2990 INFO rally.task.runner [-] Task 1643cad8-380c-4b3c-a108-e26b43a0346d | ITER: 2 START
2019-11-26 13:35:15.195 2994 RALLYDEBUG rally.task.runner [-] Starting a worker. times: 10 duration: None concurrency: 1 timeout: 0 cls: method_name: run args: {"flavor": "557b1827-d554-482f-8e5c-ff4a7235ad1e", "image": "d28fe962-223c-4c25-a219-b707ace03132", "nested_level": 1, "size": {"max": 1, "min": 1}, "create_vm_params": {"nics": [{"net-id": "6abc0ace-55e5-437e-8ca2-3154ab90105d"}]}}
2019-11-26 13:35:15.197 2991 INFO rally.task.runner [-] Task 1643cad8-380c-4b3c-a108-e26b43a0346d | ITER: 3 START
2019-11-26 13:35:15.201 2994 INFO rally.task.runner [-] Task 1643cad8-380c-4b3c-a108-e26b43a0346d | ITER: 4 START
2019-11-26 13:35:22.864 2990 RALLYDEBUG rally.task.utils [-] Waiting for resource s_rally_f3b2f96c_PUphSt9N. Status changed: BUILD => ACTIVE in 5.042416334152222
2019-11-26 13:35:22.873 2991 RALLYDEBUG rally.task.utils [-] Waiting for resource s_rally_f3b2f96c_q0AHuOUm. Status changed: BUILD => ACTIVE in 5.047907114028931
2019-11-26 13:35:24.575 2989 RALLYDEBUG rally.task.utils [-] Waiting for resource s_rally_f3b2f96c_9FMYzxx0. Status changed: BUILD => ACTIVE in 6.8007001876831055
2019-11-26 13:35:24.611 2994 RALLYDEBUG rally.task.utils [-] Waiting for resource s_rally_f3b2f96c_TjUljmqu. Status changed: BUILD => ACTIVE in 6.9793782234191895
2019-11-26 13:35:28.421 2990 RALLYDEBUG rally.task.utils [-] Waiting for resource s_rally_f3b2f96c_4Pbt0jmd. Status changed: AVAILABLE => RESERVED in 0.4079411029815674
2019-11-26 13:35:28.448 2991 RALLYDEBUG rally.task.utils [-] Waiting for resource s_rally_f3b2f96c_Q562ithv. Status changed: AVAILABLE => RESERVED in 0.40499424934387207
2019-11-26 13:35:29.865 2989 RALLYDEBUG rally.task.utils [-] Waiting for resource s_rally_f3b2f96c_p4tfyjai. Status changed: AVAILABLE => RESERVED in 0.4106464385986328
2019-11-26 13:35:29.976 2994 RALLYDEBUG rally.task.utils [-] Waiting for resource s_rally_f3b2f96c_9G1Ikas7. Status changed: AVAILABLE => RESERVED in 0.4153602123260498
2019-11-26 13:35:30.822 2990 RALLYDEBUG rally.task.utils [-] Waiting for resource s_rally_f3b2f96c_4Pbt0jmd. Status changed: RESERVED => IN-USE in 2.4012813568115234
2019-11-26 13:35:30.833 2991 RALLYDEBUG rally.task.utils [-] Waiting for resource s_rally_f3b2f96c_Q562ithv. Status changed: RESERVED => IN-USE in 2.3858819007873535
2019-11-26 13:35:31.386 2990 RALLYDEBUG rally.task.utils [-] Waiting for resource s_rally_f3b2f96c_4Pbt0jmd. Status changed: AVAILABLE => DETACHING in 0.40579819679260254
2019-11-26 13:35:31.455 2991 RALLYDEBUG rally.task.utils [-] Waiting for resource s_rally_f3b2f96c_Q562ithv. Status changed: AVAILABLE => DETACHING in 0.4085347652435303
2019-11-26 13:35:32.279 2989 RALLYDEBUG rally.task.utils [-] Waiting for resource s_rally_f3b2f96c_p4tfyjai. Status changed: RESERVED => IN-USE in 2.4140853881835938
2019-11-26 13:35:32.394 2994 RALLYDEBUG rally.task.utils [-] Waiting for resource s_rally_f3b2f96c_9G1Ikas7. Status changed: RESERVED => IN-USE in 2.4177491664886475
2019-11-26 13:35:32.855 2989 RALLYDEBUG rally.task.utils [-] Waiting for resource s_rally_f3b2f96c_p4tfyjai. Status changed: AVAILABLE => DETACHING in 0.40335679054260254
2019-11-26 13:35:32.971 2994 RALLYDEBUG rally.task.utils [-] Waiting for resource s_rally_f3b2f96c_9G1Ikas7. Status changed: AVAILABLE => DETACHING in 0.4130434989929199
2019-11-26 13:35:33.805 2990 RALLYDEBUG rally.task.utils [-] Waiting for resource s_rally_f3b2f96c_4Pbt0jmd. Status changed: DETACHING => AVAILABLE in 2.419180393218994
2019-11-26 13:35:33.856 2991 RALLYDEBUG rally.task.utils [-] Waiting for resource s_rally_f3b2f96c_Q562ithv. Status changed: DETACHING => AVAILABLE in 2.401050090789795
2019-11-26 13:35:33.890 2990 RALLYDEBUG rally.task.utils [-] Waiting for resource s_rally_f3b2f96c_HWjzJsu7. Status changed: AVAILABLE => DELETING in 0.026781797409057617
2019-11-26 13:35:33.952 2991 RALLYDEBUG rally.task.utils [-] Waiting for resource s_rally_f3b2f96c_NnDRusWy. Status changed: AVAILABLE => DELETING in 0.02793121337890625
2019-11-26 13:35:35.290 2989 RALLYDEBUG rally.task.utils [-] Waiting for resource s_rally_f3b2f96c_p4tfyjai. Status changed: DETACHING => AVAILABLE in 2.4349024295806885
2019-11-26 13:35:35.393 2989 RALLYDEBUG rally.task.utils [-] Waiting for resource s_rally_f3b2f96c_bTAKoBdI. Status changed: AVAILABLE => DELETING in 0.027096986770629883
2019-11-26 13:35:35.411 2994 RALLYDEBUG rally.task.utils [-] Waiting for resource s_rally_f3b2f96c_9G1Ikas7. Status changed: DETACHING => AVAILABLE in 2.439206123352051
2019-11-26 13:35:35.510 2994 RALLYDEBUG rally.task.utils [-] Waiting for resource s_rally_f3b2f96c_fALGxlv5. Status changed: AVAILABLE => DELETING in 0.028455495834350586
2019-11-26 13:35:36.057 2990 RALLYDEBUG rally.task.utils [-] Waiting for resource s_rally_f3b2f96c_4Pbt0jmd. Status changed: AVAILABLE => DELETING in 0.0682368278503418
2019-11-26 13:35:36.129 2991 RALLYDEBUG rally.task.utils [-] Waiting for resource s_rally_f3b2f96c_Q562ithv. Status changed: AVAILABLE => DELETING in 0.0738835334777832
2019-11-26 13:35:37.563 2989 RALLYDEBUG rally.task.utils [-] Waiting for resource s_rally_f3b2f96c_p4tfyjai. Status changed: AVAILABLE => DELETING in 0.06451225280761719
2019-11-26 13:35:37.679 2994 RALLYDEBUG rally.task.utils [-] Waiting for resource s_rally_f3b2f96c_9G1Ikas7. Status changed: AVAILABLE => DELETING in 0.06183910369873047
2019-11-26 13:35:40.630 2990 INFO rally.task.runner [-] Task 1643cad8-380c-4b3c-a108-e26b43a0346d | ITER: 2 END: OK
2019-11-26 13:35:40.636 2990 INFO rally.task.runner [-] Task 1643cad8-380c-4b3c-a108-e26b43a0346d | ITER: 5 START
2019-11-26 13:35:40.726 2991 INFO rally.task.runner [-] Task 1643cad8-380c-4b3c-a108-e26b43a0346d | ITER: 3 END: OK
2019-11-26 13:35:40.733 2991 INFO rally.task.runner [-] Task 1643cad8-380c-4b3c-a108-e26b43a0346d | ITER: 6 START
2019-11-26 13:35:42.057 2989 INFO rally.task.runner [-] Task 1643cad8-380c-4b3c-a108-e26b43a0346d | ITER: 1 END: OK
2019-11-26 13:35:42.063 2989 INFO rally.task.runner [-] Task 1643cad8-380c-4b3c-a108-e26b43a0346d | ITER: 7 START
2019-11-26 13:35:42.095 2994 INFO rally.task.runner [-] Task 1643cad8-380c-4b3c-a108-e26b43a0346d | ITER: 4 END: OK
2019-11-26 13:35:42.101 2994 INFO rally.task.runner [-] Task 1643cad8-380c-4b3c-a108-e26b43a0346d | ITER: 8 START
2019-11-26 13:35:48.205 2991 RALLYDEBUG rally.task.utils [-] Waiting for resource s_rally_f3b2f96c_hiFvBphB. Status changed: BUILD => ACTIVE in 5.019365310668945
2019-11-26 13:35:49.378 2994 RALLYDEBUG rally.task.utils [-] Waiting for resource s_rally_f3b2f96c_9Y38TvLx. Status changed: BUILD => ACTIVE in 4.811759948730469
2019-11-26 13:35:51.445 2989 RALLYDEBUG rally.task.utils [-] Waiting for resource s_rally_f3b2f96c_ShtYlOXG. Status changed: BUILD => ACTIVE in 6.93528938293457
2019-11-26 13:35:52.399 2990 RALLYDEBUG rally.task.utils [-] Waiting for resource s_rally_f3b2f96c_mokjgYW8. Status changed: BUILD => ACTIVE in 9.216567039489746
2019-11-26 13:35:53.607 2991 RALLYDEBUG rally.task.utils [-] Waiting for resource s_rally_f3b2f96c_reU4el75. Status changed: AVAILABLE => RESERVED in 0.42795586585998535
2019-11-26 13:35:54.785 2994 RALLYDEBUG rally.task.utils [-] Waiting for resource s_rally_f3b2f96c_O0SqVVBq. Status changed: AVAILABLE => RESERVED in 0.41736555099487305
2019-11-26 13:35:56.029 2991 RALLYDEBUG rally.task.utils [-] Waiting for resource s_rally_f3b2f96c_reU4el75. Status changed: RESERVED => IN-USE in 2.4215171337127686
2019-11-26 13:35:56.584 2991 RALLYDEBUG rally.task.utils [-] Waiting for resource s_rally_f3b2f96c_reU4el75. Status changed: AVAILABLE => DETACHING in 0.39348530769348145
2019-11-26 13:35:56.726 2989 RALLYDEBUG rally.task.utils [-] Waiting for resource s_rally_f3b2f96c_74zJJ9kw. Status changed: AVAILABLE => RESERVED in 0.42034292221069336
2019-11-26 13:35:57.199 2994 RALLYDEBUG rally.task.utils [-] Waiting for resource s_rally_f3b2f96c_O0SqVVBq. Status changed: RESERVED => IN-USE in 2.4145662784576416
2019-11-26 13:35:57.772 2994 RALLYDEBUG rally.task.utils [-] Waiting for resource s_rally_f3b2f96c_O0SqVVBq. Status changed: AVAILABLE => DETACHING in 0.4086177349090576
2019-11-26 13:35:58.233 2990 RALLYDEBUG rally.task.utils [-] Waiting for resource s_rally_f3b2f96c_gkVPX8hc. Status changed: AVAILABLE => RESERVED in 0.4111299514770508
2019-11-26 13:35:58.986 2991 RALLYDEBUG rally.task.utils [-] Waiting for resource s_rally_f3b2f96c_reU4el75. Status changed: DETACHING => AVAILABLE in 2.4017488956451416
2019-11-26 13:35:59.074 2991 RALLYDEBUG rally.task.utils [-] Waiting for resource s_rally_f3b2f96c_bgsAo840. Status changed: AVAILABLE => DELETING in 0.02644634246826172
2019-11-26 13:35:59.137 2989 RALLYDEBUG rally.task.utils [-] Waiting for resource s_rally_f3b2f96c_74zJJ9kw. Status changed: RESERVED => IN-USE in 2.410895824432373
2019-11-26 13:35:59.706 2989 RALLYDEBUG rally.task.utils [-] Waiting for resource s_rally_f3b2f96c_74zJJ9kw. Status changed: AVAILABLE => DETACHING in 0.4115180969238281
2019-11-26 13:36:00.182 2994 RALLYDEBUG rally.task.utils [-] Waiting for resource s_rally_f3b2f96c_O0SqVVBq. Status changed: DETACHING => AVAILABLE in 2.4105114936828613
2019-11-26 13:36:00.276 2994 RALLYDEBUG rally.task.utils [-] Waiting for resource s_rally_f3b2f96c_0Xbm9pJx. Status changed: AVAILABLE => DELETING in 0.032372236251831055
2019-11-26 13:36:00.668 2990 RALLYDEBUG rally.task.utils [-] Waiting for resource s_rally_f3b2f96c_gkVPX8hc. Status changed: RESERVED => IN-USE in 2.435293197631836
2019-11-26 13:36:01.212 2991 RALLYDEBUG rally.task.utils [-] Waiting for resource s_rally_f3b2f96c_reU4el75. Status changed: AVAILABLE => DELETING in 0.055321455001831055
2019-11-26 13:36:01.264 2990 RALLYDEBUG rally.task.utils [-] Waiting for resource s_rally_f3b2f96c_gkVPX8hc. Status changed: AVAILABLE => DETACHING in 0.4110896587371826
2019-11-26 13:36:02.133 2989 RALLYDEBUG rally.task.utils [-] Waiting for resource s_rally_f3b2f96c_74zJJ9kw. Status changed: DETACHING => AVAILABLE in 2.4274957180023193
2019-11-26 13:36:02.237 2989 RALLYDEBUG rally.task.utils [-] Waiting for resource s_rally_f3b2f96c_j3Dkb5hS. Status changed: AVAILABLE => DELETING in 0.02801799774169922
2019-11-26 13:36:02.435 2994 RALLYDEBUG rally.task.utils [-] Waiting for resource s_rally_f3b2f96c_O0SqVVBq. Status changed: AVAILABLE => DELETING in 0.06138300895690918
2019-11-26 13:36:03.683 2990 RALLYDEBUG rally.task.utils [-] Waiting for resource s_rally_f3b2f96c_gkVPX8hc. Status changed: DETACHING => AVAILABLE in 2.4187235832214355
2019-11-26 13:36:03.784 2990 RALLYDEBUG rally.task.utils [-] Waiting for resource s_rally_f3b2f96c_Qec7btTP. Status changed: AVAILABLE => DELETING in 0.03136491775512695
2019-11-26 13:36:04.412 2989 RALLYDEBUG rally.task.utils [-] Waiting for resource s_rally_f3b2f96c_74zJJ9kw. Status changed: AVAILABLE => DELETING in 0.06530451774597168
2019-11-26 13:36:05.753 2991 INFO rally.task.runner [-] Task 1643cad8-380c-4b3c-a108-e26b43a0346d | ITER: 6 END: OK
2019-11-26 13:36:05.757 2991 INFO rally.task.runner [-] Task 1643cad8-380c-4b3c-a108-e26b43a0346d | ITER: 9 START
2019-11-26 13:36:05.946 2990 RALLYDEBUG rally.task.utils [-] Waiting for resource s_rally_f3b2f96c_gkVPX8hc. Status changed: AVAILABLE => DELETING in 0.06420683860778809
2019-11-26 13:36:07.165 2994 INFO rally.task.runner [-] Task 1643cad8-380c-4b3c-a108-e26b43a0346d | ITER: 8 END: OK
2019-11-26 13:36:07.169 2994 INFO rally.task.runner [-] Task 1643cad8-380c-4b3c-a108-e26b43a0346d | ITER: 10 START
2019-11-26 13:36:08.826 2989 INFO rally.task.runner [-] Task 1643cad8-380c-4b3c-a108-e26b43a0346d | ITER: 7 END: OK
2019-11-26 13:36:10.355 2990 INFO rally.task.runner [-] Task 1643cad8-380c-4b3c-a108-e26b43a0346d | ITER: 5 END: OK
2019-11-26 13:36:13.224 2991 RALLYDEBUG rally.task.utils [-] Waiting for resource s_rally_f3b2f96c_p0yUWg1j. Status changed: BUILD => ACTIVE in 4.892693042755127
2019-11-26 13:36:16.462 2994 RALLYDEBUG rally.task.utils [-] Waiting for resource s_rally_f3b2f96c_psBwGbkR. Status changed: BUILD => ACTIVE in 6.946593999862671
2019-11-26 13:36:18.642 2991 RALLYDEBUG rally.task.utils [-] Waiting for resource s_rally_f3b2f96c_Stfdx6Jb. Status changed: AVAILABLE => RESERVED in 0.43916869163513184
2019-11-26 13:36:21.099 2991 RALLYDEBUG rally.task.utils [-] Waiting for resource s_rally_f3b2f96c_Stfdx6Jb. Status changed: RESERVED => IN-USE in 2.4563958644866943
2019-11-26 13:36:21.702 2991 RALLYDEBUG rally.task.utils [-] Waiting for resource s_rally_f3b2f96c_Stfdx6Jb. Status changed: AVAILABLE => DETACHING in 0.4177532196044922
2019-11-26 13:36:21.892 2994 RALLYDEBUG rally.task.utils [-] Waiting for resource s_rally_f3b2f96c_tISRjEnD. Status changed: AVAILABLE => RESERVED in 0.4298274517059326
2019-11-26 13:36:24.140 2991 RALLYDEBUG rally.task.utils [-] Waiting for resource s_rally_f3b2f96c_Stfdx6Jb. Status changed: DETACHING => AVAILABLE in 2.437901020050049
2019-11-26 13:36:24.236 2991 RALLYDEBUG rally.task.utils [-] Waiting for resource s_rally_f3b2f96c_4IeBiXit. Status changed: AVAILABLE => DELETING in 0.03255891799926758
2019-11-26 13:36:24.328 2994 RALLYDEBUG rally.task.utils [-] Waiting for resource s_rally_f3b2f96c_tISRjEnD. Status changed: RESERVED => IN-USE in 2.4354500770568848
2019-11-26 13:36:24.944 2994 RALLYDEBUG rally.task.utils [-] Waiting for resource s_rally_f3b2f96c_tISRjEnD. Status changed: AVAILABLE => DETACHING in 0.41936397552490234
2019-11-26 13:36:26.412 2991 RALLYDEBUG rally.task.utils [-] Waiting for resource s_rally_f3b2f96c_Stfdx6Jb. Status changed: AVAILABLE => DELETING in 0.0628664493560791
2019-11-26 13:36:27.395 2994 RALLYDEBUG rally.task.utils [-] Waiting for resource s_rally_f3b2f96c_tISRjEnD. Status changed: DETACHING => AVAILABLE in 2.4515607357025146
2019-11-26 13:36:27.506 2994 RALLYDEBUG rally.task.utils [-] Waiting for resource s_rally_f3b2f96c_bPLJxKDC. Status changed: AVAILABLE => DELETING in 0.031258583068847656
2019-11-26 13:36:29.671 2994 RALLYDEBUG rally.task.utils [-] Waiting for resource s_rally_f3b2f96c_tISRjEnD. Status changed: AVAILABLE => DELETING in 0.06530570983886719
2019-11-26 13:36:30.984 2991 INFO rally.task.runner [-] Task 1643cad8-380c-4b3c-a108-e26b43a0346d | ITER: 9 END: OK
2019-11-26 13:36:34.139 2994 INFO rally.task.runner [-] Task 1643cad8-380c-4b3c-a108-e26b43a0346d | ITER: 10 END: OK
2019-11-26 13:36:34.166 1845 INFO rally.task.context [-] Task 1643cad8-380c-4b3c-a108-e26b43a0346d | Context cleanup@openstack cleanup() started
2019-11-26 13:36:34.169 1845 RALLYDEBUG rally_openstack.cleanup.manager [-] Cleaning up nova servers objects
2019-11-26 13:36:35.504 1845 RALLYDEBUG rally_openstack.cleanup.manager [-] Cleaning up nova server_groups objects
2019-11-26 13:36:36.656 1845 RALLYDEBUG rally_openstack.cleanup.manager [-] Cleaning up nova keypairs objects
2019-11-26 13:36:38.972 1845 RALLYDEBUG rally_openstack.cleanup.manager [-] Cleaning up cinder backups objects
2019-11-26 13:36:40.152 1845 RALLYDEBUG rally_openstack.cleanup.manager [-] Cleaning up cinder volume_snapshots objects
2019-11-26 13:36:41.337 1845 RALLYDEBUG rally_openstack.cleanup.manager [-] Cleaning up cinder transfers objects
2019-11-26 13:36:42.489 1845 RALLYDEBUG rally_openstack.cleanup.manager [-] Cleaning up cinder volumes objects
2019-11-26 13:36:43.708 1845 INFO rally.task.context [-] Task 1643cad8-380c-4b3c-a108-e26b43a0346d | Context cleanup@openstack cleanup() finished in 9.54 sec
2019-11-26 13:36:43.708 1845 INFO rally.task.context [-] Task 1643cad8-380c-4b3c-a108-e26b43a0346d | Context quotas@openstack cleanup() started
2019-11-26 13:36:43.785 1845 INFO rally.task.context [-] Task 1643cad8-380c-4b3c-a108-e26b43a0346d | Context quotas@openstack cleanup() finished in 77.01 msec
2019-11-26 13:36:43.786 1845 INFO rally.task.context [-] Task 1643cad8-380c-4b3c-a108-e26b43a0346d | Context api_versions@openstack cleanup() started
2019-11-26 13:36:43.786 1845 INFO rally.task.context [-] Task 1643cad8-380c-4b3c-a108-e26b43a0346d | Context api_versions@openstack cleanup() finished in 0.36 msec
2019-11-26 13:36:43.787 1845 INFO rally.task.context [-] Task 1643cad8-380c-4b3c-a108-e26b43a0346d | Context users@openstack cleanup() started
2019-11-26 13:36:47.893 1845 INFO rally.task.context [-] Task 1643cad8-380c-4b3c-a108-e26b43a0346d | Context users@openstack cleanup() finished in 4.11 sec
2019-11-26 13:36:48.594 1845 INFO rally.task.engine [-] Load duration is: 77.9432
2019-11-26 13:36:48.594 1845 INFO rally.task.engine [-] Full runner duration is: 78.994937
2019-11-26 13:36:48.595 1845 INFO rally.task.engine [-] Full duration is: 97.722417
2019-11-26 13:36:48.959 1845 INFO rally.task.engine [-] Running workload: position = 0 config = { "version": 2, "title": "A cropped version of a bigger task.", "description": "Auto-generated task from a single workload (uuid=c498ec43-b721-47bf-84ad-86ac734ae42c)", "subtasks": [ { "title": "CinderVolumes.create_snapshot_and_attach_volume", "description": "Create vm, volume, snapshot and attach/detach volume.", "scenario": { "CinderVolumes.create_snapshot_and_attach_volume": { "flavor": { "name": "rally_full-flavor_14c80e47-fc5e-4341-b211-0fe7e7cf2394" }, "image": { "name": "rally_full-img_14c80e47-fc5e-4341-b211-0fe7e7cf2394" }, "size": { "min": 1, "max": 1 }, "create_vm_params": { "nics": [ { "net-id": "6abc0ace-55e5-437e-8ca2-3154ab90105d" } ] } } }, "contexts": { "users": { "tenants": 3, "users_per_tenant": 2 }, "quotas": { "cinder": { "gigabytes": -1, "snapshots": -1, "volumes": -1 } }, "api_versions": { "cinder": { "version": 3, "service_type": "volumev3" } } }, "runner": { "constant": { "concurrency": 4, "times": 10 } }, "hooks": [], "sla": { "failure_rate": { "max": 0 } } } ] }
2019-11-26 13:36:48.985 1845 RALLYDEBUG rally_openstack.contexts.keystone.users [-] Creating 3 tenants using 20 threads
2019-11-26 13:36:50.089 1845 RALLYDEBUG rally_openstack.contexts.keystone.users [-] Creating 6 users using 20 threads
2019-11-26 13:36:51.698 1845 INFO rally.task.context [-] Task 1643cad8-380c-4b3c-a108-e26b43a0346d | Context users@openstack setup() finished in 2.71 sec
2019-11-26 13:36:52.120 1845 INFO rally.task.context [-] Task 1643cad8-380c-4b3c-a108-e26b43a0346d | Context api_versions@openstack setup() finished in 0.42 sec
2019-11-26 13:36:53.033 1845 INFO rally.task.context [-] Task 1643cad8-380c-4b3c-a108-e26b43a0346d | Context quotas@openstack setup() finished in 0.91 sec
2019-11-26 13:36:53.034 1845 INFO rally.task.context [-] Task 1643cad8-380c-4b3c-a108-e26b43a0346d | Context cleanup@openstack setup() finished in 0.01 msec
2019-11-26 13:36:54.238 1845 RALLYDEBUG rally.task.runner [-] Starting the constant runner (task UUID: 1643cad8-380c-4b3c-a108-e26b43a0346d). times: 10 concurrency: 4 timeout: 0 max_cpu_used: 16 processes_to_start: 4 concurrency_per_worker: 1 concurrency_overhead: 0
2019-11-26 13:36:54.250 3233 RALLYDEBUG rally.task.runner [-] Starting a worker. times: 10 duration: None concurrency: 1 timeout: 0 cls: method_name: run args: {"flavor": "557b1827-d554-482f-8e5c-ff4a7235ad1e", "image": "d28fe962-223c-4c25-a219-b707ace03132", "size": {"min": 1, "max": 1}, "create_vm_params": {"nics": [{"net-id": "6abc0ace-55e5-437e-8ca2-3154ab90105d"}]}}
2019-11-26 13:36:54.254 3234 RALLYDEBUG rally.task.runner [-] Starting a worker. times: 10 duration: None concurrency: 1 timeout: 0 cls: method_name: run args: {"flavor": "557b1827-d554-482f-8e5c-ff4a7235ad1e", "image": "d28fe962-223c-4c25-a219-b707ace03132", "size": {"min": 1, "max": 1}, "create_vm_params": {"nics": [{"net-id": "6abc0ace-55e5-437e-8ca2-3154ab90105d"}]}}
2019-11-26 13:36:54.258 3233 INFO rally.task.runner [-] Task 1643cad8-380c-4b3c-a108-e26b43a0346d | ITER: 1 START
2019-11-26 13:36:54.258 3235 RALLYDEBUG rally.task.runner [-] Starting a worker. times: 10 duration: None concurrency: 1 timeout: 0 cls: method_name: run args: {"flavor": "557b1827-d554-482f-8e5c-ff4a7235ad1e", "image": "d28fe962-223c-4c25-a219-b707ace03132", "size": {"min": 1, "max": 1}, "create_vm_params": {"nics": [{"net-id": "6abc0ace-55e5-437e-8ca2-3154ab90105d"}]}}
2019-11-26 13:36:54.262 3234 INFO rally.task.runner [-] Task 1643cad8-380c-4b3c-a108-e26b43a0346d | ITER: 2 START
2019-11-26 13:36:54.261 3237 RALLYDEBUG rally.task.runner [-] Starting a worker. times: 10 duration: None concurrency: 1 timeout: 0 cls: method_name: run args: {"flavor": "557b1827-d554-482f-8e5c-ff4a7235ad1e", "image": "d28fe962-223c-4c25-a219-b707ace03132", "size": {"min": 1, "max": 1}, "create_vm_params": {"nics": [{"net-id": "6abc0ace-55e5-437e-8ca2-3154ab90105d"}]}}
2019-11-26 13:36:54.265 3235 INFO rally.task.runner [-] Task 1643cad8-380c-4b3c-a108-e26b43a0346d | ITER: 3 START
2019-11-26 13:36:54.268 3237 INFO rally.task.runner [-] Task 1643cad8-380c-4b3c-a108-e26b43a0346d | ITER: 4 START
2019-11-26 13:37:05.720 3235 RALLYDEBUG rally.task.utils [-] Waiting for resource s_rally_c498ec43_H8VQXMyA. Status changed: BUILD => ACTIVE in 4.4651782512664795
2019-11-26 13:37:05.830 3234 RALLYDEBUG rally.task.utils [-] Waiting for resource s_rally_c498ec43_oHY63aPB. Status changed: BUILD => ACTIVE in 4.536885738372803
2019-11-26 13:37:06.504 3234 RALLYDEBUG rally.task.utils [-] Waiting for resource s_rally_c498ec43_Sbn6AHJz. Status changed: AVAILABLE => RESERVED in 0.4082143306732178
2019-11-26 13:37:06.583 3235 RALLYDEBUG rally.task.utils [-] Waiting for resource s_rally_c498ec43_HpaNfZMn. Status changed: AVAILABLE => RESERVED in 0.4043545722961426
2019-11-26 13:37:08.045 3237 RALLYDEBUG rally.task.utils [-] Waiting for resource s_rally_c498ec43_W6D8nHeL. Status changed: BUILD => ACTIVE in 6.736704587936401
2019-11-26 13:37:08.144 3233 RALLYDEBUG rally.task.utils [-] Waiting for resource s_rally_c498ec43_kP7tYFnz. Status changed: BUILD => ACTIVE in 6.930487632751465
2019-11-26 13:37:08.839 3237 RALLYDEBUG rally.task.utils [-] Waiting for resource s_rally_c498ec43_WQY5ccma. Status changed: AVAILABLE => RESERVED in 0.4232616424560547
2019-11-26 13:37:08.847 3233 RALLYDEBUG rally.task.utils [-] Waiting for resource s_rally_c498ec43_7VAJpkfe. Status changed: AVAILABLE => RESERVED in 0.39786314964294434
2019-11-26 13:37:08.906 3234 RALLYDEBUG rally.task.utils [-] Waiting for resource s_rally_c498ec43_Sbn6AHJz. Status changed: RESERVED => IN-USE in 2.4020650386810303
2019-11-26 13:37:09.009 3235 RALLYDEBUG rally.task.utils [-] Waiting for resource s_rally_c498ec43_HpaNfZMn. Status changed: RESERVED => IN-USE in 2.4257583618164062
2019-11-26 13:37:09.464 3234 RALLYDEBUG rally.task.utils [-] Waiting for resource s_rally_c498ec43_Sbn6AHJz. Status changed: AVAILABLE => DETACHING in 0.40704846382141113
2019-11-26 13:37:09.569 3235 RALLYDEBUG rally.task.utils [-] Waiting for resource s_rally_c498ec43_HpaNfZMn. Status changed: AVAILABLE => DETACHING in 0.4032449722290039
2019-11-26 13:37:11.257 3237 RALLYDEBUG rally.task.utils [-] Waiting for resource s_rally_c498ec43_WQY5ccma. Status changed: RESERVED => IN-USE in 2.4187750816345215
2019-11-26 13:37:11.272 3233 RALLYDEBUG rally.task.utils [-] Waiting for resource s_rally_c498ec43_7VAJpkfe. Status changed: RESERVED => IN-USE in 2.424574136734009
2019-11-26 13:37:11.823 3233 RALLYDEBUG rally.task.utils [-] Waiting for resource s_rally_c498ec43_7VAJpkfe. Status changed: AVAILABLE => DETACHING in 0.402101993560791
2019-11-26 13:37:11.830 3237 RALLYDEBUG rally.task.utils [-] Waiting for resource s_rally_c498ec43_WQY5ccma. Status changed: AVAILABLE => DETACHING in 0.4007267951965332
2019-11-26 13:37:11.872 3234 RALLYDEBUG rally.task.utils [-] Waiting for resource s_rally_c498ec43_Sbn6AHJz. Status changed: DETACHING => AVAILABLE in 2.4079959392547607
2019-11-26 13:37:11.959 3234 RALLYDEBUG rally.task.utils [-] Waiting for resource s_rally_c498ec43_GWdydEjs. Status changed: AVAILABLE => DELETING in 0.02487468719482422
2019-11-26 13:37:11.971 3235 RALLYDEBUG rally.task.utils [-] Waiting for resource s_rally_c498ec43_HpaNfZMn. Status changed: DETACHING => AVAILABLE in 2.402043342590332
2019-11-26 13:37:12.060 3235 RALLYDEBUG rally.task.utils [-] Waiting for resource s_rally_c498ec43_5hYCrUk4. Status changed: AVAILABLE => DELETING in 0.03398323059082031
2019-11-26 13:37:14.113 3234 RALLYDEBUG rally.task.utils [-] Waiting for resource s_rally_c498ec43_Sbn6AHJz. Status changed: AVAILABLE => DELETING in 0.054527997970581055
2019-11-26 13:37:14.255 3233 RALLYDEBUG rally.task.utils [-] Waiting for resource s_rally_c498ec43_7VAJpkfe. Status changed: DETACHING => AVAILABLE in 2.431299924850464
2019-11-26 13:37:14.281 3237 RALLYDEBUG rally.task.utils [-] Waiting for resource s_rally_c498ec43_WQY5ccma. Status changed: DETACHING => AVAILABLE in 2.4505021572113037
2019-11-26 13:37:14.346 3233 RALLYDEBUG rally.task.utils [-] Waiting for resource s_rally_c498ec43_iAhVIhGs. Status changed: AVAILABLE => DELETING in 0.028307676315307617
2019-11-26 13:37:14.372 3237 RALLYDEBUG rally.task.utils [-] Waiting for resource s_rally_c498ec43_XhmQlL2j. Status changed: AVAILABLE => DELETING in 0.02675771713256836
2019-11-26 13:37:14.372 3235 RALLYDEBUG rally.task.utils [-] Waiting for resource s_rally_c498ec43_HpaNfZMn. Status changed: AVAILABLE => DELETING in 0.21165084838867188
2019-11-26 13:37:16.495 3233 RALLYDEBUG rally.task.utils [-] Waiting for resource s_rally_c498ec43_7VAJpkfe. Status changed: AVAILABLE => DELETING in 0.05895590782165527
2019-11-26 13:37:16.514 3237 RALLYDEBUG rally.task.utils [-] Waiting for resource s_rally_c498ec43_WQY5ccma. Status changed: AVAILABLE => DELETING in 0.052695512771606445
2019-11-26 13:37:18.542 3234 INFO rally.task.runner [-] Task 1643cad8-380c-4b3c-a108-e26b43a0346d | ITER: 2 END: OK
2019-11-26 13:37:18.549 3234 INFO rally.task.runner [-] Task 1643cad8-380c-4b3c-a108-e26b43a0346d | ITER: 5 START
2019-11-26 13:37:18.952 3235 INFO rally.task.runner [-] Task 1643cad8-380c-4b3c-a108-e26b43a0346d | ITER: 3 END: OK
2019-11-26 13:37:18.959 3235 INFO rally.task.runner [-] Task 1643cad8-380c-4b3c-a108-e26b43a0346d | ITER: 6 START
2019-11-26 13:37:21.012 3233 INFO rally.task.runner [-] Task 1643cad8-380c-4b3c-a108-e26b43a0346d | ITER: 1 END: OK
2019-11-26 13:37:21.017 3233 INFO rally.task.runner [-] Task 1643cad8-380c-4b3c-a108-e26b43a0346d | ITER: 7 START
2019-11-26 13:37:23.272 3237 INFO rally.task.runner [-] Task 1643cad8-380c-4b3c-a108-e26b43a0346d | ITER: 4 END: OK
2019-11-26 13:37:23.276 3237 INFO rally.task.runner [-] Task 1643cad8-380c-4b3c-a108-e26b43a0346d | ITER: 8 START
2019-11-26 13:37:28.047 3234 RALLYDEBUG rally.task.utils [-] Waiting for resource s_rally_c498ec43_nYmtvBGK. Status changed: BUILD => ACTIVE in 2.4460625648498535
2019-11-26 13:37:28.717 3234 RALLYDEBUG rally.task.utils [-] Waiting for resource s_rally_c498ec43_wQjMNZl2. Status changed: AVAILABLE => RESERVED in 0.4059946537017822
2019-11-26 13:37:31.133 3234 RALLYDEBUG rally.task.utils [-] Waiting for resource s_rally_c498ec43_wQjMNZl2. Status changed: RESERVED => IN-USE in 2.4155869483947754
2019-11-26 13:37:31.687 3234 RALLYDEBUG rally.task.utils [-] Waiting for resource s_rally_c498ec43_wQjMNZl2. Status changed: AVAILABLE => DETACHING in 0.4031250476837158
2019-11-26 13:37:32.443 3235 RALLYDEBUG rally.task.utils [-] Waiting for resource s_rally_c498ec43_v2nE7YfU. Status changed: BUILD => ACTIVE in 6.767282247543335
2019-11-26 13:37:32.878 3233 RALLYDEBUG rally.task.utils [-] Waiting for resource s_rally_c498ec43_GXi7Hg5q. Status changed: BUILD => ACTIVE in 4.962890148162842
2019-11-26 13:37:33.115 3235 RALLYDEBUG rally.task.utils [-] Waiting for resource s_rally_c498ec43_4eX4Fest. Status changed: AVAILABLE => RESERVED in 0.4198155403137207
2019-11-26 13:37:33.539 3233 RALLYDEBUG rally.task.utils [-] Waiting for resource s_rally_c498ec43_LsP1EYki. Status changed: AVAILABLE => RESERVED in 0.4016883373260498
2019-11-26 13:37:34.102 3234 RALLYDEBUG rally.task.utils [-] Waiting for resource s_rally_c498ec43_wQjMNZl2. Status changed: DETACHING => AVAILABLE in 2.4151721000671387
2019-11-26 13:37:34.187 3234 RALLYDEBUG rally.task.utils [-] Waiting for resource s_rally_c498ec43_XSPXD78w. Status changed: AVAILABLE => DELETING in 0.025315284729003906
2019-11-26 13:37:34.455 3237 RALLYDEBUG rally.task.utils [-] Waiting for resource s_rally_c498ec43_gvET27g8. Status changed: BUILD => ACTIVE in 4.551408767700195
2019-11-26 13:37:35.098 3237 RALLYDEBUG rally.task.utils [-] Waiting for resource s_rally_c498ec43_shq6NHUD. Status changed: AVAILABLE => RESERVED in 0.3917365074157715
2019-11-26 13:37:35.541 3235 RALLYDEBUG rally.task.utils [-] Waiting for resource s_rally_c498ec43_4eX4Fest. Status changed: RESERVED => IN-USE in 2.426028251647949
2019-11-26 13:37:35.973 3233 RALLYDEBUG rally.task.utils [-] Waiting for resource s_rally_c498ec43_LsP1EYki. Status changed: RESERVED => IN-USE in 2.433002233505249
2019-11-26 13:37:36.113 3235 RALLYDEBUG rally.task.utils [-] Waiting for resource s_rally_c498ec43_4eX4Fest. Status changed: AVAILABLE => DETACHING in 0.40204954147338867
2019-11-26 13:37:36.323 3234 RALLYDEBUG rally.task.utils [-] Waiting for resource s_rally_c498ec43_wQjMNZl2. Status changed: AVAILABLE => DELETING in 0.05613994598388672
2019-11-26 13:37:36.548 3233 RALLYDEBUG rally.task.utils [-] Waiting for resource s_rally_c498ec43_LsP1EYki. Status changed: AVAILABLE => DETACHING in 0.40792417526245117
2019-11-26 13:37:37.526 3237 RALLYDEBUG rally.task.utils [-] Waiting for resource s_rally_c498ec43_shq6NHUD. Status changed: RESERVED => IN-USE in 2.42792010307312
2019-11-26 13:37:38.143 3237 RALLYDEBUG rally.task.utils [-] Waiting for resource s_rally_c498ec43_shq6NHUD. Status changed: AVAILABLE => DETACHING in 0.4352447986602783
2019-11-26 13:37:38.537 3235 RALLYDEBUG rally.task.utils [-] Waiting for resource s_rally_c498ec43_4eX4Fest. Status changed: DETACHING => AVAILABLE in 2.423954725265503
