2019-11-26 13:23:21.195 8 RALLYDEBUG rally.api [-] INFO logs from urllib3 and requests module are hide.
2019-11-26 13:23:21.195 8 RALLYDEBUG rally.api [-] urllib3 insecure warnings are hidden.
2019-11-26 13:23:21.195 8 RALLYDEBUG rally.api [-] ERROR log from boto module is hide.
2019-11-26 13:23:23.020 8 ERROR rally.cli.cliutils [-] Unexpected exception in CLI: rally.exceptions.DBRecordNotFound: Record for uuid or name is opnfv-rally not found in table envs
2019-11-26 13:23:23.020 8 ERROR rally.cli.cliutils
Traceback (most recent call last):
2019-11-26 13:23:23.020 8 ERROR rally.cli.cliutils
File "/usr/lib/python3.6/site-packages/rally/cli/cliutils.py", line 674, in run
2019-11-26 13:23:23.020 8 ERROR rally.cli.cliutils ret = fn(*fn_args, **fn_kwargs)
2019-11-26 13:23:23.020 8 ERROR rally.cli.cliutils File "", line 2, in destroy
2019-11-26 13:23:23.020 8 ERROR rally.cli.cliutils
File "/usr/lib/python3.6/site-packages/rally/cli/envutils.py", line 68, in default_from_global
2019-11-26 13:23:23.020 8 ERROR rally.cli.cliutils return f(*args, **kwargs)
2019-11-26 13:23:23.020 8 ERROR rally.cli.cliutils File "", line 2, in destroy
2019-11-26 13:23:23.020 8 ERROR rally.cli.cliutils
File "/usr/lib/python3.6/site-packages/rally/plugins/__init__.py", line 51, in ensure_plugins_are_loaded
2019-11-26 13:23:23.020 8 ERROR rally.cli.cliutils return f(*args, **kwargs)
2019-11-26 13:23:23.020 8 ERROR rally.cli.cliutils
File "/usr/lib/python3.6/site-packages/rally/cli/commands/deployment.py", line 157, in destroy
2019-11-26 13:23:23.020 8 ERROR rally.cli.cliutils api.deployment.destroy(deployment=deployment)
2019-11-26 13:23:23.020 8 ERROR rally.cli.cliutils
File "/usr/lib/python3.6/site-packages/rally/api.py", line 115, in destroy
2019-11-26 13:23:23.020 8 ERROR rally.cli.cliutils deploy = objects.Deployment.get(deployment)
2019-11-26 13:23:23.020 8 ERROR rally.cli.cliutils
File "/usr/lib/python3.6/site-packages/rally/common/objects/deploy.py", line 124, in get
2019-11-26 13:23:23.020 8 ERROR rally.cli.cliutils return Deployment(env_mgr.EnvManager.get(deploy))
2019-11-26 13:23:23.020 8 ERROR rally.cli.cliutils
File "/usr/lib/python3.6/site-packages/rally/env/env_mgr.py", line 212, in get
2019-11-26 13:23:23.020 8 ERROR rally.cli.cliutils return cls(db.env_get(uuid_or_name))
2019-11-26 13:23:23.020 8 ERROR rally.cli.cliutils
File "/usr/lib/python3.6/site-packages/rally/common/db/api.py", line 135, in wrapper
2019-11-26 13:23:23.020 8 ERROR rally.cli.cliutils result = f(session, *args, **kwargs)
2019-11-26 13:23:23.020 8 ERROR rally.cli.cliutils
File "/usr/lib/python3.6/site-packages/rally/common/db/api.py", line 521, in env_get
2019-11-26 13:23:23.020 8 ERROR rally.cli.cliutils criteria="uuid or name is %s" % uuid_or_name, table="envs")
2019-11-26 13:23:23.020 8 ERROR rally.cli.cliutils rally.exceptions.DBRecordNotFound: Record for uuid or name is opnfv-rally not found in table envs
2019-11-26 13:23:23.020 8 ERROR rally.cli.cliutils
2019-11-26 13:23:24.383 10 RALLYDEBUG rally.api [-] INFO logs from urllib3 and requests module are hide.
2019-11-26 13:23:24.383 10 RALLYDEBUG rally.api [-] urllib3 insecure warnings are hidden.
2019-11-26 13:23:24.383 10 RALLYDEBUG rally.api [-] ERROR log from boto module is hide.
2019-11-26 13:23:27.811 12 RALLYDEBUG rally.api [-] INFO logs from urllib3 and requests module are hide.
2019-11-26 13:23:27.812 12 RALLYDEBUG rally.api [-] urllib3 insecure warnings are hidden.
2019-11-26 13:23:27.812 12 RALLYDEBUG rally.api [-] ERROR log from boto module is hide.
2019-11-26 13:23:31.916 15 RALLYDEBUG rally.api [-] INFO logs from urllib3 and requests module are hide.
2019-11-26 13:23:31.916 15 RALLYDEBUG rally.api [-] urllib3 insecure warnings are hidden.
2019-11-26 13:23:31.916 15 RALLYDEBUG rally.api [-] ERROR log from boto module is hide.
2019-11-26 13:23:33.102 17 RALLYDEBUG rally.api [-] INFO logs from urllib3 and requests module are hide.
2019-11-26 13:23:33.102 17 RALLYDEBUG rally.api [-] urllib3 insecure warnings are hidden.
2019-11-26 13:23:33.102 17 RALLYDEBUG rally.api [-] ERROR log from boto module is hide.
2019-11-26 13:23:35.024 17 INFO rally.task.engine [-] Task 1e445897-d6c1-4c92-8284-ad25e7d2c65f | Starting: Task validation.
2019-11-26 13:23:35.074 17 INFO rally.task.engine [-] Task 1e445897-d6c1-4c92-8284-ad25e7d2c65f | Starting: Task validation of syntax.
2019-11-26 13:23:35.164 17 INFO rally.task.engine [-] Task 1e445897-d6c1-4c92-8284-ad25e7d2c65f | Completed: Task validation of syntax.
2019-11-26 13:23:35.164 17 INFO rally.task.engine [-] Task 1e445897-d6c1-4c92-8284-ad25e7d2c65f | Starting: Task validation of required platforms.
2019-11-26 13:23:35.208 17 INFO rally.task.engine [-] Task 1e445897-d6c1-4c92-8284-ad25e7d2c65f | Completed: Task validation of required platforms.
2019-11-26 13:23:35.208 17 INFO rally.task.engine [-] Task 1e445897-d6c1-4c92-8284-ad25e7d2c65f | Starting: Task validation of semantic.
2019-11-26 13:23:35.208 17 INFO rally.task.engine [-] Check health of the environment '73925250-c41d-449a-9e1d-3bea8c973e1e'.
2019-11-26 13:23:36.143 17 INFO rally.task.engine [-] Platform existing@openstack (available: True): OK!
2019-11-26 13:23:36.168 17 RALLYDEBUG rally_openstack.contexts.keystone.users [-] Creating 1 tenants using 20 threads
2019-11-26 13:23:37.019 17 RALLYDEBUG rally_openstack.contexts.keystone.users [-] Creating 1 users using 20 threads
2019-11-26 13:23:38.447 17 INFO rally.task.context [-] Task 1e445897-d6c1-4c92-8284-ad25e7d2c65f | Context users@openstack setup() finished in 2.28 sec
2019-11-26 13:23:38.509 17 INFO rally.task.context [-] Task 1e445897-d6c1-4c92-8284-ad25e7d2c65f | Context users@openstack cleanup() started
2019-11-26 13:23:41.464 17 INFO rally.task.context [-] Task 1e445897-d6c1-4c92-8284-ad25e7d2c65f | Context users@openstack cleanup() finished in 2.96 sec
2019-11-26 13:23:41.465 17 INFO rally.task.engine [-] Task 1e445897-d6c1-4c92-8284-ad25e7d2c65f | Completed: Task validation of semantic.
2019-11-26 13:23:41.465 17 INFO rally.task.engine [-] Task 1e445897-d6c1-4c92-8284-ad25e7d2c65f | Completed: Task validation.
2019-11-26 13:23:41.466 17 INFO rally.api [-] Task 1e445897-d6c1-4c92-8284-ad25e7d2c65f input file is valid.
2019-11-26 13:23:41.466 17 INFO rally.api [-] Run Task 1e445897-d6c1-4c92-8284-ad25e7d2c65f against Deployment 73925250-c41d-449a-9e1d-3bea8c973e1e
2019-11-26 13:23:41.467 17 INFO rally.task.engine [-] Task 1e445897-d6c1-4c92-8284-ad25e7d2c65f | Starting: Running task.
2019-11-26 13:23:41.775 17 INFO rally.task.engine [-] Running workload: position = 0 config = { "version": 2, "title": "A cropped version of a bigger task.", "description": "Auto-generated task from a single workload (uuid=0f256dad-971b-41c0-be46-bc5f6bafad2f)", "subtasks": [ { "title": "Authenticate.keystone", "description": "Check Keystone Client.", "scenario": { "Authenticate.keystone": {} }, "contexts": { "users": { "tenants": 3, "users_per_tenant": 2 } }, "runner": { "constant": { "concurrency": 4, "times": 10 } }, "hooks": [], "sla": { "failure_rate": { "max": 0 } } } ] }
2019-11-26 13:23:41.799 17 RALLYDEBUG rally_openstack.contexts.keystone.users [-] Creating 3 tenants using 20 threads
2019-11-26 13:23:42.740 17 RALLYDEBUG rally_openstack.contexts.keystone.users [-] Creating 6 users using 20 threads
2019-11-26 13:23:44.295 17 INFO rally.task.context [-] Task 1e445897-d6c1-4c92-8284-ad25e7d2c65f | Context users@openstack setup() finished in 2.50 sec
2019-11-26 13:23:44.304 17 RALLYDEBUG rally.task.runner [-] Starting the constant runner (task UUID: 1e445897-d6c1-4c92-8284-ad25e7d2c65f). times: 10 concurrency: 4 timeout: 0 max_cpu_used: 16 processes_to_start: 4 concurrency_per_worker: 1 concurrency_overhead: 0
2019-11-26 13:23:44.318 141 RALLYDEBUG rally.task.runner [-] Starting a worker. times: 10 duration: None concurrency: 1 timeout: 0 cls: method_name: run args: {}
2019-11-26 13:23:44.321 142 RALLYDEBUG rally.task.runner [-] Starting a worker. times: 10 duration: None concurrency: 1 timeout: 0 cls: method_name: run args: {}
2019-11-26 13:23:44.325 141 INFO rally.task.runner [-] Task 1e445897-d6c1-4c92-8284-ad25e7d2c65f | ITER: 1 START
2019-11-26 13:23:44.324 143 RALLYDEBUG rally.task.runner [-] Starting a worker. times: 10 duration: None concurrency: 1 timeout: 0 cls: method_name: run args: {}
2019-11-26 13:23:44.327 142 INFO rally.task.runner [-] Task 1e445897-d6c1-4c92-8284-ad25e7d2c65f | ITER: 2 START
2019-11-26 13:23:44.328 144 RALLYDEBUG rally.task.runner [-] Starting a worker. times: 10 duration: None concurrency: 1 timeout: 0 cls: method_name: run args: {}
2019-11-26 13:23:44.331 143 INFO rally.task.runner [-] Task 1e445897-d6c1-4c92-8284-ad25e7d2c65f | ITER: 3 START
2019-11-26 13:23:44.333 144 INFO rally.task.runner [-] Task 1e445897-d6c1-4c92-8284-ad25e7d2c65f | ITER: 4 START
2019-11-26 13:23:45.017 142 INFO rally.task.runner [-] Task 1e445897-d6c1-4c92-8284-ad25e7d2c65f | ITER: 2 END: OK
2019-11-26 13:23:45.020 141 INFO rally.task.runner [-] Task 1e445897-d6c1-4c92-8284-ad25e7d2c65f | ITER: 1 END: OK
2019-11-26 13:23:45.022 142 INFO rally.task.runner [-] Task 1e445897-d6c1-4c92-8284-ad25e7d2c65f | ITER: 5 START
2019-11-26 13:23:45.026 141 INFO rally.task.runner [-] Task 1e445897-d6c1-4c92-8284-ad25e7d2c65f | ITER: 6 START
2019-11-26 13:23:45.070 144 INFO rally.task.runner [-] Task 1e445897-d6c1-4c92-8284-ad25e7d2c65f | ITER: 4 END: OK
2019-11-26 13:23:45.074 144 INFO rally.task.runner [-] Task 1e445897-d6c1-4c92-8284-ad25e7d2c65f | ITER: 7 START
2019-11-26 13:23:45.076 143 INFO rally.task.runner [-] Task 1e445897-d6c1-4c92-8284-ad25e7d2c65f | ITER: 3 END: OK
2019-11-26 13:23:45.080 143 INFO rally.task.runner [-] Task 1e445897-d6c1-4c92-8284-ad25e7d2c65f | ITER: 8 START
2019-11-26 13:23:45.697 143 INFO rally.task.runner [-] Task 1e445897-d6c1-4c92-8284-ad25e7d2c65f | ITER: 8 END: OK
2019-11-26 13:23:45.700 143 INFO rally.task.runner [-] Task 1e445897-d6c1-4c92-8284-ad25e7d2c65f | ITER: 9 START
2019-11-26 13:23:45.718 141 INFO rally.task.runner [-] Task 1e445897-d6c1-4c92-8284-ad25e7d2c65f | ITER: 6 END: OK
2019-11-26 13:23:45.722 141 INFO rally.task.runner [-] Task 1e445897-d6c1-4c92-8284-ad25e7d2c65f | ITER: 10 START
2019-11-26 13:23:45.725 142 INFO rally.task.runner [-] Task 1e445897-d6c1-4c92-8284-ad25e7d2c65f | ITER: 5 END: OK
2019-11-26 13:23:45.782 144 INFO rally.task.runner [-] Task 1e445897-d6c1-4c92-8284-ad25e7d2c65f | ITER: 7 END: OK
2019-11-26 13:23:46.314 143 INFO rally.task.runner [-] Task 1e445897-d6c1-4c92-8284-ad25e7d2c65f | ITER: 9 END: OK
2019-11-26 13:23:46.336 141 INFO rally.task.runner [-] Task 1e445897-d6c1-4c92-8284-ad25e7d2c65f | ITER: 10 END: OK
2019-11-26 13:23:46.361 17 INFO rally.task.context [-] Task 1e445897-d6c1-4c92-8284-ad25e7d2c65f | Context users@openstack cleanup() started
2019-11-26 13:23:50.891 17 INFO rally.task.context [-] Task 1e445897-d6c1-4c92-8284-ad25e7d2c65f | Context users@openstack cleanup() finished in 4.53 sec
2019-11-26 13:23:51.870 17 INFO rally.task.engine [-] Load duration is: 2.009942
2019-11-26 13:23:51.871 17 INFO rally.task.engine [-] Full runner duration is: 2.057228
2019-11-26 13:23:51.872 17 INFO rally.task.engine [-] Full duration is: 9.0934
2019-11-26 13:23:52.135 17 INFO rally.task.engine [-] Running workload: position = 0 config = { "version": 2, "title": "A cropped version of a bigger task.", "description": "Auto-generated task from a single workload (uuid=e25402c3-132a-4896-b903-f60c954eb8d9)", "subtasks": [ { "title": "Authenticate.validate_cinder", "description": "Check Cinder Client to ensure validation of token.", "scenario": { "Authenticate.validate_cinder": { "repetitions": 2 } }, "contexts": { "users": { "tenants": 3, "users_per_tenant": 2 } }, "runner": { "constant": { "concurrency": 4, "times": 10 } }, "hooks": [], "sla": { "failure_rate": { "max": 0 } } } ] }
2019-11-26 13:23:52.160 17 RALLYDEBUG rally_openstack.contexts.keystone.users [-] Creating 3 tenants using 20 threads
2019-11-26 13:23:53.188 17 RALLYDEBUG rally_openstack.contexts.keystone.users [-] Creating 6 users using 20 threads
2019-11-26 13:23:54.827 17 INFO rally.task.context [-] Task 1e445897-d6c1-4c92-8284-ad25e7d2c65f | Context users@openstack setup() finished in 2.67 sec
2019-11-26 13:23:54.836 17 RALLYDEBUG rally.task.runner [-] Starting the constant runner (task UUID: 1e445897-d6c1-4c92-8284-ad25e7d2c65f). times: 10 concurrency: 4 timeout: 0 max_cpu_used: 16 processes_to_start: 4 concurrency_per_worker: 1 concurrency_overhead: 0
2019-11-26 13:23:54.848 245 RALLYDEBUG rally.task.runner [-] Starting a worker. times: 10 duration: None concurrency: 1 timeout: 0 cls: method_name: run args: {"repetitions": 2}
2019-11-26 13:23:54.852 246 RALLYDEBUG rally.task.runner [-] Starting a worker. times: 10 duration: None concurrency: 1 timeout: 0 cls: method_name: run args: {"repetitions": 2}
2019-11-26 13:23:54.855 245 INFO rally.task.runner [-] Task 1e445897-d6c1-4c92-8284-ad25e7d2c65f | ITER: 1 START
2019-11-26 13:23:54.855 247 RALLYDEBUG rally.task.runner [-] Starting a worker. times: 10 duration: None concurrency: 1 timeout: 0 cls: method_name: run args: {"repetitions": 2}
2019-11-26 13:23:54.858 246 INFO rally.task.runner [-] Task 1e445897-d6c1-4c92-8284-ad25e7d2c65f | ITER: 2 START
2019-11-26 13:23:54.858 249 RALLYDEBUG rally.task.runner [-] Starting a worker. times: 10 duration: None concurrency: 1 timeout: 0 cls: method_name: run args: {"repetitions": 2}
2019-11-26 13:23:54.861 247 INFO rally.task.runner [-] Task 1e445897-d6c1-4c92-8284-ad25e7d2c65f | ITER: 3 START
2019-11-26 13:23:54.864 249 INFO rally.task.runner [-] Task 1e445897-d6c1-4c92-8284-ad25e7d2c65f | ITER: 4 START
2019-11-26 13:23:55.494 245 INFO rally.task.runner [-] Task 1e445897-d6c1-4c92-8284-ad25e7d2c65f | ITER: 1 END: OK
2019-11-26 13:23:55.495 246 INFO rally.task.runner [-] Task 1e445897-d6c1-4c92-8284-ad25e7d2c65f | ITER: 2 END: OK
2019-11-26 13:23:55.498 245 INFO rally.task.runner [-] Task 1e445897-d6c1-4c92-8284-ad25e7d2c65f | ITER: 5 START
2019-11-26 13:23:55.499 246 INFO rally.task.runner [-] Task 1e445897-d6c1-4c92-8284-ad25e7d2c65f | ITER: 6 START
2019-11-26 13:23:55.500 247 INFO rally.task.runner [-] Task 1e445897-d6c1-4c92-8284-ad25e7d2c65f | ITER: 3 END: OK
2019-11-26 13:23:55.504 247 INFO rally.task.runner [-] Task 1e445897-d6c1-4c92-8284-ad25e7d2c65f | ITER: 7 START
2019-11-26 13:23:55.510 249 INFO rally.task.runner [-] Task 1e445897-d6c1-4c92-8284-ad25e7d2c65f | ITER: 4 END: OK
2019-11-26 13:23:55.513 249 INFO rally.task.runner [-] Task 1e445897-d6c1-4c92-8284-ad25e7d2c65f | ITER: 8 START
2019-11-26 13:23:55.911 245 INFO rally.task.runner [-] Task 1e445897-d6c1-4c92-8284-ad25e7d2c65f | ITER: 5 END: OK
2019-11-26 13:23:55.915 245 INFO rally.task.runner [-] Task 1e445897-d6c1-4c92-8284-ad25e7d2c65f | ITER: 9 START
2019-11-26 13:23:55.961 249 INFO rally.task.runner [-] Task 1e445897-d6c1-4c92-8284-ad25e7d2c65f | ITER: 8 END: OK
2019-11-26 13:23:55.964 249 INFO rally.task.runner [-] Task 1e445897-d6c1-4c92-8284-ad25e7d2c65f | ITER: 10 START
2019-11-26 13:23:55.983 246 INFO rally.task.runner [-] Task 1e445897-d6c1-4c92-8284-ad25e7d2c65f | ITER: 6 END: OK
2019-11-26 13:23:56.055 247 INFO rally.task.runner [-] Task 1e445897-d6c1-4c92-8284-ad25e7d2c65f | ITER: 7 END: OK
2019-11-26 13:23:56.366 249 INFO rally.task.runner [-] Task 1e445897-d6c1-4c92-8284-ad25e7d2c65f | ITER: 10 END: OK
2019-11-26 13:23:56.374 245 INFO rally.task.runner [-] Task 1e445897-d6c1-4c92-8284-ad25e7d2c65f | ITER: 9 END: OK
2019-11-26 13:23:56.401 17 INFO rally.task.context [-] Task 1e445897-d6c1-4c92-8284-ad25e7d2c65f | Context users@openstack cleanup() started
2019-11-26 13:24:00.775 17 INFO rally.task.context [-] Task 1e445897-d6c1-4c92-8284-ad25e7d2c65f | Context users@openstack cleanup() finished in 4.37 sec
2019-11-26 13:24:02.268 17 INFO rally.task.engine [-] Load duration is: 1.518387
2019-11-26 13:24:02.268 17 INFO rally.task.engine [-] Full runner duration is: 1.56552
2019-11-26 13:24:02.269 17 INFO rally.task.engine [-] Full duration is: 8.617008
2019-11-26 13:24:02.723 17 INFO rally.task.engine [-] Running workload: position = 0 config = { "version": 2, "title": "A cropped version of a bigger task.", "description": "Auto-generated task from a single workload (uuid=654fafa1-471b-4779-a9fd-8461c64691dc)", "subtasks": [ { "title": "Authenticate.validate_glance", "description": "Check Glance Client to ensure validation of token.", "scenario": { "Authenticate.validate_glance": { "repetitions": 2 } }, "contexts": { "users": { "tenants": 3, "users_per_tenant": 2 } }, "runner": { "constant": { "concurrency": 4, "times": 10 } }, "hooks": [], "sla": { "failure_rate": { "max": 0 } } } ] }
2019-11-26 13:24:02.747 17 RALLYDEBUG rally_openstack.contexts.keystone.users [-] Creating 3 tenants using 20 threads
2019-11-26 13:24:03.882 17 RALLYDEBUG rally_openstack.contexts.keystone.users [-] Creating 6 users using 20 threads
2019-11-26 13:24:05.423 17 INFO rally.task.context [-] Task 1e445897-d6c1-4c92-8284-ad25e7d2c65f | Context users@openstack setup() finished in 2.68 sec
2019-11-26 13:24:05.432 17 RALLYDEBUG rally.task.runner [-] Starting the constant runner (task UUID: 1e445897-d6c1-4c92-8284-ad25e7d2c65f). times: 10 concurrency: 4 timeout: 0 max_cpu_used: 16 processes_to_start: 4 concurrency_per_worker: 1 concurrency_overhead: 0
2019-11-26 13:24:05.443 349 RALLYDEBUG rally.task.runner [-] Starting a worker. times: 10 duration: None concurrency: 1 timeout: 0 cls: method_name: run args: {"repetitions": 2}
2019-11-26 13:24:05.446 350 RALLYDEBUG rally.task.runner [-] Starting a worker. times: 10 duration: None concurrency: 1 timeout: 0 cls: method_name: run args: {"repetitions": 2}
2019-11-26 13:24:05.450 349 INFO rally.task.runner [-] Task 1e445897-d6c1-4c92-8284-ad25e7d2c65f | ITER: 1 START
2019-11-26 13:24:05.450 351 RALLYDEBUG rally.task.runner [-] Starting a worker. times: 10 duration: None concurrency: 1 timeout: 0 cls: method_name: run args: {"repetitions": 2}
2019-11-26 13:24:05.452 350 INFO rally.task.runner [-] Task 1e445897-d6c1-4c92-8284-ad25e7d2c65f | ITER: 2 START
2019-11-26 13:24:05.453 352 RALLYDEBUG rally.task.runner [-] Starting a worker. times: 10 duration: None concurrency: 1 timeout: 0 cls: method_name: run args: {"repetitions": 2}
2019-11-26 13:24:05.456 351 INFO rally.task.runner [-] Task 1e445897-d6c1-4c92-8284-ad25e7d2c65f | ITER: 3 START
2019-11-26 13:24:05.459 352 INFO rally.task.runner [-] Task 1e445897-d6c1-4c92-8284-ad25e7d2c65f | ITER: 4 START
2019-11-26 13:24:06.119 350 INFO rally.task.runner [-] Task 1e445897-d6c1-4c92-8284-ad25e7d2c65f | ITER: 2 END: OK
2019-11-26 13:24:06.120 349 INFO rally.task.runner [-] Task 1e445897-d6c1-4c92-8284-ad25e7d2c65f | ITER: 1 END: OK
2019-11-26 13:24:06.123 350 INFO rally.task.runner [-] Task 1e445897-d6c1-4c92-8284-ad25e7d2c65f | ITER: 5 START
2019-11-26 13:24:06.125 349 INFO rally.task.runner [-] Task 1e445897-d6c1-4c92-8284-ad25e7d2c65f | ITER: 6 START
2019-11-26 13:24:06.173 351 INFO rally.task.runner [-] Task 1e445897-d6c1-4c92-8284-ad25e7d2c65f | ITER: 3 END: OK
2019-11-26 13:24:06.177 351 INFO rally.task.runner [-] Task 1e445897-d6c1-4c92-8284-ad25e7d2c65f | ITER: 7 START
2019-11-26 13:24:06.323 352 INFO rally.task.runner [-] Task 1e445897-d6c1-4c92-8284-ad25e7d2c65f | ITER: 4 END: OK
2019-11-26 13:24:06.327 352 INFO rally.task.runner [-] Task 1e445897-d6c1-4c92-8284-ad25e7d2c65f | ITER: 8 START
2019-11-26 13:24:06.756 351 INFO rally.task.runner [-] Task 1e445897-d6c1-4c92-8284-ad25e7d2c65f | ITER: 7 END: OK
2019-11-26 13:24:06.760 351 INFO rally.task.runner [-] Task 1e445897-d6c1-4c92-8284-ad25e7d2c65f | ITER: 9 START
2019-11-26 13:24:06.767 349 INFO rally.task.runner [-] Task 1e445897-d6c1-4c92-8284-ad25e7d2c65f | ITER: 6 END: OK
2019-11-26 13:24:06.771 349 INFO rally.task.runner [-] Task 1e445897-d6c1-4c92-8284-ad25e7d2c65f | ITER: 10 START
2019-11-26 13:24:06.842 350 INFO rally.task.runner [-] Task 1e445897-d6c1-4c92-8284-ad25e7d2c65f | ITER: 5 END: OK
2019-11-26 13:24:07.043 352 INFO rally.task.runner [-] Task 1e445897-d6c1-4c92-8284-ad25e7d2c65f | ITER: 8 END: OK
2019-11-26 13:24:07.199 351 INFO rally.task.runner [-] Task 1e445897-d6c1-4c92-8284-ad25e7d2c65f | ITER: 9 END: OK
2019-11-26 13:24:07.303 349 INFO rally.task.runner [-] Task 1e445897-d6c1-4c92-8284-ad25e7d2c65f | ITER: 10 END: OK
2019-11-26 13:24:07.335 17 INFO rally.task.context [-] Task 1e445897-d6c1-4c92-8284-ad25e7d2c65f | Context users@openstack cleanup() started
2019-11-26 13:24:11.842 17 INFO rally.task.context [-] Task 1e445897-d6c1-4c92-8284-ad25e7d2c65f | Context users@openstack cleanup() finished in 4.51 sec
2019-11-26 13:24:12.870 17 INFO rally.task.engine [-] Load duration is: 1.8521
2019-11-26 13:24:12.870 17 INFO rally.task.engine [-] Full runner duration is: 1.903779
2019-11-26 13:24:12.871 17 INFO rally.task.engine [-] Full duration is: 9.097396
2019-11-26 13:24:13.399 17 INFO rally.task.engine [-] Running workload: position = 0 config = { "version": 2, "title": "A cropped version of a bigger task.", "description": "Auto-generated task from a single workload (uuid=78a47232-b309-426f-8fa1-1622ef85cca3)", "subtasks": [ { "title": "Authenticate.validate_heat", "description": "Check Heat Client to ensure validation of token.", "scenario": { "Authenticate.validate_heat": { "repetitions": 2 } }, "contexts": { "users": { "tenants": 3, "users_per_tenant": 2 } }, "runner": { "constant": { "concurrency": 4, "times": 10 } }, "hooks": [], "sla": { "failure_rate": { "max": 0 } } } ] }
2019-11-26 13:24:13.421 17 RALLYDEBUG rally_openstack.contexts.keystone.users [-] Creating 3 tenants using 20 threads
2019-11-26 13:24:14.497 17 RALLYDEBUG rally_openstack.contexts.keystone.users [-] Creating 6 users using 20 threads
2019-11-26 13:24:16.164 17 INFO rally.task.context [-] Task 1e445897-d6c1-4c92-8284-ad25e7d2c65f | Context users@openstack setup() finished in 2.74 sec
2019-11-26 13:24:16.173 17 RALLYDEBUG rally.task.runner [-] Starting the constant runner (task UUID: 1e445897-d6c1-4c92-8284-ad25e7d2c65f). times: 10 concurrency: 4 timeout: 0 max_cpu_used: 16 processes_to_start: 4 concurrency_per_worker: 1 concurrency_overhead: 0
2019-11-26 13:24:16.185 453 RALLYDEBUG rally.task.runner [-] Starting a worker. times: 10 duration: None concurrency: 1 timeout: 0 cls: method_name: run args: {"repetitions": 2}
2019-11-26 13:24:16.189 454 RALLYDEBUG rally.task.runner [-] Starting a worker. times: 10 duration: None concurrency: 1 timeout: 0 cls: method_name: run args: {"repetitions": 2}
2019-11-26 13:24:16.192 453 INFO rally.task.runner [-] Task 1e445897-d6c1-4c92-8284-ad25e7d2c65f | ITER: 1 START
2019-11-26 13:24:16.192 455 RALLYDEBUG rally.task.runner [-] Starting a worker. times: 10 duration: None concurrency: 1 timeout: 0 cls: method_name: run args: {"repetitions": 2}
2019-11-26 13:24:16.196 454 INFO rally.task.runner [-] Task 1e445897-d6c1-4c92-8284-ad25e7d2c65f | ITER: 2 START
2019-11-26 13:24:16.196 457 RALLYDEBUG rally.task.runner [-] Starting a worker. times: 10 duration: None concurrency: 1 timeout: 0 cls: method_name: run args: {"repetitions": 2}
2019-11-26 13:24:16.199 455 INFO rally.task.runner [-] Task 1e445897-d6c1-4c92-8284-ad25e7d2c65f | ITER: 3 START
2019-11-26 13:24:16.202 457 INFO rally.task.runner [-] Task 1e445897-d6c1-4c92-8284-ad25e7d2c65f | ITER: 4 START
2019-11-26 13:24:17.137 454 INFO rally.task.runner [-] Task 1e445897-d6c1-4c92-8284-ad25e7d2c65f | ITER: 2 END: OK
2019-11-26 13:24:17.142 454 INFO rally.task.runner [-] Task 1e445897-d6c1-4c92-8284-ad25e7d2c65f | ITER: 5 START
2019-11-26 13:24:17.152 455 INFO rally.task.runner [-] Task 1e445897-d6c1-4c92-8284-ad25e7d2c65f | ITER: 3 END: OK
2019-11-26 13:24:17.154 453 INFO rally.task.runner [-] Task 1e445897-d6c1-4c92-8284-ad25e7d2c65f | ITER: 1 END: OK
2019-11-26 13:24:17.157 455 INFO rally.task.runner [-] Task 1e445897-d6c1-4c92-8284-ad25e7d2c65f | ITER: 6 START
2019-11-26 13:24:17.157 457 INFO rally.task.runner [-] Task 1e445897-d6c1-4c92-8284-ad25e7d2c65f | ITER: 4 END: OK
2019-11-26 13:24:17.158 453 INFO rally.task.runner [-] Task 1e445897-d6c1-4c92-8284-ad25e7d2c65f | ITER: 7 START
2019-11-26 13:24:17.161 457 INFO rally.task.runner [-] Task 1e445897-d6c1-4c92-8284-ad25e7d2c65f | ITER: 8 START
2019-11-26 13:24:17.539 455 INFO rally.task.runner [-] Task 1e445897-d6c1-4c92-8284-ad25e7d2c65f | ITER: 6 END: OK
2019-11-26 13:24:17.542 453 INFO rally.task.runner [-] Task 1e445897-d6c1-4c92-8284-ad25e7d2c65f | ITER: 7 END: OK
2019-11-26 13:24:17.542 455 INFO rally.task.runner [-] Task 1e445897-d6c1-4c92-8284-ad25e7d2c65f | ITER: 9 START
2019-11-26 13:24:17.547 453 INFO rally.task.runner [-] Task 1e445897-d6c1-4c92-8284-ad25e7d2c65f | ITER: 10 START
2019-11-26 13:24:17.830 454 INFO rally.task.runner [-] Task 1e445897-d6c1-4c92-8284-ad25e7d2c65f | ITER: 5 END: OK
2019-11-26 13:24:17.843 457 INFO rally.task.runner [-] Task 1e445897-d6c1-4c92-8284-ad25e7d2c65f | ITER: 8 END: OK
2019-11-26 13:24:18.028 453 INFO rally.task.runner [-] Task 1e445897-d6c1-4c92-8284-ad25e7d2c65f | ITER: 10 END: OK
2019-11-26 13:24:18.229 455 INFO rally.task.runner [-] Task 1e445897-d6c1-4c92-8284-ad25e7d2c65f | ITER: 9 END: OK
2019-11-26 13:24:18.250 17 INFO rally.task.context [-] Task 1e445897-d6c1-4c92-8284-ad25e7d2c65f | Context users@openstack cleanup() started
2019-11-26 13:24:22.574 17 INFO rally.task.context [-] Task 1e445897-d6c1-4c92-8284-ad25e7d2c65f | Context users@openstack cleanup() finished in 4.32 sec
2019-11-26 13:24:23.529 17 INFO rally.task.engine [-] Load duration is: 2.035747
2019-11-26 13:24:23.530 17 INFO rally.task.engine [-] Full runner duration is: 2.077282
2019-11-26 13:24:23.530 17 INFO rally.task.engine [-] Full duration is: 9.154161
2019-11-26 13:24:24.076 17 INFO rally.task.engine [-] Running workload: position = 0 config = { "version": 2, "title": "A cropped version of a bigger task.", "description": "Auto-generated task from a single workload (uuid=a1fd66c1-e1e8-4d73-94d5-e956a8d3592a)", "subtasks": [ { "title": "Authenticate.validate_neutron", "description": "Check Neutron Client to ensure validation of token.", "scenario": { "Authenticate.validate_neutron": { "repetitions": 2 } }, "contexts": { "users": { "tenants": 3, "users_per_tenant": 2 } }, "runner": { "constant": { "concurrency": 4, "times": 10 } }, "hooks": [], "sla": { "failure_rate": { "max": 0 } } } ] }
2019-11-26 13:24:24.101 17 RALLYDEBUG rally_openstack.contexts.keystone.users [-] Creating 3 tenants using 20 threads
2019-11-26 13:24:25.129 17 RALLYDEBUG rally_openstack.contexts.keystone.users [-] Creating 6 users using 20 threads
2019-11-26 13:24:26.632 17 INFO rally.task.context [-] Task 1e445897-d6c1-4c92-8284-ad25e7d2c65f | Context users@openstack setup() finished in 2.53 sec
2019-11-26 13:24:26.641 17 RALLYDEBUG rally.task.runner [-] Starting the constant runner (task UUID: 1e445897-d6c1-4c92-8284-ad25e7d2c65f). times: 10 concurrency: 4 timeout: 0 max_cpu_used: 16 processes_to_start: 4 concurrency_per_worker: 1 concurrency_overhead: 0
2019-11-26 13:24:26.653 557 RALLYDEBUG rally.task.runner [-] Starting a worker. times: 10 duration: None concurrency: 1 timeout: 0 cls: method_name: run args: {"repetitions": 2}
2019-11-26 13:24:26.656 558 RALLYDEBUG rally.task.runner [-] Starting a worker. times: 10 duration: None concurrency: 1 timeout: 0 cls: method_name: run args: {"repetitions": 2}
2019-11-26 13:24:26.660 557 INFO rally.task.runner [-] Task 1e445897-d6c1-4c92-8284-ad25e7d2c65f | ITER: 1 START
2019-11-26 13:24:26.659 559 RALLYDEBUG rally.task.runner [-] Starting a worker. times: 10 duration: None concurrency: 1 timeout: 0 cls: method_name: run args: {"repetitions": 2}
2019-11-26 13:24:26.663 558 INFO rally.task.runner [-] Task 1e445897-d6c1-4c92-8284-ad25e7d2c65f | ITER: 2 START
2019-11-26 13:24:26.663 560 RALLYDEBUG rally.task.runner [-] Starting a worker. times: 10 duration: None concurrency: 1 timeout: 0 cls: method_name: run args: {"repetitions": 2}
2019-11-26 13:24:26.666 559 INFO rally.task.runner [-] Task 1e445897-d6c1-4c92-8284-ad25e7d2c65f | ITER: 3 START
2019-11-26 13:24:26.670 560 INFO rally.task.runner [-] Task 1e445897-d6c1-4c92-8284-ad25e7d2c65f | ITER: 4 START
2019-11-26 13:24:27.405 558 INFO rally.task.runner [-] Task 1e445897-d6c1-4c92-8284-ad25e7d2c65f | ITER: 2 END: OK
2019-11-26 13:24:27.409 558 INFO rally.task.runner [-] Task 1e445897-d6c1-4c92-8284-ad25e7d2c65f | ITER: 5 START
2019-11-26 13:24:27.412 560 INFO rally.task.runner [-] Task 1e445897-d6c1-4c92-8284-ad25e7d2c65f | ITER: 4 END: OK
2019-11-26 13:24:27.417 560 INFO rally.task.runner [-] Task 1e445897-d6c1-4c92-8284-ad25e7d2c65f | ITER: 6 START
2019-11-26 13:24:27.463 557 INFO rally.task.runner [-] Task 1e445897-d6c1-4c92-8284-ad25e7d2c65f | ITER: 1 END: OK
2019-11-26 13:24:27.467 557 INFO rally.task.runner [-] Task 1e445897-d6c1-4c92-8284-ad25e7d2c65f | ITER: 7 START
2019-11-26 13:24:27.670 559 INFO rally.task.runner [-] Task 1e445897-d6c1-4c92-8284-ad25e7d2c65f | ITER: 3 END: OK
2019-11-26 13:24:27.675 559 INFO rally.task.runner [-] Task 1e445897-d6c1-4c92-8284-ad25e7d2c65f | ITER: 8 START
2019-11-26 13:24:28.051 557 INFO rally.task.runner [-] Task 1e445897-d6c1-4c92-8284-ad25e7d2c65f | ITER: 7 END: OK
2019-11-26 13:24:28.054 558 INFO rally.task.runner [-] Task 1e445897-d6c1-4c92-8284-ad25e7d2c65f | ITER: 5 END: OK
2019-11-26 13:24:28.055 557 INFO rally.task.runner [-] Task 1e445897-d6c1-4c92-8284-ad25e7d2c65f | ITER: 9 START
2019-11-26 13:24:28.057 558 INFO rally.task.runner [-] Task 1e445897-d6c1-4c92-8284-ad25e7d2c65f | ITER: 10 START
2019-11-26 13:24:28.187 560 INFO rally.task.runner [-] Task 1e445897-d6c1-4c92-8284-ad25e7d2c65f | ITER: 6 END: OK
2019-11-26 13:24:28.261 559 INFO rally.task.runner [-] Task 1e445897-d6c1-4c92-8284-ad25e7d2c65f | ITER: 8 END: OK
2019-11-26 13:24:28.622 558 INFO rally.task.runner [-] Task 1e445897-d6c1-4c92-8284-ad25e7d2c65f | ITER: 10 END: OK
2019-11-26 13:24:28.630 557 INFO rally.task.runner [-] Task 1e445897-d6c1-4c92-8284-ad25e7d2c65f | ITER: 9 END: OK
2019-11-26 13:24:28.656 17 INFO rally.task.context [-] Task 1e445897-d6c1-4c92-8284-ad25e7d2c65f | Context users@openstack cleanup() started
2019-11-26 13:24:33.070 17 INFO rally.task.context [-] Task 1e445897-d6c1-4c92-8284-ad25e7d2c65f | Context users@openstack cleanup() finished in 4.41 sec
2019-11-26 13:24:34.203 17 INFO rally.task.engine [-] Load duration is: 1.96881
2019-11-26 13:24:34.203 17 INFO rally.task.engine [-] Full runner duration is: 2.015284
2019-11-26 13:24:34.204 17 INFO rally.task.engine [-] Full duration is: 8.970963
2019-11-26 13:24:34.736 17 INFO rally.task.engine [-] Running workload: position = 0 config = { "version": 2, "title": "A cropped version of a bigger task.", "description": "Auto-generated task from a single workload (uuid=b3a56e20-f833-4eb8-822e-b14aabd4b98f)", "subtasks": [ { "title": "Authenticate.validate_nova", "description": "Check Nova Client to ensure validation of token.", "scenario": { "Authenticate.validate_nova": { "repetitions": 2 } }, "contexts": { "users": { "tenants": 3, "users_per_tenant": 2 } }, "runner": { "constant": { "concurrency": 4, "times": 10 } }, "hooks": [], "sla": { "failure_rate": { "max": 0 } } } ] }
2019-11-26 13:24:34.761 17 RALLYDEBUG rally_openstack.contexts.keystone.users [-] Creating 3 tenants using 20 threads
2019-11-26 13:24:35.784 17 RALLYDEBUG rally_openstack.contexts.keystone.users [-] Creating 6 users using 20 threads
2019-11-26 13:24:37.358 17 INFO rally.task.context [-] Task 1e445897-d6c1-4c92-8284-ad25e7d2c65f | Context users@openstack setup() finished in 2.60 sec
2019-11-26 13:24:37.366 17 RALLYDEBUG rally.task.runner [-] Starting the constant runner (task UUID: 1e445897-d6c1-4c92-8284-ad25e7d2c65f). times: 10 concurrency: 4 timeout: 0 max_cpu_used: 16 processes_to_start: 4 concurrency_per_worker: 1 concurrency_overhead: 0
2019-11-26 13:24:37.377 661 RALLYDEBUG rally.task.runner [-] Starting a worker. times: 10 duration: None concurrency: 1 timeout: 0 cls: method_name: run args: {"repetitions": 2}
2019-11-26 13:24:37.379 662 RALLYDEBUG rally.task.runner [-] Starting a worker. times: 10 duration: None concurrency: 1 timeout: 0 cls: method_name: run args: {"repetitions": 2}
2019-11-26 13:24:37.382 663 RALLYDEBUG rally.task.runner [-] Starting a worker. times: 10 duration: None concurrency: 1 timeout: 0 cls: method_name: run args: {"repetitions": 2}
2019-11-26 13:24:37.384 661 INFO rally.task.runner [-] Task 1e445897-d6c1-4c92-8284-ad25e7d2c65f | ITER: 1 START
2019-11-26 13:24:37.386 662 INFO rally.task.runner [-] Task 1e445897-d6c1-4c92-8284-ad25e7d2c65f | ITER: 2 START
2019-11-26 13:24:37.385 664 RALLYDEBUG rally.task.runner [-] Starting a worker. times: 10 duration: None concurrency: 1 timeout: 0 cls: method_name: run args: {"repetitions": 2}
2019-11-26 13:24:37.389 663 INFO rally.task.runner [-] Task 1e445897-d6c1-4c92-8284-ad25e7d2c65f | ITER: 3 START
2019-11-26 13:24:37.392 664 INFO rally.task.runner [-] Task 1e445897-d6c1-4c92-8284-ad25e7d2c65f | ITER: 4 START
2019-11-26 13:24:38.043 662 INFO rally.task.runner [-] Task 1e445897-d6c1-4c92-8284-ad25e7d2c65f | ITER: 2 END: OK
2019-11-26 13:24:38.044 664 INFO rally.task.runner [-] Task 1e445897-d6c1-4c92-8284-ad25e7d2c65f | ITER: 4 END: OK
2019-11-26 13:24:38.047 662 INFO rally.task.runner [-] Task 1e445897-d6c1-4c92-8284-ad25e7d2c65f | ITER: 5 START
2019-11-26 13:24:38.048 664 INFO rally.task.runner [-] Task 1e445897-d6c1-4c92-8284-ad25e7d2c65f | ITER: 6 START
2019-11-26 13:24:38.058 663 INFO rally.task.runner [-] Task 1e445897-d6c1-4c92-8284-ad25e7d2c65f | ITER: 3 END: OK
2019-11-26 13:24:38.063 661 INFO rally.task.runner [-] Task 1e445897-d6c1-4c92-8284-ad25e7d2c65f | ITER: 1 END: OK
2019-11-26 13:24:38.063 663 INFO rally.task.runner [-] Task 1e445897-d6c1-4c92-8284-ad25e7d2c65f | ITER: 7 START
2019-11-26 13:24:38.068 661 INFO rally.task.runner [-] Task 1e445897-d6c1-4c92-8284-ad25e7d2c65f | ITER: 8 START
2019-11-26 13:24:38.434 662 INFO rally.task.runner [-] Task 1e445897-d6c1-4c92-8284-ad25e7d2c65f | ITER: 5 END: OK
2019-11-26 13:24:38.437 662 INFO rally.task.runner [-] Task 1e445897-d6c1-4c92-8284-ad25e7d2c65f | ITER: 9 START
2019-11-26 13:24:38.458 661 INFO rally.task.runner [-] Task 1e445897-d6c1-4c92-8284-ad25e7d2c65f | ITER: 8 END: OK
2019-11-26 13:24:38.461 661 INFO rally.task.runner [-] Task 1e445897-d6c1-4c92-8284-ad25e7d2c65f | ITER: 10 START
2019-11-26 13:24:38.577 664 INFO rally.task.runner [-] Task 1e445897-d6c1-4c92-8284-ad25e7d2c65f | ITER: 6 END: OK
2019-11-26 13:24:38.636 663 INFO rally.task.runner [-] Task 1e445897-d6c1-4c92-8284-ad25e7d2c65f | ITER: 7 END: OK
2019-11-26 13:24:38.817 662 INFO rally.task.runner [-] Task 1e445897-d6c1-4c92-8284-ad25e7d2c65f | ITER: 9 END: OK
2019-11-26 13:24:38.852 661 INFO rally.task.runner [-] Task 1e445897-d6c1-4c92-8284-ad25e7d2c65f | ITER: 10 END: OK
2019-11-26 13:24:38.880 17 INFO rally.task.context [-] Task 1e445897-d6c1-4c92-8284-ad25e7d2c65f | Context users@openstack cleanup() started
2019-11-26 13:24:43.313 17 INFO rally.task.context [-] Task 1e445897-d6c1-4c92-8284-ad25e7d2c65f | Context users@openstack cleanup() finished in 4.43 sec
2019-11-26 13:24:44.848 17 INFO rally.task.engine [-] Load duration is: 1.467342
2019-11-26 13:24:44.849 17 INFO rally.task.engine [-] Full runner duration is: 1.514691
2019-11-26 13:24:44.849 17 INFO rally.task.engine [-] Full duration is: 8.55374
2019-11-26 13:24:45.285 17 INFO rally.task.engine [-] Task 1e445897-d6c1-4c92-8284-ad25e7d2c65f | Completed: Running task.
2019-11-26 13:24:46.751 723 RALLYDEBUG rally.api [-] INFO logs from urllib3 and requests module are hide.
2019-11-26 13:24:46.751 723 RALLYDEBUG rally.api [-] urllib3 insecure warnings are hidden.
2019-11-26 13:24:46.751 723 RALLYDEBUG rally.api [-] ERROR log from boto module is hide.
2019-11-26 13:24:47.814 724 RALLYDEBUG rally.api [-] INFO logs from urllib3 and requests module are hide.
2019-11-26 13:24:47.815 724 RALLYDEBUG rally.api [-] urllib3 insecure warnings are hidden.
2019-11-26 13:24:47.815 724 RALLYDEBUG rally.api [-] ERROR log from boto module is hide.
2019-11-26 13:24:48.900 725 RALLYDEBUG rally.api [-] INFO logs from urllib3 and requests module are hide.
2019-11-26 13:24:48.901 725 RALLYDEBUG rally.api [-] urllib3 insecure warnings are hidden.
2019-11-26 13:24:48.901 725 RALLYDEBUG rally.api [-] ERROR log from boto module is hide.
2019-11-26 13:24:50.545 725 INFO rally.api [-] Building 'json' report for the following task(s): '1e445897-d6c1-4c92-8284-ad25e7d2c65f'.
2019-11-26 13:24:50.553 725 INFO rally.api [-] The report has been successfully built.
2019-11-26 13:24:51.921 727 RALLYDEBUG rally.api [-] INFO logs from urllib3 and requests module are hide.
2019-11-26 13:24:51.921 727 RALLYDEBUG rally.api [-] urllib3 insecure warnings are hidden.
2019-11-26 13:24:51.921 727 RALLYDEBUG rally.api [-] ERROR log from boto module is hide.
2019-11-26 13:24:53.869 727 INFO rally.task.engine [-] Task 0b418fe0-9ce4-4048-b54b-3e443abafb5b | Starting: Task validation.
2019-11-26 13:24:53.944 727 INFO rally.task.engine [-] Task 0b418fe0-9ce4-4048-b54b-3e443abafb5b | Starting: Task validation of syntax.
2019-11-26 13:24:54.077 727 INFO rally.task.engine [-] Task 0b418fe0-9ce4-4048-b54b-3e443abafb5b | Completed: Task validation of syntax.
2019-11-26 13:24:54.077 727 INFO rally.task.engine [-] Task 0b418fe0-9ce4-4048-b54b-3e443abafb5b | Starting: Task validation of required platforms.
2019-11-26 13:24:54.136 727 INFO rally.task.engine [-] Task 0b418fe0-9ce4-4048-b54b-3e443abafb5b | Completed: Task validation of required platforms.
2019-11-26 13:24:54.138 727 INFO rally.task.engine [-] Task 0b418fe0-9ce4-4048-b54b-3e443abafb5b | Starting: Task validation of semantic.
2019-11-26 13:24:54.138 727 INFO rally.task.engine [-] Check health of the environment '73925250-c41d-449a-9e1d-3bea8c973e1e'.
2019-11-26 13:24:55.144 727 INFO rally.task.engine [-] Platform existing@openstack (available: True): OK!
2019-11-26 13:24:55.164 727 RALLYDEBUG rally_openstack.contexts.keystone.users [-] Creating 1 tenants using 20 threads
2019-11-26 13:24:56.022 727 RALLYDEBUG rally_openstack.contexts.keystone.users [-] Creating 1 users using 20 threads
2019-11-26 13:24:57.470 727 INFO rally.task.context [-] Task 0b418fe0-9ce4-4048-b54b-3e443abafb5b | Context users@openstack setup() finished in 2.31 sec
2019-11-26 13:25:01.114 727 INFO rally.task.context [-] Task 0b418fe0-9ce4-4048-b54b-3e443abafb5b | Context users@openstack cleanup() started
2019-11-26 13:25:03.969 727 INFO rally.task.context [-] Task 0b418fe0-9ce4-4048-b54b-3e443abafb5b | Context users@openstack cleanup() finished in 2.85 sec
2019-11-26 13:25:03.969 727 INFO rally.task.engine [-] Task 0b418fe0-9ce4-4048-b54b-3e443abafb5b | Completed: Task validation of semantic.
2019-11-26 13:25:03.970 727 INFO rally.task.engine [-] Task 0b418fe0-9ce4-4048-b54b-3e443abafb5b | Completed: Task validation.
2019-11-26 13:25:03.970 727 INFO rally.api [-] Task 0b418fe0-9ce4-4048-b54b-3e443abafb5b input file is valid.
2019-11-26 13:25:03.970 727 INFO rally.api [-] Run Task 0b418fe0-9ce4-4048-b54b-3e443abafb5b against Deployment 73925250-c41d-449a-9e1d-3bea8c973e1e
2019-11-26 13:25:03.971 727 INFO rally.task.engine [-] Task 0b418fe0-9ce4-4048-b54b-3e443abafb5b | Starting: Running task.
2019-11-26 13:25:04.275 727 INFO rally.task.engine [-] Running workload: position = 0 config = { "version": 2, "title": "A cropped version of a bigger task.", "description": "Auto-generated task from a single workload (uuid=1bd5ec12-f326-4383-afb9-8bf8a4baa8f9)", "subtasks": [ { "title": "GlanceImages.create_and_delete_image", "description": "Create and then delete an image.", "scenario": { "GlanceImages.create_and_delete_image": { "container_format": "bare", "disk_format": "qcow2", "image_location": "/home/opnfv/functest/images/cirros-0.4.0-x86_64-disk.img" } }, "contexts": { "users": { "tenants": 3, "users_per_tenant": 2 } }, "runner": { "constant": { "concurrency": 4, "times": 10 } }, "hooks": [], "sla": { "failure_rate": { "max": 0 } } } ] }
2019-11-26 13:25:04.300 727 RALLYDEBUG rally_openstack.contexts.keystone.users [-] Creating 3 tenants using 20 threads
2019-11-26 13:25:05.226 727 RALLYDEBUG rally_openstack.contexts.keystone.users [-] Creating 6 users using 20 threads
2019-11-26 13:25:06.798 727 INFO rally.task.context [-] Task 0b418fe0-9ce4-4048-b54b-3e443abafb5b | Context users@openstack setup() finished in 2.50 sec
2019-11-26 13:25:06.799 727 INFO rally.task.context [-] Task 0b418fe0-9ce4-4048-b54b-3e443abafb5b | Context cleanup@openstack setup() finished in 0.05 msec
2019-11-26 13:25:06.808 727 RALLYDEBUG rally.task.runner [-] Starting the constant runner (task UUID: 0b418fe0-9ce4-4048-b54b-3e443abafb5b). times: 10 concurrency: 4 timeout: 0 max_cpu_used: 16 processes_to_start: 4 concurrency_per_worker: 1 concurrency_overhead: 0
2019-11-26 13:25:06.822 851 RALLYDEBUG rally.task.runner [-] Starting a worker. times: 10 duration: None concurrency: 1 timeout: 0 cls: method_name: run args: {"container_format": "bare", "disk_format": "qcow2", "image_location": "/home/opnfv/functest/images/cirros-0.4.0-x86_64-disk.img"}
2019-11-26 13:25:06.826 852 RALLYDEBUG rally.task.runner [-] Starting a worker. times: 10 duration: None concurrency: 1 timeout: 0 cls: method_name: run args: {"container_format": "bare", "disk_format": "qcow2", "image_location": "/home/opnfv/functest/images/cirros-0.4.0-x86_64-disk.img"}
2019-11-26 13:25:06.829 851 INFO rally.task.runner [-] Task 0b418fe0-9ce4-4048-b54b-3e443abafb5b | ITER: 1 START
2019-11-26 13:25:06.829 853 RALLYDEBUG rally.task.runner [-] Starting a worker. times: 10 duration: None concurrency: 1 timeout: 0 cls: method_name: run args: {"container_format": "bare", "disk_format": "qcow2", "image_location": "/home/opnfv/functest/images/cirros-0.4.0-x86_64-disk.img"}
2019-11-26 13:25:06.832 852 INFO rally.task.runner [-] Task 0b418fe0-9ce4-4048-b54b-3e443abafb5b | ITER: 2 START
2019-11-26 13:25:06.833 855 RALLYDEBUG rally.task.runner [-] Starting a worker. times: 10 duration: None concurrency: 1 timeout: 0 cls: method_name: run args: {"container_format": "bare", "disk_format": "qcow2", "image_location": "/home/opnfv/functest/images/cirros-0.4.0-x86_64-disk.img"}
2019-11-26 13:25:06.835 853 INFO rally.task.runner [-] Task 0b418fe0-9ce4-4048-b54b-3e443abafb5b | ITER: 3 START
2019-11-26 13:25:06.839 855 INFO rally.task.runner [-] Task 0b418fe0-9ce4-4048-b54b-3e443abafb5b | ITER: 4 START
2019-11-26 13:25:09.777 852 RALLYDEBUG rally.task.utils [-] Waiting for resource 'cdb3378f-9d4d-47a2-abd5-6044c1a86eea'. Status changed: NONE => QUEUED in 0.04046273231506348
2019-11-26 13:25:09.783 851 RALLYDEBUG rally.task.utils [-] Waiting for resource '98d8ce83-e1ec-463f-adbc-66cfb22d46c0'. Status changed: NONE => QUEUED in 0.037954092025756836
2019-11-26 13:25:09.785 853 RALLYDEBUG rally.task.utils [-] Waiting for resource 'f6dd8fbe-14bc-4717-bd91-fbd528eec073'. Status changed: NONE => QUEUED in 0.03829193115234375
2019-11-26 13:25:09.793 855 RALLYDEBUG rally.task.utils [-] Waiting for resource '8ad3364a-e76b-4f75-8b9d-38a413f470f2'. Status changed: NONE => QUEUED in 0.03609514236450195
2019-11-26 13:25:10.005 853 RALLYDEBUG rally.task.utils [-] Waiting for resource s_rally_1bd5ec12_HG8z3zLA. Status changed: QUEUED => ACTIVE in 0.020969390869140625
2019-11-26 13:25:10.032 855 RALLYDEBUG rally.task.utils [-] Waiting for resource s_rally_1bd5ec12_dyD8ECiZ. Status changed: QUEUED => ACTIVE in 0.020004749298095703
2019-11-26 13:25:10.052 852 RALLYDEBUG rally.task.utils [-] Waiting for resource s_rally_1bd5ec12_ovYWGqOD. Status changed: QUEUED => ACTIVE in 0.022617816925048828
2019-11-26 13:25:10.057 851 RALLYDEBUG rally.task.utils [-] Waiting for resource s_rally_1bd5ec12_9A4ed5qM. Status changed: QUEUED => ACTIVE in 0.018012285232543945
2019-11-26 13:25:10.091 853 INFO rally.task.runner [-] Task 0b418fe0-9ce4-4048-b54b-3e443abafb5b | ITER: 3 END: OK
2019-11-26 13:25:10.094 855 INFO rally.task.runner [-] Task 0b418fe0-9ce4-4048-b54b-3e443abafb5b | ITER: 4 END: OK
2019-11-26 13:25:10.096 853 INFO rally.task.runner [-] Task 0b418fe0-9ce4-4048-b54b-3e443abafb5b | ITER: 5 START
2019-11-26 13:25:10.097 855 INFO rally.task.runner [-] Task 0b418fe0-9ce4-4048-b54b-3e443abafb5b | ITER: 6 START
2019-11-26 13:25:10.110 852 INFO rally.task.runner [-] Task 0b418fe0-9ce4-4048-b54b-3e443abafb5b | ITER: 2 END: OK
2019-11-26 13:25:10.114 852 INFO rally.task.runner [-] Task 0b418fe0-9ce4-4048-b54b-3e443abafb5b | ITER: 7 START
2019-11-26 13:25:10.132 851 INFO rally.task.runner [-] Task 0b418fe0-9ce4-4048-b54b-3e443abafb5b | ITER: 1 END: OK
2019-11-26 13:25:10.136 851 INFO rally.task.runner [-] Task 0b418fe0-9ce4-4048-b54b-3e443abafb5b | ITER: 8 START
2019-11-26 13:25:12.873 855 RALLYDEBUG rally.task.utils [-] Waiting for resource '91328104-8a9c-4e2e-9867-f83a5084075a'. Status changed: NONE => QUEUED in 0.040964365005493164
2019-11-26 13:25:12.970 853 RALLYDEBUG rally.task.utils [-] Waiting for resource '9ea89fac-5f90-49ae-a49b-2faf0e10b80d'. Status changed: NONE => QUEUED in 0.03685784339904785
2019-11-26 13:25:12.973 851 RALLYDEBUG rally.task.utils [-] Waiting for resource '3d42f0c0-c51b-4355-8d12-62ca0413786a'. Status changed: NONE => QUEUED in 0.036191701889038086
2019-11-26 13:25:13.142 855 RALLYDEBUG rally.task.utils [-] Waiting for resource s_rally_1bd5ec12_4aOlvuMx. Status changed: QUEUED => ACTIVE in 0.023597002029418945
2019-11-26 13:25:13.189 851 RALLYDEBUG rally.task.utils [-] Waiting for resource s_rally_1bd5ec12_so54Kg17. Status changed: QUEUED => ACTIVE in 0.018824338912963867
2019-11-26 13:25:13.190 853 RALLYDEBUG rally.task.utils [-] Waiting for resource s_rally_1bd5ec12_W3u9clX4. Status changed: QUEUED => ACTIVE in 0.018317699432373047
2019-11-26 13:25:13.203 855 INFO rally.task.runner [-] Task 0b418fe0-9ce4-4048-b54b-3e443abafb5b | ITER: 6 END: OK
2019-11-26 13:25:13.206 855 INFO rally.task.runner [-] Task 0b418fe0-9ce4-4048-b54b-3e443abafb5b | ITER: 9 START
2019-11-26 13:25:13.247 851 INFO rally.task.runner [-] Task 0b418fe0-9ce4-4048-b54b-3e443abafb5b | ITER: 8 END: OK
2019-11-26 13:25:13.247 853 INFO rally.task.runner [-] Task 0b418fe0-9ce4-4048-b54b-3e443abafb5b | ITER: 5 END: OK
2019-11-26 13:25:13.250 851 INFO rally.task.runner [-] Task 0b418fe0-9ce4-4048-b54b-3e443abafb5b | ITER: 10 START
2019-11-26 13:25:13.333 852 RALLYDEBUG rally.task.utils [-] Waiting for resource '2149b508-96b1-4a1f-a72e-0ba9c1a62a6f'. Status changed: NONE => QUEUED in 0.03134894371032715
2019-11-26 13:25:13.516 852 RALLYDEBUG rally.task.utils [-] Waiting for resource s_rally_1bd5ec12_3PRXvfDA. Status changed: QUEUED => ACTIVE in 0.02053356170654297
2019-11-26 13:25:13.573 852 INFO rally.task.runner [-] Task 0b418fe0-9ce4-4048-b54b-3e443abafb5b | ITER: 7 END: OK
2019-11-26 13:25:16.072 851 RALLYDEBUG rally.task.utils [-] Waiting for resource '4d194630-f974-45be-8f24-95d48663fa4d'. Status changed: NONE => QUEUED in 0.04190373420715332
2019-11-26 13:25:16.308 855 RALLYDEBUG rally.task.utils [-] Waiting for resource '5d1c1f25-9743-4ca8-a654-ecb3176b0d1e'. Status changed: NONE => QUEUED in 0.039513349533081055
2019-11-26 13:25:16.323 851 RALLYDEBUG rally.task.utils [-] Waiting for resource s_rally_1bd5ec12_QiDGwvP1. Status changed: QUEUED => ACTIVE in 0.018611431121826172
2019-11-26 13:25:16.400 851 INFO rally.task.runner [-] Task 0b418fe0-9ce4-4048-b54b-3e443abafb5b | ITER: 10 END: OK
2019-11-26 13:25:16.547 855 RALLYDEBUG rally.task.utils [-] Waiting for resource s_rally_1bd5ec12_UaBMlyc9. Status changed: QUEUED => ACTIVE in 0.024101734161376953
2019-11-26 13:25:16.622 855 INFO rally.task.runner [-] Task 0b418fe0-9ce4-4048-b54b-3e443abafb5b | ITER: 9 END: OK
2019-11-26 13:25:16.649 727 INFO rally.task.context [-] Task 0b418fe0-9ce4-4048-b54b-3e443abafb5b | Context cleanup@openstack cleanup() started
2019-11-26 13:25:16.652 727 RALLYDEBUG rally_openstack.cleanup.manager [-] Cleaning up glance images objects
2019-11-26 13:25:18.129 727 INFO rally.task.context [-] Task 0b418fe0-9ce4-4048-b54b-3e443abafb5b | Context cleanup@openstack cleanup() finished in 1.48 sec
2019-11-26 13:25:18.130 727 INFO rally.task.context [-] Task 0b418fe0-9ce4-4048-b54b-3e443abafb5b | Context users@openstack cleanup() started
2019-11-26 13:25:22.502 727 INFO rally.task.context [-] Task 0b418fe0-9ce4-4048-b54b-3e443abafb5b | Context users@openstack cleanup() finished in 4.37 sec
2019-11-26 13:25:24.426 727 INFO rally.task.engine [-] Load duration is: 9.077972
2019-11-26 13:25:24.427 727 INFO rally.task.engine [-] Full runner duration is: 9.84065
2019-11-26 13:25:24.427 727 INFO rally.task.engine [-] Full duration is: 18.204319
2019-11-26 13:25:24.988 727 INFO rally.task.engine [-] Running workload: position = 0 config = { "version": 2, "title": "A cropped version of a bigger task.", "description": "Auto-generated task from a single workload (uuid=0c643e3c-7103-4637-8ae8-fc8e4e57938b)", "subtasks": [ { "title": "GlanceImages.create_and_list_image", "description": "Create an image and then list all images.", "scenario": { "GlanceImages.create_and_list_image": { "container_format": "bare", "disk_format": "qcow2", "image_location": "/home/opnfv/functest/images/cirros-0.4.0-x86_64-disk.img" } }, "contexts": { "users": { "tenants": 3, "users_per_tenant": 2 } }, "runner": { "constant": { "concurrency": 4, "times": 10 } }, "hooks": [], "sla": { "failure_rate": { "max": 0 } } } ] }
2019-11-26 13:25:25.012 727 RALLYDEBUG rally_openstack.contexts.keystone.users [-] Creating 3 tenants using 20 threads
2019-11-26 13:25:25.946 727 RALLYDEBUG rally_openstack.contexts.keystone.users [-] Creating 6 users using 20 threads
2019-11-26 13:25:27.674 727 INFO rally.task.context [-] Task 0b418fe0-9ce4-4048-b54b-3e443abafb5b | Context users@openstack setup() finished in 2.66 sec
2019-11-26 13:25:27.674 727 INFO rally.task.context [-] Task 0b418fe0-9ce4-4048-b54b-3e443abafb5b | Context cleanup@openstack setup() finished in 0.01 msec
