2019-11-26 14:10:08.182 13785 INFO rally.task.engine [-] Running workload: position = 0 config = { "version": 2, "title": "A cropped version of a bigger task.", "description": "Auto-generated task from a single workload (uuid=88d08d57-bd97-46f4-a590-8fb88338d3dd)", "subtasks": [ { "title": "NeutronNetworks.create_and_delete_routers", "description": "Create and delete a given number of routers.", "scenario": { "NeutronNetworks.create_and_delete_routers": { "network_create_args": {}, "router_create_args": {}, "subnet_cidr_start": "1.1.0.0/30", "subnet_create_args": {}, "subnets_per_network": 1 } }, "contexts": { "users": { "tenants": 3, "users_per_tenant": 2 }, "quotas": { "neutron": { "network": -1, "subnet": -1, "port": -1, "router": -1 } } }, "runner": { "constant": { "concurrency": 4, "times": 10 } }, "hooks": [], "sla": { "failure_rate": { "max": 0 } } } ] }
2019-11-26 14:10:08.208 13785 RALLYDEBUG rally_openstack.contexts.keystone.users [-] Creating 3 tenants using 20 threads
2019-11-26 14:10:09.160 13785 RALLYDEBUG rally_openstack.contexts.keystone.users [-] Creating 6 users using 20 threads
2019-11-26 14:10:10.677 13785 INFO rally.task.context [-] Task 00ba39eb-45e0-4442-8ead-fb9035d26b8d | Context users@openstack setup() finished in 2.47 sec
2019-11-26 14:10:11.672 13785 INFO rally.task.context [-] Task 00ba39eb-45e0-4442-8ead-fb9035d26b8d | Context quotas@openstack setup() finished in 0.99 sec
2019-11-26 14:10:11.672 13785 INFO rally.task.context [-] Task 00ba39eb-45e0-4442-8ead-fb9035d26b8d | Context cleanup@openstack setup() finished in 0.01 msec
2019-11-26 14:10:11.681 13785 RALLYDEBUG rally.task.runner [-] Starting the constant runner (task UUID: 00ba39eb-45e0-4442-8ead-fb9035d26b8d). times: 10 concurrency: 4 timeout: 0 max_cpu_used: 16 processes_to_start: 4 concurrency_per_worker: 1 concurrency_overhead: 0
2019-11-26 14:10:11.693 15853 RALLYDEBUG rally.task.runner [-] Starting a worker. times: 10 duration: None concurrency: 1 timeout: 0 cls: method_name: run args: {"network_create_args": {}, "router_create_args": {}, "subnet_cidr_start": "1.1.0.0/30", "subnet_create_args": {}, "subnets_per_network": 1}
2019-11-26 14:10:11.696 15854 RALLYDEBUG rally.task.runner [-] Starting a worker. times: 10 duration: None concurrency: 1 timeout: 0 cls: method_name: run args: {"network_create_args": {}, "router_create_args": {}, "subnet_cidr_start": "1.1.0.0/30", "subnet_create_args": {}, "subnets_per_network": 1}
2019-11-26 14:10:11.699 15853 INFO rally.task.runner [-] Task 00ba39eb-45e0-4442-8ead-fb9035d26b8d | ITER: 1 START
2019-11-26 14:10:11.699 15855 RALLYDEBUG rally.task.runner [-] Starting a worker. times: 10 duration: None concurrency: 1 timeout: 0 cls: method_name: run args: {"network_create_args": {}, "router_create_args": {}, "subnet_cidr_start": "1.1.0.0/30", "subnet_create_args": {}, "subnets_per_network": 1}
2019-11-26 14:10:11.702 15854 INFO rally.task.runner [-] Task 00ba39eb-45e0-4442-8ead-fb9035d26b8d | ITER: 2 START
2019-11-26 14:10:11.703 15856 RALLYDEBUG rally.task.runner [-] Starting a worker. times: 10 duration: None concurrency: 1 timeout: 0 cls: method_name: run args: {"network_create_args": {}, "router_create_args": {}, "subnet_cidr_start": "1.1.0.0/30", "subnet_create_args": {}, "subnets_per_network": 1}
2019-11-26 14:10:11.706 15855 INFO rally.task.runner [-] Task 00ba39eb-45e0-4442-8ead-fb9035d26b8d | ITER: 3 START
2019-11-26 14:10:11.709 15856 INFO rally.task.runner [-] Task 00ba39eb-45e0-4442-8ead-fb9035d26b8d | ITER: 4 START
2019-11-26 14:10:12.368 15856 RALLYDEBUG rally_openstack.wrappers.network [-] CIDR generated: 1.1.0.104/30
2019-11-26 14:10:12.405 15854 RALLYDEBUG rally_openstack.wrappers.network [-] CIDR generated: 1.1.0.108/30
2019-11-26 14:10:12.417 15853 RALLYDEBUG rally_openstack.wrappers.network [-] CIDR generated: 1.1.0.112/30
2019-11-26 14:10:12.892 15855 RALLYDEBUG rally_openstack.wrappers.network [-] CIDR generated: 1.1.0.116/30
2019-11-26 14:10:17.314 15856 INFO rally.task.runner [-] Task 00ba39eb-45e0-4442-8ead-fb9035d26b8d | ITER: 4 END: OK
2019-11-26 14:10:17.319 15856 INFO rally.task.runner [-] Task 00ba39eb-45e0-4442-8ead-fb9035d26b8d | ITER: 5 START
2019-11-26 14:10:17.548 15853 INFO rally.task.runner [-] Task 00ba39eb-45e0-4442-8ead-fb9035d26b8d | ITER: 1 END: OK
2019-11-26 14:10:17.554 15853 INFO rally.task.runner [-] Task 00ba39eb-45e0-4442-8ead-fb9035d26b8d | ITER: 6 START
2019-11-26 14:10:17.817 15856 RALLYDEBUG rally_openstack.wrappers.network [-] CIDR generated: 1.1.0.120/30
2019-11-26 14:10:18.140 15853 RALLYDEBUG rally_openstack.wrappers.network [-] CIDR generated: 1.1.0.124/30
2019-11-26 14:10:18.386 15854 INFO rally.task.runner [-] Task 00ba39eb-45e0-4442-8ead-fb9035d26b8d | ITER: 2 END: OK
2019-11-26 14:10:18.391 15854 INFO rally.task.runner [-] Task 00ba39eb-45e0-4442-8ead-fb9035d26b8d | ITER: 7 START
2019-11-26 14:10:18.549 15855 INFO rally.task.runner [-] Task 00ba39eb-45e0-4442-8ead-fb9035d26b8d | ITER: 3 END: OK
2019-11-26 14:10:18.554 15855 INFO rally.task.runner [-] Task 00ba39eb-45e0-4442-8ead-fb9035d26b8d | ITER: 8 START
2019-11-26 14:10:18.857 15854 RALLYDEBUG rally_openstack.wrappers.network [-] CIDR generated: 1.1.0.128/30
2019-11-26 14:10:19.151 15855 RALLYDEBUG rally_openstack.wrappers.network [-] CIDR generated: 1.1.0.132/30
2019-11-26 14:10:23.597 15856 INFO rally.task.runner [-] Task 00ba39eb-45e0-4442-8ead-fb9035d26b8d | ITER: 5 END: OK
2019-11-26 14:10:23.601 15856 INFO rally.task.runner [-] Task 00ba39eb-45e0-4442-8ead-fb9035d26b8d | ITER: 9 START
2019-11-26 14:10:24.088 15856 RALLYDEBUG rally_openstack.wrappers.network [-] CIDR generated: 1.1.0.136/30
2019-11-26 14:10:24.117 15853 INFO rally.task.runner [-] Task 00ba39eb-45e0-4442-8ead-fb9035d26b8d | ITER: 6 END: OK
2019-11-26 14:10:24.121 15853 INFO rally.task.runner [-] Task 00ba39eb-45e0-4442-8ead-fb9035d26b8d | ITER: 10 START
2019-11-26 14:10:24.586 15855 INFO rally.task.runner [-] Task 00ba39eb-45e0-4442-8ead-fb9035d26b8d | ITER: 8 END: OK
2019-11-26 14:10:24.598 15853 RALLYDEBUG rally_openstack.wrappers.network [-] CIDR generated: 1.1.0.140/30
2019-11-26 14:10:25.422 15854 INFO rally.task.runner [-] Task 00ba39eb-45e0-4442-8ead-fb9035d26b8d | ITER: 7 END: OK
2019-11-26 14:10:29.603 15856 INFO rally.task.runner [-] Task 00ba39eb-45e0-4442-8ead-fb9035d26b8d | ITER: 9 END: OK
2019-11-26 14:10:30.007 15853 INFO rally.task.runner [-] Task 00ba39eb-45e0-4442-8ead-fb9035d26b8d | ITER: 10 END: OK
2019-11-26 14:10:30.036 13785 INFO rally.task.context [-] Task 00ba39eb-45e0-4442-8ead-fb9035d26b8d | Context cleanup@openstack cleanup() started
2019-11-26 14:10:30.039 13785 RALLYDEBUG rally_openstack.cleanup.manager [-] Cleaning up neutron vip objects
2019-11-26 14:10:31.172 13785 RALLYDEBUG rally_openstack.cleanup.manager [-] Cleaning up neutron health_monitor objects
2019-11-26 14:10:32.291 13785 RALLYDEBUG rally_openstack.cleanup.manager [-] Cleaning up neutron pool objects
2019-11-26 14:10:33.381 13785 RALLYDEBUG rally_openstack.cleanup.manager [-] Cleaning up neutron loadbalancer objects
2019-11-26 14:10:34.496 13785 RALLYDEBUG rally_openstack.cleanup.manager [-] Cleaning up neutron floatingip objects
2019-11-26 14:10:35.745 13785 RALLYDEBUG rally_openstack.cleanup.manager [-] Cleaning up neutron trunk objects
2019-11-26 14:10:36.932 13785 RALLYDEBUG rally_openstack.cleanup.manager [-] Cleaning up neutron port objects
2019-11-26 14:10:38.352 13785 RALLYDEBUG rally_openstack.cleanup.manager [-] Cleaning up neutron subnet objects
2019-11-26 14:10:39.735 13785 RALLYDEBUG rally_openstack.cleanup.manager [-] Deleting neutron.subnet object s_rally_88d08d57_S6Ignsxy (36612e74-6b4a-48a7-9350-539f431784ac)
2019-11-26 14:10:39.745 13785 RALLYDEBUG rally_openstack.cleanup.manager [-] Deleting neutron.subnet object s_rally_88d08d57_YvelNijf (dd609eba-9f4b-454f-969f-60bdbd8bf610)
2019-11-26 14:10:39.753 13785 RALLYDEBUG rally_openstack.cleanup.manager [-] Deleting neutron.subnet object s_rally_88d08d57_kLoQoHbB (2896ac96-22e4-4d08-9209-d405b4718ffe)
2019-11-26 14:10:39.762 13785 RALLYDEBUG rally_openstack.cleanup.manager [-] Deleting neutron.subnet object s_rally_88d08d57_VIe0WOu3 (490c07ff-d069-47ad-8b35-bb423dee3131)
2019-11-26 14:10:39.767 13785 RALLYDEBUG rally_openstack.cleanup.manager [-] Deleting neutron.subnet object s_rally_88d08d57_gUHTCfMG (a13e61ee-fac3-44ca-abc4-0cff4e55a820)
2019-11-26 14:10:39.782 13785 RALLYDEBUG rally_openstack.cleanup.manager [-] Deleting neutron.subnet object s_rally_88d08d57_f0lDwIWd (d07e44a5-d893-4e0e-9495-84a3365403a1)
2019-11-26 14:10:39.799 13785 RALLYDEBUG rally_openstack.cleanup.manager [-] Deleting neutron.subnet object s_rally_88d08d57_9jGdCwps (ff58d627-84ee-459d-b72a-a61dbac142bc)
2019-11-26 14:10:39.804 13785 RALLYDEBUG rally_openstack.cleanup.manager [-] Deleting neutron.subnet object s_rally_88d08d57_jV7NNYFY (2089c189-0592-4de9-a88c-2f9b43a91e64)
2019-11-26 14:10:39.819 13785 RALLYDEBUG rally_openstack.cleanup.manager [-] Deleting neutron.subnet object s_rally_88d08d57_anDB3DbV (8553bdfb-908c-4bce-8e4f-ed1c04deacab)
2019-11-26 14:10:39.848 13785 RALLYDEBUG rally_openstack.cleanup.manager [-] Deleting neutron.subnet object s_rally_88d08d57_vgOZYmu2 (bc50db20-2d25-4762-a556-e730a014db97)
2019-11-26 14:10:42.948 13785 RALLYDEBUG rally_openstack.cleanup.manager [-] Cleaning up neutron network objects
2019-11-26 14:10:44.255 13785 RALLYDEBUG rally_openstack.cleanup.manager [-] Deleting neutron.network object s_rally_88d08d57_ksjGuGqC (406b06e9-a72b-447c-b26b-8fb696af38b3)
2019-11-26 14:10:44.264 13785 RALLYDEBUG rally_openstack.cleanup.manager [-] Deleting neutron.network object s_rally_88d08d57_H4BAtdFA (ce7f0978-23eb-4d79-a38e-f235926f1db2)
2019-11-26 14:10:44.272 13785 RALLYDEBUG rally_openstack.cleanup.manager [-] Deleting neutron.network object s_rally_88d08d57_7WiWuS0m (0e9965ab-1c35-4e44-a541-7c7cf1109df0)
2019-11-26 14:10:44.276 13785 RALLYDEBUG rally_openstack.cleanup.manager [-] Deleting neutron.network object s_rally_88d08d57_QQccXs7w (2e98d1e8-8b9f-43ef-8528-cfff8e0427d2)
2019-11-26 14:10:44.285 13785 RALLYDEBUG rally_openstack.cleanup.manager [-] Deleting neutron.network object s_rally_88d08d57_AsrLuHDI (4e8ce1a3-4ec5-400f-b0c7-4f9f99ded5c4)
2019-11-26 14:10:44.295 13785 RALLYDEBUG rally_openstack.cleanup.manager [-] Deleting neutron.network object s_rally_88d08d57_HfI2uR0H (bd64580a-74e9-4741-9ec4-8c3b5efbee69)
2019-11-26 14:10:44.304 13785 RALLYDEBUG rally_openstack.cleanup.manager [-] Deleting neutron.network object s_rally_88d08d57_bxzzHcvw (e49066e1-7302-42bc-8035-324fd2097cb9)
2019-11-26 14:10:44.314 13785 RALLYDEBUG rally_openstack.cleanup.manager [-] Deleting neutron.network object s_rally_88d08d57_FDF0ekNa (eb06b8d5-3453-4054-89da-c2d260820320)
2019-11-26 14:10:44.322 13785 RALLYDEBUG rally_openstack.cleanup.manager [-] Deleting neutron.network object s_rally_88d08d57_2ON3117F (ed41b09c-b5d4-4c1a-933c-adea93aef205)
2019-11-26 14:10:44.342 13785 RALLYDEBUG rally_openstack.cleanup.manager [-] Deleting neutron.network object s_rally_88d08d57_PaHwaUC3 (f5973b98-66fe-4202-97a5-19ea6ea23ec3)
2019-11-26 14:10:48.489 13785 RALLYDEBUG rally_openstack.cleanup.manager [-] Cleaning up neutron router objects
2019-11-26 14:10:49.747 13785 RALLYDEBUG rally_openstack.cleanup.manager [-] Cleaning up neutron security_group objects
2019-11-26 14:10:51.024 13785 INFO rally.task.context [-] Task 00ba39eb-45e0-4442-8ead-fb9035d26b8d | Context cleanup@openstack cleanup() finished in 20.99 sec
2019-11-26 14:10:51.025 13785 INFO rally.task.context [-] Task 00ba39eb-45e0-4442-8ead-fb9035d26b8d | Context quotas@openstack cleanup() started
2019-11-26 14:10:51.215 13785 INFO rally.task.context [-] Task 00ba39eb-45e0-4442-8ead-fb9035d26b8d | Context quotas@openstack cleanup() finished in 0.19 sec
2019-11-26 14:10:51.216 13785 INFO rally.task.context [-] Task 00ba39eb-45e0-4442-8ead-fb9035d26b8d | Context users@openstack cleanup() started
2019-11-26 14:10:55.423 13785 INFO rally.task.context [-] Task 00ba39eb-45e0-4442-8ead-fb9035d26b8d | Context users@openstack cleanup() finished in 4.21 sec
2019-11-26 14:10:56.448 13785 INFO rally.task.engine [-] Load duration is: 18.306616
2019-11-26 14:10:56.448 13785 INFO rally.task.engine [-] Full runner duration is: 18.354751
2019-11-26 14:10:56.449 13785 INFO rally.task.engine [-] Full duration is: 47.217857
2019-11-26 14:10:56.801 13785 INFO rally.task.engine [-] Running workload: position = 0 config = { "version": 2, "title": "A cropped version of a bigger task.", "description": "Auto-generated task from a single workload (uuid=5b1bbe71-ea16-4d72-bda4-cb1475bda187)", "subtasks": [ { "title": "NeutronNetworks.create_and_delete_subnets", "description": "Create and delete a given number of subnets.", "scenario": { "NeutronNetworks.create_and_delete_subnets": { "network_create_args": {}, "subnet_cidr_start": "1.1.0.0/30", "subnet_create_args": {}, "subnets_per_network": 1 } }, "contexts": { "users": { "tenants": 3, "users_per_tenant": 2 }, "network": { "router": {} }, "quotas": { "neutron": { "network": -1, "subnet": -1 } } }, "runner": { "constant": { "concurrency": 4, "times": 10 } }, "hooks": [], "sla": { "failure_rate": { "max": 0 } } } ] }
2019-11-26 14:10:56.827 13785 RALLYDEBUG rally_openstack.contexts.keystone.users [-] Creating 3 tenants using 20 threads
2019-11-26 14:10:57.960 13785 RALLYDEBUG rally_openstack.contexts.keystone.users [-] Creating 6 users using 20 threads
2019-11-26 14:10:59.576 13785 INFO rally.task.context [-] Task 00ba39eb-45e0-4442-8ead-fb9035d26b8d | Context users@openstack setup() finished in 2.75 sec
2019-11-26 14:11:00.493 13785 INFO rally.task.context [-] Task 00ba39eb-45e0-4442-8ead-fb9035d26b8d | Context quotas@openstack setup() finished in 0.92 sec
2019-11-26 14:11:01.187 13785 RALLYDEBUG rally_openstack.wrappers.network [-] CIDR generated: 10.2.36.0/24
2019-11-26 14:11:02.054 13785 RALLYDEBUG rally_openstack.wrappers.network [-] CIDR generated: 10.2.37.0/24
2019-11-26 14:11:02.859 13785 RALLYDEBUG rally_openstack.wrappers.network [-] CIDR generated: 10.2.38.0/24
2019-11-26 14:11:03.682 13785 INFO rally.task.context [-] Task 00ba39eb-45e0-4442-8ead-fb9035d26b8d | Context network@openstack setup() finished in 3.19 sec
2019-11-26 14:11:03.682 13785 INFO rally.task.context [-] Task 00ba39eb-45e0-4442-8ead-fb9035d26b8d | Context cleanup@openstack setup() finished in 0.01 msec
2019-11-26 14:11:03.691 13785 RALLYDEBUG rally.task.runner [-] Starting the constant runner (task UUID: 00ba39eb-45e0-4442-8ead-fb9035d26b8d). times: 10 concurrency: 4 timeout: 0 max_cpu_used: 16 processes_to_start: 4 concurrency_per_worker: 1 concurrency_overhead: 0
2019-11-26 14:11:03.703 16177 RALLYDEBUG rally.task.runner [-] Starting a worker. times: 10 duration: None concurrency: 1 timeout: 0 cls: method_name: run args: {"network_create_args": {}, "subnet_cidr_start": "1.1.0.0/30", "subnet_create_args": {}, "subnets_per_network": 1}
2019-11-26 14:11:03.707 16178 RALLYDEBUG rally.task.runner [-] Starting a worker. times: 10 duration: None concurrency: 1 timeout: 0 cls: method_name: run args: {"network_create_args": {}, "subnet_cidr_start": "1.1.0.0/30", "subnet_create_args": {}, "subnets_per_network": 1}
2019-11-26 14:11:03.710 16177 INFO rally.task.runner [-] Task 00ba39eb-45e0-4442-8ead-fb9035d26b8d | ITER: 1 START
2019-11-26 14:11:03.710 16179 RALLYDEBUG rally.task.runner [-] Starting a worker. times: 10 duration: None concurrency: 1 timeout: 0 cls: method_name: run args: {"network_create_args": {}, "subnet_cidr_start": "1.1.0.0/30", "subnet_create_args": {}, "subnets_per_network": 1}
2019-11-26 14:11:03.712 16177 RALLYDEBUG rally_openstack.wrappers.network [-] CIDR generated: 1.1.0.156/30
2019-11-26 14:11:03.714 16178 INFO rally.task.runner [-] Task 00ba39eb-45e0-4442-8ead-fb9035d26b8d | ITER: 2 START
2019-11-26 14:11:03.714 16181 RALLYDEBUG rally.task.runner [-] Starting a worker. times: 10 duration: None concurrency: 1 timeout: 0 cls: method_name: run args: {"network_create_args": {}, "subnet_cidr_start": "1.1.0.0/30", "subnet_create_args": {}, "subnets_per_network": 1}
2019-11-26 14:11:03.717 16178 RALLYDEBUG rally_openstack.wrappers.network [-] CIDR generated: 1.1.0.160/30
2019-11-26 14:11:03.717 16179 INFO rally.task.runner [-] Task 00ba39eb-45e0-4442-8ead-fb9035d26b8d | ITER: 3 START
2019-11-26 14:11:03.720 16179 RALLYDEBUG rally_openstack.wrappers.network [-] CIDR generated: 1.1.0.164/30
2019-11-26 14:11:03.721 16181 INFO rally.task.runner [-] Task 00ba39eb-45e0-4442-8ead-fb9035d26b8d | ITER: 4 START
2019-11-26 14:11:03.723 16181 RALLYDEBUG rally_openstack.wrappers.network [-] CIDR generated: 1.1.0.168/30
2019-11-26 14:11:05.427 16177 INFO rally.task.runner [-] Task 00ba39eb-45e0-4442-8ead-fb9035d26b8d | ITER: 1 END: OK
2019-11-26 14:11:05.432 16177 INFO rally.task.runner [-] Task 00ba39eb-45e0-4442-8ead-fb9035d26b8d | ITER: 5 START
2019-11-26 14:11:05.433 16177 RALLYDEBUG rally_openstack.wrappers.network [-] CIDR generated: 1.1.0.172/30
2019-11-26 14:11:05.602 16178 INFO rally.task.runner [-] Task 00ba39eb-45e0-4442-8ead-fb9035d26b8d | ITER: 2 END: OK
2019-11-26 14:11:05.606 16178 INFO rally.task.runner [-] Task 00ba39eb-45e0-4442-8ead-fb9035d26b8d | ITER: 6 START
2019-11-26 14:11:05.608 16178 RALLYDEBUG rally_openstack.wrappers.network [-] CIDR generated: 1.1.0.176/30
2019-11-26 14:11:05.700 16179 INFO rally.task.runner [-] Task 00ba39eb-45e0-4442-8ead-fb9035d26b8d | ITER: 3 END: OK
2019-11-26 14:11:05.705 16179 INFO rally.task.runner [-] Task 00ba39eb-45e0-4442-8ead-fb9035d26b8d | ITER: 7 START
2019-11-26 14:11:05.707 16179 RALLYDEBUG rally_openstack.wrappers.network [-] CIDR generated: 1.1.0.180/30
2019-11-26 14:11:05.740 16181 INFO rally.task.runner [-] Task 00ba39eb-45e0-4442-8ead-fb9035d26b8d | ITER: 4 END: OK
2019-11-26 14:11:05.745 16181 INFO rally.task.runner [-] Task 00ba39eb-45e0-4442-8ead-fb9035d26b8d | ITER: 8 START
2019-11-26 14:11:05.747 16181 RALLYDEBUG rally_openstack.wrappers.network [-] CIDR generated: 1.1.0.184/30
2019-11-26 14:11:07.054 16181 INFO rally.task.runner [-] Task 00ba39eb-45e0-4442-8ead-fb9035d26b8d | ITER: 8 END: OK
2019-11-26 14:11:07.058 16181 INFO rally.task.runner [-] Task 00ba39eb-45e0-4442-8ead-fb9035d26b8d | ITER: 9 START
2019-11-26 14:11:07.059 16181 RALLYDEBUG rally_openstack.wrappers.network [-] CIDR generated: 1.1.0.188/30
2019-11-26 14:11:07.107 16177 INFO rally.task.runner [-] Task 00ba39eb-45e0-4442-8ead-fb9035d26b8d | ITER: 5 END: OK
2019-11-26 14:11:07.111 16177 INFO rally.task.runner [-] Task 00ba39eb-45e0-4442-8ead-fb9035d26b8d | ITER: 10 START
2019-11-26 14:11:07.112 16177 RALLYDEBUG rally_openstack.wrappers.network [-] CIDR generated: 1.1.0.192/30
2019-11-26 14:11:07.166 16179 INFO rally.task.runner [-] Task 00ba39eb-45e0-4442-8ead-fb9035d26b8d | ITER: 7 END: OK
2019-11-26 14:11:07.171 16178 INFO rally.task.runner [-] Task 00ba39eb-45e0-4442-8ead-fb9035d26b8d | ITER: 6 END: OK
2019-11-26 14:11:08.484 16181 INFO rally.task.runner [-] Task 00ba39eb-45e0-4442-8ead-fb9035d26b8d | ITER: 9 END: OK
2019-11-26 14:11:08.653 16177 INFO rally.task.runner [-] Task 00ba39eb-45e0-4442-8ead-fb9035d26b8d | ITER: 10 END: OK
2019-11-26 14:11:08.681 13785 INFO rally.task.context [-] Task 00ba39eb-45e0-4442-8ead-fb9035d26b8d | Context cleanup@openstack cleanup() started
2019-11-26 14:11:08.684 13785 RALLYDEBUG rally_openstack.cleanup.manager [-] Cleaning up neutron vip objects
2019-11-26 14:11:09.841 13785 RALLYDEBUG rally_openstack.cleanup.manager [-] Cleaning up neutron health_monitor objects
2019-11-26 14:11:10.908 13785 RALLYDEBUG rally_openstack.cleanup.manager [-] Cleaning up neutron pool objects
2019-11-26 14:11:11.971 13785 RALLYDEBUG rally_openstack.cleanup.manager [-] Cleaning up neutron loadbalancer objects
2019-11-26 14:11:13.102 13785 RALLYDEBUG rally_openstack.cleanup.manager [-] Cleaning up neutron floatingip objects
2019-11-26 14:11:14.314 13785 RALLYDEBUG rally_openstack.cleanup.manager [-] Cleaning up neutron trunk objects
2019-11-26 14:11:15.470 13785 RALLYDEBUG rally_openstack.cleanup.manager [-] Cleaning up neutron port objects
2019-11-26 14:11:16.822 13785 RALLYDEBUG rally_openstack.cleanup.manager [-] Cleaning up neutron subnet objects
2019-11-26 14:11:18.081 13785 RALLYDEBUG rally_openstack.cleanup.manager [-] Cleaning up neutron network objects
2019-11-26 14:11:19.717 13785 RALLYDEBUG rally_openstack.cleanup.manager [-] Cleaning up neutron router objects
2019-11-26 14:11:20.951 13785 RALLYDEBUG rally_openstack.cleanup.manager [-] Cleaning up neutron security_group objects
2019-11-26 14:11:22.203 13785 INFO rally.task.context [-] Task 00ba39eb-45e0-4442-8ead-fb9035d26b8d | Context cleanup@openstack cleanup() finished in 13.52 sec
2019-11-26 14:11:22.203 13785 INFO rally.task.context [-] Task 00ba39eb-45e0-4442-8ead-fb9035d26b8d | Context network@openstack cleanup() started
2019-11-26 14:11:33.727 13785 INFO rally.task.context [-] Task 00ba39eb-45e0-4442-8ead-fb9035d26b8d | Context network@openstack cleanup() finished in 11.52 sec
2019-11-26 14:11:33.729 13785 INFO rally.task.context [-] Task 00ba39eb-45e0-4442-8ead-fb9035d26b8d | Context quotas@openstack cleanup() started
2019-11-26 14:11:33.935 13785 INFO rally.task.context [-] Task 00ba39eb-45e0-4442-8ead-fb9035d26b8d | Context quotas@openstack cleanup() finished in 0.21 sec
2019-11-26 14:11:33.936 13785 INFO rally.task.context [-] Task 00ba39eb-45e0-4442-8ead-fb9035d26b8d | Context users@openstack cleanup() started
2019-11-26 14:11:38.037 13785 INFO rally.task.context [-] Task 00ba39eb-45e0-4442-8ead-fb9035d26b8d | Context users@openstack cleanup() finished in 4.10 sec
2019-11-26 14:11:39.041 13785 INFO rally.task.engine [-] Load duration is: 4.942692
2019-11-26 14:11:39.042 13785 INFO rally.task.engine [-] Full runner duration is: 4.989816
2019-11-26 14:11:39.042 13785 INFO rally.task.engine [-] Full duration is: 41.213177
2019-11-26 14:11:39.365 13785 INFO rally.task.engine [-] Running workload: position = 0 config = { "version": 2, "title": "A cropped version of a bigger task.", "description": "Auto-generated task from a single workload (uuid=ad7b0846-c5df-4039-88cd-4fc48719649a)", "subtasks": [ { "title": "NeutronNetworks.create_and_list_networks", "description": "Create a network and then list all networks.", "scenario": { "NeutronNetworks.create_and_list_networks": { "network_create_args": {} } }, "contexts": { "users": { "tenants": 3, "users_per_tenant": 2 }, "quotas": { "neutron": { "network": -1 } } }, "runner": { "constant": { "concurrency": 4, "times": 10 } }, "hooks": [], "sla": { "failure_rate": { "max": 0 } } } ] }
2019-11-26 14:11:39.393 13785 RALLYDEBUG rally_openstack.contexts.keystone.users [-] Creating 3 tenants using 20 threads
2019-11-26 14:11:40.421 13785 RALLYDEBUG rally_openstack.contexts.keystone.users [-] Creating 6 users using 20 threads
2019-11-26 14:11:41.971 13785 INFO rally.task.context [-] Task 00ba39eb-45e0-4442-8ead-fb9035d26b8d | Context users@openstack setup() finished in 2.58 sec
2019-11-26 14:11:42.770 13785 INFO rally.task.context [-] Task 00ba39eb-45e0-4442-8ead-fb9035d26b8d | Context quotas@openstack setup() finished in 0.80 sec
2019-11-26 14:11:42.770 13785 INFO rally.task.context [-] Task 00ba39eb-45e0-4442-8ead-fb9035d26b8d | Context cleanup@openstack setup() finished in 0.02 msec
2019-11-26 14:11:42.780 13785 RALLYDEBUG rally.task.runner [-] Starting the constant runner (task UUID: 00ba39eb-45e0-4442-8ead-fb9035d26b8d). times: 10 concurrency: 4 timeout: 0 max_cpu_used: 16 processes_to_start: 4 concurrency_per_worker: 1 concurrency_overhead: 0
2019-11-26 14:11:42.792 16501 RALLYDEBUG rally.task.runner [-] Starting a worker. times: 10 duration: None concurrency: 1 timeout: 0 cls: method_name: run args: {"network_create_args": {}}
2019-11-26 14:11:42.795 16502 RALLYDEBUG rally.task.runner [-] Starting a worker. times: 10 duration: None concurrency: 1 timeout: 0 cls: method_name: run args: {"network_create_args": {}}
2019-11-26 14:11:42.799 16501 INFO rally.task.runner [-] Task 00ba39eb-45e0-4442-8ead-fb9035d26b8d | ITER: 1 START
2019-11-26 14:11:42.798 16503 RALLYDEBUG rally.task.runner [-] Starting a worker. times: 10 duration: None concurrency: 1 timeout: 0 cls: method_name: run args: {"network_create_args": {}}
2019-11-26 14:11:42.802 16502 INFO rally.task.runner [-] Task 00ba39eb-45e0-4442-8ead-fb9035d26b8d | ITER: 2 START
2019-11-26 14:11:42.802 16504 RALLYDEBUG rally.task.runner [-] Starting a worker. times: 10 duration: None concurrency: 1 timeout: 0 cls: method_name: run args: {"network_create_args": {}}
2019-11-26 14:11:42.805 16503 INFO rally.task.runner [-] Task 00ba39eb-45e0-4442-8ead-fb9035d26b8d | ITER: 3 START
2019-11-26 14:11:42.808 16504 INFO rally.task.runner [-] Task 00ba39eb-45e0-4442-8ead-fb9035d26b8d | ITER: 4 START
2019-11-26 14:11:43.560 16503 INFO rally.task.runner [-] Task 00ba39eb-45e0-4442-8ead-fb9035d26b8d | ITER: 3 END: OK
2019-11-26 14:11:43.565 16503 INFO rally.task.runner [-] Task 00ba39eb-45e0-4442-8ead-fb9035d26b8d | ITER: 5 START
2019-11-26 14:11:43.694 16501 INFO rally.task.runner [-] Task 00ba39eb-45e0-4442-8ead-fb9035d26b8d | ITER: 1 END: OK
2019-11-26 14:11:43.694 16504 INFO rally.task.runner [-] Task 00ba39eb-45e0-4442-8ead-fb9035d26b8d | ITER: 4 END: OK
2019-11-26 14:11:43.698 16504 INFO rally.task.runner [-] Task 00ba39eb-45e0-4442-8ead-fb9035d26b8d | ITER: 7 START
2019-11-26 14:11:43.699 16501 INFO rally.task.runner [-] Task 00ba39eb-45e0-4442-8ead-fb9035d26b8d | ITER: 6 START
2019-11-26 14:11:44.209 16502 INFO rally.task.runner [-] Task 00ba39eb-45e0-4442-8ead-fb9035d26b8d | ITER: 2 END: OK
2019-11-26 14:11:44.209 16503 INFO rally.task.runner [-] Task 00ba39eb-45e0-4442-8ead-fb9035d26b8d | ITER: 5 END: OK
2019-11-26 14:11:44.213 16503 INFO rally.task.runner [-] Task 00ba39eb-45e0-4442-8ead-fb9035d26b8d | ITER: 9 START
2019-11-26 14:11:44.213 16502 INFO rally.task.runner [-] Task 00ba39eb-45e0-4442-8ead-fb9035d26b8d | ITER: 8 START
2019-11-26 14:11:44.312 16501 INFO rally.task.runner [-] Task 00ba39eb-45e0-4442-8ead-fb9035d26b8d | ITER: 6 END: OK
2019-11-26 14:11:44.316 16501 INFO rally.task.runner [-] Task 00ba39eb-45e0-4442-8ead-fb9035d26b8d | ITER: 10 START
2019-11-26 14:11:44.332 16504 INFO rally.task.runner [-] Task 00ba39eb-45e0-4442-8ead-fb9035d26b8d | ITER: 7 END: OK
2019-11-26 14:11:44.830 16503 INFO rally.task.runner [-] Task 00ba39eb-45e0-4442-8ead-fb9035d26b8d | ITER: 9 END: OK
2019-11-26 14:11:44.865 16502 INFO rally.task.runner [-] Task 00ba39eb-45e0-4442-8ead-fb9035d26b8d | ITER: 8 END: OK
2019-11-26 14:11:44.921 16501 INFO rally.task.runner [-] Task 00ba39eb-45e0-4442-8ead-fb9035d26b8d | ITER: 10 END: OK
2019-11-26 14:11:44.952 13785 INFO rally.task.context [-] Task 00ba39eb-45e0-4442-8ead-fb9035d26b8d | Context cleanup@openstack cleanup() started
2019-11-26 14:11:44.955 13785 RALLYDEBUG rally_openstack.cleanup.manager [-] Cleaning up neutron vip objects
2019-11-26 14:11:46.403 13785 RALLYDEBUG rally_openstack.cleanup.manager [-] Cleaning up neutron health_monitor objects
2019-11-26 14:11:47.535 13785 RALLYDEBUG rally_openstack.cleanup.manager [-] Cleaning up neutron pool objects
2019-11-26 14:11:48.637 13785 RALLYDEBUG rally_openstack.cleanup.manager [-] Cleaning up neutron loadbalancer objects
2019-11-26 14:11:49.761 13785 RALLYDEBUG rally_openstack.cleanup.manager [-] Cleaning up neutron floatingip objects
2019-11-26 14:11:50.983 13785 RALLYDEBUG rally_openstack.cleanup.manager [-] Cleaning up neutron trunk objects
2019-11-26 14:11:52.155 13785 RALLYDEBUG rally_openstack.cleanup.manager [-] Cleaning up neutron port objects
2019-11-26 14:11:53.332 13785 RALLYDEBUG rally_openstack.cleanup.manager [-] Cleaning up neutron subnet objects
2019-11-26 14:11:54.507 13785 RALLYDEBUG rally_openstack.cleanup.manager [-] Cleaning up neutron network objects
2019-11-26 14:11:55.864 13785 RALLYDEBUG rally_openstack.cleanup.manager [-] Deleting neutron.network object s_rally_ad7b0846_6bnlf7GU (2071d106-1455-4083-8edf-3392cd6eadb7)
2019-11-26 14:11:55.874 13785 RALLYDEBUG rally_openstack.cleanup.manager [-] Deleting neutron.network object s_rally_ad7b0846_ncpfbeXj (3e7beb83-4b6c-490a-a291-4abbf69d43fa)
2019-11-26 14:11:55.882 13785 RALLYDEBUG rally_openstack.cleanup.manager [-] Deleting neutron.network object s_rally_ad7b0846_xqonOthZ (5b180cba-e2bf-4cbb-a81b-c48bfdf20938)
2019-11-26 14:11:55.891 13785 RALLYDEBUG rally_openstack.cleanup.manager [-] Deleting neutron.network object s_rally_ad7b0846_WJEiJngb (79abe7fc-4628-40e3-9296-0e442753e579)
2019-11-26 14:11:55.900 13785 RALLYDEBUG rally_openstack.cleanup.manager [-] Deleting neutron.network object s_rally_ad7b0846_z6cy1Ogj (99cb0d98-9ce4-4613-9a42-d56a1cc9f27f)
2019-11-26 14:11:55.907 13785 RALLYDEBUG rally_openstack.cleanup.manager [-] Deleting neutron.network object s_rally_ad7b0846_AruYymTv (d16d0375-1415-4260-8120-54e03749372c)
2019-11-26 14:11:55.914 13785 RALLYDEBUG rally_openstack.cleanup.manager [-] Deleting neutron.network object s_rally_ad7b0846_hUCVKCDD (d8f74ad9-7de1-4d98-b2a6-e0dc979e40e2)
2019-11-26 14:11:55.926 13785 RALLYDEBUG rally_openstack.cleanup.manager [-] Deleting neutron.network object s_rally_ad7b0846_AdS7QiMC (e941a4a4-0349-4ecb-82c6-e320e3b91947)
2019-11-26 14:11:55.929 13785 RALLYDEBUG rally_openstack.cleanup.manager [-] Deleting neutron.network object s_rally_ad7b0846_N2L62MS8 (116ecdf6-6e07-4f8d-b46f-73e64d5d7926)
2019-11-26 14:11:55.940 13785 RALLYDEBUG rally_openstack.cleanup.manager [-] Deleting neutron.network object s_rally_ad7b0846_mL0ApQWv (24a2a34b-ffe9-46a2-8b0a-e53cfa941de9)
2019-11-26 14:11:58.475 13785 RALLYDEBUG rally_openstack.cleanup.manager [-] Cleaning up neutron router objects
2019-11-26 14:11:59.700 13785 RALLYDEBUG rally_openstack.cleanup.manager [-] Cleaning up neutron security_group objects
2019-11-26 14:12:00.951 13785 INFO rally.task.context [-] Task 00ba39eb-45e0-4442-8ead-fb9035d26b8d | Context cleanup@openstack cleanup() finished in 16.00 sec
2019-11-26 14:12:00.952 13785 INFO rally.task.context [-] Task 00ba39eb-45e0-4442-8ead-fb9035d26b8d | Context quotas@openstack cleanup() started
2019-11-26 14:12:01.077 13785 INFO rally.task.context [-] Task 00ba39eb-45e0-4442-8ead-fb9035d26b8d | Context quotas@openstack cleanup() finished in 0.13 sec
2019-11-26 14:12:01.078 13785 INFO rally.task.context [-] Task 00ba39eb-45e0-4442-8ead-fb9035d26b8d | Context users@openstack cleanup() started
2019-11-26 14:12:05.218 13785 INFO rally.task.context [-] Task 00ba39eb-45e0-4442-8ead-fb9035d26b8d | Context users@openstack cleanup() finished in 4.14 sec
2019-11-26 14:12:05.542 13785 INFO rally.task.engine [-] Load duration is: 2.121385
2019-11-26 14:12:05.542 13785 INFO rally.task.engine [-] Full runner duration is: 2.172616
2019-11-26 14:12:05.542 13785 INFO rally.task.engine [-] Full duration is: 25.826578
2019-11-26 14:12:05.847 13785 INFO rally.task.engine [-] Running workload: position = 0 config = { "version": 2, "title": "A cropped version of a bigger task.", "description": "Auto-generated task from a single workload (uuid=7b7e7616-2e86-43fa-a44c-f5a46a049913)", "subtasks": [ { "title": "NeutronNetworks.create_and_list_ports", "description": "Create and a given number of ports and list all ports.", "scenario": { "NeutronNetworks.create_and_list_ports": { "network_create_args": {}, "port_create_args": {}, "ports_per_network": 1 } }, "contexts": { "users": { "tenants": 3, "users_per_tenant": 2 }, "network": { "router": {} }, "quotas": { "neutron": { "network": -1, "port": -1 } } }, "runner": { "constant": { "concurrency": 4, "times": 10 } }, "hooks": [], "sla": { "failure_rate": { "max": 0 } } } ] }
2019-11-26 14:12:05.872 13785 RALLYDEBUG rally_openstack.contexts.keystone.users [-] Creating 3 tenants using 20 threads
2019-11-26 14:12:06.938 13785 RALLYDEBUG rally_openstack.contexts.keystone.users [-] Creating 6 users using 20 threads
2019-11-26 14:12:08.505 13785 INFO rally.task.context [-] Task 00ba39eb-45e0-4442-8ead-fb9035d26b8d | Context users@openstack setup() finished in 2.63 sec
2019-11-26 14:12:09.290 13785 INFO rally.task.context [-] Task 00ba39eb-45e0-4442-8ead-fb9035d26b8d | Context quotas@openstack setup() finished in 0.78 sec
2019-11-26 14:12:09.968 13785 RALLYDEBUG rally_openstack.wrappers.network [-] CIDR generated: 10.2.49.0/24
2019-11-26 14:12:11.145 13785 RALLYDEBUG rally_openstack.wrappers.network [-] CIDR generated: 10.2.50.0/24
2019-11-26 14:12:11.934 13785 RALLYDEBUG rally_openstack.wrappers.network [-] CIDR generated: 10.2.51.0/24
2019-11-26 14:12:12.488 13785 INFO rally.task.context [-] Task 00ba39eb-45e0-4442-8ead-fb9035d26b8d | Context network@openstack setup() finished in 3.20 sec
2019-11-26 14:12:12.489 13785 INFO rally.task.context [-] Task 00ba39eb-45e0-4442-8ead-fb9035d26b8d | Context cleanup@openstack setup() finished in 0.01 msec
2019-11-26 14:12:12.498 13785 RALLYDEBUG rally.task.runner [-] Starting the constant runner (task UUID: 00ba39eb-45e0-4442-8ead-fb9035d26b8d). times: 10 concurrency: 4 timeout: 0 max_cpu_used: 16 processes_to_start: 4 concurrency_per_worker: 1 concurrency_overhead: 0
2019-11-26 14:12:12.509 16825 RALLYDEBUG rally.task.runner [-] Starting a worker. times: 10 duration: None concurrency: 1 timeout: 0 cls: method_name: run args: {"network_create_args": {}, "port_create_args": {}, "ports_per_network": 1}
2019-11-26 14:12:12.512 16826 RALLYDEBUG rally.task.runner [-] Starting a worker. times: 10 duration: None concurrency: 1 timeout: 0 cls: method_name: run args: {"network_create_args": {}, "port_create_args": {}, "ports_per_network": 1}
2019-11-26 14:12:12.516 16825 INFO rally.task.runner [-] Task 00ba39eb-45e0-4442-8ead-fb9035d26b8d | ITER: 1 START
2019-11-26 14:12:12.516 16827 RALLYDEBUG rally.task.runner [-] Starting a worker. times: 10 duration: None concurrency: 1 timeout: 0 cls: method_name: run args: {"network_create_args": {}, "port_create_args": {}, "ports_per_network": 1}
2019-11-26 14:12:12.520 16826 INFO rally.task.runner [-] Task 00ba39eb-45e0-4442-8ead-fb9035d26b8d | ITER: 2 START
2019-11-26 14:12:12.519 16828 RALLYDEBUG rally.task.runner [-] Starting a worker. times: 10 duration: None concurrency: 1 timeout: 0 cls: method_name: run args: {"network_create_args": {}, "port_create_args": {}, "ports_per_network": 1}
2019-11-26 14:12:12.522 16827 INFO rally.task.runner [-] Task 00ba39eb-45e0-4442-8ead-fb9035d26b8d | ITER: 3 START
2019-11-26 14:12:12.526 16828 INFO rally.task.runner [-] Task 00ba39eb-45e0-4442-8ead-fb9035d26b8d | ITER: 4 START
2019-11-26 14:12:13.658 16828 INFO rally.task.runner [-] Task 00ba39eb-45e0-4442-8ead-fb9035d26b8d | ITER: 4 END: OK
2019-11-26 14:12:13.660 16827 INFO rally.task.runner [-] Task 00ba39eb-45e0-4442-8ead-fb9035d26b8d | ITER: 3 END: OK
2019-11-26 14:12:13.664 16828 INFO rally.task.runner [-] Task 00ba39eb-45e0-4442-8ead-fb9035d26b8d | ITER: 5 START
2019-11-26 14:12:13.666 16827 INFO rally.task.runner [-] Task 00ba39eb-45e0-4442-8ead-fb9035d26b8d | ITER: 6 START
2019-11-26 14:12:13.866 16825 INFO rally.task.runner [-] Task 00ba39eb-45e0-4442-8ead-fb9035d26b8d | ITER: 1 END: OK
2019-11-26 14:12:13.871 16825 INFO rally.task.runner [-] Task 00ba39eb-45e0-4442-8ead-fb9035d26b8d | ITER: 7 START
2019-11-26 14:12:13.905 16826 INFO rally.task.runner [-] Task 00ba39eb-45e0-4442-8ead-fb9035d26b8d | ITER: 2 END: OK
2019-11-26 14:12:13.909 16826 INFO rally.task.runner [-] Task 00ba39eb-45e0-4442-8ead-fb9035d26b8d | ITER: 8 START
2019-11-26 14:12:14.661 16828 INFO rally.task.runner [-] Task 00ba39eb-45e0-4442-8ead-fb9035d26b8d | ITER: 5 END: OK
2019-11-26 14:12:14.666 16828 INFO rally.task.runner [-] Task 00ba39eb-45e0-4442-8ead-fb9035d26b8d | ITER: 9 START
2019-11-26 14:12:14.699 16827 INFO rally.task.runner [-] Task 00ba39eb-45e0-4442-8ead-fb9035d26b8d | ITER: 6 END: OK
2019-11-26 14:12:14.703 16827 INFO rally.task.runner [-] Task 00ba39eb-45e0-4442-8ead-fb9035d26b8d | ITER: 10 START
2019-11-26 14:12:14.933 16825 INFO rally.task.runner [-] Task 00ba39eb-45e0-4442-8ead-fb9035d26b8d | ITER: 7 END: OK
2019-11-26 14:12:15.011 16826 INFO rally.task.runner [-] Task 00ba39eb-45e0-4442-8ead-fb9035d26b8d | ITER: 8 END: OK
2019-11-26 14:12:15.967 16827 INFO rally.task.runner [-] Task 00ba39eb-45e0-4442-8ead-fb9035d26b8d | ITER: 10 END: OK
2019-11-26 14:12:16.031 16828 INFO rally.task.runner [-] Task 00ba39eb-45e0-4442-8ead-fb9035d26b8d | ITER: 9 END: OK
2019-11-26 14:12:16.059 13785 INFO rally.task.context [-] Task 00ba39eb-45e0-4442-8ead-fb9035d26b8d | Context cleanup@openstack cleanup() started
2019-11-26 14:12:16.062 13785 RALLYDEBUG rally_openstack.cleanup.manager [-] Cleaning up neutron vip objects
2019-11-26 14:12:17.173 13785 RALLYDEBUG rally_openstack.cleanup.manager [-] Cleaning up neutron health_monitor objects
2019-11-26 14:12:18.259 13785 RALLYDEBUG rally_openstack.cleanup.manager [-] Cleaning up neutron pool objects
2019-11-26 14:12:19.346 13785 RALLYDEBUG rally_openstack.cleanup.manager [-] Cleaning up neutron loadbalancer objects
2019-11-26 14:12:20.465 13785 RALLYDEBUG rally_openstack.cleanup.manager [-] Cleaning up neutron floatingip objects
2019-11-26 14:12:21.673 13785 RALLYDEBUG rally_openstack.cleanup.manager [-] Cleaning up neutron trunk objects
2019-11-26 14:12:22.852 13785 RALLYDEBUG rally_openstack.cleanup.manager [-] Cleaning up neutron port objects
2019-11-26 14:12:24.208 13785 RALLYDEBUG rally_openstack.cleanup.manager [-] Deleting neutron.port object s_rally_7b7e7616_QyMvdJpp (3eb1d34b-1c40-4149-a970-d70d21c79ec7)
2019-11-26 14:12:24.222 13785 RALLYDEBUG rally_openstack.cleanup.manager [-] Deleting neutron.port object s_rally_7b7e7616_QTOpdcfP (78fbc995-f4f2-4a14-b6bd-b7e56a57c112)
2019-11-26 14:12:24.226 13785 RALLYDEBUG rally_openstack.cleanup.manager [-] Deleting neutron.port object s_rally_7b7e7616_6CQpjXK7 (d65ce299-8c5e-4b79-9c45-963ebfd4cef6)
2019-11-26 14:12:24.227 13785 RALLYDEBUG rally_openstack.cleanup.manager [-] Deleting neutron.port object s_rally_7b7e7616_eb7Eb9uh (5fdd87ab-0a82-41b9-94b8-b7794e3577ee)
2019-11-26 14:12:24.261 13785 RALLYDEBUG rally_openstack.cleanup.manager [-] Deleting neutron.port object s_rally_7b7e7616_6h8cI6IG (fed761ea-8ea1-4e22-a932-c381c10eaa42)
2019-11-26 14:12:24.270 13785 RALLYDEBUG rally_openstack.cleanup.manager [-] Deleting neutron.port object s_rally_7b7e7616_BbTBtMqF (06c20f96-0c08-4e02-9bdb-0ce6f1b664b8)
2019-11-26 14:12:24.273 13785 RALLYDEBUG rally_openstack.cleanup.manager [-] Deleting neutron.port object s_rally_7b7e7616_rDVsHLKz (c5506024-d1de-4b94-aed8-3693b92e98bd)
2019-11-26 14:12:24.284 13785 RALLYDEBUG rally_openstack.cleanup.manager [-] Deleting neutron.port object s_rally_7b7e7616_dj3LTU7T (126e4dc5-925c-4d96-8f2f-3830539065db)
2019-11-26 14:12:24.291 13785 RALLYDEBUG rally_openstack.cleanup.manager [-] Deleting neutron.port object s_rally_7b7e7616_Myr2fDl3 (475d677f-3932-49a4-9a0f-3e854d1abf2b)
2019-11-26 14:12:24.314 13785 RALLYDEBUG rally_openstack.cleanup.manager [-] Deleting neutron.port object s_rally_7b7e7616_zyiAOEca (89a12692-09e8-40be-9e68-51ef373b3e63)
2019-11-26 14:12:26.711 13785 RALLYDEBUG rally_openstack.cleanup.manager [-] Cleaning up neutron subnet objects
2019-11-26 14:12:28.015 13785 RALLYDEBUG rally_openstack.cleanup.manager [-] Cleaning up neutron network objects
2019-11-26 14:12:29.449 13785 RALLYDEBUG rally_openstack.cleanup.manager [-] Cleaning up neutron router objects
2019-11-26 14:12:30.683 13785 RALLYDEBUG rally_openstack.cleanup.manager [-] Cleaning up neutron security_group objects
2019-11-26 14:12:31.972 13785 INFO rally.task.context [-] Task 00ba39eb-45e0-4442-8ead-fb9035d26b8d | Context cleanup@openstack cleanup() finished in 15.91 sec
2019-11-26 14:12:31.973 13785 INFO rally.task.context [-] Task 00ba39eb-45e0-4442-8ead-fb9035d26b8d | Context network@openstack cleanup() started
2019-11-26 14:12:43.604 13785 INFO rally.task.context [-] Task 00ba39eb-45e0-4442-8ead-fb9035d26b8d | Context network@openstack cleanup() finished in 11.63 sec
2019-11-26 14:12:43.604 13785 INFO rally.task.context [-] Task 00ba39eb-45e0-4442-8ead-fb9035d26b8d | Context quotas@openstack cleanup() started
2019-11-26 14:12:43.754 13785 INFO rally.task.context [-] Task 00ba39eb-45e0-4442-8ead-fb9035d26b8d | Context quotas@openstack cleanup() finished in 0.15 sec
2019-11-26 14:12:43.755 13785 INFO rally.task.context [-] Task 00ba39eb-45e0-4442-8ead-fb9035d26b8d | Context users@openstack cleanup() started
2019-11-26 14:12:47.844 13785 INFO rally.task.context [-] Task 00ba39eb-45e0-4442-8ead-fb9035d26b8d | Context users@openstack cleanup() finished in 4.09 sec
2019-11-26 14:12:48.095 13785 INFO rally.task.engine [-] Load duration is: 3.513146
2019-11-26 14:12:48.096 13785 INFO rally.task.engine [-] Full runner duration is: 3.561107
2019-11-26 14:12:48.096 13785 INFO rally.task.engine [-] Full duration is: 41.974824
2019-11-26 14:12:48.416 13785 INFO rally.task.engine [-] Running workload: position = 0 config = { "version": 2, "title": "A cropped version of a bigger task.", "description": "Auto-generated task from a single workload (uuid=38cff698-e6f8-4ce8-a43e-4bc19a8b6b01)", "subtasks": [ { "title": "NeutronNetworks.create_and_list_routers", "description": "Create and a given number of routers and list all routers.", "scenario": { "NeutronNetworks.create_and_list_routers": { "network_create_args": {}, "router_create_args": {}, "subnet_cidr_start": "1.1.0.0/30", "subnet_create_args": {}, "subnets_per_network": 1 } }, "contexts": { "users": { "tenants": 3, "users_per_tenant": 2 }, "quotas": { "neutron": { "network": -1, "subnet": -1, "router": -1 } } }, "runner": { "constant": { "concurrency": 4, "times": 10 } }, "hooks": [], "sla": { "failure_rate": { "max": 0 } } } ] }
2019-11-26 14:12:48.442 13785 RALLYDEBUG rally_openstack.contexts.keystone.users [-] Creating 3 tenants using 20 threads
2019-11-26 14:12:49.537 13785 RALLYDEBUG rally_openstack.contexts.keystone.users [-] Creating 6 users using 20 threads
2019-11-26 14:12:51.187 13785 INFO rally.task.context [-] Task 00ba39eb-45e0-4442-8ead-fb9035d26b8d | Context users@openstack setup() finished in 2.74 sec
2019-11-26 14:12:52.177 13785 INFO rally.task.context [-] Task 00ba39eb-45e0-4442-8ead-fb9035d26b8d | Context quotas@openstack setup() finished in 0.99 sec
2019-11-26 14:12:52.178 13785 INFO rally.task.context [-] Task 00ba39eb-45e0-4442-8ead-fb9035d26b8d | Context cleanup@openstack setup() finished in 0.01 msec
2019-11-26 14:12:52.187 13785 RALLYDEBUG rally.task.runner [-] Starting the constant runner (task UUID: 00ba39eb-45e0-4442-8ead-fb9035d26b8d). times: 10 concurrency: 4 timeout: 0 max_cpu_used: 16 processes_to_start: 4 concurrency_per_worker: 1 concurrency_overhead: 0
2019-11-26 14:12:52.198 17149 RALLYDEBUG rally.task.runner [-] Starting a worker. times: 10 duration: None concurrency: 1 timeout: 0 cls: method_name: run args: {"network_create_args": {}, "router_create_args": {}, "subnet_cidr_start": "1.1.0.0/30", "subnet_create_args": {}, "subnets_per_network": 1}
2019-11-26 14:12:52.202 17150 RALLYDEBUG rally.task.runner [-] Starting a worker. times: 10 duration: None concurrency: 1 timeout: 0 cls: method_name: run args: {"network_create_args": {}, "router_create_args": {}, "subnet_cidr_start": "1.1.0.0/30", "subnet_create_args": {}, "subnets_per_network": 1}
2019-11-26 14:12:52.206 17149 INFO rally.task.runner [-] Task 00ba39eb-45e0-4442-8ead-fb9035d26b8d | ITER: 1 START
2019-11-26 14:12:52.205 17151 RALLYDEBUG rally.task.runner [-] Starting a worker. times: 10 duration: None concurrency: 1 timeout: 0 cls: method_name: run args: {"network_create_args": {}, "router_create_args": {}, "subnet_cidr_start": "1.1.0.0/30", "subnet_create_args": {}, "subnets_per_network": 1}
2019-11-26 14:12:52.208 17150 INFO rally.task.runner [-] Task 00ba39eb-45e0-4442-8ead-fb9035d26b8d | ITER: 2 START
2019-11-26 14:12:52.209 17152 RALLYDEBUG rally.task.runner [-] Starting a worker. times: 10 duration: None concurrency: 1 timeout: 0 cls: method_name: run args: {"network_create_args": {}, "router_create_args": {}, "subnet_cidr_start": "1.1.0.0/30", "subnet_create_args": {}, "subnets_per_network": 1}
2019-11-26 14:12:52.212 17151 INFO rally.task.runner [-] Task 00ba39eb-45e0-4442-8ead-fb9035d26b8d | ITER: 3 START
2019-11-26 14:12:52.215 17152 INFO rally.task.runner [-] Task 00ba39eb-45e0-4442-8ead-fb9035d26b8d | ITER: 4 START
2019-11-26 14:12:52.863 17151 RALLYDEBUG rally_openstack.wrappers.network [-] CIDR generated: 1.1.0.208/30
2019-11-26 14:12:52.874 17149 RALLYDEBUG rally_openstack.wrappers.network [-] CIDR generated: 1.1.0.212/30
2019-11-26 14:12:53.423 17152 RALLYDEBUG rally_openstack.wrappers.network [-] CIDR generated: 1.1.0.216/30
2019-11-26 14:12:53.431 17150 RALLYDEBUG rally_openstack.wrappers.network [-] CIDR generated: 1.1.0.220/30
2019-11-26 14:12:55.718 17149 INFO rally.task.runner [-] Task 00ba39eb-45e0-4442-8ead-fb9035d26b8d | ITER: 1 END: OK
2019-11-26 14:12:55.722 17149 INFO rally.task.runner [-] Task 00ba39eb-45e0-4442-8ead-fb9035d26b8d | ITER: 5 START
2019-11-26 14:12:55.761 17151 INFO rally.task.runner [-] Task 00ba39eb-45e0-4442-8ead-fb9035d26b8d | ITER: 3 END: OK
2019-11-26 14:12:55.766 17151 INFO rally.task.runner [-] Task 00ba39eb-45e0-4442-8ead-fb9035d26b8d | ITER: 6 START
2019-11-26 14:12:56.204 17149 RALLYDEBUG rally_openstack.wrappers.network [-] CIDR generated: 1.1.0.224/30
2019-11-26 14:12:56.223 17150 INFO rally.task.runner [-] Task 00ba39eb-45e0-4442-8ead-fb9035d26b8d | ITER: 2 END: OK
2019-11-26 14:12:56.227 17150 INFO rally.task.runner [-] Task 00ba39eb-45e0-4442-8ead-fb9035d26b8d | ITER: 7 START
2019-11-26 14:12:56.334 17151 RALLYDEBUG rally_openstack.wrappers.network [-] CIDR generated: 1.1.0.228/30
2019-11-26 14:12:56.686 17152 INFO rally.task.runner [-] Task 00ba39eb-45e0-4442-8ead-fb9035d26b8d | ITER: 4 END: OK
2019-11-26 14:12:56.691 17152 INFO rally.task.runner [-] Task 00ba39eb-45e0-4442-8ead-fb9035d26b8d | ITER: 8 START
2019-11-26 14:12:56.696 17150 RALLYDEBUG rally_openstack.wrappers.network [-] CIDR generated: 1.1.0.232/30
2019-11-26 14:12:57.384 17152 RALLYDEBUG rally_openstack.wrappers.network [-] CIDR generated: 1.1.0.236/30
2019-11-26 14:12:59.079 17151 INFO rally.task.runner [-] Task 00ba39eb-45e0-4442-8ead-fb9035d26b8d | ITER: 6 END: OK
2019-11-26 14:12:59.083 17151 INFO rally.task.runner [-] Task 00ba39eb-45e0-4442-8ead-fb9035d26b8d | ITER: 9 START
2019-11-26 14:12:59.575 17151 RALLYDEBUG rally_openstack.wrappers.network [-] CIDR generated: 1.1.0.240/30
2019-11-26 14:13:00.025 17152 INFO rally.task.runner [-] Task 00ba39eb-45e0-4442-8ead-fb9035d26b8d | ITER: 8 END: OK
2019-11-26 14:13:00.029 17152 INFO rally.task.runner [-] Task 00ba39eb-45e0-4442-8ead-fb9035d26b8d | ITER: 10 START
2019-11-26 14:13:00.050 17149 INFO rally.task.runner [-] Task 00ba39eb-45e0-4442-8ead-fb9035d26b8d | ITER: 5 END: OK
2019-11-26 14:13:00.461 17150 INFO rally.task.runner [-] Task 00ba39eb-45e0-4442-8ead-fb9035d26b8d | ITER: 7 END: OK
2019-11-26 14:13:00.521 17152 RALLYDEBUG rally_openstack.wrappers.network [-] CIDR generated: 1.1.0.244/30
2019-11-26 14:13:02.648 17151 INFO rally.task.runner [-] Task 00ba39eb-45e0-4442-8ead-fb9035d26b8d | ITER: 9 END: OK
2019-11-26 14:13:03.541 17152 INFO rally.task.runner [-] Task 00ba39eb-45e0-4442-8ead-fb9035d26b8d | ITER: 10 END: OK
2019-11-26 14:13:03.570 13785 INFO rally.task.context [-] Task 00ba39eb-45e0-4442-8ead-fb9035d26b8d | Context cleanup@openstack cleanup() started
2019-11-26 14:13:03.573 13785 RALLYDEBUG rally_openstack.cleanup.manager [-] Cleaning up neutron vip objects
2019-11-26 14:13:04.627 13785 RALLYDEBUG rally_openstack.cleanup.manager [-] Cleaning up neutron health_monitor objects
2019-11-26 14:13:05.836 13785 RALLYDEBUG rally_openstack.cleanup.manager [-] Cleaning up neutron pool objects
2019-11-26 14:13:06.907 13785 RALLYDEBUG rally_openstack.cleanup.manager [-] Cleaning up neutron loadbalancer objects
2019-11-26 14:13:07.972 13785 RALLYDEBUG rally_openstack.cleanup.manager [-] Cleaning up neutron floatingip objects
2019-11-26 14:13:09.132 13785 RALLYDEBUG rally_openstack.cleanup.manager [-] Cleaning up neutron trunk objects
2019-11-26 14:13:10.274 13785 RALLYDEBUG rally_openstack.cleanup.manager [-] Cleaning up neutron port objects
2019-11-26 14:13:12.142 13785 RALLYDEBUG rally_openstack.cleanup.manager [-] Deleting neutron.port object s_rally_38cff698_P9az7bRs (389d0ec1-fd33-494e-a3e6-1de49ba69e27)
2019-11-26 14:13:12.151 13785 RALLYDEBUG rally_openstack.cleanup.manager [-] Deleting neutron.port object s_rally_38cff698_7jo9UovG (3a7794f6-cc29-40fe-b520-8b3eaba05dec)
2019-11-26 14:13:12.164 13785 RALLYDEBUG rally_openstack.cleanup.manager [-] Deleting neutron.port object s_rally_38cff698_4E01wdzY (4c6bcb6b-945f-49a0-8a9c-d481fc3886a0)
2019-11-26 14:13:12.192 13785 RALLYDEBUG rally_openstack.cleanup.manager [-] Deleting neutron.port object s_rally_38cff698_AUbjnsSX (32c80b34-da0f-4421-8256-df4c6e24ca7f)
2019-11-26 14:13:12.200 13785 RALLYDEBUG rally_openstack.cleanup.manager [-] Deleting neutron.port object s_rally_38cff698_dGp9aVEW (51289d5d-7654-4f6f-ab58-ce565eea202e)
2019-11-26 14:13:12.205 13785 RALLYDEBUG rally_openstack.cleanup.manager [-] Deleting neutron.port object s_rally_38cff698_jxcmztZC (778ba130-7a89-4613-8760-d373012af456)
2019-11-26 14:13:12.218 13785 RALLYDEBUG rally_openstack.cleanup.manager [-] Deleting neutron.port object s_rally_38cff698_jaLEddaV (a8cba85d-0338-4eea-bc1d-3467cfa2f01c)
2019-11-26 14:13:12.228 13785 RALLYDEBUG rally_openstack.cleanup.manager [-] Deleting neutron.port object s_rally_38cff698_xML3m8nW (b2a097fe-8abf-42c1-9c94-73eeaf403175)
2019-11-26 14:13:12.244 13785 RALLYDEBUG rally_openstack.cleanup.manager [-] Deleting neutron.port object s_rally_38cff698_PfBeV0lN (df7ef96f-c175-4813-ac32-110dfaaafdd7)
2019-11-26 14:13:12.256 13785 RALLYDEBUG rally_openstack.cleanup.manager [-] Deleting neutron.port object s_rally_38cff698_mnTX4x7g (5ba61710-6d1c-402a-aad5-3e54ce54fec5)
2019-11-26 14:13:16.531 13785 RALLYDEBUG rally_openstack.cleanup.manager [-] Cleaning up neutron subnet objects
