2019-11-26 14:15:48.211 13785 INFO rally.task.context [-] Task 00ba39eb-45e0-4442-8ead-fb9035d26b8d | Context quotas@openstack cleanup() started
2019-11-26 14:15:48.451 13785 INFO rally.task.context [-] Task 00ba39eb-45e0-4442-8ead-fb9035d26b8d | Context quotas@openstack cleanup() finished in 0.24 sec
2019-11-26 14:15:48.452 13785 INFO rally.task.context [-] Task 00ba39eb-45e0-4442-8ead-fb9035d26b8d | Context users@openstack cleanup() started
2019-11-26 14:15:52.818 13785 INFO rally.task.context [-] Task 00ba39eb-45e0-4442-8ead-fb9035d26b8d | Context users@openstack cleanup() finished in 4.37 sec
2019-11-26 14:15:53.526 13785 INFO rally.task.engine [-] Load duration is: 2.480589
2019-11-26 14:15:53.527 13785 INFO rally.task.engine [-] Full runner duration is: 2.52878
2019-11-26 14:15:53.527 13785 INFO rally.task.engine [-] Full duration is: 25.458999
2019-11-26 14:15:53.834 13785 INFO rally.task.engine [-] Running workload: position = 0 config = { "version": 2, "title": "A cropped version of a bigger task.", "description": "Auto-generated task from a single workload (uuid=02dfc3f2-9734-4803-b04b-6f799c1ab790)", "subtasks": [ { "title": "NeutronNetworks.set_and_clear_router_gateway", "description": "Set and Remove the external network gateway from a router.", "scenario": { "NeutronNetworks.set_and_clear_router_gateway": { "network_create_args": { "router:external": true } } }, "contexts": { "users": { "tenants": 3, "users_per_tenant": 2 }, "quotas": { "neutron": { "network": -1, "router": -1 } }, "roles": [ "admin" ] }, "runner": { "constant": { "concurrency": 4, "times": 10 } }, "hooks": [], "sla": { "failure_rate": { "max": 0 } } } ] }
2019-11-26 14:15:53.858 13785 RALLYDEBUG rally_openstack.contexts.keystone.users [-] Creating 3 tenants using 20 threads
2019-11-26 14:15:54.914 13785 RALLYDEBUG rally_openstack.contexts.keystone.users [-] Creating 6 users using 20 threads
2019-11-26 14:15:56.467 13785 INFO rally.task.context [-] Task 00ba39eb-45e0-4442-8ead-fb9035d26b8d | Context users@openstack setup() finished in 2.61 sec
2019-11-26 14:15:57.412 13785 INFO rally.task.context [-] Task 00ba39eb-45e0-4442-8ead-fb9035d26b8d | Context quotas@openstack setup() finished in 0.94 sec
2019-11-26 14:15:58.125 13785 RALLYDEBUG rally_openstack.contexts.keystone.roles [-] Adding role admin having ID e53e15e525c84068b9b8034a16655bcf to all users using 30 threads
2019-11-26 14:16:03.359 13785 INFO rally.task.context [-] Task 00ba39eb-45e0-4442-8ead-fb9035d26b8d | Context roles@openstack setup() finished in 5.95 sec
2019-11-26 14:16:03.360 13785 INFO rally.task.context [-] Task 00ba39eb-45e0-4442-8ead-fb9035d26b8d | Context cleanup@openstack setup() finished in 0.01 msec
2019-11-26 14:16:03.369 13785 RALLYDEBUG rally.task.runner [-] Starting the constant runner (task UUID: 00ba39eb-45e0-4442-8ead-fb9035d26b8d). times: 10 concurrency: 4 timeout: 0 max_cpu_used: 16 processes_to_start: 4 concurrency_per_worker: 1 concurrency_overhead: 0
2019-11-26 14:16:03.380 19123 RALLYDEBUG rally.task.runner [-] Starting a worker. times: 10 duration: None concurrency: 1 timeout: 0 cls: method_name: run args: {"network_create_args": {"router:external": true}}
2019-11-26 14:16:03.383 19124 RALLYDEBUG rally.task.runner [-] Starting a worker. times: 10 duration: None concurrency: 1 timeout: 0 cls: method_name: run args: {"network_create_args": {"router:external": true}}
2019-11-26 14:16:03.388 19123 INFO rally.task.runner [-] Task 00ba39eb-45e0-4442-8ead-fb9035d26b8d | ITER: 1 START
2019-11-26 14:16:03.387 19125 RALLYDEBUG rally.task.runner [-] Starting a worker. times: 10 duration: None concurrency: 1 timeout: 0 cls: method_name: run args: {"network_create_args": {"router:external": true}}
2019-11-26 14:16:03.390 19124 INFO rally.task.runner [-] Task 00ba39eb-45e0-4442-8ead-fb9035d26b8d | ITER: 2 START
2019-11-26 14:16:03.390 19126 RALLYDEBUG rally.task.runner [-] Starting a worker. times: 10 duration: None concurrency: 1 timeout: 0 cls: method_name: run args: {"network_create_args": {"router:external": true}}
2019-11-26 14:16:03.394 19125 INFO rally.task.runner [-] Task 00ba39eb-45e0-4442-8ead-fb9035d26b8d | ITER: 3 START
2019-11-26 14:16:03.397 19126 INFO rally.task.runner [-] Task 00ba39eb-45e0-4442-8ead-fb9035d26b8d | ITER: 4 START
2019-11-26 14:16:07.241 19126 INFO rally.task.runner [-] Task 00ba39eb-45e0-4442-8ead-fb9035d26b8d | ITER: 4 END: OK
2019-11-26 14:16:07.246 19126 INFO rally.task.runner [-] Task 00ba39eb-45e0-4442-8ead-fb9035d26b8d | ITER: 5 START
2019-11-26 14:16:07.580 19123 INFO rally.task.runner [-] Task 00ba39eb-45e0-4442-8ead-fb9035d26b8d | ITER: 1 END: OK
2019-11-26 14:16:07.585 19123 INFO rally.task.runner [-] Task 00ba39eb-45e0-4442-8ead-fb9035d26b8d | ITER: 6 START
2019-11-26 14:16:08.881 19125 INFO rally.task.runner [-] Task 00ba39eb-45e0-4442-8ead-fb9035d26b8d | ITER: 3 END: OK
2019-11-26 14:16:08.885 19125 INFO rally.task.runner [-] Task 00ba39eb-45e0-4442-8ead-fb9035d26b8d | ITER: 7 START
2019-11-26 14:16:09.056 19124 INFO rally.task.runner [-] Task 00ba39eb-45e0-4442-8ead-fb9035d26b8d | ITER: 2 END: OK
2019-11-26 14:16:09.061 19124 INFO rally.task.runner [-] Task 00ba39eb-45e0-4442-8ead-fb9035d26b8d | ITER: 8 START
2019-11-26 14:16:11.005 19126 INFO rally.task.runner [-] Task 00ba39eb-45e0-4442-8ead-fb9035d26b8d | ITER: 5 END: OK
2019-11-26 14:16:11.009 19126 INFO rally.task.runner [-] Task 00ba39eb-45e0-4442-8ead-fb9035d26b8d | ITER: 9 START
2019-11-26 14:16:11.456 19123 INFO rally.task.runner [-] Task 00ba39eb-45e0-4442-8ead-fb9035d26b8d | ITER: 6 END: OK
2019-11-26 14:16:11.460 19123 INFO rally.task.runner [-] Task 00ba39eb-45e0-4442-8ead-fb9035d26b8d | ITER: 10 START
2019-11-26 14:16:12.768 19125 INFO rally.task.runner [-] Task 00ba39eb-45e0-4442-8ead-fb9035d26b8d | ITER: 7 END: OK
2019-11-26 14:16:14.336 19124 INFO rally.task.runner [-] Task 00ba39eb-45e0-4442-8ead-fb9035d26b8d | ITER: 8 END: OK
2019-11-26 14:16:15.338 19123 INFO rally.task.runner [-] Task 00ba39eb-45e0-4442-8ead-fb9035d26b8d | ITER: 10 END: OK
2019-11-26 14:16:15.662 19126 INFO rally.task.runner [-] Task 00ba39eb-45e0-4442-8ead-fb9035d26b8d | ITER: 9 END: OK
2019-11-26 14:16:15.686 13785 INFO rally.task.context [-] Task 00ba39eb-45e0-4442-8ead-fb9035d26b8d | Context cleanup@openstack cleanup() started
2019-11-26 14:16:15.690 13785 RALLYDEBUG rally_openstack.cleanup.manager [-] Cleaning up neutron vip objects
2019-11-26 14:16:16.818 13785 RALLYDEBUG rally_openstack.cleanup.manager [-] Cleaning up neutron health_monitor objects
2019-11-26 14:16:17.922 13785 RALLYDEBUG rally_openstack.cleanup.manager [-] Cleaning up neutron pool objects
2019-11-26 14:16:19.033 13785 RALLYDEBUG rally_openstack.cleanup.manager [-] Cleaning up neutron loadbalancer objects
2019-11-26 14:16:20.152 13785 RALLYDEBUG rally_openstack.cleanup.manager [-] Cleaning up neutron floatingip objects
2019-11-26 14:16:21.395 13785 RALLYDEBUG rally_openstack.cleanup.manager [-] Cleaning up neutron trunk objects
2019-11-26 14:16:22.596 13785 RALLYDEBUG rally_openstack.cleanup.manager [-] Cleaning up neutron port objects
2019-11-26 14:16:23.923 13785 RALLYDEBUG rally_openstack.cleanup.manager [-] Cleaning up neutron subnet objects
2019-11-26 14:16:25.130 13785 RALLYDEBUG rally_openstack.cleanup.manager [-] Cleaning up neutron network objects
2019-11-26 14:16:26.514 13785 RALLYDEBUG rally_openstack.cleanup.manager [-] Deleting neutron.network object s_rally_02dfc3f2_IovdUpd8 (195222b9-a998-473f-ae87-6af43df665bb)
2019-11-26 14:16:26.523 13785 RALLYDEBUG rally_openstack.cleanup.manager [-] Deleting neutron.network object s_rally_02dfc3f2_9s9rom2l (1ccfe54d-4843-4776-9ac0-a4686407fd6d)
2019-11-26 14:16:26.531 13785 RALLYDEBUG rally_openstack.cleanup.manager [-] Deleting neutron.network object s_rally_02dfc3f2_0RsqMMmM (74fc3f59-809b-4dbf-8ec0-f7ce3433ca39)
2019-11-26 14:16:26.542 13785 RALLYDEBUG rally_openstack.cleanup.manager [-] Deleting neutron.network object s_rally_02dfc3f2_bZkvS6z6 (c0e0b9fb-b1c3-46f6-8449-a07b9551cecc)
2019-11-26 14:16:26.547 13785 RALLYDEBUG rally_openstack.cleanup.manager [-] Deleting neutron.network object s_rally_02dfc3f2_Nf6WS93x (03d9ec09-a091-4fb1-8de2-7985fb94b7a6)
2019-11-26 14:16:26.558 13785 RALLYDEBUG rally_openstack.cleanup.manager [-] Deleting neutron.network object s_rally_02dfc3f2_17t2Ttqx (80fb67fc-9b52-4dd4-9c1d-4a0b45400ccf)
2019-11-26 14:16:26.580 13785 RALLYDEBUG rally_openstack.cleanup.manager [-] Deleting neutron.network object s_rally_02dfc3f2_z6s0oZDr (bd0785bc-80b7-44b1-827b-1b4ac0d08281)
2019-11-26 14:16:26.595 13785 RALLYDEBUG rally_openstack.cleanup.manager [-] Deleting neutron.network object s_rally_02dfc3f2_HATZAlBD (50805f5c-5fe4-4d93-bce3-84faf027f557)
2019-11-26 14:16:26.611 13785 RALLYDEBUG rally_openstack.cleanup.manager [-] Deleting neutron.network object s_rally_02dfc3f2_MaoSBm1w (9995c0b9-39a0-4239-bf67-7adfacde9790)
2019-11-26 14:16:26.615 13785 RALLYDEBUG rally_openstack.cleanup.manager [-] Deleting neutron.network object s_rally_02dfc3f2_PeWlyY80 (f7cdda15-9841-44ff-8e4a-33e14c885d65)
2019-11-26 14:16:29.079 13785 RALLYDEBUG rally_openstack.cleanup.manager [-] Cleaning up neutron router objects
2019-11-26 14:16:30.513 13785 RALLYDEBUG rally_openstack.cleanup.manager [-] Deleting neutron.router object s_rally_02dfc3f2_C1GmVt8G (05079493-785f-408b-ac0e-5b9914215b2d)
2019-11-26 14:16:30.522 13785 RALLYDEBUG rally_openstack.cleanup.manager [-] Deleting neutron.router object s_rally_02dfc3f2_hCQv3FmI (6f445cc4-8672-42ba-87b3-d9dc94eac39b)
2019-11-26 14:16:30.526 13785 RALLYDEBUG rally_openstack.cleanup.manager [-] Deleting neutron.router object s_rally_02dfc3f2_JLKMzIFv (8e79b550-4128-4cd3-88a4-4c42e7439af0)
2019-11-26 14:16:30.535 13785 RALLYDEBUG rally_openstack.cleanup.manager [-] Deleting neutron.router object s_rally_02dfc3f2_2iT0dTU8 (e6b25ea3-b290-4340-9605-d48654cf72e0)
2019-11-26 14:16:30.543 13785 RALLYDEBUG rally_openstack.cleanup.manager [-] Deleting neutron.router object s_rally_02dfc3f2_XB9pTW2P (97396f20-ae06-4337-af8c-228955a5d594)
2019-11-26 14:16:30.546 13785 RALLYDEBUG rally_openstack.cleanup.manager [-] Deleting neutron.router object s_rally_02dfc3f2_YelCPwnm (cc9d01d2-f5ba-4fe5-b1e3-41b1aa31ee86)
2019-11-26 14:16:30.550 13785 RALLYDEBUG rally_openstack.cleanup.manager [-] Deleting neutron.router object s_rally_02dfc3f2_CSn8e0KW (e9e83805-1db2-4530-af1c-ba082c2fb2bf)
2019-11-26 14:16:30.554 13785 RALLYDEBUG rally_openstack.cleanup.manager [-] Deleting neutron.router object s_rally_02dfc3f2_DCocQaAN (89fd62ba-5c8d-404b-8d68-441da660e88d)
2019-11-26 14:16:30.563 13785 RALLYDEBUG rally_openstack.cleanup.manager [-] Deleting neutron.router object s_rally_02dfc3f2_pZGTPlQh (ace28bb4-5aac-44a5-88f5-2c23e6f12eee)
2019-11-26 14:16:30.567 13785 RALLYDEBUG rally_openstack.cleanup.manager [-] Deleting neutron.router object s_rally_02dfc3f2_vjWoxqER (d96f8974-52fc-4a6f-9afb-771e97a8812b)
2019-11-26 14:16:32.778 13785 RALLYDEBUG rally_openstack.cleanup.manager [-] Cleaning up neutron security_group objects
2019-11-26 14:16:34.056 13785 INFO rally.task.context [-] Task 00ba39eb-45e0-4442-8ead-fb9035d26b8d | Context cleanup@openstack cleanup() finished in 18.37 sec
2019-11-26 14:16:34.056 13785 INFO rally.task.context [-] Task 00ba39eb-45e0-4442-8ead-fb9035d26b8d | Context roles@openstack cleanup() started
2019-11-26 14:16:34.057 13785 RALLYDEBUG rally_openstack.contexts.keystone.roles [-] Removing assigned role e53e15e525c84068b9b8034a16655bcf from all users
2019-11-26 14:16:35.071 13785 INFO rally.task.context [-] Task 00ba39eb-45e0-4442-8ead-fb9035d26b8d | Context roles@openstack cleanup() finished in 1.01 sec
2019-11-26 14:16:35.071 13785 INFO rally.task.context [-] Task 00ba39eb-45e0-4442-8ead-fb9035d26b8d | Context quotas@openstack cleanup() started
2019-11-26 14:16:35.515 13785 INFO rally.task.context [-] Task 00ba39eb-45e0-4442-8ead-fb9035d26b8d | Context quotas@openstack cleanup() finished in 0.44 sec
2019-11-26 14:16:35.515 13785 INFO rally.task.context [-] Task 00ba39eb-45e0-4442-8ead-fb9035d26b8d | Context users@openstack cleanup() started
2019-11-26 14:16:39.941 13785 INFO rally.task.context [-] Task 00ba39eb-45e0-4442-8ead-fb9035d26b8d | Context users@openstack cleanup() finished in 4.43 sec
2019-11-26 14:16:40.097 13785 INFO rally.task.engine [-] Load duration is: 12.273163
2019-11-26 14:16:40.097 13785 INFO rally.task.engine [-] Full runner duration is: 12.318119
2019-11-26 14:16:40.098 13785 INFO rally.task.engine [-] Full duration is: 46.086133
2019-11-26 14:16:40.400 13785 INFO rally.task.engine [-] Running workload: position = 0 config = { "version": 2, "title": "A cropped version of a bigger task.", "description": "Auto-generated task from a single workload (uuid=f752b09e-b061-4642-9af1-b4efb32180d4)", "subtasks": [ { "title": "NeutronNetworks.create_and_show_ports", "description": "Create a given number of ports and show created ports in trun.", "scenario": { "NeutronNetworks.create_and_show_ports": { "ports_per_network": 2 } }, "contexts": { "users": { "tenants": 3, "users_per_tenant": 2 }, "network": { "router": {} }, "quotas": { "neutron": { "network": -1, "router": -1 } } }, "runner": { "constant": { "concurrency": 4, "times": 10 } }, "hooks": [], "sla": { "failure_rate": { "max": 0 } } } ] }
2019-11-26 14:16:40.426 13785 RALLYDEBUG rally_openstack.contexts.keystone.users [-] Creating 3 tenants using 20 threads
2019-11-26 14:16:41.481 13785 RALLYDEBUG rally_openstack.contexts.keystone.users [-] Creating 6 users using 20 threads
2019-11-26 14:16:43.047 13785 INFO rally.task.context [-] Task 00ba39eb-45e0-4442-8ead-fb9035d26b8d | Context users@openstack setup() finished in 2.62 sec
2019-11-26 14:16:43.991 13785 INFO rally.task.context [-] Task 00ba39eb-45e0-4442-8ead-fb9035d26b8d | Context quotas@openstack setup() finished in 0.94 sec
2019-11-26 14:16:44.630 13785 RALLYDEBUG rally_openstack.wrappers.network [-] CIDR generated: 10.2.72.0/24
2019-11-26 14:16:45.643 13785 RALLYDEBUG rally_openstack.wrappers.network [-] CIDR generated: 10.2.73.0/24
2019-11-26 14:16:46.392 13785 RALLYDEBUG rally_openstack.wrappers.network [-] CIDR generated: 10.2.74.0/24
2019-11-26 14:16:46.877 13785 INFO rally.task.context [-] Task 00ba39eb-45e0-4442-8ead-fb9035d26b8d | Context network@openstack setup() finished in 2.89 sec
2019-11-26 14:16:46.877 13785 INFO rally.task.context [-] Task 00ba39eb-45e0-4442-8ead-fb9035d26b8d | Context cleanup@openstack setup() finished in 0.01 msec
2019-11-26 14:16:46.886 13785 RALLYDEBUG rally.task.runner [-] Starting the constant runner (task UUID: 00ba39eb-45e0-4442-8ead-fb9035d26b8d). times: 10 concurrency: 4 timeout: 0 max_cpu_used: 16 processes_to_start: 4 concurrency_per_worker: 1 concurrency_overhead: 0
2019-11-26 14:16:46.898 19477 RALLYDEBUG rally.task.runner [-] Starting a worker. times: 10 duration: None concurrency: 1 timeout: 0 cls: method_name: run args: {"ports_per_network": 2}
2019-11-26 14:16:46.902 19478 RALLYDEBUG rally.task.runner [-] Starting a worker. times: 10 duration: None concurrency: 1 timeout: 0 cls: method_name: run args: {"ports_per_network": 2}
2019-11-26 14:16:46.905 19477 INFO rally.task.runner [-] Task 00ba39eb-45e0-4442-8ead-fb9035d26b8d | ITER: 1 START
2019-11-26 14:16:46.905 19479 RALLYDEBUG rally.task.runner [-] Starting a worker. times: 10 duration: None concurrency: 1 timeout: 0 cls: method_name: run args: {"ports_per_network": 2}
2019-11-26 14:16:46.909 19478 INFO rally.task.runner [-] Task 00ba39eb-45e0-4442-8ead-fb9035d26b8d | ITER: 2 START
2019-11-26 14:16:46.909 19480 RALLYDEBUG rally.task.runner [-] Starting a worker. times: 10 duration: None concurrency: 1 timeout: 0 cls: method_name: run args: {"ports_per_network": 2}
2019-11-26 14:16:46.912 19479 INFO rally.task.runner [-] Task 00ba39eb-45e0-4442-8ead-fb9035d26b8d | ITER: 3 START
2019-11-26 14:16:46.916 19480 INFO rally.task.runner [-] Task 00ba39eb-45e0-4442-8ead-fb9035d26b8d | ITER: 4 START
2019-11-26 14:16:48.722 19478 INFO rally.task.runner [-] Task 00ba39eb-45e0-4442-8ead-fb9035d26b8d | ITER: 2 END: OK
2019-11-26 14:16:48.727 19478 INFO rally.task.runner [-] Task 00ba39eb-45e0-4442-8ead-fb9035d26b8d | ITER: 5 START
2019-11-26 14:16:49.056 19480 INFO rally.task.runner [-] Task 00ba39eb-45e0-4442-8ead-fb9035d26b8d | ITER: 4 END: OK
2019-11-26 14:16:49.060 19480 INFO rally.task.runner [-] Task 00ba39eb-45e0-4442-8ead-fb9035d26b8d | ITER: 6 START
2019-11-26 14:16:49.123 19477 INFO rally.task.runner [-] Task 00ba39eb-45e0-4442-8ead-fb9035d26b8d | ITER: 1 END: OK
2019-11-26 14:16:49.128 19477 INFO rally.task.runner [-] Task 00ba39eb-45e0-4442-8ead-fb9035d26b8d | ITER: 7 START
2019-11-26 14:16:49.143 19479 INFO rally.task.runner [-] Task 00ba39eb-45e0-4442-8ead-fb9035d26b8d | ITER: 3 END: OK
2019-11-26 14:16:49.148 19479 INFO rally.task.runner [-] Task 00ba39eb-45e0-4442-8ead-fb9035d26b8d | ITER: 8 START
2019-11-26 14:16:50.849 19478 INFO rally.task.runner [-] Task 00ba39eb-45e0-4442-8ead-fb9035d26b8d | ITER: 5 END: OK
2019-11-26 14:16:50.853 19478 INFO rally.task.runner [-] Task 00ba39eb-45e0-4442-8ead-fb9035d26b8d | ITER: 9 START
2019-11-26 14:16:50.993 19477 INFO rally.task.runner [-] Task 00ba39eb-45e0-4442-8ead-fb9035d26b8d | ITER: 7 END: OK
2019-11-26 14:16:50.997 19477 INFO rally.task.runner [-] Task 00ba39eb-45e0-4442-8ead-fb9035d26b8d | ITER: 10 START
2019-11-26 14:16:51.094 19480 INFO rally.task.runner [-] Task 00ba39eb-45e0-4442-8ead-fb9035d26b8d | ITER: 6 END: OK
2019-11-26 14:16:51.198 19479 INFO rally.task.runner [-] Task 00ba39eb-45e0-4442-8ead-fb9035d26b8d | ITER: 8 END: OK
2019-11-26 14:16:52.758 19478 INFO rally.task.runner [-] Task 00ba39eb-45e0-4442-8ead-fb9035d26b8d | ITER: 9 END: OK
2019-11-26 14:16:52.959 19477 INFO rally.task.runner [-] Task 00ba39eb-45e0-4442-8ead-fb9035d26b8d | ITER: 10 END: OK
2019-11-26 14:16:52.987 13785 INFO rally.task.context [-] Task 00ba39eb-45e0-4442-8ead-fb9035d26b8d | Context cleanup@openstack cleanup() started
2019-11-26 14:16:52.991 13785 RALLYDEBUG rally_openstack.cleanup.manager [-] Cleaning up neutron vip objects
2019-11-26 14:16:54.187 13785 RALLYDEBUG rally_openstack.cleanup.manager [-] Cleaning up neutron health_monitor objects
2019-11-26 14:16:55.264 13785 RALLYDEBUG rally_openstack.cleanup.manager [-] Cleaning up neutron pool objects
2019-11-26 14:16:56.343 13785 RALLYDEBUG rally_openstack.cleanup.manager [-] Cleaning up neutron loadbalancer objects
2019-11-26 14:16:57.428 13785 RALLYDEBUG rally_openstack.cleanup.manager [-] Cleaning up neutron floatingip objects
2019-11-26 14:16:58.593 13785 RALLYDEBUG rally_openstack.cleanup.manager [-] Cleaning up neutron trunk objects
2019-11-26 14:16:59.727 13785 RALLYDEBUG rally_openstack.cleanup.manager [-] Cleaning up neutron port objects
2019-11-26 14:17:01.381 13785 RALLYDEBUG rally_openstack.cleanup.manager [-] Deleting neutron.port object s_rally_f752b09e_cvd5UK7d (0ba18148-8c0e-4bcd-b119-2621f3622d48)
2019-11-26 14:17:01.401 13785 RALLYDEBUG rally_openstack.cleanup.manager [-] Deleting neutron.port object s_rally_f752b09e_VnWQLbkX (437d9d0e-ef04-4466-a4e0-c16d7fbc0299)
2019-11-26 14:17:01.409 13785 RALLYDEBUG rally_openstack.cleanup.manager [-] Deleting neutron.port object s_rally_f752b09e_dbxlMRwd (b70fcfc1-0a7f-4722-aa9f-5bbc98635de1)
2019-11-26 14:17:01.415 13785 RALLYDEBUG rally_openstack.cleanup.manager [-] Deleting neutron.port object s_rally_f752b09e_CPnEcYdP (586e25fe-145b-474d-b89b-b5adb071908c)
2019-11-26 14:17:01.418 13785 RALLYDEBUG rally_openstack.cleanup.manager [-] Deleting neutron.port object s_rally_f752b09e_nc566kHR (8d939b5a-f425-4c98-b873-be1b535a5410)
2019-11-26 14:17:01.437 13785 RALLYDEBUG rally_openstack.cleanup.manager [-] Deleting neutron.port object s_rally_f752b09e_YXaygiNU (6b7e10d9-874d-4be0-9495-e1c75c153b15)
2019-11-26 14:17:01.446 13785 RALLYDEBUG rally_openstack.cleanup.manager [-] Deleting neutron.port object s_rally_f752b09e_yyW3AX7x (79bf72de-abeb-433f-bcc3-62e942448531)
2019-11-26 14:17:01.478 13785 RALLYDEBUG rally_openstack.cleanup.manager [-] Deleting neutron.port object s_rally_f752b09e_vZ9xL7jB (d41b4d53-8f97-4520-9bd6-f8e147f4d3e7)
2019-11-26 14:17:01.485 13785 RALLYDEBUG rally_openstack.cleanup.manager [-] Deleting neutron.port object s_rally_f752b09e_59a5pFeT (28d0d7d7-3234-4215-ada7-ccba68be0594)
2019-11-26 14:17:01.491 13785 RALLYDEBUG rally_openstack.cleanup.manager [-] Deleting neutron.port object s_rally_f752b09e_EpUiv0B8 (3705fe85-a5f1-4af4-aa2d-f1ab1814c4e1)
2019-11-26 14:17:01.496 13785 RALLYDEBUG rally_openstack.cleanup.manager [-] Deleting neutron.port object s_rally_f752b09e_2Iv2f7NR (889da3db-e762-4562-9b89-9c64c0d89bc8)
2019-11-26 14:17:01.513 13785 RALLYDEBUG rally_openstack.cleanup.manager [-] Deleting neutron.port object s_rally_f752b09e_hE2DjpBl (90bb3152-c042-463a-a506-cea509ba6f5e)
2019-11-26 14:17:01.525 13785 RALLYDEBUG rally_openstack.cleanup.manager [-] Deleting neutron.port object s_rally_f752b09e_GherNSEj (b2998f97-2a4f-44eb-a2ae-efcdbe03ae96)
2019-11-26 14:17:01.531 13785 RALLYDEBUG rally_openstack.cleanup.manager [-] Deleting neutron.port object s_rally_f752b09e_Zm3hmMYS (b618add1-3228-4a7d-ac8f-511657a9ad7f)
2019-11-26 14:17:01.549 13785 RALLYDEBUG rally_openstack.cleanup.manager [-] Deleting neutron.port object s_rally_f752b09e_d0wDtoNC (bbb7c250-4331-45cf-be7e-44b5d167bc8d)
2019-11-26 14:17:01.563 13785 RALLYDEBUG rally_openstack.cleanup.manager [-] Deleting neutron.port object s_rally_f752b09e_zSC5r8bT (bd8673ef-63a4-4a5b-a720-537ad0eff505)
2019-11-26 14:17:01.583 13785 RALLYDEBUG rally_openstack.cleanup.manager [-] Deleting neutron.port object s_rally_f752b09e_UdFLu3Dz (c1e240e3-0ed5-4bee-8755-d979d31488a6)
2019-11-26 14:17:01.595 13785 RALLYDEBUG rally_openstack.cleanup.manager [-] Deleting neutron.port object s_rally_f752b09e_ck6feUF2 (c37888a5-26f9-422b-81e2-153d8827fee7)
2019-11-26 14:17:01.604 13785 RALLYDEBUG rally_openstack.cleanup.manager [-] Deleting neutron.port object s_rally_f752b09e_E1CmYxVG (d0c991e9-d5ed-443f-b1c5-094fc3fecbe0)
2019-11-26 14:17:01.632 13785 RALLYDEBUG rally_openstack.cleanup.manager [-] Deleting neutron.port object s_rally_f752b09e_iXT99vGM (da6b2ede-944f-4711-8ee0-c08480ad6bea)
2019-11-26 14:17:04.393 13785 RALLYDEBUG rally_openstack.cleanup.manager [-] Cleaning up neutron subnet objects
2019-11-26 14:17:05.636 13785 RALLYDEBUG rally_openstack.cleanup.manager [-] Cleaning up neutron network objects
2019-11-26 14:17:07.038 13785 RALLYDEBUG rally_openstack.cleanup.manager [-] Cleaning up neutron router objects
2019-11-26 14:17:08.268 13785 RALLYDEBUG rally_openstack.cleanup.manager [-] Cleaning up neutron security_group objects
2019-11-26 14:17:09.530 13785 INFO rally.task.context [-] Task 00ba39eb-45e0-4442-8ead-fb9035d26b8d | Context cleanup@openstack cleanup() finished in 16.54 sec
2019-11-26 14:17:09.530 13785 INFO rally.task.context [-] Task 00ba39eb-45e0-4442-8ead-fb9035d26b8d | Context network@openstack cleanup() started
2019-11-26 14:17:21.293 13785 INFO rally.task.context [-] Task 00ba39eb-45e0-4442-8ead-fb9035d26b8d | Context network@openstack cleanup() finished in 11.76 sec
2019-11-26 14:17:21.294 13785 INFO rally.task.context [-] Task 00ba39eb-45e0-4442-8ead-fb9035d26b8d | Context quotas@openstack cleanup() started
2019-11-26 14:17:21.499 13785 INFO rally.task.context [-] Task 00ba39eb-45e0-4442-8ead-fb9035d26b8d | Context quotas@openstack cleanup() finished in 0.20 sec
2019-11-26 14:17:21.499 13785 INFO rally.task.context [-] Task 00ba39eb-45e0-4442-8ead-fb9035d26b8d | Context users@openstack cleanup() started
2019-11-26 14:17:25.582 13785 INFO rally.task.context [-] Task 00ba39eb-45e0-4442-8ead-fb9035d26b8d | Context users@openstack cleanup() finished in 4.08 sec
2019-11-26 14:17:26.798 13785 INFO rally.task.engine [-] Load duration is: 6.052196
2019-11-26 14:17:26.799 13785 INFO rally.task.engine [-] Full runner duration is: 6.101027
2019-11-26 14:17:26.799 13785 INFO rally.task.engine [-] Full duration is: 45.159353
2019-11-26 14:17:27.119 13785 INFO rally.task.engine [-] Running workload: position = 0 config = { "version": 2, "title": "A cropped version of a bigger task.", "description": "Auto-generated task from a single workload (uuid=9b04a690-9e99-46df-8f4e-8bec1128c0a3)", "subtasks": [ { "title": "NeutronNetworks.create_and_show_routers", "description": "Create and show a given number of routers.", "scenario": { "NeutronNetworks.create_and_show_routers": { "subnets_per_network": 2 } }, "contexts": { "users": { "tenants": 3, "users_per_tenant": 2 }, "quotas": { "neutron": { "network": -1, "subnet": -1, "router": -1 } } }, "runner": { "constant": { "concurrency": 4, "times": 10 } }, "hooks": [], "sla": { "failure_rate": { "max": 0 } } } ] }
2019-11-26 14:17:27.143 13785 RALLYDEBUG rally_openstack.contexts.keystone.users [-] Creating 3 tenants using 20 threads
2019-11-26 14:17:28.156 13785 RALLYDEBUG rally_openstack.contexts.keystone.users [-] Creating 6 users using 20 threads
2019-11-26 14:17:29.779 13785 INFO rally.task.context [-] Task 00ba39eb-45e0-4442-8ead-fb9035d26b8d | Context users@openstack setup() finished in 2.64 sec
2019-11-26 14:17:30.713 13785 INFO rally.task.context [-] Task 00ba39eb-45e0-4442-8ead-fb9035d26b8d | Context quotas@openstack setup() finished in 0.93 sec
2019-11-26 14:17:30.713 13785 INFO rally.task.context [-] Task 00ba39eb-45e0-4442-8ead-fb9035d26b8d | Context cleanup@openstack setup() finished in 0.01 msec
2019-11-26 14:17:30.722 13785 RALLYDEBUG rally.task.runner [-] Starting the constant runner (task UUID: 00ba39eb-45e0-4442-8ead-fb9035d26b8d). times: 10 concurrency: 4 timeout: 0 max_cpu_used: 16 processes_to_start: 4 concurrency_per_worker: 1 concurrency_overhead: 0
2019-11-26 14:17:30.734 19801 RALLYDEBUG rally.task.runner [-] Starting a worker. times: 10 duration: None concurrency: 1 timeout: 0 cls: method_name: run args: {"subnets_per_network": 2}
2019-11-26 14:17:30.738 19802 RALLYDEBUG rally.task.runner [-] Starting a worker. times: 10 duration: None concurrency: 1 timeout: 0 cls: method_name: run args: {"subnets_per_network": 2}
2019-11-26 14:17:30.741 19801 INFO rally.task.runner [-] Task 00ba39eb-45e0-4442-8ead-fb9035d26b8d | ITER: 1 START
2019-11-26 14:17:30.741 19803 RALLYDEBUG rally.task.runner [-] Starting a worker. times: 10 duration: None concurrency: 1 timeout: 0 cls: method_name: run args: {"subnets_per_network": 2}
2019-11-26 14:17:30.744 19802 INFO rally.task.runner [-] Task 00ba39eb-45e0-4442-8ead-fb9035d26b8d | ITER: 2 START
2019-11-26 14:17:30.744 19805 RALLYDEBUG rally.task.runner [-] Starting a worker. times: 10 duration: None concurrency: 1 timeout: 0 cls: method_name: run args: {"subnets_per_network": 2}
2019-11-26 14:17:30.748 19803 INFO rally.task.runner [-] Task 00ba39eb-45e0-4442-8ead-fb9035d26b8d | ITER: 3 START
2019-11-26 14:17:30.750 19805 INFO rally.task.runner [-] Task 00ba39eb-45e0-4442-8ead-fb9035d26b8d | ITER: 4 START
2019-11-26 14:17:31.408 19803 RALLYDEBUG rally_openstack.wrappers.network [-] CIDR generated: 10.2.75.0/24
2019-11-26 14:17:31.464 19801 RALLYDEBUG rally_openstack.wrappers.network [-] CIDR generated: 10.2.76.0/24
2019-11-26 14:17:31.969 19805 RALLYDEBUG rally_openstack.wrappers.network [-] CIDR generated: 10.2.77.0/24
2019-11-26 14:17:31.970 19802 RALLYDEBUG rally_openstack.wrappers.network [-] CIDR generated: 10.2.78.0/24
2019-11-26 14:17:32.090 19801 RALLYDEBUG rally_openstack.wrappers.network [-] CIDR generated: 10.2.79.0/24
2019-11-26 14:17:32.190 19803 RALLYDEBUG rally_openstack.wrappers.network [-] CIDR generated: 10.2.80.0/24
2019-11-26 14:17:32.567 19802 RALLYDEBUG rally_openstack.wrappers.network [-] CIDR generated: 10.2.81.0/24
2019-11-26 14:17:32.691 19805 RALLYDEBUG rally_openstack.wrappers.network [-] CIDR generated: 10.2.82.0/24
2019-11-26 14:17:37.293 19802 INFO rally.task.runner [-] Task 00ba39eb-45e0-4442-8ead-fb9035d26b8d | ITER: 2 END: OK
2019-11-26 14:17:37.298 19802 INFO rally.task.runner [-] Task 00ba39eb-45e0-4442-8ead-fb9035d26b8d | ITER: 5 START
2019-11-26 14:17:37.475 19801 INFO rally.task.runner [-] Task 00ba39eb-45e0-4442-8ead-fb9035d26b8d | ITER: 1 END: OK
2019-11-26 14:17:37.479 19801 INFO rally.task.runner [-] Task 00ba39eb-45e0-4442-8ead-fb9035d26b8d | ITER: 6 START
2019-11-26 14:17:37.626 19803 INFO rally.task.runner [-] Task 00ba39eb-45e0-4442-8ead-fb9035d26b8d | ITER: 3 END: OK
2019-11-26 14:17:37.630 19803 INFO rally.task.runner [-] Task 00ba39eb-45e0-4442-8ead-fb9035d26b8d | ITER: 7 START
2019-11-26 14:17:37.791 19802 RALLYDEBUG rally_openstack.wrappers.network [-] CIDR generated: 10.2.83.0/24
2019-11-26 14:17:37.866 19805 INFO rally.task.runner [-] Task 00ba39eb-45e0-4442-8ead-fb9035d26b8d | ITER: 4 END: OK
2019-11-26 14:17:37.871 19805 INFO rally.task.runner [-] Task 00ba39eb-45e0-4442-8ead-fb9035d26b8d | ITER: 8 START
2019-11-26 14:17:38.080 19803 RALLYDEBUG rally_openstack.wrappers.network [-] CIDR generated: 10.2.84.0/24
2019-11-26 14:17:38.166 19801 RALLYDEBUG rally_openstack.wrappers.network [-] CIDR generated: 10.2.85.0/24
2019-11-26 14:17:38.340 19805 RALLYDEBUG rally_openstack.wrappers.network [-] CIDR generated: 10.2.86.0/24
2019-11-26 14:17:38.857 19801 RALLYDEBUG rally_openstack.wrappers.network [-] CIDR generated: 10.2.87.0/24
2019-11-26 14:17:39.111 19803 RALLYDEBUG rally_openstack.wrappers.network [-] CIDR generated: 10.2.88.0/24
2019-11-26 14:17:39.159 19802 RALLYDEBUG rally_openstack.wrappers.network [-] CIDR generated: 10.2.89.0/24
2019-11-26 14:17:39.259 19805 RALLYDEBUG rally_openstack.wrappers.network [-] CIDR generated: 10.2.90.0/24
2019-11-26 14:17:43.729 19801 INFO rally.task.runner [-] Task 00ba39eb-45e0-4442-8ead-fb9035d26b8d | ITER: 6 END: OK
2019-11-26 14:17:43.733 19801 INFO rally.task.runner [-] Task 00ba39eb-45e0-4442-8ead-fb9035d26b8d | ITER: 9 START
2019-11-26 14:17:44.102 19805 INFO rally.task.runner [-] Task 00ba39eb-45e0-4442-8ead-fb9035d26b8d | ITER: 8 END: OK
2019-11-26 14:17:44.105 19805 INFO rally.task.runner [-] Task 00ba39eb-45e0-4442-8ead-fb9035d26b8d | ITER: 10 START
2019-11-26 14:17:44.118 19802 INFO rally.task.runner [-] Task 00ba39eb-45e0-4442-8ead-fb9035d26b8d | ITER: 5 END: OK
2019-11-26 14:17:44.419 19803 INFO rally.task.runner [-] Task 00ba39eb-45e0-4442-8ead-fb9035d26b8d | ITER: 7 END: OK
2019-11-26 14:17:44.526 19801 RALLYDEBUG rally_openstack.wrappers.network [-] CIDR generated: 10.2.91.0/24
2019-11-26 14:17:44.668 19805 RALLYDEBUG rally_openstack.wrappers.network [-] CIDR generated: 10.2.92.0/24
2019-11-26 14:17:45.117 19801 RALLYDEBUG rally_openstack.wrappers.network [-] CIDR generated: 10.2.93.0/24
2019-11-26 14:17:45.288 19805 RALLYDEBUG rally_openstack.wrappers.network [-] CIDR generated: 10.2.94.0/24
2019-11-26 14:17:49.575 19801 INFO rally.task.runner [-] Task 00ba39eb-45e0-4442-8ead-fb9035d26b8d | ITER: 9 END: OK
2019-11-26 14:17:50.210 19805 INFO rally.task.runner [-] Task 00ba39eb-45e0-4442-8ead-fb9035d26b8d | ITER: 10 END: OK
2019-11-26 14:17:50.244 13785 INFO rally.task.context [-] Task 00ba39eb-45e0-4442-8ead-fb9035d26b8d | Context cleanup@openstack cleanup() started
2019-11-26 14:17:50.248 13785 RALLYDEBUG rally_openstack.cleanup.manager [-] Cleaning up neutron vip objects
2019-11-26 14:17:51.309 13785 RALLYDEBUG rally_openstack.cleanup.manager [-] Cleaning up neutron health_monitor objects
2019-11-26 14:17:52.370 13785 RALLYDEBUG rally_openstack.cleanup.manager [-] Cleaning up neutron pool objects
2019-11-26 14:17:53.445 13785 RALLYDEBUG rally_openstack.cleanup.manager [-] Cleaning up neutron loadbalancer objects
2019-11-26 14:17:54.514 13785 RALLYDEBUG rally_openstack.cleanup.manager [-] Cleaning up neutron floatingip objects
2019-11-26 14:17:55.675 13785 RALLYDEBUG rally_openstack.cleanup.manager [-] Cleaning up neutron trunk objects
2019-11-26 14:17:56.784 13785 RALLYDEBUG rally_openstack.cleanup.manager [-] Cleaning up neutron port objects
2019-11-26 14:17:58.552 13785 RALLYDEBUG rally_openstack.cleanup.manager [-] Deleting neutron.port object s_rally_9b04a690_IouyrmHF (95ee6acf-82b2-448f-b7fa-8ed8629ad526)
2019-11-26 14:17:58.561 13785 RALLYDEBUG rally_openstack.cleanup.manager [-] Deleting neutron.port object s_rally_9b04a690_srU7lgjj (a280fb11-51f1-40b4-9b45-f54025886e8c)
2019-11-26 14:17:58.562 13785 RALLYDEBUG rally_openstack.cleanup.manager [-] Deleting neutron.port object s_rally_9b04a690_YfiKEZzq (8045de45-c2e0-4f14-8cb5-6cd3076b1127)
2019-11-26 14:17:58.579 13785 RALLYDEBUG rally_openstack.cleanup.manager [-] Deleting neutron.port object s_rally_9b04a690_sdfMD08n (b9c3eec2-8a14-4877-8b0f-9c04d0d65394)
2019-11-26 14:17:58.584 13785 RALLYDEBUG rally_openstack.cleanup.manager [-] Deleting neutron.port object s_rally_9b04a690_EdTjp0ou (ba7eda91-89ba-44d3-9d3b-e54112794f9a)
2019-11-26 14:17:58.594 13785 RALLYDEBUG rally_openstack.cleanup.manager [-] Deleting neutron.port object s_rally_9b04a690_n9uJXIG0 (d15f0760-70a3-4c68-92d1-c8deabb1f426)
2019-11-26 14:17:58.616 13785 RALLYDEBUG rally_openstack.cleanup.manager [-] Deleting neutron.port object s_rally_9b04a690_JSQ1fhPr (1597d3fb-dd8b-4741-a0b4-9362632d1276)
2019-11-26 14:17:58.629 13785 RALLYDEBUG rally_openstack.cleanup.manager [-] Deleting neutron.port object s_rally_9b04a690_1n1aZvII (1fd2f233-603f-4242-94dc-a7c72a502171)
2019-11-26 14:17:58.651 13785 RALLYDEBUG rally_openstack.cleanup.manager [-] Deleting neutron.port object s_rally_9b04a690_reEgEFWm (f9fdb7b8-a7e8-450d-be98-8aa86ecaad9d)
2019-11-26 14:17:58.658 13785 RALLYDEBUG rally_openstack.cleanup.manager [-] Deleting neutron.port object s_rally_9b04a690_zbOuU7F5 (34c3017f-ea95-4636-be23-302d260583ec)
2019-11-26 14:17:58.647 13785 RALLYDEBUG rally_openstack.cleanup.manager [-] Deleting neutron.port object s_rally_9b04a690_4iPjpfSG (c7725907-56b6-4882-a1e2-25753aa61cc2)
2019-11-26 14:17:58.678 13785 RALLYDEBUG rally_openstack.cleanup.manager [-] Deleting neutron.port object s_rally_9b04a690_p75kDTvJ (4fca534a-4704-4684-a496-53bc01fb6607)
2019-11-26 14:17:58.684 13785 RALLYDEBUG rally_openstack.cleanup.manager [-] Deleting neutron.port object s_rally_9b04a690_y3cFIzIF (71a2d21d-8a5e-479f-8caf-e6fdaf2a21b8)
2019-11-26 14:17:58.699 13785 RALLYDEBUG rally_openstack.cleanup.manager [-] Deleting neutron.port object s_rally_9b04a690_cZ8T9OEp (8231cdf5-66a9-42d3-8d22-1f2cf551d6b8)
2019-11-26 14:17:58.718 13785 RALLYDEBUG rally_openstack.cleanup.manager [-] Deleting neutron.port object s_rally_9b04a690_wzY9xO70 (82577b33-2c9a-4fa6-a403-2e2ee7832526)
2019-11-26 14:17:58.723 13785 RALLYDEBUG rally_openstack.cleanup.manager [-] Deleting neutron.port object s_rally_9b04a690_7J5YxZhO (91211aca-95b0-42c4-b14e-f46a624fd169)
2019-11-26 14:17:58.732 13785 RALLYDEBUG rally_openstack.cleanup.manager [-] Deleting neutron.port object s_rally_9b04a690_kXmkTWtA (af138af5-9d43-44fe-917f-ddbabc8ce9bb)
2019-11-26 14:17:58.757 13785 RALLYDEBUG rally_openstack.cleanup.manager [-] Deleting neutron.port object s_rally_9b04a690_DYpRpfTi (bafd56fc-c126-44a4-b9c8-518fd89e847e)
2019-11-26 14:17:58.766 13785 RALLYDEBUG rally_openstack.cleanup.manager [-] Deleting neutron.port object s_rally_9b04a690_KXcxSKqF (eca58250-a801-4c07-938d-f322a4db86ce)
2019-11-26 14:17:58.785 13785 RALLYDEBUG rally_openstack.cleanup.manager [-] Deleting neutron.port object s_rally_9b04a690_OxAYGozW (fa952ba0-721f-4e52-9cbe-4cc824900d76)
2019-11-26 14:18:04.822 13785 RALLYDEBUG rally_openstack.cleanup.manager [-] Cleaning up neutron subnet objects
2019-11-26 14:18:06.126 13785 RALLYDEBUG rally_openstack.cleanup.manager [-] Deleting neutron.subnet object s_rally_9b04a690_fCgnpafj (0309ccb0-9401-4b8e-af8a-d501a10cd767)
2019-11-26 14:18:06.136 13785 RALLYDEBUG rally_openstack.cleanup.manager [-] Deleting neutron.subnet object s_rally_9b04a690_q1seqqlz (24e0be87-9738-48bb-a8e5-660615cc77ea)
2019-11-26 14:18:06.139 13785 RALLYDEBUG rally_openstack.cleanup.manager [-] Deleting neutron.subnet object s_rally_9b04a690_ohC2rA6K (43b7e422-7172-475e-a443-48a6df01d1ad)
2019-11-26 14:18:06.148 13785 RALLYDEBUG rally_openstack.cleanup.manager [-] Deleting neutron.subnet object s_rally_9b04a690_McIGjhPD (4ab3b637-f32e-4559-8ac1-4d30d634b6f6)
2019-11-26 14:18:06.157 13785 RALLYDEBUG rally_openstack.cleanup.manager [-] Deleting neutron.subnet object s_rally_9b04a690_LDgJSwht (835bd8a8-770e-419a-b36c-e945838e1cc0)
2019-11-26 14:18:06.168 13785 RALLYDEBUG rally_openstack.cleanup.manager [-] Deleting neutron.subnet object s_rally_9b04a690_oFyqNqt0 (f58b0da1-22cb-4b2b-97e7-c02e3eea8641)
2019-11-26 14:18:06.177 13785 RALLYDEBUG rally_openstack.cleanup.manager [-] Deleting neutron.subnet object s_rally_9b04a690_xypiz2Dk (10637c95-ffea-4c01-b49f-a37d5ddfcd96)
2019-11-26 14:18:06.194 13785 RALLYDEBUG rally_openstack.cleanup.manager [-] Deleting neutron.subnet object s_rally_9b04a690_qxQFkgqe (2f39417b-dfc1-440d-a80d-bcef4e0cb74d)
2019-11-26 14:18:06.214 13785 RALLYDEBUG rally_openstack.cleanup.manager [-] Deleting neutron.subnet object s_rally_9b04a690_6rReMVMR (a268f708-7666-4636-8f9e-d21b833c7202)
2019-11-26 14:18:06.218 13785 RALLYDEBUG rally_openstack.cleanup.manager [-] Deleting neutron.subnet object s_rally_9b04a690_Dt8ov28u (e3ec4ec8-cc59-4c0e-82fb-f7dc886fead3)
2019-11-26 14:18:06.231 13785 RALLYDEBUG rally_openstack.cleanup.manager [-] Deleting neutron.subnet object s_rally_9b04a690_s3Sz0FBt (073a188a-d8cb-4841-b564-0697848af586)
2019-11-26 14:18:06.253 13785 RALLYDEBUG rally_openstack.cleanup.manager [-] Deleting neutron.subnet object s_rally_9b04a690_OIn2nbaD (28d3d2b1-3cff-4c8e-8a99-9b3ae3d2ea6d)
2019-11-26 14:18:06.281 13785 RALLYDEBUG rally_openstack.cleanup.manager [-] Deleting neutron.subnet object s_rally_9b04a690_3WFMOVFW (51182076-aa3c-431c-ab4b-e6461e531c4d)
2019-11-26 14:18:06.305 13785 RALLYDEBUG rally_openstack.cleanup.manager [-] Deleting neutron.subnet object s_rally_9b04a690_1QHeGuZu (643608a5-4399-4aeb-ba32-ddce32573b69)
2019-11-26 14:18:06.311 13785 RALLYDEBUG rally_openstack.cleanup.manager [-] Deleting neutron.subnet object s_rally_9b04a690_YuxAzSQc (726e2d5f-ffc3-40ce-ac4c-db72be6af823)
2019-11-26 14:18:06.318 13785 RALLYDEBUG rally_openstack.cleanup.manager [-] Deleting neutron.subnet object s_rally_9b04a690_md34Mh80 (7fc9c6b5-1a66-47ef-83f9-c08062fb8bcd)
2019-11-26 14:18:06.339 13785 RALLYDEBUG rally_openstack.cleanup.manager [-] Deleting neutron.subnet object s_rally_9b04a690_z7aRtzIf (a0402a66-0ced-4eea-bc3d-5304c2c97169)
2019-11-26 14:18:06.345 13785 RALLYDEBUG rally_openstack.cleanup.manager [-] Deleting neutron.subnet object s_rally_9b04a690_qwjG0AbY (b43fed79-b150-49e5-af83-c60af65e5b33)
2019-11-26 14:18:06.353 13785 RALLYDEBUG rally_openstack.cleanup.manager [-] Deleting neutron.subnet object s_rally_9b04a690_47Cpv3zL (e0231443-7f75-447e-8fc2-b57b65a823bc)
2019-11-26 14:18:06.366 13785 RALLYDEBUG rally_openstack.cleanup.manager [-] Deleting neutron.subnet object s_rally_9b04a690_Nfwl0yVg (f4ba918d-d72c-4d7d-ac22-3dbb084a9ef2)
2019-11-26 14:18:12.318 13785 RALLYDEBUG rally_openstack.cleanup.manager [-] Cleaning up neutron network objects
2019-11-26 14:18:13.634 13785 RALLYDEBUG rally_openstack.cleanup.manager [-] Deleting neutron.network object s_rally_9b04a690_fW46dyDQ (5a4bcefe-6110-458a-ae47-9ec8c8020a77)
2019-11-26 14:18:13.644 13785 RALLYDEBUG rally_openstack.cleanup.manager [-] Deleting neutron.network object s_rally_9b04a690_P3nVAgL1 (859888ff-b4ce-4c53-a2bb-46a551d119ef)
2019-11-26 14:18:13.653 13785 RALLYDEBUG rally_openstack.cleanup.manager [-] Deleting neutron.network object s_rally_9b04a690_EatiE4OG (dc8f384e-0975-4c87-8fd5-ee28f8d96dfe)
2019-11-26 14:18:13.657 13785 RALLYDEBUG rally_openstack.cleanup.manager [-] Deleting neutron.network object s_rally_9b04a690_7H1XGvLY (5c45c47f-9dfc-4e75-9612-18b229b8356e)
2019-11-26 14:18:13.677 13785 RALLYDEBUG rally_openstack.cleanup.manager [-] Deleting neutron.network object s_rally_9b04a690_eQPxg37Q (b85c4851-6270-46c9-b833-b6b7b825a817)
2019-11-26 14:18:13.681 13785 RALLYDEBUG rally_openstack.cleanup.manager [-] Deleting neutron.network object s_rally_9b04a690_rxdo2eLq (0c2b5825-a54a-4fbb-8c40-a4250d9bd784)
2019-11-26 14:18:13.693 13785 RALLYDEBUG rally_openstack.cleanup.manager [-] Deleting neutron.network object s_rally_9b04a690_LonEOjXp (1d625c90-ad15-4cb8-9de2-290fdf9b24ab)
2019-11-26 14:18:13.710 13785 RALLYDEBUG rally_openstack.cleanup.manager [-] Deleting neutron.network object s_rally_9b04a690_PnxqktO2 (25d88a6a-2938-40bf-a6d8-807bb8a33e66)
2019-11-26 14:18:13.719 13785 RALLYDEBUG rally_openstack.cleanup.manager [-] Deleting neutron.network object s_rally_9b04a690_23qS1Qij (48d3d4ae-0fb0-46cd-a6e1-fb62cb4ff684)
2019-11-26 14:18:13.729 13785 RALLYDEBUG rally_openstack.cleanup.manager [-] Deleting neutron.network object s_rally_9b04a690_jJ9ePzJH (79be5800-fdea-4cc9-a5d2-e17e1b663b1a)
2019-11-26 14:18:16.900 13785 RALLYDEBUG rally_openstack.cleanup.manager [-] Cleaning up neutron router objects
2019-11-26 14:18:18.359 13785 RALLYDEBUG rally_openstack.cleanup.manager [-] Deleting neutron.router object s_rally_9b04a690_sdfMD08n (074b0f77-bd98-49fb-a227-589909289292)
2019-11-26 14:18:18.368 13785 RALLYDEBUG rally_openstack.cleanup.manager [-] Deleting neutron.router object s_rally_9b04a690_EdTjp0ou (10929e32-6147-47e3-be65-4a16ccf78065)
2019-11-26 14:18:18.377 13785 RALLYDEBUG rally_openstack.cleanup.manager [-] Deleting neutron.router object s_rally_9b04a690_srU7lgjj (169d7776-ef3b-47eb-965d-fb4411afbe92)
2019-11-26 14:18:18.381 13785 RALLYDEBUG rally_openstack.cleanup.manager [-] Deleting neutron.router object s_rally_9b04a690_n9uJXIG0 (565e91a6-06e0-46bc-b550-53a0652dc846)
2019-11-26 14:18:18.391 13785 RALLYDEBUG rally_openstack.cleanup.manager [-] Deleting neutron.router object s_rally_9b04a690_IouyrmHF (79b2ae8c-2b0f-45fd-a235-9610c8ac037f)
2019-11-26 14:18:18.399 13785 RALLYDEBUG rally_openstack.cleanup.manager [-] Deleting neutron.router object s_rally_9b04a690_YfiKEZzq (a6308c20-d189-4290-8a0c-db24d3056c44)
2019-11-26 14:18:18.428 13785 RALLYDEBUG rally_openstack.cleanup.manager [-] Deleting neutron.router object s_rally_9b04a690_reEgEFWm (1c4e73d1-8268-4d6b-bae0-38a32e1a9526)
2019-11-26 14:18:18.438 13785 RALLYDEBUG rally_openstack.cleanup.manager [-] Deleting neutron.router object s_rally_9b04a690_4iPjpfSG (3b6ddd1a-6788-4e2f-9ce4-583f2e674f50)
2019-11-26 14:18:18.447 13785 RALLYDEBUG rally_openstack.cleanup.manager [-] Deleting neutron.router object s_rally_9b04a690_1n1aZvII (4b53241d-b867-49cf-8bb2-ab1d87a4342d)
2019-11-26 14:18:18.472 13785 RALLYDEBUG rally_openstack.cleanup.manager [-] Deleting neutron.router object s_rally_9b04a690_JSQ1fhPr (e854f34b-3946-454c-9ef2-ae0ad195cdce)
2019-11-26 14:18:18.492 13785 RALLYDEBUG rally_openstack.cleanup.manager [-] Deleting neutron.router object s_rally_9b04a690_zbOuU7F5 (0f1805bd-0436-411f-a00a-0357224aa564)
2019-11-26 14:18:18.497 13785 RALLYDEBUG rally_openstack.cleanup.manager [-] Deleting neutron.router object s_rally_9b04a690_p75kDTvJ (24470c76-9f75-4777-b6a5-a8ce479b1753)
2019-11-26 14:18:18.507 13785 RALLYDEBUG rally_openstack.cleanup.manager [-] Deleting neutron.router object s_rally_9b04a690_cZ8T9OEp (43f76cb9-ba35-45d4-886c-21c38a26ba5a)
2019-11-26 14:18:18.522 13785 RALLYDEBUG rally_openstack.cleanup.manager [-] Deleting neutron.router object s_rally_9b04a690_OxAYGozW (6055833c-b0e9-4e28-bb18-48735a853723)
2019-11-26 14:18:18.536 13785 RALLYDEBUG rally_openstack.cleanup.manager [-] Deleting neutron.router object s_rally_9b04a690_7J5YxZhO (6df07b1d-72d7-4e13-b2b4-b65328de5313)
2019-11-26 14:18:18.552 13785 RALLYDEBUG rally_openstack.cleanup.manager [-] Deleting neutron.router object s_rally_9b04a690_kXmkTWtA (85a136a7-d43f-45af-9750-a1f37ff7bd16)
2019-11-26 14:18:18.562 13785 RALLYDEBUG rally_openstack.cleanup.manager [-] Deleting neutron.router object s_rally_9b04a690_DYpRpfTi (9baeffd6-9a0d-4738-b80a-e02eac60bdcd)
2019-11-26 14:18:18.566 13785 RALLYDEBUG rally_openstack.cleanup.manager [-] Deleting neutron.router object s_rally_9b04a690_KXcxSKqF (c62486a7-9b57-4d55-9771-5e7fea7318f6)
2019-11-26 14:18:18.581 13785 RALLYDEBUG rally_openstack.cleanup.manager [-] Deleting neutron.router object s_rally_9b04a690_y3cFIzIF (dff9466b-1324-429f-b625-c96607fb0db4)
2019-11-26 14:18:18.584 13785 RALLYDEBUG rally_openstack.cleanup.manager [-] Deleting neutron.router object s_rally_9b04a690_wzY9xO70 (fcd4ddcb-6f7e-4b67-84d9-5bdd675ce43e)
2019-11-26 14:18:21.216 13785 RALLYDEBUG rally_openstack.cleanup.manager [-] Cleaning up neutron security_group objects
2019-11-26 14:18:22.453 13785 INFO rally.task.context [-] Task 00ba39eb-45e0-4442-8ead-fb9035d26b8d | Context cleanup@openstack cleanup() finished in 32.21 sec
2019-11-26 14:18:22.453 13785 INFO rally.task.context [-] Task 00ba39eb-45e0-4442-8ead-fb9035d26b8d | Context quotas@openstack cleanup() started
2019-11-26 14:18:22.658 13785 INFO rally.task.context [-] Task 00ba39eb-45e0-4442-8ead-fb9035d26b8d | Context quotas@openstack cleanup() finished in 0.20 sec
2019-11-26 14:18:22.658 13785 INFO rally.task.context [-] Task 00ba39eb-45e0-4442-8ead-fb9035d26b8d | Context users@openstack cleanup() started
2019-11-26 14:18:26.726 13785 INFO rally.task.context [-] Task 00ba39eb-45e0-4442-8ead-fb9035d26b8d | Context users@openstack cleanup() finished in 4.07 sec
2019-11-26 14:18:27.428 13785 INFO rally.task.engine [-] Load duration is: 19.467366
2019-11-26 14:18:27.428 13785 INFO rally.task.engine [-] Full runner duration is: 19.522506
2019-11-26 14:18:27.428 13785 INFO rally.task.engine [-] Full duration is: 59.585042
2019-11-26 14:18:27.758 13785 INFO rally.task.engine [-] Running workload: position = 0 config = { "version": 2, "title": "A cropped version of a bigger task.", "description": "Auto-generated task from a single workload (uuid=894fa67a-681e-4d27-af24-36fad4ed741a)", "subtasks": [ { "title": "NeutronNetworks.create_and_show_subnets", "description": "Create and show a subnet details.", "scenario": { "NeutronNetworks.create_and_show_subnets": { "subnets_per_network": 2 } }, "contexts": { "users": { "tenants": 3, "users_per_tenant": 2 }, "network": { "router": {} }, "quotas": { "neutron": { "network": -1, "subnet": -1 } } }, "runner": { "constant": { "concurrency": 4, "times": 10 } }, "hooks": [], "sla": { "failure_rate": { "max": 0 } } } ] }
2019-11-26 14:18:27.784 13785 RALLYDEBUG rally_openstack.contexts.keystone.users [-] Creating 3 tenants using 20 threads
2019-11-26 14:18:28.830 13785 RALLYDEBUG rally_openstack.contexts.keystone.users [-] Creating 6 users using 20 threads
2019-11-26 14:18:30.322 13785 INFO rally.task.context [-] Task 00ba39eb-45e0-4442-8ead-fb9035d26b8d | Context users@openstack setup() finished in 2.54 sec
2019-11-26 14:18:31.130 13785 INFO rally.task.context [-] Task 00ba39eb-45e0-4442-8ead-fb9035d26b8d | Context quotas@openstack setup() finished in 0.81 sec
2019-11-26 14:18:31.733 13785 RALLYDEBUG rally_openstack.wrappers.network [-] CIDR generated: 10.2.95.0/24
2019-11-26 14:18:32.953 13785 RALLYDEBUG rally_openstack.wrappers.network [-] CIDR generated: 10.2.96.0/24
2019-11-26 14:18:34.273 13785 RALLYDEBUG rally_openstack.wrappers.network [-] CIDR generated: 10.2.97.0/24
2019-11-26 14:18:34.781 13785 INFO rally.task.context [-] Task 00ba39eb-45e0-4442-8ead-fb9035d26b8d | Context network@openstack setup() finished in 3.65 sec
2019-11-26 14:18:34.782 13785 INFO rally.task.context [-] Task 00ba39eb-45e0-4442-8ead-fb9035d26b8d | Context cleanup@openstack setup() finished in 0.01 msec
2019-11-26 14:18:34.791 13785 RALLYDEBUG rally.task.runner [-] Starting the constant runner (task UUID: 00ba39eb-45e0-4442-8ead-fb9035d26b8d). times: 10 concurrency: 4 timeout: 0 max_cpu_used: 16 processes_to_start: 4 concurrency_per_worker: 1 concurrency_overhead: 0
2019-11-26 14:18:34.802 20125 RALLYDEBUG rally.task.runner [-] Starting a worker. times: 10 duration: None concurrency: 1 timeout: 0 cls: method_name: run args: {"subnets_per_network": 2}
2019-11-26 14:18:34.805 20126 RALLYDEBUG rally.task.runner [-] Starting a worker. times: 10 duration: None concurrency: 1 timeout: 0 cls: method_name: run args: {"subnets_per_network": 2}
2019-11-26 14:18:34.809 20125 INFO rally.task.runner [-] Task 00ba39eb-45e0-4442-8ead-fb9035d26b8d | ITER: 1 START
2019-11-26 14:18:34.809 20127 RALLYDEBUG rally.task.runner [-] Starting a worker. times: 10 duration: None concurrency: 1 timeout: 0 cls: method_name: run args: {"subnets_per_network": 2}
2019-11-26 14:18:34.812 20125 RALLYDEBUG rally_openstack.wrappers.network [-] CIDR generated: 10.2.98.0/24
2019-11-26 14:18:34.812 20126 INFO rally.task.runner [-] Task 00ba39eb-45e0-4442-8ead-fb9035d26b8d | ITER: 2 START
2019-11-26 14:18:34.812 20129 RALLYDEBUG rally.task.runner [-] Starting a worker. times: 10 duration: None concurrency: 1 timeout: 0 cls: method_name: run args: {"subnets_per_network": 2}
2019-11-26 14:18:34.815 20126 RALLYDEBUG rally_openstack.wrappers.network [-] CIDR generated: 10.2.99.0/24
2019-11-26 14:18:34.816 20127 INFO rally.task.runner [-] Task 00ba39eb-45e0-4442-8ead-fb9035d26b8d | ITER: 3 START
2019-11-26 14:18:34.818 20127 RALLYDEBUG rally_openstack.wrappers.network [-] CIDR generated: 10.2.100.0/24
2019-11-26 14:18:34.819 20129 INFO rally.task.runner [-] Task 00ba39eb-45e0-4442-8ead-fb9035d26b8d | ITER: 4 START
2019-11-26 14:18:34.822 20129 RALLYDEBUG rally_openstack.wrappers.network [-] CIDR generated: 10.2.101.0/24
2019-11-26 14:18:35.798 20127 RALLYDEBUG rally_openstack.wrappers.network [-] CIDR generated: 10.2.102.0/24
2019-11-26 14:18:35.834 20125 RALLYDEBUG rally_openstack.wrappers.network [-] CIDR generated: 10.2.103.0/24
2019-11-26 14:18:36.448 20126 RALLYDEBUG rally_openstack.wrappers.network [-] CIDR generated: 10.2.104.0/24
2019-11-26 14:18:36.455 20129 RALLYDEBUG rally_openstack.wrappers.network [-] CIDR generated: 10.2.105.0/24
2019-11-26 14:18:36.591 20125 INFO rally.task.runner [-] Task 00ba39eb-45e0-4442-8ead-fb9035d26b8d | ITER: 1 END: OK
2019-11-26 14:18:36.597 20125 INFO rally.task.runner [-] Task 00ba39eb-45e0-4442-8ead-fb9035d26b8d | ITER: 5 START
2019-11-26 14:18:36.598 20125 RALLYDEBUG rally_openstack.wrappers.network [-] CIDR generated: 10.2.106.0/24
