2019-11-26 13:56:02.396 10108 RALLYDEBUG rally.task.runner [-] Starting a worker. times: 10 duration: None concurrency: 1 timeout: 0 cls: method_name: run args: {"template_path": "heat_template_version: 2014-10-16\n\ndescription: Test template for rally create-update-delete scenario\n\nresources:\n test_string_one:\n type: OS::Heat::RandomString\n properties:\n length: 20\n test_string_two:\n type: OS::Heat::RandomString\n properties:\n length: 20", "updated_template_path": "heat_template_version: 2014-10-16\n\ndescription: >\n Test template for create-update-delete-stack scenario in rally.\n The template updates the stack defined by random_strings.yaml.template with additional resource.\n\nresources:\n test_string_one:\n type: OS::Heat::RandomString\n properties:\n length: 20\n test_string_two:\n type: OS::Heat::RandomString\n properties:\n length: 20\n test_string_three:\n type: OS::Heat::RandomString\n properties:\n length: 20"}
2019-11-26 13:56:02.401 10108 INFO rally.task.runner [-] Task 1b23e3e8-d1c9-4c11-837e-447c0e99147c | ITER: 2 START
2019-11-26 13:56:02.401 10107 INFO rally.task.runner [-] Task 1b23e3e8-d1c9-4c11-837e-447c0e99147c | ITER: 1 START
2019-11-26 13:56:02.401 10109 RALLYDEBUG rally.task.runner [-] Starting a worker. times: 10 duration: None concurrency: 1 timeout: 0 cls: method_name: run args: {"template_path": "heat_template_version: 2014-10-16\n\ndescription: Test template for rally create-update-delete scenario\n\nresources:\n test_string_one:\n type: OS::Heat::RandomString\n properties:\n length: 20\n test_string_two:\n type: OS::Heat::RandomString\n properties:\n length: 20", "updated_template_path": "heat_template_version: 2014-10-16\n\ndescription: >\n Test template for create-update-delete-stack scenario in rally.\n The template updates the stack defined by random_strings.yaml.template with additional resource.\n\nresources:\n test_string_one:\n type: OS::Heat::RandomString\n properties:\n length: 20\n test_string_two:\n type: OS::Heat::RandomString\n properties:\n length: 20\n test_string_three:\n type: OS::Heat::RandomString\n properties:\n length: 20"}
2019-11-26 13:56:02.404 10110 RALLYDEBUG rally.task.runner [-] Starting a worker. times: 10 duration: None concurrency: 1 timeout: 0 cls: method_name: run args: {"template_path": "heat_template_version: 2014-10-16\n\ndescription: Test template for rally create-update-delete scenario\n\nresources:\n test_string_one:\n type: OS::Heat::RandomString\n properties:\n length: 20\n test_string_two:\n type: OS::Heat::RandomString\n properties:\n length: 20", "updated_template_path": "heat_template_version: 2014-10-16\n\ndescription: >\n Test template for create-update-delete-stack scenario in rally.\n The template updates the stack defined by random_strings.yaml.template with additional resource.\n\nresources:\n test_string_one:\n type: OS::Heat::RandomString\n properties:\n length: 20\n test_string_two:\n type: OS::Heat::RandomString\n properties:\n length: 20\n test_string_three:\n type: OS::Heat::RandomString\n properties:\n length: 20"}
2019-11-26 13:56:02.408 10109 INFO rally.task.runner [-] Task 1b23e3e8-d1c9-4c11-837e-447c0e99147c | ITER: 3 START
2019-11-26 13:56:02.411 10110 INFO rally.task.runner [-] Task 1b23e3e8-d1c9-4c11-837e-447c0e99147c | ITER: 4 START
2019-11-26 13:56:05.871 10107 RALLYDEBUG rally.task.utils [-] Waiting for resource . Status changed: CREATE_IN_PROGRESS => CREATE_COMPLETE in 0.0758059024810791
2019-11-26 13:56:05.880 10110 RALLYDEBUG rally.task.utils [-] Waiting for resource . Status changed: CREATE_IN_PROGRESS => CREATE_COMPLETE in 0.07202029228210449
2019-11-26 13:56:05.926 10108 RALLYDEBUG rally.task.utils [-] Waiting for resource . Status changed: CREATE_IN_PROGRESS => CREATE_COMPLETE in 0.06793498992919922
2019-11-26 13:56:06.055 10109 RALLYDEBUG rally.task.utils [-] Waiting for resource . Status changed: CREATE_IN_PROGRESS => CREATE_COMPLETE in 0.06168007850646973
2019-11-26 13:56:08.057 10107 RALLYDEBUG rally.task.utils [-] Waiting for resource . Status changed: CREATE_COMPLETE => UPDATE_IN_PROGRESS in 0.07453203201293945
2019-11-26 13:56:08.058 10110 RALLYDEBUG rally.task.utils [-] Waiting for resource . Status changed: CREATE_COMPLETE => UPDATE_IN_PROGRESS in 0.07243871688842773
2019-11-26 13:56:08.100 10108 RALLYDEBUG rally.task.utils [-] Waiting for resource . Status changed: CREATE_COMPLETE => UPDATE_IN_PROGRESS in 0.06494879722595215
2019-11-26 13:56:08.214 10109 RALLYDEBUG rally.task.utils [-] Waiting for resource . Status changed: CREATE_COMPLETE => UPDATE_IN_PROGRESS in 0.06244206428527832
2019-11-26 13:56:09.144 10107 RALLYDEBUG rally.task.utils [-] Waiting for resource . Status changed: UPDATE_IN_PROGRESS => UPDATE_COMPLETE in 1.0871694087982178
2019-11-26 13:56:09.145 10110 RALLYDEBUG rally.task.utils [-] Waiting for resource . Status changed: UPDATE_IN_PROGRESS => UPDATE_COMPLETE in 1.0870342254638672
2019-11-26 13:56:09.177 10108 RALLYDEBUG rally.task.utils [-] Waiting for resource . Status changed: UPDATE_IN_PROGRESS => UPDATE_COMPLETE in 1.0771427154541016
2019-11-26 13:56:09.276 10110 RALLYDEBUG rally.task.utils [-] Waiting for resource . Status changed: CREATE_COMPLETE => DELETE_IN_PROGRESS in 0.06250238418579102
2019-11-26 13:56:09.276 10107 RALLYDEBUG rally.task.utils [-] Waiting for resource . Status changed: CREATE_COMPLETE => DELETE_IN_PROGRESS in 0.06221652030944824
2019-11-26 13:56:09.279 10109 RALLYDEBUG rally.task.utils [-] Waiting for resource . Status changed: UPDATE_IN_PROGRESS => UPDATE_COMPLETE in 1.0654902458190918
2019-11-26 13:56:09.328 10108 RALLYDEBUG rally.task.utils [-] Waiting for resource . Status changed: CREATE_COMPLETE => DELETE_IN_PROGRESS in 0.05059194564819336
2019-11-26 13:56:09.393 10109 RALLYDEBUG rally.task.utils [-] Waiting for resource . Status changed: CREATE_COMPLETE => DELETE_IN_PROGRESS in 0.05131793022155762
2019-11-26 13:56:11.403 10110 INFO rally.task.runner [-] Task 1b23e3e8-d1c9-4c11-837e-447c0e99147c | ITER: 4 END: OK
2019-11-26 13:56:11.407 10110 INFO rally.task.runner [-] Task 1b23e3e8-d1c9-4c11-837e-447c0e99147c | ITER: 5 START
2019-11-26 13:56:11.409 10107 INFO rally.task.runner [-] Task 1b23e3e8-d1c9-4c11-837e-447c0e99147c | ITER: 1 END: OK
2019-11-26 13:56:11.415 10107 INFO rally.task.runner [-] Task 1b23e3e8-d1c9-4c11-837e-447c0e99147c | ITER: 6 START
2019-11-26 13:56:11.461 10108 INFO rally.task.runner [-] Task 1b23e3e8-d1c9-4c11-837e-447c0e99147c | ITER: 2 END: OK
2019-11-26 13:56:11.466 10108 INFO rally.task.runner [-] Task 1b23e3e8-d1c9-4c11-837e-447c0e99147c | ITER: 7 START
2019-11-26 13:56:11.511 10109 INFO rally.task.runner [-] Task 1b23e3e8-d1c9-4c11-837e-447c0e99147c | ITER: 3 END: OK
2019-11-26 13:56:11.516 10109 INFO rally.task.runner [-] Task 1b23e3e8-d1c9-4c11-837e-447c0e99147c | ITER: 8 START
2019-11-26 13:56:14.853 10107 RALLYDEBUG rally.task.utils [-] Waiting for resource . Status changed: CREATE_IN_PROGRESS => CREATE_COMPLETE in 0.06553506851196289
2019-11-26 13:56:14.859 10109 RALLYDEBUG rally.task.utils [-] Waiting for resource . Status changed: CREATE_IN_PROGRESS => CREATE_COMPLETE in 0.06615304946899414
2019-11-26 13:56:14.878 10108 RALLYDEBUG rally.task.utils [-] Waiting for resource . Status changed: CREATE_IN_PROGRESS => CREATE_COMPLETE in 0.0712134838104248
2019-11-26 13:56:15.111 10110 RALLYDEBUG rally.task.utils [-] Waiting for resource . Status changed: CREATE_IN_PROGRESS => CREATE_COMPLETE in 0.0644536018371582
2019-11-26 13:56:17.053 10107 RALLYDEBUG rally.task.utils [-] Waiting for resource . Status changed: CREATE_COMPLETE => UPDATE_IN_PROGRESS in 0.08315587043762207
2019-11-26 13:56:17.059 10108 RALLYDEBUG rally.task.utils [-] Waiting for resource . Status changed: CREATE_COMPLETE => UPDATE_IN_PROGRESS in 0.08117485046386719
2019-11-26 13:56:17.063 10109 RALLYDEBUG rally.task.utils [-] Waiting for resource . Status changed: CREATE_COMPLETE => UPDATE_IN_PROGRESS in 0.09351682662963867
2019-11-26 13:56:17.314 10110 RALLYDEBUG rally.task.utils [-] Waiting for resource . Status changed: CREATE_COMPLETE => UPDATE_IN_PROGRESS in 0.0851430892944336
2019-11-26 13:56:18.128 10107 RALLYDEBUG rally.task.utils [-] Waiting for resource . Status changed: UPDATE_IN_PROGRESS => UPDATE_COMPLETE in 1.0748364925384521
2019-11-26 13:56:18.132 10108 RALLYDEBUG rally.task.utils [-] Waiting for resource . Status changed: UPDATE_IN_PROGRESS => UPDATE_COMPLETE in 1.07289719581604
2019-11-26 13:56:18.136 10109 RALLYDEBUG rally.task.utils [-] Waiting for resource . Status changed: UPDATE_IN_PROGRESS => UPDATE_COMPLETE in 1.0729355812072754
2019-11-26 13:56:18.253 10107 RALLYDEBUG rally.task.utils [-] Waiting for resource . Status changed: CREATE_COMPLETE => DELETE_IN_PROGRESS in 0.05511116981506348
2019-11-26 13:56:18.265 10108 RALLYDEBUG rally.task.utils [-] Waiting for resource . Status changed: CREATE_COMPLETE => DELETE_IN_PROGRESS in 0.06579184532165527
2019-11-26 13:56:18.272 10109 RALLYDEBUG rally.task.utils [-] Waiting for resource . Status changed: CREATE_COMPLETE => DELETE_IN_PROGRESS in 0.06835699081420898
2019-11-26 13:56:18.384 10110 RALLYDEBUG rally.task.utils [-] Waiting for resource . Status changed: UPDATE_IN_PROGRESS => UPDATE_COMPLETE in 1.069730520248413
2019-11-26 13:56:18.508 10110 RALLYDEBUG rally.task.utils [-] Waiting for resource . Status changed: CREATE_COMPLETE => DELETE_IN_PROGRESS in 0.055655479431152344
2019-11-26 13:56:20.371 10107 INFO rally.task.runner [-] Task 1b23e3e8-d1c9-4c11-837e-447c0e99147c | ITER: 6 END: OK
2019-11-26 13:56:20.376 10107 INFO rally.task.runner [-] Task 1b23e3e8-d1c9-4c11-837e-447c0e99147c | ITER: 9 START
2019-11-26 13:56:20.397 10108 INFO rally.task.runner [-] Task 1b23e3e8-d1c9-4c11-837e-447c0e99147c | ITER: 7 END: OK
2019-11-26 13:56:20.397 10109 INFO rally.task.runner [-] Task 1b23e3e8-d1c9-4c11-837e-447c0e99147c | ITER: 8 END: OK
2019-11-26 13:56:20.401 10108 INFO rally.task.runner [-] Task 1b23e3e8-d1c9-4c11-837e-447c0e99147c | ITER: 10 START
2019-11-26 13:56:20.622 10110 INFO rally.task.runner [-] Task 1b23e3e8-d1c9-4c11-837e-447c0e99147c | ITER: 5 END: OK
2019-11-26 13:56:23.895 10107 RALLYDEBUG rally.task.utils [-] Waiting for resource . Status changed: CREATE_IN_PROGRESS => CREATE_COMPLETE in 0.07395100593566895
2019-11-26 13:56:23.904 10108 RALLYDEBUG rally.task.utils [-] Waiting for resource . Status changed: CREATE_IN_PROGRESS => CREATE_COMPLETE in 0.08679628372192383
2019-11-26 13:56:26.093 10107 RALLYDEBUG rally.task.utils [-] Waiting for resource . Status changed: CREATE_COMPLETE => UPDATE_IN_PROGRESS in 0.0769503116607666
2019-11-26 13:56:26.096 10108 RALLYDEBUG rally.task.utils [-] Waiting for resource . Status changed: CREATE_COMPLETE => UPDATE_IN_PROGRESS in 0.06963968276977539
2019-11-26 13:56:27.169 10107 RALLYDEBUG rally.task.utils [-] Waiting for resource . Status changed: UPDATE_IN_PROGRESS => UPDATE_COMPLETE in 1.0756607055664062
2019-11-26 13:56:27.169 10108 RALLYDEBUG rally.task.utils [-] Waiting for resource . Status changed: UPDATE_IN_PROGRESS => UPDATE_COMPLETE in 1.072479248046875
2019-11-26 13:56:27.329 10108 RALLYDEBUG rally.task.utils [-] Waiting for resource . Status changed: CREATE_COMPLETE => DELETE_IN_PROGRESS in 0.06018829345703125
2019-11-26 13:56:27.337 10107 RALLYDEBUG rally.task.utils [-] Waiting for resource . Status changed: CREATE_COMPLETE => DELETE_IN_PROGRESS in 0.06818723678588867
2019-11-26 13:56:29.451 10108 INFO rally.task.runner [-] Task 1b23e3e8-d1c9-4c11-837e-447c0e99147c | ITER: 10 END: OK
2019-11-26 13:56:29.453 10107 INFO rally.task.runner [-] Task 1b23e3e8-d1c9-4c11-837e-447c0e99147c | ITER: 9 END: OK
2019-11-26 13:56:29.485 8497 INFO rally.task.context [-] Task 1b23e3e8-d1c9-4c11-837e-447c0e99147c | Context cleanup@openstack cleanup() started
2019-11-26 13:56:29.489 8497 RALLYDEBUG rally_openstack.cleanup.manager [-] Cleaning up heat stacks objects
2019-11-26 13:56:31.026 8497 RALLYDEBUG rally_openstack.cleanup.manager [-] Deleting heat.stacks object s_rally_b5a5841d_gdD0MCqM (b9da348c-8763-42fa-8e8a-e61107d7f6ac)
2019-11-26 13:56:31.708 8497 ERROR rally_openstack.cleanup.manager [-] Resource deletion failed, max retries exceeded for heat.stacks: b9da348c-8763-42fa-8e8a-e61107d7f6ac.: heatclient.exc.HTTPNotFound: ERROR: The Stack (s_rally_b5a5841d_gdD0MCqM) could not be found.
2019-11-26 13:56:31.708 8497 ERROR rally_openstack.cleanup.manager
Traceback (most recent call last):
2019-11-26 13:56:31.708 8497 ERROR rally_openstack.cleanup.manager
File "/usr/lib/python3.6/site-packages/rally_openstack/cleanup/manager.py", line 85, in _delete_single_resource
2019-11-26 13:56:31.708 8497 ERROR rally_openstack.cleanup.manager rutils.retry(resource._max_attempts, resource.delete)
2019-11-26 13:56:31.708 8497 ERROR rally_openstack.cleanup.manager
File "/usr/lib/python3.6/site-packages/rally/common/utils.py", line 230, in retry
2019-11-26 13:56:31.708 8497 ERROR rally_openstack.cleanup.manager return func(*args, **kwargs)
2019-11-26 13:56:31.708 8497 ERROR rally_openstack.cleanup.manager
File "/usr/lib/python3.6/site-packages/rally_openstack/cleanup/base.py", line 129, in delete
2019-11-26 13:56:31.708 8497 ERROR rally_openstack.cleanup.manager self._manager().delete(self.id())
2019-11-26 13:56:31.708 8497 ERROR rally_openstack.cleanup.manager
File "/usr/lib/python3.6/site-packages/heatclient/v1/stacks.py", line 201, in delete
2019-11-26 13:56:31.708 8497 ERROR rally_openstack.cleanup.manager self._delete("/stacks/%s" % stack_id)
2019-11-26 13:56:31.708 8497 ERROR rally_openstack.cleanup.manager
File "/usr/lib/python3.6/site-packages/heatclient/common/base.py", line 207, in _delete
2019-11-26 13:56:31.708 8497 ERROR rally_openstack.cleanup.manager return self.client.delete(url)
2019-11-26 13:56:31.708 8497 ERROR rally_openstack.cleanup.manager
File "/usr/lib/python3.6/site-packages/keystoneauth1/adapter.py", line 390, in delete
2019-11-26 13:56:31.708 8497 ERROR rally_openstack.cleanup.manager return self.request(url, 'DELETE', **kwargs)
2019-11-26 13:56:31.708 8497 ERROR rally_openstack.cleanup.manager
File "/usr/lib/python3.6/site-packages/heatclient/common/http.py", line 320, in request
2019-11-26 13:56:31.708 8497 ERROR rally_openstack.cleanup.manager raise exc.from_response(resp)
2019-11-26 13:56:31.708 8497 ERROR rally_openstack.cleanup.manager heatclient.exc.HTTPNotFound: ERROR: The Stack (s_rally_b5a5841d_gdD0MCqM) could not be found.
2019-11-26 13:56:31.708 8497 ERROR rally_openstack.cleanup.manager
2019-11-26 13:56:31.715 8497 INFO rally.task.context [-] Task 1b23e3e8-d1c9-4c11-837e-447c0e99147c | Context cleanup@openstack cleanup() finished in 2.23 sec
2019-11-26 13:56:31.716 8497 INFO rally.task.context [-] Task 1b23e3e8-d1c9-4c11-837e-447c0e99147c | Context roles@openstack cleanup() started
2019-11-26 13:56:31.716 8497 RALLYDEBUG rally_openstack.contexts.keystone.roles [-] Removing assigned role 8124ecee8b204e63850653583a5602b5 from all users
2019-11-26 13:56:32.715 8497 INFO rally.task.context [-] Task 1b23e3e8-d1c9-4c11-837e-447c0e99147c | Context roles@openstack cleanup() finished in 1.00 sec
2019-11-26 13:56:32.716 8497 INFO rally.task.context [-] Task 1b23e3e8-d1c9-4c11-837e-447c0e99147c | Context users@openstack cleanup() started
2019-11-26 13:56:37.670 8497 INFO rally.task.context [-] Task 1b23e3e8-d1c9-4c11-837e-447c0e99147c | Context users@openstack cleanup() finished in 4.95 sec
2019-11-26 13:56:37.907 8497 INFO rally.task.engine [-] Load duration is: 23.050414
2019-11-26 13:56:37.907 8497 INFO rally.task.engine [-] Full runner duration is: 27.103827
2019-11-26 13:56:37.908 8497 INFO rally.task.engine [-] Full duration is: 44.025376
2019-11-26 13:56:38.101 8497 INFO rally.task.engine [-] Running workload: position = 1 config = { "version": 2, "title": "A cropped version of a bigger task.", "description": "Auto-generated task from a single workload (uuid=d23cfb1f-d35f-4b89-98d3-02c8683c442d)", "subtasks": [ { "title": "HeatStacks.create_update_delete_stack", "description": "Create, update and then delete a stack.", "scenario": { "HeatStacks.create_update_delete_stack": { "template_path": "/usr/lib/python3.6/site-packages/functest/opnfv_tests/openstack/rally/scenario/templates/random_strings.yaml.template", "updated_template_path": "/usr/lib/python3.6/site-packages/functest/opnfv_tests/openstack/rally/scenario/templates/updated_random_strings_delete.yaml.template" } }, "contexts": { "users": { "tenants": 3, "users_per_tenant": 2 }, "roles": [ "heat_stack_owner" ] }, "runner": { "constant": { "concurrency": 4, "times": 10 } }, "hooks": [], "sla": { "failure_rate": { "max": 0 } } } ] }
2019-11-26 13:56:38.124 8497 RALLYDEBUG rally_openstack.contexts.keystone.users [-] Creating 3 tenants using 20 threads
2019-11-26 13:56:38.988 8497 RALLYDEBUG rally_openstack.contexts.keystone.users [-] Creating 6 users using 20 threads
2019-11-26 13:56:40.362 8497 INFO rally.task.context [-] Task 1b23e3e8-d1c9-4c11-837e-447c0e99147c | Context users@openstack setup() finished in 2.24 sec
2019-11-26 13:56:41.065 8497 RALLYDEBUG rally_openstack.contexts.keystone.roles [-] Adding role heat_stack_owner having ID 8124ecee8b204e63850653583a5602b5 to all users using 30 threads
2019-11-26 13:56:46.432 8497 INFO rally.task.context [-] Task 1b23e3e8-d1c9-4c11-837e-447c0e99147c | Context roles@openstack setup() finished in 6.07 sec
2019-11-26 13:56:46.432 8497 INFO rally.task.context [-] Task 1b23e3e8-d1c9-4c11-837e-447c0e99147c | Context cleanup@openstack setup() finished in 0.01 msec
2019-11-26 13:56:46.443 8497 RALLYDEBUG rally.task.runner [-] Starting the constant runner (task UUID: 1b23e3e8-d1c9-4c11-837e-447c0e99147c). times: 10 concurrency: 4 timeout: 0 max_cpu_used: 16 processes_to_start: 4 concurrency_per_worker: 1 concurrency_overhead: 0
2019-11-26 13:56:46.454 10291 RALLYDEBUG rally.task.runner [-] Starting a worker. times: 10 duration: None concurrency: 1 timeout: 0 cls: method_name: run args: {"template_path": "heat_template_version: 2014-10-16\n\ndescription: Test template for rally create-update-delete scenario\n\nresources:\n test_string_one:\n type: OS::Heat::RandomString\n properties:\n length: 20\n test_string_two:\n type: OS::Heat::RandomString\n properties:\n length: 20", "updated_template_path": "heat_template_version: 2014-10-16\n\ndescription: >\n Test template for create-update-delete-stack scenario in rally.\n The template deletes one resource from the stack defined by random_strings.yaml.template.\n\nresources:\n test_string_one:\n type: OS::Heat::RandomString\n properties:\n length: 20"}
2019-11-26 13:56:46.458 10292 RALLYDEBUG rally.task.runner [-] Starting a worker. times: 10 duration: None concurrency: 1 timeout: 0 cls: method_name: run args: {"template_path": "heat_template_version: 2014-10-16\n\ndescription: Test template for rally create-update-delete scenario\n\nresources:\n test_string_one:\n type: OS::Heat::RandomString\n properties:\n length: 20\n test_string_two:\n type: OS::Heat::RandomString\n properties:\n length: 20", "updated_template_path": "heat_template_version: 2014-10-16\n\ndescription: >\n Test template for create-update-delete-stack scenario in rally.\n The template deletes one resource from the stack defined by random_strings.yaml.template.\n\nresources:\n test_string_one:\n type: OS::Heat::RandomString\n properties:\n length: 20"}
2019-11-26 13:56:46.461 10291 INFO rally.task.runner [-] Task 1b23e3e8-d1c9-4c11-837e-447c0e99147c | ITER: 1 START
2019-11-26 13:56:46.461 10293 RALLYDEBUG rally.task.runner [-] Starting a worker. times: 10 duration: None concurrency: 1 timeout: 0 cls: method_name: run args: {"template_path": "heat_template_version: 2014-10-16\n\ndescription: Test template for rally create-update-delete scenario\n\nresources:\n test_string_one:\n type: OS::Heat::RandomString\n properties:\n length: 20\n test_string_two:\n type: OS::Heat::RandomString\n properties:\n length: 20", "updated_template_path": "heat_template_version: 2014-10-16\n\ndescription: >\n Test template for create-update-delete-stack scenario in rally.\n The template deletes one resource from the stack defined by random_strings.yaml.template.\n\nresources:\n test_string_one:\n type: OS::Heat::RandomString\n properties:\n length: 20"}
2019-11-26 13:56:46.465 10292 INFO rally.task.runner [-] Task 1b23e3e8-d1c9-4c11-837e-447c0e99147c | ITER: 2 START
2019-11-26 13:56:46.465 10294 RALLYDEBUG rally.task.runner [-] Starting a worker. times: 10 duration: None concurrency: 1 timeout: 0 cls: method_name: run args: {"template_path": "heat_template_version: 2014-10-16\n\ndescription: Test template for rally create-update-delete scenario\n\nresources:\n test_string_one:\n type: OS::Heat::RandomString\n properties:\n length: 20\n test_string_two:\n type: OS::Heat::RandomString\n properties:\n length: 20", "updated_template_path": "heat_template_version: 2014-10-16\n\ndescription: >\n Test template for create-update-delete-stack scenario in rally.\n The template deletes one resource from the stack defined by random_strings.yaml.template.\n\nresources:\n test_string_one:\n type: OS::Heat::RandomString\n properties:\n length: 20"}
2019-11-26 13:56:46.468 10293 INFO rally.task.runner [-] Task 1b23e3e8-d1c9-4c11-837e-447c0e99147c | ITER: 3 START
2019-11-26 13:56:46.472 10294 INFO rally.task.runner [-] Task 1b23e3e8-d1c9-4c11-837e-447c0e99147c | ITER: 4 START
2019-11-26 13:56:49.952 10291 RALLYDEBUG rally.task.utils [-] Waiting for resource . Status changed: CREATE_IN_PROGRESS => CREATE_COMPLETE in 0.07169079780578613
2019-11-26 13:56:49.952 10294 RALLYDEBUG rally.task.utils [-] Waiting for resource . Status changed: CREATE_IN_PROGRESS => CREATE_COMPLETE in 0.07805180549621582
2019-11-26 13:56:49.955 10292 RALLYDEBUG rally.task.utils [-] Waiting for resource . Status changed: CREATE_IN_PROGRESS => CREATE_COMPLETE in 0.06867551803588867
2019-11-26 13:56:49.958 10293 RALLYDEBUG rally.task.utils [-] Waiting for resource . Status changed: CREATE_IN_PROGRESS => CREATE_COMPLETE in 0.07804322242736816
2019-11-26 13:56:52.142 10294 RALLYDEBUG rally.task.utils [-] Waiting for resource . Status changed: CREATE_COMPLETE => UPDATE_COMPLETE in 0.06859707832336426
2019-11-26 13:56:52.142 10293 RALLYDEBUG rally.task.utils [-] Waiting for resource . Status changed: CREATE_COMPLETE => UPDATE_COMPLETE in 0.07755446434020996
2019-11-26 13:56:52.143 10292 RALLYDEBUG rally.task.utils [-] Waiting for resource . Status changed: CREATE_COMPLETE => UPDATE_COMPLETE in 0.07922029495239258
2019-11-26 13:56:52.151 10291 RALLYDEBUG rally.task.utils [-] Waiting for resource . Status changed: CREATE_COMPLETE => UPDATE_COMPLETE in 0.07806539535522461
2019-11-26 13:56:52.260 10293 RALLYDEBUG rally.task.utils [-] Waiting for resource . Status changed: CREATE_COMPLETE => DELETE_IN_PROGRESS in 0.05780792236328125
2019-11-26 13:56:52.265 10294 RALLYDEBUG rally.task.utils [-] Waiting for resource . Status changed: CREATE_COMPLETE => DELETE_IN_PROGRESS in 0.06214404106140137
2019-11-26 13:56:52.289 10292 RALLYDEBUG rally.task.utils [-] Waiting for resource . Status changed: CREATE_COMPLETE => DELETE_IN_PROGRESS in 0.07383298873901367
2019-11-26 13:56:52.302 10291 RALLYDEBUG rally.task.utils [-] Waiting for resource . Status changed: CREATE_COMPLETE => DELETE_IN_PROGRESS in 0.06284165382385254
2019-11-26 13:56:53.326 10293 INFO rally.task.runner [-] Task 1b23e3e8-d1c9-4c11-837e-447c0e99147c | ITER: 3 END: OK
2019-11-26 13:56:53.331 10293 INFO rally.task.runner [-] Task 1b23e3e8-d1c9-4c11-837e-447c0e99147c | ITER: 5 START
2019-11-26 13:56:53.332 10294 INFO rally.task.runner [-] Task 1b23e3e8-d1c9-4c11-837e-447c0e99147c | ITER: 4 END: OK
2019-11-26 13:56:53.336 10294 INFO rally.task.runner [-] Task 1b23e3e8-d1c9-4c11-837e-447c0e99147c | ITER: 6 START
2019-11-26 13:56:53.352 10292 INFO rally.task.runner [-] Task 1b23e3e8-d1c9-4c11-837e-447c0e99147c | ITER: 2 END: OK
2019-11-26 13:56:53.356 10292 INFO rally.task.runner [-] Task 1b23e3e8-d1c9-4c11-837e-447c0e99147c | ITER: 7 START
2019-11-26 13:56:53.362 10291 INFO rally.task.runner [-] Task 1b23e3e8-d1c9-4c11-837e-447c0e99147c | ITER: 1 END: OK
2019-11-26 13:56:53.366 10291 INFO rally.task.runner [-] Task 1b23e3e8-d1c9-4c11-837e-447c0e99147c | ITER: 8 START
2019-11-26 13:56:56.781 10294 RALLYDEBUG rally.task.utils [-] Waiting for resource . Status changed: CREATE_IN_PROGRESS => CREATE_COMPLETE in 0.07197046279907227
2019-11-26 13:56:56.781 10291 RALLYDEBUG rally.task.utils [-] Waiting for resource . Status changed: CREATE_IN_PROGRESS => CREATE_COMPLETE in 0.0767977237701416
2019-11-26 13:56:56.789 10292 RALLYDEBUG rally.task.utils [-] Waiting for resource . Status changed: CREATE_IN_PROGRESS => CREATE_COMPLETE in 0.06804561614990234
2019-11-26 13:56:56.832 10293 RALLYDEBUG rally.task.utils [-] Waiting for resource . Status changed: CREATE_IN_PROGRESS => CREATE_COMPLETE in 0.06789255142211914
2019-11-26 13:56:58.949 10294 RALLYDEBUG rally.task.utils [-] Waiting for resource . Status changed: CREATE_COMPLETE => UPDATE_COMPLETE in 0.06832337379455566
2019-11-26 13:56:58.959 10291 RALLYDEBUG rally.task.utils [-] Waiting for resource . Status changed: CREATE_COMPLETE => UPDATE_COMPLETE in 0.07685256004333496
2019-11-26 13:56:58.987 10292 RALLYDEBUG rally.task.utils [-] Waiting for resource . Status changed: CREATE_COMPLETE => UPDATE_COMPLETE in 0.08349943161010742
2019-11-26 13:56:59.003 10293 RALLYDEBUG rally.task.utils [-] Waiting for resource . Status changed: CREATE_COMPLETE => UPDATE_COMPLETE in 0.07033371925354004
2019-11-26 13:56:59.069 10291 RALLYDEBUG rally.task.utils [-] Waiting for resource . Status changed: CREATE_COMPLETE => DELETE_IN_PROGRESS in 0.05276131629943848
2019-11-26 13:56:59.075 10294 RALLYDEBUG rally.task.utils [-] Waiting for resource . Status changed: CREATE_COMPLETE => DELETE_IN_PROGRESS in 0.05183005332946777
2019-11-26 13:56:59.118 10293 RALLYDEBUG rally.task.utils [-] Waiting for resource . Status changed: CREATE_COMPLETE => DELETE_IN_PROGRESS in 0.04929661750793457
2019-11-26 13:56:59.142 10292 RALLYDEBUG rally.task.utils [-] Waiting for resource . Status changed: CREATE_COMPLETE => DELETE_IN_PROGRESS in 0.04874825477600098
2019-11-26 13:57:00.129 10291 INFO rally.task.runner [-] Task 1b23e3e8-d1c9-4c11-837e-447c0e99147c | ITER: 8 END: OK
2019-11-26 13:57:00.133 10294 INFO rally.task.runner [-] Task 1b23e3e8-d1c9-4c11-837e-447c0e99147c | ITER: 6 END: OK
2019-11-26 13:57:00.133 10291 INFO rally.task.runner [-] Task 1b23e3e8-d1c9-4c11-837e-447c0e99147c | ITER: 9 START
2019-11-26 13:57:00.137 10294 INFO rally.task.runner [-] Task 1b23e3e8-d1c9-4c11-837e-447c0e99147c | ITER: 10 START
2019-11-26 13:57:00.178 10293 INFO rally.task.runner [-] Task 1b23e3e8-d1c9-4c11-837e-447c0e99147c | ITER: 5 END: OK
2019-11-26 13:57:00.204 10292 INFO rally.task.runner [-] Task 1b23e3e8-d1c9-4c11-837e-447c0e99147c | ITER: 7 END: OK
2019-11-26 13:57:03.703 10291 RALLYDEBUG rally.task.utils [-] Waiting for resource . Status changed: CREATE_IN_PROGRESS => CREATE_COMPLETE in 0.07398009300231934
2019-11-26 13:57:03.714 10294 RALLYDEBUG rally.task.utils [-] Waiting for resource . Status changed: CREATE_IN_PROGRESS => CREATE_COMPLETE in 0.0707705020904541
2019-11-26 13:57:05.912 10294 RALLYDEBUG rally.task.utils [-] Waiting for resource . Status changed: CREATE_COMPLETE => UPDATE_COMPLETE in 0.07767248153686523
2019-11-26 13:57:05.914 10291 RALLYDEBUG rally.task.utils [-] Waiting for resource . Status changed: CREATE_COMPLETE => UPDATE_COMPLETE in 0.08675670623779297
2019-11-26 13:57:06.039 10291 RALLYDEBUG rally.task.utils [-] Waiting for resource . Status changed: CREATE_COMPLETE => DELETE_IN_PROGRESS in 0.06268525123596191
2019-11-26 13:57:06.045 10294 RALLYDEBUG rally.task.utils [-] Waiting for resource . Status changed: CREATE_COMPLETE => DELETE_IN_PROGRESS in 0.059314727783203125
2019-11-26 13:57:07.108 10291 INFO rally.task.runner [-] Task 1b23e3e8-d1c9-4c11-837e-447c0e99147c | ITER: 9 END: OK
2019-11-26 13:57:07.116 10294 INFO rally.task.runner [-] Task 1b23e3e8-d1c9-4c11-837e-447c0e99147c | ITER: 10 END: OK
2019-11-26 13:57:07.148 8497 INFO rally.task.context [-] Task 1b23e3e8-d1c9-4c11-837e-447c0e99147c | Context cleanup@openstack cleanup() started
2019-11-26 13:57:07.151 8497 RALLYDEBUG rally_openstack.cleanup.manager [-] Cleaning up heat stacks objects
2019-11-26 13:57:08.772 8497 INFO rally.task.context [-] Task 1b23e3e8-d1c9-4c11-837e-447c0e99147c | Context cleanup@openstack cleanup() finished in 1.62 sec
2019-11-26 13:57:08.773 8497 INFO rally.task.context [-] Task 1b23e3e8-d1c9-4c11-837e-447c0e99147c | Context roles@openstack cleanup() started
2019-11-26 13:57:08.774 8497 RALLYDEBUG rally_openstack.contexts.keystone.roles [-] Removing assigned role 8124ecee8b204e63850653583a5602b5 from all users
2019-11-26 13:57:09.917 8497 INFO rally.task.context [-] Task 1b23e3e8-d1c9-4c11-837e-447c0e99147c | Context roles@openstack cleanup() finished in 1.14 sec
2019-11-26 13:57:09.918 8497 INFO rally.task.context [-] Task 1b23e3e8-d1c9-4c11-837e-447c0e99147c | Context users@openstack cleanup() started
2019-11-26 13:57:14.809 8497 INFO rally.task.context [-] Task 1b23e3e8-d1c9-4c11-837e-447c0e99147c | Context users@openstack cleanup() finished in 4.89 sec
2019-11-26 13:57:16.377 8497 INFO rally.task.engine [-] Load duration is: 16.653428
2019-11-26 13:57:16.377 8497 INFO rally.task.engine [-] Full runner duration is: 20.705819
2019-11-26 13:57:16.378 8497 INFO rally.task.engine [-] Full duration is: 36.686978
2019-11-26 13:57:16.593 8497 INFO rally.task.engine [-] Running workload: position = 2 config = { "version": 2, "title": "A cropped version of a bigger task.", "description": "Auto-generated task from a single workload (uuid=66db855d-dd3e-4de3-b94d-c78ed164c384)", "subtasks": [ { "title": "HeatStacks.create_update_delete_stack", "description": "Create, update and then delete a stack.", "scenario": { "HeatStacks.create_update_delete_stack": { "template_path": "/usr/lib/python3.6/site-packages/functest/opnfv_tests/openstack/rally/scenario/templates/resource_group.yaml.template", "updated_template_path": "/usr/lib/python3.6/site-packages/functest/opnfv_tests/openstack/rally/scenario/templates/updated_resource_group_increase.yaml.template" } }, "contexts": { "users": { "tenants": 3, "users_per_tenant": 2 }, "roles": [ "heat_stack_owner" ] }, "runner": { "constant": { "concurrency": 4, "times": 10 } }, "hooks": [], "sla": { "failure_rate": { "max": 0 } } } ] }
2019-11-26 13:57:16.619 8497 RALLYDEBUG rally_openstack.contexts.keystone.users [-] Creating 3 tenants using 20 threads
2019-11-26 13:57:17.679 8497 RALLYDEBUG rally_openstack.contexts.keystone.users [-] Creating 6 users using 20 threads
2019-11-26 13:57:19.184 8497 INFO rally.task.context [-] Task 1b23e3e8-d1c9-4c11-837e-447c0e99147c | Context users@openstack setup() finished in 2.57 sec
2019-11-26 13:57:19.895 8497 RALLYDEBUG rally_openstack.contexts.keystone.roles [-] Adding role heat_stack_owner having ID 8124ecee8b204e63850653583a5602b5 to all users using 30 threads
2019-11-26 13:57:25.204 8497 INFO rally.task.context [-] Task 1b23e3e8-d1c9-4c11-837e-447c0e99147c | Context roles@openstack setup() finished in 6.02 sec
2019-11-26 13:57:25.204 8497 INFO rally.task.context [-] Task 1b23e3e8-d1c9-4c11-837e-447c0e99147c | Context cleanup@openstack setup() finished in 0.01 msec
2019-11-26 13:57:25.216 8497 RALLYDEBUG rally.task.runner [-] Starting the constant runner (task UUID: 1b23e3e8-d1c9-4c11-837e-447c0e99147c). times: 10 concurrency: 4 timeout: 0 max_cpu_used: 16 processes_to_start: 4 concurrency_per_worker: 1 concurrency_overhead: 0
2019-11-26 13:57:25.228 10475 RALLYDEBUG rally.task.runner [-] Starting a worker. times: 10 duration: None concurrency: 1 timeout: 0 cls: method_name: run args: {"template_path": "heat_template_version: 2014-10-16\n\ndescription: Test template for rally create-update-delete scenario\n\nresources:\n test_group:\n type: OS::Heat::ResourceGroup\n properties:\n count: 2\n resource_def:\n type: OS::Heat::RandomString\n properties:\n length: 20", "updated_template_path": "heat_template_version: 2014-10-16\n\ndescription: >\n Test template for create-update-delete-stack scenario in rally.\n The template updates one resource from the stack defined by resource_group.yaml.template\n and adds children resources to that resource.\n\nresources:\n test_group:\n type: OS::Heat::ResourceGroup\n properties:\n count: 3\n resource_def:\n type: OS::Heat::RandomString\n properties:\n length: 20"}
2019-11-26 13:57:25.231 10476 RALLYDEBUG rally.task.runner [-] Starting a worker. times: 10 duration: None concurrency: 1 timeout: 0 cls: method_name: run args: {"template_path": "heat_template_version: 2014-10-16\n\ndescription: Test template for rally create-update-delete scenario\n\nresources:\n test_group:\n type: OS::Heat::ResourceGroup\n properties:\n count: 2\n resource_def:\n type: OS::Heat::RandomString\n properties:\n length: 20", "updated_template_path": "heat_template_version: 2014-10-16\n\ndescription: >\n Test template for create-update-delete-stack scenario in rally.\n The template updates one resource from the stack defined by resource_group.yaml.template\n and adds children resources to that resource.\n\nresources:\n test_group:\n type: OS::Heat::ResourceGroup\n properties:\n count: 3\n resource_def:\n type: OS::Heat::RandomString\n properties:\n length: 20"}
2019-11-26 13:57:25.235 10475 INFO rally.task.runner [-] Task 1b23e3e8-d1c9-4c11-837e-447c0e99147c | ITER: 1 START
2019-11-26 13:57:25.234 10477 RALLYDEBUG rally.task.runner [-] Starting a worker. times: 10 duration: None concurrency: 1 timeout: 0 cls: method_name: run args: {"template_path": "heat_template_version: 2014-10-16\n\ndescription: Test template for rally create-update-delete scenario\n\nresources:\n test_group:\n type: OS::Heat::ResourceGroup\n properties:\n count: 2\n resource_def:\n type: OS::Heat::RandomString\n properties:\n length: 20", "updated_template_path": "heat_template_version: 2014-10-16\n\ndescription: >\n Test template for create-update-delete-stack scenario in rally.\n The template updates one resource from the stack defined by resource_group.yaml.template\n and adds children resources to that resource.\n\nresources:\n test_group:\n type: OS::Heat::ResourceGroup\n properties:\n count: 3\n resource_def:\n type: OS::Heat::RandomString\n properties:\n length: 20"}
2019-11-26 13:57:25.237 10478 RALLYDEBUG rally.task.runner [-] Starting a worker. times: 10 duration: None concurrency: 1 timeout: 0 cls: method_name: run args: {"template_path": "heat_template_version: 2014-10-16\n\ndescription: Test template for rally create-update-delete scenario\n\nresources:\n test_group:\n type: OS::Heat::ResourceGroup\n properties:\n count: 2\n resource_def:\n type: OS::Heat::RandomString\n properties:\n length: 20", "updated_template_path": "heat_template_version: 2014-10-16\n\ndescription: >\n Test template for create-update-delete-stack scenario in rally.\n The template updates one resource from the stack defined by resource_group.yaml.template\n and adds children resources to that resource.\n\nresources:\n test_group:\n type: OS::Heat::ResourceGroup\n properties:\n count: 3\n resource_def:\n type: OS::Heat::RandomString\n properties:\n length: 20"}
2019-11-26 13:57:25.238 10476 INFO rally.task.runner [-] Task 1b23e3e8-d1c9-4c11-837e-447c0e99147c | ITER: 2 START
2019-11-26 13:57:25.241 10477 INFO rally.task.runner [-] Task 1b23e3e8-d1c9-4c11-837e-447c0e99147c | ITER: 3 START
2019-11-26 13:57:25.243 10478 INFO rally.task.runner [-] Task 1b23e3e8-d1c9-4c11-837e-447c0e99147c | ITER: 4 START
2019-11-26 13:57:29.748 10476 RALLYDEBUG rally.task.utils [-] Waiting for resource . Status changed: CREATE_IN_PROGRESS => CREATE_COMPLETE in 1.1415612697601318
2019-11-26 13:57:29.753 10477 RALLYDEBUG rally.task.utils [-] Waiting for resource . Status changed: CREATE_IN_PROGRESS => CREATE_COMPLETE in 1.1458816528320312
2019-11-26 13:57:29.841 10478 RALLYDEBUG rally.task.utils [-] Waiting for resource . Status changed: CREATE_IN_PROGRESS => CREATE_COMPLETE in 1.1368091106414795
2019-11-26 13:57:29.845 10475 RALLYDEBUG rally.task.utils [-] Waiting for resource . Status changed: CREATE_IN_PROGRESS => CREATE_COMPLETE in 1.1459391117095947
2019-11-26 13:57:31.964 10476 RALLYDEBUG rally.task.utils [-] Waiting for resource . Status changed: CREATE_COMPLETE => UPDATE_IN_PROGRESS in 0.0736088752746582
2019-11-26 13:57:31.966 10477 RALLYDEBUG rally.task.utils [-] Waiting for resource . Status changed: CREATE_COMPLETE => UPDATE_IN_PROGRESS in 0.07774019241333008
2019-11-26 13:57:32.022 10478 RALLYDEBUG rally.task.utils [-] Waiting for resource . Status changed: CREATE_COMPLETE => UPDATE_IN_PROGRESS in 0.0736851692199707
2019-11-26 13:57:32.033 10475 RALLYDEBUG rally.task.utils [-] Waiting for resource . Status changed: CREATE_COMPLETE => UPDATE_IN_PROGRESS in 0.06562352180480957
2019-11-26 13:57:34.108 10477 RALLYDEBUG rally.task.utils [-] Waiting for resource . Status changed: UPDATE_IN_PROGRESS => UPDATE_COMPLETE in 2.141979694366455
2019-11-26 13:57:34.110 10476 RALLYDEBUG rally.task.utils [-] Waiting for resource . Status changed: UPDATE_IN_PROGRESS => UPDATE_COMPLETE in 2.1453821659088135
2019-11-26 13:57:34.155 10478 RALLYDEBUG rally.task.utils [-] Waiting for resource . Status changed: UPDATE_IN_PROGRESS => UPDATE_COMPLETE in 2.133422374725342
2019-11-26 13:57:34.170 10475 RALLYDEBUG rally.task.utils [-] Waiting for resource . Status changed: UPDATE_IN_PROGRESS => UPDATE_COMPLETE in 2.1369359493255615
2019-11-26 13:57:34.231 10476 RALLYDEBUG rally.task.utils [-] Waiting for resource . Status changed: CREATE_COMPLETE => DELETE_IN_PROGRESS in 0.05637407302856445
2019-11-26 13:57:34.233 10477 RALLYDEBUG rally.task.utils [-] Waiting for resource . Status changed: CREATE_COMPLETE => DELETE_IN_PROGRESS in 0.05216670036315918
2019-11-26 13:57:34.269 10478 RALLYDEBUG rally.task.utils [-] Waiting for resource . Status changed: CREATE_COMPLETE => DELETE_IN_PROGRESS in 0.05072665214538574
2019-11-26 13:57:34.296 10475 RALLYDEBUG rally.task.utils [-] Waiting for resource . Status changed: CREATE_COMPLETE => DELETE_IN_PROGRESS in 0.059065818786621094
2019-11-26 13:57:37.444 10476 INFO rally.task.runner [-] Task 1b23e3e8-d1c9-4c11-837e-447c0e99147c | ITER: 2 END: OK
2019-11-26 13:57:37.448 10476 INFO rally.task.runner [-] Task 1b23e3e8-d1c9-4c11-837e-447c0e99147c | ITER: 5 START
2019-11-26 13:57:37.460 10478 INFO rally.task.runner [-] Task 1b23e3e8-d1c9-4c11-837e-447c0e99147c | ITER: 4 END: OK
2019-11-26 13:57:37.464 10478 INFO rally.task.runner [-] Task 1b23e3e8-d1c9-4c11-837e-447c0e99147c | ITER: 6 START
2019-11-26 13:57:37.468 10475 INFO rally.task.runner [-] Task 1b23e3e8-d1c9-4c11-837e-447c0e99147c | ITER: 1 END: OK
2019-11-26 13:57:37.473 10475 INFO rally.task.runner [-] Task 1b23e3e8-d1c9-4c11-837e-447c0e99147c | ITER: 7 START
2019-11-26 13:57:38.488 10477 INFO rally.task.runner [-] Task 1b23e3e8-d1c9-4c11-837e-447c0e99147c | ITER: 3 END: OK
2019-11-26 13:57:38.493 10477 INFO rally.task.runner [-] Task 1b23e3e8-d1c9-4c11-837e-447c0e99147c | ITER: 8 START
2019-11-26 13:57:41.964 10475 RALLYDEBUG rally.task.utils [-] Waiting for resource . Status changed: CREATE_IN_PROGRESS => CREATE_COMPLETE in 1.1421191692352295
2019-11-26 13:57:41.988 10478 RALLYDEBUG rally.task.utils [-] Waiting for resource . Status changed: CREATE_IN_PROGRESS => CREATE_COMPLETE in 1.1345295906066895
2019-11-26 13:57:42.027 10476 RALLYDEBUG rally.task.utils [-] Waiting for resource . Status changed: CREATE_IN_PROGRESS => CREATE_COMPLETE in 1.126218557357788
2019-11-26 13:57:43.106 10477 RALLYDEBUG rally.task.utils [-] Waiting for resource . Status changed: CREATE_IN_PROGRESS => CREATE_COMPLETE in 1.1382174491882324
2019-11-26 13:57:44.174 10475 RALLYDEBUG rally.task.utils [-] Waiting for resource . Status changed: CREATE_COMPLETE => UPDATE_IN_PROGRESS in 0.06977725028991699
2019-11-26 13:57:44.178 10478 RALLYDEBUG rally.task.utils [-] Waiting for resource . Status changed: CREATE_COMPLETE => UPDATE_IN_PROGRESS in 0.07039833068847656
2019-11-26 13:57:44.192 10476 RALLYDEBUG rally.task.utils [-] Waiting for resource . Status changed: CREATE_COMPLETE => UPDATE_IN_PROGRESS in 0.06994342803955078
2019-11-26 13:57:45.305 10477 RALLYDEBUG rally.task.utils [-] Waiting for resource . Status changed: CREATE_COMPLETE => UPDATE_IN_PROGRESS in 0.05819082260131836
2019-11-26 13:57:46.318 10478 RALLYDEBUG rally.task.utils [-] Waiting for resource . Status changed: UPDATE_IN_PROGRESS => UPDATE_COMPLETE in 2.1397571563720703
2019-11-26 13:57:46.319 10475 RALLYDEBUG rally.task.utils [-] Waiting for resource . Status changed: UPDATE_IN_PROGRESS => UPDATE_COMPLETE in 2.1447179317474365
2019-11-26 13:57:46.340 10476 RALLYDEBUG rally.task.utils [-] Waiting for resource . Status changed: UPDATE_IN_PROGRESS => UPDATE_COMPLETE in 2.1482551097869873
2019-11-26 13:57:46.447 10475 RALLYDEBUG rally.task.utils [-] Waiting for resource . Status changed: CREATE_COMPLETE => DELETE_IN_PROGRESS in 0.04767274856567383
2019-11-26 13:57:46.451 10478 RALLYDEBUG rally.task.utils [-] Waiting for resource . Status changed: CREATE_COMPLETE => DELETE_IN_PROGRESS in 0.05678677558898926
2019-11-26 13:57:46.456 10476 RALLYDEBUG rally.task.utils [-] Waiting for resource . Status changed: CREATE_COMPLETE => DELETE_IN_PROGRESS in 0.0578615665435791
2019-11-26 13:57:47.453 10477 RALLYDEBUG rally.task.utils [-] Waiting for resource . Status changed: UPDATE_IN_PROGRESS => UPDATE_COMPLETE in 2.147808313369751
2019-11-26 13:57:47.582 10477 RALLYDEBUG rally.task.utils [-] Waiting for resource . Status changed: CREATE_COMPLETE => DELETE_IN_PROGRESS in 0.06177377700805664
2019-11-26 13:57:49.631 10475 INFO rally.task.runner [-] Task 1b23e3e8-d1c9-4c11-837e-447c0e99147c | ITER: 7 END: OK
2019-11-26 13:57:49.632 10478 INFO rally.task.runner [-] Task 1b23e3e8-d1c9-4c11-837e-447c0e99147c | ITER: 6 END: OK
2019-11-26 13:57:49.633 10476 INFO rally.task.runner [-] Task 1b23e3e8-d1c9-4c11-837e-447c0e99147c | ITER: 5 END: OK
2019-11-26 13:57:49.638 10478 INFO rally.task.runner [-] Task 1b23e3e8-d1c9-4c11-837e-447c0e99147c | ITER: 9 START
2019-11-26 13:57:49.638 10475 INFO rally.task.runner [-] Task 1b23e3e8-d1c9-4c11-837e-447c0e99147c | ITER: 10 START
2019-11-26 13:57:50.738 10477 INFO rally.task.runner [-] Task 1b23e3e8-d1c9-4c11-837e-447c0e99147c | ITER: 8 END: OK
2019-11-26 13:57:54.158 10478 RALLYDEBUG rally.task.utils [-] Waiting for resource . Status changed: CREATE_IN_PROGRESS => CREATE_COMPLETE in 1.137436866760254
2019-11-26 13:57:54.160 10475 RALLYDEBUG rally.task.utils [-] Waiting for resource . Status changed: CREATE_IN_PROGRESS => CREATE_COMPLETE in 1.142974615097046
2019-11-26 13:57:56.347 10475 RALLYDEBUG rally.task.utils [-] Waiting for resource . Status changed: CREATE_COMPLETE => UPDATE_IN_PROGRESS in 0.07177495956420898
2019-11-26 13:57:56.347 10478 RALLYDEBUG rally.task.utils [-] Waiting for resource . Status changed: CREATE_COMPLETE => UPDATE_IN_PROGRESS in 0.07049417495727539
2019-11-26 13:57:58.481 10478 RALLYDEBUG rally.task.utils [-] Waiting for resource . Status changed: UPDATE_IN_PROGRESS => UPDATE_COMPLETE in 2.13393235206604
2019-11-26 13:57:58.491 10475 RALLYDEBUG rally.task.utils [-] Waiting for resource . Status changed: UPDATE_IN_PROGRESS => UPDATE_COMPLETE in 2.14398193359375
2019-11-26 13:57:58.598 10478 RALLYDEBUG rally.task.utils [-] Waiting for resource . Status changed: CREATE_COMPLETE => DELETE_IN_PROGRESS in 0.05596923828125
2019-11-26 13:57:58.616 10475 RALLYDEBUG rally.task.utils [-] Waiting for resource . Status changed: CREATE_COMPLETE => DELETE_IN_PROGRESS in 0.06373047828674316
2019-11-26 13:58:01.789 10478 INFO rally.task.runner [-] Task 1b23e3e8-d1c9-4c11-837e-447c0e99147c | ITER: 9 END: OK
2019-11-26 13:58:01.794 10475 INFO rally.task.runner [-] Task 1b23e3e8-d1c9-4c11-837e-447c0e99147c | ITER: 10 END: OK
2019-11-26 13:58:01.819 8497 INFO rally.task.context [-] Task 1b23e3e8-d1c9-4c11-837e-447c0e99147c | Context cleanup@openstack cleanup() started
2019-11-26 13:58:01.822 8497 RALLYDEBUG rally_openstack.cleanup.manager [-] Cleaning up heat stacks objects
2019-11-26 13:58:03.447 8497 RALLYDEBUG rally_openstack.cleanup.manager [-] Deleting heat.stacks object s_rally_66db855d_ghCj5dWP (4f2740d4-2be8-4783-aa81-76e50903ee29)
2019-11-26 13:58:04.052 8497 ERROR rally_openstack.cleanup.manager [-] Resource deletion failed, max retries exceeded for heat.stacks: 4f2740d4-2be8-4783-aa81-76e50903ee29.: heatclient.exc.HTTPNotFound: ERROR: The Stack (s_rally_66db855d_ghCj5dWP) could not be found.
2019-11-26 13:58:04.052 8497 ERROR rally_openstack.cleanup.manager
Traceback (most recent call last):
2019-11-26 13:58:04.052 8497 ERROR rally_openstack.cleanup.manager
File "/usr/lib/python3.6/site-packages/rally_openstack/cleanup/manager.py", line 85, in _delete_single_resource
2019-11-26 13:58:04.052 8497 ERROR rally_openstack.cleanup.manager rutils.retry(resource._max_attempts, resource.delete)
2019-11-26 13:58:04.052 8497 ERROR rally_openstack.cleanup.manager
File "/usr/lib/python3.6/site-packages/rally/common/utils.py", line 230, in retry
2019-11-26 13:58:04.052 8497 ERROR rally_openstack.cleanup.manager return func(*args, **kwargs)
2019-11-26 13:58:04.052 8497 ERROR rally_openstack.cleanup.manager
File "/usr/lib/python3.6/site-packages/rally_openstack/cleanup/base.py", line 129, in delete
2019-11-26 13:58:04.052 8497 ERROR rally_openstack.cleanup.manager self._manager().delete(self.id())
2019-11-26 13:58:04.052 8497 ERROR rally_openstack.cleanup.manager
File "/usr/lib/python3.6/site-packages/heatclient/v1/stacks.py", line 201, in delete
2019-11-26 13:58:04.052 8497 ERROR rally_openstack.cleanup.manager self._delete("/stacks/%s" % stack_id)
2019-11-26 13:58:04.052 8497 ERROR rally_openstack.cleanup.manager
File "/usr/lib/python3.6/site-packages/heatclient/common/base.py", line 207, in _delete
2019-11-26 13:58:04.052 8497 ERROR rally_openstack.cleanup.manager return self.client.delete(url)
2019-11-26 13:58:04.052 8497 ERROR rally_openstack.cleanup.manager
File "/usr/lib/python3.6/site-packages/keystoneauth1/adapter.py", line 390, in delete
2019-11-26 13:58:04.052 8497 ERROR rally_openstack.cleanup.manager return self.request(url, 'DELETE', **kwargs)
2019-11-26 13:58:04.052 8497 ERROR rally_openstack.cleanup.manager
File "/usr/lib/python3.6/site-packages/heatclient/common/http.py", line 320, in request
2019-11-26 13:58:04.052 8497 ERROR rally_openstack.cleanup.manager raise exc.from_response(resp)
2019-11-26 13:58:04.052 8497 ERROR rally_openstack.cleanup.manager heatclient.exc.HTTPNotFound: ERROR: The Stack (s_rally_66db855d_ghCj5dWP) could not be found.
2019-11-26 13:58:04.052 8497 ERROR rally_openstack.cleanup.manager
2019-11-26 13:58:04.054 8497 INFO rally.task.context [-] Task 1b23e3e8-d1c9-4c11-837e-447c0e99147c | Context cleanup@openstack cleanup() finished in 2.24 sec
2019-11-26 13:58:04.055 8497 INFO rally.task.context [-] Task 1b23e3e8-d1c9-4c11-837e-447c0e99147c | Context roles@openstack cleanup() started
2019-11-26 13:58:04.055 8497 RALLYDEBUG rally_openstack.contexts.keystone.roles [-] Removing assigned role 8124ecee8b204e63850653583a5602b5 from all users
2019-11-26 13:58:05.015 8497 INFO rally.task.context [-] Task 1b23e3e8-d1c9-4c11-837e-447c0e99147c | Context roles@openstack cleanup() finished in 0.96 sec
2019-11-26 13:58:05.016 8497 INFO rally.task.context [-] Task 1b23e3e8-d1c9-4c11-837e-447c0e99147c | Context users@openstack cleanup() started
2019-11-26 13:58:10.034 8497 INFO rally.task.context [-] Task 1b23e3e8-d1c9-4c11-837e-447c0e99147c | Context users@openstack cleanup() finished in 5.02 sec
2019-11-26 13:58:11.001 8497 INFO rally.task.engine [-] Load duration is: 32.558088
2019-11-26 13:58:11.002 8497 INFO rally.task.engine [-] Full runner duration is: 36.603449
2019-11-26 13:58:11.002 8497 INFO rally.task.engine [-] Full duration is: 53.417256
2019-11-26 13:58:11.204 8497 INFO rally.task.engine [-] Running workload: position = 3 config = { "version": 2, "title": "A cropped version of a bigger task.", "description": "Auto-generated task from a single workload (uuid=c2b4c4a7-290d-4beb-8c82-002e747ebf22)", "subtasks": [ { "title": "HeatStacks.create_update_delete_stack", "description": "Create, update and then delete a stack.", "scenario": { "HeatStacks.create_update_delete_stack": { "template_path": "/usr/lib/python3.6/site-packages/functest/opnfv_tests/openstack/rally/scenario/templates/autoscaling_policy.yaml.template", "updated_template_path": "/usr/lib/python3.6/site-packages/functest/opnfv_tests/openstack/rally/scenario/templates/updated_autoscaling_policy_inplace.yaml.template" } }, "contexts": { "users": { "tenants": 3, "users_per_tenant": 2 }, "roles": [ "heat_stack_owner" ] }, "runner": { "constant": { "concurrency": 4, "times": 10 } }, "hooks": [], "sla": { "failure_rate": { "max": 0 } } } ] }
2019-11-26 13:58:11.231 8497 RALLYDEBUG rally_openstack.contexts.keystone.users [-] Creating 3 tenants using 20 threads
2019-11-26 13:58:12.347 8497 RALLYDEBUG rally_openstack.contexts.keystone.users [-] Creating 6 users using 20 threads
2019-11-26 13:58:13.822 8497 INFO rally.task.context [-] Task 1b23e3e8-d1c9-4c11-837e-447c0e99147c | Context users@openstack setup() finished in 2.59 sec
2019-11-26 13:58:14.525 8497 RALLYDEBUG rally_openstack.contexts.keystone.roles [-] Adding role heat_stack_owner having ID 8124ecee8b204e63850653583a5602b5 to all users using 30 threads
2019-11-26 13:58:19.860 8497 INFO rally.task.context [-] Task 1b23e3e8-d1c9-4c11-837e-447c0e99147c | Context roles@openstack setup() finished in 6.04 sec
2019-11-26 13:58:19.860 8497 INFO rally.task.context [-] Task 1b23e3e8-d1c9-4c11-837e-447c0e99147c | Context cleanup@openstack setup() finished in 0.01 msec
