2019-11-26 13:37:38.632 3235 RALLYDEBUG rally.task.utils [-] Waiting for resource s_rally_c498ec43_CbH5Gwu5. Status changed: AVAILABLE => DELETING in 0.02772235870361328
2019-11-26 13:37:38.955 3233 RALLYDEBUG rally.task.utils [-] Waiting for resource s_rally_c498ec43_LsP1EYki. Status changed: DETACHING => AVAILABLE in 2.4063098430633545
2019-11-26 13:37:39.042 3233 RALLYDEBUG rally.task.utils [-] Waiting for resource s_rally_c498ec43_hKTo9L7J. Status changed: AVAILABLE => DELETING in 0.025989532470703125
2019-11-26 13:37:40.582 3237 RALLYDEBUG rally.task.utils [-] Waiting for resource s_rally_c498ec43_shq6NHUD. Status changed: DETACHING => AVAILABLE in 2.4388458728790283
2019-11-26 13:37:40.684 3237 RALLYDEBUG rally.task.utils [-] Waiting for resource s_rally_c498ec43_0PAglrjk. Status changed: AVAILABLE => DELETING in 0.02924180030822754
2019-11-26 13:37:40.713 3234 INFO rally.task.runner [-] Task 1643cad8-380c-4b3c-a108-e26b43a0346d | ITER: 5 END: OK
2019-11-26 13:37:40.717 3234 INFO rally.task.runner [-] Task 1643cad8-380c-4b3c-a108-e26b43a0346d | ITER: 9 START
2019-11-26 13:37:40.796 3235 RALLYDEBUG rally.task.utils [-] Waiting for resource s_rally_c498ec43_4eX4Fest. Status changed: AVAILABLE => DELETING in 0.0646514892578125
2019-11-26 13:37:41.198 3233 RALLYDEBUG rally.task.utils [-] Waiting for resource s_rally_c498ec43_LsP1EYki. Status changed: AVAILABLE => DELETING in 0.06774187088012695
2019-11-26 13:37:43.007 3237 RALLYDEBUG rally.task.utils [-] Waiting for resource s_rally_c498ec43_shq6NHUD. Status changed: AVAILABLE => DELETING in 0.21760773658752441
2019-11-26 13:37:45.243 3235 INFO rally.task.runner [-] Task 1643cad8-380c-4b3c-a108-e26b43a0346d | ITER: 6 END: OK
2019-11-26 13:37:45.247 3235 INFO rally.task.runner [-] Task 1643cad8-380c-4b3c-a108-e26b43a0346d | ITER: 10 START
2019-11-26 13:37:45.774 3233 INFO rally.task.runner [-] Task 1643cad8-380c-4b3c-a108-e26b43a0346d | ITER: 7 END: OK
2019-11-26 13:37:47.549 3237 INFO rally.task.runner [-] Task 1643cad8-380c-4b3c-a108-e26b43a0346d | ITER: 8 END: OK
2019-11-26 13:37:52.304 3234 RALLYDEBUG rally.task.utils [-] Waiting for resource s_rally_c498ec43_EVxfEb6W. Status changed: BUILD => ACTIVE in 4.666850328445435
2019-11-26 13:37:53.033 3234 RALLYDEBUG rally.task.utils [-] Waiting for resource s_rally_c498ec43_s8O3bSfk. Status changed: AVAILABLE => RESERVED in 0.40621113777160645
2019-11-26 13:37:55.490 3234 RALLYDEBUG rally.task.utils [-] Waiting for resource s_rally_c498ec43_s8O3bSfk. Status changed: RESERVED => IN-USE in 2.4575164318084717
2019-11-26 13:37:56.126 3234 RALLYDEBUG rally.task.utils [-] Waiting for resource s_rally_c498ec43_s8O3bSfk. Status changed: AVAILABLE => DETACHING in 0.4332160949707031
2019-11-26 13:37:56.710 3235 RALLYDEBUG rally.task.utils [-] Waiting for resource s_rally_c498ec43_eyt7KNoJ. Status changed: BUILD => ACTIVE in 4.508046388626099
2019-11-26 13:37:57.492 3235 RALLYDEBUG rally.task.utils [-] Waiting for resource s_rally_c498ec43_nrBtwJRH. Status changed: AVAILABLE => RESERVED in 0.4201650619506836
2019-11-26 13:37:58.549 3234 RALLYDEBUG rally.task.utils [-] Waiting for resource s_rally_c498ec43_s8O3bSfk. Status changed: DETACHING => AVAILABLE in 2.4226977825164795
2019-11-26 13:37:58.651 3234 RALLYDEBUG rally.task.utils [-] Waiting for resource s_rally_c498ec43_6FebmE0C. Status changed: AVAILABLE => DELETING in 0.027855873107910156
2019-11-26 13:37:59.930 3235 RALLYDEBUG rally.task.utils [-] Waiting for resource s_rally_c498ec43_nrBtwJRH. Status changed: RESERVED => IN-USE in 2.438204765319824
2019-11-26 13:38:00.531 3235 RALLYDEBUG rally.task.utils [-] Waiting for resource s_rally_c498ec43_nrBtwJRH. Status changed: AVAILABLE => DETACHING in 0.4277191162109375
2019-11-26 13:38:00.805 3234 RALLYDEBUG rally.task.utils [-] Waiting for resource s_rally_c498ec43_s8O3bSfk. Status changed: AVAILABLE => DELETING in 0.05742478370666504
2019-11-26 13:38:02.951 3235 RALLYDEBUG rally.task.utils [-] Waiting for resource s_rally_c498ec43_nrBtwJRH. Status changed: DETACHING => AVAILABLE in 2.4203848838806152
2019-11-26 13:38:03.052 3235 RALLYDEBUG rally.task.utils [-] Waiting for resource s_rally_c498ec43_D7Usis3n. Status changed: AVAILABLE => DELETING in 0.026849985122680664
2019-11-26 13:38:05.221 3235 RALLYDEBUG rally.task.utils [-] Waiting for resource s_rally_c498ec43_nrBtwJRH. Status changed: AVAILABLE => DELETING in 0.06746292114257812
2019-11-26 13:38:05.411 3234 INFO rally.task.runner [-] Task 1643cad8-380c-4b3c-a108-e26b43a0346d | ITER: 9 END: OK
2019-11-26 13:38:09.697 3235 INFO rally.task.runner [-] Task 1643cad8-380c-4b3c-a108-e26b43a0346d | ITER: 10 END: OK
2019-11-26 13:38:09.729 1845 INFO rally.task.context [-] Task 1643cad8-380c-4b3c-a108-e26b43a0346d | Context cleanup@openstack cleanup() started
2019-11-26 13:38:09.734 1845 RALLYDEBUG rally_openstack.cleanup.manager [-] Cleaning up nova servers objects
2019-11-26 13:38:11.039 1845 RALLYDEBUG rally_openstack.cleanup.manager [-] Cleaning up nova server_groups objects
2019-11-26 13:38:12.221 1845 RALLYDEBUG rally_openstack.cleanup.manager [-] Cleaning up nova keypairs objects
2019-11-26 13:38:14.730 1845 RALLYDEBUG rally_openstack.cleanup.manager [-] Cleaning up cinder backups objects
2019-11-26 13:38:15.914 1845 RALLYDEBUG rally_openstack.cleanup.manager [-] Cleaning up cinder volume_snapshots objects
2019-11-26 13:38:17.090 1845 RALLYDEBUG rally_openstack.cleanup.manager [-] Cleaning up cinder transfers objects
2019-11-26 13:38:18.259 1845 RALLYDEBUG rally_openstack.cleanup.manager [-] Cleaning up cinder volumes objects
2019-11-26 13:38:19.486 1845 INFO rally.task.context [-] Task 1643cad8-380c-4b3c-a108-e26b43a0346d | Context cleanup@openstack cleanup() finished in 9.76 sec
2019-11-26 13:38:19.486 1845 INFO rally.task.context [-] Task 1643cad8-380c-4b3c-a108-e26b43a0346d | Context quotas@openstack cleanup() started
2019-11-26 13:38:19.589 1845 INFO rally.task.context [-] Task 1643cad8-380c-4b3c-a108-e26b43a0346d | Context quotas@openstack cleanup() finished in 0.10 sec
2019-11-26 13:38:19.589 1845 INFO rally.task.context [-] Task 1643cad8-380c-4b3c-a108-e26b43a0346d | Context api_versions@openstack cleanup() started
2019-11-26 13:38:19.590 1845 INFO rally.task.context [-] Task 1643cad8-380c-4b3c-a108-e26b43a0346d | Context api_versions@openstack cleanup() finished in 0.39 msec
2019-11-26 13:38:19.590 1845 INFO rally.task.context [-] Task 1643cad8-380c-4b3c-a108-e26b43a0346d | Context users@openstack cleanup() started
2019-11-26 13:38:23.815 1845 INFO rally.task.context [-] Task 1643cad8-380c-4b3c-a108-e26b43a0346d | Context users@openstack cleanup() finished in 4.22 sec
2019-11-26 13:38:25.493 1845 INFO rally.task.engine [-] Load duration is: 74.434103
2019-11-26 13:38:25.493 1845 INFO rally.task.engine [-] Full runner duration is: 75.490817
2019-11-26 13:38:25.493 1845 INFO rally.task.engine [-] Full duration is: 94.832465
2019-11-26 13:38:25.878 1845 INFO rally.task.engine [-] Running workload: position = 0 config = { "version": 2, "title": "A cropped version of a bigger task.", "description": "Auto-generated task from a single workload (uuid=c56f8faf-3ac0-4776-a466-1080294e2be1)", "subtasks": [ { "title": "CinderVolumes.create_volume", "description": "Create a volume.", "scenario": { "CinderVolumes.create_volume": { "size": 1 } }, "contexts": { "users": { "tenants": 3, "users_per_tenant": 2 }, "api_versions": { "cinder": { "version": 3, "service_type": "volumev3" } } }, "runner": { "constant": { "concurrency": 4, "times": 10 } }, "hooks": [], "sla": { "failure_rate": { "max": 0 } } } ] }
2019-11-26 13:38:25.903 1845 RALLYDEBUG rally_openstack.contexts.keystone.users [-] Creating 3 tenants using 20 threads
2019-11-26 13:38:27.000 1845 RALLYDEBUG rally_openstack.contexts.keystone.users [-] Creating 6 users using 20 threads
2019-11-26 13:38:28.579 1845 INFO rally.task.context [-] Task 1643cad8-380c-4b3c-a108-e26b43a0346d | Context users@openstack setup() finished in 2.68 sec
2019-11-26 13:38:29.003 1845 INFO rally.task.context [-] Task 1643cad8-380c-4b3c-a108-e26b43a0346d | Context api_versions@openstack setup() finished in 0.42 sec
2019-11-26 13:38:29.003 1845 INFO rally.task.context [-] Task 1643cad8-380c-4b3c-a108-e26b43a0346d | Context cleanup@openstack setup() finished in 0.02 msec
2019-11-26 13:38:29.012 1845 RALLYDEBUG rally.task.runner [-] Starting the constant runner (task UUID: 1643cad8-380c-4b3c-a108-e26b43a0346d). times: 10 concurrency: 4 timeout: 0 max_cpu_used: 16 processes_to_start: 4 concurrency_per_worker: 1 concurrency_overhead: 0
2019-11-26 13:38:29.024 3477 RALLYDEBUG rally.task.runner [-] Starting a worker. times: 10 duration: None concurrency: 1 timeout: 0 cls: method_name: run args: {"size": 1}
2019-11-26 13:38:29.027 3478 RALLYDEBUG rally.task.runner [-] Starting a worker. times: 10 duration: None concurrency: 1 timeout: 0 cls: method_name: run args: {"size": 1}
2019-11-26 13:38:29.031 3477 INFO rally.task.runner [-] Task 1643cad8-380c-4b3c-a108-e26b43a0346d | ITER: 1 START
2019-11-26 13:38:29.031 3479 RALLYDEBUG rally.task.runner [-] Starting a worker. times: 10 duration: None concurrency: 1 timeout: 0 cls: method_name: run args: {"size": 1}
2019-11-26 13:38:29.034 3478 INFO rally.task.runner [-] Task 1643cad8-380c-4b3c-a108-e26b43a0346d | ITER: 2 START
2019-11-26 13:38:29.034 3480 RALLYDEBUG rally.task.runner [-] Starting a worker. times: 10 duration: None concurrency: 1 timeout: 0 cls: method_name: run args: {"size": 1}
2019-11-26 13:38:29.037 3479 INFO rally.task.runner [-] Task 1643cad8-380c-4b3c-a108-e26b43a0346d | ITER: 3 START
2019-11-26 13:38:29.041 3480 INFO rally.task.runner [-] Task 1643cad8-380c-4b3c-a108-e26b43a0346d | ITER: 4 START
2019-11-26 13:38:31.826 3477 INFO rally.task.runner [-] Task 1643cad8-380c-4b3c-a108-e26b43a0346d | ITER: 1 END: OK
2019-11-26 13:38:31.830 3477 INFO rally.task.runner [-] Task 1643cad8-380c-4b3c-a108-e26b43a0346d | ITER: 5 START
2019-11-26 13:38:31.844 3480 INFO rally.task.runner [-] Task 1643cad8-380c-4b3c-a108-e26b43a0346d | ITER: 4 END: OK
2019-11-26 13:38:31.848 3480 INFO rally.task.runner [-] Task 1643cad8-380c-4b3c-a108-e26b43a0346d | ITER: 6 START
2019-11-26 13:38:31.899 3479 INFO rally.task.runner [-] Task 1643cad8-380c-4b3c-a108-e26b43a0346d | ITER: 3 END: OK
2019-11-26 13:38:31.904 3479 INFO rally.task.runner [-] Task 1643cad8-380c-4b3c-a108-e26b43a0346d | ITER: 7 START
2019-11-26 13:38:31.981 3478 INFO rally.task.runner [-] Task 1643cad8-380c-4b3c-a108-e26b43a0346d | ITER: 2 END: OK
2019-11-26 13:38:31.986 3478 INFO rally.task.runner [-] Task 1643cad8-380c-4b3c-a108-e26b43a0346d | ITER: 8 START
2019-11-26 13:38:34.535 3477 INFO rally.task.runner [-] Task 1643cad8-380c-4b3c-a108-e26b43a0346d | ITER: 5 END: OK
2019-11-26 13:38:34.539 3477 INFO rally.task.runner [-] Task 1643cad8-380c-4b3c-a108-e26b43a0346d | ITER: 9 START
2019-11-26 13:38:34.642 3480 INFO rally.task.runner [-] Task 1643cad8-380c-4b3c-a108-e26b43a0346d | ITER: 6 END: OK
2019-11-26 13:38:34.645 3480 INFO rally.task.runner [-] Task 1643cad8-380c-4b3c-a108-e26b43a0346d | ITER: 10 START
2019-11-26 13:38:34.661 3479 INFO rally.task.runner [-] Task 1643cad8-380c-4b3c-a108-e26b43a0346d | ITER: 7 END: OK
2019-11-26 13:38:34.755 3478 INFO rally.task.runner [-] Task 1643cad8-380c-4b3c-a108-e26b43a0346d | ITER: 8 END: OK
2019-11-26 13:38:37.307 3477 INFO rally.task.runner [-] Task 1643cad8-380c-4b3c-a108-e26b43a0346d | ITER: 9 END: OK
2019-11-26 13:38:37.361 3480 INFO rally.task.runner [-] Task 1643cad8-380c-4b3c-a108-e26b43a0346d | ITER: 10 END: OK
2019-11-26 13:38:37.384 1845 INFO rally.task.context [-] Task 1643cad8-380c-4b3c-a108-e26b43a0346d | Context cleanup@openstack cleanup() started
2019-11-26 13:38:37.388 1845 RALLYDEBUG rally_openstack.cleanup.manager [-] Cleaning up cinder backups objects
2019-11-26 13:38:38.725 1845 RALLYDEBUG rally_openstack.cleanup.manager [-] Cleaning up cinder volume_snapshots objects
2019-11-26 13:38:39.912 1845 RALLYDEBUG rally_openstack.cleanup.manager [-] Cleaning up cinder transfers objects
2019-11-26 13:38:41.039 1845 RALLYDEBUG rally_openstack.cleanup.manager [-] Cleaning up cinder volumes objects
2019-11-26 13:38:42.339 1845 RALLYDEBUG rally_openstack.cleanup.manager [-] Deleting cinder.volumes object s_rally_c56f8faf_ad40MEbJ (dd9b13f2-72bb-4518-a7d2-0a1a7316ef7e)
2019-11-26 13:38:42.343 1845 RALLYDEBUG rally_openstack.cleanup.manager [-] Deleting cinder.volumes object s_rally_c56f8faf_fw0VrZZQ (d8596de6-66be-4136-9496-e586ecc55e27)
2019-11-26 13:38:42.357 1845 RALLYDEBUG rally_openstack.cleanup.manager [-] Deleting cinder.volumes object s_rally_c56f8faf_MgHp7VcU (b1c12b7f-b599-4007-a947-0d22bfd9f4dc)
2019-11-26 13:38:42.366 1845 RALLYDEBUG rally_openstack.cleanup.manager [-] Deleting cinder.volumes object s_rally_c56f8faf_Gfl1YJvr (e3a133bb-8d5f-414e-9181-ac2a6b99638c)
2019-11-26 13:38:42.376 1845 RALLYDEBUG rally_openstack.cleanup.manager [-] Deleting cinder.volumes object s_rally_c56f8faf_5wON5pmM (5a27817f-a104-4229-8f99-50d6f57775e7)
2019-11-26 13:38:42.405 1845 RALLYDEBUG rally_openstack.cleanup.manager [-] Deleting cinder.volumes object s_rally_c56f8faf_tJnGE9nJ (51f4b489-c5c7-4214-9884-4e914348d996)
2019-11-26 13:38:42.414 1845 RALLYDEBUG rally_openstack.cleanup.manager [-] Deleting cinder.volumes object s_rally_c56f8faf_acPOcnvv (e358c8f1-11c7-4c63-8f0f-ae3ebc43336a)
2019-11-26 13:38:42.428 1845 RALLYDEBUG rally_openstack.cleanup.manager [-] Deleting cinder.volumes object s_rally_c56f8faf_K1MtWU4f (4e301f24-aa95-4f2d-99e7-a32264cfcee9)
2019-11-26 13:38:42.437 1845 RALLYDEBUG rally_openstack.cleanup.manager [-] Deleting cinder.volumes object s_rally_c56f8faf_Fi7P4Ytr (19872c45-70df-49ba-a191-827e7019265f)
2019-11-26 13:38:42.443 1845 RALLYDEBUG rally_openstack.cleanup.manager [-] Deleting cinder.volumes object s_rally_c56f8faf_Pd4fUgbj (9d7dd43b-68bb-4a92-b079-01c3ab54ddd6)
2019-11-26 13:38:46.246 1845 INFO rally.task.context [-] Task 1643cad8-380c-4b3c-a108-e26b43a0346d | Context cleanup@openstack cleanup() finished in 8.86 sec
2019-11-26 13:38:46.246 1845 INFO rally.task.context [-] Task 1643cad8-380c-4b3c-a108-e26b43a0346d | Context api_versions@openstack cleanup() started
2019-11-26 13:38:46.247 1845 INFO rally.task.context [-] Task 1643cad8-380c-4b3c-a108-e26b43a0346d | Context api_versions@openstack cleanup() finished in 0.40 msec
2019-11-26 13:38:46.247 1845 INFO rally.task.context [-] Task 1643cad8-380c-4b3c-a108-e26b43a0346d | Context users@openstack cleanup() started
2019-11-26 13:38:50.789 1845 INFO rally.task.context [-] Task 1643cad8-380c-4b3c-a108-e26b43a0346d | Context users@openstack cleanup() finished in 4.54 sec
2019-11-26 13:38:52.070 1845 INFO rally.task.engine [-] Load duration is: 8.32543
2019-11-26 13:38:52.071 1845 INFO rally.task.engine [-] Full runner duration is: 8.372636
2019-11-26 13:38:52.071 1845 INFO rally.task.engine [-] Full duration is: 24.887905
2019-11-26 13:38:52.298 1845 INFO rally.task.engine [-] Running workload: position = 1 config = { "version": 2, "title": "A cropped version of a bigger task.", "description": "Auto-generated task from a single workload (uuid=c533e5c6-6778-4957-b868-2e17071ff457)", "subtasks": [ { "title": "CinderVolumes.create_volume", "description": "Create a volume.", "scenario": { "CinderVolumes.create_volume": { "size": { "min": 1, "max": 1 } } }, "contexts": { "users": { "tenants": 3, "users_per_tenant": 2 }, "quotas": { "cinder": { "gigabytes": -1, "snapshots": -1, "volumes": -1 } }, "api_versions": { "cinder": { "version": 3, "service_type": "volumev3" } } }, "runner": { "constant": { "concurrency": 4, "times": 10 } }, "hooks": [], "sla": { "failure_rate": { "max": 0 } } } ] }
2019-11-26 13:38:52.325 1845 RALLYDEBUG rally_openstack.contexts.keystone.users [-] Creating 3 tenants using 20 threads
2019-11-26 13:38:53.458 1845 RALLYDEBUG rally_openstack.contexts.keystone.users [-] Creating 6 users using 20 threads
2019-11-26 13:38:55.049 1845 INFO rally.task.context [-] Task 1643cad8-380c-4b3c-a108-e26b43a0346d | Context users@openstack setup() finished in 2.72 sec
2019-11-26 13:38:55.575 1845 INFO rally.task.context [-] Task 1643cad8-380c-4b3c-a108-e26b43a0346d | Context api_versions@openstack setup() finished in 0.53 sec
2019-11-26 13:38:56.446 1845 INFO rally.task.context [-] Task 1643cad8-380c-4b3c-a108-e26b43a0346d | Context quotas@openstack setup() finished in 0.87 sec
2019-11-26 13:38:56.447 1845 INFO rally.task.context [-] Task 1643cad8-380c-4b3c-a108-e26b43a0346d | Context cleanup@openstack setup() finished in 0.03 msec
2019-11-26 13:38:56.456 1845 RALLYDEBUG rally.task.runner [-] Starting the constant runner (task UUID: 1643cad8-380c-4b3c-a108-e26b43a0346d). times: 10 concurrency: 4 timeout: 0 max_cpu_used: 16 processes_to_start: 4 concurrency_per_worker: 1 concurrency_overhead: 0
2019-11-26 13:38:56.468 3661 RALLYDEBUG rally.task.runner [-] Starting a worker. times: 10 duration: None concurrency: 1 timeout: 0 cls: method_name: run args: {"size": {"min": 1, "max": 1}}
2019-11-26 13:38:56.472 3662 RALLYDEBUG rally.task.runner [-] Starting a worker. times: 10 duration: None concurrency: 1 timeout: 0 cls: method_name: run args: {"size": {"min": 1, "max": 1}}
2019-11-26 13:38:56.476 3661 INFO rally.task.runner [-] Task 1643cad8-380c-4b3c-a108-e26b43a0346d | ITER: 1 START
2019-11-26 13:38:56.476 3663 RALLYDEBUG rally.task.runner [-] Starting a worker. times: 10 duration: None concurrency: 1 timeout: 0 cls: method_name: run args: {"size": {"min": 1, "max": 1}}
2019-11-26 13:38:56.479 3662 INFO rally.task.runner [-] Task 1643cad8-380c-4b3c-a108-e26b43a0346d | ITER: 2 START
2019-11-26 13:38:56.480 3664 RALLYDEBUG rally.task.runner [-] Starting a worker. times: 10 duration: None concurrency: 1 timeout: 0 cls: method_name: run args: {"size": {"min": 1, "max": 1}}
2019-11-26 13:38:56.483 3663 INFO rally.task.runner [-] Task 1643cad8-380c-4b3c-a108-e26b43a0346d | ITER: 3 START
2019-11-26 13:38:56.486 3664 INFO rally.task.runner [-] Task 1643cad8-380c-4b3c-a108-e26b43a0346d | ITER: 4 START
2019-11-26 13:38:59.320 3662 INFO rally.task.runner [-] Task 1643cad8-380c-4b3c-a108-e26b43a0346d | ITER: 2 END: OK
2019-11-26 13:38:59.325 3662 INFO rally.task.runner [-] Task 1643cad8-380c-4b3c-a108-e26b43a0346d | ITER: 5 START
2019-11-26 13:38:59.325 3661 INFO rally.task.runner [-] Task 1643cad8-380c-4b3c-a108-e26b43a0346d | ITER: 1 END: OK
2019-11-26 13:38:59.330 3661 INFO rally.task.runner [-] Task 1643cad8-380c-4b3c-a108-e26b43a0346d | ITER: 6 START
2019-11-26 13:38:59.339 3663 INFO rally.task.runner [-] Task 1643cad8-380c-4b3c-a108-e26b43a0346d | ITER: 3 END: OK
2019-11-26 13:38:59.344 3663 INFO rally.task.runner [-] Task 1643cad8-380c-4b3c-a108-e26b43a0346d | ITER: 7 START
2019-11-26 13:38:59.632 3664 INFO rally.task.runner [-] Task 1643cad8-380c-4b3c-a108-e26b43a0346d | ITER: 4 END: OK
2019-11-26 13:38:59.637 3664 INFO rally.task.runner [-] Task 1643cad8-380c-4b3c-a108-e26b43a0346d | ITER: 8 START
2019-11-26 13:39:02.021 3662 INFO rally.task.runner [-] Task 1643cad8-380c-4b3c-a108-e26b43a0346d | ITER: 5 END: OK
2019-11-26 13:39:02.025 3662 INFO rally.task.runner [-] Task 1643cad8-380c-4b3c-a108-e26b43a0346d | ITER: 9 START
2019-11-26 13:39:02.026 3661 INFO rally.task.runner [-] Task 1643cad8-380c-4b3c-a108-e26b43a0346d | ITER: 6 END: OK
2019-11-26 13:39:02.029 3661 INFO rally.task.runner [-] Task 1643cad8-380c-4b3c-a108-e26b43a0346d | ITER: 10 START
2019-11-26 13:39:02.043 3663 INFO rally.task.runner [-] Task 1643cad8-380c-4b3c-a108-e26b43a0346d | ITER: 7 END: OK
2019-11-26 13:39:02.485 3664 INFO rally.task.runner [-] Task 1643cad8-380c-4b3c-a108-e26b43a0346d | ITER: 8 END: OK
2019-11-26 13:39:04.785 3661 INFO rally.task.runner [-] Task 1643cad8-380c-4b3c-a108-e26b43a0346d | ITER: 10 END: OK
2019-11-26 13:39:05.005 3662 INFO rally.task.runner [-] Task 1643cad8-380c-4b3c-a108-e26b43a0346d | ITER: 9 END: OK
2019-11-26 13:39:05.029 1845 INFO rally.task.context [-] Task 1643cad8-380c-4b3c-a108-e26b43a0346d | Context cleanup@openstack cleanup() started
2019-11-26 13:39:05.033 1845 RALLYDEBUG rally_openstack.cleanup.manager [-] Cleaning up cinder backups objects
2019-11-26 13:39:06.238 1845 RALLYDEBUG rally_openstack.cleanup.manager [-] Cleaning up cinder volume_snapshots objects
2019-11-26 13:39:07.999 1845 RALLYDEBUG rally_openstack.cleanup.manager [-] Cleaning up cinder transfers objects
2019-11-26 13:39:09.151 1845 RALLYDEBUG rally_openstack.cleanup.manager [-] Cleaning up cinder volumes objects
2019-11-26 13:39:10.399 1845 RALLYDEBUG rally_openstack.cleanup.manager [-] Deleting cinder.volumes object s_rally_c533e5c6_uKMqqNPX (cf89481e-be09-4448-8b36-4d6aaa5da324)
2019-11-26 13:39:10.403 1845 RALLYDEBUG rally_openstack.cleanup.manager [-] Deleting cinder.volumes object s_rally_c533e5c6_mYZq1HCG (69a9af25-4775-4d89-b273-baef6e36afa0)
2019-11-26 13:39:10.412 1845 RALLYDEBUG rally_openstack.cleanup.manager [-] Deleting cinder.volumes object s_rally_c533e5c6_LtXiTHQB (944f2ac5-e803-46cb-9fa3-e4cedb0aa98a)
2019-11-26 13:39:10.415 1845 RALLYDEBUG rally_openstack.cleanup.manager [-] Deleting cinder.volumes object s_rally_c533e5c6_0Q1T8aDB (482bd3a2-443b-48c2-8b3b-be39d4909567)
2019-11-26 13:39:10.429 1845 RALLYDEBUG rally_openstack.cleanup.manager [-] Deleting cinder.volumes object s_rally_c533e5c6_NnmX8zXn (17896e5d-41aa-4af5-a7ac-0159f2b6fe01)
2019-11-26 13:39:10.438 1845 RALLYDEBUG rally_openstack.cleanup.manager [-] Deleting cinder.volumes object s_rally_c533e5c6_j6sMtwbT (cc1ec6ac-5286-4412-98e7-76d66141f251)
2019-11-26 13:39:10.452 1845 RALLYDEBUG rally_openstack.cleanup.manager [-] Deleting cinder.volumes object s_rally_c533e5c6_HFDmdcJB (4eb208ca-ace5-470a-8493-4c38c3842ebc)
2019-11-26 13:39:10.461 1845 RALLYDEBUG rally_openstack.cleanup.manager [-] Deleting cinder.volumes object s_rally_c533e5c6_RSxdqokT (4bdc7199-b5b4-417b-bcd4-f94e7e47a0b1)
2019-11-26 13:39:10.467 1845 RALLYDEBUG rally_openstack.cleanup.manager [-] Deleting cinder.volumes object s_rally_c533e5c6_zyCgbjJY (eee8dc91-7a10-4116-bc0b-332b867ff240)
2019-11-26 13:39:10.482 1845 RALLYDEBUG rally_openstack.cleanup.manager [-] Deleting cinder.volumes object s_rally_c533e5c6_ZNjqaF5V (480df2b0-1930-46da-b565-c883d1693576)
2019-11-26 13:39:14.164 1845 INFO rally.task.context [-] Task 1643cad8-380c-4b3c-a108-e26b43a0346d | Context cleanup@openstack cleanup() finished in 9.13 sec
2019-11-26 13:39:14.165 1845 INFO rally.task.context [-] Task 1643cad8-380c-4b3c-a108-e26b43a0346d | Context quotas@openstack cleanup() started
2019-11-26 13:39:14.257 1845 INFO rally.task.context [-] Task 1643cad8-380c-4b3c-a108-e26b43a0346d | Context quotas@openstack cleanup() finished in 92.44 msec
2019-11-26 13:39:14.258 1845 INFO rally.task.context [-] Task 1643cad8-380c-4b3c-a108-e26b43a0346d | Context api_versions@openstack cleanup() started
2019-11-26 13:39:14.258 1845 INFO rally.task.context [-] Task 1643cad8-380c-4b3c-a108-e26b43a0346d | Context api_versions@openstack cleanup() finished in 0.37 msec
2019-11-26 13:39:14.259 1845 INFO rally.task.context [-] Task 1643cad8-380c-4b3c-a108-e26b43a0346d | Context users@openstack cleanup() started
2019-11-26 13:39:18.862 1845 INFO rally.task.context [-] Task 1643cad8-380c-4b3c-a108-e26b43a0346d | Context users@openstack cleanup() finished in 4.60 sec
2019-11-26 13:39:20.565 1845 INFO rally.task.engine [-] Load duration is: 8.524399
2019-11-26 13:39:20.566 1845 INFO rally.task.engine [-] Full runner duration is: 8.573707
2019-11-26 13:39:20.566 1845 INFO rally.task.engine [-] Full duration is: 26.539384
2019-11-26 13:39:20.906 1845 INFO rally.task.engine [-] Running workload: position = 0 config = { "version": 2, "title": "A cropped version of a bigger task.", "description": "Auto-generated task from a single workload (uuid=c1f5df98-6727-4408-be55-4290892ae5a9)", "subtasks": [ { "title": "CinderVolumes.list_volumes", "description": "List all volumes.", "scenario": { "CinderVolumes.list_volumes": { "detailed": true } }, "contexts": { "users": { "tenants": 3, "users_per_tenant": 2 }, "quotas": { "cinder": { "gigabytes": -1, "snapshots": -1, "volumes": -1 } }, "api_versions": { "cinder": { "version": 3, "service_type": "volumev3" } }, "volumes": { "size": 1, "volumes_per_tenant": 4 } }, "runner": { "constant": { "concurrency": 4, "times": 10 } }, "hooks": [], "sla": { "failure_rate": { "max": 0 } } } ] }
2019-11-26 13:39:20.932 1845 RALLYDEBUG rally_openstack.contexts.keystone.users [-] Creating 3 tenants using 20 threads
2019-11-26 13:39:21.898 1845 RALLYDEBUG rally_openstack.contexts.keystone.users [-] Creating 6 users using 20 threads
2019-11-26 13:39:23.420 1845 INFO rally.task.context [-] Task 1643cad8-380c-4b3c-a108-e26b43a0346d | Context users@openstack setup() finished in 2.49 sec
2019-11-26 13:39:23.845 1845 INFO rally.task.context [-] Task 1643cad8-380c-4b3c-a108-e26b43a0346d | Context api_versions@openstack setup() finished in 0.42 sec
2019-11-26 13:39:24.818 1845 INFO rally.task.context [-] Task 1643cad8-380c-4b3c-a108-e26b43a0346d | Context quotas@openstack setup() finished in 0.97 sec
2019-11-26 13:39:55.206 1845 INFO rally.task.context [-] Task 1643cad8-380c-4b3c-a108-e26b43a0346d | Context volumes@openstack setup() finished in 30.39 sec
2019-11-26 13:39:55.216 1845 RALLYDEBUG rally.task.runner [-] Starting the constant runner (task UUID: 1643cad8-380c-4b3c-a108-e26b43a0346d). times: 10 concurrency: 4 timeout: 0 max_cpu_used: 16 processes_to_start: 4 concurrency_per_worker: 1 concurrency_overhead: 0
2019-11-26 13:39:55.228 3845 RALLYDEBUG rally.task.runner [-] Starting a worker. times: 10 duration: None concurrency: 1 timeout: 0 cls: method_name: run args: {"detailed": true}
2019-11-26 13:39:55.231 3846 RALLYDEBUG rally.task.runner [-] Starting a worker. times: 10 duration: None concurrency: 1 timeout: 0 cls: method_name: run args: {"detailed": true}
2019-11-26 13:39:55.236 3845 INFO rally.task.runner [-] Task 1643cad8-380c-4b3c-a108-e26b43a0346d | ITER: 1 START
2019-11-26 13:39:55.235 3847 RALLYDEBUG rally.task.runner [-] Starting a worker. times: 10 duration: None concurrency: 1 timeout: 0 cls: method_name: run args: {"detailed": true}
2019-11-26 13:39:55.239 3846 INFO rally.task.runner [-] Task 1643cad8-380c-4b3c-a108-e26b43a0346d | ITER: 2 START
2019-11-26 13:39:55.239 3848 RALLYDEBUG rally.task.runner [-] Starting a worker. times: 10 duration: None concurrency: 1 timeout: 0 cls: method_name: run args: {"detailed": true}
2019-11-26 13:39:55.243 3847 INFO rally.task.runner [-] Task 1643cad8-380c-4b3c-a108-e26b43a0346d | ITER: 3 START
2019-11-26 13:39:55.246 3848 INFO rally.task.runner [-] Task 1643cad8-380c-4b3c-a108-e26b43a0346d | ITER: 4 START
2019-11-26 13:39:55.657 3845 INFO rally.task.runner [-] Task 1643cad8-380c-4b3c-a108-e26b43a0346d | ITER: 1 END: OK
2019-11-26 13:39:55.658 3847 INFO rally.task.runner [-] Task 1643cad8-380c-4b3c-a108-e26b43a0346d | ITER: 3 END: OK
2019-11-26 13:39:55.662 3845 INFO rally.task.runner [-] Task 1643cad8-380c-4b3c-a108-e26b43a0346d | ITER: 5 START
2019-11-26 13:39:55.663 3847 INFO rally.task.runner [-] Task 1643cad8-380c-4b3c-a108-e26b43a0346d | ITER: 6 START
2019-11-26 13:39:55.671 3846 INFO rally.task.runner [-] Task 1643cad8-380c-4b3c-a108-e26b43a0346d | ITER: 2 END: OK
2019-11-26 13:39:55.671 3848 INFO rally.task.runner [-] Task 1643cad8-380c-4b3c-a108-e26b43a0346d | ITER: 4 END: OK
2019-11-26 13:39:55.675 3846 INFO rally.task.runner [-] Task 1643cad8-380c-4b3c-a108-e26b43a0346d | ITER: 8 START
2019-11-26 13:39:55.675 3848 INFO rally.task.runner [-] Task 1643cad8-380c-4b3c-a108-e26b43a0346d | ITER: 7 START
2019-11-26 13:39:56.065 3846 INFO rally.task.runner [-] Task 1643cad8-380c-4b3c-a108-e26b43a0346d | ITER: 8 END: OK
2019-11-26 13:39:56.066 3847 INFO rally.task.runner [-] Task 1643cad8-380c-4b3c-a108-e26b43a0346d | ITER: 6 END: OK
2019-11-26 13:39:56.069 3846 INFO rally.task.runner [-] Task 1643cad8-380c-4b3c-a108-e26b43a0346d | ITER: 9 START
2019-11-26 13:39:56.070 3847 INFO rally.task.runner [-] Task 1643cad8-380c-4b3c-a108-e26b43a0346d | ITER: 10 START
2019-11-26 13:39:56.076 3848 INFO rally.task.runner [-] Task 1643cad8-380c-4b3c-a108-e26b43a0346d | ITER: 7 END: OK
2019-11-26 13:39:56.346 3845 INFO rally.task.runner [-] Task 1643cad8-380c-4b3c-a108-e26b43a0346d | ITER: 5 END: OK
2019-11-26 13:39:56.465 3846 INFO rally.task.runner [-] Task 1643cad8-380c-4b3c-a108-e26b43a0346d | ITER: 9 END: OK
2019-11-26 13:39:56.584 3847 INFO rally.task.runner [-] Task 1643cad8-380c-4b3c-a108-e26b43a0346d | ITER: 10 END: OK
2019-11-26 13:39:56.609 1845 INFO rally.task.context [-] Task 1643cad8-380c-4b3c-a108-e26b43a0346d | Context volumes@openstack cleanup() started
2019-11-26 13:39:56.611 1845 RALLYDEBUG rally_openstack.cleanup.manager [-] Cleaning up cinder volumes objects
2019-11-26 13:39:57.870 1845 RALLYDEBUG rally_openstack.cleanup.manager [-] Deleting cinder.volumes object c_rally_c1f5df98_jaPV1oLZ (b7db10e2-afe5-47c2-b74d-9442f86f26d0)
2019-11-26 13:39:57.879 1845 RALLYDEBUG rally_openstack.cleanup.manager [-] Deleting cinder.volumes object c_rally_c1f5df98_bTBQ70ly (7ff7bfa7-91f9-4418-a0b7-c7c4764b1fd4)
2019-11-26 13:39:57.885 1845 RALLYDEBUG rally_openstack.cleanup.manager [-] Deleting cinder.volumes object c_rally_c1f5df98_qNB0Zind (65fbc693-47b9-4edc-ab5c-d5b2b2aebf8b)
2019-11-26 13:39:57.886 1845 RALLYDEBUG rally_openstack.cleanup.manager [-] Deleting cinder.volumes object c_rally_c1f5df98_ob9iJDGK (6b32015e-b855-4064-95a7-4166d0b008ed)
2019-11-26 13:39:57.892 1845 RALLYDEBUG rally_openstack.cleanup.manager [-] Deleting cinder.volumes object c_rally_c1f5df98_kXGy9x4n (20b3b82e-1abf-48e5-9e68-808e2aab2207)
2019-11-26 13:39:57.920 1845 RALLYDEBUG rally_openstack.cleanup.manager [-] Deleting cinder.volumes object c_rally_c1f5df98_hfCmjjye (47f105f3-f5dd-4f05-95d1-fc083038a74b)
2019-11-26 13:39:57.929 1845 RALLYDEBUG rally_openstack.cleanup.manager [-] Deleting cinder.volumes object c_rally_c1f5df98_VSw7uTK6 (ff5c9e9f-633a-434e-a659-732d6c831c3d)
2019-11-26 13:39:57.934 1845 RALLYDEBUG rally_openstack.cleanup.manager [-] Deleting cinder.volumes object c_rally_c1f5df98_tMXTq0fh (7666d805-c593-4331-882f-236a7b4919b1)
2019-11-26 13:39:57.950 1845 RALLYDEBUG rally_openstack.cleanup.manager [-] Deleting cinder.volumes object c_rally_c1f5df98_DLnBzBbu (4cb0f4d3-9779-4976-8634-c576e21d3653)
2019-11-26 13:39:57.956 1845 RALLYDEBUG rally_openstack.cleanup.manager [-] Deleting cinder.volumes object c_rally_c1f5df98_ng9WQGLk (6eb0a2f8-057b-4b67-bc32-f21a7c33e26a)
2019-11-26 13:39:57.970 1845 RALLYDEBUG rally_openstack.cleanup.manager [-] Deleting cinder.volumes object c_rally_c1f5df98_x7eVIo9o (84853e90-9b70-495c-b786-5a35923e7e3a)
2019-11-26 13:39:57.975 1845 RALLYDEBUG rally_openstack.cleanup.manager [-] Deleting cinder.volumes object c_rally_c1f5df98_llFxSTJs (d6e8af98-fd37-45f7-a169-03fd81d882d8)
2019-11-26 13:40:01.802 1845 INFO rally.task.context [-] Task 1643cad8-380c-4b3c-a108-e26b43a0346d | Context volumes@openstack cleanup() finished in 5.19 sec
2019-11-26 13:40:01.803 1845 INFO rally.task.context [-] Task 1643cad8-380c-4b3c-a108-e26b43a0346d | Context quotas@openstack cleanup() started
2019-11-26 13:40:01.887 1845 INFO rally.task.context [-] Task 1643cad8-380c-4b3c-a108-e26b43a0346d | Context quotas@openstack cleanup() finished in 84.30 msec
2019-11-26 13:40:01.888 1845 INFO rally.task.context [-] Task 1643cad8-380c-4b3c-a108-e26b43a0346d | Context api_versions@openstack cleanup() started
2019-11-26 13:40:01.888 1845 INFO rally.task.context [-] Task 1643cad8-380c-4b3c-a108-e26b43a0346d | Context api_versions@openstack cleanup() finished in 0.43 msec
2019-11-26 13:40:01.889 1845 INFO rally.task.context [-] Task 1643cad8-380c-4b3c-a108-e26b43a0346d | Context users@openstack cleanup() started
2019-11-26 13:40:06.455 1845 INFO rally.task.context [-] Task 1643cad8-380c-4b3c-a108-e26b43a0346d | Context users@openstack cleanup() finished in 4.57 sec
2019-11-26 13:40:07.139 1845 INFO rally.task.engine [-] Load duration is: 1.343517
2019-11-26 13:40:07.139 1845 INFO rally.task.engine [-] Full runner duration is: 1.393761
2019-11-26 13:40:07.140 1845 INFO rally.task.engine [-] Full duration is: 45.525393
2019-11-26 13:40:07.529 1845 INFO rally.task.engine [-] Running workload: position = 0 config = { "version": 2, "title": "A cropped version of a bigger task.", "description": "Auto-generated task from a single workload (uuid=ebb6d43d-6c33-4f45-913a-bbe1d11ba8bd)", "subtasks": [ { "title": "CinderVolumes.create_and_delete_snapshot", "description": "Create and then delete a volume-snapshot.", "scenario": { "CinderVolumes.create_and_delete_snapshot": { "force": false } }, "contexts": { "users": { "tenants": 3, "users_per_tenant": 2 }, "quotas": { "cinder": { "gigabytes": -1, "snapshots": -1, "volumes": -1 } }, "api_versions": { "cinder": { "version": 3, "service_type": "volumev3" } }, "volumes": { "size": 1, "volumes_per_tenant": 1 } }, "runner": { "constant": { "concurrency": 4, "times": 10 } }, "hooks": [], "sla": { "failure_rate": { "max": 0 } } } ] }
2019-11-26 13:40:07.556 1845 RALLYDEBUG rally_openstack.contexts.keystone.users [-] Creating 3 tenants using 20 threads
2019-11-26 13:40:08.640 1845 RALLYDEBUG rally_openstack.contexts.keystone.users [-] Creating 6 users using 20 threads
2019-11-26 13:40:10.288 1845 INFO rally.task.context [-] Task 1643cad8-380c-4b3c-a108-e26b43a0346d | Context users@openstack setup() finished in 2.73 sec
2019-11-26 13:40:10.712 1845 INFO rally.task.context [-] Task 1643cad8-380c-4b3c-a108-e26b43a0346d | Context api_versions@openstack setup() finished in 0.42 sec
2019-11-26 13:40:11.684 1845 INFO rally.task.context [-] Task 1643cad8-380c-4b3c-a108-e26b43a0346d | Context quotas@openstack setup() finished in 0.97 sec
2019-11-26 13:40:20.421 1845 INFO rally.task.context [-] Task 1643cad8-380c-4b3c-a108-e26b43a0346d | Context volumes@openstack setup() finished in 8.74 sec
2019-11-26 13:40:20.422 1845 INFO rally.task.context [-] Task 1643cad8-380c-4b3c-a108-e26b43a0346d | Context cleanup@openstack setup() finished in 0.01 msec
2019-11-26 13:40:20.431 1845 RALLYDEBUG rally.task.runner [-] Starting the constant runner (task UUID: 1643cad8-380c-4b3c-a108-e26b43a0346d). times: 10 concurrency: 4 timeout: 0 max_cpu_used: 16 processes_to_start: 4 concurrency_per_worker: 1 concurrency_overhead: 0
2019-11-26 13:40:20.443 3969 RALLYDEBUG rally.task.runner [-] Starting a worker. times: 10 duration: None concurrency: 1 timeout: 0 cls: method_name: run args: {"force": false}
2019-11-26 13:40:20.446 3970 RALLYDEBUG rally.task.runner [-] Starting a worker. times: 10 duration: None concurrency: 1 timeout: 0 cls: method_name: run args: {"force": false}
2019-11-26 13:40:20.450 3969 INFO rally.task.runner [-] Task 1643cad8-380c-4b3c-a108-e26b43a0346d | ITER: 1 START
2019-11-26 13:40:20.450 3971 RALLYDEBUG rally.task.runner [-] Starting a worker. times: 10 duration: None concurrency: 1 timeout: 0 cls: method_name: run args: {"force": false}
2019-11-26 13:40:20.454 3970 INFO rally.task.runner [-] Task 1643cad8-380c-4b3c-a108-e26b43a0346d | ITER: 2 START
2019-11-26 13:40:20.454 3972 RALLYDEBUG rally.task.runner [-] Starting a worker. times: 10 duration: None concurrency: 1 timeout: 0 cls: method_name: run args: {"force": false}
2019-11-26 13:40:20.457 3971 INFO rally.task.runner [-] Task 1643cad8-380c-4b3c-a108-e26b43a0346d | ITER: 3 START
2019-11-26 13:40:20.461 3972 INFO rally.task.runner [-] Task 1643cad8-380c-4b3c-a108-e26b43a0346d | ITER: 4 START
2019-11-26 13:40:23.151 3972 RALLYDEBUG rally.task.utils [-] Waiting for resource s_rally_ebb6d43d_YQcFxxZl. Status changed: AVAILABLE => DELETING in 0.026245594024658203
2019-11-26 13:40:23.157 3969 RALLYDEBUG rally.task.utils [-] Waiting for resource s_rally_ebb6d43d_jBZdtzoS. Status changed: AVAILABLE => DELETING in 0.03263211250305176
2019-11-26 13:40:23.200 3971 RALLYDEBUG rally.task.utils [-] Waiting for resource s_rally_ebb6d43d_WDKWKLSR. Status changed: AVAILABLE => DELETING in 0.02694869041442871
2019-11-26 13:40:23.217 3970 RALLYDEBUG rally.task.utils [-] Waiting for resource s_rally_ebb6d43d_F9isZdDx. Status changed: AVAILABLE => DELETING in 0.027765989303588867
2019-11-26 13:40:25.184 3972 INFO rally.task.runner [-] Task 1643cad8-380c-4b3c-a108-e26b43a0346d | ITER: 4 END: OK
2019-11-26 13:40:25.187 3969 INFO rally.task.runner [-] Task 1643cad8-380c-4b3c-a108-e26b43a0346d | ITER: 1 END: OK
2019-11-26 13:40:25.189 3972 INFO rally.task.runner [-] Task 1643cad8-380c-4b3c-a108-e26b43a0346d | ITER: 5 START
2019-11-26 13:40:25.191 3969 INFO rally.task.runner [-] Task 1643cad8-380c-4b3c-a108-e26b43a0346d | ITER: 6 START
2019-11-26 13:40:25.246 3971 INFO rally.task.runner [-] Task 1643cad8-380c-4b3c-a108-e26b43a0346d | ITER: 3 END: OK
2019-11-26 13:40:25.247 3970 INFO rally.task.runner [-] Task 1643cad8-380c-4b3c-a108-e26b43a0346d | ITER: 2 END: OK
2019-11-26 13:40:25.251 3971 INFO rally.task.runner [-] Task 1643cad8-380c-4b3c-a108-e26b43a0346d | ITER: 7 START
2019-11-26 13:40:25.251 3970 INFO rally.task.runner [-] Task 1643cad8-380c-4b3c-a108-e26b43a0346d | ITER: 8 START
2019-11-26 13:40:27.885 3972 RALLYDEBUG rally.task.utils [-] Waiting for resource s_rally_ebb6d43d_fzxgxeet. Status changed: AVAILABLE => DELETING in 0.03176593780517578
2019-11-26 13:40:27.938 3970 RALLYDEBUG rally.task.utils [-] Waiting for resource s_rally_ebb6d43d_nL3GCKSN. Status changed: AVAILABLE => DELETING in 0.025838851928710938
2019-11-26 13:40:27.950 3969 RALLYDEBUG rally.task.utils [-] Waiting for resource s_rally_ebb6d43d_QJxZWs9R. Status changed: AVAILABLE => DELETING in 0.028855562210083008
2019-11-26 13:40:27.983 3971 RALLYDEBUG rally.task.utils [-] Waiting for resource s_rally_ebb6d43d_gkmsQkTh. Status changed: AVAILABLE => DELETING in 0.027408838272094727
2019-11-26 13:40:29.915 3972 INFO rally.task.runner [-] Task 1643cad8-380c-4b3c-a108-e26b43a0346d | ITER: 5 END: OK
2019-11-26 13:40:29.918 3972 INFO rally.task.runner [-] Task 1643cad8-380c-4b3c-a108-e26b43a0346d | ITER: 9 START
2019-11-26 13:40:29.968 3970 INFO rally.task.runner [-] Task 1643cad8-380c-4b3c-a108-e26b43a0346d | ITER: 8 END: OK
2019-11-26 13:40:29.971 3970 INFO rally.task.runner [-] Task 1643cad8-380c-4b3c-a108-e26b43a0346d | ITER: 10 START
2019-11-26 13:40:29.982 3969 INFO rally.task.runner [-] Task 1643cad8-380c-4b3c-a108-e26b43a0346d | ITER: 6 END: OK
2019-11-26 13:40:30.016 3971 INFO rally.task.runner [-] Task 1643cad8-380c-4b3c-a108-e26b43a0346d | ITER: 7 END: OK
2019-11-26 13:40:32.618 3972 RALLYDEBUG rally.task.utils [-] Waiting for resource s_rally_ebb6d43d_N1DAb6Ai. Status changed: AVAILABLE => DELETING in 0.02969074249267578
2019-11-26 13:40:32.645 3970 RALLYDEBUG rally.task.utils [-] Waiting for resource s_rally_ebb6d43d_lLT1vCR2. Status changed: AVAILABLE => DELETING in 0.030185461044311523
2019-11-26 13:40:34.652 3972 INFO rally.task.runner [-] Task 1643cad8-380c-4b3c-a108-e26b43a0346d | ITER: 9 END: OK
2019-11-26 13:40:34.672 3970 INFO rally.task.runner [-] Task 1643cad8-380c-4b3c-a108-e26b43a0346d | ITER: 10 END: OK
2019-11-26 13:40:34.695 1845 INFO rally.task.context [-] Task 1643cad8-380c-4b3c-a108-e26b43a0346d | Context cleanup@openstack cleanup() started
2019-11-26 13:40:34.697 1845 RALLYDEBUG rally_openstack.cleanup.manager [-] Cleaning up cinder backups objects
2019-11-26 13:40:35.859 1845 RALLYDEBUG rally_openstack.cleanup.manager [-] Cleaning up cinder volume_snapshots objects
2019-11-26 13:40:37.331 1845 RALLYDEBUG rally_openstack.cleanup.manager [-] Cleaning up cinder transfers objects
2019-11-26 13:40:38.519 1845 RALLYDEBUG rally_openstack.cleanup.manager [-] Cleaning up cinder volumes objects
2019-11-26 13:40:39.783 1845 INFO rally.task.context [-] Task 1643cad8-380c-4b3c-a108-e26b43a0346d | Context cleanup@openstack cleanup() finished in 5.09 sec
2019-11-26 13:40:39.783 1845 INFO rally.task.context [-] Task 1643cad8-380c-4b3c-a108-e26b43a0346d | Context volumes@openstack cleanup() started
2019-11-26 13:40:39.784 1845 RALLYDEBUG rally_openstack.cleanup.manager [-] Cleaning up cinder volumes objects
2019-11-26 13:40:41.048 1845 RALLYDEBUG rally_openstack.cleanup.manager [-] Deleting cinder.volumes object c_rally_ebb6d43d_g0mpJHVc (4a7adc3d-9be5-475e-99ef-ee8e797fdb13)
2019-11-26 13:40:41.054 1845 RALLYDEBUG rally_openstack.cleanup.manager [-] Deleting cinder.volumes object c_rally_ebb6d43d_01ZWGYNt (4cea0dc0-b363-4417-96d4-fa41ff7c3c25)
2019-11-26 13:40:41.061 1845 RALLYDEBUG rally_openstack.cleanup.manager [-] Deleting cinder.volumes object c_rally_ebb6d43d_Et4HFuRu (9f4243b2-6e43-4052-9574-4413447abb80)
2019-11-26 13:40:43.600 1845 INFO rally.task.context [-] Task 1643cad8-380c-4b3c-a108-e26b43a0346d | Context volumes@openstack cleanup() finished in 3.82 sec
2019-11-26 13:40:43.600 1845 INFO rally.task.context [-] Task 1643cad8-380c-4b3c-a108-e26b43a0346d | Context quotas@openstack cleanup() started
2019-11-26 13:40:43.684 1845 INFO rally.task.context [-] Task 1643cad8-380c-4b3c-a108-e26b43a0346d | Context quotas@openstack cleanup() finished in 83.69 msec
2019-11-26 13:40:43.685 1845 INFO rally.task.context [-] Task 1643cad8-380c-4b3c-a108-e26b43a0346d | Context api_versions@openstack cleanup() started
2019-11-26 13:40:43.685 1845 INFO rally.task.context [-] Task 1643cad8-380c-4b3c-a108-e26b43a0346d | Context api_versions@openstack cleanup() finished in 0.35 msec
2019-11-26 13:40:43.685 1845 INFO rally.task.context [-] Task 1643cad8-380c-4b3c-a108-e26b43a0346d | Context users@openstack cleanup() started
2019-11-26 13:40:48.164 1845 INFO rally.task.context [-] Task 1643cad8-380c-4b3c-a108-e26b43a0346d | Context users@openstack cleanup() finished in 4.48 sec
2019-11-26 13:40:49.760 1845 INFO rally.task.engine [-] Load duration is: 14.217282
2019-11-26 13:40:49.760 1845 INFO rally.task.engine [-] Full runner duration is: 14.264328
2019-11-26 13:40:49.761 1845 INFO rally.task.engine [-] Full duration is: 40.611473
2019-11-26 13:40:50.144 1845 INFO rally.task.engine [-] Running workload: position = 0 config = { "version": 2, "title": "A cropped version of a bigger task.", "description": "Auto-generated task from a single workload (uuid=524a6717-04bd-4f7c-bf87-d02c4a1431d2)", "subtasks": [ { "title": "CinderVolumes.create_and_delete_volume", "description": "Create and then delete a volume.", "scenario": { "CinderVolumes.create_and_delete_volume": { "size": { "max": 1, "min": 1 } } }, "contexts": { "users": { "tenants": 3, "users_per_tenant": 2 }, "quotas": { "cinder": { "gigabytes": -1, "snapshots": -1, "volumes": -1 } }, "api_versions": { "cinder": { "version": 3, "service_type": "volumev3" } } }, "runner": { "constant": { "concurrency": 4, "times": 10 } }, "hooks": [], "sla": { "failure_rate": { "max": 0 } } } ] }
2019-11-26 13:40:50.168 1845 RALLYDEBUG rally_openstack.contexts.keystone.users [-] Creating 3 tenants using 20 threads
2019-11-26 13:40:51.298 1845 RALLYDEBUG rally_openstack.contexts.keystone.users [-] Creating 6 users using 20 threads
2019-11-26 13:40:52.839 1845 INFO rally.task.context [-] Task 1643cad8-380c-4b3c-a108-e26b43a0346d | Context users@openstack setup() finished in 2.67 sec
2019-11-26 13:40:53.268 1845 INFO rally.task.context [-] Task 1643cad8-380c-4b3c-a108-e26b43a0346d | Context api_versions@openstack setup() finished in 0.43 sec
2019-11-26 13:40:54.226 1845 INFO rally.task.context [-] Task 1643cad8-380c-4b3c-a108-e26b43a0346d | Context quotas@openstack setup() finished in 0.96 sec
2019-11-26 13:40:54.227 1845 INFO rally.task.context [-] Task 1643cad8-380c-4b3c-a108-e26b43a0346d | Context cleanup@openstack setup() finished in 0.01 msec
2019-11-26 13:40:54.236 1845 RALLYDEBUG rally.task.runner [-] Starting the constant runner (task UUID: 1643cad8-380c-4b3c-a108-e26b43a0346d). times: 10 concurrency: 4 timeout: 0 max_cpu_used: 16 processes_to_start: 4 concurrency_per_worker: 1 concurrency_overhead: 0
2019-11-26 13:40:54.251 4173 RALLYDEBUG rally.task.runner [-] Starting a worker. times: 10 duration: None concurrency: 1 timeout: 0 cls: method_name: run args: {"size": {"max": 1, "min": 1}}
2019-11-26 13:40:54.255 4174 RALLYDEBUG rally.task.runner [-] Starting a worker. times: 10 duration: None concurrency: 1 timeout: 0 cls: method_name: run args: {"size": {"max": 1, "min": 1}}
2019-11-26 13:40:54.258 4173 INFO rally.task.runner [-] Task 1643cad8-380c-4b3c-a108-e26b43a0346d | ITER: 1 START
2019-11-26 13:40:54.259 4175 RALLYDEBUG rally.task.runner [-] Starting a worker. times: 10 duration: None concurrency: 1 timeout: 0 cls: method_name: run args: {"size": {"max": 1, "min": 1}}
2019-11-26 13:40:54.262 4174 INFO rally.task.runner [-] Task 1643cad8-380c-4b3c-a108-e26b43a0346d | ITER: 2 START
2019-11-26 13:40:54.263 4178 RALLYDEBUG rally.task.runner [-] Starting a worker. times: 10 duration: None concurrency: 1 timeout: 0 cls: method_name: run args: {"size": {"max": 1, "min": 1}}
2019-11-26 13:40:54.266 4175 INFO rally.task.runner [-] Task 1643cad8-380c-4b3c-a108-e26b43a0346d | ITER: 3 START
2019-11-26 13:40:54.269 4178 INFO rally.task.runner [-] Task 1643cad8-380c-4b3c-a108-e26b43a0346d | ITER: 4 START
2019-11-26 13:40:57.406 4173 RALLYDEBUG rally.task.utils [-] Waiting for resource s_rally_524a6717_o52RHE30. Status changed: AVAILABLE => DELETING in 0.05195879936218262
2019-11-26 13:40:57.411 4175 RALLYDEBUG rally.task.utils [-] Waiting for resource s_rally_524a6717_IldqJ7UF. Status changed: AVAILABLE => DELETING in 0.05163764953613281
2019-11-26 13:40:57.425 4174 RALLYDEBUG rally.task.utils [-] Waiting for resource s_rally_524a6717_6M5PeBDd. Status changed: AVAILABLE => DELETING in 0.05865168571472168
2019-11-26 13:40:57.552 4178 RALLYDEBUG rally.task.utils [-] Waiting for resource s_rally_524a6717_4m7jeNFZ. Status changed: AVAILABLE => DELETING in 0.16829776763916016
2019-11-26 13:40:59.449 4175 INFO rally.task.runner [-] Task 1643cad8-380c-4b3c-a108-e26b43a0346d | ITER: 3 END: OK
2019-11-26 13:40:59.454 4175 INFO rally.task.runner [-] Task 1643cad8-380c-4b3c-a108-e26b43a0346d | ITER: 5 START
2019-11-26 13:40:59.456 4173 INFO rally.task.runner [-] Task 1643cad8-380c-4b3c-a108-e26b43a0346d | ITER: 1 END: OK
2019-11-26 13:40:59.462 4173 INFO rally.task.runner [-] Task 1643cad8-380c-4b3c-a108-e26b43a0346d | ITER: 6 START
2019-11-26 13:40:59.466 4174 INFO rally.task.runner [-] Task 1643cad8-380c-4b3c-a108-e26b43a0346d | ITER: 2 END: OK
2019-11-26 13:40:59.470 4174 INFO rally.task.runner [-] Task 1643cad8-380c-4b3c-a108-e26b43a0346d | ITER: 7 START
2019-11-26 13:40:59.596 4178 INFO rally.task.runner [-] Task 1643cad8-380c-4b3c-a108-e26b43a0346d | ITER: 4 END: OK
2019-11-26 13:40:59.601 4178 INFO rally.task.runner [-] Task 1643cad8-380c-4b3c-a108-e26b43a0346d | ITER: 8 START
2019-11-26 13:41:02.277 4175 RALLYDEBUG rally.task.utils [-] Waiting for resource s_rally_524a6717_0FB9KzJY. Status changed: AVAILABLE => DELETING in 0.05536985397338867
2019-11-26 13:41:02.288 4174 RALLYDEBUG rally.task.utils [-] Waiting for resource s_rally_524a6717_2gyq5uUH. Status changed: AVAILABLE => DELETING in 0.05454540252685547
2019-11-26 13:41:02.386 4178 RALLYDEBUG rally.task.utils [-] Waiting for resource s_rally_524a6717_5kMnj7BL. Status changed: AVAILABLE => DELETING in 0.059020042419433594
2019-11-26 13:41:02.491 4173 RALLYDEBUG rally.task.utils [-] Waiting for resource s_rally_524a6717_ggYShnGY. Status changed: AVAILABLE => DELETING in 0.05872201919555664
2019-11-26 13:41:04.322 4175 INFO rally.task.runner [-] Task 1643cad8-380c-4b3c-a108-e26b43a0346d | ITER: 5 END: OK
2019-11-26 13:41:04.325 4175 INFO rally.task.runner [-] Task 1643cad8-380c-4b3c-a108-e26b43a0346d | ITER: 9 START
2019-11-26 13:41:04.331 4174 INFO rally.task.runner [-] Task 1643cad8-380c-4b3c-a108-e26b43a0346d | ITER: 7 END: OK
2019-11-26 13:41:04.334 4174 INFO rally.task.runner [-] Task 1643cad8-380c-4b3c-a108-e26b43a0346d | ITER: 10 START
2019-11-26 13:41:04.428 4178 INFO rally.task.runner [-] Task 1643cad8-380c-4b3c-a108-e26b43a0346d | ITER: 8 END: OK
2019-11-26 13:41:04.536 4173 INFO rally.task.runner [-] Task 1643cad8-380c-4b3c-a108-e26b43a0346d | ITER: 6 END: OK
2019-11-26 13:41:07.173 4174 RALLYDEBUG rally.task.utils [-] Waiting for resource s_rally_524a6717_6KwRw5sz. Status changed: AVAILABLE => DELETING in 0.06383728981018066
2019-11-26 13:41:07.181 4175 RALLYDEBUG rally.task.utils [-] Waiting for resource s_rally_524a6717_UNLSQYah. Status changed: AVAILABLE => DELETING in 0.06683969497680664
2019-11-26 13:41:09.223 4174 INFO rally.task.runner [-] Task 1643cad8-380c-4b3c-a108-e26b43a0346d | ITER: 10 END: OK
2019-11-26 13:41:09.223 4175 INFO rally.task.runner [-] Task 1643cad8-380c-4b3c-a108-e26b43a0346d | ITER: 9 END: OK
2019-11-26 13:41:09.258 1845 INFO rally.task.context [-] Task 1643cad8-380c-4b3c-a108-e26b43a0346d | Context cleanup@openstack cleanup() started
2019-11-26 13:41:09.261 1845 RALLYDEBUG rally_openstack.cleanup.manager [-] Cleaning up cinder backups objects
2019-11-26 13:41:10.464 1845 RALLYDEBUG rally_openstack.cleanup.manager [-] Cleaning up cinder volume_snapshots objects
2019-11-26 13:41:11.651 1845 RALLYDEBUG rally_openstack.cleanup.manager [-] Cleaning up cinder transfers objects
2019-11-26 13:41:12.828 1845 RALLYDEBUG rally_openstack.cleanup.manager [-] Cleaning up cinder volumes objects
2019-11-26 13:41:14.100 1845 INFO rally.task.context [-] Task 1643cad8-380c-4b3c-a108-e26b43a0346d | Context cleanup@openstack cleanup() finished in 4.84 sec
2019-11-26 13:41:14.101 1845 INFO rally.task.context [-] Task 1643cad8-380c-4b3c-a108-e26b43a0346d | Context quotas@openstack cleanup() started
2019-11-26 13:41:14.184 1845 INFO rally.task.context [-] Task 1643cad8-380c-4b3c-a108-e26b43a0346d | Context quotas@openstack cleanup() finished in 83.03 msec
2019-11-26 13:41:14.184 1845 INFO rally.task.context [-] Task 1643cad8-380c-4b3c-a108-e26b43a0346d | Context api_versions@openstack cleanup() started
2019-11-26 13:41:14.185 1845 INFO rally.task.context [-] Task 1643cad8-380c-4b3c-a108-e26b43a0346d | Context api_versions@openstack cleanup() finished in 0.31 msec
