2019-11-26 15:13:22.122 25277 INFO rally.task.runner [-] Task 0dafeb38-ea40-466d-89d6-45d6e450890d | ITER: 3 START
2019-11-26 15:13:22.126 25280 INFO rally.task.runner [-] Task 0dafeb38-ea40-466d-89d6-45d6e450890d | ITER: 4 START
2019-11-26 15:13:22.749 25275 INFO rally.task.runner [-] Task 0dafeb38-ea40-466d-89d6-45d6e450890d | ITER: 1 END: OK
2019-11-26 15:13:22.754 25275 INFO rally.task.runner [-] Task 0dafeb38-ea40-466d-89d6-45d6e450890d | ITER: 5 START
2019-11-26 15:13:22.761 25280 INFO rally.task.runner [-] Task 0dafeb38-ea40-466d-89d6-45d6e450890d | ITER: 4 END: OK
2019-11-26 15:13:22.762 25276 INFO rally.task.runner [-] Task 0dafeb38-ea40-466d-89d6-45d6e450890d | ITER: 2 END: OK
2019-11-26 15:13:22.767 25280 INFO rally.task.runner [-] Task 0dafeb38-ea40-466d-89d6-45d6e450890d | ITER: 6 START
2019-11-26 15:13:22.768 25276 INFO rally.task.runner [-] Task 0dafeb38-ea40-466d-89d6-45d6e450890d | ITER: 7 START
2019-11-26 15:13:22.807 25277 INFO rally.task.runner [-] Task 0dafeb38-ea40-466d-89d6-45d6e450890d | ITER: 3 END: OK
2019-11-26 15:13:22.812 25277 INFO rally.task.runner [-] Task 0dafeb38-ea40-466d-89d6-45d6e450890d | ITER: 8 START
2019-11-26 15:13:23.195 25275 INFO rally.task.runner [-] Task 0dafeb38-ea40-466d-89d6-45d6e450890d | ITER: 5 END: OK
2019-11-26 15:13:23.198 25275 INFO rally.task.runner [-] Task 0dafeb38-ea40-466d-89d6-45d6e450890d | ITER: 9 START
2019-11-26 15:13:23.292 25276 INFO rally.task.runner [-] Task 0dafeb38-ea40-466d-89d6-45d6e450890d | ITER: 7 END: OK
2019-11-26 15:13:23.294 25280 INFO rally.task.runner [-] Task 0dafeb38-ea40-466d-89d6-45d6e450890d | ITER: 6 END: OK
2019-11-26 15:13:23.296 25276 INFO rally.task.runner [-] Task 0dafeb38-ea40-466d-89d6-45d6e450890d | ITER: 10 START
2019-11-26 15:13:23.350 25277 INFO rally.task.runner [-] Task 0dafeb38-ea40-466d-89d6-45d6e450890d | ITER: 8 END: OK
2019-11-26 15:13:23.738 25275 INFO rally.task.runner [-] Task 0dafeb38-ea40-466d-89d6-45d6e450890d | ITER: 9 END: OK
2019-11-26 15:13:23.795 25276 INFO rally.task.runner [-] Task 0dafeb38-ea40-466d-89d6-45d6e450890d | ITER: 10 END: OK
2019-11-26 15:13:23.816 20411 INFO rally.task.context [-] Task 0dafeb38-ea40-466d-89d6-45d6e450890d | Context cleanup@openstack cleanup() started
2019-11-26 15:13:23.819 20411 RALLYDEBUG rally_openstack.cleanup.manager [-] Cleaning up nova servers objects
2019-11-26 15:13:25.309 20411 RALLYDEBUG rally_openstack.cleanup.manager [-] Cleaning up nova server_groups objects
2019-11-26 15:13:26.487 20411 RALLYDEBUG rally_openstack.cleanup.manager [-] Deleting nova.server_groups object s_rally_076f63c0_HdZOyVZG (41a42e84-e0df-43ea-83f5-a4f20f26c205)
2019-11-26 15:13:26.497 20411 RALLYDEBUG rally_openstack.cleanup.manager [-] Deleting nova.server_groups object s_rally_076f63c0_giRtQx2G (09cb2b8d-998d-4a85-8a63-3d73f78c80a9)
2019-11-26 15:13:26.506 20411 RALLYDEBUG rally_openstack.cleanup.manager [-] Deleting nova.server_groups object s_rally_076f63c0_YLEkzWJV (e9c7c29c-5082-43cc-9d55-09c3ec1c9121)
2019-11-26 15:13:26.512 20411 RALLYDEBUG rally_openstack.cleanup.manager [-] Deleting nova.server_groups object s_rally_076f63c0_fz9kI0pa (f8151df9-6db5-4a9c-a837-42243a9f318b)
2019-11-26 15:13:26.524 20411 RALLYDEBUG rally_openstack.cleanup.manager [-] Deleting nova.server_groups object s_rally_076f63c0_GkFEXhan (d47fb774-30ee-4e62-9a16-3dea12ac6520)
2019-11-26 15:13:26.533 20411 RALLYDEBUG rally_openstack.cleanup.manager [-] Deleting nova.server_groups object s_rally_076f63c0_VETwd6Ku (c56a9659-48bb-4d6e-9ace-3081ee3a9511)
2019-11-26 15:13:26.543 20411 RALLYDEBUG rally_openstack.cleanup.manager [-] Deleting nova.server_groups object s_rally_076f63c0_Pjet0J0j (cffffe38-4f26-4176-afe9-09ca6761bb3d)
2019-11-26 15:13:26.548 20411 RALLYDEBUG rally_openstack.cleanup.manager [-] Deleting nova.server_groups object s_rally_076f63c0_SWQxWaTy (b44b8122-0be1-4dd5-82bf-e76a230ef49f)
2019-11-26 15:13:26.554 20411 RALLYDEBUG rally_openstack.cleanup.manager [-] Deleting nova.server_groups object s_rally_076f63c0_hTw51lJR (69d7f1c7-1043-4235-aba2-416d397d5b27)
2019-11-26 15:13:26.568 20411 RALLYDEBUG rally_openstack.cleanup.manager [-] Deleting nova.server_groups object s_rally_076f63c0_oMKUaGSH (efd1d904-8cea-4303-9ea2-30a1a19879ff)
2019-11-26 15:13:28.276 20411 RALLYDEBUG rally_openstack.cleanup.manager [-] Cleaning up nova keypairs objects
2019-11-26 15:13:30.678 20411 INFO rally.task.context [-] Task 0dafeb38-ea40-466d-89d6-45d6e450890d | Context cleanup@openstack cleanup() finished in 6.86 sec
2019-11-26 15:13:30.679 20411 INFO rally.task.context [-] Task 0dafeb38-ea40-466d-89d6-45d6e450890d | Context users@openstack cleanup() started
2019-11-26 15:13:35.230 20411 INFO rally.task.context [-] Task 0dafeb38-ea40-466d-89d6-45d6e450890d | Context users@openstack cleanup() finished in 4.55 sec
2019-11-26 15:13:35.473 20411 INFO rally.task.engine [-] Load duration is: 1.677681
2019-11-26 15:13:35.474 20411 INFO rally.task.engine [-] Full runner duration is: 1.720406
2019-11-26 15:13:35.474 20411 INFO rally.task.engine [-] Full duration is: 15.8978
2019-11-26 15:13:35.784 20411 INFO rally.task.engine [-] Running workload: position = 0 config = { "version": 2, "title": "A cropped version of a bigger task.", "description": "Auto-generated task from a single workload (uuid=f9fb806e-4c22-4bdc-b45f-15a8b7865123)", "subtasks": [ { "title": "NovaServerGroups.create_and_list_server_groups", "description": "Create a server group, then list all server groups.", "scenario": { "NovaServerGroups.create_and_list_server_groups": { "policies": [ "affinity" ], "all_projects": false } }, "contexts": { "users": { "tenants": 3, "users_per_tenant": 2 } }, "runner": { "constant": { "concurrency": 4, "times": 10 } }, "hooks": [], "sla": { "failure_rate": { "max": 0 } } } ] }
2019-11-26 15:13:35.807 20411 RALLYDEBUG rally_openstack.contexts.keystone.users [-] Creating 3 tenants using 20 threads
2019-11-26 15:13:36.852 20411 RALLYDEBUG rally_openstack.contexts.keystone.users [-] Creating 6 users using 20 threads
2019-11-26 15:13:38.454 20411 INFO rally.task.context [-] Task 0dafeb38-ea40-466d-89d6-45d6e450890d | Context users@openstack setup() finished in 2.65 sec
2019-11-26 15:13:38.454 20411 INFO rally.task.context [-] Task 0dafeb38-ea40-466d-89d6-45d6e450890d | Context cleanup@openstack setup() finished in 0.01 msec
2019-11-26 15:13:38.463 20411 RALLYDEBUG rally.task.runner [-] Starting the constant runner (task UUID: 0dafeb38-ea40-466d-89d6-45d6e450890d). times: 10 concurrency: 4 timeout: 0 max_cpu_used: 16 processes_to_start: 4 concurrency_per_worker: 1 concurrency_overhead: 0
2019-11-26 15:13:38.474 25439 RALLYDEBUG rally.task.runner [-] Starting a worker. times: 10 duration: None concurrency: 1 timeout: 0 cls: method_name: run args: {"policies": ["affinity"], "all_projects": false}
2019-11-26 15:13:38.478 25440 RALLYDEBUG rally.task.runner [-] Starting a worker. times: 10 duration: None concurrency: 1 timeout: 0 cls: method_name: run args: {"policies": ["affinity"], "all_projects": false}
2019-11-26 15:13:38.480 25439 INFO rally.task.runner [-] Task 0dafeb38-ea40-466d-89d6-45d6e450890d | ITER: 1 START
2019-11-26 15:13:38.482 25441 RALLYDEBUG rally.task.runner [-] Starting a worker. times: 10 duration: None concurrency: 1 timeout: 0 cls: method_name: run args: {"policies": ["affinity"], "all_projects": false}
2019-11-26 15:13:38.485 25440 INFO rally.task.runner [-] Task 0dafeb38-ea40-466d-89d6-45d6e450890d | ITER: 2 START
2019-11-26 15:13:38.486 25444 RALLYDEBUG rally.task.runner [-] Starting a worker. times: 10 duration: None concurrency: 1 timeout: 0 cls: method_name: run args: {"policies": ["affinity"], "all_projects": false}
2019-11-26 15:13:38.489 25441 INFO rally.task.runner [-] Task 0dafeb38-ea40-466d-89d6-45d6e450890d | ITER: 3 START
2019-11-26 15:13:38.492 25444 INFO rally.task.runner [-] Task 0dafeb38-ea40-466d-89d6-45d6e450890d | ITER: 4 START
2019-11-26 15:13:39.105 25444 INFO rally.task.runner [-] Task 0dafeb38-ea40-466d-89d6-45d6e450890d | ITER: 4 END: OK
2019-11-26 15:13:39.109 25444 INFO rally.task.runner [-] Task 0dafeb38-ea40-466d-89d6-45d6e450890d | ITER: 5 START
2019-11-26 15:13:39.119 25439 INFO rally.task.runner [-] Task 0dafeb38-ea40-466d-89d6-45d6e450890d | ITER: 1 END: OK
2019-11-26 15:13:39.123 25439 INFO rally.task.runner [-] Task 0dafeb38-ea40-466d-89d6-45d6e450890d | ITER: 6 START
2019-11-26 15:13:39.135 25440 INFO rally.task.runner [-] Task 0dafeb38-ea40-466d-89d6-45d6e450890d | ITER: 2 END: OK
2019-11-26 15:13:39.138 25440 INFO rally.task.runner [-] Task 0dafeb38-ea40-466d-89d6-45d6e450890d | ITER: 7 START
2019-11-26 15:13:39.146 25441 INFO rally.task.runner [-] Task 0dafeb38-ea40-466d-89d6-45d6e450890d | ITER: 3 END: OK
2019-11-26 15:13:39.150 25441 INFO rally.task.runner [-] Task 0dafeb38-ea40-466d-89d6-45d6e450890d | ITER: 8 START
2019-11-26 15:13:39.668 25440 INFO rally.task.runner [-] Task 0dafeb38-ea40-466d-89d6-45d6e450890d | ITER: 7 END: OK
2019-11-26 15:13:39.671 25440 INFO rally.task.runner [-] Task 0dafeb38-ea40-466d-89d6-45d6e450890d | ITER: 9 START
2019-11-26 15:13:39.709 25439 INFO rally.task.runner [-] Task 0dafeb38-ea40-466d-89d6-45d6e450890d | ITER: 6 END: OK
2019-11-26 15:13:39.712 25444 INFO rally.task.runner [-] Task 0dafeb38-ea40-466d-89d6-45d6e450890d | ITER: 5 END: OK
2019-11-26 15:13:39.713 25439 INFO rally.task.runner [-] Task 0dafeb38-ea40-466d-89d6-45d6e450890d | ITER: 10 START
2019-11-26 15:13:39.735 25441 INFO rally.task.runner [-] Task 0dafeb38-ea40-466d-89d6-45d6e450890d | ITER: 8 END: OK
2019-11-26 15:13:40.127 25440 INFO rally.task.runner [-] Task 0dafeb38-ea40-466d-89d6-45d6e450890d | ITER: 9 END: OK
2019-11-26 15:13:40.159 25439 INFO rally.task.runner [-] Task 0dafeb38-ea40-466d-89d6-45d6e450890d | ITER: 10 END: OK
2019-11-26 15:13:40.182 20411 INFO rally.task.context [-] Task 0dafeb38-ea40-466d-89d6-45d6e450890d | Context cleanup@openstack cleanup() started
2019-11-26 15:13:40.186 20411 RALLYDEBUG rally_openstack.cleanup.manager [-] Cleaning up nova servers objects
2019-11-26 15:13:41.598 20411 RALLYDEBUG rally_openstack.cleanup.manager [-] Cleaning up nova server_groups objects
2019-11-26 15:13:42.735 20411 RALLYDEBUG rally_openstack.cleanup.manager [-] Deleting nova.server_groups object s_rally_f9fb806e_RKxQM2OD (43f0e941-2486-4790-9ed6-6e4366279eae)
2019-11-26 15:13:42.741 20411 RALLYDEBUG rally_openstack.cleanup.manager [-] Deleting nova.server_groups object s_rally_f9fb806e_QRGZx7r1 (f59036f1-bd53-4472-a8bd-56dbc43687bd)
2019-11-26 15:13:42.750 20411 RALLYDEBUG rally_openstack.cleanup.manager [-] Deleting nova.server_groups object s_rally_f9fb806e_Ud5dmBpc (ab636f6a-59e6-44e3-9305-8bcdbbfe28a4)
2019-11-26 15:13:42.760 20411 RALLYDEBUG rally_openstack.cleanup.manager [-] Deleting nova.server_groups object s_rally_f9fb806e_mAx6sfjz (5e632b10-d0d1-47cb-a79b-c8daf8130b92)
2019-11-26 15:13:42.765 20411 RALLYDEBUG rally_openstack.cleanup.manager [-] Deleting nova.server_groups object s_rally_f9fb806e_twVeCnwc (26bc8eae-555d-4519-a5be-516d31ec9b7a)
2019-11-26 15:13:42.785 20411 RALLYDEBUG rally_openstack.cleanup.manager [-] Deleting nova.server_groups object s_rally_f9fb806e_mW6rgnvf (e2bffbd9-eaae-42c4-b90f-54cdb1020d83)
2019-11-26 15:13:42.799 20411 RALLYDEBUG rally_openstack.cleanup.manager [-] Deleting nova.server_groups object s_rally_f9fb806e_MMcP1N5u (10420b32-94f6-4acf-a802-bebb2b19218b)
2019-11-26 15:13:42.813 20411 RALLYDEBUG rally_openstack.cleanup.manager [-] Deleting nova.server_groups object s_rally_f9fb806e_Mpriaq9v (f8ec6f62-c5ae-4f0e-a696-0091da2d65eb)
2019-11-26 15:13:42.832 20411 RALLYDEBUG rally_openstack.cleanup.manager [-] Deleting nova.server_groups object s_rally_f9fb806e_5hJGubfz (2f8d3f58-ed74-4e0b-b401-df261e4c0fc0)
2019-11-26 15:13:42.837 20411 RALLYDEBUG rally_openstack.cleanup.manager [-] Deleting nova.server_groups object s_rally_f9fb806e_mLHh5CZb (f64fdede-ff4d-47ca-9876-22bc01b3e55a)
2019-11-26 15:13:44.326 20411 RALLYDEBUG rally_openstack.cleanup.manager [-] Cleaning up nova keypairs objects
2019-11-26 15:13:46.700 20411 INFO rally.task.context [-] Task 0dafeb38-ea40-466d-89d6-45d6e450890d | Context cleanup@openstack cleanup() finished in 6.52 sec
2019-11-26 15:13:46.701 20411 INFO rally.task.context [-] Task 0dafeb38-ea40-466d-89d6-45d6e450890d | Context users@openstack cleanup() started
2019-11-26 15:13:51.219 20411 INFO rally.task.context [-] Task 0dafeb38-ea40-466d-89d6-45d6e450890d | Context users@openstack cleanup() finished in 4.52 sec
2019-11-26 15:13:51.917 20411 INFO rally.task.engine [-] Load duration is: 1.677154
2019-11-26 15:13:51.918 20411 INFO rally.task.engine [-] Full runner duration is: 1.720201
2019-11-26 15:13:51.918 20411 INFO rally.task.engine [-] Full duration is: 15.413942
2019-11-26 15:13:52.200 20411 INFO rally.task.engine [-] Task 0dafeb38-ea40-466d-89d6-45d6e450890d | Completed: Running task.
2019-11-26 15:13:53.913 25561 RALLYDEBUG rally.api [-] INFO logs from urllib3 and requests module are hide.
2019-11-26 15:13:53.913 25561 RALLYDEBUG rally.api [-] urllib3 insecure warnings are hidden.
2019-11-26 15:13:53.913 25561 RALLYDEBUG rally.api [-] ERROR log from boto module is hide.
2019-11-26 15:13:55.132 25562 RALLYDEBUG rally.api [-] INFO logs from urllib3 and requests module are hide.
2019-11-26 15:13:55.132 25562 RALLYDEBUG rally.api [-] urllib3 insecure warnings are hidden.
2019-11-26 15:13:55.132 25562 RALLYDEBUG rally.api [-] ERROR log from boto module is hide.
2019-11-26 15:13:56.476 25563 RALLYDEBUG rally.api [-] INFO logs from urllib3 and requests module are hide.
2019-11-26 15:13:56.476 25563 RALLYDEBUG rally.api [-] urllib3 insecure warnings are hidden.
2019-11-26 15:13:56.477 25563 RALLYDEBUG rally.api [-] ERROR log from boto module is hide.
2019-11-26 15:13:58.138 25563 INFO rally.api [-] Building 'json' report for the following task(s): '0dafeb38-ea40-466d-89d6-45d6e450890d'.
2019-11-26 15:13:58.194 25563 INFO rally.api [-] The report has been successfully built.
2019-11-26 15:13:59.606 25565 RALLYDEBUG rally.api [-] INFO logs from urllib3 and requests module are hide.
2019-11-26 15:13:59.607 25565 RALLYDEBUG rally.api [-] urllib3 insecure warnings are hidden.
2019-11-26 15:13:59.607 25565 RALLYDEBUG rally.api [-] ERROR log from boto module is hide.
2019-11-26 15:14:01.458 25565 INFO rally.task.engine [-] Task d0613430-bd25-4f67-80d3-6ac764a247fb | Starting: Task validation.
2019-11-26 15:14:01.517 25565 INFO rally.task.engine [-] Task d0613430-bd25-4f67-80d3-6ac764a247fb | Starting: Task validation of syntax.
2019-11-26 15:14:01.597 25565 INFO rally.task.engine [-] Task d0613430-bd25-4f67-80d3-6ac764a247fb | Completed: Task validation of syntax.
2019-11-26 15:14:01.597 25565 INFO rally.task.engine [-] Task d0613430-bd25-4f67-80d3-6ac764a247fb | Starting: Task validation of required platforms.
2019-11-26 15:14:01.635 25565 INFO rally.task.engine [-] Task d0613430-bd25-4f67-80d3-6ac764a247fb | Completed: Task validation of required platforms.
2019-11-26 15:14:01.635 25565 INFO rally.task.engine [-] Task d0613430-bd25-4f67-80d3-6ac764a247fb | Starting: Task validation of semantic.
2019-11-26 15:14:01.635 25565 INFO rally.task.engine [-] Check health of the environment '73925250-c41d-449a-9e1d-3bea8c973e1e'.
2019-11-26 15:14:02.745 25565 INFO rally.task.engine [-] Platform existing@openstack (available: True): OK!
2019-11-26 15:14:02.772 25565 RALLYDEBUG rally_openstack.contexts.keystone.users [-] Creating 1 tenants using 20 threads
2019-11-26 15:14:03.667 25565 RALLYDEBUG rally_openstack.contexts.keystone.users [-] Creating 1 users using 20 threads
2019-11-26 15:14:05.052 25565 INFO rally.task.context [-] Task d0613430-bd25-4f67-80d3-6ac764a247fb | Context users@openstack setup() finished in 2.28 sec
2019-11-26 15:14:06.363 25565 INFO rally.task.context [-] Task d0613430-bd25-4f67-80d3-6ac764a247fb | Context users@openstack cleanup() started
2019-11-26 15:14:09.460 25565 INFO rally.task.context [-] Task d0613430-bd25-4f67-80d3-6ac764a247fb | Context users@openstack cleanup() finished in 3.10 sec
2019-11-26 15:14:09.460 25565 INFO rally.task.engine [-] Task d0613430-bd25-4f67-80d3-6ac764a247fb | Completed: Task validation of semantic.
2019-11-26 15:14:09.461 25565 INFO rally.task.engine [-] Task d0613430-bd25-4f67-80d3-6ac764a247fb | Completed: Task validation.
2019-11-26 15:14:09.461 25565 INFO rally.api [-] Task d0613430-bd25-4f67-80d3-6ac764a247fb input file is valid.
2019-11-26 15:14:09.462 25565 INFO rally.api [-] Run Task d0613430-bd25-4f67-80d3-6ac764a247fb against Deployment 73925250-c41d-449a-9e1d-3bea8c973e1e
2019-11-26 15:14:09.462 25565 INFO rally.task.engine [-] Task d0613430-bd25-4f67-80d3-6ac764a247fb | Starting: Running task.
2019-11-26 15:14:09.644 25565 INFO rally.task.engine [-] Running workload: position = 0 config = { "version": 2, "title": "A cropped version of a bigger task.", "description": "Auto-generated task from a single workload (uuid=049ee101-0cb8-4903-adb2-b1621da086a4)", "subtasks": [ { "title": "Quotas.cinder_update_and_delete", "description": "Update and Delete quotas for Cinder.", "scenario": { "Quotas.cinder_update_and_delete": { "max_quota": 1024 } }, "contexts": { "users": { "tenants": 3, "users_per_tenant": 2 }, "api_versions": { "cinder": { "version": 3, "service_type": "volumev3" } } }, "runner": { "constant": { "concurrency": 4, "times": 10 } }, "hooks": [], "sla": { "failure_rate": { "max": 0 } } } ] }
2019-11-26 15:14:09.667 25565 RALLYDEBUG rally_openstack.contexts.keystone.users [-] Creating 3 tenants using 20 threads
2019-11-26 15:14:10.608 25565 RALLYDEBUG rally_openstack.contexts.keystone.users [-] Creating 6 users using 20 threads
2019-11-26 15:14:12.234 25565 INFO rally.task.context [-] Task d0613430-bd25-4f67-80d3-6ac764a247fb | Context users@openstack setup() finished in 2.57 sec
2019-11-26 15:14:12.639 25565 INFO rally.task.context [-] Task d0613430-bd25-4f67-80d3-6ac764a247fb | Context api_versions@openstack setup() finished in 0.40 sec
2019-11-26 15:14:12.639 25565 INFO rally.task.context [-] Task d0613430-bd25-4f67-80d3-6ac764a247fb | Context admin_cleanup@openstack setup() finished in 0.04 msec
2019-11-26 15:14:12.649 25565 RALLYDEBUG rally.task.runner [-] Starting the constant runner (task UUID: d0613430-bd25-4f67-80d3-6ac764a247fb). times: 10 concurrency: 4 timeout: 0 max_cpu_used: 16 processes_to_start: 4 concurrency_per_worker: 1 concurrency_overhead: 0
2019-11-26 15:14:12.662 25689 RALLYDEBUG rally.task.runner [-] Starting a worker. times: 10 duration: None concurrency: 1 timeout: 0 cls: method_name: run args: {"max_quota": 1024}
2019-11-26 15:14:12.665 25690 RALLYDEBUG rally.task.runner [-] Starting a worker. times: 10 duration: None concurrency: 1 timeout: 0 cls: method_name: run args: {"max_quota": 1024}
2019-11-26 15:14:12.669 25689 INFO rally.task.runner [-] Task d0613430-bd25-4f67-80d3-6ac764a247fb | ITER: 1 START
2019-11-26 15:14:12.669 25691 RALLYDEBUG rally.task.runner [-] Starting a worker. times: 10 duration: None concurrency: 1 timeout: 0 cls: method_name: run args: {"max_quota": 1024}
2019-11-26 15:14:12.672 25690 INFO rally.task.runner [-] Task d0613430-bd25-4f67-80d3-6ac764a247fb | ITER: 2 START
2019-11-26 15:14:12.672 25692 RALLYDEBUG rally.task.runner [-] Starting a worker. times: 10 duration: None concurrency: 1 timeout: 0 cls: method_name: run args: {"max_quota": 1024}
2019-11-26 15:14:12.675 25691 INFO rally.task.runner [-] Task d0613430-bd25-4f67-80d3-6ac764a247fb | ITER: 3 START
2019-11-26 15:14:12.679 25692 INFO rally.task.runner [-] Task d0613430-bd25-4f67-80d3-6ac764a247fb | ITER: 4 START
2019-11-26 15:14:13.298 25689 INFO rally.task.runner [-] Task d0613430-bd25-4f67-80d3-6ac764a247fb | ITER: 1 END: OK
2019-11-26 15:14:13.303 25690 INFO rally.task.runner [-] Task d0613430-bd25-4f67-80d3-6ac764a247fb | ITER: 2 END: OK
2019-11-26 15:14:13.303 25689 INFO rally.task.runner [-] Task d0613430-bd25-4f67-80d3-6ac764a247fb | ITER: 5 START
2019-11-26 15:14:13.308 25690 INFO rally.task.runner [-] Task d0613430-bd25-4f67-80d3-6ac764a247fb | ITER: 6 START
2019-11-26 15:14:13.312 25691 INFO rally.task.runner [-] Task d0613430-bd25-4f67-80d3-6ac764a247fb | ITER: 3 END: OK
2019-11-26 15:14:13.314 25692 INFO rally.task.runner [-] Task d0613430-bd25-4f67-80d3-6ac764a247fb | ITER: 4 END: OK
2019-11-26 15:14:13.317 25691 INFO rally.task.runner [-] Task d0613430-bd25-4f67-80d3-6ac764a247fb | ITER: 7 START
2019-11-26 15:14:13.320 25692 INFO rally.task.runner [-] Task d0613430-bd25-4f67-80d3-6ac764a247fb | ITER: 8 START
2019-11-26 15:14:13.758 25689 INFO rally.task.runner [-] Task d0613430-bd25-4f67-80d3-6ac764a247fb | ITER: 5 END: OK
2019-11-26 15:14:13.762 25689 INFO rally.task.runner [-] Task d0613430-bd25-4f67-80d3-6ac764a247fb | ITER: 9 START
2019-11-26 15:14:13.776 25690 INFO rally.task.runner [-] Task d0613430-bd25-4f67-80d3-6ac764a247fb | ITER: 6 END: OK
2019-11-26 15:14:13.779 25690 INFO rally.task.runner [-] Task d0613430-bd25-4f67-80d3-6ac764a247fb | ITER: 10 START
2019-11-26 15:14:13.786 25691 INFO rally.task.runner [-] Task d0613430-bd25-4f67-80d3-6ac764a247fb | ITER: 7 END: OK
2019-11-26 15:14:13.903 25692 INFO rally.task.runner [-] Task d0613430-bd25-4f67-80d3-6ac764a247fb | ITER: 8 END: OK
2019-11-26 15:14:14.362 25689 INFO rally.task.runner [-] Task d0613430-bd25-4f67-80d3-6ac764a247fb | ITER: 9 END: OK
2019-11-26 15:14:14.420 25690 INFO rally.task.runner [-] Task d0613430-bd25-4f67-80d3-6ac764a247fb | ITER: 10 END: OK
2019-11-26 15:14:14.451 25565 INFO rally.task.context [-] Task d0613430-bd25-4f67-80d3-6ac764a247fb | Context admin_cleanup@openstack cleanup() started
2019-11-26 15:14:14.454 25565 RALLYDEBUG rally_openstack.cleanup.manager [-] Cleaning up cinder quotas objects
2019-11-26 15:14:15.350 25565 INFO rally.task.context [-] Task d0613430-bd25-4f67-80d3-6ac764a247fb | Context admin_cleanup@openstack cleanup() finished in 0.90 sec
2019-11-26 15:14:15.351 25565 INFO rally.task.context [-] Task d0613430-bd25-4f67-80d3-6ac764a247fb | Context api_versions@openstack cleanup() started
2019-11-26 15:14:15.351 25565 INFO rally.task.context [-] Task d0613430-bd25-4f67-80d3-6ac764a247fb | Context api_versions@openstack cleanup() finished in 0.39 msec
2019-11-26 15:14:15.352 25565 INFO rally.task.context [-] Task d0613430-bd25-4f67-80d3-6ac764a247fb | Context users@openstack cleanup() started
2019-11-26 15:14:20.173 25565 INFO rally.task.context [-] Task d0613430-bd25-4f67-80d3-6ac764a247fb | Context users@openstack cleanup() finished in 4.82 sec
2019-11-26 15:14:21.743 25565 INFO rally.task.engine [-] Load duration is: 1.74991
2019-11-26 15:14:21.744 25565 INFO rally.task.engine [-] Full runner duration is: 1.802682
2019-11-26 15:14:21.744 25565 INFO rally.task.engine [-] Full duration is: 10.507619
2019-11-26 15:14:22.123 25565 INFO rally.task.engine [-] Running workload: position = 0 config = { "version": 2, "title": "A cropped version of a bigger task.", "description": "Auto-generated task from a single workload (uuid=2c57e7e2-dde7-4859-a2b4-a77f4b286796)", "subtasks": [ { "title": "Quotas.cinder_update", "description": "Update quotas for Cinder.", "scenario": { "Quotas.cinder_update": { "max_quota": 1024 } }, "contexts": { "users": { "tenants": 3, "users_per_tenant": 2 }, "api_versions": { "cinder": { "version": 3, "service_type": "volumev3" } } }, "runner": { "constant": { "concurrency": 4, "times": 10 } }, "hooks": [], "sla": { "failure_rate": { "max": 0 } } } ] }
2019-11-26 15:14:22.148 25565 RALLYDEBUG rally_openstack.contexts.keystone.users [-] Creating 3 tenants using 20 threads
2019-11-26 15:14:23.204 25565 RALLYDEBUG rally_openstack.contexts.keystone.users [-] Creating 6 users using 20 threads
2019-11-26 15:14:24.787 25565 INFO rally.task.context [-] Task d0613430-bd25-4f67-80d3-6ac764a247fb | Context users@openstack setup() finished in 2.64 sec
2019-11-26 15:14:25.196 25565 INFO rally.task.context [-] Task d0613430-bd25-4f67-80d3-6ac764a247fb | Context api_versions@openstack setup() finished in 0.41 sec
2019-11-26 15:14:25.197 25565 INFO rally.task.context [-] Task d0613430-bd25-4f67-80d3-6ac764a247fb | Context admin_cleanup@openstack setup() finished in 0.01 msec
2019-11-26 15:14:25.205 25565 RALLYDEBUG rally.task.runner [-] Starting the constant runner (task UUID: d0613430-bd25-4f67-80d3-6ac764a247fb). times: 10 concurrency: 4 timeout: 0 max_cpu_used: 16 processes_to_start: 4 concurrency_per_worker: 1 concurrency_overhead: 0
2019-11-26 15:14:25.216 25813 RALLYDEBUG rally.task.runner [-] Starting a worker. times: 10 duration: None concurrency: 1 timeout: 0 cls: method_name: run args: {"max_quota": 1024}
2019-11-26 15:14:25.219 25814 RALLYDEBUG rally.task.runner [-] Starting a worker. times: 10 duration: None concurrency: 1 timeout: 0 cls: method_name: run args: {"max_quota": 1024}
2019-11-26 15:14:25.222 25813 INFO rally.task.runner [-] Task d0613430-bd25-4f67-80d3-6ac764a247fb | ITER: 1 START
2019-11-26 15:14:25.222 25815 RALLYDEBUG rally.task.runner [-] Starting a worker. times: 10 duration: None concurrency: 1 timeout: 0 cls: method_name: run args: {"max_quota": 1024}
2019-11-26 15:14:25.226 25814 INFO rally.task.runner [-] Task d0613430-bd25-4f67-80d3-6ac764a247fb | ITER: 2 START
2019-11-26 15:14:25.225 25816 RALLYDEBUG rally.task.runner [-] Starting a worker. times: 10 duration: None concurrency: 1 timeout: 0 cls: method_name: run args: {"max_quota": 1024}
2019-11-26 15:14:25.229 25815 INFO rally.task.runner [-] Task d0613430-bd25-4f67-80d3-6ac764a247fb | ITER: 3 START
2019-11-26 15:14:25.231 25816 INFO rally.task.runner [-] Task d0613430-bd25-4f67-80d3-6ac764a247fb | ITER: 4 START
2019-11-26 15:14:25.787 25813 INFO rally.task.runner [-] Task d0613430-bd25-4f67-80d3-6ac764a247fb | ITER: 1 END: OK
2019-11-26 15:14:25.790 25815 INFO rally.task.runner [-] Task d0613430-bd25-4f67-80d3-6ac764a247fb | ITER: 3 END: OK
2019-11-26 15:14:25.792 25813 INFO rally.task.runner [-] Task d0613430-bd25-4f67-80d3-6ac764a247fb | ITER: 5 START
2019-11-26 15:14:25.795 25815 INFO rally.task.runner [-] Task d0613430-bd25-4f67-80d3-6ac764a247fb | ITER: 6 START
2019-11-26 15:14:25.799 25816 INFO rally.task.runner [-] Task d0613430-bd25-4f67-80d3-6ac764a247fb | ITER: 4 END: OK
2019-11-26 15:14:25.804 25816 INFO rally.task.runner [-] Task d0613430-bd25-4f67-80d3-6ac764a247fb | ITER: 7 START
2019-11-26 15:14:25.806 25814 INFO rally.task.runner [-] Task d0613430-bd25-4f67-80d3-6ac764a247fb | ITER: 2 END: OK
2019-11-26 15:14:25.812 25814 INFO rally.task.runner [-] Task d0613430-bd25-4f67-80d3-6ac764a247fb | ITER: 8 START
2019-11-26 15:14:26.224 25815 INFO rally.task.runner [-] Task d0613430-bd25-4f67-80d3-6ac764a247fb | ITER: 6 END: OK
2019-11-26 15:14:26.228 25815 INFO rally.task.runner [-] Task d0613430-bd25-4f67-80d3-6ac764a247fb | ITER: 9 START
2019-11-26 15:14:26.241 25814 INFO rally.task.runner [-] Task d0613430-bd25-4f67-80d3-6ac764a247fb | ITER: 8 END: OK
2019-11-26 15:14:26.244 25814 INFO rally.task.runner [-] Task d0613430-bd25-4f67-80d3-6ac764a247fb | ITER: 10 START
2019-11-26 15:14:26.279 25813 INFO rally.task.runner [-] Task d0613430-bd25-4f67-80d3-6ac764a247fb | ITER: 5 END: OK
2019-11-26 15:14:26.284 25816 INFO rally.task.runner [-] Task d0613430-bd25-4f67-80d3-6ac764a247fb | ITER: 7 END: OK
2019-11-26 15:14:26.692 25815 INFO rally.task.runner [-] Task d0613430-bd25-4f67-80d3-6ac764a247fb | ITER: 9 END: OK
2019-11-26 15:14:26.724 25814 INFO rally.task.runner [-] Task d0613430-bd25-4f67-80d3-6ac764a247fb | ITER: 10 END: OK
2019-11-26 15:14:26.755 25565 INFO rally.task.context [-] Task d0613430-bd25-4f67-80d3-6ac764a247fb | Context admin_cleanup@openstack cleanup() started
2019-11-26 15:14:26.758 25565 RALLYDEBUG rally_openstack.cleanup.manager [-] Cleaning up cinder quotas objects
2019-11-26 15:14:27.552 25565 INFO rally.task.context [-] Task d0613430-bd25-4f67-80d3-6ac764a247fb | Context admin_cleanup@openstack cleanup() finished in 0.80 sec
2019-11-26 15:14:27.553 25565 INFO rally.task.context [-] Task d0613430-bd25-4f67-80d3-6ac764a247fb | Context api_versions@openstack cleanup() started
2019-11-26 15:14:27.553 25565 INFO rally.task.context [-] Task d0613430-bd25-4f67-80d3-6ac764a247fb | Context api_versions@openstack cleanup() finished in 0.38 msec
2019-11-26 15:14:27.554 25565 INFO rally.task.context [-] Task d0613430-bd25-4f67-80d3-6ac764a247fb | Context users@openstack cleanup() started
2019-11-26 15:14:32.402 25565 INFO rally.task.context [-] Task d0613430-bd25-4f67-80d3-6ac764a247fb | Context users@openstack cleanup() finished in 4.85 sec
2019-11-26 15:14:34.263 25565 INFO rally.task.engine [-] Load duration is: 1.499941
2019-11-26 15:14:34.264 25565 INFO rally.task.engine [-] Full runner duration is: 1.55003
2019-11-26 15:14:34.264 25565 INFO rally.task.engine [-] Full duration is: 10.256211
2019-11-26 15:14:34.569 25565 INFO rally.task.engine [-] Running workload: position = 0 config = { "version": 2, "title": "A cropped version of a bigger task.", "description": "Auto-generated task from a single workload (uuid=cbab2ff6-6f87-468d-b86c-be345151401a)", "subtasks": [ { "title": "Quotas.neutron_update", "description": "Update quotas for neutron.", "scenario": { "Quotas.neutron_update": { "max_quota": 1024 } }, "contexts": { "users": { "tenants": 3, "users_per_tenant": 2 } }, "runner": { "constant": { "concurrency": 4, "times": 10 } }, "hooks": [], "sla": { "failure_rate": { "max": 0 } } } ] }
2019-11-26 15:14:34.593 25565 RALLYDEBUG rally_openstack.contexts.keystone.users [-] Creating 3 tenants using 20 threads
2019-11-26 15:14:35.652 25565 RALLYDEBUG rally_openstack.contexts.keystone.users [-] Creating 6 users using 20 threads
2019-11-26 15:14:37.276 25565 INFO rally.task.context [-] Task d0613430-bd25-4f67-80d3-6ac764a247fb | Context users@openstack setup() finished in 2.68 sec
2019-11-26 15:14:37.276 25565 INFO rally.task.context [-] Task d0613430-bd25-4f67-80d3-6ac764a247fb | Context admin_cleanup@openstack setup() finished in 0.01 msec
2019-11-26 15:14:37.285 25565 RALLYDEBUG rally.task.runner [-] Starting the constant runner (task UUID: d0613430-bd25-4f67-80d3-6ac764a247fb). times: 10 concurrency: 4 timeout: 0 max_cpu_used: 16 processes_to_start: 4 concurrency_per_worker: 1 concurrency_overhead: 0
2019-11-26 15:14:37.297 25937 RALLYDEBUG rally.task.runner [-] Starting a worker. times: 10 duration: None concurrency: 1 timeout: 0 cls: method_name: run args: {"max_quota": 1024}
2019-11-26 15:14:37.300 25938 RALLYDEBUG rally.task.runner [-] Starting a worker. times: 10 duration: None concurrency: 1 timeout: 0 cls: method_name: run args: {"max_quota": 1024}
2019-11-26 15:14:37.303 25937 INFO rally.task.runner [-] Task d0613430-bd25-4f67-80d3-6ac764a247fb | ITER: 1 START
2019-11-26 15:14:37.303 25939 RALLYDEBUG rally.task.runner [-] Starting a worker. times: 10 duration: None concurrency: 1 timeout: 0 cls: method_name: run args: {"max_quota": 1024}
2019-11-26 15:14:37.306 25938 INFO rally.task.runner [-] Task d0613430-bd25-4f67-80d3-6ac764a247fb | ITER: 2 START
2019-11-26 15:14:37.307 25940 RALLYDEBUG rally.task.runner [-] Starting a worker. times: 10 duration: None concurrency: 1 timeout: 0 cls: method_name: run args: {"max_quota": 1024}
2019-11-26 15:14:37.310 25939 INFO rally.task.runner [-] Task d0613430-bd25-4f67-80d3-6ac764a247fb | ITER: 3 START
2019-11-26 15:14:37.313 25940 INFO rally.task.runner [-] Task d0613430-bd25-4f67-80d3-6ac764a247fb | ITER: 4 START
2019-11-26 15:14:37.781 25939 INFO rally.task.runner [-] Task d0613430-bd25-4f67-80d3-6ac764a247fb | ITER: 3 END: OK
2019-11-26 15:14:37.781 25937 INFO rally.task.runner [-] Task d0613430-bd25-4f67-80d3-6ac764a247fb | ITER: 1 END: OK
2019-11-26 15:14:37.785 25939 INFO rally.task.runner [-] Task d0613430-bd25-4f67-80d3-6ac764a247fb | ITER: 5 START
2019-11-26 15:14:37.785 25937 INFO rally.task.runner [-] Task d0613430-bd25-4f67-80d3-6ac764a247fb | ITER: 6 START
2019-11-26 15:14:37.785 25940 INFO rally.task.runner [-] Task d0613430-bd25-4f67-80d3-6ac764a247fb | ITER: 4 END: OK
2019-11-26 15:14:37.790 25940 INFO rally.task.runner [-] Task d0613430-bd25-4f67-80d3-6ac764a247fb | ITER: 7 START
2019-11-26 15:14:37.802 25938 INFO rally.task.runner [-] Task d0613430-bd25-4f67-80d3-6ac764a247fb | ITER: 2 END: OK
2019-11-26 15:14:37.806 25938 INFO rally.task.runner [-] Task d0613430-bd25-4f67-80d3-6ac764a247fb | ITER: 8 START
2019-11-26 15:14:38.218 25937 INFO rally.task.runner [-] Task d0613430-bd25-4f67-80d3-6ac764a247fb | ITER: 6 END: OK
2019-11-26 15:14:38.221 25937 INFO rally.task.runner [-] Task d0613430-bd25-4f67-80d3-6ac764a247fb | ITER: 9 START
2019-11-26 15:14:38.236 25939 INFO rally.task.runner [-] Task d0613430-bd25-4f67-80d3-6ac764a247fb | ITER: 5 END: OK
2019-11-26 15:14:38.240 25939 INFO rally.task.runner [-] Task d0613430-bd25-4f67-80d3-6ac764a247fb | ITER: 10 START
2019-11-26 15:14:38.250 25940 INFO rally.task.runner [-] Task d0613430-bd25-4f67-80d3-6ac764a247fb | ITER: 7 END: OK
2019-11-26 15:14:38.253 25938 INFO rally.task.runner [-] Task d0613430-bd25-4f67-80d3-6ac764a247fb | ITER: 8 END: OK
2019-11-26 15:14:38.691 25939 INFO rally.task.runner [-] Task d0613430-bd25-4f67-80d3-6ac764a247fb | ITER: 10 END: OK
2019-11-26 15:14:38.709 25937 INFO rally.task.runner [-] Task d0613430-bd25-4f67-80d3-6ac764a247fb | ITER: 9 END: OK
2019-11-26 15:14:38.740 25565 INFO rally.task.context [-] Task d0613430-bd25-4f67-80d3-6ac764a247fb | Context admin_cleanup@openstack cleanup() started
2019-11-26 15:14:38.743 25565 RALLYDEBUG rally_openstack.cleanup.manager [-] Cleaning up neutron quota objects
2019-11-26 15:14:39.554 25565 INFO rally.task.context [-] Task d0613430-bd25-4f67-80d3-6ac764a247fb | Context admin_cleanup@openstack cleanup() finished in 0.81 sec
2019-11-26 15:14:39.555 25565 INFO rally.task.context [-] Task d0613430-bd25-4f67-80d3-6ac764a247fb | Context users@openstack cleanup() started
2019-11-26 15:14:44.439 25565 INFO rally.task.context [-] Task d0613430-bd25-4f67-80d3-6ac764a247fb | Context users@openstack cleanup() finished in 4.88 sec
2019-11-26 15:14:44.893 25565 INFO rally.task.engine [-] Load duration is: 1.404421
2019-11-26 15:14:44.894 25565 INFO rally.task.engine [-] Full runner duration is: 1.454978
2019-11-26 15:14:44.894 25565 INFO rally.task.engine [-] Full duration is: 9.848254
2019-11-26 15:14:45.204 25565 INFO rally.task.engine [-] Running workload: position = 0 config = { "version": 2, "title": "A cropped version of a bigger task.", "description": "Auto-generated task from a single workload (uuid=50db621e-98fd-4188-a9cc-d1a83f8fa3b2)", "subtasks": [ { "title": "Quotas.nova_update", "description": "Update quotas for Nova.", "scenario": { "Quotas.nova_update": { "max_quota": 1024 } }, "contexts": { "users": { "tenants": 3, "users_per_tenant": 2 } }, "runner": { "constant": { "concurrency": 4, "times": 10 } }, "hooks": [], "sla": { "failure_rate": { "max": 0 } } } ] }
2019-11-26 15:14:45.231 25565 RALLYDEBUG rally_openstack.contexts.keystone.users [-] Creating 3 tenants using 20 threads
2019-11-26 15:14:46.266 25565 RALLYDEBUG rally_openstack.contexts.keystone.users [-] Creating 6 users using 20 threads
2019-11-26 15:14:47.783 25565 INFO rally.task.context [-] Task d0613430-bd25-4f67-80d3-6ac764a247fb | Context users@openstack setup() finished in 2.55 sec
2019-11-26 15:14:47.783 25565 INFO rally.task.context [-] Task d0613430-bd25-4f67-80d3-6ac764a247fb | Context admin_cleanup@openstack setup() finished in 0.01 msec
2019-11-26 15:14:47.792 25565 RALLYDEBUG rally.task.runner [-] Starting the constant runner (task UUID: d0613430-bd25-4f67-80d3-6ac764a247fb). times: 10 concurrency: 4 timeout: 0 max_cpu_used: 16 processes_to_start: 4 concurrency_per_worker: 1 concurrency_overhead: 0
2019-11-26 15:14:47.803 26061 RALLYDEBUG rally.task.runner [-] Starting a worker. times: 10 duration: None concurrency: 1 timeout: 0 cls: method_name: run args: {"max_quota": 1024}
2019-11-26 15:14:47.806 26062 RALLYDEBUG rally.task.runner [-] Starting a worker. times: 10 duration: None concurrency: 1 timeout: 0 cls: method_name: run args: {"max_quota": 1024}
2019-11-26 15:14:47.810 26061 INFO rally.task.runner [-] Task d0613430-bd25-4f67-80d3-6ac764a247fb | ITER: 1 START
2019-11-26 15:14:47.810 26063 RALLYDEBUG rally.task.runner [-] Starting a worker. times: 10 duration: None concurrency: 1 timeout: 0 cls: method_name: run args: {"max_quota": 1024}
2019-11-26 15:14:47.813 26062 INFO rally.task.runner [-] Task d0613430-bd25-4f67-80d3-6ac764a247fb | ITER: 2 START
2019-11-26 15:14:47.813 26064 RALLYDEBUG rally.task.runner [-] Starting a worker. times: 10 duration: None concurrency: 1 timeout: 0 cls: method_name: run args: {"max_quota": 1024}
2019-11-26 15:14:47.816 26063 INFO rally.task.runner [-] Task d0613430-bd25-4f67-80d3-6ac764a247fb | ITER: 3 START
2019-11-26 15:14:47.819 26064 INFO rally.task.runner [-] Task d0613430-bd25-4f67-80d3-6ac764a247fb | ITER: 4 START
2019-11-26 15:14:48.510 26061 INFO rally.task.runner [-] Task d0613430-bd25-4f67-80d3-6ac764a247fb | ITER: 1 END: OK
2019-11-26 15:14:48.512 26064 INFO rally.task.runner [-] Task d0613430-bd25-4f67-80d3-6ac764a247fb | ITER: 4 END: OK
2019-11-26 15:14:48.515 26061 INFO rally.task.runner [-] Task d0613430-bd25-4f67-80d3-6ac764a247fb | ITER: 5 START
2019-11-26 15:14:48.517 26064 INFO rally.task.runner [-] Task d0613430-bd25-4f67-80d3-6ac764a247fb | ITER: 6 START
2019-11-26 15:14:48.542 26062 INFO rally.task.runner [-] Task d0613430-bd25-4f67-80d3-6ac764a247fb | ITER: 2 END: OK
2019-11-26 15:14:48.546 26062 INFO rally.task.runner [-] Task d0613430-bd25-4f67-80d3-6ac764a247fb | ITER: 7 START
2019-11-26 15:14:48.669 26063 INFO rally.task.runner [-] Task d0613430-bd25-4f67-80d3-6ac764a247fb | ITER: 3 END: OK
2019-11-26 15:14:48.674 26063 INFO rally.task.runner [-] Task d0613430-bd25-4f67-80d3-6ac764a247fb | ITER: 8 START
2019-11-26 15:14:49.026 26064 INFO rally.task.runner [-] Task d0613430-bd25-4f67-80d3-6ac764a247fb | ITER: 6 END: OK
2019-11-26 15:14:49.030 26064 INFO rally.task.runner [-] Task d0613430-bd25-4f67-80d3-6ac764a247fb | ITER: 9 START
2019-11-26 15:14:49.032 26061 INFO rally.task.runner [-] Task d0613430-bd25-4f67-80d3-6ac764a247fb | ITER: 5 END: OK
2019-11-26 15:14:49.035 26061 INFO rally.task.runner [-] Task d0613430-bd25-4f67-80d3-6ac764a247fb | ITER: 10 START
2019-11-26 15:14:49.066 26062 INFO rally.task.runner [-] Task d0613430-bd25-4f67-80d3-6ac764a247fb | ITER: 7 END: OK
2019-11-26 15:14:49.205 26063 INFO rally.task.runner [-] Task d0613430-bd25-4f67-80d3-6ac764a247fb | ITER: 8 END: OK
2019-11-26 15:14:49.625 26064 INFO rally.task.runner [-] Task d0613430-bd25-4f67-80d3-6ac764a247fb | ITER: 9 END: OK
2019-11-26 15:14:49.641 26061 INFO rally.task.runner [-] Task d0613430-bd25-4f67-80d3-6ac764a247fb | ITER: 10 END: OK
2019-11-26 15:14:49.670 25565 INFO rally.task.context [-] Task d0613430-bd25-4f67-80d3-6ac764a247fb | Context admin_cleanup@openstack cleanup() started
2019-11-26 15:14:49.674 25565 RALLYDEBUG rally_openstack.cleanup.manager [-] Cleaning up nova quotas objects
2019-11-26 15:14:50.492 25565 INFO rally.task.context [-] Task d0613430-bd25-4f67-80d3-6ac764a247fb | Context admin_cleanup@openstack cleanup() finished in 0.82 sec
2019-11-26 15:14:50.493 25565 INFO rally.task.context [-] Task d0613430-bd25-4f67-80d3-6ac764a247fb | Context users@openstack cleanup() started
2019-11-26 15:14:55.611 25565 INFO rally.task.context [-] Task d0613430-bd25-4f67-80d3-6ac764a247fb | Context users@openstack cleanup() finished in 5.12 sec
2019-11-26 15:14:57.326 25565 INFO rally.task.engine [-] Load duration is: 1.82941
2019-11-26 15:14:57.327 25565 INFO rally.task.engine [-] Full runner duration is: 1.878568
2019-11-26 15:14:57.327 25565 INFO rally.task.engine [-] Full duration is: 10.38184
2019-11-26 15:14:57.650 25565 INFO rally.task.engine [-] Task d0613430-bd25-4f67-80d3-6ac764a247fb | Completed: Running task.
2019-11-26 15:14:59.072 26143 RALLYDEBUG rally.api [-] INFO logs from urllib3 and requests module are hide.
2019-11-26 15:14:59.072 26143 RALLYDEBUG rally.api [-] urllib3 insecure warnings are hidden.
2019-11-26 15:14:59.072 26143 RALLYDEBUG rally.api [-] ERROR log from boto module is hide.
2019-11-26 15:15:00.287 26144 RALLYDEBUG rally.api [-] INFO logs from urllib3 and requests module are hide.
2019-11-26 15:15:00.288 26144 RALLYDEBUG rally.api [-] urllib3 insecure warnings are hidden.
2019-11-26 15:15:00.288 26144 RALLYDEBUG rally.api [-] ERROR log from boto module is hide.
2019-11-26 15:15:01.527 26145 RALLYDEBUG rally.api [-] INFO logs from urllib3 and requests module are hide.
2019-11-26 15:15:01.527 26145 RALLYDEBUG rally.api [-] urllib3 insecure warnings are hidden.
2019-11-26 15:15:01.527 26145 RALLYDEBUG rally.api [-] ERROR log from boto module is hide.
2019-11-26 15:15:03.130 26145 INFO rally.api [-] Building 'json' report for the following task(s): 'd0613430-bd25-4f67-80d3-6ac764a247fb'.
2019-11-26 15:15:03.137 26145 INFO rally.api [-] The report has been successfully built.
2019-11-26 15:15:04.558 26147 RALLYDEBUG rally.api [-] INFO logs from urllib3 and requests module are hide.
2019-11-26 15:15:04.558 26147 RALLYDEBUG rally.api [-] urllib3 insecure warnings are hidden.
2019-11-26 15:15:04.559 26147 RALLYDEBUG rally.api [-] ERROR log from boto module is hide.
2019-11-26 15:15:06.372 26147 INFO rally.task.engine [-] Task 397019e9-9396-4f72-8876-1cab733e3878 | Starting: Task validation.
2019-11-26 15:15:06.429 26147 INFO rally.task.engine [-] Task 397019e9-9396-4f72-8876-1cab733e3878 | Starting: Task validation of syntax.
2019-11-26 15:15:06.526 26147 INFO rally.task.engine [-] Task 397019e9-9396-4f72-8876-1cab733e3878 | Completed: Task validation of syntax.
2019-11-26 15:15:06.526 26147 INFO rally.task.engine [-] Task 397019e9-9396-4f72-8876-1cab733e3878 | Starting: Task validation of required platforms.
2019-11-26 15:15:06.571 26147 INFO rally.task.engine [-] Task 397019e9-9396-4f72-8876-1cab733e3878 | Completed: Task validation of required platforms.
2019-11-26 15:15:06.571 26147 INFO rally.task.engine [-] Task 397019e9-9396-4f72-8876-1cab733e3878 | Starting: Task validation of semantic.
2019-11-26 15:15:06.571 26147 INFO rally.task.engine [-] Check health of the environment '73925250-c41d-449a-9e1d-3bea8c973e1e'.
2019-11-26 15:15:07.570 26147 INFO rally.task.engine [-] Platform existing@openstack (available: True): OK!
2019-11-26 15:15:07.595 26147 RALLYDEBUG rally_openstack.contexts.keystone.users [-] Creating 1 tenants using 20 threads
2019-11-26 15:15:08.453 26147 RALLYDEBUG rally_openstack.contexts.keystone.users [-] Creating 1 users using 20 threads
2019-11-26 15:15:09.919 26147 INFO rally.task.context [-] Task 397019e9-9396-4f72-8876-1cab733e3878 | Context users@openstack setup() finished in 2.32 sec
2019-11-26 15:15:10.253 26147 INFO rally.task.context [-] Task 397019e9-9396-4f72-8876-1cab733e3878 | Context users@openstack cleanup() started
2019-11-26 15:15:13.401 26147 INFO rally.task.context [-] Task 397019e9-9396-4f72-8876-1cab733e3878 | Context users@openstack cleanup() finished in 3.15 sec
2019-11-26 15:15:13.519 26147 ERROR rally.cli.cliutils [-] Unexpected exception in CLI: rally.exceptions.InvalidTaskConfig: Input task is invalid! Subtask SwiftObjects.create_container_and_object_then_list_objects[0] has wrong configuration Subtask configuration: {"version": 2, "title": "A cropped version of a bigger task.", "description": "Auto-generated task from a single workload", "subtasks": [{"title": "SwiftObjects.create_container_and_object_then_list_objects", "description": "Create container and objects then list all objects.", "scenario": {"SwiftObjects.create_container_and_object_then_list_objects": {"objects_per_container": 2, "object_size": 5120}}, "contexts": {"users": {"tenants": 3, "users_per_tenant": 2}, "roles": ["admin"]}, "runner": {"constant": {"concurrency": 4, "times": 10}}, "hooks": [], "sla": {"failure_rate": {"max": 0}}}]} Reason(s): Scenario plugin 'SwiftObjects.create_container_and_object_then_list_objects' doesn't pass required_services@openstack validation. Details: 'swift' service is not available. Hint: If 'swift' service has non-default service_type, try to setup it via 'api_versions@openstack' context.
2019-11-26 15:15:13.519 26147 ERROR rally.cli.cliutils
Traceback (most recent call last):
2019-11-26 15:15:13.519 26147 ERROR rally.cli.cliutils
File "/usr/lib/python3.6/site-packages/rally/cli/cliutils.py", line 674, in run
2019-11-26 15:15:13.519 26147 ERROR rally.cli.cliutils ret = fn(*fn_args, **fn_kwargs)
2019-11-26 15:15:13.519 26147 ERROR rally.cli.cliutils File "", line 2, in start
2019-11-26 15:15:13.519 26147 ERROR rally.cli.cliutils
File "/usr/lib/python3.6/site-packages/rally/cli/envutils.py", line 68, in default_from_global
2019-11-26 15:15:13.519 26147 ERROR rally.cli.cliutils return f(*args, **kwargs)
2019-11-26 15:15:13.519 26147 ERROR rally.cli.cliutils File "", line 2, in start
2019-11-26 15:15:13.519 26147 ERROR rally.cli.cliutils
File "/usr/lib/python3.6/site-packages/rally/plugins/__init__.py", line 51, in ensure_plugins_are_loaded
2019-11-26 15:15:13.519 26147 ERROR rally.cli.cliutils return f(*args, **kwargs)
2019-11-26 15:15:13.519 26147 ERROR rally.cli.cliutils
File "/usr/lib/python3.6/site-packages/rally/cli/commands/task.py", line 307, in start
2019-11-26 15:15:13.519 26147 ERROR rally.cli.cliutils abort_on_sla_failure=abort_on_sla_failure)
2019-11-26 15:15:13.519 26147 ERROR rally.cli.cliutils
File "/usr/lib/python3.6/site-packages/rally/api.py", line 422, in start
2019-11-26 15:15:13.519 26147 ERROR rally.cli.cliutils task_engine.validate()
2019-11-26 15:15:13.519 26147 ERROR rally.cli.cliutils
File "/usr/lib/python3.6/site-packages/rally/common/logging.py", line 248, in wrapper
2019-11-26 15:15:13.519 26147 ERROR rally.cli.cliutils result = f(self, *args, **kwargs)
2019-11-26 15:15:13.519 26147 ERROR rally.cli.cliutils
File "/usr/lib/python3.6/site-packages/rally/task/engine.py", line 394, in validate
2019-11-26 15:15:13.519 26147 ERROR rally.cli.cliutils self._validate_config_semantic(self.config)
2019-11-26 15:15:13.519 26147 ERROR rally.cli.cliutils
File "/usr/lib/python3.6/site-packages/rally/common/logging.py", line 248, in wrapper
2019-11-26 15:15:13.519 26147 ERROR rally.cli.cliutils result = f(self, *args, **kwargs)
2019-11-26 15:15:13.519 26147 ERROR rally.cli.cliutils
File "/usr/lib/python3.6/site-packages/rally/task/engine.py", line 380, in _validate_config_semantic
2019-11-26 15:15:13.519 26147 ERROR rally.cli.cliutils workload, vcontext=ctx_obj, vtype="semantic")
2019-11-26 15:15:13.519 26147 ERROR rally.cli.cliutils
File "/usr/lib/python3.6/site-packages/rally/task/engine.py", line 328, in _validate_workload
2019-11-26 15:15:13.519 26147 ERROR rally.cli.cliutils raise exceptions.InvalidTaskConfig(**kw)
2019-11-26 15:15:13.519 26147 ERROR rally.cli.cliutils rally.exceptions.InvalidTaskConfig: Input task is invalid!
2019-11-26 15:15:13.519 26147 ERROR rally.cli.cliutils
2019-11-26 15:15:13.519 26147 ERROR rally.cli.cliutils Subtask SwiftObjects.create_container_and_object_then_list_objects[0] has wrong configuration
2019-11-26 15:15:13.519 26147 ERROR rally.cli.cliutils Subtask configuration:
2019-11-26 15:15:13.519 26147 ERROR rally.cli.cliutils {"version": 2, "title": "A cropped version of a bigger task.", "description": "Auto-generated task from a single workload", "subtasks": [{"title": "SwiftObjects.create_container_and_object_then_list_objects", "description": "Create container and objects then list all objects.", "scenario": {"SwiftObjects.create_container_and_object_then_list_objects": {"objects_per_container": 2, "object_size": 5120}}, "contexts": {"users": {"tenants": 3, "users_per_tenant": 2}, "roles": ["admin"]}, "runner": {"constant": {"concurrency": 4, "times": 10}}, "hooks": [], "sla": {"failure_rate": {"max": 0}}}]}
2019-11-26 15:15:13.519 26147 ERROR rally.cli.cliutils
2019-11-26 15:15:13.519 26147 ERROR rally.cli.cliutils Reason(s):
2019-11-26 15:15:13.519 26147 ERROR rally.cli.cliutils Scenario plugin 'SwiftObjects.create_container_and_object_then_list_objects' doesn't pass required_services@openstack validation. Details: 'swift' service is not available. Hint: If 'swift' service has non-default service_type, try to setup it via 'api_versions@openstack' context.
2019-11-26 15:15:13.519 26147 ERROR rally.cli.cliutils
2019-11-26 15:15:14.961 26229 RALLYDEBUG rally.api [-] INFO logs from urllib3 and requests module are hide.
2019-11-26 15:15:14.961 26229 RALLYDEBUG rally.api [-] urllib3 insecure warnings are hidden.
2019-11-26 15:15:14.961 26229 RALLYDEBUG rally.api [-] ERROR log from boto module is hide.
2019-11-26 15:15:16.012 26230 RALLYDEBUG rally.api [-] INFO logs from urllib3 and requests module are hide.
2019-11-26 15:15:16.013 26230 RALLYDEBUG rally.api [-] urllib3 insecure warnings are hidden.
2019-11-26 15:15:16.013 26230 RALLYDEBUG rally.api [-] ERROR log from boto module is hide.
2019-11-26 15:15:17.188 26231 RALLYDEBUG rally.api [-] INFO logs from urllib3 and requests module are hide.
2019-11-26 15:15:17.189 26231 RALLYDEBUG rally.api [-] urllib3 insecure warnings are hidden.
2019-11-26 15:15:17.189 26231 RALLYDEBUG rally.api [-] ERROR log from boto module is hide.
2019-11-26 15:15:18.789 26231 INFO rally.api [-] Building 'json' report for the following task(s): '397019e9-9396-4f72-8876-1cab733e3878'.
2019-11-26 15:15:18.791 26231 INFO rally.api [-] The report has been successfully built.
2019-11-26 15:15:20.103 26233 RALLYDEBUG rally.api [-] INFO logs from urllib3 and requests module are hide.
2019-11-26 15:15:20.104 26233 RALLYDEBUG rally.api [-] urllib3 insecure warnings are hidden.
2019-11-26 15:15:20.104 26233 RALLYDEBUG rally.api [-] ERROR log from boto module is hide.
2019-11-26 15:15:22.004 26233 INFO rally.task.engine [-] Task 26c0e588-1c95-409c-98f3-005f95e866bf | Starting: Task validation.
2019-11-26 15:15:22.048 26233 INFO rally.task.engine [-] Task 26c0e588-1c95-409c-98f3-005f95e866bf | Starting: Task validation of syntax.
