2019-11-26 13:25:27.684 727 RALLYDEBUG rally.task.runner [-] Starting the constant runner (task UUID: 0b418fe0-9ce4-4048-b54b-3e443abafb5b). times: 10 concurrency: 4 timeout: 0 max_cpu_used: 16 processes_to_start: 4 concurrency_per_worker: 1 concurrency_overhead: 0
2019-11-26 13:25:27.696 975 RALLYDEBUG rally.task.runner [-] Starting a worker. times: 10 duration: None concurrency: 1 timeout: 0 cls: method_name: run args: {"container_format": "bare", "disk_format": "qcow2", "image_location": "/home/opnfv/functest/images/cirros-0.4.0-x86_64-disk.img"}
2019-11-26 13:25:27.700 976 RALLYDEBUG rally.task.runner [-] Starting a worker. times: 10 duration: None concurrency: 1 timeout: 0 cls: method_name: run args: {"container_format": "bare", "disk_format": "qcow2", "image_location": "/home/opnfv/functest/images/cirros-0.4.0-x86_64-disk.img"}
2019-11-26 13:25:27.703 975 INFO rally.task.runner [-] Task 0b418fe0-9ce4-4048-b54b-3e443abafb5b | ITER: 1 START
2019-11-26 13:25:27.703 977 RALLYDEBUG rally.task.runner [-] Starting a worker. times: 10 duration: None concurrency: 1 timeout: 0 cls: method_name: run args: {"container_format": "bare", "disk_format": "qcow2", "image_location": "/home/opnfv/functest/images/cirros-0.4.0-x86_64-disk.img"}
2019-11-26 13:25:27.706 979 RALLYDEBUG rally.task.runner [-] Starting a worker. times: 10 duration: None concurrency: 1 timeout: 0 cls: method_name: run args: {"container_format": "bare", "disk_format": "qcow2", "image_location": "/home/opnfv/functest/images/cirros-0.4.0-x86_64-disk.img"}
2019-11-26 13:25:27.707 976 INFO rally.task.runner [-] Task 0b418fe0-9ce4-4048-b54b-3e443abafb5b | ITER: 2 START
2019-11-26 13:25:27.709 977 INFO rally.task.runner [-] Task 0b418fe0-9ce4-4048-b54b-3e443abafb5b | ITER: 3 START
2019-11-26 13:25:27.712 979 INFO rally.task.runner [-] Task 0b418fe0-9ce4-4048-b54b-3e443abafb5b | ITER: 4 START
2019-11-26 13:25:30.677 977 RALLYDEBUG rally.task.utils [-] Waiting for resource '12cb8255-5cbd-411b-880c-c8b1d9b50dc4'. Status changed: NONE => QUEUED in 0.04053783416748047
2019-11-26 13:25:30.679 975 RALLYDEBUG rally.task.utils [-] Waiting for resource '79472cf4-d72e-4d7e-a8d4-8196553385b6'. Status changed: NONE => QUEUED in 0.038596153259277344
2019-11-26 13:25:30.697 976 RALLYDEBUG rally.task.utils [-] Waiting for resource '17817ac5-28e7-46c9-b1e1-8f6d062a6860'. Status changed: NONE => QUEUED in 0.04147171974182129
2019-11-26 13:25:30.713 979 RALLYDEBUG rally.task.utils [-] Waiting for resource '5ee3b4a6-f9d1-4255-8118-718a441b8c49'. Status changed: NONE => QUEUED in 0.03794980049133301
2019-11-26 13:25:30.916 977 RALLYDEBUG rally.task.utils [-] Waiting for resource s_rally_0c643e3c_kWWHxbvy. Status changed: QUEUED => ACTIVE in 0.019300460815429688
2019-11-26 13:25:30.917 975 RALLYDEBUG rally.task.utils [-] Waiting for resource s_rally_0c643e3c_Xd3FDjPO. Status changed: QUEUED => ACTIVE in 0.020381689071655273
2019-11-26 13:25:30.924 979 RALLYDEBUG rally.task.utils [-] Waiting for resource s_rally_0c643e3c_mR1JylHG. Status changed: QUEUED => ACTIVE in 0.017835617065429688
2019-11-26 13:25:30.926 976 RALLYDEBUG rally.task.utils [-] Waiting for resource s_rally_0c643e3c_e4MssgMU. Status changed: QUEUED => ACTIVE in 0.0191342830657959
2019-11-26 13:25:30.951 977 INFO rally.task.runner [-] Task 0b418fe0-9ce4-4048-b54b-3e443abafb5b | ITER: 3 END: OK
2019-11-26 13:25:30.952 975 INFO rally.task.runner [-] Task 0b418fe0-9ce4-4048-b54b-3e443abafb5b | ITER: 1 END: OK
2019-11-26 13:25:30.956 977 INFO rally.task.runner [-] Task 0b418fe0-9ce4-4048-b54b-3e443abafb5b | ITER: 5 START
2019-11-26 13:25:30.957 975 INFO rally.task.runner [-] Task 0b418fe0-9ce4-4048-b54b-3e443abafb5b | ITER: 6 START
2019-11-26 13:25:30.959 979 INFO rally.task.runner [-] Task 0b418fe0-9ce4-4048-b54b-3e443abafb5b | ITER: 4 END: OK
2019-11-26 13:25:30.960 976 INFO rally.task.runner [-] Task 0b418fe0-9ce4-4048-b54b-3e443abafb5b | ITER: 2 END: OK
2019-11-26 13:25:30.963 979 INFO rally.task.runner [-] Task 0b418fe0-9ce4-4048-b54b-3e443abafb5b | ITER: 7 START
2019-11-26 13:25:30.964 976 INFO rally.task.runner [-] Task 0b418fe0-9ce4-4048-b54b-3e443abafb5b | ITER: 8 START
2019-11-26 13:25:33.783 976 RALLYDEBUG rally.task.utils [-] Waiting for resource '692ae82d-4a69-42d4-9e7a-94439eb2b1a2'. Status changed: NONE => QUEUED in 0.0363309383392334
2019-11-26 13:25:33.793 977 RALLYDEBUG rally.task.utils [-] Waiting for resource '644dc597-de41-4e7d-9739-70291a21736e'. Status changed: NONE => QUEUED in 0.030913114547729492
2019-11-26 13:25:33.795 979 RALLYDEBUG rally.task.utils [-] Waiting for resource '2d8d2d94-7078-42a9-9ebc-23fa75aaa3d7'. Status changed: NONE => QUEUED in 0.03630542755126953
2019-11-26 13:25:33.800 975 RALLYDEBUG rally.task.utils [-] Waiting for resource 'e1c98174-ff41-4e39-b3c8-6f317a654d0e'. Status changed: NONE => QUEUED in 0.02959752082824707
2019-11-26 13:25:34.019 979 RALLYDEBUG rally.task.utils [-] Waiting for resource s_rally_0c643e3c_pyvQi3FD. Status changed: QUEUED => ACTIVE in 0.023215532302856445
2019-11-26 13:25:34.035 975 RALLYDEBUG rally.task.utils [-] Waiting for resource s_rally_0c643e3c_uc7yrmX2. Status changed: QUEUED => ACTIVE in 0.018530845642089844
2019-11-26 13:25:34.053 979 INFO rally.task.runner [-] Task 0b418fe0-9ce4-4048-b54b-3e443abafb5b | ITER: 7 END: OK
2019-11-26 13:25:34.054 979 INFO rally.task.runner [-] Task 0b418fe0-9ce4-4048-b54b-3e443abafb5b | ITER: 9 START
2019-11-26 13:25:34.073 975 INFO rally.task.runner [-] Task 0b418fe0-9ce4-4048-b54b-3e443abafb5b | ITER: 6 END: OK
2019-11-26 13:25:34.076 975 INFO rally.task.runner [-] Task 0b418fe0-9ce4-4048-b54b-3e443abafb5b | ITER: 10 START
2019-11-26 13:25:34.090 977 RALLYDEBUG rally.task.utils [-] Waiting for resource s_rally_0c643e3c_ZaR4luXK. Status changed: QUEUED => ACTIVE in 0.014181375503540039
2019-11-26 13:25:34.101 976 RALLYDEBUG rally.task.utils [-] Waiting for resource s_rally_0c643e3c_bazxnnqf. Status changed: QUEUED => ACTIVE in 0.01536107063293457
2019-11-26 13:25:34.123 977 INFO rally.task.runner [-] Task 0b418fe0-9ce4-4048-b54b-3e443abafb5b | ITER: 5 END: OK
2019-11-26 13:25:34.127 976 INFO rally.task.runner [-] Task 0b418fe0-9ce4-4048-b54b-3e443abafb5b | ITER: 8 END: OK
2019-11-26 13:25:36.839 979 RALLYDEBUG rally.task.utils [-] Waiting for resource '4c7b2d33-9995-4666-aeba-9647679e0e1b'. Status changed: NONE => QUEUED in 0.036019325256347656
2019-11-26 13:25:36.855 975 RALLYDEBUG rally.task.utils [-] Waiting for resource '90a0d74f-0019-4bea-b967-7fb1c9625eac'. Status changed: NONE => QUEUED in 0.034920454025268555
2019-11-26 13:25:37.085 979 RALLYDEBUG rally.task.utils [-] Waiting for resource s_rally_0c643e3c_wvWc5dwe. Status changed: QUEUED => ACTIVE in 0.01796436309814453
2019-11-26 13:25:37.101 975 RALLYDEBUG rally.task.utils [-] Waiting for resource s_rally_0c643e3c_Mkk0x7AV. Status changed: QUEUED => ACTIVE in 0.021832942962646484
2019-11-26 13:25:37.118 979 INFO rally.task.runner [-] Task 0b418fe0-9ce4-4048-b54b-3e443abafb5b | ITER: 9 END: OK
2019-11-26 13:25:37.134 975 INFO rally.task.runner [-] Task 0b418fe0-9ce4-4048-b54b-3e443abafb5b | ITER: 10 END: OK
2019-11-26 13:25:37.164 727 INFO rally.task.context [-] Task 0b418fe0-9ce4-4048-b54b-3e443abafb5b | Context cleanup@openstack cleanup() started
2019-11-26 13:25:37.166 727 RALLYDEBUG rally_openstack.cleanup.manager [-] Cleaning up glance images objects
2019-11-26 13:25:38.575 727 RALLYDEBUG rally_openstack.cleanup.manager [-] Deleting glance.images object s_rally_0c643e3c_Mkk0x7AV (90a0d74f-0019-4bea-b967-7fb1c9625eac)
2019-11-26 13:25:38.579 727 RALLYDEBUG rally_openstack.cleanup.manager [-] Deleting glance.images object s_rally_0c643e3c_wvWc5dwe (4c7b2d33-9995-4666-aeba-9647679e0e1b)
2019-11-26 13:25:38.588 727 RALLYDEBUG rally_openstack.cleanup.manager [-] Deleting glance.images object s_rally_0c643e3c_Xd3FDjPO (79472cf4-d72e-4d7e-a8d4-8196553385b6)
2019-11-26 13:25:38.592 727 RALLYDEBUG rally_openstack.cleanup.manager [-] Deleting glance.images object s_rally_0c643e3c_mR1JylHG (5ee3b4a6-f9d1-4255-8118-718a441b8c49)
2019-11-26 13:25:38.602 727 RALLYDEBUG rally_openstack.cleanup.manager [-] Deleting glance.images object s_rally_0c643e3c_e4MssgMU (17817ac5-28e7-46c9-b1e1-8f6d062a6860)
2019-11-26 13:25:38.610 727 RALLYDEBUG rally_openstack.cleanup.manager [-] Deleting glance.images object s_rally_0c643e3c_bazxnnqf (692ae82d-4a69-42d4-9e7a-94439eb2b1a2)
2019-11-26 13:25:38.621 727 RALLYDEBUG rally_openstack.cleanup.manager [-] Deleting glance.images object s_rally_0c643e3c_ZaR4luXK (644dc597-de41-4e7d-9739-70291a21736e)
2019-11-26 13:25:38.653 727 RALLYDEBUG rally_openstack.cleanup.manager [-] Deleting glance.images object s_rally_0c643e3c_kWWHxbvy (12cb8255-5cbd-411b-880c-c8b1d9b50dc4)
2019-11-26 13:25:38.682 727 RALLYDEBUG rally_openstack.cleanup.manager [-] Deleting glance.images object s_rally_0c643e3c_uc7yrmX2 (e1c98174-ff41-4e39-b3c8-6f317a654d0e)
2019-11-26 13:25:38.692 727 RALLYDEBUG rally_openstack.cleanup.manager [-] Deleting glance.images object s_rally_0c643e3c_pyvQi3FD (2d8d2d94-7078-42a9-9ebc-23fa75aaa3d7)
2019-11-26 13:25:39.095 727 DEBUG glanceclient.common.http [-] Request returned failure status 404. _handle_response /usr/lib/python3.6/site-packages/glanceclient/common/http.py:125
2019-11-26 13:25:39.106 727 DEBUG glanceclient.common.http [-] Request returned failure status 404. _handle_response /usr/lib/python3.6/site-packages/glanceclient/common/http.py:125
2019-11-26 13:25:39.124 727 DEBUG glanceclient.common.http [-] Request returned failure status 404. _handle_response /usr/lib/python3.6/site-packages/glanceclient/common/http.py:125
2019-11-26 13:25:39.127 727 DEBUG glanceclient.common.http [-] Request returned failure status 404. _handle_response /usr/lib/python3.6/site-packages/glanceclient/common/http.py:125
2019-11-26 13:25:39.144 727 DEBUG glanceclient.common.http [-] Request returned failure status 404. _handle_response /usr/lib/python3.6/site-packages/glanceclient/common/http.py:125
2019-11-26 13:25:39.159 727 DEBUG glanceclient.common.http [-] Request returned failure status 404. _handle_response /usr/lib/python3.6/site-packages/glanceclient/common/http.py:125
2019-11-26 13:25:39.167 727 DEBUG glanceclient.common.http [-] Request returned failure status 404. _handle_response /usr/lib/python3.6/site-packages/glanceclient/common/http.py:125
2019-11-26 13:25:39.178 727 DEBUG glanceclient.common.http [-] Request returned failure status 404. _handle_response /usr/lib/python3.6/site-packages/glanceclient/common/http.py:125
2019-11-26 13:25:39.180 727 DEBUG glanceclient.common.http [-] Request returned failure status 404. _handle_response /usr/lib/python3.6/site-packages/glanceclient/common/http.py:125
2019-11-26 13:25:39.187 727 DEBUG glanceclient.common.http [-] Request returned failure status 404. _handle_response /usr/lib/python3.6/site-packages/glanceclient/common/http.py:125
2019-11-26 13:25:39.189 727 DEBUG glanceclient.common.http [-] Request returned failure status 404. _handle_response /usr/lib/python3.6/site-packages/glanceclient/common/http.py:125
2019-11-26 13:25:39.207 727 DEBUG glanceclient.common.http [-] Request returned failure status 404. _handle_response /usr/lib/python3.6/site-packages/glanceclient/common/http.py:125
2019-11-26 13:25:39.218 727 DEBUG glanceclient.common.http [-] Request returned failure status 404. _handle_response /usr/lib/python3.6/site-packages/glanceclient/common/http.py:125
2019-11-26 13:25:39.228 727 DEBUG glanceclient.common.http [-] Request returned failure status 404. _handle_response /usr/lib/python3.6/site-packages/glanceclient/common/http.py:125
2019-11-26 13:25:39.230 727 DEBUG glanceclient.common.http [-] Request returned failure status 404. _handle_response /usr/lib/python3.6/site-packages/glanceclient/common/http.py:125
2019-11-26 13:25:39.235 727 DEBUG glanceclient.common.http [-] Request returned failure status 404. _handle_response /usr/lib/python3.6/site-packages/glanceclient/common/http.py:125
2019-11-26 13:25:39.237 727 DEBUG glanceclient.common.http [-] Request returned failure status 404. _handle_response /usr/lib/python3.6/site-packages/glanceclient/common/http.py:125
2019-11-26 13:25:39.248 727 DEBUG glanceclient.common.http [-] Request returned failure status 404. _handle_response /usr/lib/python3.6/site-packages/glanceclient/common/http.py:125
2019-11-26 13:25:39.251 727 DEBUG glanceclient.common.http [-] Request returned failure status 404. _handle_response /usr/lib/python3.6/site-packages/glanceclient/common/http.py:125
2019-11-26 13:25:39.254 727 DEBUG glanceclient.common.http [-] Request returned failure status 404. _handle_response /usr/lib/python3.6/site-packages/glanceclient/common/http.py:125
2019-11-26 13:25:40.257 727 INFO rally.task.context [-] Task 0b418fe0-9ce4-4048-b54b-3e443abafb5b | Context cleanup@openstack cleanup() finished in 3.09 sec
2019-11-26 13:25:40.257 727 INFO rally.task.context [-] Task 0b418fe0-9ce4-4048-b54b-3e443abafb5b | Context users@openstack cleanup() started
2019-11-26 13:25:44.816 727 INFO rally.task.context [-] Task 0b418fe0-9ce4-4048-b54b-3e443abafb5b | Context users@openstack cleanup() finished in 4.56 sec
2019-11-26 13:25:45.359 727 INFO rally.task.engine [-] Load duration is: 8.740033
2019-11-26 13:25:45.359 727 INFO rally.task.engine [-] Full runner duration is: 9.480461
2019-11-26 13:25:45.360 727 INFO rally.task.engine [-] Full duration is: 19.806029
2019-11-26 13:25:45.946 727 INFO rally.task.engine [-] Running workload: position = 0 config = { "version": 2, "title": "A cropped version of a bigger task.", "description": "Auto-generated task from a single workload (uuid=f9b06b9a-54e8-423b-9b02-9bd0b465bce5)", "subtasks": [ { "title": "GlanceImages.list_images", "description": "List all images.", "scenario": { "GlanceImages.list_images": {} }, "contexts": { "users": { "tenants": 3, "users_per_tenant": 2 } }, "runner": { "constant": { "concurrency": 4, "times": 10 } }, "hooks": [], "sla": { "failure_rate": { "max": 0 } } } ] }
2019-11-26 13:25:45.982 727 RALLYDEBUG rally_openstack.contexts.keystone.users [-] Creating 3 tenants using 20 threads
2019-11-26 13:25:47.075 727 RALLYDEBUG rally_openstack.contexts.keystone.users [-] Creating 6 users using 20 threads
2019-11-26 13:25:48.641 727 INFO rally.task.context [-] Task 0b418fe0-9ce4-4048-b54b-3e443abafb5b | Context users@openstack setup() finished in 2.66 sec
2019-11-26 13:25:48.652 727 RALLYDEBUG rally.task.runner [-] Starting the constant runner (task UUID: 0b418fe0-9ce4-4048-b54b-3e443abafb5b). times: 10 concurrency: 4 timeout: 0 max_cpu_used: 16 processes_to_start: 4 concurrency_per_worker: 1 concurrency_overhead: 0
2019-11-26 13:25:48.663 1099 RALLYDEBUG rally.task.runner [-] Starting a worker. times: 10 duration: None concurrency: 1 timeout: 0 cls: method_name: run args: {}
2019-11-26 13:25:48.667 1100 RALLYDEBUG rally.task.runner [-] Starting a worker. times: 10 duration: None concurrency: 1 timeout: 0 cls: method_name: run args: {}
2019-11-26 13:25:48.670 1099 INFO rally.task.runner [-] Task 0b418fe0-9ce4-4048-b54b-3e443abafb5b | ITER: 1 START
2019-11-26 13:25:48.670 1101 RALLYDEBUG rally.task.runner [-] Starting a worker. times: 10 duration: None concurrency: 1 timeout: 0 cls: method_name: run args: {}
2019-11-26 13:25:48.673 1100 INFO rally.task.runner [-] Task 0b418fe0-9ce4-4048-b54b-3e443abafb5b | ITER: 2 START
2019-11-26 13:25:48.673 1102 RALLYDEBUG rally.task.runner [-] Starting a worker. times: 10 duration: None concurrency: 1 timeout: 0 cls: method_name: run args: {}
2019-11-26 13:25:48.677 1101 INFO rally.task.runner [-] Task 0b418fe0-9ce4-4048-b54b-3e443abafb5b | ITER: 3 START
2019-11-26 13:25:48.680 1102 INFO rally.task.runner [-] Task 0b418fe0-9ce4-4048-b54b-3e443abafb5b | ITER: 4 START
2019-11-26 13:25:49.498 1102 INFO rally.task.runner [-] Task 0b418fe0-9ce4-4048-b54b-3e443abafb5b | ITER: 4 END: OK
2019-11-26 13:25:49.498 1099 INFO rally.task.runner [-] Task 0b418fe0-9ce4-4048-b54b-3e443abafb5b | ITER: 1 END: OK
2019-11-26 13:25:49.500 1100 INFO rally.task.runner [-] Task 0b418fe0-9ce4-4048-b54b-3e443abafb5b | ITER: 2 END: OK
2019-11-26 13:25:49.502 1099 INFO rally.task.runner [-] Task 0b418fe0-9ce4-4048-b54b-3e443abafb5b | ITER: 5 START
2019-11-26 13:25:49.503 1102 INFO rally.task.runner [-] Task 0b418fe0-9ce4-4048-b54b-3e443abafb5b | ITER: 6 START
2019-11-26 13:25:49.504 1100 INFO rally.task.runner [-] Task 0b418fe0-9ce4-4048-b54b-3e443abafb5b | ITER: 7 START
2019-11-26 13:25:49.594 1101 INFO rally.task.runner [-] Task 0b418fe0-9ce4-4048-b54b-3e443abafb5b | ITER: 3 END: OK
2019-11-26 13:25:49.599 1101 INFO rally.task.runner [-] Task 0b418fe0-9ce4-4048-b54b-3e443abafb5b | ITER: 8 START
2019-11-26 13:25:50.264 1102 INFO rally.task.runner [-] Task 0b418fe0-9ce4-4048-b54b-3e443abafb5b | ITER: 6 END: OK
2019-11-26 13:25:50.267 1102 INFO rally.task.runner [-] Task 0b418fe0-9ce4-4048-b54b-3e443abafb5b | ITER: 9 START
2019-11-26 13:25:50.271 1100 INFO rally.task.runner [-] Task 0b418fe0-9ce4-4048-b54b-3e443abafb5b | ITER: 7 END: OK
2019-11-26 13:25:50.275 1100 INFO rally.task.runner [-] Task 0b418fe0-9ce4-4048-b54b-3e443abafb5b | ITER: 10 START
2019-11-26 13:25:50.289 1101 INFO rally.task.runner [-] Task 0b418fe0-9ce4-4048-b54b-3e443abafb5b | ITER: 8 END: OK
2019-11-26 13:25:50.338 1099 INFO rally.task.runner [-] Task 0b418fe0-9ce4-4048-b54b-3e443abafb5b | ITER: 5 END: OK
2019-11-26 13:25:50.965 1102 INFO rally.task.runner [-] Task 0b418fe0-9ce4-4048-b54b-3e443abafb5b | ITER: 9 END: OK
2019-11-26 13:25:51.272 1100 INFO rally.task.runner [-] Task 0b418fe0-9ce4-4048-b54b-3e443abafb5b | ITER: 10 END: OK
2019-11-26 13:25:51.298 727 INFO rally.task.context [-] Task 0b418fe0-9ce4-4048-b54b-3e443abafb5b | Context users@openstack cleanup() started
2019-11-26 13:25:55.579 727 INFO rally.task.context [-] Task 0b418fe0-9ce4-4048-b54b-3e443abafb5b | Context users@openstack cleanup() finished in 4.28 sec
2019-11-26 13:25:56.123 727 INFO rally.task.engine [-] Load duration is: 1.908912
2019-11-26 13:25:56.123 727 INFO rally.task.engine [-] Full runner duration is: 2.647747
2019-11-26 13:25:56.124 727 INFO rally.task.engine [-] Full duration is: 9.59888
2019-11-26 13:25:56.714 727 INFO rally.task.engine [-] Running workload: position = 0 config = { "version": 2, "title": "A cropped version of a bigger task.", "description": "Auto-generated task from a single workload (uuid=e3c6157d-9355-4517-b043-2ca96b962d4c)", "subtasks": [ { "title": "GlanceImages.create_image_and_boot_instances", "description": "Create an image and boot several instances from it.", "scenario": { "GlanceImages.create_image_and_boot_instances": { "container_format": "bare", "disk_format": "qcow2", "image_location": "/home/opnfv/functest/images/cirros-0.4.0-x86_64-disk.img", "flavor": { "name": "rally_full-flavor_14c80e47-fc5e-4341-b211-0fe7e7cf2394" }, "number_instances": 2, "nics": [ { "net-id": "6abc0ace-55e5-437e-8ca2-3154ab90105d" } ] } }, "contexts": { "users": { "tenants": 3, "users_per_tenant": 2 }, "quotas": { "nova": { "cores": -1, "floating_ips": -1, "instances": -1, "ram": -1, "security_group_rules": -1, "security_groups": -1 } } }, "runner": { "constant": { "concurrency": 4, "times": 10 } }, "hooks": [], "sla": { "failure_rate": { "max": 0 } } } ] }
2019-11-26 13:25:56.739 727 RALLYDEBUG rally_openstack.contexts.keystone.users [-] Creating 3 tenants using 20 threads
2019-11-26 13:25:57.805 727 RALLYDEBUG rally_openstack.contexts.keystone.users [-] Creating 6 users using 20 threads
2019-11-26 13:25:59.309 727 INFO rally.task.context [-] Task 0b418fe0-9ce4-4048-b54b-3e443abafb5b | Context users@openstack setup() finished in 2.57 sec
2019-11-26 13:26:00.677 727 INFO rally.task.context [-] Task 0b418fe0-9ce4-4048-b54b-3e443abafb5b | Context quotas@openstack setup() finished in 1.37 sec
2019-11-26 13:26:00.678 727 INFO rally.task.context [-] Task 0b418fe0-9ce4-4048-b54b-3e443abafb5b | Context cleanup@openstack setup() finished in 0.03 msec
2019-11-26 13:26:01.124 727 RALLYDEBUG rally.task.runner [-] Starting the constant runner (task UUID: 0b418fe0-9ce4-4048-b54b-3e443abafb5b). times: 10 concurrency: 4 timeout: 0 max_cpu_used: 16 processes_to_start: 4 concurrency_per_worker: 1 concurrency_overhead: 0
2019-11-26 13:26:01.137 1203 RALLYDEBUG rally.task.runner [-] Starting a worker. times: 10 duration: None concurrency: 1 timeout: 0 cls: method_name: run args: {"container_format": "bare", "disk_format": "qcow2", "image_location": "/home/opnfv/functest/images/cirros-0.4.0-x86_64-disk.img", "flavor": "557b1827-d554-482f-8e5c-ff4a7235ad1e", "number_instances": 2, "nics": [{"net-id": "6abc0ace-55e5-437e-8ca2-3154ab90105d"}]}
2019-11-26 13:26:01.140 1204 RALLYDEBUG rally.task.runner [-] Starting a worker. times: 10 duration: None concurrency: 1 timeout: 0 cls: method_name: run args: {"container_format": "bare", "disk_format": "qcow2", "image_location": "/home/opnfv/functest/images/cirros-0.4.0-x86_64-disk.img", "flavor": "557b1827-d554-482f-8e5c-ff4a7235ad1e", "number_instances": 2, "nics": [{"net-id": "6abc0ace-55e5-437e-8ca2-3154ab90105d"}]}
2019-11-26 13:26:01.144 1203 INFO rally.task.runner [-] Task 0b418fe0-9ce4-4048-b54b-3e443abafb5b | ITER: 1 START
2019-11-26 13:26:01.144 1205 RALLYDEBUG rally.task.runner [-] Starting a worker. times: 10 duration: None concurrency: 1 timeout: 0 cls: method_name: run args: {"container_format": "bare", "disk_format": "qcow2", "image_location": "/home/opnfv/functest/images/cirros-0.4.0-x86_64-disk.img", "flavor": "557b1827-d554-482f-8e5c-ff4a7235ad1e", "number_instances": 2, "nics": [{"net-id": "6abc0ace-55e5-437e-8ca2-3154ab90105d"}]}
2019-11-26 13:26:01.147 1204 INFO rally.task.runner [-] Task 0b418fe0-9ce4-4048-b54b-3e443abafb5b | ITER: 2 START
2019-11-26 13:26:01.148 1207 RALLYDEBUG rally.task.runner [-] Starting a worker. times: 10 duration: None concurrency: 1 timeout: 0 cls: method_name: run args: {"container_format": "bare", "disk_format": "qcow2", "image_location": "/home/opnfv/functest/images/cirros-0.4.0-x86_64-disk.img", "flavor": "557b1827-d554-482f-8e5c-ff4a7235ad1e", "number_instances": 2, "nics": [{"net-id": "6abc0ace-55e5-437e-8ca2-3154ab90105d"}]}
2019-11-26 13:26:01.150 1205 INFO rally.task.runner [-] Task 0b418fe0-9ce4-4048-b54b-3e443abafb5b | ITER: 3 START
2019-11-26 13:26:01.154 1207 INFO rally.task.runner [-] Task 0b418fe0-9ce4-4048-b54b-3e443abafb5b | ITER: 4 START
2019-11-26 13:26:01.841 1204 WARNING rally_openstack.scenarios.glance.images [-] 'kwargs' is deprecated in Rally v0.8.0: Use 'boot_server_kwargs' for additional parameters when booting servers.
2019-11-26 13:26:01.843 1203 WARNING rally_openstack.scenarios.glance.images [-] 'kwargs' is deprecated in Rally v0.8.0: Use 'boot_server_kwargs' for additional parameters when booting servers.
2019-11-26 13:26:01.849 1205 WARNING rally_openstack.scenarios.glance.images [-] 'kwargs' is deprecated in Rally v0.8.0: Use 'boot_server_kwargs' for additional parameters when booting servers.
2019-11-26 13:26:01.852 1207 WARNING rally_openstack.scenarios.glance.images [-] 'kwargs' is deprecated in Rally v0.8.0: Use 'boot_server_kwargs' for additional parameters when booting servers.
2019-11-26 13:26:04.075 1204 RALLYDEBUG rally.task.utils [-] Waiting for resource 'b8d7eafd-11de-4570-9565-97fa456bf4e5'. Status changed: NONE => QUEUED in 0.03789401054382324
2019-11-26 13:26:04.076 1207 RALLYDEBUG rally.task.utils [-] Waiting for resource 'e4dc11f8-7028-4bb5-a707-9e47e580d394'. Status changed: NONE => QUEUED in 0.03791546821594238
2019-11-26 13:26:04.083 1203 RALLYDEBUG rally.task.utils [-] Waiting for resource '8d8243a4-88ee-4392-94f6-998e9a06b362'. Status changed: NONE => QUEUED in 0.042838335037231445
2019-11-26 13:26:04.085 1205 RALLYDEBUG rally.task.utils [-] Waiting for resource '721117c2-be32-470e-a7df-b98b978b2962'. Status changed: NONE => QUEUED in 0.03935837745666504
2019-11-26 13:26:04.301 1205 RALLYDEBUG rally.task.utils [-] Waiting for resource s_rally_e3c6157d_nkIcBQ9S. Status changed: QUEUED => ACTIVE in 0.021828413009643555
2019-11-26 13:26:04.308 1207 RALLYDEBUG rally.task.utils [-] Waiting for resource s_rally_e3c6157d_crvYaoKL. Status changed: QUEUED => ACTIVE in 0.01919102668762207
2019-11-26 13:26:04.308 1203 RALLYDEBUG rally.task.utils [-] Waiting for resource s_rally_e3c6157d_9Kpz2nIj. Status changed: QUEUED => ACTIVE in 0.019527673721313477
2019-11-26 13:26:04.321 1204 RALLYDEBUG rally.task.utils [-] Waiting for resource s_rally_e3c6157d_zlEtKEB5. Status changed: QUEUED => ACTIVE in 0.016463518142700195
2019-11-26 13:26:13.865 1205 RALLYDEBUG rally.task.utils [-] Waiting for resource s_rally_e3c6157d_5xq4zkEp_1. Status changed: BUILD => ACTIVE in 6.8847715854644775
2019-11-26 13:26:14.052 1205 RALLYDEBUG rally.task.utils [-] Waiting for resource s_rally_e3c6157d_5xq4zkEp_0. Status changed: BUILD => ACTIVE in 0.18561553955078125
2019-11-26 13:26:14.052 1205 INFO rally.task.runner [-] Task 0b418fe0-9ce4-4048-b54b-3e443abafb5b | ITER: 3 END: OK
2019-11-26 13:26:14.056 1205 INFO rally.task.runner [-] Task 0b418fe0-9ce4-4048-b54b-3e443abafb5b | ITER: 5 START
2019-11-26 13:26:14.551 1204 RALLYDEBUG rally.task.utils [-] Waiting for resource s_rally_e3c6157d_BWaUFTYb_1. Status changed: BUILD => ACTIVE in 6.781583786010742
2019-11-26 13:26:14.672 1205 WARNING rally_openstack.scenarios.glance.images [-] 'kwargs' is deprecated in Rally v0.8.0: Use 'boot_server_kwargs' for additional parameters when booting servers.
2019-11-26 13:26:14.709 1203 RALLYDEBUG rally.task.utils [-] Waiting for resource s_rally_e3c6157d_Wdkp40Kv_1. Status changed: BUILD => ACTIVE in 7.2562096118927
2019-11-26 13:26:14.976 1203 RALLYDEBUG rally.task.utils [-] Waiting for resource s_rally_e3c6157d_Wdkp40Kv_0. Status changed: BUILD => ACTIVE in 0.26609325408935547
2019-11-26 13:26:14.977 1203 INFO rally.task.runner [-] Task 0b418fe0-9ce4-4048-b54b-3e443abafb5b | ITER: 1 END: OK
2019-11-26 13:26:14.981 1203 INFO rally.task.runner [-] Task 0b418fe0-9ce4-4048-b54b-3e443abafb5b | ITER: 6 START
2019-11-26 13:26:15.674 1203 WARNING rally_openstack.scenarios.glance.images [-] 'kwargs' is deprecated in Rally v0.8.0: Use 'boot_server_kwargs' for additional parameters when booting servers.
2019-11-26 13:26:16.850 1205 RALLYDEBUG rally.task.utils [-] Waiting for resource 'f4d4c8a0-d749-48d8-a224-089dea2eeb21'. Status changed: NONE => QUEUED in 0.037539005279541016
2019-11-26 13:26:17.125 1205 RALLYDEBUG rally.task.utils [-] Waiting for resource s_rally_e3c6157d_OvbzkDNQ. Status changed: QUEUED => ACTIVE in 0.02522587776184082
2019-11-26 13:26:17.913 1203 RALLYDEBUG rally.task.utils [-] Waiting for resource '0c781749-c9f0-4dec-aab7-741e33631712'. Status changed: NONE => QUEUED in 0.035961151123046875
2019-11-26 13:26:18.230 1203 RALLYDEBUG rally.task.utils [-] Waiting for resource s_rally_e3c6157d_L50VtZtP. Status changed: QUEUED => ACTIVE in 0.019136905670166016
2019-11-26 13:26:18.246 1207 RALLYDEBUG rally.task.utils [-] Waiting for resource s_rally_e3c6157d_FLtNrYmk_1. Status changed: BUILD => ACTIVE in 11.27871298789978
2019-11-26 13:26:18.400 1207 RALLYDEBUG rally.task.utils [-] Waiting for resource s_rally_e3c6157d_FLtNrYmk_0. Status changed: BUILD => ACTIVE in 0.1535661220550537
2019-11-26 13:26:18.400 1207 INFO rally.task.runner [-] Task 0b418fe0-9ce4-4048-b54b-3e443abafb5b | ITER: 4 END: OK
2019-11-26 13:26:18.404 1207 INFO rally.task.runner [-] Task 0b418fe0-9ce4-4048-b54b-3e443abafb5b | ITER: 7 START
2019-11-26 13:26:19.118 1207 WARNING rally_openstack.scenarios.glance.images [-] 'kwargs' is deprecated in Rally v0.8.0: Use 'boot_server_kwargs' for additional parameters when booting servers.
2019-11-26 13:26:21.307 1207 RALLYDEBUG rally.task.utils [-] Waiting for resource 'e7f11ca3-b46a-4448-8c89-fb5d2d6cdd1f'. Status changed: NONE => QUEUED in 0.04924917221069336
2019-11-26 13:26:21.373 1204 RALLYDEBUG rally.task.utils [-] Waiting for resource s_rally_e3c6157d_BWaUFTYb_0. Status changed: BUILD => ACTIVE in 6.821157455444336
2019-11-26 13:26:21.374 1204 INFO rally.task.runner [-] Task 0b418fe0-9ce4-4048-b54b-3e443abafb5b | ITER: 2 END: OK
2019-11-26 13:26:21.382 1204 INFO rally.task.runner [-] Task 0b418fe0-9ce4-4048-b54b-3e443abafb5b | ITER: 8 START
2019-11-26 13:26:21.660 1207 RALLYDEBUG rally.task.utils [-] Waiting for resource s_rally_e3c6157d_dVcheD0X. Status changed: QUEUED => ACTIVE in 0.022182464599609375
2019-11-26 13:26:22.086 1204 WARNING rally_openstack.scenarios.glance.images [-] 'kwargs' is deprecated in Rally v0.8.0: Use 'boot_server_kwargs' for additional parameters when booting servers.
2019-11-26 13:26:24.263 1204 RALLYDEBUG rally.task.utils [-] Waiting for resource '03ed7a15-47f4-4f21-ae60-6fdb6dc65fd6'. Status changed: NONE => QUEUED in 0.03232121467590332
2019-11-26 13:26:24.637 1204 RALLYDEBUG rally.task.utils [-] Waiting for resource s_rally_e3c6157d_9ph62APN. Status changed: QUEUED => ACTIVE in 0.018389463424682617
2019-11-26 13:26:27.806 1203 RALLYDEBUG rally.task.utils [-] Waiting for resource s_rally_e3c6157d_Gf1pfTB2_1. Status changed: BUILD => ACTIVE in 6.818876504898071
2019-11-26 13:26:27.948 1203 RALLYDEBUG rally.task.utils [-] Waiting for resource s_rally_e3c6157d_Gf1pfTB2_0. Status changed: BUILD => ACTIVE in 0.14008641242980957
2019-11-26 13:26:27.949 1203 INFO rally.task.runner [-] Task 0b418fe0-9ce4-4048-b54b-3e443abafb5b | ITER: 6 END: OK
2019-11-26 13:26:27.954 1203 INFO rally.task.runner [-] Task 0b418fe0-9ce4-4048-b54b-3e443abafb5b | ITER: 9 START
2019-11-26 13:26:28.560 1203 WARNING rally_openstack.scenarios.glance.images [-] 'kwargs' is deprecated in Rally v0.8.0: Use 'boot_server_kwargs' for additional parameters when booting servers.
2019-11-26 13:26:29.843 1205 RALLYDEBUG rally.task.utils [-] Waiting for resource s_rally_e3c6157d_N7g7Xcxx_1. Status changed: BUILD => ACTIVE in 9.002652406692505
2019-11-26 13:26:30.038 1205 RALLYDEBUG rally.task.utils [-] Waiting for resource s_rally_e3c6157d_N7g7Xcxx_0. Status changed: BUILD => ACTIVE in 0.19387316703796387
2019-11-26 13:26:30.038 1205 INFO rally.task.runner [-] Task 0b418fe0-9ce4-4048-b54b-3e443abafb5b | ITER: 5 END: OK
2019-11-26 13:26:30.044 1205 INFO rally.task.runner [-] Task 0b418fe0-9ce4-4048-b54b-3e443abafb5b | ITER: 10 START
2019-11-26 13:26:30.656 1205 WARNING rally_openstack.scenarios.glance.images [-] 'kwargs' is deprecated in Rally v0.8.0: Use 'boot_server_kwargs' for additional parameters when booting servers.
2019-11-26 13:26:30.741 1203 RALLYDEBUG rally.task.utils [-] Waiting for resource '22d71ca0-cae6-46c4-9b43-39967a0182ef'. Status changed: NONE => QUEUED in 0.03410005569458008
2019-11-26 13:26:31.189 1203 RALLYDEBUG rally.task.utils [-] Waiting for resource s_rally_e3c6157d_dM9iStyG. Status changed: QUEUED => ACTIVE in 0.020505666732788086
2019-11-26 13:26:31.270 1207 RALLYDEBUG rally.task.utils [-] Waiting for resource s_rally_e3c6157d_1wBKZhyS_1. Status changed: BUILD => ACTIVE in 6.821977615356445
2019-11-26 13:26:32.946 1205 RALLYDEBUG rally.task.utils [-] Waiting for resource 'ea6ac09e-e743-4487-9d13-af253bbcf0de'. Status changed: NONE => QUEUED in 0.03166604042053223
2019-11-26 13:26:33.330 1205 RALLYDEBUG rally.task.utils [-] Waiting for resource s_rally_e3c6157d_OZvqz487. Status changed: QUEUED => ACTIVE in 0.020174741744995117
2019-11-26 13:26:33.620 1207 RALLYDEBUG rally.task.utils [-] Waiting for resource s_rally_e3c6157d_1wBKZhyS_0. Status changed: BUILD => ACTIVE in 2.349351167678833
2019-11-26 13:26:33.621 1207 INFO rally.task.runner [-] Task 0b418fe0-9ce4-4048-b54b-3e443abafb5b | ITER: 7 END: OK
2019-11-26 13:26:36.085 1204 RALLYDEBUG rally.task.utils [-] Waiting for resource s_rally_e3c6157d_Lz7UjCM9_1. Status changed: BUILD => ACTIVE in 8.83504867553711
2019-11-26 13:26:36.227 1204 RALLYDEBUG rally.task.utils [-] Waiting for resource s_rally_e3c6157d_Lz7UjCM9_0. Status changed: BUILD => ACTIVE in 0.14154767990112305
2019-11-26 13:26:36.227 1204 INFO rally.task.runner [-] Task 0b418fe0-9ce4-4048-b54b-3e443abafb5b | ITER: 8 END: OK
2019-11-26 13:26:45.344 1203 RALLYDEBUG rally.task.utils [-] Waiting for resource s_rally_e3c6157d_IxeXuOqd_1. Status changed: BUILD => ACTIVE in 11.304870367050171
2019-11-26 13:26:45.518 1203 RALLYDEBUG rally.task.utils [-] Waiting for resource s_rally_e3c6157d_IxeXuOqd_0. Status changed: BUILD => ACTIVE in 0.17378783226013184
2019-11-26 13:26:45.519 1203 INFO rally.task.runner [-] Task 0b418fe0-9ce4-4048-b54b-3e443abafb5b | ITER: 9 END: OK
2019-11-26 13:26:49.860 1205 RALLYDEBUG rally.task.utils [-] Waiting for resource s_rally_e3c6157d_u9N6gxju_1. Status changed: BUILD => ACTIVE in 13.454193830490112
2019-11-26 13:26:50.016 1205 RALLYDEBUG rally.task.utils [-] Waiting for resource s_rally_e3c6157d_u9N6gxju_0. Status changed: BUILD => ACTIVE in 0.15488457679748535
2019-11-26 13:26:50.017 1205 INFO rally.task.runner [-] Task 0b418fe0-9ce4-4048-b54b-3e443abafb5b | ITER: 10 END: OK
2019-11-26 13:26:50.046 727 INFO rally.task.context [-] Task 0b418fe0-9ce4-4048-b54b-3e443abafb5b | Context cleanup@openstack cleanup() started
2019-11-26 13:26:50.049 727 RALLYDEBUG rally_openstack.cleanup.manager [-] Cleaning up nova servers objects
2019-11-26 13:26:52.603 727 RALLYDEBUG rally_openstack.cleanup.manager [-] Deleting nova.servers object s_rally_e3c6157d_Gf1pfTB2_1 (6b132a42-6555-469f-b6ec-434df4ea7be2)
2019-11-26 13:26:52.607 727 RALLYDEBUG rally_openstack.cleanup.manager [-] Deleting nova.servers object s_rally_e3c6157d_Gf1pfTB2_0 (3027e661-10e4-48b7-ad43-f7d968163073)
2019-11-26 13:26:52.616 727 RALLYDEBUG rally_openstack.cleanup.manager [-] Deleting nova.servers object s_rally_e3c6157d_Wdkp40Kv_1 (0336a2c8-0975-4c99-a44e-e88443932735)
2019-11-26 13:26:52.620 727 RALLYDEBUG rally_openstack.cleanup.manager [-] Deleting nova.servers object s_rally_e3c6157d_BWaUFTYb_1 (a1246145-ab30-4183-8692-de3f5126bc0a)
2019-11-26 13:26:52.630 727 RALLYDEBUG rally_openstack.cleanup.manager [-] Deleting nova.servers object s_rally_e3c6157d_BWaUFTYb_0 (53c3542f-f44e-4a37-a6a7-04bee71ee3aa)
2019-11-26 13:26:52.645 727 RALLYDEBUG rally_openstack.cleanup.manager [-] Deleting nova.servers object s_rally_e3c6157d_Wdkp40Kv_0 (67302a13-07b8-48d4-8d5d-2e37e5bdabf2)
2019-11-26 13:26:52.661 727 RALLYDEBUG rally_openstack.cleanup.manager [-] Deleting nova.servers object s_rally_e3c6157d_u9N6gxju_1 (38d298bd-0221-4120-af4a-2da208f2baad)
2019-11-26 13:26:52.668 727 RALLYDEBUG rally_openstack.cleanup.manager [-] Deleting nova.servers object s_rally_e3c6157d_u9N6gxju_0 (71d16be7-cd34-4fba-88a5-20e1e775e31d)
2019-11-26 13:26:52.686 727 RALLYDEBUG rally_openstack.cleanup.manager [-] Deleting nova.servers object s_rally_e3c6157d_Lz7UjCM9_1 (6802eecd-99a6-4874-8d19-2b3498bdbfea)
2019-11-26 13:26:52.704 727 RALLYDEBUG rally_openstack.cleanup.manager [-] Deleting nova.servers object s_rally_e3c6157d_Lz7UjCM9_0 (9d905f39-92b9-4ca2-908d-9b979c242435)
2019-11-26 13:26:52.707 727 RALLYDEBUG rally_openstack.cleanup.manager [-] Deleting nova.servers object s_rally_e3c6157d_1wBKZhyS_1 (5118a1af-d3e9-471f-8426-770f5c389106)
2019-11-26 13:26:52.710 727 RALLYDEBUG rally_openstack.cleanup.manager [-] Deleting nova.servers object s_rally_e3c6157d_1wBKZhyS_0 (6eaf1e37-0a80-4a4a-9c26-3cb8af85196c)
2019-11-26 13:26:52.714 727 RALLYDEBUG rally_openstack.cleanup.manager [-] Deleting nova.servers object s_rally_e3c6157d_IxeXuOqd_1 (a7c42ec2-8e6e-434b-bb2c-4b4fde07bd5c)
2019-11-26 13:26:52.740 727 RALLYDEBUG rally_openstack.cleanup.manager [-] Deleting nova.servers object s_rally_e3c6157d_IxeXuOqd_0 (ddfc3f1c-e8cc-4e7f-b79d-03e4b3b331fd)
2019-11-26 13:26:52.744 727 RALLYDEBUG rally_openstack.cleanup.manager [-] Deleting nova.servers object s_rally_e3c6157d_N7g7Xcxx_1 (aabe6a83-e719-4a70-99dc-1dde556c0ffa)
2019-11-26 13:26:52.754 727 RALLYDEBUG rally_openstack.cleanup.manager [-] Deleting nova.servers object s_rally_e3c6157d_N7g7Xcxx_0 (037fb2df-6e82-40ff-8586-82d0072a48ca)
2019-11-26 13:26:52.764 727 RALLYDEBUG rally_openstack.cleanup.manager [-] Deleting nova.servers object s_rally_e3c6157d_FLtNrYmk_0 (24e8e99e-5def-4968-95f2-ff02242808d7)
2019-11-26 13:26:52.783 727 RALLYDEBUG rally_openstack.cleanup.manager [-] Deleting nova.servers object s_rally_e3c6157d_5xq4zkEp_1 (406d42a9-76bf-4ad8-a17d-000f3814e157)
2019-11-26 13:26:52.814 727 RALLYDEBUG rally_openstack.cleanup.manager [-] Deleting nova.servers object s_rally_e3c6157d_5xq4zkEp_0 (518eb33f-cf74-4848-9deb-4bbf8737649b)
2019-11-26 13:26:52.825 727 RALLYDEBUG rally_openstack.cleanup.manager [-] Deleting nova.servers object s_rally_e3c6157d_FLtNrYmk_1 (6631db07-9d42-4249-847c-43b432cfc6f1)
2019-11-26 13:27:02.293 727 RALLYDEBUG rally_openstack.cleanup.manager [-] Cleaning up nova server_groups objects
2019-11-26 13:27:03.433 727 RALLYDEBUG rally_openstack.cleanup.manager [-] Cleaning up nova keypairs objects
2019-11-26 13:27:05.775 727 RALLYDEBUG rally_openstack.cleanup.manager [-] Cleaning up glance images objects
2019-11-26 13:27:07.149 727 RALLYDEBUG rally_openstack.cleanup.manager [-] Deleting glance.images object s_rally_e3c6157d_L50VtZtP (0c781749-c9f0-4dec-aab7-741e33631712)
2019-11-26 13:27:07.159 727 RALLYDEBUG rally_openstack.cleanup.manager [-] Deleting glance.images object s_rally_e3c6157d_zlEtKEB5 (b8d7eafd-11de-4570-9565-97fa456bf4e5)
2019-11-26 13:27:07.168 727 RALLYDEBUG rally_openstack.cleanup.manager [-] Deleting glance.images object s_rally_e3c6157d_9Kpz2nIj (8d8243a4-88ee-4392-94f6-998e9a06b362)
2019-11-26 13:27:07.177 727 RALLYDEBUG rally_openstack.cleanup.manager [-] Deleting glance.images object s_rally_e3c6157d_OZvqz487 (ea6ac09e-e743-4487-9d13-af253bbcf0de)
2019-11-26 13:27:07.183 727 RALLYDEBUG rally_openstack.cleanup.manager [-] Deleting glance.images object s_rally_e3c6157d_9ph62APN (03ed7a15-47f4-4f21-ae60-6fdb6dc65fd6)
2019-11-26 13:27:07.200 727 RALLYDEBUG rally_openstack.cleanup.manager [-] Deleting glance.images object s_rally_e3c6157d_dVcheD0X (e7f11ca3-b46a-4448-8c89-fb5d2d6cdd1f)
2019-11-26 13:27:07.225 727 RALLYDEBUG rally_openstack.cleanup.manager [-] Deleting glance.images object s_rally_e3c6157d_dM9iStyG (22d71ca0-cae6-46c4-9b43-39967a0182ef)
2019-11-26 13:27:07.232 727 RALLYDEBUG rally_openstack.cleanup.manager [-] Deleting glance.images object s_rally_e3c6157d_OvbzkDNQ (f4d4c8a0-d749-48d8-a224-089dea2eeb21)
2019-11-26 13:27:07.242 727 RALLYDEBUG rally_openstack.cleanup.manager [-] Deleting glance.images object s_rally_e3c6157d_crvYaoKL (e4dc11f8-7028-4bb5-a707-9e47e580d394)
2019-11-26 13:27:07.255 727 RALLYDEBUG rally_openstack.cleanup.manager [-] Deleting glance.images object s_rally_e3c6157d_nkIcBQ9S (721117c2-be32-470e-a7df-b98b978b2962)
2019-11-26 13:27:07.664 727 DEBUG glanceclient.common.http [-] Request returned failure status 404. _handle_response /usr/lib/python3.6/site-packages/glanceclient/common/http.py:125
2019-11-26 13:27:07.683 727 DEBUG glanceclient.common.http [-] Request returned failure status 404. _handle_response /usr/lib/python3.6/site-packages/glanceclient/common/http.py:125
2019-11-26 13:27:07.705 727 DEBUG glanceclient.common.http [-] Request returned failure status 404. _handle_response /usr/lib/python3.6/site-packages/glanceclient/common/http.py:125
2019-11-26 13:27:07.712 727 DEBUG glanceclient.common.http [-] Request returned failure status 404. _handle_response /usr/lib/python3.6/site-packages/glanceclient/common/http.py:125
2019-11-26 13:27:07.736 727 DEBUG glanceclient.common.http [-] Request returned failure status 404. _handle_response /usr/lib/python3.6/site-packages/glanceclient/common/http.py:125
2019-11-26 13:27:07.738 727 DEBUG glanceclient.common.http [-] Request returned failure status 404. _handle_response /usr/lib/python3.6/site-packages/glanceclient/common/http.py:125
2019-11-26 13:27:07.750 727 DEBUG glanceclient.common.http [-] Request returned failure status 404. _handle_response /usr/lib/python3.6/site-packages/glanceclient/common/http.py:125
2019-11-26 13:27:07.751 727 DEBUG glanceclient.common.http [-] Request returned failure status 404. _handle_response /usr/lib/python3.6/site-packages/glanceclient/common/http.py:125
2019-11-26 13:27:07.763 727 DEBUG glanceclient.common.http [-] Request returned failure status 404. _handle_response /usr/lib/python3.6/site-packages/glanceclient/common/http.py:125
2019-11-26 13:27:07.774 727 DEBUG glanceclient.common.http [-] Request returned failure status 404. _handle_response /usr/lib/python3.6/site-packages/glanceclient/common/http.py:125
2019-11-26 13:27:07.779 727 DEBUG glanceclient.common.http [-] Request returned failure status 404. _handle_response /usr/lib/python3.6/site-packages/glanceclient/common/http.py:125
2019-11-26 13:27:07.781 727 DEBUG glanceclient.common.http [-] Request returned failure status 404. _handle_response /usr/lib/python3.6/site-packages/glanceclient/common/http.py:125
2019-11-26 13:27:07.790 727 DEBUG glanceclient.common.http [-] Request returned failure status 404. _handle_response /usr/lib/python3.6/site-packages/glanceclient/common/http.py:125
2019-11-26 13:27:07.798 727 DEBUG glanceclient.common.http [-] Request returned failure status 404. _handle_response /usr/lib/python3.6/site-packages/glanceclient/common/http.py:125
2019-11-26 13:27:07.801 727 DEBUG glanceclient.common.http [-] Request returned failure status 404. _handle_response /usr/lib/python3.6/site-packages/glanceclient/common/http.py:125
2019-11-26 13:27:07.802 727 DEBUG glanceclient.common.http [-] Request returned failure status 404. _handle_response /usr/lib/python3.6/site-packages/glanceclient/common/http.py:125
2019-11-26 13:27:07.939 727 DEBUG glanceclient.common.http [-] Request returned failure status 404. _handle_response /usr/lib/python3.6/site-packages/glanceclient/common/http.py:125
2019-11-26 13:27:07.941 727 DEBUG glanceclient.common.http [-] Request returned failure status 404. _handle_response /usr/lib/python3.6/site-packages/glanceclient/common/http.py:125
2019-11-26 13:27:07.959 727 DEBUG glanceclient.common.http [-] Request returned failure status 404. _handle_response /usr/lib/python3.6/site-packages/glanceclient/common/http.py:125
2019-11-26 13:27:07.961 727 DEBUG glanceclient.common.http [-] Request returned failure status 404. _handle_response /usr/lib/python3.6/site-packages/glanceclient/common/http.py:125
2019-11-26 13:27:08.965 727 INFO rally.task.context [-] Task 0b418fe0-9ce4-4048-b54b-3e443abafb5b | Context cleanup@openstack cleanup() finished in 18.92 sec
2019-11-26 13:27:08.965 727 INFO rally.task.context [-] Task 0b418fe0-9ce4-4048-b54b-3e443abafb5b | Context quotas@openstack cleanup() started
2019-11-26 13:27:09.030 727 INFO rally.task.context [-] Task 0b418fe0-9ce4-4048-b54b-3e443abafb5b | Context quotas@openstack cleanup() finished in 64.84 msec
2019-11-26 13:27:09.031 727 INFO rally.task.context [-] Task 0b418fe0-9ce4-4048-b54b-3e443abafb5b | Context users@openstack cleanup() started
2019-11-26 13:27:13.118 727 INFO rally.task.context [-] Task 0b418fe0-9ce4-4048-b54b-3e443abafb5b | Context users@openstack cleanup() finished in 4.09 sec
2019-11-26 13:27:15.101 727 INFO rally.task.engine [-] Load duration is: 47.175858
2019-11-26 13:27:15.102 727 INFO rally.task.engine [-] Full runner duration is: 48.9219
2019-11-26 13:27:15.102 727 INFO rally.task.engine [-] Full duration is: 76.381049
2019-11-26 13:27:15.696 727 INFO rally.task.engine [-] Running workload: position = 0 config = { "version": 2, "title": "A cropped version of a bigger task.", "description": "Auto-generated task from a single workload (uuid=d878ca88-8376-4080-a082-0983e649d8c3)", "subtasks": [ { "title": "GlanceImages.create_and_deactivate_image", "description": "Create an image, then deactivate it.", "scenario": { "GlanceImages.create_and_deactivate_image": { "container_format": "bare", "disk_format": "qcow2", "image_location": "/home/opnfv/functest/images/cirros-0.4.0-x86_64-disk.img" } }, "contexts": { "users": { "tenants": 3, "users_per_tenant": 2 } }, "runner": { "constant": { "concurrency": 4, "times": 10 } }, "hooks": [], "sla": { "failure_rate": { "max": 0 } } } ] }
2019-11-26 13:27:15.721 727 RALLYDEBUG rally_openstack.contexts.keystone.users [-] Creating 3 tenants using 20 threads
2019-11-26 13:27:16.858 727 RALLYDEBUG rally_openstack.contexts.keystone.users [-] Creating 6 users using 20 threads
2019-11-26 13:27:18.421 727 INFO rally.task.context [-] Task 0b418fe0-9ce4-4048-b54b-3e443abafb5b | Context users@openstack setup() finished in 2.70 sec
2019-11-26 13:27:18.421 727 INFO rally.task.context [-] Task 0b418fe0-9ce4-4048-b54b-3e443abafb5b | Context cleanup@openstack setup() finished in 0.01 msec
2019-11-26 13:27:18.430 727 RALLYDEBUG rally.task.runner [-] Starting the constant runner (task UUID: 0b418fe0-9ce4-4048-b54b-3e443abafb5b). times: 10 concurrency: 4 timeout: 0 max_cpu_used: 16 processes_to_start: 4 concurrency_per_worker: 1 concurrency_overhead: 0
2019-11-26 13:27:18.442 1387 RALLYDEBUG rally.task.runner [-] Starting a worker. times: 10 duration: None concurrency: 1 timeout: 0 cls: method_name: run args: {"container_format": "bare", "disk_format": "qcow2", "image_location": "/home/opnfv/functest/images/cirros-0.4.0-x86_64-disk.img"}
2019-11-26 13:27:18.447 1388 RALLYDEBUG rally.task.runner [-] Starting a worker. times: 10 duration: None concurrency: 1 timeout: 0 cls: method_name: run args: {"container_format": "bare", "disk_format": "qcow2", "image_location": "/home/opnfv/functest/images/cirros-0.4.0-x86_64-disk.img"}
2019-11-26 13:27:18.449 1387 INFO rally.task.runner [-] Task 0b418fe0-9ce4-4048-b54b-3e443abafb5b | ITER: 1 START
2019-11-26 13:27:18.450 1389 RALLYDEBUG rally.task.runner [-] Starting a worker. times: 10 duration: None concurrency: 1 timeout: 0 cls: method_name: run args: {"container_format": "bare", "disk_format": "qcow2", "image_location": "/home/opnfv/functest/images/cirros-0.4.0-x86_64-disk.img"}
2019-11-26 13:27:18.454 1388 INFO rally.task.runner [-] Task 0b418fe0-9ce4-4048-b54b-3e443abafb5b | ITER: 2 START
2019-11-26 13:27:18.454 1392 RALLYDEBUG rally.task.runner [-] Starting a worker. times: 10 duration: None concurrency: 1 timeout: 0 cls: method_name: run args: {"container_format": "bare", "disk_format": "qcow2", "image_location": "/home/opnfv/functest/images/cirros-0.4.0-x86_64-disk.img"}
2019-11-26 13:27:18.457 1389 INFO rally.task.runner [-] Task 0b418fe0-9ce4-4048-b54b-3e443abafb5b | ITER: 3 START
2019-11-26 13:27:18.461 1392 INFO rally.task.runner [-] Task 0b418fe0-9ce4-4048-b54b-3e443abafb5b | ITER: 4 START
2019-11-26 13:27:21.436 1389 RALLYDEBUG rally.task.utils [-] Waiting for resource '8a17a7bd-6453-43b6-b464-c266824471f3'. Status changed: NONE => QUEUED in 0.04446744918823242
2019-11-26 13:27:21.437 1387 RALLYDEBUG rally.task.utils [-] Waiting for resource 'fc7633ea-6857-406d-ae66-241ce9f74c1f'. Status changed: NONE => QUEUED in 0.03833770751953125
2019-11-26 13:27:21.443 1388 RALLYDEBUG rally.task.utils [-] Waiting for resource '78af3945-ff5c-4562-be66-8bb94f415b0e'. Status changed: NONE => QUEUED in 0.04179978370666504
2019-11-26 13:27:21.445 1392 RALLYDEBUG rally.task.utils [-] Waiting for resource 'a6e8fe84-1d68-45ae-a31d-cd500a0e7e37'. Status changed: NONE => QUEUED in 0.04221296310424805
2019-11-26 13:27:21.677 1388 RALLYDEBUG rally.task.utils [-] Waiting for resource s_rally_d878ca88_PJvM2Esq. Status changed: QUEUED => ACTIVE in 0.020206689834594727
2019-11-26 13:27:21.677 1387 RALLYDEBUG rally.task.utils [-] Waiting for resource s_rally_d878ca88_tag4dyks. Status changed: QUEUED => ACTIVE in 0.019773483276367188
2019-11-26 13:27:21.688 1392 RALLYDEBUG rally.task.utils [-] Waiting for resource s_rally_d878ca88_xhCtQP9W. Status changed: QUEUED => ACTIVE in 0.01794290542602539
2019-11-26 13:27:21.698 1389 RALLYDEBUG rally.task.utils [-] Waiting for resource s_rally_d878ca88_N1fCaRWl. Status changed: QUEUED => ACTIVE in 0.016367673873901367
2019-11-26 13:27:21.740 1387 INFO rally.task.runner [-] Task 0b418fe0-9ce4-4048-b54b-3e443abafb5b | ITER: 1 END: OK
2019-11-26 13:27:21.740 1388 INFO rally.task.runner [-] Task 0b418fe0-9ce4-4048-b54b-3e443abafb5b | ITER: 2 END: OK
2019-11-26 13:27:21.744 1387 INFO rally.task.runner [-] Task 0b418fe0-9ce4-4048-b54b-3e443abafb5b | ITER: 5 START
2019-11-26 13:27:21.745 1388 INFO rally.task.runner [-] Task 0b418fe0-9ce4-4048-b54b-3e443abafb5b | ITER: 6 START
2019-11-26 13:27:21.747 1392 INFO rally.task.runner [-] Task 0b418fe0-9ce4-4048-b54b-3e443abafb5b | ITER: 4 END: OK
2019-11-26 13:27:21.752 1392 INFO rally.task.runner [-] Task 0b418fe0-9ce4-4048-b54b-3e443abafb5b | ITER: 7 START
2019-11-26 13:27:21.767 1389 INFO rally.task.runner [-] Task 0b418fe0-9ce4-4048-b54b-3e443abafb5b | ITER: 3 END: OK
2019-11-26 13:27:21.771 1389 INFO rally.task.runner [-] Task 0b418fe0-9ce4-4048-b54b-3e443abafb5b | ITER: 8 START
2019-11-26 13:27:24.508 1392 RALLYDEBUG rally.task.utils [-] Waiting for resource '723768b5-2bb2-46ba-a7de-fea30f733979'. Status changed: NONE => QUEUED in 0.034415483474731445
2019-11-26 13:27:24.515 1387 RALLYDEBUG rally.task.utils [-] Waiting for resource 'f36eacb5-421a-4718-8730-2e35b89bbd42'. Status changed: NONE => QUEUED in 0.036712646484375
2019-11-26 13:27:24.518 1388 RALLYDEBUG rally.task.utils [-] Waiting for resource '8aca5dc1-5551-4a65-8895-5047106146cf'. Status changed: NONE => QUEUED in 0.04279685020446777
2019-11-26 13:27:24.638 1389 RALLYDEBUG rally.task.utils [-] Waiting for resource '4553579c-7a18-413f-9a0b-082c0640c37f'. Status changed: NONE => QUEUED in 0.03410220146179199
2019-11-26 13:27:24.743 1387 RALLYDEBUG rally.task.utils [-] Waiting for resource s_rally_d878ca88_daGvgSE1. Status changed: QUEUED => ACTIVE in 0.02071070671081543
2019-11-26 13:27:24.747 1388 RALLYDEBUG rally.task.utils [-] Waiting for resource s_rally_d878ca88_4JQPBqTC. Status changed: QUEUED => ACTIVE in 0.018255949020385742
2019-11-26 13:27:24.763 1392 RALLYDEBUG rally.task.utils [-] Waiting for resource s_rally_d878ca88_vyd3jpzD. Status changed: QUEUED => ACTIVE in 0.02671957015991211
