2019-11-26 14:05:03.263 11675 INFO rally.task.engine [-] Running workload: position = 0 config = { "version": 2, "title": "A cropped version of a bigger task.", "description": "Auto-generated task from a single workload (uuid=e190b314-9140-4d7d-a663-7aef841ad8bc)", "subtasks": [ { "title": "KeystoneBasic.create_and_list_users", "description": "Create a keystone user with random name and list all users.", "scenario": { "KeystoneBasic.create_and_list_users": {} }, "contexts": {}, "runner": { "constant": { "concurrency": 4, "times": 10 } }, "hooks": [], "sla": { "failure_rate": { "max": 0 } } } ] }
2019-11-26 14:05:03.289 11675 RALLYDEBUG rally_openstack.contexts.keystone.users [-] Creating 1 tenants using 20 threads
2019-11-26 14:05:04.287 11675 RALLYDEBUG rally_openstack.contexts.keystone.users [-] Creating 1 users using 20 threads
2019-11-26 14:05:05.677 11675 INFO rally.task.context [-] Task 2692e8e9-1f68-4fcc-854e-284bc7a04018 | Context users@openstack setup() finished in 2.39 sec
2019-11-26 14:05:05.678 11675 INFO rally.task.context [-] Task 2692e8e9-1f68-4fcc-854e-284bc7a04018 | Context admin_cleanup@openstack setup() finished in 0.01 msec
2019-11-26 14:05:05.687 11675 RALLYDEBUG rally.task.runner [-] Starting the constant runner (task UUID: 2692e8e9-1f68-4fcc-854e-284bc7a04018). times: 10 concurrency: 4 timeout: 0 max_cpu_used: 16 processes_to_start: 4 concurrency_per_worker: 1 concurrency_overhead: 0
2019-11-26 14:05:05.698 13455 RALLYDEBUG rally.task.runner [-] Starting a worker. times: 10 duration: None concurrency: 1 timeout: 0 cls: method_name: run args: {}
2019-11-26 14:05:05.702 13456 RALLYDEBUG rally.task.runner [-] Starting a worker. times: 10 duration: None concurrency: 1 timeout: 0 cls: method_name: run args: {}
2019-11-26 14:05:05.704 13455 INFO rally.task.runner [-] Task 2692e8e9-1f68-4fcc-854e-284bc7a04018 | ITER: 1 START
2019-11-26 14:05:05.706 13457 RALLYDEBUG rally.task.runner [-] Starting a worker. times: 10 duration: None concurrency: 1 timeout: 0 cls: method_name: run args: {}
2019-11-26 14:05:05.708 13456 INFO rally.task.runner [-] Task 2692e8e9-1f68-4fcc-854e-284bc7a04018 | ITER: 2 START
2019-11-26 14:05:05.709 13460 RALLYDEBUG rally.task.runner [-] Starting a worker. times: 10 duration: None concurrency: 1 timeout: 0 cls: method_name: run args: {}
2019-11-26 14:05:05.711 13457 INFO rally.task.runner [-] Task 2692e8e9-1f68-4fcc-854e-284bc7a04018 | ITER: 3 START
2019-11-26 14:05:05.714 13460 INFO rally.task.runner [-] Task 2692e8e9-1f68-4fcc-854e-284bc7a04018 | ITER: 4 START
2019-11-26 14:05:07.272 13457 INFO rally.task.runner [-] Task 2692e8e9-1f68-4fcc-854e-284bc7a04018 | ITER: 3 END: OK
2019-11-26 14:05:07.273 13456 INFO rally.task.runner [-] Task 2692e8e9-1f68-4fcc-854e-284bc7a04018 | ITER: 2 END: OK
2019-11-26 14:05:07.274 13455 INFO rally.task.runner [-] Task 2692e8e9-1f68-4fcc-854e-284bc7a04018 | ITER: 1 END: OK
2019-11-26 14:05:07.276 13456 INFO rally.task.runner [-] Task 2692e8e9-1f68-4fcc-854e-284bc7a04018 | ITER: 6 START
2019-11-26 14:05:07.276 13457 INFO rally.task.runner [-] Task 2692e8e9-1f68-4fcc-854e-284bc7a04018 | ITER: 5 START
2019-11-26 14:05:07.277 13455 INFO rally.task.runner [-] Task 2692e8e9-1f68-4fcc-854e-284bc7a04018 | ITER: 7 START
2019-11-26 14:05:07.278 13460 INFO rally.task.runner [-] Task 2692e8e9-1f68-4fcc-854e-284bc7a04018 | ITER: 4 END: OK
2019-11-26 14:05:07.282 13460 INFO rally.task.runner [-] Task 2692e8e9-1f68-4fcc-854e-284bc7a04018 | ITER: 8 START
2019-11-26 14:05:08.736 13455 INFO rally.task.runner [-] Task 2692e8e9-1f68-4fcc-854e-284bc7a04018 | ITER: 7 END: OK
2019-11-26 14:05:08.736 13457 INFO rally.task.runner [-] Task 2692e8e9-1f68-4fcc-854e-284bc7a04018 | ITER: 5 END: OK
2019-11-26 14:05:08.738 13455 INFO rally.task.runner [-] Task 2692e8e9-1f68-4fcc-854e-284bc7a04018 | ITER: 9 START
2019-11-26 14:05:08.739 13457 INFO rally.task.runner [-] Task 2692e8e9-1f68-4fcc-854e-284bc7a04018 | ITER: 10 START
2019-11-26 14:05:08.744 13456 INFO rally.task.runner [-] Task 2692e8e9-1f68-4fcc-854e-284bc7a04018 | ITER: 6 END: OK
2019-11-26 14:05:08.817 13460 INFO rally.task.runner [-] Task 2692e8e9-1f68-4fcc-854e-284bc7a04018 | ITER: 8 END: OK
2019-11-26 14:05:10.235 13455 INFO rally.task.runner [-] Task 2692e8e9-1f68-4fcc-854e-284bc7a04018 | ITER: 9 END: OK
2019-11-26 14:05:10.262 13457 INFO rally.task.runner [-] Task 2692e8e9-1f68-4fcc-854e-284bc7a04018 | ITER: 10 END: OK
2019-11-26 14:05:10.284 11675 INFO rally.task.context [-] Task 2692e8e9-1f68-4fcc-854e-284bc7a04018 | Context admin_cleanup@openstack cleanup() started
2019-11-26 14:05:10.288 11675 RALLYDEBUG rally_openstack.cleanup.manager [-] Cleaning up keystone user objects
2019-11-26 14:05:11.050 11675 RALLYDEBUG rally_openstack.cleanup.manager [-] Deleting keystone.user object s_rally_e190b314_kAHYjZ1J (018acc27248149aeb39bf2c0aea64f9f)
2019-11-26 14:05:11.063 11675 RALLYDEBUG rally_openstack.cleanup.manager [-] Deleting keystone.user object s_rally_e190b314_tbDrEIJx (35b783ef54be4e79a00e05d48b679c87)
2019-11-26 14:05:11.082 11675 RALLYDEBUG rally_openstack.cleanup.manager [-] Deleting keystone.user object s_rally_e190b314_l2UJ1OwJ (3df3747e23624f77a409c65cf58fb654)
2019-11-26 14:05:11.086 11675 RALLYDEBUG rally_openstack.cleanup.manager [-] Deleting keystone.user object s_rally_e190b314_NPFILQA9 (4be3ab5006034615a6d1d436efb7b805)
2019-11-26 14:05:11.096 11675 RALLYDEBUG rally_openstack.cleanup.manager [-] Deleting keystone.user object s_rally_e190b314_nazskXRJ (1bb2cf69b501437aa30f322910c4140e)
2019-11-26 14:05:11.105 11675 RALLYDEBUG rally_openstack.cleanup.manager [-] Deleting keystone.user object s_rally_e190b314_3RH4H4VV (522fcc8cdac446809384621a281dc7d9)
2019-11-26 14:05:11.118 11675 RALLYDEBUG rally_openstack.cleanup.manager [-] Deleting keystone.user object s_rally_e190b314_1j6YZ6Yl (6136e1aa5e134623b713b60243983c90)
2019-11-26 14:05:11.149 11675 RALLYDEBUG rally_openstack.cleanup.manager [-] Deleting keystone.user object s_rally_e190b314_UOu3DpBe (d6cb33d4fb1e42f78b1886fa33adc6cb)
2019-11-26 14:05:11.152 11675 RALLYDEBUG rally_openstack.cleanup.manager [-] Deleting keystone.user object s_rally_e190b314_7FMElWhW (d6173fd841914def8d6e1b601af42147)
2019-11-26 14:05:11.165 11675 RALLYDEBUG rally_openstack.cleanup.manager [-] Deleting keystone.user object s_rally_e190b314_UkX0ygKo (e50634a1d0924eea8002806b531062ab)
2019-11-26 14:05:13.392 11675 RALLYDEBUG rally_openstack.cleanup.manager [-] Cleaning up keystone project objects
2019-11-26 14:05:14.304 11675 RALLYDEBUG rally_openstack.cleanup.manager [-] Cleaning up keystone service objects
2019-11-26 14:05:15.200 11675 RALLYDEBUG rally_openstack.cleanup.manager [-] Cleaning up keystone role objects
2019-11-26 14:05:15.977 11675 INFO rally.task.context [-] Task 2692e8e9-1f68-4fcc-854e-284bc7a04018 | Context admin_cleanup@openstack cleanup() finished in 5.69 sec
2019-11-26 14:05:15.977 11675 INFO rally.task.context [-] Task 2692e8e9-1f68-4fcc-854e-284bc7a04018 | Context users@openstack cleanup() started
2019-11-26 14:05:19.280 11675 INFO rally.task.context [-] Task 2692e8e9-1f68-4fcc-854e-284bc7a04018 | Context users@openstack cleanup() finished in 3.30 sec
2019-11-26 14:05:19.374 11675 INFO rally.task.engine [-] Load duration is: 3.242612
2019-11-26 14:05:19.374 11675 INFO rally.task.engine [-] Full runner duration is: 4.598049
2019-11-26 14:05:19.374 11675 INFO rally.task.engine [-] Full duration is: 15.992742
2019-11-26 14:05:19.677 11675 INFO rally.task.engine [-] Running workload: position = 0 config = { "version": 2, "title": "A cropped version of a bigger task.", "description": "Auto-generated task from a single workload (uuid=1e9f51e9-d50c-4602-8336-44d10c387ff8)", "subtasks": [ { "title": "KeystoneBasic.create_tenant_with_users", "description": "Create a keystone tenant and several users belonging to it.", "scenario": { "KeystoneBasic.create_tenant_with_users": { "users_per_tenant": 10 } }, "contexts": {}, "runner": { "constant": { "concurrency": 4, "times": 10 } }, "hooks": [], "sla": { "failure_rate": { "max": 0 } } } ] }
2019-11-26 14:05:19.701 11675 RALLYDEBUG rally_openstack.contexts.keystone.users [-] Creating 1 tenants using 20 threads
2019-11-26 14:05:20.640 11675 RALLYDEBUG rally_openstack.contexts.keystone.users [-] Creating 1 users using 20 threads
2019-11-26 14:05:22.065 11675 INFO rally.task.context [-] Task 2692e8e9-1f68-4fcc-854e-284bc7a04018 | Context users@openstack setup() finished in 2.36 sec
2019-11-26 14:05:22.066 11675 INFO rally.task.context [-] Task 2692e8e9-1f68-4fcc-854e-284bc7a04018 | Context admin_cleanup@openstack setup() finished in 0.01 msec
2019-11-26 14:05:22.075 11675 RALLYDEBUG rally.task.runner [-] Starting the constant runner (task UUID: 2692e8e9-1f68-4fcc-854e-284bc7a04018). times: 10 concurrency: 4 timeout: 0 max_cpu_used: 16 processes_to_start: 4 concurrency_per_worker: 1 concurrency_overhead: 0
2019-11-26 14:05:22.086 13639 RALLYDEBUG rally.task.runner [-] Starting a worker. times: 10 duration: None concurrency: 1 timeout: 0 cls: method_name: run args: {"users_per_tenant": 10}
2019-11-26 14:05:22.090 13640 RALLYDEBUG rally.task.runner [-] Starting a worker. times: 10 duration: None concurrency: 1 timeout: 0 cls: method_name: run args: {"users_per_tenant": 10}
2019-11-26 14:05:22.092 13639 INFO rally.task.runner [-] Task 2692e8e9-1f68-4fcc-854e-284bc7a04018 | ITER: 1 START
2019-11-26 14:05:22.094 13641 RALLYDEBUG rally.task.runner [-] Starting a worker. times: 10 duration: None concurrency: 1 timeout: 0 cls: method_name: run args: {"users_per_tenant": 10}
2019-11-26 14:05:22.096 13640 INFO rally.task.runner [-] Task 2692e8e9-1f68-4fcc-854e-284bc7a04018 | ITER: 2 START
2019-11-26 14:05:22.097 13644 RALLYDEBUG rally.task.runner [-] Starting a worker. times: 10 duration: None concurrency: 1 timeout: 0 cls: method_name: run args: {"users_per_tenant": 10}
2019-11-26 14:05:22.099 13641 INFO rally.task.runner [-] Task 2692e8e9-1f68-4fcc-854e-284bc7a04018 | ITER: 3 START
2019-11-26 14:05:22.101 13644 INFO rally.task.runner [-] Task 2692e8e9-1f68-4fcc-854e-284bc7a04018 | ITER: 4 START
2019-11-26 14:05:27.394 13644 INFO rally.task.runner [-] Task 2692e8e9-1f68-4fcc-854e-284bc7a04018 | ITER: 4 END: OK
2019-11-26 14:05:27.397 13644 INFO rally.task.runner [-] Task 2692e8e9-1f68-4fcc-854e-284bc7a04018 | ITER: 5 START
2019-11-26 14:05:27.435 13639 INFO rally.task.runner [-] Task 2692e8e9-1f68-4fcc-854e-284bc7a04018 | ITER: 1 END: OK
2019-11-26 14:05:27.439 13639 INFO rally.task.runner [-] Task 2692e8e9-1f68-4fcc-854e-284bc7a04018 | ITER: 6 START
2019-11-26 14:05:27.449 13640 INFO rally.task.runner [-] Task 2692e8e9-1f68-4fcc-854e-284bc7a04018 | ITER: 2 END: OK
2019-11-26 14:05:27.453 13640 INFO rally.task.runner [-] Task 2692e8e9-1f68-4fcc-854e-284bc7a04018 | ITER: 7 START
2019-11-26 14:05:27.669 13641 INFO rally.task.runner [-] Task 2692e8e9-1f68-4fcc-854e-284bc7a04018 | ITER: 3 END: OK
2019-11-26 14:05:27.672 13641 INFO rally.task.runner [-] Task 2692e8e9-1f68-4fcc-854e-284bc7a04018 | ITER: 8 START
2019-11-26 14:05:32.494 13639 INFO rally.task.runner [-] Task 2692e8e9-1f68-4fcc-854e-284bc7a04018 | ITER: 6 END: OK
2019-11-26 14:05:32.497 13639 INFO rally.task.runner [-] Task 2692e8e9-1f68-4fcc-854e-284bc7a04018 | ITER: 9 START
2019-11-26 14:05:32.500 13644 INFO rally.task.runner [-] Task 2692e8e9-1f68-4fcc-854e-284bc7a04018 | ITER: 5 END: OK
2019-11-26 14:05:32.502 13644 INFO rally.task.runner [-] Task 2692e8e9-1f68-4fcc-854e-284bc7a04018 | ITER: 10 START
2019-11-26 14:05:32.569 13641 INFO rally.task.runner [-] Task 2692e8e9-1f68-4fcc-854e-284bc7a04018 | ITER: 8 END: OK
2019-11-26 14:05:32.573 13640 INFO rally.task.runner [-] Task 2692e8e9-1f68-4fcc-854e-284bc7a04018 | ITER: 7 END: OK
2019-11-26 14:05:37.792 13639 INFO rally.task.runner [-] Task 2692e8e9-1f68-4fcc-854e-284bc7a04018 | ITER: 9 END: OK
2019-11-26 14:05:37.862 13644 INFO rally.task.runner [-] Task 2692e8e9-1f68-4fcc-854e-284bc7a04018 | ITER: 10 END: OK
2019-11-26 14:05:37.892 11675 INFO rally.task.context [-] Task 2692e8e9-1f68-4fcc-854e-284bc7a04018 | Context admin_cleanup@openstack cleanup() started
2019-11-26 14:05:37.902 11675 RALLYDEBUG rally_openstack.cleanup.manager [-] Cleaning up keystone user objects
2019-11-26 14:05:38.689 11675 RALLYDEBUG rally_openstack.cleanup.manager [-] Deleting keystone.user object s_rally_1e9f51e9_67tD0uP3 (013460805ab9437e97c18efb9a101f18)
2019-11-26 14:05:38.698 11675 RALLYDEBUG rally_openstack.cleanup.manager [-] Deleting keystone.user object s_rally_1e9f51e9_dB3z7B6y (021cfcf5ff2443a19bc912cb63d6485a)
2019-11-26 14:05:38.707 11675 RALLYDEBUG rally_openstack.cleanup.manager [-] Deleting keystone.user object s_rally_1e9f51e9_Vkpyg6CI (0392fd1aee344ce7a098744188f48794)
2019-11-26 14:05:38.713 11675 RALLYDEBUG rally_openstack.cleanup.manager [-] Deleting keystone.user object s_rally_1e9f51e9_loZHkXUc (062cdc5a78f7410daa8f96cccfc3a719)
2019-11-26 14:05:38.721 11675 RALLYDEBUG rally_openstack.cleanup.manager [-] Deleting keystone.user object s_rally_1e9f51e9_fjo1AZYW (0d6d45e310754a0cb4ca441a12e54661)
2019-11-26 14:05:38.725 11675 RALLYDEBUG rally_openstack.cleanup.manager [-] Deleting keystone.user object s_rally_1e9f51e9_SSIRERw9 (0dff22ae46dd4869937422fe3f5b5c08)
2019-11-26 14:05:38.738 11675 RALLYDEBUG rally_openstack.cleanup.manager [-] Deleting keystone.user object s_rally_1e9f51e9_z8vtrgXO (0eea146ebcf347dd9cb2e291bed5c4e2)
2019-11-26 14:05:38.756 11675 RALLYDEBUG rally_openstack.cleanup.manager [-] Deleting keystone.user object s_rally_1e9f51e9_SGEV8TNm (1a803d14e02e4a29a348c3327213404c)
2019-11-26 14:05:38.766 11675 RALLYDEBUG rally_openstack.cleanup.manager [-] Deleting keystone.user object s_rally_1e9f51e9_r4wsYaWB (1649a90242fc441d82c82bda9f97562d)
2019-11-26 14:05:38.769 11675 RALLYDEBUG rally_openstack.cleanup.manager [-] Deleting keystone.user object s_rally_1e9f51e9_Hixfd0HR (1ccfdafc524b4067a66954b7b63701a3)
2019-11-26 14:05:38.781 11675 RALLYDEBUG rally_openstack.cleanup.manager [-] Deleting keystone.user object s_rally_1e9f51e9_aU7luVNQ (1d139e89aa9f46018a404df078d8e63d)
2019-11-26 14:05:38.798 11675 RALLYDEBUG rally_openstack.cleanup.manager [-] Deleting keystone.user object s_rally_1e9f51e9_oghSawwx (24c981024ee547d3bb35010b7468069e)
2019-11-26 14:05:38.988 11675 RALLYDEBUG rally_openstack.cleanup.manager [-] Deleting keystone.user object s_rally_1e9f51e9_rKLCKxAi (2847bb2486ae436091bacf88d6d833e2)
2019-11-26 14:05:39.003 11675 RALLYDEBUG rally_openstack.cleanup.manager [-] Deleting keystone.user object s_rally_1e9f51e9_efzdXAQL (2d9000b21a8f4d06aae883ee1220f3c2)
2019-11-26 14:05:39.030 11675 RALLYDEBUG rally_openstack.cleanup.manager [-] Deleting keystone.user object s_rally_1e9f51e9_3Al7lFME (31348ff9abaf4e46bf0a90ff3fe1891f)
2019-11-26 14:05:39.034 11675 RALLYDEBUG rally_openstack.cleanup.manager [-] Deleting keystone.user object s_rally_1e9f51e9_lC7SbsI5 (3163b4bf6a064058abf41dc19562ca88)
2019-11-26 14:05:39.068 11675 RALLYDEBUG rally_openstack.cleanup.manager [-] Deleting keystone.user object s_rally_1e9f51e9_MrbXR7Qi (387c8045d3fa422db70a935a260c8494)
2019-11-26 14:05:39.084 11675 RALLYDEBUG rally_openstack.cleanup.manager [-] Deleting keystone.user object s_rally_1e9f51e9_aVN59ltd (3f8603af7f244e0595a2638312b27300)
2019-11-26 14:05:39.088 11675 RALLYDEBUG rally_openstack.cleanup.manager [-] Deleting keystone.user object s_rally_1e9f51e9_od1VbjRj (4143eb3fadf147a89a0b72cb55a56f37)
2019-11-26 14:05:39.121 11675 RALLYDEBUG rally_openstack.cleanup.manager [-] Deleting keystone.user object s_rally_1e9f51e9_0VEG00uB (41a4088d5dc8409eaa9ef5cc53d8ecaa)
2019-11-26 14:05:40.958 11675 RALLYDEBUG rally_openstack.cleanup.manager [-] Deleting keystone.user object s_rally_1e9f51e9_ujTg2zND (448740bc027c48af9a2e97d20e45a9c0)
2019-11-26 14:05:41.180 11675 RALLYDEBUG rally_openstack.cleanup.manager [-] Deleting keystone.user object s_rally_1e9f51e9_Vycwy5Ox (479671d9711e42a38a48daf5c31d5f91)
2019-11-26 14:05:41.214 11675 RALLYDEBUG rally_openstack.cleanup.manager [-] Deleting keystone.user object s_rally_1e9f51e9_kWvehpjs (4ab20c36da7d44808ac43dca579b2222)
2019-11-26 14:05:41.229 11675 RALLYDEBUG rally_openstack.cleanup.manager [-] Deleting keystone.user object s_rally_1e9f51e9_fLvpa5uS (4fbca05b42fb4a30be92a4b350c4a3dd)
2019-11-26 14:05:41.236 11675 RALLYDEBUG rally_openstack.cleanup.manager [-] Deleting keystone.user object s_rally_1e9f51e9_cd6pEsVR (544be7a27ca9406fbc8691d892b41eca)
2019-11-26 14:05:41.267 11675 RALLYDEBUG rally_openstack.cleanup.manager [-] Deleting keystone.user object s_rally_1e9f51e9_H9MKcv4Y (592158539a1d4835a05331f4d1365464)
2019-11-26 14:05:41.291 11675 RALLYDEBUG rally_openstack.cleanup.manager [-] Deleting keystone.user object s_rally_1e9f51e9_FRqJt7ud (599a0a4a1d8b453b8c583e43d9272880)
2019-11-26 14:05:41.330 11675 RALLYDEBUG rally_openstack.cleanup.manager [-] Deleting keystone.user object s_rally_1e9f51e9_oH2Pkf45 (59dd6257a4a04675b2b541e1162032ef)
2019-11-26 14:05:41.338 11675 RALLYDEBUG rally_openstack.cleanup.manager [-] Deleting keystone.user object s_rally_1e9f51e9_tRQPHc1Z (5a8bc6c09ac94ec192e54fffbe33ce58)
2019-11-26 14:05:41.371 11675 RALLYDEBUG rally_openstack.cleanup.manager [-] Deleting keystone.user object s_rally_1e9f51e9_KET7jMaF (5b4716b5c3554275bac8ef4e7defeb10)
2019-11-26 14:05:41.386 11675 RALLYDEBUG rally_openstack.cleanup.manager [-] Deleting keystone.user object s_rally_1e9f51e9_TaWsT57E (5d85f8a3fe9e4e639b2279b53b0bf1b3)
2019-11-26 14:05:41.413 11675 RALLYDEBUG rally_openstack.cleanup.manager [-] Deleting keystone.user object s_rally_1e9f51e9_MJawSibs (5f035be234fb441db028fdd5317b1ddd)
2019-11-26 14:05:41.446 11675 RALLYDEBUG rally_openstack.cleanup.manager [-] Deleting keystone.user object s_rally_1e9f51e9_1kIhRtIL (6014da8c627f4830890692bb280357c0)
2019-11-26 14:05:41.455 11675 RALLYDEBUG rally_openstack.cleanup.manager [-] Deleting keystone.user object s_rally_1e9f51e9_vfvwsHtI (6151c61382464dbb99f8b88e0a7ac4c4)
2019-11-26 14:05:41.519 11675 RALLYDEBUG rally_openstack.cleanup.manager [-] Deleting keystone.user object s_rally_1e9f51e9_CHgeKhoS (64e58157b4d043f78bfbc80a790559b4)
2019-11-26 14:05:41.539 11675 RALLYDEBUG rally_openstack.cleanup.manager [-] Deleting keystone.user object s_rally_1e9f51e9_2Wf0lHwm (659001e819344a4eae31493531b082cc)
2019-11-26 14:05:41.628 11675 RALLYDEBUG rally_openstack.cleanup.manager [-] Deleting keystone.user object s_rally_1e9f51e9_UvMEkEtM (65bb31aa30cf458980d865473787ede5)
2019-11-26 14:05:41.664 11675 RALLYDEBUG rally_openstack.cleanup.manager [-] Deleting keystone.user object s_rally_1e9f51e9_tme3ftOX (65e765954d3c49f2b5c734d4ab9df697)
2019-11-26 14:05:41.717 11675 RALLYDEBUG rally_openstack.cleanup.manager [-] Deleting keystone.user object s_rally_1e9f51e9_7BCh3lAz (67a3d52690364295ae2e03a5be3b17c5)
2019-11-26 14:05:41.779 11675 RALLYDEBUG rally_openstack.cleanup.manager [-] Deleting keystone.user object s_rally_1e9f51e9_3yFTygQY (6bcd0b7128294f21860c0bda40715c25)
2019-11-26 14:05:42.890 11675 RALLYDEBUG rally_openstack.cleanup.manager [-] Deleting keystone.user object s_rally_1e9f51e9_vattUd4f (7141d7fdb2d34183b4d3f16bc1c7e87a)
2019-11-26 14:05:43.159 11675 RALLYDEBUG rally_openstack.cleanup.manager [-] Deleting keystone.user object s_rally_1e9f51e9_xSl5vyCm (715dd685b3334b43b152db8cbcfe0b05)
2019-11-26 14:05:43.420 11675 RALLYDEBUG rally_openstack.cleanup.manager [-] Deleting keystone.user object s_rally_1e9f51e9_BFBikXtF (751069dc233449c29057d301ad376cd5)
2019-11-26 14:05:43.432 11675 RALLYDEBUG rally_openstack.cleanup.manager [-] Deleting keystone.user object s_rally_1e9f51e9_7qC60xM8 (7990952ec3684299998704f13ea998d8)
2019-11-26 14:05:43.445 11675 RALLYDEBUG rally_openstack.cleanup.manager [-] Deleting keystone.user object s_rally_1e9f51e9_AWg56Kkz (79c3ef9fc52845a1a7f88bc67918885d)
2019-11-26 14:05:43.473 11675 RALLYDEBUG rally_openstack.cleanup.manager [-] Deleting keystone.user object s_rally_1e9f51e9_gmJmBTLx (7bde903c0c1545d6854c3519b933e6dc)
2019-11-26 14:05:43.506 11675 RALLYDEBUG rally_openstack.cleanup.manager [-] Deleting keystone.user object s_rally_1e9f51e9_9NsoS4z0 (8ab915a31f424cb0ba475da424391807)
2019-11-26 14:05:43.507 11675 RALLYDEBUG rally_openstack.cleanup.manager [-] Deleting keystone.user object s_rally_1e9f51e9_y2YKaMqO (868fdd7b9741431eafb420f51039ae4e)
2019-11-26 14:05:43.529 11675 RALLYDEBUG rally_openstack.cleanup.manager [-] Deleting keystone.user object s_rally_1e9f51e9_WjXyjtq5 (8d1a6338daca41deb2c08af0053ae036)
2019-11-26 14:05:43.594 11675 RALLYDEBUG rally_openstack.cleanup.manager [-] Deleting keystone.user object s_rally_1e9f51e9_P55LT1ZT (92042be1e81041849258bb145ac4b62f)
2019-11-26 14:05:43.682 11675 RALLYDEBUG rally_openstack.cleanup.manager [-] Deleting keystone.user object s_rally_1e9f51e9_Hgu6ygoG (95c2da4367b14f3da6541316bb959611)
2019-11-26 14:05:43.822 11675 RALLYDEBUG rally_openstack.cleanup.manager [-] Deleting keystone.user object s_rally_1e9f51e9_jisjD6XM (95d08ff2f4224e6fb4d46138a8c1a18b)
2019-11-26 14:05:43.864 11675 RALLYDEBUG rally_openstack.cleanup.manager [-] Deleting keystone.user object s_rally_1e9f51e9_k9ZMzSQ2 (969b957c22f44fa29d994c798e23375a)
2019-11-26 14:05:43.889 11675 RALLYDEBUG rally_openstack.cleanup.manager [-] Deleting keystone.user object s_rally_1e9f51e9_0Aa5tu1V (9755851dc97649528ba9808343571194)
2019-11-26 14:05:43.901 11675 RALLYDEBUG rally_openstack.cleanup.manager [-] Deleting keystone.user object s_rally_1e9f51e9_keOFlvMr (99f5c97ed7ad4ce38feb9e74602255a5)
2019-11-26 14:05:43.959 11675 RALLYDEBUG rally_openstack.cleanup.manager [-] Deleting keystone.user object s_rally_1e9f51e9_M03wJao5 (9a1560a96a1d476cb540938a45618ed1)
2019-11-26 14:05:43.966 11675 RALLYDEBUG rally_openstack.cleanup.manager [-] Deleting keystone.user object s_rally_1e9f51e9_qcT4M0LM (9a969338a41a4c1d9fd1e6667153f340)
2019-11-26 14:05:44.007 11675 RALLYDEBUG rally_openstack.cleanup.manager [-] Deleting keystone.user object s_rally_1e9f51e9_QSaawytE (a08a236435b047799173800b3054d9b1)
2019-11-26 14:05:44.015 11675 RALLYDEBUG rally_openstack.cleanup.manager [-] Deleting keystone.user object s_rally_1e9f51e9_1feHDvHe (a0d99c2d97484556b5171ccdb25c2279)
2019-11-26 14:05:44.025 11675 RALLYDEBUG rally_openstack.cleanup.manager [-] Deleting keystone.user object s_rally_1e9f51e9_Il4vMJnU (a8f8a37dc8d54c5a854ff64d0a9e05a9)
2019-11-26 14:05:44.988 11675 RALLYDEBUG rally_openstack.cleanup.manager [-] Deleting keystone.user object s_rally_1e9f51e9_MGBzV7D4 (aa4fbb155b0747b4b491f826e7ea0c5f)
2019-11-26 14:05:45.024 11675 RALLYDEBUG rally_openstack.cleanup.manager [-] Deleting keystone.user object s_rally_1e9f51e9_qT6HdfiY (aa9b49a9c7524d42b2d90a8880b8881b)
2019-11-26 14:05:45.430 11675 RALLYDEBUG rally_openstack.cleanup.manager [-] Deleting keystone.user object s_rally_1e9f51e9_lFrz1pWA (ade9498ed0a448609e5e20bac444dfdb)
2019-11-26 14:05:45.447 11675 RALLYDEBUG rally_openstack.cleanup.manager [-] Deleting keystone.user object s_rally_1e9f51e9_twDCW10D (af8feb10161546eb9a590ddf501b2dbf)
2019-11-26 14:05:45.470 11675 RALLYDEBUG rally_openstack.cleanup.manager [-] Deleting keystone.user object s_rally_1e9f51e9_v3f6wKXJ (b75eddba21644d34ba52a3851448f157)
2019-11-26 14:05:45.478 11675 RALLYDEBUG rally_openstack.cleanup.manager [-] Deleting keystone.user object s_rally_1e9f51e9_i4dM10tS (b89fd8313434434f940a89fc00d8a9aa)
2019-11-26 14:05:45.487 11675 RALLYDEBUG rally_openstack.cleanup.manager [-] Deleting keystone.user object s_rally_1e9f51e9_texnZBGr (ba6d8f0112db4aa4b61ad8388025ce88)
2019-11-26 14:05:45.507 11675 RALLYDEBUG rally_openstack.cleanup.manager [-] Deleting keystone.user object s_rally_1e9f51e9_5w7o8srL (bf23fab4950d4beabe4f1fb94d1b19f4)
2019-11-26 14:05:45.567 11675 RALLYDEBUG rally_openstack.cleanup.manager [-] Deleting keystone.user object s_rally_1e9f51e9_ZIRsZNd0 (c0160a09752c4d05960020b3c9e5de9f)
2019-11-26 14:05:45.748 11675 RALLYDEBUG rally_openstack.cleanup.manager [-] Deleting keystone.user object s_rally_1e9f51e9_1Nma87rK (c2da3720fd9d49d0af076f40ecbc7e60)
2019-11-26 14:05:45.753 11675 RALLYDEBUG rally_openstack.cleanup.manager [-] Deleting keystone.user object s_rally_1e9f51e9_te36YS4b (c4b446ab31d441b78c41624b19b58063)
2019-11-26 14:05:45.882 11675 RALLYDEBUG rally_openstack.cleanup.manager [-] Deleting keystone.user object s_rally_1e9f51e9_pkmWqYVB (c5720849a1714a06a065630061e5a42c)
2019-11-26 14:05:45.901 11675 RALLYDEBUG rally_openstack.cleanup.manager [-] Deleting keystone.user object s_rally_1e9f51e9_wUgoP9UE (c7a79501f07c4cb2a8dba4e82f6d59d6)
2019-11-26 14:05:45.934 11675 RALLYDEBUG rally_openstack.cleanup.manager [-] Deleting keystone.user object s_rally_1e9f51e9_ERyvRq7p (c82564ffffd0411c919e80559f8d14b3)
2019-11-26 14:05:46.018 11675 RALLYDEBUG rally_openstack.cleanup.manager [-] Deleting keystone.user object s_rally_1e9f51e9_9qtdWA2g (c8f4351868c0434cb4321ff47f684d1b)
2019-11-26 14:05:46.075 11675 RALLYDEBUG rally_openstack.cleanup.manager [-] Deleting keystone.user object s_rally_1e9f51e9_y3dGgYda (cb038f2f66ae4a1f9e0e18474493f428)
2019-11-26 14:05:46.218 11675 RALLYDEBUG rally_openstack.cleanup.manager [-] Deleting keystone.user object s_rally_1e9f51e9_l82zMAoV (d081620232dd48a48bbdb641f9f7afc4)
2019-11-26 14:05:46.263 11675 RALLYDEBUG rally_openstack.cleanup.manager [-] Deleting keystone.user object s_rally_1e9f51e9_KJujIz9s (d0f04ffe817f4f7fac69be5951c9905d)
2019-11-26 14:05:46.270 11675 RALLYDEBUG rally_openstack.cleanup.manager [-] Deleting keystone.user object s_rally_1e9f51e9_didgT7kH (d1d0eb8359e543249b851be32c4cb41d)
2019-11-26 14:05:46.354 11675 RALLYDEBUG rally_openstack.cleanup.manager [-] Deleting keystone.user object s_rally_1e9f51e9_ESsWn6yr (d1e43168c08d415c86970628ffcd4723)
2019-11-26 14:05:46.897 11675 RALLYDEBUG rally_openstack.cleanup.manager [-] Deleting keystone.user object s_rally_1e9f51e9_3jXlCbbr (d2fc3729798346a180b47a69c8edb348)
2019-11-26 14:05:46.945 11675 RALLYDEBUG rally_openstack.cleanup.manager [-] Deleting keystone.user object s_rally_1e9f51e9_Dtigaw4G (d34e3b81044b421cb73c07b8999dde78)
2019-11-26 14:05:47.431 11675 RALLYDEBUG rally_openstack.cleanup.manager [-] Deleting keystone.user object s_rally_1e9f51e9_GPPO9w7t (d4c77ef38a9849dbbbf73fda729d5e9e)
2019-11-26 14:05:47.459 11675 RALLYDEBUG rally_openstack.cleanup.manager [-] Deleting keystone.user object s_rally_1e9f51e9_gS6QOM92 (d5934ae2245a4a57983dcc0a2fdd454d)
2019-11-26 14:05:47.470 11675 RALLYDEBUG rally_openstack.cleanup.manager [-] Deleting keystone.user object s_rally_1e9f51e9_AH3gOKhS (d78181a8b79748999751a02a8876b5b3)
2019-11-26 14:05:47.475 11675 RALLYDEBUG rally_openstack.cleanup.manager [-] Deleting keystone.user object s_rally_1e9f51e9_BxBASBub (dafb8331db844e598edc7ee1d4881934)
2019-11-26 14:05:47.499 11675 RALLYDEBUG rally_openstack.cleanup.manager [-] Deleting keystone.user object s_rally_1e9f51e9_g7cneAmt (dfee7ab95ec5479a9349680d3edc26f7)
2019-11-26 14:05:47.563 11675 RALLYDEBUG rally_openstack.cleanup.manager [-] Deleting keystone.user object s_rally_1e9f51e9_dbVk53Rr (e12970a281884e9281caf1a5defa62c6)
2019-11-26 14:05:47.629 11675 RALLYDEBUG rally_openstack.cleanup.manager [-] Deleting keystone.user object s_rally_1e9f51e9_epjZKuwy (e4c2a1c8c5a14d17aa508abdac174457)
2019-11-26 14:05:47.897 11675 RALLYDEBUG rally_openstack.cleanup.manager [-] Deleting keystone.user object s_rally_1e9f51e9_1OqC1qXm (e991cc4ad7414a0f83af18bc2f58ffba)
2019-11-26 14:05:47.900 11675 RALLYDEBUG rally_openstack.cleanup.manager [-] Deleting keystone.user object s_rally_1e9f51e9_692ZJV9L (e7b216398f22419f9a5551444ad26c97)
2019-11-26 14:05:47.906 11675 RALLYDEBUG rally_openstack.cleanup.manager [-] Deleting keystone.user object s_rally_1e9f51e9_zWgmJHUi (eb38647805be44578c129513562eecf8)
2019-11-26 14:05:48.106 11675 RALLYDEBUG rally_openstack.cleanup.manager [-] Deleting keystone.user object s_rally_1e9f51e9_hVoLPxxY (ed0a29206bec45b88f5e18f0aec6e3c3)
2019-11-26 14:05:48.122 11675 RALLYDEBUG rally_openstack.cleanup.manager [-] Deleting keystone.user object s_rally_1e9f51e9_y4wZNjcF (eeb5f364ee2c47009f9bbfc6bc828782)
2019-11-26 14:05:48.130 11675 RALLYDEBUG rally_openstack.cleanup.manager [-] Deleting keystone.user object s_rally_1e9f51e9_dplh05gU (f4a02db0d66d414698e36d44a3c46684)
2019-11-26 14:05:48.285 11675 RALLYDEBUG rally_openstack.cleanup.manager [-] Deleting keystone.user object s_rally_1e9f51e9_XHlWSM25 (f6fc9bc975a94104854e9d46fdf09c6f)
2019-11-26 14:05:48.308 11675 RALLYDEBUG rally_openstack.cleanup.manager [-] Deleting keystone.user object s_rally_1e9f51e9_sGKydzTI (f923bbfd1f0e4db78ae24468b6e0226b)
2019-11-26 14:05:48.314 11675 RALLYDEBUG rally_openstack.cleanup.manager [-] Deleting keystone.user object s_rally_1e9f51e9_KdDEQ5c2 (f9d7bc61e3cf40f486cbe43f776b688e)
2019-11-26 14:05:48.333 11675 RALLYDEBUG rally_openstack.cleanup.manager [-] Deleting keystone.user object s_rally_1e9f51e9_lco2qEpk (fbd7182b391547a8b03a9e4d419c4e98)
2019-11-26 14:05:48.446 11675 RALLYDEBUG rally_openstack.cleanup.manager [-] Deleting keystone.user object s_rally_1e9f51e9_Bn6xrtcF (ff5f3281ac43410b8b7e2514cf7f7bf9)
2019-11-26 14:05:50.420 11675 RALLYDEBUG rally_openstack.cleanup.manager [-] Cleaning up keystone project objects
2019-11-26 14:05:51.225 11675 RALLYDEBUG rally_openstack.cleanup.manager [-] Deleting keystone.project object s_rally_1e9f51e9_HgSSNvsS (135a9fd688314dffbea16c88b9391a1b)
2019-11-26 14:05:51.234 11675 RALLYDEBUG rally_openstack.cleanup.manager [-] Deleting keystone.project object s_rally_1e9f51e9_SYM8tys2 (199f774481344f87af263f0e6baa95c6)
2019-11-26 14:05:51.246 11675 RALLYDEBUG rally_openstack.cleanup.manager [-] Deleting keystone.project object s_rally_1e9f51e9_HCbnflK9 (3fe7b173aede46e09fa74395ab87748d)
2019-11-26 14:05:51.255 11675 RALLYDEBUG rally_openstack.cleanup.manager [-] Deleting keystone.project object s_rally_1e9f51e9_BSzcCRun (5430e9262a66468c943d10a5442479ec)
2019-11-26 14:05:51.276 11675 RALLYDEBUG rally_openstack.cleanup.manager [-] Deleting keystone.project object s_rally_1e9f51e9_D2vcvJDi (b802f18235e1477fb9b4c9ebe9cb96a8)
2019-11-26 14:05:51.279 11675 RALLYDEBUG rally_openstack.cleanup.manager [-] Deleting keystone.project object s_rally_1e9f51e9_k65rwLbz (6e71a11eaf3e490abdb4fb59436355eb)
2019-11-26 14:05:51.291 11675 RALLYDEBUG rally_openstack.cleanup.manager [-] Deleting keystone.project object s_rally_1e9f51e9_AHLQwF7m (ba9be628c802400aa729deb2efa4d33c)
2019-11-26 14:05:51.327 11675 RALLYDEBUG rally_openstack.cleanup.manager [-] Deleting keystone.project object s_rally_1e9f51e9_M7nYrFhq (d413395ad1794bda904da00fb66f15b5)
2019-11-26 14:05:51.336 11675 RALLYDEBUG rally_openstack.cleanup.manager [-] Deleting keystone.project object s_rally_1e9f51e9_viVWGac4 (d4a4a306ce9b4410a7fca4d1285e1dc4)
2019-11-26 14:05:51.342 11675 RALLYDEBUG rally_openstack.cleanup.manager [-] Deleting keystone.project object s_rally_1e9f51e9_ImfUTZHI (e5ddaaeb3e0f48d5a4a9eeb8a76b7e5b)
2019-11-26 14:05:53.396 11675 RALLYDEBUG rally_openstack.cleanup.manager [-] Cleaning up keystone service objects
2019-11-26 14:05:54.311 11675 RALLYDEBUG rally_openstack.cleanup.manager [-] Cleaning up keystone role objects
2019-11-26 14:05:55.142 11675 INFO rally.task.context [-] Task 2692e8e9-1f68-4fcc-854e-284bc7a04018 | Context admin_cleanup@openstack cleanup() finished in 17.25 sec
2019-11-26 14:05:55.143 11675 INFO rally.task.context [-] Task 2692e8e9-1f68-4fcc-854e-284bc7a04018 | Context users@openstack cleanup() started
2019-11-26 14:05:58.504 11675 INFO rally.task.context [-] Task 2692e8e9-1f68-4fcc-854e-284bc7a04018 | Context users@openstack cleanup() finished in 3.36 sec
2019-11-26 14:06:00.013 11675 INFO rally.task.engine [-] Load duration is: 14.45353
2019-11-26 14:06:00.014 11675 INFO rally.task.engine [-] Full runner duration is: 15.816629
2019-11-26 14:06:00.014 11675 INFO rally.task.engine [-] Full duration is: 38.8043
2019-11-26 14:06:00.275 11675 INFO rally.task.engine [-] Task 2692e8e9-1f68-4fcc-854e-284bc7a04018 | Completed: Running task.
2019-11-26 14:06:01.896 13781 RALLYDEBUG rally.api [-] INFO logs from urllib3 and requests module are hide.
2019-11-26 14:06:01.897 13781 RALLYDEBUG rally.api [-] urllib3 insecure warnings are hidden.
2019-11-26 14:06:01.897 13781 RALLYDEBUG rally.api [-] ERROR log from boto module is hide.
2019-11-26 14:06:02.950 13782 RALLYDEBUG rally.api [-] INFO logs from urllib3 and requests module are hide.
2019-11-26 14:06:02.950 13782 RALLYDEBUG rally.api [-] urllib3 insecure warnings are hidden.
2019-11-26 14:06:02.950 13782 RALLYDEBUG rally.api [-] ERROR log from boto module is hide.
2019-11-26 14:06:04.057 13783 RALLYDEBUG rally.api [-] INFO logs from urllib3 and requests module are hide.
2019-11-26 14:06:04.057 13783 RALLYDEBUG rally.api [-] urllib3 insecure warnings are hidden.
2019-11-26 14:06:04.058 13783 RALLYDEBUG rally.api [-] ERROR log from boto module is hide.
2019-11-26 14:06:05.768 13783 INFO rally.api [-] Building 'json' report for the following task(s): '2692e8e9-1f68-4fcc-854e-284bc7a04018'.
2019-11-26 14:06:05.795 13783 INFO rally.api [-] The report has been successfully built.
2019-11-26 14:06:07.103 13785 RALLYDEBUG rally.api [-] INFO logs from urllib3 and requests module are hide.
2019-11-26 14:06:07.103 13785 RALLYDEBUG rally.api [-] urllib3 insecure warnings are hidden.
2019-11-26 14:06:07.103 13785 RALLYDEBUG rally.api [-] ERROR log from boto module is hide.
2019-11-26 14:06:09.041 13785 INFO rally.task.engine [-] Task 00ba39eb-45e0-4442-8ead-fb9035d26b8d | Starting: Task validation.
2019-11-26 14:06:09.118 13785 INFO rally.task.engine [-] Task 00ba39eb-45e0-4442-8ead-fb9035d26b8d | Starting: Task validation of syntax.
2019-11-26 14:06:09.412 13785 INFO rally.task.engine [-] Task 00ba39eb-45e0-4442-8ead-fb9035d26b8d | Completed: Task validation of syntax.
2019-11-26 14:06:09.412 13785 INFO rally.task.engine [-] Task 00ba39eb-45e0-4442-8ead-fb9035d26b8d | Starting: Task validation of required platforms.
2019-11-26 14:06:09.513 13785 INFO rally.task.engine [-] Task 00ba39eb-45e0-4442-8ead-fb9035d26b8d | Completed: Task validation of required platforms.
2019-11-26 14:06:09.513 13785 INFO rally.task.engine [-] Task 00ba39eb-45e0-4442-8ead-fb9035d26b8d | Starting: Task validation of semantic.
2019-11-26 14:06:09.513 13785 INFO rally.task.engine [-] Check health of the environment '73925250-c41d-449a-9e1d-3bea8c973e1e'.
2019-11-26 14:06:10.545 13785 INFO rally.task.engine [-] Platform existing@openstack (available: True): OK!
2019-11-26 14:06:10.562 13785 RALLYDEBUG rally_openstack.contexts.keystone.users [-] Creating 1 tenants using 20 threads
2019-11-26 14:06:11.404 13785 RALLYDEBUG rally_openstack.contexts.keystone.users [-] Creating 1 users using 20 threads
2019-11-26 14:06:12.858 13785 INFO rally.task.context [-] Task 00ba39eb-45e0-4442-8ead-fb9035d26b8d | Context users@openstack setup() finished in 2.30 sec
2019-11-26 14:06:19.212 13785 INFO rally.task.context [-] Task 00ba39eb-45e0-4442-8ead-fb9035d26b8d | Context users@openstack cleanup() started
2019-11-26 14:06:22.298 13785 INFO rally.task.context [-] Task 00ba39eb-45e0-4442-8ead-fb9035d26b8d | Context users@openstack cleanup() finished in 3.09 sec
2019-11-26 14:06:22.298 13785 INFO rally.task.engine [-] Task 00ba39eb-45e0-4442-8ead-fb9035d26b8d | Completed: Task validation of semantic.
2019-11-26 14:06:22.299 13785 INFO rally.task.engine [-] Task 00ba39eb-45e0-4442-8ead-fb9035d26b8d | Completed: Task validation.
2019-11-26 14:06:22.299 13785 INFO rally.api [-] Task 00ba39eb-45e0-4442-8ead-fb9035d26b8d input file is valid.
2019-11-26 14:06:22.299 13785 INFO rally.api [-] Run Task 00ba39eb-45e0-4442-8ead-fb9035d26b8d against Deployment 73925250-c41d-449a-9e1d-3bea8c973e1e
2019-11-26 14:06:22.300 13785 INFO rally.task.engine [-] Task 00ba39eb-45e0-4442-8ead-fb9035d26b8d | Starting: Running task.
2019-11-26 14:06:22.502 13785 INFO rally.task.engine [-] Running workload: position = 0 config = { "version": 2, "title": "A cropped version of a bigger task.", "description": "Auto-generated task from a single workload (uuid=abcf7f82-0061-453d-bad8-242a9b12dab3)", "subtasks": [ { "title": "NeutronNetworks.create_and_update_networks", "description": "Create and update a network.", "scenario": { "NeutronNetworks.create_and_update_networks": { "network_create_args": {}, "network_update_args": { "admin_state_up": false } } }, "contexts": { "users": { "tenants": 3, "users_per_tenant": 2 }, "quotas": { "neutron": { "network": -1 } } }, "runner": { "constant": { "concurrency": 4, "times": 10 } }, "hooks": [], "sla": { "failure_rate": { "max": 0 } } } ] }
2019-11-26 14:06:22.526 13785 RALLYDEBUG rally_openstack.contexts.keystone.users [-] Creating 3 tenants using 20 threads
2019-11-26 14:06:23.462 13785 RALLYDEBUG rally_openstack.contexts.keystone.users [-] Creating 6 users using 20 threads
2019-11-26 14:06:25.040 13785 INFO rally.task.context [-] Task 00ba39eb-45e0-4442-8ead-fb9035d26b8d | Context users@openstack setup() finished in 2.51 sec
2019-11-26 14:06:25.903 13785 INFO rally.task.context [-] Task 00ba39eb-45e0-4442-8ead-fb9035d26b8d | Context quotas@openstack setup() finished in 0.86 sec
2019-11-26 14:06:25.904 13785 INFO rally.task.context [-] Task 00ba39eb-45e0-4442-8ead-fb9035d26b8d | Context cleanup@openstack setup() finished in 0.01 msec
2019-11-26 14:06:25.913 13785 RALLYDEBUG rally.task.runner [-] Starting the constant runner (task UUID: 00ba39eb-45e0-4442-8ead-fb9035d26b8d). times: 10 concurrency: 4 timeout: 0 max_cpu_used: 16 processes_to_start: 4 concurrency_per_worker: 1 concurrency_overhead: 0
2019-11-26 14:06:25.926 13909 RALLYDEBUG rally.task.runner [-] Starting a worker. times: 10 duration: None concurrency: 1 timeout: 0 cls: method_name: run args: {"network_create_args": {}, "network_update_args": {"admin_state_up": false}}
2019-11-26 14:06:25.929 13910 RALLYDEBUG rally.task.runner [-] Starting a worker. times: 10 duration: None concurrency: 1 timeout: 0 cls: method_name: run args: {"network_create_args": {}, "network_update_args": {"admin_state_up": false}}
2019-11-26 14:06:25.932 13911 RALLYDEBUG rally.task.runner [-] Starting a worker. times: 10 duration: None concurrency: 1 timeout: 0 cls: method_name: run args: {"network_create_args": {}, "network_update_args": {"admin_state_up": false}}
2019-11-26 14:06:25.933 13909 INFO rally.task.runner [-] Task 00ba39eb-45e0-4442-8ead-fb9035d26b8d | ITER: 1 START
2019-11-26 14:06:25.936 13910 INFO rally.task.runner [-] Task 00ba39eb-45e0-4442-8ead-fb9035d26b8d | ITER: 2 START
2019-11-26 14:06:25.936 13912 RALLYDEBUG rally.task.runner [-] Starting a worker. times: 10 duration: None concurrency: 1 timeout: 0 cls: method_name: run args: {"network_create_args": {}, "network_update_args": {"admin_state_up": false}}
2019-11-26 14:06:25.939 13911 INFO rally.task.runner [-] Task 00ba39eb-45e0-4442-8ead-fb9035d26b8d | ITER: 3 START
2019-11-26 14:06:25.941 13912 INFO rally.task.runner [-] Task 00ba39eb-45e0-4442-8ead-fb9035d26b8d | ITER: 4 START
2019-11-26 14:06:26.950 13911 INFO rally.task.runner [-] Task 00ba39eb-45e0-4442-8ead-fb9035d26b8d | ITER: 3 END: OK
2019-11-26 14:06:26.955 13911 INFO rally.task.runner [-] Task 00ba39eb-45e0-4442-8ead-fb9035d26b8d | ITER: 5 START
2019-11-26 14:06:26.993 13909 INFO rally.task.runner [-] Task 00ba39eb-45e0-4442-8ead-fb9035d26b8d | ITER: 1 END: OK
2019-11-26 14:06:26.998 13909 INFO rally.task.runner [-] Task 00ba39eb-45e0-4442-8ead-fb9035d26b8d | ITER: 6 START
2019-11-26 14:06:27.037 13912 INFO rally.task.runner [-] Task 00ba39eb-45e0-4442-8ead-fb9035d26b8d | ITER: 4 END: OK
2019-11-26 14:06:27.042 13912 INFO rally.task.runner [-] Task 00ba39eb-45e0-4442-8ead-fb9035d26b8d | ITER: 7 START
2019-11-26 14:06:27.828 13910 INFO rally.task.runner [-] Task 00ba39eb-45e0-4442-8ead-fb9035d26b8d | ITER: 2 END: OK
2019-11-26 14:06:27.832 13910 INFO rally.task.runner [-] Task 00ba39eb-45e0-4442-8ead-fb9035d26b8d | ITER: 8 START
2019-11-26 14:06:28.050 13912 INFO rally.task.runner [-] Task 00ba39eb-45e0-4442-8ead-fb9035d26b8d | ITER: 7 END: OK
2019-11-26 14:06:28.053 13912 INFO rally.task.runner [-] Task 00ba39eb-45e0-4442-8ead-fb9035d26b8d | ITER: 9 START
2019-11-26 14:06:28.073 13909 INFO rally.task.runner [-] Task 00ba39eb-45e0-4442-8ead-fb9035d26b8d | ITER: 6 END: OK
2019-11-26 14:06:28.077 13909 INFO rally.task.runner [-] Task 00ba39eb-45e0-4442-8ead-fb9035d26b8d | ITER: 10 START
2019-11-26 14:06:28.087 13911 INFO rally.task.runner [-] Task 00ba39eb-45e0-4442-8ead-fb9035d26b8d | ITER: 5 END: OK
2019-11-26 14:06:28.737 13910 INFO rally.task.runner [-] Task 00ba39eb-45e0-4442-8ead-fb9035d26b8d | ITER: 8 END: OK
2019-11-26 14:06:28.916 13909 INFO rally.task.runner [-] Task 00ba39eb-45e0-4442-8ead-fb9035d26b8d | ITER: 10 END: OK
2019-11-26 14:06:29.138 13912 INFO rally.task.runner [-] Task 00ba39eb-45e0-4442-8ead-fb9035d26b8d | ITER: 9 END: OK
2019-11-26 14:06:29.165 13785 INFO rally.task.context [-] Task 00ba39eb-45e0-4442-8ead-fb9035d26b8d | Context cleanup@openstack cleanup() started
2019-11-26 14:06:29.168 13785 RALLYDEBUG rally_openstack.cleanup.manager [-] Cleaning up neutron vip objects
2019-11-26 14:06:30.284 13785 RALLYDEBUG rally_openstack.cleanup.manager [-] Cleaning up neutron health_monitor objects
2019-11-26 14:06:31.412 13785 RALLYDEBUG rally_openstack.cleanup.manager [-] Cleaning up neutron pool objects
2019-11-26 14:06:32.549 13785 RALLYDEBUG rally_openstack.cleanup.manager [-] Cleaning up neutron loadbalancer objects
2019-11-26 14:06:33.693 13785 RALLYDEBUG rally_openstack.cleanup.manager [-] Cleaning up neutron floatingip objects
2019-11-26 14:06:34.968 13785 RALLYDEBUG rally_openstack.cleanup.manager [-] Cleaning up neutron trunk objects
2019-11-26 14:06:36.147 13785 RALLYDEBUG rally_openstack.cleanup.manager [-] Cleaning up neutron port objects
2019-11-26 14:06:37.365 13785 RALLYDEBUG rally_openstack.cleanup.manager [-] Cleaning up neutron subnet objects
2019-11-26 14:06:38.574 13785 RALLYDEBUG rally_openstack.cleanup.manager [-] Cleaning up neutron network objects
2019-11-26 14:06:39.951 13785 RALLYDEBUG rally_openstack.cleanup.manager [-] Deleting neutron.network object s_rally_abcf7f82_10hIJfu3 (04d6b338-c2e0-4823-84bf-0a3a6ea64ffb)
2019-11-26 14:06:39.959 13785 RALLYDEBUG rally_openstack.cleanup.manager [-] Deleting neutron.network object s_rally_abcf7f82_F5SXEmyV (b7101418-5eed-43ad-9634-e8180f8c0e9c)
2019-11-26 14:06:39.965 13785 RALLYDEBUG rally_openstack.cleanup.manager [-] Deleting neutron.network object s_rally_abcf7f82_YsbGVt0L (f8a2c354-d031-408d-ba8f-041c9af6cffc)
2019-11-26 14:06:39.978 13785 RALLYDEBUG rally_openstack.cleanup.manager [-] Deleting neutron.network object s_rally_abcf7f82_aycwhalt (92494fbc-f008-41ad-bea2-c99ec133f764)
2019-11-26 14:06:39.988 13785 RALLYDEBUG rally_openstack.cleanup.manager [-] Deleting neutron.network object s_rally_abcf7f82_ETS1ocfA (b62aea2a-8775-4d7e-ae0c-0beaf4e2da9c)
2019-11-26 14:06:39.995 13785 RALLYDEBUG rally_openstack.cleanup.manager [-] Deleting neutron.network object s_rally_abcf7f82_Pyyj4gdc (fa5f5d49-8f4b-4df4-af81-25062342773e)
2019-11-26 14:06:40.003 13785 RALLYDEBUG rally_openstack.cleanup.manager [-] Deleting neutron.network object s_rally_abcf7f82_YRcKoMfS (faaac816-10ee-4f3b-b625-3ea4994d326e)
2019-11-26 14:06:40.013 13785 RALLYDEBUG rally_openstack.cleanup.manager [-] Deleting neutron.network object s_rally_abcf7f82_4FDZH85A (0669512c-5268-4953-979b-4e8c8ab90239)
2019-11-26 14:06:40.019 13785 RALLYDEBUG rally_openstack.cleanup.manager [-] Deleting neutron.network object s_rally_abcf7f82_xq6r9h77 (bcc56fd2-57b6-4765-b58a-43a7b6cfbf30)
2019-11-26 14:06:40.028 13785 RALLYDEBUG rally_openstack.cleanup.manager [-] Deleting neutron.network object s_rally_abcf7f82_I1NqxgFA (fb37af69-3c2a-4ec5-b551-daab9935491d)
2019-11-26 14:06:42.983 13785 RALLYDEBUG rally_openstack.cleanup.manager [-] Cleaning up neutron router objects
2019-11-26 14:06:44.238 13785 RALLYDEBUG rally_openstack.cleanup.manager [-] Cleaning up neutron security_group objects
2019-11-26 14:06:45.540 13785 INFO rally.task.context [-] Task 00ba39eb-45e0-4442-8ead-fb9035d26b8d | Context cleanup@openstack cleanup() finished in 16.38 sec
2019-11-26 14:06:45.541 13785 INFO rally.task.context [-] Task 00ba39eb-45e0-4442-8ead-fb9035d26b8d | Context quotas@openstack cleanup() started
2019-11-26 14:06:45.764 13785 INFO rally.task.context [-] Task 00ba39eb-45e0-4442-8ead-fb9035d26b8d | Context quotas@openstack cleanup() finished in 0.22 sec
2019-11-26 14:06:45.764 13785 INFO rally.task.context [-] Task 00ba39eb-45e0-4442-8ead-fb9035d26b8d | Context users@openstack cleanup() started
2019-11-26 14:06:49.885 13785 INFO rally.task.context [-] Task 00ba39eb-45e0-4442-8ead-fb9035d26b8d | Context users@openstack cleanup() finished in 4.12 sec
2019-11-26 14:06:50.697 13785 INFO rally.task.engine [-] Load duration is: 3.202917
2019-11-26 14:06:50.697 13785 INFO rally.task.engine [-] Full runner duration is: 3.25246
2019-11-26 14:06:50.698 13785 INFO rally.task.engine [-] Full duration is: 27.361162
2019-11-26 14:06:51.097 13785 INFO rally.task.engine [-] Running workload: position = 0 config = { "version": 2, "title": "A cropped version of a bigger task.", "description": "Auto-generated task from a single workload (uuid=fc067f17-8cf2-4521-9c6c-8d36ee1bce95)", "subtasks": [ { "title": "NeutronNetworks.create_and_update_ports", "description": "Create and update a given number of ports.", "scenario": { "NeutronNetworks.create_and_update_ports": { "network_create_args": {}, "port_create_args": {}, "port_update_args": { "admin_state_up": false, "device_id": "dummy_id", "device_owner": "dummy_owner" }, "ports_per_network": 1 } }, "contexts": { "users": { "tenants": 3, "users_per_tenant": 2 }, "network": { "router": {} }, "quotas": { "neutron": { "network": -1, "port": -1 } } }, "runner": { "constant": { "concurrency": 4, "times": 10 } }, "hooks": [], "sla": { "failure_rate": { "max": 0 } } } ] }
2019-11-26 14:06:51.123 13785 RALLYDEBUG rally_openstack.contexts.keystone.users [-] Creating 3 tenants using 20 threads
2019-11-26 14:06:52.170 13785 RALLYDEBUG rally_openstack.contexts.keystone.users [-] Creating 6 users using 20 threads
2019-11-26 14:06:53.745 13785 INFO rally.task.context [-] Task 00ba39eb-45e0-4442-8ead-fb9035d26b8d | Context users@openstack setup() finished in 2.62 sec
2019-11-26 14:06:54.612 13785 INFO rally.task.context [-] Task 00ba39eb-45e0-4442-8ead-fb9035d26b8d | Context quotas@openstack setup() finished in 0.87 sec
2019-11-26 14:06:55.238 13785 RALLYDEBUG rally_openstack.wrappers.network [-] CIDR generated: 10.2.0.0/24
2019-11-26 14:06:56.324 13785 RALLYDEBUG rally_openstack.wrappers.network [-] CIDR generated: 10.2.1.0/24
2019-11-26 14:06:57.183 13785 RALLYDEBUG rally_openstack.wrappers.network [-] CIDR generated: 10.2.2.0/24
2019-11-26 14:06:57.733 13785 INFO rally.task.context [-] Task 00ba39eb-45e0-4442-8ead-fb9035d26b8d | Context network@openstack setup() finished in 3.12 sec
2019-11-26 14:06:57.734 13785 INFO rally.task.context [-] Task 00ba39eb-45e0-4442-8ead-fb9035d26b8d | Context cleanup@openstack setup() finished in 0.01 msec
2019-11-26 14:06:57.743 13785 RALLYDEBUG rally.task.runner [-] Starting the constant runner (task UUID: 00ba39eb-45e0-4442-8ead-fb9035d26b8d). times: 10 concurrency: 4 timeout: 0 max_cpu_used: 16 processes_to_start: 4 concurrency_per_worker: 1 concurrency_overhead: 0
2019-11-26 14:06:57.754 14233 RALLYDEBUG rally.task.runner [-] Starting a worker. times: 10 duration: None concurrency: 1 timeout: 0 cls: method_name: run args: {"network_create_args": {}, "port_create_args": {}, "port_update_args": {"admin_state_up": false, "device_id": "dummy_id", "device_owner": "dummy_owner"}, "ports_per_network": 1}
2019-11-26 14:06:57.758 14234 RALLYDEBUG rally.task.runner [-] Starting a worker. times: 10 duration: None concurrency: 1 timeout: 0 cls: method_name: run args: {"network_create_args": {}, "port_create_args": {}, "port_update_args": {"admin_state_up": false, "device_id": "dummy_id", "device_owner": "dummy_owner"}, "ports_per_network": 1}
2019-11-26 14:06:57.761 14233 INFO rally.task.runner [-] Task 00ba39eb-45e0-4442-8ead-fb9035d26b8d | ITER: 1 START
2019-11-26 14:06:57.761 14235 RALLYDEBUG rally.task.runner [-] Starting a worker. times: 10 duration: None concurrency: 1 timeout: 0 cls: method_name: run args: {"network_create_args": {}, "port_create_args": {}, "port_update_args": {"admin_state_up": false, "device_id": "dummy_id", "device_owner": "dummy_owner"}, "ports_per_network": 1}
2019-11-26 14:06:57.764 14237 RALLYDEBUG rally.task.runner [-] Starting a worker. times: 10 duration: None concurrency: 1 timeout: 0 cls: method_name: run args: {"network_create_args": {}, "port_create_args": {}, "port_update_args": {"admin_state_up": false, "device_id": "dummy_id", "device_owner": "dummy_owner"}, "ports_per_network": 1}
2019-11-26 14:06:57.765 14234 INFO rally.task.runner [-] Task 00ba39eb-45e0-4442-8ead-fb9035d26b8d | ITER: 2 START
2019-11-26 14:06:57.768 14235 INFO rally.task.runner [-] Task 00ba39eb-45e0-4442-8ead-fb9035d26b8d | ITER: 3 START
2019-11-26 14:06:57.770 14237 INFO rally.task.runner [-] Task 00ba39eb-45e0-4442-8ead-fb9035d26b8d | ITER: 4 START
2019-11-26 14:06:59.166 14235 INFO rally.task.runner [-] Task 00ba39eb-45e0-4442-8ead-fb9035d26b8d | ITER: 3 END: OK
2019-11-26 14:06:59.171 14235 INFO rally.task.runner [-] Task 00ba39eb-45e0-4442-8ead-fb9035d26b8d | ITER: 5 START
2019-11-26 14:06:59.426 14233 INFO rally.task.runner [-] Task 00ba39eb-45e0-4442-8ead-fb9035d26b8d | ITER: 1 END: OK
2019-11-26 14:06:59.431 14233 INFO rally.task.runner [-] Task 00ba39eb-45e0-4442-8ead-fb9035d26b8d | ITER: 6 START
2019-11-26 14:06:59.463 14237 INFO rally.task.runner [-] Task 00ba39eb-45e0-4442-8ead-fb9035d26b8d | ITER: 4 END: OK
2019-11-26 14:06:59.468 14237 INFO rally.task.runner [-] Task 00ba39eb-45e0-4442-8ead-fb9035d26b8d | ITER: 7 START
2019-11-26 14:06:59.720 14234 INFO rally.task.runner [-] Task 00ba39eb-45e0-4442-8ead-fb9035d26b8d | ITER: 2 END: OK
