2019-11-26 14:40:29.670 20411 INFO rally.task.engine [-] Load duration is: 69.948615
2019-11-26 14:40:29.670 20411 INFO rally.task.engine [-] Full runner duration is: 72.002964
2019-11-26 14:40:29.670 20411 INFO rally.task.engine [-] Full duration is: 125.104617
2019-11-26 14:40:30.002 20411 INFO rally.task.engine [-] Running workload: position = 0 config = { "version": 2, "title": "A cropped version of a bigger task.", "description": "Auto-generated task from a single workload (uuid=172da80c-6488-465c-bbea-678f7f00f5b6)", "subtasks": [ { "title": "NovaServers.boot_server_from_volume", "description": "Boot a server from volume.", "scenario": { "NovaServers.boot_server_from_volume": { "flavor": { "name": "rally_full-flavor_14c80e47-fc5e-4341-b211-0fe7e7cf2394" }, "image": { "name": "rally_full-img_14c80e47-fc5e-4341-b211-0fe7e7cf2394" }, "volume_size": 1, "nics": [ { "net-id": "6abc0ace-55e5-437e-8ca2-3154ab90105d" } ] } }, "contexts": { "users": { "tenants": 3, "users_per_tenant": 2 }, "api_versions": { "cinder": { "version": 3, "service_type": "volumev3" } } }, "runner": { "constant": { "concurrency": 4, "times": 10 } }, "hooks": [], "sla": { "failure_rate": { "max": 0 } } } ] }
2019-11-26 14:40:30.027 20411 RALLYDEBUG rally_openstack.contexts.keystone.users [-] Creating 3 tenants using 20 threads
2019-11-26 14:40:30.953 20411 RALLYDEBUG rally_openstack.contexts.keystone.users [-] Creating 6 users using 20 threads
2019-11-26 14:40:32.448 20411 INFO rally.task.context [-] Task 0dafeb38-ea40-466d-89d6-45d6e450890d | Context users@openstack setup() finished in 2.42 sec
2019-11-26 14:40:32.873 20411 INFO rally.task.context [-] Task 0dafeb38-ea40-466d-89d6-45d6e450890d | Context api_versions@openstack setup() finished in 0.42 sec
2019-11-26 14:40:32.874 20411 INFO rally.task.context [-] Task 0dafeb38-ea40-466d-89d6-45d6e450890d | Context cleanup@openstack setup() finished in 0.01 msec
2019-11-26 14:40:34.082 20411 RALLYDEBUG rally.task.runner [-] Starting the constant runner (task UUID: 0dafeb38-ea40-466d-89d6-45d6e450890d). times: 10 concurrency: 4 timeout: 0 max_cpu_used: 16 processes_to_start: 4 concurrency_per_worker: 1 concurrency_overhead: 0
2019-11-26 14:40:34.094 21703 RALLYDEBUG rally.task.runner [-] Starting a worker. times: 10 duration: None concurrency: 1 timeout: 0 cls: method_name: run args: {"flavor": "557b1827-d554-482f-8e5c-ff4a7235ad1e", "image": "d28fe962-223c-4c25-a219-b707ace03132", "volume_size": 1, "nics": [{"net-id": "6abc0ace-55e5-437e-8ca2-3154ab90105d"}]}
2019-11-26 14:40:34.098 21704 RALLYDEBUG rally.task.runner [-] Starting a worker. times: 10 duration: None concurrency: 1 timeout: 0 cls: method_name: run args: {"flavor": "557b1827-d554-482f-8e5c-ff4a7235ad1e", "image": "d28fe962-223c-4c25-a219-b707ace03132", "volume_size": 1, "nics": [{"net-id": "6abc0ace-55e5-437e-8ca2-3154ab90105d"}]}
2019-11-26 14:40:34.102 21703 INFO rally.task.runner [-] Task 0dafeb38-ea40-466d-89d6-45d6e450890d | ITER: 1 START
2019-11-26 14:40:34.102 21705 RALLYDEBUG rally.task.runner [-] Starting a worker. times: 10 duration: None concurrency: 1 timeout: 0 cls: method_name: run args: {"flavor": "557b1827-d554-482f-8e5c-ff4a7235ad1e", "image": "d28fe962-223c-4c25-a219-b707ace03132", "volume_size": 1, "nics": [{"net-id": "6abc0ace-55e5-437e-8ca2-3154ab90105d"}]}
2019-11-26 14:40:34.105 21704 INFO rally.task.runner [-] Task 0dafeb38-ea40-466d-89d6-45d6e450890d | ITER: 2 START
2019-11-26 14:40:34.106 21707 RALLYDEBUG rally.task.runner [-] Starting a worker. times: 10 duration: None concurrency: 1 timeout: 0 cls: method_name: run args: {"flavor": "557b1827-d554-482f-8e5c-ff4a7235ad1e", "image": "d28fe962-223c-4c25-a219-b707ace03132", "volume_size": 1, "nics": [{"net-id": "6abc0ace-55e5-437e-8ca2-3154ab90105d"}]}
2019-11-26 14:40:34.109 21705 INFO rally.task.runner [-] Task 0dafeb38-ea40-466d-89d6-45d6e450890d | ITER: 3 START
2019-11-26 14:40:34.113 21707 INFO rally.task.runner [-] Task 0dafeb38-ea40-466d-89d6-45d6e450890d | ITER: 4 START
2019-11-26 14:40:58.875 21705 RALLYDEBUG rally.task.utils [-] Waiting for resource s_rally_172da80c_pfsRgXxz. Status changed: DOWNLOADING => AVAILABLE in 20.909433603286743
2019-11-26 14:41:08.111 21705 RALLYDEBUG rally.task.utils [-] Waiting for resource s_rally_172da80c_CnIEyhzI. Status changed: BUILD => ACTIVE in 6.995263576507568
2019-11-26 14:41:08.112 21705 INFO rally.task.runner [-] Task 0dafeb38-ea40-466d-89d6-45d6e450890d | ITER: 3 END: OK
2019-11-26 14:41:08.118 21705 INFO rally.task.runner [-] Task 0dafeb38-ea40-466d-89d6-45d6e450890d | ITER: 5 START
2019-11-26 14:41:48.406 21703 RALLYDEBUG rally.task.utils [-] Waiting for resource s_rally_172da80c_JEY4nbLi. Status changed: DOWNLOADING => AVAILABLE in 70.5934669971466
2019-11-26 14:41:48.795 21704 RALLYDEBUG rally.task.utils [-] Waiting for resource s_rally_172da80c_dcKvgXN6. Status changed: DOWNLOADING => AVAILABLE in 70.84697723388672
2019-11-26 14:41:52.530 21707 RALLYDEBUG rally.task.utils [-] Waiting for resource s_rally_172da80c_SBcPOrnl. Status changed: DOWNLOADING => AVAILABLE in 74.78430604934692
2019-11-26 14:41:55.533 21704 RALLYDEBUG rally.task.utils [-] Waiting for resource s_rally_172da80c_G31z4Po9. Status changed: BUILD => ACTIVE in 4.5622758865356445
2019-11-26 14:41:55.533 21704 INFO rally.task.runner [-] Task 0dafeb38-ea40-466d-89d6-45d6e450890d | ITER: 2 END: OK
2019-11-26 14:41:55.540 21704 INFO rally.task.runner [-] Task 0dafeb38-ea40-466d-89d6-45d6e450890d | ITER: 6 START
2019-11-26 14:42:00.292 21703 RALLYDEBUG rally.task.utils [-] Waiting for resource s_rally_172da80c_jQ75OsWQ. Status changed: BUILD => ACTIVE in 9.268268823623657
2019-11-26 14:42:00.292 21703 INFO rally.task.runner [-] Task 0dafeb38-ea40-466d-89d6-45d6e450890d | ITER: 1 END: OK
2019-11-26 14:42:00.298 21703 INFO rally.task.runner [-] Task 0dafeb38-ea40-466d-89d6-45d6e450890d | ITER: 7 START
2019-11-26 14:42:01.486 21707 RALLYDEBUG rally.task.utils [-] Waiting for resource s_rally_172da80c_LTqWszL5. Status changed: BUILD => ACTIVE in 6.965655326843262
2019-11-26 14:42:01.486 21707 INFO rally.task.runner [-] Task 0dafeb38-ea40-466d-89d6-45d6e450890d | ITER: 4 END: OK
2019-11-26 14:42:01.492 21707 INFO rally.task.runner [-] Task 0dafeb38-ea40-466d-89d6-45d6e450890d | ITER: 8 START
2019-11-26 14:42:09.677 21705 RALLYDEBUG rally.task.utils [-] Waiting for resource s_rally_172da80c_e9qsIkPD. Status changed: DOWNLOADING => AVAILABLE in 58.14990448951721
2019-11-26 14:42:19.156 21704 RALLYDEBUG rally.task.utils [-] Waiting for resource s_rally_172da80c_tu4E7WFU. Status changed: DOWNLOADING => AVAILABLE in 20.83871817588806
2019-11-26 14:42:19.175 21705 RALLYDEBUG rally.task.utils [-] Waiting for resource s_rally_172da80c_Oiz7DM0E. Status changed: BUILD => ACTIVE in 7.164409875869751
2019-11-26 14:42:19.176 21705 INFO rally.task.runner [-] Task 0dafeb38-ea40-466d-89d6-45d6e450890d | ITER: 5 END: OK
2019-11-26 14:42:19.181 21705 INFO rally.task.runner [-] Task 0dafeb38-ea40-466d-89d6-45d6e450890d | ITER: 9 START
2019-11-26 14:42:35.116 21703 RALLYDEBUG rally.task.utils [-] Waiting for resource s_rally_172da80c_nO4jwJX9. Status changed: DOWNLOADING => AVAILABLE in 31.20363450050354
2019-11-26 14:42:35.413 21705 RALLYDEBUG rally.task.utils [-] Waiting for resource s_rally_172da80c_i8wdo71K. Status changed: CREATING => DOWNLOADING in 12.596068143844604
2019-11-26 14:42:36.127 21707 RALLYDEBUG rally.task.utils [-] Waiting for resource s_rally_172da80c_ziV55h3Q. Status changed: DOWNLOADING => AVAILABLE in 31.177245140075684
2019-11-26 14:42:44.132 21704 RALLYDEBUG rally.task.utils [-] Waiting for resource s_rally_172da80c_M3h4bUdn. Status changed: BUILD => ACTIVE in 22.83663249015808
2019-11-26 14:42:44.133 21704 INFO rally.task.runner [-] Task 0dafeb38-ea40-466d-89d6-45d6e450890d | ITER: 6 END: OK
2019-11-26 14:42:44.138 21704 INFO rally.task.runner [-] Task 0dafeb38-ea40-466d-89d6-45d6e450890d | ITER: 10 START
2019-11-26 14:42:45.397 21707 RALLYDEBUG rally.task.utils [-] Waiting for resource s_rally_172da80c_1jPf5Ydw. Status changed: BUILD => ACTIVE in 7.190807819366455
2019-11-26 14:42:45.399 21707 INFO rally.task.runner [-] Task 0dafeb38-ea40-466d-89d6-45d6e450890d | ITER: 8 END: OK
2019-11-26 14:42:46.805 21703 RALLYDEBUG rally.task.utils [-] Waiting for resource s_rally_172da80c_WrTEAPsK. Status changed: BUILD => ACTIVE in 9.427337408065796
2019-11-26 14:42:46.806 21703 INFO rally.task.runner [-] Task 0dafeb38-ea40-466d-89d6-45d6e450890d | ITER: 7 END: OK
2019-11-26 14:42:47.827 21705 RALLYDEBUG rally.task.utils [-] Waiting for resource s_rally_172da80c_i8wdo71K. Status changed: DOWNLOADING => AVAILABLE in 12.41404390335083
2019-11-26 14:42:57.208 21705 RALLYDEBUG rally.task.utils [-] Waiting for resource s_rally_172da80c_UDZ4HUv8. Status changed: BUILD => ACTIVE in 7.1169257164001465
2019-11-26 14:42:57.209 21705 INFO rally.task.runner [-] Task 0dafeb38-ea40-466d-89d6-45d6e450890d | ITER: 9 END: OK
2019-11-26 14:43:00.036 21704 RALLYDEBUG rally.task.utils [-] Waiting for resource s_rally_172da80c_uyhOWfrT. Status changed: DOWNLOADING => AVAILABLE in 12.582293510437012
2019-11-26 14:43:09.446 21704 RALLYDEBUG rally.task.utils [-] Waiting for resource s_rally_172da80c_CsP8cMC7. Status changed: BUILD => ACTIVE in 7.0521111488342285
2019-11-26 14:43:09.447 21704 INFO rally.task.runner [-] Task 0dafeb38-ea40-466d-89d6-45d6e450890d | ITER: 10 END: OK
2019-11-26 14:43:09.481 20411 INFO rally.task.context [-] Task 0dafeb38-ea40-466d-89d6-45d6e450890d | Context cleanup@openstack cleanup() started
2019-11-26 14:43:09.486 20411 RALLYDEBUG rally_openstack.cleanup.manager [-] Cleaning up nova servers objects
2019-11-26 14:43:12.173 20411 RALLYDEBUG rally_openstack.cleanup.manager [-] Deleting nova.servers object s_rally_172da80c_1jPf5Ydw (9b5bd376-6659-4712-87f7-c674bc9e35ff)
2019-11-26 14:43:12.183 20411 RALLYDEBUG rally_openstack.cleanup.manager [-] Deleting nova.servers object s_rally_172da80c_Oiz7DM0E (1acff5f5-010d-439a-934c-9ed22ac648ef)
2019-11-26 14:43:12.192 20411 RALLYDEBUG rally_openstack.cleanup.manager [-] Deleting nova.servers object s_rally_172da80c_G31z4Po9 (746ea15c-4111-4f79-ae1e-0f7109521dc6)
2019-11-26 14:43:12.201 20411 RALLYDEBUG rally_openstack.cleanup.manager [-] Deleting nova.servers object s_rally_172da80c_CnIEyhzI (7ed86e08-5a28-4f33-8060-3c5338ac89f1)
2019-11-26 14:43:12.206 20411 RALLYDEBUG rally_openstack.cleanup.manager [-] Deleting nova.servers object s_rally_172da80c_CsP8cMC7 (e4da1008-d4d2-4aaf-95e4-e0b9c8aeddd8)
2019-11-26 14:43:12.217 20411 RALLYDEBUG rally_openstack.cleanup.manager [-] Deleting nova.servers object s_rally_172da80c_WrTEAPsK (dc0c79fd-e84c-4626-b55e-60e1acb238f8)
2019-11-26 14:43:12.227 20411 RALLYDEBUG rally_openstack.cleanup.manager [-] Deleting nova.servers object s_rally_172da80c_M3h4bUdn (10688886-addb-455c-8930-b6dd3032ff6c)
2019-11-26 14:43:12.231 20411 RALLYDEBUG rally_openstack.cleanup.manager [-] Deleting nova.servers object s_rally_172da80c_jQ75OsWQ (a9b1864c-f85a-4275-9784-f5efecb6b4a1)
2019-11-26 14:43:12.240 20411 RALLYDEBUG rally_openstack.cleanup.manager [-] Deleting nova.servers object s_rally_172da80c_UDZ4HUv8 (2f21efca-6449-45c0-a746-aceccff5522e)
2019-11-26 14:43:12.244 20411 RALLYDEBUG rally_openstack.cleanup.manager [-] Deleting nova.servers object s_rally_172da80c_LTqWszL5 (c36a5a17-6aef-4dd9-91af-affc1a336a50)
2019-11-26 14:43:18.953 20411 RALLYDEBUG rally_openstack.cleanup.manager [-] Cleaning up nova server_groups objects
2019-11-26 14:43:20.119 20411 RALLYDEBUG rally_openstack.cleanup.manager [-] Cleaning up nova keypairs objects
2019-11-26 14:43:22.431 20411 RALLYDEBUG rally_openstack.cleanup.manager [-] Cleaning up cinder backups objects
2019-11-26 14:43:23.962 20411 RALLYDEBUG rally_openstack.cleanup.manager [-] Cleaning up cinder volume_snapshots objects
2019-11-26 14:43:25.689 20411 RALLYDEBUG rally_openstack.cleanup.manager [-] Cleaning up cinder transfers objects
2019-11-26 14:43:26.842 20411 RALLYDEBUG rally_openstack.cleanup.manager [-] Cleaning up cinder volumes objects
2019-11-26 14:43:28.394 20411 RALLYDEBUG rally_openstack.cleanup.manager [-] Deleting cinder.volumes object s_rally_172da80c_ziV55h3Q (3a5a3614-9e73-497b-9719-58a3ff1f825c)
2019-11-26 14:43:28.405 20411 RALLYDEBUG rally_openstack.cleanup.manager [-] Deleting cinder.volumes object s_rally_172da80c_e9qsIkPD (cef3df29-455b-4a18-8df6-07123e35237b)
2019-11-26 14:43:28.413 20411 RALLYDEBUG rally_openstack.cleanup.manager [-] Deleting cinder.volumes object s_rally_172da80c_dcKvgXN6 (ae68faa1-3726-4e34-a80e-d3b8febe2826)
2019-11-26 14:43:28.417 20411 RALLYDEBUG rally_openstack.cleanup.manager [-] Deleting cinder.volumes object s_rally_172da80c_pfsRgXxz (7e321da7-dc6d-4b30-9cc3-0d71e9b7c20f)
2019-11-26 14:43:28.426 20411 RALLYDEBUG rally_openstack.cleanup.manager [-] Deleting cinder.volumes object s_rally_172da80c_uyhOWfrT (be3199eb-452b-4dfa-83eb-a898e76266db)
2019-11-26 14:43:28.443 20411 RALLYDEBUG rally_openstack.cleanup.manager [-] Deleting cinder.volumes object s_rally_172da80c_nO4jwJX9 (7c24024c-f397-43f0-9ba0-1179632eb26a)
2019-11-26 14:43:28.452 20411 RALLYDEBUG rally_openstack.cleanup.manager [-] Deleting cinder.volumes object s_rally_172da80c_tu4E7WFU (23d41a73-1574-4b9a-b10b-0db7d4d7ea91)
2019-11-26 14:43:28.468 20411 RALLYDEBUG rally_openstack.cleanup.manager [-] Deleting cinder.volumes object s_rally_172da80c_JEY4nbLi (7ae03bf9-c2d7-4e8c-96f9-7c7214ee9f03)
2019-11-26 14:43:28.472 20411 RALLYDEBUG rally_openstack.cleanup.manager [-] Deleting cinder.volumes object s_rally_172da80c_i8wdo71K (2df9edbb-123f-4230-837b-2b87bb6aeba0)
2019-11-26 14:43:28.483 20411 RALLYDEBUG rally_openstack.cleanup.manager [-] Deleting cinder.volumes object s_rally_172da80c_SBcPOrnl (4be8a4f7-0aa1-41dd-a1ce-f00f6df23ab6)
2019-11-26 14:43:32.166 20411 INFO rally.task.context [-] Task 0dafeb38-ea40-466d-89d6-45d6e450890d | Context cleanup@openstack cleanup() finished in 22.69 sec
2019-11-26 14:43:32.166 20411 INFO rally.task.context [-] Task 0dafeb38-ea40-466d-89d6-45d6e450890d | Context api_versions@openstack cleanup() started
2019-11-26 14:43:32.167 20411 INFO rally.task.context [-] Task 0dafeb38-ea40-466d-89d6-45d6e450890d | Context api_versions@openstack cleanup() finished in 0.39 msec
2019-11-26 14:43:32.167 20411 INFO rally.task.context [-] Task 0dafeb38-ea40-466d-89d6-45d6e450890d | Context users@openstack cleanup() started
2019-11-26 14:43:36.356 20411 INFO rally.task.context [-] Task 0dafeb38-ea40-466d-89d6-45d6e450890d | Context users@openstack cleanup() finished in 4.19 sec
2019-11-26 14:43:36.777 20411 INFO rally.task.engine [-] Load duration is: 154.340339
2019-11-26 14:43:36.777 20411 INFO rally.task.engine [-] Full runner duration is: 155.398508
2019-11-26 14:43:36.777 20411 INFO rally.task.engine [-] Full duration is: 186.331726
2019-11-26 14:43:37.150 20411 INFO rally.task.engine [-] Running workload: position = 0 config = { "version": 2, "title": "A cropped version of a bigger task.", "description": "Auto-generated task from a single workload (uuid=064a084f-3a2a-4c38-be69-5be3456265c7)", "subtasks": [ { "title": "NovaServers.boot_server", "description": "Boot a server.", "scenario": { "NovaServers.boot_server": { "flavor": { "name": "rally_full-flavor_14c80e47-fc5e-4341-b211-0fe7e7cf2394" }, "image": { "name": "rally_full-img_14c80e47-fc5e-4341-b211-0fe7e7cf2394" }, "nics": [ { "net-id": "6abc0ace-55e5-437e-8ca2-3154ab90105d" } ] } }, "contexts": { "users": { "tenants": 3, "users_per_tenant": 2 } }, "runner": { "constant": { "concurrency": 4, "times": 10 } }, "hooks": [], "sla": { "failure_rate": { "max": 0 } } } ] }
2019-11-26 14:43:37.175 20411 RALLYDEBUG rally_openstack.contexts.keystone.users [-] Creating 3 tenants using 20 threads
2019-11-26 14:43:38.122 20411 RALLYDEBUG rally_openstack.contexts.keystone.users [-] Creating 6 users using 20 threads
2019-11-26 14:43:39.692 20411 INFO rally.task.context [-] Task 0dafeb38-ea40-466d-89d6-45d6e450890d | Context users@openstack setup() finished in 2.52 sec
2019-11-26 14:43:39.693 20411 INFO rally.task.context [-] Task 0dafeb38-ea40-466d-89d6-45d6e450890d | Context cleanup@openstack setup() finished in 0.02 msec
2019-11-26 14:43:40.690 20411 RALLYDEBUG rally.task.runner [-] Starting the constant runner (task UUID: 0dafeb38-ea40-466d-89d6-45d6e450890d). times: 10 concurrency: 4 timeout: 0 max_cpu_used: 16 processes_to_start: 4 concurrency_per_worker: 1 concurrency_overhead: 0
2019-11-26 14:43:40.699 21947 RALLYDEBUG rally.task.runner [-] Starting a worker. times: 10 duration: None concurrency: 1 timeout: 0 cls: method_name: run args: {"flavor": "557b1827-d554-482f-8e5c-ff4a7235ad1e", "image": "d28fe962-223c-4c25-a219-b707ace03132", "nics": [{"net-id": "6abc0ace-55e5-437e-8ca2-3154ab90105d"}]}
2019-11-26 14:43:40.703 21948 RALLYDEBUG rally.task.runner [-] Starting a worker. times: 10 duration: None concurrency: 1 timeout: 0 cls: method_name: run args: {"flavor": "557b1827-d554-482f-8e5c-ff4a7235ad1e", "image": "d28fe962-223c-4c25-a219-b707ace03132", "nics": [{"net-id": "6abc0ace-55e5-437e-8ca2-3154ab90105d"}]}
2019-11-26 14:43:40.705 21947 INFO rally.task.runner [-] Task 0dafeb38-ea40-466d-89d6-45d6e450890d | ITER: 1 START
2019-11-26 14:43:40.706 21949 RALLYDEBUG rally.task.runner [-] Starting a worker. times: 10 duration: None concurrency: 1 timeout: 0 cls: method_name: run args: {"flavor": "557b1827-d554-482f-8e5c-ff4a7235ad1e", "image": "d28fe962-223c-4c25-a219-b707ace03132", "nics": [{"net-id": "6abc0ace-55e5-437e-8ca2-3154ab90105d"}]}
2019-11-26 14:43:40.708 21948 INFO rally.task.runner [-] Task 0dafeb38-ea40-466d-89d6-45d6e450890d | ITER: 2 START
2019-11-26 14:43:40.712 21949 INFO rally.task.runner [-] Task 0dafeb38-ea40-466d-89d6-45d6e450890d | ITER: 3 START
2019-11-26 14:43:40.713 21954 RALLYDEBUG rally.task.runner [-] Starting a worker. times: 10 duration: None concurrency: 1 timeout: 0 cls: method_name: run args: {"flavor": "557b1827-d554-482f-8e5c-ff4a7235ad1e", "image": "d28fe962-223c-4c25-a219-b707ace03132", "nics": [{"net-id": "6abc0ace-55e5-437e-8ca2-3154ab90105d"}]}
2019-11-26 14:43:40.717 21954 INFO rally.task.runner [-] Task 0dafeb38-ea40-466d-89d6-45d6e450890d | ITER: 4 START
2019-11-26 14:43:47.733 21954 RALLYDEBUG rally.task.utils [-] Waiting for resource s_rally_064a084f_ZoAjKk9a. Status changed: BUILD => ACTIVE in 4.466540336608887
2019-11-26 14:43:47.734 21954 INFO rally.task.runner [-] Task 0dafeb38-ea40-466d-89d6-45d6e450890d | ITER: 4 END: OK
2019-11-26 14:43:47.738 21954 INFO rally.task.runner [-] Task 0dafeb38-ea40-466d-89d6-45d6e450890d | ITER: 5 START
2019-11-26 14:43:47.994 21949 RALLYDEBUG rally.task.utils [-] Waiting for resource s_rally_064a084f_qiuayoXI. Status changed: BUILD => ACTIVE in 4.902144193649292
2019-11-26 14:43:47.995 21949 INFO rally.task.runner [-] Task 0dafeb38-ea40-466d-89d6-45d6e450890d | ITER: 3 END: OK
2019-11-26 14:43:47.999 21949 INFO rally.task.runner [-] Task 0dafeb38-ea40-466d-89d6-45d6e450890d | ITER: 6 START
2019-11-26 14:43:50.025 21947 RALLYDEBUG rally.task.utils [-] Waiting for resource s_rally_064a084f_WtIl29iH. Status changed: BUILD => ACTIVE in 6.730895042419434
2019-11-26 14:43:50.026 21947 INFO rally.task.runner [-] Task 0dafeb38-ea40-466d-89d6-45d6e450890d | ITER: 1 END: OK
2019-11-26 14:43:50.029 21947 INFO rally.task.runner [-] Task 0dafeb38-ea40-466d-89d6-45d6e450890d | ITER: 7 START
2019-11-26 14:43:50.386 21948 RALLYDEBUG rally.task.utils [-] Waiting for resource s_rally_064a084f_Cj60iZ0s. Status changed: BUILD => ACTIVE in 6.990739345550537
2019-11-26 14:43:50.387 21948 INFO rally.task.runner [-] Task 0dafeb38-ea40-466d-89d6-45d6e450890d | ITER: 2 END: OK
2019-11-26 14:43:50.391 21948 INFO rally.task.runner [-] Task 0dafeb38-ea40-466d-89d6-45d6e450890d | ITER: 8 START
2019-11-26 14:43:55.008 21949 RALLYDEBUG rally.task.utils [-] Waiting for resource s_rally_064a084f_XMlISY7n. Status changed: BUILD => ACTIVE in 4.711237192153931
2019-11-26 14:43:55.009 21949 INFO rally.task.runner [-] Task 0dafeb38-ea40-466d-89d6-45d6e450890d | ITER: 6 END: OK
2019-11-26 14:43:55.013 21949 INFO rally.task.runner [-] Task 0dafeb38-ea40-466d-89d6-45d6e450890d | ITER: 9 START
2019-11-26 14:43:56.768 21947 RALLYDEBUG rally.task.utils [-] Waiting for resource s_rally_064a084f_MT8wwee2. Status changed: BUILD => ACTIVE in 4.516609191894531
2019-11-26 14:43:56.768 21947 INFO rally.task.runner [-] Task 0dafeb38-ea40-466d-89d6-45d6e450890d | ITER: 7 END: OK
2019-11-26 14:43:56.772 21947 INFO rally.task.runner [-] Task 0dafeb38-ea40-466d-89d6-45d6e450890d | ITER: 10 START
2019-11-26 14:43:57.132 21954 RALLYDEBUG rally.task.utils [-] Waiting for resource s_rally_064a084f_cRcjjRrq. Status changed: BUILD => ACTIVE in 6.775427341461182
2019-11-26 14:43:57.133 21954 INFO rally.task.runner [-] Task 0dafeb38-ea40-466d-89d6-45d6e450890d | ITER: 5 END: OK
2019-11-26 14:43:59.820 21948 RALLYDEBUG rally.task.utils [-] Waiting for resource s_rally_064a084f_qu38rlaM. Status changed: BUILD => ACTIVE in 6.974199533462524
2019-11-26 14:43:59.821 21948 INFO rally.task.runner [-] Task 0dafeb38-ea40-466d-89d6-45d6e450890d | ITER: 8 END: OK
2019-11-26 14:44:04.406 21949 RALLYDEBUG rally.task.utils [-] Waiting for resource s_rally_064a084f_2nm8Ojty. Status changed: BUILD => ACTIVE in 7.034586191177368
2019-11-26 14:44:04.407 21949 INFO rally.task.runner [-] Task 0dafeb38-ea40-466d-89d6-45d6e450890d | ITER: 9 END: OK
2019-11-26 14:44:05.879 21947 RALLYDEBUG rally.task.utils [-] Waiting for resource s_rally_064a084f_OUBUQHMQ. Status changed: BUILD => ACTIVE in 6.922949552536011
2019-11-26 14:44:05.880 21947 INFO rally.task.runner [-] Task 0dafeb38-ea40-466d-89d6-45d6e450890d | ITER: 10 END: OK
2019-11-26 14:44:05.909 20411 INFO rally.task.context [-] Task 0dafeb38-ea40-466d-89d6-45d6e450890d | Context cleanup@openstack cleanup() started
2019-11-26 14:44:05.913 20411 RALLYDEBUG rally_openstack.cleanup.manager [-] Cleaning up nova servers objects
2019-11-26 14:44:08.561 20411 RALLYDEBUG rally_openstack.cleanup.manager [-] Deleting nova.servers object s_rally_064a084f_OUBUQHMQ (c067e161-4f25-49ca-a6da-35ee150c82e9)
2019-11-26 14:44:08.570 20411 RALLYDEBUG rally_openstack.cleanup.manager [-] Deleting nova.servers object s_rally_064a084f_qu38rlaM (8708f649-7171-40ce-974f-2802c339960f)
2019-11-26 14:44:08.579 20411 RALLYDEBUG rally_openstack.cleanup.manager [-] Deleting nova.servers object s_rally_064a084f_MT8wwee2 (b28c2bf7-92fc-4878-a388-4c22c94b3029)
2019-11-26 14:44:08.589 20411 RALLYDEBUG rally_openstack.cleanup.manager [-] Deleting nova.servers object s_rally_064a084f_cRcjjRrq (2222a200-e93b-4d1a-b94e-cd680a1de4ec)
2019-11-26 14:44:08.594 20411 RALLYDEBUG rally_openstack.cleanup.manager [-] Deleting nova.servers object s_rally_064a084f_XMlISY7n (c9946fb0-80b9-423d-8ac4-64b3965a479f)
2019-11-26 14:44:08.606 20411 RALLYDEBUG rally_openstack.cleanup.manager [-] Deleting nova.servers object s_rally_064a084f_ZoAjKk9a (73cad8ce-0ea7-4983-a15f-3b38c41d6f8b)
2019-11-26 14:44:08.627 20411 RALLYDEBUG rally_openstack.cleanup.manager [-] Deleting nova.servers object s_rally_064a084f_2nm8Ojty (dfba70bc-08d3-44fa-94f1-c5cd3f6fd512)
2019-11-26 14:44:08.648 20411 RALLYDEBUG rally_openstack.cleanup.manager [-] Deleting nova.servers object s_rally_064a084f_qiuayoXI (5b5c38e2-0480-4d72-b47a-d0616d6733e0)
2019-11-26 14:44:08.656 20411 RALLYDEBUG rally_openstack.cleanup.manager [-] Deleting nova.servers object s_rally_064a084f_Cj60iZ0s (6922c88d-c873-413f-bb70-c5b66509c28f)
2019-11-26 14:44:08.669 20411 RALLYDEBUG rally_openstack.cleanup.manager [-] Deleting nova.servers object s_rally_064a084f_WtIl29iH (fe76386e-1103-4295-8fc0-f3244f78abb7)
2019-11-26 14:44:15.404 20411 RALLYDEBUG rally_openstack.cleanup.manager [-] Cleaning up nova server_groups objects
2019-11-26 14:44:16.554 20411 RALLYDEBUG rally_openstack.cleanup.manager [-] Cleaning up nova keypairs objects
2019-11-26 14:44:18.917 20411 INFO rally.task.context [-] Task 0dafeb38-ea40-466d-89d6-45d6e450890d | Context cleanup@openstack cleanup() finished in 13.01 sec
2019-11-26 14:44:18.918 20411 INFO rally.task.context [-] Task 0dafeb38-ea40-466d-89d6-45d6e450890d | Context users@openstack cleanup() started
2019-11-26 14:44:23.130 20411 INFO rally.task.context [-] Task 0dafeb38-ea40-466d-89d6-45d6e450890d | Context users@openstack cleanup() finished in 4.21 sec
2019-11-26 14:44:23.409 20411 INFO rally.task.engine [-] Load duration is: 24.174337
2019-11-26 14:44:23.409 20411 INFO rally.task.engine [-] Full runner duration is: 25.219918
2019-11-26 14:44:23.410 20411 INFO rally.task.engine [-] Full duration is: 45.956749
2019-11-26 14:44:23.683 20411 INFO rally.task.engine [-] Running workload: position = 0 config = { "version": 2, "title": "A cropped version of a bigger task.", "description": "Auto-generated task from a single workload (uuid=317ae50f-3e33-46df-b214-318b2d694aaa)", "subtasks": [ { "title": "NovaServers.list_servers", "description": "List all servers.", "scenario": { "NovaServers.list_servers": { "detailed": true } }, "contexts": { "users": { "tenants": 3, "users_per_tenant": 2 }, "servers": { "flavor": { "name": "rally_full-flavor_14c80e47-fc5e-4341-b211-0fe7e7cf2394" }, "image": { "name": "rally_full-img_14c80e47-fc5e-4341-b211-0fe7e7cf2394" }, "servers_per_tenant": 2, "auto_assign_nic": true }, "network": {} }, "runner": { "constant": { "concurrency": 4, "times": 10 } }, "hooks": [], "sla": { "failure_rate": { "max": 0 } } } ] }
2019-11-26 14:44:23.707 20411 RALLYDEBUG rally_openstack.contexts.keystone.users [-] Creating 3 tenants using 20 threads
2019-11-26 14:44:24.831 20411 RALLYDEBUG rally_openstack.contexts.keystone.users [-] Creating 6 users using 20 threads
2019-11-26 14:44:26.384 20411 INFO rally.task.context [-] Task 0dafeb38-ea40-466d-89d6-45d6e450890d | Context users@openstack setup() finished in 2.68 sec
2019-11-26 14:44:28.563 20411 RALLYDEBUG rally_openstack.wrappers.network [-] CIDR generated: 10.2.15.0/24
2019-11-26 14:44:33.245 20411 RALLYDEBUG rally_openstack.wrappers.network [-] CIDR generated: 10.2.16.0/24
2019-11-26 14:44:37.094 20411 RALLYDEBUG rally_openstack.wrappers.network [-] CIDR generated: 10.2.17.0/24
2019-11-26 14:44:39.282 20411 INFO rally.task.context [-] Task 0dafeb38-ea40-466d-89d6-45d6e450890d | Context network@openstack setup() finished in 12.90 sec
2019-11-26 14:44:40.178 20411 RALLYDEBUG rally_openstack.contexts.nova.servers [-] Booting servers for user tenant ed826c8dab5242eb999cf1bcf7a481d4
2019-11-26 14:44:40.178 20411 RALLYDEBUG rally_openstack.contexts.nova.servers [-] Calling _boot_servers with image_id=d28fe962-223c-4c25-a219-b707ace03132 flavor_id=557b1827-d554-482f-8e5c-ff4a7235ad1e servers_per_tenant=2
2019-11-26 14:44:48.498 20411 RALLYDEBUG rally.task.utils [-] Waiting for resource s_rally_317ae50f_4FQBFPX0_1. Status changed: BUILD => ACTIVE in 4.607322931289673
2019-11-26 14:44:48.661 20411 RALLYDEBUG rally.task.utils [-] Waiting for resource s_rally_317ae50f_4FQBFPX0_0. Status changed: BUILD => ACTIVE in 0.1626584529876709
2019-11-26 14:44:48.662 20411 RALLYDEBUG rally_openstack.contexts.nova.servers [-] Adding booted servers ['59f67c2f-77ca-4dc0-be28-4170c2a9d034', 'ead3bff7-8c98-492c-b152-ea77f1d669c6'] to context
2019-11-26 14:44:48.662 20411 RALLYDEBUG rally_openstack.contexts.nova.servers [-] Booting servers for user tenant 087b41aaa27e485f9d1a4cf83ac752d4
2019-11-26 14:44:48.663 20411 RALLYDEBUG rally_openstack.contexts.nova.servers [-] Calling _boot_servers with image_id=d28fe962-223c-4c25-a219-b707ace03132 flavor_id=557b1827-d554-482f-8e5c-ff4a7235ad1e servers_per_tenant=2
2019-11-26 14:44:56.600 20411 RALLYDEBUG rally.task.utils [-] Waiting for resource s_rally_317ae50f_IebONd3W_1. Status changed: BUILD => ACTIVE in 4.585296630859375
2019-11-26 14:44:56.789 20411 RALLYDEBUG rally.task.utils [-] Waiting for resource s_rally_317ae50f_IebONd3W_0. Status changed: BUILD => ACTIVE in 0.18790030479431152
2019-11-26 14:44:56.789 20411 RALLYDEBUG rally_openstack.contexts.nova.servers [-] Adding booted servers ['ea6c1a4d-a57f-472a-be6b-ef17cf1600d1', '4d7eac88-a925-4a61-b21b-9af13c4a8be4'] to context
2019-11-26 14:44:56.789 20411 RALLYDEBUG rally_openstack.contexts.nova.servers [-] Booting servers for user tenant 54ed0649440d4bbc9961ce9fbf4a9b6d
2019-11-26 14:44:56.790 20411 RALLYDEBUG rally_openstack.contexts.nova.servers [-] Calling _boot_servers with image_id=d28fe962-223c-4c25-a219-b707ace03132 flavor_id=557b1827-d554-482f-8e5c-ff4a7235ad1e servers_per_tenant=2
2019-11-26 14:45:07.159 20411 RALLYDEBUG rally.task.utils [-] Waiting for resource s_rally_317ae50f_tOfEqTJj_1. Status changed: BUILD => ACTIVE in 7.00555157661438
2019-11-26 14:45:07.335 20411 RALLYDEBUG rally.task.utils [-] Waiting for resource s_rally_317ae50f_tOfEqTJj_0. Status changed: BUILD => ACTIVE in 0.17518091201782227
2019-11-26 14:45:07.336 20411 RALLYDEBUG rally_openstack.contexts.nova.servers [-] Adding booted servers ['c2970c57-c060-4f50-b3fc-d8e56f9efc72', '2ff1a70a-c6cc-46dc-8032-3252093429c2'] to context
2019-11-26 14:45:07.336 20411 INFO rally.task.context [-] Task 0dafeb38-ea40-466d-89d6-45d6e450890d | Context servers@openstack setup() finished in 28.05 sec
2019-11-26 14:45:07.346 20411 RALLYDEBUG rally.task.runner [-] Starting the constant runner (task UUID: 0dafeb38-ea40-466d-89d6-45d6e450890d). times: 10 concurrency: 4 timeout: 0 max_cpu_used: 16 processes_to_start: 4 concurrency_per_worker: 1 concurrency_overhead: 0
2019-11-26 14:45:07.357 22111 RALLYDEBUG rally.task.runner [-] Starting a worker. times: 10 duration: None concurrency: 1 timeout: 0 cls: method_name: run args: {"detailed": true}
2019-11-26 14:45:07.361 22112 RALLYDEBUG rally.task.runner [-] Starting a worker. times: 10 duration: None concurrency: 1 timeout: 0 cls: method_name: run args: {"detailed": true}
2019-11-26 14:45:07.365 22111 INFO rally.task.runner [-] Task 0dafeb38-ea40-466d-89d6-45d6e450890d | ITER: 1 START
2019-11-26 14:45:07.365 22113 RALLYDEBUG rally.task.runner [-] Starting a worker. times: 10 duration: None concurrency: 1 timeout: 0 cls: method_name: run args: {"detailed": true}
2019-11-26 14:45:07.368 22112 INFO rally.task.runner [-] Task 0dafeb38-ea40-466d-89d6-45d6e450890d | ITER: 2 START
2019-11-26 14:45:07.369 22114 RALLYDEBUG rally.task.runner [-] Starting a worker. times: 10 duration: None concurrency: 1 timeout: 0 cls: method_name: run args: {"detailed": true}
2019-11-26 14:45:07.372 22113 INFO rally.task.runner [-] Task 0dafeb38-ea40-466d-89d6-45d6e450890d | ITER: 3 START
2019-11-26 14:45:07.375 22114 INFO rally.task.runner [-] Task 0dafeb38-ea40-466d-89d6-45d6e450890d | ITER: 4 START
2019-11-26 14:45:08.078 22112 INFO rally.task.runner [-] Task 0dafeb38-ea40-466d-89d6-45d6e450890d | ITER: 2 END: OK
2019-11-26 14:45:08.083 22112 INFO rally.task.runner [-] Task 0dafeb38-ea40-466d-89d6-45d6e450890d | ITER: 5 START
2019-11-26 14:45:08.112 22113 INFO rally.task.runner [-] Task 0dafeb38-ea40-466d-89d6-45d6e450890d | ITER: 3 END: OK
2019-11-26 14:45:08.116 22113 INFO rally.task.runner [-] Task 0dafeb38-ea40-466d-89d6-45d6e450890d | ITER: 6 START
2019-11-26 14:45:08.124 22111 INFO rally.task.runner [-] Task 0dafeb38-ea40-466d-89d6-45d6e450890d | ITER: 1 END: OK
2019-11-26 14:45:08.129 22111 INFO rally.task.runner [-] Task 0dafeb38-ea40-466d-89d6-45d6e450890d | ITER: 7 START
2019-11-26 14:45:08.177 22114 INFO rally.task.runner [-] Task 0dafeb38-ea40-466d-89d6-45d6e450890d | ITER: 4 END: OK
2019-11-26 14:45:08.182 22114 INFO rally.task.runner [-] Task 0dafeb38-ea40-466d-89d6-45d6e450890d | ITER: 8 START
2019-11-26 14:45:08.775 22111 INFO rally.task.runner [-] Task 0dafeb38-ea40-466d-89d6-45d6e450890d | ITER: 7 END: OK
2019-11-26 14:45:08.778 22111 INFO rally.task.runner [-] Task 0dafeb38-ea40-466d-89d6-45d6e450890d | ITER: 9 START
2019-11-26 14:45:08.800 22112 INFO rally.task.runner [-] Task 0dafeb38-ea40-466d-89d6-45d6e450890d | ITER: 5 END: OK
2019-11-26 14:45:08.804 22112 INFO rally.task.runner [-] Task 0dafeb38-ea40-466d-89d6-45d6e450890d | ITER: 10 START
2019-11-26 14:45:08.896 22113 INFO rally.task.runner [-] Task 0dafeb38-ea40-466d-89d6-45d6e450890d | ITER: 6 END: OK
2019-11-26 14:45:08.929 22114 INFO rally.task.runner [-] Task 0dafeb38-ea40-466d-89d6-45d6e450890d | ITER: 8 END: OK
2019-11-26 14:45:09.407 22111 INFO rally.task.runner [-] Task 0dafeb38-ea40-466d-89d6-45d6e450890d | ITER: 9 END: OK
2019-11-26 14:45:09.468 22112 INFO rally.task.runner [-] Task 0dafeb38-ea40-466d-89d6-45d6e450890d | ITER: 10 END: OK
2019-11-26 14:45:09.494 20411 INFO rally.task.context [-] Task 0dafeb38-ea40-466d-89d6-45d6e450890d | Context servers@openstack cleanup() started
2019-11-26 14:45:09.496 20411 RALLYDEBUG rally_openstack.cleanup.manager [-] Cleaning up nova servers objects
2019-11-26 14:45:12.047 20411 RALLYDEBUG rally_openstack.cleanup.manager [-] Deleting nova.servers object s_rally_317ae50f_4FQBFPX0_1 (59f67c2f-77ca-4dc0-be28-4170c2a9d034)
2019-11-26 14:45:12.051 20411 RALLYDEBUG rally_openstack.cleanup.manager [-] Deleting nova.servers object s_rally_317ae50f_4FQBFPX0_0 (ead3bff7-8c98-492c-b152-ea77f1d669c6)
2019-11-26 14:45:12.062 20411 RALLYDEBUG rally_openstack.cleanup.manager [-] Deleting nova.servers object s_rally_317ae50f_IebONd3W_1 (ea6c1a4d-a57f-472a-be6b-ef17cf1600d1)
2019-11-26 14:45:12.068 20411 RALLYDEBUG rally_openstack.cleanup.manager [-] Deleting nova.servers object s_rally_317ae50f_IebONd3W_0 (4d7eac88-a925-4a61-b21b-9af13c4a8be4)
2019-11-26 14:45:12.075 20411 RALLYDEBUG rally_openstack.cleanup.manager [-] Deleting nova.servers object s_rally_317ae50f_tOfEqTJj_0 (2ff1a70a-c6cc-46dc-8032-3252093429c2)
2019-11-26 14:45:12.081 20411 RALLYDEBUG rally_openstack.cleanup.manager [-] Deleting nova.servers object s_rally_317ae50f_tOfEqTJj_1 (c2970c57-c060-4f50-b3fc-d8e56f9efc72)
2019-11-26 14:45:16.473 20411 INFO rally.task.context [-] Task 0dafeb38-ea40-466d-89d6-45d6e450890d | Context servers@openstack cleanup() finished in 6.98 sec
2019-11-26 14:45:16.473 20411 INFO rally.task.context [-] Task 0dafeb38-ea40-466d-89d6-45d6e450890d | Context network@openstack cleanup() started
2019-11-26 14:45:39.290 20411 INFO rally.task.context [-] Task 0dafeb38-ea40-466d-89d6-45d6e450890d | Context network@openstack cleanup() finished in 22.82 sec
2019-11-26 14:45:39.291 20411 INFO rally.task.context [-] Task 0dafeb38-ea40-466d-89d6-45d6e450890d | Context users@openstack cleanup() started
2019-11-26 14:45:43.465 20411 INFO rally.task.context [-] Task 0dafeb38-ea40-466d-89d6-45d6e450890d | Context users@openstack cleanup() finished in 4.17 sec
2019-11-26 14:45:44.079 20411 INFO rally.task.engine [-] Load duration is: 2.101274
2019-11-26 14:45:44.079 20411 INFO rally.task.engine [-] Full runner duration is: 2.148485
2019-11-26 14:45:44.080 20411 INFO rally.task.engine [-] Full duration is: 79.760628
2019-11-26 14:45:44.447 20411 INFO rally.task.engine [-] Running workload: position = 0 config = { "version": 2, "title": "A cropped version of a bigger task.", "description": "Auto-generated task from a single workload (uuid=bc90859f-00db-4274-85b2-24891fa0bfb8)", "subtasks": [ { "title": "NovaServers.resize_server", "description": "Boot a server, then resize and delete it.", "scenario": { "NovaServers.resize_server": { "flavor": { "name": "rally_full-flavor_14c80e47-fc5e-4341-b211-0fe7e7cf2394" }, "image": { "name": "rally_full-img_14c80e47-fc5e-4341-b211-0fe7e7cf2394" }, "to_flavor": { "name": "rally_full-flavor_alt_14c80e47-fc5e-4341-b211-0fe7e7cf2394" }, "confirm": true, "force_delete": false, "nics": [ { "net-id": "6abc0ace-55e5-437e-8ca2-3154ab90105d" } ] } }, "contexts": { "users": { "tenants": 3, "users_per_tenant": 2 } }, "runner": { "constant": { "concurrency": 4, "times": 10 } }, "hooks": [], "sla": { "failure_rate": { "max": 0 } } } ] }
2019-11-26 14:45:44.471 20411 RALLYDEBUG rally_openstack.contexts.keystone.users [-] Creating 3 tenants using 20 threads
2019-11-26 14:45:45.480 20411 RALLYDEBUG rally_openstack.contexts.keystone.users [-] Creating 6 users using 20 threads
2019-11-26 14:45:47.071 20411 INFO rally.task.context [-] Task 0dafeb38-ea40-466d-89d6-45d6e450890d | Context users@openstack setup() finished in 2.60 sec
2019-11-26 14:45:47.072 20411 INFO rally.task.context [-] Task 0dafeb38-ea40-466d-89d6-45d6e450890d | Context cleanup@openstack setup() finished in 0.01 msec
2019-11-26 14:45:48.191 20411 RALLYDEBUG rally.task.runner [-] Starting the constant runner (task UUID: 0dafeb38-ea40-466d-89d6-45d6e450890d). times: 10 concurrency: 4 timeout: 0 max_cpu_used: 16 processes_to_start: 4 concurrency_per_worker: 1 concurrency_overhead: 0
2019-11-26 14:45:48.203 22235 RALLYDEBUG rally.task.runner [-] Starting a worker. times: 10 duration: None concurrency: 1 timeout: 0 cls: method_name: run args: {"flavor": "557b1827-d554-482f-8e5c-ff4a7235ad1e", "image": "d28fe962-223c-4c25-a219-b707ace03132", "to_flavor": "da40db5a-257c-4bef-b262-f9037ea3447a", "confirm": true, "force_delete": false, "nics": [{"net-id": "6abc0ace-55e5-437e-8ca2-3154ab90105d"}]}
2019-11-26 14:45:48.207 22236 RALLYDEBUG rally.task.runner [-] Starting a worker. times: 10 duration: None concurrency: 1 timeout: 0 cls: method_name: run args: {"flavor": "557b1827-d554-482f-8e5c-ff4a7235ad1e", "image": "d28fe962-223c-4c25-a219-b707ace03132", "to_flavor": "da40db5a-257c-4bef-b262-f9037ea3447a", "confirm": true, "force_delete": false, "nics": [{"net-id": "6abc0ace-55e5-437e-8ca2-3154ab90105d"}]}
2019-11-26 14:45:48.210 22235 INFO rally.task.runner [-] Task 0dafeb38-ea40-466d-89d6-45d6e450890d | ITER: 1 START
2019-11-26 14:45:48.211 22237 RALLYDEBUG rally.task.runner [-] Starting a worker. times: 10 duration: None concurrency: 1 timeout: 0 cls: method_name: run args: {"flavor": "557b1827-d554-482f-8e5c-ff4a7235ad1e", "image": "d28fe962-223c-4c25-a219-b707ace03132", "to_flavor": "da40db5a-257c-4bef-b262-f9037ea3447a", "confirm": true, "force_delete": false, "nics": [{"net-id": "6abc0ace-55e5-437e-8ca2-3154ab90105d"}]}
2019-11-26 14:45:48.214 22236 INFO rally.task.runner [-] Task 0dafeb38-ea40-466d-89d6-45d6e450890d | ITER: 2 START
2019-11-26 14:45:48.217 22240 RALLYDEBUG rally.task.runner [-] Starting a worker. times: 10 duration: None concurrency: 1 timeout: 0 cls: method_name: run args: {"flavor": "557b1827-d554-482f-8e5c-ff4a7235ad1e", "image": "d28fe962-223c-4c25-a219-b707ace03132", "to_flavor": "da40db5a-257c-4bef-b262-f9037ea3447a", "confirm": true, "force_delete": false, "nics": [{"net-id": "6abc0ace-55e5-437e-8ca2-3154ab90105d"}]}
2019-11-26 14:45:48.218 22237 INFO rally.task.runner [-] Task 0dafeb38-ea40-466d-89d6-45d6e450890d | ITER: 3 START
2019-11-26 14:45:48.223 22240 INFO rally.task.runner [-] Task 0dafeb38-ea40-466d-89d6-45d6e450890d | ITER: 4 START
2019-11-26 14:45:55.291 22235 RALLYDEBUG rally.task.utils [-] Waiting for resource s_rally_bc90859f_eoDJhyk0. Status changed: BUILD => ACTIVE in 4.519715070724487
2019-11-26 14:45:55.342 22236 RALLYDEBUG rally.task.utils [-] Waiting for resource s_rally_bc90859f_YGeptpcT. Status changed: BUILD => ACTIVE in 4.44099497795105
2019-11-26 14:45:56.534 22236 RALLYDEBUG rally.task.utils [-] Waiting for resource s_rally_bc90859f_YGeptpcT. Status changed: ACTIVE => RESIZE in 0.17946958541870117
2019-11-26 14:45:56.540 22235 RALLYDEBUG rally.task.utils [-] Waiting for resource s_rally_bc90859f_eoDJhyk0. Status changed: ACTIVE => RESIZE in 0.24489736557006836
2019-11-26 14:45:57.267 22237 RALLYDEBUG rally.task.utils [-] Waiting for resource s_rally_bc90859f_hJaoAgG5. Status changed: BUILD => ACTIVE in 6.669720411300659
2019-11-26 14:45:57.358 22240 RALLYDEBUG rally.task.utils [-] Waiting for resource s_rally_bc90859f_h8Oh2xGm. Status changed: BUILD => ACTIVE in 6.9154157638549805
2019-11-26 14:45:58.472 22237 RALLYDEBUG rally.task.utils [-] Waiting for resource s_rally_bc90859f_hJaoAgG5. Status changed: ACTIVE => RESIZE in 0.22882652282714844
2019-11-26 14:45:58.478 22240 RALLYDEBUG rally.task.utils [-] Waiting for resource s_rally_bc90859f_h8Oh2xGm. Status changed: ACTIVE => RESIZE in 0.23319315910339355
2019-11-26 14:46:17.344 22235 RALLYDEBUG rally.task.utils [-] Waiting for resource s_rally_bc90859f_eoDJhyk0. Status changed: RESIZE => VERIFY_RESIZE in 20.804121255874634
2019-11-26 14:46:17.581 22235 RALLYDEBUG rally.task.utils [-] Waiting for resource s_rally_bc90859f_eoDJhyk0. Status changed: ACTIVE => VERIFY_RESIZE in 0.16377973556518555
2019-11-26 14:46:19.319 22240 RALLYDEBUG rally.task.utils [-] Waiting for resource s_rally_bc90859f_h8Oh2xGm. Status changed: RESIZE => VERIFY_RESIZE in 20.840442895889282
2019-11-26 14:46:19.341 22237 RALLYDEBUG rally.task.utils [-] Waiting for resource s_rally_bc90859f_hJaoAgG5. Status changed: RESIZE => VERIFY_RESIZE in 20.868961572647095
2019-11-26 14:46:19.560 22240 RALLYDEBUG rally.task.utils [-] Waiting for resource s_rally_bc90859f_h8Oh2xGm. Status changed: ACTIVE => VERIFY_RESIZE in 0.16659975051879883
2019-11-26 14:46:19.621 22237 RALLYDEBUG rally.task.utils [-] Waiting for resource s_rally_bc90859f_hJaoAgG5. Status changed: ACTIVE => VERIFY_RESIZE in 0.21086883544921875
2019-11-26 14:46:19.763 22235 RALLYDEBUG rally.task.utils [-] Waiting for resource s_rally_bc90859f_eoDJhyk0. Status changed: VERIFY_RESIZE => ACTIVE in 2.182021141052246
2019-11-26 14:46:21.787 22240 RALLYDEBUG rally.task.utils [-] Waiting for resource s_rally_bc90859f_h8Oh2xGm. Status changed: VERIFY_RESIZE => ACTIVE in 2.226673126220703
2019-11-26 14:46:22.118 22237 RALLYDEBUG rally.task.utils [-] Waiting for resource s_rally_bc90859f_hJaoAgG5. Status changed: VERIFY_RESIZE => ACTIVE in 2.4972641468048096
2019-11-26 14:46:22.146 22235 INFO rally.task.runner [-] Task 0dafeb38-ea40-466d-89d6-45d6e450890d | ITER: 1 END: OK
2019-11-26 14:46:22.153 22235 INFO rally.task.runner [-] Task 0dafeb38-ea40-466d-89d6-45d6e450890d | ITER: 5 START
2019-11-26 14:46:24.143 22240 INFO rally.task.runner [-] Task 0dafeb38-ea40-466d-89d6-45d6e450890d | ITER: 4 END: OK
2019-11-26 14:46:24.150 22240 INFO rally.task.runner [-] Task 0dafeb38-ea40-466d-89d6-45d6e450890d | ITER: 6 START
2019-11-26 14:46:24.465 22237 INFO rally.task.runner [-] Task 0dafeb38-ea40-466d-89d6-45d6e450890d | ITER: 3 END: OK
2019-11-26 14:46:24.472 22237 INFO rally.task.runner [-] Task 0dafeb38-ea40-466d-89d6-45d6e450890d | ITER: 7 START
2019-11-26 14:46:31.239 22235 RALLYDEBUG rally.task.utils [-] Waiting for resource s_rally_bc90859f_f8kjmpiW. Status changed: BUILD => ACTIVE in 6.787074565887451
2019-11-26 14:46:31.424 22237 RALLYDEBUG rally.task.utils [-] Waiting for resource s_rally_bc90859f_xn6lStUT. Status changed: BUILD => ACTIVE in 4.608119010925293
2019-11-26 14:46:32.227 22235 RALLYDEBUG rally.task.utils [-] Waiting for resource s_rally_bc90859f_f8kjmpiW. Status changed: ACTIVE => RESIZE in 0.13816428184509277
2019-11-26 14:46:32.514 22237 RALLYDEBUG rally.task.utils [-] Waiting for resource s_rally_bc90859f_xn6lStUT. Status changed: ACTIVE => RESIZE in 0.21164321899414062
2019-11-26 14:46:33.103 22240 RALLYDEBUG rally.task.utils [-] Waiting for resource s_rally_bc90859f_5KMMN3na. Status changed: BUILD => ACTIVE in 6.806124925613403
2019-11-26 14:46:34.368 22240 RALLYDEBUG rally.task.utils [-] Waiting for resource s_rally_bc90859f_5KMMN3na. Status changed: ACTIVE => RESIZE in 0.20227313041687012
2019-11-26 14:46:37.985 22236 RALLYDEBUG rally.task.utils [-] Waiting for resource s_rally_bc90859f_YGeptpcT. Status changed: RESIZE => VERIFY_RESIZE in 41.45088481903076
2019-11-26 14:46:38.269 22236 RALLYDEBUG rally.task.utils [-] Waiting for resource s_rally_bc90859f_YGeptpcT. Status changed: ACTIVE => VERIFY_RESIZE in 0.20670723915100098
2019-11-26 14:46:40.417 22236 RALLYDEBUG rally.task.utils [-] Waiting for resource s_rally_bc90859f_YGeptpcT. Status changed: VERIFY_RESIZE => ACTIVE in 2.1487643718719482
2019-11-26 14:46:42.760 22236 INFO rally.task.runner [-] Task 0dafeb38-ea40-466d-89d6-45d6e450890d | ITER: 2 END: OK
2019-11-26 14:46:42.768 22236 INFO rally.task.runner [-] Task 0dafeb38-ea40-466d-89d6-45d6e450890d | ITER: 8 START
2019-11-26 14:46:53.337 22237 RALLYDEBUG rally.task.utils [-] Waiting for resource s_rally_bc90859f_xn6lStUT. Status changed: RESIZE => VERIFY_RESIZE in 20.823344230651855
2019-11-26 14:46:53.524 22235 RALLYDEBUG rally.task.utils [-] Waiting for resource s_rally_bc90859f_f8kjmpiW. Status changed: RESIZE => VERIFY_RESIZE in 21.297120332717896
2019-11-26 14:46:53.628 22237 RALLYDEBUG rally.task.utils [-] Waiting for resource s_rally_bc90859f_xn6lStUT. Status changed: ACTIVE => VERIFY_RESIZE in 0.21150875091552734
2019-11-26 14:46:53.739 22235 RALLYDEBUG rally.task.utils [-] Waiting for resource s_rally_bc90859f_f8kjmpiW. Status changed: ACTIVE => VERIFY_RESIZE in 0.15219688415527344
2019-11-26 14:46:54.149 22236 RALLYDEBUG rally.task.utils [-] Waiting for resource s_rally_bc90859f_KMUA0Huf. Status changed: BUILD => ACTIVE in 9.065229892730713
2019-11-26 14:46:55.154 22240 RALLYDEBUG rally.task.utils [-] Waiting for resource s_rally_bc90859f_5KMMN3na. Status changed: RESIZE => VERIFY_RESIZE in 20.7868332862854
2019-11-26 14:46:55.215 22236 RALLYDEBUG rally.task.utils [-] Waiting for resource s_rally_bc90859f_KMUA0Huf. Status changed: ACTIVE => RESIZE in 0.1587836742401123
2019-11-26 14:46:55.405 22240 RALLYDEBUG rally.task.utils [-] Waiting for resource s_rally_bc90859f_5KMMN3na. Status changed: ACTIVE => VERIFY_RESIZE in 0.18542075157165527
2019-11-26 14:46:55.836 22237 RALLYDEBUG rally.task.utils [-] Waiting for resource s_rally_bc90859f_xn6lStUT. Status changed: VERIFY_RESIZE => ACTIVE in 2.207639455795288
2019-11-26 14:46:55.879 22235 RALLYDEBUG rally.task.utils [-] Waiting for resource s_rally_bc90859f_f8kjmpiW. Status changed: VERIFY_RESIZE => ACTIVE in 2.1398067474365234
2019-11-26 14:46:57.554 22240 RALLYDEBUG rally.task.utils [-] Waiting for resource s_rally_bc90859f_5KMMN3na. Status changed: VERIFY_RESIZE => ACTIVE in 2.1481566429138184
2019-11-26 14:46:58.152 22237 INFO rally.task.runner [-] Task 0dafeb38-ea40-466d-89d6-45d6e450890d | ITER: 7 END: OK
2019-11-26 14:46:58.156 22237 INFO rally.task.runner [-] Task 0dafeb38-ea40-466d-89d6-45d6e450890d | ITER: 9 START
2019-11-26 14:46:58.318 22235 INFO rally.task.runner [-] Task 0dafeb38-ea40-466d-89d6-45d6e450890d | ITER: 5 END: OK
2019-11-26 14:46:58.322 22235 INFO rally.task.runner [-] Task 0dafeb38-ea40-466d-89d6-45d6e450890d | ITER: 10 START
2019-11-26 14:47:00.064 22240 INFO rally.task.runner [-] Task 0dafeb38-ea40-466d-89d6-45d6e450890d | ITER: 6 END: OK
2019-11-26 14:47:05.551 22236 RALLYDEBUG rally.task.utils [-] Waiting for resource s_rally_bc90859f_KMUA0Huf. Status changed: RESIZE => VERIFY_RESIZE in 10.336238145828247
2019-11-26 14:47:05.783 22236 RALLYDEBUG rally.task.utils [-] Waiting for resource s_rally_bc90859f_KMUA0Huf. Status changed: ACTIVE => VERIFY_RESIZE in 0.1658494472503662
2019-11-26 14:47:07.453 22235 RALLYDEBUG rally.task.utils [-] Waiting for resource s_rally_bc90859f_N6iFcfzz. Status changed: BUILD => ACTIVE in 6.935335159301758
2019-11-26 14:47:07.951 22236 RALLYDEBUG rally.task.utils [-] Waiting for resource s_rally_bc90859f_KMUA0Huf. Status changed: VERIFY_RESIZE => ACTIVE in 2.168790578842163
2019-11-26 14:47:08.560 22235 RALLYDEBUG rally.task.utils [-] Waiting for resource s_rally_bc90859f_N6iFcfzz. Status changed: ACTIVE => RESIZE in 0.13538551330566406
2019-11-26 14:47:10.023 22237 RALLYDEBUG rally.task.utils [-] Waiting for resource s_rally_bc90859f_mbWZhnTY. Status changed: BUILD => ACTIVE in 9.480254888534546
2019-11-26 14:47:10.287 22236 INFO rally.task.runner [-] Task 0dafeb38-ea40-466d-89d6-45d6e450890d | ITER: 8 END: OK
2019-11-26 14:47:11.299 22237 RALLYDEBUG rally.task.utils [-] Waiting for resource s_rally_bc90859f_mbWZhnTY. Status changed: ACTIVE => RESIZE in 0.2621920108795166
2019-11-26 14:47:18.902 22235 RALLYDEBUG rally.task.utils [-] Waiting for resource s_rally_bc90859f_N6iFcfzz. Status changed: RESIZE => VERIFY_RESIZE in 10.34224247932434
2019-11-26 14:47:19.136 22235 RALLYDEBUG rally.task.utils [-] Waiting for resource s_rally_bc90859f_N6iFcfzz. Status changed: ACTIVE => VERIFY_RESIZE in 0.1676037311553955
2019-11-26 14:47:21.401 22235 RALLYDEBUG rally.task.utils [-] Waiting for resource s_rally_bc90859f_N6iFcfzz. Status changed: VERIFY_RESIZE => ACTIVE in 2.2645583152770996
2019-11-26 14:47:21.625 22237 RALLYDEBUG rally.task.utils [-] Waiting for resource s_rally_bc90859f_mbWZhnTY. Status changed: RESIZE => VERIFY_RESIZE in 10.326443910598755
2019-11-26 14:47:21.926 22237 RALLYDEBUG rally.task.utils [-] Waiting for resource s_rally_bc90859f_mbWZhnTY. Status changed: ACTIVE => VERIFY_RESIZE in 0.2299494743347168
2019-11-26 14:47:23.792 22235 INFO rally.task.runner [-] Task 0dafeb38-ea40-466d-89d6-45d6e450890d | ITER: 10 END: OK
2019-11-26 14:47:24.131 22237 RALLYDEBUG rally.task.utils [-] Waiting for resource s_rally_bc90859f_mbWZhnTY. Status changed: VERIFY_RESIZE => ACTIVE in 2.204637289047241
2019-11-26 14:47:26.544 22237 INFO rally.task.runner [-] Task 0dafeb38-ea40-466d-89d6-45d6e450890d | ITER: 9 END: OK
2019-11-26 14:47:26.578 20411 INFO rally.task.context [-] Task 0dafeb38-ea40-466d-89d6-45d6e450890d | Context cleanup@openstack cleanup() started
2019-11-26 14:47:26.581 20411 RALLYDEBUG rally_openstack.cleanup.manager [-] Cleaning up nova servers objects
2019-11-26 14:47:27.917 20411 RALLYDEBUG rally_openstack.cleanup.manager [-] Cleaning up nova server_groups objects
2019-11-26 14:47:29.071 20411 RALLYDEBUG rally_openstack.cleanup.manager [-] Cleaning up nova keypairs objects
2019-11-26 14:47:31.412 20411 INFO rally.task.context [-] Task 0dafeb38-ea40-466d-89d6-45d6e450890d | Context cleanup@openstack cleanup() finished in 4.83 sec
2019-11-26 14:47:31.412 20411 INFO rally.task.context [-] Task 0dafeb38-ea40-466d-89d6-45d6e450890d | Context users@openstack cleanup() started
2019-11-26 14:47:35.403 20411 INFO rally.task.context [-] Task 0dafeb38-ea40-466d-89d6-45d6e450890d | Context users@openstack cleanup() finished in 3.99 sec
