2019-11-26 13:41:14.189 1845 INFO rally.task.context [-] Task 1643cad8-380c-4b3c-a108-e26b43a0346d | Context users@openstack cleanup() started
2019-11-26 13:41:18.685 1845 INFO rally.task.context [-] Task 1643cad8-380c-4b3c-a108-e26b43a0346d | Context users@openstack cleanup() finished in 4.50 sec
2019-11-26 13:41:20.549 1845 INFO rally.task.engine [-] Load duration is: 14.9578
2019-11-26 13:41:20.550 1845 INFO rally.task.engine [-] Full runner duration is: 15.022975
2019-11-26 13:41:20.550 1845 INFO rally.task.engine [-] Full duration is: 28.518825
2019-11-26 13:41:20.766 1845 INFO rally.task.engine [-] Running workload: position = 1 config = { "version": 2, "title": "A cropped version of a bigger task.", "description": "Auto-generated task from a single workload (uuid=4bc64ca6-90c3-4c07-807e-b48a4bcad3c3)", "subtasks": [ { "title": "CinderVolumes.create_and_delete_volume", "description": "Create and then delete a volume.", "scenario": { "CinderVolumes.create_and_delete_volume": { "image": { "name": "rally_full-img_14c80e47-fc5e-4341-b211-0fe7e7cf2394" }, "size": 1 } }, "contexts": { "users": { "tenants": 3, "users_per_tenant": 2 }, "quotas": { "cinder": { "gigabytes": -1, "snapshots": -1, "volumes": -1 } }, "api_versions": { "cinder": { "version": 3, "service_type": "volumev3" } } }, "runner": { "constant": { "concurrency": 4, "times": 10 } }, "hooks": [], "sla": { "failure_rate": { "max": 0 } } } ] }
2019-11-26 13:41:20.794 1845 RALLYDEBUG rally_openstack.contexts.keystone.users [-] Creating 3 tenants using 20 threads
2019-11-26 13:41:21.841 1845 RALLYDEBUG rally_openstack.contexts.keystone.users [-] Creating 6 users using 20 threads
2019-11-26 13:41:23.331 1845 INFO rally.task.context [-] Task 1643cad8-380c-4b3c-a108-e26b43a0346d | Context users@openstack setup() finished in 2.54 sec
2019-11-26 13:41:23.741 1845 INFO rally.task.context [-] Task 1643cad8-380c-4b3c-a108-e26b43a0346d | Context api_versions@openstack setup() finished in 0.41 sec
2019-11-26 13:41:24.850 1845 INFO rally.task.context [-] Task 1643cad8-380c-4b3c-a108-e26b43a0346d | Context quotas@openstack setup() finished in 1.11 sec
2019-11-26 13:41:24.851 1845 INFO rally.task.context [-] Task 1643cad8-380c-4b3c-a108-e26b43a0346d | Context cleanup@openstack setup() finished in 0.02 msec
2019-11-26 13:41:25.442 1845 RALLYDEBUG rally.task.runner [-] Starting the constant runner (task UUID: 1643cad8-380c-4b3c-a108-e26b43a0346d). times: 10 concurrency: 4 timeout: 0 max_cpu_used: 16 processes_to_start: 4 concurrency_per_worker: 1 concurrency_overhead: 0
2019-11-26 13:41:25.453 4357 RALLYDEBUG rally.task.runner [-] Starting a worker. times: 10 duration: None concurrency: 1 timeout: 0 cls: method_name: run args: {"image": "d28fe962-223c-4c25-a219-b707ace03132", "size": 1}
2019-11-26 13:41:25.457 4358 RALLYDEBUG rally.task.runner [-] Starting a worker. times: 10 duration: None concurrency: 1 timeout: 0 cls: method_name: run args: {"image": "d28fe962-223c-4c25-a219-b707ace03132", "size": 1}
2019-11-26 13:41:25.460 4357 INFO rally.task.runner [-] Task 1643cad8-380c-4b3c-a108-e26b43a0346d | ITER: 1 START
2019-11-26 13:41:25.461 4359 RALLYDEBUG rally.task.runner [-] Starting a worker. times: 10 duration: None concurrency: 1 timeout: 0 cls: method_name: run args: {"image": "d28fe962-223c-4c25-a219-b707ace03132", "size": 1}
2019-11-26 13:41:25.464 4358 INFO rally.task.runner [-] Task 1643cad8-380c-4b3c-a108-e26b43a0346d | ITER: 2 START
2019-11-26 13:41:25.465 4361 RALLYDEBUG rally.task.runner [-] Starting a worker. times: 10 duration: None concurrency: 1 timeout: 0 cls: method_name: run args: {"image": "d28fe962-223c-4c25-a219-b707ace03132", "size": 1}
2019-11-26 13:41:25.467 4359 INFO rally.task.runner [-] Task 1643cad8-380c-4b3c-a108-e26b43a0346d | ITER: 3 START
2019-11-26 13:41:25.471 4361 INFO rally.task.runner [-] Task 1643cad8-380c-4b3c-a108-e26b43a0346d | ITER: 4 START
2019-11-26 13:41:49.190 4358 RALLYDEBUG rally.task.utils [-] Waiting for resource s_rally_4bc64ca6_I9k3cTIv. Status changed: DOWNLOADING => AVAILABLE in 20.89597463607788
2019-11-26 13:41:49.338 4358 RALLYDEBUG rally.task.utils [-] Waiting for resource s_rally_4bc64ca6_I9k3cTIv. Status changed: AVAILABLE => DELETING in 0.0700690746307373
2019-11-26 13:41:51.384 4358 INFO rally.task.runner [-] Task 1643cad8-380c-4b3c-a108-e26b43a0346d | ITER: 2 END: OK
2019-11-26 13:41:51.390 4358 INFO rally.task.runner [-] Task 1643cad8-380c-4b3c-a108-e26b43a0346d | ITER: 5 START
2019-11-26 13:42:07.309 4358 RALLYDEBUG rally.task.utils [-] Waiting for resource s_rally_4bc64ca6_hRwXHpcF. Status changed: DOWNLOADING => AVAILABLE in 12.622685432434082
2019-11-26 13:42:07.461 4358 RALLYDEBUG rally.task.utils [-] Waiting for resource s_rally_4bc64ca6_hRwXHpcF. Status changed: AVAILABLE => DELETING in 0.07220721244812012
2019-11-26 13:42:09.511 4358 INFO rally.task.runner [-] Task 1643cad8-380c-4b3c-a108-e26b43a0346d | ITER: 5 END: OK
2019-11-26 13:42:09.516 4358 INFO rally.task.runner [-] Task 1643cad8-380c-4b3c-a108-e26b43a0346d | ITER: 6 START
2019-11-26 13:42:24.856 4358 RALLYDEBUG rally.task.utils [-] Waiting for resource s_rally_4bc64ca6_Amk8LR1G. Status changed: DOWNLOADING => AVAILABLE in 12.588405132293701
2019-11-26 13:42:25.007 4358 RALLYDEBUG rally.task.utils [-] Waiting for resource s_rally_4bc64ca6_Amk8LR1G. Status changed: AVAILABLE => DELETING in 0.07169675827026367
2019-11-26 13:42:27.052 4358 INFO rally.task.runner [-] Task 1643cad8-380c-4b3c-a108-e26b43a0346d | ITER: 6 END: OK
2019-11-26 13:42:27.056 4358 INFO rally.task.runner [-] Task 1643cad8-380c-4b3c-a108-e26b43a0346d | ITER: 7 START
2019-11-26 13:42:41.075 4361 RALLYDEBUG rally.task.utils [-] Waiting for resource s_rally_4bc64ca6_jtKpwFHI. Status changed: DOWNLOADING => AVAILABLE in 72.72461748123169
2019-11-26 13:42:41.220 4361 RALLYDEBUG rally.task.utils [-] Waiting for resource s_rally_4bc64ca6_jtKpwFHI. Status changed: AVAILABLE => DELETING in 0.07010364532470703
2019-11-26 13:42:41.289 4359 RALLYDEBUG rally.task.utils [-] Waiting for resource s_rally_4bc64ca6_yMdssrIe. Status changed: DOWNLOADING => AVAILABLE in 72.71272659301758
2019-11-26 13:42:41.290 4357 RALLYDEBUG rally.task.utils [-] Waiting for resource s_rally_4bc64ca6_0Pj4qrhg. Status changed: DOWNLOADING => AVAILABLE in 72.84016108512878
2019-11-26 13:42:41.420 4359 RALLYDEBUG rally.task.utils [-] Waiting for resource s_rally_4bc64ca6_yMdssrIe. Status changed: AVAILABLE => DELETING in 0.05983686447143555
2019-11-26 13:42:41.424 4357 RALLYDEBUG rally.task.utils [-] Waiting for resource s_rally_4bc64ca6_0Pj4qrhg. Status changed: AVAILABLE => DELETING in 0.06179499626159668
2019-11-26 13:42:42.521 4358 RALLYDEBUG rally.task.utils [-] Waiting for resource s_rally_4bc64ca6_AaVmgFZm. Status changed: DOWNLOADING => AVAILABLE in 12.581668138504028
2019-11-26 13:42:42.667 4358 RALLYDEBUG rally.task.utils [-] Waiting for resource s_rally_4bc64ca6_AaVmgFZm. Status changed: AVAILABLE => DELETING in 0.07019376754760742
2019-11-26 13:42:43.265 4361 INFO rally.task.runner [-] Task 1643cad8-380c-4b3c-a108-e26b43a0346d | ITER: 4 END: OK
2019-11-26 13:42:43.271 4361 INFO rally.task.runner [-] Task 1643cad8-380c-4b3c-a108-e26b43a0346d | ITER: 8 START
2019-11-26 13:42:43.460 4357 INFO rally.task.runner [-] Task 1643cad8-380c-4b3c-a108-e26b43a0346d | ITER: 1 END: OK
2019-11-26 13:42:43.464 4359 INFO rally.task.runner [-] Task 1643cad8-380c-4b3c-a108-e26b43a0346d | ITER: 3 END: OK
2019-11-26 13:42:43.464 4357 INFO rally.task.runner [-] Task 1643cad8-380c-4b3c-a108-e26b43a0346d | ITER: 9 START
2019-11-26 13:42:43.470 4359 INFO rally.task.runner [-] Task 1643cad8-380c-4b3c-a108-e26b43a0346d | ITER: 10 START
2019-11-26 13:42:44.705 4358 INFO rally.task.runner [-] Task 1643cad8-380c-4b3c-a108-e26b43a0346d | ITER: 7 END: OK
2019-11-26 13:43:06.914 4361 RALLYDEBUG rally.task.utils [-] Waiting for resource s_rally_4bc64ca6_r3xpLs4b. Status changed: DOWNLOADING => AVAILABLE in 20.907161235809326
2019-11-26 13:43:07.065 4361 RALLYDEBUG rally.task.utils [-] Waiting for resource s_rally_4bc64ca6_r3xpLs4b. Status changed: AVAILABLE => DELETING in 0.07358622550964355
2019-11-26 13:43:09.108 4361 INFO rally.task.runner [-] Task 1643cad8-380c-4b3c-a108-e26b43a0346d | ITER: 8 END: OK
2019-11-26 13:43:40.402 4359 RALLYDEBUG rally.task.utils [-] Waiting for resource s_rally_4bc64ca6_b55hnXp0. Status changed: DOWNLOADING => AVAILABLE in 54.09478569030762
2019-11-26 13:43:40.553 4359 RALLYDEBUG rally.task.utils [-] Waiting for resource s_rally_4bc64ca6_b55hnXp0. Status changed: AVAILABLE => DELETING in 0.07441949844360352
2019-11-26 13:43:40.616 4357 RALLYDEBUG rally.task.utils [-] Waiting for resource s_rally_4bc64ca6_d1BDMg61. Status changed: DOWNLOADING => AVAILABLE in 54.05007815361023
2019-11-26 13:43:40.752 4357 RALLYDEBUG rally.task.utils [-] Waiting for resource s_rally_4bc64ca6_d1BDMg61. Status changed: AVAILABLE => DELETING in 0.06916499137878418
2019-11-26 13:43:42.598 4359 INFO rally.task.runner [-] Task 1643cad8-380c-4b3c-a108-e26b43a0346d | ITER: 10 END: OK
2019-11-26 13:43:42.797 4357 INFO rally.task.runner [-] Task 1643cad8-380c-4b3c-a108-e26b43a0346d | ITER: 9 END: OK
2019-11-26 13:43:42.828 1845 INFO rally.task.context [-] Task 1643cad8-380c-4b3c-a108-e26b43a0346d | Context cleanup@openstack cleanup() started
2019-11-26 13:43:42.832 1845 RALLYDEBUG rally_openstack.cleanup.manager [-] Cleaning up cinder backups objects
2019-11-26 13:43:44.042 1845 RALLYDEBUG rally_openstack.cleanup.manager [-] Cleaning up cinder volume_snapshots objects
2019-11-26 13:43:45.236 1845 RALLYDEBUG rally_openstack.cleanup.manager [-] Cleaning up cinder transfers objects
2019-11-26 13:43:46.405 1845 RALLYDEBUG rally_openstack.cleanup.manager [-] Cleaning up cinder volumes objects
2019-11-26 13:43:47.600 1845 INFO rally.task.context [-] Task 1643cad8-380c-4b3c-a108-e26b43a0346d | Context cleanup@openstack cleanup() finished in 4.77 sec
2019-11-26 13:43:47.600 1845 INFO rally.task.context [-] Task 1643cad8-380c-4b3c-a108-e26b43a0346d | Context quotas@openstack cleanup() started
2019-11-26 13:43:47.673 1845 INFO rally.task.context [-] Task 1643cad8-380c-4b3c-a108-e26b43a0346d | Context quotas@openstack cleanup() finished in 73.03 msec
2019-11-26 13:43:47.674 1845 INFO rally.task.context [-] Task 1643cad8-380c-4b3c-a108-e26b43a0346d | Context api_versions@openstack cleanup() started
2019-11-26 13:43:47.674 1845 INFO rally.task.context [-] Task 1643cad8-380c-4b3c-a108-e26b43a0346d | Context api_versions@openstack cleanup() finished in 0.39 msec
2019-11-26 13:43:47.675 1845 INFO rally.task.context [-] Task 1643cad8-380c-4b3c-a108-e26b43a0346d | Context users@openstack cleanup() started
2019-11-26 13:43:52.079 1845 INFO rally.task.context [-] Task 1643cad8-380c-4b3c-a108-e26b43a0346d | Context users@openstack cleanup() finished in 4.40 sec
2019-11-26 13:43:53.402 1845 INFO rally.task.engine [-] Load duration is: 137.331766
2019-11-26 13:43:53.403 1845 INFO rally.task.engine [-] Full runner duration is: 137.387015
2019-11-26 13:43:53.403 1845 INFO rally.task.engine [-] Full duration is: 151.288222
2019-11-26 13:43:53.626 1845 INFO rally.task.engine [-] Running workload: position = 2 config = { "version": 2, "title": "A cropped version of a bigger task.", "description": "Auto-generated task from a single workload (uuid=fe75e5ba-6a12-4b67-b897-fa507fd4d635)", "subtasks": [ { "title": "CinderVolumes.create_and_delete_volume", "description": "Create and then delete a volume.", "scenario": { "CinderVolumes.create_and_delete_volume": { "size": 1 } }, "contexts": { "users": { "tenants": 3, "users_per_tenant": 2 }, "quotas": { "cinder": { "gigabytes": -1, "snapshots": -1, "volumes": -1 } }, "api_versions": { "cinder": { "version": 3, "service_type": "volumev3" } } }, "runner": { "constant": { "concurrency": 4, "times": 10 } }, "hooks": [], "sla": { "failure_rate": { "max": 0 } } } ] }
2019-11-26 13:43:53.651 1845 RALLYDEBUG rally_openstack.contexts.keystone.users [-] Creating 3 tenants using 20 threads
2019-11-26 13:43:54.607 1845 RALLYDEBUG rally_openstack.contexts.keystone.users [-] Creating 6 users using 20 threads
2019-11-26 13:43:56.208 1845 INFO rally.task.context [-] Task 1643cad8-380c-4b3c-a108-e26b43a0346d | Context users@openstack setup() finished in 2.56 sec
2019-11-26 13:43:56.640 1845 INFO rally.task.context [-] Task 1643cad8-380c-4b3c-a108-e26b43a0346d | Context api_versions@openstack setup() finished in 0.43 sec
2019-11-26 13:43:57.659 1845 INFO rally.task.context [-] Task 1643cad8-380c-4b3c-a108-e26b43a0346d | Context quotas@openstack setup() finished in 1.02 sec
2019-11-26 13:43:57.660 1845 INFO rally.task.context [-] Task 1643cad8-380c-4b3c-a108-e26b43a0346d | Context cleanup@openstack setup() finished in 0.01 msec
2019-11-26 13:43:57.669 1845 RALLYDEBUG rally.task.runner [-] Starting the constant runner (task UUID: 1643cad8-380c-4b3c-a108-e26b43a0346d). times: 10 concurrency: 4 timeout: 0 max_cpu_used: 16 processes_to_start: 4 concurrency_per_worker: 1 concurrency_overhead: 0
2019-11-26 13:43:57.681 4541 RALLYDEBUG rally.task.runner [-] Starting a worker. times: 10 duration: None concurrency: 1 timeout: 0 cls: method_name: run args: {"size": 1}
2019-11-26 13:43:57.685 4542 RALLYDEBUG rally.task.runner [-] Starting a worker. times: 10 duration: None concurrency: 1 timeout: 0 cls: method_name: run args: {"size": 1}
2019-11-26 13:43:57.688 4541 INFO rally.task.runner [-] Task 1643cad8-380c-4b3c-a108-e26b43a0346d | ITER: 1 START
2019-11-26 13:43:57.688 4543 RALLYDEBUG rally.task.runner [-] Starting a worker. times: 10 duration: None concurrency: 1 timeout: 0 cls: method_name: run args: {"size": 1}
2019-11-26 13:43:57.692 4542 INFO rally.task.runner [-] Task 1643cad8-380c-4b3c-a108-e26b43a0346d | ITER: 2 START
2019-11-26 13:43:57.692 4546 RALLYDEBUG rally.task.runner [-] Starting a worker. times: 10 duration: None concurrency: 1 timeout: 0 cls: method_name: run args: {"size": 1}
2019-11-26 13:43:57.695 4543 INFO rally.task.runner [-] Task 1643cad8-380c-4b3c-a108-e26b43a0346d | ITER: 3 START
2019-11-26 13:43:57.698 4546 INFO rally.task.runner [-] Task 1643cad8-380c-4b3c-a108-e26b43a0346d | ITER: 4 START
2019-11-26 13:44:00.604 4541 RALLYDEBUG rally.task.utils [-] Waiting for resource s_rally_fe75e5ba_uk6fcIve. Status changed: AVAILABLE => DELETING in 0.05766415596008301
2019-11-26 13:44:00.621 4542 RALLYDEBUG rally.task.utils [-] Waiting for resource s_rally_fe75e5ba_ON1Td861. Status changed: AVAILABLE => DELETING in 0.05278968811035156
2019-11-26 13:44:00.631 4543 RALLYDEBUG rally.task.utils [-] Waiting for resource s_rally_fe75e5ba_tdypasHe. Status changed: AVAILABLE => DELETING in 0.0566864013671875
2019-11-26 13:44:00.633 4546 RALLYDEBUG rally.task.utils [-] Waiting for resource s_rally_fe75e5ba_sYqpkBHL. Status changed: AVAILABLE => DELETING in 0.0577239990234375
2019-11-26 13:44:02.645 4541 INFO rally.task.runner [-] Task 1643cad8-380c-4b3c-a108-e26b43a0346d | ITER: 1 END: OK
2019-11-26 13:44:02.650 4541 INFO rally.task.runner [-] Task 1643cad8-380c-4b3c-a108-e26b43a0346d | ITER: 5 START
2019-11-26 13:44:02.662 4542 INFO rally.task.runner [-] Task 1643cad8-380c-4b3c-a108-e26b43a0346d | ITER: 2 END: OK
2019-11-26 13:44:02.667 4542 INFO rally.task.runner [-] Task 1643cad8-380c-4b3c-a108-e26b43a0346d | ITER: 6 START
2019-11-26 13:44:02.674 4543 INFO rally.task.runner [-] Task 1643cad8-380c-4b3c-a108-e26b43a0346d | ITER: 3 END: OK
2019-11-26 13:44:02.675 4546 INFO rally.task.runner [-] Task 1643cad8-380c-4b3c-a108-e26b43a0346d | ITER: 4 END: OK
2019-11-26 13:44:02.678 4543 INFO rally.task.runner [-] Task 1643cad8-380c-4b3c-a108-e26b43a0346d | ITER: 7 START
2019-11-26 13:44:02.680 4546 INFO rally.task.runner [-] Task 1643cad8-380c-4b3c-a108-e26b43a0346d | ITER: 8 START
2019-11-26 13:44:05.466 4541 RALLYDEBUG rally.task.utils [-] Waiting for resource s_rally_fe75e5ba_1HEenYX7. Status changed: AVAILABLE => DELETING in 0.0564424991607666
2019-11-26 13:44:05.470 4546 RALLYDEBUG rally.task.utils [-] Waiting for resource s_rally_fe75e5ba_yluJgXiu. Status changed: AVAILABLE => DELETING in 0.05959796905517578
2019-11-26 13:44:05.471 4543 RALLYDEBUG rally.task.utils [-] Waiting for resource s_rally_fe75e5ba_6HAT5tFb. Status changed: AVAILABLE => DELETING in 0.053441762924194336
2019-11-26 13:44:05.527 4542 RALLYDEBUG rally.task.utils [-] Waiting for resource s_rally_fe75e5ba_iLFk86eJ. Status changed: AVAILABLE => DELETING in 0.06025862693786621
2019-11-26 13:44:07.504 4541 INFO rally.task.runner [-] Task 1643cad8-380c-4b3c-a108-e26b43a0346d | ITER: 5 END: OK
2019-11-26 13:44:07.507 4541 INFO rally.task.runner [-] Task 1643cad8-380c-4b3c-a108-e26b43a0346d | ITER: 9 START
2019-11-26 13:44:07.515 4543 INFO rally.task.runner [-] Task 1643cad8-380c-4b3c-a108-e26b43a0346d | ITER: 7 END: OK
2019-11-26 13:44:07.519 4543 INFO rally.task.runner [-] Task 1643cad8-380c-4b3c-a108-e26b43a0346d | ITER: 10 START
2019-11-26 13:44:07.522 4546 INFO rally.task.runner [-] Task 1643cad8-380c-4b3c-a108-e26b43a0346d | ITER: 8 END: OK
2019-11-26 13:44:07.561 4542 INFO rally.task.runner [-] Task 1643cad8-380c-4b3c-a108-e26b43a0346d | ITER: 6 END: OK
2019-11-26 13:44:10.565 4543 RALLYDEBUG rally.task.utils [-] Waiting for resource s_rally_fe75e5ba_cwLxHA07. Status changed: AVAILABLE => DELETING in 0.07292461395263672
2019-11-26 13:44:10.673 4541 RALLYDEBUG rally.task.utils [-] Waiting for resource s_rally_fe75e5ba_lfCv7GXT. Status changed: AVAILABLE => DELETING in 0.06354761123657227
2019-11-26 13:44:12.610 4543 INFO rally.task.runner [-] Task 1643cad8-380c-4b3c-a108-e26b43a0346d | ITER: 10 END: OK
2019-11-26 13:44:12.717 4541 INFO rally.task.runner [-] Task 1643cad8-380c-4b3c-a108-e26b43a0346d | ITER: 9 END: OK
2019-11-26 13:44:12.748 1845 INFO rally.task.context [-] Task 1643cad8-380c-4b3c-a108-e26b43a0346d | Context cleanup@openstack cleanup() started
2019-11-26 13:44:12.751 1845 RALLYDEBUG rally_openstack.cleanup.manager [-] Cleaning up cinder backups objects
2019-11-26 13:44:14.099 1845 RALLYDEBUG rally_openstack.cleanup.manager [-] Cleaning up cinder volume_snapshots objects
2019-11-26 13:44:15.368 1845 RALLYDEBUG rally_openstack.cleanup.manager [-] Cleaning up cinder transfers objects
2019-11-26 13:44:16.538 1845 RALLYDEBUG rally_openstack.cleanup.manager [-] Cleaning up cinder volumes objects
2019-11-26 13:44:17.772 1845 INFO rally.task.context [-] Task 1643cad8-380c-4b3c-a108-e26b43a0346d | Context cleanup@openstack cleanup() finished in 5.02 sec
2019-11-26 13:44:17.772 1845 INFO rally.task.context [-] Task 1643cad8-380c-4b3c-a108-e26b43a0346d | Context quotas@openstack cleanup() started
2019-11-26 13:44:17.855 1845 INFO rally.task.context [-] Task 1643cad8-380c-4b3c-a108-e26b43a0346d | Context quotas@openstack cleanup() finished in 83.30 msec
2019-11-26 13:44:17.856 1845 INFO rally.task.context [-] Task 1643cad8-380c-4b3c-a108-e26b43a0346d | Context api_versions@openstack cleanup() started
2019-11-26 13:44:17.856 1845 INFO rally.task.context [-] Task 1643cad8-380c-4b3c-a108-e26b43a0346d | Context api_versions@openstack cleanup() finished in 0.40 msec
2019-11-26 13:44:17.857 1845 INFO rally.task.context [-] Task 1643cad8-380c-4b3c-a108-e26b43a0346d | Context users@openstack cleanup() started
2019-11-26 13:44:22.467 1845 INFO rally.task.context [-] Task 1643cad8-380c-4b3c-a108-e26b43a0346d | Context users@openstack cleanup() finished in 4.61 sec
2019-11-26 13:44:23.821 1845 INFO rally.task.engine [-] Load duration is: 15.022974
2019-11-26 13:44:23.822 1845 INFO rally.task.engine [-] Full runner duration is: 15.078904
2019-11-26 13:44:23.822 1845 INFO rally.task.engine [-] Full duration is: 28.81919
2019-11-26 13:44:24.196 1845 INFO rally.task.engine [-] Running workload: position = 0 config = { "version": 2, "title": "A cropped version of a bigger task.", "description": "Auto-generated task from a single workload (uuid=8331e021-1479-4249-aaba-a1628b24e2aa)", "subtasks": [ { "title": "CinderVolumes.create_and_extend_volume", "description": "Create and extend a volume and then delete it.", "scenario": { "CinderVolumes.create_and_extend_volume": { "new_size": 2, "size": 1 } }, "contexts": { "users": { "tenants": 3, "users_per_tenant": 2 }, "quotas": { "cinder": { "gigabytes": -1, "snapshots": -1, "volumes": -1 } }, "api_versions": { "cinder": { "version": 3, "service_type": "volumev3" } } }, "runner": { "constant": { "concurrency": 4, "times": 10 } }, "hooks": [], "sla": { "failure_rate": { "max": 0 } } } ] }
2019-11-26 13:44:24.222 1845 RALLYDEBUG rally_openstack.contexts.keystone.users [-] Creating 3 tenants using 20 threads
2019-11-26 13:44:25.258 1845 RALLYDEBUG rally_openstack.contexts.keystone.users [-] Creating 6 users using 20 threads
2019-11-26 13:44:26.890 1845 INFO rally.task.context [-] Task 1643cad8-380c-4b3c-a108-e26b43a0346d | Context users@openstack setup() finished in 2.67 sec
2019-11-26 13:44:27.317 1845 INFO rally.task.context [-] Task 1643cad8-380c-4b3c-a108-e26b43a0346d | Context api_versions@openstack setup() finished in 0.43 sec
2019-11-26 13:44:28.316 1845 INFO rally.task.context [-] Task 1643cad8-380c-4b3c-a108-e26b43a0346d | Context quotas@openstack setup() finished in 1.00 sec
2019-11-26 13:44:28.317 1845 INFO rally.task.context [-] Task 1643cad8-380c-4b3c-a108-e26b43a0346d | Context cleanup@openstack setup() finished in 0.01 msec
2019-11-26 13:44:28.326 1845 RALLYDEBUG rally.task.runner [-] Starting the constant runner (task UUID: 1643cad8-380c-4b3c-a108-e26b43a0346d). times: 10 concurrency: 4 timeout: 0 max_cpu_used: 16 processes_to_start: 4 concurrency_per_worker: 1 concurrency_overhead: 0
2019-11-26 13:44:28.338 4725 RALLYDEBUG rally.task.runner [-] Starting a worker. times: 10 duration: None concurrency: 1 timeout: 0 cls: method_name: run args: {"new_size": 2, "size": 1}
2019-11-26 13:44:28.342 4726 RALLYDEBUG rally.task.runner [-] Starting a worker. times: 10 duration: None concurrency: 1 timeout: 0 cls: method_name: run args: {"new_size": 2, "size": 1}
2019-11-26 13:44:28.345 4725 INFO rally.task.runner [-] Task 1643cad8-380c-4b3c-a108-e26b43a0346d | ITER: 1 START
2019-11-26 13:44:28.345 4727 RALLYDEBUG rally.task.runner [-] Starting a worker. times: 10 duration: None concurrency: 1 timeout: 0 cls: method_name: run args: {"new_size": 2, "size": 1}
2019-11-26 13:44:28.349 4726 INFO rally.task.runner [-] Task 1643cad8-380c-4b3c-a108-e26b43a0346d | ITER: 2 START
2019-11-26 13:44:28.349 4729 RALLYDEBUG rally.task.runner [-] Starting a worker. times: 10 duration: None concurrency: 1 timeout: 0 cls: method_name: run args: {"new_size": 2, "size": 1}
2019-11-26 13:44:28.352 4727 INFO rally.task.runner [-] Task 1643cad8-380c-4b3c-a108-e26b43a0346d | ITER: 3 START
2019-11-26 13:44:28.355 4729 INFO rally.task.runner [-] Task 1643cad8-380c-4b3c-a108-e26b43a0346d | ITER: 4 START
2019-11-26 13:44:31.291 4725 RALLYDEBUG rally.task.utils [-] Waiting for resource s_rally_8331e021_fh120Qp9. Status changed: AVAILABLE => EXTENDING in 0.057891845703125
2019-11-26 13:44:31.318 4727 RALLYDEBUG rally.task.utils [-] Waiting for resource s_rally_8331e021_jn2EuyhX. Status changed: AVAILABLE => EXTENDING in 0.06130051612854004
2019-11-26 13:44:31.334 4726 RALLYDEBUG rally.task.utils [-] Waiting for resource s_rally_8331e021_TEFLCFi1. Status changed: AVAILABLE => EXTENDING in 0.05606889724731445
2019-11-26 13:44:31.494 4729 RALLYDEBUG rally.task.utils [-] Waiting for resource s_rally_8331e021_hjgt9kQW. Status changed: AVAILABLE => EXTENDING in 0.06814765930175781
2019-11-26 13:44:33.370 4725 RALLYDEBUG rally.task.utils [-] Waiting for resource s_rally_8331e021_fh120Qp9. Status changed: EXTENDING => AVAILABLE in 2.0788047313690186
2019-11-26 13:44:33.396 4727 RALLYDEBUG rally.task.utils [-] Waiting for resource s_rally_8331e021_jn2EuyhX. Status changed: EXTENDING => AVAILABLE in 2.077625274658203
2019-11-26 13:44:33.406 4726 RALLYDEBUG rally.task.utils [-] Waiting for resource s_rally_8331e021_TEFLCFi1. Status changed: EXTENDING => AVAILABLE in 2.0718750953674316
2019-11-26 13:44:33.501 4725 RALLYDEBUG rally.task.utils [-] Waiting for resource s_rally_8331e021_fh120Qp9. Status changed: AVAILABLE => DELETING in 0.06200838088989258
2019-11-26 13:44:33.538 4726 RALLYDEBUG rally.task.utils [-] Waiting for resource s_rally_8331e021_TEFLCFi1. Status changed: AVAILABLE => DELETING in 0.06519436836242676
2019-11-26 13:44:33.561 4729 RALLYDEBUG rally.task.utils [-] Waiting for resource s_rally_8331e021_hjgt9kQW. Status changed: EXTENDING => AVAILABLE in 2.0669667720794678
2019-11-26 13:44:33.663 4727 RALLYDEBUG rally.task.utils [-] Waiting for resource s_rally_8331e021_jn2EuyhX. Status changed: AVAILABLE => DELETING in 0.05545854568481445
2019-11-26 13:44:33.692 4729 RALLYDEBUG rally.task.utils [-] Waiting for resource s_rally_8331e021_hjgt9kQW. Status changed: AVAILABLE => DELETING in 0.06899094581604004
2019-11-26 13:44:35.545 4725 INFO rally.task.runner [-] Task 1643cad8-380c-4b3c-a108-e26b43a0346d | ITER: 1 END: OK
2019-11-26 13:44:35.549 4725 INFO rally.task.runner [-] Task 1643cad8-380c-4b3c-a108-e26b43a0346d | ITER: 5 START
2019-11-26 13:44:35.586 4726 INFO rally.task.runner [-] Task 1643cad8-380c-4b3c-a108-e26b43a0346d | ITER: 2 END: OK
2019-11-26 13:44:35.591 4726 INFO rally.task.runner [-] Task 1643cad8-380c-4b3c-a108-e26b43a0346d | ITER: 6 START
2019-11-26 13:44:35.709 4727 INFO rally.task.runner [-] Task 1643cad8-380c-4b3c-a108-e26b43a0346d | ITER: 3 END: OK
2019-11-26 13:44:35.714 4727 INFO rally.task.runner [-] Task 1643cad8-380c-4b3c-a108-e26b43a0346d | ITER: 7 START
2019-11-26 13:44:35.738 4729 INFO rally.task.runner [-] Task 1643cad8-380c-4b3c-a108-e26b43a0346d | ITER: 4 END: OK
2019-11-26 13:44:35.742 4729 INFO rally.task.runner [-] Task 1643cad8-380c-4b3c-a108-e26b43a0346d | ITER: 8 START
2019-11-26 13:44:38.461 4725 RALLYDEBUG rally.task.utils [-] Waiting for resource s_rally_8331e021_9z0YxeLl. Status changed: AVAILABLE => EXTENDING in 0.06279754638671875
2019-11-26 13:44:38.638 4726 RALLYDEBUG rally.task.utils [-] Waiting for resource s_rally_8331e021_Q8CoHK0A. Status changed: AVAILABLE => EXTENDING in 0.17468523979187012
2019-11-26 13:44:38.787 4729 RALLYDEBUG rally.task.utils [-] Waiting for resource s_rally_8331e021_vpUAeNq1. Status changed: AVAILABLE => EXTENDING in 0.0657196044921875
2019-11-26 13:44:38.792 4727 RALLYDEBUG rally.task.utils [-] Waiting for resource s_rally_8331e021_yxZep3X0. Status changed: AVAILABLE => EXTENDING in 0.0616154670715332
2019-11-26 13:44:40.536 4725 RALLYDEBUG rally.task.utils [-] Waiting for resource s_rally_8331e021_9z0YxeLl. Status changed: EXTENDING => AVAILABLE in 2.075437307357788
2019-11-26 13:44:40.685 4725 RALLYDEBUG rally.task.utils [-] Waiting for resource s_rally_8331e021_9z0YxeLl. Status changed: AVAILABLE => DELETING in 0.07057905197143555
2019-11-26 13:44:40.828 4726 RALLYDEBUG rally.task.utils [-] Waiting for resource s_rally_8331e021_Q8CoHK0A. Status changed: EXTENDING => AVAILABLE in 2.1899054050445557
2019-11-26 13:44:40.858 4729 RALLYDEBUG rally.task.utils [-] Waiting for resource s_rally_8331e021_vpUAeNq1. Status changed: EXTENDING => AVAILABLE in 2.0706753730773926
2019-11-26 13:44:40.859 4727 RALLYDEBUG rally.task.utils [-] Waiting for resource s_rally_8331e021_yxZep3X0. Status changed: EXTENDING => AVAILABLE in 2.0670971870422363
2019-11-26 13:44:40.945 4726 RALLYDEBUG rally.task.utils [-] Waiting for resource s_rally_8331e021_Q8CoHK0A. Status changed: AVAILABLE => DELETING in 0.053939104080200195
2019-11-26 13:44:40.976 4727 RALLYDEBUG rally.task.utils [-] Waiting for resource s_rally_8331e021_yxZep3X0. Status changed: AVAILABLE => DELETING in 0.05825090408325195
2019-11-26 13:44:40.987 4729 RALLYDEBUG rally.task.utils [-] Waiting for resource s_rally_8331e021_vpUAeNq1. Status changed: AVAILABLE => DELETING in 0.0657808780670166
2019-11-26 13:44:42.728 4725 INFO rally.task.runner [-] Task 1643cad8-380c-4b3c-a108-e26b43a0346d | ITER: 5 END: OK
2019-11-26 13:44:42.732 4725 INFO rally.task.runner [-] Task 1643cad8-380c-4b3c-a108-e26b43a0346d | ITER: 9 START
2019-11-26 13:44:42.983 4726 INFO rally.task.runner [-] Task 1643cad8-380c-4b3c-a108-e26b43a0346d | ITER: 6 END: OK
2019-11-26 13:44:42.987 4726 INFO rally.task.runner [-] Task 1643cad8-380c-4b3c-a108-e26b43a0346d | ITER: 10 START
2019-11-26 13:44:43.020 4727 INFO rally.task.runner [-] Task 1643cad8-380c-4b3c-a108-e26b43a0346d | ITER: 7 END: OK
2019-11-26 13:44:43.028 4729 INFO rally.task.runner [-] Task 1643cad8-380c-4b3c-a108-e26b43a0346d | ITER: 8 END: OK
2019-11-26 13:44:45.653 4725 RALLYDEBUG rally.task.utils [-] Waiting for resource s_rally_8331e021_BKG3Lr9J. Status changed: AVAILABLE => EXTENDING in 0.06282854080200195
2019-11-26 13:44:46.087 4726 RALLYDEBUG rally.task.utils [-] Waiting for resource s_rally_8331e021_OHjUoUFp. Status changed: AVAILABLE => EXTENDING in 0.07419109344482422
2019-11-26 13:44:47.727 4725 RALLYDEBUG rally.task.utils [-] Waiting for resource s_rally_8331e021_BKG3Lr9J. Status changed: EXTENDING => AVAILABLE in 2.0738604068756104
2019-11-26 13:44:47.869 4725 RALLYDEBUG rally.task.utils [-] Waiting for resource s_rally_8331e021_BKG3Lr9J. Status changed: AVAILABLE => DELETING in 0.06820297241210938
2019-11-26 13:44:48.164 4726 RALLYDEBUG rally.task.utils [-] Waiting for resource s_rally_8331e021_OHjUoUFp. Status changed: EXTENDING => AVAILABLE in 2.0771119594573975
2019-11-26 13:44:48.302 4726 RALLYDEBUG rally.task.utils [-] Waiting for resource s_rally_8331e021_OHjUoUFp. Status changed: AVAILABLE => DELETING in 0.06897878646850586
2019-11-26 13:44:49.917 4725 INFO rally.task.runner [-] Task 1643cad8-380c-4b3c-a108-e26b43a0346d | ITER: 9 END: OK
2019-11-26 13:44:50.351 4726 INFO rally.task.runner [-] Task 1643cad8-380c-4b3c-a108-e26b43a0346d | ITER: 10 END: OK
2019-11-26 13:44:50.376 1845 INFO rally.task.context [-] Task 1643cad8-380c-4b3c-a108-e26b43a0346d | Context cleanup@openstack cleanup() started
2019-11-26 13:44:50.380 1845 RALLYDEBUG rally_openstack.cleanup.manager [-] Cleaning up cinder backups objects
2019-11-26 13:44:51.571 1845 RALLYDEBUG rally_openstack.cleanup.manager [-] Cleaning up cinder volume_snapshots objects
2019-11-26 13:44:52.752 1845 RALLYDEBUG rally_openstack.cleanup.manager [-] Cleaning up cinder transfers objects
2019-11-26 13:44:53.924 1845 RALLYDEBUG rally_openstack.cleanup.manager [-] Cleaning up cinder volumes objects
2019-11-26 13:44:55.344 1845 INFO rally.task.context [-] Task 1643cad8-380c-4b3c-a108-e26b43a0346d | Context cleanup@openstack cleanup() finished in 4.97 sec
2019-11-26 13:44:55.345 1845 INFO rally.task.context [-] Task 1643cad8-380c-4b3c-a108-e26b43a0346d | Context quotas@openstack cleanup() started
2019-11-26 13:44:55.420 1845 INFO rally.task.context [-] Task 1643cad8-380c-4b3c-a108-e26b43a0346d | Context quotas@openstack cleanup() finished in 75.81 msec
2019-11-26 13:44:55.421 1845 INFO rally.task.context [-] Task 1643cad8-380c-4b3c-a108-e26b43a0346d | Context api_versions@openstack cleanup() started
2019-11-26 13:44:55.421 1845 INFO rally.task.context [-] Task 1643cad8-380c-4b3c-a108-e26b43a0346d | Context api_versions@openstack cleanup() finished in 0.37 msec
2019-11-26 13:44:55.422 1845 INFO rally.task.context [-] Task 1643cad8-380c-4b3c-a108-e26b43a0346d | Context users@openstack cleanup() started
2019-11-26 13:44:59.880 1845 INFO rally.task.context [-] Task 1643cad8-380c-4b3c-a108-e26b43a0346d | Context users@openstack cleanup() finished in 4.46 sec
2019-11-26 13:45:00.409 1845 INFO rally.task.engine [-] Load duration is: 22.000852
2019-11-26 13:45:00.410 1845 INFO rally.task.engine [-] Full runner duration is: 22.051016
2019-11-26 13:45:00.410 1845 INFO rally.task.engine [-] Full duration is: 35.660944
2019-11-26 13:45:00.732 1845 INFO rally.task.engine [-] Running workload: position = 0 config = { "version": 2, "title": "A cropped version of a bigger task.", "description": "Auto-generated task from a single workload (uuid=198994c0-0d13-4f4c-b5b1-39e279cd402e)", "subtasks": [ { "title": "CinderVolumes.create_from_volume_and_delete_volume", "description": "Create volume from volume and then delete it.", "scenario": { "CinderVolumes.create_from_volume_and_delete_volume": { "size": 1 } }, "contexts": { "users": { "tenants": 3, "users_per_tenant": 2 }, "quotas": { "cinder": { "gigabytes": -1, "snapshots": -1, "volumes": -1 } }, "api_versions": { "cinder": { "version": 3, "service_type": "volumev3" } }, "volumes": { "size": 1, "volumes_per_tenant": 1 } }, "runner": { "constant": { "concurrency": 4, "times": 10 } }, "hooks": [], "sla": { "failure_rate": { "max": 0 } } } ] }
2019-11-26 13:45:00.759 1845 RALLYDEBUG rally_openstack.contexts.keystone.users [-] Creating 3 tenants using 20 threads
2019-11-26 13:45:01.816 1845 RALLYDEBUG rally_openstack.contexts.keystone.users [-] Creating 6 users using 20 threads
2019-11-26 13:45:03.377 1845 INFO rally.task.context [-] Task 1643cad8-380c-4b3c-a108-e26b43a0346d | Context users@openstack setup() finished in 2.62 sec
2019-11-26 13:45:03.800 1845 INFO rally.task.context [-] Task 1643cad8-380c-4b3c-a108-e26b43a0346d | Context api_versions@openstack setup() finished in 0.42 sec
2019-11-26 13:45:04.795 1845 INFO rally.task.context [-] Task 1643cad8-380c-4b3c-a108-e26b43a0346d | Context quotas@openstack setup() finished in 0.99 sec
2019-11-26 13:45:13.534 1845 INFO rally.task.context [-] Task 1643cad8-380c-4b3c-a108-e26b43a0346d | Context volumes@openstack setup() finished in 8.74 sec
2019-11-26 13:45:13.534 1845 INFO rally.task.context [-] Task 1643cad8-380c-4b3c-a108-e26b43a0346d | Context cleanup@openstack setup() finished in 0.01 msec
2019-11-26 13:45:13.543 1845 RALLYDEBUG rally.task.runner [-] Starting the constant runner (task UUID: 1643cad8-380c-4b3c-a108-e26b43a0346d). times: 10 concurrency: 4 timeout: 0 max_cpu_used: 16 processes_to_start: 4 concurrency_per_worker: 1 concurrency_overhead: 0
2019-11-26 13:45:13.555 4909 RALLYDEBUG rally.task.runner [-] Starting a worker. times: 10 duration: None concurrency: 1 timeout: 0 cls: method_name: run args: {"size": 1}
2019-11-26 13:45:13.559 4910 RALLYDEBUG rally.task.runner [-] Starting a worker. times: 10 duration: None concurrency: 1 timeout: 0 cls: method_name: run args: {"size": 1}
2019-11-26 13:45:13.563 4909 INFO rally.task.runner [-] Task 1643cad8-380c-4b3c-a108-e26b43a0346d | ITER: 1 START
2019-11-26 13:45:13.562 4911 RALLYDEBUG rally.task.runner [-] Starting a worker. times: 10 duration: None concurrency: 1 timeout: 0 cls: method_name: run args: {"size": 1}
2019-11-26 13:45:13.566 4910 INFO rally.task.runner [-] Task 1643cad8-380c-4b3c-a108-e26b43a0346d | ITER: 2 START
2019-11-26 13:45:13.566 4912 RALLYDEBUG rally.task.runner [-] Starting a worker. times: 10 duration: None concurrency: 1 timeout: 0 cls: method_name: run args: {"size": 1}
2019-11-26 13:45:13.569 4911 INFO rally.task.runner [-] Task 1643cad8-380c-4b3c-a108-e26b43a0346d | ITER: 3 START
2019-11-26 13:45:13.573 4912 INFO rally.task.runner [-] Task 1643cad8-380c-4b3c-a108-e26b43a0346d | ITER: 4 START
2019-11-26 13:45:16.478 4909 RALLYDEBUG rally.task.utils [-] Waiting for resource s_rally_198994c0_exHDlEV7. Status changed: AVAILABLE => DELETING in 0.05463123321533203
2019-11-26 13:45:16.487 4910 RALLYDEBUG rally.task.utils [-] Waiting for resource s_rally_198994c0_JEOwJb5r. Status changed: AVAILABLE => DELETING in 0.055333614349365234
2019-11-26 13:45:16.537 4911 RALLYDEBUG rally.task.utils [-] Waiting for resource s_rally_198994c0_I8QrqBUZ. Status changed: AVAILABLE => DELETING in 0.05389666557312012
2019-11-26 13:45:16.539 4912 RALLYDEBUG rally.task.utils [-] Waiting for resource s_rally_198994c0_s85sOp8m. Status changed: AVAILABLE => DELETING in 0.05631279945373535
2019-11-26 13:45:18.523 4909 INFO rally.task.runner [-] Task 1643cad8-380c-4b3c-a108-e26b43a0346d | ITER: 1 END: OK
2019-11-26 13:45:18.527 4909 INFO rally.task.runner [-] Task 1643cad8-380c-4b3c-a108-e26b43a0346d | ITER: 5 START
2019-11-26 13:45:18.534 4910 INFO rally.task.runner [-] Task 1643cad8-380c-4b3c-a108-e26b43a0346d | ITER: 2 END: OK
2019-11-26 13:45:18.539 4910 INFO rally.task.runner [-] Task 1643cad8-380c-4b3c-a108-e26b43a0346d | ITER: 6 START
2019-11-26 13:45:18.583 4911 INFO rally.task.runner [-] Task 1643cad8-380c-4b3c-a108-e26b43a0346d | ITER: 3 END: OK
2019-11-26 13:45:18.583 4912 INFO rally.task.runner [-] Task 1643cad8-380c-4b3c-a108-e26b43a0346d | ITER: 4 END: OK
2019-11-26 13:45:18.587 4911 INFO rally.task.runner [-] Task 1643cad8-380c-4b3c-a108-e26b43a0346d | ITER: 7 START
2019-11-26 13:45:18.589 4912 INFO rally.task.runner [-] Task 1643cad8-380c-4b3c-a108-e26b43a0346d | ITER: 8 START
2019-11-26 13:45:21.445 4911 RALLYDEBUG rally.task.utils [-] Waiting for resource s_rally_198994c0_bcC3tzQ6. Status changed: AVAILABLE => DELETING in 0.05712628364562988
2019-11-26 13:45:21.478 4912 RALLYDEBUG rally.task.utils [-] Waiting for resource s_rally_198994c0_Fgpzenm6. Status changed: AVAILABLE => DELETING in 0.06221270561218262
2019-11-26 13:45:21.508 4910 RALLYDEBUG rally.task.utils [-] Waiting for resource s_rally_198994c0_N0RoAL0q. Status changed: AVAILABLE => DELETING in 0.061043739318847656
2019-11-26 13:45:21.508 4909 RALLYDEBUG rally.task.utils [-] Waiting for resource s_rally_198994c0_U9i2gN5z. Status changed: AVAILABLE => DELETING in 0.058420658111572266
2019-11-26 13:45:23.491 4911 INFO rally.task.runner [-] Task 1643cad8-380c-4b3c-a108-e26b43a0346d | ITER: 7 END: OK
2019-11-26 13:45:23.495 4911 INFO rally.task.runner [-] Task 1643cad8-380c-4b3c-a108-e26b43a0346d | ITER: 9 START
2019-11-26 13:45:23.516 4912 INFO rally.task.runner [-] Task 1643cad8-380c-4b3c-a108-e26b43a0346d | ITER: 8 END: OK
2019-11-26 13:45:23.519 4912 INFO rally.task.runner [-] Task 1643cad8-380c-4b3c-a108-e26b43a0346d | ITER: 10 START
2019-11-26 13:45:23.550 4909 INFO rally.task.runner [-] Task 1643cad8-380c-4b3c-a108-e26b43a0346d | ITER: 5 END: OK
2019-11-26 13:45:23.554 4910 INFO rally.task.runner [-] Task 1643cad8-380c-4b3c-a108-e26b43a0346d | ITER: 6 END: OK
2019-11-26 13:45:26.456 4912 RALLYDEBUG rally.task.utils [-] Waiting for resource s_rally_198994c0_FmnXijGa. Status changed: AVAILABLE => DELETING in 0.0644385814666748
2019-11-26 13:45:26.473 4911 RALLYDEBUG rally.task.utils [-] Waiting for resource s_rally_198994c0_qd1tRY1V. Status changed: AVAILABLE => DELETING in 0.06820201873779297
2019-11-26 13:45:28.503 4912 INFO rally.task.runner [-] Task 1643cad8-380c-4b3c-a108-e26b43a0346d | ITER: 10 END: OK
2019-11-26 13:45:28.525 4911 INFO rally.task.runner [-] Task 1643cad8-380c-4b3c-a108-e26b43a0346d | ITER: 9 END: OK
2019-11-26 13:45:28.550 1845 INFO rally.task.context [-] Task 1643cad8-380c-4b3c-a108-e26b43a0346d | Context cleanup@openstack cleanup() started
2019-11-26 13:45:28.553 1845 RALLYDEBUG rally_openstack.cleanup.manager [-] Cleaning up cinder backups objects
2019-11-26 13:45:29.746 1845 RALLYDEBUG rally_openstack.cleanup.manager [-] Cleaning up cinder volume_snapshots objects
2019-11-26 13:45:30.927 1845 RALLYDEBUG rally_openstack.cleanup.manager [-] Cleaning up cinder transfers objects
2019-11-26 13:45:32.108 1845 RALLYDEBUG rally_openstack.cleanup.manager [-] Cleaning up cinder volumes objects
2019-11-26 13:45:33.426 1845 INFO rally.task.context [-] Task 1643cad8-380c-4b3c-a108-e26b43a0346d | Context cleanup@openstack cleanup() finished in 4.88 sec
2019-11-26 13:45:33.426 1845 INFO rally.task.context [-] Task 1643cad8-380c-4b3c-a108-e26b43a0346d | Context volumes@openstack cleanup() started
2019-11-26 13:45:33.427 1845 RALLYDEBUG rally_openstack.cleanup.manager [-] Cleaning up cinder volumes objects
2019-11-26 13:45:34.674 1845 RALLYDEBUG rally_openstack.cleanup.manager [-] Deleting cinder.volumes object c_rally_198994c0_sFN5BRni (adda4e3f-8543-4553-9cc7-420a3fe8efd1)
2019-11-26 13:45:34.680 1845 RALLYDEBUG rally_openstack.cleanup.manager [-] Deleting cinder.volumes object c_rally_198994c0_DSa1kVY6 (113e0366-5dc8-48fb-a289-c710b16d869c)
2019-11-26 13:45:34.686 1845 RALLYDEBUG rally_openstack.cleanup.manager [-] Deleting cinder.volumes object c_rally_198994c0_NJLS2Qmg (31a158a9-7e5a-486d-8af4-a29b9726fc20)
2019-11-26 13:45:37.215 1845 INFO rally.task.context [-] Task 1643cad8-380c-4b3c-a108-e26b43a0346d | Context volumes@openstack cleanup() finished in 3.79 sec
2019-11-26 13:45:37.216 1845 INFO rally.task.context [-] Task 1643cad8-380c-4b3c-a108-e26b43a0346d | Context quotas@openstack cleanup() started
2019-11-26 13:45:37.305 1845 INFO rally.task.context [-] Task 1643cad8-380c-4b3c-a108-e26b43a0346d | Context quotas@openstack cleanup() finished in 89.17 msec
2019-11-26 13:45:37.305 1845 INFO rally.task.context [-] Task 1643cad8-380c-4b3c-a108-e26b43a0346d | Context api_versions@openstack cleanup() started
2019-11-26 13:45:37.306 1845 INFO rally.task.context [-] Task 1643cad8-380c-4b3c-a108-e26b43a0346d | Context api_versions@openstack cleanup() finished in 0.37 msec
2019-11-26 13:45:37.306 1845 INFO rally.task.context [-] Task 1643cad8-380c-4b3c-a108-e26b43a0346d | Context users@openstack cleanup() started
2019-11-26 13:45:41.847 1845 INFO rally.task.context [-] Task 1643cad8-380c-4b3c-a108-e26b43a0346d | Context users@openstack cleanup() finished in 4.54 sec
2019-11-26 13:45:43.005 1845 INFO rally.task.engine [-] Load duration is: 14.95785
2019-11-26 13:45:43.006 1845 INFO rally.task.engine [-] Full runner duration is: 15.006493
2019-11-26 13:45:43.006 1845 INFO rally.task.engine [-] Full duration is: 41.090604
2019-11-26 13:45:43.272 1845 INFO rally.task.engine [-] Running workload: position = 0 config = { "version": 2, "title": "A cropped version of a bigger task.", "description": "Auto-generated task from a single workload (uuid=a435b131-d1dd-4f37-a252-91d78129157b)", "subtasks": [ { "title": "CinderQos.create_and_get_qos", "description": "Create a qos, then get details of the qos.", "scenario": { "CinderQos.create_and_get_qos": { "consumer": "both", "write_iops_sec": "10", "read_iops_sec": "1000" } }, "contexts": { "users": { "tenants": 3, "users_per_tenant": 2 }, "api_versions": { "cinder": { "version": 3, "service_type": "volumev3" } } }, "runner": { "constant": { "concurrency": 4, "times": 10 } }, "hooks": [], "sla": { "failure_rate": { "max": 0 } } } ] }
2019-11-26 13:45:43.296 1845 RALLYDEBUG rally_openstack.contexts.keystone.users [-] Creating 3 tenants using 20 threads
2019-11-26 13:45:44.401 1845 RALLYDEBUG rally_openstack.contexts.keystone.users [-] Creating 6 users using 20 threads
2019-11-26 13:45:45.930 1845 INFO rally.task.context [-] Task 1643cad8-380c-4b3c-a108-e26b43a0346d | Context users@openstack setup() finished in 2.63 sec
2019-11-26 13:45:46.332 1845 INFO rally.task.context [-] Task 1643cad8-380c-4b3c-a108-e26b43a0346d | Context api_versions@openstack setup() finished in 0.40 sec
2019-11-26 13:45:46.333 1845 INFO rally.task.context [-] Task 1643cad8-380c-4b3c-a108-e26b43a0346d | Context admin_cleanup@openstack setup() finished in 0.01 msec
2019-11-26 13:45:46.342 1845 RALLYDEBUG rally.task.runner [-] Starting the constant runner (task UUID: 1643cad8-380c-4b3c-a108-e26b43a0346d). times: 10 concurrency: 4 timeout: 0 max_cpu_used: 16 processes_to_start: 4 concurrency_per_worker: 1 concurrency_overhead: 0
2019-11-26 13:45:46.354 5113 RALLYDEBUG rally.task.runner [-] Starting a worker. times: 10 duration: None concurrency: 1 timeout: 0 cls: method_name: run args: {"consumer": "both", "write_iops_sec": "10", "read_iops_sec": "1000"}
2019-11-26 13:45:46.357 5114 RALLYDEBUG rally.task.runner [-] Starting a worker. times: 10 duration: None concurrency: 1 timeout: 0 cls: method_name: run args: {"consumer": "both", "write_iops_sec": "10", "read_iops_sec": "1000"}
2019-11-26 13:45:46.361 5113 INFO rally.task.runner [-] Task 1643cad8-380c-4b3c-a108-e26b43a0346d | ITER: 1 START
2019-11-26 13:45:46.361 5115 RALLYDEBUG rally.task.runner [-] Starting a worker. times: 10 duration: None concurrency: 1 timeout: 0 cls: method_name: run args: {"consumer": "both", "write_iops_sec": "10", "read_iops_sec": "1000"}
2019-11-26 13:45:46.364 5114 INFO rally.task.runner [-] Task 1643cad8-380c-4b3c-a108-e26b43a0346d | ITER: 2 START
2019-11-26 13:45:46.364 5117 RALLYDEBUG rally.task.runner [-] Starting a worker. times: 10 duration: None concurrency: 1 timeout: 0 cls: method_name: run args: {"consumer": "both", "write_iops_sec": "10", "read_iops_sec": "1000"}
2019-11-26 13:45:46.368 5115 INFO rally.task.runner [-] Task 1643cad8-380c-4b3c-a108-e26b43a0346d | ITER: 3 START
2019-11-26 13:45:46.370 5117 INFO rally.task.runner [-] Task 1643cad8-380c-4b3c-a108-e26b43a0346d | ITER: 4 START
2019-11-26 13:45:46.833 5117 INFO rally.task.runner [-] Task 1643cad8-380c-4b3c-a108-e26b43a0346d | ITER: 4 END: OK
2019-11-26 13:45:46.836 5115 INFO rally.task.runner [-] Task 1643cad8-380c-4b3c-a108-e26b43a0346d | ITER: 3 END: OK
2019-11-26 13:45:46.838 5117 INFO rally.task.runner [-] Task 1643cad8-380c-4b3c-a108-e26b43a0346d | ITER: 5 START
2019-11-26 13:45:46.841 5115 INFO rally.task.runner [-] Task 1643cad8-380c-4b3c-a108-e26b43a0346d | ITER: 6 START
2019-11-26 13:45:46.871 5114 INFO rally.task.runner [-] Task 1643cad8-380c-4b3c-a108-e26b43a0346d | ITER: 2 END: OK
2019-11-26 13:45:46.871 5113 INFO rally.task.runner [-] Task 1643cad8-380c-4b3c-a108-e26b43a0346d | ITER: 1 END: OK
2019-11-26 13:45:46.876 5114 INFO rally.task.runner [-] Task 1643cad8-380c-4b3c-a108-e26b43a0346d | ITER: 7 START
2019-11-26 13:45:46.876 5113 INFO rally.task.runner [-] Task 1643cad8-380c-4b3c-a108-e26b43a0346d | ITER: 8 START
2019-11-26 13:45:47.236 5117 INFO rally.task.runner [-] Task 1643cad8-380c-4b3c-a108-e26b43a0346d | ITER: 5 END: OK
2019-11-26 13:45:47.240 5117 INFO rally.task.runner [-] Task 1643cad8-380c-4b3c-a108-e26b43a0346d | ITER: 9 START
2019-11-26 13:45:47.257 5115 INFO rally.task.runner [-] Task 1643cad8-380c-4b3c-a108-e26b43a0346d | ITER: 6 END: OK
2019-11-26 13:45:47.260 5115 INFO rally.task.runner [-] Task 1643cad8-380c-4b3c-a108-e26b43a0346d | ITER: 10 START
2019-11-26 13:45:47.272 5113 INFO rally.task.runner [-] Task 1643cad8-380c-4b3c-a108-e26b43a0346d | ITER: 8 END: OK
2019-11-26 13:45:47.285 5114 INFO rally.task.runner [-] Task 1643cad8-380c-4b3c-a108-e26b43a0346d | ITER: 7 END: OK
2019-11-26 13:45:47.637 5117 INFO rally.task.runner [-] Task 1643cad8-380c-4b3c-a108-e26b43a0346d | ITER: 9 END: OK
2019-11-26 13:45:47.647 5115 INFO rally.task.runner [-] Task 1643cad8-380c-4b3c-a108-e26b43a0346d | ITER: 10 END: OK
2019-11-26 13:45:47.671 1845 INFO rally.task.context [-] Task 1643cad8-380c-4b3c-a108-e26b43a0346d | Context admin_cleanup@openstack cleanup() started
2019-11-26 13:45:47.674 1845 RALLYDEBUG rally_openstack.cleanup.manager [-] Cleaning up cinder volume_types objects
2019-11-26 13:45:48.135 1845 RALLYDEBUG rally_openstack.cleanup.manager [-] Cleaning up cinder image_volumes_cache objects
2019-11-26 13:45:48.692 1845 RALLYDEBUG rally_openstack.cleanup.manager [-] Cleaning up cinder quotas objects
2019-11-26 13:45:49.494 1845 RALLYDEBUG rally_openstack.cleanup.manager [-] Cleaning up cinder qos_specs objects
2019-11-26 13:45:49.896 1845 RALLYDEBUG rally_openstack.cleanup.manager [-] Deleting cinder.qos_specs object s_rally_a435b131_TqoZlo6V (9175271b-8cf0-45dd-a69c-f7a6c2c29887)
2019-11-26 13:45:49.906 1845 RALLYDEBUG rally_openstack.cleanup.manager [-] Deleting cinder.qos_specs object s_rally_a435b131_3Jew9jJH (0fe65769-4040-44c9-a868-d91030e5316c)
2019-11-26 13:45:49.915 1845 RALLYDEBUG rally_openstack.cleanup.manager [-] Deleting cinder.qos_specs object s_rally_a435b131_YuuJxqPP (fdacb585-f702-42e0-8683-045d61853cd5)
2019-11-26 13:45:49.924 1845 RALLYDEBUG rally_openstack.cleanup.manager [-] Deleting cinder.qos_specs object s_rally_a435b131_K2hQeIbx (a66a1454-6009-4ff8-9f0e-0a4985c83ca8)
2019-11-26 13:45:49.933 1845 RALLYDEBUG rally_openstack.cleanup.manager [-] Deleting cinder.qos_specs object s_rally_a435b131_izjKblEa (928f8f56-264b-4318-9ebc-165b387dc1b5)
2019-11-26 13:45:49.950 1845 RALLYDEBUG rally_openstack.cleanup.manager [-] Deleting cinder.qos_specs object s_rally_a435b131_6gigrfpJ (91a1ea81-4e66-4138-86d8-d85a639e0783)
2019-11-26 13:45:49.981 1845 RALLYDEBUG rally_openstack.cleanup.manager [-] Deleting cinder.qos_specs object s_rally_a435b131_oKRJpdJV (7b0c38b4-133e-4697-8d03-292f373b8c4d)
2019-11-26 13:45:49.989 1845 RALLYDEBUG rally_openstack.cleanup.manager [-] Deleting cinder.qos_specs object s_rally_a435b131_g6GTuhed (39fa4a66-b924-422f-b59e-bdd0ea653d1a)
2019-11-26 13:45:49.997 1845 RALLYDEBUG rally_openstack.cleanup.manager [-] Deleting cinder.qos_specs object s_rally_a435b131_Puv620Py (34d911be-9a12-441a-9221-c2c28157db78)
2019-11-26 13:45:50.007 1845 RALLYDEBUG rally_openstack.cleanup.manager [-] Deleting cinder.qos_specs object s_rally_a435b131_LaZ8bpJA (1cf8e345-0387-403e-a8c3-1a34ae0d82c1)
2019-11-26 13:45:51.669 1845 INFO rally.task.context [-] Task 1643cad8-380c-4b3c-a108-e26b43a0346d | Context admin_cleanup@openstack cleanup() finished in 4.00 sec
2019-11-26 13:45:51.670 1845 INFO rally.task.context [-] Task 1643cad8-380c-4b3c-a108-e26b43a0346d | Context api_versions@openstack cleanup() started
2019-11-26 13:45:51.670 1845 INFO rally.task.context [-] Task 1643cad8-380c-4b3c-a108-e26b43a0346d | Context api_versions@openstack cleanup() finished in 0.38 msec
2019-11-26 13:45:51.670 1845 INFO rally.task.context [-] Task 1643cad8-380c-4b3c-a108-e26b43a0346d | Context users@openstack cleanup() started
2019-11-26 13:45:56.434 1845 INFO rally.task.context [-] Task 1643cad8-380c-4b3c-a108-e26b43a0346d | Context users@openstack cleanup() finished in 4.76 sec
2019-11-26 13:45:57.393 1845 INFO rally.task.engine [-] Load duration is: 1.281173
2019-11-26 13:45:57.393 1845 INFO rally.task.engine [-] Full runner duration is: 1.329418
2019-11-26 13:45:57.394 1845 INFO rally.task.engine [-] Full duration is: 13.139922
