2019-11-26 13:49:38.749 6547 INFO rally.task.engine [-] Running workload: position = 0 config = { "version": 2, "title": "A cropped version of a bigger task.", "description": "Auto-generated task from a single workload (uuid=f74bc50a-3424-41a0-add3-cf52c15f5ec5)", "subtasks": [ { "title": "GnocchiResourceType.create_resource_type", "description": "Create resource type.", "scenario": { "GnocchiResourceType.create_resource_type": { "attributes": { "foo": { "required": false, "type": "string" }, "bar": { "required": true, "type": "number" } } } }, "contexts": { "users": { "tenants": 3, "users_per_tenant": 2 } }, "runner": { "constant": { "concurrency": 4, "times": 10 } }, "hooks": [], "sla": { "failure_rate": { "max": 0 } } } ] }
2019-11-26 13:49:38.772 6547 RALLYDEBUG rally_openstack.contexts.keystone.users [-] Creating 3 tenants using 20 threads
2019-11-26 13:49:39.728 6547 RALLYDEBUG rally_openstack.contexts.keystone.users [-] Creating 6 users using 20 threads
2019-11-26 13:49:41.292 6547 INFO rally.task.context [-] Task 8ba343ff-5079-4197-b4b3-6853ec492f73 | Context users@openstack setup() finished in 2.52 sec
2019-11-26 13:49:41.293 6547 INFO rally.task.context [-] Task 8ba343ff-5079-4197-b4b3-6853ec492f73 | Context admin_cleanup@openstack setup() finished in 0.04 msec
2019-11-26 13:49:41.304 6547 RALLYDEBUG rally.task.runner [-] Starting the constant runner (task UUID: 8ba343ff-5079-4197-b4b3-6853ec492f73). times: 10 concurrency: 4 timeout: 0 max_cpu_used: 16 processes_to_start: 4 concurrency_per_worker: 1 concurrency_overhead: 0
2019-11-26 13:49:41.316 7687 RALLYDEBUG rally.task.runner [-] Starting a worker. times: 10 duration: None concurrency: 1 timeout: 0 cls: method_name: run args: {"attributes": {"foo": {"required": false, "type": "string"}, "bar": {"required": true, "type": "number"}}}
2019-11-26 13:49:41.320 7688 RALLYDEBUG rally.task.runner [-] Starting a worker. times: 10 duration: None concurrency: 1 timeout: 0 cls: method_name: run args: {"attributes": {"foo": {"required": false, "type": "string"}, "bar": {"required": true, "type": "number"}}}
2019-11-26 13:49:41.323 7687 INFO rally.task.runner [-] Task 8ba343ff-5079-4197-b4b3-6853ec492f73 | ITER: 1 START
2019-11-26 13:49:41.324 7689 RALLYDEBUG rally.task.runner [-] Starting a worker. times: 10 duration: None concurrency: 1 timeout: 0 cls: method_name: run args: {"attributes": {"foo": {"required": false, "type": "string"}, "bar": {"required": true, "type": "number"}}}
2019-11-26 13:49:41.327 7688 INFO rally.task.runner [-] Task 8ba343ff-5079-4197-b4b3-6853ec492f73 | ITER: 2 START
2019-11-26 13:49:41.327 7690 RALLYDEBUG rally.task.runner [-] Starting a worker. times: 10 duration: None concurrency: 1 timeout: 0 cls: method_name: run args: {"attributes": {"foo": {"required": false, "type": "string"}, "bar": {"required": true, "type": "number"}}}
2019-11-26 13:49:41.330 7689 INFO rally.task.runner [-] Task 8ba343ff-5079-4197-b4b3-6853ec492f73 | ITER: 3 START
2019-11-26 13:49:41.334 7690 INFO rally.task.runner [-] Task 8ba343ff-5079-4197-b4b3-6853ec492f73 | ITER: 4 START
2019-11-26 13:49:45.394 7687 INFO rally.task.runner [-] Task 8ba343ff-5079-4197-b4b3-6853ec492f73 | ITER: 1 END: OK
2019-11-26 13:49:45.394 7689 INFO rally.task.runner [-] Task 8ba343ff-5079-4197-b4b3-6853ec492f73 | ITER: 3 END: OK
2019-11-26 13:49:45.394 7688 INFO rally.task.runner [-] Task 8ba343ff-5079-4197-b4b3-6853ec492f73 | ITER: 2 END: OK
2019-11-26 13:49:45.398 7687 INFO rally.task.runner [-] Task 8ba343ff-5079-4197-b4b3-6853ec492f73 | ITER: 5 START
2019-11-26 13:49:45.398 7688 INFO rally.task.runner [-] Task 8ba343ff-5079-4197-b4b3-6853ec492f73 | ITER: 6 START
2019-11-26 13:49:45.399 7689 INFO rally.task.runner [-] Task 8ba343ff-5079-4197-b4b3-6853ec492f73 | ITER: 7 START
2019-11-26 13:49:45.421 7690 INFO rally.task.runner [-] Task 8ba343ff-5079-4197-b4b3-6853ec492f73 | ITER: 4 END: OK
2019-11-26 13:49:45.425 7690 INFO rally.task.runner [-] Task 8ba343ff-5079-4197-b4b3-6853ec492f73 | ITER: 8 START
2019-11-26 13:49:49.194 7688 INFO rally.task.runner [-] Task 8ba343ff-5079-4197-b4b3-6853ec492f73 | ITER: 6 END: OK
2019-11-26 13:49:49.194 7689 INFO rally.task.runner [-] Task 8ba343ff-5079-4197-b4b3-6853ec492f73 | ITER: 7 END: OK
2019-11-26 13:49:49.198 7689 INFO rally.task.runner [-] Task 8ba343ff-5079-4197-b4b3-6853ec492f73 | ITER: 9 START
2019-11-26 13:49:49.198 7688 INFO rally.task.runner [-] Task 8ba343ff-5079-4197-b4b3-6853ec492f73 | ITER: 10 START
2019-11-26 13:49:49.447 7687 INFO rally.task.runner [-] Task 8ba343ff-5079-4197-b4b3-6853ec492f73 | ITER: 5 END: OK
2019-11-26 13:49:49.466 7690 INFO rally.task.runner [-] Task 8ba343ff-5079-4197-b4b3-6853ec492f73 | ITER: 8 END: OK
2019-11-26 13:49:51.414 7688 INFO rally.task.runner [-] Task 8ba343ff-5079-4197-b4b3-6853ec492f73 | ITER: 10 END: OK
2019-11-26 13:49:51.439 7689 INFO rally.task.runner [-] Task 8ba343ff-5079-4197-b4b3-6853ec492f73 | ITER: 9 END: OK
2019-11-26 13:49:51.467 6547 INFO rally.task.context [-] Task 8ba343ff-5079-4197-b4b3-6853ec492f73 | Context admin_cleanup@openstack cleanup() started
2019-11-26 13:49:51.471 6547 RALLYDEBUG rally_openstack.cleanup.manager [-] Cleaning up gnocchi resource_type objects
2019-11-26 13:49:51.951 6547 RALLYDEBUG rally_openstack.cleanup.manager [-] Deleting gnocchi.resource_type object s_rally_f74bc50a_2l2j4yxI (s_rally_f74bc50a_2l2j4yxI)
2019-11-26 13:49:51.956 6547 RALLYDEBUG rally_openstack.cleanup.manager [-] Deleting gnocchi.resource_type object s_rally_f74bc50a_3z2dZWJe (s_rally_f74bc50a_3z2dZWJe)
2019-11-26 13:49:51.960 6547 RALLYDEBUG rally_openstack.cleanup.manager [-] Deleting gnocchi.resource_type object s_rally_f74bc50a_5hyx85MW (s_rally_f74bc50a_5hyx85MW)
2019-11-26 13:49:51.970 6547 RALLYDEBUG rally_openstack.cleanup.manager [-] Deleting gnocchi.resource_type object s_rally_f74bc50a_BzoKawCx (s_rally_f74bc50a_BzoKawCx)
2019-11-26 13:49:51.975 6547 RALLYDEBUG rally_openstack.cleanup.manager [-] Deleting gnocchi.resource_type object s_rally_f74bc50a_EtOq18gw (s_rally_f74bc50a_EtOq18gw)
2019-11-26 13:49:51.980 6547 RALLYDEBUG rally_openstack.cleanup.manager [-] Deleting gnocchi.resource_type object s_rally_f74bc50a_8fElFR7Y (s_rally_f74bc50a_8fElFR7Y)
2019-11-26 13:49:51.995 6547 RALLYDEBUG rally_openstack.cleanup.manager [-] Deleting gnocchi.resource_type object s_rally_f74bc50a_nCR8Qmok (s_rally_f74bc50a_nCR8Qmok)
2019-11-26 13:49:52.003 6547 RALLYDEBUG rally_openstack.cleanup.manager [-] Deleting gnocchi.resource_type object s_rally_f74bc50a_pwuqbjMG (s_rally_f74bc50a_pwuqbjMG)
2019-11-26 13:49:52.008 6547 RALLYDEBUG rally_openstack.cleanup.manager [-] Deleting gnocchi.resource_type object s_rally_f74bc50a_Q6P5iFdf (s_rally_f74bc50a_Q6P5iFdf)
2019-11-26 13:49:52.036 6547 RALLYDEBUG rally_openstack.cleanup.manager [-] Deleting gnocchi.resource_type object s_rally_f74bc50a_WtpS4whs (s_rally_f74bc50a_WtpS4whs)
2019-11-26 13:49:56.882 6547 INFO rally.task.context [-] Task 8ba343ff-5079-4197-b4b3-6853ec492f73 | Context admin_cleanup@openstack cleanup() finished in 5.42 sec
2019-11-26 13:49:56.883 6547 INFO rally.task.context [-] Task 8ba343ff-5079-4197-b4b3-6853ec492f73 | Context users@openstack cleanup() started
2019-11-26 13:50:01.665 6547 INFO rally.task.context [-] Task 8ba343ff-5079-4197-b4b3-6853ec492f73 | Context users@openstack cleanup() finished in 4.78 sec
2019-11-26 13:50:02.926 6547 INFO rally.task.engine [-] Load duration is: 10.114427
2019-11-26 13:50:02.927 6547 INFO rally.task.engine [-] Full runner duration is: 10.164322
2019-11-26 13:50:02.927 6547 INFO rally.task.engine [-] Full duration is: 22.895022
2019-11-26 13:50:03.302 6547 INFO rally.task.engine [-] Running workload: position = 0 config = { "version": 2, "title": "A cropped version of a bigger task.", "description": "Auto-generated task from a single workload (uuid=4a99d9ea-b012-4dab-b0d0-57fcfbe24a6f)", "subtasks": [ { "title": "GnocchiResourceType.create_delete_resource_type", "description": "Create resource type and then delete it.", "scenario": { "GnocchiResourceType.create_delete_resource_type": { "attributes": { "foo": { "required": false, "type": "string" }, "bar": { "required": true, "type": "number" } } } }, "contexts": { "users": { "tenants": 3, "users_per_tenant": 2 } }, "runner": { "constant": { "concurrency": 4, "times": 10 } }, "hooks": [], "sla": { "failure_rate": { "max": 0 } } } ] }
2019-11-26 13:50:03.328 6547 RALLYDEBUG rally_openstack.contexts.keystone.users [-] Creating 3 tenants using 20 threads
2019-11-26 13:50:04.323 6547 RALLYDEBUG rally_openstack.contexts.keystone.users [-] Creating 6 users using 20 threads
2019-11-26 13:50:05.819 6547 INFO rally.task.context [-] Task 8ba343ff-5079-4197-b4b3-6853ec492f73 | Context users@openstack setup() finished in 2.49 sec
2019-11-26 13:50:05.819 6547 INFO rally.task.context [-] Task 8ba343ff-5079-4197-b4b3-6853ec492f73 | Context admin_cleanup@openstack setup() finished in 0.01 msec
2019-11-26 13:50:05.828 6547 RALLYDEBUG rally.task.runner [-] Starting the constant runner (task UUID: 8ba343ff-5079-4197-b4b3-6853ec492f73). times: 10 concurrency: 4 timeout: 0 max_cpu_used: 16 processes_to_start: 4 concurrency_per_worker: 1 concurrency_overhead: 0
2019-11-26 13:50:05.840 7811 RALLYDEBUG rally.task.runner [-] Starting a worker. times: 10 duration: None concurrency: 1 timeout: 0 cls: method_name: run args: {"attributes": {"foo": {"required": false, "type": "string"}, "bar": {"required": true, "type": "number"}}}
2019-11-26 13:50:05.844 7812 RALLYDEBUG rally.task.runner [-] Starting a worker. times: 10 duration: None concurrency: 1 timeout: 0 cls: method_name: run args: {"attributes": {"foo": {"required": false, "type": "string"}, "bar": {"required": true, "type": "number"}}}
2019-11-26 13:50:05.848 7811 INFO rally.task.runner [-] Task 8ba343ff-5079-4197-b4b3-6853ec492f73 | ITER: 1 START
2019-11-26 13:50:05.848 7813 RALLYDEBUG rally.task.runner [-] Starting a worker. times: 10 duration: None concurrency: 1 timeout: 0 cls: method_name: run args: {"attributes": {"foo": {"required": false, "type": "string"}, "bar": {"required": true, "type": "number"}}}
2019-11-26 13:50:05.851 7812 INFO rally.task.runner [-] Task 8ba343ff-5079-4197-b4b3-6853ec492f73 | ITER: 2 START
2019-11-26 13:50:05.851 7815 RALLYDEBUG rally.task.runner [-] Starting a worker. times: 10 duration: None concurrency: 1 timeout: 0 cls: method_name: run args: {"attributes": {"foo": {"required": false, "type": "string"}, "bar": {"required": true, "type": "number"}}}
2019-11-26 13:50:05.855 7813 INFO rally.task.runner [-] Task 8ba343ff-5079-4197-b4b3-6853ec492f73 | ITER: 3 START
2019-11-26 13:50:05.857 7815 INFO rally.task.runner [-] Task 8ba343ff-5079-4197-b4b3-6853ec492f73 | ITER: 4 START
2019-11-26 13:50:11.139 7811 INFO rally.task.runner [-] Task 8ba343ff-5079-4197-b4b3-6853ec492f73 | ITER: 1 END: OK
2019-11-26 13:50:11.139 7813 INFO rally.task.runner [-] Task 8ba343ff-5079-4197-b4b3-6853ec492f73 | ITER: 3 END: OK
2019-11-26 13:50:11.139 7815 INFO rally.task.runner [-] Task 8ba343ff-5079-4197-b4b3-6853ec492f73 | ITER: 4 END: OK
2019-11-26 13:50:11.143 7815 INFO rally.task.runner [-] Task 8ba343ff-5079-4197-b4b3-6853ec492f73 | ITER: 6 START
2019-11-26 13:50:11.145 7811 INFO rally.task.runner [-] Task 8ba343ff-5079-4197-b4b3-6853ec492f73 | ITER: 5 START
2019-11-26 13:50:11.145 7813 INFO rally.task.runner [-] Task 8ba343ff-5079-4197-b4b3-6853ec492f73 | ITER: 7 START
2019-11-26 13:50:11.245 7812 INFO rally.task.runner [-] Task 8ba343ff-5079-4197-b4b3-6853ec492f73 | ITER: 2 END: OK
2019-11-26 13:50:11.249 7812 INFO rally.task.runner [-] Task 8ba343ff-5079-4197-b4b3-6853ec492f73 | ITER: 8 START
2019-11-26 13:50:16.376 7815 INFO rally.task.runner [-] Task 8ba343ff-5079-4197-b4b3-6853ec492f73 | ITER: 6 END: OK
2019-11-26 13:50:16.380 7815 INFO rally.task.runner [-] Task 8ba343ff-5079-4197-b4b3-6853ec492f73 | ITER: 9 START
2019-11-26 13:50:16.510 7813 INFO rally.task.runner [-] Task 8ba343ff-5079-4197-b4b3-6853ec492f73 | ITER: 7 END: OK
2019-11-26 13:50:16.510 7812 INFO rally.task.runner [-] Task 8ba343ff-5079-4197-b4b3-6853ec492f73 | ITER: 8 END: OK
2019-11-26 13:50:16.514 7812 INFO rally.task.runner [-] Task 8ba343ff-5079-4197-b4b3-6853ec492f73 | ITER: 10 START
2019-11-26 13:50:16.604 7811 INFO rally.task.runner [-] Task 8ba343ff-5079-4197-b4b3-6853ec492f73 | ITER: 5 END: OK
2019-11-26 13:50:19.279 7815 INFO rally.task.runner [-] Task 8ba343ff-5079-4197-b4b3-6853ec492f73 | ITER: 9 END: OK
2019-11-26 13:50:19.303 7812 INFO rally.task.runner [-] Task 8ba343ff-5079-4197-b4b3-6853ec492f73 | ITER: 10 END: OK
2019-11-26 13:50:19.326 6547 INFO rally.task.context [-] Task 8ba343ff-5079-4197-b4b3-6853ec492f73 | Context admin_cleanup@openstack cleanup() started
2019-11-26 13:50:19.329 6547 RALLYDEBUG rally_openstack.cleanup.manager [-] Cleaning up gnocchi resource_type objects
2019-11-26 13:50:19.786 6547 INFO rally.task.context [-] Task 8ba343ff-5079-4197-b4b3-6853ec492f73 | Context admin_cleanup@openstack cleanup() finished in 0.46 sec
2019-11-26 13:50:19.786 6547 INFO rally.task.context [-] Task 8ba343ff-5079-4197-b4b3-6853ec492f73 | Context users@openstack cleanup() started
2019-11-26 13:50:24.578 6547 INFO rally.task.context [-] Task 8ba343ff-5079-4197-b4b3-6853ec492f73 | Context users@openstack cleanup() finished in 4.79 sec
2019-11-26 13:50:25.528 6547 INFO rally.task.engine [-] Load duration is: 13.453089
2019-11-26 13:50:25.530 6547 INFO rally.task.engine [-] Full runner duration is: 13.497942
2019-11-26 13:50:25.530 6547 INFO rally.task.engine [-] Full duration is: 21.252626
2019-11-26 13:50:25.901 6547 INFO rally.task.engine [-] Running workload: position = 0 config = { "version": 2, "title": "A cropped version of a bigger task.", "description": "Auto-generated task from a single workload (uuid=cfb636d3-fe43-4add-be66-c424943c1396)", "subtasks": [ { "title": "GnocchiMetric.list_metric", "description": "List metrics.", "scenario": { "GnocchiMetric.list_metric": { "limit": 10000 } }, "contexts": { "users": { "tenants": 3, "users_per_tenant": 2 } }, "runner": { "constant": { "concurrency": 4, "times": 10 } }, "hooks": [], "sla": { "failure_rate": { "max": 0 } } } ] }
2019-11-26 13:50:25.925 6547 RALLYDEBUG rally_openstack.contexts.keystone.users [-] Creating 3 tenants using 20 threads
2019-11-26 13:50:26.978 6547 RALLYDEBUG rally_openstack.contexts.keystone.users [-] Creating 6 users using 20 threads
2019-11-26 13:50:28.503 6547 INFO rally.task.context [-] Task 8ba343ff-5079-4197-b4b3-6853ec492f73 | Context users@openstack setup() finished in 2.58 sec
2019-11-26 13:50:28.513 6547 RALLYDEBUG rally.task.runner [-] Starting the constant runner (task UUID: 8ba343ff-5079-4197-b4b3-6853ec492f73). times: 10 concurrency: 4 timeout: 0 max_cpu_used: 16 processes_to_start: 4 concurrency_per_worker: 1 concurrency_overhead: 0
2019-11-26 13:50:28.526 7935 RALLYDEBUG rally.task.runner [-] Starting a worker. times: 10 duration: None concurrency: 1 timeout: 0 cls: method_name: run args: {"limit": 10000}
2019-11-26 13:50:28.529 7936 RALLYDEBUG rally.task.runner [-] Starting a worker. times: 10 duration: None concurrency: 1 timeout: 0 cls: method_name: run args: {"limit": 10000}
2019-11-26 13:50:28.533 7935 INFO rally.task.runner [-] Task 8ba343ff-5079-4197-b4b3-6853ec492f73 | ITER: 1 START
2019-11-26 13:50:28.533 7937 RALLYDEBUG rally.task.runner [-] Starting a worker. times: 10 duration: None concurrency: 1 timeout: 0 cls: method_name: run args: {"limit": 10000}
2019-11-26 13:50:28.536 7936 INFO rally.task.runner [-] Task 8ba343ff-5079-4197-b4b3-6853ec492f73 | ITER: 2 START
2019-11-26 13:50:28.536 7939 RALLYDEBUG rally.task.runner [-] Starting a worker. times: 10 duration: None concurrency: 1 timeout: 0 cls: method_name: run args: {"limit": 10000}
2019-11-26 13:50:28.540 7937 INFO rally.task.runner [-] Task 8ba343ff-5079-4197-b4b3-6853ec492f73 | ITER: 3 START
2019-11-26 13:50:28.542 7939 INFO rally.task.runner [-] Task 8ba343ff-5079-4197-b4b3-6853ec492f73 | ITER: 4 START
2019-11-26 13:50:29.033 7937 INFO rally.task.runner [-] Task 8ba343ff-5079-4197-b4b3-6853ec492f73 | ITER: 3 END: OK
2019-11-26 13:50:29.033 7936 INFO rally.task.runner [-] Task 8ba343ff-5079-4197-b4b3-6853ec492f73 | ITER: 2 END: OK
2019-11-26 13:50:29.033 7935 INFO rally.task.runner [-] Task 8ba343ff-5079-4197-b4b3-6853ec492f73 | ITER: 1 END: OK
2019-11-26 13:50:29.038 7936 INFO rally.task.runner [-] Task 8ba343ff-5079-4197-b4b3-6853ec492f73 | ITER: 6 START
2019-11-26 13:50:29.038 7935 INFO rally.task.runner [-] Task 8ba343ff-5079-4197-b4b3-6853ec492f73 | ITER: 7 START
2019-11-26 13:50:29.038 7937 INFO rally.task.runner [-] Task 8ba343ff-5079-4197-b4b3-6853ec492f73 | ITER: 5 START
2019-11-26 13:50:29.041 7939 INFO rally.task.runner [-] Task 8ba343ff-5079-4197-b4b3-6853ec492f73 | ITER: 4 END: OK
2019-11-26 13:50:29.045 7939 INFO rally.task.runner [-] Task 8ba343ff-5079-4197-b4b3-6853ec492f73 | ITER: 8 START
2019-11-26 13:50:29.392 7936 INFO rally.task.runner [-] Task 8ba343ff-5079-4197-b4b3-6853ec492f73 | ITER: 6 END: OK
2019-11-26 13:50:29.396 7936 INFO rally.task.runner [-] Task 8ba343ff-5079-4197-b4b3-6853ec492f73 | ITER: 9 START
2019-11-26 13:50:29.405 7939 INFO rally.task.runner [-] Task 8ba343ff-5079-4197-b4b3-6853ec492f73 | ITER: 8 END: OK
2019-11-26 13:50:29.408 7935 INFO rally.task.runner [-] Task 8ba343ff-5079-4197-b4b3-6853ec492f73 | ITER: 7 END: OK
2019-11-26 13:50:29.408 7939 INFO rally.task.runner [-] Task 8ba343ff-5079-4197-b4b3-6853ec492f73 | ITER: 10 START
2019-11-26 13:50:29.521 7937 INFO rally.task.runner [-] Task 8ba343ff-5079-4197-b4b3-6853ec492f73 | ITER: 5 END: OK
2019-11-26 13:50:29.880 7936 INFO rally.task.runner [-] Task 8ba343ff-5079-4197-b4b3-6853ec492f73 | ITER: 9 END: OK
2019-11-26 13:50:29.892 7939 INFO rally.task.runner [-] Task 8ba343ff-5079-4197-b4b3-6853ec492f73 | ITER: 10 END: OK
2019-11-26 13:50:29.918 6547 INFO rally.task.context [-] Task 8ba343ff-5079-4197-b4b3-6853ec492f73 | Context users@openstack cleanup() started
2019-11-26 13:50:34.466 6547 INFO rally.task.context [-] Task 8ba343ff-5079-4197-b4b3-6853ec492f73 | Context users@openstack cleanup() finished in 4.55 sec
2019-11-26 13:50:35.998 6547 INFO rally.task.engine [-] Load duration is: 1.357351
2019-11-26 13:50:35.999 6547 INFO rally.task.engine [-] Full runner duration is: 1.405303
2019-11-26 13:50:35.999 6547 INFO rally.task.engine [-] Full duration is: 8.542472
2019-11-26 13:50:36.319 6547 INFO rally.task.engine [-] Running workload: position = 0 config = { "version": 2, "title": "A cropped version of a bigger task.", "description": "Auto-generated task from a single workload (uuid=c7efc37e-4415-4ca6-bd6d-6485d000f4c4)", "subtasks": [ { "title": "GnocchiMetric.create_metric", "description": "Create metric.", "scenario": { "GnocchiMetric.create_metric": { "archive_policy_name": "low" } }, "contexts": { "users": { "tenants": 3, "users_per_tenant": 2 } }, "runner": { "constant": { "concurrency": 4, "times": 10 } }, "hooks": [], "sla": { "failure_rate": { "max": 0 } } } ] }
2019-11-26 13:50:36.343 6547 RALLYDEBUG rally_openstack.contexts.keystone.users [-] Creating 3 tenants using 20 threads
2019-11-26 13:50:37.412 6547 RALLYDEBUG rally_openstack.contexts.keystone.users [-] Creating 6 users using 20 threads
2019-11-26 13:50:39.014 6547 INFO rally.task.context [-] Task 8ba343ff-5079-4197-b4b3-6853ec492f73 | Context users@openstack setup() finished in 2.67 sec
2019-11-26 13:50:39.015 6547 INFO rally.task.context [-] Task 8ba343ff-5079-4197-b4b3-6853ec492f73 | Context cleanup@openstack setup() finished in 0.08 msec
2019-11-26 13:50:39.024 6547 RALLYDEBUG rally.task.runner [-] Starting the constant runner (task UUID: 8ba343ff-5079-4197-b4b3-6853ec492f73). times: 10 concurrency: 4 timeout: 0 max_cpu_used: 16 processes_to_start: 4 concurrency_per_worker: 1 concurrency_overhead: 0
2019-11-26 13:50:39.036 8039 RALLYDEBUG rally.task.runner [-] Starting a worker. times: 10 duration: None concurrency: 1 timeout: 0 cls: method_name: run args: {"archive_policy_name": "low"}
2019-11-26 13:50:39.040 8040 RALLYDEBUG rally.task.runner [-] Starting a worker. times: 10 duration: None concurrency: 1 timeout: 0 cls: method_name: run args: {"archive_policy_name": "low"}
2019-11-26 13:50:39.043 8039 INFO rally.task.runner [-] Task 8ba343ff-5079-4197-b4b3-6853ec492f73 | ITER: 1 START
2019-11-26 13:50:39.043 8041 RALLYDEBUG rally.task.runner [-] Starting a worker. times: 10 duration: None concurrency: 1 timeout: 0 cls: method_name: run args: {"archive_policy_name": "low"}
2019-11-26 13:50:39.047 8040 INFO rally.task.runner [-] Task 8ba343ff-5079-4197-b4b3-6853ec492f73 | ITER: 2 START
2019-11-26 13:50:39.047 8042 RALLYDEBUG rally.task.runner [-] Starting a worker. times: 10 duration: None concurrency: 1 timeout: 0 cls: method_name: run args: {"archive_policy_name": "low"}
2019-11-26 13:50:39.050 8041 INFO rally.task.runner [-] Task 8ba343ff-5079-4197-b4b3-6853ec492f73 | ITER: 3 START
2019-11-26 13:50:39.054 8042 INFO rally.task.runner [-] Task 8ba343ff-5079-4197-b4b3-6853ec492f73 | ITER: 4 START
2019-11-26 13:50:39.580 8042 INFO rally.task.runner [-] Task 8ba343ff-5079-4197-b4b3-6853ec492f73 | ITER: 4 END: OK
2019-11-26 13:50:39.585 8042 INFO rally.task.runner [-] Task 8ba343ff-5079-4197-b4b3-6853ec492f73 | ITER: 5 START
2019-11-26 13:50:39.610 8041 INFO rally.task.runner [-] Task 8ba343ff-5079-4197-b4b3-6853ec492f73 | ITER: 3 END: OK
2019-11-26 13:50:39.614 8041 INFO rally.task.runner [-] Task 8ba343ff-5079-4197-b4b3-6853ec492f73 | ITER: 6 START
2019-11-26 13:50:39.620 8039 INFO rally.task.runner [-] Task 8ba343ff-5079-4197-b4b3-6853ec492f73 | ITER: 1 END: OK
2019-11-26 13:50:39.621 8040 INFO rally.task.runner [-] Task 8ba343ff-5079-4197-b4b3-6853ec492f73 | ITER: 2 END: OK
2019-11-26 13:50:39.624 8039 INFO rally.task.runner [-] Task 8ba343ff-5079-4197-b4b3-6853ec492f73 | ITER: 7 START
2019-11-26 13:50:39.626 8040 INFO rally.task.runner [-] Task 8ba343ff-5079-4197-b4b3-6853ec492f73 | ITER: 8 START
2019-11-26 13:50:40.025 8040 INFO rally.task.runner [-] Task 8ba343ff-5079-4197-b4b3-6853ec492f73 | ITER: 8 END: OK
2019-11-26 13:50:40.029 8040 INFO rally.task.runner [-] Task 8ba343ff-5079-4197-b4b3-6853ec492f73 | ITER: 9 START
2019-11-26 13:50:40.059 8039 INFO rally.task.runner [-] Task 8ba343ff-5079-4197-b4b3-6853ec492f73 | ITER: 7 END: OK
2019-11-26 13:50:40.062 8039 INFO rally.task.runner [-] Task 8ba343ff-5079-4197-b4b3-6853ec492f73 | ITER: 10 START
2019-11-26 13:50:40.068 8042 INFO rally.task.runner [-] Task 8ba343ff-5079-4197-b4b3-6853ec492f73 | ITER: 5 END: OK
2019-11-26 13:50:40.094 8041 INFO rally.task.runner [-] Task 8ba343ff-5079-4197-b4b3-6853ec492f73 | ITER: 6 END: OK
2019-11-26 13:50:40.428 8040 INFO rally.task.runner [-] Task 8ba343ff-5079-4197-b4b3-6853ec492f73 | ITER: 9 END: OK
2019-11-26 13:50:40.641 8039 INFO rally.task.runner [-] Task 8ba343ff-5079-4197-b4b3-6853ec492f73 | ITER: 10 END: OK
2019-11-26 13:50:40.667 6547 INFO rally.task.context [-] Task 8ba343ff-5079-4197-b4b3-6853ec492f73 | Context cleanup@openstack cleanup() started
2019-11-26 13:50:40.671 6547 RALLYDEBUG rally_openstack.cleanup.manager [-] Cleaning up gnocchi metric objects
2019-11-26 13:50:41.835 6547 INFO rally.task.context [-] Task 8ba343ff-5079-4197-b4b3-6853ec492f73 | Context cleanup@openstack cleanup() finished in 1.17 sec
2019-11-26 13:50:41.836 6547 INFO rally.task.context [-] Task 8ba343ff-5079-4197-b4b3-6853ec492f73 | Context users@openstack cleanup() started
2019-11-26 13:50:46.264 6547 INFO rally.task.context [-] Task 8ba343ff-5079-4197-b4b3-6853ec492f73 | Context users@openstack cleanup() finished in 4.43 sec
2019-11-26 13:50:46.451 6547 INFO rally.task.engine [-] Load duration is: 1.596524
2019-11-26 13:50:46.451 6547 INFO rally.task.engine [-] Full runner duration is: 1.643472
2019-11-26 13:50:46.452 6547 INFO rally.task.engine [-] Full duration is: 9.922352
2019-11-26 13:50:46.750 6547 INFO rally.task.engine [-] Running workload: position = 0 config = { "version": 2, "title": "A cropped version of a bigger task.", "description": "Auto-generated task from a single workload (uuid=1c931dab-7cee-44bf-82eb-b6dc4d70b769)", "subtasks": [ { "title": "GnocchiMetric.create_delete_metric", "description": "Create metric and then delete it.", "scenario": { "GnocchiMetric.create_delete_metric": { "archive_policy_name": "low" } }, "contexts": { "users": { "tenants": 3, "users_per_tenant": 2 } }, "runner": { "constant": { "concurrency": 4, "times": 10 } }, "hooks": [], "sla": { "failure_rate": { "max": 0 } } } ] }
2019-11-26 13:50:46.773 6547 RALLYDEBUG rally_openstack.contexts.keystone.users [-] Creating 3 tenants using 20 threads
2019-11-26 13:50:47.775 6547 RALLYDEBUG rally_openstack.contexts.keystone.users [-] Creating 6 users using 20 threads
2019-11-26 13:50:49.318 6547 INFO rally.task.context [-] Task 8ba343ff-5079-4197-b4b3-6853ec492f73 | Context users@openstack setup() finished in 2.54 sec
2019-11-26 13:50:49.319 6547 INFO rally.task.context [-] Task 8ba343ff-5079-4197-b4b3-6853ec492f73 | Context cleanup@openstack setup() finished in 0.01 msec
2019-11-26 13:50:49.329 6547 RALLYDEBUG rally.task.runner [-] Starting the constant runner (task UUID: 8ba343ff-5079-4197-b4b3-6853ec492f73). times: 10 concurrency: 4 timeout: 0 max_cpu_used: 16 processes_to_start: 4 concurrency_per_worker: 1 concurrency_overhead: 0
2019-11-26 13:50:49.341 8163 RALLYDEBUG rally.task.runner [-] Starting a worker. times: 10 duration: None concurrency: 1 timeout: 0 cls: method_name: run args: {"archive_policy_name": "low"}
2019-11-26 13:50:49.345 8164 RALLYDEBUG rally.task.runner [-] Starting a worker. times: 10 duration: None concurrency: 1 timeout: 0 cls: method_name: run args: {"archive_policy_name": "low"}
2019-11-26 13:50:49.348 8163 INFO rally.task.runner [-] Task 8ba343ff-5079-4197-b4b3-6853ec492f73 | ITER: 1 START
2019-11-26 13:50:49.348 8165 RALLYDEBUG rally.task.runner [-] Starting a worker. times: 10 duration: None concurrency: 1 timeout: 0 cls: method_name: run args: {"archive_policy_name": "low"}
2019-11-26 13:50:49.351 8164 INFO rally.task.runner [-] Task 8ba343ff-5079-4197-b4b3-6853ec492f73 | ITER: 2 START
2019-11-26 13:50:49.352 8167 RALLYDEBUG rally.task.runner [-] Starting a worker. times: 10 duration: None concurrency: 1 timeout: 0 cls: method_name: run args: {"archive_policy_name": "low"}
2019-11-26 13:50:49.355 8165 INFO rally.task.runner [-] Task 8ba343ff-5079-4197-b4b3-6853ec492f73 | ITER: 3 START
2019-11-26 13:50:49.358 8167 INFO rally.task.runner [-] Task 8ba343ff-5079-4197-b4b3-6853ec492f73 | ITER: 4 START
2019-11-26 13:50:49.909 8164 INFO rally.task.runner [-] Task 8ba343ff-5079-4197-b4b3-6853ec492f73 | ITER: 2 END: OK
2019-11-26 13:50:49.910 8165 INFO rally.task.runner [-] Task 8ba343ff-5079-4197-b4b3-6853ec492f73 | ITER: 3 END: OK
2019-11-26 13:50:49.910 8167 INFO rally.task.runner [-] Task 8ba343ff-5079-4197-b4b3-6853ec492f73 | ITER: 4 END: OK
2019-11-26 13:50:49.911 8163 INFO rally.task.runner [-] Task 8ba343ff-5079-4197-b4b3-6853ec492f73 | ITER: 1 END: OK
2019-11-26 13:50:49.914 8164 INFO rally.task.runner [-] Task 8ba343ff-5079-4197-b4b3-6853ec492f73 | ITER: 5 START
2019-11-26 13:50:49.914 8167 INFO rally.task.runner [-] Task 8ba343ff-5079-4197-b4b3-6853ec492f73 | ITER: 7 START
2019-11-26 13:50:49.914 8165 INFO rally.task.runner [-] Task 8ba343ff-5079-4197-b4b3-6853ec492f73 | ITER: 6 START
2019-11-26 13:50:49.915 8163 INFO rally.task.runner [-] Task 8ba343ff-5079-4197-b4b3-6853ec492f73 | ITER: 8 START
2019-11-26 13:50:50.314 8165 INFO rally.task.runner [-] Task 8ba343ff-5079-4197-b4b3-6853ec492f73 | ITER: 6 END: OK
2019-11-26 13:50:50.317 8165 INFO rally.task.runner [-] Task 8ba343ff-5079-4197-b4b3-6853ec492f73 | ITER: 9 START
2019-11-26 13:50:50.322 8167 INFO rally.task.runner [-] Task 8ba343ff-5079-4197-b4b3-6853ec492f73 | ITER: 7 END: OK
2019-11-26 13:50:50.325 8167 INFO rally.task.runner [-] Task 8ba343ff-5079-4197-b4b3-6853ec492f73 | ITER: 10 START
2019-11-26 13:50:50.412 8163 INFO rally.task.runner [-] Task 8ba343ff-5079-4197-b4b3-6853ec492f73 | ITER: 8 END: OK
2019-11-26 13:50:50.470 8164 INFO rally.task.runner [-] Task 8ba343ff-5079-4197-b4b3-6853ec492f73 | ITER: 5 END: OK
2019-11-26 13:50:50.752 8167 INFO rally.task.runner [-] Task 8ba343ff-5079-4197-b4b3-6853ec492f73 | ITER: 10 END: OK
2019-11-26 13:50:50.841 8165 INFO rally.task.runner [-] Task 8ba343ff-5079-4197-b4b3-6853ec492f73 | ITER: 9 END: OK
2019-11-26 13:50:50.871 6547 INFO rally.task.context [-] Task 8ba343ff-5079-4197-b4b3-6853ec492f73 | Context cleanup@openstack cleanup() started
2019-11-26 13:50:50.874 6547 RALLYDEBUG rally_openstack.cleanup.manager [-] Cleaning up gnocchi metric objects
2019-11-26 13:50:52.124 6547 INFO rally.task.context [-] Task 8ba343ff-5079-4197-b4b3-6853ec492f73 | Context cleanup@openstack cleanup() finished in 1.25 sec
2019-11-26 13:50:52.125 6547 INFO rally.task.context [-] Task 8ba343ff-5079-4197-b4b3-6853ec492f73 | Context users@openstack cleanup() started
2019-11-26 13:50:56.862 6547 INFO rally.task.context [-] Task 8ba343ff-5079-4197-b4b3-6853ec492f73 | Context users@openstack cleanup() finished in 4.74 sec
2019-11-26 13:50:56.935 6547 INFO rally.task.engine [-] Load duration is: 1.491248
2019-11-26 13:50:56.936 6547 INFO rally.task.engine [-] Full runner duration is: 1.542244
2019-11-26 13:50:56.936 6547 INFO rally.task.engine [-] Full duration is: 10.090325
2019-11-26 13:50:57.266 6547 INFO rally.task.engine [-] Running workload: position = 0 config = { "version": 2, "title": "A cropped version of a bigger task.", "description": "Auto-generated task from a single workload (uuid=d531f7ca-d54d-4e86-8c09-91c1f7948129)", "subtasks": [ { "title": "GnocchiResource.create_resource", "description": "Create resource.", "scenario": { "GnocchiResource.create_resource": {} }, "contexts": { "users": { "tenants": 3, "users_per_tenant": 2 } }, "runner": { "constant": { "concurrency": 4, "times": 10 } }, "hooks": [], "sla": { "failure_rate": { "max": 0 } } } ] }
2019-11-26 13:50:57.288 6547 RALLYDEBUG rally_openstack.contexts.keystone.users [-] Creating 3 tenants using 20 threads
2019-11-26 13:50:58.331 6547 RALLYDEBUG rally_openstack.contexts.keystone.users [-] Creating 6 users using 20 threads
2019-11-26 13:50:59.938 6547 INFO rally.task.context [-] Task 8ba343ff-5079-4197-b4b3-6853ec492f73 | Context users@openstack setup() finished in 2.65 sec
2019-11-26 13:50:59.939 6547 INFO rally.task.context [-] Task 8ba343ff-5079-4197-b4b3-6853ec492f73 | Context cleanup@openstack setup() finished in 0.01 msec
2019-11-26 13:50:59.948 6547 RALLYDEBUG rally.task.runner [-] Starting the constant runner (task UUID: 8ba343ff-5079-4197-b4b3-6853ec492f73). times: 10 concurrency: 4 timeout: 0 max_cpu_used: 16 processes_to_start: 4 concurrency_per_worker: 1 concurrency_overhead: 0
2019-11-26 13:50:59.959 8287 RALLYDEBUG rally.task.runner [-] Starting a worker. times: 10 duration: None concurrency: 1 timeout: 0 cls: method_name: run args: {}
2019-11-26 13:50:59.963 8288 RALLYDEBUG rally.task.runner [-] Starting a worker. times: 10 duration: None concurrency: 1 timeout: 0 cls: method_name: run args: {}
2019-11-26 13:50:59.966 8287 INFO rally.task.runner [-] Task 8ba343ff-5079-4197-b4b3-6853ec492f73 | ITER: 1 START
2019-11-26 13:50:59.967 8289 RALLYDEBUG rally.task.runner [-] Starting a worker. times: 10 duration: None concurrency: 1 timeout: 0 cls: method_name: run args: {}
2019-11-26 13:50:59.971 8288 INFO rally.task.runner [-] Task 8ba343ff-5079-4197-b4b3-6853ec492f73 | ITER: 2 START
2019-11-26 13:50:59.970 8291 RALLYDEBUG rally.task.runner [-] Starting a worker. times: 10 duration: None concurrency: 1 timeout: 0 cls: method_name: run args: {}
2019-11-26 13:50:59.973 8289 INFO rally.task.runner [-] Task 8ba343ff-5079-4197-b4b3-6853ec492f73 | ITER: 3 START
2019-11-26 13:50:59.976 8291 INFO rally.task.runner [-] Task 8ba343ff-5079-4197-b4b3-6853ec492f73 | ITER: 4 START
2019-11-26 13:51:00.490 8288 INFO rally.task.runner [-] Task 8ba343ff-5079-4197-b4b3-6853ec492f73 | ITER: 2 END: OK
2019-11-26 13:51:00.491 8289 INFO rally.task.runner [-] Task 8ba343ff-5079-4197-b4b3-6853ec492f73 | ITER: 3 END: OK
2019-11-26 13:51:00.495 8288 INFO rally.task.runner [-] Task 8ba343ff-5079-4197-b4b3-6853ec492f73 | ITER: 5 START
2019-11-26 13:51:00.495 8289 INFO rally.task.runner [-] Task 8ba343ff-5079-4197-b4b3-6853ec492f73 | ITER: 6 START
2019-11-26 13:51:00.501 8287 INFO rally.task.runner [-] Task 8ba343ff-5079-4197-b4b3-6853ec492f73 | ITER: 1 END: OK
2019-11-26 13:51:00.501 8291 INFO rally.task.runner [-] Task 8ba343ff-5079-4197-b4b3-6853ec492f73 | ITER: 4 END: OK
2019-11-26 13:51:00.505 8287 INFO rally.task.runner [-] Task 8ba343ff-5079-4197-b4b3-6853ec492f73 | ITER: 7 START
2019-11-26 13:51:00.505 8291 INFO rally.task.runner [-] Task 8ba343ff-5079-4197-b4b3-6853ec492f73 | ITER: 8 START
2019-11-26 13:51:00.958 8289 INFO rally.task.runner [-] Task 8ba343ff-5079-4197-b4b3-6853ec492f73 | ITER: 6 END: OK
2019-11-26 13:51:00.960 8287 INFO rally.task.runner [-] Task 8ba343ff-5079-4197-b4b3-6853ec492f73 | ITER: 7 END: OK
2019-11-26 13:51:00.962 8289 INFO rally.task.runner [-] Task 8ba343ff-5079-4197-b4b3-6853ec492f73 | ITER: 9 START
2019-11-26 13:51:00.962 8288 INFO rally.task.runner [-] Task 8ba343ff-5079-4197-b4b3-6853ec492f73 | ITER: 5 END: OK
2019-11-26 13:51:00.963 8287 INFO rally.task.runner [-] Task 8ba343ff-5079-4197-b4b3-6853ec492f73 | ITER: 10 START
2019-11-26 13:51:00.978 8291 INFO rally.task.runner [-] Task 8ba343ff-5079-4197-b4b3-6853ec492f73 | ITER: 8 END: OK
2019-11-26 13:51:01.336 8287 INFO rally.task.runner [-] Task 8ba343ff-5079-4197-b4b3-6853ec492f73 | ITER: 10 END: OK
2019-11-26 13:51:01.404 8289 INFO rally.task.runner [-] Task 8ba343ff-5079-4197-b4b3-6853ec492f73 | ITER: 9 END: OK
2019-11-26 13:51:01.426 6547 INFO rally.task.context [-] Task 8ba343ff-5079-4197-b4b3-6853ec492f73 | Context cleanup@openstack cleanup() started
2019-11-26 13:51:01.430 6547 RALLYDEBUG rally_openstack.cleanup.manager [-] Cleaning up gnocchi resource objects
2019-11-26 13:51:02.886 6547 RALLYDEBUG rally_openstack.cleanup.manager [-] Deleting gnocchi.resource object s_rally_d531f7ca_YaVSI1Vt (4f676b48-59eb-5656-900d-49b74a946797)
2019-11-26 13:51:02.892 6547 RALLYDEBUG rally_openstack.cleanup.manager [-] Deleting gnocchi.resource object s_rally_d531f7ca_B1nZBUHM (d4469a86-75f4-5713-9f30-57fd3a731b3e)
2019-11-26 13:51:02.901 6547 RALLYDEBUG rally_openstack.cleanup.manager [-] Deleting gnocchi.resource object s_rally_d531f7ca_cZRUtJ0S (eb3273f2-6836-5a3a-84c4-386369cff590)
2019-11-26 13:51:02.913 6547 RALLYDEBUG rally_openstack.cleanup.manager [-] Deleting gnocchi.resource object s_rally_d531f7ca_LbXWoZB6 (3964eecb-90fc-5fed-a76f-6b9e48910164)
2019-11-26 13:51:02.918 6547 RALLYDEBUG rally_openstack.cleanup.manager [-] Deleting gnocchi.resource object s_rally_d531f7ca_ysmxtIWL (2ef9e84e-70d1-5bb2-9ce7-6fe95bd7526e)
2019-11-26 13:51:02.926 6547 RALLYDEBUG rally_openstack.cleanup.manager [-] Deleting gnocchi.resource object s_rally_d531f7ca_6FeKpF1m (a7755d23-6a6c-5d3d-adb0-bcd00cc2a3b6)
2019-11-26 13:51:02.940 6547 RALLYDEBUG rally_openstack.cleanup.manager [-] Deleting gnocchi.resource object s_rally_d531f7ca_NoPOW3e7 (408acad5-a737-55c5-98a0-2676a5ac3f63)
2019-11-26 13:51:02.943 6547 RALLYDEBUG rally_openstack.cleanup.manager [-] Deleting gnocchi.resource object s_rally_d531f7ca_z3apJPak (444d4554-8978-5830-b2c1-826e72dd689b)
2019-11-26 13:51:02.953 6547 RALLYDEBUG rally_openstack.cleanup.manager [-] Deleting gnocchi.resource object s_rally_d531f7ca_1396EtG3 (49a419bf-7640-547f-a8df-2522fc244d3b)
2019-11-26 13:51:02.975 6547 RALLYDEBUG rally_openstack.cleanup.manager [-] Deleting gnocchi.resource object s_rally_d531f7ca_K4ahvfnE (3b493861-9391-5c0f-9ed8-0eafe3dcb5d7)
2019-11-26 13:51:04.486 6547 INFO rally.task.context [-] Task 8ba343ff-5079-4197-b4b3-6853ec492f73 | Context cleanup@openstack cleanup() finished in 3.06 sec
2019-11-26 13:51:04.486 6547 INFO rally.task.context [-] Task 8ba343ff-5079-4197-b4b3-6853ec492f73 | Context users@openstack cleanup() started
2019-11-26 13:51:08.898 6547 INFO rally.task.context [-] Task 8ba343ff-5079-4197-b4b3-6853ec492f73 | Context users@openstack cleanup() finished in 4.41 sec
2019-11-26 13:51:09.458 6547 INFO rally.task.engine [-] Load duration is: 1.435874
2019-11-26 13:51:09.459 6547 INFO rally.task.engine [-] Full runner duration is: 1.479005
2019-11-26 13:51:09.459 6547 INFO rally.task.engine [-] Full duration is: 11.611201
2019-11-26 13:51:09.800 6547 INFO rally.task.engine [-] Running workload: position = 0 config = { "version": 2, "title": "A cropped version of a bigger task.", "description": "Auto-generated task from a single workload (uuid=e1ec1e06-f360-4dda-b795-170be15ee4d2)", "subtasks": [ { "title": "GnocchiResource.create_delete_resource", "description": "Create resource and then delete it.", "scenario": { "GnocchiResource.create_delete_resource": {} }, "contexts": { "users": { "tenants": 3, "users_per_tenant": 2 } }, "runner": { "constant": { "concurrency": 4, "times": 10 } }, "hooks": [], "sla": { "failure_rate": { "max": 0 } } } ] }
2019-11-26 13:51:09.825 6547 RALLYDEBUG rally_openstack.contexts.keystone.users [-] Creating 3 tenants using 20 threads
2019-11-26 13:51:10.863 6547 RALLYDEBUG rally_openstack.contexts.keystone.users [-] Creating 6 users using 20 threads
2019-11-26 13:51:12.380 6547 INFO rally.task.context [-] Task 8ba343ff-5079-4197-b4b3-6853ec492f73 | Context users@openstack setup() finished in 2.56 sec
2019-11-26 13:51:12.381 6547 INFO rally.task.context [-] Task 8ba343ff-5079-4197-b4b3-6853ec492f73 | Context cleanup@openstack setup() finished in 0.04 msec
2019-11-26 13:51:12.391 6547 RALLYDEBUG rally.task.runner [-] Starting the constant runner (task UUID: 8ba343ff-5079-4197-b4b3-6853ec492f73). times: 10 concurrency: 4 timeout: 0 max_cpu_used: 16 processes_to_start: 4 concurrency_per_worker: 1 concurrency_overhead: 0
2019-11-26 13:51:12.403 8411 RALLYDEBUG rally.task.runner [-] Starting a worker. times: 10 duration: None concurrency: 1 timeout: 0 cls: method_name: run args: {}
2019-11-26 13:51:12.406 8412 RALLYDEBUG rally.task.runner [-] Starting a worker. times: 10 duration: None concurrency: 1 timeout: 0 cls: method_name: run args: {}
2019-11-26 13:51:12.410 8411 INFO rally.task.runner [-] Task 8ba343ff-5079-4197-b4b3-6853ec492f73 | ITER: 1 START
2019-11-26 13:51:12.409 8413 RALLYDEBUG rally.task.runner [-] Starting a worker. times: 10 duration: None concurrency: 1 timeout: 0 cls: method_name: run args: {}
2019-11-26 13:51:12.413 8412 INFO rally.task.runner [-] Task 8ba343ff-5079-4197-b4b3-6853ec492f73 | ITER: 2 START
2019-11-26 13:51:12.413 8414 RALLYDEBUG rally.task.runner [-] Starting a worker. times: 10 duration: None concurrency: 1 timeout: 0 cls: method_name: run args: {}
2019-11-26 13:51:12.416 8413 INFO rally.task.runner [-] Task 8ba343ff-5079-4197-b4b3-6853ec492f73 | ITER: 3 START
2019-11-26 13:51:12.420 8414 INFO rally.task.runner [-] Task 8ba343ff-5079-4197-b4b3-6853ec492f73 | ITER: 4 START
2019-11-26 13:51:12.956 8413 INFO rally.task.runner [-] Task 8ba343ff-5079-4197-b4b3-6853ec492f73 | ITER: 3 END: OK
2019-11-26 13:51:12.958 8412 INFO rally.task.runner [-] Task 8ba343ff-5079-4197-b4b3-6853ec492f73 | ITER: 2 END: OK
2019-11-26 13:51:12.960 8411 INFO rally.task.runner [-] Task 8ba343ff-5079-4197-b4b3-6853ec492f73 | ITER: 1 END: OK
2019-11-26 13:51:12.961 8413 INFO rally.task.runner [-] Task 8ba343ff-5079-4197-b4b3-6853ec492f73 | ITER: 5 START
2019-11-26 13:51:12.963 8412 INFO rally.task.runner [-] Task 8ba343ff-5079-4197-b4b3-6853ec492f73 | ITER: 6 START
2019-11-26 13:51:12.965 8411 INFO rally.task.runner [-] Task 8ba343ff-5079-4197-b4b3-6853ec492f73 | ITER: 7 START
2019-11-26 13:51:12.994 8414 INFO rally.task.runner [-] Task 8ba343ff-5079-4197-b4b3-6853ec492f73 | ITER: 4 END: OK
2019-11-26 13:51:12.998 8414 INFO rally.task.runner [-] Task 8ba343ff-5079-4197-b4b3-6853ec492f73 | ITER: 8 START
2019-11-26 13:51:13.362 8411 INFO rally.task.runner [-] Task 8ba343ff-5079-4197-b4b3-6853ec492f73 | ITER: 7 END: OK
2019-11-26 13:51:13.365 8411 INFO rally.task.runner [-] Task 8ba343ff-5079-4197-b4b3-6853ec492f73 | ITER: 9 START
2019-11-26 13:51:13.470 8413 INFO rally.task.runner [-] Task 8ba343ff-5079-4197-b4b3-6853ec492f73 | ITER: 5 END: OK
2019-11-26 13:51:13.473 8413 INFO rally.task.runner [-] Task 8ba343ff-5079-4197-b4b3-6853ec492f73 | ITER: 10 START
2019-11-26 13:51:13.475 8412 INFO rally.task.runner [-] Task 8ba343ff-5079-4197-b4b3-6853ec492f73 | ITER: 6 END: OK
2019-11-26 13:51:13.499 8414 INFO rally.task.runner [-] Task 8ba343ff-5079-4197-b4b3-6853ec492f73 | ITER: 8 END: OK
2019-11-26 13:51:13.794 8411 INFO rally.task.runner [-] Task 8ba343ff-5079-4197-b4b3-6853ec492f73 | ITER: 9 END: OK
2019-11-26 13:51:13.908 8413 INFO rally.task.runner [-] Task 8ba343ff-5079-4197-b4b3-6853ec492f73 | ITER: 10 END: OK
2019-11-26 13:51:13.930 6547 INFO rally.task.context [-] Task 8ba343ff-5079-4197-b4b3-6853ec492f73 | Context cleanup@openstack cleanup() started
2019-11-26 13:51:13.934 6547 RALLYDEBUG rally_openstack.cleanup.manager [-] Cleaning up gnocchi resource objects
2019-11-26 13:51:15.191 6547 INFO rally.task.context [-] Task 8ba343ff-5079-4197-b4b3-6853ec492f73 | Context cleanup@openstack cleanup() finished in 1.26 sec
2019-11-26 13:51:15.191 6547 INFO rally.task.context [-] Task 8ba343ff-5079-4197-b4b3-6853ec492f73 | Context users@openstack cleanup() started
2019-11-26 13:51:19.673 6547 INFO rally.task.context [-] Task 8ba343ff-5079-4197-b4b3-6853ec492f73 | Context users@openstack cleanup() finished in 4.48 sec
2019-11-26 13:51:19.909 6547 INFO rally.task.engine [-] Load duration is: 1.496508
2019-11-26 13:51:19.909 6547 INFO rally.task.engine [-] Full runner duration is: 1.540471
2019-11-26 13:51:19.909 6547 INFO rally.task.engine [-] Full duration is: 9.849877
2019-11-26 13:51:20.181 6547 INFO rally.task.engine [-] Task 8ba343ff-5079-4197-b4b3-6853ec492f73 | Completed: Running task.
2019-11-26 13:51:21.775 8493 RALLYDEBUG rally.api [-] INFO logs from urllib3 and requests module are hide.
2019-11-26 13:51:21.775 8493 RALLYDEBUG rally.api [-] urllib3 insecure warnings are hidden.
2019-11-26 13:51:21.775 8493 RALLYDEBUG rally.api [-] ERROR log from boto module is hide.
2019-11-26 13:51:22.832 8494 RALLYDEBUG rally.api [-] INFO logs from urllib3 and requests module are hide.
2019-11-26 13:51:22.832 8494 RALLYDEBUG rally.api [-] urllib3 insecure warnings are hidden.
2019-11-26 13:51:22.832 8494 RALLYDEBUG rally.api [-] ERROR log from boto module is hide.
2019-11-26 13:51:24.180 8495 RALLYDEBUG rally.api [-] INFO logs from urllib3 and requests module are hide.
2019-11-26 13:51:24.180 8495 RALLYDEBUG rally.api [-] urllib3 insecure warnings are hidden.
2019-11-26 13:51:24.181 8495 RALLYDEBUG rally.api [-] ERROR log from boto module is hide.
2019-11-26 13:51:25.858 8495 INFO rally.api [-] Building 'json' report for the following task(s): '8ba343ff-5079-4197-b4b3-6853ec492f73'.
2019-11-26 13:51:25.878 8495 INFO rally.api [-] The report has been successfully built.
2019-11-26 13:51:27.291 8497 RALLYDEBUG rally.api [-] INFO logs from urllib3 and requests module are hide.
2019-11-26 13:51:27.292 8497 RALLYDEBUG rally.api [-] urllib3 insecure warnings are hidden.
2019-11-26 13:51:27.292 8497 RALLYDEBUG rally.api [-] ERROR log from boto module is hide.
2019-11-26 13:51:29.283 8497 INFO rally.task.engine [-] Task 1b23e3e8-d1c9-4c11-837e-447c0e99147c | Starting: Task validation.
2019-11-26 13:51:29.331 8497 INFO rally.task.engine [-] Task 1b23e3e8-d1c9-4c11-837e-447c0e99147c | Starting: Task validation of syntax.
2019-11-26 13:51:29.515 8497 INFO rally.task.engine [-] Task 1b23e3e8-d1c9-4c11-837e-447c0e99147c | Completed: Task validation of syntax.
2019-11-26 13:51:29.516 8497 INFO rally.task.engine [-] Task 1b23e3e8-d1c9-4c11-837e-447c0e99147c | Starting: Task validation of required platforms.
2019-11-26 13:51:29.587 8497 INFO rally.task.engine [-] Task 1b23e3e8-d1c9-4c11-837e-447c0e99147c | Completed: Task validation of required platforms.
2019-11-26 13:51:29.588 8497 INFO rally.task.engine [-] Task 1b23e3e8-d1c9-4c11-837e-447c0e99147c | Starting: Task validation of semantic.
2019-11-26 13:51:29.588 8497 INFO rally.task.engine [-] Check health of the environment '73925250-c41d-449a-9e1d-3bea8c973e1e'.
2019-11-26 13:51:30.576 8497 INFO rally.task.engine [-] Platform existing@openstack (available: True): OK!
2019-11-26 13:51:30.595 8497 RALLYDEBUG rally_openstack.contexts.keystone.users [-] Creating 1 tenants using 20 threads
2019-11-26 13:51:31.541 8497 RALLYDEBUG rally_openstack.contexts.keystone.users [-] Creating 1 users using 20 threads
2019-11-26 13:51:33.027 8497 INFO rally.task.context [-] Task 1b23e3e8-d1c9-4c11-837e-447c0e99147c | Context users@openstack setup() finished in 2.43 sec
2019-11-26 13:51:33.766 8497 RALLYDEBUG rally_openstack.contexts.keystone.roles [-] Adding role heat_stack_owner having ID 8124ecee8b204e63850653583a5602b5 to all users using 30 threads
2019-11-26 13:51:35.910 8497 RALLYDEBUG rally_openstack.contexts.keystone.roles [-] Removing assigned role 8124ecee8b204e63850653583a5602b5 from all users
2019-11-26 13:51:37.848 8497 RALLYDEBUG rally_openstack.contexts.keystone.roles [-] Adding role heat_stack_owner having ID 8124ecee8b204e63850653583a5602b5 to all users using 30 threads
2019-11-26 13:51:39.308 8497 RALLYDEBUG rally_openstack.contexts.keystone.roles [-] Removing assigned role 8124ecee8b204e63850653583a5602b5 from all users
2019-11-26 13:51:41.205 8497 RALLYDEBUG rally_openstack.contexts.keystone.roles [-] Adding role heat_stack_owner having ID 8124ecee8b204e63850653583a5602b5 to all users using 30 threads
2019-11-26 13:51:42.913 8497 RALLYDEBUG rally_openstack.contexts.keystone.roles [-] Removing assigned role 8124ecee8b204e63850653583a5602b5 from all users
2019-11-26 13:51:44.852 8497 RALLYDEBUG rally_openstack.contexts.keystone.roles [-] Adding role heat_stack_owner having ID 8124ecee8b204e63850653583a5602b5 to all users using 30 threads
2019-11-26 13:51:46.507 8497 RALLYDEBUG rally_openstack.contexts.keystone.roles [-] Removing assigned role 8124ecee8b204e63850653583a5602b5 from all users
2019-11-26 13:51:48.437 8497 RALLYDEBUG rally_openstack.contexts.keystone.roles [-] Adding role heat_stack_owner having ID 8124ecee8b204e63850653583a5602b5 to all users using 30 threads
2019-11-26 13:51:49.693 8497 RALLYDEBUG rally_openstack.contexts.keystone.roles [-] Removing assigned role 8124ecee8b204e63850653583a5602b5 from all users
2019-11-26 13:51:51.606 8497 RALLYDEBUG rally_openstack.contexts.keystone.roles [-] Adding role heat_stack_owner having ID 8124ecee8b204e63850653583a5602b5 to all users using 30 threads
2019-11-26 13:51:52.856 8497 RALLYDEBUG rally_openstack.contexts.keystone.roles [-] Removing assigned role 8124ecee8b204e63850653583a5602b5 from all users
2019-11-26 13:51:54.790 8497 RALLYDEBUG rally_openstack.contexts.keystone.roles [-] Adding role heat_stack_owner having ID 8124ecee8b204e63850653583a5602b5 to all users using 30 threads
2019-11-26 13:51:56.096 8497 RALLYDEBUG rally_openstack.contexts.keystone.roles [-] Removing assigned role 8124ecee8b204e63850653583a5602b5 from all users
2019-11-26 13:51:58.005 8497 RALLYDEBUG rally_openstack.contexts.keystone.roles [-] Adding role heat_stack_owner having ID 8124ecee8b204e63850653583a5602b5 to all users using 30 threads
2019-11-26 13:51:59.543 8497 RALLYDEBUG rally_openstack.contexts.keystone.roles [-] Removing assigned role 8124ecee8b204e63850653583a5602b5 from all users
2019-11-26 13:52:01.478 8497 RALLYDEBUG rally_openstack.contexts.keystone.roles [-] Adding role heat_stack_owner having ID 8124ecee8b204e63850653583a5602b5 to all users using 30 threads
2019-11-26 13:52:03.027 8497 RALLYDEBUG rally_openstack.contexts.keystone.roles [-] Removing assigned role 8124ecee8b204e63850653583a5602b5 from all users
2019-11-26 13:52:04.963 8497 RALLYDEBUG rally_openstack.contexts.keystone.roles [-] Adding role heat_stack_owner having ID 8124ecee8b204e63850653583a5602b5 to all users using 30 threads
2019-11-26 13:52:06.212 8497 RALLYDEBUG rally_openstack.contexts.keystone.roles [-] Removing assigned role 8124ecee8b204e63850653583a5602b5 from all users
2019-11-26 13:52:08.131 8497 RALLYDEBUG rally_openstack.contexts.keystone.roles [-] Adding role heat_stack_owner having ID 8124ecee8b204e63850653583a5602b5 to all users using 30 threads
2019-11-26 13:52:09.383 8497 RALLYDEBUG rally_openstack.contexts.keystone.roles [-] Removing assigned role 8124ecee8b204e63850653583a5602b5 from all users
2019-11-26 13:52:11.303 8497 RALLYDEBUG rally_openstack.contexts.keystone.roles [-] Adding role heat_stack_owner having ID 8124ecee8b204e63850653583a5602b5 to all users using 30 threads
2019-11-26 13:52:12.539 8497 RALLYDEBUG rally_openstack.contexts.keystone.roles [-] Removing assigned role 8124ecee8b204e63850653583a5602b5 from all users
2019-11-26 13:52:14.073 8497 INFO rally.task.context [-] Task 1b23e3e8-d1c9-4c11-837e-447c0e99147c | Context users@openstack cleanup() started
2019-11-26 13:52:17.039 8497 INFO rally.task.context [-] Task 1b23e3e8-d1c9-4c11-837e-447c0e99147c | Context users@openstack cleanup() finished in 2.97 sec
2019-11-26 13:52:17.040 8497 INFO rally.task.engine [-] Task 1b23e3e8-d1c9-4c11-837e-447c0e99147c | Completed: Task validation of semantic.
2019-11-26 13:52:17.040 8497 INFO rally.task.engine [-] Task 1b23e3e8-d1c9-4c11-837e-447c0e99147c | Completed: Task validation.
2019-11-26 13:52:17.040 8497 INFO rally.api [-] Task 1b23e3e8-d1c9-4c11-837e-447c0e99147c input file is valid.
2019-11-26 13:52:17.041 8497 INFO rally.api [-] Run Task 1b23e3e8-d1c9-4c11-837e-447c0e99147c against Deployment 73925250-c41d-449a-9e1d-3bea8c973e1e
2019-11-26 13:52:17.041 8497 INFO rally.task.engine [-] Task 1b23e3e8-d1c9-4c11-837e-447c0e99147c | Starting: Running task.
