2019-11-26 14:18:36.663 20127 INFO rally.task.runner [-] Task 00ba39eb-45e0-4442-8ead-fb9035d26b8d | ITER: 3 END: OK
2019-11-26 14:18:36.668 20127 INFO rally.task.runner [-] Task 00ba39eb-45e0-4442-8ead-fb9035d26b8d | ITER: 6 START
2019-11-26 14:18:36.669 20127 RALLYDEBUG rally_openstack.wrappers.network [-] CIDR generated: 10.2.107.0/24
2019-11-26 14:18:37.264 20129 INFO rally.task.runner [-] Task 00ba39eb-45e0-4442-8ead-fb9035d26b8d | ITER: 4 END: OK
2019-11-26 14:18:37.269 20129 INFO rally.task.runner [-] Task 00ba39eb-45e0-4442-8ead-fb9035d26b8d | ITER: 7 START
2019-11-26 14:18:37.270 20129 RALLYDEBUG rally_openstack.wrappers.network [-] CIDR generated: 10.2.108.0/24
2019-11-26 14:18:37.363 20126 INFO rally.task.runner [-] Task 00ba39eb-45e0-4442-8ead-fb9035d26b8d | ITER: 2 END: OK
2019-11-26 14:18:37.368 20126 INFO rally.task.runner [-] Task 00ba39eb-45e0-4442-8ead-fb9035d26b8d | ITER: 8 START
2019-11-26 14:18:37.369 20126 RALLYDEBUG rally_openstack.wrappers.network [-] CIDR generated: 10.2.109.0/24
2019-11-26 14:18:37.549 20125 RALLYDEBUG rally_openstack.wrappers.network [-] CIDR generated: 10.2.110.0/24
2019-11-26 14:18:37.674 20127 RALLYDEBUG rally_openstack.wrappers.network [-] CIDR generated: 10.2.111.0/24
2019-11-26 14:18:38.194 20129 RALLYDEBUG rally_openstack.wrappers.network [-] CIDR generated: 10.2.112.0/24
2019-11-26 14:18:38.234 20125 INFO rally.task.runner [-] Task 00ba39eb-45e0-4442-8ead-fb9035d26b8d | ITER: 5 END: OK
2019-11-26 14:18:38.238 20125 INFO rally.task.runner [-] Task 00ba39eb-45e0-4442-8ead-fb9035d26b8d | ITER: 9 START
2019-11-26 14:18:38.239 20125 RALLYDEBUG rally_openstack.wrappers.network [-] CIDR generated: 10.2.113.0/24
2019-11-26 14:18:38.339 20126 RALLYDEBUG rally_openstack.wrappers.network [-] CIDR generated: 10.2.114.0/24
2019-11-26 14:18:38.833 20127 INFO rally.task.runner [-] Task 00ba39eb-45e0-4442-8ead-fb9035d26b8d | ITER: 6 END: OK
2019-11-26 14:18:38.837 20127 INFO rally.task.runner [-] Task 00ba39eb-45e0-4442-8ead-fb9035d26b8d | ITER: 10 START
2019-11-26 14:18:38.838 20127 RALLYDEBUG rally_openstack.wrappers.network [-] CIDR generated: 10.2.115.0/24
2019-11-26 14:18:39.037 20129 INFO rally.task.runner [-] Task 00ba39eb-45e0-4442-8ead-fb9035d26b8d | ITER: 7 END: OK
2019-11-26 14:18:39.143 20125 RALLYDEBUG rally_openstack.wrappers.network [-] CIDR generated: 10.2.116.0/24
2019-11-26 14:18:39.147 20126 INFO rally.task.runner [-] Task 00ba39eb-45e0-4442-8ead-fb9035d26b8d | ITER: 8 END: OK
2019-11-26 14:18:39.934 20127 RALLYDEBUG rally_openstack.wrappers.network [-] CIDR generated: 10.2.117.0/24
2019-11-26 14:18:40.176 20125 INFO rally.task.runner [-] Task 00ba39eb-45e0-4442-8ead-fb9035d26b8d | ITER: 9 END: OK
2019-11-26 14:18:40.698 20127 INFO rally.task.runner [-] Task 00ba39eb-45e0-4442-8ead-fb9035d26b8d | ITER: 10 END: OK
2019-11-26 14:18:40.730 13785 INFO rally.task.context [-] Task 00ba39eb-45e0-4442-8ead-fb9035d26b8d | Context cleanup@openstack cleanup() started
2019-11-26 14:18:40.733 13785 RALLYDEBUG rally_openstack.cleanup.manager [-] Cleaning up neutron vip objects
2019-11-26 14:18:41.894 13785 RALLYDEBUG rally_openstack.cleanup.manager [-] Cleaning up neutron health_monitor objects
2019-11-26 14:18:42.958 13785 RALLYDEBUG rally_openstack.cleanup.manager [-] Cleaning up neutron pool objects
2019-11-26 14:18:44.026 13785 RALLYDEBUG rally_openstack.cleanup.manager [-] Cleaning up neutron loadbalancer objects
2019-11-26 14:18:45.112 13785 RALLYDEBUG rally_openstack.cleanup.manager [-] Cleaning up neutron floatingip objects
2019-11-26 14:18:46.322 13785 RALLYDEBUG rally_openstack.cleanup.manager [-] Cleaning up neutron trunk objects
2019-11-26 14:18:47.462 13785 RALLYDEBUG rally_openstack.cleanup.manager [-] Cleaning up neutron port objects
2019-11-26 14:18:48.752 13785 RALLYDEBUG rally_openstack.cleanup.manager [-] Cleaning up neutron subnet objects
2019-11-26 14:18:50.025 13785 RALLYDEBUG rally_openstack.cleanup.manager [-] Deleting neutron.subnet object s_rally_894fa67a_L999ZbmJ (1636115e-d82e-4324-a306-e9a21f708aaf)
2019-11-26 14:18:50.029 13785 RALLYDEBUG rally_openstack.cleanup.manager [-] Deleting neutron.subnet object s_rally_894fa67a_nx3B0LkE (1a622b73-87f3-40eb-a9ff-17137bd8bf6a)
2019-11-26 14:18:50.046 13785 RALLYDEBUG rally_openstack.cleanup.manager [-] Deleting neutron.subnet object s_rally_894fa67a_9MSvBFfR (252dec62-f365-4151-ad5d-660d4cf3e92b)
2019-11-26 14:18:50.055 13785 RALLYDEBUG rally_openstack.cleanup.manager [-] Deleting neutron.subnet object s_rally_894fa67a_mBQ2Ki3u (5e9ee754-22ca-431e-952f-163da946b60a)
2019-11-26 14:18:50.060 13785 RALLYDEBUG rally_openstack.cleanup.manager [-] Deleting neutron.subnet object s_rally_894fa67a_2emWXQv0 (7194b8be-6216-47d6-baf0-446bf9fe7f4e)
2019-11-26 14:18:50.074 13785 RALLYDEBUG rally_openstack.cleanup.manager [-] Deleting neutron.subnet object s_rally_894fa67a_nxd92lgU (7b08ae2c-36fb-41ea-b4ed-62acaf85a1bf)
2019-11-26 14:18:50.079 13785 RALLYDEBUG rally_openstack.cleanup.manager [-] Deleting neutron.subnet object s_rally_894fa67a_e56CgnL4 (831455dd-15a0-46fc-8a85-8aa6cf12b81a)
2019-11-26 14:18:50.086 13785 RALLYDEBUG rally_openstack.cleanup.manager [-] Deleting neutron.subnet object s_rally_894fa67a_vP3zq3Ba (8ea94e59-fce9-4dc9-837a-5178d26df822)
2019-11-26 14:18:50.098 13785 RALLYDEBUG rally_openstack.cleanup.manager [-] Deleting neutron.subnet object s_rally_894fa67a_Zv5pyNTQ (ce099416-2ff2-4634-ae4a-6d49d58d6727)
2019-11-26 14:18:50.103 13785 RALLYDEBUG rally_openstack.cleanup.manager [-] Deleting neutron.subnet object s_rally_894fa67a_CfOIPQVE (f7fc3514-c496-474f-9634-ce5cd8bae747)
2019-11-26 14:18:50.121 13785 RALLYDEBUG rally_openstack.cleanup.manager [-] Deleting neutron.subnet object s_rally_894fa67a_zTAXK2o5 (1b0c1745-e210-40ea-b719-8225132a0f6d)
2019-11-26 14:18:50.130 13785 RALLYDEBUG rally_openstack.cleanup.manager [-] Deleting neutron.subnet object s_rally_894fa67a_jXjuPsFK (20f29b48-7728-4a31-a747-db869007dfe4)
2019-11-26 14:18:50.143 13785 RALLYDEBUG rally_openstack.cleanup.manager [-] Deleting neutron.subnet object s_rally_894fa67a_jj64ylMO (227f2648-a7af-4bee-81f0-0e659d78356b)
2019-11-26 14:18:50.152 13785 RALLYDEBUG rally_openstack.cleanup.manager [-] Deleting neutron.subnet object s_rally_894fa67a_P2RyS4cr (2e4ba8df-ed92-447f-b593-cee4d2f3c2f2)
2019-11-26 14:18:50.156 13785 RALLYDEBUG rally_openstack.cleanup.manager [-] Deleting neutron.subnet object s_rally_894fa67a_HgKoHwFe (4e9e6fad-bd8d-4fab-814a-adc937789135)
2019-11-26 14:18:50.169 13785 RALLYDEBUG rally_openstack.cleanup.manager [-] Deleting neutron.subnet object s_rally_894fa67a_X5I0OK3g (556919f0-534a-489f-ad81-f4ebbc30f02c)
2019-11-26 14:18:50.183 13785 RALLYDEBUG rally_openstack.cleanup.manager [-] Deleting neutron.subnet object s_rally_894fa67a_aFRSHrkY (5d8ef891-0e40-433f-b109-5a1243b41363)
2019-11-26 14:18:50.197 13785 RALLYDEBUG rally_openstack.cleanup.manager [-] Deleting neutron.subnet object s_rally_894fa67a_dM40AM0S (9ae5333d-fe5b-4406-9913-d0212d00f94c)
2019-11-26 14:18:50.213 13785 RALLYDEBUG rally_openstack.cleanup.manager [-] Deleting neutron.subnet object s_rally_894fa67a_F8GdknWl (12f50e14-3ca9-4f92-ae32-65f425f3524e)
2019-11-26 14:18:50.227 13785 RALLYDEBUG rally_openstack.cleanup.manager [-] Deleting neutron.subnet object s_rally_894fa67a_zO1g3Ap0 (4735c4a6-86a6-4433-9130-8e4e8a848843)
2019-11-26 14:18:57.941 13785 RALLYDEBUG rally_openstack.cleanup.manager [-] Cleaning up neutron network objects
2019-11-26 14:18:59.565 13785 RALLYDEBUG rally_openstack.cleanup.manager [-] Cleaning up neutron router objects
2019-11-26 14:19:00.757 13785 RALLYDEBUG rally_openstack.cleanup.manager [-] Cleaning up neutron security_group objects
2019-11-26 14:19:01.975 13785 INFO rally.task.context [-] Task 00ba39eb-45e0-4442-8ead-fb9035d26b8d | Context cleanup@openstack cleanup() finished in 21.25 sec
2019-11-26 14:19:01.976 13785 INFO rally.task.context [-] Task 00ba39eb-45e0-4442-8ead-fb9035d26b8d | Context network@openstack cleanup() started
2019-11-26 14:19:13.130 13785 INFO rally.task.context [-] Task 00ba39eb-45e0-4442-8ead-fb9035d26b8d | Context network@openstack cleanup() finished in 11.15 sec
2019-11-26 14:19:13.130 13785 INFO rally.task.context [-] Task 00ba39eb-45e0-4442-8ead-fb9035d26b8d | Context quotas@openstack cleanup() started
2019-11-26 14:19:13.380 13785 INFO rally.task.context [-] Task 00ba39eb-45e0-4442-8ead-fb9035d26b8d | Context quotas@openstack cleanup() finished in 0.25 sec
2019-11-26 14:19:13.381 13785 INFO rally.task.context [-] Task 00ba39eb-45e0-4442-8ead-fb9035d26b8d | Context users@openstack cleanup() started
2019-11-26 14:19:17.409 13785 INFO rally.task.context [-] Task 00ba39eb-45e0-4442-8ead-fb9035d26b8d | Context users@openstack cleanup() finished in 4.03 sec
2019-11-26 14:19:18.028 13785 INFO rally.task.engine [-] Load duration is: 5.888028
2019-11-26 14:19:18.028 13785 INFO rally.task.engine [-] Full runner duration is: 5.939838
2019-11-26 14:19:18.028 13785 INFO rally.task.engine [-] Full duration is: 49.627531
2019-11-26 14:19:18.275 13785 INFO rally.task.engine [-] Task 00ba39eb-45e0-4442-8ead-fb9035d26b8d | Completed: Running task.
2019-11-26 14:19:19.720 20407 RALLYDEBUG rally.api [-] INFO logs from urllib3 and requests module are hide.
2019-11-26 14:19:19.720 20407 RALLYDEBUG rally.api [-] urllib3 insecure warnings are hidden.
2019-11-26 14:19:19.720 20407 RALLYDEBUG rally.api [-] ERROR log from boto module is hide.
2019-11-26 14:19:20.903 20408 RALLYDEBUG rally.api [-] INFO logs from urllib3 and requests module are hide.
2019-11-26 14:19:20.903 20408 RALLYDEBUG rally.api [-] urllib3 insecure warnings are hidden.
2019-11-26 14:19:20.903 20408 RALLYDEBUG rally.api [-] ERROR log from boto module is hide.
2019-11-26 14:19:22.221 20409 RALLYDEBUG rally.api [-] INFO logs from urllib3 and requests module are hide.
2019-11-26 14:19:22.221 20409 RALLYDEBUG rally.api [-] urllib3 insecure warnings are hidden.
2019-11-26 14:19:22.221 20409 RALLYDEBUG rally.api [-] ERROR log from boto module is hide.
2019-11-26 14:19:23.854 20409 INFO rally.api [-] Building 'json' report for the following task(s): '00ba39eb-45e0-4442-8ead-fb9035d26b8d'.
2019-11-26 14:19:23.893 20409 INFO rally.api [-] The report has been successfully built.
2019-11-26 14:19:25.268 20411 RALLYDEBUG rally.api [-] INFO logs from urllib3 and requests module are hide.
2019-11-26 14:19:25.268 20411 RALLYDEBUG rally.api [-] urllib3 insecure warnings are hidden.
2019-11-26 14:19:25.268 20411 RALLYDEBUG rally.api [-] ERROR log from boto module is hide.
2019-11-26 14:19:27.280 20411 INFO rally.task.engine [-] Task 0dafeb38-ea40-466d-89d6-45d6e450890d | Starting: Task validation.
2019-11-26 14:19:27.329 20411 INFO rally.task.engine [-] Task 0dafeb38-ea40-466d-89d6-45d6e450890d | Starting: Task validation of syntax.
2019-11-26 14:19:27.696 20411 INFO rally.task.engine [-] Task 0dafeb38-ea40-466d-89d6-45d6e450890d | Completed: Task validation of syntax.
2019-11-26 14:19:27.697 20411 INFO rally.task.engine [-] Task 0dafeb38-ea40-466d-89d6-45d6e450890d | Starting: Task validation of required platforms.
2019-11-26 14:19:27.839 20411 INFO rally.task.engine [-] Task 0dafeb38-ea40-466d-89d6-45d6e450890d | Completed: Task validation of required platforms.
2019-11-26 14:19:27.839 20411 INFO rally.task.engine [-] Task 0dafeb38-ea40-466d-89d6-45d6e450890d | Starting: Task validation of semantic.
2019-11-26 14:19:27.839 20411 INFO rally.task.engine [-] Check health of the environment '73925250-c41d-449a-9e1d-3bea8c973e1e'.
2019-11-26 14:19:28.841 20411 INFO rally.task.engine [-] Platform existing@openstack (available: True): OK!
2019-11-26 14:19:28.862 20411 RALLYDEBUG rally_openstack.contexts.keystone.users [-] Creating 1 tenants using 20 threads
2019-11-26 14:19:29.763 20411 RALLYDEBUG rally_openstack.contexts.keystone.users [-] Creating 1 users using 20 threads
2019-11-26 14:19:31.186 20411 INFO rally.task.context [-] Task 0dafeb38-ea40-466d-89d6-45d6e450890d | Context users@openstack setup() finished in 2.32 sec
2019-11-26 14:20:13.520 20411 INFO rally.task.context [-] Task 0dafeb38-ea40-466d-89d6-45d6e450890d | Context users@openstack cleanup() started
2019-11-26 14:20:16.383 20411 INFO rally.task.context [-] Task 0dafeb38-ea40-466d-89d6-45d6e450890d | Context users@openstack cleanup() finished in 2.86 sec
2019-11-26 14:20:16.384 20411 INFO rally.task.engine [-] Task 0dafeb38-ea40-466d-89d6-45d6e450890d | Completed: Task validation of semantic.
2019-11-26 14:20:16.384 20411 INFO rally.task.engine [-] Task 0dafeb38-ea40-466d-89d6-45d6e450890d | Completed: Task validation.
2019-11-26 14:20:16.385 20411 INFO rally.api [-] Task 0dafeb38-ea40-466d-89d6-45d6e450890d input file is valid.
2019-11-26 14:20:16.385 20411 INFO rally.api [-] Run Task 0dafeb38-ea40-466d-89d6-45d6e450890d against Deployment 73925250-c41d-449a-9e1d-3bea8c973e1e
2019-11-26 14:20:16.386 20411 INFO rally.task.engine [-] Task 0dafeb38-ea40-466d-89d6-45d6e450890d | Starting: Running task.
2019-11-26 14:20:16.564 20411 INFO rally.task.engine [-] Running workload: position = 0 config = { "version": 2, "title": "A cropped version of a bigger task.", "description": "Auto-generated task from a single workload (uuid=aed417d3-9172-4dfd-b2e4-cf1c2cfd8fa1)", "subtasks": [ { "title": "NovaKeypair.create_and_delete_keypair", "description": "Create a keypair with random name and delete keypair.", "scenario": { "NovaKeypair.create_and_delete_keypair": {} }, "contexts": { "users": { "tenants": 3, "users_per_tenant": 2 }, "quotas": { "nova": { "cores": -1, "floating_ips": -1, "instances": -1, "key_pairs": -1, "ram": -1, "security_group_rules": -1, "security_groups": -1 } } }, "runner": { "constant": { "concurrency": 4, "times": 10 } }, "hooks": [], "sla": { "failure_rate": { "max": 0 } } } ] }
2019-11-26 14:20:16.589 20411 RALLYDEBUG rally_openstack.contexts.keystone.users [-] Creating 3 tenants using 20 threads
2019-11-26 14:20:17.523 20411 RALLYDEBUG rally_openstack.contexts.keystone.users [-] Creating 6 users using 20 threads
2019-11-26 14:20:19.106 20411 INFO rally.task.context [-] Task 0dafeb38-ea40-466d-89d6-45d6e450890d | Context users@openstack setup() finished in 2.52 sec
2019-11-26 14:20:20.304 20411 INFO rally.task.context [-] Task 0dafeb38-ea40-466d-89d6-45d6e450890d | Context quotas@openstack setup() finished in 1.20 sec
2019-11-26 14:20:20.305 20411 INFO rally.task.context [-] Task 0dafeb38-ea40-466d-89d6-45d6e450890d | Context cleanup@openstack setup() finished in 0.02 msec
2019-11-26 14:20:20.315 20411 RALLYDEBUG rally.task.runner [-] Starting the constant runner (task UUID: 0dafeb38-ea40-466d-89d6-45d6e450890d). times: 10 concurrency: 4 timeout: 0 max_cpu_used: 16 processes_to_start: 4 concurrency_per_worker: 1 concurrency_overhead: 0
2019-11-26 14:20:20.328 20535 RALLYDEBUG rally.task.runner [-] Starting a worker. times: 10 duration: None concurrency: 1 timeout: 0 cls: method_name: run args: {}
2019-11-26 14:20:20.331 20536 RALLYDEBUG rally.task.runner [-] Starting a worker. times: 10 duration: None concurrency: 1 timeout: 0 cls: method_name: run args: {}
2019-11-26 14:20:20.334 20535 INFO rally.task.runner [-] Task 0dafeb38-ea40-466d-89d6-45d6e450890d | ITER: 1 START
2019-11-26 14:20:20.335 20537 RALLYDEBUG rally.task.runner [-] Starting a worker. times: 10 duration: None concurrency: 1 timeout: 0 cls: method_name: run args: {}
2019-11-26 14:20:20.338 20536 INFO rally.task.runner [-] Task 0dafeb38-ea40-466d-89d6-45d6e450890d | ITER: 2 START
2019-11-26 14:20:20.338 20540 RALLYDEBUG rally.task.runner [-] Starting a worker. times: 10 duration: None concurrency: 1 timeout: 0 cls: method_name: run args: {}
2019-11-26 14:20:20.341 20537 INFO rally.task.runner [-] Task 0dafeb38-ea40-466d-89d6-45d6e450890d | ITER: 3 START
2019-11-26 14:20:20.345 20540 INFO rally.task.runner [-] Task 0dafeb38-ea40-466d-89d6-45d6e450890d | ITER: 4 START
2019-11-26 14:20:21.049 20537 INFO rally.task.runner [-] Task 0dafeb38-ea40-466d-89d6-45d6e450890d | ITER: 3 END: OK
2019-11-26 14:20:21.054 20537 INFO rally.task.runner [-] Task 0dafeb38-ea40-466d-89d6-45d6e450890d | ITER: 5 START
2019-11-26 14:20:21.068 20536 INFO rally.task.runner [-] Task 0dafeb38-ea40-466d-89d6-45d6e450890d | ITER: 2 END: OK
2019-11-26 14:20:21.072 20536 INFO rally.task.runner [-] Task 0dafeb38-ea40-466d-89d6-45d6e450890d | ITER: 6 START
2019-11-26 14:20:21.128 20535 INFO rally.task.runner [-] Task 0dafeb38-ea40-466d-89d6-45d6e450890d | ITER: 1 END: OK
2019-11-26 14:20:21.133 20535 INFO rally.task.runner [-] Task 0dafeb38-ea40-466d-89d6-45d6e450890d | ITER: 7 START
2019-11-26 14:20:21.179 20540 INFO rally.task.runner [-] Task 0dafeb38-ea40-466d-89d6-45d6e450890d | ITER: 4 END: OK
2019-11-26 14:20:21.183 20540 INFO rally.task.runner [-] Task 0dafeb38-ea40-466d-89d6-45d6e450890d | ITER: 8 START
2019-11-26 14:20:21.591 20536 INFO rally.task.runner [-] Task 0dafeb38-ea40-466d-89d6-45d6e450890d | ITER: 6 END: OK
2019-11-26 14:20:21.594 20536 INFO rally.task.runner [-] Task 0dafeb38-ea40-466d-89d6-45d6e450890d | ITER: 9 START
2019-11-26 14:20:21.677 20537 INFO rally.task.runner [-] Task 0dafeb38-ea40-466d-89d6-45d6e450890d | ITER: 5 END: OK
2019-11-26 14:20:21.681 20537 INFO rally.task.runner [-] Task 0dafeb38-ea40-466d-89d6-45d6e450890d | ITER: 10 START
2019-11-26 14:20:21.727 20540 INFO rally.task.runner [-] Task 0dafeb38-ea40-466d-89d6-45d6e450890d | ITER: 8 END: OK
2019-11-26 14:20:21.764 20535 INFO rally.task.runner [-] Task 0dafeb38-ea40-466d-89d6-45d6e450890d | ITER: 7 END: OK
2019-11-26 14:20:22.161 20536 INFO rally.task.runner [-] Task 0dafeb38-ea40-466d-89d6-45d6e450890d | ITER: 9 END: OK
2019-11-26 14:20:22.274 20537 INFO rally.task.runner [-] Task 0dafeb38-ea40-466d-89d6-45d6e450890d | ITER: 10 END: OK
2019-11-26 14:20:22.300 20411 INFO rally.task.context [-] Task 0dafeb38-ea40-466d-89d6-45d6e450890d | Context cleanup@openstack cleanup() started
2019-11-26 14:20:22.304 20411 RALLYDEBUG rally_openstack.cleanup.manager [-] Cleaning up nova servers objects
2019-11-26 14:20:23.993 20411 RALLYDEBUG rally_openstack.cleanup.manager [-] Cleaning up nova server_groups objects
2019-11-26 14:20:25.132 20411 RALLYDEBUG rally_openstack.cleanup.manager [-] Cleaning up nova keypairs objects
2019-11-26 14:20:27.460 20411 INFO rally.task.context [-] Task 0dafeb38-ea40-466d-89d6-45d6e450890d | Context cleanup@openstack cleanup() finished in 5.16 sec
2019-11-26 14:20:27.461 20411 INFO rally.task.context [-] Task 0dafeb38-ea40-466d-89d6-45d6e450890d | Context quotas@openstack cleanup() started
2019-11-26 14:20:27.525 20411 INFO rally.task.context [-] Task 0dafeb38-ea40-466d-89d6-45d6e450890d | Context quotas@openstack cleanup() finished in 63.92 msec
2019-11-26 14:20:27.525 20411 INFO rally.task.context [-] Task 0dafeb38-ea40-466d-89d6-45d6e450890d | Context users@openstack cleanup() started
2019-11-26 14:20:32.150 20411 INFO rally.task.context [-] Task 0dafeb38-ea40-466d-89d6-45d6e450890d | Context users@openstack cleanup() finished in 4.62 sec
2019-11-26 14:20:32.707 20411 INFO rally.task.engine [-] Load duration is: 1.938849
2019-11-26 14:20:32.707 20411 INFO rally.task.engine [-] Full runner duration is: 1.986743
2019-11-26 14:20:32.708 20411 INFO rally.task.engine [-] Full duration is: 15.563613
2019-11-26 14:20:33.017 20411 INFO rally.task.engine [-] Running workload: position = 0 config = { "version": 2, "title": "A cropped version of a bigger task.", "description": "Auto-generated task from a single workload (uuid=f08f2e77-23e2-48fc-a853-39a9fa092d2c)", "subtasks": [ { "title": "NovaKeypair.create_and_list_keypairs", "description": "Create a keypair with random name and list keypairs.", "scenario": { "NovaKeypair.create_and_list_keypairs": {} }, "contexts": { "users": { "tenants": 3, "users_per_tenant": 2 }, "quotas": { "nova": { "cores": -1, "floating_ips": -1, "instances": -1, "key_pairs": -1, "ram": -1, "security_group_rules": -1, "security_groups": -1 } } }, "runner": { "constant": { "concurrency": 4, "times": 10 } }, "hooks": [], "sla": { "failure_rate": { "max": 0 } } } ] }
2019-11-26 14:20:33.042 20411 RALLYDEBUG rally_openstack.contexts.keystone.users [-] Creating 3 tenants using 20 threads
2019-11-26 14:20:34.088 20411 RALLYDEBUG rally_openstack.contexts.keystone.users [-] Creating 6 users using 20 threads
2019-11-26 14:20:35.586 20411 INFO rally.task.context [-] Task 0dafeb38-ea40-466d-89d6-45d6e450890d | Context users@openstack setup() finished in 2.54 sec
2019-11-26 14:20:37.138 20411 INFO rally.task.context [-] Task 0dafeb38-ea40-466d-89d6-45d6e450890d | Context quotas@openstack setup() finished in 1.55 sec
2019-11-26 14:20:37.139 20411 INFO rally.task.context [-] Task 0dafeb38-ea40-466d-89d6-45d6e450890d | Context cleanup@openstack setup() finished in 0.00 msec
2019-11-26 14:20:37.147 20411 RALLYDEBUG rally.task.runner [-] Starting the constant runner (task UUID: 0dafeb38-ea40-466d-89d6-45d6e450890d). times: 10 concurrency: 4 timeout: 0 max_cpu_used: 16 processes_to_start: 4 concurrency_per_worker: 1 concurrency_overhead: 0
2019-11-26 14:20:37.158 20699 RALLYDEBUG rally.task.runner [-] Starting a worker. times: 10 duration: None concurrency: 1 timeout: 0 cls: method_name: run args: {}
2019-11-26 14:20:37.162 20700 RALLYDEBUG rally.task.runner [-] Starting a worker. times: 10 duration: None concurrency: 1 timeout: 0 cls: method_name: run args: {}
2019-11-26 14:20:37.166 20699 INFO rally.task.runner [-] Task 0dafeb38-ea40-466d-89d6-45d6e450890d | ITER: 1 START
2019-11-26 14:20:37.165 20701 RALLYDEBUG rally.task.runner [-] Starting a worker. times: 10 duration: None concurrency: 1 timeout: 0 cls: method_name: run args: {}
2019-11-26 14:20:37.168 20700 INFO rally.task.runner [-] Task 0dafeb38-ea40-466d-89d6-45d6e450890d | ITER: 2 START
2019-11-26 14:20:37.168 20702 RALLYDEBUG rally.task.runner [-] Starting a worker. times: 10 duration: None concurrency: 1 timeout: 0 cls: method_name: run args: {}
2019-11-26 14:20:37.172 20701 INFO rally.task.runner [-] Task 0dafeb38-ea40-466d-89d6-45d6e450890d | ITER: 3 START
2019-11-26 14:20:37.175 20702 INFO rally.task.runner [-] Task 0dafeb38-ea40-466d-89d6-45d6e450890d | ITER: 4 START
2019-11-26 14:20:37.793 20700 INFO rally.task.runner [-] Task 0dafeb38-ea40-466d-89d6-45d6e450890d | ITER: 2 END: OK
2019-11-26 14:20:37.797 20700 INFO rally.task.runner [-] Task 0dafeb38-ea40-466d-89d6-45d6e450890d | ITER: 5 START
2019-11-26 14:20:37.828 20702 INFO rally.task.runner [-] Task 0dafeb38-ea40-466d-89d6-45d6e450890d | ITER: 4 END: OK
2019-11-26 14:20:37.832 20702 INFO rally.task.runner [-] Task 0dafeb38-ea40-466d-89d6-45d6e450890d | ITER: 6 START
2019-11-26 14:20:37.982 20699 INFO rally.task.runner [-] Task 0dafeb38-ea40-466d-89d6-45d6e450890d | ITER: 1 END: OK
2019-11-26 14:20:37.987 20699 INFO rally.task.runner [-] Task 0dafeb38-ea40-466d-89d6-45d6e450890d | ITER: 7 START
2019-11-26 14:20:38.045 20701 INFO rally.task.runner [-] Task 0dafeb38-ea40-466d-89d6-45d6e450890d | ITER: 3 END: OK
2019-11-26 14:20:38.050 20701 INFO rally.task.runner [-] Task 0dafeb38-ea40-466d-89d6-45d6e450890d | ITER: 8 START
2019-11-26 14:20:38.334 20700 INFO rally.task.runner [-] Task 0dafeb38-ea40-466d-89d6-45d6e450890d | ITER: 5 END: OK
2019-11-26 14:20:38.338 20700 INFO rally.task.runner [-] Task 0dafeb38-ea40-466d-89d6-45d6e450890d | ITER: 9 START
2019-11-26 14:20:38.424 20702 INFO rally.task.runner [-] Task 0dafeb38-ea40-466d-89d6-45d6e450890d | ITER: 6 END: OK
2019-11-26 14:20:38.428 20702 INFO rally.task.runner [-] Task 0dafeb38-ea40-466d-89d6-45d6e450890d | ITER: 10 START
2019-11-26 14:20:38.479 20699 INFO rally.task.runner [-] Task 0dafeb38-ea40-466d-89d6-45d6e450890d | ITER: 7 END: OK
2019-11-26 14:20:38.623 20701 INFO rally.task.runner [-] Task 0dafeb38-ea40-466d-89d6-45d6e450890d | ITER: 8 END: OK
2019-11-26 14:20:38.884 20700 INFO rally.task.runner [-] Task 0dafeb38-ea40-466d-89d6-45d6e450890d | ITER: 9 END: OK
2019-11-26 14:20:38.940 20702 INFO rally.task.runner [-] Task 0dafeb38-ea40-466d-89d6-45d6e450890d | ITER: 10 END: OK
2019-11-26 14:20:38.965 20411 INFO rally.task.context [-] Task 0dafeb38-ea40-466d-89d6-45d6e450890d | Context cleanup@openstack cleanup() started
2019-11-26 14:20:38.969 20411 RALLYDEBUG rally_openstack.cleanup.manager [-] Cleaning up nova servers objects
2019-11-26 14:20:40.341 20411 RALLYDEBUG rally_openstack.cleanup.manager [-] Cleaning up nova server_groups objects
2019-11-26 14:20:41.503 20411 RALLYDEBUG rally_openstack.cleanup.manager [-] Cleaning up nova keypairs objects
2019-11-26 14:20:43.952 20411 RALLYDEBUG rally_openstack.cleanup.manager [-] Deleting nova.keypairs object s_rally_f08f2e77_2ZrlAavF (s_rally_f08f2e77_2ZrlAavF)
2019-11-26 14:20:43.961 20411 RALLYDEBUG rally_openstack.cleanup.manager [-] Deleting nova.keypairs object s_rally_f08f2e77_d9D7veqC (s_rally_f08f2e77_d9D7veqC)
2019-11-26 14:20:43.970 20411 RALLYDEBUG rally_openstack.cleanup.manager [-] Deleting nova.keypairs object s_rally_f08f2e77_hmjPveI7 (s_rally_f08f2e77_hmjPveI7)
2019-11-26 14:20:43.979 20411 RALLYDEBUG rally_openstack.cleanup.manager [-] Deleting nova.keypairs object s_rally_f08f2e77_8PfQI4pv (s_rally_f08f2e77_8PfQI4pv)
2019-11-26 14:20:43.987 20411 RALLYDEBUG rally_openstack.cleanup.manager [-] Deleting nova.keypairs object s_rally_f08f2e77_fMg9Y5ws (s_rally_f08f2e77_fMg9Y5ws)
2019-11-26 14:20:43.998 20411 RALLYDEBUG rally_openstack.cleanup.manager [-] Deleting nova.keypairs object s_rally_f08f2e77_qh2nsGhE (s_rally_f08f2e77_qh2nsGhE)
2019-11-26 14:20:44.014 20411 RALLYDEBUG rally_openstack.cleanup.manager [-] Deleting nova.keypairs object s_rally_f08f2e77_uniyxKmf (s_rally_f08f2e77_uniyxKmf)
2019-11-26 14:20:44.025 20411 RALLYDEBUG rally_openstack.cleanup.manager [-] Deleting nova.keypairs object s_rally_f08f2e77_wbZpnnZ9 (s_rally_f08f2e77_wbZpnnZ9)
2019-11-26 14:20:44.037 20411 RALLYDEBUG rally_openstack.cleanup.manager [-] Deleting nova.keypairs object s_rally_f08f2e77_ngBH3kiC (s_rally_f08f2e77_ngBH3kiC)
2019-11-26 14:20:44.051 20411 RALLYDEBUG rally_openstack.cleanup.manager [-] Deleting nova.keypairs object s_rally_f08f2e77_UvvJmnlJ (s_rally_f08f2e77_UvvJmnlJ)
2019-11-26 14:20:45.525 20411 INFO rally.task.context [-] Task 0dafeb38-ea40-466d-89d6-45d6e450890d | Context cleanup@openstack cleanup() finished in 6.56 sec
2019-11-26 14:20:45.526 20411 INFO rally.task.context [-] Task 0dafeb38-ea40-466d-89d6-45d6e450890d | Context quotas@openstack cleanup() started
2019-11-26 14:20:45.589 20411 INFO rally.task.context [-] Task 0dafeb38-ea40-466d-89d6-45d6e450890d | Context quotas@openstack cleanup() finished in 62.68 msec
2019-11-26 14:20:45.589 20411 INFO rally.task.context [-] Task 0dafeb38-ea40-466d-89d6-45d6e450890d | Context users@openstack cleanup() started
2019-11-26 14:20:50.062 20411 INFO rally.task.context [-] Task 0dafeb38-ea40-466d-89d6-45d6e450890d | Context users@openstack cleanup() finished in 4.47 sec
2019-11-26 14:20:51.146 20411 INFO rally.task.engine [-] Load duration is: 1.773003
2019-11-26 14:20:51.147 20411 INFO rally.task.engine [-] Full runner duration is: 1.81805
2019-11-26 14:20:51.147 20411 INFO rally.task.engine [-] Full duration is: 17.022174
2019-11-26 14:20:51.420 20411 INFO rally.task.engine [-] Running workload: position = 0 config = { "version": 2, "title": "A cropped version of a bigger task.", "description": "Auto-generated task from a single workload (uuid=a5434fd8-cc6b-4ac3-b2c1-683a2d40bc58)", "subtasks": [ { "title": "NovaServers.boot_and_bounce_server", "description": "Boot a server and run specified actions against it.", "scenario": { "NovaServers.boot_and_bounce_server": { "actions": [ { "hard_reboot": 1 }, { "soft_reboot": 1 }, { "stop_start": 1 }, { "rescue_unrescue": 1 } ], "flavor": { "name": "rally_full-flavor_14c80e47-fc5e-4341-b211-0fe7e7cf2394" }, "image": { "name": "rally_full-img_14c80e47-fc5e-4341-b211-0fe7e7cf2394" }, "nics": [ { "net-id": "6abc0ace-55e5-437e-8ca2-3154ab90105d" } ] } }, "contexts": { "users": { "tenants": 3, "users_per_tenant": 2 }, "network": { "networks_per_tenant": 1, "start_cidr": "100.1.0.0/25" }, "quotas": { "neutron": { "network": -1, "port": -1, "subnet": -1 }, "nova": { "cores": -1, "floating_ips": -1, "instances": -1, "ram": -1, "security_group_rules": -1, "security_groups": -1 } } }, "runner": { "constant": { "concurrency": 4, "times": 10 } }, "hooks": [], "sla": { "failure_rate": { "max": 0 } } } ] }
2019-11-26 14:20:51.447 20411 RALLYDEBUG rally_openstack.contexts.keystone.users [-] Creating 3 tenants using 20 threads
2019-11-26 14:20:52.419 20411 RALLYDEBUG rally_openstack.contexts.keystone.users [-] Creating 6 users using 20 threads
2019-11-26 14:20:53.889 20411 INFO rally.task.context [-] Task 0dafeb38-ea40-466d-89d6-45d6e450890d | Context users@openstack setup() finished in 2.44 sec
2019-11-26 14:20:55.677 20411 INFO rally.task.context [-] Task 0dafeb38-ea40-466d-89d6-45d6e450890d | Context quotas@openstack setup() finished in 1.79 sec
2019-11-26 14:20:57.771 20411 RALLYDEBUG rally_openstack.wrappers.network [-] CIDR generated: 100.1.0.0/25
2019-11-26 14:21:01.786 20411 RALLYDEBUG rally_openstack.wrappers.network [-] CIDR generated: 100.1.0.128/25
2019-11-26 14:21:06.531 20411 RALLYDEBUG rally_openstack.wrappers.network [-] CIDR generated: 100.1.1.0/25
2019-11-26 14:21:08.987 20411 INFO rally.task.context [-] Task 0dafeb38-ea40-466d-89d6-45d6e450890d | Context network@openstack setup() finished in 13.31 sec
2019-11-26 14:21:08.987 20411 INFO rally.task.context [-] Task 0dafeb38-ea40-466d-89d6-45d6e450890d | Context cleanup@openstack setup() finished in 0.02 msec
2019-11-26 14:21:09.836 20411 RALLYDEBUG rally.task.runner [-] Starting the constant runner (task UUID: 0dafeb38-ea40-466d-89d6-45d6e450890d). times: 10 concurrency: 4 timeout: 0 max_cpu_used: 16 processes_to_start: 4 concurrency_per_worker: 1 concurrency_overhead: 0
2019-11-26 14:21:09.848 20863 RALLYDEBUG rally.task.runner [-] Starting a worker. times: 10 duration: None concurrency: 1 timeout: 0 cls: method_name: run args: {"actions": [{"hard_reboot": 1}, {"soft_reboot": 1}, {"stop_start": 1}, {"rescue_unrescue": 1}], "flavor": "557b1827-d554-482f-8e5c-ff4a7235ad1e", "image": "d28fe962-223c-4c25-a219-b707ace03132", "nics": [{"net-id": "6abc0ace-55e5-437e-8ca2-3154ab90105d"}]}
2019-11-26 14:21:09.852 20864 RALLYDEBUG rally.task.runner [-] Starting a worker. times: 10 duration: None concurrency: 1 timeout: 0 cls: method_name: run args: {"actions": [{"hard_reboot": 1}, {"soft_reboot": 1}, {"stop_start": 1}, {"rescue_unrescue": 1}], "flavor": "557b1827-d554-482f-8e5c-ff4a7235ad1e", "image": "d28fe962-223c-4c25-a219-b707ace03132", "nics": [{"net-id": "6abc0ace-55e5-437e-8ca2-3154ab90105d"}]}
2019-11-26 14:21:09.856 20863 INFO rally.task.runner [-] Task 0dafeb38-ea40-466d-89d6-45d6e450890d | ITER: 1 START
2019-11-26 14:21:09.856 20865 RALLYDEBUG rally.task.runner [-] Starting a worker. times: 10 duration: None concurrency: 1 timeout: 0 cls: method_name: run args: {"actions": [{"hard_reboot": 1}, {"soft_reboot": 1}, {"stop_start": 1}, {"rescue_unrescue": 1}], "flavor": "557b1827-d554-482f-8e5c-ff4a7235ad1e", "image": "d28fe962-223c-4c25-a219-b707ace03132", "nics": [{"net-id": "6abc0ace-55e5-437e-8ca2-3154ab90105d"}]}
2019-11-26 14:21:09.859 20864 INFO rally.task.runner [-] Task 0dafeb38-ea40-466d-89d6-45d6e450890d | ITER: 2 START
2019-11-26 14:21:09.859 20866 RALLYDEBUG rally.task.runner [-] Starting a worker. times: 10 duration: None concurrency: 1 timeout: 0 cls: method_name: run args: {"actions": [{"hard_reboot": 1}, {"soft_reboot": 1}, {"stop_start": 1}, {"rescue_unrescue": 1}], "flavor": "557b1827-d554-482f-8e5c-ff4a7235ad1e", "image": "d28fe962-223c-4c25-a219-b707ace03132", "nics": [{"net-id": "6abc0ace-55e5-437e-8ca2-3154ab90105d"}]}
2019-11-26 14:21:09.863 20865 INFO rally.task.runner [-] Task 0dafeb38-ea40-466d-89d6-45d6e450890d | ITER: 3 START
2019-11-26 14:21:09.866 20866 INFO rally.task.runner [-] Task 0dafeb38-ea40-466d-89d6-45d6e450890d | ITER: 4 START
2019-11-26 14:21:18.214 20866 RALLYDEBUG rally.task.utils [-] Waiting for resource s_rally_a5434fd8_8Uig4nYe. Status changed: BUILD => ACTIVE in 5.0847508907318115
2019-11-26 14:21:20.428 20865 RALLYDEBUG rally.task.utils [-] Waiting for resource s_rally_a5434fd8_EieUtSmR. Status changed: BUILD => ACTIVE in 7.602823972702026
2019-11-26 14:21:20.440 20864 RALLYDEBUG rally.task.utils [-] Waiting for resource s_rally_a5434fd8_6zK99wEt. Status changed: BUILD => ACTIVE in 7.521673202514648
2019-11-26 14:21:20.718 20863 RALLYDEBUG rally.task.utils [-] Waiting for resource s_rally_a5434fd8_OCMOHu6E. Status changed: BUILD => ACTIVE in 7.416455268859863
2019-11-26 14:21:22.774 20865 RALLYDEBUG rally.task.utils [-] Waiting for resource s_rally_a5434fd8_EieUtSmR. Status changed: ACTIVE => HARD_REBOOT in 0.24098706245422363
2019-11-26 14:21:22.778 20864 RALLYDEBUG rally.task.utils [-] Waiting for resource s_rally_a5434fd8_6zK99wEt. Status changed: ACTIVE => HARD_REBOOT in 0.22942495346069336
2019-11-26 14:21:22.953 20866 RALLYDEBUG rally.task.utils [-] Waiting for resource s_rally_a5434fd8_8Uig4nYe. Status changed: ACTIVE => REBOOT in 0.23148751258850098
2019-11-26 14:21:23.036 20863 RALLYDEBUG rally.task.utils [-] Waiting for resource s_rally_a5434fd8_OCMOHu6E. Status changed: ACTIVE => HARD_REBOOT in 0.19197654724121094
2019-11-26 14:21:25.018 20865 RALLYDEBUG rally.task.utils [-] Waiting for resource s_rally_a5434fd8_EieUtSmR. Status changed: HARD_REBOOT => ACTIVE in 2.2441039085388184
2019-11-26 14:21:25.190 20863 RALLYDEBUG rally.task.utils [-] Waiting for resource s_rally_a5434fd8_OCMOHu6E. Status changed: HARD_REBOOT => ACTIVE in 2.1535069942474365
2019-11-26 14:21:25.499 20864 RALLYDEBUG rally.task.utils [-] Waiting for resource s_rally_a5434fd8_6zK99wEt. Status changed: HARD_REBOOT => ACTIVE in 2.7206711769104004
2019-11-26 14:21:27.352 20865 RALLYDEBUG rally.task.utils [-] Waiting for resource s_rally_a5434fd8_EieUtSmR. Status changed: ACTIVE => REBOOT in 0.23419833183288574
2019-11-26 14:21:27.507 20863 RALLYDEBUG rally.task.utils [-] Waiting for resource s_rally_a5434fd8_OCMOHu6E. Status changed: ACTIVE => REBOOT in 0.2079300880432129
2019-11-26 14:21:27.919 20864 RALLYDEBUG rally.task.utils [-] Waiting for resource s_rally_a5434fd8_6zK99wEt. Status changed: ACTIVE => REBOOT in 0.31609511375427246
2019-11-26 14:23:24.893 20866 RALLYDEBUG rally.task.utils [-] Waiting for resource s_rally_a5434fd8_8Uig4nYe. Status changed: REBOOT => ACTIVE in 121.93957924842834
2019-11-26 14:23:29.363 20865 RALLYDEBUG rally.task.utils [-] Waiting for resource s_rally_a5434fd8_EieUtSmR. Status changed: REBOOT => ACTIVE in 122.01031970977783
2019-11-26 14:23:29.399 20864 RALLYDEBUG rally.task.utils [-] Waiting for resource s_rally_a5434fd8_6zK99wEt. Status changed: REBOOT => ACTIVE in 121.47967433929443
2019-11-26 14:23:29.527 20866 RALLYDEBUG rally.task.utils [-] Waiting for resource s_rally_a5434fd8_8Uig4nYe. Status changed: ACTIVE => SHUTOFF in 4.462308168411255
2019-11-26 14:23:29.641 20863 RALLYDEBUG rally.task.utils [-] Waiting for resource s_rally_a5434fd8_OCMOHu6E. Status changed: REBOOT => ACTIVE in 122.133145570755
2019-11-26 14:23:29.797 20866 RALLYDEBUG rally.task.utils [-] Waiting for resource s_rally_a5434fd8_8Uig4nYe. Status changed: ACTIVE => SHUTOFF in 0.13773584365844727
2019-11-26 14:23:30.962 20866 RALLYDEBUG rally.task.utils [-] Waiting for resource s_rally_a5434fd8_8Uig4nYe. Status changed: SHUTOFF => ACTIVE in 1.1652412414550781
2019-11-26 14:24:31.235 20865 RALLYDEBUG rally.task.utils [-] Waiting for resource s_rally_a5434fd8_EieUtSmR. Status changed: ACTIVE => SHUTOFF in 61.73584508895874
2019-11-26 14:24:31.244 20864 RALLYDEBUG rally.task.utils [-] Waiting for resource s_rally_a5434fd8_6zK99wEt. Status changed: ACTIVE => SHUTOFF in 61.700098752975464
2019-11-26 14:24:31.246 20863 RALLYDEBUG rally.task.utils [-] Waiting for resource s_rally_a5434fd8_OCMOHu6E. Status changed: ACTIVE => SHUTOFF in 61.47043824195862
2019-11-26 14:24:31.535 20865 RALLYDEBUG rally.task.utils [-] Waiting for resource s_rally_a5434fd8_EieUtSmR. Status changed: ACTIVE => SHUTOFF in 0.15306329727172852
2019-11-26 14:24:31.542 20863 RALLYDEBUG rally.task.utils [-] Waiting for resource s_rally_a5434fd8_OCMOHu6E. Status changed: ACTIVE => SHUTOFF in 0.1570882797241211
2019-11-26 14:24:31.564 20864 RALLYDEBUG rally.task.utils [-] Waiting for resource s_rally_a5434fd8_6zK99wEt. Status changed: ACTIVE => SHUTOFF in 0.17737340927124023
2019-11-26 14:24:32.689 20863 RALLYDEBUG rally.task.utils [-] Waiting for resource s_rally_a5434fd8_OCMOHu6E. Status changed: SHUTOFF => ACTIVE in 1.1462385654449463
2019-11-26 14:24:32.691 20865 RALLYDEBUG rally.task.utils [-] Waiting for resource s_rally_a5434fd8_EieUtSmR. Status changed: SHUTOFF => ACTIVE in 1.1560044288635254
2019-11-26 14:24:32.711 20864 RALLYDEBUG rally.task.utils [-] Waiting for resource s_rally_a5434fd8_6zK99wEt. Status changed: SHUTOFF => ACTIVE in 1.1467034816741943
2019-11-26 14:24:35.287 20866 RALLYDEBUG rally.task.utils [-] Waiting for resource s_rally_a5434fd8_8Uig4nYe. Status changed: ACTIVE => RESCUE in 62.19033241271973
2019-11-26 14:24:39.928 20866 INFO rally.task.runner [-] Task 0dafeb38-ea40-466d-89d6-45d6e450890d | ITER: 4 END: OK
2019-11-26 14:24:39.934 20866 INFO rally.task.runner [-] Task 0dafeb38-ea40-466d-89d6-45d6e450890d | ITER: 5 START
2019-11-26 14:24:48.136 20865 RALLYDEBUG rally.task.utils [-] Waiting for resource s_rally_a5434fd8_EieUtSmR. Status changed: ACTIVE => RESCUE in 13.320483922958374
2019-11-26 14:24:49.012 20866 RALLYDEBUG rally.task.utils [-] Waiting for resource s_rally_a5434fd8_3dj5P6NJ. Status changed: BUILD => ACTIVE in 6.829056024551392
2019-11-26 14:24:50.139 20863 RALLYDEBUG rally.task.utils [-] Waiting for resource s_rally_a5434fd8_OCMOHu6E. Status changed: ACTIVE => RESCUE in 15.330681562423706
2019-11-26 14:24:50.301 20864 RALLYDEBUG rally.task.utils [-] Waiting for resource s_rally_a5434fd8_6zK99wEt. Status changed: ACTIVE => RESCUE in 15.470627307891846
2019-11-26 14:24:51.384 20866 RALLYDEBUG rally.task.utils [-] Waiting for resource s_rally_a5434fd8_3dj5P6NJ. Status changed: ACTIVE => HARD_REBOOT in 0.26447534561157227
2019-11-26 14:24:52.745 20865 INFO rally.task.runner [-] Task 0dafeb38-ea40-466d-89d6-45d6e450890d | ITER: 3 END: OK
2019-11-26 14:24:52.752 20865 INFO rally.task.runner [-] Task 0dafeb38-ea40-466d-89d6-45d6e450890d | ITER: 6 START
2019-11-26 14:24:53.536 20866 RALLYDEBUG rally.task.utils [-] Waiting for resource s_rally_a5434fd8_3dj5P6NJ. Status changed: HARD_REBOOT => ACTIVE in 2.1526050567626953
2019-11-26 14:24:54.912 20863 INFO rally.task.runner [-] Task 0dafeb38-ea40-466d-89d6-45d6e450890d | ITER: 1 END: OK
2019-11-26 14:24:54.918 20863 INFO rally.task.runner [-] Task 0dafeb38-ea40-466d-89d6-45d6e450890d | ITER: 7 START
2019-11-26 14:24:55.028 20864 INFO rally.task.runner [-] Task 0dafeb38-ea40-466d-89d6-45d6e450890d | ITER: 2 END: OK
2019-11-26 14:24:55.034 20864 INFO rally.task.runner [-] Task 0dafeb38-ea40-466d-89d6-45d6e450890d | ITER: 8 START
2019-11-26 14:24:55.816 20866 RALLYDEBUG rally.task.utils [-] Waiting for resource s_rally_a5434fd8_3dj5P6NJ. Status changed: ACTIVE => REBOOT in 0.1594226360321045
2019-11-26 14:25:02.097 20865 RALLYDEBUG rally.task.utils [-] Waiting for resource s_rally_a5434fd8_6QMtltB4. Status changed: BUILD => ACTIVE in 6.656790018081665
2019-11-26 14:25:04.172 20863 RALLYDEBUG rally.task.utils [-] Waiting for resource s_rally_a5434fd8_RBSYrsz6. Status changed: BUILD => ACTIVE in 6.738459825515747
2019-11-26 14:25:06.583 20864 RALLYDEBUG rally.task.utils [-] Waiting for resource s_rally_a5434fd8_s24rkT0p. Status changed: BUILD => ACTIVE in 8.947042226791382
2019-11-26 14:25:06.760 20865 RALLYDEBUG rally.task.utils [-] Waiting for resource s_rally_a5434fd8_6QMtltB4. Status changed: ACTIVE => REBOOT in 0.23383736610412598
2019-11-26 14:25:08.812 20863 RALLYDEBUG rally.task.utils [-] Waiting for resource s_rally_a5434fd8_RBSYrsz6. Status changed: ACTIVE => REBOOT in 0.18976974487304688
2019-11-26 14:25:11.164 20864 RALLYDEBUG rally.task.utils [-] Waiting for resource s_rally_a5434fd8_s24rkT0p. Status changed: ACTIVE => REBOOT in 0.17956304550170898
2019-11-26 14:26:57.484 20866 RALLYDEBUG rally.task.utils [-] Waiting for resource s_rally_a5434fd8_3dj5P6NJ. Status changed: REBOOT => ACTIVE in 121.66774678230286
2019-11-26 14:27:02.410 20866 RALLYDEBUG rally.task.utils [-] Waiting for resource s_rally_a5434fd8_3dj5P6NJ. Status changed: ACTIVE => SHUTOFF in 4.789450407028198
2019-11-26 14:27:02.725 20866 RALLYDEBUG rally.task.utils [-] Waiting for resource s_rally_a5434fd8_3dj5P6NJ. Status changed: ACTIVE => SHUTOFF in 0.1760246753692627
2019-11-26 14:27:05.116 20866 RALLYDEBUG rally.task.utils [-] Waiting for resource s_rally_a5434fd8_3dj5P6NJ. Status changed: SHUTOFF => ACTIVE in 2.3905863761901855
2019-11-26 14:27:08.514 20865 RALLYDEBUG rally.task.utils [-] Waiting for resource s_rally_a5434fd8_6QMtltB4. Status changed: REBOOT => ACTIVE in 121.7535457611084
2019-11-26 14:27:10.715 20863 RALLYDEBUG rally.task.utils [-] Waiting for resource s_rally_a5434fd8_RBSYrsz6. Status changed: REBOOT => ACTIVE in 121.90184545516968
2019-11-26 14:27:11.766 20864 RALLYDEBUG rally.task.utils [-] Waiting for resource s_rally_a5434fd8_s24rkT0p. Status changed: REBOOT => ACTIVE in 120.6022138595581
2019-11-26 14:28:09.507 20866 RALLYDEBUG rally.task.utils [-] Waiting for resource s_rally_a5434fd8_3dj5P6NJ. Status changed: ACTIVE => RESCUE in 62.252289056777954
2019-11-26 14:28:11.525 20865 RALLYDEBUG rally.task.utils [-] Waiting for resource s_rally_a5434fd8_6QMtltB4. Status changed: ACTIVE => SHUTOFF in 62.87040162086487
2019-11-26 14:28:12.084 20865 RALLYDEBUG rally.task.utils [-] Waiting for resource s_rally_a5434fd8_6QMtltB4. Status changed: ACTIVE => SHUTOFF in 0.4191598892211914
2019-11-26 14:28:13.293 20865 RALLYDEBUG rally.task.utils [-] Waiting for resource s_rally_a5434fd8_6QMtltB4. Status changed: SHUTOFF => ACTIVE in 1.2086832523345947
2019-11-26 14:28:13.519 20863 RALLYDEBUG rally.task.utils [-] Waiting for resource s_rally_a5434fd8_RBSYrsz6. Status changed: ACTIVE => SHUTOFF in 62.65646576881409
2019-11-26 14:28:13.825 20863 RALLYDEBUG rally.task.utils [-] Waiting for resource s_rally_a5434fd8_RBSYrsz6. Status changed: ACTIVE => SHUTOFF in 0.16730785369873047
2019-11-26 14:28:14.082 20866 INFO rally.task.runner [-] Task 0dafeb38-ea40-466d-89d6-45d6e450890d | ITER: 5 END: OK
2019-11-26 14:28:14.088 20866 INFO rally.task.runner [-] Task 0dafeb38-ea40-466d-89d6-45d6e450890d | ITER: 9 START
2019-11-26 14:28:14.171 20864 RALLYDEBUG rally.task.utils [-] Waiting for resource s_rally_a5434fd8_s24rkT0p. Status changed: ACTIVE => SHUTOFF in 62.245869874954224
2019-11-26 14:28:14.453 20864 RALLYDEBUG rally.task.utils [-] Waiting for resource s_rally_a5434fd8_s24rkT0p. Status changed: ACTIVE => SHUTOFF in 0.1480114459991455
2019-11-26 14:28:15.017 20863 RALLYDEBUG rally.task.utils [-] Waiting for resource s_rally_a5434fd8_RBSYrsz6. Status changed: SHUTOFF => ACTIVE in 1.1919975280761719
2019-11-26 14:28:16.768 20864 RALLYDEBUG rally.task.utils [-] Waiting for resource s_rally_a5434fd8_s24rkT0p. Status changed: SHUTOFF => ACTIVE in 2.3146018981933594
2019-11-26 14:28:23.053 20866 RALLYDEBUG rally.task.utils [-] Waiting for resource s_rally_a5434fd8_n8N2WoOm. Status changed: BUILD => ACTIVE in 6.8310699462890625
2019-11-26 14:28:27.834 20866 RALLYDEBUG rally.task.utils [-] Waiting for resource s_rally_a5434fd8_n8N2WoOm. Status changed: ACTIVE => REBOOT in 0.18945813179016113
2019-11-26 14:29:17.833 20865 RALLYDEBUG rally.task.utils [-] Waiting for resource s_rally_a5434fd8_6QMtltB4. Status changed: ACTIVE => RESCUE in 62.402974367141724
2019-11-26 14:29:18.797 20863 RALLYDEBUG rally.task.utils [-] Waiting for resource s_rally_a5434fd8_RBSYrsz6. Status changed: ACTIVE => RESCUE in 61.648030519485474
2019-11-26 14:29:20.797 20864 RALLYDEBUG rally.task.utils [-] Waiting for resource s_rally_a5434fd8_s24rkT0p. Status changed: ACTIVE => RESCUE in 61.84304332733154
2019-11-26 14:29:22.429 20865 INFO rally.task.runner [-] Task 0dafeb38-ea40-466d-89d6-45d6e450890d | ITER: 6 END: OK
2019-11-26 14:29:22.434 20865 INFO rally.task.runner [-] Task 0dafeb38-ea40-466d-89d6-45d6e450890d | ITER: 10 START
2019-11-26 14:29:23.423 20863 INFO rally.task.runner [-] Task 0dafeb38-ea40-466d-89d6-45d6e450890d | ITER: 7 END: OK
2019-11-26 14:29:25.428 20864 INFO rally.task.runner [-] Task 0dafeb38-ea40-466d-89d6-45d6e450890d | ITER: 8 END: OK
2019-11-26 14:29:29.289 20865 RALLYDEBUG rally.task.utils [-] Waiting for resource s_rally_a5434fd8_lDes5zTR. Status changed: BUILD => ACTIVE in 4.644430875778198
2019-11-26 14:29:33.973 20865 RALLYDEBUG rally.task.utils [-] Waiting for resource s_rally_a5434fd8_lDes5zTR. Status changed: ACTIVE => REBOOT in 0.20156407356262207
2019-11-26 14:30:30.191 20866 RALLYDEBUG rally.task.utils [-] Waiting for resource s_rally_a5434fd8_n8N2WoOm. Status changed: REBOOT => ACTIVE in 122.35696840286255
2019-11-26 14:31:33.214 20866 RALLYDEBUG rally.task.utils [-] Waiting for resource s_rally_a5434fd8_n8N2WoOm. Status changed: ACTIVE => SHUTOFF in 62.87390947341919
2019-11-26 14:31:33.547 20866 RALLYDEBUG rally.task.utils [-] Waiting for resource s_rally_a5434fd8_n8N2WoOm. Status changed: ACTIVE => SHUTOFF in 0.18390965461730957
2019-11-26 14:31:34.455 20865 RALLYDEBUG rally.task.utils [-] Waiting for resource s_rally_a5434fd8_lDes5zTR. Status changed: REBOOT => ACTIVE in 120.4810082912445
2019-11-26 14:31:34.693 20866 RALLYDEBUG rally.task.utils [-] Waiting for resource s_rally_a5434fd8_n8N2WoOm. Status changed: SHUTOFF => ACTIVE in 1.1454238891601562
2019-11-26 14:31:48.047 20865 RALLYDEBUG rally.task.utils [-] Waiting for resource s_rally_a5434fd8_lDes5zTR. Status changed: ACTIVE => SHUTOFF in 13.446048736572266
2019-11-26 14:31:48.627 20865 RALLYDEBUG rally.task.utils [-] Waiting for resource s_rally_a5434fd8_lDes5zTR. Status changed: ACTIVE => SHUTOFF in 0.40758299827575684
2019-11-26 14:31:49.825 20865 RALLYDEBUG rally.task.utils [-] Waiting for resource s_rally_a5434fd8_lDes5zTR. Status changed: SHUTOFF => ACTIVE in 1.1980304718017578
2019-11-26 14:32:05.484 20865 RALLYDEBUG rally.task.utils [-] Waiting for resource s_rally_a5434fd8_lDes5zTR. Status changed: ACTIVE => RESCUE in 13.515964031219482
2019-11-26 14:32:10.395 20865 INFO rally.task.runner [-] Task 0dafeb38-ea40-466d-89d6-45d6e450890d | ITER: 10 END: OK
2019-11-26 14:32:37.918 20866 RALLYDEBUG rally.task.utils [-] Waiting for resource s_rally_a5434fd8_n8N2WoOm. Status changed: ACTIVE => RESCUE in 61.09738779067993
2019-11-26 14:32:42.631 20866 INFO rally.task.runner [-] Task 0dafeb38-ea40-466d-89d6-45d6e450890d | ITER: 9 END: OK
2019-11-26 14:32:42.666 20411 INFO rally.task.context [-] Task 0dafeb38-ea40-466d-89d6-45d6e450890d | Context cleanup@openstack cleanup() started
2019-11-26 14:32:42.671 20411 RALLYDEBUG rally_openstack.cleanup.manager [-] Cleaning up nova servers objects
2019-11-26 14:32:44.173 20411 RALLYDEBUG rally_openstack.cleanup.manager [-] Cleaning up nova server_groups objects
2019-11-26 14:32:45.520 20411 RALLYDEBUG rally_openstack.cleanup.manager [-] Cleaning up nova keypairs objects
2019-11-26 14:32:48.380 20411 INFO rally.task.context [-] Task 0dafeb38-ea40-466d-89d6-45d6e450890d | Context cleanup@openstack cleanup() finished in 5.71 sec
2019-11-26 14:32:48.380 20411 INFO rally.task.context [-] Task 0dafeb38-ea40-466d-89d6-45d6e450890d | Context network@openstack cleanup() started
2019-11-26 14:33:12.074 20411 INFO rally.task.context [-] Task 0dafeb38-ea40-466d-89d6-45d6e450890d | Context network@openstack cleanup() finished in 23.69 sec
2019-11-26 14:33:12.074 20411 INFO rally.task.context [-] Task 0dafeb38-ea40-466d-89d6-45d6e450890d | Context quotas@openstack cleanup() started
2019-11-26 14:33:12.491 20411 INFO rally.task.context [-] Task 0dafeb38-ea40-466d-89d6-45d6e450890d | Context quotas@openstack cleanup() finished in 0.42 sec
2019-11-26 14:33:12.492 20411 INFO rally.task.context [-] Task 0dafeb38-ea40-466d-89d6-45d6e450890d | Context users@openstack cleanup() started
2019-11-26 14:33:16.598 20411 INFO rally.task.context [-] Task 0dafeb38-ea40-466d-89d6-45d6e450890d | Context users@openstack cleanup() finished in 4.11 sec
2019-11-26 14:33:18.304 20411 INFO rally.task.engine [-] Load duration is: 683.773339
2019-11-26 14:33:18.304 20411 INFO rally.task.engine [-] Full runner duration is: 692.830389
2019-11-26 14:33:18.305 20411 INFO rally.task.engine [-] Full duration is: 745.154202
2019-11-26 14:33:18.682 20411 INFO rally.task.engine [-] Running workload: position = 0 config = { "version": 2, "title": "A cropped version of a bigger task.", "description": "Auto-generated task from a single workload (uuid=8325a3f7-0a71-4a7b-84b8-3d9693de5e86)", "subtasks": [ { "title": "NovaServers.boot_and_delete_server", "description": "Boot and delete a server.", "scenario": { "NovaServers.boot_and_delete_server": { "flavor": { "name": "rally_full-flavor_14c80e47-fc5e-4341-b211-0fe7e7cf2394" }, "image": { "name": "rally_full-img_14c80e47-fc5e-4341-b211-0fe7e7cf2394" }, "nics": [ { "net-id": "6abc0ace-55e5-437e-8ca2-3154ab90105d" } ] } }, "contexts": { "users": { "tenants": 3, "users_per_tenant": 2 }, "network": { "networks_per_tenant": 1, "start_cidr": "100.1.0.0/25" }, "quotas": { "neutron": { "network": -1, "port": -1, "subnet": -1 }, "nova": { "cores": -1, "floating_ips": -1, "instances": -1, "ram": -1, "security_group_rules": -1, "security_groups": -1 } } }, "runner": { "constant": { "concurrency": 4, "times": 10 } }, "hooks": [], "sla": { "failure_rate": { "max": 0 } } } ] }
2019-11-26 14:33:18.708 20411 RALLYDEBUG rally_openstack.contexts.keystone.users [-] Creating 3 tenants using 20 threads
2019-11-26 14:33:19.717 20411 RALLYDEBUG rally_openstack.contexts.keystone.users [-] Creating 6 users using 20 threads
