2019-11-24 02:31:49.521 27676 RALLYDEBUG rally_openstack.cleanup.manager [-] Deleting neutron.security_group object s_rally_8a4a7977_wYIJk2wi (f26b90ef-a94a-4b24-9c79-37cb57fd0575)
2019-11-24 02:31:51.001 27676 INFO rally.task.context [-] Task f0aa0a79-4db6-4b1d-b179-ac8fbea90bd6 | Context cleanup@openstack cleanup() finished in 14.41 sec
2019-11-24 02:31:51.002 27676 INFO rally.task.context [-] Task f0aa0a79-4db6-4b1d-b179-ac8fbea90bd6 | Context quotas@openstack cleanup() started
2019-11-24 02:31:51.166 27676 INFO rally.task.context [-] Task f0aa0a79-4db6-4b1d-b179-ac8fbea90bd6 | Context quotas@openstack cleanup() finished in 0.16 sec
2019-11-24 02:31:51.166 27676 INFO rally.task.context [-] Task f0aa0a79-4db6-4b1d-b179-ac8fbea90bd6 | Context users@openstack cleanup() started
2019-11-24 02:31:54.672 27676 INFO rally.task.context [-] Task f0aa0a79-4db6-4b1d-b179-ac8fbea90bd6 | Context users@openstack cleanup() finished in 3.51 sec
2019-11-24 02:31:55.625 27676 INFO rally.task.engine [-] Load duration is: 4.019156
2019-11-24 02:31:55.625 27676 INFO rally.task.engine [-] Full runner duration is: 4.068129
2019-11-24 02:31:55.626 27676 INFO rally.task.engine [-] Full duration is: 25.245728
2019-11-24 02:31:55.902 27676 INFO rally.task.engine [-] Running workload: position = 6 config = { "version": 2, "title": "A cropped version of a bigger task.", "description": "Auto-generated task from a single workload (uuid=74d74bc6-079b-436a-ab9d-ab1d6c40a506)", "subtasks": [ { "title": "NeutronSecurityGroup.create_and_update_security_groups", "description": "Create and update Neutron security-groups.", "scenario": { "NeutronSecurityGroup.create_and_update_security_groups": { "security_group_create_args": {}, "security_group_update_args": {} } }, "contexts": { "users": { "tenants": 2, "users_per_tenant": 3 }, "quotas": { "neutron": { "security_group": -1 } } }, "runner": { "constant": { "times": 50, "concurrency": 10 } }, "hooks": [], "sla": { "failure_rate": { "max": 0 } } } ] }
2019-11-24 02:31:55.926 27676 RALLYDEBUG rally_openstack.contexts.keystone.users [-] Creating 2 tenants using 20 threads
2019-11-24 02:31:56.841 27676 RALLYDEBUG rally_openstack.contexts.keystone.users [-] Creating 6 users using 20 threads
2019-11-24 02:31:58.502 27676 INFO rally.task.context [-] Task f0aa0a79-4db6-4b1d-b179-ac8fbea90bd6 | Context users@openstack setup() finished in 2.58 sec
2019-11-24 02:31:59.125 27676 INFO rally.task.context [-] Task f0aa0a79-4db6-4b1d-b179-ac8fbea90bd6 | Context quotas@openstack setup() finished in 0.62 sec
2019-11-24 02:31:59.126 27676 INFO rally.task.context [-] Task f0aa0a79-4db6-4b1d-b179-ac8fbea90bd6 | Context cleanup@openstack setup() finished in 0.01 msec
2019-11-24 02:31:59.134 27676 RALLYDEBUG rally.task.runner [-] Starting the constant runner (task UUID: f0aa0a79-4db6-4b1d-b179-ac8fbea90bd6). times: 50 concurrency: 10 timeout: 0 max_cpu_used: 16 processes_to_start: 10 concurrency_per_worker: 1 concurrency_overhead: 0
2019-11-24 02:31:59.146 3845 RALLYDEBUG rally.task.runner [-] Starting a worker. times: 50 duration: None concurrency: 1 timeout: 0 cls: method_name: run args: {"security_group_create_args": {}, "security_group_update_args": {}}
2019-11-24 02:31:59.150 3846 RALLYDEBUG rally.task.runner [-] Starting a worker. times: 50 duration: None concurrency: 1 timeout: 0 cls: method_name: run args: {"security_group_create_args": {}, "security_group_update_args": {}}
2019-11-24 02:31:59.153 3845 INFO rally.task.runner [-] Task f0aa0a79-4db6-4b1d-b179-ac8fbea90bd6 | ITER: 1 START
2019-11-24 02:31:59.154 3847 RALLYDEBUG rally.task.runner [-] Starting a worker. times: 50 duration: None concurrency: 1 timeout: 0 cls: method_name: run args: {"security_group_create_args": {}, "security_group_update_args": {}}
2019-11-24 02:31:59.158 3846 INFO rally.task.runner [-] Task f0aa0a79-4db6-4b1d-b179-ac8fbea90bd6 | ITER: 2 START
2019-11-24 02:31:59.158 3850 RALLYDEBUG rally.task.runner [-] Starting a worker. times: 50 duration: None concurrency: 1 timeout: 0 cls: method_name: run args: {"security_group_create_args": {}, "security_group_update_args": {}}
2019-11-24 02:31:59.161 3847 INFO rally.task.runner [-] Task f0aa0a79-4db6-4b1d-b179-ac8fbea90bd6 | ITER: 3 START
2019-11-24 02:31:59.162 3853 RALLYDEBUG rally.task.runner [-] Starting a worker. times: 50 duration: None concurrency: 1 timeout: 0 cls: method_name: run args: {"security_group_create_args": {}, "security_group_update_args": {}}
2019-11-24 02:31:59.165 3850 INFO rally.task.runner [-] Task f0aa0a79-4db6-4b1d-b179-ac8fbea90bd6 | ITER: 4 START
2019-11-24 02:31:59.166 3856 RALLYDEBUG rally.task.runner [-] Starting a worker. times: 50 duration: None concurrency: 1 timeout: 0 cls: method_name: run args: {"security_group_create_args": {}, "security_group_update_args": {}}
2019-11-24 02:31:59.169 3853 INFO rally.task.runner [-] Task f0aa0a79-4db6-4b1d-b179-ac8fbea90bd6 | ITER: 5 START
2019-11-24 02:31:59.171 3859 RALLYDEBUG rally.task.runner [-] Starting a worker. times: 50 duration: None concurrency: 1 timeout: 0 cls: method_name: run args: {"security_group_create_args": {}, "security_group_update_args": {}}
2019-11-24 02:31:59.173 3856 INFO rally.task.runner [-] Task f0aa0a79-4db6-4b1d-b179-ac8fbea90bd6 | ITER: 6 START
2019-11-24 02:31:59.175 3862 RALLYDEBUG rally.task.runner [-] Starting a worker. times: 50 duration: None concurrency: 1 timeout: 0 cls: method_name: run args: {"security_group_create_args": {}, "security_group_update_args": {}}
2019-11-24 02:31:59.178 3859 INFO rally.task.runner [-] Task f0aa0a79-4db6-4b1d-b179-ac8fbea90bd6 | ITER: 7 START
2019-11-24 02:31:59.182 3862 INFO rally.task.runner [-] Task f0aa0a79-4db6-4b1d-b179-ac8fbea90bd6 | ITER: 8 START
2019-11-24 02:31:59.183 3867 RALLYDEBUG rally.task.runner [-] Starting a worker. times: 50 duration: None concurrency: 1 timeout: 0 cls: method_name: run args: {"security_group_create_args": {}, "security_group_update_args": {}}
2019-11-24 02:31:59.189 3870 RALLYDEBUG rally.task.runner [-] Starting a worker. times: 50 duration: None concurrency: 1 timeout: 0 cls: method_name: run args: {"security_group_create_args": {}, "security_group_update_args": {}}
2019-11-24 02:31:59.191 3867 INFO rally.task.runner [-] Task f0aa0a79-4db6-4b1d-b179-ac8fbea90bd6 | ITER: 9 START
2019-11-24 02:31:59.195 3870 INFO rally.task.runner [-] Task f0aa0a79-4db6-4b1d-b179-ac8fbea90bd6 | ITER: 10 START
2019-11-24 02:31:59.961 3846 INFO rally.task.runner [-] Task f0aa0a79-4db6-4b1d-b179-ac8fbea90bd6 | ITER: 2 END: OK
2019-11-24 02:31:59.965 3846 INFO rally.task.runner [-] Task f0aa0a79-4db6-4b1d-b179-ac8fbea90bd6 | ITER: 11 START
2019-11-24 02:31:59.998 3867 INFO rally.task.runner [-] Task f0aa0a79-4db6-4b1d-b179-ac8fbea90bd6 | ITER: 9 END: OK
2019-11-24 02:32:00.003 3867 INFO rally.task.runner [-] Task f0aa0a79-4db6-4b1d-b179-ac8fbea90bd6 | ITER: 12 START
2019-11-24 02:32:00.479 3845 INFO rally.task.runner [-] Task f0aa0a79-4db6-4b1d-b179-ac8fbea90bd6 | ITER: 1 END: OK
2019-11-24 02:32:00.484 3845 INFO rally.task.runner [-] Task f0aa0a79-4db6-4b1d-b179-ac8fbea90bd6 | ITER: 13 START
2019-11-24 02:32:00.519 3856 INFO rally.task.runner [-] Task f0aa0a79-4db6-4b1d-b179-ac8fbea90bd6 | ITER: 6 END: OK
2019-11-24 02:32:00.523 3856 INFO rally.task.runner [-] Task f0aa0a79-4db6-4b1d-b179-ac8fbea90bd6 | ITER: 14 START
2019-11-24 02:32:00.568 3853 INFO rally.task.runner [-] Task f0aa0a79-4db6-4b1d-b179-ac8fbea90bd6 | ITER: 5 END: OK
2019-11-24 02:32:00.570 3850 INFO rally.task.runner [-] Task f0aa0a79-4db6-4b1d-b179-ac8fbea90bd6 | ITER: 4 END: OK
2019-11-24 02:32:00.574 3853 INFO rally.task.runner [-] Task f0aa0a79-4db6-4b1d-b179-ac8fbea90bd6 | ITER: 15 START
2019-11-24 02:32:00.574 3859 INFO rally.task.runner [-] Task f0aa0a79-4db6-4b1d-b179-ac8fbea90bd6 | ITER: 7 END: OK
2019-11-24 02:32:00.574 3850 INFO rally.task.runner [-] Task f0aa0a79-4db6-4b1d-b179-ac8fbea90bd6 | ITER: 16 START
2019-11-24 02:32:00.578 3859 INFO rally.task.runner [-] Task f0aa0a79-4db6-4b1d-b179-ac8fbea90bd6 | ITER: 17 START
2019-11-24 02:32:00.600 3870 INFO rally.task.runner [-] Task f0aa0a79-4db6-4b1d-b179-ac8fbea90bd6 | ITER: 10 END: OK
2019-11-24 02:32:00.605 3870 INFO rally.task.runner [-] Task f0aa0a79-4db6-4b1d-b179-ac8fbea90bd6 | ITER: 18 START
2019-11-24 02:32:00.609 3867 INFO rally.task.runner [-] Task f0aa0a79-4db6-4b1d-b179-ac8fbea90bd6 | ITER: 12 END: OK
2019-11-24 02:32:00.613 3867 INFO rally.task.runner [-] Task f0aa0a79-4db6-4b1d-b179-ac8fbea90bd6 | ITER: 19 START
2019-11-24 02:32:00.621 3847 INFO rally.task.runner [-] Task f0aa0a79-4db6-4b1d-b179-ac8fbea90bd6 | ITER: 3 END: OK
2019-11-24 02:32:00.626 3847 INFO rally.task.runner [-] Task f0aa0a79-4db6-4b1d-b179-ac8fbea90bd6 | ITER: 20 START
2019-11-24 02:32:00.638 3846 INFO rally.task.runner [-] Task f0aa0a79-4db6-4b1d-b179-ac8fbea90bd6 | ITER: 11 END: OK
2019-11-24 02:32:00.641 3846 INFO rally.task.runner [-] Task f0aa0a79-4db6-4b1d-b179-ac8fbea90bd6 | ITER: 21 START
2019-11-24 02:32:00.667 3862 INFO rally.task.runner [-] Task f0aa0a79-4db6-4b1d-b179-ac8fbea90bd6 | ITER: 8 END: OK
2019-11-24 02:32:00.672 3862 INFO rally.task.runner [-] Task f0aa0a79-4db6-4b1d-b179-ac8fbea90bd6 | ITER: 22 START
2019-11-24 02:32:01.038 3856 INFO rally.task.runner [-] Task f0aa0a79-4db6-4b1d-b179-ac8fbea90bd6 | ITER: 14 END: OK
2019-11-24 02:32:01.042 3856 INFO rally.task.runner [-] Task f0aa0a79-4db6-4b1d-b179-ac8fbea90bd6 | ITER: 23 START
2019-11-24 02:32:01.097 3845 INFO rally.task.runner [-] Task f0aa0a79-4db6-4b1d-b179-ac8fbea90bd6 | ITER: 13 END: OK
2019-11-24 02:32:01.101 3845 INFO rally.task.runner [-] Task f0aa0a79-4db6-4b1d-b179-ac8fbea90bd6 | ITER: 24 START
2019-11-24 02:32:01.162 3870 INFO rally.task.runner [-] Task f0aa0a79-4db6-4b1d-b179-ac8fbea90bd6 | ITER: 18 END: OK
2019-11-24 02:32:01.163 3859 INFO rally.task.runner [-] Task f0aa0a79-4db6-4b1d-b179-ac8fbea90bd6 | ITER: 17 END: OK
2019-11-24 02:32:01.166 3870 INFO rally.task.runner [-] Task f0aa0a79-4db6-4b1d-b179-ac8fbea90bd6 | ITER: 25 START
2019-11-24 02:32:01.167 3859 INFO rally.task.runner [-] Task f0aa0a79-4db6-4b1d-b179-ac8fbea90bd6 | ITER: 26 START
2019-11-24 02:32:01.204 3847 INFO rally.task.runner [-] Task f0aa0a79-4db6-4b1d-b179-ac8fbea90bd6 | ITER: 20 END: OK
2019-11-24 02:32:01.206 3850 INFO rally.task.runner [-] Task f0aa0a79-4db6-4b1d-b179-ac8fbea90bd6 | ITER: 16 END: OK
2019-11-24 02:32:01.207 3847 INFO rally.task.runner [-] Task f0aa0a79-4db6-4b1d-b179-ac8fbea90bd6 | ITER: 27 START
2019-11-24 02:32:01.208 3850 INFO rally.task.runner [-] Task f0aa0a79-4db6-4b1d-b179-ac8fbea90bd6 | ITER: 28 START
2019-11-24 02:32:01.213 3846 INFO rally.task.runner [-] Task f0aa0a79-4db6-4b1d-b179-ac8fbea90bd6 | ITER: 21 END: OK
2019-11-24 02:32:01.217 3846 INFO rally.task.runner [-] Task f0aa0a79-4db6-4b1d-b179-ac8fbea90bd6 | ITER: 29 START
2019-11-24 02:32:01.280 3867 INFO rally.task.runner [-] Task f0aa0a79-4db6-4b1d-b179-ac8fbea90bd6 | ITER: 19 END: OK
2019-11-24 02:32:01.285 3867 INFO rally.task.runner [-] Task f0aa0a79-4db6-4b1d-b179-ac8fbea90bd6 | ITER: 30 START
2019-11-24 02:32:01.303 3862 INFO rally.task.runner [-] Task f0aa0a79-4db6-4b1d-b179-ac8fbea90bd6 | ITER: 22 END: OK
2019-11-24 02:32:01.306 3862 INFO rally.task.runner [-] Task f0aa0a79-4db6-4b1d-b179-ac8fbea90bd6 | ITER: 31 START
2019-11-24 02:32:01.307 3853 INFO rally.task.runner [-] Task f0aa0a79-4db6-4b1d-b179-ac8fbea90bd6 | ITER: 15 END: OK
2019-11-24 02:32:01.313 3853 INFO rally.task.runner [-] Task f0aa0a79-4db6-4b1d-b179-ac8fbea90bd6 | ITER: 32 START
2019-11-24 02:32:01.621 3856 INFO rally.task.runner [-] Task f0aa0a79-4db6-4b1d-b179-ac8fbea90bd6 | ITER: 23 END: OK
2019-11-24 02:32:01.625 3856 INFO rally.task.runner [-] Task f0aa0a79-4db6-4b1d-b179-ac8fbea90bd6 | ITER: 33 START
2019-11-24 02:32:01.732 3845 INFO rally.task.runner [-] Task f0aa0a79-4db6-4b1d-b179-ac8fbea90bd6 | ITER: 24 END: OK
2019-11-24 02:32:01.736 3845 INFO rally.task.runner [-] Task f0aa0a79-4db6-4b1d-b179-ac8fbea90bd6 | ITER: 34 START
2019-11-24 02:32:01.788 3870 INFO rally.task.runner [-] Task f0aa0a79-4db6-4b1d-b179-ac8fbea90bd6 | ITER: 25 END: OK
2019-11-24 02:32:01.792 3870 INFO rally.task.runner [-] Task f0aa0a79-4db6-4b1d-b179-ac8fbea90bd6 | ITER: 35 START
2019-11-24 02:32:01.811 3847 INFO rally.task.runner [-] Task f0aa0a79-4db6-4b1d-b179-ac8fbea90bd6 | ITER: 27 END: OK
2019-11-24 02:32:01.814 3847 INFO rally.task.runner [-] Task f0aa0a79-4db6-4b1d-b179-ac8fbea90bd6 | ITER: 36 START
2019-11-24 02:32:01.866 3850 INFO rally.task.runner [-] Task f0aa0a79-4db6-4b1d-b179-ac8fbea90bd6 | ITER: 28 END: OK
2019-11-24 02:32:01.870 3850 INFO rally.task.runner [-] Task f0aa0a79-4db6-4b1d-b179-ac8fbea90bd6 | ITER: 37 START
2019-11-24 02:32:01.871 3846 INFO rally.task.runner [-] Task f0aa0a79-4db6-4b1d-b179-ac8fbea90bd6 | ITER: 29 END: OK
2019-11-24 02:32:01.875 3846 INFO rally.task.runner [-] Task f0aa0a79-4db6-4b1d-b179-ac8fbea90bd6 | ITER: 38 START
2019-11-24 02:32:01.900 3859 INFO rally.task.runner [-] Task f0aa0a79-4db6-4b1d-b179-ac8fbea90bd6 | ITER: 26 END: OK
2019-11-24 02:32:01.903 3859 INFO rally.task.runner [-] Task f0aa0a79-4db6-4b1d-b179-ac8fbea90bd6 | ITER: 39 START
2019-11-24 02:32:01.908 3862 INFO rally.task.runner [-] Task f0aa0a79-4db6-4b1d-b179-ac8fbea90bd6 | ITER: 31 END: OK
2019-11-24 02:32:01.908 3867 INFO rally.task.runner [-] Task f0aa0a79-4db6-4b1d-b179-ac8fbea90bd6 | ITER: 30 END: OK
2019-11-24 02:32:01.912 3862 INFO rally.task.runner [-] Task f0aa0a79-4db6-4b1d-b179-ac8fbea90bd6 | ITER: 40 START
2019-11-24 02:32:01.912 3867 INFO rally.task.runner [-] Task f0aa0a79-4db6-4b1d-b179-ac8fbea90bd6 | ITER: 41 START
2019-11-24 02:32:02.002 3853 INFO rally.task.runner [-] Task f0aa0a79-4db6-4b1d-b179-ac8fbea90bd6 | ITER: 32 END: OK
2019-11-24 02:32:02.005 3853 INFO rally.task.runner [-] Task f0aa0a79-4db6-4b1d-b179-ac8fbea90bd6 | ITER: 42 START
2019-11-24 02:32:02.407 3845 INFO rally.task.runner [-] Task f0aa0a79-4db6-4b1d-b179-ac8fbea90bd6 | ITER: 34 END: OK
2019-11-24 02:32:02.409 3847 INFO rally.task.runner [-] Task f0aa0a79-4db6-4b1d-b179-ac8fbea90bd6 | ITER: 36 END: OK
2019-11-24 02:32:02.411 3845 INFO rally.task.runner [-] Task f0aa0a79-4db6-4b1d-b179-ac8fbea90bd6 | ITER: 43 START
2019-11-24 02:32:02.413 3847 INFO rally.task.runner [-] Task f0aa0a79-4db6-4b1d-b179-ac8fbea90bd6 | ITER: 44 START
2019-11-24 02:32:02.432 3870 INFO rally.task.runner [-] Task f0aa0a79-4db6-4b1d-b179-ac8fbea90bd6 | ITER: 35 END: OK
2019-11-24 02:32:02.436 3870 INFO rally.task.runner [-] Task f0aa0a79-4db6-4b1d-b179-ac8fbea90bd6 | ITER: 45 START
2019-11-24 02:32:02.479 3846 INFO rally.task.runner [-] Task f0aa0a79-4db6-4b1d-b179-ac8fbea90bd6 | ITER: 38 END: OK
2019-11-24 02:32:02.482 3846 INFO rally.task.runner [-] Task f0aa0a79-4db6-4b1d-b179-ac8fbea90bd6 | ITER: 46 START
2019-11-24 02:32:02.499 3856 INFO rally.task.runner [-] Task f0aa0a79-4db6-4b1d-b179-ac8fbea90bd6 | ITER: 33 END: OK
2019-11-24 02:32:02.502 3856 INFO rally.task.runner [-] Task f0aa0a79-4db6-4b1d-b179-ac8fbea90bd6 | ITER: 47 START
2019-11-24 02:32:02.521 3850 INFO rally.task.runner [-] Task f0aa0a79-4db6-4b1d-b179-ac8fbea90bd6 | ITER: 37 END: OK
2019-11-24 02:32:02.525 3850 INFO rally.task.runner [-] Task f0aa0a79-4db6-4b1d-b179-ac8fbea90bd6 | ITER: 48 START
2019-11-24 02:32:02.541 3859 INFO rally.task.runner [-] Task f0aa0a79-4db6-4b1d-b179-ac8fbea90bd6 | ITER: 39 END: OK
2019-11-24 02:32:02.544 3859 INFO rally.task.runner [-] Task f0aa0a79-4db6-4b1d-b179-ac8fbea90bd6 | ITER: 49 START
2019-11-24 02:32:02.547 3862 INFO rally.task.runner [-] Task f0aa0a79-4db6-4b1d-b179-ac8fbea90bd6 | ITER: 40 END: OK
2019-11-24 02:32:02.550 3862 INFO rally.task.runner [-] Task f0aa0a79-4db6-4b1d-b179-ac8fbea90bd6 | ITER: 50 START
2019-11-24 02:32:02.571 3853 INFO rally.task.runner [-] Task f0aa0a79-4db6-4b1d-b179-ac8fbea90bd6 | ITER: 42 END: OK
2019-11-24 02:32:02.582 3867 INFO rally.task.runner [-] Task f0aa0a79-4db6-4b1d-b179-ac8fbea90bd6 | ITER: 41 END: OK
2019-11-24 02:32:02.991 3847 INFO rally.task.runner [-] Task f0aa0a79-4db6-4b1d-b179-ac8fbea90bd6 | ITER: 44 END: OK
2019-11-24 02:32:03.018 3845 INFO rally.task.runner [-] Task f0aa0a79-4db6-4b1d-b179-ac8fbea90bd6 | ITER: 43 END: OK
2019-11-24 02:32:03.024 3870 INFO rally.task.runner [-] Task f0aa0a79-4db6-4b1d-b179-ac8fbea90bd6 | ITER: 45 END: OK
2019-11-24 02:32:03.062 3856 INFO rally.task.runner [-] Task f0aa0a79-4db6-4b1d-b179-ac8fbea90bd6 | ITER: 47 END: OK
2019-11-24 02:32:03.075 3850 INFO rally.task.runner [-] Task f0aa0a79-4db6-4b1d-b179-ac8fbea90bd6 | ITER: 48 END: OK
2019-11-24 02:32:03.082 3846 INFO rally.task.runner [-] Task f0aa0a79-4db6-4b1d-b179-ac8fbea90bd6 | ITER: 46 END: OK
2019-11-24 02:32:03.139 3862 INFO rally.task.runner [-] Task f0aa0a79-4db6-4b1d-b179-ac8fbea90bd6 | ITER: 50 END: OK
2019-11-24 02:32:03.143 3859 INFO rally.task.runner [-] Task f0aa0a79-4db6-4b1d-b179-ac8fbea90bd6 | ITER: 49 END: OK
2019-11-24 02:32:03.166 27676 INFO rally.task.context [-] Task f0aa0a79-4db6-4b1d-b179-ac8fbea90bd6 | Context cleanup@openstack cleanup() started
2019-11-24 02:32:03.171 27676 RALLYDEBUG rally_openstack.cleanup.manager [-] Cleaning up neutron vip objects
2019-11-24 02:32:03.910 27676 RALLYDEBUG rally_openstack.cleanup.manager [-] Cleaning up neutron health_monitor objects
2019-11-24 02:32:04.647 27676 RALLYDEBUG rally_openstack.cleanup.manager [-] Cleaning up neutron pool objects
2019-11-24 02:32:05.408 27676 RALLYDEBUG rally_openstack.cleanup.manager [-] Cleaning up neutron loadbalancer objects
2019-11-24 02:32:06.172 27676 RALLYDEBUG rally_openstack.cleanup.manager [-] Cleaning up neutron floatingip objects
2019-11-24 02:32:06.996 27676 RALLYDEBUG rally_openstack.cleanup.manager [-] Cleaning up neutron trunk objects
2019-11-24 02:32:07.777 27676 RALLYDEBUG rally_openstack.cleanup.manager [-] Cleaning up neutron port objects
2019-11-24 02:32:08.580 27676 RALLYDEBUG rally_openstack.cleanup.manager [-] Cleaning up neutron subnet objects
2019-11-24 02:32:09.378 27676 RALLYDEBUG rally_openstack.cleanup.manager [-] Cleaning up neutron network objects
2019-11-24 02:32:10.178 27676 RALLYDEBUG rally_openstack.cleanup.manager [-] Cleaning up neutron router objects
2019-11-24 02:32:11.019 27676 RALLYDEBUG rally_openstack.cleanup.manager [-] Cleaning up neutron security_group objects
2019-11-24 02:32:12.340 27676 RALLYDEBUG rally_openstack.cleanup.manager [-] Deleting neutron.security_group object s_rally_74d74bc6_eFkB6WIU (08f61b8b-9393-4f46-bc05-1ad3637e728e)
2019-11-24 02:32:12.349 27676 RALLYDEBUG rally_openstack.cleanup.manager [-] Deleting neutron.security_group object s_rally_74d74bc6_0nJzlUVt (27598ea6-96cf-427f-90ff-4b56f90c052d)
2019-11-24 02:32:12.358 27676 RALLYDEBUG rally_openstack.cleanup.manager [-] Deleting neutron.security_group object s_rally_74d74bc6_OF7ePds0 (2a4f1fbc-f7a9-4437-acc9-d7e691f3e57b)
2019-11-24 02:32:12.366 27676 RALLYDEBUG rally_openstack.cleanup.manager [-] Deleting neutron.security_group object s_rally_74d74bc6_IhHlUp1c (2da92dc8-8a15-4ad4-a961-e27940997559)
2019-11-24 02:32:12.371 27676 RALLYDEBUG rally_openstack.cleanup.manager [-] Deleting neutron.security_group object s_rally_74d74bc6_wOhsHvaf (35211bdb-bb6a-43ba-9a9e-3990312dccac)
2019-11-24 02:32:12.383 27676 RALLYDEBUG rally_openstack.cleanup.manager [-] Deleting neutron.security_group object s_rally_74d74bc6_IbgTZhS4 (407a7f24-f3d1-4caa-96aa-df00bf329b22)
2019-11-24 02:32:12.394 27676 RALLYDEBUG rally_openstack.cleanup.manager [-] Deleting neutron.security_group object s_rally_74d74bc6_dAgKfDGZ (6317de82-4fa9-4964-8830-e3945aafaeab)
2019-11-24 02:32:12.405 27676 RALLYDEBUG rally_openstack.cleanup.manager [-] Deleting neutron.security_group object s_rally_74d74bc6_fi0Ncxr2 (631cc48d-52c6-48ae-a3a7-a7a5c2ad1811)
2019-11-24 02:32:12.414 27676 RALLYDEBUG rally_openstack.cleanup.manager [-] Deleting neutron.security_group object s_rally_74d74bc6_Xeg9CrPm (683a7580-9283-4b55-a466-36621c75554c)
2019-11-24 02:32:12.426 27676 RALLYDEBUG rally_openstack.cleanup.manager [-] Deleting neutron.security_group object s_rally_74d74bc6_ErS6fTd6 (74684db0-26b1-46d7-bdbf-1e8ae98499b1)
2019-11-24 02:32:12.443 27676 RALLYDEBUG rally_openstack.cleanup.manager [-] Deleting neutron.security_group object s_rally_74d74bc6_Sakc0mE6 (7581a30d-e1f9-4430-b655-726508d98993)
2019-11-24 02:32:12.454 27676 RALLYDEBUG rally_openstack.cleanup.manager [-] Deleting neutron.security_group object s_rally_74d74bc6_9IaEn6tv (84cc1637-5482-4e60-a2de-dc3179a93a4d)
2019-11-24 02:32:12.463 27676 RALLYDEBUG rally_openstack.cleanup.manager [-] Deleting neutron.security_group object s_rally_74d74bc6_6nznQcjf (873d562d-0a4e-4c2e-9b22-4084c85b0141)
2019-11-24 02:32:12.481 27676 RALLYDEBUG rally_openstack.cleanup.manager [-] Deleting neutron.security_group object s_rally_74d74bc6_UUjRLOdr (9513f2a7-0390-4dd3-a29d-551eda5154d0)
2019-11-24 02:32:12.486 27676 RALLYDEBUG rally_openstack.cleanup.manager [-] Deleting neutron.security_group object s_rally_74d74bc6_XvDF7oUB (961faad8-bccb-4431-ad4a-d71fa79a0200)
2019-11-24 02:32:12.507 27676 RALLYDEBUG rally_openstack.cleanup.manager [-] Deleting neutron.security_group object s_rally_74d74bc6_B1RfWnCP (9a99cb91-a78b-4a3f-a636-c58e47bf4a1f)
2019-11-24 02:32:12.517 27676 RALLYDEBUG rally_openstack.cleanup.manager [-] Deleting neutron.security_group object s_rally_74d74bc6_LzdQQk2G (b88c5015-90de-406f-a9dd-37a3a199dbbb)
2019-11-24 02:32:12.527 27676 RALLYDEBUG rally_openstack.cleanup.manager [-] Deleting neutron.security_group object s_rally_74d74bc6_r7lIa5V4 (bda1d4ec-0662-43fa-a572-b52a29e3a3c7)
2019-11-24 02:32:12.535 27676 RALLYDEBUG rally_openstack.cleanup.manager [-] Deleting neutron.security_group object s_rally_74d74bc6_FQ80ZsMv (c43d9eb8-2e80-4996-b5d0-6580cbe1eb9d)
2019-11-24 02:32:12.542 27676 RALLYDEBUG rally_openstack.cleanup.manager [-] Deleting neutron.security_group object s_rally_74d74bc6_Wgedbj7z (d2f6d29c-344d-4d4a-8854-1211e8b072ad)
2019-11-24 02:32:14.026 27676 RALLYDEBUG rally_openstack.cleanup.manager [-] Deleting neutron.security_group object s_rally_74d74bc6_QGr3ByLN (e220a242-252a-4a35-b6f7-b109c13b27b9)
2019-11-24 02:32:14.036 27676 RALLYDEBUG rally_openstack.cleanup.manager [-] Deleting neutron.security_group object s_rally_74d74bc6_mY6dKJfY (ed684a66-311f-4352-8bb3-a30f84cefe16)
2019-11-24 02:32:14.048 27676 RALLYDEBUG rally_openstack.cleanup.manager [-] Deleting neutron.security_group object s_rally_74d74bc6_tJIKlUvL (ed78bc9c-044f-499b-a01e-520849502a13)
2019-11-24 02:32:14.111 27676 RALLYDEBUG rally_openstack.cleanup.manager [-] Deleting neutron.security_group object s_rally_74d74bc6_Bc6BqWQc (f303fa2c-d3ff-44e9-bbeb-a52c37a895a4)
2019-11-24 02:32:14.115 27676 RALLYDEBUG rally_openstack.cleanup.manager [-] Deleting neutron.security_group object s_rally_74d74bc6_pOVQpruK (f64fe9f3-c036-4a2f-89d5-c1c71fbc5145)
2019-11-24 02:32:14.128 27676 RALLYDEBUG rally_openstack.cleanup.manager [-] Deleting neutron.security_group object s_rally_74d74bc6_Z1mfTmua (fbda2670-d8ed-4103-b7ec-5c19a321f5dc)
2019-11-24 02:32:14.135 27676 RALLYDEBUG rally_openstack.cleanup.manager [-] Deleting neutron.security_group object s_rally_74d74bc6_vRlXtuSI (0f5b3561-d9ab-444c-831d-47bac1f4990b)
2019-11-24 02:32:14.170 27676 RALLYDEBUG rally_openstack.cleanup.manager [-] Deleting neutron.security_group object s_rally_74d74bc6_x1YIDeG3 (1d0a5af4-dff0-44a3-84c1-f352644a464b)
2019-11-24 02:32:14.190 27676 RALLYDEBUG rally_openstack.cleanup.manager [-] Deleting neutron.security_group object s_rally_74d74bc6_EolG5bFI (2041dda4-004e-4a7e-baa8-0aa39463fe10)
2019-11-24 02:32:14.199 27676 RALLYDEBUG rally_openstack.cleanup.manager [-] Deleting neutron.security_group object s_rally_74d74bc6_VFLzBqsl (2afb0959-cb45-46f1-a97a-05580956b23b)
2019-11-24 02:32:14.343 27676 RALLYDEBUG rally_openstack.cleanup.manager [-] Deleting neutron.security_group object s_rally_74d74bc6_fkNgAIHy (3013de1f-dcf2-4c4c-ae78-658dd43a2f28)
2019-11-24 02:32:14.350 27676 RALLYDEBUG rally_openstack.cleanup.manager [-] Deleting neutron.security_group object s_rally_74d74bc6_6Z6QsRMI (5f867d94-6b27-4d61-b321-b964c1c152d2)
2019-11-24 02:32:14.354 27676 RALLYDEBUG rally_openstack.cleanup.manager [-] Deleting neutron.security_group object s_rally_74d74bc6_UhT6xKbc (6a1140ec-45fd-43ca-ac2e-9b9522e747bb)
2019-11-24 02:32:14.361 27676 RALLYDEBUG rally_openstack.cleanup.manager [-] Deleting neutron.security_group object s_rally_74d74bc6_GJEH8390 (6da6aac3-f9d0-48a7-bd17-0afec96a03d2)
2019-11-24 02:32:14.364 27676 RALLYDEBUG rally_openstack.cleanup.manager [-] Deleting neutron.security_group object s_rally_74d74bc6_SZkNmNAT (6f34cf0f-e195-48a4-bb27-3cbcc87c9539)
2019-11-24 02:32:14.417 27676 RALLYDEBUG rally_openstack.cleanup.manager [-] Deleting neutron.security_group object s_rally_74d74bc6_Jp8ErDxT (8c19530f-e04a-4855-ade5-5b7bbd2f111b)
2019-11-24 02:32:14.428 27676 RALLYDEBUG rally_openstack.cleanup.manager [-] Deleting neutron.security_group object s_rally_74d74bc6_6NQzmCsn (8c469388-baf6-491f-97b3-a8088aedc683)
2019-11-24 02:32:14.463 27676 RALLYDEBUG rally_openstack.cleanup.manager [-] Deleting neutron.security_group object s_rally_74d74bc6_6GwtEI6C (9026b0ce-6ac7-42dd-acc3-db4a034505dd)
2019-11-24 02:32:14.515 27676 RALLYDEBUG rally_openstack.cleanup.manager [-] Deleting neutron.security_group object s_rally_74d74bc6_nJafXs8B (96c459fe-8820-4249-9da5-f2b53dd16351)
2019-11-24 02:32:14.627 27676 RALLYDEBUG rally_openstack.cleanup.manager [-] Deleting neutron.security_group object s_rally_74d74bc6_oJJAVQ6k (984740fc-1e73-4e54-9878-e8d0dcf22008)
2019-11-24 02:32:15.621 27676 RALLYDEBUG rally_openstack.cleanup.manager [-] Deleting neutron.security_group object s_rally_74d74bc6_zehiiaCu (b7db528e-910d-41e3-a063-be457c529275)
2019-11-24 02:32:15.630 27676 RALLYDEBUG rally_openstack.cleanup.manager [-] Deleting neutron.security_group object s_rally_74d74bc6_lL1enzVU (b955d6ee-efcd-4c12-ae8c-102fe358598d)
2019-11-24 02:32:15.652 27676 RALLYDEBUG rally_openstack.cleanup.manager [-] Deleting neutron.security_group object s_rally_74d74bc6_HvkX4BH2 (c722f267-741d-4d76-a54f-489a69f48233)
2019-11-24 02:32:15.665 27676 RALLYDEBUG rally_openstack.cleanup.manager [-] Deleting neutron.security_group object s_rally_74d74bc6_282OSbdo (d62159fa-be2d-4ed3-bac9-4c20477a9868)
2019-11-24 02:32:15.686 27676 RALLYDEBUG rally_openstack.cleanup.manager [-] Deleting neutron.security_group object s_rally_74d74bc6_qrhd3GJh (d8818de0-3842-4078-88f9-638270bb1229)
2019-11-24 02:32:15.698 27676 RALLYDEBUG rally_openstack.cleanup.manager [-] Deleting neutron.security_group object s_rally_74d74bc6_4CgTGHTu (e157db85-e6db-4a34-bfc8-03bde22a0c41)
2019-11-24 02:32:15.707 27676 RALLYDEBUG rally_openstack.cleanup.manager [-] Deleting neutron.security_group object s_rally_74d74bc6_CzWKhxK9 (e79ad13a-701d-47f2-a926-4255d100550e)
2019-11-24 02:32:15.715 27676 RALLYDEBUG rally_openstack.cleanup.manager [-] Deleting neutron.security_group object s_rally_74d74bc6_3fIZ0kUc (ee48e920-6f09-4223-9aaf-736bd84c798a)
2019-11-24 02:32:15.861 27676 RALLYDEBUG rally_openstack.cleanup.manager [-] Deleting neutron.security_group object s_rally_74d74bc6_uCrmx4z9 (f06699e3-b032-4f6e-9fcd-cc4bd2b538d4)
2019-11-24 02:32:15.941 27676 RALLYDEBUG rally_openstack.cleanup.manager [-] Deleting neutron.security_group object s_rally_74d74bc6_ygMlrTNR (fb25b65d-9106-410e-92bc-3d59b1318a95)
2019-11-24 02:32:17.431 27676 INFO rally.task.context [-] Task f0aa0a79-4db6-4b1d-b179-ac8fbea90bd6 | Context cleanup@openstack cleanup() finished in 14.27 sec
2019-11-24 02:32:17.432 27676 INFO rally.task.context [-] Task f0aa0a79-4db6-4b1d-b179-ac8fbea90bd6 | Context quotas@openstack cleanup() started
2019-11-24 02:32:17.543 27676 INFO rally.task.context [-] Task f0aa0a79-4db6-4b1d-b179-ac8fbea90bd6 | Context quotas@openstack cleanup() finished in 0.11 sec
2019-11-24 02:32:17.543 27676 INFO rally.task.context [-] Task f0aa0a79-4db6-4b1d-b179-ac8fbea90bd6 | Context users@openstack cleanup() started
2019-11-24 02:32:20.978 27676 INFO rally.task.context [-] Task f0aa0a79-4db6-4b1d-b179-ac8fbea90bd6 | Context users@openstack cleanup() finished in 3.43 sec
2019-11-24 02:32:22.096 27676 INFO rally.task.engine [-] Load duration is: 3.988776
2019-11-24 02:32:22.096 27676 INFO rally.task.engine [-] Full runner duration is: 4.031898
2019-11-24 02:32:22.096 27676 INFO rally.task.engine [-] Full duration is: 25.054589
2019-11-24 02:32:22.398 27676 INFO rally.task.engine [-] Task f0aa0a79-4db6-4b1d-b179-ac8fbea90bd6 | Completed: Running task.
2019-11-24 02:32:24.197 4185 RALLYDEBUG rally.api [-] INFO logs from urllib3 and requests module are hide.
2019-11-24 02:32:24.197 4185 RALLYDEBUG rally.api [-] urllib3 insecure warnings are hidden.
2019-11-24 02:32:24.198 4185 RALLYDEBUG rally.api [-] ERROR log from boto module is hide.
2019-11-24 02:32:25.414 4186 RALLYDEBUG rally.api [-] INFO logs from urllib3 and requests module are hide.
2019-11-24 02:32:25.414 4186 RALLYDEBUG rally.api [-] urllib3 insecure warnings are hidden.
2019-11-24 02:32:25.414 4186 RALLYDEBUG rally.api [-] ERROR log from boto module is hide.
2019-11-24 02:32:26.818 4187 RALLYDEBUG rally.api [-] INFO logs from urllib3 and requests module are hide.
2019-11-24 02:32:26.818 4187 RALLYDEBUG rally.api [-] urllib3 insecure warnings are hidden.
2019-11-24 02:32:26.818 4187 RALLYDEBUG rally.api [-] ERROR log from boto module is hide.
2019-11-24 02:32:28.353 4187 INFO rally.common.plugin.discover [-] Loading plugins from directories /root/.rally/plugins/*
2019-11-24 02:32:28.354 4187 INFO rally.common.plugin.discover [-] Loaded module with plugins: /root/.rally/plugins/__init__.py
2019-11-24 02:32:28.520 4187 INFO rally.api [-] Building 'json' report for the following task(s): 'f0aa0a79-4db6-4b1d-b179-ac8fbea90bd6'.
2019-11-24 02:32:28.705 4187 INFO rally.api [-] The report has been successfully built.
2019-11-24 02:32:30.264 4189 RALLYDEBUG rally.api [-] INFO logs from urllib3 and requests module are hide.
2019-11-24 02:32:30.264 4189 RALLYDEBUG rally.api [-] urllib3 insecure warnings are hidden.
2019-11-24 02:32:30.264 4189 RALLYDEBUG rally.api [-] ERROR log from boto module is hide.
2019-11-24 02:32:31.811 4189 INFO rally.common.plugin.discover [-] Loading plugins from directories /root/.rally/plugins/*
2019-11-24 02:32:31.812 4189 INFO rally.common.plugin.discover [-] Loaded module with plugins: /root/.rally/plugins/__init__.py
2019-11-24 02:32:31.983 4189 INFO rally.api [-] Building 'html' report for the following task(s): 'f0aa0a79-4db6-4b1d-b179-ac8fbea90bd6'.
2019-11-24 02:32:32.166 4189 INFO rally.api [-] The report has been successfully built.
2019-11-24 02:32:33.451 4191 RALLYDEBUG rally.api [-] INFO logs from urllib3 and requests module are hide.
2019-11-24 02:32:33.451 4191 RALLYDEBUG rally.api [-] urllib3 insecure warnings are hidden.
2019-11-24 02:32:33.452 4191 RALLYDEBUG rally.api [-] ERROR log from boto module is hide.
2019-11-24 02:32:35.057 4191 INFO rally.common.plugin.discover [-] Loading plugins from directories /root/.rally/plugins/*
2019-11-24 02:32:35.058 4191 INFO rally.common.plugin.discover [-] Loaded module with plugins: /root/.rally/plugins/__init__.py
2019-11-24 02:32:35.231 4191 INFO rally.api [-] Building 'junit-xml' report for the following task(s): 'f0aa0a79-4db6-4b1d-b179-ac8fbea90bd6'.
2019-11-24 02:32:35.237 4191 INFO rally.api [-] The report has been successfully built.