2019-11-24 02:22:41.770 27676 RALLYDEBUG rally_openstack.cleanup.manager [-] Deleting neutron.port object s_rally_8d66a4f7_L62V2Em9 (d6ae270c-ff37-4ab0-88c6-7e2da05e65eb)
2019-11-24 02:22:41.805 27676 RALLYDEBUG rally_openstack.cleanup.manager [-] Deleting neutron.port object s_rally_8d66a4f7_NeSfYbmW (d7738654-1022-4657-8d96-30d72fe0c2f4)
2019-11-24 02:22:41.983 27676 RALLYDEBUG rally_openstack.cleanup.manager [-] Deleting neutron.port object s_rally_8d66a4f7_mQjW8wRe (d7b2bd52-338a-4426-a0d1-a2b3aa847512)
2019-11-24 02:22:42.307 27676 RALLYDEBUG rally_openstack.cleanup.manager [-] Deleting neutron.port object s_rally_8d66a4f7_wJTXPAeN (d91ae1ef-3b3b-4045-8dea-a293fe720cf8)
2019-11-24 02:22:42.325 27676 RALLYDEBUG rally_openstack.cleanup.manager [-] Deleting neutron.port object s_rally_8d66a4f7_synFRWHd (d975b5e5-8896-4986-ada5-052fc510e30d)
2019-11-24 02:22:42.344 27676 RALLYDEBUG rally_openstack.cleanup.manager [-] Deleting neutron.port object s_rally_8d66a4f7_dg5wog1q (d997dad0-7b27-4822-92bb-bf60cd9dcb7b)
2019-11-24 02:22:42.416 27676 RALLYDEBUG rally_openstack.cleanup.manager [-] Deleting neutron.port object s_rally_8d66a4f7_KxzrzbKm (d9db0d56-b698-4414-b8f8-a8002d27f1dc)
2019-11-24 02:22:42.644 27676 RALLYDEBUG rally_openstack.cleanup.manager [-] Deleting neutron.port object s_rally_8d66a4f7_s1EpecuI (da59711d-b483-4456-83c1-39a93caad7a9)
2019-11-24 02:22:42.683 27676 RALLYDEBUG rally_openstack.cleanup.manager [-] Deleting neutron.port object s_rally_8d66a4f7_i72zZZvF (db4e56e7-4ebf-41da-9408-9336dc2d6c86)
2019-11-24 02:22:42.729 27676 RALLYDEBUG rally_openstack.cleanup.manager [-] Deleting neutron.port object s_rally_8d66a4f7_7VLkFhUW (db51262f-fb42-4371-8e8d-d1b0ed96a11e)
2019-11-24 02:22:42.838 27676 RALLYDEBUG rally_openstack.cleanup.manager [-] Deleting neutron.port object s_rally_8d66a4f7_mjYSj7Vz (db55ad8c-b39e-4001-81f1-ed27d10001dc)
2019-11-24 02:22:43.043 27676 RALLYDEBUG rally_openstack.cleanup.manager [-] Deleting neutron.port object s_rally_8d66a4f7_BbbSC6p6 (ddbdf5af-acdb-4bd9-adb4-5eee31bfa050)
2019-11-24 02:22:43.156 27676 RALLYDEBUG rally_openstack.cleanup.manager [-] Deleting neutron.port object s_rally_8d66a4f7_YsIqtVk7 (de47ac4f-911b-4851-8528-05886a3a0c3b)
2019-11-24 02:22:43.223 27676 RALLYDEBUG rally_openstack.cleanup.manager [-] Deleting neutron.port object s_rally_8d66a4f7_IP3Xf2CU (df287787-52f6-457f-8f7e-bd29365acec2)
2019-11-24 02:22:43.231 27676 RALLYDEBUG rally_openstack.cleanup.manager [-] Deleting neutron.port object s_rally_8d66a4f7_TtxCu9Uu (df989eb0-c633-4f81-8efd-6375d38455cf)
2019-11-24 02:22:43.247 27676 RALLYDEBUG rally_openstack.cleanup.manager [-] Deleting neutron.port object s_rally_8d66a4f7_hcgOOD9V (e094aeac-b61a-429a-aa8c-17ed8cf1db69)
2019-11-24 02:22:43.284 27676 RALLYDEBUG rally_openstack.cleanup.manager [-] Deleting neutron.port object s_rally_8d66a4f7_1nMn16Nd (e155eeac-816c-42b6-ab75-1a4053ea5ed6)
2019-11-24 02:22:43.345 27676 RALLYDEBUG rally_openstack.cleanup.manager [-] Deleting neutron.port object s_rally_8d66a4f7_L7Ay1oEY (e26b6b23-11a6-4c89-9e84-4a5debfb5a42)
2019-11-24 02:22:43.354 27676 RALLYDEBUG rally_openstack.cleanup.manager [-] Deleting neutron.port object s_rally_8d66a4f7_AKWYmt8d (e3ade00d-82b0-4b52-8d50-2a733f3fefe8)
2019-11-24 02:22:43.406 27676 RALLYDEBUG rally_openstack.cleanup.manager [-] Deleting neutron.port object s_rally_8d66a4f7_2HxikTGX (e4204361-2b7c-4b14-ba27-b761915ca6cf)
2019-11-24 02:22:43.510 27676 RALLYDEBUG rally_openstack.cleanup.manager [-] Deleting neutron.port object s_rally_8d66a4f7_6pHhsDYk (e4b52952-073d-461d-b675-3e9e91370181)
2019-11-24 02:22:43.541 27676 RALLYDEBUG rally_openstack.cleanup.manager [-] Deleting neutron.port object s_rally_8d66a4f7_ibGvlSjg (e5450bba-0d07-42a0-8966-d0aba35422fb)
2019-11-24 02:22:43.706 27676 RALLYDEBUG rally_openstack.cleanup.manager [-] Deleting neutron.port object s_rally_8d66a4f7_V7VYGjLz (e58b7159-800b-492c-9b55-0940a9fd3866)
2019-11-24 02:22:44.301 27676 RALLYDEBUG rally_openstack.cleanup.manager [-] Deleting neutron.port object s_rally_8d66a4f7_3V8PAuMl (e6288048-9a6b-481a-9d73-dd043986048f)
2019-11-24 02:22:44.347 27676 RALLYDEBUG rally_openstack.cleanup.manager [-] Deleting neutron.port object s_rally_8d66a4f7_p2WUEAp6 (e681f91e-2d2a-4f11-a1df-85dfbd21a776)
2019-11-24 02:22:44.368 27676 RALLYDEBUG rally_openstack.cleanup.manager [-] Deleting neutron.port object s_rally_8d66a4f7_k3AoaU1f (e755dbf9-3bb0-4456-aa5b-8002bf79de91)
2019-11-24 02:22:44.376 27676 RALLYDEBUG rally_openstack.cleanup.manager [-] Deleting neutron.port object s_rally_8d66a4f7_NRfP7p2t (e7d56a1b-8dcc-4389-b200-868c2575c849)
2019-11-24 02:22:44.468 27676 RALLYDEBUG rally_openstack.cleanup.manager [-] Deleting neutron.port object s_rally_8d66a4f7_9Ag80sEf (e83bba57-b9f4-4c5d-8395-76a227e33e46)
2019-11-24 02:22:44.629 27676 RALLYDEBUG rally_openstack.cleanup.manager [-] Deleting neutron.port object s_rally_8d66a4f7_tT1OZjQs (e91034e4-f284-4d7c-8838-dd1b815f46fb)
2019-11-24 02:22:44.699 27676 RALLYDEBUG rally_openstack.cleanup.manager [-] Deleting neutron.port object s_rally_8d66a4f7_GXvXCVR8 (ede31cc4-da3c-475f-a20a-999ba939c3c0)
2019-11-24 02:22:44.727 27676 RALLYDEBUG rally_openstack.cleanup.manager [-] Deleting neutron.port object s_rally_8d66a4f7_o6kC3vJL (ee291ebe-e351-43f2-9222-f4db2cb40169)
2019-11-24 02:22:44.817 27676 RALLYDEBUG rally_openstack.cleanup.manager [-] Deleting neutron.port object s_rally_8d66a4f7_8rbz7Xec (ee4a1897-dfe0-49ad-963c-13a9b66284d3)
2019-11-24 02:22:44.882 27676 RALLYDEBUG rally_openstack.cleanup.manager [-] Deleting neutron.port object s_rally_8d66a4f7_UWBdTTSs (ee592fd5-3522-4bb5-ba27-9c75ff9e1957)
2019-11-24 02:22:44.957 27676 RALLYDEBUG rally_openstack.cleanup.manager [-] Deleting neutron.port object s_rally_8d66a4f7_1oq1MkGx (ee698210-2c96-4d30-9743-4da8dee8a34e)
2019-11-24 02:22:45.035 27676 RALLYDEBUG rally_openstack.cleanup.manager [-] Deleting neutron.port object s_rally_8d66a4f7_1LBm0X1Z (eea8793f-9ac3-448c-9d2b-d0f03dc489ee)
2019-11-24 02:22:45.044 27676 RALLYDEBUG rally_openstack.cleanup.manager [-] Deleting neutron.port object s_rally_8d66a4f7_j3ZqjRyY (ef799356-b8dc-49ec-94ff-f23a0af45700)
2019-11-24 02:22:45.119 27676 RALLYDEBUG rally_openstack.cleanup.manager [-] Deleting neutron.port object s_rally_8d66a4f7_jAHNjYAk (efcd6d10-c24e-495f-9e4f-5c5f0b740d6f)
2019-11-24 02:22:45.148 27676 RALLYDEBUG rally_openstack.cleanup.manager [-] Deleting neutron.port object s_rally_8d66a4f7_bJOL39ht (efee8004-eef3-43a4-88ca-5dca63632925)
2019-11-24 02:22:45.156 27676 RALLYDEBUG rally_openstack.cleanup.manager [-] Deleting neutron.port object s_rally_8d66a4f7_YwblSjLF (f047b236-1af2-4d8b-bda2-258295c920a7)
2019-11-24 02:22:45.166 27676 RALLYDEBUG rally_openstack.cleanup.manager [-] Deleting neutron.port object s_rally_8d66a4f7_pI8zAZ3j (f08ae84a-e1e6-4c63-8ccb-c907b8f205d7)
2019-11-24 02:22:45.234 27676 RALLYDEBUG rally_openstack.cleanup.manager [-] Deleting neutron.port object s_rally_8d66a4f7_8QAEP6hI (f0bedd5c-063a-4d3f-9a8c-b14424039ca2)
2019-11-24 02:22:45.343 27676 RALLYDEBUG rally_openstack.cleanup.manager [-] Deleting neutron.port object s_rally_8d66a4f7_DMgpw4bQ (f154349e-0a2c-41eb-8f42-1f8809a2131d)
2019-11-24 02:22:45.460 27676 RALLYDEBUG rally_openstack.cleanup.manager [-] Deleting neutron.port object s_rally_8d66a4f7_mA24F2dL (f180d2b8-d2a7-4627-a18f-ed9bc30475d7)
2019-11-24 02:22:46.044 27676 RALLYDEBUG rally_openstack.cleanup.manager [-] Deleting neutron.port object s_rally_8d66a4f7_tdAwZNuO (f1b3477b-bcf1-4e07-9b60-66f9894eda55)
2019-11-24 02:22:46.135 27676 RALLYDEBUG rally_openstack.cleanup.manager [-] Deleting neutron.port object s_rally_8d66a4f7_O1SJIRSO (f237a5d3-b79b-4b2b-ad55-264435ca3195)
2019-11-24 02:22:46.329 27676 RALLYDEBUG rally_openstack.cleanup.manager [-] Deleting neutron.port object s_rally_8d66a4f7_8wcUKkOb (f261f0d5-99b6-43a7-b83e-6b903b27721d)
2019-11-24 02:22:46.484 27676 RALLYDEBUG rally_openstack.cleanup.manager [-] Deleting neutron.port object s_rally_8d66a4f7_aLF5gGAs (f2e873d3-eac7-416e-af62-b9b76dbb5bda)
2019-11-24 02:22:46.488 27676 RALLYDEBUG rally_openstack.cleanup.manager [-] Deleting neutron.port object s_rally_8d66a4f7_SjdmX4py (f617d152-e2ac-4545-9fc9-c9b13fe8f2fa)
2019-11-24 02:22:46.611 27676 RALLYDEBUG rally_openstack.cleanup.manager [-] Deleting neutron.port object s_rally_8d66a4f7_4wrYJd8s (f79fe7c6-c943-4f65-a37e-e0bfe77dabf9)
2019-11-24 02:22:46.680 27676 RALLYDEBUG rally_openstack.cleanup.manager [-] Deleting neutron.port object s_rally_8d66a4f7_7ZeQbXKT (f90a685a-c491-4d27-917e-6f71af72699d)
2019-11-24 02:22:46.684 27676 RALLYDEBUG rally_openstack.cleanup.manager [-] Deleting neutron.port object s_rally_8d66a4f7_w9CYDg5D (f9f2e3ef-59cd-4c92-bae3-dc88ab929cd5)
2019-11-24 02:22:46.740 27676 RALLYDEBUG rally_openstack.cleanup.manager [-] Deleting neutron.port object s_rally_8d66a4f7_pqwuE5ZV (fa02cb69-6086-41df-bce2-96cc15d72c16)
2019-11-24 02:22:46.857 27676 RALLYDEBUG rally_openstack.cleanup.manager [-] Deleting neutron.port object s_rally_8d66a4f7_s7di1gsy (fa5854e1-1c21-42eb-a3f8-8515e34c0f0e)
2019-11-24 02:22:46.910 27676 RALLYDEBUG rally_openstack.cleanup.manager [-] Deleting neutron.port object s_rally_8d66a4f7_sxOWiV4I (fa8ca0f8-9c52-41f2-8b49-547fa8b7a095)
2019-11-24 02:22:46.920 27676 RALLYDEBUG rally_openstack.cleanup.manager [-] Deleting neutron.port object s_rally_8d66a4f7_XbEqvQSj (fa955672-7c71-4ccc-859e-593b5acb9367)
2019-11-24 02:22:47.023 27676 RALLYDEBUG rally_openstack.cleanup.manager [-] Deleting neutron.port object s_rally_8d66a4f7_ipgwT37z (fb154308-5be6-4e74-ac0c-34c67c64d670)
2019-11-24 02:22:47.032 27676 RALLYDEBUG rally_openstack.cleanup.manager [-] Deleting neutron.port object s_rally_8d66a4f7_ZeldEc3s (fb4dd4e3-3cd5-4241-bba9-7195eef1a1ac)
2019-11-24 02:22:47.131 27676 RALLYDEBUG rally_openstack.cleanup.manager [-] Deleting neutron.port object s_rally_8d66a4f7_Gq1sPBEz (fbea4231-6eec-4f07-b08a-d8e951660098)
2019-11-24 02:22:47.150 27676 RALLYDEBUG rally_openstack.cleanup.manager [-] Deleting neutron.port object s_rally_8d66a4f7_sjrT2H1H (fd2ce0de-fd33-4aea-829d-e808c91c169e)
2019-11-24 02:22:47.222 27676 RALLYDEBUG rally_openstack.cleanup.manager [-] Deleting neutron.port object s_rally_8d66a4f7_XIhDHj5r (fd54f5ae-1239-4923-9bff-5d386b4dc0b1)
2019-11-24 02:22:47.495 27676 RALLYDEBUG rally_openstack.cleanup.manager [-] Deleting neutron.port object s_rally_8d66a4f7_bZUn89CK (fdc7ffec-659b-4143-8a33-32674e69db0e)
2019-11-24 02:22:47.527 27676 RALLYDEBUG rally_openstack.cleanup.manager [-] Deleting neutron.port object s_rally_8d66a4f7_UESEznzG (fddc9e60-e7aa-4645-8823-f627da6f7e9c)
2019-11-24 02:22:47.561 27676 RALLYDEBUG rally_openstack.cleanup.manager [-] Deleting neutron.port object s_rally_8d66a4f7_FPXkHpOd (fe2b916e-d820-4b01-b067-a9a48d314d48)
2019-11-24 02:22:47.771 27676 RALLYDEBUG rally_openstack.cleanup.manager [-] Deleting neutron.port object s_rally_8d66a4f7_Kx4P7ALf (fe54908a-7508-4496-aa52-0babfca3677d)
2019-11-24 02:22:47.862 27676 RALLYDEBUG rally_openstack.cleanup.manager [-] Deleting neutron.port object s_rally_8d66a4f7_3y2NXDC7 (fe9882c8-f01f-4ba9-a9a5-b8b768848b6c)
2019-11-24 02:22:48.062 27676 RALLYDEBUG rally_openstack.cleanup.manager [-] Deleting neutron.port object s_rally_8d66a4f7_Lh7KHDi2 (ff36bfa7-1648-4b60-b1d7-21f86effc050)
2019-11-24 02:22:50.067 27676 RALLYDEBUG rally_openstack.cleanup.manager [-] Cleaning up neutron subnet objects
2019-11-24 02:22:50.478 27676 RALLYDEBUG rally_openstack.cleanup.manager [-] Cleaning up neutron network objects
2019-11-24 02:22:50.946 27676 RALLYDEBUG rally_openstack.cleanup.manager [-] Deleting neutron.network object s_rally_8d66a4f7_5wxbhXCt (04933fc1-aaab-4df0-9e24-5c90484cd644)
2019-11-24 02:22:50.955 27676 RALLYDEBUG rally_openstack.cleanup.manager [-] Deleting neutron.network object s_rally_8d66a4f7_unGNhH6o (1e3fe331-7329-413b-ac0d-39521dd49295)
2019-11-24 02:22:50.964 27676 RALLYDEBUG rally_openstack.cleanup.manager [-] Deleting neutron.network object s_rally_8d66a4f7_E5HJJVyh (5a9c72be-f5bf-49ac-b924-9b3c179ceb44)
2019-11-24 02:22:50.973 27676 RALLYDEBUG rally_openstack.cleanup.manager [-] Deleting neutron.network object s_rally_8d66a4f7_1q1xeiwh (7315ac70-2bea-4ef7-ac7f-8ba66cd38d50)
2019-11-24 02:22:50.987 27676 RALLYDEBUG rally_openstack.cleanup.manager [-] Deleting neutron.network object s_rally_8d66a4f7_IFmINhAn (82c96d97-a217-4ece-adad-2ebd9e042fb0)
2019-11-24 02:22:50.995 27676 RALLYDEBUG rally_openstack.cleanup.manager [-] Deleting neutron.network object s_rally_8d66a4f7_3v2UdN33 (b4457d21-8dfb-4053-b8af-a0fa7def507f)
2019-11-24 02:22:51.002 27676 RALLYDEBUG rally_openstack.cleanup.manager [-] Deleting neutron.network object s_rally_8d66a4f7_ExEXByL0 (cbdd71db-7b71-47e7-b980-dc25661b4d11)
2019-11-24 02:22:51.028 27676 RALLYDEBUG rally_openstack.cleanup.manager [-] Deleting neutron.network object s_rally_8d66a4f7_qsFI7Vfi (de4431b9-07e6-444e-8dc6-e00e01ba62c0)
2019-11-24 02:22:53.531 27676 RALLYDEBUG rally_openstack.cleanup.manager [-] Cleaning up neutron router objects
2019-11-24 02:22:53.950 27676 RALLYDEBUG rally_openstack.cleanup.manager [-] Cleaning up neutron security_group objects
2019-11-24 02:22:54.404 27676 INFO rally.task.context [-] Task f0aa0a79-4db6-4b1d-b179-ac8fbea90bd6 | Context cleanup@openstack cleanup() finished in 47.12 sec
2019-11-24 02:22:54.404 27676 INFO rally.task.context [-] Task f0aa0a79-4db6-4b1d-b179-ac8fbea90bd6 | Context quotas@openstack cleanup() started
2019-11-24 02:22:54.485 27676 INFO rally.task.context [-] Task f0aa0a79-4db6-4b1d-b179-ac8fbea90bd6 | Context quotas@openstack cleanup() finished in 80.41 msec
2019-11-24 02:22:54.485 27676 INFO rally.task.context [-] Task f0aa0a79-4db6-4b1d-b179-ac8fbea90bd6 | Context users@openstack cleanup() started
2019-11-24 02:22:57.208 27676 INFO rally.task.context [-] Task f0aa0a79-4db6-4b1d-b179-ac8fbea90bd6 | Context users@openstack cleanup() finished in 2.72 sec
2019-11-24 02:22:58.644 27676 INFO rally.task.engine [-] Load duration is: 56.19818
2019-11-24 02:22:58.644 27676 INFO rally.task.engine [-] Full runner duration is: 56.252087
2019-11-24 02:22:58.645 27676 INFO rally.task.engine [-] Full duration is: 109.07234
2019-11-24 02:22:58.909 27676 INFO rally.task.engine [-] Running workload: position = 1 config = { "version": 2, "title": "A cropped version of a bigger task.", "description": "Auto-generated task from a single workload (uuid=9584d7bc-ae41-4d03-8726-9fd779e5bb1b)", "subtasks": [ { "title": "NeutronNetworks.create_and_update_ports", "description": "Create and update a given number of ports.", "scenario": { "NeutronNetworks.create_and_update_ports": { "network_create_args": {}, "port_create_args": {}, "ports_per_network": 5, "port_update_args": { "admin_state_up": false, "device_id": "dummy_id", "device_owner": "dummy_owner", "name": "_port_updated" } } }, "contexts": { "users": { "tenants": 1, "users_per_tenant": 1 }, "quotas": { "neutron": { "network": -1, "port": -1 } } }, "runner": { "constant": { "times": 40, "concurrency": 20 } }, "hooks": [], "sla": { "failure_rate": { "max": 0 } } } ] }
2019-11-24 02:22:58.934 27676 RALLYDEBUG rally_openstack.contexts.keystone.users [-] Creating 1 tenants using 20 threads
2019-11-24 02:22:59.858 27676 RALLYDEBUG rally_openstack.contexts.keystone.users [-] Creating 1 users using 20 threads
2019-11-24 02:23:01.208 27676 INFO rally.task.context [-] Task f0aa0a79-4db6-4b1d-b179-ac8fbea90bd6 | Context users@openstack setup() finished in 2.27 sec
2019-11-24 02:23:01.700 27676 INFO rally.task.context [-] Task f0aa0a79-4db6-4b1d-b179-ac8fbea90bd6 | Context quotas@openstack setup() finished in 0.49 sec
2019-11-24 02:23:01.701 27676 INFO rally.task.context [-] Task f0aa0a79-4db6-4b1d-b179-ac8fbea90bd6 | Context cleanup@openstack setup() finished in 0.02 msec
2019-11-24 02:23:01.710 27676 RALLYDEBUG rally.task.runner [-] Starting the constant runner (task UUID: f0aa0a79-4db6-4b1d-b179-ac8fbea90bd6). times: 40 concurrency: 20 timeout: 0 max_cpu_used: 16 processes_to_start: 16 concurrency_per_worker: 1 concurrency_overhead: 4
2019-11-24 02:23:01.722 31752 RALLYDEBUG rally.task.runner [-] Starting a worker. times: 40 duration: None concurrency: 2 timeout: 0 cls: method_name: run args: {"network_create_args": {}, "port_create_args": {}, "ports_per_network": 5, "port_update_args": {"admin_state_up": false, "device_id": "dummy_id", "device_owner": "dummy_owner", "name": "_port_updated"}}
2019-11-24 02:23:01.725 31753 RALLYDEBUG rally.task.runner [-] Starting a worker. times: 40 duration: None concurrency: 2 timeout: 0 cls: method_name: run args: {"network_create_args": {}, "port_create_args": {}, "ports_per_network": 5, "port_update_args": {"admin_state_up": false, "device_id": "dummy_id", "device_owner": "dummy_owner", "name": "_port_updated"}}
2019-11-24 02:23:01.729 31752 INFO rally.task.runner [-] Task f0aa0a79-4db6-4b1d-b179-ac8fbea90bd6 | ITER: 1 START
2019-11-24 02:23:01.729 31754 RALLYDEBUG rally.task.runner [-] Starting a worker. times: 40 duration: None concurrency: 2 timeout: 0 cls: method_name: run args: {"network_create_args": {}, "port_create_args": {}, "ports_per_network": 5, "port_update_args": {"admin_state_up": false, "device_id": "dummy_id", "device_owner": "dummy_owner", "name": "_port_updated"}}
2019-11-24 02:23:01.732 31752 WARNING rally_openstack.scenarios.neutron.utils [-] Running this scenario without either the 'network' or 'existing_network' context is deprecated
2019-11-24 02:23:01.734 31753 INFO rally.task.runner [-] Task f0aa0a79-4db6-4b1d-b179-ac8fbea90bd6 | ITER: 3 START
2019-11-24 02:23:01.733 31757 RALLYDEBUG rally.task.runner [-] Starting a worker. times: 40 duration: None concurrency: 2 timeout: 0 cls: method_name: run args: {"network_create_args": {}, "port_create_args": {}, "ports_per_network": 5, "port_update_args": {"admin_state_up": false, "device_id": "dummy_id", "device_owner": "dummy_owner", "name": "_port_updated"}}
2019-11-24 02:23:01.735 31754 INFO rally.task.runner [-] Task f0aa0a79-4db6-4b1d-b179-ac8fbea90bd6 | ITER: 5 START
2019-11-24 02:23:01.736 31753 INFO rally.task.runner [-] Task f0aa0a79-4db6-4b1d-b179-ac8fbea90bd6 | ITER: 4 START
2019-11-24 02:23:01.737 31761 RALLYDEBUG rally.task.runner [-] Starting a worker. times: 40 duration: None concurrency: 1 timeout: 0 cls: method_name: run args: {"network_create_args": {}, "port_create_args": {}, "ports_per_network": 5, "port_update_args": {"admin_state_up": false, "device_id": "dummy_id", "device_owner": "dummy_owner", "name": "_port_updated"}}
2019-11-24 02:23:01.737 31753 WARNING rally_openstack.scenarios.neutron.utils [-] Running this scenario without either the 'network' or 'existing_network' context is deprecated
2019-11-24 02:23:01.736 31754 WARNING rally_openstack.scenarios.neutron.utils [-] Running this scenario without either the 'network' or 'existing_network' context is deprecated
2019-11-24 02:23:01.741 31757 INFO rally.task.runner [-] Task f0aa0a79-4db6-4b1d-b179-ac8fbea90bd6 | ITER: 7 START
2019-11-24 02:23:01.741 31765 RALLYDEBUG rally.task.runner [-] Starting a worker. times: 40 duration: None concurrency: 1 timeout: 0 cls: method_name: run args: {"network_create_args": {}, "port_create_args": {}, "ports_per_network": 5, "port_update_args": {"admin_state_up": false, "device_id": "dummy_id", "device_owner": "dummy_owner", "name": "_port_updated"}}
2019-11-24 02:23:01.744 31761 INFO rally.task.runner [-] Task f0aa0a79-4db6-4b1d-b179-ac8fbea90bd6 | ITER: 8 START
2019-11-24 02:23:01.743 31757 WARNING rally_openstack.scenarios.neutron.utils [-] Running this scenario without either the 'network' or 'existing_network' context is deprecated
2019-11-24 02:23:01.746 31761 WARNING rally_openstack.scenarios.neutron.utils [-] Running this scenario without either the 'network' or 'existing_network' context is deprecated
2019-11-24 02:23:01.738 31752 INFO rally.task.runner [-] Task f0aa0a79-4db6-4b1d-b179-ac8fbea90bd6 | ITER: 2 START
2019-11-24 02:23:01.746 31752 WARNING rally_openstack.scenarios.neutron.utils [-] Running this scenario without either the 'network' or 'existing_network' context is deprecated
2019-11-24 02:23:01.747 31769 RALLYDEBUG rally.task.runner [-] Starting a worker. times: 40 duration: None concurrency: 1 timeout: 0 cls: method_name: run args: {"network_create_args": {}, "port_create_args": {}, "ports_per_network": 5, "port_update_args": {"admin_state_up": false, "device_id": "dummy_id", "device_owner": "dummy_owner", "name": "_port_updated"}}
2019-11-24 02:23:01.748 31765 INFO rally.task.runner [-] Task f0aa0a79-4db6-4b1d-b179-ac8fbea90bd6 | ITER: 10 START
2019-11-24 02:23:01.738 31753 WARNING rally_openstack.scenarios.neutron.utils [-] Running this scenario without either the 'network' or 'existing_network' context is deprecated
2019-11-24 02:23:01.751 31765 WARNING rally_openstack.scenarios.neutron.utils [-] Running this scenario without either the 'network' or 'existing_network' context is deprecated
2019-11-24 02:23:01.751 31774 RALLYDEBUG rally.task.runner [-] Starting a worker. times: 40 duration: None concurrency: 1 timeout: 0 cls: method_name: run args: {"network_create_args": {}, "port_create_args": {}, "ports_per_network": 5, "port_update_args": {"admin_state_up": false, "device_id": "dummy_id", "device_owner": "dummy_owner", "name": "_port_updated"}}
2019-11-24 02:23:01.739 31754 INFO rally.task.runner [-] Task f0aa0a79-4db6-4b1d-b179-ac8fbea90bd6 | ITER: 6 START
2019-11-24 02:23:01.752 31769 INFO rally.task.runner [-] Task f0aa0a79-4db6-4b1d-b179-ac8fbea90bd6 | ITER: 11 START
2019-11-24 02:23:01.753 31754 WARNING rally_openstack.scenarios.neutron.utils [-] Running this scenario without either the 'network' or 'existing_network' context is deprecated
2019-11-24 02:23:01.754 31769 WARNING rally_openstack.scenarios.neutron.utils [-] Running this scenario without either the 'network' or 'existing_network' context is deprecated
2019-11-24 02:23:01.756 31776 RALLYDEBUG rally.task.runner [-] Starting a worker. times: 40 duration: None concurrency: 1 timeout: 0 cls: method_name: run args: {"network_create_args": {}, "port_create_args": {}, "ports_per_network": 5, "port_update_args": {"admin_state_up": false, "device_id": "dummy_id", "device_owner": "dummy_owner", "name": "_port_updated"}}
2019-11-24 02:23:01.757 31774 INFO rally.task.runner [-] Task f0aa0a79-4db6-4b1d-b179-ac8fbea90bd6 | ITER: 12 START
2019-11-24 02:23:01.752 31757 INFO rally.task.runner [-] Task f0aa0a79-4db6-4b1d-b179-ac8fbea90bd6 | ITER: 9 START
2019-11-24 02:23:01.759 31774 WARNING rally_openstack.scenarios.neutron.utils [-] Running this scenario without either the 'network' or 'existing_network' context is deprecated
2019-11-24 02:23:01.760 31757 WARNING rally_openstack.scenarios.neutron.utils [-] Running this scenario without either the 'network' or 'existing_network' context is deprecated
2019-11-24 02:23:01.761 31780 RALLYDEBUG rally.task.runner [-] Starting a worker. times: 40 duration: None concurrency: 1 timeout: 0 cls: method_name: run args: {"network_create_args": {}, "port_create_args": {}, "ports_per_network": 5, "port_update_args": {"admin_state_up": false, "device_id": "dummy_id", "device_owner": "dummy_owner", "name": "_port_updated"}}
2019-11-24 02:23:01.763 31776 INFO rally.task.runner [-] Task f0aa0a79-4db6-4b1d-b179-ac8fbea90bd6 | ITER: 13 START
2019-11-24 02:23:01.765 31776 WARNING rally_openstack.scenarios.neutron.utils [-] Running this scenario without either the 'network' or 'existing_network' context is deprecated
2019-11-24 02:23:01.767 31780 INFO rally.task.runner [-] Task f0aa0a79-4db6-4b1d-b179-ac8fbea90bd6 | ITER: 14 START
2019-11-24 02:23:01.769 31780 WARNING rally_openstack.scenarios.neutron.utils [-] Running this scenario without either the 'network' or 'existing_network' context is deprecated
2019-11-24 02:23:01.769 31784 RALLYDEBUG rally.task.runner [-] Starting a worker. times: 40 duration: None concurrency: 1 timeout: 0 cls: method_name: run args: {"network_create_args": {}, "port_create_args": {}, "ports_per_network": 5, "port_update_args": {"admin_state_up": false, "device_id": "dummy_id", "device_owner": "dummy_owner", "name": "_port_updated"}}
2019-11-24 02:23:01.776 31784 INFO rally.task.runner [-] Task f0aa0a79-4db6-4b1d-b179-ac8fbea90bd6 | ITER: 15 START
2019-11-24 02:23:01.779 31784 WARNING rally_openstack.scenarios.neutron.utils [-] Running this scenario without either the 'network' or 'existing_network' context is deprecated
2019-11-24 02:23:01.779 31787 RALLYDEBUG rally.task.runner [-] Starting a worker. times: 40 duration: None concurrency: 1 timeout: 0 cls: method_name: run args: {"network_create_args": {}, "port_create_args": {}, "ports_per_network": 5, "port_update_args": {"admin_state_up": false, "device_id": "dummy_id", "device_owner": "dummy_owner", "name": "_port_updated"}}
2019-11-24 02:23:01.783 31787 INFO rally.task.runner [-] Task f0aa0a79-4db6-4b1d-b179-ac8fbea90bd6 | ITER: 16 START
2019-11-24 02:23:01.785 31787 WARNING rally_openstack.scenarios.neutron.utils [-] Running this scenario without either the 'network' or 'existing_network' context is deprecated
2019-11-24 02:23:01.786 31790 RALLYDEBUG rally.task.runner [-] Starting a worker. times: 40 duration: None concurrency: 1 timeout: 0 cls: method_name: run args: {"network_create_args": {}, "port_create_args": {}, "ports_per_network": 5, "port_update_args": {"admin_state_up": false, "device_id": "dummy_id", "device_owner": "dummy_owner", "name": "_port_updated"}}
2019-11-24 02:23:01.791 31790 INFO rally.task.runner [-] Task f0aa0a79-4db6-4b1d-b179-ac8fbea90bd6 | ITER: 17 START
2019-11-24 02:23:01.790 31793 RALLYDEBUG rally.task.runner [-] Starting a worker. times: 40 duration: None concurrency: 1 timeout: 0 cls: method_name: run args: {"network_create_args": {}, "port_create_args": {}, "ports_per_network": 5, "port_update_args": {"admin_state_up": false, "device_id": "dummy_id", "device_owner": "dummy_owner", "name": "_port_updated"}}
2019-11-24 02:23:01.792 31790 WARNING rally_openstack.scenarios.neutron.utils [-] Running this scenario without either the 'network' or 'existing_network' context is deprecated
2019-11-24 02:23:01.794 31795 RALLYDEBUG rally.task.runner [-] Starting a worker. times: 40 duration: None concurrency: 1 timeout: 0 cls: method_name: run args: {"network_create_args": {}, "port_create_args": {}, "ports_per_network": 5, "port_update_args": {"admin_state_up": false, "device_id": "dummy_id", "device_owner": "dummy_owner", "name": "_port_updated"}}
2019-11-24 02:23:01.795 31793 INFO rally.task.runner [-] Task f0aa0a79-4db6-4b1d-b179-ac8fbea90bd6 | ITER: 18 START
2019-11-24 02:23:01.796 31793 WARNING rally_openstack.scenarios.neutron.utils [-] Running this scenario without either the 'network' or 'existing_network' context is deprecated
2019-11-24 02:23:01.798 31795 INFO rally.task.runner [-] Task f0aa0a79-4db6-4b1d-b179-ac8fbea90bd6 | ITER: 19 START
2019-11-24 02:23:01.797 31797 RALLYDEBUG rally.task.runner [-] Starting a worker. times: 40 duration: None concurrency: 1 timeout: 0 cls: method_name: run args: {"network_create_args": {}, "port_create_args": {}, "ports_per_network": 5, "port_update_args": {"admin_state_up": false, "device_id": "dummy_id", "device_owner": "dummy_owner", "name": "_port_updated"}}
2019-11-24 02:23:01.799 31795 WARNING rally_openstack.scenarios.neutron.utils [-] Running this scenario without either the 'network' or 'existing_network' context is deprecated
2019-11-24 02:23:01.802 31797 INFO rally.task.runner [-] Task f0aa0a79-4db6-4b1d-b179-ac8fbea90bd6 | ITER: 20 START
2019-11-24 02:23:01.803 31797 WARNING rally_openstack.scenarios.neutron.utils [-] Running this scenario without either the 'network' or 'existing_network' context is deprecated
2019-11-24 02:23:08.811 31795 INFO rally.task.runner [-] Task f0aa0a79-4db6-4b1d-b179-ac8fbea90bd6 | ITER: 19 END: OK
2019-11-24 02:23:08.816 31795 INFO rally.task.runner [-] Task f0aa0a79-4db6-4b1d-b179-ac8fbea90bd6 | ITER: 21 START
2019-11-24 02:23:08.816 31795 WARNING rally_openstack.scenarios.neutron.utils [-] Running this scenario without either the 'network' or 'existing_network' context is deprecated
2019-11-24 02:23:09.027 31797 INFO rally.task.runner [-] Task f0aa0a79-4db6-4b1d-b179-ac8fbea90bd6 | ITER: 20 END: OK
2019-11-24 02:23:09.030 31797 INFO rally.task.runner [-] Task f0aa0a79-4db6-4b1d-b179-ac8fbea90bd6 | ITER: 22 START
2019-11-24 02:23:09.031 31797 WARNING rally_openstack.scenarios.neutron.utils [-] Running this scenario without either the 'network' or 'existing_network' context is deprecated
2019-11-24 02:23:09.603 31780 INFO rally.task.runner [-] Task f0aa0a79-4db6-4b1d-b179-ac8fbea90bd6 | ITER: 14 END: OK
2019-11-24 02:23:09.606 31780 INFO rally.task.runner [-] Task f0aa0a79-4db6-4b1d-b179-ac8fbea90bd6 | ITER: 23 START
2019-11-24 02:23:09.607 31780 WARNING rally_openstack.scenarios.neutron.utils [-] Running this scenario without either the 'network' or 'existing_network' context is deprecated
2019-11-24 02:23:09.765 31754 INFO rally.task.runner [-] Task f0aa0a79-4db6-4b1d-b179-ac8fbea90bd6 | ITER: 5 END: OK
2019-11-24 02:23:09.769 31754 INFO rally.task.runner [-] Task f0aa0a79-4db6-4b1d-b179-ac8fbea90bd6 | ITER: 24 START
2019-11-24 02:23:09.770 31754 WARNING rally_openstack.scenarios.neutron.utils [-] Running this scenario without either the 'network' or 'existing_network' context is deprecated
2019-11-24 02:23:10.168 31757 INFO rally.task.runner [-] Task f0aa0a79-4db6-4b1d-b179-ac8fbea90bd6 | ITER: 7 END: OK
2019-11-24 02:23:10.172 31757 INFO rally.task.runner [-] Task f0aa0a79-4db6-4b1d-b179-ac8fbea90bd6 | ITER: 25 START
2019-11-24 02:23:10.173 31757 WARNING rally_openstack.scenarios.neutron.utils [-] Running this scenario without either the 'network' or 'existing_network' context is deprecated
2019-11-24 02:23:10.176 31761 INFO rally.task.runner [-] Task f0aa0a79-4db6-4b1d-b179-ac8fbea90bd6 | ITER: 8 END: OK
2019-11-24 02:23:10.180 31761 INFO rally.task.runner [-] Task f0aa0a79-4db6-4b1d-b179-ac8fbea90bd6 | ITER: 26 START
2019-11-24 02:23:10.181 31761 WARNING rally_openstack.scenarios.neutron.utils [-] Running this scenario without either the 'network' or 'existing_network' context is deprecated
2019-11-24 02:23:10.393 31793 INFO rally.task.runner [-] Task f0aa0a79-4db6-4b1d-b179-ac8fbea90bd6 | ITER: 18 END: OK
2019-11-24 02:23:10.398 31793 INFO rally.task.runner [-] Task f0aa0a79-4db6-4b1d-b179-ac8fbea90bd6 | ITER: 27 START
2019-11-24 02:23:10.399 31793 WARNING rally_openstack.scenarios.neutron.utils [-] Running this scenario without either the 'network' or 'existing_network' context is deprecated
2019-11-24 02:23:10.423 31752 INFO rally.task.runner [-] Task f0aa0a79-4db6-4b1d-b179-ac8fbea90bd6 | ITER: 1 END: OK
2019-11-24 02:23:10.426 31752 INFO rally.task.runner [-] Task f0aa0a79-4db6-4b1d-b179-ac8fbea90bd6 | ITER: 28 START
2019-11-24 02:23:10.427 31752 WARNING rally_openstack.scenarios.neutron.utils [-] Running this scenario without either the 'network' or 'existing_network' context is deprecated
2019-11-24 02:23:10.586 31769 INFO rally.task.runner [-] Task f0aa0a79-4db6-4b1d-b179-ac8fbea90bd6 | ITER: 11 END: OK
2019-11-24 02:23:10.590 31769 INFO rally.task.runner [-] Task f0aa0a79-4db6-4b1d-b179-ac8fbea90bd6 | ITER: 29 START
2019-11-24 02:23:10.591 31769 WARNING rally_openstack.scenarios.neutron.utils [-] Running this scenario without either the 'network' or 'existing_network' context is deprecated
2019-11-24 02:23:11.026 31757 INFO rally.task.runner [-] Task f0aa0a79-4db6-4b1d-b179-ac8fbea90bd6 | ITER: 9 END: OK
2019-11-24 02:23:11.030 31757 INFO rally.task.runner [-] Task f0aa0a79-4db6-4b1d-b179-ac8fbea90bd6 | ITER: 30 START
2019-11-24 02:23:11.030 31757 WARNING rally_openstack.scenarios.neutron.utils [-] Running this scenario without either the 'network' or 'existing_network' context is deprecated
2019-11-24 02:23:11.400 31752 INFO rally.task.runner [-] Task f0aa0a79-4db6-4b1d-b179-ac8fbea90bd6 | ITER: 2 END: OK
2019-11-24 02:23:11.403 31752 INFO rally.task.runner [-] Task f0aa0a79-4db6-4b1d-b179-ac8fbea90bd6 | ITER: 31 START
2019-11-24 02:23:11.404 31752 WARNING rally_openstack.scenarios.neutron.utils [-] Running this scenario without either the 'network' or 'existing_network' context is deprecated
2019-11-24 02:23:11.496 31753 INFO rally.task.runner [-] Task f0aa0a79-4db6-4b1d-b179-ac8fbea90bd6 | ITER: 3 END: OK
2019-11-24 02:23:11.500 31753 INFO rally.task.runner [-] Task f0aa0a79-4db6-4b1d-b179-ac8fbea90bd6 | ITER: 32 START
2019-11-24 02:23:11.501 31753 WARNING rally_openstack.scenarios.neutron.utils [-] Running this scenario without either the 'network' or 'existing_network' context is deprecated
2019-11-24 02:23:11.893 31776 INFO rally.task.runner [-] Task f0aa0a79-4db6-4b1d-b179-ac8fbea90bd6 | ITER: 13 END: OK
2019-11-24 02:23:11.897 31776 INFO rally.task.runner [-] Task f0aa0a79-4db6-4b1d-b179-ac8fbea90bd6 | ITER: 33 START
2019-11-24 02:23:11.898 31776 WARNING rally_openstack.scenarios.neutron.utils [-] Running this scenario without either the 'network' or 'existing_network' context is deprecated
2019-11-24 02:23:12.411 31787 INFO rally.task.runner [-] Task f0aa0a79-4db6-4b1d-b179-ac8fbea90bd6 | ITER: 16 END: OK
2019-11-24 02:23:12.414 31787 INFO rally.task.runner [-] Task f0aa0a79-4db6-4b1d-b179-ac8fbea90bd6 | ITER: 34 START
2019-11-24 02:23:12.415 31787 WARNING rally_openstack.scenarios.neutron.utils [-] Running this scenario without either the 'network' or 'existing_network' context is deprecated
2019-11-24 02:23:12.545 31790 INFO rally.task.runner [-] Task f0aa0a79-4db6-4b1d-b179-ac8fbea90bd6 | ITER: 17 END: OK
2019-11-24 02:23:12.549 31790 INFO rally.task.runner [-] Task f0aa0a79-4db6-4b1d-b179-ac8fbea90bd6 | ITER: 35 START
2019-11-24 02:23:12.550 31790 WARNING rally_openstack.scenarios.neutron.utils [-] Running this scenario without either the 'network' or 'existing_network' context is deprecated
2019-11-24 02:23:12.733 31784 INFO rally.task.runner [-] Task f0aa0a79-4db6-4b1d-b179-ac8fbea90bd6 | ITER: 15 END: OK
2019-11-24 02:23:12.737 31784 INFO rally.task.runner [-] Task f0aa0a79-4db6-4b1d-b179-ac8fbea90bd6 | ITER: 36 START
2019-11-24 02:23:12.738 31784 WARNING rally_openstack.scenarios.neutron.utils [-] Running this scenario without either the 'network' or 'existing_network' context is deprecated
2019-11-24 02:23:12.948 31774 INFO rally.task.runner [-] Task f0aa0a79-4db6-4b1d-b179-ac8fbea90bd6 | ITER: 12 END: OK
2019-11-24 02:23:12.952 31774 INFO rally.task.runner [-] Task f0aa0a79-4db6-4b1d-b179-ac8fbea90bd6 | ITER: 37 START
2019-11-24 02:23:12.953 31774 WARNING rally_openstack.scenarios.neutron.utils [-] Running this scenario without either the 'network' or 'existing_network' context is deprecated
2019-11-24 02:23:13.104 31765 INFO rally.task.runner [-] Task f0aa0a79-4db6-4b1d-b179-ac8fbea90bd6 | ITER: 10 END: OK
2019-11-24 02:23:13.108 31765 INFO rally.task.runner [-] Task f0aa0a79-4db6-4b1d-b179-ac8fbea90bd6 | ITER: 38 START
2019-11-24 02:23:13.109 31765 WARNING rally_openstack.scenarios.neutron.utils [-] Running this scenario without either the 'network' or 'existing_network' context is deprecated
2019-11-24 02:23:13.254 31754 INFO rally.task.runner [-] Task f0aa0a79-4db6-4b1d-b179-ac8fbea90bd6 | ITER: 6 END: OK
2019-11-24 02:23:13.257 31754 INFO rally.task.runner [-] Task f0aa0a79-4db6-4b1d-b179-ac8fbea90bd6 | ITER: 39 START
2019-11-24 02:23:13.258 31754 WARNING rally_openstack.scenarios.neutron.utils [-] Running this scenario without either the 'network' or 'existing_network' context is deprecated
2019-11-24 02:23:13.681 31753 INFO rally.task.runner [-] Task f0aa0a79-4db6-4b1d-b179-ac8fbea90bd6 | ITER: 4 END: OK
2019-11-24 02:23:13.684 31753 INFO rally.task.runner [-] Task f0aa0a79-4db6-4b1d-b179-ac8fbea90bd6 | ITER: 40 START
2019-11-24 02:23:13.685 31753 WARNING rally_openstack.scenarios.neutron.utils [-] Running this scenario without either the 'network' or 'existing_network' context is deprecated
2019-11-24 02:23:17.022 31754 INFO rally.task.runner [-] Task f0aa0a79-4db6-4b1d-b179-ac8fbea90bd6 | ITER: 24 END: OK
2019-11-24 02:23:17.447 31793 INFO rally.task.runner [-] Task f0aa0a79-4db6-4b1d-b179-ac8fbea90bd6 | ITER: 27 END: OK
2019-11-24 02:23:17.846 31795 INFO rally.task.runner [-] Task f0aa0a79-4db6-4b1d-b179-ac8fbea90bd6 | ITER: 21 END: OK
2019-11-24 02:23:18.140 31780 INFO rally.task.runner [-] Task f0aa0a79-4db6-4b1d-b179-ac8fbea90bd6 | ITER: 23 END: OK
2019-11-24 02:23:18.183 31797 INFO rally.task.runner [-] Task f0aa0a79-4db6-4b1d-b179-ac8fbea90bd6 | ITER: 22 END: OK
2019-11-24 02:23:18.523 31757 INFO rally.task.runner [-] Task f0aa0a79-4db6-4b1d-b179-ac8fbea90bd6 | ITER: 30 END: OK
2019-11-24 02:23:18.930 31752 INFO rally.task.runner [-] Task f0aa0a79-4db6-4b1d-b179-ac8fbea90bd6 | ITER: 31 END: OK
2019-11-24 02:23:18.998 31752 INFO rally.task.runner [-] Task f0aa0a79-4db6-4b1d-b179-ac8fbea90bd6 | ITER: 28 END: OK
2019-11-24 02:23:19.278 31757 INFO rally.task.runner [-] Task f0aa0a79-4db6-4b1d-b179-ac8fbea90bd6 | ITER: 25 END: OK
2019-11-24 02:23:20.028 31790 INFO rally.task.runner [-] Task f0aa0a79-4db6-4b1d-b179-ac8fbea90bd6 | ITER: 35 END: OK
2019-11-24 02:23:20.092 31761 INFO rally.task.runner [-] Task f0aa0a79-4db6-4b1d-b179-ac8fbea90bd6 | ITER: 26 END: OK
2019-11-24 02:23:20.177 31776 INFO rally.task.runner [-] Task f0aa0a79-4db6-4b1d-b179-ac8fbea90bd6 | ITER: 33 END: OK
2019-11-24 02:23:20.216 31774 INFO rally.task.runner [-] Task f0aa0a79-4db6-4b1d-b179-ac8fbea90bd6 | ITER: 37 END: OK
2019-11-24 02:23:20.384 31784 INFO rally.task.runner [-] Task f0aa0a79-4db6-4b1d-b179-ac8fbea90bd6 | ITER: 36 END: OK
2019-11-24 02:23:20.408 31765 INFO rally.task.runner [-] Task f0aa0a79-4db6-4b1d-b179-ac8fbea90bd6 | ITER: 38 END: OK
2019-11-24 02:23:20.576 31753 INFO rally.task.runner [-] Task f0aa0a79-4db6-4b1d-b179-ac8fbea90bd6 | ITER: 40 END: OK
2019-11-24 02:23:20.780 31753 INFO rally.task.runner [-] Task f0aa0a79-4db6-4b1d-b179-ac8fbea90bd6 | ITER: 32 END: OK
2019-11-24 02:23:20.922 31769 INFO rally.task.runner [-] Task f0aa0a79-4db6-4b1d-b179-ac8fbea90bd6 | ITER: 29 END: OK
2019-11-24 02:23:21.096 31754 INFO rally.task.runner [-] Task f0aa0a79-4db6-4b1d-b179-ac8fbea90bd6 | ITER: 39 END: OK
2019-11-24 02:23:21.427 31787 INFO rally.task.runner [-] Task f0aa0a79-4db6-4b1d-b179-ac8fbea90bd6 | ITER: 34 END: OK
2019-11-24 02:23:21.460 27676 INFO rally.task.context [-] Task f0aa0a79-4db6-4b1d-b179-ac8fbea90bd6 | Context cleanup@openstack cleanup() started
2019-11-24 02:23:21.463 27676 RALLYDEBUG rally_openstack.cleanup.manager [-] Cleaning up neutron vip objects
2019-11-24 02:23:21.847 27676 RALLYDEBUG rally_openstack.cleanup.manager [-] Cleaning up neutron health_monitor objects
2019-11-24 02:23:22.219 27676 RALLYDEBUG rally_openstack.cleanup.manager [-] Cleaning up neutron pool objects
2019-11-24 02:23:22.602 27676 RALLYDEBUG rally_openstack.cleanup.manager [-] Cleaning up neutron loadbalancer objects
2019-11-24 02:23:22.974 27676 RALLYDEBUG rally_openstack.cleanup.manager [-] Cleaning up neutron floatingip objects
2019-11-24 02:23:23.370 27676 RALLYDEBUG rally_openstack.cleanup.manager [-] Cleaning up neutron trunk objects
2019-11-24 02:23:23.750 27676 RALLYDEBUG rally_openstack.cleanup.manager [-] Cleaning up neutron port objects
2019-11-24 02:23:24.684 27676 RALLYDEBUG rally_openstack.cleanup.manager [-] Deleting neutron.port object s_rally_9584d7bc_QfSUVo8k (01358b53-32b8-49e6-a32b-4ac2fe4de758)
2019-11-24 02:23:24.688 27676 RALLYDEBUG rally_openstack.cleanup.manager [-] Deleting neutron.port object s_rally_9584d7bc_grXM7Z93 (0214b937-599e-4164-97e5-ee2452b31ed8)
2019-11-24 02:23:24.697 27676 RALLYDEBUG rally_openstack.cleanup.manager [-] Deleting neutron.port object s_rally_9584d7bc_qkno56D0 (06565958-e047-45d8-a2a6-16dfabb89a9e)
2019-11-24 02:23:24.707 27676 RALLYDEBUG rally_openstack.cleanup.manager [-] Deleting neutron.port object s_rally_9584d7bc_wVmdevjX (065c1fb2-4900-46de-9de3-a1d842b0151a)
2019-11-24 02:23:24.721 27676 RALLYDEBUG rally_openstack.cleanup.manager [-] Deleting neutron.port object s_rally_9584d7bc_176oNPBX (0717624f-1582-41b4-a96b-3b866e74ad50)
2019-11-24 02:23:24.726 27676 RALLYDEBUG rally_openstack.cleanup.manager [-] Deleting neutron.port object s_rally_9584d7bc_HHqNHigo (079b666b-ee17-409b-800e-740a0c4268c3)
2019-11-24 02:23:24.737 27676 RALLYDEBUG rally_openstack.cleanup.manager [-] Deleting neutron.port object s_rally_9584d7bc_EeLbV6Vg (0808e545-42f6-48c5-a9dd-6bbd6131f31b)
2019-11-24 02:23:24.759 27676 RALLYDEBUG rally_openstack.cleanup.manager [-] Deleting neutron.port object s_rally_9584d7bc_n7BPSLTY (0a16681c-3600-416b-ba21-db7554eda3fc)
2019-11-24 02:23:24.774 27676 RALLYDEBUG rally_openstack.cleanup.manager [-] Deleting neutron.port object s_rally_9584d7bc_dlxrYpax (0a83bde9-438a-42e4-8a21-668fbbb729da)
2019-11-24 02:23:24.786 27676 RALLYDEBUG rally_openstack.cleanup.manager [-] Deleting neutron.port object s_rally_9584d7bc_4Dxg0i5s (0a952af1-40d9-405a-b0df-256b6c802473)
2019-11-24 02:23:24.793 27676 RALLYDEBUG rally_openstack.cleanup.manager [-] Deleting neutron.port object s_rally_9584d7bc_hFfGmURM (0ac53051-8376-49d1-a773-0036781a1d84)
2019-11-24 02:23:24.812 27676 RALLYDEBUG rally_openstack.cleanup.manager [-] Deleting neutron.port object s_rally_9584d7bc_4dRLtHWQ (0befb951-a9a6-4658-9283-ef5d07d87e7a)
2019-11-24 02:23:24.826 27676 RALLYDEBUG rally_openstack.cleanup.manager [-] Deleting neutron.port object s_rally_9584d7bc_7UDApCxs (0c3163d7-8728-4ac2-9a96-43f5e16c7b8f)
2019-11-24 02:23:24.857 27676 RALLYDEBUG rally_openstack.cleanup.manager [-] Deleting neutron.port object s_rally_9584d7bc_35ppIcVf (0d140ce5-b6e5-4a15-8495-e38b7ce583fd)
2019-11-24 02:23:24.863 27676 RALLYDEBUG rally_openstack.cleanup.manager [-] Deleting neutron.port object s_rally_9584d7bc_6B2lhSHY (0eb085e5-2668-4c71-890a-555a1f53a1c9)
2019-11-24 02:23:24.882 27676 RALLYDEBUG rally_openstack.cleanup.manager [-] Deleting neutron.port object s_rally_9584d7bc_Qwo9CxSW (102aabbe-d82c-486e-9362-b362dba1ba86)
2019-11-24 02:23:24.894 27676 RALLYDEBUG rally_openstack.cleanup.manager [-] Deleting neutron.port object s_rally_9584d7bc_9BGV9mJI (1082e1ba-d78f-462b-a6ad-1dbb5c6f9e24)
2019-11-24 02:23:24.899 27676 RALLYDEBUG rally_openstack.cleanup.manager [-] Deleting neutron.port object s_rally_9584d7bc_PiOtsQA6 (10e0b314-dd3e-4db0-9e97-5fd3ff51a8a6)
2019-11-24 02:23:24.913 27676 RALLYDEBUG rally_openstack.cleanup.manager [-] Deleting neutron.port object s_rally_9584d7bc_kA6GgF9o (127913b1-b346-411a-a78e-f129b1ea88d8)
2019-11-24 02:23:24.916 27676 RALLYDEBUG rally_openstack.cleanup.manager [-] Deleting neutron.port object s_rally_9584d7bc_0KrBFO3O (1296e49a-ce30-43ca-8170-3ffb57fe3ff8)
2019-11-24 02:23:26.575 27676 RALLYDEBUG rally_openstack.cleanup.manager [-] Deleting neutron.port object s_rally_9584d7bc_4sk6ugHS (12b64fd1-ba55-400e-8fed-3ed37a788b8e)
2019-11-24 02:23:26.623 27676 RALLYDEBUG rally_openstack.cleanup.manager [-] Deleting neutron.port object s_rally_9584d7bc_S39Br8SV (13357f49-70ed-4d9d-be7a-e750f67379c6)
2019-11-24 02:23:26.710 27676 RALLYDEBUG rally_openstack.cleanup.manager [-] Deleting neutron.port object s_rally_9584d7bc_e2YyM1bM (14cefb8c-afb1-44f8-a9e5-807276e1654e)
2019-11-24 02:23:26.870 27676 RALLYDEBUG rally_openstack.cleanup.manager [-] Deleting neutron.port object s_rally_9584d7bc_zRKIl8mC (155ef304-8de5-4cd3-9e57-af5685a2aa06)
2019-11-24 02:23:26.915 27676 RALLYDEBUG rally_openstack.cleanup.manager [-] Deleting neutron.port object s_rally_9584d7bc_UzK0dJOL (188a1a84-27a0-41f0-a9f9-8b9b4f77c220)
2019-11-24 02:23:26.924 27676 RALLYDEBUG rally_openstack.cleanup.manager [-] Deleting neutron.port object s_rally_9584d7bc_iXoIt9AH (1a100adc-d99d-416c-ae93-522291c51d0a)
2019-11-24 02:23:26.930 27676 RALLYDEBUG rally_openstack.cleanup.manager [-] Deleting neutron.port object s_rally_9584d7bc_Kj4Ui6M4 (1a290e28-7e6b-4240-9ad9-722043f3e693)
2019-11-24 02:23:26.951 27676 RALLYDEBUG rally_openstack.cleanup.manager [-] Deleting neutron.port object s_rally_9584d7bc_Laepd9YG (1bd2b54c-ebc4-45e8-b650-495c872ed365)
2019-11-24 02:23:26.980 27676 RALLYDEBUG rally_openstack.cleanup.manager [-] Deleting neutron.port object s_rally_9584d7bc_IyDxggG1 (1cbc95a3-5989-4f21-b572-e8c803bcc669)
2019-11-24 02:23:26.983 27676 RALLYDEBUG rally_openstack.cleanup.manager [-] Deleting neutron.port object s_rally_9584d7bc_LS61ZVPK (2041e6a1-bb6c-45bd-b4f1-4cbaab06a2fa)
2019-11-24 02:23:27.142 27676 RALLYDEBUG rally_openstack.cleanup.manager [-] Deleting neutron.port object s_rally_9584d7bc_xI03T2Du (21d50efe-63ad-40e0-bbe1-80878cbfc2b1)
2019-11-24 02:23:27.147 27676 RALLYDEBUG rally_openstack.cleanup.manager [-] Deleting neutron.port object s_rally_9584d7bc_JCSx7VPs (2238875d-bfc6-4df7-b550-e7b99abd6908)
2019-11-24 02:23:27.162 27676 RALLYDEBUG rally_openstack.cleanup.manager [-] Deleting neutron.port object s_rally_9584d7bc_9RGnO8Di (23047aec-9e91-4ecb-9307-1408616aa032)
2019-11-24 02:23:27.170 27676 RALLYDEBUG rally_openstack.cleanup.manager [-] Deleting neutron.port object s_rally_9584d7bc_Rjx1CPLD (2308be90-b8a0-44e9-8d4e-834ff17b568a)
2019-11-24 02:23:27.251 27676 RALLYDEBUG rally_openstack.cleanup.manager [-] Deleting neutron.port object s_rally_9584d7bc_zE8k0qxE (23425268-4128-4e2b-bc59-5a674b893c8e)
2019-11-24 02:23:27.431 27676 RALLYDEBUG rally_openstack.cleanup.manager [-] Deleting neutron.port object s_rally_9584d7bc_rTCYnWXO (24604e19-dc7b-4733-8ac4-35665bf327b0)
2019-11-24 02:23:27.439 27676 RALLYDEBUG rally_openstack.cleanup.manager [-] Deleting neutron.port object s_rally_9584d7bc_lKMJriJx (268597de-b80a-4873-97da-ca2c96a3ae34)
2019-11-24 02:23:27.453 27676 RALLYDEBUG rally_openstack.cleanup.manager [-] Deleting neutron.port object s_rally_9584d7bc_dLR9CdM2 (279c950d-3b56-40f5-936a-f7133b2b22df)
2019-11-24 02:23:27.460 27676 RALLYDEBUG rally_openstack.cleanup.manager [-] Deleting neutron.port object s_rally_9584d7bc_XCMM2xVt (27faf79b-6a5c-49a0-b66e-d475c6c91acd)
2019-11-24 02:23:27.472 27676 RALLYDEBUG rally_openstack.cleanup.manager [-] Deleting neutron.port object s_rally_9584d7bc_vYNpVoZ5 (29c04cf4-c175-4503-aed8-cb2d1c55ba24)
2019-11-24 02:23:28.360 27676 RALLYDEBUG rally_openstack.cleanup.manager [-] Deleting neutron.port object s_rally_9584d7bc_lNDD80ul (2a41efa4-3e64-407a-a70f-b14b5e4d45d3)
2019-11-24 02:23:28.396 27676 RALLYDEBUG rally_openstack.cleanup.manager [-] Deleting neutron.port object s_rally_9584d7bc_XYAG3VMj (2b5b9312-7075-4176-bb6b-b49e95704ea4)
2019-11-24 02:23:28.478 27676 RALLYDEBUG rally_openstack.cleanup.manager [-] Deleting neutron.port object s_rally_9584d7bc_zFwPNFpU (2cdd18af-e27d-4313-bfcc-6ab52a9d7730)
2019-11-24 02:23:28.970 27676 RALLYDEBUG rally_openstack.cleanup.manager [-] Deleting neutron.port object s_rally_9584d7bc_dyN0UmBR (304353ef-9284-49a9-8114-201b0aca4be2)
2019-11-24 02:23:28.975 27676 RALLYDEBUG rally_openstack.cleanup.manager [-] Deleting neutron.port object s_rally_9584d7bc_GPitmu89 (3389fed1-8981-45d2-b720-8e8811c7ae3f)
2019-11-24 02:23:28.980 27676 RALLYDEBUG rally_openstack.cleanup.manager [-] Deleting neutron.port object s_rally_9584d7bc_SGxjkido (3526df6c-8d62-4df6-a088-4017069a11b8)
2019-11-24 02:23:29.011 27676 RALLYDEBUG rally_openstack.cleanup.manager [-] Deleting neutron.port object s_rally_9584d7bc_hrj1gFwu (386773e9-f716-46c6-8bc1-acf7d4cb885d)
2019-11-24 02:23:29.030 27676 RALLYDEBUG rally_openstack.cleanup.manager [-] Deleting neutron.port object s_rally_9584d7bc_dlngY1zC (39ba3bc7-0fb7-40a8-af38-743a20ca3b07)
2019-11-24 02:23:29.188 27676 RALLYDEBUG rally_openstack.cleanup.manager [-] Deleting neutron.port object s_rally_9584d7bc_BrgTjEbp (39d6c591-4925-4021-8e49-f7d37e0a31f3)
2019-11-24 02:23:29.196 27676 RALLYDEBUG rally_openstack.cleanup.manager [-] Deleting neutron.port object s_rally_9584d7bc_fwssPeRb (3b540b43-b473-4220-bd86-8ec1e2334eb4)
2019-11-24 02:23:29.204 27676 RALLYDEBUG rally_openstack.cleanup.manager [-] Deleting neutron.port object s_rally_9584d7bc_4bUydg6J (3bcc638f-a042-4f10-b981-02fd64b6ebe8)
2019-11-24 02:23:29.231 27676 RALLYDEBUG rally_openstack.cleanup.manager [-] Deleting neutron.port object s_rally_9584d7bc_rTze7ze5 (3bd2f9be-934e-4378-ad35-5271e5ffe130)
2019-11-24 02:23:29.240 27676 RALLYDEBUG rally_openstack.cleanup.manager [-] Deleting neutron.port object s_rally_9584d7bc_H5Pe51rd (3fa82e38-1a19-49bb-a5d9-830e955db6a6)
2019-11-24 02:23:29.268 27676 RALLYDEBUG rally_openstack.cleanup.manager [-] Deleting neutron.port object s_rally_9584d7bc_yyYUxzhq (4123a9e9-a1e0-470d-9917-141c90227554)
2019-11-24 02:23:29.344 27676 RALLYDEBUG rally_openstack.cleanup.manager [-] Deleting neutron.port object s_rally_9584d7bc_AnJ4LAHX (4311744c-cd94-4764-8d43-5faa7a92f563)
2019-11-24 02:23:29.424 27676 RALLYDEBUG rally_openstack.cleanup.manager [-] Deleting neutron.port object s_rally_9584d7bc_sGOKcAOB (434650e1-ec80-4077-bada-aaa251c6da8f)
2019-11-24 02:23:29.532 27676 RALLYDEBUG rally_openstack.cleanup.manager [-] Deleting neutron.port object s_rally_9584d7bc_AiL6s8wh (43ed85b6-7966-4e27-b262-41bdf3bd6a56)
2019-11-24 02:23:29.641 27676 RALLYDEBUG rally_openstack.cleanup.manager [-] Deleting neutron.port object s_rally_9584d7bc_NT7FeImS (441e1a1f-9d24-44e1-85e5-51bba6a0ba7a)
2019-11-24 02:23:29.650 27676 RALLYDEBUG rally_openstack.cleanup.manager [-] Deleting neutron.port object s_rally_9584d7bc_AZGYdKuc (4479f9d4-cbd2-4ce3-9197-f06202687d20)
2019-11-24 02:23:29.719 27676 RALLYDEBUG rally_openstack.cleanup.manager [-] Deleting neutron.port object s_rally_9584d7bc_R0nGesV0 (447c985f-8573-45fa-9873-4d81c6d3c77c)
2019-11-24 02:23:30.077 27676 RALLYDEBUG rally_openstack.cleanup.manager [-] Deleting neutron.port object s_rally_9584d7bc_Kpc4vG7u (4602f5a6-a1e4-4c22-998b-e9463a3c18c0)
2019-11-24 02:23:30.133 27676 RALLYDEBUG rally_openstack.cleanup.manager [-] Deleting neutron.port object s_rally_9584d7bc_uyMMxitu (47490af6-c847-4f2d-8745-309c26c1a323)
