2019-11-24 02:24:09.965 32166 INFO rally.task.runner [-] Task f0aa0a79-4db6-4b1d-b179-ac8fbea90bd6 | ITER: 13 END: OK
2019-11-24 02:24:09.969 32166 INFO rally.task.runner [-] Task f0aa0a79-4db6-4b1d-b179-ac8fbea90bd6 | ITER: 37 START
2019-11-24 02:24:09.970 32166 WARNING rally_openstack.scenarios.neutron.utils [-] Running this scenario without either the 'network' or 'existing_network' context is deprecated
2019-11-24 02:24:10.772 32184 INFO rally.task.runner [-] Task f0aa0a79-4db6-4b1d-b179-ac8fbea90bd6 | ITER: 19 END: OK
2019-11-24 02:24:10.775 32180 INFO rally.task.runner [-] Task f0aa0a79-4db6-4b1d-b179-ac8fbea90bd6 | ITER: 17 END: OK
2019-11-24 02:24:10.776 32184 INFO rally.task.runner [-] Task f0aa0a79-4db6-4b1d-b179-ac8fbea90bd6 | ITER: 38 START
2019-11-24 02:24:10.777 32184 WARNING rally_openstack.scenarios.neutron.utils [-] Running this scenario without either the 'network' or 'existing_network' context is deprecated
2019-11-24 02:24:10.779 32180 INFO rally.task.runner [-] Task f0aa0a79-4db6-4b1d-b179-ac8fbea90bd6 | ITER: 39 START
2019-11-24 02:24:10.780 32180 WARNING rally_openstack.scenarios.neutron.utils [-] Running this scenario without either the 'network' or 'existing_network' context is deprecated
2019-11-24 02:24:12.772 32144 INFO rally.task.runner [-] Task f0aa0a79-4db6-4b1d-b179-ac8fbea90bd6 | ITER: 7 END: OK
2019-11-24 02:24:12.776 32144 INFO rally.task.runner [-] Task f0aa0a79-4db6-4b1d-b179-ac8fbea90bd6 | ITER: 40 START
2019-11-24 02:24:12.776 32144 WARNING rally_openstack.scenarios.neutron.utils [-] Running this scenario without either the 'network' or 'existing_network' context is deprecated
2019-11-24 02:24:13.315 32155 INFO rally.task.runner [-] Task f0aa0a79-4db6-4b1d-b179-ac8fbea90bd6 | ITER: 21 END: OK
2019-11-24 02:24:14.312 32176 INFO rally.task.runner [-] Task f0aa0a79-4db6-4b1d-b179-ac8fbea90bd6 | ITER: 23 END: OK
2019-11-24 02:24:15.659 32183 INFO rally.task.runner [-] Task f0aa0a79-4db6-4b1d-b179-ac8fbea90bd6 | ITER: 22 END: OK
2019-11-24 02:24:16.190 32188 INFO rally.task.runner [-] Task f0aa0a79-4db6-4b1d-b179-ac8fbea90bd6 | ITER: 24 END: OK
2019-11-24 02:24:16.273 32143 INFO rally.task.runner [-] Task f0aa0a79-4db6-4b1d-b179-ac8fbea90bd6 | ITER: 27 END: OK
2019-11-24 02:24:16.394 32163 INFO rally.task.runner [-] Task f0aa0a79-4db6-4b1d-b179-ac8fbea90bd6 | ITER: 26 END: OK
2019-11-24 02:24:16.492 32179 INFO rally.task.runner [-] Task f0aa0a79-4db6-4b1d-b179-ac8fbea90bd6 | ITER: 31 END: OK
2019-11-24 02:24:16.893 32147 INFO rally.task.runner [-] Task f0aa0a79-4db6-4b1d-b179-ac8fbea90bd6 | ITER: 30 END: OK
2019-11-24 02:24:17.002 32144 INFO rally.task.runner [-] Task f0aa0a79-4db6-4b1d-b179-ac8fbea90bd6 | ITER: 28 END: OK
2019-11-24 02:24:17.022 32160 INFO rally.task.runner [-] Task f0aa0a79-4db6-4b1d-b179-ac8fbea90bd6 | ITER: 29 END: OK
2019-11-24 02:24:17.103 32142 INFO rally.task.runner [-] Task f0aa0a79-4db6-4b1d-b179-ac8fbea90bd6 | ITER: 25 END: OK
2019-11-24 02:24:17.377 32184 INFO rally.task.runner [-] Task f0aa0a79-4db6-4b1d-b179-ac8fbea90bd6 | ITER: 38 END: OK
2019-11-24 02:24:17.532 32147 INFO rally.task.runner [-] Task f0aa0a79-4db6-4b1d-b179-ac8fbea90bd6 | ITER: 36 END: OK
2019-11-24 02:24:17.819 32151 INFO rally.task.runner [-] Task f0aa0a79-4db6-4b1d-b179-ac8fbea90bd6 | ITER: 35 END: OK
2019-11-24 02:24:18.099 32171 INFO rally.task.runner [-] Task f0aa0a79-4db6-4b1d-b179-ac8fbea90bd6 | ITER: 34 END: OK
2019-11-24 02:24:18.244 32143 INFO rally.task.runner [-] Task f0aa0a79-4db6-4b1d-b179-ac8fbea90bd6 | ITER: 33 END: OK
2019-11-24 02:24:18.312 32166 INFO rally.task.runner [-] Task f0aa0a79-4db6-4b1d-b179-ac8fbea90bd6 | ITER: 37 END: OK
2019-11-24 02:24:18.383 32180 INFO rally.task.runner [-] Task f0aa0a79-4db6-4b1d-b179-ac8fbea90bd6 | ITER: 39 END: OK
2019-11-24 02:24:19.184 32142 INFO rally.task.runner [-] Task f0aa0a79-4db6-4b1d-b179-ac8fbea90bd6 | ITER: 32 END: OK
2019-11-24 02:24:19.381 32144 INFO rally.task.runner [-] Task f0aa0a79-4db6-4b1d-b179-ac8fbea90bd6 | ITER: 40 END: OK
2019-11-24 02:24:19.411 27676 INFO rally.task.context [-] Task f0aa0a79-4db6-4b1d-b179-ac8fbea90bd6 | Context cleanup@openstack cleanup() started
2019-11-24 02:24:19.414 27676 RALLYDEBUG rally_openstack.cleanup.manager [-] Cleaning up neutron vip objects
2019-11-24 02:24:19.795 27676 RALLYDEBUG rally_openstack.cleanup.manager [-] Cleaning up neutron health_monitor objects
2019-11-24 02:24:20.173 27676 RALLYDEBUG rally_openstack.cleanup.manager [-] Cleaning up neutron pool objects
2019-11-24 02:24:20.551 27676 RALLYDEBUG rally_openstack.cleanup.manager [-] Cleaning up neutron loadbalancer objects
2019-11-24 02:24:20.926 27676 RALLYDEBUG rally_openstack.cleanup.manager [-] Cleaning up neutron floatingip objects
2019-11-24 02:24:21.330 27676 RALLYDEBUG rally_openstack.cleanup.manager [-] Cleaning up neutron trunk objects
2019-11-24 02:24:21.711 27676 RALLYDEBUG rally_openstack.cleanup.manager [-] Cleaning up neutron port objects
2019-11-24 02:24:22.110 27676 RALLYDEBUG rally_openstack.cleanup.manager [-] Cleaning up neutron subnet objects
2019-11-24 02:24:22.501 27676 RALLYDEBUG rally_openstack.cleanup.manager [-] Cleaning up neutron network objects
2019-11-24 02:24:23.173 27676 RALLYDEBUG rally_openstack.cleanup.manager [-] Deleting neutron.network object s_rally_4aea1f8c_fWn0wl0D (05c47276-1b24-4063-b4e0-a7d49dfc79ec)
2019-11-24 02:24:23.179 27676 RALLYDEBUG rally_openstack.cleanup.manager [-] Deleting neutron.network object s_rally_4aea1f8c_8yysUwze (07252730-2e4e-41b8-9859-ca00e451dcad)
2019-11-24 02:24:23.186 27676 RALLYDEBUG rally_openstack.cleanup.manager [-] Deleting neutron.network object s_rally_4aea1f8c_fflCunXw (0a42912d-3b9c-48bb-977a-c68047a9e710)
2019-11-24 02:24:23.190 27676 RALLYDEBUG rally_openstack.cleanup.manager [-] Deleting neutron.network object s_rally_4aea1f8c_AdGNPizP (0ed8672a-d7f3-4cec-9050-a94375e7a80a)
2019-11-24 02:24:23.217 27676 RALLYDEBUG rally_openstack.cleanup.manager [-] Deleting neutron.network object s_rally_4aea1f8c_8QBKcHG4 (1a7eb6f8-8f52-4f51-be8c-4b3eb6bc0622)
2019-11-24 02:24:23.236 27676 RALLYDEBUG rally_openstack.cleanup.manager [-] Deleting neutron.network object s_rally_4aea1f8c_volRbrzB (1c7442db-f543-463e-bbea-f0cbfb11f1ed)
2019-11-24 02:24:23.243 27676 RALLYDEBUG rally_openstack.cleanup.manager [-] Deleting neutron.network object s_rally_4aea1f8c_VnMqPYEA (2a66e021-8154-4196-9d89-dddff7f788c3)
2019-11-24 02:24:23.259 27676 RALLYDEBUG rally_openstack.cleanup.manager [-] Deleting neutron.network object s_rally_4aea1f8c_6wGFMRFG (45c55038-2fc5-4158-b29f-2b220f74a2f3)
2019-11-24 02:24:23.266 27676 RALLYDEBUG rally_openstack.cleanup.manager [-] Deleting neutron.network object s_rally_4aea1f8c_BeWlq69X (4a3d8e1d-706b-4d51-a6fa-6e9995dec93f)
2019-11-24 02:24:23.278 27676 RALLYDEBUG rally_openstack.cleanup.manager [-] Deleting neutron.network object s_rally_4aea1f8c_zrnzpu5V (4e64da71-3ad6-404b-94a8-c0aa825f299a)
2019-11-24 02:24:23.283 27676 RALLYDEBUG rally_openstack.cleanup.manager [-] Deleting neutron.network object s_rally_4aea1f8c_QBMCDAm7 (589f1007-60ae-4eed-b32a-186e625827f4)
2019-11-24 02:24:23.298 27676 RALLYDEBUG rally_openstack.cleanup.manager [-] Deleting neutron.network object s_rally_4aea1f8c_96ig6d23 (5f406a5c-069e-439a-ba76-d9f219b27498)
2019-11-24 02:24:23.307 27676 RALLYDEBUG rally_openstack.cleanup.manager [-] Deleting neutron.network object s_rally_4aea1f8c_kUqzIICR (6164113a-2650-4cb9-8e8b-00f4ee772e08)
2019-11-24 02:24:23.312 27676 RALLYDEBUG rally_openstack.cleanup.manager [-] Deleting neutron.network object s_rally_4aea1f8c_vGb9fzWK (64c03fba-d756-47a1-8c0b-6483992eb356)
2019-11-24 02:24:23.347 27676 RALLYDEBUG rally_openstack.cleanup.manager [-] Deleting neutron.network object s_rally_4aea1f8c_fjtUDxSu (65940793-d765-42c2-83de-73ff62fe93c6)
2019-11-24 02:24:23.352 27676 RALLYDEBUG rally_openstack.cleanup.manager [-] Deleting neutron.network object s_rally_4aea1f8c_mbIBlZIe (6d172038-6971-4ed1-b4c2-9e7534c3a27e)
2019-11-24 02:24:23.376 27676 RALLYDEBUG rally_openstack.cleanup.manager [-] Deleting neutron.network object s_rally_4aea1f8c_oKYWIQrY (7150255a-2247-4ffd-88bc-2ce23a32f5a3)
2019-11-24 02:24:23.380 27676 RALLYDEBUG rally_openstack.cleanup.manager [-] Deleting neutron.network object s_rally_4aea1f8c_LgSD1do9 (75d65192-e1b2-43b8-9cd6-aeb0e3c1b368)
2019-11-24 02:24:23.386 27676 RALLYDEBUG rally_openstack.cleanup.manager [-] Deleting neutron.network object s_rally_4aea1f8c_K8mVJzfg (7bcf58d5-f9d4-494b-b56b-acb84f935580)
2019-11-24 02:24:23.400 27676 RALLYDEBUG rally_openstack.cleanup.manager [-] Deleting neutron.network object s_rally_4aea1f8c_POnawjXP (7d9ee5b6-4995-49f8-aaea-84f269630266)
2019-11-24 02:24:25.186 27676 RALLYDEBUG rally_openstack.cleanup.manager [-] Deleting neutron.network object s_rally_4aea1f8c_Hrff0rIa (7e5b64cc-0da3-4099-a238-fad6a41d1f1e)
2019-11-24 02:24:25.326 27676 RALLYDEBUG rally_openstack.cleanup.manager [-] Deleting neutron.network object s_rally_4aea1f8c_DZocCVVl (7faf6ba1-d6bd-4614-bc55-6c29f7991875)
2019-11-24 02:24:25.435 27676 RALLYDEBUG rally_openstack.cleanup.manager [-] Deleting neutron.network object s_rally_4aea1f8c_SAxZzC8K (81a4678e-edd3-4ac0-9199-9bc82b0e0316)
2019-11-24 02:24:25.471 27676 RALLYDEBUG rally_openstack.cleanup.manager [-] Deleting neutron.network object s_rally_4aea1f8c_APXO9IqG (86b96919-1c3d-4940-badf-e52bf6862d1c)
2019-11-24 02:24:25.667 27676 RALLYDEBUG rally_openstack.cleanup.manager [-] Deleting neutron.network object s_rally_4aea1f8c_nqbe2ce9 (8e842201-bdf4-46cd-a2b6-c96b5b42d58b)
2019-11-24 02:24:25.794 27676 RALLYDEBUG rally_openstack.cleanup.manager [-] Deleting neutron.network object s_rally_4aea1f8c_0Ny4kP4k (95520fa8-d356-43d1-9d82-cf53226c8dc2)
2019-11-24 02:24:25.810 27676 RALLYDEBUG rally_openstack.cleanup.manager [-] Deleting neutron.network object s_rally_4aea1f8c_taPx3Qwn (9851f676-8faf-4f1a-a229-7a68418c637e)
2019-11-24 02:24:25.821 27676 RALLYDEBUG rally_openstack.cleanup.manager [-] Deleting neutron.network object s_rally_4aea1f8c_LZscg7Hm (9f6f719d-eec9-4f51-8ef5-bb9d80469055)
2019-11-24 02:24:25.856 27676 RALLYDEBUG rally_openstack.cleanup.manager [-] Deleting neutron.network object s_rally_4aea1f8c_eqOHVfAO (9ff3b5ff-f479-41f7-98b6-4e3f8d0ca734)
2019-11-24 02:24:25.921 27676 RALLYDEBUG rally_openstack.cleanup.manager [-] Deleting neutron.network object s_rally_4aea1f8c_Ilwr7afG (ab83d450-d96f-4997-bdb0-db015ada26af)
2019-11-24 02:24:25.947 27676 RALLYDEBUG rally_openstack.cleanup.manager [-] Deleting neutron.network object s_rally_4aea1f8c_RGzYgnKd (af3a2ba0-3c37-4a62-b80d-9cddde836579)
2019-11-24 02:24:25.994 27676 RALLYDEBUG rally_openstack.cleanup.manager [-] Deleting neutron.network object s_rally_4aea1f8c_ZLdo2hRM (afd8e29e-7858-4045-94d7-22a9a4be9f7b)
2019-11-24 02:24:26.046 27676 RALLYDEBUG rally_openstack.cleanup.manager [-] Deleting neutron.network object s_rally_4aea1f8c_Vy52uDsZ (b10a4169-053a-412f-8e99-2daf1fd788f7)
2019-11-24 02:24:26.089 27676 RALLYDEBUG rally_openstack.cleanup.manager [-] Deleting neutron.network object s_rally_4aea1f8c_kaPuP7CC (b59cdc62-19dc-44e7-8062-be62ff93bc39)
2019-11-24 02:24:26.094 27676 RALLYDEBUG rally_openstack.cleanup.manager [-] Deleting neutron.network object s_rally_4aea1f8c_y5VhlRk8 (cd607111-1cd5-4eb6-b7c9-ac7796c92892)
2019-11-24 02:24:26.105 27676 RALLYDEBUG rally_openstack.cleanup.manager [-] Deleting neutron.network object s_rally_4aea1f8c_ncAUg4Gv (d2177418-9c12-4659-a0fe-3c8032da2947)
2019-11-24 02:24:26.113 27676 RALLYDEBUG rally_openstack.cleanup.manager [-] Deleting neutron.network object s_rally_4aea1f8c_7DVj8HOM (d76a177f-2813-448f-9d42-59e9e4f00692)
2019-11-24 02:24:26.217 27676 RALLYDEBUG rally_openstack.cleanup.manager [-] Deleting neutron.network object s_rally_4aea1f8c_132zdIAi (eca2df01-0499-42c5-94f8-f031c604707c)
2019-11-24 02:24:26.246 27676 RALLYDEBUG rally_openstack.cleanup.manager [-] Deleting neutron.network object s_rally_4aea1f8c_4ZGuV9JM (f127a632-db38-4520-8e99-d20da59632ea)
2019-11-24 02:24:26.350 27676 RALLYDEBUG rally_openstack.cleanup.manager [-] Deleting neutron.network object s_rally_4aea1f8c_6nEit72I (fd1f6179-f91c-46e3-b95a-c64b81eca7b5)
2019-11-24 02:24:28.753 27676 RALLYDEBUG rally_openstack.cleanup.manager [-] Cleaning up neutron router objects
2019-11-24 02:24:29.155 27676 RALLYDEBUG rally_openstack.cleanup.manager [-] Cleaning up neutron security_group objects
2019-11-24 02:24:29.652 27676 INFO rally.task.context [-] Task f0aa0a79-4db6-4b1d-b179-ac8fbea90bd6 | Context cleanup@openstack cleanup() finished in 10.24 sec
2019-11-24 02:24:29.652 27676 INFO rally.task.context [-] Task f0aa0a79-4db6-4b1d-b179-ac8fbea90bd6 | Context quotas@openstack cleanup() started
2019-11-24 02:24:29.724 27676 INFO rally.task.context [-] Task f0aa0a79-4db6-4b1d-b179-ac8fbea90bd6 | Context quotas@openstack cleanup() finished in 71.91 msec
2019-11-24 02:24:29.725 27676 INFO rally.task.context [-] Task f0aa0a79-4db6-4b1d-b179-ac8fbea90bd6 | Context users@openstack cleanup() started
2019-11-24 02:24:32.352 27676 INFO rally.task.context [-] Task f0aa0a79-4db6-4b1d-b179-ac8fbea90bd6 | Context users@openstack cleanup() finished in 2.63 sec
2019-11-24 02:24:33.686 27676 INFO rally.task.engine [-] Load duration is: 21.073032
2019-11-24 02:24:33.686 27676 INFO rally.task.engine [-] Full runner duration is: 21.12491
2019-11-24 02:24:33.686 27676 INFO rally.task.engine [-] Full duration is: 36.846305
2019-11-24 02:24:34.043 27676 INFO rally.task.engine [-] Running workload: position = 0 config = { "version": 2, "title": "A cropped version of a bigger task.", "description": "Auto-generated task from a single workload (uuid=c026226b-cb56-47b7-89b1-b7b837407096)", "subtasks": [ { "title": "Quotas.neutron_update", "description": "Update quotas for neutron.", "scenario": { "Quotas.neutron_update": { "max_quota": 1024 } }, "contexts": { "users": { "tenants": 20, "users_per_tenant": 1 } }, "runner": { "constant": { "times": 40, "concurrency": 20 } }, "hooks": [], "sla": { "failure_rate": { "max": 0 } } } ] }
2019-11-24 02:24:34.068 27676 RALLYDEBUG rally_openstack.contexts.keystone.users [-] Creating 20 tenants using 20 threads
2019-11-24 02:24:36.025 27676 RALLYDEBUG rally_openstack.contexts.keystone.users [-] Creating 20 users using 20 threads
2019-11-24 02:24:38.616 27676 INFO rally.task.context [-] Task f0aa0a79-4db6-4b1d-b179-ac8fbea90bd6 | Context users@openstack setup() finished in 4.55 sec
2019-11-24 02:24:38.617 27676 INFO rally.task.context [-] Task f0aa0a79-4db6-4b1d-b179-ac8fbea90bd6 | Context admin_cleanup@openstack setup() finished in 0.01 msec
2019-11-24 02:24:38.626 27676 RALLYDEBUG rally.task.runner [-] Starting the constant runner (task UUID: f0aa0a79-4db6-4b1d-b179-ac8fbea90bd6). times: 40 concurrency: 20 timeout: 0 max_cpu_used: 16 processes_to_start: 16 concurrency_per_worker: 1 concurrency_overhead: 4
2019-11-24 02:24:38.638 32532 RALLYDEBUG rally.task.runner [-] Starting a worker. times: 40 duration: None concurrency: 2 timeout: 0 cls: method_name: run args: {"max_quota": 1024}
2019-11-24 02:24:38.641 32533 RALLYDEBUG rally.task.runner [-] Starting a worker. times: 40 duration: None concurrency: 2 timeout: 0 cls: method_name: run args: {"max_quota": 1024}
2019-11-24 02:24:38.645 32534 RALLYDEBUG rally.task.runner [-] Starting a worker. times: 40 duration: None concurrency: 2 timeout: 0 cls: method_name: run args: {"max_quota": 1024}
2019-11-24 02:24:38.648 32535 RALLYDEBUG rally.task.runner [-] Starting a worker. times: 40 duration: None concurrency: 2 timeout: 0 cls: method_name: run args: {"max_quota": 1024}
2019-11-24 02:24:38.652 32536 RALLYDEBUG rally.task.runner [-] Starting a worker. times: 40 duration: None concurrency: 1 timeout: 0 cls: method_name: run args: {"max_quota": 1024}
2019-11-24 02:24:38.653 32532 INFO rally.task.runner [-] Task f0aa0a79-4db6-4b1d-b179-ac8fbea90bd6 | ITER: 1 START
2019-11-24 02:24:38.657 32533 INFO rally.task.runner [-] Task f0aa0a79-4db6-4b1d-b179-ac8fbea90bd6 | ITER: 2 START
2019-11-24 02:24:38.657 32539 RALLYDEBUG rally.task.runner [-] Starting a worker. times: 40 duration: None concurrency: 1 timeout: 0 cls: method_name: run args: {"max_quota": 1024}
2019-11-24 02:24:38.659 32544 RALLYDEBUG rally.task.runner [-] Starting a worker. times: 40 duration: None concurrency: 1 timeout: 0 cls: method_name: run args: {"max_quota": 1024}
2019-11-24 02:24:38.661 32534 INFO rally.task.runner [-] Task f0aa0a79-4db6-4b1d-b179-ac8fbea90bd6 | ITER: 3 START
2019-11-24 02:24:38.663 32536 INFO rally.task.runner [-] Task f0aa0a79-4db6-4b1d-b179-ac8fbea90bd6 | ITER: 7 START
2019-11-24 02:24:38.663 32535 INFO rally.task.runner [-] Task f0aa0a79-4db6-4b1d-b179-ac8fbea90bd6 | ITER: 5 START
2019-11-24 02:24:38.663 32549 RALLYDEBUG rally.task.runner [-] Starting a worker. times: 40 duration: None concurrency: 1 timeout: 0 cls: method_name: run args: {"max_quota": 1024}
2019-11-24 02:24:38.668 32553 RALLYDEBUG rally.task.runner [-] Starting a worker. times: 40 duration: None concurrency: 1 timeout: 0 cls: method_name: run args: {"max_quota": 1024}
2019-11-24 02:24:38.669 32544 INFO rally.task.runner [-] Task f0aa0a79-4db6-4b1d-b179-ac8fbea90bd6 | ITER: 11 START
2019-11-24 02:24:38.670 32533 INFO rally.task.runner [-] Task f0aa0a79-4db6-4b1d-b179-ac8fbea90bd6 | ITER: 6 START
2019-11-24 02:24:38.672 32539 INFO rally.task.runner [-] Task f0aa0a79-4db6-4b1d-b179-ac8fbea90bd6 | ITER: 10 START
2019-11-24 02:24:38.655 32532 INFO rally.task.runner [-] Task f0aa0a79-4db6-4b1d-b179-ac8fbea90bd6 | ITER: 4 START
2019-11-24 02:24:38.662 32534 INFO rally.task.runner [-] Task f0aa0a79-4db6-4b1d-b179-ac8fbea90bd6 | ITER: 8 START
2019-11-24 02:24:38.675 32549 INFO rally.task.runner [-] Task f0aa0a79-4db6-4b1d-b179-ac8fbea90bd6 | ITER: 12 START
2019-11-24 02:24:38.676 32535 INFO rally.task.runner [-] Task f0aa0a79-4db6-4b1d-b179-ac8fbea90bd6 | ITER: 9 START
2019-11-24 02:24:38.677 32559 RALLYDEBUG rally.task.runner [-] Starting a worker. times: 40 duration: None concurrency: 1 timeout: 0 cls: method_name: run args: {"max_quota": 1024}
2019-11-24 02:24:38.679 32553 INFO rally.task.runner [-] Task f0aa0a79-4db6-4b1d-b179-ac8fbea90bd6 | ITER: 13 START
2019-11-24 02:24:38.683 32563 RALLYDEBUG rally.task.runner [-] Starting a worker. times: 40 duration: None concurrency: 1 timeout: 0 cls: method_name: run args: {"max_quota": 1024}
2019-11-24 02:24:38.686 32559 INFO rally.task.runner [-] Task f0aa0a79-4db6-4b1d-b179-ac8fbea90bd6 | ITER: 14 START
2019-11-24 02:24:38.691 32567 RALLYDEBUG rally.task.runner [-] Starting a worker. times: 40 duration: None concurrency: 1 timeout: 0 cls: method_name: run args: {"max_quota": 1024}
2019-11-24 02:24:38.692 32563 INFO rally.task.runner [-] Task f0aa0a79-4db6-4b1d-b179-ac8fbea90bd6 | ITER: 15 START
2019-11-24 02:24:38.698 32570 RALLYDEBUG rally.task.runner [-] Starting a worker. times: 40 duration: None concurrency: 1 timeout: 0 cls: method_name: run args: {"max_quota": 1024}
2019-11-24 02:24:38.700 32567 INFO rally.task.runner [-] Task f0aa0a79-4db6-4b1d-b179-ac8fbea90bd6 | ITER: 16 START
2019-11-24 02:24:38.706 32570 INFO rally.task.runner [-] Task f0aa0a79-4db6-4b1d-b179-ac8fbea90bd6 | ITER: 17 START
2019-11-24 02:24:38.706 32573 RALLYDEBUG rally.task.runner [-] Starting a worker. times: 40 duration: None concurrency: 1 timeout: 0 cls: method_name: run args: {"max_quota": 1024}
2019-11-24 02:24:38.714 32573 INFO rally.task.runner [-] Task f0aa0a79-4db6-4b1d-b179-ac8fbea90bd6 | ITER: 18 START
2019-11-24 02:24:38.715 32576 RALLYDEBUG rally.task.runner [-] Starting a worker. times: 40 duration: None concurrency: 1 timeout: 0 cls: method_name: run args: {"max_quota": 1024}
2019-11-24 02:24:38.718 32579 RALLYDEBUG rally.task.runner [-] Starting a worker. times: 40 duration: None concurrency: 1 timeout: 0 cls: method_name: run args: {"max_quota": 1024}
2019-11-24 02:24:38.722 32576 INFO rally.task.runner [-] Task f0aa0a79-4db6-4b1d-b179-ac8fbea90bd6 | ITER: 19 START
2019-11-24 02:24:38.726 32579 INFO rally.task.runner [-] Task f0aa0a79-4db6-4b1d-b179-ac8fbea90bd6 | ITER: 20 START
2019-11-24 02:24:39.233 32533 INFO rally.task.runner [-] Task f0aa0a79-4db6-4b1d-b179-ac8fbea90bd6 | ITER: 6 END: OK
2019-11-24 02:24:39.240 32533 INFO rally.task.runner [-] Task f0aa0a79-4db6-4b1d-b179-ac8fbea90bd6 | ITER: 21 START
2019-11-24 02:24:39.259 32535 INFO rally.task.runner [-] Task f0aa0a79-4db6-4b1d-b179-ac8fbea90bd6 | ITER: 9 END: OK
2019-11-24 02:24:39.266 32535 INFO rally.task.runner [-] Task f0aa0a79-4db6-4b1d-b179-ac8fbea90bd6 | ITER: 22 START
2019-11-24 02:24:39.271 32544 INFO rally.task.runner [-] Task f0aa0a79-4db6-4b1d-b179-ac8fbea90bd6 | ITER: 11 END: OK
2019-11-24 02:24:39.271 32532 INFO rally.task.runner [-] Task f0aa0a79-4db6-4b1d-b179-ac8fbea90bd6 | ITER: 4 END: OK
2019-11-24 02:24:39.274 32535 INFO rally.task.runner [-] Task f0aa0a79-4db6-4b1d-b179-ac8fbea90bd6 | ITER: 5 END: OK
2019-11-24 02:24:39.278 32544 INFO rally.task.runner [-] Task f0aa0a79-4db6-4b1d-b179-ac8fbea90bd6 | ITER: 23 START
2019-11-24 02:24:39.278 32532 INFO rally.task.runner [-] Task f0aa0a79-4db6-4b1d-b179-ac8fbea90bd6 | ITER: 24 START
2019-11-24 02:24:39.288 32532 INFO rally.task.runner [-] Task f0aa0a79-4db6-4b1d-b179-ac8fbea90bd6 | ITER: 1 END: OK
2019-11-24 02:24:39.288 32535 INFO rally.task.runner [-] Task f0aa0a79-4db6-4b1d-b179-ac8fbea90bd6 | ITER: 25 START
2019-11-24 02:24:39.293 32532 INFO rally.task.runner [-] Task f0aa0a79-4db6-4b1d-b179-ac8fbea90bd6 | ITER: 26 START
2019-11-24 02:24:39.312 32533 INFO rally.task.runner [-] Task f0aa0a79-4db6-4b1d-b179-ac8fbea90bd6 | ITER: 2 END: OK
2019-11-24 02:24:39.312 32549 INFO rally.task.runner [-] Task f0aa0a79-4db6-4b1d-b179-ac8fbea90bd6 | ITER: 12 END: OK
2019-11-24 02:24:39.316 32534 INFO rally.task.runner [-] Task f0aa0a79-4db6-4b1d-b179-ac8fbea90bd6 | ITER: 8 END: OK
2019-11-24 02:24:39.318 32549 INFO rally.task.runner [-] Task f0aa0a79-4db6-4b1d-b179-ac8fbea90bd6 | ITER: 28 START
2019-11-24 02:24:39.318 32533 INFO rally.task.runner [-] Task f0aa0a79-4db6-4b1d-b179-ac8fbea90bd6 | ITER: 27 START
2019-11-24 02:24:39.322 32534 INFO rally.task.runner [-] Task f0aa0a79-4db6-4b1d-b179-ac8fbea90bd6 | ITER: 29 START
2019-11-24 02:24:39.325 32536 INFO rally.task.runner [-] Task f0aa0a79-4db6-4b1d-b179-ac8fbea90bd6 | ITER: 7 END: OK
2019-11-24 02:24:39.331 32536 INFO rally.task.runner [-] Task f0aa0a79-4db6-4b1d-b179-ac8fbea90bd6 | ITER: 30 START
2019-11-24 02:24:39.420 32559 INFO rally.task.runner [-] Task f0aa0a79-4db6-4b1d-b179-ac8fbea90bd6 | ITER: 14 END: OK
2019-11-24 02:24:39.424 32553 INFO rally.task.runner [-] Task f0aa0a79-4db6-4b1d-b179-ac8fbea90bd6 | ITER: 13 END: OK
2019-11-24 02:24:39.428 32559 INFO rally.task.runner [-] Task f0aa0a79-4db6-4b1d-b179-ac8fbea90bd6 | ITER: 31 START
2019-11-24 02:24:39.430 32553 INFO rally.task.runner [-] Task f0aa0a79-4db6-4b1d-b179-ac8fbea90bd6 | ITER: 32 START
2019-11-24 02:24:39.464 32573 INFO rally.task.runner [-] Task f0aa0a79-4db6-4b1d-b179-ac8fbea90bd6 | ITER: 18 END: OK
2019-11-24 02:24:39.471 32573 INFO rally.task.runner [-] Task f0aa0a79-4db6-4b1d-b179-ac8fbea90bd6 | ITER: 33 START
2019-11-24 02:24:39.517 32570 INFO rally.task.runner [-] Task f0aa0a79-4db6-4b1d-b179-ac8fbea90bd6 | ITER: 17 END: OK
2019-11-24 02:24:39.525 32570 INFO rally.task.runner [-] Task f0aa0a79-4db6-4b1d-b179-ac8fbea90bd6 | ITER: 34 START
2019-11-24 02:24:39.536 32576 INFO rally.task.runner [-] Task f0aa0a79-4db6-4b1d-b179-ac8fbea90bd6 | ITER: 19 END: OK
2019-11-24 02:24:39.542 32576 INFO rally.task.runner [-] Task f0aa0a79-4db6-4b1d-b179-ac8fbea90bd6 | ITER: 35 START
2019-11-24 02:24:39.548 32579 INFO rally.task.runner [-] Task f0aa0a79-4db6-4b1d-b179-ac8fbea90bd6 | ITER: 20 END: OK
2019-11-24 02:24:39.555 32579 INFO rally.task.runner [-] Task f0aa0a79-4db6-4b1d-b179-ac8fbea90bd6 | ITER: 36 START
2019-11-24 02:24:39.579 32539 INFO rally.task.runner [-] Task f0aa0a79-4db6-4b1d-b179-ac8fbea90bd6 | ITER: 10 END: OK
2019-11-24 02:24:39.585 32539 INFO rally.task.runner [-] Task f0aa0a79-4db6-4b1d-b179-ac8fbea90bd6 | ITER: 37 START
2019-11-24 02:24:39.611 32534 INFO rally.task.runner [-] Task f0aa0a79-4db6-4b1d-b179-ac8fbea90bd6 | ITER: 3 END: OK
2019-11-24 02:24:39.617 32534 INFO rally.task.runner [-] Task f0aa0a79-4db6-4b1d-b179-ac8fbea90bd6 | ITER: 38 START
2019-11-24 02:24:39.626 32563 INFO rally.task.runner [-] Task f0aa0a79-4db6-4b1d-b179-ac8fbea90bd6 | ITER: 15 END: OK
2019-11-24 02:24:39.627 32567 INFO rally.task.runner [-] Task f0aa0a79-4db6-4b1d-b179-ac8fbea90bd6 | ITER: 16 END: OK
2019-11-24 02:24:39.632 32563 INFO rally.task.runner [-] Task f0aa0a79-4db6-4b1d-b179-ac8fbea90bd6 | ITER: 39 START
2019-11-24 02:24:39.634 32567 INFO rally.task.runner [-] Task f0aa0a79-4db6-4b1d-b179-ac8fbea90bd6 | ITER: 40 START
2019-11-24 02:24:39.741 32535 INFO rally.task.runner [-] Task f0aa0a79-4db6-4b1d-b179-ac8fbea90bd6 | ITER: 25 END: OK
2019-11-24 02:24:39.764 32535 INFO rally.task.runner [-] Task f0aa0a79-4db6-4b1d-b179-ac8fbea90bd6 | ITER: 22 END: OK
2019-11-24 02:24:39.776 32549 INFO rally.task.runner [-] Task f0aa0a79-4db6-4b1d-b179-ac8fbea90bd6 | ITER: 28 END: OK
2019-11-24 02:24:39.790 32533 INFO rally.task.runner [-] Task f0aa0a79-4db6-4b1d-b179-ac8fbea90bd6 | ITER: 21 END: OK
2019-11-24 02:24:39.814 32534 INFO rally.task.runner [-] Task f0aa0a79-4db6-4b1d-b179-ac8fbea90bd6 | ITER: 29 END: OK
2019-11-24 02:24:39.866 32544 INFO rally.task.runner [-] Task f0aa0a79-4db6-4b1d-b179-ac8fbea90bd6 | ITER: 23 END: OK
2019-11-24 02:24:39.888 32532 INFO rally.task.runner [-] Task f0aa0a79-4db6-4b1d-b179-ac8fbea90bd6 | ITER: 24 END: OK
2019-11-24 02:24:39.889 32536 INFO rally.task.runner [-] Task f0aa0a79-4db6-4b1d-b179-ac8fbea90bd6 | ITER: 30 END: OK
2019-11-24 02:24:39.975 32532 INFO rally.task.runner [-] Task f0aa0a79-4db6-4b1d-b179-ac8fbea90bd6 | ITER: 26 END: OK
2019-11-24 02:24:39.995 32533 INFO rally.task.runner [-] Task f0aa0a79-4db6-4b1d-b179-ac8fbea90bd6 | ITER: 27 END: OK
2019-11-24 02:24:40.004 32559 INFO rally.task.runner [-] Task f0aa0a79-4db6-4b1d-b179-ac8fbea90bd6 | ITER: 31 END: OK
2019-11-24 02:24:40.066 32567 INFO rally.task.runner [-] Task f0aa0a79-4db6-4b1d-b179-ac8fbea90bd6 | ITER: 40 END: OK
2019-11-24 02:24:40.087 32553 INFO rally.task.runner [-] Task f0aa0a79-4db6-4b1d-b179-ac8fbea90bd6 | ITER: 32 END: OK
2019-11-24 02:24:40.104 32573 INFO rally.task.runner [-] Task f0aa0a79-4db6-4b1d-b179-ac8fbea90bd6 | ITER: 33 END: OK
2019-11-24 02:24:40.135 32576 INFO rally.task.runner [-] Task f0aa0a79-4db6-4b1d-b179-ac8fbea90bd6 | ITER: 35 END: OK
2019-11-24 02:24:40.182 32570 INFO rally.task.runner [-] Task f0aa0a79-4db6-4b1d-b179-ac8fbea90bd6 | ITER: 34 END: OK
2019-11-24 02:24:40.194 32539 INFO rally.task.runner [-] Task f0aa0a79-4db6-4b1d-b179-ac8fbea90bd6 | ITER: 37 END: OK
2019-11-24 02:24:40.337 32534 INFO rally.task.runner [-] Task f0aa0a79-4db6-4b1d-b179-ac8fbea90bd6 | ITER: 38 END: OK
2019-11-24 02:24:40.433 32579 INFO rally.task.runner [-] Task f0aa0a79-4db6-4b1d-b179-ac8fbea90bd6 | ITER: 36 END: OK
2019-11-24 02:24:40.486 32563 INFO rally.task.runner [-] Task f0aa0a79-4db6-4b1d-b179-ac8fbea90bd6 | ITER: 39 END: OK
2019-11-24 02:24:40.514 27676 INFO rally.task.context [-] Task f0aa0a79-4db6-4b1d-b179-ac8fbea90bd6 | Context admin_cleanup@openstack cleanup() started
2019-11-24 02:24:40.517 27676 RALLYDEBUG rally_openstack.cleanup.manager [-] Cleaning up neutron quota objects
2019-11-24 02:24:42.002 27676 INFO rally.task.context [-] Task f0aa0a79-4db6-4b1d-b179-ac8fbea90bd6 | Context admin_cleanup@openstack cleanup() finished in 1.49 sec
2019-11-24 02:24:42.002 27676 INFO rally.task.context [-] Task f0aa0a79-4db6-4b1d-b179-ac8fbea90bd6 | Context users@openstack cleanup() started
2019-11-24 02:25:01.819 27676 INFO rally.task.context [-] Task f0aa0a79-4db6-4b1d-b179-ac8fbea90bd6 | Context users@openstack cleanup() finished in 19.82 sec
2019-11-24 02:25:02.380 27676 INFO rally.task.engine [-] Load duration is: 1.830417
2019-11-24 02:25:02.380 27676 INFO rally.task.engine [-] Full runner duration is: 1.888661
2019-11-24 02:25:02.381 27676 INFO rally.task.engine [-] Full duration is: 27.75335
2019-11-24 02:25:02.688 27676 INFO rally.task.engine [-] Running workload: position = 0 config = { "version": 2, "title": "A cropped version of a bigger task.", "description": "Auto-generated task from a single workload (uuid=bf1ce0e0-9acd-40d5-8fc4-4dfa6c7db8f1)", "subtasks": [ { "title": "NeutronTrunks.create_and_list_trunks", "description": "Create and a given number of trunks with subports and list all trunks", "scenario": { "NeutronTrunks.create_and_list_trunks": { "subport_count": 125 } }, "contexts": { "users": { "tenants": 1, "users_per_tenant": 1 }, "quotas": { "neutron": { "network": -1, "port": 1000 } } }, "runner": { "constant": { "times": 4, "concurrency": 4 } }, "hooks": [], "sla": { "failure_rate": { "max": 0 } } } ] }
2019-11-24 02:25:02.711 27676 RALLYDEBUG rally_openstack.contexts.keystone.users [-] Creating 1 tenants using 20 threads
2019-11-24 02:25:03.770 27676 RALLYDEBUG rally_openstack.contexts.keystone.users [-] Creating 1 users using 20 threads
2019-11-24 02:25:05.137 27676 INFO rally.task.context [-] Task f0aa0a79-4db6-4b1d-b179-ac8fbea90bd6 | Context users@openstack setup() finished in 2.43 sec
2019-11-24 02:25:05.708 27676 INFO rally.task.context [-] Task f0aa0a79-4db6-4b1d-b179-ac8fbea90bd6 | Context quotas@openstack setup() finished in 0.57 sec
2019-11-24 02:25:05.709 27676 INFO rally.task.context [-] Task f0aa0a79-4db6-4b1d-b179-ac8fbea90bd6 | Context cleanup@openstack setup() finished in 0.01 msec
2019-11-24 02:25:05.717 27676 RALLYDEBUG rally.task.runner [-] Starting the constant runner (task UUID: f0aa0a79-4db6-4b1d-b179-ac8fbea90bd6). times: 4 concurrency: 4 timeout: 0 max_cpu_used: 16 processes_to_start: 4 concurrency_per_worker: 1 concurrency_overhead: 0
2019-11-24 02:25:05.729 32722 RALLYDEBUG rally.task.runner [-] Starting a worker. times: 4 duration: None concurrency: 1 timeout: 0 cls: method_name: run args: {"subport_count": 125}
2019-11-24 02:25:05.733 32723 RALLYDEBUG rally.task.runner [-] Starting a worker. times: 4 duration: None concurrency: 1 timeout: 0 cls: method_name: run args: {"subport_count": 125}
2019-11-24 02:25:05.735 32722 INFO rally.task.runner [-] Task f0aa0a79-4db6-4b1d-b179-ac8fbea90bd6 | ITER: 1 START
2019-11-24 02:25:05.737 32724 RALLYDEBUG rally.task.runner [-] Starting a worker. times: 4 duration: None concurrency: 1 timeout: 0 cls: method_name: run args: {"subport_count": 125}
2019-11-24 02:25:05.739 32723 INFO rally.task.runner [-] Task f0aa0a79-4db6-4b1d-b179-ac8fbea90bd6 | ITER: 2 START
2019-11-24 02:25:05.741 32727 RALLYDEBUG rally.task.runner [-] Starting a worker. times: 4 duration: None concurrency: 1 timeout: 0 cls: method_name: run args: {"subport_count": 125}
2019-11-24 02:25:05.744 32724 INFO rally.task.runner [-] Task f0aa0a79-4db6-4b1d-b179-ac8fbea90bd6 | ITER: 3 START
2019-11-24 02:25:05.746 32727 INFO rally.task.runner [-] Task f0aa0a79-4db6-4b1d-b179-ac8fbea90bd6 | ITER: 4 START
2019-11-24 02:26:18.773 32727 INFO rally.task.runner [-] Task f0aa0a79-4db6-4b1d-b179-ac8fbea90bd6 | ITER: 4 END: OK
2019-11-24 02:26:19.400 32722 INFO rally.task.runner [-] Task f0aa0a79-4db6-4b1d-b179-ac8fbea90bd6 | ITER: 1 END: OK
2019-11-24 02:26:21.036 32723 INFO rally.task.runner [-] Task f0aa0a79-4db6-4b1d-b179-ac8fbea90bd6 | ITER: 2 END: OK
2019-11-24 02:26:21.190 32724 INFO rally.task.runner [-] Task f0aa0a79-4db6-4b1d-b179-ac8fbea90bd6 | ITER: 3 END: OK
2019-11-24 02:26:21.221 27676 INFO rally.task.context [-] Task f0aa0a79-4db6-4b1d-b179-ac8fbea90bd6 | Context cleanup@openstack cleanup() started
2019-11-24 02:26:21.227 27676 RALLYDEBUG rally_openstack.cleanup.manager [-] Cleaning up neutron vip objects
2019-11-24 02:26:21.664 27676 RALLYDEBUG rally_openstack.cleanup.manager [-] Cleaning up neutron health_monitor objects
2019-11-24 02:26:22.059 27676 RALLYDEBUG rally_openstack.cleanup.manager [-] Cleaning up neutron pool objects
2019-11-24 02:26:22.439 27676 RALLYDEBUG rally_openstack.cleanup.manager [-] Cleaning up neutron loadbalancer objects
2019-11-24 02:26:22.837 27676 RALLYDEBUG rally_openstack.cleanup.manager [-] Cleaning up neutron floatingip objects
2019-11-24 02:26:23.259 27676 RALLYDEBUG rally_openstack.cleanup.manager [-] Cleaning up neutron trunk objects
2019-11-24 02:26:23.695 27676 RALLYDEBUG rally_openstack.cleanup.manager [-] Deleting neutron.trunk object s_rally_bf1ce0e0_MbHtsT3M (4211e989-1164-4cf4-8760-e7f6617a3acc)
2019-11-24 02:26:23.704 27676 RALLYDEBUG rally_openstack.cleanup.manager [-] Deleting neutron.trunk object s_rally_bf1ce0e0_L3XCGpcA (5bc3db4d-2479-45cc-991c-4ebf24ba1bae)
2019-11-24 02:26:23.713 27676 RALLYDEBUG rally_openstack.cleanup.manager [-] Deleting neutron.trunk object s_rally_bf1ce0e0_OAHCqffP (b42fe27a-105e-4b84-bdb3-3551005cf4f7)
2019-11-24 02:26:23.717 27676 RALLYDEBUG rally_openstack.cleanup.manager [-] Deleting neutron.trunk object s_rally_bf1ce0e0_AvoTsUd3 (db3b8cb1-0144-4dc2-915a-2b4f82c07ffd)
2019-11-24 02:26:25.483 27676 RALLYDEBUG rally_openstack.cleanup.manager [-] Cleaning up neutron port objects
2019-11-24 02:26:27.424 27676 RALLYDEBUG rally_openstack.cleanup.manager [-] Deleting neutron.port object s_rally_bf1ce0e0_8RbbZfTK (00558fff-7271-4258-b61e-46270c691cc6)
2019-11-24 02:26:27.433 27676 RALLYDEBUG rally_openstack.cleanup.manager [-] Deleting neutron.port object s_rally_bf1ce0e0_Jtt8WqZR (02575f46-7d85-4f74-86b0-26ab25551d91)
2019-11-24 02:26:27.442 27676 RALLYDEBUG rally_openstack.cleanup.manager [-] Deleting neutron.port object s_rally_bf1ce0e0_nNUybyOe (0464311e-3aa7-4475-9070-a533943e8aa5)
2019-11-24 02:26:27.451 27676 RALLYDEBUG rally_openstack.cleanup.manager [-] Deleting neutron.port object s_rally_bf1ce0e0_3urmVP8N (047c76ed-c706-4d72-a1b8-bfccccd2e535)
2019-11-24 02:26:27.456 27676 RALLYDEBUG rally_openstack.cleanup.manager [-] Deleting neutron.port object s_rally_bf1ce0e0_F9oIPiq0 (05645ed6-4786-4da1-91ef-2ad61f51f0b4)
2019-11-24 02:26:27.470 27676 RALLYDEBUG rally_openstack.cleanup.manager [-] Deleting neutron.port object s_rally_bf1ce0e0_klZqHcpp (06f0eee8-1ab5-4c8d-a05b-1a612d320055)
2019-11-24 02:26:27.482 27676 RALLYDEBUG rally_openstack.cleanup.manager [-] Deleting neutron.port object s_rally_bf1ce0e0_RMFzFhiR (074b2522-b72b-4807-a52b-0649542395c2)
2019-11-24 02:26:27.509 27676 RALLYDEBUG rally_openstack.cleanup.manager [-] Deleting neutron.port object s_rally_bf1ce0e0_uJ2FykIH (07ae1c2f-3b9f-4318-9377-142f4ba714de)
2019-11-24 02:26:27.533 27676 RALLYDEBUG rally_openstack.cleanup.manager [-] Deleting neutron.port object s_rally_bf1ce0e0_1KngF7Be (08158a1a-e9c8-436f-9ca5-023a570b8b03)
2019-11-24 02:26:27.540 27676 RALLYDEBUG rally_openstack.cleanup.manager [-] Deleting neutron.port object s_rally_bf1ce0e0_8Sipcu4g (08356dbe-bf5b-4e42-b5a8-5d2c8c3b580a)
2019-11-24 02:26:27.549 27676 RALLYDEBUG rally_openstack.cleanup.manager [-] Deleting neutron.port object s_rally_bf1ce0e0_rsmKafnp (084da34c-498d-42c5-8214-864be2c94daf)
2019-11-24 02:26:27.553 27676 RALLYDEBUG rally_openstack.cleanup.manager [-] Deleting neutron.port object s_rally_bf1ce0e0_Xu7uEiR0 (08ce2f9d-c784-43cc-96a2-3bb45a6598c0)
2019-11-24 02:26:27.566 27676 RALLYDEBUG rally_openstack.cleanup.manager [-] Deleting neutron.port object s_rally_bf1ce0e0_N4TuRxQQ (091bd74d-d0c2-49a0-be27-87eadb149e36)
2019-11-24 02:26:27.579 27676 RALLYDEBUG rally_openstack.cleanup.manager [-] Deleting neutron.port object s_rally_bf1ce0e0_kLnhh1kF (093257d6-b514-41ef-b223-5c2ff2e7b3b6)
2019-11-24 02:26:27.586 27676 RALLYDEBUG rally_openstack.cleanup.manager [-] Deleting neutron.port object s_rally_bf1ce0e0_Ky8t8mFt (0a0f3a02-6d31-4c7f-a076-34184aa282bf)
2019-11-24 02:26:27.623 27676 RALLYDEBUG rally_openstack.cleanup.manager [-] Deleting neutron.port object s_rally_bf1ce0e0_8FTy3iuQ (0a230e6e-9386-4a42-8f7a-1c690c773e70)
2019-11-24 02:26:27.629 27676 RALLYDEBUG rally_openstack.cleanup.manager [-] Deleting neutron.port object s_rally_bf1ce0e0_vX7nbmDQ (0a44ae69-dd2b-4a54-9a62-a7b5e7503e3d)
2019-11-24 02:26:27.635 27676 RALLYDEBUG rally_openstack.cleanup.manager [-] Deleting neutron.port object s_rally_bf1ce0e0_4ffHkIqa (0aa7980f-9c9b-4246-9d3a-d8036a653a70)
2019-11-24 02:26:27.647 27676 RALLYDEBUG rally_openstack.cleanup.manager [-] Deleting neutron.port object s_rally_bf1ce0e0_yU4RERiu (0b1f822f-e33f-4795-94b4-b00063aa92e5)
2019-11-24 02:26:27.667 27676 RALLYDEBUG rally_openstack.cleanup.manager [-] Deleting neutron.port object s_rally_bf1ce0e0_2ljsDLPQ (0b76021d-5619-4ce6-abb4-a0a75c77ae51)
2019-11-24 02:26:29.575 27676 RALLYDEBUG rally_openstack.cleanup.manager [-] Deleting neutron.port object s_rally_bf1ce0e0_7ehUhbHO (0c25e845-43f2-43a6-b92e-92ffcdc1af68)
2019-11-24 02:26:29.584 27676 RALLYDEBUG rally_openstack.cleanup.manager [-] Deleting neutron.port object s_rally_bf1ce0e0_M2zt3bFr (0c42ac68-fe5f-4d28-9d09-aa852b475410)
2019-11-24 02:26:29.619 27676 RALLYDEBUG rally_openstack.cleanup.manager [-] Deleting neutron.port object s_rally_bf1ce0e0_wJ9TqmcZ (0c6af704-fd33-4e1c-b5e2-9489c9efc66e)
2019-11-24 02:26:29.632 27676 RALLYDEBUG rally_openstack.cleanup.manager [-] Deleting neutron.port object s_rally_bf1ce0e0_qx4bmm6h (0c73cc30-b490-4552-bcd0-00a175709ee3)
2019-11-24 02:26:29.696 27676 RALLYDEBUG rally_openstack.cleanup.manager [-] Deleting neutron.port object s_rally_bf1ce0e0_86EK3cZW (0c77a561-a12c-45ee-86e8-f6bca2e63011)
2019-11-24 02:26:29.704 27676 RALLYDEBUG rally_openstack.cleanup.manager [-] Deleting neutron.port object s_rally_bf1ce0e0_orvMgOlq (0d21cf75-0511-4186-b7be-54bbeeb37122)
2019-11-24 02:26:29.713 27676 RALLYDEBUG rally_openstack.cleanup.manager [-] Deleting neutron.port object s_rally_bf1ce0e0_DTaTtgDR (0d56b3da-792c-49b0-9d83-976f0a8d5d27)
2019-11-24 02:26:29.764 27676 RALLYDEBUG rally_openstack.cleanup.manager [-] Deleting neutron.port object s_rally_bf1ce0e0_sHMQnUaY (0d6c1575-7de4-4ed1-ad45-cf87719acd15)
2019-11-24 02:26:29.839 27676 RALLYDEBUG rally_openstack.cleanup.manager [-] Deleting neutron.port object s_rally_bf1ce0e0_fHeXZRmo (0d73da20-e492-4526-ac79-583be9429188)
2019-11-24 02:26:29.856 27676 RALLYDEBUG rally_openstack.cleanup.manager [-] Deleting neutron.port object s_rally_bf1ce0e0_hvCBRKWv (0e353b7a-e992-432b-a862-8784aca005c9)
2019-11-24 02:26:29.865 27676 RALLYDEBUG rally_openstack.cleanup.manager [-] Deleting neutron.port object s_rally_bf1ce0e0_e5AWBNrT (0f008a04-af80-443f-831f-abc492c2b347)
2019-11-24 02:26:29.893 27676 RALLYDEBUG rally_openstack.cleanup.manager [-] Deleting neutron.port object s_rally_bf1ce0e0_MIEk6HQg (0ffd79ea-f873-4812-92f7-2f8130c9c9df)
2019-11-24 02:26:29.897 27676 RALLYDEBUG rally_openstack.cleanup.manager [-] Deleting neutron.port object s_rally_bf1ce0e0_MyBiZMOY (10121a8b-01f9-4f98-af7a-767e7fc621f7)
2019-11-24 02:26:29.917 27676 RALLYDEBUG rally_openstack.cleanup.manager [-] Deleting neutron.port object s_rally_bf1ce0e0_TnfXalxp (10437648-29cf-41d3-822a-5af47edc0830)
2019-11-24 02:26:29.939 27676 RALLYDEBUG rally_openstack.cleanup.manager [-] Deleting neutron.port object s_rally_bf1ce0e0_uhc8ADl9 (104d791c-a173-4998-a9ae-82799a1c1a9c)
2019-11-24 02:26:30.023 27676 RALLYDEBUG rally_openstack.cleanup.manager [-] Deleting neutron.port object s_rally_bf1ce0e0_ARMGmbsA (10747eff-d267-4c8a-9794-f42dd27fe33f)
2019-11-24 02:26:30.069 27676 RALLYDEBUG rally_openstack.cleanup.manager [-] Deleting neutron.port object s_rally_bf1ce0e0_P5kGOTp8 (10d67623-4f5b-4ff3-8625-a805fcfc107b)
2019-11-24 02:26:30.174 27676 RALLYDEBUG rally_openstack.cleanup.manager [-] Deleting neutron.port object s_rally_bf1ce0e0_0FGqFLQe (10eba08d-9dbd-4820-93de-1e2c0f5c21ef)
2019-11-24 02:26:30.246 27676 RALLYDEBUG rally_openstack.cleanup.manager [-] Deleting neutron.port object s_rally_bf1ce0e0_YT5x8zM6 (11565121-7b51-45bf-96d0-028cdaa4c3a1)
2019-11-24 02:26:30.354 27676 RALLYDEBUG rally_openstack.cleanup.manager [-] Deleting neutron.port object s_rally_bf1ce0e0_thJFGJIB (117dcda7-e9ff-41cf-ad63-ba2b30718c82)
2019-11-24 02:26:31.378 27676 RALLYDEBUG rally_openstack.cleanup.manager [-] Deleting neutron.port object s_rally_bf1ce0e0_Gw2KeEgw (119a9203-82a1-46ad-9fd3-313e7eae1ce1)
2019-11-24 02:26:31.637 27676 RALLYDEBUG rally_openstack.cleanup.manager [-] Deleting neutron.port object s_rally_bf1ce0e0_JqhDJG8C (11b5bae7-fdc1-49b9-ae48-b95461e71c16)
2019-11-24 02:26:31.687 27676 RALLYDEBUG rally_openstack.cleanup.manager [-] Deleting neutron.port object s_rally_bf1ce0e0_crMdSMJS (11d2b5ad-a893-44ba-845e-aa3ef17600d0)
2019-11-24 02:26:31.705 27676 RALLYDEBUG rally_openstack.cleanup.manager [-] Deleting neutron.port object s_rally_bf1ce0e0_xoMoKVOf (11da2c7e-a059-477e-8aa6-859c9c68d91c)
2019-11-24 02:26:31.713 27676 RALLYDEBUG rally_openstack.cleanup.manager [-] Deleting neutron.port object s_rally_bf1ce0e0_7hH7fmFF (12156c3e-b38e-4fb2-93a4-151eda2567d2)
2019-11-24 02:26:31.757 27676 RALLYDEBUG rally_openstack.cleanup.manager [-] Deleting neutron.port object s_rally_bf1ce0e0_xkBbUYkB (128c1bac-33fa-44d1-9512-8c0eef5b7b4f)
2019-11-24 02:26:31.803 27676 RALLYDEBUG rally_openstack.cleanup.manager [-] Deleting neutron.port object s_rally_bf1ce0e0_O0wFuPrX (130f5310-706d-46b6-9294-1213bd8b49be)
2019-11-24 02:26:31.847 27676 RALLYDEBUG rally_openstack.cleanup.manager [-] Deleting neutron.port object s_rally_bf1ce0e0_jXFGvPl9 (15cf79c0-a818-4f78-9738-0da41a19dad1)
2019-11-24 02:26:31.922 27676 RALLYDEBUG rally_openstack.cleanup.manager [-] Deleting neutron.port object s_rally_bf1ce0e0_dADgPVAX (1609c429-4035-4255-b69b-aa834b541e80)
2019-11-24 02:26:31.946 27676 RALLYDEBUG rally_openstack.cleanup.manager [-] Deleting neutron.port object s_rally_bf1ce0e0_Ja0UUog2 (16897912-90b3-40dc-9c60-c8e9150f2949)
2019-11-24 02:26:31.951 27676 RALLYDEBUG rally_openstack.cleanup.manager [-] Deleting neutron.port object s_rally_bf1ce0e0_OobrCVe5 (16dfa5dc-34dd-4f35-8ad4-0589a83a45c8)
2019-11-24 02:26:32.138 27676 RALLYDEBUG rally_openstack.cleanup.manager [-] Deleting neutron.port object s_rally_bf1ce0e0_g0cM5h54 (173af62f-3b06-43cf-a1ce-f3aa53184143)
2019-11-24 02:26:32.188 27676 RALLYDEBUG rally_openstack.cleanup.manager [-] Deleting neutron.port object s_rally_bf1ce0e0_WR0iHVkr (17779ae8-5dc3-4017-a6d7-9828ceb201fa)
2019-11-24 02:26:32.211 27676 RALLYDEBUG rally_openstack.cleanup.manager [-] Deleting neutron.port object s_rally_bf1ce0e0_nDKyzbc9 (17f1819e-646b-434e-8d09-a22caad669f2)
2019-11-24 02:26:32.259 27676 RALLYDEBUG rally_openstack.cleanup.manager [-] Deleting neutron.port object s_rally_bf1ce0e0_Fmp8TE3a (181961bf-2e61-4a2f-adf4-6e977fabcc10)
2019-11-24 02:26:32.284 27676 RALLYDEBUG rally_openstack.cleanup.manager [-] Deleting neutron.port object s_rally_bf1ce0e0_TViAWPYM (18d0bafb-0318-412a-bd53-765abbf67df5)
2019-11-24 02:26:32.292 27676 RALLYDEBUG rally_openstack.cleanup.manager [-] Deleting neutron.port object s_rally_bf1ce0e0_o6zrcR0M (19918ef7-53bd-4c0e-88ea-977a68b3c684)
2019-11-24 02:26:32.339 27676 RALLYDEBUG rally_openstack.cleanup.manager [-] Deleting neutron.port object s_rally_bf1ce0e0_w4xzbNcN (1b3dd6bb-b0a3-4463-a7c4-21105981def7)
2019-11-24 02:26:32.347 27676 RALLYDEBUG rally_openstack.cleanup.manager [-] Deleting neutron.port object s_rally_bf1ce0e0_o7llAKf0 (1b67b234-2fd3-4988-b6eb-52e75f9bb033)
2019-11-24 02:26:32.355 27676 RALLYDEBUG rally_openstack.cleanup.manager [-] Deleting neutron.port object s_rally_bf1ce0e0_wnAEUUav (1b743bc5-851e-42f2-a710-4500d15e8d7a)
2019-11-24 02:26:33.124 27676 RALLYDEBUG rally_openstack.cleanup.manager [-] Deleting neutron.port object s_rally_bf1ce0e0_qOImeZ12 (1cc9c0db-63a8-4b3b-996b-28432a8bdc33)
2019-11-24 02:26:33.629 27676 RALLYDEBUG rally_openstack.cleanup.manager [-] Deleting neutron.port object s_rally_bf1ce0e0_InZQpND8 (1cfb4661-218c-4055-8066-f4f60270463b)
2019-11-24 02:26:33.672 27676 RALLYDEBUG rally_openstack.cleanup.manager [-] Deleting neutron.port object s_rally_bf1ce0e0_1jSz4q7t (1cfdca81-03f6-4012-9628-3df9edaa84c4)
2019-11-24 02:26:33.762 27676 RALLYDEBUG rally_openstack.cleanup.manager [-] Deleting neutron.port object s_rally_bf1ce0e0_gaGk7EgQ (1d7adf12-4c77-4fe6-9c87-6a17a3507b86)
2019-11-24 02:26:33.817 27676 RALLYDEBUG rally_openstack.cleanup.manager [-] Deleting neutron.port object s_rally_bf1ce0e0_86FFNxX3 (1e4f1aa7-6174-4f77-a0e1-8dc2209f89c6)
2019-11-24 02:26:33.848 27676 RALLYDEBUG rally_openstack.cleanup.manager [-] Deleting neutron.port object s_rally_bf1ce0e0_K00xXe4n (1f7cdd9a-2727-4f91-a54e-169c8ef68bfc)
2019-11-24 02:26:33.926 27676 RALLYDEBUG rally_openstack.cleanup.manager [-] Deleting neutron.port object s_rally_bf1ce0e0_eRYWWo9Q (1fa36a7d-ff1b-41fa-aa72-3a35ca64fded)
2019-11-24 02:26:33.943 27676 RALLYDEBUG rally_openstack.cleanup.manager [-] Deleting neutron.port object s_rally_bf1ce0e0_iedOhumJ (2000c173-4ca6-40a6-b167-487eb8b24a28)
2019-11-24 02:26:33.981 27676 RALLYDEBUG rally_openstack.cleanup.manager [-] Deleting neutron.port object s_rally_bf1ce0e0_8x9z6BC8 (201ffc40-2c7f-4e2a-aebc-5a933c2f8fb9)
2019-11-24 02:26:34.056 27676 RALLYDEBUG rally_openstack.cleanup.manager [-] Deleting neutron.port object s_rally_bf1ce0e0_72iophyT (2119c463-83ee-4957-ad65-4a23017bc378)
2019-11-24 02:26:34.147 27676 RALLYDEBUG rally_openstack.cleanup.manager [-] Deleting neutron.port object s_rally_bf1ce0e0_B9ATKq3c (21cc80f8-3e85-4ca2-8ffc-27e75b559fae)
2019-11-24 02:26:34.166 27676 RALLYDEBUG rally_openstack.cleanup.manager [-] Deleting neutron.port object s_rally_bf1ce0e0_sSFaGVPm (221f4845-7a02-43ce-a35c-4ae482c71893)
2019-11-24 02:26:34.177 27676 RALLYDEBUG rally_openstack.cleanup.manager [-] Deleting neutron.port object s_rally_bf1ce0e0_tP1LjhaE (22751655-64d5-40b4-ad8a-8f4e66c91b26)
2019-11-24 02:26:34.188 27676 RALLYDEBUG rally_openstack.cleanup.manager [-] Deleting neutron.port object s_rally_bf1ce0e0_XyskPvRy (22b550b7-8a2e-4c59-857e-7e002e0dddae)
2019-11-24 02:26:34.193 27676 RALLYDEBUG rally_openstack.cleanup.manager [-] Deleting neutron.port object s_rally_bf1ce0e0_xsXR9IUD (22dbe587-ff30-4a4b-a37d-59c8e7a3d2e1)
2019-11-24 02:26:34.232 27676 RALLYDEBUG rally_openstack.cleanup.manager [-] Deleting neutron.port object s_rally_bf1ce0e0_mv40bt5X (2304a610-de1c-4527-a99c-d2c5698fd2a0)
2019-11-24 02:26:34.299 27676 RALLYDEBUG rally_openstack.cleanup.manager [-] Deleting neutron.port object s_rally_bf1ce0e0_dgkTw1Og (233e321d-9be8-4904-b99b-cfdf27f4c737)
2019-11-24 02:26:34.335 27676 RALLYDEBUG rally_openstack.cleanup.manager [-] Deleting neutron.port object s_rally_bf1ce0e0_uHIjMqEa (2423f6a9-84a2-407e-909e-b054488d9bc4)
2019-11-24 02:26:34.466 27676 RALLYDEBUG rally_openstack.cleanup.manager [-] Deleting neutron.port object s_rally_bf1ce0e0_8eMqqVze (24ebf604-576e-4fd2-ac96-77a677912f59)
2019-11-24 02:26:34.503 27676 RALLYDEBUG rally_openstack.cleanup.manager [-] Deleting neutron.port object s_rally_bf1ce0e0_uuSDM6uL (25fcbefa-022f-447f-aa23-edd66285d8db)
2019-11-24 02:26:34.857 27676 RALLYDEBUG rally_openstack.cleanup.manager [-] Deleting neutron.port object s_rally_bf1ce0e0_HPs9kN1B (2639bfc7-1e9d-4e96-ba73-5bfa116009da)
2019-11-24 02:26:35.389 27676 RALLYDEBUG rally_openstack.cleanup.manager [-] Deleting neutron.port object s_rally_bf1ce0e0_0ZdkPJLL (27cd10df-f1ff-4417-a136-6dae76c005d8)
2019-11-24 02:26:35.463 27676 RALLYDEBUG rally_openstack.cleanup.manager [-] Deleting neutron.port object s_rally_bf1ce0e0_pnozWk2q (27f3c392-99b9-4ef4-a6e5-dddbbeb82147)
2019-11-24 02:26:35.576 27676 RALLYDEBUG rally_openstack.cleanup.manager [-] Deleting neutron.port object s_rally_bf1ce0e0_PuJT34Bw (28126ee4-4b20-481d-858f-e1d5c06aaca0)
2019-11-24 02:26:35.606 27676 RALLYDEBUG rally_openstack.cleanup.manager [-] Deleting neutron.port object s_rally_bf1ce0e0_9mG6OM5T (28645165-87b6-44fd-a201-9531175a4b0f)
2019-11-24 02:26:35.806 27676 RALLYDEBUG rally_openstack.cleanup.manager [-] Deleting neutron.port object s_rally_bf1ce0e0_Fz19oDXO (286c42f5-7228-4e57-aebe-1a1d96a51b6e)
2019-11-24 02:26:35.815 27676 RALLYDEBUG rally_openstack.cleanup.manager [-] Deleting neutron.port object s_rally_bf1ce0e0_hen1Tyih (2872c61a-36df-400c-97ce-ff7adf060b3e)
2019-11-24 02:26:35.994 27676 RALLYDEBUG rally_openstack.cleanup.manager [-] Deleting neutron.port object s_rally_bf1ce0e0_heu99bKY (2a2134f6-6fac-446e-aadf-67d0aa39d25d)
2019-11-24 02:26:36.040 27676 RALLYDEBUG rally_openstack.cleanup.manager [-] Deleting neutron.port object s_rally_bf1ce0e0_wq0uzQn4 (2a423407-2515-4183-afe7-a1481f23acaf)
2019-11-24 02:26:36.056 27676 RALLYDEBUG rally_openstack.cleanup.manager [-] Deleting neutron.port object s_rally_bf1ce0e0_YN33hyJR (2aa7c4bd-31fe-402b-a072-eb150524ad0e)
2019-11-24 02:26:36.076 27676 RALLYDEBUG rally_openstack.cleanup.manager [-] Deleting neutron.port object s_rally_bf1ce0e0_e3Ay2pDs (2ae4a61c-5312-4032-921a-21a7cec79db8)
2019-11-24 02:26:36.103 27676 RALLYDEBUG rally_openstack.cleanup.manager [-] Deleting neutron.port object s_rally_bf1ce0e0_hvi4JAJD (2b6b3475-45bd-400c-a476-dfe118fd7375)
2019-11-24 02:26:36.150 27676 RALLYDEBUG rally_openstack.cleanup.manager [-] Deleting neutron.port object s_rally_bf1ce0e0_ZyWioA5F (2bfb053e-ef99-4788-9180-d19a8c72529a)
2019-11-24 02:26:36.154 27676 RALLYDEBUG rally_openstack.cleanup.manager [-] Deleting neutron.port object s_rally_bf1ce0e0_r8Hv0UNi (2c1a37f3-9810-4300-b42e-e3983f0b1be4)
2019-11-24 02:26:36.212 27676 RALLYDEBUG rally_openstack.cleanup.manager [-] Deleting neutron.port object s_rally_bf1ce0e0_qr8iYFOE (2c4f749f-3adc-48a6-bbe9-c4e8e2c4c23b)
2019-11-24 02:26:36.504 27676 RALLYDEBUG rally_openstack.cleanup.manager [-] Deleting neutron.port object s_rally_bf1ce0e0_uajqkceA (2cc5ddbb-e8f2-4e09-8198-33a2b7953044)
2019-11-24 02:26:36.517 27676 RALLYDEBUG rally_openstack.cleanup.manager [-] Deleting neutron.port object s_rally_bf1ce0e0_zgwzGtQz (2d497b74-f0f5-4c90-9b30-d8a2efebde1e)
2019-11-24 02:26:36.551 27676 RALLYDEBUG rally_openstack.cleanup.manager [-] Deleting neutron.port object s_rally_bf1ce0e0_ap4qC2IH (2db2b11f-e9f5-470f-94d4-35c533007207)
2019-11-24 02:26:36.568 27676 RALLYDEBUG rally_openstack.cleanup.manager [-] Deleting neutron.port object s_rally_bf1ce0e0_iwJtiMjO (2e1de698-60a3-4b9f-a443-0065d7c93c80)
