2019-11-24 02:23:30.188 27676 RALLYDEBUG rally_openstack.cleanup.manager [-] Deleting neutron.port object s_rally_9584d7bc_KEPU7xRF (47dd1940-be32-4b4c-98ac-452d48a83fa8)
2019-11-24 02:23:30.856 27676 RALLYDEBUG rally_openstack.cleanup.manager [-] Deleting neutron.port object s_rally_9584d7bc_MDfiRTtB (47f8e4bd-97f6-473a-a29b-8a3a98807450)
2019-11-24 02:23:30.924 27676 RALLYDEBUG rally_openstack.cleanup.manager [-] Deleting neutron.port object s_rally_9584d7bc_8Qttz6xD (4862c433-32a2-4312-83a5-8aef18f7ba24)
2019-11-24 02:23:30.949 27676 RALLYDEBUG rally_openstack.cleanup.manager [-] Deleting neutron.port object s_rally_9584d7bc_R35YLedC (48dd685e-1f56-47ae-a505-626034a49c5b)
2019-11-24 02:23:31.013 27676 RALLYDEBUG rally_openstack.cleanup.manager [-] Deleting neutron.port object s_rally_9584d7bc_esiJc9GV (49b1d2be-5a01-4e07-996b-31f0dafa6684)
2019-11-24 02:23:31.038 27676 RALLYDEBUG rally_openstack.cleanup.manager [-] Deleting neutron.port object s_rally_9584d7bc_PVyX72I1 (49b8e96b-22e4-4d0e-828c-ac517d3e63ed)
2019-11-24 02:23:31.088 27676 RALLYDEBUG rally_openstack.cleanup.manager [-] Deleting neutron.port object s_rally_9584d7bc_6Euw5xLi (4a3be98e-206f-44c2-82be-da0d48c857f0)
2019-11-24 02:23:31.130 27676 RALLYDEBUG rally_openstack.cleanup.manager [-] Deleting neutron.port object s_rally_9584d7bc_ItdnGM3F (4d7aac3f-59e4-4f37-8a2e-daef34f5b09f)
2019-11-24 02:23:31.170 27676 RALLYDEBUG rally_openstack.cleanup.manager [-] Deleting neutron.port object s_rally_9584d7bc_9BMPe11m (4defe665-6772-4bcc-82d7-a56959b3fa4e)
2019-11-24 02:23:31.212 27676 RALLYDEBUG rally_openstack.cleanup.manager [-] Deleting neutron.port object s_rally_9584d7bc_UPMuFQHs (51705d4b-ea18-47a5-8c3e-d96f6f33c770)
2019-11-24 02:23:31.235 27676 RALLYDEBUG rally_openstack.cleanup.manager [-] Deleting neutron.port object s_rally_9584d7bc_JEM7e7qE (524947c1-c91f-4b87-8612-4f16f4abb3ac)
2019-11-24 02:23:31.279 27676 RALLYDEBUG rally_openstack.cleanup.manager [-] Deleting neutron.port object s_rally_9584d7bc_QiQVXIdx (53154e16-3443-45d2-a260-606627951c75)
2019-11-24 02:23:31.387 27676 RALLYDEBUG rally_openstack.cleanup.manager [-] Deleting neutron.port object s_rally_9584d7bc_aWe419ry (557f15eb-12cc-460c-9d76-1d1d78b9c54e)
2019-11-24 02:23:31.411 27676 RALLYDEBUG rally_openstack.cleanup.manager [-] Deleting neutron.port object s_rally_9584d7bc_0UC7BLWw (55c397d4-b3be-4201-ac93-492069551d43)
2019-11-24 02:23:31.536 27676 RALLYDEBUG rally_openstack.cleanup.manager [-] Deleting neutron.port object s_rally_9584d7bc_gYwV352G (58051418-a1cc-476b-8c1b-782b32196408)
2019-11-24 02:23:31.628 27676 RALLYDEBUG rally_openstack.cleanup.manager [-] Deleting neutron.port object s_rally_9584d7bc_Xtcx4PFC (58741c54-7a9a-4989-8483-f3cc4f9c02c7)
2019-11-24 02:23:31.766 27676 RALLYDEBUG rally_openstack.cleanup.manager [-] Deleting neutron.port object s_rally_9584d7bc_N1ScmNoI (59779791-9bde-4f4f-8eef-f76d8b4f8a69)
2019-11-24 02:23:31.851 27676 RALLYDEBUG rally_openstack.cleanup.manager [-] Deleting neutron.port object s_rally_9584d7bc_XDQ49IDB (5a9e0b33-3591-418e-b551-25a9fcbcb6fb)
2019-11-24 02:23:31.909 27676 RALLYDEBUG rally_openstack.cleanup.manager [-] Deleting neutron.port object s_rally_9584d7bc_K5kAPTS4 (5e349f7b-5c5d-43dd-b461-f4b9904fd991)
2019-11-24 02:23:31.948 27676 RALLYDEBUG rally_openstack.cleanup.manager [-] Deleting neutron.port object s_rally_9584d7bc_Yy8wexq2 (5e69f601-0dc9-486b-8e63-d6f448cfe221)
2019-11-24 02:23:32.052 27676 RALLYDEBUG rally_openstack.cleanup.manager [-] Deleting neutron.port object s_rally_9584d7bc_gSsANgg1 (5f4560cd-c3a9-4e9c-aca3-32ea9de7bd0e)
2019-11-24 02:23:32.620 27676 RALLYDEBUG rally_openstack.cleanup.manager [-] Deleting neutron.port object s_rally_9584d7bc_WqFzdT6A (60698e0c-b944-49d0-9f4d-b910967a33e5)
2019-11-24 02:23:32.689 27676 RALLYDEBUG rally_openstack.cleanup.manager [-] Deleting neutron.port object s_rally_9584d7bc_rOVjQx5k (63e97422-978c-448e-847c-fdd05c9e2fee)
2019-11-24 02:23:32.706 27676 RALLYDEBUG rally_openstack.cleanup.manager [-] Deleting neutron.port object s_rally_9584d7bc_hRnhWTOY (641a560d-6e36-4b55-834e-283b2bdcd5c6)
2019-11-24 02:23:32.710 27676 RALLYDEBUG rally_openstack.cleanup.manager [-] Deleting neutron.port object s_rally_9584d7bc_CWd9ogej (649931e5-2bdf-4c49-bcf2-a06a63c95ecf)
2019-11-24 02:23:32.773 27676 RALLYDEBUG rally_openstack.cleanup.manager [-] Deleting neutron.port object s_rally_9584d7bc_T5Rya9lb (649b2650-e4e5-4ab2-85a2-598aba0e69c8)
2019-11-24 02:23:32.832 27676 RALLYDEBUG rally_openstack.cleanup.manager [-] Deleting neutron.port object s_rally_9584d7bc_sVhdWZKG (653a226b-23ea-4443-96cc-4a55e369816c)
2019-11-24 02:23:32.938 27676 RALLYDEBUG rally_openstack.cleanup.manager [-] Deleting neutron.port object s_rally_9584d7bc_99aHp2b6 (6596a1a8-7332-40f7-9e03-9c584dda6415)
2019-11-24 02:23:32.989 27676 RALLYDEBUG rally_openstack.cleanup.manager [-] Deleting neutron.port object s_rally_9584d7bc_r1dNh93f (6656fd7d-22ad-4ef0-90c1-c35531f515f0)
2019-11-24 02:23:32.993 27676 RALLYDEBUG rally_openstack.cleanup.manager [-] Deleting neutron.port object s_rally_9584d7bc_zzboECIr (679a572c-808b-4c8f-ac0b-21d2f79e05b6)
2019-11-24 02:23:33.006 27676 RALLYDEBUG rally_openstack.cleanup.manager [-] Deleting neutron.port object s_rally_9584d7bc_7hTe1rFo (67eefed4-6e98-4a59-9704-5c74fffafa63)
2019-11-24 02:23:33.048 27676 RALLYDEBUG rally_openstack.cleanup.manager [-] Deleting neutron.port object s_rally_9584d7bc_7CyF3Ofv (68a77d3d-133e-46f1-ab02-46a86273ee6a)
2019-11-24 02:23:33.164 27676 RALLYDEBUG rally_openstack.cleanup.manager [-] Deleting neutron.port object s_rally_9584d7bc_FkcW2zU5 (6a267237-77db-450c-b321-132cd4e886ec)
2019-11-24 02:23:33.173 27676 RALLYDEBUG rally_openstack.cleanup.manager [-] Deleting neutron.port object s_rally_9584d7bc_IDcWtE2G (6b1bf8e0-5268-4b3b-a31a-e87ebeb37a6d)
2019-11-24 02:23:33.446 27676 RALLYDEBUG rally_openstack.cleanup.manager [-] Deleting neutron.port object s_rally_9584d7bc_RjdP7wl8 (6cd9f3a0-9c93-4645-a9d7-912f6eddbabb)
2019-11-24 02:23:33.474 27676 RALLYDEBUG rally_openstack.cleanup.manager [-] Deleting neutron.port object s_rally_9584d7bc_GViBRVoC (6e535d9f-bfaf-45da-8231-8dacab5764d2)
2019-11-24 02:23:33.638 27676 RALLYDEBUG rally_openstack.cleanup.manager [-] Deleting neutron.port object s_rally_9584d7bc_wCsSXTvn (6fcd8ef9-88ae-4edf-ba2e-67714e8cb5ff)
2019-11-24 02:23:33.640 27676 RALLYDEBUG rally_openstack.cleanup.manager [-] Deleting neutron.port object s_rally_9584d7bc_e3VcIllI (70781398-4e4a-4793-a184-09a500daac8f)
2019-11-24 02:23:33.738 27676 RALLYDEBUG rally_openstack.cleanup.manager [-] Deleting neutron.port object s_rally_9584d7bc_c3PYex60 (70d53030-bd02-49ed-b256-d441abec70c2)
2019-11-24 02:23:33.743 27676 RALLYDEBUG rally_openstack.cleanup.manager [-] Deleting neutron.port object s_rally_9584d7bc_2HtodW5o (7238c980-b1bc-4bb2-a0f5-f8eea812ba50)
2019-11-24 02:23:34.155 27676 RALLYDEBUG rally_openstack.cleanup.manager [-] Deleting neutron.port object s_rally_9584d7bc_MC79E8ed (7552e1f8-33d0-4978-a3fa-db9983aba927)
2019-11-24 02:23:34.661 27676 RALLYDEBUG rally_openstack.cleanup.manager [-] Deleting neutron.port object s_rally_9584d7bc_iGBGG017 (755ae186-3f16-46b3-bcbd-e190787bb62e)
2019-11-24 02:23:34.670 27676 RALLYDEBUG rally_openstack.cleanup.manager [-] Deleting neutron.port object s_rally_9584d7bc_Tef02xgl (75deae5b-7501-4a89-9847-3fd74f4a9830)
2019-11-24 02:23:34.675 27676 RALLYDEBUG rally_openstack.cleanup.manager [-] Deleting neutron.port object s_rally_9584d7bc_GieSqG2w (769f0ae0-5fe2-4f60-a446-4226299416dc)
2019-11-24 02:23:34.708 27676 RALLYDEBUG rally_openstack.cleanup.manager [-] Deleting neutron.port object s_rally_9584d7bc_VgxL7IkV (7b95ee88-03cd-490b-a523-ec3915c830ff)
2019-11-24 02:23:34.717 27676 RALLYDEBUG rally_openstack.cleanup.manager [-] Deleting neutron.port object s_rally_9584d7bc_15DFEhH0 (7bd6c299-2760-4464-abd1-98d08385918f)
2019-11-24 02:23:34.725 27676 RALLYDEBUG rally_openstack.cleanup.manager [-] Deleting neutron.port object s_rally_9584d7bc_4TCTx2zi (7db789d8-f341-476b-b152-3d78575a6451)
2019-11-24 02:23:34.737 27676 RALLYDEBUG rally_openstack.cleanup.manager [-] Deleting neutron.port object s_rally_9584d7bc_yrgDPyLg (7e387413-81cb-46cf-a5fa-e679a522c2c1)
2019-11-24 02:23:34.797 27676 RALLYDEBUG rally_openstack.cleanup.manager [-] Deleting neutron.port object s_rally_9584d7bc_T2evJbwc (80a34a96-59ad-4454-b281-4ad91d5ce932)
2019-11-24 02:23:34.806 27676 RALLYDEBUG rally_openstack.cleanup.manager [-] Deleting neutron.port object s_rally_9584d7bc_vZUKUNvl (810e0f52-9a31-4f64-8e0f-ad18fe420787)
2019-11-24 02:23:34.818 27676 RALLYDEBUG rally_openstack.cleanup.manager [-] Deleting neutron.port object s_rally_9584d7bc_c64HN3KZ (819a297a-0902-4494-9eef-84b77d3cdaae)
2019-11-24 02:23:35.075 27676 RALLYDEBUG rally_openstack.cleanup.manager [-] Deleting neutron.port object s_rally_9584d7bc_oub4tpLv (82a52d31-857c-4d8c-8f1f-bff31613656d)
2019-11-24 02:23:35.093 27676 RALLYDEBUG rally_openstack.cleanup.manager [-] Deleting neutron.port object s_rally_9584d7bc_i4zkBqVL (84943508-e736-4001-9406-b3d561555793)
2019-11-24 02:23:35.132 27676 RALLYDEBUG rally_openstack.cleanup.manager [-] Deleting neutron.port object s_rally_9584d7bc_MCHhErza (84d6851a-6da9-456e-88ee-786973cd348d)
2019-11-24 02:23:35.385 27676 RALLYDEBUG rally_openstack.cleanup.manager [-] Deleting neutron.port object s_rally_9584d7bc_9eKXzBRa (851bf92d-c61b-4764-8e16-da1c6173a079)
2019-11-24 02:23:35.394 27676 RALLYDEBUG rally_openstack.cleanup.manager [-] Deleting neutron.port object s_rally_9584d7bc_FiqhW6oH (855f5885-24b2-49d1-bfaf-8286a110063b)
2019-11-24 02:23:35.473 27676 RALLYDEBUG rally_openstack.cleanup.manager [-] Deleting neutron.port object s_rally_9584d7bc_7tX03QNz (885ee69c-c8f7-4cba-b52e-be1a7bc55358)
2019-11-24 02:23:35.510 27676 RALLYDEBUG rally_openstack.cleanup.manager [-] Deleting neutron.port object s_rally_9584d7bc_g6Arit0L (8899b4a5-a29f-4d36-95f9-420f1107191f)
2019-11-24 02:23:35.623 27676 RALLYDEBUG rally_openstack.cleanup.manager [-] Deleting neutron.port object s_rally_9584d7bc_yPXtPiTs (8a805b4e-c493-4bf1-99d8-f1ca81db8051)
2019-11-24 02:23:35.720 27676 RALLYDEBUG rally_openstack.cleanup.manager [-] Deleting neutron.port object s_rally_9584d7bc_V4I4V092 (8a88b731-7cb0-4a2e-ad7a-b26e76d07c03)
2019-11-24 02:23:36.105 27676 RALLYDEBUG rally_openstack.cleanup.manager [-] Deleting neutron.port object s_rally_9584d7bc_zePKwFeQ (8ae99105-99b3-4449-a691-0f4912c4096d)
2019-11-24 02:23:36.436 27676 RALLYDEBUG rally_openstack.cleanup.manager [-] Deleting neutron.port object s_rally_9584d7bc_7JVsAADf (8b2ca216-b044-4d54-ad82-0883e671ba9f)
2019-11-24 02:23:36.497 27676 RALLYDEBUG rally_openstack.cleanup.manager [-] Deleting neutron.port object s_rally_9584d7bc_QUePXBmS (8cff71b2-a458-463c-8f40-27cbb2625f04)
2019-11-24 02:23:36.562 27676 RALLYDEBUG rally_openstack.cleanup.manager [-] Deleting neutron.port object s_rally_9584d7bc_pzI10eKe (90dbec4b-28eb-4e7e-b5b9-b3bd5d3b003a)
2019-11-24 02:23:36.572 27676 RALLYDEBUG rally_openstack.cleanup.manager [-] Deleting neutron.port object s_rally_9584d7bc_C0Stlh88 (91fe380b-5bb9-49fd-8e57-f0725fd7eb4f)
2019-11-24 02:23:36.705 27676 RALLYDEBUG rally_openstack.cleanup.manager [-] Deleting neutron.port object s_rally_9584d7bc_2txvFL9M (930f17cf-76d5-4e81-8084-bdabab0a221d)
2019-11-24 02:23:36.714 27676 RALLYDEBUG rally_openstack.cleanup.manager [-] Deleting neutron.port object s_rally_9584d7bc_j4Kw6Eb1 (93bfed3c-9e21-4fd9-b4d9-1daabd127b21)
2019-11-24 02:23:36.835 27676 RALLYDEBUG rally_openstack.cleanup.manager [-] Deleting neutron.port object s_rally_9584d7bc_hJEa0gIA (9474549e-9adf-4c92-a82b-08cb6493b83b)
2019-11-24 02:23:36.844 27676 RALLYDEBUG rally_openstack.cleanup.manager [-] Deleting neutron.port object s_rally_9584d7bc_js46qtVz (98d4657a-0315-4b16-9a7a-01538cfe7056)
2019-11-24 02:23:36.889 27676 RALLYDEBUG rally_openstack.cleanup.manager [-] Deleting neutron.port object s_rally_9584d7bc_lmm1XpjO (9a2fb590-6c2c-4097-b6a2-1ad8a7a25461)
2019-11-24 02:23:36.935 27676 RALLYDEBUG rally_openstack.cleanup.manager [-] Deleting neutron.port object s_rally_9584d7bc_GbqVwCpT (9b4b12dd-1f59-4727-8b7c-c401a3ea04a8)
2019-11-24 02:23:37.182 27676 RALLYDEBUG rally_openstack.cleanup.manager [-] Deleting neutron.port object s_rally_9584d7bc_DlgmDhFm (9b7d83dd-bf0d-4909-93d4-c8af32b23f83)
2019-11-24 02:23:37.210 27676 RALLYDEBUG rally_openstack.cleanup.manager [-] Deleting neutron.port object s_rally_9584d7bc_16NA4BOm (9ba02b57-199c-4feb-823c-c0dd60c749e5)
2019-11-24 02:23:37.229 27676 RALLYDEBUG rally_openstack.cleanup.manager [-] Deleting neutron.port object s_rally_9584d7bc_CHrhXjrg (9e5b423e-cc9f-460e-b14e-d4c5287e8f45)
2019-11-24 02:23:37.244 27676 RALLYDEBUG rally_openstack.cleanup.manager [-] Deleting neutron.port object s_rally_9584d7bc_rZM4Twaz (9eecb8e3-90dc-4e22-a929-9a45420f4012)
2019-11-24 02:23:37.251 27676 RALLYDEBUG rally_openstack.cleanup.manager [-] Deleting neutron.port object s_rally_9584d7bc_tmMfGI8f (9f58a2fa-e9e0-46c7-b354-6879f36982ec)
2019-11-24 02:23:37.263 27676 RALLYDEBUG rally_openstack.cleanup.manager [-] Deleting neutron.port object s_rally_9584d7bc_zT19RG5Y (a08a49b6-c82e-4c64-9405-7f9f064ce40e)
2019-11-24 02:23:37.339 27676 RALLYDEBUG rally_openstack.cleanup.manager [-] Deleting neutron.port object s_rally_9584d7bc_pJdYshwQ (a09c0561-ce95-4a4b-bf40-8fbfb05a5719)
2019-11-24 02:23:37.467 27676 RALLYDEBUG rally_openstack.cleanup.manager [-] Deleting neutron.port object s_rally_9584d7bc_1bAuNNZz (a214bb2a-6065-4860-9000-350adb40367a)
2019-11-24 02:23:37.470 27676 RALLYDEBUG rally_openstack.cleanup.manager [-] Deleting neutron.port object s_rally_9584d7bc_IPts7u8B (a2fb0cd0-3fdc-45a1-a6e9-a1ca1a64dba8)
2019-11-24 02:23:37.837 27676 RALLYDEBUG rally_openstack.cleanup.manager [-] Deleting neutron.port object s_rally_9584d7bc_JDXz8RVB (a3f70e4a-eac4-4142-a19d-47feb29bf30c)
2019-11-24 02:23:38.145 27676 RALLYDEBUG rally_openstack.cleanup.manager [-] Deleting neutron.port object s_rally_9584d7bc_R2TYiLLI (a60a20df-fd7d-41cc-b99c-34306a51a574)
2019-11-24 02:23:38.200 27676 RALLYDEBUG rally_openstack.cleanup.manager [-] Deleting neutron.port object s_rally_9584d7bc_MmONHcE4 (a63d8066-9c56-4ab3-a80e-3d7cfd3fee58)
2019-11-24 02:23:38.361 27676 RALLYDEBUG rally_openstack.cleanup.manager [-] Deleting neutron.port object s_rally_9584d7bc_6t5dDfv7 (a8038fd1-971f-4a92-acec-1b592d574a47)
2019-11-24 02:23:38.454 27676 RALLYDEBUG rally_openstack.cleanup.manager [-] Deleting neutron.port object s_rally_9584d7bc_BKXBPiuc (a87e1405-3ed3-413c-911b-c4653629ae84)
2019-11-24 02:23:38.570 27676 RALLYDEBUG rally_openstack.cleanup.manager [-] Deleting neutron.port object s_rally_9584d7bc_xxsdSkNw (aa147f5e-c99b-4dba-9e78-71519d372573)
2019-11-24 02:23:38.597 27676 RALLYDEBUG rally_openstack.cleanup.manager [-] Deleting neutron.port object s_rally_9584d7bc_LuGIih8C (ac8f690a-4b9e-47fb-98bd-e1a8b687d16f)
2019-11-24 02:23:38.812 27676 RALLYDEBUG rally_openstack.cleanup.manager [-] Deleting neutron.port object s_rally_9584d7bc_sjkacJqP (aeae40dc-e5a3-4a8d-965b-5d316caf701c)
2019-11-24 02:23:38.821 27676 RALLYDEBUG rally_openstack.cleanup.manager [-] Deleting neutron.port object s_rally_9584d7bc_Qjb8YmJM (b01ba2f3-67fe-418e-9a69-4a1013d806c9)
2019-11-24 02:23:38.917 27676 RALLYDEBUG rally_openstack.cleanup.manager [-] Deleting neutron.port object s_rally_9584d7bc_snIuYHci (b599a4e1-4611-4864-a923-54ff6c5812a1)
2019-11-24 02:23:38.954 27676 RALLYDEBUG rally_openstack.cleanup.manager [-] Deleting neutron.port object s_rally_9584d7bc_b0xqoFD1 (b6b71c83-9506-4943-822a-7c352fa97b70)
2019-11-24 02:23:39.005 27676 RALLYDEBUG rally_openstack.cleanup.manager [-] Deleting neutron.port object s_rally_9584d7bc_YS5QawfX (b7edbc7a-ce9d-44a0-8abe-907e083a5f4e)
2019-11-24 02:23:39.084 27676 RALLYDEBUG rally_openstack.cleanup.manager [-] Deleting neutron.port object s_rally_9584d7bc_GJrBcOGc (b8490699-40ac-4585-ac7d-85cfd257d87a)
2019-11-24 02:23:39.094 27676 RALLYDEBUG rally_openstack.cleanup.manager [-] Deleting neutron.port object s_rally_9584d7bc_S9sQvEeT (c2b6e7c6-b500-45e7-ab04-b5b880cea740)
2019-11-24 02:23:39.134 27676 RALLYDEBUG rally_openstack.cleanup.manager [-] Deleting neutron.port object s_rally_9584d7bc_OfMIwzwT (c4a1d7b4-51e6-4cb0-b1c8-4c492cdab1c6)
2019-11-24 02:23:39.179 27676 RALLYDEBUG rally_openstack.cleanup.manager [-] Deleting neutron.port object s_rally_9584d7bc_ihqPUnLd (c52da644-5628-4782-b4d9-eb146158e1b2)
2019-11-24 02:23:39.215 27676 RALLYDEBUG rally_openstack.cleanup.manager [-] Deleting neutron.port object s_rally_9584d7bc_qvsrBCZQ (c6ed9920-1afc-4909-ada5-22a98d9d22b6)
2019-11-24 02:23:39.234 27676 RALLYDEBUG rally_openstack.cleanup.manager [-] Deleting neutron.port object s_rally_9584d7bc_mAiSwIok (c71d61e1-779d-441e-9673-902d62e95d0d)
2019-11-24 02:23:39.411 27676 RALLYDEBUG rally_openstack.cleanup.manager [-] Deleting neutron.port object s_rally_9584d7bc_7Qnb2WuE (c79cfdee-11f5-4a08-b6fb-ea9c851cbd43)
2019-11-24 02:23:39.561 27676 RALLYDEBUG rally_openstack.cleanup.manager [-] Deleting neutron.port object s_rally_9584d7bc_EmpMOOpG (ca32b661-6186-485b-a39e-55f636682186)
2019-11-24 02:23:39.565 27676 RALLYDEBUG rally_openstack.cleanup.manager [-] Deleting neutron.port object s_rally_9584d7bc_nLYMsmXU (ca61997a-8104-4fbb-a29a-72f42b7b22bb)
2019-11-24 02:23:39.866 27676 RALLYDEBUG rally_openstack.cleanup.manager [-] Deleting neutron.port object s_rally_9584d7bc_BYDrBxTM (cc6ac22d-ad38-4274-a792-999f92a17e72)
2019-11-24 02:23:39.881 27676 RALLYDEBUG rally_openstack.cleanup.manager [-] Deleting neutron.port object s_rally_9584d7bc_bhvbFpBi (cd2f953f-5080-4b3d-917c-455f2233d723)
2019-11-24 02:23:40.099 27676 RALLYDEBUG rally_openstack.cleanup.manager [-] Deleting neutron.port object s_rally_9584d7bc_7XUzVZwp (cd82dc8e-a5e3-4a82-b07e-e1fe2169de00)
2019-11-24 02:23:40.155 27676 RALLYDEBUG rally_openstack.cleanup.manager [-] Deleting neutron.port object s_rally_9584d7bc_1WvVCjNZ (cf1d5174-dbe2-461a-9cbc-3f00210ca447)
2019-11-24 02:23:40.248 27676 RALLYDEBUG rally_openstack.cleanup.manager [-] Deleting neutron.port object s_rally_9584d7bc_OSZ93vvi (d53fd842-49ef-45d2-a148-54f99e5e0dfc)
2019-11-24 02:23:40.321 27676 RALLYDEBUG rally_openstack.cleanup.manager [-] Deleting neutron.port object s_rally_9584d7bc_T7nCRliJ (d5534533-6255-42a0-8663-ac15312192ef)
2019-11-24 02:23:40.539 27676 RALLYDEBUG rally_openstack.cleanup.manager [-] Deleting neutron.port object s_rally_9584d7bc_1wB43uRd (d828ab70-0f90-4b50-87f6-6652fffbc641)
2019-11-24 02:23:40.666 27676 RALLYDEBUG rally_openstack.cleanup.manager [-] Deleting neutron.port object s_rally_9584d7bc_EkJNfU0r (d8d74235-b5c6-435a-92e4-0e1e5639ab6f)
2019-11-24 02:23:40.743 27676 RALLYDEBUG rally_openstack.cleanup.manager [-] Deleting neutron.port object s_rally_9584d7bc_Fx3U8MK5 (dcbeb699-66fc-4c95-9937-6debd93a565b)
2019-11-24 02:23:40.878 27676 RALLYDEBUG rally_openstack.cleanup.manager [-] Deleting neutron.port object s_rally_9584d7bc_klpDClQf (de118fea-e13a-49b3-aab4-b5b379e38f01)
2019-11-24 02:23:40.887 27676 RALLYDEBUG rally_openstack.cleanup.manager [-] Deleting neutron.port object s_rally_9584d7bc_pK9U4fbY (dec3afeb-2334-49ba-9e78-79c47bccfd20)
2019-11-24 02:23:40.913 27676 RALLYDEBUG rally_openstack.cleanup.manager [-] Deleting neutron.port object s_rally_9584d7bc_5q3ggIVw (dee01c91-71d1-4e19-ac2e-b3cd456ddba0)
2019-11-24 02:23:40.922 27676 RALLYDEBUG rally_openstack.cleanup.manager [-] Deleting neutron.port object s_rally_9584d7bc_g82rkCDu (df30cadf-5a6a-40ff-b8c4-cfaece71230d)
2019-11-24 02:23:40.929 27676 RALLYDEBUG rally_openstack.cleanup.manager [-] Deleting neutron.port object s_rally_9584d7bc_XvkXkgLb (e0c306e0-abc8-40fc-a58a-8c09e90a5c5e)
2019-11-24 02:23:40.933 27676 RALLYDEBUG rally_openstack.cleanup.manager [-] Deleting neutron.port object s_rally_9584d7bc_mAiI7ZAb (e3497959-d2a0-4617-82aa-c3380f42a346)
2019-11-24 02:23:41.093 27676 RALLYDEBUG rally_openstack.cleanup.manager [-] Deleting neutron.port object s_rally_9584d7bc_N63QShvz (e61e99e1-bf46-48e7-84d2-4df29757ca60)
2019-11-24 02:23:41.187 27676 RALLYDEBUG rally_openstack.cleanup.manager [-] Deleting neutron.port object s_rally_9584d7bc_ewqWVF2i (e7657121-5bfe-4bbb-a7d3-94e2fe5ade54)
2019-11-24 02:23:41.306 27676 RALLYDEBUG rally_openstack.cleanup.manager [-] Deleting neutron.port object s_rally_9584d7bc_VA6nRMSW (e7b8ee50-219d-4c50-9a17-e01e411026cc)
2019-11-24 02:23:41.349 27676 RALLYDEBUG rally_openstack.cleanup.manager [-] Deleting neutron.port object s_rally_9584d7bc_zv8gazCZ (e9c72f85-5829-446f-8079-b12e03d0ad45)
2019-11-24 02:23:41.632 27676 RALLYDEBUG rally_openstack.cleanup.manager [-] Deleting neutron.port object s_rally_9584d7bc_quHrrX5y (ebea7c6b-3973-4c47-8951-d4e319855f3c)
2019-11-24 02:23:41.798 27676 RALLYDEBUG rally_openstack.cleanup.manager [-] Deleting neutron.port object s_rally_9584d7bc_YcHMFjjF (ececeacf-4d4e-4aea-b127-7bc3d8758dc0)
2019-11-24 02:23:41.829 27676 RALLYDEBUG rally_openstack.cleanup.manager [-] Deleting neutron.port object s_rally_9584d7bc_a0emuDnZ (ed907171-a0bd-4bd3-a5c2-8d5f31d3e047)
2019-11-24 02:23:41.907 27676 RALLYDEBUG rally_openstack.cleanup.manager [-] Deleting neutron.port object s_rally_9584d7bc_XR1SGRcE (f10b0666-0606-40c9-b08a-bbb6cefc2870)
2019-11-24 02:23:41.934 27676 RALLYDEBUG rally_openstack.cleanup.manager [-] Deleting neutron.port object s_rally_9584d7bc_cOn9gh54 (f2357048-7b85-4443-8f97-d38d42f65eaf)
2019-11-24 02:23:41.998 27676 RALLYDEBUG rally_openstack.cleanup.manager [-] Deleting neutron.port object s_rally_9584d7bc_l0B6dBWI (f2793fd9-3fbc-482e-98dd-cbdd2016f247)
2019-11-24 02:23:42.285 27676 RALLYDEBUG rally_openstack.cleanup.manager [-] Deleting neutron.port object s_rally_9584d7bc_KkmnNdZ2 (f27d1aae-66af-4664-abd4-65abaa5e66c6)
2019-11-24 02:23:42.288 27676 RALLYDEBUG rally_openstack.cleanup.manager [-] Deleting neutron.port object s_rally_9584d7bc_eMPZLqH7 (f40680bc-b01f-41cc-963f-fbc1e0218545)
2019-11-24 02:23:42.417 27676 RALLYDEBUG rally_openstack.cleanup.manager [-] Deleting neutron.port object s_rally_9584d7bc_OtBIqrH7 (f40814ca-e8c9-44ef-a270-138133620bab)
2019-11-24 02:23:42.498 27676 RALLYDEBUG rally_openstack.cleanup.manager [-] Deleting neutron.port object s_rally_9584d7bc_aSazxh1n (f50a1398-59b6-4f36-a798-46b3e5aa7775)
2019-11-24 02:23:42.661 27676 RALLYDEBUG rally_openstack.cleanup.manager [-] Deleting neutron.port object s_rally_9584d7bc_repuBxiL (f51181a1-b0ab-4254-bef3-6a0adeb7d8fc)
2019-11-24 02:23:42.665 27676 RALLYDEBUG rally_openstack.cleanup.manager [-] Deleting neutron.port object s_rally_9584d7bc_WeJknBbG (f81dd987-1d52-4457-bf2a-d03818c7f1b8)
2019-11-24 02:23:42.728 27676 RALLYDEBUG rally_openstack.cleanup.manager [-] Deleting neutron.port object s_rally_9584d7bc_U0ao4RZI (f8646650-8566-4e6b-a991-03ace08895ab)
2019-11-24 02:23:42.746 27676 RALLYDEBUG rally_openstack.cleanup.manager [-] Deleting neutron.port object s_rally_9584d7bc_Fv917U5i (f8c584c2-68c2-4334-87b2-9397bc7da924)
2019-11-24 02:23:42.770 27676 RALLYDEBUG rally_openstack.cleanup.manager [-] Deleting neutron.port object s_rally_9584d7bc_29xZmKg4 (fa3c4db8-7ce1-4bd8-b620-18106158502a)
2019-11-24 02:23:42.843 27676 RALLYDEBUG rally_openstack.cleanup.manager [-] Deleting neutron.port object s_rally_9584d7bc_j8GlyA3D (fc3e14d1-0d96-4100-9522-7ac026dd2944)
2019-11-24 02:23:42.922 27676 RALLYDEBUG rally_openstack.cleanup.manager [-] Deleting neutron.port object s_rally_9584d7bc_67qcnEgk (fd1124aa-e8cf-4715-8965-4ad715c6e583)
2019-11-24 02:23:42.982 27676 RALLYDEBUG rally_openstack.cleanup.manager [-] Deleting neutron.port object s_rally_9584d7bc_BN26VzA4 (ffaa5f53-0107-4319-8cc5-fb4a36b2084f)
2019-11-24 02:23:44.777 27676 RALLYDEBUG rally_openstack.cleanup.manager [-] Cleaning up neutron subnet objects
2019-11-24 02:23:45.191 27676 RALLYDEBUG rally_openstack.cleanup.manager [-] Cleaning up neutron network objects
2019-11-24 02:23:45.757 27676 RALLYDEBUG rally_openstack.cleanup.manager [-] Deleting neutron.network object s_rally_9584d7bc_fFMgWSFn (00d2b8cc-d6ef-43b7-93e8-4007d8572182)
2019-11-24 02:23:45.766 27676 RALLYDEBUG rally_openstack.cleanup.manager [-] Deleting neutron.network object s_rally_9584d7bc_99vUzmVA (081b8bb6-294b-4d23-8ddd-07028fcae148)
2019-11-24 02:23:45.775 27676 RALLYDEBUG rally_openstack.cleanup.manager [-] Deleting neutron.network object s_rally_9584d7bc_wnTosmPA (0a0319f2-d996-49e0-803b-5d455f5ad656)
2019-11-24 02:23:45.784 27676 RALLYDEBUG rally_openstack.cleanup.manager [-] Deleting neutron.network object s_rally_9584d7bc_1l3VpcVQ (1537051e-13c9-494b-880e-86614d153990)
2019-11-24 02:23:45.793 27676 RALLYDEBUG rally_openstack.cleanup.manager [-] Deleting neutron.network object s_rally_9584d7bc_ujyxTt5a (1a1c0b2a-39fd-48ba-a1fd-3feaced79a9b)
2019-11-24 02:23:45.819 27676 RALLYDEBUG rally_openstack.cleanup.manager [-] Deleting neutron.network object s_rally_9584d7bc_qojQ5M4K (1d6cc7ef-00a6-4ae1-bd35-314501586f49)
2019-11-24 02:23:45.824 27676 RALLYDEBUG rally_openstack.cleanup.manager [-] Deleting neutron.network object s_rally_9584d7bc_ov3dLw00 (20d03eb6-ebf5-4799-8a93-36e332bcf123)
2019-11-24 02:23:45.829 27676 RALLYDEBUG rally_openstack.cleanup.manager [-] Deleting neutron.network object s_rally_9584d7bc_IZZWnV7C (232e5099-725a-4943-a36c-9482099c6ec4)
2019-11-24 02:23:45.853 27676 RALLYDEBUG rally_openstack.cleanup.manager [-] Deleting neutron.network object s_rally_9584d7bc_SmIeNHbQ (25982f15-4838-482b-98ea-68fe04366b06)
2019-11-24 02:23:45.858 27676 RALLYDEBUG rally_openstack.cleanup.manager [-] Deleting neutron.network object s_rally_9584d7bc_h7LiFqaB (2816764d-3765-4570-a011-cd2ec1b22d7d)
2019-11-24 02:23:45.867 27676 RALLYDEBUG rally_openstack.cleanup.manager [-] Deleting neutron.network object s_rally_9584d7bc_cIpLj0R8 (29ee6469-7af7-482b-bfdd-4eec66d4ae09)
2019-11-24 02:23:45.875 27676 RALLYDEBUG rally_openstack.cleanup.manager [-] Deleting neutron.network object s_rally_9584d7bc_s3E9GjHK (2c5c8e40-c013-4f65-9546-6e949ba8a8ea)
2019-11-24 02:23:45.892 27676 RALLYDEBUG rally_openstack.cleanup.manager [-] Deleting neutron.network object s_rally_9584d7bc_DrUXwWJu (2c669156-bbc2-423a-98e1-0da1485900bf)
2019-11-24 02:23:45.897 27676 RALLYDEBUG rally_openstack.cleanup.manager [-] Deleting neutron.network object s_rally_9584d7bc_SVLrHonq (3829edc4-362d-4cff-81ea-17e75f9b3729)
2019-11-24 02:23:45.908 27676 RALLYDEBUG rally_openstack.cleanup.manager [-] Deleting neutron.network object s_rally_9584d7bc_d2giz8nm (3d7dab86-60cc-4bf5-8871-7c59a7c79fad)
2019-11-24 02:23:45.933 27676 RALLYDEBUG rally_openstack.cleanup.manager [-] Deleting neutron.network object s_rally_9584d7bc_KpwwevoL (4a69ab01-1603-4916-aef5-6da52a95b696)
2019-11-24 02:23:45.937 27676 RALLYDEBUG rally_openstack.cleanup.manager [-] Deleting neutron.network object s_rally_9584d7bc_gMqQRHS7 (4d8b0d88-a3dc-4d8c-9618-b9df24f62bb5)
2019-11-24 02:23:45.952 27676 RALLYDEBUG rally_openstack.cleanup.manager [-] Deleting neutron.network object s_rally_9584d7bc_WKt2k2OX (51dbab55-d32c-4692-96a6-e10de8e7f7a5)
2019-11-24 02:23:45.959 27676 RALLYDEBUG rally_openstack.cleanup.manager [-] Deleting neutron.network object s_rally_9584d7bc_nKhpwmNJ (520ae84b-ebf8-4550-a609-9bb471dc836f)
2019-11-24 02:23:45.968 27676 RALLYDEBUG rally_openstack.cleanup.manager [-] Deleting neutron.network object s_rally_9584d7bc_WxRKNP6h (5c558332-8c19-41e5-88f6-e0de63a9db4e)
2019-11-24 02:23:47.787 27676 RALLYDEBUG rally_openstack.cleanup.manager [-] Deleting neutron.network object s_rally_9584d7bc_J8mcR0Fq (5cc58ceb-4e2e-4498-8bfe-3117a0d39510)
2019-11-24 02:23:48.007 27676 RALLYDEBUG rally_openstack.cleanup.manager [-] Deleting neutron.network object s_rally_9584d7bc_KwzBWixK (62cc1eb8-cb3f-40dc-a124-af90bf59cfbc)
2019-11-24 02:23:48.079 27676 RALLYDEBUG rally_openstack.cleanup.manager [-] Deleting neutron.network object s_rally_9584d7bc_q36oQ2ML (63a2571d-20d6-457d-8d70-9ff0171dbef7)
2019-11-24 02:23:48.117 27676 RALLYDEBUG rally_openstack.cleanup.manager [-] Deleting neutron.network object s_rally_9584d7bc_6QbATJ6G (735cced9-9e01-43d3-84dc-6b67d0d53f3a)
2019-11-24 02:23:48.265 27676 RALLYDEBUG rally_openstack.cleanup.manager [-] Deleting neutron.network object s_rally_9584d7bc_yymu3cDY (7a676a76-c217-4970-a390-f88708a816ab)
2019-11-24 02:23:48.273 27676 RALLYDEBUG rally_openstack.cleanup.manager [-] Deleting neutron.network object s_rally_9584d7bc_8vrDZjq3 (906c2983-940b-4906-b453-8b83253d0f75)
2019-11-24 02:23:48.302 27676 RALLYDEBUG rally_openstack.cleanup.manager [-] Deleting neutron.network object s_rally_9584d7bc_7URAB5ly (930ce9de-33dd-4e63-89da-87527a892fce)
2019-11-24 02:23:48.326 27676 RALLYDEBUG rally_openstack.cleanup.manager [-] Deleting neutron.network object s_rally_9584d7bc_sJWMwAoH (975be12c-cf4a-436f-b9b0-f6fdc3c8ac5a)
2019-11-24 02:23:48.351 27676 RALLYDEBUG rally_openstack.cleanup.manager [-] Deleting neutron.network object s_rally_9584d7bc_MOrBkVyd (af33f157-ba93-4d2e-a7c9-a46f7e24f1d6)
2019-11-24 02:23:48.455 27676 RALLYDEBUG rally_openstack.cleanup.manager [-] Deleting neutron.network object s_rally_9584d7bc_j2LnGoXn (b19429c9-1cfc-44f9-a2c8-5e8ea120c097)
2019-11-24 02:23:48.484 27676 RALLYDEBUG rally_openstack.cleanup.manager [-] Deleting neutron.network object s_rally_9584d7bc_nuAmZ0hl (b8c3791e-4ca4-4dea-a964-5264172617c7)
2019-11-24 02:23:48.510 27676 RALLYDEBUG rally_openstack.cleanup.manager [-] Deleting neutron.network object s_rally_9584d7bc_wjSVhVWe (c40e9253-163f-4b85-8b6f-47648ce16604)
2019-11-24 02:23:48.519 27676 RALLYDEBUG rally_openstack.cleanup.manager [-] Deleting neutron.network object s_rally_9584d7bc_4aji9mwx (cb5176fc-9a8a-4f71-aa16-3b3102a34945)
2019-11-24 02:23:48.527 27676 RALLYDEBUG rally_openstack.cleanup.manager [-] Deleting neutron.network object s_rally_9584d7bc_Z7WVtFV4 (cc5c88d8-04ef-49e3-b396-7ce16802e814)
2019-11-24 02:23:48.578 27676 RALLYDEBUG rally_openstack.cleanup.manager [-] Deleting neutron.network object s_rally_9584d7bc_EtTg1LnY (d34c72b1-9e2e-49c8-ab06-e29e604413c0)
2019-11-24 02:23:48.688 27676 RALLYDEBUG rally_openstack.cleanup.manager [-] Deleting neutron.network object s_rally_9584d7bc_0T6KVc35 (d632fb9b-1de3-4461-9d8d-7bb4735279d9)
2019-11-24 02:23:48.752 27676 RALLYDEBUG rally_openstack.cleanup.manager [-] Deleting neutron.network object s_rally_9584d7bc_kE4si1gG (d636b62b-c02c-4916-b3bd-504dc8b3ab04)
2019-11-24 02:23:48.797 27676 RALLYDEBUG rally_openstack.cleanup.manager [-] Deleting neutron.network object s_rally_9584d7bc_cqDcGGgt (d6ba48a0-6a88-4238-b04b-2c2a374a3100)
2019-11-24 02:23:48.839 27676 RALLYDEBUG rally_openstack.cleanup.manager [-] Deleting neutron.network object s_rally_9584d7bc_iR1qrzVo (ea893f60-f5b7-4b5e-a0d1-1946c935dcba)
2019-11-24 02:23:48.847 27676 RALLYDEBUG rally_openstack.cleanup.manager [-] Deleting neutron.network object s_rally_9584d7bc_Jo95WTEW (eebbe29a-3ee1-4dc6-8e90-524ef60d60ca)
2019-11-24 02:23:51.235 27676 RALLYDEBUG rally_openstack.cleanup.manager [-] Cleaning up neutron router objects
2019-11-24 02:23:51.654 27676 RALLYDEBUG rally_openstack.cleanup.manager [-] Cleaning up neutron security_group objects
2019-11-24 02:23:52.076 27676 INFO rally.task.context [-] Task f0aa0a79-4db6-4b1d-b179-ac8fbea90bd6 | Context cleanup@openstack cleanup() finished in 30.62 sec
2019-11-24 02:23:52.077 27676 INFO rally.task.context [-] Task f0aa0a79-4db6-4b1d-b179-ac8fbea90bd6 | Context quotas@openstack cleanup() started
2019-11-24 02:23:52.163 27676 INFO rally.task.context [-] Task f0aa0a79-4db6-4b1d-b179-ac8fbea90bd6 | Context quotas@openstack cleanup() finished in 86.16 msec
2019-11-24 02:23:52.164 27676 INFO rally.task.context [-] Task f0aa0a79-4db6-4b1d-b179-ac8fbea90bd6 | Context users@openstack cleanup() started
2019-11-24 02:23:54.827 27676 INFO rally.task.context [-] Task f0aa0a79-4db6-4b1d-b179-ac8fbea90bd6 | Context users@openstack cleanup() finished in 2.66 sec
2019-11-24 02:23:55.207 27676 INFO rally.task.engine [-] Load duration is: 19.695048
2019-11-24 02:23:55.208 27676 INFO rally.task.engine [-] Full runner duration is: 19.750422
2019-11-24 02:23:55.208 27676 INFO rally.task.engine [-] Full duration is: 55.896036
2019-11-24 02:23:55.486 27676 INFO rally.task.engine [-] Running workload: position = 2 config = { "version": 2, "title": "A cropped version of a bigger task.", "description": "Auto-generated task from a single workload (uuid=4aea1f8c-edf6-4c64-a7cd-9b1809cc2ecc)", "subtasks": [ { "title": "NeutronNetworks.create_and_delete_ports", "description": "Create and delete a port.", "scenario": { "NeutronNetworks.create_and_delete_ports": { "network_create_args": {}, "port_create_args": {}, "ports_per_network": 5 } }, "contexts": { "users": { "tenants": 1, "users_per_tenant": 1 }, "quotas": { "neutron": { "network": -1, "port": -1 } } }, "runner": { "constant": { "times": 40, "concurrency": 20 } }, "hooks": [], "sla": { "failure_rate": { "max": 0 } } } ] }
2019-11-24 02:23:55.508 27676 RALLYDEBUG rally_openstack.contexts.keystone.users [-] Creating 1 tenants using 20 threads
2019-11-24 02:23:56.432 27676 RALLYDEBUG rally_openstack.contexts.keystone.users [-] Creating 1 users using 20 threads
2019-11-24 02:23:57.814 27676 INFO rally.task.context [-] Task f0aa0a79-4db6-4b1d-b179-ac8fbea90bd6 | Context users@openstack setup() finished in 2.31 sec
2019-11-24 02:23:58.277 27676 INFO rally.task.context [-] Task f0aa0a79-4db6-4b1d-b179-ac8fbea90bd6 | Context quotas@openstack setup() finished in 0.46 sec
2019-11-24 02:23:58.278 27676 INFO rally.task.context [-] Task f0aa0a79-4db6-4b1d-b179-ac8fbea90bd6 | Context cleanup@openstack setup() finished in 0.01 msec
2019-11-24 02:23:58.287 27676 RALLYDEBUG rally.task.runner [-] Starting the constant runner (task UUID: f0aa0a79-4db6-4b1d-b179-ac8fbea90bd6). times: 40 concurrency: 20 timeout: 0 max_cpu_used: 16 processes_to_start: 16 concurrency_per_worker: 1 concurrency_overhead: 4
2019-11-24 02:23:58.298 32142 RALLYDEBUG rally.task.runner [-] Starting a worker. times: 40 duration: None concurrency: 2 timeout: 0 cls: method_name: run args: {"network_create_args": {}, "port_create_args": {}, "ports_per_network": 5}
2019-11-24 02:23:58.302 32143 RALLYDEBUG rally.task.runner [-] Starting a worker. times: 40 duration: None concurrency: 2 timeout: 0 cls: method_name: run args: {"network_create_args": {}, "port_create_args": {}, "ports_per_network": 5}
2019-11-24 02:23:58.306 32142 INFO rally.task.runner [-] Task f0aa0a79-4db6-4b1d-b179-ac8fbea90bd6 | ITER: 2 START
2019-11-24 02:23:58.306 32144 RALLYDEBUG rally.task.runner [-] Starting a worker. times: 40 duration: None concurrency: 2 timeout: 0 cls: method_name: run args: {"network_create_args": {}, "port_create_args": {}, "ports_per_network": 5}
2019-11-24 02:23:58.308 32142 WARNING rally_openstack.scenarios.neutron.utils [-] Running this scenario without either the 'network' or 'existing_network' context is deprecated
2019-11-24 02:23:58.309 32147 RALLYDEBUG rally.task.runner [-] Starting a worker. times: 40 duration: None concurrency: 2 timeout: 0 cls: method_name: run args: {"network_create_args": {}, "port_create_args": {}, "ports_per_network": 5}
2019-11-24 02:23:58.311 32143 INFO rally.task.runner [-] Task f0aa0a79-4db6-4b1d-b179-ac8fbea90bd6 | ITER: 3 START
2019-11-24 02:23:58.312 32143 WARNING rally_openstack.scenarios.neutron.utils [-] Running this scenario without either the 'network' or 'existing_network' context is deprecated
2019-11-24 02:23:58.313 32144 INFO rally.task.runner [-] Task f0aa0a79-4db6-4b1d-b179-ac8fbea90bd6 | ITER: 4 START
2019-11-24 02:23:58.314 32151 RALLYDEBUG rally.task.runner [-] Starting a worker. times: 40 duration: None concurrency: 1 timeout: 0 cls: method_name: run args: {"network_create_args": {}, "port_create_args": {}, "ports_per_network": 5}
2019-11-24 02:23:58.314 32144 INFO rally.task.runner [-] Task f0aa0a79-4db6-4b1d-b179-ac8fbea90bd6 | ITER: 7 START
2019-11-24 02:23:58.315 32144 WARNING rally_openstack.scenarios.neutron.utils [-] Running this scenario without either the 'network' or 'existing_network' context is deprecated
2019-11-24 02:23:58.316 32147 INFO rally.task.runner [-] Task f0aa0a79-4db6-4b1d-b179-ac8fbea90bd6 | ITER: 6 START
2019-11-24 02:23:58.318 32155 RALLYDEBUG rally.task.runner [-] Starting a worker. times: 40 duration: None concurrency: 1 timeout: 0 cls: method_name: run args: {"network_create_args": {}, "port_create_args": {}, "ports_per_network": 5}
2019-11-24 02:23:58.314 32143 INFO rally.task.runner [-] Task f0aa0a79-4db6-4b1d-b179-ac8fbea90bd6 | ITER: 5 START
2019-11-24 02:23:58.318 32147 INFO rally.task.runner [-] Task f0aa0a79-4db6-4b1d-b179-ac8fbea90bd6 | ITER: 8 START
2019-11-24 02:23:58.320 32151 INFO rally.task.runner [-] Task f0aa0a79-4db6-4b1d-b179-ac8fbea90bd6 | ITER: 9 START
2019-11-24 02:23:58.320 32147 WARNING rally_openstack.scenarios.neutron.utils [-] Running this scenario without either the 'network' or 'existing_network' context is deprecated
2019-11-24 02:23:58.322 32151 WARNING rally_openstack.scenarios.neutron.utils [-] Running this scenario without either the 'network' or 'existing_network' context is deprecated
2019-11-24 02:23:58.309 32142 INFO rally.task.runner [-] Task f0aa0a79-4db6-4b1d-b179-ac8fbea90bd6 | ITER: 1 START
2019-11-24 02:23:58.323 32142 WARNING rally_openstack.scenarios.neutron.utils [-] Running this scenario without either the 'network' or 'existing_network' context is deprecated
2019-11-24 02:23:58.323 32160 RALLYDEBUG rally.task.runner [-] Starting a worker. times: 40 duration: None concurrency: 1 timeout: 0 cls: method_name: run args: {"network_create_args": {}, "port_create_args": {}, "ports_per_network": 5}
2019-11-24 02:23:58.324 32155 INFO rally.task.runner [-] Task f0aa0a79-4db6-4b1d-b179-ac8fbea90bd6 | ITER: 10 START
2019-11-24 02:23:58.326 32155 WARNING rally_openstack.scenarios.neutron.utils [-] Running this scenario without either the 'network' or 'existing_network' context is deprecated
2019-11-24 02:23:58.326 32143 WARNING rally_openstack.scenarios.neutron.utils [-] Running this scenario without either the 'network' or 'existing_network' context is deprecated
2019-11-24 02:23:58.327 32163 RALLYDEBUG rally.task.runner [-] Starting a worker. times: 40 duration: None concurrency: 1 timeout: 0 cls: method_name: run args: {"network_create_args": {}, "port_create_args": {}, "ports_per_network": 5}
2019-11-24 02:23:58.316 32144 WARNING rally_openstack.scenarios.neutron.utils [-] Running this scenario without either the 'network' or 'existing_network' context is deprecated
2019-11-24 02:23:58.329 32160 INFO rally.task.runner [-] Task f0aa0a79-4db6-4b1d-b179-ac8fbea90bd6 | ITER: 11 START
2019-11-24 02:23:58.331 32160 WARNING rally_openstack.scenarios.neutron.utils [-] Running this scenario without either the 'network' or 'existing_network' context is deprecated
2019-11-24 02:23:58.333 32163 INFO rally.task.runner [-] Task f0aa0a79-4db6-4b1d-b179-ac8fbea90bd6 | ITER: 12 START
2019-11-24 02:23:58.333 32166 RALLYDEBUG rally.task.runner [-] Starting a worker. times: 40 duration: None concurrency: 1 timeout: 0 cls: method_name: run args: {"network_create_args": {}, "port_create_args": {}, "ports_per_network": 5}
2019-11-24 02:23:58.321 32147 WARNING rally_openstack.scenarios.neutron.utils [-] Running this scenario without either the 'network' or 'existing_network' context is deprecated
2019-11-24 02:23:58.335 32163 WARNING rally_openstack.scenarios.neutron.utils [-] Running this scenario without either the 'network' or 'existing_network' context is deprecated
2019-11-24 02:23:58.339 32166 INFO rally.task.runner [-] Task f0aa0a79-4db6-4b1d-b179-ac8fbea90bd6 | ITER: 13 START
2019-11-24 02:23:58.340 32166 WARNING rally_openstack.scenarios.neutron.utils [-] Running this scenario without either the 'network' or 'existing_network' context is deprecated
2019-11-24 02:23:58.340 32171 RALLYDEBUG rally.task.runner [-] Starting a worker. times: 40 duration: None concurrency: 1 timeout: 0 cls: method_name: run args: {"network_create_args": {}, "port_create_args": {}, "ports_per_network": 5}
2019-11-24 02:23:58.345 32171 INFO rally.task.runner [-] Task f0aa0a79-4db6-4b1d-b179-ac8fbea90bd6 | ITER: 14 START
2019-11-24 02:23:58.347 32171 WARNING rally_openstack.scenarios.neutron.utils [-] Running this scenario without either the 'network' or 'existing_network' context is deprecated
2019-11-24 02:23:58.350 32176 RALLYDEBUG rally.task.runner [-] Starting a worker. times: 40 duration: None concurrency: 1 timeout: 0 cls: method_name: run args: {"network_create_args": {}, "port_create_args": {}, "ports_per_network": 5}
2019-11-24 02:23:58.356 32176 INFO rally.task.runner [-] Task f0aa0a79-4db6-4b1d-b179-ac8fbea90bd6 | ITER: 15 START
2019-11-24 02:23:58.358 32176 WARNING rally_openstack.scenarios.neutron.utils [-] Running this scenario without either the 'network' or 'existing_network' context is deprecated
2019-11-24 02:23:58.360 32179 RALLYDEBUG rally.task.runner [-] Starting a worker. times: 40 duration: None concurrency: 1 timeout: 0 cls: method_name: run args: {"network_create_args": {}, "port_create_args": {}, "ports_per_network": 5}
2019-11-24 02:23:58.365 32179 INFO rally.task.runner [-] Task f0aa0a79-4db6-4b1d-b179-ac8fbea90bd6 | ITER: 16 START
2019-11-24 02:23:58.365 32180 RALLYDEBUG rally.task.runner [-] Starting a worker. times: 40 duration: None concurrency: 1 timeout: 0 cls: method_name: run args: {"network_create_args": {}, "port_create_args": {}, "ports_per_network": 5}
2019-11-24 02:23:58.366 32179 WARNING rally_openstack.scenarios.neutron.utils [-] Running this scenario without either the 'network' or 'existing_network' context is deprecated
2019-11-24 02:23:58.368 32183 RALLYDEBUG rally.task.runner [-] Starting a worker. times: 40 duration: None concurrency: 1 timeout: 0 cls: method_name: run args: {"network_create_args": {}, "port_create_args": {}, "ports_per_network": 5}
2019-11-24 02:23:58.369 32180 INFO rally.task.runner [-] Task f0aa0a79-4db6-4b1d-b179-ac8fbea90bd6 | ITER: 17 START
2019-11-24 02:23:58.370 32180 WARNING rally_openstack.scenarios.neutron.utils [-] Running this scenario without either the 'network' or 'existing_network' context is deprecated
2019-11-24 02:23:58.373 32183 INFO rally.task.runner [-] Task f0aa0a79-4db6-4b1d-b179-ac8fbea90bd6 | ITER: 18 START
2019-11-24 02:23:58.372 32184 RALLYDEBUG rally.task.runner [-] Starting a worker. times: 40 duration: None concurrency: 1 timeout: 0 cls: method_name: run args: {"network_create_args": {}, "port_create_args": {}, "ports_per_network": 5}
2019-11-24 02:23:58.374 32183 WARNING rally_openstack.scenarios.neutron.utils [-] Running this scenario without either the 'network' or 'existing_network' context is deprecated
2019-11-24 02:23:58.376 32184 INFO rally.task.runner [-] Task f0aa0a79-4db6-4b1d-b179-ac8fbea90bd6 | ITER: 19 START
2019-11-24 02:23:58.376 32188 RALLYDEBUG rally.task.runner [-] Starting a worker. times: 40 duration: None concurrency: 1 timeout: 0 cls: method_name: run args: {"network_create_args": {}, "port_create_args": {}, "ports_per_network": 5}
2019-11-24 02:23:58.378 32184 WARNING rally_openstack.scenarios.neutron.utils [-] Running this scenario without either the 'network' or 'existing_network' context is deprecated
2019-11-24 02:23:58.380 32188 INFO rally.task.runner [-] Task f0aa0a79-4db6-4b1d-b179-ac8fbea90bd6 | ITER: 20 START
2019-11-24 02:23:58.382 32188 WARNING rally_openstack.scenarios.neutron.utils [-] Running this scenario without either the 'network' or 'existing_network' context is deprecated
2019-11-24 02:24:05.423 32155 INFO rally.task.runner [-] Task f0aa0a79-4db6-4b1d-b179-ac8fbea90bd6 | ITER: 10 END: OK
2019-11-24 02:24:05.426 32155 INFO rally.task.runner [-] Task f0aa0a79-4db6-4b1d-b179-ac8fbea90bd6 | ITER: 21 START
2019-11-24 02:24:05.428 32155 WARNING rally_openstack.scenarios.neutron.utils [-] Running this scenario without either the 'network' or 'existing_network' context is deprecated
2019-11-24 02:24:06.016 32183 INFO rally.task.runner [-] Task f0aa0a79-4db6-4b1d-b179-ac8fbea90bd6 | ITER: 18 END: OK
2019-11-24 02:24:06.020 32183 INFO rally.task.runner [-] Task f0aa0a79-4db6-4b1d-b179-ac8fbea90bd6 | ITER: 22 START
2019-11-24 02:24:06.021 32183 WARNING rally_openstack.scenarios.neutron.utils [-] Running this scenario without either the 'network' or 'existing_network' context is deprecated
2019-11-24 02:24:06.093 32176 INFO rally.task.runner [-] Task f0aa0a79-4db6-4b1d-b179-ac8fbea90bd6 | ITER: 15 END: OK
2019-11-24 02:24:06.097 32176 INFO rally.task.runner [-] Task f0aa0a79-4db6-4b1d-b179-ac8fbea90bd6 | ITER: 23 START
2019-11-24 02:24:06.098 32176 WARNING rally_openstack.scenarios.neutron.utils [-] Running this scenario without either the 'network' or 'existing_network' context is deprecated
2019-11-24 02:24:06.352 32188 INFO rally.task.runner [-] Task f0aa0a79-4db6-4b1d-b179-ac8fbea90bd6 | ITER: 20 END: OK
2019-11-24 02:24:06.356 32188 INFO rally.task.runner [-] Task f0aa0a79-4db6-4b1d-b179-ac8fbea90bd6 | ITER: 24 START
2019-11-24 02:24:06.357 32188 WARNING rally_openstack.scenarios.neutron.utils [-] Running this scenario without either the 'network' or 'existing_network' context is deprecated
2019-11-24 02:24:06.421 32142 INFO rally.task.runner [-] Task f0aa0a79-4db6-4b1d-b179-ac8fbea90bd6 | ITER: 2 END: OK
2019-11-24 02:24:06.425 32142 INFO rally.task.runner [-] Task f0aa0a79-4db6-4b1d-b179-ac8fbea90bd6 | ITER: 25 START
2019-11-24 02:24:06.426 32142 WARNING rally_openstack.scenarios.neutron.utils [-] Running this scenario without either the 'network' or 'existing_network' context is deprecated
2019-11-24 02:24:07.275 32163 INFO rally.task.runner [-] Task f0aa0a79-4db6-4b1d-b179-ac8fbea90bd6 | ITER: 12 END: OK
2019-11-24 02:24:07.279 32163 INFO rally.task.runner [-] Task f0aa0a79-4db6-4b1d-b179-ac8fbea90bd6 | ITER: 26 START
2019-11-24 02:24:07.280 32163 WARNING rally_openstack.scenarios.neutron.utils [-] Running this scenario without either the 'network' or 'existing_network' context is deprecated
2019-11-24 02:24:07.609 32143 INFO rally.task.runner [-] Task f0aa0a79-4db6-4b1d-b179-ac8fbea90bd6 | ITER: 3 END: OK
2019-11-24 02:24:07.613 32143 INFO rally.task.runner [-] Task f0aa0a79-4db6-4b1d-b179-ac8fbea90bd6 | ITER: 27 START
2019-11-24 02:24:07.614 32143 WARNING rally_openstack.scenarios.neutron.utils [-] Running this scenario without either the 'network' or 'existing_network' context is deprecated
2019-11-24 02:24:07.630 32144 INFO rally.task.runner [-] Task f0aa0a79-4db6-4b1d-b179-ac8fbea90bd6 | ITER: 4 END: OK
2019-11-24 02:24:07.633 32144 INFO rally.task.runner [-] Task f0aa0a79-4db6-4b1d-b179-ac8fbea90bd6 | ITER: 28 START
2019-11-24 02:24:07.634 32144 WARNING rally_openstack.scenarios.neutron.utils [-] Running this scenario without either the 'network' or 'existing_network' context is deprecated
2019-11-24 02:24:07.661 32160 INFO rally.task.runner [-] Task f0aa0a79-4db6-4b1d-b179-ac8fbea90bd6 | ITER: 11 END: OK
2019-11-24 02:24:07.666 32160 INFO rally.task.runner [-] Task f0aa0a79-4db6-4b1d-b179-ac8fbea90bd6 | ITER: 29 START
2019-11-24 02:24:07.667 32160 WARNING rally_openstack.scenarios.neutron.utils [-] Running this scenario without either the 'network' or 'existing_network' context is deprecated
2019-11-24 02:24:08.008 32147 INFO rally.task.runner [-] Task f0aa0a79-4db6-4b1d-b179-ac8fbea90bd6 | ITER: 8 END: OK
2019-11-24 02:24:08.011 32147 INFO rally.task.runner [-] Task f0aa0a79-4db6-4b1d-b179-ac8fbea90bd6 | ITER: 30 START
2019-11-24 02:24:08.013 32147 WARNING rally_openstack.scenarios.neutron.utils [-] Running this scenario without either the 'network' or 'existing_network' context is deprecated
2019-11-24 02:24:08.752 32179 INFO rally.task.runner [-] Task f0aa0a79-4db6-4b1d-b179-ac8fbea90bd6 | ITER: 16 END: OK
2019-11-24 02:24:08.756 32179 INFO rally.task.runner [-] Task f0aa0a79-4db6-4b1d-b179-ac8fbea90bd6 | ITER: 31 START
2019-11-24 02:24:08.757 32179 WARNING rally_openstack.scenarios.neutron.utils [-] Running this scenario without either the 'network' or 'existing_network' context is deprecated
2019-11-24 02:24:09.131 32142 INFO rally.task.runner [-] Task f0aa0a79-4db6-4b1d-b179-ac8fbea90bd6 | ITER: 1 END: OK
2019-11-24 02:24:09.134 32142 INFO rally.task.runner [-] Task f0aa0a79-4db6-4b1d-b179-ac8fbea90bd6 | ITER: 32 START
2019-11-24 02:24:09.135 32142 WARNING rally_openstack.scenarios.neutron.utils [-] Running this scenario without either the 'network' or 'existing_network' context is deprecated
2019-11-24 02:24:09.468 32143 INFO rally.task.runner [-] Task f0aa0a79-4db6-4b1d-b179-ac8fbea90bd6 | ITER: 5 END: OK
2019-11-24 02:24:09.470 32143 INFO rally.task.runner [-] Task f0aa0a79-4db6-4b1d-b179-ac8fbea90bd6 | ITER: 33 START
2019-11-24 02:24:09.471 32143 WARNING rally_openstack.scenarios.neutron.utils [-] Running this scenario without either the 'network' or 'existing_network' context is deprecated
2019-11-24 02:24:09.537 32171 INFO rally.task.runner [-] Task f0aa0a79-4db6-4b1d-b179-ac8fbea90bd6 | ITER: 14 END: OK
2019-11-24 02:24:09.541 32171 INFO rally.task.runner [-] Task f0aa0a79-4db6-4b1d-b179-ac8fbea90bd6 | ITER: 34 START
2019-11-24 02:24:09.542 32171 WARNING rally_openstack.scenarios.neutron.utils [-] Running this scenario without either the 'network' or 'existing_network' context is deprecated
2019-11-24 02:24:09.644 32151 INFO rally.task.runner [-] Task f0aa0a79-4db6-4b1d-b179-ac8fbea90bd6 | ITER: 9 END: OK
2019-11-24 02:24:09.647 32151 INFO rally.task.runner [-] Task f0aa0a79-4db6-4b1d-b179-ac8fbea90bd6 | ITER: 35 START
2019-11-24 02:24:09.648 32151 WARNING rally_openstack.scenarios.neutron.utils [-] Running this scenario without either the 'network' or 'existing_network' context is deprecated
2019-11-24 02:24:09.868 32147 INFO rally.task.runner [-] Task f0aa0a79-4db6-4b1d-b179-ac8fbea90bd6 | ITER: 6 END: OK
2019-11-24 02:24:09.871 32147 INFO rally.task.runner [-] Task f0aa0a79-4db6-4b1d-b179-ac8fbea90bd6 | ITER: 36 START
2019-11-24 02:24:09.872 32147 WARNING rally_openstack.scenarios.neutron.utils [-] Running this scenario without either the 'network' or 'existing_network' context is deprecated
