2019-11-24 02:15:17.637 29875 WARNING rally_openstack.scenarios.neutron.utils [-] Running this scenario without either the 'network' or 'existing_network' context is deprecated
2019-11-24 02:15:17.638 29879 WARNING rally_openstack.scenarios.neutron.utils [-] Running this scenario without either the 'network' or 'existing_network' context is deprecated
2019-11-24 02:15:17.639 29870 WARNING rally_openstack.scenarios.neutron.utils [-] Running this scenario without either the 'network' or 'existing_network' context is deprecated
2019-11-24 02:15:17.630 29871 WARNING rally_openstack.scenarios.neutron.utils [-] Running this scenario without either the 'network' or 'existing_network' context is deprecated
2019-11-24 02:15:17.640 29888 RALLYDEBUG rally.task.runner [-] Starting a worker. times: 40 duration: None concurrency: 1 timeout: 0 cls: method_name: run args: {"network_create_args": {}, "subnet_create_args": {}, "subnet_cidr_start": "1.1.0.0/30", "subnets_per_network": 2}
2019-11-24 02:15:17.643 29892 RALLYDEBUG rally.task.runner [-] Starting a worker. times: 40 duration: None concurrency: 1 timeout: 0 cls: method_name: run args: {"network_create_args": {}, "subnet_create_args": {}, "subnet_cidr_start": "1.1.0.0/30", "subnets_per_network": 2}
2019-11-24 02:15:17.638 29875 WARNING rally_openstack.scenarios.neutron.utils [-] Running this scenario without either the 'network' or 'existing_network' context is deprecated
2019-11-24 02:15:17.644 29884 INFO rally.task.runner [-] Task f0aa0a79-4db6-4b1d-b179-ac8fbea90bd6 | ITER: 10 START
2019-11-24 02:15:17.644 29872 INFO rally.task.runner [-] Task f0aa0a79-4db6-4b1d-b179-ac8fbea90bd6 | ITER: 6 START
2019-11-24 02:15:17.645 29872 WARNING rally_openstack.scenarios.neutron.utils [-] Running this scenario without either the 'network' or 'existing_network' context is deprecated
2019-11-24 02:15:17.646 29884 WARNING rally_openstack.scenarios.neutron.utils [-] Running this scenario without either the 'network' or 'existing_network' context is deprecated
2019-11-24 02:15:17.647 29888 INFO rally.task.runner [-] Task f0aa0a79-4db6-4b1d-b179-ac8fbea90bd6 | ITER: 11 START
2019-11-24 02:15:17.649 29888 WARNING rally_openstack.scenarios.neutron.utils [-] Running this scenario without either the 'network' or 'existing_network' context is deprecated
2019-11-24 02:15:17.649 29892 INFO rally.task.runner [-] Task f0aa0a79-4db6-4b1d-b179-ac8fbea90bd6 | ITER: 12 START
2019-11-24 02:15:17.650 29894 RALLYDEBUG rally.task.runner [-] Starting a worker. times: 40 duration: None concurrency: 1 timeout: 0 cls: method_name: run args: {"network_create_args": {}, "subnet_create_args": {}, "subnet_cidr_start": "1.1.0.0/30", "subnets_per_network": 2}
2019-11-24 02:15:17.651 29892 WARNING rally_openstack.scenarios.neutron.utils [-] Running this scenario without either the 'network' or 'existing_network' context is deprecated
2019-11-24 02:15:17.654 29898 RALLYDEBUG rally.task.runner [-] Starting a worker. times: 40 duration: None concurrency: 1 timeout: 0 cls: method_name: run args: {"network_create_args": {}, "subnet_create_args": {}, "subnet_cidr_start": "1.1.0.0/30", "subnets_per_network": 2}
2019-11-24 02:15:17.655 29894 INFO rally.task.runner [-] Task f0aa0a79-4db6-4b1d-b179-ac8fbea90bd6 | ITER: 13 START
2019-11-24 02:15:17.657 29894 WARNING rally_openstack.scenarios.neutron.utils [-] Running this scenario without either the 'network' or 'existing_network' context is deprecated
2019-11-24 02:15:17.660 29898 INFO rally.task.runner [-] Task f0aa0a79-4db6-4b1d-b179-ac8fbea90bd6 | ITER: 14 START
2019-11-24 02:15:17.662 29898 WARNING rally_openstack.scenarios.neutron.utils [-] Running this scenario without either the 'network' or 'existing_network' context is deprecated
2019-11-24 02:15:17.666 29904 RALLYDEBUG rally.task.runner [-] Starting a worker. times: 40 duration: None concurrency: 1 timeout: 0 cls: method_name: run args: {"network_create_args": {}, "subnet_create_args": {}, "subnet_cidr_start": "1.1.0.0/30", "subnets_per_network": 2}
2019-11-24 02:15:17.672 29904 INFO rally.task.runner [-] Task f0aa0a79-4db6-4b1d-b179-ac8fbea90bd6 | ITER: 15 START
2019-11-24 02:15:17.672 29905 RALLYDEBUG rally.task.runner [-] Starting a worker. times: 40 duration: None concurrency: 1 timeout: 0 cls: method_name: run args: {"network_create_args": {}, "subnet_create_args": {}, "subnet_cidr_start": "1.1.0.0/30", "subnets_per_network": 2}
2019-11-24 02:15:17.674 29904 WARNING rally_openstack.scenarios.neutron.utils [-] Running this scenario without either the 'network' or 'existing_network' context is deprecated
2019-11-24 02:15:17.677 29905 INFO rally.task.runner [-] Task f0aa0a79-4db6-4b1d-b179-ac8fbea90bd6 | ITER: 16 START
2019-11-24 02:15:17.677 29908 RALLYDEBUG rally.task.runner [-] Starting a worker. times: 40 duration: None concurrency: 1 timeout: 0 cls: method_name: run args: {"network_create_args": {}, "subnet_create_args": {}, "subnet_cidr_start": "1.1.0.0/30", "subnets_per_network": 2}
2019-11-24 02:15:17.679 29905 WARNING rally_openstack.scenarios.neutron.utils [-] Running this scenario without either the 'network' or 'existing_network' context is deprecated
2019-11-24 02:15:17.681 29908 INFO rally.task.runner [-] Task f0aa0a79-4db6-4b1d-b179-ac8fbea90bd6 | ITER: 17 START
2019-11-24 02:15:17.682 29911 RALLYDEBUG rally.task.runner [-] Starting a worker. times: 40 duration: None concurrency: 1 timeout: 0 cls: method_name: run args: {"network_create_args": {}, "subnet_create_args": {}, "subnet_cidr_start": "1.1.0.0/30", "subnets_per_network": 2}
2019-11-24 02:15:17.683 29908 WARNING rally_openstack.scenarios.neutron.utils [-] Running this scenario without either the 'network' or 'existing_network' context is deprecated
2019-11-24 02:15:17.686 29911 INFO rally.task.runner [-] Task f0aa0a79-4db6-4b1d-b179-ac8fbea90bd6 | ITER: 18 START
2019-11-24 02:15:17.686 29914 RALLYDEBUG rally.task.runner [-] Starting a worker. times: 40 duration: None concurrency: 1 timeout: 0 cls: method_name: run args: {"network_create_args": {}, "subnet_create_args": {}, "subnet_cidr_start": "1.1.0.0/30", "subnets_per_network": 2}
2019-11-24 02:15:17.688 29911 WARNING rally_openstack.scenarios.neutron.utils [-] Running this scenario without either the 'network' or 'existing_network' context is deprecated
2019-11-24 02:15:17.690 29914 INFO rally.task.runner [-] Task f0aa0a79-4db6-4b1d-b179-ac8fbea90bd6 | ITER: 19 START
2019-11-24 02:15:17.690 29917 RALLYDEBUG rally.task.runner [-] Starting a worker. times: 40 duration: None concurrency: 1 timeout: 0 cls: method_name: run args: {"network_create_args": {}, "subnet_create_args": {}, "subnet_cidr_start": "1.1.0.0/30", "subnets_per_network": 2}
2019-11-24 02:15:17.691 29914 WARNING rally_openstack.scenarios.neutron.utils [-] Running this scenario without either the 'network' or 'existing_network' context is deprecated
2019-11-24 02:15:17.694 29917 INFO rally.task.runner [-] Task f0aa0a79-4db6-4b1d-b179-ac8fbea90bd6 | ITER: 20 START
2019-11-24 02:15:17.695 29917 WARNING rally_openstack.scenarios.neutron.utils [-] Running this scenario without either the 'network' or 'existing_network' context is deprecated
2019-11-24 02:15:18.316 29870 RALLYDEBUG rally_openstack.wrappers.network [-] CIDR generated: 1.1.4.96/30
2019-11-24 02:15:18.361 29888 RALLYDEBUG rally_openstack.wrappers.network [-] CIDR generated: 1.1.4.100/30
2019-11-24 02:15:18.363 29875 RALLYDEBUG rally_openstack.wrappers.network [-] CIDR generated: 1.1.4.104/30
2019-11-24 02:15:18.392 29884 RALLYDEBUG rally_openstack.wrappers.network [-] CIDR generated: 1.1.4.108/30
2019-11-24 02:15:18.411 29871 RALLYDEBUG rally_openstack.wrappers.network [-] CIDR generated: 1.1.4.112/30
2019-11-24 02:15:18.458 29914 RALLYDEBUG rally_openstack.wrappers.network [-] CIDR generated: 1.1.4.116/30
2019-11-24 02:15:18.531 29872 RALLYDEBUG rally_openstack.wrappers.network [-] CIDR generated: 1.1.4.120/30
2019-11-24 02:15:18.609 29894 RALLYDEBUG rally_openstack.wrappers.network [-] CIDR generated: 1.1.4.124/30
2019-11-24 02:15:18.652 29911 RALLYDEBUG rally_openstack.wrappers.network [-] CIDR generated: 1.1.4.128/30
2019-11-24 02:15:18.757 29904 RALLYDEBUG rally_openstack.wrappers.network [-] CIDR generated: 1.1.4.132/30
2019-11-24 02:15:18.813 29905 RALLYDEBUG rally_openstack.wrappers.network [-] CIDR generated: 1.1.4.136/30
2019-11-24 02:15:18.855 29917 RALLYDEBUG rally_openstack.wrappers.network [-] CIDR generated: 1.1.4.140/30
2019-11-24 02:15:18.883 29892 RALLYDEBUG rally_openstack.wrappers.network [-] CIDR generated: 1.1.4.144/30
2019-11-24 02:15:18.908 29898 RALLYDEBUG rally_openstack.wrappers.network [-] CIDR generated: 1.1.4.148/30
2019-11-24 02:15:18.970 29870 RALLYDEBUG rally_openstack.wrappers.network [-] CIDR generated: 1.1.4.152/30
2019-11-24 02:15:19.074 29908 RALLYDEBUG rally_openstack.wrappers.network [-] CIDR generated: 1.1.4.156/30
2019-11-24 02:15:19.098 29871 RALLYDEBUG rally_openstack.wrappers.network [-] CIDR generated: 1.1.4.160/30
2019-11-24 02:15:19.118 29875 RALLYDEBUG rally_openstack.wrappers.network [-] CIDR generated: 1.1.4.164/30
2019-11-24 02:15:19.160 29875 RALLYDEBUG rally_openstack.wrappers.network [-] CIDR generated: 1.1.4.168/30
2019-11-24 02:15:19.339 29872 RALLYDEBUG rally_openstack.wrappers.network [-] CIDR generated: 1.1.4.172/30
2019-11-24 02:15:19.340 29879 RALLYDEBUG rally_openstack.wrappers.network [-] CIDR generated: 1.1.4.176/30
2019-11-24 02:15:19.419 29870 RALLYDEBUG rally_openstack.wrappers.network [-] CIDR generated: 1.1.4.180/30
2019-11-24 02:15:19.505 29871 RALLYDEBUG rally_openstack.wrappers.network [-] CIDR generated: 1.1.4.184/30
2019-11-24 02:15:19.724 29884 RALLYDEBUG rally_openstack.wrappers.network [-] CIDR generated: 1.1.4.188/30
2019-11-24 02:15:19.760 29872 RALLYDEBUG rally_openstack.wrappers.network [-] CIDR generated: 1.1.4.192/30
2019-11-24 02:15:19.773 29888 RALLYDEBUG rally_openstack.wrappers.network [-] CIDR generated: 1.1.4.196/30
2019-11-24 02:15:19.902 29905 RALLYDEBUG rally_openstack.wrappers.network [-] CIDR generated: 1.1.4.200/30
2019-11-24 02:15:19.942 29871 RALLYDEBUG rally_openstack.wrappers.network [-] CIDR generated: 1.1.4.204/30
2019-11-24 02:15:20.190 29898 RALLYDEBUG rally_openstack.wrappers.network [-] CIDR generated: 1.1.4.208/30
2019-11-24 02:15:20.378 29914 RALLYDEBUG rally_openstack.wrappers.network [-] CIDR generated: 1.1.4.212/30
2019-11-24 02:15:20.923 29917 RALLYDEBUG rally_openstack.wrappers.network [-] CIDR generated: 1.1.4.216/30
2019-11-24 02:15:20.933 29872 RALLYDEBUG rally_openstack.wrappers.network [-] CIDR generated: 1.1.4.220/30
2019-11-24 02:15:20.955 29894 RALLYDEBUG rally_openstack.wrappers.network [-] CIDR generated: 1.1.4.224/30
2019-11-24 02:15:20.972 29870 RALLYDEBUG rally_openstack.wrappers.network [-] CIDR generated: 1.1.4.228/30
2019-11-24 02:15:20.986 29911 RALLYDEBUG rally_openstack.wrappers.network [-] CIDR generated: 1.1.4.232/30
2019-11-24 02:15:21.168 29904 RALLYDEBUG rally_openstack.wrappers.network [-] CIDR generated: 1.1.4.236/30
2019-11-24 02:15:21.203 29892 RALLYDEBUG rally_openstack.wrappers.network [-] CIDR generated: 1.1.4.240/30
2019-11-24 02:15:21.301 29875 RALLYDEBUG rally_openstack.wrappers.network [-] CIDR generated: 1.1.4.244/30
2019-11-24 02:15:21.664 29898 INFO rally.task.runner [-] Task f0aa0a79-4db6-4b1d-b179-ac8fbea90bd6 | ITER: 14 END: OK
2019-11-24 02:15:21.668 29898 INFO rally.task.runner [-] Task f0aa0a79-4db6-4b1d-b179-ac8fbea90bd6 | ITER: 21 START
2019-11-24 02:15:21.668 29898 WARNING rally_openstack.scenarios.neutron.utils [-] Running this scenario without either the 'network' or 'existing_network' context is deprecated
2019-11-24 02:15:21.672 29908 RALLYDEBUG rally_openstack.wrappers.network [-] CIDR generated: 1.1.4.248/30
2019-11-24 02:15:22.136 29898 RALLYDEBUG rally_openstack.wrappers.network [-] CIDR generated: 1.1.4.252/30
2019-11-24 02:15:22.718 29879 RALLYDEBUG rally_openstack.wrappers.network [-] CIDR generated: 1.1.5.0/30
2019-11-24 02:15:23.413 29898 RALLYDEBUG rally_openstack.wrappers.network [-] CIDR generated: 1.1.5.4/30
2019-11-24 02:15:23.830 29894 INFO rally.task.runner [-] Task f0aa0a79-4db6-4b1d-b179-ac8fbea90bd6 | ITER: 13 END: OK
2019-11-24 02:15:23.835 29894 INFO rally.task.runner [-] Task f0aa0a79-4db6-4b1d-b179-ac8fbea90bd6 | ITER: 22 START
2019-11-24 02:15:23.835 29894 WARNING rally_openstack.scenarios.neutron.utils [-] Running this scenario without either the 'network' or 'existing_network' context is deprecated
2019-11-24 02:15:24.126 29872 INFO rally.task.runner [-] Task f0aa0a79-4db6-4b1d-b179-ac8fbea90bd6 | ITER: 4 END: OK
2019-11-24 02:15:24.130 29872 INFO rally.task.runner [-] Task f0aa0a79-4db6-4b1d-b179-ac8fbea90bd6 | ITER: 23 START
2019-11-24 02:15:24.131 29872 WARNING rally_openstack.scenarios.neutron.utils [-] Running this scenario without either the 'network' or 'existing_network' context is deprecated
2019-11-24 02:15:24.166 29905 INFO rally.task.runner [-] Task f0aa0a79-4db6-4b1d-b179-ac8fbea90bd6 | ITER: 16 END: OK
2019-11-24 02:15:24.170 29905 INFO rally.task.runner [-] Task f0aa0a79-4db6-4b1d-b179-ac8fbea90bd6 | ITER: 24 START
2019-11-24 02:15:24.171 29905 WARNING rally_openstack.scenarios.neutron.utils [-] Running this scenario without either the 'network' or 'existing_network' context is deprecated
2019-11-24 02:15:24.270 29914 INFO rally.task.runner [-] Task f0aa0a79-4db6-4b1d-b179-ac8fbea90bd6 | ITER: 19 END: OK
2019-11-24 02:15:24.274 29914 INFO rally.task.runner [-] Task f0aa0a79-4db6-4b1d-b179-ac8fbea90bd6 | ITER: 25 START
2019-11-24 02:15:24.275 29914 WARNING rally_openstack.scenarios.neutron.utils [-] Running this scenario without either the 'network' or 'existing_network' context is deprecated
2019-11-24 02:15:24.376 29894 RALLYDEBUG rally_openstack.wrappers.network [-] CIDR generated: 1.1.5.8/30
2019-11-24 02:15:24.824 29872 RALLYDEBUG rally_openstack.wrappers.network [-] CIDR generated: 1.1.5.12/30
2019-11-24 02:15:24.835 29905 RALLYDEBUG rally_openstack.wrappers.network [-] CIDR generated: 1.1.5.16/30
2019-11-24 02:15:25.097 29875 INFO rally.task.runner [-] Task f0aa0a79-4db6-4b1d-b179-ac8fbea90bd6 | ITER: 8 END: OK
2019-11-24 02:15:25.101 29875 INFO rally.task.runner [-] Task f0aa0a79-4db6-4b1d-b179-ac8fbea90bd6 | ITER: 26 START
2019-11-24 02:15:25.102 29875 WARNING rally_openstack.scenarios.neutron.utils [-] Running this scenario without either the 'network' or 'existing_network' context is deprecated
2019-11-24 02:15:25.124 29904 INFO rally.task.runner [-] Task f0aa0a79-4db6-4b1d-b179-ac8fbea90bd6 | ITER: 15 END: OK
2019-11-24 02:15:25.128 29904 INFO rally.task.runner [-] Task f0aa0a79-4db6-4b1d-b179-ac8fbea90bd6 | ITER: 27 START
2019-11-24 02:15:25.129 29904 WARNING rally_openstack.scenarios.neutron.utils [-] Running this scenario without either the 'network' or 'existing_network' context is deprecated
2019-11-24 02:15:25.213 29914 RALLYDEBUG rally_openstack.wrappers.network [-] CIDR generated: 1.1.5.20/30
2019-11-24 02:15:25.285 29908 INFO rally.task.runner [-] Task f0aa0a79-4db6-4b1d-b179-ac8fbea90bd6 | ITER: 17 END: OK
2019-11-24 02:15:25.285 29872 INFO rally.task.runner [-] Task f0aa0a79-4db6-4b1d-b179-ac8fbea90bd6 | ITER: 6 END: OK
2019-11-24 02:15:25.288 29872 INFO rally.task.runner [-] Task f0aa0a79-4db6-4b1d-b179-ac8fbea90bd6 | ITER: 29 START
2019-11-24 02:15:25.288 29908 INFO rally.task.runner [-] Task f0aa0a79-4db6-4b1d-b179-ac8fbea90bd6 | ITER: 28 START
2019-11-24 02:15:25.289 29872 WARNING rally_openstack.scenarios.neutron.utils [-] Running this scenario without either the 'network' or 'existing_network' context is deprecated
2019-11-24 02:15:25.289 29908 WARNING rally_openstack.scenarios.neutron.utils [-] Running this scenario without either the 'network' or 'existing_network' context is deprecated
2019-11-24 02:15:25.388 29888 INFO rally.task.runner [-] Task f0aa0a79-4db6-4b1d-b179-ac8fbea90bd6 | ITER: 11 END: OK
2019-11-24 02:15:25.393 29888 INFO rally.task.runner [-] Task f0aa0a79-4db6-4b1d-b179-ac8fbea90bd6 | ITER: 30 START
2019-11-24 02:15:25.393 29888 WARNING rally_openstack.scenarios.neutron.utils [-] Running this scenario without either the 'network' or 'existing_network' context is deprecated
2019-11-24 02:15:25.744 29875 INFO rally.task.runner [-] Task f0aa0a79-4db6-4b1d-b179-ac8fbea90bd6 | ITER: 7 END: OK
2019-11-24 02:15:25.747 29875 INFO rally.task.runner [-] Task f0aa0a79-4db6-4b1d-b179-ac8fbea90bd6 | ITER: 31 START
2019-11-24 02:15:25.748 29875 WARNING rally_openstack.scenarios.neutron.utils [-] Running this scenario without either the 'network' or 'existing_network' context is deprecated
2019-11-24 02:15:25.776 29904 RALLYDEBUG rally_openstack.wrappers.network [-] CIDR generated: 1.1.5.24/30
2019-11-24 02:15:25.875 29911 INFO rally.task.runner [-] Task f0aa0a79-4db6-4b1d-b179-ac8fbea90bd6 | ITER: 18 END: OK
2019-11-24 02:15:25.880 29911 INFO rally.task.runner [-] Task f0aa0a79-4db6-4b1d-b179-ac8fbea90bd6 | ITER: 32 START
2019-11-24 02:15:25.881 29911 WARNING rally_openstack.scenarios.neutron.utils [-] Running this scenario without either the 'network' or 'existing_network' context is deprecated
2019-11-24 02:15:25.881 29875 RALLYDEBUG rally_openstack.wrappers.network [-] CIDR generated: 1.1.5.28/30
2019-11-24 02:15:26.100 29870 INFO rally.task.runner [-] Task f0aa0a79-4db6-4b1d-b179-ac8fbea90bd6 | ITER: 2 END: OK
2019-11-24 02:15:26.104 29870 INFO rally.task.runner [-] Task f0aa0a79-4db6-4b1d-b179-ac8fbea90bd6 | ITER: 33 START
2019-11-24 02:15:26.105 29870 WARNING rally_openstack.scenarios.neutron.utils [-] Running this scenario without either the 'network' or 'existing_network' context is deprecated
2019-11-24 02:15:26.112 29908 RALLYDEBUG rally_openstack.wrappers.network [-] CIDR generated: 1.1.5.32/30
2019-11-24 02:15:26.153 29905 RALLYDEBUG rally_openstack.wrappers.network [-] CIDR generated: 1.1.5.36/30
2019-11-24 02:15:26.178 29888 RALLYDEBUG rally_openstack.wrappers.network [-] CIDR generated: 1.1.5.40/30
2019-11-24 02:15:26.298 29871 INFO rally.task.runner [-] Task f0aa0a79-4db6-4b1d-b179-ac8fbea90bd6 | ITER: 5 END: OK
2019-11-24 02:15:26.301 29871 INFO rally.task.runner [-] Task f0aa0a79-4db6-4b1d-b179-ac8fbea90bd6 | ITER: 34 START
2019-11-24 02:15:26.302 29871 WARNING rally_openstack.scenarios.neutron.utils [-] Running this scenario without either the 'network' or 'existing_network' context is deprecated
2019-11-24 02:15:26.463 29872 RALLYDEBUG rally_openstack.wrappers.network [-] CIDR generated: 1.1.5.44/30
2019-11-24 02:15:26.487 29894 RALLYDEBUG rally_openstack.wrappers.network [-] CIDR generated: 1.1.5.48/30
2019-11-24 02:15:26.824 29875 RALLYDEBUG rally_openstack.wrappers.network [-] CIDR generated: 1.1.5.52/30
2019-11-24 02:15:26.825 29872 RALLYDEBUG rally_openstack.wrappers.network [-] CIDR generated: 1.1.5.56/30
2019-11-24 02:15:26.827 29871 INFO rally.task.runner [-] Task f0aa0a79-4db6-4b1d-b179-ac8fbea90bd6 | ITER: 3 END: OK
2019-11-24 02:15:26.830 29871 INFO rally.task.runner [-] Task f0aa0a79-4db6-4b1d-b179-ac8fbea90bd6 | ITER: 35 START
2019-11-24 02:15:26.830 29871 WARNING rally_openstack.scenarios.neutron.utils [-] Running this scenario without either the 'network' or 'existing_network' context is deprecated
2019-11-24 02:15:26.847 29871 RALLYDEBUG rally_openstack.wrappers.network [-] CIDR generated: 1.1.5.60/30
2019-11-24 02:15:26.975 29875 RALLYDEBUG rally_openstack.wrappers.network [-] CIDR generated: 1.1.5.64/30
2019-11-24 02:15:26.976 29911 RALLYDEBUG rally_openstack.wrappers.network [-] CIDR generated: 1.1.5.68/30
2019-11-24 02:15:27.038 29879 INFO rally.task.runner [-] Task f0aa0a79-4db6-4b1d-b179-ac8fbea90bd6 | ITER: 9 END: OK
2019-11-24 02:15:27.042 29879 INFO rally.task.runner [-] Task f0aa0a79-4db6-4b1d-b179-ac8fbea90bd6 | ITER: 36 START
2019-11-24 02:15:27.042 29879 WARNING rally_openstack.scenarios.neutron.utils [-] Running this scenario without either the 'network' or 'existing_network' context is deprecated
2019-11-24 02:15:27.213 29870 RALLYDEBUG rally_openstack.wrappers.network [-] CIDR generated: 1.1.5.72/30
2019-11-24 02:15:27.264 29917 INFO rally.task.runner [-] Task f0aa0a79-4db6-4b1d-b179-ac8fbea90bd6 | ITER: 20 END: OK
2019-11-24 02:15:27.269 29917 INFO rally.task.runner [-] Task f0aa0a79-4db6-4b1d-b179-ac8fbea90bd6 | ITER: 37 START
2019-11-24 02:15:27.270 29917 WARNING rally_openstack.scenarios.neutron.utils [-] Running this scenario without either the 'network' or 'existing_network' context is deprecated
2019-11-24 02:15:27.532 29884 INFO rally.task.runner [-] Task f0aa0a79-4db6-4b1d-b179-ac8fbea90bd6 | ITER: 10 END: OK
2019-11-24 02:15:27.536 29884 INFO rally.task.runner [-] Task f0aa0a79-4db6-4b1d-b179-ac8fbea90bd6 | ITER: 38 START
2019-11-24 02:15:27.537 29884 WARNING rally_openstack.scenarios.neutron.utils [-] Running this scenario without either the 'network' or 'existing_network' context is deprecated
2019-11-24 02:15:27.567 29871 RALLYDEBUG rally_openstack.wrappers.network [-] CIDR generated: 1.1.5.76/30
2019-11-24 02:15:27.895 29879 RALLYDEBUG rally_openstack.wrappers.network [-] CIDR generated: 1.1.5.80/30
2019-11-24 02:15:28.076 29917 RALLYDEBUG rally_openstack.wrappers.network [-] CIDR generated: 1.1.5.84/30
2019-11-24 02:15:28.303 29884 RALLYDEBUG rally_openstack.wrappers.network [-] CIDR generated: 1.1.5.88/30
2019-11-24 02:15:28.309 29875 RALLYDEBUG rally_openstack.wrappers.network [-] CIDR generated: 1.1.5.92/30
2019-11-24 02:15:28.338 29871 RALLYDEBUG rally_openstack.wrappers.network [-] CIDR generated: 1.1.5.96/30
2019-11-24 02:15:28.365 29870 RALLYDEBUG rally_openstack.wrappers.network [-] CIDR generated: 1.1.5.100/30
2019-11-24 02:15:28.437 29911 RALLYDEBUG rally_openstack.wrappers.network [-] CIDR generated: 1.1.5.104/30
2019-11-24 02:15:28.486 29872 RALLYDEBUG rally_openstack.wrappers.network [-] CIDR generated: 1.1.5.108/30
2019-11-24 02:15:28.700 29898 INFO rally.task.runner [-] Task f0aa0a79-4db6-4b1d-b179-ac8fbea90bd6 | ITER: 21 END: OK
2019-11-24 02:15:28.703 29898 INFO rally.task.runner [-] Task f0aa0a79-4db6-4b1d-b179-ac8fbea90bd6 | ITER: 39 START
2019-11-24 02:15:28.704 29898 WARNING rally_openstack.scenarios.neutron.utils [-] Running this scenario without either the 'network' or 'existing_network' context is deprecated
2019-11-24 02:15:28.730 29914 RALLYDEBUG rally_openstack.wrappers.network [-] CIDR generated: 1.1.5.112/30
2019-11-24 02:15:28.760 29892 INFO rally.task.runner [-] Task f0aa0a79-4db6-4b1d-b179-ac8fbea90bd6 | ITER: 12 END: OK
2019-11-24 02:15:28.763 29892 INFO rally.task.runner [-] Task f0aa0a79-4db6-4b1d-b179-ac8fbea90bd6 | ITER: 40 START
2019-11-24 02:15:28.764 29892 WARNING rally_openstack.scenarios.neutron.utils [-] Running this scenario without either the 'network' or 'existing_network' context is deprecated
2019-11-24 02:15:28.862 29904 RALLYDEBUG rally_openstack.wrappers.network [-] CIDR generated: 1.1.5.116/30
2019-11-24 02:15:29.252 29888 RALLYDEBUG rally_openstack.wrappers.network [-] CIDR generated: 1.1.5.120/30
2019-11-24 02:15:29.281 29898 RALLYDEBUG rally_openstack.wrappers.network [-] CIDR generated: 1.1.5.124/30
2019-11-24 02:15:29.291 29908 RALLYDEBUG rally_openstack.wrappers.network [-] CIDR generated: 1.1.5.128/30
2019-11-24 02:15:29.451 29871 RALLYDEBUG rally_openstack.wrappers.network [-] CIDR generated: 1.1.5.132/30
2019-11-24 02:15:29.627 29892 RALLYDEBUG rally_openstack.wrappers.network [-] CIDR generated: 1.1.5.136/30
2019-11-24 02:15:29.789 29917 RALLYDEBUG rally_openstack.wrappers.network [-] CIDR generated: 1.1.5.140/30
2019-11-24 02:15:29.864 29879 RALLYDEBUG rally_openstack.wrappers.network [-] CIDR generated: 1.1.5.144/30
2019-11-24 02:15:30.082 29870 INFO rally.task.runner [-] Task f0aa0a79-4db6-4b1d-b179-ac8fbea90bd6 | ITER: 1 END: OK
2019-11-24 02:15:30.097 29884 RALLYDEBUG rally_openstack.wrappers.network [-] CIDR generated: 1.1.5.148/30
2019-11-24 02:15:31.168 29894 INFO rally.task.runner [-] Task f0aa0a79-4db6-4b1d-b179-ac8fbea90bd6 | ITER: 22 END: OK
2019-11-24 02:15:31.241 29898 RALLYDEBUG rally_openstack.wrappers.network [-] CIDR generated: 1.1.5.152/30
2019-11-24 02:15:31.264 29892 RALLYDEBUG rally_openstack.wrappers.network [-] CIDR generated: 1.1.5.156/30
2019-11-24 02:15:31.932 29905 INFO rally.task.runner [-] Task f0aa0a79-4db6-4b1d-b179-ac8fbea90bd6 | ITER: 24 END: OK
2019-11-24 02:15:31.997 29872 INFO rally.task.runner [-] Task f0aa0a79-4db6-4b1d-b179-ac8fbea90bd6 | ITER: 23 END: OK
2019-11-24 02:15:32.205 29888 INFO rally.task.runner [-] Task f0aa0a79-4db6-4b1d-b179-ac8fbea90bd6 | ITER: 30 END: OK
2019-11-24 02:15:32.389 29875 INFO rally.task.runner [-] Task f0aa0a79-4db6-4b1d-b179-ac8fbea90bd6 | ITER: 26 END: OK
2019-11-24 02:15:32.436 29871 INFO rally.task.runner [-] Task f0aa0a79-4db6-4b1d-b179-ac8fbea90bd6 | ITER: 34 END: OK
2019-11-24 02:15:32.525 29872 INFO rally.task.runner [-] Task f0aa0a79-4db6-4b1d-b179-ac8fbea90bd6 | ITER: 29 END: OK
2019-11-24 02:15:32.689 29871 INFO rally.task.runner [-] Task f0aa0a79-4db6-4b1d-b179-ac8fbea90bd6 | ITER: 35 END: OK
2019-11-24 02:15:32.987 29875 INFO rally.task.runner [-] Task f0aa0a79-4db6-4b1d-b179-ac8fbea90bd6 | ITER: 31 END: OK
2019-11-24 02:15:33.229 29911 INFO rally.task.runner [-] Task f0aa0a79-4db6-4b1d-b179-ac8fbea90bd6 | ITER: 32 END: OK
2019-11-24 02:15:33.290 29917 INFO rally.task.runner [-] Task f0aa0a79-4db6-4b1d-b179-ac8fbea90bd6 | ITER: 37 END: OK
2019-11-24 02:15:33.513 29870 INFO rally.task.runner [-] Task f0aa0a79-4db6-4b1d-b179-ac8fbea90bd6 | ITER: 33 END: OK
2019-11-24 02:15:33.545 29914 INFO rally.task.runner [-] Task f0aa0a79-4db6-4b1d-b179-ac8fbea90bd6 | ITER: 25 END: OK
2019-11-24 02:15:33.573 29904 INFO rally.task.runner [-] Task f0aa0a79-4db6-4b1d-b179-ac8fbea90bd6 | ITER: 27 END: OK
2019-11-24 02:15:34.214 29884 INFO rally.task.runner [-] Task f0aa0a79-4db6-4b1d-b179-ac8fbea90bd6 | ITER: 38 END: OK
2019-11-24 02:15:34.518 29879 INFO rally.task.runner [-] Task f0aa0a79-4db6-4b1d-b179-ac8fbea90bd6 | ITER: 36 END: OK
2019-11-24 02:15:35.098 29892 INFO rally.task.runner [-] Task f0aa0a79-4db6-4b1d-b179-ac8fbea90bd6 | ITER: 40 END: OK
2019-11-24 02:15:35.113 29908 INFO rally.task.runner [-] Task f0aa0a79-4db6-4b1d-b179-ac8fbea90bd6 | ITER: 28 END: OK
2019-11-24 02:15:35.158 29898 INFO rally.task.runner [-] Task f0aa0a79-4db6-4b1d-b179-ac8fbea90bd6 | ITER: 39 END: OK
2019-11-24 02:15:35.181 27676 INFO rally.task.context [-] Task f0aa0a79-4db6-4b1d-b179-ac8fbea90bd6 | Context cleanup@openstack cleanup() started
2019-11-24 02:15:35.184 27676 RALLYDEBUG rally_openstack.cleanup.manager [-] Cleaning up neutron vip objects
2019-11-24 02:15:35.543 27676 RALLYDEBUG rally_openstack.cleanup.manager [-] Cleaning up neutron health_monitor objects
2019-11-24 02:15:35.922 27676 RALLYDEBUG rally_openstack.cleanup.manager [-] Cleaning up neutron pool objects
2019-11-24 02:15:36.283 27676 RALLYDEBUG rally_openstack.cleanup.manager [-] Cleaning up neutron loadbalancer objects
2019-11-24 02:15:36.638 27676 RALLYDEBUG rally_openstack.cleanup.manager [-] Cleaning up neutron floatingip objects
2019-11-24 02:15:37.060 27676 RALLYDEBUG rally_openstack.cleanup.manager [-] Cleaning up neutron trunk objects
2019-11-24 02:15:37.428 27676 RALLYDEBUG rally_openstack.cleanup.manager [-] Cleaning up neutron port objects
2019-11-24 02:15:37.907 27676 RALLYDEBUG rally_openstack.cleanup.manager [-] Cleaning up neutron subnet objects
2019-11-24 02:15:38.308 27676 RALLYDEBUG rally_openstack.cleanup.manager [-] Cleaning up neutron network objects
2019-11-24 02:15:38.846 27676 RALLYDEBUG rally_openstack.cleanup.manager [-] Deleting neutron.network object s_rally_89fe0465_ebhBGMMg (01f7733c-7b2b-414f-9fa1-c10c145d1779)
2019-11-24 02:15:38.855 27676 RALLYDEBUG rally_openstack.cleanup.manager [-] Deleting neutron.network object s_rally_89fe0465_rh10AqUf (031f4352-504a-4ad0-9a5e-ce3fca89af08)
2019-11-24 02:15:38.864 27676 RALLYDEBUG rally_openstack.cleanup.manager [-] Deleting neutron.network object s_rally_89fe0465_ZdwjRF7M (0a8d641f-9cd8-47be-bf11-27087bbd1679)
2019-11-24 02:15:38.868 27676 RALLYDEBUG rally_openstack.cleanup.manager [-] Deleting neutron.network object s_rally_89fe0465_CC8QhsN7 (13b4be37-8671-442f-9995-04a357aade25)
2019-11-24 02:15:38.882 27676 RALLYDEBUG rally_openstack.cleanup.manager [-] Deleting neutron.network object s_rally_89fe0465_RF7v3tmn (1a44a24f-0575-42ef-a092-f2e36522c14b)
2019-11-24 02:15:38.892 27676 RALLYDEBUG rally_openstack.cleanup.manager [-] Deleting neutron.network object s_rally_89fe0465_sOtHcprD (1c9ddfb0-dc1b-432b-9559-806d967f2d73)
2019-11-24 02:15:38.897 27676 RALLYDEBUG rally_openstack.cleanup.manager [-] Deleting neutron.network object s_rally_89fe0465_OETQUJDQ (241f5b4d-35a2-4b08-acd7-83876dede9fc)
2019-11-24 02:15:38.913 27676 RALLYDEBUG rally_openstack.cleanup.manager [-] Deleting neutron.network object s_rally_89fe0465_CkeAUK1T (2a7ed0cc-570a-4931-a7f1-94fd79577d94)
2019-11-24 02:15:38.933 27676 RALLYDEBUG rally_openstack.cleanup.manager [-] Deleting neutron.network object s_rally_89fe0465_JK9TMbsm (2b0ca476-92cd-4f1f-a443-d78bf3b00950)
2019-11-24 02:15:38.955 27676 RALLYDEBUG rally_openstack.cleanup.manager [-] Deleting neutron.network object s_rally_89fe0465_LFgCoI4N (30f56b97-ad43-4ce1-a9d4-59adbda023e2)
2019-11-24 02:15:38.960 27676 RALLYDEBUG rally_openstack.cleanup.manager [-] Deleting neutron.network object s_rally_89fe0465_JJXjIWgo (33b3acb4-92d4-4f34-b3c0-b17e3dd644b3)
2019-11-24 02:15:38.984 27676 RALLYDEBUG rally_openstack.cleanup.manager [-] Deleting neutron.network object s_rally_89fe0465_eaTUJPDr (3434f746-65b6-41d4-98e6-ca41b3b37712)
2019-11-24 02:15:38.988 27676 RALLYDEBUG rally_openstack.cleanup.manager [-] Deleting neutron.network object s_rally_89fe0465_iMSkSJYv (39d50eb3-bf63-4526-b610-cb71b7058149)
2019-11-24 02:15:38.991 27676 RALLYDEBUG rally_openstack.cleanup.manager [-] Deleting neutron.network object s_rally_89fe0465_RyvO4Nw8 (404b9a79-0f83-451d-bcb4-1543a1510999)
2019-11-24 02:15:39.011 27676 RALLYDEBUG rally_openstack.cleanup.manager [-] Deleting neutron.network object s_rally_89fe0465_FrVmTEMi (45b0151f-9779-4180-b548-6c21b207c4f0)
2019-11-24 02:15:39.024 27676 RALLYDEBUG rally_openstack.cleanup.manager [-] Deleting neutron.network object s_rally_89fe0465_p0QvS2cS (51f57a83-9c9b-48f5-abb1-ea2388db6861)
2019-11-24 02:15:39.027 27676 RALLYDEBUG rally_openstack.cleanup.manager [-] Deleting neutron.network object s_rally_89fe0465_nOPRkZYH (6326a567-dd95-44a3-b536-080f1e41036c)
2019-11-24 02:15:39.037 27676 RALLYDEBUG rally_openstack.cleanup.manager [-] Deleting neutron.network object s_rally_89fe0465_EMNeOiFL (6c0ea653-466b-484a-9613-abb96ea2ef7b)
2019-11-24 02:15:39.047 27676 RALLYDEBUG rally_openstack.cleanup.manager [-] Deleting neutron.network object s_rally_89fe0465_fJDUQKcF (7122ccfc-ca35-4362-9aaf-26f962b2258a)
2019-11-24 02:15:39.055 27676 RALLYDEBUG rally_openstack.cleanup.manager [-] Deleting neutron.network object s_rally_89fe0465_zQylom0j (7f7e865f-86f8-4be2-946f-029cbffe6170)
2019-11-24 02:15:40.966 27676 RALLYDEBUG rally_openstack.cleanup.manager [-] Deleting neutron.network object s_rally_89fe0465_Jh80ogiD (8216c96d-80d5-4845-a995-0e8c69fb0dcc)
2019-11-24 02:15:41.183 27676 RALLYDEBUG rally_openstack.cleanup.manager [-] Deleting neutron.network object s_rally_89fe0465_HI1dwltz (a0a5e297-ad35-4113-85ee-279bee12cb5b)
2019-11-24 02:15:41.196 27676 RALLYDEBUG rally_openstack.cleanup.manager [-] Deleting neutron.network object s_rally_89fe0465_TkeMwctv (a460a09e-c5fd-413f-8dbc-c0c8db0f6d80)
2019-11-24 02:15:41.228 27676 RALLYDEBUG rally_openstack.cleanup.manager [-] Deleting neutron.network object s_rally_89fe0465_yCqAP8Kq (a58d86bf-c07c-42a3-b5e1-5fc92ee99ace)
2019-11-24 02:15:41.456 27676 RALLYDEBUG rally_openstack.cleanup.manager [-] Deleting neutron.network object s_rally_89fe0465_PkW4aKdx (a845be37-6fa2-421d-82ea-45102d06224b)
2019-11-24 02:15:41.571 27676 RALLYDEBUG rally_openstack.cleanup.manager [-] Deleting neutron.network object s_rally_89fe0465_Gza2TLzy (a84f8f04-bbc9-4313-9b47-f1dfb528fb08)
2019-11-24 02:15:41.609 27676 RALLYDEBUG rally_openstack.cleanup.manager [-] Deleting neutron.network object s_rally_89fe0465_u45iRMmc (aa2e9235-905c-4d4c-aed8-0f36db2f0bbf)
2019-11-24 02:15:41.618 27676 RALLYDEBUG rally_openstack.cleanup.manager [-] Deleting neutron.network object s_rally_89fe0465_qHM49FKD (aa7d9c18-6eff-435c-9a1f-59732e623322)
2019-11-24 02:15:41.710 27676 RALLYDEBUG rally_openstack.cleanup.manager [-] Deleting neutron.network object s_rally_89fe0465_0lTTtNlN (b4100e28-c2d6-412e-ad10-bab3fbd67cab)
2019-11-24 02:15:41.723 27676 RALLYDEBUG rally_openstack.cleanup.manager [-] Deleting neutron.network object s_rally_89fe0465_f3jIZVSO (b8c8db90-2d77-4c0a-8ff2-e14f5118f570)
2019-11-24 02:15:41.785 27676 RALLYDEBUG rally_openstack.cleanup.manager [-] Deleting neutron.network object s_rally_89fe0465_GMFBpxC3 (cb12ee54-7dc8-409f-95ba-d4b43464d8ce)
2019-11-24 02:15:41.788 27676 RALLYDEBUG rally_openstack.cleanup.manager [-] Deleting neutron.network object s_rally_89fe0465_Fri5Q1cK (ce4e9b28-d356-4d71-b8e2-7ec379164f9f)
2019-11-24 02:15:41.801 27676 RALLYDEBUG rally_openstack.cleanup.manager [-] Deleting neutron.network object s_rally_89fe0465_tx1M47TX (d630c618-5101-4c8d-8db6-af2f56ccc394)
2019-11-24 02:15:41.827 27676 RALLYDEBUG rally_openstack.cleanup.manager [-] Deleting neutron.network object s_rally_89fe0465_QM9nnmOl (d66ea370-ab23-40f1-af73-032735ea3cdd)
2019-11-24 02:15:41.933 27676 RALLYDEBUG rally_openstack.cleanup.manager [-] Deleting neutron.network object s_rally_89fe0465_Yv0MuVdR (d6d6a924-2fce-4fa8-a835-fb6a79dd8745)
2019-11-24 02:15:41.957 27676 RALLYDEBUG rally_openstack.cleanup.manager [-] Deleting neutron.network object s_rally_89fe0465_8lmqLdBh (d8d66202-cab1-40b6-96fc-8867f93251a7)
2019-11-24 02:15:41.970 27676 RALLYDEBUG rally_openstack.cleanup.manager [-] Deleting neutron.network object s_rally_89fe0465_APUBQhVb (e07cbcc6-cced-4787-8eff-015f04786462)
2019-11-24 02:15:42.030 27676 RALLYDEBUG rally_openstack.cleanup.manager [-] Deleting neutron.network object s_rally_89fe0465_EXUxVynh (eead4925-1022-46bc-96dc-fa3aff087a3e)
2019-11-24 02:15:42.134 27676 RALLYDEBUG rally_openstack.cleanup.manager [-] Deleting neutron.network object s_rally_89fe0465_qcUGiGIN (f8ae02f3-7f27-4e29-b0a1-44f75e83cf20)
2019-11-24 02:15:42.284 27676 RALLYDEBUG rally_openstack.cleanup.manager [-] Deleting neutron.network object s_rally_89fe0465_eoowFB1W (fd264d0b-9e6b-4be0-ac0f-d3a26ba735c4)
2019-11-24 02:15:45.375 27676 RALLYDEBUG rally_openstack.cleanup.manager [-] Cleaning up neutron router objects
2019-11-24 02:15:45.789 27676 RALLYDEBUG rally_openstack.cleanup.manager [-] Cleaning up neutron security_group objects
2019-11-24 02:15:46.211 27676 INFO rally.task.context [-] Task f0aa0a79-4db6-4b1d-b179-ac8fbea90bd6 | Context cleanup@openstack cleanup() finished in 11.03 sec
2019-11-24 02:15:46.211 27676 INFO rally.task.context [-] Task f0aa0a79-4db6-4b1d-b179-ac8fbea90bd6 | Context quotas@openstack cleanup() started
2019-11-24 02:15:46.280 27676 INFO rally.task.context [-] Task f0aa0a79-4db6-4b1d-b179-ac8fbea90bd6 | Context quotas@openstack cleanup() finished in 68.14 msec
2019-11-24 02:15:46.280 27676 INFO rally.task.context [-] Task f0aa0a79-4db6-4b1d-b179-ac8fbea90bd6 | Context users@openstack cleanup() started
2019-11-24 02:15:49.060 27676 INFO rally.task.context [-] Task f0aa0a79-4db6-4b1d-b179-ac8fbea90bd6 | Context users@openstack cleanup() finished in 2.78 sec
2019-11-24 02:15:49.139 27676 INFO rally.task.engine [-] Load duration is: 17.534865
2019-11-24 02:15:49.139 27676 INFO rally.task.engine [-] Full runner duration is: 17.578434
2019-11-24 02:15:49.140 27676 INFO rally.task.engine [-] Full duration is: 34.259271
2019-11-24 02:15:49.561 27676 INFO rally.task.engine [-] Running workload: position = 0 config = { "version": 2, "title": "A cropped version of a bigger task.", "description": "Auto-generated task from a single workload (uuid=e1ce6797-053d-4078-8d13-11519f1577ec)", "subtasks": [ { "title": "NeutronNetworks.create_and_list_routers", "description": "Create and a given number of routers and list all routers.", "scenario": { "NeutronNetworks.create_and_list_routers": { "network_create_args": null, "subnet_create_args": null, "subnet_cidr_start": "1.1.0.0/30", "subnets_per_network": 2, "router_create_args": null } }, "contexts": { "users": { "tenants": 1, "users_per_tenant": 1 }, "quotas": { "neutron": { "network": -1, "subnet": -1, "router": -1 } } }, "runner": { "constant": { "times": 40, "concurrency": 20 } }, "hooks": [], "sla": { "failure_rate": { "max": 0 } } } ] }
2019-11-24 02:15:49.588 27676 RALLYDEBUG rally_openstack.contexts.keystone.users [-] Creating 1 tenants using 20 threads
2019-11-24 02:15:50.530 27676 RALLYDEBUG rally_openstack.contexts.keystone.users [-] Creating 1 users using 20 threads
2019-11-24 02:15:51.909 27676 INFO rally.task.context [-] Task f0aa0a79-4db6-4b1d-b179-ac8fbea90bd6 | Context users@openstack setup() finished in 2.32 sec
2019-11-24 02:15:52.414 27676 INFO rally.task.context [-] Task f0aa0a79-4db6-4b1d-b179-ac8fbea90bd6 | Context quotas@openstack setup() finished in 0.50 sec
2019-11-24 02:15:52.414 27676 INFO rally.task.context [-] Task f0aa0a79-4db6-4b1d-b179-ac8fbea90bd6 | Context cleanup@openstack setup() finished in 0.02 msec
2019-11-24 02:15:52.423 27676 RALLYDEBUG rally.task.runner [-] Starting the constant runner (task UUID: f0aa0a79-4db6-4b1d-b179-ac8fbea90bd6). times: 40 concurrency: 20 timeout: 0 max_cpu_used: 16 processes_to_start: 16 concurrency_per_worker: 1 concurrency_overhead: 4
2019-11-24 02:15:52.436 30260 RALLYDEBUG rally.task.runner [-] Starting a worker. times: 40 duration: None concurrency: 2 timeout: 0 cls: method_name: run args: {"network_create_args": null, "subnet_create_args": null, "subnet_cidr_start": "1.1.0.0/30", "subnets_per_network": 2, "router_create_args": null}
2019-11-24 02:15:52.439 30261 RALLYDEBUG rally.task.runner [-] Starting a worker. times: 40 duration: None concurrency: 2 timeout: 0 cls: method_name: run args: {"network_create_args": null, "subnet_create_args": null, "subnet_cidr_start": "1.1.0.0/30", "subnets_per_network": 2, "router_create_args": null}
2019-11-24 02:15:52.443 30262 RALLYDEBUG rally.task.runner [-] Starting a worker. times: 40 duration: None concurrency: 2 timeout: 0 cls: method_name: run args: {"network_create_args": null, "subnet_create_args": null, "subnet_cidr_start": "1.1.0.0/30", "subnets_per_network": 2, "router_create_args": null}
2019-11-24 02:15:52.444 30260 INFO rally.task.runner [-] Task f0aa0a79-4db6-4b1d-b179-ac8fbea90bd6 | ITER: 1 START
2019-11-24 02:15:52.447 30261 INFO rally.task.runner [-] Task f0aa0a79-4db6-4b1d-b179-ac8fbea90bd6 | ITER: 2 START
2019-11-24 02:15:52.446 30265 RALLYDEBUG rally.task.runner [-] Starting a worker. times: 40 duration: None concurrency: 2 timeout: 0 cls: method_name: run args: {"network_create_args": null, "subnet_create_args": null, "subnet_cidr_start": "1.1.0.0/30", "subnets_per_network": 2, "router_create_args": null}
2019-11-24 02:15:52.450 30262 INFO rally.task.runner [-] Task f0aa0a79-4db6-4b1d-b179-ac8fbea90bd6 | ITER: 6 START
2019-11-24 02:15:52.451 30269 RALLYDEBUG rally.task.runner [-] Starting a worker. times: 40 duration: None concurrency: 1 timeout: 0 cls: method_name: run args: {"network_create_args": null, "subnet_create_args": null, "subnet_cidr_start": "1.1.0.0/30", "subnets_per_network": 2, "router_create_args": null}
2019-11-24 02:15:52.453 30265 INFO rally.task.runner [-] Task f0aa0a79-4db6-4b1d-b179-ac8fbea90bd6 | ITER: 7 START
2019-11-24 02:15:52.454 30273 RALLYDEBUG rally.task.runner [-] Starting a worker. times: 40 duration: None concurrency: 1 timeout: 0 cls: method_name: run args: {"network_create_args": null, "subnet_create_args": null, "subnet_cidr_start": "1.1.0.0/30", "subnets_per_network": 2, "router_create_args": null}
2019-11-24 02:15:52.445 30260 INFO rally.task.runner [-] Task f0aa0a79-4db6-4b1d-b179-ac8fbea90bd6 | ITER: 3 START
2019-11-24 02:15:52.457 30269 INFO rally.task.runner [-] Task f0aa0a79-4db6-4b1d-b179-ac8fbea90bd6 | ITER: 9 START
2019-11-24 02:15:52.451 30262 INFO rally.task.runner [-] Task f0aa0a79-4db6-4b1d-b179-ac8fbea90bd6 | ITER: 5 START
2019-11-24 02:15:52.459 30278 RALLYDEBUG rally.task.runner [-] Starting a worker. times: 40 duration: None concurrency: 1 timeout: 0 cls: method_name: run args: {"network_create_args": null, "subnet_create_args": null, "subnet_cidr_start": "1.1.0.0/30", "subnets_per_network": 2, "router_create_args": null}
2019-11-24 02:15:52.459 30273 INFO rally.task.runner [-] Task f0aa0a79-4db6-4b1d-b179-ac8fbea90bd6 | ITER: 10 START
2019-11-24 02:15:52.448 30261 INFO rally.task.runner [-] Task f0aa0a79-4db6-4b1d-b179-ac8fbea90bd6 | ITER: 4 START
2019-11-24 02:15:52.465 30278 INFO rally.task.runner [-] Task f0aa0a79-4db6-4b1d-b179-ac8fbea90bd6 | ITER: 11 START
2019-11-24 02:15:52.454 30265 INFO rally.task.runner [-] Task f0aa0a79-4db6-4b1d-b179-ac8fbea90bd6 | ITER: 8 START
2019-11-24 02:15:52.466 30283 RALLYDEBUG rally.task.runner [-] Starting a worker. times: 40 duration: None concurrency: 1 timeout: 0 cls: method_name: run args: {"network_create_args": null, "subnet_create_args": null, "subnet_cidr_start": "1.1.0.0/30", "subnets_per_network": 2, "router_create_args": null}
2019-11-24 02:15:52.471 30286 RALLYDEBUG rally.task.runner [-] Starting a worker. times: 40 duration: None concurrency: 1 timeout: 0 cls: method_name: run args: {"network_create_args": null, "subnet_create_args": null, "subnet_cidr_start": "1.1.0.0/30", "subnets_per_network": 2, "router_create_args": null}
2019-11-24 02:15:52.473 30283 INFO rally.task.runner [-] Task f0aa0a79-4db6-4b1d-b179-ac8fbea90bd6 | ITER: 12 START
2019-11-24 02:15:52.477 30286 INFO rally.task.runner [-] Task f0aa0a79-4db6-4b1d-b179-ac8fbea90bd6 | ITER: 13 START
2019-11-24 02:15:52.479 30289 RALLYDEBUG rally.task.runner [-] Starting a worker. times: 40 duration: None concurrency: 1 timeout: 0 cls: method_name: run args: {"network_create_args": null, "subnet_create_args": null, "subnet_cidr_start": "1.1.0.0/30", "subnets_per_network": 2, "router_create_args": null}
2019-11-24 02:15:52.485 30289 INFO rally.task.runner [-] Task f0aa0a79-4db6-4b1d-b179-ac8fbea90bd6 | ITER: 14 START
2019-11-24 02:15:52.486 30292 RALLYDEBUG rally.task.runner [-] Starting a worker. times: 40 duration: None concurrency: 1 timeout: 0 cls: method_name: run args: {"network_create_args": null, "subnet_create_args": null, "subnet_cidr_start": "1.1.0.0/30", "subnets_per_network": 2, "router_create_args": null}
2019-11-24 02:15:52.491 30295 RALLYDEBUG rally.task.runner [-] Starting a worker. times: 40 duration: None concurrency: 1 timeout: 0 cls: method_name: run args: {"network_create_args": null, "subnet_create_args": null, "subnet_cidr_start": "1.1.0.0/30", "subnets_per_network": 2, "router_create_args": null}
2019-11-24 02:15:52.493 30292 INFO rally.task.runner [-] Task f0aa0a79-4db6-4b1d-b179-ac8fbea90bd6 | ITER: 15 START
2019-11-24 02:15:52.495 30295 INFO rally.task.runner [-] Task f0aa0a79-4db6-4b1d-b179-ac8fbea90bd6 | ITER: 16 START
2019-11-24 02:15:52.496 30296 RALLYDEBUG rally.task.runner [-] Starting a worker. times: 40 duration: None concurrency: 1 timeout: 0 cls: method_name: run args: {"network_create_args": null, "subnet_create_args": null, "subnet_cidr_start": "1.1.0.0/30", "subnets_per_network": 2, "router_create_args": null}
2019-11-24 02:15:52.502 30296 INFO rally.task.runner [-] Task f0aa0a79-4db6-4b1d-b179-ac8fbea90bd6 | ITER: 17 START
2019-11-24 02:15:52.503 30301 RALLYDEBUG rally.task.runner [-] Starting a worker. times: 40 duration: None concurrency: 1 timeout: 0 cls: method_name: run args: {"network_create_args": null, "subnet_create_args": null, "subnet_cidr_start": "1.1.0.0/30", "subnets_per_network": 2, "router_create_args": null}
2019-11-24 02:15:52.508 30301 INFO rally.task.runner [-] Task f0aa0a79-4db6-4b1d-b179-ac8fbea90bd6 | ITER: 18 START
2019-11-24 02:15:52.507 30304 RALLYDEBUG rally.task.runner [-] Starting a worker. times: 40 duration: None concurrency: 1 timeout: 0 cls: method_name: run args: {"network_create_args": null, "subnet_create_args": null, "subnet_cidr_start": "1.1.0.0/30", "subnets_per_network": 2, "router_create_args": null}
2019-11-24 02:15:52.512 30304 INFO rally.task.runner [-] Task f0aa0a79-4db6-4b1d-b179-ac8fbea90bd6 | ITER: 19 START
2019-11-24 02:15:52.511 30307 RALLYDEBUG rally.task.runner [-] Starting a worker. times: 40 duration: None concurrency: 1 timeout: 0 cls: method_name: run args: {"network_create_args": null, "subnet_create_args": null, "subnet_cidr_start": "1.1.0.0/30", "subnets_per_network": 2, "router_create_args": null}
2019-11-24 02:15:52.516 30307 INFO rally.task.runner [-] Task f0aa0a79-4db6-4b1d-b179-ac8fbea90bd6 | ITER: 20 START
2019-11-24 02:15:53.183 30260 RALLYDEBUG rally_openstack.wrappers.network [-] CIDR generated: 1.1.5.160/30
2019-11-24 02:15:53.197 30265 RALLYDEBUG rally_openstack.wrappers.network [-] CIDR generated: 1.1.5.164/30
2019-11-24 02:15:53.209 30260 RALLYDEBUG rally_openstack.wrappers.network [-] CIDR generated: 1.1.5.168/30
2019-11-24 02:15:53.259 30286 RALLYDEBUG rally_openstack.wrappers.network [-] CIDR generated: 1.1.5.172/30
2019-11-24 02:15:53.277 30273 RALLYDEBUG rally_openstack.wrappers.network [-] CIDR generated: 1.1.5.176/30
2019-11-24 02:15:53.361 30261 RALLYDEBUG rally_openstack.wrappers.network [-] CIDR generated: 1.1.5.180/30
2019-11-24 02:15:53.459 30289 RALLYDEBUG rally_openstack.wrappers.network [-] CIDR generated: 1.1.5.184/30
2019-11-24 02:15:53.481 30292 RALLYDEBUG rally_openstack.wrappers.network [-] CIDR generated: 1.1.5.188/30
2019-11-24 02:15:53.645 30295 RALLYDEBUG rally_openstack.wrappers.network [-] CIDR generated: 1.1.5.192/30
2019-11-24 02:15:53.662 30304 RALLYDEBUG rally_openstack.wrappers.network [-] CIDR generated: 1.1.5.196/30
2019-11-24 02:15:53.680 30307 RALLYDEBUG rally_openstack.wrappers.network [-] CIDR generated: 1.1.5.200/30
2019-11-24 02:15:53.682 30301 RALLYDEBUG rally_openstack.wrappers.network [-] CIDR generated: 1.1.5.204/30
2019-11-24 02:15:53.704 30296 RALLYDEBUG rally_openstack.wrappers.network [-] CIDR generated: 1.1.5.208/30
2019-11-24 02:15:53.729 30265 RALLYDEBUG rally_openstack.wrappers.network [-] CIDR generated: 1.1.5.212/30
2019-11-24 02:15:53.842 30262 RALLYDEBUG rally_openstack.wrappers.network [-] CIDR generated: 1.1.5.216/30
2019-11-24 02:15:53.944 30269 RALLYDEBUG rally_openstack.wrappers.network [-] CIDR generated: 1.1.5.220/30
2019-11-24 02:15:53.958 30283 RALLYDEBUG rally_openstack.wrappers.network [-] CIDR generated: 1.1.5.224/30
2019-11-24 02:15:54.073 30262 RALLYDEBUG rally_openstack.wrappers.network [-] CIDR generated: 1.1.5.228/30
2019-11-24 02:15:54.100 30292 RALLYDEBUG rally_openstack.wrappers.network [-] CIDR generated: 1.1.5.232/30
2019-11-24 02:15:54.117 30278 RALLYDEBUG rally_openstack.wrappers.network [-] CIDR generated: 1.1.5.236/30
2019-11-24 02:15:54.125 30261 RALLYDEBUG rally_openstack.wrappers.network [-] CIDR generated: 1.1.5.240/30
2019-11-24 02:15:54.243 30286 RALLYDEBUG rally_openstack.wrappers.network [-] CIDR generated: 1.1.5.244/30
2019-11-24 02:15:54.294 30304 RALLYDEBUG rally_openstack.wrappers.network [-] CIDR generated: 1.1.5.248/30
2019-11-24 02:15:54.545 30289 RALLYDEBUG rally_openstack.wrappers.network [-] CIDR generated: 1.1.5.252/30
2019-11-24 02:15:54.607 30260 RALLYDEBUG rally_openstack.wrappers.network [-] CIDR generated: 1.1.6.0/30
2019-11-24 02:15:54.618 30265 RALLYDEBUG rally_openstack.wrappers.network [-] CIDR generated: 1.1.6.4/30
2019-11-24 02:15:54.839 30265 RALLYDEBUG rally_openstack.wrappers.network [-] CIDR generated: 1.1.6.8/30
2019-11-24 02:15:54.952 30269 RALLYDEBUG rally_openstack.wrappers.network [-] CIDR generated: 1.1.6.12/30
2019-11-24 02:15:55.023 30261 RALLYDEBUG rally_openstack.wrappers.network [-] CIDR generated: 1.1.6.16/30
2019-11-24 02:15:55.087 30262 RALLYDEBUG rally_openstack.wrappers.network [-] CIDR generated: 1.1.6.20/30
2019-11-24 02:15:55.100 30273 RALLYDEBUG rally_openstack.wrappers.network [-] CIDR generated: 1.1.6.24/30
2019-11-24 02:15:55.316 30295 RALLYDEBUG rally_openstack.wrappers.network [-] CIDR generated: 1.1.6.28/30
2019-11-24 02:15:55.362 30260 RALLYDEBUG rally_openstack.wrappers.network [-] CIDR generated: 1.1.6.32/30
2019-11-24 02:15:55.624 30261 RALLYDEBUG rally_openstack.wrappers.network [-] CIDR generated: 1.1.6.36/30
2019-11-24 02:15:55.791 30307 RALLYDEBUG rally_openstack.wrappers.network [-] CIDR generated: 1.1.6.40/30
2019-11-24 02:15:55.896 30283 RALLYDEBUG rally_openstack.wrappers.network [-] CIDR generated: 1.1.6.44/30
2019-11-24 02:15:55.924 30278 RALLYDEBUG rally_openstack.wrappers.network [-] CIDR generated: 1.1.6.48/30
2019-11-24 02:15:56.020 30296 RALLYDEBUG rally_openstack.wrappers.network [-] CIDR generated: 1.1.6.52/30
2019-11-24 02:15:56.426 30301 RALLYDEBUG rally_openstack.wrappers.network [-] CIDR generated: 1.1.6.56/30
2019-11-24 02:15:56.754 30262 RALLYDEBUG rally_openstack.wrappers.network [-] CIDR generated: 1.1.6.60/30
2019-11-24 02:16:02.757 30269 INFO rally.task.runner [-] Task f0aa0a79-4db6-4b1d-b179-ac8fbea90bd6 | ITER: 9 END: OK
2019-11-24 02:16:02.762 30269 INFO rally.task.runner [-] Task f0aa0a79-4db6-4b1d-b179-ac8fbea90bd6 | ITER: 21 START
2019-11-24 02:16:03.271 30269 RALLYDEBUG rally_openstack.wrappers.network [-] CIDR generated: 1.1.6.64/30
2019-11-24 02:16:04.020 30260 INFO rally.task.runner [-] Task f0aa0a79-4db6-4b1d-b179-ac8fbea90bd6 | ITER: 3 END: OK
2019-11-24 02:16:04.024 30260 INFO rally.task.runner [-] Task f0aa0a79-4db6-4b1d-b179-ac8fbea90bd6 | ITER: 22 START
2019-11-24 02:16:04.361 30269 RALLYDEBUG rally_openstack.wrappers.network [-] CIDR generated: 1.1.6.68/30
2019-11-24 02:16:04.496 30260 RALLYDEBUG rally_openstack.wrappers.network [-] CIDR generated: 1.1.6.72/30
2019-11-24 02:16:05.594 30278 INFO rally.task.runner [-] Task f0aa0a79-4db6-4b1d-b179-ac8fbea90bd6 | ITER: 11 END: OK
