2019-11-24 02:10:37.965 27667 RALLYDEBUG rally.api [-] INFO logs from urllib3 and requests module are hide.
2019-11-24 02:10:37.965 27667 RALLYDEBUG rally.api [-] urllib3 insecure warnings are hidden.
2019-11-24 02:10:37.965 27667 RALLYDEBUG rally.api [-] ERROR log from boto module is hide.
2019-11-24 02:10:41.132 27669 RALLYDEBUG rally.api [-] INFO logs from urllib3 and requests module are hide.
2019-11-24 02:10:41.133 27669 RALLYDEBUG rally.api [-] urllib3 insecure warnings are hidden.
2019-11-24 02:10:41.133 27669 RALLYDEBUG rally.api [-] ERROR log from boto module is hide.
2019-11-24 02:10:44.438 27671 RALLYDEBUG rally.api [-] INFO logs from urllib3 and requests module are hide.
2019-11-24 02:10:44.439 27671 RALLYDEBUG rally.api [-] urllib3 insecure warnings are hidden.
2019-11-24 02:10:44.439 27671 RALLYDEBUG rally.api [-] ERROR log from boto module is hide.
2019-11-24 02:10:48.667 27674 RALLYDEBUG rally.api [-] INFO logs from urllib3 and requests module are hide.
2019-11-24 02:10:48.667 27674 RALLYDEBUG rally.api [-] urllib3 insecure warnings are hidden.
2019-11-24 02:10:48.668 27674 RALLYDEBUG rally.api [-] ERROR log from boto module is hide.
2019-11-24 02:10:50.392 27676 RALLYDEBUG rally.api [-] INFO logs from urllib3 and requests module are hide.
2019-11-24 02:10:50.392 27676 RALLYDEBUG rally.api [-] urllib3 insecure warnings are hidden.
2019-11-24 02:10:50.392 27676 RALLYDEBUG rally.api [-] ERROR log from boto module is hide.
2019-11-24 02:10:51.803 27676 INFO rally.common.plugin.discover [-] Loading plugins from directories /root/.rally/plugins/*
2019-11-24 02:10:51.804 27676 INFO rally.common.plugin.discover [-] Loaded module with plugins: /root/.rally/plugins/__init__.py
2019-11-24 02:10:52.103 27676 INFO rally.task.engine [-] Task f0aa0a79-4db6-4b1d-b179-ac8fbea90bd6 | Starting: Task validation.
2019-11-24 02:10:52.157 27676 INFO rally.task.engine [-] Task f0aa0a79-4db6-4b1d-b179-ac8fbea90bd6 | Starting: Task validation of syntax.
2019-11-24 02:10:52.442 27676 INFO rally.task.engine [-] Task f0aa0a79-4db6-4b1d-b179-ac8fbea90bd6 | Completed: Task validation of syntax.
2019-11-24 02:10:52.442 27676 INFO rally.task.engine [-] Task f0aa0a79-4db6-4b1d-b179-ac8fbea90bd6 | Starting: Task validation of required platforms.
2019-11-24 02:10:52.557 27676 INFO rally.task.engine [-] Task f0aa0a79-4db6-4b1d-b179-ac8fbea90bd6 | Completed: Task validation of required platforms.
2019-11-24 02:10:52.557 27676 INFO rally.task.engine [-] Task f0aa0a79-4db6-4b1d-b179-ac8fbea90bd6 | Starting: Task validation of semantic.
2019-11-24 02:10:52.558 27676 INFO rally.task.engine [-] Check health of the environment 'c48c3edb-bf81-421f-82a4-698651656cb5'.
2019-11-24 02:10:53.470 27676 INFO rally.task.engine [-] Platform existing@openstack (available: True): OK!
2019-11-24 02:10:53.488 27676 RALLYDEBUG rally_openstack.contexts.keystone.users [-] Creating 1 tenants using 20 threads
2019-11-24 02:10:54.339 27676 RALLYDEBUG rally_openstack.contexts.keystone.users [-] Creating 1 users using 20 threads
2019-11-24 02:10:55.702 27676 INFO rally.task.context [-] Task f0aa0a79-4db6-4b1d-b179-ac8fbea90bd6 | Context users@openstack setup() finished in 2.21 sec
2019-11-24 02:11:05.099 27676 INFO rally.task.context [-] Task f0aa0a79-4db6-4b1d-b179-ac8fbea90bd6 | Context users@openstack cleanup() started
2019-11-24 02:11:07.873 27676 INFO rally.task.context [-] Task f0aa0a79-4db6-4b1d-b179-ac8fbea90bd6 | Context users@openstack cleanup() finished in 2.77 sec
2019-11-24 02:11:07.873 27676 INFO rally.task.engine [-] Task f0aa0a79-4db6-4b1d-b179-ac8fbea90bd6 | Completed: Task validation of semantic.
2019-11-24 02:11:07.874 27676 INFO rally.task.engine [-] Task f0aa0a79-4db6-4b1d-b179-ac8fbea90bd6 | Completed: Task validation.
2019-11-24 02:11:07.874 27676 INFO rally.api [-] Task f0aa0a79-4db6-4b1d-b179-ac8fbea90bd6 input file is valid.
2019-11-24 02:11:07.874 27676 INFO rally.api [-] Run Task f0aa0a79-4db6-4b1d-b179-ac8fbea90bd6 against Deployment c48c3edb-bf81-421f-82a4-698651656cb5
2019-11-24 02:11:07.875 27676 INFO rally.task.engine [-] Task f0aa0a79-4db6-4b1d-b179-ac8fbea90bd6 | Starting: Running task.
2019-11-24 02:11:08.081 27676 INFO rally.task.engine [-] Running workload: position = 0 config = { "version": 2, "title": "A cropped version of a bigger task.", "description": "Auto-generated task from a single workload (uuid=ba069d05-7aea-406a-a7de-3bf66e0eb2e1)", "subtasks": [ { "title": "NeutronNetworks.create_and_list_networks", "description": "Check performance of list_networks action and ensure > network quotas are not exceeded", "scenario": { "NeutronNetworks.create_and_list_networks": {} }, "contexts": { "users": { "tenants": 1, "users_per_tenant": 1 }, "quotas": { "neutron": { "network": 119 } } }, "runner": { "constant": { "times": 100, "concurrency": 20 } }, "hooks": [], "sla": { "max_avg_duration_per_atomic": { "neutron.list_networks": 15 }, "failure_rate": { "max": 0 } } } ] }
2019-11-24 02:11:08.106 27676 RALLYDEBUG rally_openstack.contexts.keystone.users [-] Creating 1 tenants using 20 threads
2019-11-24 02:11:09.030 27676 RALLYDEBUG rally_openstack.contexts.keystone.users [-] Creating 1 users using 20 threads
2019-11-24 02:11:10.374 27676 INFO rally.task.context [-] Task f0aa0a79-4db6-4b1d-b179-ac8fbea90bd6 | Context users@openstack setup() finished in 2.27 sec
2019-11-24 02:11:10.833 27676 INFO rally.task.context [-] Task f0aa0a79-4db6-4b1d-b179-ac8fbea90bd6 | Context quotas@openstack setup() finished in 0.46 sec
2019-11-24 02:11:10.834 27676 INFO rally.task.context [-] Task f0aa0a79-4db6-4b1d-b179-ac8fbea90bd6 | Context cleanup@openstack setup() finished in 0.06 msec
2019-11-24 02:11:10.843 27676 RALLYDEBUG rally.task.runner [-] Starting the constant runner (task UUID: f0aa0a79-4db6-4b1d-b179-ac8fbea90bd6). times: 100 concurrency: 20 timeout: 0 max_cpu_used: 16 processes_to_start: 16 concurrency_per_worker: 1 concurrency_overhead: 4
2019-11-24 02:11:10.856 27800 RALLYDEBUG rally.task.runner [-] Starting a worker. times: 100 duration: None concurrency: 2 timeout: 0 cls: method_name: run args: {}
2019-11-24 02:11:10.860 27801 RALLYDEBUG rally.task.runner [-] Starting a worker. times: 100 duration: None concurrency: 2 timeout: 0 cls: method_name: run args: {}
2019-11-24 02:11:10.863 27800 INFO rally.task.runner [-] Task f0aa0a79-4db6-4b1d-b179-ac8fbea90bd6 | ITER: 2 START
2019-11-24 02:11:10.863 27802 RALLYDEBUG rally.task.runner [-] Starting a worker. times: 100 duration: None concurrency: 2 timeout: 0 cls: method_name: run args: {}
2019-11-24 02:11:10.867 27801 INFO rally.task.runner [-] Task f0aa0a79-4db6-4b1d-b179-ac8fbea90bd6 | ITER: 3 START
2019-11-24 02:11:10.867 27806 RALLYDEBUG rally.task.runner [-] Starting a worker. times: 100 duration: None concurrency: 2 timeout: 0 cls: method_name: run args: {}
2019-11-24 02:11:10.863 27800 INFO rally.task.runner [-] Task f0aa0a79-4db6-4b1d-b179-ac8fbea90bd6 | ITER: 1 START
2019-11-24 02:11:10.870 27802 INFO rally.task.runner [-] Task f0aa0a79-4db6-4b1d-b179-ac8fbea90bd6 | ITER: 4 START
2019-11-24 02:11:10.873 27806 INFO rally.task.runner [-] Task f0aa0a79-4db6-4b1d-b179-ac8fbea90bd6 | ITER: 7 START
2019-11-24 02:11:10.872 27809 RALLYDEBUG rally.task.runner [-] Starting a worker. times: 100 duration: None concurrency: 1 timeout: 0 cls: method_name: run args: {}
2019-11-24 02:11:10.874 27814 RALLYDEBUG rally.task.runner [-] Starting a worker. times: 100 duration: None concurrency: 1 timeout: 0 cls: method_name: run args: {}
2019-11-24 02:11:10.879 27809 INFO rally.task.runner [-] Task f0aa0a79-4db6-4b1d-b179-ac8fbea90bd6 | ITER: 9 START
2019-11-24 02:11:10.878 27818 RALLYDEBUG rally.task.runner [-] Starting a worker. times: 100 duration: None concurrency: 1 timeout: 0 cls: method_name: run args: {}
2019-11-24 02:11:10.879 27806 INFO rally.task.runner [-] Task f0aa0a79-4db6-4b1d-b179-ac8fbea90bd6 | ITER: 8 START
2019-11-24 02:11:10.879 27814 INFO rally.task.runner [-] Task f0aa0a79-4db6-4b1d-b179-ac8fbea90bd6 | ITER: 10 START
2019-11-24 02:11:10.869 27801 INFO rally.task.runner [-] Task f0aa0a79-4db6-4b1d-b179-ac8fbea90bd6 | ITER: 5 START
2019-11-24 02:11:10.871 27802 INFO rally.task.runner [-] Task f0aa0a79-4db6-4b1d-b179-ac8fbea90bd6 | ITER: 6 START
2019-11-24 02:11:10.883 27818 INFO rally.task.runner [-] Task f0aa0a79-4db6-4b1d-b179-ac8fbea90bd6 | ITER: 11 START
2019-11-24 02:11:10.883 27821 RALLYDEBUG rally.task.runner [-] Starting a worker. times: 100 duration: None concurrency: 1 timeout: 0 cls: method_name: run args: {}
2019-11-24 02:11:10.888 27821 INFO rally.task.runner [-] Task f0aa0a79-4db6-4b1d-b179-ac8fbea90bd6 | ITER: 12 START
2019-11-24 02:11:10.890 27826 RALLYDEBUG rally.task.runner [-] Starting a worker. times: 100 duration: None concurrency: 1 timeout: 0 cls: method_name: run args: {}
2019-11-24 02:11:10.895 27826 INFO rally.task.runner [-] Task f0aa0a79-4db6-4b1d-b179-ac8fbea90bd6 | ITER: 13 START
2019-11-24 02:11:10.897 27829 RALLYDEBUG rally.task.runner [-] Starting a worker. times: 100 duration: None concurrency: 1 timeout: 0 cls: method_name: run args: {}
2019-11-24 02:11:10.902 27829 INFO rally.task.runner [-] Task f0aa0a79-4db6-4b1d-b179-ac8fbea90bd6 | ITER: 14 START
2019-11-24 02:11:10.907 27833 RALLYDEBUG rally.task.runner [-] Starting a worker. times: 100 duration: None concurrency: 1 timeout: 0 cls: method_name: run args: {}
2019-11-24 02:11:10.912 27833 INFO rally.task.runner [-] Task f0aa0a79-4db6-4b1d-b179-ac8fbea90bd6 | ITER: 15 START
2019-11-24 02:11:10.916 27837 RALLYDEBUG rally.task.runner [-] Starting a worker. times: 100 duration: None concurrency: 1 timeout: 0 cls: method_name: run args: {}
2019-11-24 02:11:10.919 27837 INFO rally.task.runner [-] Task f0aa0a79-4db6-4b1d-b179-ac8fbea90bd6 | ITER: 16 START
2019-11-24 02:11:10.921 27838 RALLYDEBUG rally.task.runner [-] Starting a worker. times: 100 duration: None concurrency: 1 timeout: 0 cls: method_name: run args: {}
2019-11-24 02:11:10.925 27838 INFO rally.task.runner [-] Task f0aa0a79-4db6-4b1d-b179-ac8fbea90bd6 | ITER: 17 START
2019-11-24 02:11:10.924 27841 RALLYDEBUG rally.task.runner [-] Starting a worker. times: 100 duration: None concurrency: 1 timeout: 0 cls: method_name: run args: {}
2019-11-24 02:11:10.928 27842 RALLYDEBUG rally.task.runner [-] Starting a worker. times: 100 duration: None concurrency: 1 timeout: 0 cls: method_name: run args: {}
2019-11-24 02:11:10.929 27841 INFO rally.task.runner [-] Task f0aa0a79-4db6-4b1d-b179-ac8fbea90bd6 | ITER: 18 START
2019-11-24 02:11:10.932 27842 INFO rally.task.runner [-] Task f0aa0a79-4db6-4b1d-b179-ac8fbea90bd6 | ITER: 19 START
2019-11-24 02:11:10.932 27846 RALLYDEBUG rally.task.runner [-] Starting a worker. times: 100 duration: None concurrency: 1 timeout: 0 cls: method_name: run args: {}
2019-11-24 02:11:10.936 27846 INFO rally.task.runner [-] Task f0aa0a79-4db6-4b1d-b179-ac8fbea90bd6 | ITER: 20 START
2019-11-24 02:11:11.742 27806 INFO rally.task.runner [-] Task f0aa0a79-4db6-4b1d-b179-ac8fbea90bd6 | ITER: 8 END: OK
2019-11-24 02:11:11.745 27806 INFO rally.task.runner [-] Task f0aa0a79-4db6-4b1d-b179-ac8fbea90bd6 | ITER: 7 END: OK
2019-11-24 02:11:11.748 27806 INFO rally.task.runner [-] Task f0aa0a79-4db6-4b1d-b179-ac8fbea90bd6 | ITER: 21 START
2019-11-24 02:11:11.756 27806 INFO rally.task.runner [-] Task f0aa0a79-4db6-4b1d-b179-ac8fbea90bd6 | ITER: 22 START
2019-11-24 02:11:11.855 27818 INFO rally.task.runner [-] Task f0aa0a79-4db6-4b1d-b179-ac8fbea90bd6 | ITER: 11 END: OK
2019-11-24 02:11:11.858 27818 INFO rally.task.runner [-] Task f0aa0a79-4db6-4b1d-b179-ac8fbea90bd6 | ITER: 23 START
2019-11-24 02:11:11.862 27809 INFO rally.task.runner [-] Task f0aa0a79-4db6-4b1d-b179-ac8fbea90bd6 | ITER: 9 END: OK
2019-11-24 02:11:11.864 27801 INFO rally.task.runner [-] Task f0aa0a79-4db6-4b1d-b179-ac8fbea90bd6 | ITER: 3 END: OK
2019-11-24 02:11:11.867 27809 INFO rally.task.runner [-] Task f0aa0a79-4db6-4b1d-b179-ac8fbea90bd6 | ITER: 24 START
2019-11-24 02:11:11.867 27801 INFO rally.task.runner [-] Task f0aa0a79-4db6-4b1d-b179-ac8fbea90bd6 | ITER: 25 START
2019-11-24 02:11:11.889 27821 INFO rally.task.runner [-] Task f0aa0a79-4db6-4b1d-b179-ac8fbea90bd6 | ITER: 12 END: OK
2019-11-24 02:11:11.892 27821 INFO rally.task.runner [-] Task f0aa0a79-4db6-4b1d-b179-ac8fbea90bd6 | ITER: 26 START
2019-11-24 02:11:11.981 27814 INFO rally.task.runner [-] Task f0aa0a79-4db6-4b1d-b179-ac8fbea90bd6 | ITER: 10 END: OK
2019-11-24 02:11:11.984 27814 INFO rally.task.runner [-] Task f0aa0a79-4db6-4b1d-b179-ac8fbea90bd6 | ITER: 27 START
2019-11-24 02:11:12.140 27829 INFO rally.task.runner [-] Task f0aa0a79-4db6-4b1d-b179-ac8fbea90bd6 | ITER: 14 END: OK
2019-11-24 02:11:12.143 27829 INFO rally.task.runner [-] Task f0aa0a79-4db6-4b1d-b179-ac8fbea90bd6 | ITER: 28 START
2019-11-24 02:11:12.145 27802 INFO rally.task.runner [-] Task f0aa0a79-4db6-4b1d-b179-ac8fbea90bd6 | ITER: 4 END: OK
2019-11-24 02:11:12.148 27802 INFO rally.task.runner [-] Task f0aa0a79-4db6-4b1d-b179-ac8fbea90bd6 | ITER: 29 START
2019-11-24 02:11:12.245 27846 INFO rally.task.runner [-] Task f0aa0a79-4db6-4b1d-b179-ac8fbea90bd6 | ITER: 20 END: OK
2019-11-24 02:11:12.248 27846 INFO rally.task.runner [-] Task f0aa0a79-4db6-4b1d-b179-ac8fbea90bd6 | ITER: 30 START
2019-11-24 02:11:12.251 27837 INFO rally.task.runner [-] Task f0aa0a79-4db6-4b1d-b179-ac8fbea90bd6 | ITER: 16 END: OK
2019-11-24 02:11:12.252 27801 INFO rally.task.runner [-] Task f0aa0a79-4db6-4b1d-b179-ac8fbea90bd6 | ITER: 5 END: OK
2019-11-24 02:11:12.255 27837 INFO rally.task.runner [-] Task f0aa0a79-4db6-4b1d-b179-ac8fbea90bd6 | ITER: 31 START
2019-11-24 02:11:12.255 27801 INFO rally.task.runner [-] Task f0aa0a79-4db6-4b1d-b179-ac8fbea90bd6 | ITER: 32 START
2019-11-24 02:11:12.312 27833 INFO rally.task.runner [-] Task f0aa0a79-4db6-4b1d-b179-ac8fbea90bd6 | ITER: 15 END: OK
2019-11-24 02:11:12.316 27833 INFO rally.task.runner [-] Task f0aa0a79-4db6-4b1d-b179-ac8fbea90bd6 | ITER: 33 START
2019-11-24 02:11:12.389 27842 INFO rally.task.runner [-] Task f0aa0a79-4db6-4b1d-b179-ac8fbea90bd6 | ITER: 19 END: OK
2019-11-24 02:11:12.392 27842 INFO rally.task.runner [-] Task f0aa0a79-4db6-4b1d-b179-ac8fbea90bd6 | ITER: 34 START
2019-11-24 02:11:12.461 27800 INFO rally.task.runner [-] Task f0aa0a79-4db6-4b1d-b179-ac8fbea90bd6 | ITER: 2 END: OK
2019-11-24 02:11:12.464 27826 INFO rally.task.runner [-] Task f0aa0a79-4db6-4b1d-b179-ac8fbea90bd6 | ITER: 13 END: OK
2019-11-24 02:11:12.465 27800 INFO rally.task.runner [-] Task f0aa0a79-4db6-4b1d-b179-ac8fbea90bd6 | ITER: 35 START
2019-11-24 02:11:12.468 27826 INFO rally.task.runner [-] Task f0aa0a79-4db6-4b1d-b179-ac8fbea90bd6 | ITER: 36 START
2019-11-24 02:11:12.560 27838 INFO rally.task.runner [-] Task f0aa0a79-4db6-4b1d-b179-ac8fbea90bd6 | ITER: 17 END: OK
2019-11-24 02:11:12.564 27838 INFO rally.task.runner [-] Task f0aa0a79-4db6-4b1d-b179-ac8fbea90bd6 | ITER: 37 START
2019-11-24 02:11:12.612 27802 INFO rally.task.runner [-] Task f0aa0a79-4db6-4b1d-b179-ac8fbea90bd6 | ITER: 6 END: OK
2019-11-24 02:11:12.614 27802 INFO rally.task.runner [-] Task f0aa0a79-4db6-4b1d-b179-ac8fbea90bd6 | ITER: 38 START
2019-11-24 02:11:12.808 27806 INFO rally.task.runner [-] Task f0aa0a79-4db6-4b1d-b179-ac8fbea90bd6 | ITER: 22 END: OK
2019-11-24 02:11:12.812 27806 INFO rally.task.runner [-] Task f0aa0a79-4db6-4b1d-b179-ac8fbea90bd6 | ITER: 39 START
2019-11-24 02:11:12.893 27841 INFO rally.task.runner [-] Task f0aa0a79-4db6-4b1d-b179-ac8fbea90bd6 | ITER: 18 END: OK
2019-11-24 02:11:12.897 27841 INFO rally.task.runner [-] Task f0aa0a79-4db6-4b1d-b179-ac8fbea90bd6 | ITER: 40 START
2019-11-24 02:11:12.941 27821 INFO rally.task.runner [-] Task f0aa0a79-4db6-4b1d-b179-ac8fbea90bd6 | ITER: 26 END: OK
2019-11-24 02:11:12.944 27821 INFO rally.task.runner [-] Task f0aa0a79-4db6-4b1d-b179-ac8fbea90bd6 | ITER: 41 START
2019-11-24 02:11:13.009 27809 INFO rally.task.runner [-] Task f0aa0a79-4db6-4b1d-b179-ac8fbea90bd6 | ITER: 24 END: OK
2019-11-24 02:11:13.012 27809 INFO rally.task.runner [-] Task f0aa0a79-4db6-4b1d-b179-ac8fbea90bd6 | ITER: 42 START
2019-11-24 02:11:13.029 27801 INFO rally.task.runner [-] Task f0aa0a79-4db6-4b1d-b179-ac8fbea90bd6 | ITER: 25 END: OK
2019-11-24 02:11:13.032 27801 INFO rally.task.runner [-] Task f0aa0a79-4db6-4b1d-b179-ac8fbea90bd6 | ITER: 43 START
2019-11-24 02:11:13.061 27806 INFO rally.task.runner [-] Task f0aa0a79-4db6-4b1d-b179-ac8fbea90bd6 | ITER: 21 END: OK
2019-11-24 02:11:13.065 27806 INFO rally.task.runner [-] Task f0aa0a79-4db6-4b1d-b179-ac8fbea90bd6 | ITER: 44 START
2019-11-24 02:11:13.115 27800 INFO rally.task.runner [-] Task f0aa0a79-4db6-4b1d-b179-ac8fbea90bd6 | ITER: 1 END: OK
2019-11-24 02:11:13.118 27800 INFO rally.task.runner [-] Task f0aa0a79-4db6-4b1d-b179-ac8fbea90bd6 | ITER: 45 START
2019-11-24 02:11:13.161 27814 INFO rally.task.runner [-] Task f0aa0a79-4db6-4b1d-b179-ac8fbea90bd6 | ITER: 27 END: OK
2019-11-24 02:11:13.163 27814 INFO rally.task.runner [-] Task f0aa0a79-4db6-4b1d-b179-ac8fbea90bd6 | ITER: 46 START
2019-11-24 02:11:13.228 27818 INFO rally.task.runner [-] Task f0aa0a79-4db6-4b1d-b179-ac8fbea90bd6 | ITER: 23 END: OK
2019-11-24 02:11:13.231 27818 INFO rally.task.runner [-] Task f0aa0a79-4db6-4b1d-b179-ac8fbea90bd6 | ITER: 47 START
2019-11-24 02:11:13.401 27802 INFO rally.task.runner [-] Task f0aa0a79-4db6-4b1d-b179-ac8fbea90bd6 | ITER: 29 END: OK
2019-11-24 02:11:13.404 27802 INFO rally.task.runner [-] Task f0aa0a79-4db6-4b1d-b179-ac8fbea90bd6 | ITER: 48 START
2019-11-24 02:11:13.547 27829 INFO rally.task.runner [-] Task f0aa0a79-4db6-4b1d-b179-ac8fbea90bd6 | ITER: 28 END: OK
2019-11-24 02:11:13.550 27829 INFO rally.task.runner [-] Task f0aa0a79-4db6-4b1d-b179-ac8fbea90bd6 | ITER: 49 START
2019-11-24 02:11:13.614 27838 INFO rally.task.runner [-] Task f0aa0a79-4db6-4b1d-b179-ac8fbea90bd6 | ITER: 37 END: OK
2019-11-24 02:11:13.617 27838 INFO rally.task.runner [-] Task f0aa0a79-4db6-4b1d-b179-ac8fbea90bd6 | ITER: 50 START
2019-11-24 02:11:13.701 27826 INFO rally.task.runner [-] Task f0aa0a79-4db6-4b1d-b179-ac8fbea90bd6 | ITER: 36 END: OK
2019-11-24 02:11:13.704 27826 INFO rally.task.runner [-] Task f0aa0a79-4db6-4b1d-b179-ac8fbea90bd6 | ITER: 51 START
2019-11-24 02:11:13.796 27802 INFO rally.task.runner [-] Task f0aa0a79-4db6-4b1d-b179-ac8fbea90bd6 | ITER: 38 END: OK
2019-11-24 02:11:13.798 27802 INFO rally.task.runner [-] Task f0aa0a79-4db6-4b1d-b179-ac8fbea90bd6 | ITER: 52 START
2019-11-24 02:11:13.903 27842 INFO rally.task.runner [-] Task f0aa0a79-4db6-4b1d-b179-ac8fbea90bd6 | ITER: 34 END: OK
2019-11-24 02:11:13.903 27800 INFO rally.task.runner [-] Task f0aa0a79-4db6-4b1d-b179-ac8fbea90bd6 | ITER: 35 END: OK
2019-11-24 02:11:13.904 27846 INFO rally.task.runner [-] Task f0aa0a79-4db6-4b1d-b179-ac8fbea90bd6 | ITER: 30 END: OK
2019-11-24 02:11:13.906 27842 INFO rally.task.runner [-] Task f0aa0a79-4db6-4b1d-b179-ac8fbea90bd6 | ITER: 54 START
2019-11-24 02:11:13.907 27801 INFO rally.task.runner [-] Task f0aa0a79-4db6-4b1d-b179-ac8fbea90bd6 | ITER: 32 END: OK
2019-11-24 02:11:13.907 27846 INFO rally.task.runner [-] Task f0aa0a79-4db6-4b1d-b179-ac8fbea90bd6 | ITER: 55 START
2019-11-24 02:11:13.907 27800 INFO rally.task.runner [-] Task f0aa0a79-4db6-4b1d-b179-ac8fbea90bd6 | ITER: 53 START
2019-11-24 02:11:13.910 27801 INFO rally.task.runner [-] Task f0aa0a79-4db6-4b1d-b179-ac8fbea90bd6 | ITER: 56 START
2019-11-24 02:11:13.944 27837 INFO rally.task.runner [-] Task f0aa0a79-4db6-4b1d-b179-ac8fbea90bd6 | ITER: 31 END: OK
2019-11-24 02:11:13.947 27837 INFO rally.task.runner [-] Task f0aa0a79-4db6-4b1d-b179-ac8fbea90bd6 | ITER: 57 START
2019-11-24 02:11:13.965 27833 INFO rally.task.runner [-] Task f0aa0a79-4db6-4b1d-b179-ac8fbea90bd6 | ITER: 33 END: OK
2019-11-24 02:11:13.968 27833 INFO rally.task.runner [-] Task f0aa0a79-4db6-4b1d-b179-ac8fbea90bd6 | ITER: 58 START
2019-11-24 02:11:14.006 27806 INFO rally.task.runner [-] Task f0aa0a79-4db6-4b1d-b179-ac8fbea90bd6 | ITER: 39 END: OK
2019-11-24 02:11:14.010 27806 INFO rally.task.runner [-] Task f0aa0a79-4db6-4b1d-b179-ac8fbea90bd6 | ITER: 59 START
2019-11-24 02:11:14.077 27801 INFO rally.task.runner [-] Task f0aa0a79-4db6-4b1d-b179-ac8fbea90bd6 | ITER: 43 END: OK
2019-11-24 02:11:14.080 27801 INFO rally.task.runner [-] Task f0aa0a79-4db6-4b1d-b179-ac8fbea90bd6 | ITER: 60 START
2019-11-24 02:11:14.100 27821 INFO rally.task.runner [-] Task f0aa0a79-4db6-4b1d-b179-ac8fbea90bd6 | ITER: 41 END: OK
2019-11-24 02:11:14.104 27821 INFO rally.task.runner [-] Task f0aa0a79-4db6-4b1d-b179-ac8fbea90bd6 | ITER: 61 START
2019-11-24 02:11:14.159 27841 INFO rally.task.runner [-] Task f0aa0a79-4db6-4b1d-b179-ac8fbea90bd6 | ITER: 40 END: OK
2019-11-24 02:11:14.161 27809 INFO rally.task.runner [-] Task f0aa0a79-4db6-4b1d-b179-ac8fbea90bd6 | ITER: 42 END: OK
2019-11-24 02:11:14.163 27841 INFO rally.task.runner [-] Task f0aa0a79-4db6-4b1d-b179-ac8fbea90bd6 | ITER: 62 START
2019-11-24 02:11:14.164 27809 INFO rally.task.runner [-] Task f0aa0a79-4db6-4b1d-b179-ac8fbea90bd6 | ITER: 63 START
2019-11-24 02:11:14.393 27814 INFO rally.task.runner [-] Task f0aa0a79-4db6-4b1d-b179-ac8fbea90bd6 | ITER: 46 END: OK
2019-11-24 02:11:14.396 27814 INFO rally.task.runner [-] Task f0aa0a79-4db6-4b1d-b179-ac8fbea90bd6 | ITER: 64 START
2019-11-24 02:11:14.424 27806 INFO rally.task.runner [-] Task f0aa0a79-4db6-4b1d-b179-ac8fbea90bd6 | ITER: 44 END: OK
2019-11-24 02:11:14.426 27806 INFO rally.task.runner [-] Task f0aa0a79-4db6-4b1d-b179-ac8fbea90bd6 | ITER: 65 START
2019-11-24 02:11:14.564 27800 INFO rally.task.runner [-] Task f0aa0a79-4db6-4b1d-b179-ac8fbea90bd6 | ITER: 45 END: OK
2019-11-24 02:11:14.566 27800 INFO rally.task.runner [-] Task f0aa0a79-4db6-4b1d-b179-ac8fbea90bd6 | ITER: 66 START
2019-11-24 02:11:14.643 27838 INFO rally.task.runner [-] Task f0aa0a79-4db6-4b1d-b179-ac8fbea90bd6 | ITER: 50 END: OK
2019-11-24 02:11:14.646 27838 INFO rally.task.runner [-] Task f0aa0a79-4db6-4b1d-b179-ac8fbea90bd6 | ITER: 67 START
2019-11-24 02:11:14.673 27829 INFO rally.task.runner [-] Task f0aa0a79-4db6-4b1d-b179-ac8fbea90bd6 | ITER: 49 END: OK
2019-11-24 02:11:14.676 27829 INFO rally.task.runner [-] Task f0aa0a79-4db6-4b1d-b179-ac8fbea90bd6 | ITER: 68 START
2019-11-24 02:11:14.746 27802 INFO rally.task.runner [-] Task f0aa0a79-4db6-4b1d-b179-ac8fbea90bd6 | ITER: 48 END: OK
2019-11-24 02:11:14.749 27802 INFO rally.task.runner [-] Task f0aa0a79-4db6-4b1d-b179-ac8fbea90bd6 | ITER: 69 START
2019-11-24 02:11:14.918 27802 INFO rally.task.runner [-] Task f0aa0a79-4db6-4b1d-b179-ac8fbea90bd6 | ITER: 52 END: OK
2019-11-24 02:11:14.921 27802 INFO rally.task.runner [-] Task f0aa0a79-4db6-4b1d-b179-ac8fbea90bd6 | ITER: 70 START
2019-11-24 02:11:14.932 27837 INFO rally.task.runner [-] Task f0aa0a79-4db6-4b1d-b179-ac8fbea90bd6 | ITER: 57 END: OK
2019-11-24 02:11:14.935 27837 INFO rally.task.runner [-] Task f0aa0a79-4db6-4b1d-b179-ac8fbea90bd6 | ITER: 71 START
2019-11-24 02:11:15.072 27826 INFO rally.task.runner [-] Task f0aa0a79-4db6-4b1d-b179-ac8fbea90bd6 | ITER: 51 END: OK
2019-11-24 02:11:15.075 27826 INFO rally.task.runner [-] Task f0aa0a79-4db6-4b1d-b179-ac8fbea90bd6 | ITER: 72 START
2019-11-24 02:11:15.088 27806 INFO rally.task.runner [-] Task f0aa0a79-4db6-4b1d-b179-ac8fbea90bd6 | ITER: 59 END: OK
2019-11-24 02:11:15.091 27806 INFO rally.task.runner [-] Task f0aa0a79-4db6-4b1d-b179-ac8fbea90bd6 | ITER: 73 START
2019-11-24 02:11:15.239 27842 INFO rally.task.runner [-] Task f0aa0a79-4db6-4b1d-b179-ac8fbea90bd6 | ITER: 54 END: OK
2019-11-24 02:11:15.241 27842 INFO rally.task.runner [-] Task f0aa0a79-4db6-4b1d-b179-ac8fbea90bd6 | ITER: 74 START
2019-11-24 02:11:15.254 27818 INFO rally.task.runner [-] Task f0aa0a79-4db6-4b1d-b179-ac8fbea90bd6 | ITER: 47 END: OK
2019-11-24 02:11:15.257 27818 INFO rally.task.runner [-] Task f0aa0a79-4db6-4b1d-b179-ac8fbea90bd6 | ITER: 75 START
2019-11-24 02:11:15.511 27809 INFO rally.task.runner [-] Task f0aa0a79-4db6-4b1d-b179-ac8fbea90bd6 | ITER: 63 END: OK
2019-11-24 02:11:15.514 27846 INFO rally.task.runner [-] Task f0aa0a79-4db6-4b1d-b179-ac8fbea90bd6 | ITER: 55 END: OK
2019-11-24 02:11:15.515 27809 INFO rally.task.runner [-] Task f0aa0a79-4db6-4b1d-b179-ac8fbea90bd6 | ITER: 76 START
2019-11-24 02:11:15.517 27846 INFO rally.task.runner [-] Task f0aa0a79-4db6-4b1d-b179-ac8fbea90bd6 | ITER: 77 START
2019-11-24 02:11:15.537 27806 INFO rally.task.runner [-] Task f0aa0a79-4db6-4b1d-b179-ac8fbea90bd6 | ITER: 65 END: OK
2019-11-24 02:11:15.539 27806 INFO rally.task.runner [-] Task f0aa0a79-4db6-4b1d-b179-ac8fbea90bd6 | ITER: 78 START
2019-11-24 02:11:15.623 27800 INFO rally.task.runner [-] Task f0aa0a79-4db6-4b1d-b179-ac8fbea90bd6 | ITER: 66 END: OK
2019-11-24 02:11:15.626 27800 INFO rally.task.runner [-] Task f0aa0a79-4db6-4b1d-b179-ac8fbea90bd6 | ITER: 79 START
2019-11-24 02:11:15.679 27833 INFO rally.task.runner [-] Task f0aa0a79-4db6-4b1d-b179-ac8fbea90bd6 | ITER: 58 END: OK
2019-11-24 02:11:15.683 27833 INFO rally.task.runner [-] Task f0aa0a79-4db6-4b1d-b179-ac8fbea90bd6 | ITER: 80 START
2019-11-24 02:11:15.805 27838 INFO rally.task.runner [-] Task f0aa0a79-4db6-4b1d-b179-ac8fbea90bd6 | ITER: 67 END: OK
2019-11-24 02:11:15.808 27838 INFO rally.task.runner [-] Task f0aa0a79-4db6-4b1d-b179-ac8fbea90bd6 | ITER: 81 START
2019-11-24 02:11:15.898 27814 INFO rally.task.runner [-] Task f0aa0a79-4db6-4b1d-b179-ac8fbea90bd6 | ITER: 64 END: OK
2019-11-24 02:11:15.902 27814 INFO rally.task.runner [-] Task f0aa0a79-4db6-4b1d-b179-ac8fbea90bd6 | ITER: 82 START
2019-11-24 02:11:15.910 27821 INFO rally.task.runner [-] Task f0aa0a79-4db6-4b1d-b179-ac8fbea90bd6 | ITER: 61 END: OK
2019-11-24 02:11:15.914 27821 INFO rally.task.runner [-] Task f0aa0a79-4db6-4b1d-b179-ac8fbea90bd6 | ITER: 83 START
2019-11-24 02:11:15.931 27801 INFO rally.task.runner [-] Task f0aa0a79-4db6-4b1d-b179-ac8fbea90bd6 | ITER: 56 END: OK
2019-11-24 02:11:15.933 27801 INFO rally.task.runner [-] Task f0aa0a79-4db6-4b1d-b179-ac8fbea90bd6 | ITER: 84 START
2019-11-24 02:11:15.960 27800 INFO rally.task.runner [-] Task f0aa0a79-4db6-4b1d-b179-ac8fbea90bd6 | ITER: 53 END: OK
2019-11-24 02:11:15.963 27801 INFO rally.task.runner [-] Task f0aa0a79-4db6-4b1d-b179-ac8fbea90bd6 | ITER: 60 END: OK
2019-11-24 02:11:15.964 27800 INFO rally.task.runner [-] Task f0aa0a79-4db6-4b1d-b179-ac8fbea90bd6 | ITER: 85 START
2019-11-24 02:11:15.965 27801 INFO rally.task.runner [-] Task f0aa0a79-4db6-4b1d-b179-ac8fbea90bd6 | ITER: 86 START
2019-11-24 02:11:16.293 27841 INFO rally.task.runner [-] Task f0aa0a79-4db6-4b1d-b179-ac8fbea90bd6 | ITER: 62 END: OK
2019-11-24 02:11:16.296 27841 INFO rally.task.runner [-] Task f0aa0a79-4db6-4b1d-b179-ac8fbea90bd6 | ITER: 87 START
2019-11-24 02:11:16.327 27802 INFO rally.task.runner [-] Task f0aa0a79-4db6-4b1d-b179-ac8fbea90bd6 | ITER: 69 END: OK
2019-11-24 02:11:16.330 27802 INFO rally.task.runner [-] Task f0aa0a79-4db6-4b1d-b179-ac8fbea90bd6 | ITER: 88 START
2019-11-24 02:11:16.445 27806 INFO rally.task.runner [-] Task f0aa0a79-4db6-4b1d-b179-ac8fbea90bd6 | ITER: 73 END: OK
2019-11-24 02:11:16.449 27806 INFO rally.task.runner [-] Task f0aa0a79-4db6-4b1d-b179-ac8fbea90bd6 | ITER: 89 START
2019-11-24 02:11:16.521 27802 INFO rally.task.runner [-] Task f0aa0a79-4db6-4b1d-b179-ac8fbea90bd6 | ITER: 70 END: OK
2019-11-24 02:11:16.525 27802 INFO rally.task.runner [-] Task f0aa0a79-4db6-4b1d-b179-ac8fbea90bd6 | ITER: 90 START
2019-11-24 02:11:16.811 27800 INFO rally.task.runner [-] Task f0aa0a79-4db6-4b1d-b179-ac8fbea90bd6 | ITER: 79 END: OK
2019-11-24 02:11:16.814 27800 INFO rally.task.runner [-] Task f0aa0a79-4db6-4b1d-b179-ac8fbea90bd6 | ITER: 91 START
2019-11-24 02:11:16.857 27833 INFO rally.task.runner [-] Task f0aa0a79-4db6-4b1d-b179-ac8fbea90bd6 | ITER: 80 END: OK
2019-11-24 02:11:16.860 27833 INFO rally.task.runner [-] Task f0aa0a79-4db6-4b1d-b179-ac8fbea90bd6 | ITER: 92 START
2019-11-24 02:11:16.886 27801 INFO rally.task.runner [-] Task f0aa0a79-4db6-4b1d-b179-ac8fbea90bd6 | ITER: 86 END: OK
2019-11-24 02:11:16.889 27801 INFO rally.task.runner [-] Task f0aa0a79-4db6-4b1d-b179-ac8fbea90bd6 | ITER: 93 START
2019-11-24 02:11:17.067 27838 INFO rally.task.runner [-] Task f0aa0a79-4db6-4b1d-b179-ac8fbea90bd6 | ITER: 81 END: OK
2019-11-24 02:11:17.070 27838 INFO rally.task.runner [-] Task f0aa0a79-4db6-4b1d-b179-ac8fbea90bd6 | ITER: 94 START
2019-11-24 02:11:17.083 27801 INFO rally.task.runner [-] Task f0aa0a79-4db6-4b1d-b179-ac8fbea90bd6 | ITER: 84 END: OK
2019-11-24 02:11:17.086 27801 INFO rally.task.runner [-] Task f0aa0a79-4db6-4b1d-b179-ac8fbea90bd6 | ITER: 95 START
2019-11-24 02:11:17.165 27846 INFO rally.task.runner [-] Task f0aa0a79-4db6-4b1d-b179-ac8fbea90bd6 | ITER: 77 END: OK
2019-11-24 02:11:17.168 27846 INFO rally.task.runner [-] Task f0aa0a79-4db6-4b1d-b179-ac8fbea90bd6 | ITER: 96 START
2019-11-24 02:11:17.184 27821 INFO rally.task.runner [-] Task f0aa0a79-4db6-4b1d-b179-ac8fbea90bd6 | ITER: 83 END: OK
2019-11-24 02:11:17.185 27829 INFO rally.task.runner [-] Task f0aa0a79-4db6-4b1d-b179-ac8fbea90bd6 | ITER: 68 END: OK
2019-11-24 02:11:17.187 27821 INFO rally.task.runner [-] Task f0aa0a79-4db6-4b1d-b179-ac8fbea90bd6 | ITER: 97 START
2019-11-24 02:11:17.189 27829 INFO rally.task.runner [-] Task f0aa0a79-4db6-4b1d-b179-ac8fbea90bd6 | ITER: 98 START
2019-11-24 02:11:17.195 27837 INFO rally.task.runner [-] Task f0aa0a79-4db6-4b1d-b179-ac8fbea90bd6 | ITER: 71 END: OK
2019-11-24 02:11:17.196 27818 INFO rally.task.runner [-] Task f0aa0a79-4db6-4b1d-b179-ac8fbea90bd6 | ITER: 75 END: OK
2019-11-24 02:11:17.198 27837 INFO rally.task.runner [-] Task f0aa0a79-4db6-4b1d-b179-ac8fbea90bd6 | ITER: 99 START
2019-11-24 02:11:17.199 27818 INFO rally.task.runner [-] Task f0aa0a79-4db6-4b1d-b179-ac8fbea90bd6 | ITER: 100 START
2019-11-24 02:11:17.205 27800 INFO rally.task.runner [-] Task f0aa0a79-4db6-4b1d-b179-ac8fbea90bd6 | ITER: 85 END: OK
2019-11-24 02:11:17.503 27814 INFO rally.task.runner [-] Task f0aa0a79-4db6-4b1d-b179-ac8fbea90bd6 | ITER: 82 END: OK
2019-11-24 02:11:17.625 27826 INFO rally.task.runner [-] Task f0aa0a79-4db6-4b1d-b179-ac8fbea90bd6 | ITER: 72 END: OK
2019-11-24 02:11:17.891 27802 INFO rally.task.runner [-] Task f0aa0a79-4db6-4b1d-b179-ac8fbea90bd6 | ITER: 88 END: OK
2019-11-24 02:11:18.180 27806 INFO rally.task.runner [-] Task f0aa0a79-4db6-4b1d-b179-ac8fbea90bd6 | ITER: 78 END: OK
2019-11-24 02:11:18.182 27842 INFO rally.task.runner [-] Task f0aa0a79-4db6-4b1d-b179-ac8fbea90bd6 | ITER: 74 END: OK
2019-11-24 02:11:18.197 27809 INFO rally.task.runner [-] Task f0aa0a79-4db6-4b1d-b179-ac8fbea90bd6 | ITER: 76 END: OK
2019-11-24 02:11:18.197 27800 INFO rally.task.runner [-] Task f0aa0a79-4db6-4b1d-b179-ac8fbea90bd6 | ITER: 91 END: OK
2019-11-24 02:11:18.198 27806 INFO rally.task.runner [-] Task f0aa0a79-4db6-4b1d-b179-ac8fbea90bd6 | ITER: 89 END: OK
2019-11-24 02:11:18.199 27833 INFO rally.task.runner [-] Task f0aa0a79-4db6-4b1d-b179-ac8fbea90bd6 | ITER: 92 END: OK
2019-11-24 02:11:18.201 27801 INFO rally.task.runner [-] Task f0aa0a79-4db6-4b1d-b179-ac8fbea90bd6 | ITER: 93 END: OK
2019-11-24 02:11:18.381 27838 INFO rally.task.runner [-] Task f0aa0a79-4db6-4b1d-b179-ac8fbea90bd6 | ITER: 94 END: OK
2019-11-24 02:11:18.382 27846 INFO rally.task.runner [-] Task f0aa0a79-4db6-4b1d-b179-ac8fbea90bd6 | ITER: 96 END: OK
2019-11-24 02:11:18.450 27821 INFO rally.task.runner [-] Task f0aa0a79-4db6-4b1d-b179-ac8fbea90bd6 | ITER: 97 END: OK
2019-11-24 02:11:18.454 27802 INFO rally.task.runner [-] Task f0aa0a79-4db6-4b1d-b179-ac8fbea90bd6 | ITER: 90 END: OK
2019-11-24 02:11:18.455 27841 INFO rally.task.runner [-] Task f0aa0a79-4db6-4b1d-b179-ac8fbea90bd6 | ITER: 87 END: OK
2019-11-24 02:11:18.819 27801 INFO rally.task.runner [-] Task f0aa0a79-4db6-4b1d-b179-ac8fbea90bd6 | ITER: 95 END: OK
2019-11-24 02:11:18.829 27837 INFO rally.task.runner [-] Task f0aa0a79-4db6-4b1d-b179-ac8fbea90bd6 | ITER: 99 END: OK
2019-11-24 02:11:18.869 27818 INFO rally.task.runner [-] Task f0aa0a79-4db6-4b1d-b179-ac8fbea90bd6 | ITER: 100 END: OK
2019-11-24 02:11:19.128 27829 INFO rally.task.runner [-] Task f0aa0a79-4db6-4b1d-b179-ac8fbea90bd6 | ITER: 98 END: OK
2019-11-24 02:11:19.157 27676 INFO rally.task.context [-] Task f0aa0a79-4db6-4b1d-b179-ac8fbea90bd6 | Context cleanup@openstack cleanup() started
2019-11-24 02:11:19.160 27676 RALLYDEBUG rally_openstack.cleanup.manager [-] Cleaning up neutron vip objects
2019-11-24 02:11:19.533 27676 RALLYDEBUG rally_openstack.cleanup.manager [-] Cleaning up neutron health_monitor objects
2019-11-24 02:11:19.907 27676 RALLYDEBUG rally_openstack.cleanup.manager [-] Cleaning up neutron pool objects
2019-11-24 02:11:20.285 27676 RALLYDEBUG rally_openstack.cleanup.manager [-] Cleaning up neutron loadbalancer objects
2019-11-24 02:11:20.658 27676 RALLYDEBUG rally_openstack.cleanup.manager [-] Cleaning up neutron floatingip objects
2019-11-24 02:11:21.085 27676 RALLYDEBUG rally_openstack.cleanup.manager [-] Cleaning up neutron trunk objects
2019-11-24 02:11:21.475 27676 RALLYDEBUG rally_openstack.cleanup.manager [-] Cleaning up neutron port objects
2019-11-24 02:11:21.880 27676 RALLYDEBUG rally_openstack.cleanup.manager [-] Cleaning up neutron subnet objects
2019-11-24 02:11:22.279 27676 RALLYDEBUG rally_openstack.cleanup.manager [-] Cleaning up neutron network objects
2019-11-24 02:11:22.991 27676 RALLYDEBUG rally_openstack.cleanup.manager [-] Deleting neutron.network object s_rally_ba069d05_0IIxc5Uz (000b4bf3-859c-4d44-969c-3dc84c983a74)
2019-11-24 02:11:23.000 27676 RALLYDEBUG rally_openstack.cleanup.manager [-] Deleting neutron.network object s_rally_ba069d05_1a3zdoRQ (028b8079-c6be-42dc-82dd-8efd39998ea3)
2019-11-24 02:11:23.009 27676 RALLYDEBUG rally_openstack.cleanup.manager [-] Deleting neutron.network object s_rally_ba069d05_y25IGXgw (02901492-439e-4a7e-9bdd-152a450918dc)
2019-11-24 02:11:23.017 27676 RALLYDEBUG rally_openstack.cleanup.manager [-] Deleting neutron.network object s_rally_ba069d05_0JrmwDho (061946e1-7c39-438f-80e5-2ea5f6cb6e48)
2019-11-24 02:11:23.028 27676 RALLYDEBUG rally_openstack.cleanup.manager [-] Deleting neutron.network object s_rally_ba069d05_zOjgJPO0 (077a21f3-1579-41e5-92e5-489ba48f81d7)
2019-11-24 02:11:23.034 27676 RALLYDEBUG rally_openstack.cleanup.manager [-] Deleting neutron.network object s_rally_ba069d05_zwSpEjw3 (0a19efee-d057-4c7d-8c6e-4d04f67e7b73)
2019-11-24 02:11:23.050 27676 RALLYDEBUG rally_openstack.cleanup.manager [-] Deleting neutron.network object s_rally_ba069d05_GyIETO2b (0bf290ce-3d01-40c5-a4ed-3c502badda28)
2019-11-24 02:11:23.070 27676 RALLYDEBUG rally_openstack.cleanup.manager [-] Deleting neutron.network object s_rally_ba069d05_vj03Ettz (0e5186b8-f1c9-4960-80c8-57f88c19c07e)
2019-11-24 02:11:23.089 27676 RALLYDEBUG rally_openstack.cleanup.manager [-] Deleting neutron.network object s_rally_ba069d05_XvvyPwPi (0e91c539-8009-4830-8acf-d2c910959875)
2019-11-24 02:11:23.093 27676 RALLYDEBUG rally_openstack.cleanup.manager [-] Deleting neutron.network object s_rally_ba069d05_cusWnD0P (109e6ecd-fe08-497d-ac24-faa2bd70e33a)
2019-11-24 02:11:23.105 27676 RALLYDEBUG rally_openstack.cleanup.manager [-] Deleting neutron.network object s_rally_ba069d05_JYB61qOF (124dfdb6-53d4-405f-80a6-e47bbe01c27f)
2019-11-24 02:11:23.124 27676 RALLYDEBUG rally_openstack.cleanup.manager [-] Deleting neutron.network object s_rally_ba069d05_e0ZWVYBl (126b1915-78be-4725-8692-2219fb383fb2)
2019-11-24 02:11:23.137 27676 RALLYDEBUG rally_openstack.cleanup.manager [-] Deleting neutron.network object s_rally_ba069d05_f2GVxFNO (13332282-2d8f-4d37-8e84-1e34d957a853)
2019-11-24 02:11:23.151 27676 RALLYDEBUG rally_openstack.cleanup.manager [-] Deleting neutron.network object s_rally_ba069d05_2TugY7lu (165008aa-5217-47f2-9e91-9a9b2462aa27)
2019-11-24 02:11:23.160 27676 RALLYDEBUG rally_openstack.cleanup.manager [-] Deleting neutron.network object s_rally_ba069d05_f6hScWqm (1825c69b-d845-49d7-a539-06423f5a8f4e)
2019-11-24 02:11:23.184 27676 RALLYDEBUG rally_openstack.cleanup.manager [-] Deleting neutron.network object s_rally_ba069d05_YA4o9R1u (248e75b9-6a48-4a40-9c2a-56fb86ca2f31)
2019-11-24 02:11:23.191 27676 RALLYDEBUG rally_openstack.cleanup.manager [-] Deleting neutron.network object s_rally_ba069d05_P7RxUSOh (2a5a0429-03d1-410a-898a-71528c98761d)
2019-11-24 02:11:23.199 27676 RALLYDEBUG rally_openstack.cleanup.manager [-] Deleting neutron.network object s_rally_ba069d05_HIpRIYGs (2d1ccad8-2f91-466d-bbde-bbf8dc3f7b9b)
2019-11-24 02:11:23.213 27676 RALLYDEBUG rally_openstack.cleanup.manager [-] Deleting neutron.network object s_rally_ba069d05_nLoj7THo (308e5f44-8cc2-4765-abc1-16db9f28bef6)
2019-11-24 02:11:23.225 27676 RALLYDEBUG rally_openstack.cleanup.manager [-] Deleting neutron.network object s_rally_ba069d05_t2GTA4KP (352f4e6e-9cc8-492f-ab6a-555a450cdb14)
2019-11-24 02:11:25.115 27676 RALLYDEBUG rally_openstack.cleanup.manager [-] Deleting neutron.network object s_rally_ba069d05_updwUJF5 (37b6247c-d7f7-4eef-8619-b95e7a5cdd2f)
2019-11-24 02:11:25.388 27676 RALLYDEBUG rally_openstack.cleanup.manager [-] Deleting neutron.network object s_rally_ba069d05_pjl1PbuD (38896d23-e989-402c-8bca-b6a34a6822be)
2019-11-24 02:11:25.434 27676 RALLYDEBUG rally_openstack.cleanup.manager [-] Deleting neutron.network object s_rally_ba069d05_QYO7iNbt (392e67ee-2a9c-4505-86a8-d7aa9929ede0)
2019-11-24 02:11:25.444 27676 RALLYDEBUG rally_openstack.cleanup.manager [-] Deleting neutron.network object s_rally_ba069d05_zSxEzovf (3f073cfd-3c83-4668-8f4a-ce8ad65ddbbe)
2019-11-24 02:11:25.626 27676 RALLYDEBUG rally_openstack.cleanup.manager [-] Deleting neutron.network object s_rally_ba069d05_xJ6zK4XA (3f73902d-346e-46ab-b32d-ac59fd908cff)
2019-11-24 02:11:25.629 27676 RALLYDEBUG rally_openstack.cleanup.manager [-] Deleting neutron.network object s_rally_ba069d05_JZVcMlIe (4019a4f0-ead1-465e-8708-77d99688b50e)
2019-11-24 02:11:25.655 27676 RALLYDEBUG rally_openstack.cleanup.manager [-] Deleting neutron.network object s_rally_ba069d05_tapgJ6T1 (429e6b76-17be-46b2-92b0-436059396622)
2019-11-24 02:11:25.697 27676 RALLYDEBUG rally_openstack.cleanup.manager [-] Deleting neutron.network object s_rally_ba069d05_jFdEZxx7 (43afb6b8-528a-4b0a-a82a-96eb07626353)
2019-11-24 02:11:25.707 27676 RALLYDEBUG rally_openstack.cleanup.manager [-] Deleting neutron.network object s_rally_ba069d05_Wi1HYU7w (44e95739-35a2-49f5-a341-9cb1a34fbecb)
2019-11-24 02:11:25.738 27676 RALLYDEBUG rally_openstack.cleanup.manager [-] Deleting neutron.network object s_rally_ba069d05_AFbXQpA7 (456a041f-9c5b-41d7-923c-3bc422df5a25)
2019-11-24 02:11:25.838 27676 RALLYDEBUG rally_openstack.cleanup.manager [-] Deleting neutron.network object s_rally_ba069d05_5r6yiBAJ (486da24b-11fe-4171-9292-d450ebebe08e)
2019-11-24 02:11:25.974 27676 RALLYDEBUG rally_openstack.cleanup.manager [-] Deleting neutron.network object s_rally_ba069d05_fnuLXtau (4bfab4ed-22ff-42e4-bc80-6b42e0591671)
2019-11-24 02:11:26.130 27676 RALLYDEBUG rally_openstack.cleanup.manager [-] Deleting neutron.network object s_rally_ba069d05_HFuzJ9BL (5359c057-9900-44df-926d-db0e68c7cf41)
2019-11-24 02:11:26.139 27676 RALLYDEBUG rally_openstack.cleanup.manager [-] Deleting neutron.network object s_rally_ba069d05_zBVjYeD6 (53ecbfdb-8842-4a57-9fbb-5588f0c11d54)
2019-11-24 02:11:26.161 27676 RALLYDEBUG rally_openstack.cleanup.manager [-] Deleting neutron.network object s_rally_ba069d05_P6XCPjGS (592ac11e-442d-44ef-aff0-f67d20c876c1)
2019-11-24 02:11:26.178 27676 RALLYDEBUG rally_openstack.cleanup.manager [-] Deleting neutron.network object s_rally_ba069d05_qWNGJ0HK (596bfb91-5bca-4f38-afe4-54620c863515)
2019-11-24 02:11:26.279 27676 RALLYDEBUG rally_openstack.cleanup.manager [-] Deleting neutron.network object s_rally_ba069d05_jrPWxrmI (5c0fd4fd-9e91-4a6e-b2df-17732e56214a)
2019-11-24 02:11:26.421 27676 RALLYDEBUG rally_openstack.cleanup.manager [-] Deleting neutron.network object s_rally_ba069d05_MouxQEqb (5c92855e-6e48-46a8-8d55-d3cbf76391dd)
2019-11-24 02:11:26.430 27676 RALLYDEBUG rally_openstack.cleanup.manager [-] Deleting neutron.network object s_rally_ba069d05_YzfnoXS5 (5e021c78-0c96-44a3-9581-33a44f3bfad5)
2019-11-24 02:11:26.461 27676 RALLYDEBUG rally_openstack.cleanup.manager [-] Deleting neutron.network object s_rally_ba069d05_0S8GDlPv (63e03300-3bfc-4e97-8fc7-ac04df9dc667)
2019-11-24 02:11:26.985 27676 RALLYDEBUG rally_openstack.cleanup.manager [-] Deleting neutron.network object s_rally_ba069d05_UN7JougO (651d391f-6e16-4d91-924f-eb38e83b0819)
2019-11-24 02:11:27.253 27676 RALLYDEBUG rally_openstack.cleanup.manager [-] Deleting neutron.network object s_rally_ba069d05_WloCZY73 (66166630-b80b-47a1-801e-7a583767f48e)
2019-11-24 02:11:27.309 27676 RALLYDEBUG rally_openstack.cleanup.manager [-] Deleting neutron.network object s_rally_ba069d05_yh7JiryQ (6700d5ba-932b-4d7a-a048-6b2e7b7eb2ac)
2019-11-24 02:11:27.528 27676 RALLYDEBUG rally_openstack.cleanup.manager [-] Deleting neutron.network object s_rally_ba069d05_weXSkTJ0 (6a202b49-76c3-468e-a194-89472a1de42f)
2019-11-24 02:11:27.636 27676 RALLYDEBUG rally_openstack.cleanup.manager [-] Deleting neutron.network object s_rally_ba069d05_hedpI57N (6c304280-c179-4a8e-90c4-1048da4df261)
2019-11-24 02:11:27.655 27676 RALLYDEBUG rally_openstack.cleanup.manager [-] Deleting neutron.network object s_rally_ba069d05_sWRkJCoo (6c898f95-5cf0-48c2-be15-8509d1607fec)
2019-11-24 02:11:27.671 27676 RALLYDEBUG rally_openstack.cleanup.manager [-] Deleting neutron.network object s_rally_ba069d05_6FGDhNe7 (714b4681-67b5-4f3c-8279-1121f3ee5788)
2019-11-24 02:11:27.741 27676 RALLYDEBUG rally_openstack.cleanup.manager [-] Deleting neutron.network object s_rally_ba069d05_4lWmaRie (71da31f3-6b65-47c1-9dce-b120126de660)
2019-11-24 02:11:27.838 27676 RALLYDEBUG rally_openstack.cleanup.manager [-] Deleting neutron.network object s_rally_ba069d05_SCtjumA6 (7ab933ed-7662-4b24-a87a-b1ba376d21c6)
2019-11-24 02:11:27.847 27676 RALLYDEBUG rally_openstack.cleanup.manager [-] Deleting neutron.network object s_rally_ba069d05_6oqZXMWg (7d297e34-37e0-43bb-8d0e-dd467983a000)
2019-11-24 02:11:27.964 27676 RALLYDEBUG rally_openstack.cleanup.manager [-] Deleting neutron.network object s_rally_ba069d05_TIheQG9c (7fc7169c-8701-481d-9b4f-479ec28e806d)
2019-11-24 02:11:28.314 27676 RALLYDEBUG rally_openstack.cleanup.manager [-] Deleting neutron.network object s_rally_ba069d05_aJM3bbAh (80e81a16-64aa-4d8f-8e40-39e5472c42ce)
2019-11-24 02:11:28.317 27676 RALLYDEBUG rally_openstack.cleanup.manager [-] Deleting neutron.network object s_rally_ba069d05_J7AFbQIm (824960dc-8e7d-4031-9e96-bd675b62d18e)
2019-11-24 02:11:28.344 27676 RALLYDEBUG rally_openstack.cleanup.manager [-] Deleting neutron.network object s_rally_ba069d05_Zi7jxzfc (83aa874d-9b36-41c7-8c49-ba0bd7886d61)
2019-11-24 02:11:28.366 27676 RALLYDEBUG rally_openstack.cleanup.manager [-] Deleting neutron.network object s_rally_ba069d05_siMPOtcW (855c8bbb-c7ed-4337-b217-9c50df00fc3a)
2019-11-24 02:11:28.440 27676 RALLYDEBUG rally_openstack.cleanup.manager [-] Deleting neutron.network object s_rally_ba069d05_9cnKbhgD (8627fe30-5beb-4a80-b566-4fac86d98aa7)
2019-11-24 02:11:28.461 27676 RALLYDEBUG rally_openstack.cleanup.manager [-] Deleting neutron.network object s_rally_ba069d05_QFRSO6hU (9237435b-244c-4799-9b9b-a163d408b1fa)
2019-11-24 02:11:28.503 27676 RALLYDEBUG rally_openstack.cleanup.manager [-] Deleting neutron.network object s_rally_ba069d05_pCRNPUf3 (93cfb596-7672-49ce-a60a-63d0cd9e8cf2)
2019-11-24 02:11:28.616 27676 RALLYDEBUG rally_openstack.cleanup.manager [-] Deleting neutron.network object s_rally_ba069d05_ZFQaOKDc (9abbb7fa-d967-4716-a47d-2599b369dfcb)
2019-11-24 02:11:28.786 27676 RALLYDEBUG rally_openstack.cleanup.manager [-] Deleting neutron.network object s_rally_ba069d05_DiyMYp6R (9fc2d4ae-3109-4914-b480-44c2755c13a3)
2019-11-24 02:11:28.850 27676 RALLYDEBUG rally_openstack.cleanup.manager [-] Deleting neutron.network object s_rally_ba069d05_DjdfbXOJ (a2ba7666-9088-4123-8878-bfc10e81874a)
2019-11-24 02:11:29.294 27676 RALLYDEBUG rally_openstack.cleanup.manager [-] Deleting neutron.network object s_rally_ba069d05_tfdkSaVl (a51ba82d-6e3d-4185-968e-a933170d66cc)
2019-11-24 02:11:29.367 27676 RALLYDEBUG rally_openstack.cleanup.manager [-] Deleting neutron.network object s_rally_ba069d05_gKAmBA2I (a8c2233d-cc0f-4c34-a874-004d2c01c4b3)
2019-11-24 02:11:29.543 27676 RALLYDEBUG rally_openstack.cleanup.manager [-] Deleting neutron.network object s_rally_ba069d05_cC6qkuOK (a9165251-4e65-4396-9905-9683394161eb)
2019-11-24 02:11:29.589 27676 RALLYDEBUG rally_openstack.cleanup.manager [-] Deleting neutron.network object s_rally_ba069d05_Pk9qGJJq (af295447-af9d-4daf-bc8a-5d86d457dbaf)
2019-11-24 02:11:29.617 27676 RALLYDEBUG rally_openstack.cleanup.manager [-] Deleting neutron.network object s_rally_ba069d05_5ubY7Qju (b4aa88f6-be88-4ffa-bd5b-d297b049e3c3)
2019-11-24 02:11:29.905 27676 RALLYDEBUG rally_openstack.cleanup.manager [-] Deleting neutron.network object s_rally_ba069d05_8fR4Kgyh (b4d1d367-6b24-46da-b471-159f168a3b25)
2019-11-24 02:11:29.909 27676 RALLYDEBUG rally_openstack.cleanup.manager [-] Deleting neutron.network object s_rally_ba069d05_yyAjSMtr (b567cc32-f5d6-4ac7-85ba-387b420430d9)
2019-11-24 02:11:29.960 27676 RALLYDEBUG rally_openstack.cleanup.manager [-] Deleting neutron.network object s_rally_ba069d05_1SU0xzHS (b6f14f6c-3150-4cb6-ac8f-f82234cbe2e4)
2019-11-24 02:11:30.168 27676 RALLYDEBUG rally_openstack.cleanup.manager [-] Deleting neutron.network object s_rally_ba069d05_TMaoys06 (b873e35c-7108-463b-a61c-34339ed8ea7c)
2019-11-24 02:11:30.254 27676 RALLYDEBUG rally_openstack.cleanup.manager [-] Deleting neutron.network object s_rally_ba069d05_Pc1703zW (b92676f3-f6fa-449c-afeb-0b45da3da26c)
2019-11-24 02:11:30.339 27676 RALLYDEBUG rally_openstack.cleanup.manager [-] Deleting neutron.network object s_rally_ba069d05_Bm8V2WFC (b9589107-21ab-40ca-9743-5ef854cf040d)
2019-11-24 02:11:30.439 27676 RALLYDEBUG rally_openstack.cleanup.manager [-] Deleting neutron.network object s_rally_ba069d05_WH36mHN7 (ba47ea16-1e1b-404c-be60-a881f03145f0)
2019-11-24 02:11:30.448 27676 RALLYDEBUG rally_openstack.cleanup.manager [-] Deleting neutron.network object s_rally_ba069d05_RM0hUXLP (bec6f77f-d995-4f7c-833c-29bcc8b27b6a)
2019-11-24 02:11:30.499 27676 RALLYDEBUG rally_openstack.cleanup.manager [-] Deleting neutron.network object s_rally_ba069d05_myprqaA3 (c0a1808e-6013-4914-958f-1d9c58218590)
2019-11-24 02:11:30.524 27676 RALLYDEBUG rally_openstack.cleanup.manager [-] Deleting neutron.network object s_rally_ba069d05_bSK1jM8j (c4dca198-51be-46c0-8b98-6f65a672d480)
2019-11-24 02:11:30.652 27676 RALLYDEBUG rally_openstack.cleanup.manager [-] Deleting neutron.network object s_rally_ba069d05_uKtF1Wcn (c838888d-c2b3-40e8-9fe4-48b6bd52d56d)
2019-11-24 02:11:30.660 27676 RALLYDEBUG rally_openstack.cleanup.manager [-] Deleting neutron.network object s_rally_ba069d05_NCjnoJyt (cdf6b49d-ada5-4482-b413-a79f81a8a213)
2019-11-24 02:11:30.666 27676 RALLYDEBUG rally_openstack.cleanup.manager [-] Deleting neutron.network object s_rally_ba069d05_g0jLSrhO (d3bf723f-b6f5-41ef-9055-253d833df6bb)
2019-11-24 02:11:30.728 27676 RALLYDEBUG rally_openstack.cleanup.manager [-] Deleting neutron.network object s_rally_ba069d05_raFDw7c5 (d5c8b6d2-fd1d-4f71-8901-d2a75b012581)
2019-11-24 02:11:30.778 27676 RALLYDEBUG rally_openstack.cleanup.manager [-] Deleting neutron.network object s_rally_ba069d05_89mwQdkH (da7142c7-b580-45f0-b1f6-35065ba97bc1)
2019-11-24 02:11:31.387 27676 RALLYDEBUG rally_openstack.cleanup.manager [-] Deleting neutron.network object s_rally_ba069d05_8eaiyraA (dc748be0-24fb-42f4-aef9-a8a0ba441601)
2019-11-24 02:11:31.482 27676 RALLYDEBUG rally_openstack.cleanup.manager [-] Deleting neutron.network object s_rally_ba069d05_cfsJJUKv (dd4e8efc-41d6-40ed-803c-82681e3f26f2)
2019-11-24 02:11:31.499 27676 RALLYDEBUG rally_openstack.cleanup.manager [-] Deleting neutron.network object s_rally_ba069d05_P8Twqce6 (dfc5ac64-857e-4031-a6b4-b34d6d2374f6)
2019-11-24 02:11:31.573 27676 RALLYDEBUG rally_openstack.cleanup.manager [-] Deleting neutron.network object s_rally_ba069d05_bCjapbpn (e1f139cc-1826-4fbe-ab09-9e62b40cb8bf)
2019-11-24 02:11:31.908 27676 RALLYDEBUG rally_openstack.cleanup.manager [-] Deleting neutron.network object s_rally_ba069d05_aEt6m5yx (e2bf0eb6-99c6-4990-8071-a6a3049203d8)
2019-11-24 02:11:32.100 27676 RALLYDEBUG rally_openstack.cleanup.manager [-] Deleting neutron.network object s_rally_ba069d05_0ztRweQS (e4e6fe01-2749-4373-81b2-41198fa11557)
2019-11-24 02:11:32.109 27676 RALLYDEBUG rally_openstack.cleanup.manager [-] Deleting neutron.network object s_rally_ba069d05_gheJ5EEc (e5c48188-0ca0-4142-9e56-df8548ffcb89)
2019-11-24 02:11:32.148 27676 RALLYDEBUG rally_openstack.cleanup.manager [-] Deleting neutron.network object s_rally_ba069d05_Fg4S5mSQ (e798fcb4-aae7-41cb-8afd-16cc89332f45)
2019-11-24 02:11:32.177 27676 RALLYDEBUG rally_openstack.cleanup.manager [-] Deleting neutron.network object s_rally_ba069d05_L7JQrux2 (eaace616-ea14-4aeb-9d3e-cfcd8580c3f4)
2019-11-24 02:11:32.240 27676 RALLYDEBUG rally_openstack.cleanup.manager [-] Deleting neutron.network object s_rally_ba069d05_1FkZRhct (ebd8f949-781e-4294-85ab-d3910b504650)
2019-11-24 02:11:32.386 27676 RALLYDEBUG rally_openstack.cleanup.manager [-] Deleting neutron.network object s_rally_ba069d05_A9OmPNa6 (ecd6b88f-dbe0-4df9-a197-9ed06161e2dc)
2019-11-24 02:11:32.466 27676 RALLYDEBUG rally_openstack.cleanup.manager [-] Deleting neutron.network object s_rally_ba069d05_FWIq3L0X (ed750129-dc9a-4b46-b516-95a97c8f1f19)
2019-11-24 02:11:32.560 27676 RALLYDEBUG rally_openstack.cleanup.manager [-] Deleting neutron.network object s_rally_ba069d05_XsLT6Oph (f577b8f1-6bc3-4b9e-bb62-a6e09f5d4cfe)
2019-11-24 02:11:32.623 27676 RALLYDEBUG rally_openstack.cleanup.manager [-] Deleting neutron.network object s_rally_ba069d05_DW54rQcV (f61c4f4c-dbf1-4584-be0c-3da0755c5e2a)
2019-11-24 02:11:32.792 27676 RALLYDEBUG rally_openstack.cleanup.manager [-] Deleting neutron.network object s_rally_ba069d05_nYDlkxEs (f63e6b46-e7c3-4667-bfd0-9a4cbca83b31)
2019-11-24 02:11:32.946 27676 RALLYDEBUG rally_openstack.cleanup.manager [-] Deleting neutron.network object s_rally_ba069d05_rJZ8HE4e (f77833c7-7f1c-450b-b659-3c5baa019b1c)
