2019-11-24 02:05:54.779 20411 RALLYDEBUG rally_openstack.cleanup.manager [-] Deleting nova.server_groups object s_rally_8c8411c7_tkqvT4dd (42f427c9-f34c-4c32-b3a4-3f3d79ad054c)
2019-11-24 02:05:54.783 20411 RALLYDEBUG rally_openstack.cleanup.manager [-] Deleting nova.server_groups object s_rally_8c8411c7_V1c7jiWT (45cfdefc-ead8-43d0-9b82-12db5ed9637e)
2019-11-24 02:05:54.811 20411 RALLYDEBUG rally_openstack.cleanup.manager [-] Deleting nova.server_groups object s_rally_8c8411c7_ocUqRfWV (a0289641-fac6-4a98-a270-f3160c26be58)
2019-11-24 02:05:54.821 20411 RALLYDEBUG rally_openstack.cleanup.manager [-] Deleting nova.server_groups object s_rally_8c8411c7_7puLp13m (7453a254-a0aa-4a5e-878e-8b0b7f4eeb7d)
2019-11-24 02:05:54.833 20411 RALLYDEBUG rally_openstack.cleanup.manager [-] Deleting nova.server_groups object s_rally_8c8411c7_COwmhiYV (c9292cdd-e5b5-4b50-b590-b8692cb5ac32)
2019-11-24 02:05:54.836 20411 RALLYDEBUG rally_openstack.cleanup.manager [-] Deleting nova.server_groups object s_rally_8c8411c7_PSnpl5mD (56bb97cc-b6da-4b7b-ad44-1066cf28fdc3)
2019-11-24 02:05:56.349 20411 RALLYDEBUG rally_openstack.cleanup.manager [-] Cleaning up nova keypairs objects
2019-11-24 02:05:58.639 20411 INFO rally.task.context [-] Task c0fc49d1-da24-4495-9fd9-5ddc7eab7726 | Context cleanup@openstack cleanup() finished in 6.38 sec
2019-11-24 02:05:58.640 20411 INFO rally.task.context [-] Task c0fc49d1-da24-4495-9fd9-5ddc7eab7726 | Context users@openstack cleanup() started
2019-11-24 02:06:03.253 20411 INFO rally.task.context [-] Task c0fc49d1-da24-4495-9fd9-5ddc7eab7726 | Context users@openstack cleanup() finished in 4.61 sec
2019-11-24 02:06:04.234 20411 INFO rally.task.engine [-] Load duration is: 1.616044
2019-11-24 02:06:04.234 20411 INFO rally.task.engine [-] Full runner duration is: 1.666401
2019-11-24 02:06:04.234 20411 INFO rally.task.engine [-] Full duration is: 15.131377
2019-11-24 02:06:04.537 20411 INFO rally.task.engine [-] Running workload: position = 0 config = { "version": 2, "title": "A cropped version of a bigger task.", "description": "Auto-generated task from a single workload (uuid=c272bf3a-209d-4df6-81eb-0c210be9313c)", "subtasks": [ { "title": "NovaServerGroups.create_and_list_server_groups", "description": "Create a server group, then list all server groups.", "scenario": { "NovaServerGroups.create_and_list_server_groups": { "policies": [ "affinity" ], "all_projects": false } }, "contexts": { "users": { "tenants": 3, "users_per_tenant": 2 } }, "runner": { "constant": { "concurrency": 4, "times": 10 } }, "hooks": [], "sla": { "failure_rate": { "max": 0 } } } ] }
2019-11-24 02:06:04.562 20411 RALLYDEBUG rally_openstack.contexts.keystone.users [-] Creating 3 tenants using 20 threads
2019-11-24 02:06:05.589 20411 RALLYDEBUG rally_openstack.contexts.keystone.users [-] Creating 6 users using 20 threads
2019-11-24 02:06:07.081 20411 INFO rally.task.context [-] Task c0fc49d1-da24-4495-9fd9-5ddc7eab7726 | Context users@openstack setup() finished in 2.52 sec
2019-11-24 02:06:07.082 20411 INFO rally.task.context [-] Task c0fc49d1-da24-4495-9fd9-5ddc7eab7726 | Context cleanup@openstack setup() finished in 0.01 msec
2019-11-24 02:06:07.090 20411 RALLYDEBUG rally.task.runner [-] Starting the constant runner (task UUID: c0fc49d1-da24-4495-9fd9-5ddc7eab7726). times: 10 concurrency: 4 timeout: 0 max_cpu_used: 16 processes_to_start: 4 concurrency_per_worker: 1 concurrency_overhead: 0
2019-11-24 02:06:07.102 25439 RALLYDEBUG rally.task.runner [-] Starting a worker. times: 10 duration: None concurrency: 1 timeout: 0 cls: method_name: run args: {"policies": ["affinity"], "all_projects": false}
2019-11-24 02:06:07.105 25440 RALLYDEBUG rally.task.runner [-] Starting a worker. times: 10 duration: None concurrency: 1 timeout: 0 cls: method_name: run args: {"policies": ["affinity"], "all_projects": false}
2019-11-24 02:06:07.109 25439 INFO rally.task.runner [-] Task c0fc49d1-da24-4495-9fd9-5ddc7eab7726 | ITER: 1 START
2019-11-24 02:06:07.109 25441 RALLYDEBUG rally.task.runner [-] Starting a worker. times: 10 duration: None concurrency: 1 timeout: 0 cls: method_name: run args: {"policies": ["affinity"], "all_projects": false}
2019-11-24 02:06:07.112 25440 INFO rally.task.runner [-] Task c0fc49d1-da24-4495-9fd9-5ddc7eab7726 | ITER: 2 START
2019-11-24 02:06:07.113 25443 RALLYDEBUG rally.task.runner [-] Starting a worker. times: 10 duration: None concurrency: 1 timeout: 0 cls: method_name: run args: {"policies": ["affinity"], "all_projects": false}
2019-11-24 02:06:07.116 25441 INFO rally.task.runner [-] Task c0fc49d1-da24-4495-9fd9-5ddc7eab7726 | ITER: 3 START
2019-11-24 02:06:07.120 25443 INFO rally.task.runner [-] Task c0fc49d1-da24-4495-9fd9-5ddc7eab7726 | ITER: 4 START
2019-11-24 02:06:07.727 25443 INFO rally.task.runner [-] Task c0fc49d1-da24-4495-9fd9-5ddc7eab7726 | ITER: 4 END: OK
2019-11-24 02:06:07.731 25443 INFO rally.task.runner [-] Task c0fc49d1-da24-4495-9fd9-5ddc7eab7726 | ITER: 5 START
2019-11-24 02:06:07.734 25440 INFO rally.task.runner [-] Task c0fc49d1-da24-4495-9fd9-5ddc7eab7726 | ITER: 2 END: OK
2019-11-24 02:06:07.739 25440 INFO rally.task.runner [-] Task c0fc49d1-da24-4495-9fd9-5ddc7eab7726 | ITER: 6 START
2019-11-24 02:06:07.744 25441 INFO rally.task.runner [-] Task c0fc49d1-da24-4495-9fd9-5ddc7eab7726 | ITER: 3 END: OK
2019-11-24 02:06:07.748 25441 INFO rally.task.runner [-] Task c0fc49d1-da24-4495-9fd9-5ddc7eab7726 | ITER: 7 START
2019-11-24 02:06:07.937 25439 INFO rally.task.runner [-] Task c0fc49d1-da24-4495-9fd9-5ddc7eab7726 | ITER: 1 END: OK
2019-11-24 02:06:07.942 25439 INFO rally.task.runner [-] Task c0fc49d1-da24-4495-9fd9-5ddc7eab7726 | ITER: 8 START
2019-11-24 02:06:08.182 25443 INFO rally.task.runner [-] Task c0fc49d1-da24-4495-9fd9-5ddc7eab7726 | ITER: 5 END: OK
2019-11-24 02:06:08.186 25443 INFO rally.task.runner [-] Task c0fc49d1-da24-4495-9fd9-5ddc7eab7726 | ITER: 9 START
2019-11-24 02:06:08.202 25441 INFO rally.task.runner [-] Task c0fc49d1-da24-4495-9fd9-5ddc7eab7726 | ITER: 7 END: OK
2019-11-24 02:06:08.206 25441 INFO rally.task.runner [-] Task c0fc49d1-da24-4495-9fd9-5ddc7eab7726 | ITER: 10 START
2019-11-24 02:06:08.356 25440 INFO rally.task.runner [-] Task c0fc49d1-da24-4495-9fd9-5ddc7eab7726 | ITER: 6 END: OK
2019-11-24 02:06:08.398 25439 INFO rally.task.runner [-] Task c0fc49d1-da24-4495-9fd9-5ddc7eab7726 | ITER: 8 END: OK
2019-11-24 02:06:08.648 25441 INFO rally.task.runner [-] Task c0fc49d1-da24-4495-9fd9-5ddc7eab7726 | ITER: 10 END: OK
2019-11-24 02:06:08.691 25443 INFO rally.task.runner [-] Task c0fc49d1-da24-4495-9fd9-5ddc7eab7726 | ITER: 9 END: OK
2019-11-24 02:06:08.714 20411 INFO rally.task.context [-] Task c0fc49d1-da24-4495-9fd9-5ddc7eab7726 | Context cleanup@openstack cleanup() started
2019-11-24 02:06:08.717 20411 RALLYDEBUG rally_openstack.cleanup.manager [-] Cleaning up nova servers objects
2019-11-24 02:06:10.109 20411 RALLYDEBUG rally_openstack.cleanup.manager [-] Cleaning up nova server_groups objects
2019-11-24 02:06:11.271 20411 RALLYDEBUG rally_openstack.cleanup.manager [-] Deleting nova.server_groups object s_rally_c272bf3a_VmixRCKE (dea2bf5c-9ba2-4869-8f30-d065388ebaaa)
2019-11-24 02:06:11.282 20411 RALLYDEBUG rally_openstack.cleanup.manager [-] Deleting nova.server_groups object s_rally_c272bf3a_YbEqxMPC (86fc0b80-e4de-4620-8388-cd5f329a9cfc)
2019-11-24 02:06:11.290 20411 RALLYDEBUG rally_openstack.cleanup.manager [-] Deleting nova.server_groups object s_rally_c272bf3a_D0LAcPRd (e58a6c07-fa87-4c6a-a115-3b83dbcda4b6)
2019-11-24 02:06:11.294 20411 RALLYDEBUG rally_openstack.cleanup.manager [-] Deleting nova.server_groups object s_rally_c272bf3a_qbVOe68c (4ac21b21-b2b1-419f-bac7-8f774e8ddd81)
2019-11-24 02:06:11.303 20411 RALLYDEBUG rally_openstack.cleanup.manager [-] Deleting nova.server_groups object s_rally_c272bf3a_Mi4jvzhO (a6e4dba3-f28a-4a9f-8373-f6a78d9d6dc9)
2019-11-24 02:06:11.317 20411 RALLYDEBUG rally_openstack.cleanup.manager [-] Deleting nova.server_groups object s_rally_c272bf3a_Q8nx10Jv (f08f01ed-d6c4-4015-9df1-ddf453f27c59)
2019-11-24 02:06:11.326 20411 RALLYDEBUG rally_openstack.cleanup.manager [-] Deleting nova.server_groups object s_rally_c272bf3a_8y415HgP (3f2496e4-016a-4130-8ce6-d079d4e10595)
2019-11-24 02:06:11.339 20411 RALLYDEBUG rally_openstack.cleanup.manager [-] Deleting nova.server_groups object s_rally_c272bf3a_V5J9qApP (25550c4b-1f61-451a-9360-e85e30846925)
2019-11-24 02:06:11.353 20411 RALLYDEBUG rally_openstack.cleanup.manager [-] Deleting nova.server_groups object s_rally_c272bf3a_8PtMTlZH (2cf2d12f-1f95-4e70-8bbc-59a313df191c)
2019-11-24 02:06:11.363 20411 RALLYDEBUG rally_openstack.cleanup.manager [-] Deleting nova.server_groups object s_rally_c272bf3a_19Go9rms (f2555d4f-7bd5-467b-b194-6fd6af49a800)
2019-11-24 02:06:13.031 20411 RALLYDEBUG rally_openstack.cleanup.manager [-] Cleaning up nova keypairs objects
2019-11-24 02:06:15.323 20411 INFO rally.task.context [-] Task c0fc49d1-da24-4495-9fd9-5ddc7eab7726 | Context cleanup@openstack cleanup() finished in 6.61 sec
2019-11-24 02:06:15.323 20411 INFO rally.task.context [-] Task c0fc49d1-da24-4495-9fd9-5ddc7eab7726 | Context users@openstack cleanup() started
2019-11-24 02:06:19.693 20411 INFO rally.task.context [-] Task c0fc49d1-da24-4495-9fd9-5ddc7eab7726 | Context users@openstack cleanup() finished in 4.37 sec
2019-11-24 02:06:20.654 20411 INFO rally.task.engine [-] Load duration is: 1.580825
2019-11-24 02:06:20.655 20411 INFO rally.task.engine [-] Full runner duration is: 1.623799
2019-11-24 02:06:20.655 20411 INFO rally.task.engine [-] Full duration is: 15.133103
2019-11-24 02:06:20.920 20411 INFO rally.task.engine [-] Task c0fc49d1-da24-4495-9fd9-5ddc7eab7726 | Completed: Running task.
2019-11-24 02:06:22.573 25561 RALLYDEBUG rally.api [-] INFO logs from urllib3 and requests module are hide.
2019-11-24 02:06:22.573 25561 RALLYDEBUG rally.api [-] urllib3 insecure warnings are hidden.
2019-11-24 02:06:22.573 25561 RALLYDEBUG rally.api [-] ERROR log from boto module is hide.
2019-11-24 02:06:23.791 25562 RALLYDEBUG rally.api [-] INFO logs from urllib3 and requests module are hide.
2019-11-24 02:06:23.791 25562 RALLYDEBUG rally.api [-] urllib3 insecure warnings are hidden.
2019-11-24 02:06:23.791 25562 RALLYDEBUG rally.api [-] ERROR log from boto module is hide.
2019-11-24 02:06:25.137 25563 RALLYDEBUG rally.api [-] INFO logs from urllib3 and requests module are hide.
2019-11-24 02:06:25.137 25563 RALLYDEBUG rally.api [-] urllib3 insecure warnings are hidden.
2019-11-24 02:06:25.137 25563 RALLYDEBUG rally.api [-] ERROR log from boto module is hide.
2019-11-24 02:06:26.868 25563 INFO rally.api [-] Building 'json' report for the following task(s): 'c0fc49d1-da24-4495-9fd9-5ddc7eab7726'.
2019-11-24 02:06:26.925 25563 INFO rally.api [-] The report has been successfully built.
2019-11-24 02:06:28.371 25565 RALLYDEBUG rally.api [-] INFO logs from urllib3 and requests module are hide.
2019-11-24 02:06:28.371 25565 RALLYDEBUG rally.api [-] urllib3 insecure warnings are hidden.
2019-11-24 02:06:28.372 25565 RALLYDEBUG rally.api [-] ERROR log from boto module is hide.
2019-11-24 02:06:30.193 25565 INFO rally.task.engine [-] Task 0f224b2f-b482-42bf-b5a5-53c05acb6c5a | Starting: Task validation.
2019-11-24 02:06:30.243 25565 INFO rally.task.engine [-] Task 0f224b2f-b482-42bf-b5a5-53c05acb6c5a | Starting: Task validation of syntax.
2019-11-24 02:06:30.326 25565 INFO rally.task.engine [-] Task 0f224b2f-b482-42bf-b5a5-53c05acb6c5a | Completed: Task validation of syntax.
2019-11-24 02:06:30.327 25565 INFO rally.task.engine [-] Task 0f224b2f-b482-42bf-b5a5-53c05acb6c5a | Starting: Task validation of required platforms.
2019-11-24 02:06:30.365 25565 INFO rally.task.engine [-] Task 0f224b2f-b482-42bf-b5a5-53c05acb6c5a | Completed: Task validation of required platforms.
2019-11-24 02:06:30.365 25565 INFO rally.task.engine [-] Task 0f224b2f-b482-42bf-b5a5-53c05acb6c5a | Starting: Task validation of semantic.
2019-11-24 02:06:30.366 25565 INFO rally.task.engine [-] Check health of the environment '4cd4f0ea-fd56-48ed-8a3d-a92bfc2b7126'.
2019-11-24 02:06:31.346 25565 INFO rally.task.engine [-] Platform existing@openstack (available: True): OK!
2019-11-24 02:06:31.371 25565 RALLYDEBUG rally_openstack.contexts.keystone.users [-] Creating 1 tenants using 20 threads
2019-11-24 02:06:32.212 25565 RALLYDEBUG rally_openstack.contexts.keystone.users [-] Creating 1 users using 20 threads
2019-11-24 02:06:33.579 25565 INFO rally.task.context [-] Task 0f224b2f-b482-42bf-b5a5-53c05acb6c5a | Context users@openstack setup() finished in 2.21 sec
2019-11-24 02:06:34.865 25565 INFO rally.task.context [-] Task 0f224b2f-b482-42bf-b5a5-53c05acb6c5a | Context users@openstack cleanup() started
2019-11-24 02:06:37.908 25565 INFO rally.task.context [-] Task 0f224b2f-b482-42bf-b5a5-53c05acb6c5a | Context users@openstack cleanup() finished in 3.04 sec
2019-11-24 02:06:37.909 25565 INFO rally.task.engine [-] Task 0f224b2f-b482-42bf-b5a5-53c05acb6c5a | Completed: Task validation of semantic.
2019-11-24 02:06:37.909 25565 INFO rally.task.engine [-] Task 0f224b2f-b482-42bf-b5a5-53c05acb6c5a | Completed: Task validation.
2019-11-24 02:06:37.910 25565 INFO rally.api [-] Task 0f224b2f-b482-42bf-b5a5-53c05acb6c5a input file is valid.
2019-11-24 02:06:37.910 25565 INFO rally.api [-] Run Task 0f224b2f-b482-42bf-b5a5-53c05acb6c5a against Deployment 4cd4f0ea-fd56-48ed-8a3d-a92bfc2b7126
2019-11-24 02:06:37.910 25565 INFO rally.task.engine [-] Task 0f224b2f-b482-42bf-b5a5-53c05acb6c5a | Starting: Running task.
2019-11-24 02:06:38.083 25565 INFO rally.task.engine [-] Running workload: position = 0 config = { "version": 2, "title": "A cropped version of a bigger task.", "description": "Auto-generated task from a single workload (uuid=9c599166-f77a-42ff-84d6-eeddaf75db99)", "subtasks": [ { "title": "Quotas.cinder_update_and_delete", "description": "Update and Delete quotas for Cinder.", "scenario": { "Quotas.cinder_update_and_delete": { "max_quota": 1024 } }, "contexts": { "users": { "tenants": 3, "users_per_tenant": 2 }, "api_versions": { "cinder": { "version": 3, "service_type": "volumev3" } } }, "runner": { "constant": { "concurrency": 4, "times": 10 } }, "hooks": [], "sla": { "failure_rate": { "max": 0 } } } ] }
2019-11-24 02:06:38.107 25565 RALLYDEBUG rally_openstack.contexts.keystone.users [-] Creating 3 tenants using 20 threads
2019-11-24 02:06:39.048 25565 RALLYDEBUG rally_openstack.contexts.keystone.users [-] Creating 6 users using 20 threads
2019-11-24 02:06:40.555 25565 INFO rally.task.context [-] Task 0f224b2f-b482-42bf-b5a5-53c05acb6c5a | Context users@openstack setup() finished in 2.45 sec
2019-11-24 02:06:40.965 25565 INFO rally.task.context [-] Task 0f224b2f-b482-42bf-b5a5-53c05acb6c5a | Context api_versions@openstack setup() finished in 0.41 sec
2019-11-24 02:06:40.966 25565 INFO rally.task.context [-] Task 0f224b2f-b482-42bf-b5a5-53c05acb6c5a | Context admin_cleanup@openstack setup() finished in 0.04 msec
2019-11-24 02:06:40.975 25565 RALLYDEBUG rally.task.runner [-] Starting the constant runner (task UUID: 0f224b2f-b482-42bf-b5a5-53c05acb6c5a). times: 10 concurrency: 4 timeout: 0 max_cpu_used: 16 processes_to_start: 4 concurrency_per_worker: 1 concurrency_overhead: 0
2019-11-24 02:06:40.988 25689 RALLYDEBUG rally.task.runner [-] Starting a worker. times: 10 duration: None concurrency: 1 timeout: 0 cls: method_name: run args: {"max_quota": 1024}
2019-11-24 02:06:40.991 25690 RALLYDEBUG rally.task.runner [-] Starting a worker. times: 10 duration: None concurrency: 1 timeout: 0 cls: method_name: run args: {"max_quota": 1024}
2019-11-24 02:06:40.995 25689 INFO rally.task.runner [-] Task 0f224b2f-b482-42bf-b5a5-53c05acb6c5a | ITER: 1 START
2019-11-24 02:06:40.995 25691 RALLYDEBUG rally.task.runner [-] Starting a worker. times: 10 duration: None concurrency: 1 timeout: 0 cls: method_name: run args: {"max_quota": 1024}
2019-11-24 02:06:40.999 25690 INFO rally.task.runner [-] Task 0f224b2f-b482-42bf-b5a5-53c05acb6c5a | ITER: 2 START
2019-11-24 02:06:40.998 25693 RALLYDEBUG rally.task.runner [-] Starting a worker. times: 10 duration: None concurrency: 1 timeout: 0 cls: method_name: run args: {"max_quota": 1024}
2019-11-24 02:06:41.001 25691 INFO rally.task.runner [-] Task 0f224b2f-b482-42bf-b5a5-53c05acb6c5a | ITER: 3 START
2019-11-24 02:06:41.004 25693 INFO rally.task.runner [-] Task 0f224b2f-b482-42bf-b5a5-53c05acb6c5a | ITER: 4 START
2019-11-24 02:06:41.579 25690 INFO rally.task.runner [-] Task 0f224b2f-b482-42bf-b5a5-53c05acb6c5a | ITER: 2 END: OK
2019-11-24 02:06:41.584 25690 INFO rally.task.runner [-] Task 0f224b2f-b482-42bf-b5a5-53c05acb6c5a | ITER: 5 START
2019-11-24 02:06:41.602 25691 INFO rally.task.runner [-] Task 0f224b2f-b482-42bf-b5a5-53c05acb6c5a | ITER: 3 END: OK
2019-11-24 02:06:41.607 25691 INFO rally.task.runner [-] Task 0f224b2f-b482-42bf-b5a5-53c05acb6c5a | ITER: 6 START
2019-11-24 02:06:41.609 25693 INFO rally.task.runner [-] Task 0f224b2f-b482-42bf-b5a5-53c05acb6c5a | ITER: 4 END: OK
2019-11-24 02:06:41.614 25693 INFO rally.task.runner [-] Task 0f224b2f-b482-42bf-b5a5-53c05acb6c5a | ITER: 7 START
2019-11-24 02:06:41.716 25689 INFO rally.task.runner [-] Task 0f224b2f-b482-42bf-b5a5-53c05acb6c5a | ITER: 1 END: OK
2019-11-24 02:06:41.721 25689 INFO rally.task.runner [-] Task 0f224b2f-b482-42bf-b5a5-53c05acb6c5a | ITER: 8 START
2019-11-24 02:06:42.066 25691 INFO rally.task.runner [-] Task 0f224b2f-b482-42bf-b5a5-53c05acb6c5a | ITER: 6 END: OK
2019-11-24 02:06:42.070 25691 INFO rally.task.runner [-] Task 0f224b2f-b482-42bf-b5a5-53c05acb6c5a | ITER: 9 START
2019-11-24 02:06:42.099 25690 INFO rally.task.runner [-] Task 0f224b2f-b482-42bf-b5a5-53c05acb6c5a | ITER: 5 END: OK
2019-11-24 02:06:42.102 25690 INFO rally.task.runner [-] Task 0f224b2f-b482-42bf-b5a5-53c05acb6c5a | ITER: 10 START
2019-11-24 02:06:42.136 25693 INFO rally.task.runner [-] Task 0f224b2f-b482-42bf-b5a5-53c05acb6c5a | ITER: 7 END: OK
2019-11-24 02:06:42.218 25689 INFO rally.task.runner [-] Task 0f224b2f-b482-42bf-b5a5-53c05acb6c5a | ITER: 8 END: OK
2019-11-24 02:06:42.553 25691 INFO rally.task.runner [-] Task 0f224b2f-b482-42bf-b5a5-53c05acb6c5a | ITER: 9 END: OK
2019-11-24 02:06:42.584 25690 INFO rally.task.runner [-] Task 0f224b2f-b482-42bf-b5a5-53c05acb6c5a | ITER: 10 END: OK
2019-11-24 02:06:42.609 25565 INFO rally.task.context [-] Task 0f224b2f-b482-42bf-b5a5-53c05acb6c5a | Context admin_cleanup@openstack cleanup() started
2019-11-24 02:06:42.613 25565 RALLYDEBUG rally_openstack.cleanup.manager [-] Cleaning up cinder quotas objects
2019-11-24 02:06:43.422 25565 INFO rally.task.context [-] Task 0f224b2f-b482-42bf-b5a5-53c05acb6c5a | Context admin_cleanup@openstack cleanup() finished in 0.81 sec
2019-11-24 02:06:43.422 25565 INFO rally.task.context [-] Task 0f224b2f-b482-42bf-b5a5-53c05acb6c5a | Context api_versions@openstack cleanup() started
2019-11-24 02:06:43.423 25565 INFO rally.task.context [-] Task 0f224b2f-b482-42bf-b5a5-53c05acb6c5a | Context api_versions@openstack cleanup() finished in 0.37 msec
2019-11-24 02:06:43.423 25565 INFO rally.task.context [-] Task 0f224b2f-b482-42bf-b5a5-53c05acb6c5a | Context users@openstack cleanup() started
2019-11-24 02:06:48.221 25565 INFO rally.task.context [-] Task 0f224b2f-b482-42bf-b5a5-53c05acb6c5a | Context users@openstack cleanup() finished in 4.80 sec
2019-11-24 02:06:50.192 25565 INFO rally.task.engine [-] Load duration is: 1.588474
2019-11-24 02:06:50.193 25565 INFO rally.task.engine [-] Full runner duration is: 1.634744
2019-11-24 02:06:50.193 25565 INFO rally.task.engine [-] Full duration is: 10.116607
2019-11-24 02:06:50.562 25565 INFO rally.task.engine [-] Running workload: position = 0 config = { "version": 2, "title": "A cropped version of a bigger task.", "description": "Auto-generated task from a single workload (uuid=29ce9ed0-4bb1-41ed-9d2e-ae864033cb0c)", "subtasks": [ { "title": "Quotas.cinder_update", "description": "Update quotas for Cinder.", "scenario": { "Quotas.cinder_update": { "max_quota": 1024 } }, "contexts": { "users": { "tenants": 3, "users_per_tenant": 2 }, "api_versions": { "cinder": { "version": 3, "service_type": "volumev3" } } }, "runner": { "constant": { "concurrency": 4, "times": 10 } }, "hooks": [], "sla": { "failure_rate": { "max": 0 } } } ] }
2019-11-24 02:06:50.588 25565 RALLYDEBUG rally_openstack.contexts.keystone.users [-] Creating 3 tenants using 20 threads
2019-11-24 02:06:51.526 25565 RALLYDEBUG rally_openstack.contexts.keystone.users [-] Creating 6 users using 20 threads
2019-11-24 02:06:52.995 25565 INFO rally.task.context [-] Task 0f224b2f-b482-42bf-b5a5-53c05acb6c5a | Context users@openstack setup() finished in 2.41 sec
2019-11-24 02:06:53.405 25565 INFO rally.task.context [-] Task 0f224b2f-b482-42bf-b5a5-53c05acb6c5a | Context api_versions@openstack setup() finished in 0.41 sec
2019-11-24 02:06:53.405 25565 INFO rally.task.context [-] Task 0f224b2f-b482-42bf-b5a5-53c05acb6c5a | Context admin_cleanup@openstack setup() finished in 0.02 msec
2019-11-24 02:06:53.414 25565 RALLYDEBUG rally.task.runner [-] Starting the constant runner (task UUID: 0f224b2f-b482-42bf-b5a5-53c05acb6c5a). times: 10 concurrency: 4 timeout: 0 max_cpu_used: 16 processes_to_start: 4 concurrency_per_worker: 1 concurrency_overhead: 0
2019-11-24 02:06:53.425 25813 RALLYDEBUG rally.task.runner [-] Starting a worker. times: 10 duration: None concurrency: 1 timeout: 0 cls: method_name: run args: {"max_quota": 1024}
2019-11-24 02:06:53.428 25814 RALLYDEBUG rally.task.runner [-] Starting a worker. times: 10 duration: None concurrency: 1 timeout: 0 cls: method_name: run args: {"max_quota": 1024}
2019-11-24 02:06:53.432 25813 INFO rally.task.runner [-] Task 0f224b2f-b482-42bf-b5a5-53c05acb6c5a | ITER: 1 START
2019-11-24 02:06:53.432 25815 RALLYDEBUG rally.task.runner [-] Starting a worker. times: 10 duration: None concurrency: 1 timeout: 0 cls: method_name: run args: {"max_quota": 1024}
2019-11-24 02:06:53.436 25814 INFO rally.task.runner [-] Task 0f224b2f-b482-42bf-b5a5-53c05acb6c5a | ITER: 2 START
2019-11-24 02:06:53.436 25816 RALLYDEBUG rally.task.runner [-] Starting a worker. times: 10 duration: None concurrency: 1 timeout: 0 cls: method_name: run args: {"max_quota": 1024}
2019-11-24 02:06:53.439 25815 INFO rally.task.runner [-] Task 0f224b2f-b482-42bf-b5a5-53c05acb6c5a | ITER: 3 START
2019-11-24 02:06:53.443 25816 INFO rally.task.runner [-] Task 0f224b2f-b482-42bf-b5a5-53c05acb6c5a | ITER: 4 START
2019-11-24 02:06:54.010 25813 INFO rally.task.runner [-] Task 0f224b2f-b482-42bf-b5a5-53c05acb6c5a | ITER: 1 END: OK
2019-11-24 02:06:54.015 25813 INFO rally.task.runner [-] Task 0f224b2f-b482-42bf-b5a5-53c05acb6c5a | ITER: 5 START
2019-11-24 02:06:54.042 25814 INFO rally.task.runner [-] Task 0f224b2f-b482-42bf-b5a5-53c05acb6c5a | ITER: 2 END: OK
2019-11-24 02:06:54.043 25815 INFO rally.task.runner [-] Task 0f224b2f-b482-42bf-b5a5-53c05acb6c5a | ITER: 3 END: OK
2019-11-24 02:06:54.044 25816 INFO rally.task.runner [-] Task 0f224b2f-b482-42bf-b5a5-53c05acb6c5a | ITER: 4 END: OK
2019-11-24 02:06:54.046 25814 INFO rally.task.runner [-] Task 0f224b2f-b482-42bf-b5a5-53c05acb6c5a | ITER: 6 START
2019-11-24 02:06:54.048 25815 INFO rally.task.runner [-] Task 0f224b2f-b482-42bf-b5a5-53c05acb6c5a | ITER: 7 START
2019-11-24 02:06:54.048 25816 INFO rally.task.runner [-] Task 0f224b2f-b482-42bf-b5a5-53c05acb6c5a | ITER: 8 START
2019-11-24 02:06:54.490 25816 INFO rally.task.runner [-] Task 0f224b2f-b482-42bf-b5a5-53c05acb6c5a | ITER: 8 END: OK
2019-11-24 02:06:54.494 25816 INFO rally.task.runner [-] Task 0f224b2f-b482-42bf-b5a5-53c05acb6c5a | ITER: 9 START
2019-11-24 02:06:54.504 25815 INFO rally.task.runner [-] Task 0f224b2f-b482-42bf-b5a5-53c05acb6c5a | ITER: 7 END: OK
2019-11-24 02:06:54.508 25815 INFO rally.task.runner [-] Task 0f224b2f-b482-42bf-b5a5-53c05acb6c5a | ITER: 10 START
2019-11-24 02:06:54.517 25813 INFO rally.task.runner [-] Task 0f224b2f-b482-42bf-b5a5-53c05acb6c5a | ITER: 5 END: OK
2019-11-24 02:06:54.531 25814 INFO rally.task.runner [-] Task 0f224b2f-b482-42bf-b5a5-53c05acb6c5a | ITER: 6 END: OK
2019-11-24 02:06:54.948 25816 INFO rally.task.runner [-] Task 0f224b2f-b482-42bf-b5a5-53c05acb6c5a | ITER: 9 END: OK
2019-11-24 02:06:54.971 25815 INFO rally.task.runner [-] Task 0f224b2f-b482-42bf-b5a5-53c05acb6c5a | ITER: 10 END: OK
2019-11-24 02:06:54.995 25565 INFO rally.task.context [-] Task 0f224b2f-b482-42bf-b5a5-53c05acb6c5a | Context admin_cleanup@openstack cleanup() started
2019-11-24 02:06:54.998 25565 RALLYDEBUG rally_openstack.cleanup.manager [-] Cleaning up cinder quotas objects
2019-11-24 02:06:55.861 25565 INFO rally.task.context [-] Task 0f224b2f-b482-42bf-b5a5-53c05acb6c5a | Context admin_cleanup@openstack cleanup() finished in 0.87 sec
2019-11-24 02:06:55.862 25565 INFO rally.task.context [-] Task 0f224b2f-b482-42bf-b5a5-53c05acb6c5a | Context api_versions@openstack cleanup() started
2019-11-24 02:06:55.862 25565 INFO rally.task.context [-] Task 0f224b2f-b482-42bf-b5a5-53c05acb6c5a | Context api_versions@openstack cleanup() finished in 0.36 msec
2019-11-24 02:06:55.862 25565 INFO rally.task.context [-] Task 0f224b2f-b482-42bf-b5a5-53c05acb6c5a | Context users@openstack cleanup() started
2019-11-24 02:07:00.762 25565 INFO rally.task.context [-] Task 0f224b2f-b482-42bf-b5a5-53c05acb6c5a | Context users@openstack cleanup() finished in 4.90 sec
2019-11-24 02:07:02.687 25565 INFO rally.task.engine [-] Load duration is: 1.537299
2019-11-24 02:07:02.688 25565 INFO rally.task.engine [-] Full runner duration is: 1.58152
2019-11-24 02:07:02.688 25565 INFO rally.task.engine [-] Full duration is: 10.176641
2019-11-24 02:07:02.975 25565 INFO rally.task.engine [-] Running workload: position = 0 config = { "version": 2, "title": "A cropped version of a bigger task.", "description": "Auto-generated task from a single workload (uuid=d0398bfb-be0a-462a-8cb2-2db5885be5e7)", "subtasks": [ { "title": "Quotas.neutron_update", "description": "Update quotas for neutron.", "scenario": { "Quotas.neutron_update": { "max_quota": 1024 } }, "contexts": { "users": { "tenants": 3, "users_per_tenant": 2 } }, "runner": { "constant": { "concurrency": 4, "times": 10 } }, "hooks": [], "sla": { "failure_rate": { "max": 0 } } } ] }
2019-11-24 02:07:03.000 25565 RALLYDEBUG rally_openstack.contexts.keystone.users [-] Creating 3 tenants using 20 threads
2019-11-24 02:07:04.123 25565 RALLYDEBUG rally_openstack.contexts.keystone.users [-] Creating 6 users using 20 threads
2019-11-24 02:07:05.641 25565 INFO rally.task.context [-] Task 0f224b2f-b482-42bf-b5a5-53c05acb6c5a | Context users@openstack setup() finished in 2.64 sec
2019-11-24 02:07:05.641 25565 INFO rally.task.context [-] Task 0f224b2f-b482-42bf-b5a5-53c05acb6c5a | Context admin_cleanup@openstack setup() finished in 0.01 msec
2019-11-24 02:07:05.651 25565 RALLYDEBUG rally.task.runner [-] Starting the constant runner (task UUID: 0f224b2f-b482-42bf-b5a5-53c05acb6c5a). times: 10 concurrency: 4 timeout: 0 max_cpu_used: 16 processes_to_start: 4 concurrency_per_worker: 1 concurrency_overhead: 0
2019-11-24 02:07:05.662 25937 RALLYDEBUG rally.task.runner [-] Starting a worker. times: 10 duration: None concurrency: 1 timeout: 0 cls: method_name: run args: {"max_quota": 1024}
2019-11-24 02:07:05.666 25938 RALLYDEBUG rally.task.runner [-] Starting a worker. times: 10 duration: None concurrency: 1 timeout: 0 cls: method_name: run args: {"max_quota": 1024}
2019-11-24 02:07:05.669 25937 INFO rally.task.runner [-] Task 0f224b2f-b482-42bf-b5a5-53c05acb6c5a | ITER: 1 START
2019-11-24 02:07:05.669 25939 RALLYDEBUG rally.task.runner [-] Starting a worker. times: 10 duration: None concurrency: 1 timeout: 0 cls: method_name: run args: {"max_quota": 1024}
2019-11-24 02:07:05.672 25941 RALLYDEBUG rally.task.runner [-] Starting a worker. times: 10 duration: None concurrency: 1 timeout: 0 cls: method_name: run args: {"max_quota": 1024}
2019-11-24 02:07:05.673 25938 INFO rally.task.runner [-] Task 0f224b2f-b482-42bf-b5a5-53c05acb6c5a | ITER: 2 START
2019-11-24 02:07:05.676 25939 INFO rally.task.runner [-] Task 0f224b2f-b482-42bf-b5a5-53c05acb6c5a | ITER: 3 START
2019-11-24 02:07:05.679 25941 INFO rally.task.runner [-] Task 0f224b2f-b482-42bf-b5a5-53c05acb6c5a | ITER: 4 START
2019-11-24 02:07:06.200 25937 INFO rally.task.runner [-] Task 0f224b2f-b482-42bf-b5a5-53c05acb6c5a | ITER: 1 END: OK
2019-11-24 02:07:06.204 25937 INFO rally.task.runner [-] Task 0f224b2f-b482-42bf-b5a5-53c05acb6c5a | ITER: 5 START
2019-11-24 02:07:06.220 25938 INFO rally.task.runner [-] Task 0f224b2f-b482-42bf-b5a5-53c05acb6c5a | ITER: 2 END: OK
2019-11-24 02:07:06.224 25938 INFO rally.task.runner [-] Task 0f224b2f-b482-42bf-b5a5-53c05acb6c5a | ITER: 6 START
2019-11-24 02:07:06.226 25941 INFO rally.task.runner [-] Task 0f224b2f-b482-42bf-b5a5-53c05acb6c5a | ITER: 4 END: OK
2019-11-24 02:07:06.230 25941 INFO rally.task.runner [-] Task 0f224b2f-b482-42bf-b5a5-53c05acb6c5a | ITER: 7 START
2019-11-24 02:07:06.447 25939 INFO rally.task.runner [-] Task 0f224b2f-b482-42bf-b5a5-53c05acb6c5a | ITER: 3 END: OK
2019-11-24 02:07:06.452 25939 INFO rally.task.runner [-] Task 0f224b2f-b482-42bf-b5a5-53c05acb6c5a | ITER: 8 START
2019-11-24 02:07:06.650 25941 INFO rally.task.runner [-] Task 0f224b2f-b482-42bf-b5a5-53c05acb6c5a | ITER: 7 END: OK
2019-11-24 02:07:06.651 25938 INFO rally.task.runner [-] Task 0f224b2f-b482-42bf-b5a5-53c05acb6c5a | ITER: 6 END: OK
2019-11-24 02:07:06.654 25938 INFO rally.task.runner [-] Task 0f224b2f-b482-42bf-b5a5-53c05acb6c5a | ITER: 9 START
2019-11-24 02:07:06.654 25941 INFO rally.task.runner [-] Task 0f224b2f-b482-42bf-b5a5-53c05acb6c5a | ITER: 10 START
2019-11-24 02:07:06.874 25939 INFO rally.task.runner [-] Task 0f224b2f-b482-42bf-b5a5-53c05acb6c5a | ITER: 8 END: OK
2019-11-24 02:07:06.904 25937 INFO rally.task.runner [-] Task 0f224b2f-b482-42bf-b5a5-53c05acb6c5a | ITER: 5 END: OK
2019-11-24 02:07:07.077 25938 INFO rally.task.runner [-] Task 0f224b2f-b482-42bf-b5a5-53c05acb6c5a | ITER: 9 END: OK
2019-11-24 02:07:07.077 25941 INFO rally.task.runner [-] Task 0f224b2f-b482-42bf-b5a5-53c05acb6c5a | ITER: 10 END: OK
2019-11-24 02:07:07.109 25565 INFO rally.task.context [-] Task 0f224b2f-b482-42bf-b5a5-53c05acb6c5a | Context admin_cleanup@openstack cleanup() started
2019-11-24 02:07:07.113 25565 RALLYDEBUG rally_openstack.cleanup.manager [-] Cleaning up neutron quota objects
2019-11-24 02:07:07.918 25565 INFO rally.task.context [-] Task 0f224b2f-b482-42bf-b5a5-53c05acb6c5a | Context admin_cleanup@openstack cleanup() finished in 0.81 sec
2019-11-24 02:07:07.919 25565 INFO rally.task.context [-] Task 0f224b2f-b482-42bf-b5a5-53c05acb6c5a | Context users@openstack cleanup() started
2019-11-24 02:07:13.043 25565 INFO rally.task.context [-] Task 0f224b2f-b482-42bf-b5a5-53c05acb6c5a | Context users@openstack cleanup() finished in 5.12 sec
2019-11-24 02:07:13.192 25565 INFO rally.task.engine [-] Load duration is: 1.406441
2019-11-24 02:07:13.192 25565 INFO rally.task.engine [-] Full runner duration is: 1.459201
2019-11-24 02:07:13.192 25565 INFO rally.task.engine [-] Full duration is: 10.044524
2019-11-24 02:07:13.502 25565 INFO rally.task.engine [-] Running workload: position = 0 config = { "version": 2, "title": "A cropped version of a bigger task.", "description": "Auto-generated task from a single workload (uuid=cb7b2d85-17c1-453c-b331-3ac3bb2c8a44)", "subtasks": [ { "title": "Quotas.nova_update", "description": "Update quotas for Nova.", "scenario": { "Quotas.nova_update": { "max_quota": 1024 } }, "contexts": { "users": { "tenants": 3, "users_per_tenant": 2 } }, "runner": { "constant": { "concurrency": 4, "times": 10 } }, "hooks": [], "sla": { "failure_rate": { "max": 0 } } } ] }
2019-11-24 02:07:13.525 25565 RALLYDEBUG rally_openstack.contexts.keystone.users [-] Creating 3 tenants using 20 threads
2019-11-24 02:07:14.782 25565 RALLYDEBUG rally_openstack.contexts.keystone.users [-] Creating 6 users using 20 threads
2019-11-24 02:07:16.334 25565 INFO rally.task.context [-] Task 0f224b2f-b482-42bf-b5a5-53c05acb6c5a | Context users@openstack setup() finished in 2.81 sec
2019-11-24 02:07:16.335 25565 INFO rally.task.context [-] Task 0f224b2f-b482-42bf-b5a5-53c05acb6c5a | Context admin_cleanup@openstack setup() finished in 0.01 msec
2019-11-24 02:07:16.343 25565 RALLYDEBUG rally.task.runner [-] Starting the constant runner (task UUID: 0f224b2f-b482-42bf-b5a5-53c05acb6c5a). times: 10 concurrency: 4 timeout: 0 max_cpu_used: 16 processes_to_start: 4 concurrency_per_worker: 1 concurrency_overhead: 0
2019-11-24 02:07:16.354 26061 RALLYDEBUG rally.task.runner [-] Starting a worker. times: 10 duration: None concurrency: 1 timeout: 0 cls: method_name: run args: {"max_quota": 1024}
2019-11-24 02:07:16.357 26062 RALLYDEBUG rally.task.runner [-] Starting a worker. times: 10 duration: None concurrency: 1 timeout: 0 cls: method_name: run args: {"max_quota": 1024}
2019-11-24 02:07:16.361 26061 INFO rally.task.runner [-] Task 0f224b2f-b482-42bf-b5a5-53c05acb6c5a | ITER: 1 START
2019-11-24 02:07:16.361 26063 RALLYDEBUG rally.task.runner [-] Starting a worker. times: 10 duration: None concurrency: 1 timeout: 0 cls: method_name: run args: {"max_quota": 1024}
2019-11-24 02:07:16.364 26062 INFO rally.task.runner [-] Task 0f224b2f-b482-42bf-b5a5-53c05acb6c5a | ITER: 2 START
2019-11-24 02:07:16.365 26064 RALLYDEBUG rally.task.runner [-] Starting a worker. times: 10 duration: None concurrency: 1 timeout: 0 cls: method_name: run args: {"max_quota": 1024}
2019-11-24 02:07:16.367 26063 INFO rally.task.runner [-] Task 0f224b2f-b482-42bf-b5a5-53c05acb6c5a | ITER: 3 START
2019-11-24 02:07:16.371 26064 INFO rally.task.runner [-] Task 0f224b2f-b482-42bf-b5a5-53c05acb6c5a | ITER: 4 START
2019-11-24 02:07:17.011 26064 INFO rally.task.runner [-] Task 0f224b2f-b482-42bf-b5a5-53c05acb6c5a | ITER: 4 END: OK
2019-11-24 02:07:17.011 26063 INFO rally.task.runner [-] Task 0f224b2f-b482-42bf-b5a5-53c05acb6c5a | ITER: 3 END: OK
2019-11-24 02:07:17.016 26064 INFO rally.task.runner [-] Task 0f224b2f-b482-42bf-b5a5-53c05acb6c5a | ITER: 5 START
2019-11-24 02:07:17.016 26063 INFO rally.task.runner [-] Task 0f224b2f-b482-42bf-b5a5-53c05acb6c5a | ITER: 6 START
2019-11-24 02:07:17.099 26061 INFO rally.task.runner [-] Task 0f224b2f-b482-42bf-b5a5-53c05acb6c5a | ITER: 1 END: OK
2019-11-24 02:07:17.105 26061 INFO rally.task.runner [-] Task 0f224b2f-b482-42bf-b5a5-53c05acb6c5a | ITER: 7 START
2019-11-24 02:07:17.119 26062 INFO rally.task.runner [-] Task 0f224b2f-b482-42bf-b5a5-53c05acb6c5a | ITER: 2 END: OK
2019-11-24 02:07:17.124 26062 INFO rally.task.runner [-] Task 0f224b2f-b482-42bf-b5a5-53c05acb6c5a | ITER: 8 START
2019-11-24 02:07:17.510 26063 INFO rally.task.runner [-] Task 0f224b2f-b482-42bf-b5a5-53c05acb6c5a | ITER: 6 END: OK
2019-11-24 02:07:17.513 26063 INFO rally.task.runner [-] Task 0f224b2f-b482-42bf-b5a5-53c05acb6c5a | ITER: 9 START
2019-11-24 02:07:17.566 26064 INFO rally.task.runner [-] Task 0f224b2f-b482-42bf-b5a5-53c05acb6c5a | ITER: 5 END: OK
2019-11-24 02:07:17.569 26064 INFO rally.task.runner [-] Task 0f224b2f-b482-42bf-b5a5-53c05acb6c5a | ITER: 10 START
2019-11-24 02:07:17.618 26061 INFO rally.task.runner [-] Task 0f224b2f-b482-42bf-b5a5-53c05acb6c5a | ITER: 7 END: OK
2019-11-24 02:07:17.662 26062 INFO rally.task.runner [-] Task 0f224b2f-b482-42bf-b5a5-53c05acb6c5a | ITER: 8 END: OK
2019-11-24 02:07:18.050 26063 INFO rally.task.runner [-] Task 0f224b2f-b482-42bf-b5a5-53c05acb6c5a | ITER: 9 END: OK
2019-11-24 02:07:18.109 26064 INFO rally.task.runner [-] Task 0f224b2f-b482-42bf-b5a5-53c05acb6c5a | ITER: 10 END: OK
2019-11-24 02:07:18.138 25565 INFO rally.task.context [-] Task 0f224b2f-b482-42bf-b5a5-53c05acb6c5a | Context admin_cleanup@openstack cleanup() started
2019-11-24 02:07:18.141 25565 RALLYDEBUG rally_openstack.cleanup.manager [-] Cleaning up nova quotas objects
2019-11-24 02:07:18.952 25565 INFO rally.task.context [-] Task 0f224b2f-b482-42bf-b5a5-53c05acb6c5a | Context admin_cleanup@openstack cleanup() finished in 0.81 sec
2019-11-24 02:07:18.952 25565 INFO rally.task.context [-] Task 0f224b2f-b482-42bf-b5a5-53c05acb6c5a | Context users@openstack cleanup() started
2019-11-24 02:07:23.614 25565 INFO rally.task.context [-] Task 0f224b2f-b482-42bf-b5a5-53c05acb6c5a | Context users@openstack cleanup() finished in 4.66 sec
2019-11-24 02:07:23.705 25565 INFO rally.task.engine [-] Load duration is: 1.746996
2019-11-24 02:07:23.705 25565 INFO rally.task.engine [-] Full runner duration is: 1.795587
2019-11-24 02:07:23.706 25565 INFO rally.task.engine [-] Full duration is: 10.091108
2019-11-24 02:07:24.022 25565 INFO rally.task.engine [-] Task 0f224b2f-b482-42bf-b5a5-53c05acb6c5a | Completed: Running task.
2019-11-24 02:07:25.539 26143 RALLYDEBUG rally.api [-] INFO logs from urllib3 and requests module are hide.
2019-11-24 02:07:25.540 26143 RALLYDEBUG rally.api [-] urllib3 insecure warnings are hidden.
2019-11-24 02:07:25.540 26143 RALLYDEBUG rally.api [-] ERROR log from boto module is hide.
2019-11-24 02:07:26.602 26144 RALLYDEBUG rally.api [-] INFO logs from urllib3 and requests module are hide.
2019-11-24 02:07:26.602 26144 RALLYDEBUG rally.api [-] urllib3 insecure warnings are hidden.
2019-11-24 02:07:26.602 26144 RALLYDEBUG rally.api [-] ERROR log from boto module is hide.
2019-11-24 02:07:27.840 26145 RALLYDEBUG rally.api [-] INFO logs from urllib3 and requests module are hide.
2019-11-24 02:07:27.840 26145 RALLYDEBUG rally.api [-] urllib3 insecure warnings are hidden.
2019-11-24 02:07:27.840 26145 RALLYDEBUG rally.api [-] ERROR log from boto module is hide.
2019-11-24 02:07:29.473 26145 INFO rally.api [-] Building 'json' report for the following task(s): '0f224b2f-b482-42bf-b5a5-53c05acb6c5a'.
2019-11-24 02:07:29.480 26145 INFO rally.api [-] The report has been successfully built.
2019-11-24 02:07:30.850 26147 RALLYDEBUG rally.api [-] INFO logs from urllib3 and requests module are hide.
2019-11-24 02:07:30.850 26147 RALLYDEBUG rally.api [-] urllib3 insecure warnings are hidden.
2019-11-24 02:07:30.850 26147 RALLYDEBUG rally.api [-] ERROR log from boto module is hide.
2019-11-24 02:07:32.693 26147 INFO rally.task.engine [-] Task a76fddec-8f12-47ef-879e-30e1f5809c2d | Starting: Task validation.
2019-11-24 02:07:32.747 26147 INFO rally.task.engine [-] Task a76fddec-8f12-47ef-879e-30e1f5809c2d | Starting: Task validation of syntax.
2019-11-24 02:07:32.845 26147 INFO rally.task.engine [-] Task a76fddec-8f12-47ef-879e-30e1f5809c2d | Completed: Task validation of syntax.
2019-11-24 02:07:32.845 26147 INFO rally.task.engine [-] Task a76fddec-8f12-47ef-879e-30e1f5809c2d | Starting: Task validation of required platforms.
2019-11-24 02:07:32.889 26147 INFO rally.task.engine [-] Task a76fddec-8f12-47ef-879e-30e1f5809c2d | Completed: Task validation of required platforms.
2019-11-24 02:07:32.889 26147 INFO rally.task.engine [-] Task a76fddec-8f12-47ef-879e-30e1f5809c2d | Starting: Task validation of semantic.
2019-11-24 02:07:32.889 26147 INFO rally.task.engine [-] Check health of the environment '4cd4f0ea-fd56-48ed-8a3d-a92bfc2b7126'.
2019-11-24 02:07:33.862 26147 INFO rally.task.engine [-] Platform existing@openstack (available: True): OK!
2019-11-24 02:07:33.885 26147 RALLYDEBUG rally_openstack.contexts.keystone.users [-] Creating 1 tenants using 20 threads
2019-11-24 02:07:34.815 26147 RALLYDEBUG rally_openstack.contexts.keystone.users [-] Creating 1 users using 20 threads
2019-11-24 02:07:36.250 26147 INFO rally.task.context [-] Task a76fddec-8f12-47ef-879e-30e1f5809c2d | Context users@openstack setup() finished in 2.37 sec
2019-11-24 02:07:36.572 26147 INFO rally.task.context [-] Task a76fddec-8f12-47ef-879e-30e1f5809c2d | Context users@openstack cleanup() started
2019-11-24 02:07:39.873 26147 INFO rally.task.context [-] Task a76fddec-8f12-47ef-879e-30e1f5809c2d | Context users@openstack cleanup() finished in 3.30 sec
2019-11-24 02:07:39.957 26147 ERROR rally.cli.cliutils [-] Unexpected exception in CLI: rally.exceptions.InvalidTaskConfig: Input task is invalid! Subtask SwiftObjects.create_container_and_object_then_list_objects[0] has wrong configuration Subtask configuration: {"version": 2, "title": "A cropped version of a bigger task.", "description": "Auto-generated task from a single workload", "subtasks": [{"title": "SwiftObjects.create_container_and_object_then_list_objects", "description": "Create container and objects then list all objects.", "scenario": {"SwiftObjects.create_container_and_object_then_list_objects": {"objects_per_container": 2, "object_size": 5120}}, "contexts": {"users": {"tenants": 3, "users_per_tenant": 2}, "roles": ["admin"]}, "runner": {"constant": {"concurrency": 4, "times": 10}}, "hooks": [], "sla": {"failure_rate": {"max": 0}}}]} Reason(s): Scenario plugin 'SwiftObjects.create_container_and_object_then_list_objects' doesn't pass required_services@openstack validation. Details: 'swift' service is not available. Hint: If 'swift' service has non-default service_type, try to setup it via 'api_versions@openstack' context.
2019-11-24 02:07:39.957 26147 ERROR rally.cli.cliutils
Traceback (most recent call last):
2019-11-24 02:07:39.957 26147 ERROR rally.cli.cliutils
File "/usr/lib/python3.6/site-packages/rally/cli/cliutils.py", line 674, in run
2019-11-24 02:07:39.957 26147 ERROR rally.cli.cliutils ret = fn(*fn_args, **fn_kwargs)
2019-11-24 02:07:39.957 26147 ERROR rally.cli.cliutils File "", line 2, in start
2019-11-24 02:07:39.957 26147 ERROR rally.cli.cliutils
File "/usr/lib/python3.6/site-packages/rally/cli/envutils.py", line 68, in default_from_global
2019-11-24 02:07:39.957 26147 ERROR rally.cli.cliutils return f(*args, **kwargs)
2019-11-24 02:07:39.957 26147 ERROR rally.cli.cliutils File "", line 2, in start
2019-11-24 02:07:39.957 26147 ERROR rally.cli.cliutils
File "/usr/lib/python3.6/site-packages/rally/plugins/__init__.py", line 51, in ensure_plugins_are_loaded
2019-11-24 02:07:39.957 26147 ERROR rally.cli.cliutils return f(*args, **kwargs)
2019-11-24 02:07:39.957 26147 ERROR rally.cli.cliutils
File "/usr/lib/python3.6/site-packages/rally/cli/commands/task.py", line 307, in start
2019-11-24 02:07:39.957 26147 ERROR rally.cli.cliutils abort_on_sla_failure=abort_on_sla_failure)
2019-11-24 02:07:39.957 26147 ERROR rally.cli.cliutils
File "/usr/lib/python3.6/site-packages/rally/api.py", line 422, in start
2019-11-24 02:07:39.957 26147 ERROR rally.cli.cliutils task_engine.validate()
2019-11-24 02:07:39.957 26147 ERROR rally.cli.cliutils
File "/usr/lib/python3.6/site-packages/rally/common/logging.py", line 248, in wrapper
2019-11-24 02:07:39.957 26147 ERROR rally.cli.cliutils result = f(self, *args, **kwargs)
2019-11-24 02:07:39.957 26147 ERROR rally.cli.cliutils
File "/usr/lib/python3.6/site-packages/rally/task/engine.py", line 394, in validate
2019-11-24 02:07:39.957 26147 ERROR rally.cli.cliutils self._validate_config_semantic(self.config)
2019-11-24 02:07:39.957 26147 ERROR rally.cli.cliutils
File "/usr/lib/python3.6/site-packages/rally/common/logging.py", line 248, in wrapper
2019-11-24 02:07:39.957 26147 ERROR rally.cli.cliutils result = f(self, *args, **kwargs)
2019-11-24 02:07:39.957 26147 ERROR rally.cli.cliutils
File "/usr/lib/python3.6/site-packages/rally/task/engine.py", line 380, in _validate_config_semantic
2019-11-24 02:07:39.957 26147 ERROR rally.cli.cliutils workload, vcontext=ctx_obj, vtype="semantic")
2019-11-24 02:07:39.957 26147 ERROR rally.cli.cliutils
File "/usr/lib/python3.6/site-packages/rally/task/engine.py", line 328, in _validate_workload
2019-11-24 02:07:39.957 26147 ERROR rally.cli.cliutils raise exceptions.InvalidTaskConfig(**kw)
2019-11-24 02:07:39.957 26147 ERROR rally.cli.cliutils rally.exceptions.InvalidTaskConfig: Input task is invalid!
2019-11-24 02:07:39.957 26147 ERROR rally.cli.cliutils
2019-11-24 02:07:39.957 26147 ERROR rally.cli.cliutils Subtask SwiftObjects.create_container_and_object_then_list_objects[0] has wrong configuration
2019-11-24 02:07:39.957 26147 ERROR rally.cli.cliutils Subtask configuration:
2019-11-24 02:07:39.957 26147 ERROR rally.cli.cliutils {"version": 2, "title": "A cropped version of a bigger task.", "description": "Auto-generated task from a single workload", "subtasks": [{"title": "SwiftObjects.create_container_and_object_then_list_objects", "description": "Create container and objects then list all objects.", "scenario": {"SwiftObjects.create_container_and_object_then_list_objects": {"objects_per_container": 2, "object_size": 5120}}, "contexts": {"users": {"tenants": 3, "users_per_tenant": 2}, "roles": ["admin"]}, "runner": {"constant": {"concurrency": 4, "times": 10}}, "hooks": [], "sla": {"failure_rate": {"max": 0}}}]}
2019-11-24 02:07:39.957 26147 ERROR rally.cli.cliutils
2019-11-24 02:07:39.957 26147 ERROR rally.cli.cliutils Reason(s):
2019-11-24 02:07:39.957 26147 ERROR rally.cli.cliutils Scenario plugin 'SwiftObjects.create_container_and_object_then_list_objects' doesn't pass required_services@openstack validation. Details: 'swift' service is not available. Hint: If 'swift' service has non-default service_type, try to setup it via 'api_versions@openstack' context.
2019-11-24 02:07:39.957 26147 ERROR rally.cli.cliutils
2019-11-24 02:07:41.405 26229 RALLYDEBUG rally.api [-] INFO logs from urllib3 and requests module are hide.
2019-11-24 02:07:41.405 26229 RALLYDEBUG rally.api [-] urllib3 insecure warnings are hidden.
2019-11-24 02:07:41.405 26229 RALLYDEBUG rally.api [-] ERROR log from boto module is hide.
2019-11-24 02:07:42.625 26230 RALLYDEBUG rally.api [-] INFO logs from urllib3 and requests module are hide.
2019-11-24 02:07:42.626 26230 RALLYDEBUG rally.api [-] urllib3 insecure warnings are hidden.
2019-11-24 02:07:42.626 26230 RALLYDEBUG rally.api [-] ERROR log from boto module is hide.
2019-11-24 02:07:43.849 26231 RALLYDEBUG rally.api [-] INFO logs from urllib3 and requests module are hide.
2019-11-24 02:07:43.849 26231 RALLYDEBUG rally.api [-] urllib3 insecure warnings are hidden.
2019-11-24 02:07:43.849 26231 RALLYDEBUG rally.api [-] ERROR log from boto module is hide.
2019-11-24 02:07:45.405 26231 INFO rally.api [-] Building 'json' report for the following task(s): 'a76fddec-8f12-47ef-879e-30e1f5809c2d'.
2019-11-24 02:07:45.407 26231 INFO rally.api [-] The report has been successfully built.
2019-11-24 02:07:46.746 26233 RALLYDEBUG rally.api [-] INFO logs from urllib3 and requests module are hide.
2019-11-24 02:07:46.746 26233 RALLYDEBUG rally.api [-] urllib3 insecure warnings are hidden.
2019-11-24 02:07:46.746 26233 RALLYDEBUG rally.api [-] ERROR log from boto module is hide.
2019-11-24 02:07:48.650 26233 INFO rally.task.engine [-] Task 0b855c0a-dbdf-412b-86f2-25f3a68d2a39 | Starting: Task validation.
2019-11-24 02:07:48.706 26233 INFO rally.task.engine [-] Task 0b855c0a-dbdf-412b-86f2-25f3a68d2a39 | Starting: Task validation of syntax.
2019-11-24 02:07:48.858 26233 INFO rally.task.engine [-] Task 0b855c0a-dbdf-412b-86f2-25f3a68d2a39 | Completed: Task validation of syntax.
2019-11-24 02:07:48.858 26233 INFO rally.task.engine [-] Task 0b855c0a-dbdf-412b-86f2-25f3a68d2a39 | Starting: Task validation of required platforms.
2019-11-24 02:07:48.917 26233 INFO rally.task.engine [-] Task 0b855c0a-dbdf-412b-86f2-25f3a68d2a39 | Completed: Task validation of required platforms.
2019-11-24 02:07:48.919 26233 INFO rally.task.engine [-] Task 0b855c0a-dbdf-412b-86f2-25f3a68d2a39 | Starting: Task validation of semantic.
2019-11-24 02:07:48.919 26233 INFO rally.task.engine [-] Check health of the environment '4cd4f0ea-fd56-48ed-8a3d-a92bfc2b7126'.
2019-11-24 02:07:49.836 26233 INFO rally.task.engine [-] Platform existing@openstack (available: True): OK!
2019-11-24 02:07:49.857 26233 RALLYDEBUG rally_openstack.contexts.keystone.users [-] Creating 1 tenants using 20 threads
2019-11-24 02:07:50.709 26233 RALLYDEBUG rally_openstack.contexts.keystone.users [-] Creating 1 users using 20 threads
2019-11-24 02:07:52.092 26233 INFO rally.task.context [-] Task 0b855c0a-dbdf-412b-86f2-25f3a68d2a39 | Context users@openstack setup() finished in 2.24 sec
2019-11-24 02:07:55.610 26233 INFO rally.task.context [-] Task 0b855c0a-dbdf-412b-86f2-25f3a68d2a39 | Context users@openstack cleanup() started
2019-11-24 02:07:58.470 26233 INFO rally.task.context [-] Task 0b855c0a-dbdf-412b-86f2-25f3a68d2a39 | Context users@openstack cleanup() finished in 2.86 sec
2019-11-24 02:07:58.470 26233 INFO rally.task.engine [-] Task 0b855c0a-dbdf-412b-86f2-25f3a68d2a39 | Completed: Task validation of semantic.
2019-11-24 02:07:58.471 26233 INFO rally.task.engine [-] Task 0b855c0a-dbdf-412b-86f2-25f3a68d2a39 | Completed: Task validation.
2019-11-24 02:07:58.471 26233 INFO rally.api [-] Task 0b855c0a-dbdf-412b-86f2-25f3a68d2a39 input file is valid.
2019-11-24 02:07:58.472 26233 INFO rally.api [-] Run Task 0b855c0a-dbdf-412b-86f2-25f3a68d2a39 against Deployment 4cd4f0ea-fd56-48ed-8a3d-a92bfc2b7126
2019-11-24 02:07:58.472 26233 INFO rally.task.engine [-] Task 0b855c0a-dbdf-412b-86f2-25f3a68d2a39 | Starting: Running task.
2019-11-24 02:07:58.664 26233 INFO rally.task.engine [-] Running workload: position = 0 config = { "version": 2, "title": "A cropped version of a bigger task.", "description": "Auto-generated task from a single workload (uuid=27835175-ff3d-4caf-be93-b43f59e30821)", "subtasks": [ { "title": "BarbicanContainers.create_and_add", "description": "Create secret, create generic container, and delete container.", "scenario": { "BarbicanContainers.create_and_add": {} }, "contexts": { "users": { "tenants": 3, "users_per_tenant": 2 } }, "runner": { "constant": { "concurrency": 4, "times": 10 } }, "hooks": [], "sla": { "failure_rate": { "max": 0 } } } ] }
2019-11-24 02:07:58.687 26233 RALLYDEBUG rally_openstack.contexts.keystone.users [-] Creating 3 tenants using 20 threads
2019-11-24 02:07:59.748 26233 RALLYDEBUG rally_openstack.contexts.keystone.users [-] Creating 6 users using 20 threads
