2019-11-24 00:54:34.864 11212 INFO rally.task.runner [-] Task 051d37d8-a950-4795-803f-dadec1612454 | ITER: 7 END: OK
2019-11-24 00:54:34.868 11212 INFO rally.task.runner [-] Task 051d37d8-a950-4795-803f-dadec1612454 | ITER: 9 START
2019-11-24 00:54:34.893 11211 INFO rally.task.runner [-] Task 051d37d8-a950-4795-803f-dadec1612454 | ITER: 5 END: OK
2019-11-24 00:54:34.898 11211 INFO rally.task.runner [-] Task 051d37d8-a950-4795-803f-dadec1612454 | ITER: 10 START
2019-11-24 00:54:35.860 11214 INFO rally.task.runner [-] Task 051d37d8-a950-4795-803f-dadec1612454 | ITER: 6 END: OK
2019-11-24 00:54:35.945 11213 INFO rally.task.runner [-] Task 051d37d8-a950-4795-803f-dadec1612454 | ITER: 8 END: OK
2019-11-24 00:54:38.311 11211 RALLYDEBUG rally.task.utils [-] Waiting for resource . Status changed: CREATE_IN_PROGRESS => CREATE_COMPLETE in 0.07082295417785645
2019-11-24 00:54:38.312 11212 RALLYDEBUG rally.task.utils [-] Waiting for resource . Status changed: CREATE_IN_PROGRESS => CREATE_COMPLETE in 0.07387900352478027
2019-11-24 00:54:38.618 11211 RALLYDEBUG rally.task.utils [-] Waiting for resource . Status changed: CREATE_COMPLETE => CHECK_COMPLETE in 0.06565022468566895
2019-11-24 00:54:38.618 11212 RALLYDEBUG rally.task.utils [-] Waiting for resource . Status changed: CREATE_COMPLETE => CHECK_COMPLETE in 0.06513381004333496
2019-11-24 00:54:38.724 11212 RALLYDEBUG rally.task.utils [-] Waiting for resource . Status changed: CREATE_COMPLETE => DELETE_IN_PROGRESS in 0.0500798225402832
2019-11-24 00:54:38.747 11211 RALLYDEBUG rally.task.utils [-] Waiting for resource . Status changed: CREATE_COMPLETE => DELETE_IN_PROGRESS in 0.061319828033447266
2019-11-24 00:54:39.801 11212 INFO rally.task.runner [-] Task 051d37d8-a950-4795-803f-dadec1612454 | ITER: 9 END: OK
2019-11-24 00:54:39.805 11211 INFO rally.task.runner [-] Task 051d37d8-a950-4795-803f-dadec1612454 | ITER: 10 END: OK
2019-11-24 00:54:39.836 8497 INFO rally.task.context [-] Task 051d37d8-a950-4795-803f-dadec1612454 | Context cleanup@openstack cleanup() started
2019-11-24 00:54:39.839 8497 RALLYDEBUG rally_openstack.cleanup.manager [-] Cleaning up heat stacks objects
2019-11-24 00:54:41.349 8497 RALLYDEBUG rally_openstack.cleanup.manager [-] Deleting heat.stacks object s_rally_60800f5c_BvDedvwl (88be3bd8-f146-4e38-8c1a-15a0910d5b18)
2019-11-24 00:54:41.976 8497 ERROR rally_openstack.cleanup.manager [-] Resource deletion failed, max retries exceeded for heat.stacks: 88be3bd8-f146-4e38-8c1a-15a0910d5b18.: heatclient.exc.HTTPNotFound: ERROR: The Stack (s_rally_60800f5c_BvDedvwl) could not be found.
2019-11-24 00:54:41.976 8497 ERROR rally_openstack.cleanup.manager
Traceback (most recent call last):
2019-11-24 00:54:41.976 8497 ERROR rally_openstack.cleanup.manager
File "/usr/lib/python3.6/site-packages/rally_openstack/cleanup/manager.py", line 85, in _delete_single_resource
2019-11-24 00:54:41.976 8497 ERROR rally_openstack.cleanup.manager rutils.retry(resource._max_attempts, resource.delete)
2019-11-24 00:54:41.976 8497 ERROR rally_openstack.cleanup.manager
File "/usr/lib/python3.6/site-packages/rally/common/utils.py", line 230, in retry
2019-11-24 00:54:41.976 8497 ERROR rally_openstack.cleanup.manager return func(*args, **kwargs)
2019-11-24 00:54:41.976 8497 ERROR rally_openstack.cleanup.manager
File "/usr/lib/python3.6/site-packages/rally_openstack/cleanup/base.py", line 129, in delete
2019-11-24 00:54:41.976 8497 ERROR rally_openstack.cleanup.manager self._manager().delete(self.id())
2019-11-24 00:54:41.976 8497 ERROR rally_openstack.cleanup.manager
File "/usr/lib/python3.6/site-packages/heatclient/v1/stacks.py", line 201, in delete
2019-11-24 00:54:41.976 8497 ERROR rally_openstack.cleanup.manager self._delete("/stacks/%s" % stack_id)
2019-11-24 00:54:41.976 8497 ERROR rally_openstack.cleanup.manager
File "/usr/lib/python3.6/site-packages/heatclient/common/base.py", line 207, in _delete
2019-11-24 00:54:41.976 8497 ERROR rally_openstack.cleanup.manager return self.client.delete(url)
2019-11-24 00:54:41.976 8497 ERROR rally_openstack.cleanup.manager
File "/usr/lib/python3.6/site-packages/keystoneauth1/adapter.py", line 390, in delete
2019-11-24 00:54:41.976 8497 ERROR rally_openstack.cleanup.manager return self.request(url, 'DELETE', **kwargs)
2019-11-24 00:54:41.976 8497 ERROR rally_openstack.cleanup.manager
File "/usr/lib/python3.6/site-packages/heatclient/common/http.py", line 320, in request
2019-11-24 00:54:41.976 8497 ERROR rally_openstack.cleanup.manager raise exc.from_response(resp)
2019-11-24 00:54:41.976 8497 ERROR rally_openstack.cleanup.manager heatclient.exc.HTTPNotFound: ERROR: The Stack (s_rally_60800f5c_BvDedvwl) could not be found.
2019-11-24 00:54:41.976 8497 ERROR rally_openstack.cleanup.manager
2019-11-24 00:54:41.983 8497 INFO rally.task.context [-] Task 051d37d8-a950-4795-803f-dadec1612454 | Context cleanup@openstack cleanup() finished in 2.15 sec
2019-11-24 00:54:41.983 8497 INFO rally.task.context [-] Task 051d37d8-a950-4795-803f-dadec1612454 | Context roles@openstack cleanup() started
2019-11-24 00:54:41.984 8497 RALLYDEBUG rally_openstack.contexts.keystone.roles [-] Removing assigned role aeeb3c626eaa463c9d6168fe7e4c5703 from all users
2019-11-24 00:54:43.069 8497 INFO rally.task.context [-] Task 051d37d8-a950-4795-803f-dadec1612454 | Context roles@openstack cleanup() finished in 1.09 sec
2019-11-24 00:54:43.069 8497 INFO rally.task.context [-] Task 051d37d8-a950-4795-803f-dadec1612454 | Context users@openstack cleanup() started
2019-11-24 00:54:47.727 8497 INFO rally.task.context [-] Task 051d37d8-a950-4795-803f-dadec1612454 | Context users@openstack cleanup() finished in 4.66 sec
2019-11-24 00:54:48.674 8497 INFO rally.task.engine [-] Load duration is: 14.791333
2019-11-24 00:54:48.674 8497 INFO rally.task.engine [-] Full runner duration is: 16.842446
2019-11-24 00:54:48.675 8497 INFO rally.task.engine [-] Full duration is: 33.256244
2019-11-24 00:54:49.011 8497 INFO rally.task.engine [-] Running workload: position = 0 config = { "version": 2, "title": "A cropped version of a bigger task.", "description": "Auto-generated task from a single workload (uuid=0036070f-1d71-47b3-a02b-f5068b975c16)", "subtasks": [ { "title": "HeatStacks.create_suspend_resume_delete_stack", "description": "Create, suspend-resume and then delete a stack.", "scenario": { "HeatStacks.create_suspend_resume_delete_stack": { "template_path": "/usr/lib/python3.6/site-packages/functest/opnfv_tests/openstack/rally/scenario/templates/random_strings.yaml.template" } }, "contexts": { "users": { "tenants": 3, "users_per_tenant": 2 }, "roles": [ "heat_stack_owner" ] }, "runner": { "constant": { "concurrency": 4, "times": 10 } }, "hooks": [], "sla": { "failure_rate": { "max": 0 } } } ] }
2019-11-24 00:54:49.035 8497 RALLYDEBUG rally_openstack.contexts.keystone.users [-] Creating 3 tenants using 20 threads
2019-11-24 00:54:49.948 8497 RALLYDEBUG rally_openstack.contexts.keystone.users [-] Creating 6 users using 20 threads
2019-11-24 00:54:51.521 8497 INFO rally.task.context [-] Task 051d37d8-a950-4795-803f-dadec1612454 | Context users@openstack setup() finished in 2.49 sec
2019-11-24 00:54:52.227 8497 RALLYDEBUG rally_openstack.contexts.keystone.roles [-] Adding role heat_stack_owner having ID aeeb3c626eaa463c9d6168fe7e4c5703 to all users using 30 threads
2019-11-24 00:54:57.419 8497 INFO rally.task.context [-] Task 051d37d8-a950-4795-803f-dadec1612454 | Context roles@openstack setup() finished in 5.90 sec
2019-11-24 00:54:57.420 8497 INFO rally.task.context [-] Task 051d37d8-a950-4795-803f-dadec1612454 | Context cleanup@openstack setup() finished in 0.01 msec
2019-11-24 00:54:57.429 8497 RALLYDEBUG rally.task.runner [-] Starting the constant runner (task UUID: 051d37d8-a950-4795-803f-dadec1612454). times: 10 concurrency: 4 timeout: 0 max_cpu_used: 16 processes_to_start: 4 concurrency_per_worker: 1 concurrency_overhead: 0
2019-11-24 00:54:57.441 11395 RALLYDEBUG rally.task.runner [-] Starting a worker. times: 10 duration: None concurrency: 1 timeout: 0 cls: method_name: run args: {"template_path": "heat_template_version: 2014-10-16\n\ndescription: Test template for rally create-update-delete scenario\n\nresources:\n test_string_one:\n type: OS::Heat::RandomString\n properties:\n length: 20\n test_string_two:\n type: OS::Heat::RandomString\n properties:\n length: 20"}
2019-11-24 00:54:57.444 11396 RALLYDEBUG rally.task.runner [-] Starting a worker. times: 10 duration: None concurrency: 1 timeout: 0 cls: method_name: run args: {"template_path": "heat_template_version: 2014-10-16\n\ndescription: Test template for rally create-update-delete scenario\n\nresources:\n test_string_one:\n type: OS::Heat::RandomString\n properties:\n length: 20\n test_string_two:\n type: OS::Heat::RandomString\n properties:\n length: 20"}
2019-11-24 00:54:57.448 11395 INFO rally.task.runner [-] Task 051d37d8-a950-4795-803f-dadec1612454 | ITER: 1 START
2019-11-24 00:54:57.448 11397 RALLYDEBUG rally.task.runner [-] Starting a worker. times: 10 duration: None concurrency: 1 timeout: 0 cls: method_name: run args: {"template_path": "heat_template_version: 2014-10-16\n\ndescription: Test template for rally create-update-delete scenario\n\nresources:\n test_string_one:\n type: OS::Heat::RandomString\n properties:\n length: 20\n test_string_two:\n type: OS::Heat::RandomString\n properties:\n length: 20"}
2019-11-24 00:54:57.451 11396 INFO rally.task.runner [-] Task 051d37d8-a950-4795-803f-dadec1612454 | ITER: 2 START
2019-11-24 00:54:57.451 11398 RALLYDEBUG rally.task.runner [-] Starting a worker. times: 10 duration: None concurrency: 1 timeout: 0 cls: method_name: run args: {"template_path": "heat_template_version: 2014-10-16\n\ndescription: Test template for rally create-update-delete scenario\n\nresources:\n test_string_one:\n type: OS::Heat::RandomString\n properties:\n length: 20\n test_string_two:\n type: OS::Heat::RandomString\n properties:\n length: 20"}
2019-11-24 00:54:57.455 11397 INFO rally.task.runner [-] Task 051d37d8-a950-4795-803f-dadec1612454 | ITER: 3 START
2019-11-24 00:54:57.458 11398 INFO rally.task.runner [-] Task 051d37d8-a950-4795-803f-dadec1612454 | ITER: 4 START
2019-11-24 00:55:00.915 11397 RALLYDEBUG rally.task.utils [-] Waiting for resource . Status changed: CREATE_IN_PROGRESS => CREATE_COMPLETE in 0.0757303237915039
2019-11-24 00:55:00.931 11396 RALLYDEBUG rally.task.utils [-] Waiting for resource . Status changed: CREATE_IN_PROGRESS => CREATE_COMPLETE in 0.07090187072753906
2019-11-24 00:55:00.965 11395 RALLYDEBUG rally.task.utils [-] Waiting for resource . Status changed: CREATE_IN_PROGRESS => CREATE_COMPLETE in 0.07383275032043457
2019-11-24 00:55:01.051 11398 RALLYDEBUG rally.task.utils [-] Waiting for resource . Status changed: CREATE_IN_PROGRESS => CREATE_COMPLETE in 0.05873394012451172
2019-11-24 00:55:01.085 11397 RALLYDEBUG rally.task.utils [-] Waiting for resource . Status changed: CREATE_COMPLETE => SUSPEND_IN_PROGRESS in 0.06521415710449219
2019-11-24 00:55:01.085 11396 RALLYDEBUG rally.task.utils [-] Waiting for resource . Status changed: CREATE_COMPLETE => SUSPEND_IN_PROGRESS in 0.05915474891662598
2019-11-24 00:55:01.113 11395 RALLYDEBUG rally.task.utils [-] Waiting for resource . Status changed: CREATE_COMPLETE => SUSPEND_IN_PROGRESS in 0.054996490478515625
2019-11-24 00:55:01.194 11398 RALLYDEBUG rally.task.utils [-] Waiting for resource . Status changed: CREATE_COMPLETE => SUSPEND_IN_PROGRESS in 0.0567173957824707
2019-11-24 00:55:02.157 11396 RALLYDEBUG rally.task.utils [-] Waiting for resource . Status changed: SUSPEND_IN_PROGRESS => SUSPEND_COMPLETE in 1.071420669555664
2019-11-24 00:55:02.158 11397 RALLYDEBUG rally.task.utils [-] Waiting for resource . Status changed: SUSPEND_IN_PROGRESS => SUSPEND_COMPLETE in 1.0732691287994385
2019-11-24 00:55:02.187 11395 RALLYDEBUG rally.task.utils [-] Waiting for resource . Status changed: SUSPEND_IN_PROGRESS => SUSPEND_COMPLETE in 1.0737171173095703
2019-11-24 00:55:02.257 11398 RALLYDEBUG rally.task.utils [-] Waiting for resource . Status changed: SUSPEND_IN_PROGRESS => SUSPEND_COMPLETE in 1.062500238418579
2019-11-24 00:55:02.314 11396 RALLYDEBUG rally.task.utils [-] Waiting for resource . Status changed: CREATE_COMPLETE => RESUME_IN_PROGRESS in 0.06096506118774414
2019-11-24 00:55:02.315 11397 RALLYDEBUG rally.task.utils [-] Waiting for resource . Status changed: CREATE_COMPLETE => RESUME_IN_PROGRESS in 0.061357736587524414
2019-11-24 00:55:02.341 11395 RALLYDEBUG rally.task.utils [-] Waiting for resource . Status changed: CREATE_COMPLETE => RESUME_IN_PROGRESS in 0.05732154846191406
2019-11-24 00:55:02.401 11398 RALLYDEBUG rally.task.utils [-] Waiting for resource . Status changed: CREATE_COMPLETE => RESUME_IN_PROGRESS in 0.05960893630981445
2019-11-24 00:55:03.390 11396 RALLYDEBUG rally.task.utils [-] Waiting for resource . Status changed: RESUME_IN_PROGRESS => RESUME_COMPLETE in 1.0754084587097168
2019-11-24 00:55:03.393 11397 RALLYDEBUG rally.task.utils [-] Waiting for resource . Status changed: RESUME_IN_PROGRESS => RESUME_COMPLETE in 1.0782184600830078
2019-11-24 00:55:03.417 11395 RALLYDEBUG rally.task.utils [-] Waiting for resource . Status changed: RESUME_IN_PROGRESS => RESUME_COMPLETE in 1.075638771057129
2019-11-24 00:55:03.474 11398 RALLYDEBUG rally.task.utils [-] Waiting for resource . Status changed: RESUME_IN_PROGRESS => RESUME_COMPLETE in 1.073373794555664
2019-11-24 00:55:03.510 11396 RALLYDEBUG rally.task.utils [-] Waiting for resource . Status changed: CREATE_COMPLETE => DELETE_IN_PROGRESS in 0.052744150161743164
2019-11-24 00:55:03.515 11397 RALLYDEBUG rally.task.utils [-] Waiting for resource . Status changed: CREATE_COMPLETE => DELETE_IN_PROGRESS in 0.057398319244384766
2019-11-24 00:55:03.543 11395 RALLYDEBUG rally.task.utils [-] Waiting for resource . Status changed: CREATE_COMPLETE => DELETE_IN_PROGRESS in 0.059388160705566406
2019-11-24 00:55:03.601 11398 RALLYDEBUG rally.task.utils [-] Waiting for resource . Status changed: CREATE_COMPLETE => DELETE_IN_PROGRESS in 0.05250263214111328
2019-11-24 00:55:04.662 11398 INFO rally.task.runner [-] Task 051d37d8-a950-4795-803f-dadec1612454 | ITER: 4 END: OK
2019-11-24 00:55:04.666 11398 INFO rally.task.runner [-] Task 051d37d8-a950-4795-803f-dadec1612454 | ITER: 5 START
2019-11-24 00:55:05.635 11397 INFO rally.task.runner [-] Task 051d37d8-a950-4795-803f-dadec1612454 | ITER: 3 END: OK
2019-11-24 00:55:05.637 11396 INFO rally.task.runner [-] Task 051d37d8-a950-4795-803f-dadec1612454 | ITER: 2 END: OK
2019-11-24 00:55:05.639 11397 INFO rally.task.runner [-] Task 051d37d8-a950-4795-803f-dadec1612454 | ITER: 6 START
2019-11-24 00:55:05.641 11396 INFO rally.task.runner [-] Task 051d37d8-a950-4795-803f-dadec1612454 | ITER: 7 START
2019-11-24 00:55:05.662 11395 INFO rally.task.runner [-] Task 051d37d8-a950-4795-803f-dadec1612454 | ITER: 1 END: OK
2019-11-24 00:55:05.666 11395 INFO rally.task.runner [-] Task 051d37d8-a950-4795-803f-dadec1612454 | ITER: 8 START
2019-11-24 00:55:08.408 11398 RALLYDEBUG rally.task.utils [-] Waiting for resource . Status changed: CREATE_IN_PROGRESS => CREATE_COMPLETE in 0.07731008529663086
2019-11-24 00:55:08.590 11398 RALLYDEBUG rally.task.utils [-] Waiting for resource . Status changed: CREATE_COMPLETE => SUSPEND_IN_PROGRESS in 0.06904816627502441
2019-11-24 00:55:09.057 11397 RALLYDEBUG rally.task.utils [-] Waiting for resource . Status changed: CREATE_IN_PROGRESS => CREATE_COMPLETE in 0.06816530227661133
2019-11-24 00:55:09.066 11396 RALLYDEBUG rally.task.utils [-] Waiting for resource . Status changed: CREATE_IN_PROGRESS => CREATE_COMPLETE in 0.07316875457763672
2019-11-24 00:55:09.072 11395 RALLYDEBUG rally.task.utils [-] Waiting for resource . Status changed: CREATE_IN_PROGRESS => CREATE_COMPLETE in 0.06783318519592285
2019-11-24 00:55:09.220 11397 RALLYDEBUG rally.task.utils [-] Waiting for resource . Status changed: CREATE_COMPLETE => SUSPEND_IN_PROGRESS in 0.06312918663024902
2019-11-24 00:55:09.224 11395 RALLYDEBUG rally.task.utils [-] Waiting for resource . Status changed: CREATE_COMPLETE => SUSPEND_IN_PROGRESS in 0.058687448501586914
2019-11-24 00:55:09.224 11396 RALLYDEBUG rally.task.utils [-] Waiting for resource . Status changed: CREATE_COMPLETE => SUSPEND_IN_PROGRESS in 0.0631568431854248
2019-11-24 00:55:09.661 11398 RALLYDEBUG rally.task.utils [-] Waiting for resource . Status changed: SUSPEND_IN_PROGRESS => SUSPEND_COMPLETE in 1.070652723312378
2019-11-24 00:55:09.823 11398 RALLYDEBUG rally.task.utils [-] Waiting for resource . Status changed: CREATE_COMPLETE => RESUME_IN_PROGRESS in 0.06308150291442871
2019-11-24 00:55:10.289 11397 RALLYDEBUG rally.task.utils [-] Waiting for resource . Status changed: SUSPEND_IN_PROGRESS => SUSPEND_COMPLETE in 1.0692226886749268
2019-11-24 00:55:10.295 11396 RALLYDEBUG rally.task.utils [-] Waiting for resource . Status changed: SUSPEND_IN_PROGRESS => SUSPEND_COMPLETE in 1.0710041522979736
2019-11-24 00:55:10.304 11395 RALLYDEBUG rally.task.utils [-] Waiting for resource . Status changed: SUSPEND_IN_PROGRESS => SUSPEND_COMPLETE in 1.0800774097442627
2019-11-24 00:55:10.456 11396 RALLYDEBUG rally.task.utils [-] Waiting for resource . Status changed: CREATE_COMPLETE => RESUME_IN_PROGRESS in 0.0662684440612793
2019-11-24 00:55:10.457 11397 RALLYDEBUG rally.task.utils [-] Waiting for resource . Status changed: CREATE_COMPLETE => RESUME_IN_PROGRESS in 0.07425332069396973
2019-11-24 00:55:10.461 11395 RALLYDEBUG rally.task.utils [-] Waiting for resource . Status changed: CREATE_COMPLETE => RESUME_IN_PROGRESS in 0.06493782997131348
2019-11-24 00:55:10.896 11398 RALLYDEBUG rally.task.utils [-] Waiting for resource . Status changed: RESUME_IN_PROGRESS => RESUME_COMPLETE in 1.0731942653656006
2019-11-24 00:55:11.022 11398 RALLYDEBUG rally.task.utils [-] Waiting for resource . Status changed: CREATE_COMPLETE => DELETE_IN_PROGRESS in 0.05662822723388672
2019-11-24 00:55:11.527 11397 RALLYDEBUG rally.task.utils [-] Waiting for resource . Status changed: RESUME_IN_PROGRESS => RESUME_COMPLETE in 1.0695276260375977
2019-11-24 00:55:11.530 11396 RALLYDEBUG rally.task.utils [-] Waiting for resource . Status changed: RESUME_IN_PROGRESS => RESUME_COMPLETE in 1.0744457244873047
2019-11-24 00:55:11.533 11395 RALLYDEBUG rally.task.utils [-] Waiting for resource . Status changed: RESUME_IN_PROGRESS => RESUME_COMPLETE in 1.0719139575958252
2019-11-24 00:55:11.639 11397 RALLYDEBUG rally.task.utils [-] Waiting for resource . Status changed: CREATE_COMPLETE => DELETE_IN_PROGRESS in 0.054215431213378906
2019-11-24 00:55:11.650 11396 RALLYDEBUG rally.task.utils [-] Waiting for resource . Status changed: CREATE_COMPLETE => DELETE_IN_PROGRESS in 0.06052732467651367
2019-11-24 00:55:11.656 11395 RALLYDEBUG rally.task.utils [-] Waiting for resource . Status changed: CREATE_COMPLETE => DELETE_IN_PROGRESS in 0.0609896183013916
2019-11-24 00:55:13.136 11398 INFO rally.task.runner [-] Task 051d37d8-a950-4795-803f-dadec1612454 | ITER: 5 END: OK
2019-11-24 00:55:13.140 11398 INFO rally.task.runner [-] Task 051d37d8-a950-4795-803f-dadec1612454 | ITER: 9 START
2019-11-24 00:55:13.755 11397 INFO rally.task.runner [-] Task 051d37d8-a950-4795-803f-dadec1612454 | ITER: 6 END: OK
2019-11-24 00:55:13.759 11397 INFO rally.task.runner [-] Task 051d37d8-a950-4795-803f-dadec1612454 | ITER: 10 START
2019-11-24 00:55:13.762 11396 INFO rally.task.runner [-] Task 051d37d8-a950-4795-803f-dadec1612454 | ITER: 7 END: OK
2019-11-24 00:55:13.774 11395 INFO rally.task.runner [-] Task 051d37d8-a950-4795-803f-dadec1612454 | ITER: 8 END: OK
2019-11-24 00:55:16.753 11398 RALLYDEBUG rally.task.utils [-] Waiting for resource . Status changed: CREATE_IN_PROGRESS => CREATE_COMPLETE in 0.07374930381774902
2019-11-24 00:55:16.926 11398 RALLYDEBUG rally.task.utils [-] Waiting for resource . Status changed: CREATE_COMPLETE => SUSPEND_IN_PROGRESS in 0.06306266784667969
2019-11-24 00:55:17.275 11397 RALLYDEBUG rally.task.utils [-] Waiting for resource . Status changed: CREATE_IN_PROGRESS => CREATE_COMPLETE in 0.08933329582214355
2019-11-24 00:55:17.465 11397 RALLYDEBUG rally.task.utils [-] Waiting for resource . Status changed: CREATE_COMPLETE => SUSPEND_IN_PROGRESS in 0.07203006744384766
2019-11-24 00:55:18.006 11398 RALLYDEBUG rally.task.utils [-] Waiting for resource . Status changed: SUSPEND_IN_PROGRESS => SUSPEND_COMPLETE in 1.0800302028656006
2019-11-24 00:55:18.186 11398 RALLYDEBUG rally.task.utils [-] Waiting for resource . Status changed: CREATE_COMPLETE => RESUME_IN_PROGRESS in 0.06765127182006836
2019-11-24 00:55:18.544 11397 RALLYDEBUG rally.task.utils [-] Waiting for resource . Status changed: SUSPEND_IN_PROGRESS => SUSPEND_COMPLETE in 1.079291820526123
2019-11-24 00:55:18.728 11397 RALLYDEBUG rally.task.utils [-] Waiting for resource . Status changed: CREATE_COMPLETE => RESUME_IN_PROGRESS in 0.06976771354675293
2019-11-24 00:55:19.260 11398 RALLYDEBUG rally.task.utils [-] Waiting for resource . Status changed: RESUME_IN_PROGRESS => RESUME_COMPLETE in 1.0734636783599854
2019-11-24 00:55:19.394 11398 RALLYDEBUG rally.task.utils [-] Waiting for resource . Status changed: CREATE_COMPLETE => DELETE_IN_PROGRESS in 0.06264925003051758
2019-11-24 00:55:19.805 11397 RALLYDEBUG rally.task.utils [-] Waiting for resource . Status changed: RESUME_IN_PROGRESS => RESUME_COMPLETE in 1.0770626068115234
2019-11-24 00:55:19.945 11397 RALLYDEBUG rally.task.utils [-] Waiting for resource . Status changed: CREATE_COMPLETE => DELETE_IN_PROGRESS in 0.05953240394592285
2019-11-24 00:55:21.517 11398 INFO rally.task.runner [-] Task 051d37d8-a950-4795-803f-dadec1612454 | ITER: 9 END: OK
2019-11-24 00:55:22.071 11397 INFO rally.task.runner [-] Task 051d37d8-a950-4795-803f-dadec1612454 | ITER: 10 END: OK
2019-11-24 00:55:22.101 8497 INFO rally.task.context [-] Task 051d37d8-a950-4795-803f-dadec1612454 | Context cleanup@openstack cleanup() started
2019-11-24 00:55:22.104 8497 RALLYDEBUG rally_openstack.cleanup.manager [-] Cleaning up heat stacks objects
2019-11-24 00:55:23.601 8497 INFO rally.task.context [-] Task 051d37d8-a950-4795-803f-dadec1612454 | Context cleanup@openstack cleanup() finished in 1.50 sec
2019-11-24 00:55:23.606 8497 INFO rally.task.context [-] Task 051d37d8-a950-4795-803f-dadec1612454 | Context roles@openstack cleanup() started
2019-11-24 00:55:23.609 8497 RALLYDEBUG rally_openstack.contexts.keystone.roles [-] Removing assigned role aeeb3c626eaa463c9d6168fe7e4c5703 from all users
2019-11-24 00:55:24.610 8497 INFO rally.task.context [-] Task 051d37d8-a950-4795-803f-dadec1612454 | Context roles@openstack cleanup() finished in 1.00 sec
2019-11-24 00:55:24.610 8497 INFO rally.task.context [-] Task 051d37d8-a950-4795-803f-dadec1612454 | Context users@openstack cleanup() started
2019-11-24 00:55:29.433 8497 INFO rally.task.context [-] Task 051d37d8-a950-4795-803f-dadec1612454 | Context users@openstack cleanup() finished in 4.82 sec
2019-11-24 00:55:31.257 8497 INFO rally.task.engine [-] Load duration is: 22.621321
2019-11-24 00:55:31.257 8497 INFO rally.task.engine [-] Full runner duration is: 24.671785
2019-11-24 00:55:31.258 8497 INFO rally.task.engine [-] Full duration is: 40.399675
2019-11-24 00:55:31.575 8497 INFO rally.task.engine [-] Running workload: position = 0 config = { "version": 2, "title": "A cropped version of a bigger task.", "description": "Auto-generated task from a single workload (uuid=ca24122c-792b-41e0-b371-51bfa3d66e36)", "subtasks": [ { "title": "HeatStacks.list_stacks_and_resources", "description": "List all resources from tenant stacks.", "scenario": { "HeatStacks.list_stacks_and_resources": {} }, "contexts": { "users": { "tenants": 3, "users_per_tenant": 2 }, "roles": [ "heat_stack_owner" ] }, "runner": { "constant": { "concurrency": 4, "times": 10 } }, "hooks": [], "sla": { "failure_rate": { "max": 0 } } } ] }
2019-11-24 00:55:31.601 8497 RALLYDEBUG rally_openstack.contexts.keystone.users [-] Creating 3 tenants using 20 threads
2019-11-24 00:55:32.624 8497 RALLYDEBUG rally_openstack.contexts.keystone.users [-] Creating 6 users using 20 threads
2019-11-24 00:55:34.150 8497 INFO rally.task.context [-] Task 051d37d8-a950-4795-803f-dadec1612454 | Context users@openstack setup() finished in 2.55 sec
2019-11-24 00:55:34.843 8497 RALLYDEBUG rally_openstack.contexts.keystone.roles [-] Adding role heat_stack_owner having ID aeeb3c626eaa463c9d6168fe7e4c5703 to all users using 30 threads
2019-11-24 00:55:40.006 8497 INFO rally.task.context [-] Task 051d37d8-a950-4795-803f-dadec1612454 | Context roles@openstack setup() finished in 5.86 sec
2019-11-24 00:55:40.012 8497 RALLYDEBUG rally.task.runner [-] Starting the constant runner (task UUID: 051d37d8-a950-4795-803f-dadec1612454). times: 10 concurrency: 4 timeout: 0 max_cpu_used: 16 processes_to_start: 4 concurrency_per_worker: 1 concurrency_overhead: 0
2019-11-24 00:55:40.022 11579 RALLYDEBUG rally.task.runner [-] Starting a worker. times: 10 duration: None concurrency: 1 timeout: 0 cls: method_name: run args: {}
2019-11-24 00:55:40.025 11580 RALLYDEBUG rally.task.runner [-] Starting a worker. times: 10 duration: None concurrency: 1 timeout: 0 cls: method_name: run args: {}
2019-11-24 00:55:40.027 11581 RALLYDEBUG rally.task.runner [-] Starting a worker. times: 10 duration: None concurrency: 1 timeout: 0 cls: method_name: run args: {}
2019-11-24 00:55:40.029 11579 INFO rally.task.runner [-] Task 051d37d8-a950-4795-803f-dadec1612454 | ITER: 1 START
2019-11-24 00:55:40.030 11582 RALLYDEBUG rally.task.runner [-] Starting a worker. times: 10 duration: None concurrency: 1 timeout: 0 cls: method_name: run args: {}
2019-11-24 00:55:40.032 11580 INFO rally.task.runner [-] Task 051d37d8-a950-4795-803f-dadec1612454 | ITER: 2 START
2019-11-24 00:55:40.034 11581 INFO rally.task.runner [-] Task 051d37d8-a950-4795-803f-dadec1612454 | ITER: 3 START
2019-11-24 00:55:40.036 11582 INFO rally.task.runner [-] Task 051d37d8-a950-4795-803f-dadec1612454 | ITER: 4 START
2019-11-24 00:55:40.565 11582 INFO rally.task.runner [-] Task 051d37d8-a950-4795-803f-dadec1612454 | ITER: 4 END: OK
2019-11-24 00:55:40.570 11582 INFO rally.task.runner [-] Task 051d37d8-a950-4795-803f-dadec1612454 | ITER: 5 START
2019-11-24 00:55:40.571 11581 INFO rally.task.runner [-] Task 051d37d8-a950-4795-803f-dadec1612454 | ITER: 3 END: OK
2019-11-24 00:55:40.574 11579 INFO rally.task.runner [-] Task 051d37d8-a950-4795-803f-dadec1612454 | ITER: 1 END: OK
2019-11-24 00:55:40.575 11581 INFO rally.task.runner [-] Task 051d37d8-a950-4795-803f-dadec1612454 | ITER: 6 START
2019-11-24 00:55:40.579 11579 INFO rally.task.runner [-] Task 051d37d8-a950-4795-803f-dadec1612454 | ITER: 7 START
2019-11-24 00:55:40.690 11580 INFO rally.task.runner [-] Task 051d37d8-a950-4795-803f-dadec1612454 | ITER: 2 END: OK
2019-11-24 00:55:40.694 11580 INFO rally.task.runner [-] Task 051d37d8-a950-4795-803f-dadec1612454 | ITER: 8 START
2019-11-24 00:55:40.953 11582 INFO rally.task.runner [-] Task 051d37d8-a950-4795-803f-dadec1612454 | ITER: 5 END: OK
2019-11-24 00:55:40.957 11582 INFO rally.task.runner [-] Task 051d37d8-a950-4795-803f-dadec1612454 | ITER: 9 START
2019-11-24 00:55:40.993 11579 INFO rally.task.runner [-] Task 051d37d8-a950-4795-803f-dadec1612454 | ITER: 7 END: OK
2019-11-24 00:55:40.997 11579 INFO rally.task.runner [-] Task 051d37d8-a950-4795-803f-dadec1612454 | ITER: 10 START
2019-11-24 00:55:41.060 11581 INFO rally.task.runner [-] Task 051d37d8-a950-4795-803f-dadec1612454 | ITER: 6 END: OK
2019-11-24 00:55:41.177 11580 INFO rally.task.runner [-] Task 051d37d8-a950-4795-803f-dadec1612454 | ITER: 8 END: OK
2019-11-24 00:55:41.346 11582 INFO rally.task.runner [-] Task 051d37d8-a950-4795-803f-dadec1612454 | ITER: 9 END: OK
2019-11-24 00:55:41.379 11579 INFO rally.task.runner [-] Task 051d37d8-a950-4795-803f-dadec1612454 | ITER: 10 END: OK
2019-11-24 00:55:41.410 8497 INFO rally.task.context [-] Task 051d37d8-a950-4795-803f-dadec1612454 | Context roles@openstack cleanup() started
2019-11-24 00:55:41.411 8497 RALLYDEBUG rally_openstack.contexts.keystone.roles [-] Removing assigned role aeeb3c626eaa463c9d6168fe7e4c5703 from all users
2019-11-24 00:55:42.418 8497 INFO rally.task.context [-] Task 051d37d8-a950-4795-803f-dadec1612454 | Context roles@openstack cleanup() finished in 1.01 sec
2019-11-24 00:55:42.419 8497 INFO rally.task.context [-] Task 051d37d8-a950-4795-803f-dadec1612454 | Context users@openstack cleanup() started
2019-11-24 00:55:47.329 8497 INFO rally.task.context [-] Task 051d37d8-a950-4795-803f-dadec1612454 | Context users@openstack cleanup() finished in 4.91 sec
2019-11-24 00:55:47.694 8497 INFO rally.task.engine [-] Load duration is: 1.348775
2019-11-24 00:55:47.694 8497 INFO rally.task.engine [-] Full runner duration is: 1.398575
2019-11-24 00:55:47.695 8497 INFO rally.task.engine [-] Full duration is: 15.730358
2019-11-24 00:55:47.963 8497 INFO rally.task.engine [-] Task 051d37d8-a950-4795-803f-dadec1612454 | Completed: Running task.
2019-11-24 00:55:49.555 11671 RALLYDEBUG rally.api [-] INFO logs from urllib3 and requests module are hide.
2019-11-24 00:55:49.555 11671 RALLYDEBUG rally.api [-] urllib3 insecure warnings are hidden.
2019-11-24 00:55:49.555 11671 RALLYDEBUG rally.api [-] ERROR log from boto module is hide.
2019-11-24 00:55:50.742 11672 RALLYDEBUG rally.api [-] INFO logs from urllib3 and requests module are hide.
2019-11-24 00:55:50.742 11672 RALLYDEBUG rally.api [-] urllib3 insecure warnings are hidden.
2019-11-24 00:55:50.742 11672 RALLYDEBUG rally.api [-] ERROR log from boto module is hide.
2019-11-24 00:55:51.994 11673 RALLYDEBUG rally.api [-] INFO logs from urllib3 and requests module are hide.
2019-11-24 00:55:51.994 11673 RALLYDEBUG rally.api [-] urllib3 insecure warnings are hidden.
2019-11-24 00:55:51.995 11673 RALLYDEBUG rally.api [-] ERROR log from boto module is hide.
2019-11-24 00:55:53.457 11673 INFO rally.api [-] Building 'json' report for the following task(s): '051d37d8-a950-4795-803f-dadec1612454'.
2019-11-24 00:55:53.480 11673 INFO rally.api [-] The report has been successfully built.
2019-11-24 00:55:54.793 11675 RALLYDEBUG rally.api [-] INFO logs from urllib3 and requests module are hide.
2019-11-24 00:55:54.794 11675 RALLYDEBUG rally.api [-] urllib3 insecure warnings are hidden.
2019-11-24 00:55:54.794 11675 RALLYDEBUG rally.api [-] ERROR log from boto module is hide.
2019-11-24 00:55:56.684 11675 INFO rally.task.engine [-] Task cd5d8182-1522-4733-82cd-05b1dd16f4f0 | Starting: Task validation.
2019-11-24 00:55:56.735 11675 INFO rally.task.engine [-] Task cd5d8182-1522-4733-82cd-05b1dd16f4f0 | Starting: Task validation of syntax.
2019-11-24 00:55:56.877 11675 INFO rally.task.engine [-] Task cd5d8182-1522-4733-82cd-05b1dd16f4f0 | Completed: Task validation of syntax.
2019-11-24 00:55:56.877 11675 INFO rally.task.engine [-] Task cd5d8182-1522-4733-82cd-05b1dd16f4f0 | Starting: Task validation of required platforms.
2019-11-24 00:55:56.940 11675 INFO rally.task.engine [-] Task cd5d8182-1522-4733-82cd-05b1dd16f4f0 | Completed: Task validation of required platforms.
2019-11-24 00:55:56.942 11675 INFO rally.task.engine [-] Task cd5d8182-1522-4733-82cd-05b1dd16f4f0 | Starting: Task validation of semantic.
2019-11-24 00:55:56.942 11675 INFO rally.task.engine [-] Check health of the environment '4cd4f0ea-fd56-48ed-8a3d-a92bfc2b7126'.
2019-11-24 00:55:57.915 11675 INFO rally.task.engine [-] Platform existing@openstack (available: True): OK!
2019-11-24 00:55:57.935 11675 RALLYDEBUG rally_openstack.contexts.keystone.users [-] Creating 1 tenants using 20 threads
2019-11-24 00:55:58.847 11675 RALLYDEBUG rally_openstack.contexts.keystone.users [-] Creating 1 users using 20 threads
2019-11-24 00:56:00.203 11675 INFO rally.task.context [-] Task cd5d8182-1522-4733-82cd-05b1dd16f4f0 | Context users@openstack setup() finished in 2.27 sec
2019-11-24 00:56:00.298 11675 INFO rally.task.context [-] Task cd5d8182-1522-4733-82cd-05b1dd16f4f0 | Context users@openstack cleanup() started
2019-11-24 00:56:03.383 11675 INFO rally.task.context [-] Task cd5d8182-1522-4733-82cd-05b1dd16f4f0 | Context users@openstack cleanup() finished in 3.08 sec
2019-11-24 00:56:03.384 11675 INFO rally.task.engine [-] Task cd5d8182-1522-4733-82cd-05b1dd16f4f0 | Completed: Task validation of semantic.
2019-11-24 00:56:03.384 11675 INFO rally.task.engine [-] Task cd5d8182-1522-4733-82cd-05b1dd16f4f0 | Completed: Task validation.
2019-11-24 00:56:03.385 11675 INFO rally.api [-] Task cd5d8182-1522-4733-82cd-05b1dd16f4f0 input file is valid.
2019-11-24 00:56:03.385 11675 INFO rally.api [-] Run Task cd5d8182-1522-4733-82cd-05b1dd16f4f0 against Deployment 4cd4f0ea-fd56-48ed-8a3d-a92bfc2b7126
2019-11-24 00:56:03.385 11675 INFO rally.task.engine [-] Task cd5d8182-1522-4733-82cd-05b1dd16f4f0 | Starting: Running task.
2019-11-24 00:56:03.568 11675 INFO rally.task.engine [-] Running workload: position = 0 config = { "version": 2, "title": "A cropped version of a bigger task.", "description": "Auto-generated task from a single workload (uuid=352611fd-f5dc-49bb-aa3b-95b0bb36228d)", "subtasks": [ { "title": "KeystoneBasic.add_and_remove_user_role", "description": "Create a user role add to a user and disassociate.", "scenario": { "KeystoneBasic.add_and_remove_user_role": {} }, "contexts": { "users": { "tenants": 3, "users_per_tenant": 2 } }, "runner": { "constant": { "concurrency": 4, "times": 10 } }, "hooks": [], "sla": { "failure_rate": { "max": 0 } } } ] }
2019-11-24 00:56:03.591 11675 RALLYDEBUG rally_openstack.contexts.keystone.users [-] Creating 3 tenants using 20 threads
2019-11-24 00:56:04.570 11675 RALLYDEBUG rally_openstack.contexts.keystone.users [-] Creating 6 users using 20 threads
2019-11-24 00:56:06.063 11675 INFO rally.task.context [-] Task cd5d8182-1522-4733-82cd-05b1dd16f4f0 | Context users@openstack setup() finished in 2.47 sec
2019-11-24 00:56:06.064 11675 INFO rally.task.context [-] Task cd5d8182-1522-4733-82cd-05b1dd16f4f0 | Context admin_cleanup@openstack setup() finished in 0.02 msec
2019-11-24 00:56:06.073 11675 RALLYDEBUG rally.task.runner [-] Starting the constant runner (task UUID: cd5d8182-1522-4733-82cd-05b1dd16f4f0). times: 10 concurrency: 4 timeout: 0 max_cpu_used: 16 processes_to_start: 4 concurrency_per_worker: 1 concurrency_overhead: 0
2019-11-24 00:56:06.086 11799 RALLYDEBUG rally.task.runner [-] Starting a worker. times: 10 duration: None concurrency: 1 timeout: 0 cls: method_name: run args: {}
2019-11-24 00:56:06.091 11800 RALLYDEBUG rally.task.runner [-] Starting a worker. times: 10 duration: None concurrency: 1 timeout: 0 cls: method_name: run args: {}
2019-11-24 00:56:06.093 11799 INFO rally.task.runner [-] Task cd5d8182-1522-4733-82cd-05b1dd16f4f0 | ITER: 1 START
2019-11-24 00:56:06.094 11801 RALLYDEBUG rally.task.runner [-] Starting a worker. times: 10 duration: None concurrency: 1 timeout: 0 cls: method_name: run args: {}
2019-11-24 00:56:06.098 11800 INFO rally.task.runner [-] Task cd5d8182-1522-4733-82cd-05b1dd16f4f0 | ITER: 2 START
2019-11-24 00:56:06.097 11804 RALLYDEBUG rally.task.runner [-] Starting a worker. times: 10 duration: None concurrency: 1 timeout: 0 cls: method_name: run args: {}
2019-11-24 00:56:06.101 11801 INFO rally.task.runner [-] Task cd5d8182-1522-4733-82cd-05b1dd16f4f0 | ITER: 3 START
2019-11-24 00:56:06.103 11804 INFO rally.task.runner [-] Task cd5d8182-1522-4733-82cd-05b1dd16f4f0 | ITER: 4 START
2019-11-24 00:56:07.621 11804 INFO rally.task.runner [-] Task cd5d8182-1522-4733-82cd-05b1dd16f4f0 | ITER: 4 END: OK
2019-11-24 00:56:07.625 11804 INFO rally.task.runner [-] Task cd5d8182-1522-4733-82cd-05b1dd16f4f0 | ITER: 5 START
2019-11-24 00:56:07.694 11799 INFO rally.task.runner [-] Task cd5d8182-1522-4733-82cd-05b1dd16f4f0 | ITER: 1 END: OK
2019-11-24 00:56:07.699 11799 INFO rally.task.runner [-] Task cd5d8182-1522-4733-82cd-05b1dd16f4f0 | ITER: 6 START
2019-11-24 00:56:07.725 11801 INFO rally.task.runner [-] Task cd5d8182-1522-4733-82cd-05b1dd16f4f0 | ITER: 3 END: OK
2019-11-24 00:56:07.729 11801 INFO rally.task.runner [-] Task cd5d8182-1522-4733-82cd-05b1dd16f4f0 | ITER: 7 START
2019-11-24 00:56:07.756 11800 INFO rally.task.runner [-] Task cd5d8182-1522-4733-82cd-05b1dd16f4f0 | ITER: 2 END: OK
2019-11-24 00:56:07.761 11800 INFO rally.task.runner [-] Task cd5d8182-1522-4733-82cd-05b1dd16f4f0 | ITER: 8 START
2019-11-24 00:56:09.153 11804 INFO rally.task.runner [-] Task cd5d8182-1522-4733-82cd-05b1dd16f4f0 | ITER: 5 END: OK
2019-11-24 00:56:09.155 11801 INFO rally.task.runner [-] Task cd5d8182-1522-4733-82cd-05b1dd16f4f0 | ITER: 7 END: OK
2019-11-24 00:56:09.156 11804 INFO rally.task.runner [-] Task cd5d8182-1522-4733-82cd-05b1dd16f4f0 | ITER: 9 START
2019-11-24 00:56:09.158 11801 INFO rally.task.runner [-] Task cd5d8182-1522-4733-82cd-05b1dd16f4f0 | ITER: 10 START
2019-11-24 00:56:09.241 11799 INFO rally.task.runner [-] Task cd5d8182-1522-4733-82cd-05b1dd16f4f0 | ITER: 6 END: OK
2019-11-24 00:56:09.333 11800 INFO rally.task.runner [-] Task cd5d8182-1522-4733-82cd-05b1dd16f4f0 | ITER: 8 END: OK
2019-11-24 00:56:10.727 11804 INFO rally.task.runner [-] Task cd5d8182-1522-4733-82cd-05b1dd16f4f0 | ITER: 9 END: OK
2019-11-24 00:56:10.824 11801 INFO rally.task.runner [-] Task cd5d8182-1522-4733-82cd-05b1dd16f4f0 | ITER: 10 END: OK
2019-11-24 00:56:10.852 11675 INFO rally.task.context [-] Task cd5d8182-1522-4733-82cd-05b1dd16f4f0 | Context admin_cleanup@openstack cleanup() started
2019-11-24 00:56:10.856 11675 RALLYDEBUG rally_openstack.cleanup.manager [-] Cleaning up keystone user objects
2019-11-24 00:56:11.745 11675 RALLYDEBUG rally_openstack.cleanup.manager [-] Cleaning up keystone project objects
2019-11-24 00:56:12.499 11675 RALLYDEBUG rally_openstack.cleanup.manager [-] Cleaning up keystone service objects
2019-11-24 00:56:13.263 11675 RALLYDEBUG rally_openstack.cleanup.manager [-] Cleaning up keystone role objects
2019-11-24 00:56:13.984 11675 RALLYDEBUG rally_openstack.cleanup.manager [-] Deleting keystone.role object s_rally_352611fd_g427xAiv (5314cccd4aeb4e1da3b9d315b56e81c7)
2019-11-24 00:56:13.999 11675 RALLYDEBUG rally_openstack.cleanup.manager [-] Deleting keystone.role object s_rally_352611fd_YITOrGmH (58ae7cb399024ddeb3065682c34856f3)
2019-11-24 00:56:14.006 11675 RALLYDEBUG rally_openstack.cleanup.manager [-] Deleting keystone.role object s_rally_352611fd_dc4YFHu7 (57b5c9f83e0344248cf42a1e1d6a12e0)
2019-11-24 00:56:14.018 11675 RALLYDEBUG rally_openstack.cleanup.manager [-] Deleting keystone.role object s_rally_352611fd_j9sq4YJW (700fa87f00e147408b67a60f4879a8e5)
2019-11-24 00:56:14.035 11675 RALLYDEBUG rally_openstack.cleanup.manager [-] Deleting keystone.role object s_rally_352611fd_LbX4P7PC (94499f1063124c5fa3b982e87d493d55)
2019-11-24 00:56:14.036 11675 RALLYDEBUG rally_openstack.cleanup.manager [-] Deleting keystone.role object s_rally_352611fd_mUfdC8nz (83c1187c2a7c4701ad6de2f0c7761b02)
2019-11-24 00:56:14.041 11675 RALLYDEBUG rally_openstack.cleanup.manager [-] Deleting keystone.role object s_rally_352611fd_y9zGpw1H (a0cfb979cf0342aeb16155e971426b0e)
2019-11-24 00:56:14.048 11675 RALLYDEBUG rally_openstack.cleanup.manager [-] Deleting keystone.role object s_rally_352611fd_Ab5mBJQD (a806c83cbe3946edbf767534f378a943)
2019-11-24 00:56:14.069 11675 RALLYDEBUG rally_openstack.cleanup.manager [-] Deleting keystone.role object s_rally_352611fd_gSBJpYh8 (e5c24aa965ef47eca112554877399eea)
2019-11-24 00:56:14.083 11675 RALLYDEBUG rally_openstack.cleanup.manager [-] Deleting keystone.role object s_rally_352611fd_SIRaiY6Y (e23e990054e740f790f157c483d8c3e0)
2019-11-24 00:56:16.201 11675 INFO rally.task.context [-] Task cd5d8182-1522-4733-82cd-05b1dd16f4f0 | Context admin_cleanup@openstack cleanup() finished in 5.35 sec
2019-11-24 00:56:16.201 11675 INFO rally.task.context [-] Task cd5d8182-1522-4733-82cd-05b1dd16f4f0 | Context users@openstack cleanup() started
2019-11-24 00:56:21.073 11675 INFO rally.task.context [-] Task cd5d8182-1522-4733-82cd-05b1dd16f4f0 | Context users@openstack cleanup() finished in 4.87 sec
2019-11-24 00:56:21.783 11675 INFO rally.task.engine [-] Load duration is: 3.419944
2019-11-24 00:56:21.783 11675 INFO rally.task.engine [-] Full runner duration is: 4.779556
2019-11-24 00:56:21.784 11675 INFO rally.task.engine [-] Full duration is: 17.484089
2019-11-24 00:56:22.149 11675 INFO rally.task.engine [-] Running workload: position = 0 config = { "version": 2, "title": "A cropped version of a bigger task.", "description": "Auto-generated task from a single workload (uuid=2ceebf2b-ee00-4d7c-ab34-5b1c392fca70)", "subtasks": [ { "title": "KeystoneBasic.create_add_and_list_user_roles", "description": "Create user role, add it and list user roles for given user.", "scenario": { "KeystoneBasic.create_add_and_list_user_roles": {} }, "contexts": { "users": { "tenants": 3, "users_per_tenant": 2 } }, "runner": { "constant": { "concurrency": 4, "times": 10 } }, "hooks": [], "sla": { "failure_rate": { "max": 0 } } } ] }
2019-11-24 00:56:22.174 11675 RALLYDEBUG rally_openstack.contexts.keystone.users [-] Creating 3 tenants using 20 threads
2019-11-24 00:56:23.250 11675 RALLYDEBUG rally_openstack.contexts.keystone.users [-] Creating 6 users using 20 threads
2019-11-24 00:56:24.795 11675 INFO rally.task.context [-] Task cd5d8182-1522-4733-82cd-05b1dd16f4f0 | Context users@openstack setup() finished in 2.62 sec
2019-11-24 00:56:24.796 11675 INFO rally.task.context [-] Task cd5d8182-1522-4733-82cd-05b1dd16f4f0 | Context admin_cleanup@openstack setup() finished in 0.01 msec
2019-11-24 00:56:24.805 11675 RALLYDEBUG rally.task.runner [-] Starting the constant runner (task UUID: cd5d8182-1522-4733-82cd-05b1dd16f4f0). times: 10 concurrency: 4 timeout: 0 max_cpu_used: 16 processes_to_start: 4 concurrency_per_worker: 1 concurrency_overhead: 0
2019-11-24 00:56:24.816 11983 RALLYDEBUG rally.task.runner [-] Starting a worker. times: 10 duration: None concurrency: 1 timeout: 0 cls: method_name: run args: {}
2019-11-24 00:56:24.819 11984 RALLYDEBUG rally.task.runner [-] Starting a worker. times: 10 duration: None concurrency: 1 timeout: 0 cls: method_name: run args: {}
2019-11-24 00:56:24.823 11983 INFO rally.task.runner [-] Task cd5d8182-1522-4733-82cd-05b1dd16f4f0 | ITER: 1 START
2019-11-24 00:56:24.823 11985 RALLYDEBUG rally.task.runner [-] Starting a worker. times: 10 duration: None concurrency: 1 timeout: 0 cls: method_name: run args: {}
2019-11-24 00:56:24.826 11984 INFO rally.task.runner [-] Task cd5d8182-1522-4733-82cd-05b1dd16f4f0 | ITER: 2 START
2019-11-24 00:56:24.827 11988 RALLYDEBUG rally.task.runner [-] Starting a worker. times: 10 duration: None concurrency: 1 timeout: 0 cls: method_name: run args: {}
2019-11-24 00:56:24.830 11985 INFO rally.task.runner [-] Task cd5d8182-1522-4733-82cd-05b1dd16f4f0 | ITER: 3 START
2019-11-24 00:56:24.833 11988 INFO rally.task.runner [-] Task cd5d8182-1522-4733-82cd-05b1dd16f4f0 | ITER: 4 START
2019-11-24 00:56:26.366 11983 INFO rally.task.runner [-] Task cd5d8182-1522-4733-82cd-05b1dd16f4f0 | ITER: 1 END: OK
2019-11-24 00:56:26.371 11983 INFO rally.task.runner [-] Task cd5d8182-1522-4733-82cd-05b1dd16f4f0 | ITER: 5 START
2019-11-24 00:56:26.383 11984 INFO rally.task.runner [-] Task cd5d8182-1522-4733-82cd-05b1dd16f4f0 | ITER: 2 END: OK
2019-11-24 00:56:26.384 11988 INFO rally.task.runner [-] Task cd5d8182-1522-4733-82cd-05b1dd16f4f0 | ITER: 4 END: OK
2019-11-24 00:56:26.387 11984 INFO rally.task.runner [-] Task cd5d8182-1522-4733-82cd-05b1dd16f4f0 | ITER: 6 START
2019-11-24 00:56:26.388 11988 INFO rally.task.runner [-] Task cd5d8182-1522-4733-82cd-05b1dd16f4f0 | ITER: 7 START
2019-11-24 00:56:26.491 11985 INFO rally.task.runner [-] Task cd5d8182-1522-4733-82cd-05b1dd16f4f0 | ITER: 3 END: OK
2019-11-24 00:56:26.496 11985 INFO rally.task.runner [-] Task cd5d8182-1522-4733-82cd-05b1dd16f4f0 | ITER: 8 START
2019-11-24 00:56:27.844 11988 INFO rally.task.runner [-] Task cd5d8182-1522-4733-82cd-05b1dd16f4f0 | ITER: 7 END: OK
2019-11-24 00:56:27.848 11988 INFO rally.task.runner [-] Task cd5d8182-1522-4733-82cd-05b1dd16f4f0 | ITER: 9 START
2019-11-24 00:56:27.889 11983 INFO rally.task.runner [-] Task cd5d8182-1522-4733-82cd-05b1dd16f4f0 | ITER: 5 END: OK
2019-11-24 00:56:27.892 11983 INFO rally.task.runner [-] Task cd5d8182-1522-4733-82cd-05b1dd16f4f0 | ITER: 10 START
2019-11-24 00:56:27.955 11984 INFO rally.task.runner [-] Task cd5d8182-1522-4733-82cd-05b1dd16f4f0 | ITER: 6 END: OK
2019-11-24 00:56:28.122 11985 INFO rally.task.runner [-] Task cd5d8182-1522-4733-82cd-05b1dd16f4f0 | ITER: 8 END: OK
2019-11-24 00:56:29.357 11988 INFO rally.task.runner [-] Task cd5d8182-1522-4733-82cd-05b1dd16f4f0 | ITER: 9 END: OK
2019-11-24 00:56:29.463 11983 INFO rally.task.runner [-] Task cd5d8182-1522-4733-82cd-05b1dd16f4f0 | ITER: 10 END: OK
2019-11-24 00:56:29.488 11675 INFO rally.task.context [-] Task cd5d8182-1522-4733-82cd-05b1dd16f4f0 | Context admin_cleanup@openstack cleanup() started
2019-11-24 00:56:29.492 11675 RALLYDEBUG rally_openstack.cleanup.manager [-] Cleaning up keystone user objects
2019-11-24 00:56:30.314 11675 RALLYDEBUG rally_openstack.cleanup.manager [-] Cleaning up keystone project objects
2019-11-24 00:56:31.044 11675 RALLYDEBUG rally_openstack.cleanup.manager [-] Cleaning up keystone service objects
2019-11-24 00:56:31.817 11675 RALLYDEBUG rally_openstack.cleanup.manager [-] Cleaning up keystone role objects
2019-11-24 00:56:32.513 11675 RALLYDEBUG rally_openstack.cleanup.manager [-] Deleting keystone.role object s_rally_2ceebf2b_fNIXkIAN (06c8949d65444e07843fabe0b8a7e253)
2019-11-24 00:56:32.523 11675 RALLYDEBUG rally_openstack.cleanup.manager [-] Deleting keystone.role object s_rally_2ceebf2b_15yRlHFZ (07d6a50fffe44b29a2fe24fa74477374)
2019-11-24 00:56:32.535 11675 RALLYDEBUG rally_openstack.cleanup.manager [-] Deleting keystone.role object s_rally_2ceebf2b_xAAd3e04 (59c43dda0f874b65bca7ac0820408e61)
2019-11-24 00:56:32.550 11675 RALLYDEBUG rally_openstack.cleanup.manager [-] Deleting keystone.role object s_rally_2ceebf2b_FqRkts3l (7b48efa9b0204d2abcd32236b093ddf9)
2019-11-24 00:56:32.565 11675 RALLYDEBUG rally_openstack.cleanup.manager [-] Deleting keystone.role object s_rally_2ceebf2b_rbBqmiES (95568681b5c241e6a4134ddc4dc46d5d)
2019-11-24 00:56:32.570 11675 RALLYDEBUG rally_openstack.cleanup.manager [-] Deleting keystone.role object s_rally_2ceebf2b_1V8TmZSO (84ddbc0325fb4bf4827139b1690e8306)
2019-11-24 00:56:32.597 11675 RALLYDEBUG rally_openstack.cleanup.manager [-] Deleting keystone.role object s_rally_2ceebf2b_sb0EKGvb (987784456f4f4f20871d4e86765da229)
2019-11-24 00:56:32.619 11675 RALLYDEBUG rally_openstack.cleanup.manager [-] Deleting keystone.role object s_rally_2ceebf2b_PDEB2Zqi (d0b74d3618094afa89344607ce98092a)
2019-11-24 00:56:32.630 11675 RALLYDEBUG rally_openstack.cleanup.manager [-] Deleting keystone.role object s_rally_2ceebf2b_0zQPZC0i (f26e1abfaacd4136902802d0e9b7863f)
2019-11-24 00:56:32.642 11675 RALLYDEBUG rally_openstack.cleanup.manager [-] Deleting keystone.role object s_rally_2ceebf2b_mMLK6vkc (f4e7eebbaf1143feb5a2807c39cdaf66)
2019-11-24 00:56:34.644 11675 INFO rally.task.context [-] Task cd5d8182-1522-4733-82cd-05b1dd16f4f0 | Context admin_cleanup@openstack cleanup() finished in 5.16 sec
2019-11-24 00:56:34.644 11675 INFO rally.task.context [-] Task cd5d8182-1522-4733-82cd-05b1dd16f4f0 | Context users@openstack cleanup() started
2019-11-24 00:56:39.598 11675 INFO rally.task.context [-] Task cd5d8182-1522-4733-82cd-05b1dd16f4f0 | Context users@openstack cleanup() finished in 4.95 sec
2019-11-24 00:56:40.353 11675 INFO rally.task.engine [-] Load duration is: 3.340002
2019-11-24 00:56:40.354 11675 INFO rally.task.engine [-] Full runner duration is: 4.684106
2019-11-24 00:56:40.354 11675 INFO rally.task.engine [-] Full duration is: 17.426025
2019-11-24 00:56:40.738 11675 INFO rally.task.engine [-] Running workload: position = 0 config = { "version": 2, "title": "A cropped version of a bigger task.", "description": "Auto-generated task from a single workload (uuid=0d72301f-f0cd-4605-96a9-499552144715)", "subtasks": [ { "title": "KeystoneBasic.create_and_list_tenants", "description": "Create a keystone tenant with random name and list all tenants.", "scenario": { "KeystoneBasic.create_and_list_tenants": {} }, "contexts": { "users": { "tenants": 3, "users_per_tenant": 2 } }, "runner": { "constant": { "concurrency": 4, "times": 10 } }, "hooks": [], "sla": { "failure_rate": { "max": 0 } } } ] }
2019-11-24 00:56:40.768 11675 RALLYDEBUG rally_openstack.contexts.keystone.users [-] Creating 3 tenants using 20 threads
2019-11-24 00:56:41.736 11675 RALLYDEBUG rally_openstack.contexts.keystone.users [-] Creating 6 users using 20 threads
2019-11-24 00:56:43.268 11675 INFO rally.task.context [-] Task cd5d8182-1522-4733-82cd-05b1dd16f4f0 | Context users@openstack setup() finished in 2.50 sec
2019-11-24 00:56:43.268 11675 INFO rally.task.context [-] Task cd5d8182-1522-4733-82cd-05b1dd16f4f0 | Context admin_cleanup@openstack setup() finished in 0.02 msec
2019-11-24 00:56:43.278 11675 RALLYDEBUG rally.task.runner [-] Starting the constant runner (task UUID: cd5d8182-1522-4733-82cd-05b1dd16f4f0). times: 10 concurrency: 4 timeout: 0 max_cpu_used: 16 processes_to_start: 4 concurrency_per_worker: 1 concurrency_overhead: 0
2019-11-24 00:56:43.290 12167 RALLYDEBUG rally.task.runner [-] Starting a worker. times: 10 duration: None concurrency: 1 timeout: 0 cls: method_name: run args: {}
2019-11-24 00:56:43.292 12168 RALLYDEBUG rally.task.runner [-] Starting a worker. times: 10 duration: None concurrency: 1 timeout: 0 cls: method_name: run args: {}
2019-11-24 00:56:43.296 12169 RALLYDEBUG rally.task.runner [-] Starting a worker. times: 10 duration: None concurrency: 1 timeout: 0 cls: method_name: run args: {}
2019-11-24 00:56:43.297 12167 INFO rally.task.runner [-] Task cd5d8182-1522-4733-82cd-05b1dd16f4f0 | ITER: 1 START
2019-11-24 00:56:43.298 12168 INFO rally.task.runner [-] Task cd5d8182-1522-4733-82cd-05b1dd16f4f0 | ITER: 2 START
