2019-11-24 01:47:33.667 23051 RALLYDEBUG rally.task.runner [-] Starting a worker. times: 10 duration: None concurrency: 1 timeout: 0 cls: method_name: run args: {"flavor": "b21a361e-46d7-4d11-b324-6e9761bcee23", "image": "e2756950-7b6d-4778-be5f-611bc2de8e52", "server_kwargs": {"nics": [{"net-id": "91120f3d-1d14-4af3-8878-32cf1dc2d13f"}]}}
2019-11-24 01:47:33.671 23052 RALLYDEBUG rally.task.runner [-] Starting a worker. times: 10 duration: None concurrency: 1 timeout: 0 cls: method_name: run args: {"flavor": "b21a361e-46d7-4d11-b324-6e9761bcee23", "image": "e2756950-7b6d-4778-be5f-611bc2de8e52", "server_kwargs": {"nics": [{"net-id": "91120f3d-1d14-4af3-8878-32cf1dc2d13f"}]}}
2019-11-24 01:47:33.676 23051 INFO rally.task.runner [-] Task c0fc49d1-da24-4495-9fd9-5ddc7eab7726 | ITER: 1 START
2019-11-24 01:47:33.675 23053 RALLYDEBUG rally.task.runner [-] Starting a worker. times: 10 duration: None concurrency: 1 timeout: 0 cls: method_name: run args: {"flavor": "b21a361e-46d7-4d11-b324-6e9761bcee23", "image": "e2756950-7b6d-4778-be5f-611bc2de8e52", "server_kwargs": {"nics": [{"net-id": "91120f3d-1d14-4af3-8878-32cf1dc2d13f"}]}}
2019-11-24 01:47:33.679 23052 INFO rally.task.runner [-] Task c0fc49d1-da24-4495-9fd9-5ddc7eab7726 | ITER: 2 START
2019-11-24 01:47:33.681 23051 WARNING rally.common.logging [-] Argument(s): `server_kwargs' of `run()' are deprecated in v0.3.2: 'server_kwargs' has been renamed 'boot_server_kwargs'. Used at
2019-11-24 01:47:33.679 23054 RALLYDEBUG rally.task.runner [-] Starting a worker. times: 10 duration: None concurrency: 1 timeout: 0 cls: method_name: run args: {"flavor": "b21a361e-46d7-4d11-b324-6e9761bcee23", "image": "e2756950-7b6d-4778-be5f-611bc2de8e52", "server_kwargs": {"nics": [{"net-id": "91120f3d-1d14-4af3-8878-32cf1dc2d13f"}]}}
2019-11-24 01:47:33.683 23053 INFO rally.task.runner [-] Task c0fc49d1-da24-4495-9fd9-5ddc7eab7726 | ITER: 3 START
2019-11-24 01:47:33.685 23052 WARNING rally.common.logging [-] Argument(s): `server_kwargs' of `run()' are deprecated in v0.3.2: 'server_kwargs' has been renamed 'boot_server_kwargs'. Used at
2019-11-24 01:47:33.688 23054 INFO rally.task.runner [-] Task c0fc49d1-da24-4495-9fd9-5ddc7eab7726 | ITER: 4 START
2019-11-24 01:47:33.688 23053 WARNING rally.common.logging [-] Argument(s): `server_kwargs' of `run()' are deprecated in v0.3.2: 'server_kwargs' has been renamed 'boot_server_kwargs'. Used at
2019-11-24 01:47:33.693 23054 WARNING rally.common.logging [-] Argument(s): `server_kwargs' of `run()' are deprecated in v0.3.2: 'server_kwargs' has been renamed 'boot_server_kwargs'. Used at
2019-11-24 01:47:40.764 23053 RALLYDEBUG rally.task.utils [-] Waiting for resource s_rally_e96ebe43_GVqQS5Oz. Status changed: BUILD => ACTIVE in 4.519558429718018
2019-11-24 01:47:40.952 23051 RALLYDEBUG rally.task.utils [-] Waiting for resource s_rally_e96ebe43_6Ixt600z. Status changed: BUILD => ACTIVE in 4.660938262939453
2019-11-24 01:47:42.993 23054 RALLYDEBUG rally.task.utils [-] Waiting for resource s_rally_e96ebe43_Hz6EiVXQ. Status changed: BUILD => ACTIVE in 6.745132207870483
2019-11-24 01:47:43.145 23053 INFO rally.task.runner [-] Task c0fc49d1-da24-4495-9fd9-5ddc7eab7726 | ITER: 3 END: OK
2019-11-24 01:47:43.149 23053 INFO rally.task.runner [-] Task c0fc49d1-da24-4495-9fd9-5ddc7eab7726 | ITER: 5 START
2019-11-24 01:47:43.308 23052 RALLYDEBUG rally.task.utils [-] Waiting for resource s_rally_e96ebe43_3rGmZQ7h. Status changed: BUILD => ACTIVE in 7.043811082839966
2019-11-24 01:47:43.330 23051 INFO rally.task.runner [-] Task c0fc49d1-da24-4495-9fd9-5ddc7eab7726 | ITER: 1 END: OK
2019-11-24 01:47:43.335 23051 INFO rally.task.runner [-] Task c0fc49d1-da24-4495-9fd9-5ddc7eab7726 | ITER: 6 START
2019-11-24 01:47:45.539 23054 INFO rally.task.runner [-] Task c0fc49d1-da24-4495-9fd9-5ddc7eab7726 | ITER: 4 END: OK
2019-11-24 01:47:45.544 23054 INFO rally.task.runner [-] Task c0fc49d1-da24-4495-9fd9-5ddc7eab7726 | ITER: 7 START
2019-11-24 01:47:45.699 23052 INFO rally.task.runner [-] Task c0fc49d1-da24-4495-9fd9-5ddc7eab7726 | ITER: 2 END: OK
2019-11-24 01:47:45.704 23052 INFO rally.task.runner [-] Task c0fc49d1-da24-4495-9fd9-5ddc7eab7726 | ITER: 8 START
2019-11-24 01:47:50.137 23053 RALLYDEBUG rally.task.utils [-] Waiting for resource s_rally_e96ebe43_hC6THzPv. Status changed: BUILD => ACTIVE in 4.641674995422363
2019-11-24 01:47:50.202 23051 RALLYDEBUG rally.task.utils [-] Waiting for resource s_rally_e96ebe43_ycWG1F1B. Status changed: BUILD => ACTIVE in 4.557775497436523
2019-11-24 01:47:52.502 23053 INFO rally.task.runner [-] Task c0fc49d1-da24-4495-9fd9-5ddc7eab7726 | ITER: 5 END: OK
2019-11-24 01:47:52.505 23053 INFO rally.task.runner [-] Task c0fc49d1-da24-4495-9fd9-5ddc7eab7726 | ITER: 9 START
2019-11-24 01:47:52.591 23051 INFO rally.task.runner [-] Task c0fc49d1-da24-4495-9fd9-5ddc7eab7726 | ITER: 6 END: OK
2019-11-24 01:47:52.595 23051 INFO rally.task.runner [-] Task c0fc49d1-da24-4495-9fd9-5ddc7eab7726 | ITER: 10 START
2019-11-24 01:47:52.795 23054 RALLYDEBUG rally.task.utils [-] Waiting for resource s_rally_e96ebe43_hLLalDhG. Status changed: BUILD => ACTIVE in 4.807485580444336
2019-11-24 01:47:53.432 23052 RALLYDEBUG rally.task.utils [-] Waiting for resource s_rally_e96ebe43_TevCXxEK. Status changed: BUILD => ACTIVE in 4.891475677490234
2019-11-24 01:47:55.207 23054 INFO rally.task.runner [-] Task c0fc49d1-da24-4495-9fd9-5ddc7eab7726 | ITER: 7 END: OK
2019-11-24 01:47:55.777 23052 INFO rally.task.runner [-] Task c0fc49d1-da24-4495-9fd9-5ddc7eab7726 | ITER: 8 END: OK
2019-11-24 01:47:59.696 23051 RALLYDEBUG rally.task.utils [-] Waiting for resource s_rally_e96ebe43_OrbWeAcX. Status changed: BUILD => ACTIVE in 4.8392558097839355
2019-11-24 01:48:00.101 23053 RALLYDEBUG rally.task.utils [-] Waiting for resource s_rally_e96ebe43_l4dzNjNd. Status changed: BUILD => ACTIVE in 4.6784279346466064
2019-11-24 01:48:02.158 23051 INFO rally.task.runner [-] Task c0fc49d1-da24-4495-9fd9-5ddc7eab7726 | ITER: 10 END: OK
2019-11-24 01:48:02.464 23053 INFO rally.task.runner [-] Task c0fc49d1-da24-4495-9fd9-5ddc7eab7726 | ITER: 9 END: OK
2019-11-24 01:48:02.489 20411 INFO rally.task.context [-] Task c0fc49d1-da24-4495-9fd9-5ddc7eab7726 | Context cleanup@openstack cleanup() started
2019-11-24 01:48:02.493 20411 RALLYDEBUG rally_openstack.cleanup.manager [-] Cleaning up nova servers objects
2019-11-24 01:48:03.784 20411 RALLYDEBUG rally_openstack.cleanup.manager [-] Cleaning up nova server_groups objects
2019-11-24 01:48:04.935 20411 RALLYDEBUG rally_openstack.cleanup.manager [-] Cleaning up nova keypairs objects
2019-11-24 01:48:07.442 20411 INFO rally.task.context [-] Task c0fc49d1-da24-4495-9fd9-5ddc7eab7726 | Context cleanup@openstack cleanup() finished in 4.95 sec
2019-11-24 01:48:07.443 20411 INFO rally.task.context [-] Task c0fc49d1-da24-4495-9fd9-5ddc7eab7726 | Context network@openstack cleanup() started
2019-11-24 01:48:29.246 20411 INFO rally.task.context [-] Task c0fc49d1-da24-4495-9fd9-5ddc7eab7726 | Context network@openstack cleanup() finished in 21.80 sec
2019-11-24 01:48:29.247 20411 INFO rally.task.context [-] Task c0fc49d1-da24-4495-9fd9-5ddc7eab7726 | Context quotas@openstack cleanup() started
2019-11-24 01:48:29.505 20411 INFO rally.task.context [-] Task c0fc49d1-da24-4495-9fd9-5ddc7eab7726 | Context quotas@openstack cleanup() finished in 0.26 sec
2019-11-24 01:48:29.506 20411 INFO rally.task.context [-] Task c0fc49d1-da24-4495-9fd9-5ddc7eab7726 | Context users@openstack cleanup() started
2019-11-24 01:48:33.567 20411 INFO rally.task.context [-] Task c0fc49d1-da24-4495-9fd9-5ddc7eab7726 | Context users@openstack cleanup() finished in 4.06 sec
2019-11-24 01:48:35.312 20411 INFO rally.task.engine [-] Load duration is: 27.787616
2019-11-24 01:48:35.313 20411 INFO rally.task.engine [-] Full runner duration is: 28.834508
2019-11-24 01:48:35.313 20411 INFO rally.task.engine [-] Full duration is: 78.642899
2019-11-24 01:48:35.693 20411 INFO rally.task.engine [-] Running workload: position = 0 config = { "version": 2, "title": "A cropped version of a bigger task.", "description": "Auto-generated task from a single workload (uuid=1a9d5283-b498-486a-add7-ecadddf8af63)", "subtasks": [ { "title": "NovaServers.boot_server_from_volume_and_delete", "description": "Boot a server from volume and then delete it.", "scenario": { "NovaServers.boot_server_from_volume_and_delete": { "flavor": { "name": "rally_full-flavor_2f170d48-e02c-4426-87d5-40abf8fe2368" }, "image": { "name": "rally_full-img_2f170d48-e02c-4426-87d5-40abf8fe2368" }, "volume_size": 1, "nics": [ { "net-id": "91120f3d-1d14-4af3-8878-32cf1dc2d13f" } ] } }, "contexts": { "users": { "tenants": 3, "users_per_tenant": 2 }, "network": { "networks_per_tenant": 1, "start_cidr": "100.1.0.0/25" }, "quotas": { "cinder": { "gigabytes": -1, "snapshots": -1, "volumes": -1 }, "neutron": { "network": -1, "port": -1, "subnet": -1 }, "nova": { "cores": -1, "floating_ips": -1, "instances": -1, "ram": -1, "security_group_rules": -1, "security_groups": -1 } }, "api_versions": { "cinder": { "version": 3, "service_type": "volumev3" } } }, "runner": { "constant": { "concurrency": 4, "times": 10 } }, "hooks": [], "sla": { "failure_rate": { "max": 0 } } } ] }
2019-11-24 01:48:35.721 20411 RALLYDEBUG rally_openstack.contexts.keystone.users [-] Creating 3 tenants using 20 threads
2019-11-24 01:48:36.759 20411 RALLYDEBUG rally_openstack.contexts.keystone.users [-] Creating 6 users using 20 threads
2019-11-24 01:48:38.310 20411 INFO rally.task.context [-] Task c0fc49d1-da24-4495-9fd9-5ddc7eab7726 | Context users@openstack setup() finished in 2.59 sec
2019-11-24 01:48:38.722 20411 INFO rally.task.context [-] Task c0fc49d1-da24-4495-9fd9-5ddc7eab7726 | Context api_versions@openstack setup() finished in 0.41 sec
2019-11-24 01:48:40.775 20411 INFO rally.task.context [-] Task c0fc49d1-da24-4495-9fd9-5ddc7eab7726 | Context quotas@openstack setup() finished in 2.05 sec
2019-11-24 01:48:42.835 20411 RALLYDEBUG rally_openstack.wrappers.network [-] CIDR generated: 100.1.10.128/25
2019-11-24 01:48:47.277 20411 RALLYDEBUG rally_openstack.wrappers.network [-] CIDR generated: 100.1.11.0/25
2019-11-24 01:48:51.385 20411 RALLYDEBUG rally_openstack.wrappers.network [-] CIDR generated: 100.1.11.128/25
2019-11-24 01:48:53.853 20411 INFO rally.task.context [-] Task c0fc49d1-da24-4495-9fd9-5ddc7eab7726 | Context network@openstack setup() finished in 13.08 sec
2019-11-24 01:48:53.854 20411 INFO rally.task.context [-] Task c0fc49d1-da24-4495-9fd9-5ddc7eab7726 | Context cleanup@openstack setup() finished in 0.01 msec
2019-11-24 01:48:54.698 20411 RALLYDEBUG rally.task.runner [-] Starting the constant runner (task UUID: c0fc49d1-da24-4495-9fd9-5ddc7eab7726). times: 10 concurrency: 4 timeout: 0 max_cpu_used: 16 processes_to_start: 4 concurrency_per_worker: 1 concurrency_overhead: 0
2019-11-24 01:48:54.710 23215 RALLYDEBUG rally.task.runner [-] Starting a worker. times: 10 duration: None concurrency: 1 timeout: 0 cls: method_name: run args: {"flavor": "b21a361e-46d7-4d11-b324-6e9761bcee23", "image": "e2756950-7b6d-4778-be5f-611bc2de8e52", "volume_size": 1, "nics": [{"net-id": "91120f3d-1d14-4af3-8878-32cf1dc2d13f"}]}
2019-11-24 01:48:54.714 23216 RALLYDEBUG rally.task.runner [-] Starting a worker. times: 10 duration: None concurrency: 1 timeout: 0 cls: method_name: run args: {"flavor": "b21a361e-46d7-4d11-b324-6e9761bcee23", "image": "e2756950-7b6d-4778-be5f-611bc2de8e52", "volume_size": 1, "nics": [{"net-id": "91120f3d-1d14-4af3-8878-32cf1dc2d13f"}]}
2019-11-24 01:48:54.719 23215 INFO rally.task.runner [-] Task c0fc49d1-da24-4495-9fd9-5ddc7eab7726 | ITER: 1 START
2019-11-24 01:48:54.718 23217 RALLYDEBUG rally.task.runner [-] Starting a worker. times: 10 duration: None concurrency: 1 timeout: 0 cls: method_name: run args: {"flavor": "b21a361e-46d7-4d11-b324-6e9761bcee23", "image": "e2756950-7b6d-4778-be5f-611bc2de8e52", "volume_size": 1, "nics": [{"net-id": "91120f3d-1d14-4af3-8878-32cf1dc2d13f"}]}
2019-11-24 01:48:54.722 23219 RALLYDEBUG rally.task.runner [-] Starting a worker. times: 10 duration: None concurrency: 1 timeout: 0 cls: method_name: run args: {"flavor": "b21a361e-46d7-4d11-b324-6e9761bcee23", "image": "e2756950-7b6d-4778-be5f-611bc2de8e52", "volume_size": 1, "nics": [{"net-id": "91120f3d-1d14-4af3-8878-32cf1dc2d13f"}]}
2019-11-24 01:48:54.722 23216 INFO rally.task.runner [-] Task c0fc49d1-da24-4495-9fd9-5ddc7eab7726 | ITER: 2 START
2019-11-24 01:48:54.726 23217 INFO rally.task.runner [-] Task c0fc49d1-da24-4495-9fd9-5ddc7eab7726 | ITER: 3 START
2019-11-24 01:48:54.729 23219 INFO rally.task.runner [-] Task c0fc49d1-da24-4495-9fd9-5ddc7eab7726 | ITER: 4 START
2019-11-24 01:49:12.121 23216 RALLYDEBUG rally.task.utils [-] Waiting for resource s_rally_1a9d5283_IaIkLVYe. Status changed: DOWNLOADING => AVAILABLE in 14.608993291854858
2019-11-24 01:49:18.407 23215 RALLYDEBUG rally.task.utils [-] Waiting for resource s_rally_1a9d5283_EO9kgi4h. Status changed: DOWNLOADING => AVAILABLE in 20.846970319747925
2019-11-24 01:49:21.472 23216 RALLYDEBUG rally.task.utils [-] Waiting for resource s_rally_1a9d5283_UgrQvQrr. Status changed: BUILD => ACTIVE in 6.982764720916748
2019-11-24 01:49:23.892 23216 INFO rally.task.runner [-] Task c0fc49d1-da24-4495-9fd9-5ddc7eab7726 | ITER: 2 END: OK
2019-11-24 01:49:23.898 23216 INFO rally.task.runner [-] Task c0fc49d1-da24-4495-9fd9-5ddc7eab7726 | ITER: 5 START
2019-11-24 01:49:27.545 23215 RALLYDEBUG rally.task.utils [-] Waiting for resource s_rally_1a9d5283_aP7Cp3Jl. Status changed: BUILD => ACTIVE in 6.957083463668823
2019-11-24 01:49:29.920 23215 INFO rally.task.runner [-] Task c0fc49d1-da24-4495-9fd9-5ddc7eab7726 | ITER: 1 END: OK
2019-11-24 01:49:29.925 23215 INFO rally.task.runner [-] Task c0fc49d1-da24-4495-9fd9-5ddc7eab7726 | ITER: 6 START
2019-11-24 01:49:34.795 23215 RALLYDEBUG rally.task.utils [-] Waiting for resource s_rally_1a9d5283_YWPxGCp0. Status changed: CREATING => DOWNLOADING in 2.19661283493042
2019-11-24 01:49:35.000 23217 RALLYDEBUG rally.task.utils [-] Waiting for resource s_rally_1a9d5283_SU6MNMQj. Status changed: DOWNLOADING => AVAILABLE in 37.48810005187988
2019-11-24 01:49:35.013 23219 RALLYDEBUG rally.task.utils [-] Waiting for resource s_rally_1a9d5283_1ySYsPJL. Status changed: DOWNLOADING => AVAILABLE in 37.482585430145264
2019-11-24 01:49:43.772 23219 RALLYDEBUG rally.task.utils [-] Waiting for resource s_rally_1a9d5283_b0D7rk0K. Status changed: BUILD => ACTIVE in 6.886487245559692
2019-11-24 01:49:46.137 23217 RALLYDEBUG rally.task.utils [-] Waiting for resource s_rally_1a9d5283_Rq7hgTcG. Status changed: BUILD => ACTIVE in 9.06506609916687
2019-11-24 01:49:47.511 23216 RALLYDEBUG rally.task.utils [-] Waiting for resource s_rally_1a9d5283_GxcflQyI. Status changed: DOWNLOADING => AVAILABLE in 20.797603607177734
2019-11-24 01:49:48.287 23219 INFO rally.task.runner [-] Task c0fc49d1-da24-4495-9fd9-5ddc7eab7726 | ITER: 4 END: OK
2019-11-24 01:49:48.293 23219 INFO rally.task.runner [-] Task c0fc49d1-da24-4495-9fd9-5ddc7eab7726 | ITER: 7 START
2019-11-24 01:49:48.552 23217 INFO rally.task.runner [-] Task c0fc49d1-da24-4495-9fd9-5ddc7eab7726 | ITER: 3 END: OK
2019-11-24 01:49:48.558 23217 INFO rally.task.runner [-] Task c0fc49d1-da24-4495-9fd9-5ddc7eab7726 | ITER: 8 START
2019-11-24 01:49:49.285 23215 RALLYDEBUG rally.task.utils [-] Waiting for resource s_rally_1a9d5283_YWPxGCp0. Status changed: DOWNLOADING => AVAILABLE in 14.490117073059082
2019-11-24 01:49:54.167 23216 RALLYDEBUG rally.task.utils [-] Waiting for resource s_rally_1a9d5283_9ffSbpYQ. Status changed: BUILD => ACTIVE in 4.55115532875061
2019-11-24 01:49:56.030 23215 RALLYDEBUG rally.task.utils [-] Waiting for resource s_rally_1a9d5283_sYY3bx6r. Status changed: BUILD => ACTIVE in 4.605096101760864
2019-11-24 01:49:56.573 23216 INFO rally.task.runner [-] Task c0fc49d1-da24-4495-9fd9-5ddc7eab7726 | ITER: 5 END: OK
2019-11-24 01:49:56.578 23216 INFO rally.task.runner [-] Task c0fc49d1-da24-4495-9fd9-5ddc7eab7726 | ITER: 9 START
2019-11-24 01:49:58.375 23215 INFO rally.task.runner [-] Task c0fc49d1-da24-4495-9fd9-5ddc7eab7726 | ITER: 6 END: OK
2019-11-24 01:49:58.381 23215 INFO rally.task.runner [-] Task c0fc49d1-da24-4495-9fd9-5ddc7eab7726 | ITER: 10 START
2019-11-24 01:50:13.902 23219 RALLYDEBUG rally.task.utils [-] Waiting for resource s_rally_1a9d5283_4HYvaeNU. Status changed: DOWNLOADING => AVAILABLE in 22.882073402404785
2019-11-24 01:50:23.126 23219 RALLYDEBUG rally.task.utils [-] Waiting for resource s_rally_1a9d5283_W03Uri3w. Status changed: BUILD => ACTIVE in 7.120157718658447
2019-11-24 01:50:25.585 23219 INFO rally.task.runner [-] Task c0fc49d1-da24-4495-9fd9-5ddc7eab7726 | ITER: 7 END: OK
2019-11-24 01:51:04.203 23217 RALLYDEBUG rally.task.utils [-] Waiting for resource s_rally_1a9d5283_2EioXED1. Status changed: DOWNLOADING => AVAILABLE in 72.62647366523743
2019-11-24 01:51:05.544 23215 RALLYDEBUG rally.task.utils [-] Waiting for resource s_rally_1a9d5283_IiprSykg. Status changed: DOWNLOADING => AVAILABLE in 64.35174703598022
2019-11-24 01:51:05.766 23216 RALLYDEBUG rally.task.utils [-] Waiting for resource s_rally_1a9d5283_CYgh6i51. Status changed: DOWNLOADING => AVAILABLE in 66.46345019340515
2019-11-24 01:51:12.221 23215 RALLYDEBUG rally.task.utils [-] Waiting for resource s_rally_1a9d5283_MonbkEQf. Status changed: BUILD => ACTIVE in 4.558458089828491
2019-11-24 01:51:13.584 23217 RALLYDEBUG rally.task.utils [-] Waiting for resource s_rally_1a9d5283_aT5RFGjj. Status changed: BUILD => ACTIVE in 7.080706596374512
2019-11-24 01:51:14.582 23215 INFO rally.task.runner [-] Task c0fc49d1-da24-4495-9fd9-5ddc7eab7726 | ITER: 10 END: OK
2019-11-24 01:51:14.634 23216 RALLYDEBUG rally.task.utils [-] Waiting for resource s_rally_1a9d5283_rFo3EjCw. Status changed: BUILD => ACTIVE in 6.7696287631988525
2019-11-24 01:51:16.079 23217 INFO rally.task.runner [-] Task c0fc49d1-da24-4495-9fd9-5ddc7eab7726 | ITER: 8 END: OK
2019-11-24 01:51:17.148 23216 INFO rally.task.runner [-] Task c0fc49d1-da24-4495-9fd9-5ddc7eab7726 | ITER: 9 END: OK
2019-11-24 01:51:17.173 20411 INFO rally.task.context [-] Task c0fc49d1-da24-4495-9fd9-5ddc7eab7726 | Context cleanup@openstack cleanup() started
2019-11-24 01:51:17.176 20411 RALLYDEBUG rally_openstack.cleanup.manager [-] Cleaning up nova servers objects
2019-11-24 01:51:18.619 20411 RALLYDEBUG rally_openstack.cleanup.manager [-] Cleaning up nova server_groups objects
2019-11-24 01:51:19.770 20411 RALLYDEBUG rally_openstack.cleanup.manager [-] Cleaning up nova keypairs objects
2019-11-24 01:51:22.071 20411 RALLYDEBUG rally_openstack.cleanup.manager [-] Cleaning up cinder backups objects
2019-11-24 01:51:23.248 20411 RALLYDEBUG rally_openstack.cleanup.manager [-] Cleaning up cinder volume_snapshots objects
2019-11-24 01:51:24.412 20411 RALLYDEBUG rally_openstack.cleanup.manager [-] Cleaning up cinder transfers objects
2019-11-24 01:51:25.566 20411 RALLYDEBUG rally_openstack.cleanup.manager [-] Cleaning up cinder volumes objects
2019-11-24 01:51:26.826 20411 RALLYDEBUG rally_openstack.cleanup.manager [-] Deleting cinder.volumes object s_rally_1a9d5283_2EioXED1 (c9d6ac98-e919-4c0d-a2a0-c45d7f4064ab)
2019-11-24 01:51:26.835 20411 RALLYDEBUG rally_openstack.cleanup.manager [-] Deleting cinder.volumes object s_rally_1a9d5283_4HYvaeNU (110b348b-9f14-49ca-bf99-7a4fbb52528e)
2019-11-24 01:51:26.844 20411 RALLYDEBUG rally_openstack.cleanup.manager [-] Deleting cinder.volumes object s_rally_1a9d5283_YWPxGCp0 (903e5286-7b1d-43cf-9898-7b2f454cdf27)
2019-11-24 01:51:26.853 20411 RALLYDEBUG rally_openstack.cleanup.manager [-] Deleting cinder.volumes object s_rally_1a9d5283_1ySYsPJL (2493e881-aa23-40c4-bdf2-36b81cf3838b)
2019-11-24 01:51:26.862 20411 RALLYDEBUG rally_openstack.cleanup.manager [-] Deleting cinder.volumes object s_rally_1a9d5283_EO9kgi4h (22d2f024-5000-48a7-8064-7a4679e859c5)
2019-11-24 01:51:26.871 20411 RALLYDEBUG rally_openstack.cleanup.manager [-] Deleting cinder.volumes object s_rally_1a9d5283_IaIkLVYe (09fdc8d6-e3e1-4076-b46e-bf38a69de270)
2019-11-24 01:51:26.875 20411 RALLYDEBUG rally_openstack.cleanup.manager [-] Deleting cinder.volumes object s_rally_1a9d5283_IiprSykg (8b504b87-f58b-49df-bbcf-8be5dcc69dc4)
2019-11-24 01:51:26.883 20411 RALLYDEBUG rally_openstack.cleanup.manager [-] Deleting cinder.volumes object s_rally_1a9d5283_CYgh6i51 (094382f2-4a3f-4734-8a60-f43e1b99f517)
2019-11-24 01:51:26.916 20411 RALLYDEBUG rally_openstack.cleanup.manager [-] Deleting cinder.volumes object s_rally_1a9d5283_GxcflQyI (ab819124-5998-4680-be0e-eedb760b8d2d)
2019-11-24 01:51:26.925 20411 RALLYDEBUG rally_openstack.cleanup.manager [-] Deleting cinder.volumes object s_rally_1a9d5283_SU6MNMQj (ea8e23fa-706c-4561-ab02-c72a9e86e006)
2019-11-24 01:51:30.654 20411 INFO rally.task.context [-] Task c0fc49d1-da24-4495-9fd9-5ddc7eab7726 | Context cleanup@openstack cleanup() finished in 13.48 sec
2019-11-24 01:51:30.654 20411 INFO rally.task.context [-] Task c0fc49d1-da24-4495-9fd9-5ddc7eab7726 | Context network@openstack cleanup() started
2019-11-24 01:51:52.686 20411 INFO rally.task.context [-] Task c0fc49d1-da24-4495-9fd9-5ddc7eab7726 | Context network@openstack cleanup() finished in 22.03 sec
2019-11-24 01:51:52.687 20411 INFO rally.task.context [-] Task c0fc49d1-da24-4495-9fd9-5ddc7eab7726 | Context quotas@openstack cleanup() started
2019-11-24 01:51:52.948 20411 INFO rally.task.context [-] Task c0fc49d1-da24-4495-9fd9-5ddc7eab7726 | Context quotas@openstack cleanup() finished in 0.26 sec
2019-11-24 01:51:52.949 20411 INFO rally.task.context [-] Task c0fc49d1-da24-4495-9fd9-5ddc7eab7726 | Context api_versions@openstack cleanup() started
2019-11-24 01:51:52.949 20411 INFO rally.task.context [-] Task c0fc49d1-da24-4495-9fd9-5ddc7eab7726 | Context api_versions@openstack cleanup() finished in 0.38 msec
2019-11-24 01:51:52.949 20411 INFO rally.task.context [-] Task c0fc49d1-da24-4495-9fd9-5ddc7eab7726 | Context users@openstack cleanup() started
2019-11-24 01:51:56.940 20411 INFO rally.task.context [-] Task c0fc49d1-da24-4495-9fd9-5ddc7eab7726 | Context users@openstack cleanup() finished in 3.99 sec
2019-11-24 01:51:58.575 20411 INFO rally.task.engine [-] Load duration is: 141.424063
2019-11-24 01:51:58.575 20411 INFO rally.task.engine [-] Full runner duration is: 142.475571
2019-11-24 01:51:58.575 20411 INFO rally.task.engine [-] Full duration is: 201.221979
2019-11-24 01:51:58.940 20411 INFO rally.task.engine [-] Running workload: position = 0 config = { "version": 2, "title": "A cropped version of a bigger task.", "description": "Auto-generated task from a single workload (uuid=29f5987d-5677-40a1-9eb2-7136c855341e)", "subtasks": [ { "title": "NovaServers.pause_and_unpause_server", "description": "Create a server, pause, unpause and then delete it", "scenario": { "NovaServers.pause_and_unpause_server": { "flavor": { "name": "rally_full-flavor_2f170d48-e02c-4426-87d5-40abf8fe2368" }, "image": { "name": "rally_full-img_2f170d48-e02c-4426-87d5-40abf8fe2368" }, "force_delete": false, "nics": [ { "net-id": "91120f3d-1d14-4af3-8878-32cf1dc2d13f" } ] } }, "contexts": { "users": { "tenants": 3, "users_per_tenant": 2 }, "network": { "networks_per_tenant": 1, "start_cidr": "100.1.0.0/25" }, "quotas": { "neutron": { "network": -1, "port": -1, "subnet": -1 }, "nova": { "cores": -1, "floating_ips": -1, "instances": -1, "ram": -1, "security_group_rules": -1, "security_groups": -1 } } }, "runner": { "constant": { "concurrency": 4, "times": 10 } }, "hooks": [], "sla": { "failure_rate": { "max": 0 } } } ] }
2019-11-24 01:51:58.967 20411 RALLYDEBUG rally_openstack.contexts.keystone.users [-] Creating 3 tenants using 20 threads
2019-11-24 01:51:59.971 20411 RALLYDEBUG rally_openstack.contexts.keystone.users [-] Creating 6 users using 20 threads
2019-11-24 01:52:01.558 20411 INFO rally.task.context [-] Task c0fc49d1-da24-4495-9fd9-5ddc7eab7726 | Context users@openstack setup() finished in 2.59 sec
2019-11-24 01:52:03.267 20411 INFO rally.task.context [-] Task c0fc49d1-da24-4495-9fd9-5ddc7eab7726 | Context quotas@openstack setup() finished in 1.71 sec
2019-11-24 01:52:05.481 20411 RALLYDEBUG rally_openstack.wrappers.network [-] CIDR generated: 100.1.12.0/25
2019-11-24 01:52:09.839 20411 RALLYDEBUG rally_openstack.wrappers.network [-] CIDR generated: 100.1.12.128/25
2019-11-24 01:52:13.747 20411 RALLYDEBUG rally_openstack.wrappers.network [-] CIDR generated: 100.1.13.0/25
2019-11-24 01:52:15.957 20411 INFO rally.task.context [-] Task c0fc49d1-da24-4495-9fd9-5ddc7eab7726 | Context network@openstack setup() finished in 12.69 sec
2019-11-24 01:52:15.957 20411 INFO rally.task.context [-] Task c0fc49d1-da24-4495-9fd9-5ddc7eab7726 | Context cleanup@openstack setup() finished in 0.01 msec
2019-11-24 01:52:16.816 20411 RALLYDEBUG rally.task.runner [-] Starting the constant runner (task UUID: c0fc49d1-da24-4495-9fd9-5ddc7eab7726). times: 10 concurrency: 4 timeout: 0 max_cpu_used: 16 processes_to_start: 4 concurrency_per_worker: 1 concurrency_overhead: 0
2019-11-24 01:52:16.828 23459 RALLYDEBUG rally.task.runner [-] Starting a worker. times: 10 duration: None concurrency: 1 timeout: 0 cls: method_name: run args: {"flavor": "b21a361e-46d7-4d11-b324-6e9761bcee23", "image": "e2756950-7b6d-4778-be5f-611bc2de8e52", "force_delete": false, "nics": [{"net-id": "91120f3d-1d14-4af3-8878-32cf1dc2d13f"}]}
2019-11-24 01:52:16.830 23460 RALLYDEBUG rally.task.runner [-] Starting a worker. times: 10 duration: None concurrency: 1 timeout: 0 cls: method_name: run args: {"flavor": "b21a361e-46d7-4d11-b324-6e9761bcee23", "image": "e2756950-7b6d-4778-be5f-611bc2de8e52", "force_delete": false, "nics": [{"net-id": "91120f3d-1d14-4af3-8878-32cf1dc2d13f"}]}
2019-11-24 01:52:16.835 23459 INFO rally.task.runner [-] Task c0fc49d1-da24-4495-9fd9-5ddc7eab7726 | ITER: 1 START
2019-11-24 01:52:16.835 23461 RALLYDEBUG rally.task.runner [-] Starting a worker. times: 10 duration: None concurrency: 1 timeout: 0 cls: method_name: run args: {"flavor": "b21a361e-46d7-4d11-b324-6e9761bcee23", "image": "e2756950-7b6d-4778-be5f-611bc2de8e52", "force_delete": false, "nics": [{"net-id": "91120f3d-1d14-4af3-8878-32cf1dc2d13f"}]}
2019-11-24 01:52:16.837 23460 INFO rally.task.runner [-] Task c0fc49d1-da24-4495-9fd9-5ddc7eab7726 | ITER: 2 START
2019-11-24 01:52:16.839 23462 RALLYDEBUG rally.task.runner [-] Starting a worker. times: 10 duration: None concurrency: 1 timeout: 0 cls: method_name: run args: {"flavor": "b21a361e-46d7-4d11-b324-6e9761bcee23", "image": "e2756950-7b6d-4778-be5f-611bc2de8e52", "force_delete": false, "nics": [{"net-id": "91120f3d-1d14-4af3-8878-32cf1dc2d13f"}]}
2019-11-24 01:52:16.842 23461 INFO rally.task.runner [-] Task c0fc49d1-da24-4495-9fd9-5ddc7eab7726 | ITER: 3 START
2019-11-24 01:52:16.847 23462 INFO rally.task.runner [-] Task c0fc49d1-da24-4495-9fd9-5ddc7eab7726 | ITER: 4 START
2019-11-24 01:52:23.628 23462 RALLYDEBUG rally.task.utils [-] Waiting for resource s_rally_29f5987d_lEfEut3R. Status changed: BUILD => ACTIVE in 4.5263001918792725
2019-11-24 01:52:24.017 23461 RALLYDEBUG rally.task.utils [-] Waiting for resource s_rally_29f5987d_XLHt3wCb. Status changed: BUILD => ACTIVE in 4.884031295776367
2019-11-24 01:52:25.984 23462 RALLYDEBUG rally.task.utils [-] Waiting for resource s_rally_29f5987d_lEfEut3R. Status changed: ACTIVE => PAUSED in 0.23861908912658691
2019-11-24 01:52:26.304 23460 RALLYDEBUG rally.task.utils [-] Waiting for resource s_rally_29f5987d_LmMkIgYs. Status changed: BUILD => ACTIVE in 7.0918498039245605
2019-11-24 01:52:26.494 23461 RALLYDEBUG rally.task.utils [-] Waiting for resource s_rally_29f5987d_XLHt3wCb. Status changed: ACTIVE => PAUSED in 0.23643255233764648
2019-11-24 01:52:28.671 23460 RALLYDEBUG rally.task.utils [-] Waiting for resource s_rally_29f5987d_LmMkIgYs. Status changed: ACTIVE => PAUSED in 0.24305295944213867
2019-11-24 01:52:28.734 23459 RALLYDEBUG rally.task.utils [-] Waiting for resource s_rally_29f5987d_K79H5Fpv. Status changed: BUILD => ACTIVE in 9.309953927993774
2019-11-24 01:52:30.668 23462 INFO rally.task.runner [-] Task c0fc49d1-da24-4495-9fd9-5ddc7eab7726 | ITER: 4 END: OK
2019-11-24 01:52:30.673 23462 INFO rally.task.runner [-] Task c0fc49d1-da24-4495-9fd9-5ddc7eab7726 | ITER: 5 START
2019-11-24 01:52:31.159 23459 RALLYDEBUG rally.task.utils [-] Waiting for resource s_rally_29f5987d_K79H5Fpv. Status changed: ACTIVE => PAUSED in 0.3034181594848633
2019-11-24 01:52:31.210 23461 INFO rally.task.runner [-] Task c0fc49d1-da24-4495-9fd9-5ddc7eab7726 | ITER: 3 END: OK
2019-11-24 01:52:31.215 23461 INFO rally.task.runner [-] Task c0fc49d1-da24-4495-9fd9-5ddc7eab7726 | ITER: 6 START
2019-11-24 01:52:33.369 23460 INFO rally.task.runner [-] Task c0fc49d1-da24-4495-9fd9-5ddc7eab7726 | ITER: 2 END: OK
2019-11-24 01:52:33.374 23460 INFO rally.task.runner [-] Task c0fc49d1-da24-4495-9fd9-5ddc7eab7726 | ITER: 7 START
2019-11-24 01:52:35.861 23459 INFO rally.task.runner [-] Task c0fc49d1-da24-4495-9fd9-5ddc7eab7726 | ITER: 1 END: OK
2019-11-24 01:52:35.866 23459 INFO rally.task.runner [-] Task c0fc49d1-da24-4495-9fd9-5ddc7eab7726 | ITER: 8 START
2019-11-24 01:52:37.573 23462 RALLYDEBUG rally.task.utils [-] Waiting for resource s_rally_29f5987d_RJHEgtuW. Status changed: BUILD => ACTIVE in 4.618659973144531
2019-11-24 01:52:37.983 23461 RALLYDEBUG rally.task.utils [-] Waiting for resource s_rally_29f5987d_p3qARg7B. Status changed: BUILD => ACTIVE in 4.7071592807769775
2019-11-24 01:52:39.889 23462 RALLYDEBUG rally.task.utils [-] Waiting for resource s_rally_29f5987d_RJHEgtuW. Status changed: ACTIVE => PAUSED in 0.19352984428405762
2019-11-24 01:52:40.237 23460 RALLYDEBUG rally.task.utils [-] Waiting for resource s_rally_29f5987d_O7D294tA. Status changed: BUILD => ACTIVE in 4.685558319091797
2019-11-24 01:52:40.288 23461 RALLYDEBUG rally.task.utils [-] Waiting for resource s_rally_29f5987d_p3qARg7B. Status changed: ACTIVE => PAUSED in 0.18764686584472656
2019-11-24 01:52:42.492 23460 RALLYDEBUG rally.task.utils [-] Waiting for resource s_rally_29f5987d_O7D294tA. Status changed: ACTIVE => PAUSED in 0.14219951629638672
2019-11-24 01:52:42.568 23459 RALLYDEBUG rally.task.utils [-] Waiting for resource s_rally_29f5987d_KxtSrBcn. Status changed: BUILD => ACTIVE in 4.6902055740356445
2019-11-24 01:52:44.680 23462 INFO rally.task.runner [-] Task c0fc49d1-da24-4495-9fd9-5ddc7eab7726 | ITER: 5 END: OK
2019-11-24 01:52:44.686 23462 INFO rally.task.runner [-] Task c0fc49d1-da24-4495-9fd9-5ddc7eab7726 | ITER: 9 START
2019-11-24 01:52:44.877 23459 RALLYDEBUG rally.task.utils [-] Waiting for resource s_rally_29f5987d_KxtSrBcn. Status changed: ACTIVE => PAUSED in 0.17572283744812012
2019-11-24 01:52:45.158 23461 INFO rally.task.runner [-] Task c0fc49d1-da24-4495-9fd9-5ddc7eab7726 | ITER: 6 END: OK
2019-11-24 01:52:45.164 23461 INFO rally.task.runner [-] Task c0fc49d1-da24-4495-9fd9-5ddc7eab7726 | ITER: 10 START
2019-11-24 01:52:47.266 23460 INFO rally.task.runner [-] Task c0fc49d1-da24-4495-9fd9-5ddc7eab7726 | ITER: 7 END: OK
2019-11-24 01:52:49.934 23459 INFO rally.task.runner [-] Task c0fc49d1-da24-4495-9fd9-5ddc7eab7726 | ITER: 8 END: OK
2019-11-24 01:52:51.497 23462 RALLYDEBUG rally.task.utils [-] Waiting for resource s_rally_29f5987d_jgzkzvNS. Status changed: BUILD => ACTIVE in 4.638265609741211
2019-11-24 01:52:52.234 23461 RALLYDEBUG rally.task.utils [-] Waiting for resource s_rally_29f5987d_s2CDOGVx. Status changed: BUILD => ACTIVE in 4.972428798675537
2019-11-24 01:52:54.014 23462 RALLYDEBUG rally.task.utils [-] Waiting for resource s_rally_29f5987d_jgzkzvNS. Status changed: ACTIVE => PAUSED in 0.37351417541503906
2019-11-24 01:52:54.600 23461 RALLYDEBUG rally.task.utils [-] Waiting for resource s_rally_29f5987d_s2CDOGVx. Status changed: ACTIVE => PAUSED in 0.2370738983154297
2019-11-24 01:52:58.773 23462 INFO rally.task.runner [-] Task c0fc49d1-da24-4495-9fd9-5ddc7eab7726 | ITER: 9 END: OK
2019-11-24 01:52:59.290 23461 INFO rally.task.runner [-] Task c0fc49d1-da24-4495-9fd9-5ddc7eab7726 | ITER: 10 END: OK
2019-11-24 01:52:59.320 20411 INFO rally.task.context [-] Task c0fc49d1-da24-4495-9fd9-5ddc7eab7726 | Context cleanup@openstack cleanup() started
2019-11-24 01:52:59.324 20411 RALLYDEBUG rally_openstack.cleanup.manager [-] Cleaning up nova servers objects
2019-11-24 01:53:00.613 20411 RALLYDEBUG rally_openstack.cleanup.manager [-] Cleaning up nova server_groups objects
2019-11-24 01:53:01.741 20411 RALLYDEBUG rally_openstack.cleanup.manager [-] Cleaning up nova keypairs objects
2019-11-24 01:53:04.110 20411 INFO rally.task.context [-] Task c0fc49d1-da24-4495-9fd9-5ddc7eab7726 | Context cleanup@openstack cleanup() finished in 4.79 sec
2019-11-24 01:53:04.111 20411 INFO rally.task.context [-] Task c0fc49d1-da24-4495-9fd9-5ddc7eab7726 | Context network@openstack cleanup() started
2019-11-24 01:53:26.176 20411 INFO rally.task.context [-] Task c0fc49d1-da24-4495-9fd9-5ddc7eab7726 | Context network@openstack cleanup() finished in 22.06 sec
2019-11-24 01:53:26.176 20411 INFO rally.task.context [-] Task c0fc49d1-da24-4495-9fd9-5ddc7eab7726 | Context quotas@openstack cleanup() started
2019-11-24 01:53:26.366 20411 INFO rally.task.context [-] Task c0fc49d1-da24-4495-9fd9-5ddc7eab7726 | Context quotas@openstack cleanup() finished in 0.19 sec
2019-11-24 01:53:26.367 20411 INFO rally.task.context [-] Task c0fc49d1-da24-4495-9fd9-5ddc7eab7726 | Context users@openstack cleanup() started
2019-11-24 01:53:30.430 20411 INFO rally.task.context [-] Task c0fc49d1-da24-4495-9fd9-5ddc7eab7726 | Context users@openstack cleanup() finished in 4.06 sec
2019-11-24 01:53:31.451 20411 INFO rally.task.engine [-] Load duration is: 37.453
2019-11-24 01:53:31.452 20411 INFO rally.task.engine [-] Full runner duration is: 42.504238
2019-11-24 01:53:31.452 20411 INFO rally.task.engine [-] Full duration is: 91.46595
2019-11-24 01:53:31.744 20411 INFO rally.task.engine [-] Running workload: position = 0 config = { "version": 2, "title": "A cropped version of a bigger task.", "description": "Auto-generated task from a single workload (uuid=3a1eb329-0bbb-48e5-8ce8-6f7eaea522bd)", "subtasks": [ { "title": "NovaServers.boot_and_migrate_server", "description": "Migrate a server.", "scenario": { "NovaServers.boot_and_migrate_server": { "flavor": { "name": "rally_full-flavor_2f170d48-e02c-4426-87d5-40abf8fe2368" }, "image": { "name": "rally_full-img_2f170d48-e02c-4426-87d5-40abf8fe2368" }, "nics": [ { "net-id": "91120f3d-1d14-4af3-8878-32cf1dc2d13f" } ] } }, "contexts": { "users": { "tenants": 3, "users_per_tenant": 2 } }, "runner": { "constant": { "concurrency": 4, "times": 10 } }, "hooks": [], "sla": { "failure_rate": { "max": 0 } } } ] }
2019-11-24 01:53:31.767 20411 RALLYDEBUG rally_openstack.contexts.keystone.users [-] Creating 3 tenants using 20 threads
2019-11-24 01:53:32.854 20411 RALLYDEBUG rally_openstack.contexts.keystone.users [-] Creating 6 users using 20 threads
2019-11-24 01:53:34.519 20411 INFO rally.task.context [-] Task c0fc49d1-da24-4495-9fd9-5ddc7eab7726 | Context users@openstack setup() finished in 2.75 sec
2019-11-24 01:53:34.520 20411 INFO rally.task.context [-] Task c0fc49d1-da24-4495-9fd9-5ddc7eab7726 | Context cleanup@openstack setup() finished in 0.01 msec
2019-11-24 01:53:35.589 20411 RALLYDEBUG rally.task.runner [-] Starting the constant runner (task UUID: c0fc49d1-da24-4495-9fd9-5ddc7eab7726). times: 10 concurrency: 4 timeout: 0 max_cpu_used: 16 processes_to_start: 4 concurrency_per_worker: 1 concurrency_overhead: 0
2019-11-24 01:53:35.603 23623 RALLYDEBUG rally.task.runner [-] Starting a worker. times: 10 duration: None concurrency: 1 timeout: 0 cls: method_name: run args: {"flavor": "b21a361e-46d7-4d11-b324-6e9761bcee23", "image": "e2756950-7b6d-4778-be5f-611bc2de8e52", "nics": [{"net-id": "91120f3d-1d14-4af3-8878-32cf1dc2d13f"}]}
2019-11-24 01:53:35.606 23624 RALLYDEBUG rally.task.runner [-] Starting a worker. times: 10 duration: None concurrency: 1 timeout: 0 cls: method_name: run args: {"flavor": "b21a361e-46d7-4d11-b324-6e9761bcee23", "image": "e2756950-7b6d-4778-be5f-611bc2de8e52", "nics": [{"net-id": "91120f3d-1d14-4af3-8878-32cf1dc2d13f"}]}
2019-11-24 01:53:35.610 23623 INFO rally.task.runner [-] Task c0fc49d1-da24-4495-9fd9-5ddc7eab7726 | ITER: 1 START
2019-11-24 01:53:35.610 23625 RALLYDEBUG rally.task.runner [-] Starting a worker. times: 10 duration: None concurrency: 1 timeout: 0 cls: method_name: run args: {"flavor": "b21a361e-46d7-4d11-b324-6e9761bcee23", "image": "e2756950-7b6d-4778-be5f-611bc2de8e52", "nics": [{"net-id": "91120f3d-1d14-4af3-8878-32cf1dc2d13f"}]}
2019-11-24 01:53:35.614 23624 INFO rally.task.runner [-] Task c0fc49d1-da24-4495-9fd9-5ddc7eab7726 | ITER: 2 START
2019-11-24 01:53:35.613 23627 RALLYDEBUG rally.task.runner [-] Starting a worker. times: 10 duration: None concurrency: 1 timeout: 0 cls: method_name: run args: {"flavor": "b21a361e-46d7-4d11-b324-6e9761bcee23", "image": "e2756950-7b6d-4778-be5f-611bc2de8e52", "nics": [{"net-id": "91120f3d-1d14-4af3-8878-32cf1dc2d13f"}]}
2019-11-24 01:53:35.617 23625 INFO rally.task.runner [-] Task c0fc49d1-da24-4495-9fd9-5ddc7eab7726 | ITER: 3 START
2019-11-24 01:53:35.620 23627 INFO rally.task.runner [-] Task c0fc49d1-da24-4495-9fd9-5ddc7eab7726 | ITER: 4 START
2019-11-24 01:53:42.751 23624 RALLYDEBUG rally.task.utils [-] Waiting for resource s_rally_3a1eb329_0wC9j1Xe. Status changed: BUILD => ACTIVE in 4.550262212753296
2019-11-24 01:53:42.801 23623 RALLYDEBUG rally.task.utils [-] Waiting for resource s_rally_3a1eb329_dzpGrMcl. Status changed: BUILD => ACTIVE in 4.567083120346069
2019-11-24 01:53:44.497 23624 RALLYDEBUG rally.task.utils [-] Waiting for resource s_rally_3a1eb329_0wC9j1Xe. Status changed: ACTIVE => RESIZE in 0.2751181125640869
2019-11-24 01:53:44.740 23623 RALLYDEBUG rally.task.utils [-] Waiting for resource s_rally_3a1eb329_dzpGrMcl. Status changed: ACTIVE => RESIZE in 0.1821444034576416
2019-11-24 01:53:45.447 23625 RALLYDEBUG rally.task.utils [-] Waiting for resource s_rally_3a1eb329_iIk7mhRt. Status changed: BUILD => ACTIVE in 7.161792993545532
2019-11-24 01:53:45.472 23627 RALLYDEBUG rally.task.utils [-] Waiting for resource s_rally_3a1eb329_rCn0qoeR. Status changed: BUILD => ACTIVE in 7.227259635925293
2019-11-24 01:53:47.132 23625 RALLYDEBUG rally.task.utils [-] Waiting for resource s_rally_3a1eb329_iIk7mhRt. Status changed: ACTIVE => RESIZE in 0.19019722938537598
2019-11-24 01:53:47.254 23627 RALLYDEBUG rally.task.utils [-] Waiting for resource s_rally_3a1eb329_rCn0qoeR. Status changed: ACTIVE => RESIZE in 0.22083139419555664
2019-11-24 01:53:53.618 23624 RALLYDEBUG rally.task.utils [-] Waiting for resource s_rally_3a1eb329_0wC9j1Xe. Status changed: RESIZE => VERIFY_RESIZE in 9.120162725448608
2019-11-24 01:53:54.012 23624 RALLYDEBUG rally.task.utils [-] Waiting for resource s_rally_3a1eb329_0wC9j1Xe. Status changed: ACTIVE => VERIFY_RESIZE in 0.14197564125061035
2019-11-24 01:53:56.117 23627 RALLYDEBUG rally.task.utils [-] Waiting for resource s_rally_3a1eb329_rCn0qoeR. Status changed: RESIZE => VERIFY_RESIZE in 8.86364459991455
2019-11-24 01:53:56.167 23624 RALLYDEBUG rally.task.utils [-] Waiting for resource s_rally_3a1eb329_0wC9j1Xe. Status changed: VERIFY_RESIZE => ACTIVE in 2.1551144123077393
2019-11-24 01:53:56.677 23627 RALLYDEBUG rally.task.utils [-] Waiting for resource s_rally_3a1eb329_rCn0qoeR. Status changed: ACTIVE => VERIFY_RESIZE in 0.2685360908508301
2019-11-24 01:53:58.486 23624 INFO rally.task.runner [-] Task c0fc49d1-da24-4495-9fd9-5ddc7eab7726 | ITER: 2 END: OK
2019-11-24 01:53:58.492 23624 INFO rally.task.runner [-] Task c0fc49d1-da24-4495-9fd9-5ddc7eab7726 | ITER: 5 START
2019-11-24 01:53:58.870 23627 RALLYDEBUG rally.task.utils [-] Waiting for resource s_rally_3a1eb329_rCn0qoeR. Status changed: VERIFY_RESIZE => ACTIVE in 2.1930158138275146
2019-11-24 01:54:01.220 23627 INFO rally.task.runner [-] Task c0fc49d1-da24-4495-9fd9-5ddc7eab7726 | ITER: 4 END: OK
2019-11-24 01:54:01.225 23627 INFO rally.task.runner [-] Task c0fc49d1-da24-4495-9fd9-5ddc7eab7726 | ITER: 6 START
2019-11-24 01:54:07.694 23624 RALLYDEBUG rally.task.utils [-] Waiting for resource s_rally_3a1eb329_Nj75TKZo. Status changed: BUILD => ACTIVE in 6.792008876800537
2019-11-24 01:54:09.644 23624 RALLYDEBUG rally.task.utils [-] Waiting for resource s_rally_3a1eb329_Nj75TKZo. Status changed: ACTIVE => RESIZE in 0.22070765495300293
2019-11-24 01:54:10.026 23627 RALLYDEBUG rally.task.utils [-] Waiting for resource s_rally_3a1eb329_o0FLxLLn. Status changed: BUILD => ACTIVE in 6.676043272018433
2019-11-24 01:54:11.851 23627 RALLYDEBUG rally.task.utils [-] Waiting for resource s_rally_3a1eb329_o0FLxLLn. Status changed: ACTIVE => RESIZE in 0.20159530639648438
2019-11-24 01:54:15.477 23623 RALLYDEBUG rally.task.utils [-] Waiting for resource s_rally_3a1eb329_dzpGrMcl. Status changed: RESIZE => VERIFY_RESIZE in 30.736284971237183
2019-11-24 01:54:15.944 23623 RALLYDEBUG rally.task.utils [-] Waiting for resource s_rally_3a1eb329_dzpGrMcl. Status changed: ACTIVE => VERIFY_RESIZE in 0.15201926231384277
2019-11-24 01:54:17.769 23625 RALLYDEBUG rally.task.utils [-] Waiting for resource s_rally_3a1eb329_iIk7mhRt. Status changed: RESIZE => VERIFY_RESIZE in 30.637303113937378
2019-11-24 01:54:18.112 23623 RALLYDEBUG rally.task.utils [-] Waiting for resource s_rally_3a1eb329_dzpGrMcl. Status changed: VERIFY_RESIZE => ACTIVE in 2.167541742324829
2019-11-24 01:54:18.480 23625 RALLYDEBUG rally.task.utils [-] Waiting for resource s_rally_3a1eb329_iIk7mhRt. Status changed: ACTIVE => VERIFY_RESIZE in 0.2156209945678711
2019-11-24 01:54:20.460 23623 INFO rally.task.runner [-] Task c0fc49d1-da24-4495-9fd9-5ddc7eab7726 | ITER: 1 END: OK
2019-11-24 01:54:20.465 23623 INFO rally.task.runner [-] Task c0fc49d1-da24-4495-9fd9-5ddc7eab7726 | ITER: 7 START
2019-11-24 01:54:20.561 23624 RALLYDEBUG rally.task.utils [-] Waiting for resource s_rally_3a1eb329_Nj75TKZo. Status changed: RESIZE => VERIFY_RESIZE in 10.917059659957886
2019-11-24 01:54:20.656 23625 RALLYDEBUG rally.task.utils [-] Waiting for resource s_rally_3a1eb329_iIk7mhRt. Status changed: VERIFY_RESIZE => ACTIVE in 2.1758527755737305
2019-11-24 01:54:21.059 23624 RALLYDEBUG rally.task.utils [-] Waiting for resource s_rally_3a1eb329_Nj75TKZo. Status changed: ACTIVE => VERIFY_RESIZE in 0.18923568725585938
2019-11-24 01:54:22.975 23625 INFO rally.task.runner [-] Task c0fc49d1-da24-4495-9fd9-5ddc7eab7726 | ITER: 3 END: OK
2019-11-24 01:54:22.981 23625 INFO rally.task.runner [-] Task c0fc49d1-da24-4495-9fd9-5ddc7eab7726 | ITER: 8 START
2019-11-24 01:54:23.294 23624 RALLYDEBUG rally.task.utils [-] Waiting for resource s_rally_3a1eb329_Nj75TKZo. Status changed: VERIFY_RESIZE => ACTIVE in 2.2351338863372803
2019-11-24 01:54:25.612 23624 INFO rally.task.runner [-] Task c0fc49d1-da24-4495-9fd9-5ddc7eab7726 | ITER: 5 END: OK
2019-11-24 01:54:25.617 23624 INFO rally.task.runner [-] Task c0fc49d1-da24-4495-9fd9-5ddc7eab7726 | ITER: 9 START
2019-11-24 01:54:27.104 23623 RALLYDEBUG rally.task.utils [-] Waiting for resource s_rally_3a1eb329_T9B32sUT. Status changed: BUILD => ACTIVE in 4.5004496574401855
2019-11-24 01:54:28.835 23623 RALLYDEBUG rally.task.utils [-] Waiting for resource s_rally_3a1eb329_T9B32sUT. Status changed: ACTIVE => RESIZE in 0.24330997467041016
2019-11-24 01:54:29.481 23627 RALLYDEBUG rally.task.utils [-] Waiting for resource s_rally_3a1eb329_o0FLxLLn. Status changed: RESIZE => VERIFY_RESIZE in 17.62986135482788
2019-11-24 01:54:29.923 23627 RALLYDEBUG rally.task.utils [-] Waiting for resource s_rally_3a1eb329_o0FLxLLn. Status changed: ACTIVE => VERIFY_RESIZE in 0.18851542472839355
2019-11-24 01:54:31.880 23625 RALLYDEBUG rally.task.utils [-] Waiting for resource s_rally_3a1eb329_vS8EwnmQ. Status changed: BUILD => ACTIVE in 6.795075416564941
2019-11-24 01:54:32.290 23627 RALLYDEBUG rally.task.utils [-] Waiting for resource s_rally_3a1eb329_o0FLxLLn. Status changed: VERIFY_RESIZE => ACTIVE in 2.3665244579315186
2019-11-24 01:54:32.840 23624 RALLYDEBUG rally.task.utils [-] Waiting for resource s_rally_3a1eb329_hev97IBQ. Status changed: BUILD => ACTIVE in 4.555141925811768
2019-11-24 01:54:33.533 23625 RALLYDEBUG rally.task.utils [-] Waiting for resource s_rally_3a1eb329_vS8EwnmQ. Status changed: ACTIVE => RESIZE in 0.1859753131866455
2019-11-24 01:54:34.595 23624 RALLYDEBUG rally.task.utils [-] Waiting for resource s_rally_3a1eb329_hev97IBQ. Status changed: ACTIVE => RESIZE in 0.18442153930664062
2019-11-24 01:54:34.598 23627 INFO rally.task.runner [-] Task c0fc49d1-da24-4495-9fd9-5ddc7eab7726 | ITER: 6 END: OK
2019-11-24 01:54:34.603 23627 INFO rally.task.runner [-] Task c0fc49d1-da24-4495-9fd9-5ddc7eab7726 | ITER: 10 START
2019-11-24 01:54:41.402 23627 RALLYDEBUG rally.task.utils [-] Waiting for resource s_rally_3a1eb329_fPjKSxKk. Status changed: BUILD => ACTIVE in 4.681148529052734
2019-11-24 01:54:43.116 23627 RALLYDEBUG rally.task.utils [-] Waiting for resource s_rally_3a1eb329_fPjKSxKk. Status changed: ACTIVE => RESIZE in 0.16486501693725586
2019-11-24 01:54:43.316 23624 RALLYDEBUG rally.task.utils [-] Waiting for resource s_rally_3a1eb329_hev97IBQ. Status changed: RESIZE => VERIFY_RESIZE in 8.720364332199097
2019-11-24 01:54:43.732 23624 RALLYDEBUG rally.task.utils [-] Waiting for resource s_rally_3a1eb329_hev97IBQ. Status changed: ACTIVE => VERIFY_RESIZE in 0.17598414421081543
2019-11-24 01:54:45.914 23624 RALLYDEBUG rally.task.utils [-] Waiting for resource s_rally_3a1eb329_hev97IBQ. Status changed: VERIFY_RESIZE => ACTIVE in 2.181840181350708
2019-11-24 01:54:46.818 23623 RALLYDEBUG rally.task.utils [-] Waiting for resource s_rally_3a1eb329_T9B32sUT. Status changed: RESIZE => VERIFY_RESIZE in 17.983224391937256
2019-11-24 01:54:47.254 23623 RALLYDEBUG rally.task.utils [-] Waiting for resource s_rally_3a1eb329_T9B32sUT. Status changed: ACTIVE => VERIFY_RESIZE in 0.14176607131958008
2019-11-24 01:54:48.442 23624 INFO rally.task.runner [-] Task c0fc49d1-da24-4495-9fd9-5ddc7eab7726 | ITER: 9 END: OK
2019-11-24 01:54:49.413 23623 RALLYDEBUG rally.task.utils [-] Waiting for resource s_rally_3a1eb329_T9B32sUT. Status changed: VERIFY_RESIZE => ACTIVE in 2.1589486598968506
2019-11-24 01:54:51.402 23625 RALLYDEBUG rally.task.utils [-] Waiting for resource s_rally_3a1eb329_vS8EwnmQ. Status changed: RESIZE => VERIFY_RESIZE in 17.8681378364563
2019-11-24 01:54:51.792 23623 INFO rally.task.runner [-] Task c0fc49d1-da24-4495-9fd9-5ddc7eab7726 | ITER: 7 END: OK
2019-11-24 01:54:51.815 23625 RALLYDEBUG rally.task.utils [-] Waiting for resource s_rally_3a1eb329_vS8EwnmQ. Status changed: ACTIVE => VERIFY_RESIZE in 0.1322946548461914
2019-11-24 01:54:54.184 23625 RALLYDEBUG rally.task.utils [-] Waiting for resource s_rally_3a1eb329_vS8EwnmQ. Status changed: VERIFY_RESIZE => ACTIVE in 2.3691301345825195
2019-11-24 01:54:56.616 23625 INFO rally.task.runner [-] Task c0fc49d1-da24-4495-9fd9-5ddc7eab7726 | ITER: 8 END: OK
2019-11-24 01:55:13.877 23627 RALLYDEBUG rally.task.utils [-] Waiting for resource s_rally_3a1eb329_fPjKSxKk. Status changed: RESIZE => VERIFY_RESIZE in 30.761483669281006
2019-11-24 01:55:14.401 23627 RALLYDEBUG rally.task.utils [-] Waiting for resource s_rally_3a1eb329_fPjKSxKk. Status changed: ACTIVE => VERIFY_RESIZE in 0.18189692497253418
2019-11-24 01:55:16.597 23627 RALLYDEBUG rally.task.utils [-] Waiting for resource s_rally_3a1eb329_fPjKSxKk. Status changed: VERIFY_RESIZE => ACTIVE in 2.1954731941223145
2019-11-24 01:55:19.056 23627 INFO rally.task.runner [-] Task c0fc49d1-da24-4495-9fd9-5ddc7eab7726 | ITER: 10 END: OK
2019-11-24 01:55:19.089 20411 INFO rally.task.context [-] Task c0fc49d1-da24-4495-9fd9-5ddc7eab7726 | Context cleanup@openstack cleanup() started
2019-11-24 01:55:19.091 20411 RALLYDEBUG rally_openstack.cleanup.manager [-] Cleaning up nova servers objects
2019-11-24 01:55:20.517 20411 RALLYDEBUG rally_openstack.cleanup.manager [-] Cleaning up nova server_groups objects
2019-11-24 01:55:21.656 20411 RALLYDEBUG rally_openstack.cleanup.manager [-] Cleaning up nova keypairs objects
2019-11-24 01:55:24.102 20411 INFO rally.task.context [-] Task c0fc49d1-da24-4495-9fd9-5ddc7eab7726 | Context cleanup@openstack cleanup() finished in 5.01 sec
2019-11-24 01:55:24.103 20411 INFO rally.task.context [-] Task c0fc49d1-da24-4495-9fd9-5ddc7eab7726 | Context users@openstack cleanup() started
2019-11-24 01:55:28.270 20411 INFO rally.task.context [-] Task c0fc49d1-da24-4495-9fd9-5ddc7eab7726 | Context users@openstack cleanup() finished in 4.17 sec
2019-11-24 01:55:30.269 20411 INFO rally.task.engine [-] Load duration is: 102.445068
2019-11-24 01:55:30.269 20411 INFO rally.task.engine [-] Full runner duration is: 103.5003
2019-11-24 01:55:30.270 20411 INFO rally.task.engine [-] Full duration is: 116.504066
2019-11-24 01:55:30.702 20411 INFO rally.task.engine [-] Running workload: position = 0 config = { "version": 2, "title": "A cropped version of a bigger task.", "description": "Auto-generated task from a single workload (uuid=413e9eb8-d2f3-418a-8796-30efa55ffce4)", "subtasks": [ { "title": "NovaServers.boot_server_and_list_interfaces", "description": "Boot a server and list interfaces attached to it.", "scenario": { "NovaServers.boot_server_and_list_interfaces": { "flavor": { "name": "rally_full-flavor_2f170d48-e02c-4426-87d5-40abf8fe2368" }, "image": { "name": "rally_full-img_2f170d48-e02c-4426-87d5-40abf8fe2368" }, "auto_assign_nic": true } }, "contexts": { "users": { "tenants": 3, "users_per_tenant": 2 }, "network": {} }, "runner": { "constant": { "concurrency": 4, "times": 10 } }, "hooks": [], "sla": { "failure_rate": { "max": 0 } } } ] }
2019-11-24 01:55:30.726 20411 RALLYDEBUG rally_openstack.contexts.keystone.users [-] Creating 3 tenants using 20 threads
2019-11-24 01:55:31.780 20411 RALLYDEBUG rally_openstack.contexts.keystone.users [-] Creating 6 users using 20 threads
2019-11-24 01:55:33.380 20411 INFO rally.task.context [-] Task c0fc49d1-da24-4495-9fd9-5ddc7eab7726 | Context users@openstack setup() finished in 2.65 sec
