2019-11-24 00:23:33.901 727 DEBUG glanceclient.common.http [-] Request returned failure status 404. _handle_response /usr/lib/python3.6/site-packages/glanceclient/common/http.py:125
2019-11-24 00:23:33.906 727 DEBUG glanceclient.common.http [-] Request returned failure status 404. _handle_response /usr/lib/python3.6/site-packages/glanceclient/common/http.py:125
2019-11-24 00:23:33.913 727 DEBUG glanceclient.common.http [-] Request returned failure status 404. _handle_response /usr/lib/python3.6/site-packages/glanceclient/common/http.py:125
2019-11-24 00:23:33.919 727 DEBUG glanceclient.common.http [-] Request returned failure status 404. _handle_response /usr/lib/python3.6/site-packages/glanceclient/common/http.py:125
2019-11-24 00:23:33.927 727 DEBUG glanceclient.common.http [-] Request returned failure status 404. _handle_response /usr/lib/python3.6/site-packages/glanceclient/common/http.py:125
2019-11-24 00:23:33.928 727 DEBUG glanceclient.common.http [-] Request returned failure status 404. _handle_response /usr/lib/python3.6/site-packages/glanceclient/common/http.py:125
2019-11-24 00:23:33.943 727 DEBUG glanceclient.common.http [-] Request returned failure status 404. _handle_response /usr/lib/python3.6/site-packages/glanceclient/common/http.py:125
2019-11-24 00:23:33.973 727 DEBUG glanceclient.common.http [-] Request returned failure status 404. _handle_response /usr/lib/python3.6/site-packages/glanceclient/common/http.py:125
2019-11-24 00:23:33.986 727 DEBUG glanceclient.common.http [-] Request returned failure status 404. _handle_response /usr/lib/python3.6/site-packages/glanceclient/common/http.py:125
2019-11-24 00:23:34.989 727 INFO rally.task.context [-] Task 26219cbc-da3d-4d4e-9b31-7b703e983311 | Context cleanup@openstack cleanup() finished in 3.11 sec
2019-11-24 00:23:34.989 727 INFO rally.task.context [-] Task 26219cbc-da3d-4d4e-9b31-7b703e983311 | Context users@openstack cleanup() started
2019-11-24 00:23:39.192 727 INFO rally.task.context [-] Task 26219cbc-da3d-4d4e-9b31-7b703e983311 | Context users@openstack cleanup() finished in 4.20 sec
2019-11-24 00:23:39.978 727 INFO rally.task.engine [-] Load duration is: 8.808295
2019-11-24 00:23:39.978 727 INFO rally.task.engine [-] Full runner duration is: 9.542896
2019-11-24 00:23:39.979 727 INFO rally.task.engine [-] Full duration is: 19.35899
2019-11-24 00:23:40.516 727 INFO rally.task.engine [-] Task 26219cbc-da3d-4d4e-9b31-7b703e983311 | Completed: Running task.
2019-11-24 00:23:42.098 1841 RALLYDEBUG rally.api [-] INFO logs from urllib3 and requests module are hide.
2019-11-24 00:23:42.099 1841 RALLYDEBUG rally.api [-] urllib3 insecure warnings are hidden.
2019-11-24 00:23:42.099 1841 RALLYDEBUG rally.api [-] ERROR log from boto module is hide.
2019-11-24 00:23:43.180 1842 RALLYDEBUG rally.api [-] INFO logs from urllib3 and requests module are hide.
2019-11-24 00:23:43.180 1842 RALLYDEBUG rally.api [-] urllib3 insecure warnings are hidden.
2019-11-24 00:23:43.180 1842 RALLYDEBUG rally.api [-] ERROR log from boto module is hide.
2019-11-24 00:23:44.285 1843 RALLYDEBUG rally.api [-] INFO logs from urllib3 and requests module are hide.
2019-11-24 00:23:44.285 1843 RALLYDEBUG rally.api [-] urllib3 insecure warnings are hidden.
2019-11-24 00:23:44.285 1843 RALLYDEBUG rally.api [-] ERROR log from boto module is hide.
2019-11-24 00:23:45.749 1843 INFO rally.api [-] Building 'json' report for the following task(s): '26219cbc-da3d-4d4e-9b31-7b703e983311'.
2019-11-24 00:23:45.768 1843 INFO rally.api [-] The report has been successfully built.
2019-11-24 00:23:47.209 1845 RALLYDEBUG rally.api [-] INFO logs from urllib3 and requests module are hide.
2019-11-24 00:23:47.209 1845 RALLYDEBUG rally.api [-] urllib3 insecure warnings are hidden.
2019-11-24 00:23:47.209 1845 RALLYDEBUG rally.api [-] ERROR log from boto module is hide.
2019-11-24 00:23:49.192 1845 INFO rally.task.engine [-] Task 6fc61b2b-3aa8-4cee-9f47-4a2ffc4f2464 | Starting: Task validation.
2019-11-24 00:23:49.283 1845 INFO rally.task.engine [-] Task 6fc61b2b-3aa8-4cee-9f47-4a2ffc4f2464 | Starting: Task validation of syntax.
2019-11-24 00:23:49.654 1845 INFO rally.task.engine [-] Task 6fc61b2b-3aa8-4cee-9f47-4a2ffc4f2464 | Completed: Task validation of syntax.
2019-11-24 00:23:49.655 1845 INFO rally.task.engine [-] Task 6fc61b2b-3aa8-4cee-9f47-4a2ffc4f2464 | Starting: Task validation of required platforms.
2019-11-24 00:23:49.794 1845 INFO rally.task.engine [-] Task 6fc61b2b-3aa8-4cee-9f47-4a2ffc4f2464 | Completed: Task validation of required platforms.
2019-11-24 00:23:49.794 1845 INFO rally.task.engine [-] Task 6fc61b2b-3aa8-4cee-9f47-4a2ffc4f2464 | Starting: Task validation of semantic.
2019-11-24 00:23:49.794 1845 INFO rally.task.engine [-] Check health of the environment '4cd4f0ea-fd56-48ed-8a3d-a92bfc2b7126'.
2019-11-24 00:23:50.765 1845 INFO rally.task.engine [-] Platform existing@openstack (available: True): OK!
2019-11-24 00:23:50.784 1845 RALLYDEBUG rally_openstack.contexts.keystone.users [-] Creating 1 tenants using 20 threads
2019-11-24 00:23:51.627 1845 RALLYDEBUG rally_openstack.contexts.keystone.users [-] Creating 1 users using 20 threads
2019-11-24 00:23:52.982 1845 INFO rally.task.context [-] Task 6fc61b2b-3aa8-4cee-9f47-4a2ffc4f2464 | Context users@openstack setup() finished in 2.20 sec
2019-11-24 00:24:06.472 1845 INFO rally.task.context [-] Task 6fc61b2b-3aa8-4cee-9f47-4a2ffc4f2464 | Context users@openstack cleanup() started
2019-11-24 00:24:09.348 1845 INFO rally.task.context [-] Task 6fc61b2b-3aa8-4cee-9f47-4a2ffc4f2464 | Context users@openstack cleanup() finished in 2.88 sec
2019-11-24 00:24:09.348 1845 INFO rally.task.engine [-] Task 6fc61b2b-3aa8-4cee-9f47-4a2ffc4f2464 | Completed: Task validation of semantic.
2019-11-24 00:24:09.349 1845 INFO rally.task.engine [-] Task 6fc61b2b-3aa8-4cee-9f47-4a2ffc4f2464 | Completed: Task validation.
2019-11-24 00:24:09.349 1845 INFO rally.api [-] Task 6fc61b2b-3aa8-4cee-9f47-4a2ffc4f2464 input file is valid.
2019-11-24 00:24:09.350 1845 INFO rally.api [-] Run Task 6fc61b2b-3aa8-4cee-9f47-4a2ffc4f2464 against Deployment 4cd4f0ea-fd56-48ed-8a3d-a92bfc2b7126
2019-11-24 00:24:09.350 1845 INFO rally.task.engine [-] Task 6fc61b2b-3aa8-4cee-9f47-4a2ffc4f2464 | Starting: Running task.
2019-11-24 00:24:09.668 1845 INFO rally.task.engine [-] Running workload: position = 0 config = { "version": 2, "title": "A cropped version of a bigger task.", "description": "Auto-generated task from a single workload (uuid=6b145e79-2cfb-4d74-acb3-52214ee8d0f1)", "subtasks": [ { "title": "CinderVolumes.create_and_attach_volume", "description": "Create a VM and attach a volume to it.", "scenario": { "CinderVolumes.create_and_attach_volume": { "flavor": { "name": "rally_full-flavor_2f170d48-e02c-4426-87d5-40abf8fe2368" }, "image": { "name": "rally_full-img_2f170d48-e02c-4426-87d5-40abf8fe2368" }, "size": 1, "nics": [ { "net-id": "91120f3d-1d14-4af3-8878-32cf1dc2d13f" } ] } }, "contexts": { "users": { "tenants": 3, "users_per_tenant": 2 }, "quotas": { "cinder": { "gigabytes": -1, "snapshots": -1, "volumes": -1 } }, "api_versions": { "cinder": { "version": 3, "service_type": "volumev3" } } }, "runner": { "constant": { "concurrency": 4, "times": 10 } }, "hooks": [], "sla": { "failure_rate": { "max": 0 } } } ] }
2019-11-24 00:24:09.693 1845 RALLYDEBUG rally_openstack.contexts.keystone.users [-] Creating 3 tenants using 20 threads
2019-11-24 00:24:10.621 1845 RALLYDEBUG rally_openstack.contexts.keystone.users [-] Creating 6 users using 20 threads
2019-11-24 00:24:12.149 1845 INFO rally.task.context [-] Task 6fc61b2b-3aa8-4cee-9f47-4a2ffc4f2464 | Context users@openstack setup() finished in 2.46 sec
2019-11-24 00:24:12.635 1845 INFO rally.task.context [-] Task 6fc61b2b-3aa8-4cee-9f47-4a2ffc4f2464 | Context api_versions@openstack setup() finished in 0.49 sec
2019-11-24 00:24:13.570 1845 INFO rally.task.context [-] Task 6fc61b2b-3aa8-4cee-9f47-4a2ffc4f2464 | Context quotas@openstack setup() finished in 0.93 sec
2019-11-24 00:24:13.572 1845 INFO rally.task.context [-] Task 6fc61b2b-3aa8-4cee-9f47-4a2ffc4f2464 | Context cleanup@openstack setup() finished in 0.02 msec
2019-11-24 00:24:14.607 1845 RALLYDEBUG rally.task.runner [-] Starting the constant runner (task UUID: 6fc61b2b-3aa8-4cee-9f47-4a2ffc4f2464). times: 10 concurrency: 4 timeout: 0 max_cpu_used: 16 processes_to_start: 4 concurrency_per_worker: 1 concurrency_overhead: 0
2019-11-24 00:24:14.621 1969 RALLYDEBUG rally.task.runner [-] Starting a worker. times: 10 duration: None concurrency: 1 timeout: 0 cls: method_name: run args: {"flavor": "b21a361e-46d7-4d11-b324-6e9761bcee23", "image": "e2756950-7b6d-4778-be5f-611bc2de8e52", "size": 1, "nics": [{"net-id": "91120f3d-1d14-4af3-8878-32cf1dc2d13f"}]}
2019-11-24 00:24:14.625 1970 RALLYDEBUG rally.task.runner [-] Starting a worker. times: 10 duration: None concurrency: 1 timeout: 0 cls: method_name: run args: {"flavor": "b21a361e-46d7-4d11-b324-6e9761bcee23", "image": "e2756950-7b6d-4778-be5f-611bc2de8e52", "size": 1, "nics": [{"net-id": "91120f3d-1d14-4af3-8878-32cf1dc2d13f"}]}
2019-11-24 00:24:14.629 1969 INFO rally.task.runner [-] Task 6fc61b2b-3aa8-4cee-9f47-4a2ffc4f2464 | ITER: 1 START
2019-11-24 00:24:14.629 1971 RALLYDEBUG rally.task.runner [-] Starting a worker. times: 10 duration: None concurrency: 1 timeout: 0 cls: method_name: run args: {"flavor": "b21a361e-46d7-4d11-b324-6e9761bcee23", "image": "e2756950-7b6d-4778-be5f-611bc2de8e52", "size": 1, "nics": [{"net-id": "91120f3d-1d14-4af3-8878-32cf1dc2d13f"}]}
2019-11-24 00:24:14.632 1970 INFO rally.task.runner [-] Task 6fc61b2b-3aa8-4cee-9f47-4a2ffc4f2464 | ITER: 2 START
2019-11-24 00:24:14.632 1974 RALLYDEBUG rally.task.runner [-] Starting a worker. times: 10 duration: None concurrency: 1 timeout: 0 cls: method_name: run args: {"flavor": "b21a361e-46d7-4d11-b324-6e9761bcee23", "image": "e2756950-7b6d-4778-be5f-611bc2de8e52", "size": 1, "nics": [{"net-id": "91120f3d-1d14-4af3-8878-32cf1dc2d13f"}]}
2019-11-24 00:24:14.636 1971 INFO rally.task.runner [-] Task 6fc61b2b-3aa8-4cee-9f47-4a2ffc4f2464 | ITER: 3 START
2019-11-24 00:24:14.639 1974 INFO rally.task.runner [-] Task 6fc61b2b-3aa8-4cee-9f47-4a2ffc4f2464 | ITER: 4 START
2019-11-24 00:24:22.330 1971 RALLYDEBUG rally.task.utils [-] Waiting for resource s_rally_6b145e79_IPxOWHWA. Status changed: BUILD => ACTIVE in 4.929145812988281
2019-11-24 00:24:23.751 1974 RALLYDEBUG rally.task.utils [-] Waiting for resource s_rally_6b145e79_8mOlHiyk. Status changed: BUILD => ACTIVE in 6.815090894699097
2019-11-24 00:24:23.818 1969 RALLYDEBUG rally.task.utils [-] Waiting for resource s_rally_6b145e79_XjMRCa4m. Status changed: BUILD => ACTIVE in 6.90317177772522
2019-11-24 00:24:25.435 1971 RALLYDEBUG rally.task.utils [-] Waiting for resource s_rally_6b145e79_vLOiJwVh. Status changed: AVAILABLE => RESERVED in 0.4080815315246582
2019-11-24 00:24:25.931 1970 RALLYDEBUG rally.task.utils [-] Waiting for resource s_rally_6b145e79_SWwhDWFV. Status changed: BUILD => ACTIVE in 8.966124057769775
2019-11-24 00:24:26.820 1969 RALLYDEBUG rally.task.utils [-] Waiting for resource s_rally_6b145e79_bfaEP2De. Status changed: AVAILABLE => RESERVED in 0.4122781753540039
2019-11-24 00:24:27.091 1974 RALLYDEBUG rally.task.utils [-] Waiting for resource s_rally_6b145e79_OjXGpmLu. Status changed: AVAILABLE => ATTACHING in 0.7231581211090088
2019-11-24 00:24:27.863 1971 RALLYDEBUG rally.task.utils [-] Waiting for resource s_rally_6b145e79_vLOiJwVh. Status changed: RESERVED => IN-USE in 2.4284517765045166
2019-11-24 00:24:28.434 1971 RALLYDEBUG rally.task.utils [-] Waiting for resource s_rally_6b145e79_vLOiJwVh. Status changed: AVAILABLE => DETACHING in 0.39983177185058594
2019-11-24 00:24:29.230 1969 RALLYDEBUG rally.task.utils [-] Waiting for resource s_rally_6b145e79_bfaEP2De. Status changed: RESERVED => IN-USE in 2.4091339111328125
2019-11-24 00:24:29.354 1970 RALLYDEBUG rally.task.utils [-] Waiting for resource s_rally_6b145e79_mrEX88MK. Status changed: AVAILABLE => RESERVED in 0.4168851375579834
2019-11-24 00:24:29.499 1974 RALLYDEBUG rally.task.utils [-] Waiting for resource s_rally_6b145e79_OjXGpmLu. Status changed: ATTACHING => IN-USE in 2.4080896377563477
2019-11-24 00:24:29.812 1969 RALLYDEBUG rally.task.utils [-] Waiting for resource s_rally_6b145e79_bfaEP2De. Status changed: AVAILABLE => DETACHING in 0.4171159267425537
2019-11-24 00:24:30.235 1974 RALLYDEBUG rally.task.utils [-] Waiting for resource s_rally_6b145e79_OjXGpmLu. Status changed: AVAILABLE => DETACHING in 0.41172242164611816
2019-11-24 00:24:30.849 1971 RALLYDEBUG rally.task.utils [-] Waiting for resource s_rally_6b145e79_vLOiJwVh. Status changed: DETACHING => AVAILABLE in 2.4151618480682373
2019-11-24 00:24:30.975 1971 RALLYDEBUG rally.task.utils [-] Waiting for resource s_rally_6b145e79_vLOiJwVh. Status changed: AVAILABLE => DELETING in 0.06877517700195312
2019-11-24 00:24:31.788 1970 RALLYDEBUG rally.task.utils [-] Waiting for resource s_rally_6b145e79_mrEX88MK. Status changed: RESERVED => IN-USE in 2.4339301586151123
2019-11-24 00:24:32.221 1969 RALLYDEBUG rally.task.utils [-] Waiting for resource s_rally_6b145e79_bfaEP2De. Status changed: DETACHING => AVAILABLE in 2.4083378314971924
2019-11-24 00:24:32.339 1969 RALLYDEBUG rally.task.utils [-] Waiting for resource s_rally_6b145e79_bfaEP2De. Status changed: AVAILABLE => DELETING in 0.054859161376953125
2019-11-24 00:24:32.353 1970 RALLYDEBUG rally.task.utils [-] Waiting for resource s_rally_6b145e79_mrEX88MK. Status changed: AVAILABLE => DETACHING in 0.39372706413269043
2019-11-24 00:24:32.643 1974 RALLYDEBUG rally.task.utils [-] Waiting for resource s_rally_6b145e79_OjXGpmLu. Status changed: DETACHING => AVAILABLE in 2.4073150157928467
2019-11-24 00:24:32.762 1974 RALLYDEBUG rally.task.utils [-] Waiting for resource s_rally_6b145e79_OjXGpmLu. Status changed: AVAILABLE => DELETING in 0.06451869010925293
2019-11-24 00:24:34.774 1970 RALLYDEBUG rally.task.utils [-] Waiting for resource s_rally_6b145e79_mrEX88MK. Status changed: DETACHING => AVAILABLE in 2.4206550121307373
2019-11-24 00:24:34.894 1970 RALLYDEBUG rally.task.utils [-] Waiting for resource s_rally_6b145e79_mrEX88MK. Status changed: AVAILABLE => DELETING in 0.05933690071105957
2019-11-24 00:24:35.462 1971 INFO rally.task.runner [-] Task 6fc61b2b-3aa8-4cee-9f47-4a2ffc4f2464 | ITER: 3 END: OK
2019-11-24 00:24:35.469 1971 INFO rally.task.runner [-] Task 6fc61b2b-3aa8-4cee-9f47-4a2ffc4f2464 | ITER: 5 START
2019-11-24 00:24:36.821 1969 INFO rally.task.runner [-] Task 6fc61b2b-3aa8-4cee-9f47-4a2ffc4f2464 | ITER: 1 END: OK
2019-11-24 00:24:36.828 1969 INFO rally.task.runner [-] Task 6fc61b2b-3aa8-4cee-9f47-4a2ffc4f2464 | ITER: 6 START
2019-11-24 00:24:37.337 1974 INFO rally.task.runner [-] Task 6fc61b2b-3aa8-4cee-9f47-4a2ffc4f2464 | ITER: 4 END: OK
2019-11-24 00:24:37.343 1974 INFO rally.task.runner [-] Task 6fc61b2b-3aa8-4cee-9f47-4a2ffc4f2464 | ITER: 7 START
2019-11-24 00:24:39.286 1970 INFO rally.task.runner [-] Task 6fc61b2b-3aa8-4cee-9f47-4a2ffc4f2464 | ITER: 2 END: OK
2019-11-24 00:24:39.292 1970 INFO rally.task.runner [-] Task 6fc61b2b-3aa8-4cee-9f47-4a2ffc4f2464 | ITER: 8 START
2019-11-24 00:24:42.344 1971 RALLYDEBUG rally.task.utils [-] Waiting for resource s_rally_6b145e79_MiuSBIzm. Status changed: BUILD => ACTIVE in 4.448410272598267
2019-11-24 00:24:43.638 1969 RALLYDEBUG rally.task.utils [-] Waiting for resource s_rally_6b145e79_9UB1FObm. Status changed: BUILD => ACTIVE in 4.602182865142822
2019-11-24 00:24:45.511 1971 RALLYDEBUG rally.task.utils [-] Waiting for resource s_rally_6b145e79_Is8TFrRR. Status changed: AVAILABLE => RESERVED in 0.5073399543762207
2019-11-24 00:24:46.341 1970 RALLYDEBUG rally.task.utils [-] Waiting for resource s_rally_6b145e79_XbgYiPNi. Status changed: BUILD => ACTIVE in 4.544742822647095
2019-11-24 00:24:46.656 1974 RALLYDEBUG rally.task.utils [-] Waiting for resource s_rally_6b145e79_8HZUFZVa. Status changed: BUILD => ACTIVE in 6.899211645126343
2019-11-24 00:24:46.913 1969 RALLYDEBUG rally.task.utils [-] Waiting for resource s_rally_6b145e79_w2M223sl. Status changed: AVAILABLE => ATTACHING in 0.6833310127258301
2019-11-24 00:24:47.935 1971 RALLYDEBUG rally.task.utils [-] Waiting for resource s_rally_6b145e79_Is8TFrRR. Status changed: RESERVED => IN-USE in 2.424484968185425
2019-11-24 00:24:48.507 1971 RALLYDEBUG rally.task.utils [-] Waiting for resource s_rally_6b145e79_Is8TFrRR. Status changed: AVAILABLE => DETACHING in 0.4074537754058838
2019-11-24 00:24:49.342 1969 RALLYDEBUG rally.task.utils [-] Waiting for resource s_rally_6b145e79_w2M223sl. Status changed: ATTACHING => IN-USE in 2.4289536476135254
2019-11-24 00:24:49.474 1970 RALLYDEBUG rally.task.utils [-] Waiting for resource s_rally_6b145e79_dYJgcGoe. Status changed: AVAILABLE => RESERVED in 0.41625452041625977
2019-11-24 00:24:49.618 1974 RALLYDEBUG rally.task.utils [-] Waiting for resource s_rally_6b145e79_PI2QjJv3. Status changed: AVAILABLE => RESERVED in 0.3872101306915283
2019-11-24 00:24:49.886 1969 RALLYDEBUG rally.task.utils [-] Waiting for resource s_rally_6b145e79_w2M223sl. Status changed: AVAILABLE => DETACHING in 0.38793301582336426
2019-11-24 00:24:50.950 1971 RALLYDEBUG rally.task.utils [-] Waiting for resource s_rally_6b145e79_Is8TFrRR. Status changed: DETACHING => AVAILABLE in 2.4427874088287354
2019-11-24 00:24:51.070 1971 RALLYDEBUG rally.task.utils [-] Waiting for resource s_rally_6b145e79_Is8TFrRR. Status changed: AVAILABLE => DELETING in 0.06597542762756348
2019-11-24 00:24:52.027 1970 RALLYDEBUG rally.task.utils [-] Waiting for resource s_rally_6b145e79_dYJgcGoe. Status changed: RESERVED => IN-USE in 2.5531222820281982
2019-11-24 00:24:52.028 1974 RALLYDEBUG rally.task.utils [-] Waiting for resource s_rally_6b145e79_PI2QjJv3. Status changed: RESERVED => IN-USE in 2.410719871520996
2019-11-24 00:24:52.294 1969 RALLYDEBUG rally.task.utils [-] Waiting for resource s_rally_6b145e79_w2M223sl. Status changed: DETACHING => AVAILABLE in 2.407703399658203
2019-11-24 00:24:52.416 1969 RALLYDEBUG rally.task.utils [-] Waiting for resource s_rally_6b145e79_w2M223sl. Status changed: AVAILABLE => DELETING in 0.06660175323486328
2019-11-24 00:24:52.596 1970 RALLYDEBUG rally.task.utils [-] Waiting for resource s_rally_6b145e79_dYJgcGoe. Status changed: AVAILABLE => DETACHING in 0.4104759693145752
2019-11-24 00:24:52.626 1974 RALLYDEBUG rally.task.utils [-] Waiting for resource s_rally_6b145e79_PI2QjJv3. Status changed: AVAILABLE => DETACHING in 0.4336972236633301
2019-11-24 00:24:55.011 1970 RALLYDEBUG rally.task.utils [-] Waiting for resource s_rally_6b145e79_dYJgcGoe. Status changed: DETACHING => AVAILABLE in 2.4141123294830322
2019-11-24 00:24:55.017 1974 RALLYDEBUG rally.task.utils [-] Waiting for resource s_rally_6b145e79_PI2QjJv3. Status changed: DETACHING => AVAILABLE in 2.3907341957092285
2019-11-24 00:24:55.129 1974 RALLYDEBUG rally.task.utils [-] Waiting for resource s_rally_6b145e79_PI2QjJv3. Status changed: AVAILABLE => DELETING in 0.05449199676513672
2019-11-24 00:24:55.142 1970 RALLYDEBUG rally.task.utils [-] Waiting for resource s_rally_6b145e79_dYJgcGoe. Status changed: AVAILABLE => DELETING in 0.06965136528015137
2019-11-24 00:24:55.525 1971 INFO rally.task.runner [-] Task 6fc61b2b-3aa8-4cee-9f47-4a2ffc4f2464 | ITER: 5 END: OK
2019-11-24 00:24:55.528 1971 INFO rally.task.runner [-] Task 6fc61b2b-3aa8-4cee-9f47-4a2ffc4f2464 | ITER: 9 START
2019-11-24 00:24:56.827 1969 INFO rally.task.runner [-] Task 6fc61b2b-3aa8-4cee-9f47-4a2ffc4f2464 | ITER: 6 END: OK
2019-11-24 00:24:56.831 1969 INFO rally.task.runner [-] Task 6fc61b2b-3aa8-4cee-9f47-4a2ffc4f2464 | ITER: 10 START
2019-11-24 00:24:59.491 1974 INFO rally.task.runner [-] Task 6fc61b2b-3aa8-4cee-9f47-4a2ffc4f2464 | ITER: 7 END: OK
2019-11-24 00:24:59.542 1970 INFO rally.task.runner [-] Task 6fc61b2b-3aa8-4cee-9f47-4a2ffc4f2464 | ITER: 8 END: OK
2019-11-24 00:25:02.610 1971 RALLYDEBUG rally.task.utils [-] Waiting for resource s_rally_6b145e79_cUZzxvMh. Status changed: BUILD => ACTIVE in 4.589432001113892
2019-11-24 00:25:03.922 1969 RALLYDEBUG rally.task.utils [-] Waiting for resource s_rally_6b145e79_SEHNSWYk. Status changed: BUILD => ACTIVE in 4.722721338272095
2019-11-24 00:25:05.752 1971 RALLYDEBUG rally.task.utils [-] Waiting for resource s_rally_6b145e79_soBSBEY7. Status changed: AVAILABLE => RESERVED in 0.4183974266052246
2019-11-24 00:25:07.007 1969 RALLYDEBUG rally.task.utils [-] Waiting for resource s_rally_6b145e79_s6YWQ0mM. Status changed: AVAILABLE => RESERVED in 0.41925883293151855
2019-11-24 00:25:08.199 1971 RALLYDEBUG rally.task.utils [-] Waiting for resource s_rally_6b145e79_soBSBEY7. Status changed: RESERVED => IN-USE in 2.447514533996582
2019-11-24 00:25:08.790 1971 RALLYDEBUG rally.task.utils [-] Waiting for resource s_rally_6b145e79_soBSBEY7. Status changed: AVAILABLE => DETACHING in 0.41092967987060547
2019-11-24 00:25:09.445 1969 RALLYDEBUG rally.task.utils [-] Waiting for resource s_rally_6b145e79_s6YWQ0mM. Status changed: RESERVED => IN-USE in 2.437696933746338
2019-11-24 00:25:10.063 1969 RALLYDEBUG rally.task.utils [-] Waiting for resource s_rally_6b145e79_s6YWQ0mM. Status changed: AVAILABLE => DETACHING in 0.42485761642456055
2019-11-24 00:25:11.221 1971 RALLYDEBUG rally.task.utils [-] Waiting for resource s_rally_6b145e79_soBSBEY7. Status changed: DETACHING => AVAILABLE in 2.430867910385132
2019-11-24 00:25:11.359 1971 RALLYDEBUG rally.task.utils [-] Waiting for resource s_rally_6b145e79_soBSBEY7. Status changed: AVAILABLE => DELETING in 0.0712893009185791
2019-11-24 00:25:12.509 1969 RALLYDEBUG rally.task.utils [-] Waiting for resource s_rally_6b145e79_s6YWQ0mM. Status changed: DETACHING => AVAILABLE in 2.4457194805145264
2019-11-24 00:25:12.639 1969 RALLYDEBUG rally.task.utils [-] Waiting for resource s_rally_6b145e79_s6YWQ0mM. Status changed: AVAILABLE => DELETING in 0.0692751407623291
2019-11-24 00:25:15.847 1971 INFO rally.task.runner [-] Task 6fc61b2b-3aa8-4cee-9f47-4a2ffc4f2464 | ITER: 9 END: OK
2019-11-24 00:25:17.152 1969 INFO rally.task.runner [-] Task 6fc61b2b-3aa8-4cee-9f47-4a2ffc4f2464 | ITER: 10 END: OK
2019-11-24 00:25:17.191 1845 INFO rally.task.context [-] Task 6fc61b2b-3aa8-4cee-9f47-4a2ffc4f2464 | Context cleanup@openstack cleanup() started
2019-11-24 00:25:17.195 1845 RALLYDEBUG rally_openstack.cleanup.manager [-] Cleaning up nova servers objects
2019-11-24 00:25:18.786 1845 RALLYDEBUG rally_openstack.cleanup.manager [-] Cleaning up nova server_groups objects
2019-11-24 00:25:19.922 1845 RALLYDEBUG rally_openstack.cleanup.manager [-] Cleaning up nova keypairs objects
2019-11-24 00:25:22.205 1845 RALLYDEBUG rally_openstack.cleanup.manager [-] Cleaning up cinder backups objects
2019-11-24 00:25:23.371 1845 RALLYDEBUG rally_openstack.cleanup.manager [-] Cleaning up cinder volume_snapshots objects
2019-11-24 00:25:24.542 1845 RALLYDEBUG rally_openstack.cleanup.manager [-] Cleaning up cinder transfers objects
2019-11-24 00:25:25.668 1845 RALLYDEBUG rally_openstack.cleanup.manager [-] Cleaning up cinder volumes objects
2019-11-24 00:25:26.884 1845 INFO rally.task.context [-] Task 6fc61b2b-3aa8-4cee-9f47-4a2ffc4f2464 | Context cleanup@openstack cleanup() finished in 9.69 sec
2019-11-24 00:25:26.885 1845 INFO rally.task.context [-] Task 6fc61b2b-3aa8-4cee-9f47-4a2ffc4f2464 | Context quotas@openstack cleanup() started
2019-11-24 00:25:26.962 1845 INFO rally.task.context [-] Task 6fc61b2b-3aa8-4cee-9f47-4a2ffc4f2464 | Context quotas@openstack cleanup() finished in 77.55 msec
2019-11-24 00:25:26.963 1845 INFO rally.task.context [-] Task 6fc61b2b-3aa8-4cee-9f47-4a2ffc4f2464 | Context api_versions@openstack cleanup() started
2019-11-24 00:25:26.963 1845 INFO rally.task.context [-] Task 6fc61b2b-3aa8-4cee-9f47-4a2ffc4f2464 | Context api_versions@openstack cleanup() finished in 0.35 msec
2019-11-24 00:25:26.964 1845 INFO rally.task.context [-] Task 6fc61b2b-3aa8-4cee-9f47-4a2ffc4f2464 | Context users@openstack cleanup() started
2019-11-24 00:25:31.153 1845 INFO rally.task.context [-] Task 6fc61b2b-3aa8-4cee-9f47-4a2ffc4f2464 | Context users@openstack cleanup() finished in 4.19 sec
2019-11-24 00:25:32.052 1845 INFO rally.task.engine [-] Load duration is: 61.518946
2019-11-24 00:25:32.053 1845 INFO rally.task.engine [-] Full runner duration is: 62.585093
2019-11-24 00:25:32.053 1845 INFO rally.task.engine [-] Full duration is: 81.463874
2019-11-24 00:25:32.669 1845 INFO rally.task.engine [-] Running workload: position = 0 config = { "version": 2, "title": "A cropped version of a bigger task.", "description": "Auto-generated task from a single workload (uuid=974b64c5-8593-467c-8977-d9f65aae204d)", "subtasks": [ { "title": "CinderVolumes.create_and_list_snapshots", "description": "Create and then list a volume-snapshot.", "scenario": { "CinderVolumes.create_and_list_snapshots": { "detailed": true, "force": false } }, "contexts": { "users": { "tenants": 3, "users_per_tenant": 2 }, "quotas": { "cinder": { "gigabytes": -1, "snapshots": -1, "volumes": -1 } }, "api_versions": { "cinder": { "version": 3, "service_type": "volumev3" } }, "volumes": { "size": 1, "volumes_per_tenant": 1 } }, "runner": { "constant": { "concurrency": 4, "times": 10 } }, "hooks": [], "sla": { "failure_rate": { "max": 0 } } } ] }
2019-11-24 00:25:32.699 1845 RALLYDEBUG rally_openstack.contexts.keystone.users [-] Creating 3 tenants using 20 threads
2019-11-24 00:25:33.726 1845 RALLYDEBUG rally_openstack.contexts.keystone.users [-] Creating 6 users using 20 threads
2019-11-24 00:25:35.290 1845 INFO rally.task.context [-] Task 6fc61b2b-3aa8-4cee-9f47-4a2ffc4f2464 | Context users@openstack setup() finished in 2.59 sec
2019-11-24 00:25:35.690 1845 INFO rally.task.context [-] Task 6fc61b2b-3aa8-4cee-9f47-4a2ffc4f2464 | Context api_versions@openstack setup() finished in 0.40 sec
2019-11-24 00:25:36.583 1845 INFO rally.task.context [-] Task 6fc61b2b-3aa8-4cee-9f47-4a2ffc4f2464 | Context quotas@openstack setup() finished in 0.89 sec
2019-11-24 00:25:45.215 1845 INFO rally.task.context [-] Task 6fc61b2b-3aa8-4cee-9f47-4a2ffc4f2464 | Context volumes@openstack setup() finished in 8.63 sec
2019-11-24 00:25:45.216 1845 INFO rally.task.context [-] Task 6fc61b2b-3aa8-4cee-9f47-4a2ffc4f2464 | Context cleanup@openstack setup() finished in 0.05 msec
2019-11-24 00:25:45.226 1845 RALLYDEBUG rally.task.runner [-] Starting the constant runner (task UUID: 6fc61b2b-3aa8-4cee-9f47-4a2ffc4f2464). times: 10 concurrency: 4 timeout: 0 max_cpu_used: 16 processes_to_start: 4 concurrency_per_worker: 1 concurrency_overhead: 0
2019-11-24 00:25:45.238 2213 RALLYDEBUG rally.task.runner [-] Starting a worker. times: 10 duration: None concurrency: 1 timeout: 0 cls: method_name: run args: {"detailed": true, "force": false}
2019-11-24 00:25:45.242 2214 RALLYDEBUG rally.task.runner [-] Starting a worker. times: 10 duration: None concurrency: 1 timeout: 0 cls: method_name: run args: {"detailed": true, "force": false}
2019-11-24 00:25:45.245 2213 INFO rally.task.runner [-] Task 6fc61b2b-3aa8-4cee-9f47-4a2ffc4f2464 | ITER: 1 START
2019-11-24 00:25:45.245 2215 RALLYDEBUG rally.task.runner [-] Starting a worker. times: 10 duration: None concurrency: 1 timeout: 0 cls: method_name: run args: {"detailed": true, "force": false}
2019-11-24 00:25:45.249 2214 INFO rally.task.runner [-] Task 6fc61b2b-3aa8-4cee-9f47-4a2ffc4f2464 | ITER: 2 START
2019-11-24 00:25:45.249 2217 RALLYDEBUG rally.task.runner [-] Starting a worker. times: 10 duration: None concurrency: 1 timeout: 0 cls: method_name: run args: {"detailed": true, "force": false}
2019-11-24 00:25:45.253 2215 INFO rally.task.runner [-] Task 6fc61b2b-3aa8-4cee-9f47-4a2ffc4f2464 | ITER: 3 START
2019-11-24 00:25:45.256 2217 INFO rally.task.runner [-] Task 6fc61b2b-3aa8-4cee-9f47-4a2ffc4f2464 | ITER: 4 START
2019-11-24 00:25:47.845 2215 INFO rally.task.runner [-] Task 6fc61b2b-3aa8-4cee-9f47-4a2ffc4f2464 | ITER: 3 END: OK
2019-11-24 00:25:47.851 2215 INFO rally.task.runner [-] Task 6fc61b2b-3aa8-4cee-9f47-4a2ffc4f2464 | ITER: 5 START
2019-11-24 00:25:47.941 2213 INFO rally.task.runner [-] Task 6fc61b2b-3aa8-4cee-9f47-4a2ffc4f2464 | ITER: 1 END: OK
2019-11-24 00:25:47.945 2213 INFO rally.task.runner [-] Task 6fc61b2b-3aa8-4cee-9f47-4a2ffc4f2464 | ITER: 6 START
2019-11-24 00:25:47.950 2217 INFO rally.task.runner [-] Task 6fc61b2b-3aa8-4cee-9f47-4a2ffc4f2464 | ITER: 4 END: OK
2019-11-24 00:25:47.954 2217 INFO rally.task.runner [-] Task 6fc61b2b-3aa8-4cee-9f47-4a2ffc4f2464 | ITER: 7 START
2019-11-24 00:25:48.019 2214 INFO rally.task.runner [-] Task 6fc61b2b-3aa8-4cee-9f47-4a2ffc4f2464 | ITER: 2 END: OK
2019-11-24 00:25:48.024 2214 INFO rally.task.runner [-] Task 6fc61b2b-3aa8-4cee-9f47-4a2ffc4f2464 | ITER: 8 START
2019-11-24 00:25:50.467 2215 INFO rally.task.runner [-] Task 6fc61b2b-3aa8-4cee-9f47-4a2ffc4f2464 | ITER: 5 END: OK
2019-11-24 00:25:50.470 2215 INFO rally.task.runner [-] Task 6fc61b2b-3aa8-4cee-9f47-4a2ffc4f2464 | ITER: 9 START
2019-11-24 00:25:50.532 2213 INFO rally.task.runner [-] Task 6fc61b2b-3aa8-4cee-9f47-4a2ffc4f2464 | ITER: 6 END: OK
2019-11-24 00:25:50.535 2213 INFO rally.task.runner [-] Task 6fc61b2b-3aa8-4cee-9f47-4a2ffc4f2464 | ITER: 10 START
2019-11-24 00:25:50.540 2217 INFO rally.task.runner [-] Task 6fc61b2b-3aa8-4cee-9f47-4a2ffc4f2464 | ITER: 7 END: OK
2019-11-24 00:25:50.598 2214 INFO rally.task.runner [-] Task 6fc61b2b-3aa8-4cee-9f47-4a2ffc4f2464 | ITER: 8 END: OK
2019-11-24 00:25:53.158 2215 INFO rally.task.runner [-] Task 6fc61b2b-3aa8-4cee-9f47-4a2ffc4f2464 | ITER: 9 END: OK
2019-11-24 00:25:53.304 2213 INFO rally.task.runner [-] Task 6fc61b2b-3aa8-4cee-9f47-4a2ffc4f2464 | ITER: 10 END: OK
2019-11-24 00:25:53.323 1845 INFO rally.task.context [-] Task 6fc61b2b-3aa8-4cee-9f47-4a2ffc4f2464 | Context cleanup@openstack cleanup() started
2019-11-24 00:25:53.327 1845 RALLYDEBUG rally_openstack.cleanup.manager [-] Cleaning up cinder backups objects
2019-11-24 00:25:54.484 1845 RALLYDEBUG rally_openstack.cleanup.manager [-] Cleaning up cinder volume_snapshots objects
2019-11-24 00:25:55.656 1845 RALLYDEBUG rally_openstack.cleanup.manager [-] Deleting cinder.volume_snapshots object s_rally_974b64c5_ihmhka0x (f4ccb4f2-4b56-4613-987f-10b2327fc62e)
2019-11-24 00:25:55.666 1845 RALLYDEBUG rally_openstack.cleanup.manager [-] Deleting cinder.volume_snapshots object s_rally_974b64c5_vouCOwW3 (0527ce8c-ca73-43c2-b176-c830da29a370)
2019-11-24 00:25:55.675 1845 RALLYDEBUG rally_openstack.cleanup.manager [-] Deleting cinder.volume_snapshots object s_rally_974b64c5_R1bprGiD (fece2972-b4c1-4f10-a94f-9151da412182)
2019-11-24 00:25:55.684 1845 RALLYDEBUG rally_openstack.cleanup.manager [-] Deleting cinder.volume_snapshots object s_rally_974b64c5_Hey5qkVS (e5ed59e8-f78d-4a49-b960-0176919fc4df)
2019-11-24 00:25:55.699 1845 RALLYDEBUG rally_openstack.cleanup.manager [-] Deleting cinder.volume_snapshots object s_rally_974b64c5_MxXrLVk8 (baadc0f9-53af-470e-9ecf-78735c5905df)
2019-11-24 00:25:55.703 1845 RALLYDEBUG rally_openstack.cleanup.manager [-] Deleting cinder.volume_snapshots object s_rally_974b64c5_4V6aOGmO (85e3daf6-4aa3-42bc-b8e0-4040761e45d8)
2019-11-24 00:25:55.713 1845 RALLYDEBUG rally_openstack.cleanup.manager [-] Deleting cinder.volume_snapshots object s_rally_974b64c5_IjOKS8S2 (f3ded530-c1b5-42a7-8ac9-eb4d19aa0f07)
2019-11-24 00:25:55.726 1845 RALLYDEBUG rally_openstack.cleanup.manager [-] Deleting cinder.volume_snapshots object s_rally_974b64c5_CeoxbrJn (270aeb98-230d-4ddd-a587-397f40536511)
2019-11-24 00:25:55.742 1845 RALLYDEBUG rally_openstack.cleanup.manager [-] Deleting cinder.volume_snapshots object s_rally_974b64c5_0I5lN9yf (4bfdb827-9e4b-4829-bcc6-53dd696c0a66)
2019-11-24 00:25:55.746 1845 RALLYDEBUG rally_openstack.cleanup.manager [-] Deleting cinder.volume_snapshots object s_rally_974b64c5_ct6zVXYc (1fd69d9d-8de0-4dfb-b367-bcef27427300)
2019-11-24 00:25:59.365 1845 RALLYDEBUG rally_openstack.cleanup.manager [-] Cleaning up cinder transfers objects
2019-11-24 00:26:00.519 1845 RALLYDEBUG rally_openstack.cleanup.manager [-] Cleaning up cinder volumes objects
2019-11-24 00:26:01.790 1845 INFO rally.task.context [-] Task 6fc61b2b-3aa8-4cee-9f47-4a2ffc4f2464 | Context cleanup@openstack cleanup() finished in 8.47 sec
2019-11-24 00:26:01.791 1845 INFO rally.task.context [-] Task 6fc61b2b-3aa8-4cee-9f47-4a2ffc4f2464 | Context volumes@openstack cleanup() started
2019-11-24 00:26:01.792 1845 RALLYDEBUG rally_openstack.cleanup.manager [-] Cleaning up cinder volumes objects
2019-11-24 00:26:03.028 1845 RALLYDEBUG rally_openstack.cleanup.manager [-] Deleting cinder.volumes object c_rally_974b64c5_ICAYzHPW (93a508b2-1081-4877-97db-013861141ecf)
2019-11-24 00:26:03.035 1845 RALLYDEBUG rally_openstack.cleanup.manager [-] Deleting cinder.volumes object c_rally_974b64c5_CR3nsOi9 (8911874a-1930-485b-9bd0-649fae9028be)
2019-11-24 00:26:03.041 1845 RALLYDEBUG rally_openstack.cleanup.manager [-] Deleting cinder.volumes object c_rally_974b64c5_LknCoBtI (27ab587c-6cb7-483f-b21a-c918e9239e47)
2019-11-24 00:26:06.662 1845 INFO rally.task.context [-] Task 6fc61b2b-3aa8-4cee-9f47-4a2ffc4f2464 | Context volumes@openstack cleanup() finished in 4.87 sec
2019-11-24 00:26:06.663 1845 INFO rally.task.context [-] Task 6fc61b2b-3aa8-4cee-9f47-4a2ffc4f2464 | Context quotas@openstack cleanup() started
2019-11-24 00:26:06.746 1845 INFO rally.task.context [-] Task 6fc61b2b-3aa8-4cee-9f47-4a2ffc4f2464 | Context quotas@openstack cleanup() finished in 83.61 msec
2019-11-24 00:26:06.747 1845 INFO rally.task.context [-] Task 6fc61b2b-3aa8-4cee-9f47-4a2ffc4f2464 | Context api_versions@openstack cleanup() started
2019-11-24 00:26:06.747 1845 INFO rally.task.context [-] Task 6fc61b2b-3aa8-4cee-9f47-4a2ffc4f2464 | Context api_versions@openstack cleanup() finished in 0.40 msec
2019-11-24 00:26:06.748 1845 INFO rally.task.context [-] Task 6fc61b2b-3aa8-4cee-9f47-4a2ffc4f2464 | Context users@openstack cleanup() started
2019-11-24 00:26:11.334 1845 INFO rally.task.context [-] Task 6fc61b2b-3aa8-4cee-9f47-4a2ffc4f2464 | Context users@openstack cleanup() finished in 4.59 sec
2019-11-24 00:26:12.914 1845 INFO rally.task.engine [-] Load duration is: 8.053806
2019-11-24 00:26:12.914 1845 INFO rally.task.engine [-] Full runner duration is: 8.098565
2019-11-24 00:26:12.915 1845 INFO rally.task.engine [-] Full duration is: 38.639271
2019-11-24 00:26:13.214 1845 INFO rally.task.engine [-] Running workload: position = 0 config = { "version": 2, "title": "A cropped version of a bigger task.", "description": "Auto-generated task from a single workload (uuid=d850492d-8bf2-4f3e-aba9-82c4c7ad5324)", "subtasks": [ { "title": "CinderVolumes.create_and_list_volume", "description": "Create a volume and list all volumes.", "scenario": { "CinderVolumes.create_and_list_volume": { "detailed": true, "image": { "name": "rally_full-img_2f170d48-e02c-4426-87d5-40abf8fe2368" }, "size": 1 } }, "contexts": { "users": { "tenants": 3, "users_per_tenant": 2 }, "quotas": { "cinder": { "gigabytes": -1, "snapshots": -1, "volumes": -1 } }, "api_versions": { "cinder": { "version": 3, "service_type": "volumev3" } } }, "runner": { "constant": { "concurrency": 4, "times": 10 } }, "hooks": [], "sla": { "failure_rate": { "max": 0 } } } ] }
2019-11-24 00:26:13.242 1845 RALLYDEBUG rally_openstack.contexts.keystone.users [-] Creating 3 tenants using 20 threads
2019-11-24 00:26:14.380 1845 RALLYDEBUG rally_openstack.contexts.keystone.users [-] Creating 6 users using 20 threads
2019-11-24 00:26:15.900 1845 INFO rally.task.context [-] Task 6fc61b2b-3aa8-4cee-9f47-4a2ffc4f2464 | Context users@openstack setup() finished in 2.66 sec
2019-11-24 00:26:16.311 1845 INFO rally.task.context [-] Task 6fc61b2b-3aa8-4cee-9f47-4a2ffc4f2464 | Context api_versions@openstack setup() finished in 0.41 sec
2019-11-24 00:26:17.222 1845 INFO rally.task.context [-] Task 6fc61b2b-3aa8-4cee-9f47-4a2ffc4f2464 | Context quotas@openstack setup() finished in 0.91 sec
2019-11-24 00:26:17.223 1845 INFO rally.task.context [-] Task 6fc61b2b-3aa8-4cee-9f47-4a2ffc4f2464 | Context cleanup@openstack setup() finished in 0.02 msec
2019-11-24 00:26:17.842 1845 RALLYDEBUG rally.task.runner [-] Starting the constant runner (task UUID: 6fc61b2b-3aa8-4cee-9f47-4a2ffc4f2464). times: 10 concurrency: 4 timeout: 0 max_cpu_used: 16 processes_to_start: 4 concurrency_per_worker: 1 concurrency_overhead: 0
2019-11-24 00:26:17.855 2417 RALLYDEBUG rally.task.runner [-] Starting a worker. times: 10 duration: None concurrency: 1 timeout: 0 cls: method_name: run args: {"detailed": true, "image": "e2756950-7b6d-4778-be5f-611bc2de8e52", "size": 1}
2019-11-24 00:26:17.858 2418 RALLYDEBUG rally.task.runner [-] Starting a worker. times: 10 duration: None concurrency: 1 timeout: 0 cls: method_name: run args: {"detailed": true, "image": "e2756950-7b6d-4778-be5f-611bc2de8e52", "size": 1}
2019-11-24 00:26:17.862 2417 INFO rally.task.runner [-] Task 6fc61b2b-3aa8-4cee-9f47-4a2ffc4f2464 | ITER: 1 START
2019-11-24 00:26:17.862 2419 RALLYDEBUG rally.task.runner [-] Starting a worker. times: 10 duration: None concurrency: 1 timeout: 0 cls: method_name: run args: {"detailed": true, "image": "e2756950-7b6d-4778-be5f-611bc2de8e52", "size": 1}
2019-11-24 00:26:17.865 2418 INFO rally.task.runner [-] Task 6fc61b2b-3aa8-4cee-9f47-4a2ffc4f2464 | ITER: 2 START
2019-11-24 00:26:17.866 2420 RALLYDEBUG rally.task.runner [-] Starting a worker. times: 10 duration: None concurrency: 1 timeout: 0 cls: method_name: run args: {"detailed": true, "image": "e2756950-7b6d-4778-be5f-611bc2de8e52", "size": 1}
2019-11-24 00:26:17.870 2419 INFO rally.task.runner [-] Task 6fc61b2b-3aa8-4cee-9f47-4a2ffc4f2464 | ITER: 3 START
2019-11-24 00:26:17.873 2420 INFO rally.task.runner [-] Task 6fc61b2b-3aa8-4cee-9f47-4a2ffc4f2464 | ITER: 4 START
2019-11-24 00:26:33.156 2418 RALLYDEBUG rally.task.utils [-] Waiting for resource s_rally_d850492d_ID80HmKk. Status changed: DOWNLOADING => AVAILABLE in 12.554981470108032
2019-11-24 00:26:33.207 2418 INFO rally.task.runner [-] Task 6fc61b2b-3aa8-4cee-9f47-4a2ffc4f2464 | ITER: 2 END: OK
2019-11-24 00:26:33.212 2418 INFO rally.task.runner [-] Task 6fc61b2b-3aa8-4cee-9f47-4a2ffc4f2464 | ITER: 5 START
2019-11-24 00:26:39.796 2417 RALLYDEBUG rally.task.utils [-] Waiting for resource s_rally_d850492d_7WrUyvpu. Status changed: DOWNLOADING => AVAILABLE in 18.81358814239502
2019-11-24 00:26:39.860 2417 INFO rally.task.runner [-] Task 6fc61b2b-3aa8-4cee-9f47-4a2ffc4f2464 | ITER: 1 END: OK
2019-11-24 00:26:39.866 2417 INFO rally.task.runner [-] Task 6fc61b2b-3aa8-4cee-9f47-4a2ffc4f2464 | ITER: 6 START
2019-11-24 00:26:40.292 2418 RALLYDEBUG rally.task.utils [-] Waiting for resource s_rally_d850492d_6l8ZD1P0. Status changed: CREATING => DOWNLOADING in 4.388125419616699
2019-11-24 00:26:55.970 2419 RALLYDEBUG rally.task.utils [-] Waiting for resource s_rally_d850492d_sjCOj2Jn. Status changed: DOWNLOADING => AVAILABLE in 35.335652112960815
2019-11-24 00:26:56.031 2419 INFO rally.task.runner [-] Task 6fc61b2b-3aa8-4cee-9f47-4a2ffc4f2464 | ITER: 3 END: OK
2019-11-24 00:26:56.036 2419 INFO rally.task.runner [-] Task 6fc61b2b-3aa8-4cee-9f47-4a2ffc4f2464 | ITER: 7 START
2019-11-24 00:27:00.107 2420 RALLYDEBUG rally.task.utils [-] Waiting for resource s_rally_d850492d_tV7IOGH6. Status changed: DOWNLOADING => AVAILABLE in 39.459965467453
2019-11-24 00:27:00.171 2420 INFO rally.task.runner [-] Task 6fc61b2b-3aa8-4cee-9f47-4a2ffc4f2464 | ITER: 4 END: OK
2019-11-24 00:27:00.176 2420 INFO rally.task.runner [-] Task 6fc61b2b-3aa8-4cee-9f47-4a2ffc4f2464 | ITER: 8 START
2019-11-24 00:27:19.918 2419 RALLYDEBUG rally.task.utils [-] Waiting for resource s_rally_d850492d_7pPrwxWf. Status changed: DOWNLOADING => AVAILABLE in 20.871034860610962
2019-11-24 00:27:19.981 2419 INFO rally.task.runner [-] Task 6fc61b2b-3aa8-4cee-9f47-4a2ffc4f2464 | ITER: 7 END: OK
2019-11-24 00:27:19.986 2419 INFO rally.task.runner [-] Task 6fc61b2b-3aa8-4cee-9f47-4a2ffc4f2464 | ITER: 9 START
2019-11-24 00:27:21.752 2418 RALLYDEBUG rally.task.utils [-] Waiting for resource s_rally_d850492d_6l8ZD1P0. Status changed: DOWNLOADING => AVAILABLE in 41.46024417877197
2019-11-24 00:27:21.814 2418 INFO rally.task.runner [-] Task 6fc61b2b-3aa8-4cee-9f47-4a2ffc4f2464 | ITER: 5 END: OK
2019-11-24 00:27:21.819 2418 INFO rally.task.runner [-] Task 6fc61b2b-3aa8-4cee-9f47-4a2ffc4f2464 | ITER: 10 START
2019-11-24 00:27:22.215 2417 RALLYDEBUG rally.task.utils [-] Waiting for resource s_rally_d850492d_Bc5JNxew. Status changed: DOWNLOADING => AVAILABLE in 39.48874521255493
2019-11-24 00:27:22.273 2417 INFO rally.task.runner [-] Task 6fc61b2b-3aa8-4cee-9f47-4a2ffc4f2464 | ITER: 6 END: OK
2019-11-24 00:27:38.852 2420 RALLYDEBUG rally.task.utils [-] Waiting for resource s_rally_d850492d_v6KJSGWW. Status changed: DOWNLOADING => AVAILABLE in 35.48233199119568
2019-11-24 00:27:38.918 2420 INFO rally.task.runner [-] Task 6fc61b2b-3aa8-4cee-9f47-4a2ffc4f2464 | ITER: 8 END: OK
2019-11-24 00:28:12.504 2418 RALLYDEBUG rally.task.utils [-] Waiting for resource s_rally_d850492d_6cbi6UOG. Status changed: DOWNLOADING => AVAILABLE in 47.83397197723389
2019-11-24 00:28:12.571 2418 INFO rally.task.runner [-] Task 6fc61b2b-3aa8-4cee-9f47-4a2ffc4f2464 | ITER: 10 END: OK
2019-11-24 00:28:12.750 2419 RALLYDEBUG rally.task.utils [-] Waiting for resource s_rally_d850492d_jiQy7rVa. Status changed: DOWNLOADING => AVAILABLE in 49.93620157241821
2019-11-24 00:28:12.955 2419 INFO rally.task.runner [-] Task 6fc61b2b-3aa8-4cee-9f47-4a2ffc4f2464 | ITER: 9 END: OK
2019-11-24 00:28:12.984 1845 INFO rally.task.context [-] Task 6fc61b2b-3aa8-4cee-9f47-4a2ffc4f2464 | Context cleanup@openstack cleanup() started
2019-11-24 00:28:12.993 1845 RALLYDEBUG rally_openstack.cleanup.manager [-] Cleaning up cinder backups objects
2019-11-24 00:28:14.200 1845 RALLYDEBUG rally_openstack.cleanup.manager [-] Cleaning up cinder volume_snapshots objects
2019-11-24 00:28:15.365 1845 RALLYDEBUG rally_openstack.cleanup.manager [-] Cleaning up cinder transfers objects
2019-11-24 00:28:16.503 1845 RALLYDEBUG rally_openstack.cleanup.manager [-] Cleaning up cinder volumes objects
2019-11-24 00:28:17.773 1845 RALLYDEBUG rally_openstack.cleanup.manager [-] Deleting cinder.volumes object s_rally_d850492d_6l8ZD1P0 (6e18b553-35bc-4964-909b-3a04643a925e)
2019-11-24 00:28:17.774 1845 RALLYDEBUG rally_openstack.cleanup.manager [-] Deleting cinder.volumes object s_rally_d850492d_v6KJSGWW (112a139a-2969-4215-a2fe-fed8c3ff7cb5)
2019-11-24 00:28:17.778 1845 RALLYDEBUG rally_openstack.cleanup.manager [-] Deleting cinder.volumes object s_rally_d850492d_ID80HmKk (3a06babe-ba67-406d-bb00-0664dad8649f)
2019-11-24 00:28:17.782 1845 RALLYDEBUG rally_openstack.cleanup.manager [-] Deleting cinder.volumes object s_rally_d850492d_jiQy7rVa (2ec2f829-0ff4-4d09-8c56-431f70ae6d8f)
2019-11-24 00:28:17.796 1845 RALLYDEBUG rally_openstack.cleanup.manager [-] Deleting cinder.volumes object s_rally_d850492d_7pPrwxWf (7215856e-c614-4b1f-88e2-6239d3f51fa4)
2019-11-24 00:28:17.806 1845 RALLYDEBUG rally_openstack.cleanup.manager [-] Deleting cinder.volumes object s_rally_d850492d_Bc5JNxew (fcad69a1-e4e7-41ad-a6a4-8ccd40ca0af0)
2019-11-24 00:28:17.810 1845 RALLYDEBUG rally_openstack.cleanup.manager [-] Deleting cinder.volumes object s_rally_d850492d_6cbi6UOG (1a425735-528f-4be7-b183-9b833da50555)
2019-11-24 00:28:17.814 1845 RALLYDEBUG rally_openstack.cleanup.manager [-] Deleting cinder.volumes object s_rally_d850492d_sjCOj2Jn (6f135d71-c858-4099-8ec1-b08e8a4cc31a)
2019-11-24 00:28:17.817 1845 RALLYDEBUG rally_openstack.cleanup.manager [-] Deleting cinder.volumes object s_rally_d850492d_tV7IOGH6 (2e7f8084-7e60-41d7-ae1a-4f99d0784b13)
2019-11-24 00:28:17.826 1845 RALLYDEBUG rally_openstack.cleanup.manager [-] Deleting cinder.volumes object s_rally_d850492d_7WrUyvpu (0fbdb964-8f19-4f36-b23e-e31e3e108eb6)
2019-11-24 00:28:21.725 1845 INFO rally.task.context [-] Task 6fc61b2b-3aa8-4cee-9f47-4a2ffc4f2464 | Context cleanup@openstack cleanup() finished in 8.74 sec
2019-11-24 00:28:21.726 1845 INFO rally.task.context [-] Task 6fc61b2b-3aa8-4cee-9f47-4a2ffc4f2464 | Context quotas@openstack cleanup() started
2019-11-24 00:28:21.826 1845 INFO rally.task.context [-] Task 6fc61b2b-3aa8-4cee-9f47-4a2ffc4f2464 | Context quotas@openstack cleanup() finished in 99.82 msec
2019-11-24 00:28:21.826 1845 INFO rally.task.context [-] Task 6fc61b2b-3aa8-4cee-9f47-4a2ffc4f2464 | Context api_versions@openstack cleanup() started
2019-11-24 00:28:21.827 1845 INFO rally.task.context [-] Task 6fc61b2b-3aa8-4cee-9f47-4a2ffc4f2464 | Context api_versions@openstack cleanup() finished in 0.37 msec
2019-11-24 00:28:21.827 1845 INFO rally.task.context [-] Task 6fc61b2b-3aa8-4cee-9f47-4a2ffc4f2464 | Context users@openstack cleanup() started
2019-11-24 00:28:26.244 1845 INFO rally.task.context [-] Task 6fc61b2b-3aa8-4cee-9f47-4a2ffc4f2464 | Context users@openstack cleanup() finished in 4.42 sec
2019-11-24 00:28:27.960 1845 INFO rally.task.engine [-] Load duration is: 115.087981
2019-11-24 00:28:27.960 1845 INFO rally.task.engine [-] Full runner duration is: 115.141534
2019-11-24 00:28:27.961 1845 INFO rally.task.engine [-] Full duration is: 133.00494
2019-11-24 00:28:28.161 1845 INFO rally.task.engine [-] Running workload: position = 1 config = { "version": 2, "title": "A cropped version of a bigger task.", "description": "Auto-generated task from a single workload (uuid=a7554650-eddb-4891-bea2-1f713798f3c0)", "subtasks": [ { "title": "CinderVolumes.create_and_list_volume", "description": "Create a volume and list all volumes.", "scenario": { "CinderVolumes.create_and_list_volume": { "detailed": true, "size": 1 } }, "contexts": { "users": { "tenants": 3, "users_per_tenant": 2 }, "quotas": { "cinder": { "gigabytes": -1, "snapshots": -1, "volumes": -1 } }, "api_versions": { "cinder": { "version": 3, "service_type": "volumev3" } } }, "runner": { "constant": { "concurrency": 4, "times": 10 } }, "hooks": [], "sla": { "failure_rate": { "max": 0 } } } ] }
2019-11-24 00:28:28.189 1845 RALLYDEBUG rally_openstack.contexts.keystone.users [-] Creating 3 tenants using 20 threads
2019-11-24 00:28:29.185 1845 RALLYDEBUG rally_openstack.contexts.keystone.users [-] Creating 6 users using 20 threads
2019-11-24 00:28:30.710 1845 INFO rally.task.context [-] Task 6fc61b2b-3aa8-4cee-9f47-4a2ffc4f2464 | Context users@openstack setup() finished in 2.52 sec
2019-11-24 00:28:31.105 1845 INFO rally.task.context [-] Task 6fc61b2b-3aa8-4cee-9f47-4a2ffc4f2464 | Context api_versions@openstack setup() finished in 0.39 sec
2019-11-24 00:28:31.889 1845 INFO rally.task.context [-] Task 6fc61b2b-3aa8-4cee-9f47-4a2ffc4f2464 | Context quotas@openstack setup() finished in 0.78 sec
2019-11-24 00:28:31.889 1845 INFO rally.task.context [-] Task 6fc61b2b-3aa8-4cee-9f47-4a2ffc4f2464 | Context cleanup@openstack setup() finished in 0.02 msec
2019-11-24 00:28:31.899 1845 RALLYDEBUG rally.task.runner [-] Starting the constant runner (task UUID: 6fc61b2b-3aa8-4cee-9f47-4a2ffc4f2464). times: 10 concurrency: 4 timeout: 0 max_cpu_used: 16 processes_to_start: 4 concurrency_per_worker: 1 concurrency_overhead: 0
2019-11-24 00:28:31.911 2601 RALLYDEBUG rally.task.runner [-] Starting a worker. times: 10 duration: None concurrency: 1 timeout: 0 cls: method_name: run args: {"detailed": true, "size": 1}
2019-11-24 00:28:31.915 2602 RALLYDEBUG rally.task.runner [-] Starting a worker. times: 10 duration: None concurrency: 1 timeout: 0 cls: method_name: run args: {"detailed": true, "size": 1}
2019-11-24 00:28:31.918 2601 INFO rally.task.runner [-] Task 6fc61b2b-3aa8-4cee-9f47-4a2ffc4f2464 | ITER: 1 START
2019-11-24 00:28:31.918 2603 RALLYDEBUG rally.task.runner [-] Starting a worker. times: 10 duration: None concurrency: 1 timeout: 0 cls: method_name: run args: {"detailed": true, "size": 1}
2019-11-24 00:28:31.922 2602 INFO rally.task.runner [-] Task 6fc61b2b-3aa8-4cee-9f47-4a2ffc4f2464 | ITER: 2 START
2019-11-24 00:28:31.922 2605 RALLYDEBUG rally.task.runner [-] Starting a worker. times: 10 duration: None concurrency: 1 timeout: 0 cls: method_name: run args: {"detailed": true, "size": 1}
2019-11-24 00:28:31.925 2603 INFO rally.task.runner [-] Task 6fc61b2b-3aa8-4cee-9f47-4a2ffc4f2464 | ITER: 3 START
2019-11-24 00:28:31.928 2605 INFO rally.task.runner [-] Task 6fc61b2b-3aa8-4cee-9f47-4a2ffc4f2464 | ITER: 4 START
2019-11-24 00:28:34.772 2602 INFO rally.task.runner [-] Task 6fc61b2b-3aa8-4cee-9f47-4a2ffc4f2464 | ITER: 2 END: OK
2019-11-24 00:28:34.777 2602 INFO rally.task.runner [-] Task 6fc61b2b-3aa8-4cee-9f47-4a2ffc4f2464 | ITER: 5 START
2019-11-24 00:28:34.780 2603 INFO rally.task.runner [-] Task 6fc61b2b-3aa8-4cee-9f47-4a2ffc4f2464 | ITER: 3 END: OK
2019-11-24 00:28:34.782 2601 INFO rally.task.runner [-] Task 6fc61b2b-3aa8-4cee-9f47-4a2ffc4f2464 | ITER: 1 END: OK
2019-11-24 00:28:34.785 2603 INFO rally.task.runner [-] Task 6fc61b2b-3aa8-4cee-9f47-4a2ffc4f2464 | ITER: 6 START
2019-11-24 00:28:34.787 2601 INFO rally.task.runner [-] Task 6fc61b2b-3aa8-4cee-9f47-4a2ffc4f2464 | ITER: 7 START
2019-11-24 00:28:34.799 2605 INFO rally.task.runner [-] Task 6fc61b2b-3aa8-4cee-9f47-4a2ffc4f2464 | ITER: 4 END: OK
2019-11-24 00:28:34.804 2605 INFO rally.task.runner [-] Task 6fc61b2b-3aa8-4cee-9f47-4a2ffc4f2464 | ITER: 8 START
2019-11-24 00:28:37.525 2605 INFO rally.task.runner [-] Task 6fc61b2b-3aa8-4cee-9f47-4a2ffc4f2464 | ITER: 8 END: OK
2019-11-24 00:28:37.528 2605 INFO rally.task.runner [-] Task 6fc61b2b-3aa8-4cee-9f47-4a2ffc4f2464 | ITER: 9 START
2019-11-24 00:28:37.551 2601 INFO rally.task.runner [-] Task 6fc61b2b-3aa8-4cee-9f47-4a2ffc4f2464 | ITER: 7 END: OK
2019-11-24 00:28:37.555 2601 INFO rally.task.runner [-] Task 6fc61b2b-3aa8-4cee-9f47-4a2ffc4f2464 | ITER: 10 START
2019-11-24 00:28:37.621 2602 INFO rally.task.runner [-] Task 6fc61b2b-3aa8-4cee-9f47-4a2ffc4f2464 | ITER: 5 END: OK
2019-11-24 00:28:37.625 2603 INFO rally.task.runner [-] Task 6fc61b2b-3aa8-4cee-9f47-4a2ffc4f2464 | ITER: 6 END: OK
