2019-11-24 01:00:48.903 13785 RALLYDEBUG rally_openstack.cleanup.manager [-] Cleaning up neutron trunk objects
2019-11-24 01:00:50.062 13785 RALLYDEBUG rally_openstack.cleanup.manager [-] Cleaning up neutron port objects
2019-11-24 01:00:51.504 13785 RALLYDEBUG rally_openstack.cleanup.manager [-] Deleting neutron.port object s_rally_cbcff48e_JJhC3Ece (2b1e6aea-6743-4fc8-b8b7-94d3d27fc197)
2019-11-24 01:00:51.519 13785 RALLYDEBUG rally_openstack.cleanup.manager [-] Deleting neutron.port object s_rally_cbcff48e_EspPDk6W (7f7c3cc7-ee04-49b2-bf0c-96e16ed0614a)
2019-11-24 01:00:51.523 13785 RALLYDEBUG rally_openstack.cleanup.manager [-] Deleting neutron.port object s_rally_cbcff48e_TpPDsltl (6279a407-c4cd-4213-9414-fa00dc4bb288)
2019-11-24 01:00:51.537 13785 RALLYDEBUG rally_openstack.cleanup.manager [-] Deleting neutron.port object s_rally_cbcff48e_9JxDNO2M (af88a983-6388-4f0d-b416-6664ecf61cfc)
2019-11-24 01:00:51.541 13785 RALLYDEBUG rally_openstack.cleanup.manager [-] Deleting neutron.port object s_rally_cbcff48e_uQBhyGWd (11ea7128-4ed1-40b1-bfc7-9852b7e04540)
2019-11-24 01:00:51.569 13785 RALLYDEBUG rally_openstack.cleanup.manager [-] Deleting neutron.port object s_rally_cbcff48e_7JszQrNT (1dc87d23-8a52-4a4c-a799-fdff6b8a6241)
2019-11-24 01:00:51.573 13785 RALLYDEBUG rally_openstack.cleanup.manager [-] Deleting neutron.port object s_rally_cbcff48e_9gQ7oc1y (33650d47-cfb5-4268-ae58-c8889873daec)
2019-11-24 01:00:51.589 13785 RALLYDEBUG rally_openstack.cleanup.manager [-] Deleting neutron.port object s_rally_cbcff48e_xQSENbdr (ace3fd05-d0a6-4570-b593-4e5f772b9a8c)
2019-11-24 01:00:51.601 13785 RALLYDEBUG rally_openstack.cleanup.manager [-] Deleting neutron.port object s_rally_cbcff48e_jVjdTOBv (badcc104-5625-4e12-9895-2802190ae58e)
2019-11-24 01:00:51.607 13785 RALLYDEBUG rally_openstack.cleanup.manager [-] Deleting neutron.port object s_rally_cbcff48e_iMFYMQN9 (76a4eb75-2c2f-4315-99af-f88c4ffcb7cb)
2019-11-24 01:00:54.109 13785 RALLYDEBUG rally_openstack.cleanup.manager [-] Cleaning up neutron subnet objects
2019-11-24 01:00:55.489 13785 RALLYDEBUG rally_openstack.cleanup.manager [-] Cleaning up neutron network objects
2019-11-24 01:00:57.163 13785 RALLYDEBUG rally_openstack.cleanup.manager [-] Cleaning up neutron router objects
2019-11-24 01:00:58.652 13785 RALLYDEBUG rally_openstack.cleanup.manager [-] Cleaning up neutron security_group objects
2019-11-24 01:00:59.912 13785 INFO rally.task.context [-] Task d67691e7-a9b8-452e-a8dc-3036d9f36b5d | Context cleanup@openstack cleanup() finished in 16.92 sec
2019-11-24 01:00:59.912 13785 INFO rally.task.context [-] Task d67691e7-a9b8-452e-a8dc-3036d9f36b5d | Context network@openstack cleanup() started
2019-11-24 01:01:11.111 13785 INFO rally.task.context [-] Task d67691e7-a9b8-452e-a8dc-3036d9f36b5d | Context network@openstack cleanup() finished in 11.20 sec
2019-11-24 01:01:11.111 13785 INFO rally.task.context [-] Task d67691e7-a9b8-452e-a8dc-3036d9f36b5d | Context quotas@openstack cleanup() started
2019-11-24 01:01:11.309 13785 INFO rally.task.context [-] Task d67691e7-a9b8-452e-a8dc-3036d9f36b5d | Context quotas@openstack cleanup() finished in 0.20 sec
2019-11-24 01:01:11.309 13785 INFO rally.task.context [-] Task d67691e7-a9b8-452e-a8dc-3036d9f36b5d | Context users@openstack cleanup() started
2019-11-24 01:01:15.635 13785 INFO rally.task.context [-] Task d67691e7-a9b8-452e-a8dc-3036d9f36b5d | Context users@openstack cleanup() finished in 4.33 sec
2019-11-24 01:01:16.110 13785 INFO rally.task.engine [-] Load duration is: 4.717761
2019-11-24 01:01:16.111 13785 INFO rally.task.engine [-] Full runner duration is: 4.768878
2019-11-24 01:01:16.111 13785 INFO rally.task.engine [-] Full duration is: 43.817357
2019-11-24 01:01:16.424 13785 INFO rally.task.engine [-] Running workload: position = 0 config = { "version": 2, "title": "A cropped version of a bigger task.", "description": "Auto-generated task from a single workload (uuid=b40f009e-3cd6-466a-a939-34892f31224c)", "subtasks": [ { "title": "NeutronNetworks.create_and_update_routers", "description": "Create and update a given number of routers.", "scenario": { "NeutronNetworks.create_and_update_routers": { "network_create_args": {}, "router_create_args": {}, "router_update_args": { "admin_state_up": false }, "subnet_cidr_start": "1.1.0.0/30", "subnet_create_args": {}, "subnets_per_network": 1 } }, "contexts": { "users": { "tenants": 3, "users_per_tenant": 2 }, "quotas": { "neutron": { "network": -1, "subnet": -1, "port": -1, "router": -1 } } }, "runner": { "constant": { "concurrency": 4, "times": 10 } }, "hooks": [], "sla": { "failure_rate": { "max": 0 } } } ] }
2019-11-24 01:01:16.450 13785 RALLYDEBUG rally_openstack.contexts.keystone.users [-] Creating 3 tenants using 20 threads
2019-11-24 01:01:17.382 13785 RALLYDEBUG rally_openstack.contexts.keystone.users [-] Creating 6 users using 20 threads
2019-11-24 01:01:18.926 13785 INFO rally.task.context [-] Task d67691e7-a9b8-452e-a8dc-3036d9f36b5d | Context users@openstack setup() finished in 2.48 sec
2019-11-24 01:01:19.860 13785 INFO rally.task.context [-] Task d67691e7-a9b8-452e-a8dc-3036d9f36b5d | Context quotas@openstack setup() finished in 0.93 sec
2019-11-24 01:01:19.861 13785 INFO rally.task.context [-] Task d67691e7-a9b8-452e-a8dc-3036d9f36b5d | Context cleanup@openstack setup() finished in 0.00 msec
2019-11-24 01:01:19.870 13785 RALLYDEBUG rally.task.runner [-] Starting the constant runner (task UUID: d67691e7-a9b8-452e-a8dc-3036d9f36b5d). times: 10 concurrency: 4 timeout: 0 max_cpu_used: 16 processes_to_start: 4 concurrency_per_worker: 1 concurrency_overhead: 0
2019-11-24 01:01:19.881 14557 RALLYDEBUG rally.task.runner [-] Starting a worker. times: 10 duration: None concurrency: 1 timeout: 0 cls: method_name: run args: {"network_create_args": {}, "router_create_args": {}, "router_update_args": {"admin_state_up": false}, "subnet_cidr_start": "1.1.0.0/30", "subnet_create_args": {}, "subnets_per_network": 1}
2019-11-24 01:01:19.885 14558 RALLYDEBUG rally.task.runner [-] Starting a worker. times: 10 duration: None concurrency: 1 timeout: 0 cls: method_name: run args: {"network_create_args": {}, "router_create_args": {}, "router_update_args": {"admin_state_up": false}, "subnet_cidr_start": "1.1.0.0/30", "subnet_create_args": {}, "subnets_per_network": 1}
2019-11-24 01:01:19.888 14557 INFO rally.task.runner [-] Task d67691e7-a9b8-452e-a8dc-3036d9f36b5d | ITER: 1 START
2019-11-24 01:01:19.888 14559 RALLYDEBUG rally.task.runner [-] Starting a worker. times: 10 duration: None concurrency: 1 timeout: 0 cls: method_name: run args: {"network_create_args": {}, "router_create_args": {}, "router_update_args": {"admin_state_up": false}, "subnet_cidr_start": "1.1.0.0/30", "subnet_create_args": {}, "subnets_per_network": 1}
2019-11-24 01:01:19.891 14558 INFO rally.task.runner [-] Task d67691e7-a9b8-452e-a8dc-3036d9f36b5d | ITER: 2 START
2019-11-24 01:01:19.891 14561 RALLYDEBUG rally.task.runner [-] Starting a worker. times: 10 duration: None concurrency: 1 timeout: 0 cls: method_name: run args: {"network_create_args": {}, "router_create_args": {}, "router_update_args": {"admin_state_up": false}, "subnet_cidr_start": "1.1.0.0/30", "subnet_create_args": {}, "subnets_per_network": 1}
2019-11-24 01:01:19.895 14559 INFO rally.task.runner [-] Task d67691e7-a9b8-452e-a8dc-3036d9f36b5d | ITER: 3 START
2019-11-24 01:01:19.898 14561 INFO rally.task.runner [-] Task d67691e7-a9b8-452e-a8dc-3036d9f36b5d | ITER: 4 START
2019-11-24 01:01:20.570 14559 RALLYDEBUG rally_openstack.wrappers.network [-] CIDR generated: 1.1.0.12/30
2019-11-24 01:01:20.617 14561 RALLYDEBUG rally_openstack.wrappers.network [-] CIDR generated: 1.1.0.16/30
2019-11-24 01:01:20.628 14557 RALLYDEBUG rally_openstack.wrappers.network [-] CIDR generated: 1.1.0.20/30
2019-11-24 01:01:21.084 14558 RALLYDEBUG rally_openstack.wrappers.network [-] CIDR generated: 1.1.0.24/30
2019-11-24 01:01:23.552 14557 INFO rally.task.runner [-] Task d67691e7-a9b8-452e-a8dc-3036d9f36b5d | ITER: 1 END: OK
2019-11-24 01:01:23.556 14557 INFO rally.task.runner [-] Task d67691e7-a9b8-452e-a8dc-3036d9f36b5d | ITER: 5 START
2019-11-24 01:01:23.813 14561 INFO rally.task.runner [-] Task d67691e7-a9b8-452e-a8dc-3036d9f36b5d | ITER: 4 END: OK
2019-11-24 01:01:23.818 14561 INFO rally.task.runner [-] Task d67691e7-a9b8-452e-a8dc-3036d9f36b5d | ITER: 6 START
2019-11-24 01:01:24.049 14557 RALLYDEBUG rally_openstack.wrappers.network [-] CIDR generated: 1.1.0.28/30
2019-11-24 01:01:24.488 14561 RALLYDEBUG rally_openstack.wrappers.network [-] CIDR generated: 1.1.0.32/30
2019-11-24 01:01:24.538 14559 INFO rally.task.runner [-] Task d67691e7-a9b8-452e-a8dc-3036d9f36b5d | ITER: 3 END: OK
2019-11-24 01:01:24.542 14559 INFO rally.task.runner [-] Task d67691e7-a9b8-452e-a8dc-3036d9f36b5d | ITER: 7 START
2019-11-24 01:01:24.674 14558 INFO rally.task.runner [-] Task d67691e7-a9b8-452e-a8dc-3036d9f36b5d | ITER: 2 END: OK
2019-11-24 01:01:24.679 14558 INFO rally.task.runner [-] Task d67691e7-a9b8-452e-a8dc-3036d9f36b5d | ITER: 8 START
2019-11-24 01:01:25.030 14559 RALLYDEBUG rally_openstack.wrappers.network [-] CIDR generated: 1.1.0.36/30
2019-11-24 01:01:25.161 14558 RALLYDEBUG rally_openstack.wrappers.network [-] CIDR generated: 1.1.0.40/30
2019-11-24 01:01:27.294 14557 INFO rally.task.runner [-] Task d67691e7-a9b8-452e-a8dc-3036d9f36b5d | ITER: 5 END: OK
2019-11-24 01:01:27.297 14557 INFO rally.task.runner [-] Task d67691e7-a9b8-452e-a8dc-3036d9f36b5d | ITER: 9 START
2019-11-24 01:01:27.824 14557 RALLYDEBUG rally_openstack.wrappers.network [-] CIDR generated: 1.1.0.44/30
2019-11-24 01:01:28.081 14561 INFO rally.task.runner [-] Task d67691e7-a9b8-452e-a8dc-3036d9f36b5d | ITER: 6 END: OK
2019-11-24 01:01:28.085 14561 INFO rally.task.runner [-] Task d67691e7-a9b8-452e-a8dc-3036d9f36b5d | ITER: 10 START
2019-11-24 01:01:28.476 14559 INFO rally.task.runner [-] Task d67691e7-a9b8-452e-a8dc-3036d9f36b5d | ITER: 7 END: OK
2019-11-24 01:01:28.501 14558 INFO rally.task.runner [-] Task d67691e7-a9b8-452e-a8dc-3036d9f36b5d | ITER: 8 END: OK
2019-11-24 01:01:28.578 14561 RALLYDEBUG rally_openstack.wrappers.network [-] CIDR generated: 1.1.0.48/30
2019-11-24 01:01:31.022 14557 INFO rally.task.runner [-] Task d67691e7-a9b8-452e-a8dc-3036d9f36b5d | ITER: 9 END: OK
2019-11-24 01:01:31.881 14561 INFO rally.task.runner [-] Task d67691e7-a9b8-452e-a8dc-3036d9f36b5d | ITER: 10 END: OK
2019-11-24 01:01:31.906 13785 INFO rally.task.context [-] Task d67691e7-a9b8-452e-a8dc-3036d9f36b5d | Context cleanup@openstack cleanup() started
2019-11-24 01:01:31.910 13785 RALLYDEBUG rally_openstack.cleanup.manager [-] Cleaning up neutron vip objects
2019-11-24 01:01:33.150 13785 RALLYDEBUG rally_openstack.cleanup.manager [-] Cleaning up neutron health_monitor objects
2019-11-24 01:01:34.271 13785 RALLYDEBUG rally_openstack.cleanup.manager [-] Cleaning up neutron pool objects
2019-11-24 01:01:35.390 13785 RALLYDEBUG rally_openstack.cleanup.manager [-] Cleaning up neutron loadbalancer objects
2019-11-24 01:01:36.508 13785 RALLYDEBUG rally_openstack.cleanup.manager [-] Cleaning up neutron floatingip objects
2019-11-24 01:01:37.742 13785 RALLYDEBUG rally_openstack.cleanup.manager [-] Cleaning up neutron trunk objects
2019-11-24 01:01:38.899 13785 RALLYDEBUG rally_openstack.cleanup.manager [-] Cleaning up neutron port objects
2019-11-24 01:01:40.816 13785 RALLYDEBUG rally_openstack.cleanup.manager [-] Deleting neutron.port object s_rally_b40f009e_DvGg7Xla (01ae75da-4753-466a-ab92-1e5aa04b6959)
2019-11-24 01:01:40.826 13785 RALLYDEBUG rally_openstack.cleanup.manager [-] Deleting neutron.port object s_rally_b40f009e_4jb702Wq (0f51a3c4-2a26-44cc-8944-2955de531b3b)
2019-11-24 01:01:40.846 13785 RALLYDEBUG rally_openstack.cleanup.manager [-] Deleting neutron.port object s_rally_b40f009e_Sce0AYr8 (810a2da2-cf8b-48b7-93ba-c65ee222eccb)
2019-11-24 01:01:40.854 13785 RALLYDEBUG rally_openstack.cleanup.manager [-] Deleting neutron.port object s_rally_b40f009e_QHbkNOvO (025ae483-fcd6-4fb2-85fc-688656b09749)
2019-11-24 01:01:40.856 13785 RALLYDEBUG rally_openstack.cleanup.manager [-] Deleting neutron.port object s_rally_b40f009e_yQoSm7Rc (cffe9c55-35bd-44b0-b5a4-1c40adc1e231)
2019-11-24 01:01:40.869 13785 RALLYDEBUG rally_openstack.cleanup.manager [-] Deleting neutron.port object s_rally_b40f009e_BwgWezRd (2968f2a4-2f8b-4b61-96f6-b996893db4df)
2019-11-24 01:01:40.893 13785 RALLYDEBUG rally_openstack.cleanup.manager [-] Deleting neutron.port object s_rally_b40f009e_25zSN4tC (639709c6-7322-4d9c-95a7-a19059644b30)
2019-11-24 01:01:40.899 13785 RALLYDEBUG rally_openstack.cleanup.manager [-] Deleting neutron.port object s_rally_b40f009e_3ePbWIK2 (bb5496d4-49f7-499e-aa53-54b182e2ce98)
2019-11-24 01:01:40.918 13785 RALLYDEBUG rally_openstack.cleanup.manager [-] Deleting neutron.port object s_rally_b40f009e_xWzjx5fo (b0a41530-1350-4e23-baef-74caf97b0535)
2019-11-24 01:01:40.922 13785 RALLYDEBUG rally_openstack.cleanup.manager [-] Deleting neutron.port object s_rally_b40f009e_csq5J5Cq (bc3d6edd-6b69-467f-ab26-db5e358930f4)
2019-11-24 01:01:45.198 13785 RALLYDEBUG rally_openstack.cleanup.manager [-] Cleaning up neutron subnet objects
2019-11-24 01:01:46.518 13785 RALLYDEBUG rally_openstack.cleanup.manager [-] Deleting neutron.subnet object s_rally_b40f009e_gJ4L15Qy (44242a30-cca2-41ca-be6b-7ac1564fd3df)
2019-11-24 01:01:46.524 13785 RALLYDEBUG rally_openstack.cleanup.manager [-] Deleting neutron.subnet object s_rally_b40f009e_ygu91oa8 (598cca40-26e8-4e93-92c0-9a6daf4d5ad4)
2019-11-24 01:01:46.536 13785 RALLYDEBUG rally_openstack.cleanup.manager [-] Deleting neutron.subnet object s_rally_b40f009e_wPJMdcxe (617ece59-6095-478b-b49e-3e6221c536d8)
2019-11-24 01:01:46.546 13785 RALLYDEBUG rally_openstack.cleanup.manager [-] Deleting neutron.subnet object s_rally_b40f009e_Xp32l3XG (679a9357-ba49-4c8a-b0df-764075750814)
2019-11-24 01:01:46.556 13785 RALLYDEBUG rally_openstack.cleanup.manager [-] Deleting neutron.subnet object s_rally_b40f009e_ZXHZqUQr (07fe0dc1-0756-4653-a6e8-3c3a68c7ecc7)
2019-11-24 01:01:46.566 13785 RALLYDEBUG rally_openstack.cleanup.manager [-] Deleting neutron.subnet object s_rally_b40f009e_5qW540lh (7dcf59d4-84e8-4335-b6bc-7d340e36f4e7)
2019-11-24 01:01:46.576 13785 RALLYDEBUG rally_openstack.cleanup.manager [-] Deleting neutron.subnet object s_rally_b40f009e_cCvvfG8C (851c8944-fc9e-4c48-9e3d-0aeeddd8fb63)
2019-11-24 01:01:46.606 13785 RALLYDEBUG rally_openstack.cleanup.manager [-] Deleting neutron.subnet object s_rally_b40f009e_pTNRkeke (e9ebe9dd-4c2a-40cc-94e3-b1e9e95e15c7)
2019-11-24 01:01:46.622 13785 RALLYDEBUG rally_openstack.cleanup.manager [-] Deleting neutron.subnet object s_rally_b40f009e_DAdm3yb9 (decc8a56-34a7-4c73-9ac5-53f490b08a3d)
2019-11-24 01:01:46.628 13785 RALLYDEBUG rally_openstack.cleanup.manager [-] Deleting neutron.subnet object s_rally_b40f009e_Ve8BDv1B (eaa1b8df-db0e-441f-aca8-90b42cfb6386)
2019-11-24 01:01:49.721 13785 RALLYDEBUG rally_openstack.cleanup.manager [-] Cleaning up neutron network objects
2019-11-24 01:01:51.078 13785 RALLYDEBUG rally_openstack.cleanup.manager [-] Deleting neutron.network object s_rally_b40f009e_rCkDKof4 (0a786d80-5a09-43fb-b199-efcb76c5025d)
2019-11-24 01:01:51.088 13785 RALLYDEBUG rally_openstack.cleanup.manager [-] Deleting neutron.network object s_rally_b40f009e_h53zQUnl (7dbd09fe-a6d6-4c24-a5ff-8881e638330a)
2019-11-24 01:01:51.096 13785 RALLYDEBUG rally_openstack.cleanup.manager [-] Deleting neutron.network object s_rally_b40f009e_W0skcbZA (d5c99e06-1d59-4552-a889-8c0dbb9b7590)
2019-11-24 01:01:51.100 13785 RALLYDEBUG rally_openstack.cleanup.manager [-] Deleting neutron.network object s_rally_b40f009e_oX9Wij7W (eabe0695-0bab-4114-ba91-e5d079f266e2)
2019-11-24 01:01:51.116 13785 RALLYDEBUG rally_openstack.cleanup.manager [-] Deleting neutron.network object s_rally_b40f009e_eKChXF3V (06f88be0-80a3-4cf4-9ab4-d86e15cc4747)
2019-11-24 01:01:51.126 13785 RALLYDEBUG rally_openstack.cleanup.manager [-] Deleting neutron.network object s_rally_b40f009e_wvFBXeYw (28b6372b-7f19-4c1e-8aa7-8d7576f25f02)
2019-11-24 01:01:51.143 13785 RALLYDEBUG rally_openstack.cleanup.manager [-] Deleting neutron.network object s_rally_b40f009e_f3ct00Qo (59cd933a-1925-4ff9-9400-238293433892)
2019-11-24 01:01:51.152 13785 RALLYDEBUG rally_openstack.cleanup.manager [-] Deleting neutron.network object s_rally_b40f009e_x5ZNFOTX (e1dea3bd-e546-47c1-b26e-5339f5de38e2)
2019-11-24 01:01:51.175 13785 RALLYDEBUG rally_openstack.cleanup.manager [-] Deleting neutron.network object s_rally_b40f009e_MczVwQyW (280a4ef5-ad98-4964-af09-c917071bd602)
2019-11-24 01:01:51.186 13785 RALLYDEBUG rally_openstack.cleanup.manager [-] Deleting neutron.network object s_rally_b40f009e_ALVJPv0g (60f87fb6-8df0-4685-976c-bcd86db4827d)
2019-11-24 01:01:55.119 13785 RALLYDEBUG rally_openstack.cleanup.manager [-] Cleaning up neutron router objects
2019-11-24 01:01:56.489 13785 RALLYDEBUG rally_openstack.cleanup.manager [-] Deleting neutron.router object s_rally_b40f009e_DvGg7Xla (189b34c5-9e40-404d-87a2-3436d6d09a60)
2019-11-24 01:01:56.500 13785 RALLYDEBUG rally_openstack.cleanup.manager [-] Deleting neutron.router object s_rally_b40f009e_4jb702Wq (27219a56-2b05-43bd-a0de-d1d370baf0bd)
2019-11-24 01:01:56.509 13785 RALLYDEBUG rally_openstack.cleanup.manager [-] Deleting neutron.router object s_rally_b40f009e_Sce0AYr8 (80d8d9cf-4886-438e-b2f5-db9e2097330b)
2019-11-24 01:01:56.515 13785 RALLYDEBUG rally_openstack.cleanup.manager [-] Deleting neutron.router object s_rally_b40f009e_yQoSm7Rc (c91b3a55-9d62-4616-a2f7-4a9491c9126e)
2019-11-24 01:01:56.519 13785 RALLYDEBUG rally_openstack.cleanup.manager [-] Deleting neutron.router object s_rally_b40f009e_QHbkNOvO (2b008d0b-1123-4d62-a5a5-f9f43c59b6ee)
2019-11-24 01:01:56.540 13785 RALLYDEBUG rally_openstack.cleanup.manager [-] Deleting neutron.router object s_rally_b40f009e_3ePbWIK2 (b04c0348-66cb-472f-8bb9-1f65e282c0d0)
2019-11-24 01:01:56.547 13785 RALLYDEBUG rally_openstack.cleanup.manager [-] Deleting neutron.router object s_rally_b40f009e_25zSN4tC (b233c0c6-f9a1-4359-b8d6-954a7146e498)
2019-11-24 01:01:56.567 13785 RALLYDEBUG rally_openstack.cleanup.manager [-] Deleting neutron.router object s_rally_b40f009e_BwgWezRd (ea44e06b-896e-4260-b159-342dc5f48f4a)
2019-11-24 01:01:56.576 13785 RALLYDEBUG rally_openstack.cleanup.manager [-] Deleting neutron.router object s_rally_b40f009e_xWzjx5fo (0e209bf1-0f6a-489e-aa0e-ad829b4d9bcd)
2019-11-24 01:01:56.589 13785 RALLYDEBUG rally_openstack.cleanup.manager [-] Deleting neutron.router object s_rally_b40f009e_csq5J5Cq (33136d47-0fd4-4528-8639-410d7e64facb)
2019-11-24 01:01:58.796 13785 RALLYDEBUG rally_openstack.cleanup.manager [-] Cleaning up neutron security_group objects
2019-11-24 01:02:00.063 13785 INFO rally.task.context [-] Task d67691e7-a9b8-452e-a8dc-3036d9f36b5d | Context cleanup@openstack cleanup() finished in 28.16 sec
2019-11-24 01:02:00.063 13785 INFO rally.task.context [-] Task d67691e7-a9b8-452e-a8dc-3036d9f36b5d | Context quotas@openstack cleanup() started
2019-11-24 01:02:00.259 13785 INFO rally.task.context [-] Task d67691e7-a9b8-452e-a8dc-3036d9f36b5d | Context quotas@openstack cleanup() finished in 0.20 sec
2019-11-24 01:02:00.260 13785 INFO rally.task.context [-] Task d67691e7-a9b8-452e-a8dc-3036d9f36b5d | Context users@openstack cleanup() started
2019-11-24 01:02:04.321 13785 INFO rally.task.context [-] Task d67691e7-a9b8-452e-a8dc-3036d9f36b5d | Context users@openstack cleanup() finished in 4.06 sec
2019-11-24 01:02:04.744 13785 INFO rally.task.engine [-] Load duration is: 11.991396
2019-11-24 01:02:04.745 13785 INFO rally.task.engine [-] Full runner duration is: 12.037299
2019-11-24 01:02:04.745 13785 INFO rally.task.engine [-] Full duration is: 47.873444
2019-11-24 01:02:05.093 13785 INFO rally.task.engine [-] Running workload: position = 0 config = { "version": 2, "title": "A cropped version of a bigger task.", "description": "Auto-generated task from a single workload (uuid=69a458e5-5312-4c93-bb93-4758f67afab6)", "subtasks": [ { "title": "NeutronNetworks.create_and_update_subnets", "description": "Create and update a subnet.", "scenario": { "NeutronNetworks.create_and_update_subnets": { "network_create_args": {}, "subnet_cidr_start": "1.4.0.0/16", "subnet_create_args": {}, "subnet_update_args": { "enable_dhcp": false }, "subnets_per_network": 1 } }, "contexts": { "users": { "tenants": 3, "users_per_tenant": 2 }, "quotas": { "neutron": { "network": -1, "subnet": -1 } } }, "runner": { "constant": { "concurrency": 4, "times": 10 } }, "hooks": [], "sla": { "failure_rate": { "max": 0 } } } ] }
2019-11-24 01:02:05.119 13785 RALLYDEBUG rally_openstack.contexts.keystone.users [-] Creating 3 tenants using 20 threads
2019-11-24 01:02:06.134 13785 RALLYDEBUG rally_openstack.contexts.keystone.users [-] Creating 6 users using 20 threads
2019-11-24 01:02:07.696 13785 INFO rally.task.context [-] Task d67691e7-a9b8-452e-a8dc-3036d9f36b5d | Context users@openstack setup() finished in 2.58 sec
2019-11-24 01:02:08.573 13785 INFO rally.task.context [-] Task d67691e7-a9b8-452e-a8dc-3036d9f36b5d | Context quotas@openstack setup() finished in 0.88 sec
2019-11-24 01:02:08.573 13785 INFO rally.task.context [-] Task d67691e7-a9b8-452e-a8dc-3036d9f36b5d | Context cleanup@openstack setup() finished in 0.02 msec
2019-11-24 01:02:08.583 13785 RALLYDEBUG rally.task.runner [-] Starting the constant runner (task UUID: d67691e7-a9b8-452e-a8dc-3036d9f36b5d). times: 10 concurrency: 4 timeout: 0 max_cpu_used: 16 processes_to_start: 4 concurrency_per_worker: 1 concurrency_overhead: 0
2019-11-24 01:02:08.595 14881 RALLYDEBUG rally.task.runner [-] Starting a worker. times: 10 duration: None concurrency: 1 timeout: 0 cls: method_name: run args: {"network_create_args": {}, "subnet_cidr_start": "1.4.0.0/16", "subnet_create_args": {}, "subnet_update_args": {"enable_dhcp": false}, "subnets_per_network": 1}
2019-11-24 01:02:08.599 14882 RALLYDEBUG rally.task.runner [-] Starting a worker. times: 10 duration: None concurrency: 1 timeout: 0 cls: method_name: run args: {"network_create_args": {}, "subnet_cidr_start": "1.4.0.0/16", "subnet_create_args": {}, "subnet_update_args": {"enable_dhcp": false}, "subnets_per_network": 1}
2019-11-24 01:02:08.602 14881 INFO rally.task.runner [-] Task d67691e7-a9b8-452e-a8dc-3036d9f36b5d | ITER: 1 START
2019-11-24 01:02:08.603 14883 RALLYDEBUG rally.task.runner [-] Starting a worker. times: 10 duration: None concurrency: 1 timeout: 0 cls: method_name: run args: {"network_create_args": {}, "subnet_cidr_start": "1.4.0.0/16", "subnet_create_args": {}, "subnet_update_args": {"enable_dhcp": false}, "subnets_per_network": 1}
2019-11-24 01:02:08.606 14885 RALLYDEBUG rally.task.runner [-] Starting a worker. times: 10 duration: None concurrency: 1 timeout: 0 cls: method_name: run args: {"network_create_args": {}, "subnet_cidr_start": "1.4.0.0/16", "subnet_create_args": {}, "subnet_update_args": {"enable_dhcp": false}, "subnets_per_network": 1}
2019-11-24 01:02:08.606 14882 INFO rally.task.runner [-] Task d67691e7-a9b8-452e-a8dc-3036d9f36b5d | ITER: 2 START
2019-11-24 01:02:08.609 14883 INFO rally.task.runner [-] Task d67691e7-a9b8-452e-a8dc-3036d9f36b5d | ITER: 3 START
2019-11-24 01:02:08.611 14885 INFO rally.task.runner [-] Task d67691e7-a9b8-452e-a8dc-3036d9f36b5d | ITER: 4 START
2019-11-24 01:02:09.298 14883 RALLYDEBUG rally_openstack.wrappers.network [-] CIDR generated: 1.17.0.0/16
2019-11-24 01:02:09.308 14882 RALLYDEBUG rally_openstack.wrappers.network [-] CIDR generated: 1.18.0.0/16
2019-11-24 01:02:09.413 14881 RALLYDEBUG rally_openstack.wrappers.network [-] CIDR generated: 1.19.0.0/16
2019-11-24 01:02:09.824 14885 RALLYDEBUG rally_openstack.wrappers.network [-] CIDR generated: 1.20.0.0/16
2019-11-24 01:02:10.653 14882 INFO rally.task.runner [-] Task d67691e7-a9b8-452e-a8dc-3036d9f36b5d | ITER: 2 END: OK
2019-11-24 01:02:10.657 14882 INFO rally.task.runner [-] Task d67691e7-a9b8-452e-a8dc-3036d9f36b5d | ITER: 5 START
2019-11-24 01:02:10.697 14881 INFO rally.task.runner [-] Task d67691e7-a9b8-452e-a8dc-3036d9f36b5d | ITER: 1 END: OK
2019-11-24 01:02:10.702 14881 INFO rally.task.runner [-] Task d67691e7-a9b8-452e-a8dc-3036d9f36b5d | ITER: 6 START
2019-11-24 01:02:10.746 14883 INFO rally.task.runner [-] Task d67691e7-a9b8-452e-a8dc-3036d9f36b5d | ITER: 3 END: OK
2019-11-24 01:02:10.751 14883 INFO rally.task.runner [-] Task d67691e7-a9b8-452e-a8dc-3036d9f36b5d | ITER: 7 START
2019-11-24 01:02:10.891 14885 INFO rally.task.runner [-] Task d67691e7-a9b8-452e-a8dc-3036d9f36b5d | ITER: 4 END: OK
2019-11-24 01:02:10.896 14885 INFO rally.task.runner [-] Task d67691e7-a9b8-452e-a8dc-3036d9f36b5d | ITER: 8 START
2019-11-24 01:02:11.146 14882 RALLYDEBUG rally_openstack.wrappers.network [-] CIDR generated: 1.21.0.0/16
2019-11-24 01:02:11.175 14881 RALLYDEBUG rally_openstack.wrappers.network [-] CIDR generated: 1.22.0.0/16
2019-11-24 01:02:11.240 14883 RALLYDEBUG rally_openstack.wrappers.network [-] CIDR generated: 1.23.0.0/16
2019-11-24 01:02:11.580 14885 RALLYDEBUG rally_openstack.wrappers.network [-] CIDR generated: 1.24.0.0/16
2019-11-24 01:02:12.186 14882 INFO rally.task.runner [-] Task d67691e7-a9b8-452e-a8dc-3036d9f36b5d | ITER: 5 END: OK
2019-11-24 01:02:12.190 14882 INFO rally.task.runner [-] Task d67691e7-a9b8-452e-a8dc-3036d9f36b5d | ITER: 9 START
2019-11-24 01:02:12.388 14881 INFO rally.task.runner [-] Task d67691e7-a9b8-452e-a8dc-3036d9f36b5d | ITER: 6 END: OK
2019-11-24 01:02:12.391 14881 INFO rally.task.runner [-] Task d67691e7-a9b8-452e-a8dc-3036d9f36b5d | ITER: 10 START
2019-11-24 01:02:12.679 14882 RALLYDEBUG rally_openstack.wrappers.network [-] CIDR generated: 1.25.0.0/16
2019-11-24 01:02:12.820 14883 INFO rally.task.runner [-] Task d67691e7-a9b8-452e-a8dc-3036d9f36b5d | ITER: 7 END: OK
2019-11-24 01:02:12.922 14881 RALLYDEBUG rally_openstack.wrappers.network [-] CIDR generated: 1.26.0.0/16
2019-11-24 01:02:13.061 14885 INFO rally.task.runner [-] Task d67691e7-a9b8-452e-a8dc-3036d9f36b5d | ITER: 8 END: OK
2019-11-24 01:02:13.980 14881 INFO rally.task.runner [-] Task d67691e7-a9b8-452e-a8dc-3036d9f36b5d | ITER: 10 END: OK
2019-11-24 01:02:14.014 14882 INFO rally.task.runner [-] Task d67691e7-a9b8-452e-a8dc-3036d9f36b5d | ITER: 9 END: OK
2019-11-24 01:02:14.046 13785 INFO rally.task.context [-] Task d67691e7-a9b8-452e-a8dc-3036d9f36b5d | Context cleanup@openstack cleanup() started
2019-11-24 01:02:14.050 13785 RALLYDEBUG rally_openstack.cleanup.manager [-] Cleaning up neutron vip objects
2019-11-24 01:02:15.262 13785 RALLYDEBUG rally_openstack.cleanup.manager [-] Cleaning up neutron health_monitor objects
2019-11-24 01:02:16.353 13785 RALLYDEBUG rally_openstack.cleanup.manager [-] Cleaning up neutron pool objects
2019-11-24 01:02:17.458 13785 RALLYDEBUG rally_openstack.cleanup.manager [-] Cleaning up neutron loadbalancer objects
2019-11-24 01:02:18.533 13785 RALLYDEBUG rally_openstack.cleanup.manager [-] Cleaning up neutron floatingip objects
2019-11-24 01:02:19.808 13785 RALLYDEBUG rally_openstack.cleanup.manager [-] Cleaning up neutron trunk objects
2019-11-24 01:02:20.980 13785 RALLYDEBUG rally_openstack.cleanup.manager [-] Cleaning up neutron port objects
2019-11-24 01:02:22.181 13785 RALLYDEBUG rally_openstack.cleanup.manager [-] Cleaning up neutron subnet objects
2019-11-24 01:02:23.489 13785 RALLYDEBUG rally_openstack.cleanup.manager [-] Deleting neutron.subnet object s_rally_69a458e5_LOEcKEJy (48411b5c-057f-4c2d-82dd-4f312a67194c)
2019-11-24 01:02:23.498 13785 RALLYDEBUG rally_openstack.cleanup.manager [-] Deleting neutron.subnet object s_rally_69a458e5_OisyuFoY (7f51a360-aeaf-4546-bbb7-d2e8c681da52)
2019-11-24 01:02:23.507 13785 RALLYDEBUG rally_openstack.cleanup.manager [-] Deleting neutron.subnet object s_rally_69a458e5_UnVEsLkg (8d0e3a8b-095e-49a7-b449-6c688a351e0f)
2019-11-24 01:02:23.516 13785 RALLYDEBUG rally_openstack.cleanup.manager [-] Deleting neutron.subnet object s_rally_69a458e5_o9OnhAzT (b1fe279f-545f-4f41-b9b4-55a13be64d27)
2019-11-24 01:02:23.528 13785 RALLYDEBUG rally_openstack.cleanup.manager [-] Deleting neutron.subnet object s_rally_69a458e5_HbrA3ub5 (c5d7182a-732d-460d-8206-7d4b847b9eb3)
2019-11-24 01:02:23.535 13785 RALLYDEBUG rally_openstack.cleanup.manager [-] Deleting neutron.subnet object s_rally_69a458e5_urSeJaRm (0df9be19-b6f2-4940-b26c-524669ed1fe3)
2019-11-24 01:02:23.539 13785 RALLYDEBUG rally_openstack.cleanup.manager [-] Deleting neutron.subnet object s_rally_69a458e5_nwmDiA5c (1039a490-6b98-4ac6-a8a5-e4dfbf57d586)
2019-11-24 01:02:23.543 13785 RALLYDEBUG rally_openstack.cleanup.manager [-] Deleting neutron.subnet object s_rally_69a458e5_7DB0QE7K (439b16a4-0a83-41a7-8b2a-00cbb17475e7)
2019-11-24 01:02:23.568 13785 RALLYDEBUG rally_openstack.cleanup.manager [-] Deleting neutron.subnet object s_rally_69a458e5_Dz0eGtJA (7dee8cb4-ead3-4358-b9d8-fecbef6ca86a)
2019-11-24 01:02:23.582 13785 RALLYDEBUG rally_openstack.cleanup.manager [-] Deleting neutron.subnet object s_rally_69a458e5_Py1F4auo (191032c0-2245-4b01-8a59-344664b1ed90)
2019-11-24 01:02:25.955 13785 RALLYDEBUG rally_openstack.cleanup.manager [-] Cleaning up neutron network objects
2019-11-24 01:02:27.668 13785 RALLYDEBUG rally_openstack.cleanup.manager [-] Deleting neutron.network object s_rally_69a458e5_36fy3w7n (3b0f17d1-badf-40b4-abed-30453207a8e9)
2019-11-24 01:02:27.677 13785 RALLYDEBUG rally_openstack.cleanup.manager [-] Deleting neutron.network object s_rally_69a458e5_9ARnl8ru (69764376-7434-4ce9-9701-75c9949f816c)
2019-11-24 01:02:27.686 13785 RALLYDEBUG rally_openstack.cleanup.manager [-] Deleting neutron.network object s_rally_69a458e5_aMemNDLq (6bafb2e2-5313-4a4c-9239-0e3f78383855)
2019-11-24 01:02:27.696 13785 RALLYDEBUG rally_openstack.cleanup.manager [-] Deleting neutron.network object s_rally_69a458e5_dr9ykB9w (a7767abf-52d4-41a0-8cf3-4fba8a5a5231)
2019-11-24 01:02:27.706 13785 RALLYDEBUG rally_openstack.cleanup.manager [-] Deleting neutron.network object s_rally_69a458e5_aURbSOre (d764de29-c7ac-44fc-a922-5096fe560354)
2019-11-24 01:02:27.719 13785 RALLYDEBUG rally_openstack.cleanup.manager [-] Deleting neutron.network object s_rally_69a458e5_XsBfNgny (1f231269-6f4a-46ea-b519-93ecc2b59b71)
2019-11-24 01:02:27.732 13785 RALLYDEBUG rally_openstack.cleanup.manager [-] Deleting neutron.network object s_rally_69a458e5_DtvfgWn3 (5389475c-4179-42dd-9319-d453593507c8)
2019-11-24 01:02:27.745 13785 RALLYDEBUG rally_openstack.cleanup.manager [-] Deleting neutron.network object s_rally_69a458e5_iffEcnBt (76bac621-1817-4484-8a1f-b8ab34c2d57b)
2019-11-24 01:02:27.758 13785 RALLYDEBUG rally_openstack.cleanup.manager [-] Deleting neutron.network object s_rally_69a458e5_blXNBh4a (c94219da-8b39-4673-833a-7912488564fc)
2019-11-24 01:02:27.772 13785 RALLYDEBUG rally_openstack.cleanup.manager [-] Deleting neutron.network object s_rally_69a458e5_GEndfOag (119d1c61-1f3a-4dcd-806a-c674f5347ca9)
2019-11-24 01:02:30.219 13785 RALLYDEBUG rally_openstack.cleanup.manager [-] Cleaning up neutron router objects
2019-11-24 01:02:31.476 13785 RALLYDEBUG rally_openstack.cleanup.manager [-] Cleaning up neutron security_group objects
2019-11-24 01:02:32.740 13785 INFO rally.task.context [-] Task d67691e7-a9b8-452e-a8dc-3036d9f36b5d | Context cleanup@openstack cleanup() finished in 18.69 sec
2019-11-24 01:02:32.741 13785 INFO rally.task.context [-] Task d67691e7-a9b8-452e-a8dc-3036d9f36b5d | Context quotas@openstack cleanup() started
2019-11-24 01:02:32.939 13785 INFO rally.task.context [-] Task d67691e7-a9b8-452e-a8dc-3036d9f36b5d | Context quotas@openstack cleanup() finished in 0.20 sec
2019-11-24 01:02:32.939 13785 INFO rally.task.context [-] Task d67691e7-a9b8-452e-a8dc-3036d9f36b5d | Context users@openstack cleanup() started
2019-11-24 01:02:36.977 13785 INFO rally.task.context [-] Task d67691e7-a9b8-452e-a8dc-3036d9f36b5d | Context users@openstack cleanup() finished in 4.04 sec
2019-11-24 01:02:37.280 13785 INFO rally.task.engine [-] Load duration is: 5.409559
2019-11-24 01:02:37.281 13785 INFO rally.task.engine [-] Full runner duration is: 5.4633
2019-11-24 01:02:37.281 13785 INFO rally.task.engine [-] Full duration is: 31.860071
2019-11-24 01:02:37.574 13785 INFO rally.task.engine [-] Running workload: position = 0 config = { "version": 2, "title": "A cropped version of a bigger task.", "description": "Auto-generated task from a single workload (uuid=5552902b-2bce-40f9-9f5d-cbe2a10f77dc)", "subtasks": [ { "title": "NeutronNetworks.create_and_delete_networks", "description": "Create and delete a network.", "scenario": { "NeutronNetworks.create_and_delete_networks": { "network_create_args": {} } }, "contexts": { "users": { "tenants": 3, "users_per_tenant": 2 }, "quotas": { "neutron": { "network": -1 } } }, "runner": { "constant": { "concurrency": 4, "times": 10 } }, "hooks": [], "sla": { "failure_rate": { "max": 0 } } } ] }
2019-11-24 01:02:37.596 13785 RALLYDEBUG rally_openstack.contexts.keystone.users [-] Creating 3 tenants using 20 threads
2019-11-24 01:02:38.607 13785 RALLYDEBUG rally_openstack.contexts.keystone.users [-] Creating 6 users using 20 threads
2019-11-24 01:02:40.091 13785 INFO rally.task.context [-] Task d67691e7-a9b8-452e-a8dc-3036d9f36b5d | Context users@openstack setup() finished in 2.50 sec
2019-11-24 01:02:40.797 13785 INFO rally.task.context [-] Task d67691e7-a9b8-452e-a8dc-3036d9f36b5d | Context quotas@openstack setup() finished in 0.71 sec
2019-11-24 01:02:40.798 13785 INFO rally.task.context [-] Task d67691e7-a9b8-452e-a8dc-3036d9f36b5d | Context cleanup@openstack setup() finished in 0.01 msec
2019-11-24 01:02:40.807 13785 RALLYDEBUG rally.task.runner [-] Starting the constant runner (task UUID: d67691e7-a9b8-452e-a8dc-3036d9f36b5d). times: 10 concurrency: 4 timeout: 0 max_cpu_used: 16 processes_to_start: 4 concurrency_per_worker: 1 concurrency_overhead: 0
2019-11-24 01:02:40.819 15205 RALLYDEBUG rally.task.runner [-] Starting a worker. times: 10 duration: None concurrency: 1 timeout: 0 cls: method_name: run args: {"network_create_args": {}}
2019-11-24 01:02:40.823 15206 RALLYDEBUG rally.task.runner [-] Starting a worker. times: 10 duration: None concurrency: 1 timeout: 0 cls: method_name: run args: {"network_create_args": {}}
2019-11-24 01:02:40.826 15205 INFO rally.task.runner [-] Task d67691e7-a9b8-452e-a8dc-3036d9f36b5d | ITER: 1 START
2019-11-24 01:02:40.827 15207 RALLYDEBUG rally.task.runner [-] Starting a worker. times: 10 duration: None concurrency: 1 timeout: 0 cls: method_name: run args: {"network_create_args": {}}
2019-11-24 01:02:40.830 15206 INFO rally.task.runner [-] Task d67691e7-a9b8-452e-a8dc-3036d9f36b5d | ITER: 2 START
2019-11-24 01:02:40.831 15209 RALLYDEBUG rally.task.runner [-] Starting a worker. times: 10 duration: None concurrency: 1 timeout: 0 cls: method_name: run args: {"network_create_args": {}}
2019-11-24 01:02:40.833 15207 INFO rally.task.runner [-] Task d67691e7-a9b8-452e-a8dc-3036d9f36b5d | ITER: 3 START
2019-11-24 01:02:40.837 15209 INFO rally.task.runner [-] Task d67691e7-a9b8-452e-a8dc-3036d9f36b5d | ITER: 4 START
2019-11-24 01:02:42.028 15207 INFO rally.task.runner [-] Task d67691e7-a9b8-452e-a8dc-3036d9f36b5d | ITER: 3 END: OK
2019-11-24 01:02:42.033 15207 INFO rally.task.runner [-] Task d67691e7-a9b8-452e-a8dc-3036d9f36b5d | ITER: 5 START
2019-11-24 01:02:42.053 15209 INFO rally.task.runner [-] Task d67691e7-a9b8-452e-a8dc-3036d9f36b5d | ITER: 4 END: OK
2019-11-24 01:02:42.058 15209 INFO rally.task.runner [-] Task d67691e7-a9b8-452e-a8dc-3036d9f36b5d | ITER: 6 START
2019-11-24 01:02:42.079 15205 INFO rally.task.runner [-] Task d67691e7-a9b8-452e-a8dc-3036d9f36b5d | ITER: 1 END: OK
2019-11-24 01:02:42.084 15205 INFO rally.task.runner [-] Task d67691e7-a9b8-452e-a8dc-3036d9f36b5d | ITER: 7 START
2019-11-24 01:02:42.963 15206 INFO rally.task.runner [-] Task d67691e7-a9b8-452e-a8dc-3036d9f36b5d | ITER: 2 END: OK
2019-11-24 01:02:42.968 15206 INFO rally.task.runner [-] Task d67691e7-a9b8-452e-a8dc-3036d9f36b5d | ITER: 8 START
2019-11-24 01:02:43.167 15205 INFO rally.task.runner [-] Task d67691e7-a9b8-452e-a8dc-3036d9f36b5d | ITER: 7 END: OK
2019-11-24 01:02:43.170 15205 INFO rally.task.runner [-] Task d67691e7-a9b8-452e-a8dc-3036d9f36b5d | ITER: 9 START
2019-11-24 01:02:43.443 15209 INFO rally.task.runner [-] Task d67691e7-a9b8-452e-a8dc-3036d9f36b5d | ITER: 6 END: OK
2019-11-24 01:02:43.446 15209 INFO rally.task.runner [-] Task d67691e7-a9b8-452e-a8dc-3036d9f36b5d | ITER: 10 START
2019-11-24 01:02:43.505 15207 INFO rally.task.runner [-] Task d67691e7-a9b8-452e-a8dc-3036d9f36b5d | ITER: 5 END: OK
2019-11-24 01:02:44.083 15206 INFO rally.task.runner [-] Task d67691e7-a9b8-452e-a8dc-3036d9f36b5d | ITER: 8 END: OK
2019-11-24 01:02:44.195 15205 INFO rally.task.runner [-] Task d67691e7-a9b8-452e-a8dc-3036d9f36b5d | ITER: 9 END: OK
2019-11-24 01:02:44.748 15209 INFO rally.task.runner [-] Task d67691e7-a9b8-452e-a8dc-3036d9f36b5d | ITER: 10 END: OK
2019-11-24 01:02:44.773 13785 INFO rally.task.context [-] Task d67691e7-a9b8-452e-a8dc-3036d9f36b5d | Context cleanup@openstack cleanup() started
2019-11-24 01:02:44.777 13785 RALLYDEBUG rally_openstack.cleanup.manager [-] Cleaning up neutron vip objects
2019-11-24 01:02:45.913 13785 RALLYDEBUG rally_openstack.cleanup.manager [-] Cleaning up neutron health_monitor objects
2019-11-24 01:02:47.031 13785 RALLYDEBUG rally_openstack.cleanup.manager [-] Cleaning up neutron pool objects
2019-11-24 01:02:48.163 13785 RALLYDEBUG rally_openstack.cleanup.manager [-] Cleaning up neutron loadbalancer objects
2019-11-24 01:02:49.292 13785 RALLYDEBUG rally_openstack.cleanup.manager [-] Cleaning up neutron floatingip objects
2019-11-24 01:02:50.525 13785 RALLYDEBUG rally_openstack.cleanup.manager [-] Cleaning up neutron trunk objects
2019-11-24 01:02:51.696 13785 RALLYDEBUG rally_openstack.cleanup.manager [-] Cleaning up neutron port objects
2019-11-24 01:02:52.930 13785 RALLYDEBUG rally_openstack.cleanup.manager [-] Cleaning up neutron subnet objects
2019-11-24 01:02:54.148 13785 RALLYDEBUG rally_openstack.cleanup.manager [-] Cleaning up neutron network objects
2019-11-24 01:02:55.382 13785 RALLYDEBUG rally_openstack.cleanup.manager [-] Cleaning up neutron router objects
2019-11-24 01:02:56.602 13785 RALLYDEBUG rally_openstack.cleanup.manager [-] Cleaning up neutron security_group objects
2019-11-24 01:02:57.961 13785 INFO rally.task.context [-] Task d67691e7-a9b8-452e-a8dc-3036d9f36b5d | Context cleanup@openstack cleanup() finished in 13.19 sec
2019-11-24 01:02:57.962 13785 INFO rally.task.context [-] Task d67691e7-a9b8-452e-a8dc-3036d9f36b5d | Context quotas@openstack cleanup() started
2019-11-24 01:02:58.152 13785 INFO rally.task.context [-] Task d67691e7-a9b8-452e-a8dc-3036d9f36b5d | Context quotas@openstack cleanup() finished in 0.19 sec
2019-11-24 01:02:58.153 13785 INFO rally.task.context [-] Task d67691e7-a9b8-452e-a8dc-3036d9f36b5d | Context users@openstack cleanup() started
2019-11-24 01:03:02.158 13785 INFO rally.task.context [-] Task d67691e7-a9b8-452e-a8dc-3036d9f36b5d | Context users@openstack cleanup() finished in 4.01 sec
2019-11-24 01:03:03.734 13785 INFO rally.task.engine [-] Load duration is: 3.920865
2019-11-24 01:03:03.735 13785 INFO rally.task.engine [-] Full runner duration is: 3.966317
2019-11-24 01:03:03.735 13785 INFO rally.task.engine [-] Full duration is: 24.563437
2019-11-24 01:03:04.024 13785 INFO rally.task.engine [-] Running workload: position = 0 config = { "version": 2, "title": "A cropped version of a bigger task.", "description": "Auto-generated task from a single workload (uuid=adb11160-609f-4d7b-9c1c-64dbae0113b1)", "subtasks": [ { "title": "NeutronNetworks.create_and_delete_ports", "description": "Create and delete a port.", "scenario": { "NeutronNetworks.create_and_delete_ports": { "network_create_args": {}, "port_create_args": {}, "ports_per_network": 1 } }, "contexts": { "users": { "tenants": 3, "users_per_tenant": 2 }, "network": { "router": {} }, "quotas": { "neutron": { "network": -1, "port": -1 } } }, "runner": { "constant": { "concurrency": 4, "times": 10 } }, "hooks": [], "sla": { "failure_rate": { "max": 0 } } } ] }
2019-11-24 01:03:04.050 13785 RALLYDEBUG rally_openstack.contexts.keystone.users [-] Creating 3 tenants using 20 threads
2019-11-24 01:03:05.061 13785 RALLYDEBUG rally_openstack.contexts.keystone.users [-] Creating 6 users using 20 threads
2019-11-24 01:03:06.628 13785 INFO rally.task.context [-] Task d67691e7-a9b8-452e-a8dc-3036d9f36b5d | Context users@openstack setup() finished in 2.58 sec
2019-11-24 01:03:07.453 13785 INFO rally.task.context [-] Task d67691e7-a9b8-452e-a8dc-3036d9f36b5d | Context quotas@openstack setup() finished in 0.82 sec
2019-11-24 01:03:08.224 13785 RALLYDEBUG rally_openstack.wrappers.network [-] CIDR generated: 10.2.23.0/24
2019-11-24 01:03:09.143 13785 RALLYDEBUG rally_openstack.wrappers.network [-] CIDR generated: 10.2.24.0/24
2019-11-24 01:03:10.059 13785 RALLYDEBUG rally_openstack.wrappers.network [-] CIDR generated: 10.2.25.0/24
2019-11-24 01:03:10.742 13785 INFO rally.task.context [-] Task d67691e7-a9b8-452e-a8dc-3036d9f36b5d | Context network@openstack setup() finished in 3.29 sec
2019-11-24 01:03:10.742 13785 INFO rally.task.context [-] Task d67691e7-a9b8-452e-a8dc-3036d9f36b5d | Context cleanup@openstack setup() finished in 0.01 msec
2019-11-24 01:03:10.752 13785 RALLYDEBUG rally.task.runner [-] Starting the constant runner (task UUID: d67691e7-a9b8-452e-a8dc-3036d9f36b5d). times: 10 concurrency: 4 timeout: 0 max_cpu_used: 16 processes_to_start: 4 concurrency_per_worker: 1 concurrency_overhead: 0
2019-11-24 01:03:10.763 15529 RALLYDEBUG rally.task.runner [-] Starting a worker. times: 10 duration: None concurrency: 1 timeout: 0 cls: method_name: run args: {"network_create_args": {}, "port_create_args": {}, "ports_per_network": 1}
2019-11-24 01:03:10.767 15530 RALLYDEBUG rally.task.runner [-] Starting a worker. times: 10 duration: None concurrency: 1 timeout: 0 cls: method_name: run args: {"network_create_args": {}, "port_create_args": {}, "ports_per_network": 1}
2019-11-24 01:03:10.771 15529 INFO rally.task.runner [-] Task d67691e7-a9b8-452e-a8dc-3036d9f36b5d | ITER: 1 START
2019-11-24 01:03:10.771 15531 RALLYDEBUG rally.task.runner [-] Starting a worker. times: 10 duration: None concurrency: 1 timeout: 0 cls: method_name: run args: {"network_create_args": {}, "port_create_args": {}, "ports_per_network": 1}
2019-11-24 01:03:10.774 15533 RALLYDEBUG rally.task.runner [-] Starting a worker. times: 10 duration: None concurrency: 1 timeout: 0 cls: method_name: run args: {"network_create_args": {}, "port_create_args": {}, "ports_per_network": 1}
2019-11-24 01:03:10.775 15530 INFO rally.task.runner [-] Task d67691e7-a9b8-452e-a8dc-3036d9f36b5d | ITER: 2 START
2019-11-24 01:03:10.778 15531 INFO rally.task.runner [-] Task d67691e7-a9b8-452e-a8dc-3036d9f36b5d | ITER: 3 START
2019-11-24 01:03:10.780 15533 INFO rally.task.runner [-] Task d67691e7-a9b8-452e-a8dc-3036d9f36b5d | ITER: 4 START
2019-11-24 01:03:12.518 15529 INFO rally.task.runner [-] Task d67691e7-a9b8-452e-a8dc-3036d9f36b5d | ITER: 1 END: OK
2019-11-24 01:03:12.524 15529 INFO rally.task.runner [-] Task d67691e7-a9b8-452e-a8dc-3036d9f36b5d | ITER: 5 START
2019-11-24 01:03:12.528 15533 INFO rally.task.runner [-] Task d67691e7-a9b8-452e-a8dc-3036d9f36b5d | ITER: 4 END: OK
2019-11-24 01:03:12.533 15533 INFO rally.task.runner [-] Task d67691e7-a9b8-452e-a8dc-3036d9f36b5d | ITER: 6 START
2019-11-24 01:03:12.938 15530 INFO rally.task.runner [-] Task d67691e7-a9b8-452e-a8dc-3036d9f36b5d | ITER: 2 END: OK
2019-11-24 01:03:12.943 15530 INFO rally.task.runner [-] Task d67691e7-a9b8-452e-a8dc-3036d9f36b5d | ITER: 7 START
2019-11-24 01:03:13.040 15531 INFO rally.task.runner [-] Task d67691e7-a9b8-452e-a8dc-3036d9f36b5d | ITER: 3 END: OK
2019-11-24 01:03:13.045 15531 INFO rally.task.runner [-] Task d67691e7-a9b8-452e-a8dc-3036d9f36b5d | ITER: 8 START
2019-11-24 01:03:14.028 15529 INFO rally.task.runner [-] Task d67691e7-a9b8-452e-a8dc-3036d9f36b5d | ITER: 5 END: OK
2019-11-24 01:03:14.031 15529 INFO rally.task.runner [-] Task d67691e7-a9b8-452e-a8dc-3036d9f36b5d | ITER: 9 START
2019-11-24 01:03:14.312 15533 INFO rally.task.runner [-] Task d67691e7-a9b8-452e-a8dc-3036d9f36b5d | ITER: 6 END: OK
2019-11-24 01:03:14.316 15533 INFO rally.task.runner [-] Task d67691e7-a9b8-452e-a8dc-3036d9f36b5d | ITER: 10 START
2019-11-24 01:03:14.360 15530 INFO rally.task.runner [-] Task d67691e7-a9b8-452e-a8dc-3036d9f36b5d | ITER: 7 END: OK
2019-11-24 01:03:14.716 15531 INFO rally.task.runner [-] Task d67691e7-a9b8-452e-a8dc-3036d9f36b5d | ITER: 8 END: OK
2019-11-24 01:03:15.467 15529 INFO rally.task.runner [-] Task d67691e7-a9b8-452e-a8dc-3036d9f36b5d | ITER: 9 END: OK
2019-11-24 01:03:15.967 15533 INFO rally.task.runner [-] Task d67691e7-a9b8-452e-a8dc-3036d9f36b5d | ITER: 10 END: OK
2019-11-24 01:03:15.997 13785 INFO rally.task.context [-] Task d67691e7-a9b8-452e-a8dc-3036d9f36b5d | Context cleanup@openstack cleanup() started
2019-11-24 01:03:16.000 13785 RALLYDEBUG rally_openstack.cleanup.manager [-] Cleaning up neutron vip objects
2019-11-24 01:03:17.112 13785 RALLYDEBUG rally_openstack.cleanup.manager [-] Cleaning up neutron health_monitor objects
2019-11-24 01:03:18.232 13785 RALLYDEBUG rally_openstack.cleanup.manager [-] Cleaning up neutron pool objects
2019-11-24 01:03:19.352 13785 RALLYDEBUG rally_openstack.cleanup.manager [-] Cleaning up neutron loadbalancer objects
2019-11-24 01:03:20.485 13785 RALLYDEBUG rally_openstack.cleanup.manager [-] Cleaning up neutron floatingip objects
2019-11-24 01:03:21.761 13785 RALLYDEBUG rally_openstack.cleanup.manager [-] Cleaning up neutron trunk objects
2019-11-24 01:03:22.948 13785 RALLYDEBUG rally_openstack.cleanup.manager [-] Cleaning up neutron port objects
2019-11-24 01:03:24.321 13785 RALLYDEBUG rally_openstack.cleanup.manager [-] Cleaning up neutron subnet objects
2019-11-24 01:03:25.639 13785 RALLYDEBUG rally_openstack.cleanup.manager [-] Cleaning up neutron network objects
2019-11-24 01:03:27.074 13785 RALLYDEBUG rally_openstack.cleanup.manager [-] Cleaning up neutron router objects
2019-11-24 01:03:28.318 13785 RALLYDEBUG rally_openstack.cleanup.manager [-] Cleaning up neutron security_group objects
2019-11-24 01:03:29.575 13785 INFO rally.task.context [-] Task d67691e7-a9b8-452e-a8dc-3036d9f36b5d | Context cleanup@openstack cleanup() finished in 13.58 sec
2019-11-24 01:03:29.575 13785 INFO rally.task.context [-] Task d67691e7-a9b8-452e-a8dc-3036d9f36b5d | Context network@openstack cleanup() started
2019-11-24 01:03:40.819 13785 INFO rally.task.context [-] Task d67691e7-a9b8-452e-a8dc-3036d9f36b5d | Context network@openstack cleanup() finished in 11.24 sec
2019-11-24 01:03:40.820 13785 INFO rally.task.context [-] Task d67691e7-a9b8-452e-a8dc-3036d9f36b5d | Context quotas@openstack cleanup() started
2019-11-24 01:03:40.956 13785 INFO rally.task.context [-] Task d67691e7-a9b8-452e-a8dc-3036d9f36b5d | Context quotas@openstack cleanup() finished in 0.14 sec
2019-11-24 01:03:40.956 13785 INFO rally.task.context [-] Task d67691e7-a9b8-452e-a8dc-3036d9f36b5d | Context users@openstack cleanup() started
2019-11-24 01:03:45.060 13785 INFO rally.task.context [-] Task d67691e7-a9b8-452e-a8dc-3036d9f36b5d | Context users@openstack cleanup() finished in 4.10 sec
2019-11-24 01:03:46.293 13785 INFO rally.task.engine [-] Load duration is: 5.194985
2019-11-24 01:03:46.293 13785 INFO rally.task.engine [-] Full runner duration is: 5.245401
2019-11-24 01:03:46.294 13785 INFO rally.task.engine [-] Full duration is: 41.012918
2019-11-24 01:03:46.650 13785 INFO rally.task.engine [-] Running workload: position = 0 config = { "version": 2, "title": "A cropped version of a bigger task.", "description": "Auto-generated task from a single workload (uuid=85e9e96d-5eb1-491b-b55f-dbf54934b314)", "subtasks": [ { "title": "NeutronNetworks.create_and_delete_routers", "description": "Create and delete a given number of routers.", "scenario": { "NeutronNetworks.create_and_delete_routers": { "network_create_args": {}, "router_create_args": {}, "subnet_cidr_start": "1.1.0.0/30", "subnet_create_args": {}, "subnets_per_network": 1 } }, "contexts": { "users": { "tenants": 3, "users_per_tenant": 2 }, "quotas": { "neutron": { "network": -1, "subnet": -1, "port": -1, "router": -1 } } }, "runner": { "constant": { "concurrency": 4, "times": 10 } }, "hooks": [], "sla": { "failure_rate": { "max": 0 } } } ] }
2019-11-24 01:03:46.677 13785 RALLYDEBUG rally_openstack.contexts.keystone.users [-] Creating 3 tenants using 20 threads
2019-11-24 01:03:47.726 13785 RALLYDEBUG rally_openstack.contexts.keystone.users [-] Creating 6 users using 20 threads
2019-11-24 01:03:49.274 13785 INFO rally.task.context [-] Task d67691e7-a9b8-452e-a8dc-3036d9f36b5d | Context users@openstack setup() finished in 2.60 sec
2019-11-24 01:03:50.248 13785 INFO rally.task.context [-] Task d67691e7-a9b8-452e-a8dc-3036d9f36b5d | Context quotas@openstack setup() finished in 0.97 sec
2019-11-24 01:03:50.248 13785 INFO rally.task.context [-] Task d67691e7-a9b8-452e-a8dc-3036d9f36b5d | Context cleanup@openstack setup() finished in 0.02 msec
2019-11-24 01:03:50.258 13785 RALLYDEBUG rally.task.runner [-] Starting the constant runner (task UUID: d67691e7-a9b8-452e-a8dc-3036d9f36b5d). times: 10 concurrency: 4 timeout: 0 max_cpu_used: 16 processes_to_start: 4 concurrency_per_worker: 1 concurrency_overhead: 0
2019-11-24 01:03:50.270 15853 RALLYDEBUG rally.task.runner [-] Starting a worker. times: 10 duration: None concurrency: 1 timeout: 0 cls: method_name: run args: {"network_create_args": {}, "router_create_args": {}, "subnet_cidr_start": "1.1.0.0/30", "subnet_create_args": {}, "subnets_per_network": 1}
