2019-11-24 00:43:36.441 6547 INFO rally.task.engine [-] Running workload: position = 0 config = { "version": 2, "title": "A cropped version of a bigger task.", "description": "Auto-generated task from a single workload (uuid=e0c79ece-bd54-48ea-8701-67ff13bfaae0)", "subtasks": [ { "title": "GnocchiResourceType.create_resource_type", "description": "Create resource type.", "scenario": { "GnocchiResourceType.create_resource_type": { "attributes": { "foo": { "required": false, "type": "string" }, "bar": { "required": true, "type": "number" } } } }, "contexts": { "users": { "tenants": 3, "users_per_tenant": 2 } }, "runner": { "constant": { "concurrency": 4, "times": 10 } }, "hooks": [], "sla": { "failure_rate": { "max": 0 } } } ] }
2019-11-24 00:43:36.464 6547 RALLYDEBUG rally_openstack.contexts.keystone.users [-] Creating 3 tenants using 20 threads
2019-11-24 00:43:37.511 6547 RALLYDEBUG rally_openstack.contexts.keystone.users [-] Creating 6 users using 20 threads
2019-11-24 00:43:39.047 6547 INFO rally.task.context [-] Task 21f931a5-864c-4cda-a284-d4044033a70c | Context users@openstack setup() finished in 2.58 sec
2019-11-24 00:43:39.047 6547 INFO rally.task.context [-] Task 21f931a5-864c-4cda-a284-d4044033a70c | Context admin_cleanup@openstack setup() finished in 0.01 msec
2019-11-24 00:43:39.055 6547 RALLYDEBUG rally.task.runner [-] Starting the constant runner (task UUID: 21f931a5-864c-4cda-a284-d4044033a70c). times: 10 concurrency: 4 timeout: 0 max_cpu_used: 16 processes_to_start: 4 concurrency_per_worker: 1 concurrency_overhead: 0
2019-11-24 00:43:39.067 7687 RALLYDEBUG rally.task.runner [-] Starting a worker. times: 10 duration: None concurrency: 1 timeout: 0 cls: method_name: run args: {"attributes": {"foo": {"required": false, "type": "string"}, "bar": {"required": true, "type": "number"}}}
2019-11-24 00:43:39.070 7688 RALLYDEBUG rally.task.runner [-] Starting a worker. times: 10 duration: None concurrency: 1 timeout: 0 cls: method_name: run args: {"attributes": {"foo": {"required": false, "type": "string"}, "bar": {"required": true, "type": "number"}}}
2019-11-24 00:43:39.074 7687 INFO rally.task.runner [-] Task 21f931a5-864c-4cda-a284-d4044033a70c | ITER: 1 START
2019-11-24 00:43:39.073 7689 RALLYDEBUG rally.task.runner [-] Starting a worker. times: 10 duration: None concurrency: 1 timeout: 0 cls: method_name: run args: {"attributes": {"foo": {"required": false, "type": "string"}, "bar": {"required": true, "type": "number"}}}
2019-11-24 00:43:39.077 7690 RALLYDEBUG rally.task.runner [-] Starting a worker. times: 10 duration: None concurrency: 1 timeout: 0 cls: method_name: run args: {"attributes": {"foo": {"required": false, "type": "string"}, "bar": {"required": true, "type": "number"}}}
2019-11-24 00:43:39.078 7688 INFO rally.task.runner [-] Task 21f931a5-864c-4cda-a284-d4044033a70c | ITER: 2 START
2019-11-24 00:43:39.080 7689 INFO rally.task.runner [-] Task 21f931a5-864c-4cda-a284-d4044033a70c | ITER: 3 START
2019-11-24 00:43:39.082 7690 INFO rally.task.runner [-] Task 21f931a5-864c-4cda-a284-d4044033a70c | ITER: 4 START
2019-11-24 00:43:42.997 7690 INFO rally.task.runner [-] Task 21f931a5-864c-4cda-a284-d4044033a70c | ITER: 4 END: OK
2019-11-24 00:43:42.997 7688 INFO rally.task.runner [-] Task 21f931a5-864c-4cda-a284-d4044033a70c | ITER: 2 END: OK
2019-11-24 00:43:42.998 7687 INFO rally.task.runner [-] Task 21f931a5-864c-4cda-a284-d4044033a70c | ITER: 1 END: OK
2019-11-24 00:43:43.002 7690 INFO rally.task.runner [-] Task 21f931a5-864c-4cda-a284-d4044033a70c | ITER: 6 START
2019-11-24 00:43:43.002 7688 INFO rally.task.runner [-] Task 21f931a5-864c-4cda-a284-d4044033a70c | ITER: 5 START
2019-11-24 00:43:43.002 7687 INFO rally.task.runner [-] Task 21f931a5-864c-4cda-a284-d4044033a70c | ITER: 7 START
2019-11-24 00:43:43.297 7689 INFO rally.task.runner [-] Task 21f931a5-864c-4cda-a284-d4044033a70c | ITER: 3 END: OK
2019-11-24 00:43:43.302 7689 INFO rally.task.runner [-] Task 21f931a5-864c-4cda-a284-d4044033a70c | ITER: 8 START
2019-11-24 00:43:46.664 7687 INFO rally.task.runner [-] Task 21f931a5-864c-4cda-a284-d4044033a70c | ITER: 7 END: OK
2019-11-24 00:43:46.665 7688 INFO rally.task.runner [-] Task 21f931a5-864c-4cda-a284-d4044033a70c | ITER: 5 END: OK
2019-11-24 00:43:46.668 7687 INFO rally.task.runner [-] Task 21f931a5-864c-4cda-a284-d4044033a70c | ITER: 9 START
2019-11-24 00:43:46.668 7688 INFO rally.task.runner [-] Task 21f931a5-864c-4cda-a284-d4044033a70c | ITER: 10 START
2019-11-24 00:43:47.205 7690 INFO rally.task.runner [-] Task 21f931a5-864c-4cda-a284-d4044033a70c | ITER: 6 END: OK
2019-11-24 00:43:47.593 7689 INFO rally.task.runner [-] Task 21f931a5-864c-4cda-a284-d4044033a70c | ITER: 8 END: OK
2019-11-24 00:43:49.084 7688 INFO rally.task.runner [-] Task 21f931a5-864c-4cda-a284-d4044033a70c | ITER: 10 END: OK
2019-11-24 00:43:49.112 7687 INFO rally.task.runner [-] Task 21f931a5-864c-4cda-a284-d4044033a70c | ITER: 9 END: OK
2019-11-24 00:43:49.138 6547 INFO rally.task.context [-] Task 21f931a5-864c-4cda-a284-d4044033a70c | Context admin_cleanup@openstack cleanup() started
2019-11-24 00:43:49.141 6547 RALLYDEBUG rally_openstack.cleanup.manager [-] Cleaning up gnocchi resource_type objects
2019-11-24 00:43:49.599 6547 RALLYDEBUG rally_openstack.cleanup.manager [-] Deleting gnocchi.resource_type object s_rally_e0c79ece_61G8OETe (s_rally_e0c79ece_61G8OETe)
2019-11-24 00:43:49.604 6547 RALLYDEBUG rally_openstack.cleanup.manager [-] Deleting gnocchi.resource_type object s_rally_e0c79ece_gp2qaEaI (s_rally_e0c79ece_gp2qaEaI)
2019-11-24 00:43:49.608 6547 RALLYDEBUG rally_openstack.cleanup.manager [-] Deleting gnocchi.resource_type object s_rally_e0c79ece_jgKppSpU (s_rally_e0c79ece_jgKppSpU)
2019-11-24 00:43:49.613 6547 RALLYDEBUG rally_openstack.cleanup.manager [-] Deleting gnocchi.resource_type object s_rally_e0c79ece_jpwxjCnM (s_rally_e0c79ece_jpwxjCnM)
2019-11-24 00:43:49.619 6547 RALLYDEBUG rally_openstack.cleanup.manager [-] Deleting gnocchi.resource_type object s_rally_e0c79ece_JTOaJaXC (s_rally_e0c79ece_JTOaJaXC)
2019-11-24 00:43:49.626 6547 RALLYDEBUG rally_openstack.cleanup.manager [-] Deleting gnocchi.resource_type object s_rally_e0c79ece_5hiHHdtw (s_rally_e0c79ece_5hiHHdtw)
2019-11-24 00:43:49.634 6547 RALLYDEBUG rally_openstack.cleanup.manager [-] Deleting gnocchi.resource_type object s_rally_e0c79ece_juwKseMY (s_rally_e0c79ece_juwKseMY)
2019-11-24 00:43:49.648 6547 RALLYDEBUG rally_openstack.cleanup.manager [-] Deleting gnocchi.resource_type object s_rally_e0c79ece_kCbtVwQk (s_rally_e0c79ece_kCbtVwQk)
2019-11-24 00:43:49.658 6547 RALLYDEBUG rally_openstack.cleanup.manager [-] Deleting gnocchi.resource_type object s_rally_e0c79ece_o9syH3ZH (s_rally_e0c79ece_o9syH3ZH)
2019-11-24 00:43:49.665 6547 RALLYDEBUG rally_openstack.cleanup.manager [-] Deleting gnocchi.resource_type object s_rally_e0c79ece_QFbiJjAH (s_rally_e0c79ece_QFbiJjAH)
2019-11-24 00:43:54.292 6547 INFO rally.task.context [-] Task 21f931a5-864c-4cda-a284-d4044033a70c | Context admin_cleanup@openstack cleanup() finished in 5.15 sec
2019-11-24 00:43:54.293 6547 INFO rally.task.context [-] Task 21f931a5-864c-4cda-a284-d4044033a70c | Context users@openstack cleanup() started
2019-11-24 00:43:58.929 6547 INFO rally.task.context [-] Task 21f931a5-864c-4cda-a284-d4044033a70c | Context users@openstack cleanup() finished in 4.64 sec
2019-11-24 00:44:00.598 6547 INFO rally.task.engine [-] Load duration is: 10.036287
2019-11-24 00:44:00.599 6547 INFO rally.task.engine [-] Full runner duration is: 10.082656
2019-11-24 00:44:00.599 6547 INFO rally.task.engine [-] Full duration is: 22.466571
2019-11-24 00:44:00.999 6547 INFO rally.task.engine [-] Running workload: position = 0 config = { "version": 2, "title": "A cropped version of a bigger task.", "description": "Auto-generated task from a single workload (uuid=34d38598-5ac0-4b8d-8228-95f4ac52cdfe)", "subtasks": [ { "title": "GnocchiResourceType.create_delete_resource_type", "description": "Create resource type and then delete it.", "scenario": { "GnocchiResourceType.create_delete_resource_type": { "attributes": { "foo": { "required": false, "type": "string" }, "bar": { "required": true, "type": "number" } } } }, "contexts": { "users": { "tenants": 3, "users_per_tenant": 2 } }, "runner": { "constant": { "concurrency": 4, "times": 10 } }, "hooks": [], "sla": { "failure_rate": { "max": 0 } } } ] }
2019-11-24 00:44:01.022 6547 RALLYDEBUG rally_openstack.contexts.keystone.users [-] Creating 3 tenants using 20 threads
2019-11-24 00:44:02.153 6547 RALLYDEBUG rally_openstack.contexts.keystone.users [-] Creating 6 users using 20 threads
2019-11-24 00:44:03.669 6547 INFO rally.task.context [-] Task 21f931a5-864c-4cda-a284-d4044033a70c | Context users@openstack setup() finished in 2.65 sec
2019-11-24 00:44:03.669 6547 INFO rally.task.context [-] Task 21f931a5-864c-4cda-a284-d4044033a70c | Context admin_cleanup@openstack setup() finished in 0.01 msec
2019-11-24 00:44:03.678 6547 RALLYDEBUG rally.task.runner [-] Starting the constant runner (task UUID: 21f931a5-864c-4cda-a284-d4044033a70c). times: 10 concurrency: 4 timeout: 0 max_cpu_used: 16 processes_to_start: 4 concurrency_per_worker: 1 concurrency_overhead: 0
2019-11-24 00:44:03.688 7811 RALLYDEBUG rally.task.runner [-] Starting a worker. times: 10 duration: None concurrency: 1 timeout: 0 cls: method_name: run args: {"attributes": {"foo": {"required": false, "type": "string"}, "bar": {"required": true, "type": "number"}}}
2019-11-24 00:44:03.691 7812 RALLYDEBUG rally.task.runner [-] Starting a worker. times: 10 duration: None concurrency: 1 timeout: 0 cls: method_name: run args: {"attributes": {"foo": {"required": false, "type": "string"}, "bar": {"required": true, "type": "number"}}}
2019-11-24 00:44:03.694 7813 RALLYDEBUG rally.task.runner [-] Starting a worker. times: 10 duration: None concurrency: 1 timeout: 0 cls: method_name: run args: {"attributes": {"foo": {"required": false, "type": "string"}, "bar": {"required": true, "type": "number"}}}
2019-11-24 00:44:03.695 7811 INFO rally.task.runner [-] Task 21f931a5-864c-4cda-a284-d4044033a70c | ITER: 1 START
2019-11-24 00:44:03.697 7814 RALLYDEBUG rally.task.runner [-] Starting a worker. times: 10 duration: None concurrency: 1 timeout: 0 cls: method_name: run args: {"attributes": {"foo": {"required": false, "type": "string"}, "bar": {"required": true, "type": "number"}}}
2019-11-24 00:44:03.698 7812 INFO rally.task.runner [-] Task 21f931a5-864c-4cda-a284-d4044033a70c | ITER: 2 START
2019-11-24 00:44:03.701 7813 INFO rally.task.runner [-] Task 21f931a5-864c-4cda-a284-d4044033a70c | ITER: 3 START
2019-11-24 00:44:03.703 7814 INFO rally.task.runner [-] Task 21f931a5-864c-4cda-a284-d4044033a70c | ITER: 4 START
2019-11-24 00:44:08.712 7814 INFO rally.task.runner [-] Task 21f931a5-864c-4cda-a284-d4044033a70c | ITER: 4 END: OK
2019-11-24 00:44:08.713 7811 INFO rally.task.runner [-] Task 21f931a5-864c-4cda-a284-d4044033a70c | ITER: 1 END: OK
2019-11-24 00:44:08.717 7814 INFO rally.task.runner [-] Task 21f931a5-864c-4cda-a284-d4044033a70c | ITER: 5 START
2019-11-24 00:44:08.717 7811 INFO rally.task.runner [-] Task 21f931a5-864c-4cda-a284-d4044033a70c | ITER: 6 START
2019-11-24 00:44:08.786 7813 INFO rally.task.runner [-] Task 21f931a5-864c-4cda-a284-d4044033a70c | ITER: 3 END: OK
2019-11-24 00:44:08.791 7813 INFO rally.task.runner [-] Task 21f931a5-864c-4cda-a284-d4044033a70c | ITER: 7 START
2019-11-24 00:44:08.808 7812 INFO rally.task.runner [-] Task 21f931a5-864c-4cda-a284-d4044033a70c | ITER: 2 END: OK
2019-11-24 00:44:08.812 7812 INFO rally.task.runner [-] Task 21f931a5-864c-4cda-a284-d4044033a70c | ITER: 8 START
2019-11-24 00:44:13.794 7813 INFO rally.task.runner [-] Task 21f931a5-864c-4cda-a284-d4044033a70c | ITER: 7 END: OK
2019-11-24 00:44:13.795 7811 INFO rally.task.runner [-] Task 21f931a5-864c-4cda-a284-d4044033a70c | ITER: 6 END: OK
2019-11-24 00:44:13.798 7813 INFO rally.task.runner [-] Task 21f931a5-864c-4cda-a284-d4044033a70c | ITER: 9 START
2019-11-24 00:44:13.798 7811 INFO rally.task.runner [-] Task 21f931a5-864c-4cda-a284-d4044033a70c | ITER: 10 START
2019-11-24 00:44:13.870 7812 INFO rally.task.runner [-] Task 21f931a5-864c-4cda-a284-d4044033a70c | ITER: 8 END: OK
2019-11-24 00:44:13.890 7814 INFO rally.task.runner [-] Task 21f931a5-864c-4cda-a284-d4044033a70c | ITER: 5 END: OK
2019-11-24 00:44:16.612 7811 INFO rally.task.runner [-] Task 21f931a5-864c-4cda-a284-d4044033a70c | ITER: 10 END: OK
2019-11-24 00:44:16.639 7813 INFO rally.task.runner [-] Task 21f931a5-864c-4cda-a284-d4044033a70c | ITER: 9 END: OK
2019-11-24 00:44:16.660 6547 INFO rally.task.context [-] Task 21f931a5-864c-4cda-a284-d4044033a70c | Context admin_cleanup@openstack cleanup() started
2019-11-24 00:44:16.665 6547 RALLYDEBUG rally_openstack.cleanup.manager [-] Cleaning up gnocchi resource_type objects
2019-11-24 00:44:17.150 6547 INFO rally.task.context [-] Task 21f931a5-864c-4cda-a284-d4044033a70c | Context admin_cleanup@openstack cleanup() finished in 0.49 sec
2019-11-24 00:44:17.150 6547 INFO rally.task.context [-] Task 21f931a5-864c-4cda-a284-d4044033a70c | Context users@openstack cleanup() started
2019-11-24 00:44:21.886 6547 INFO rally.task.context [-] Task 21f931a5-864c-4cda-a284-d4044033a70c | Context users@openstack cleanup() finished in 4.74 sec
2019-11-24 00:44:23.174 6547 INFO rally.task.engine [-] Load duration is: 12.941982
2019-11-24 00:44:23.175 6547 INFO rally.task.engine [-] Full runner duration is: 12.98184
2019-11-24 00:44:23.175 6547 INFO rally.task.engine [-] Full duration is: 20.865651
2019-11-24 00:44:23.539 6547 INFO rally.task.engine [-] Running workload: position = 0 config = { "version": 2, "title": "A cropped version of a bigger task.", "description": "Auto-generated task from a single workload (uuid=3cca4694-abb8-4262-968a-b6f747f26fa6)", "subtasks": [ { "title": "GnocchiMetric.list_metric", "description": "List metrics.", "scenario": { "GnocchiMetric.list_metric": { "limit": 10000 } }, "contexts": { "users": { "tenants": 3, "users_per_tenant": 2 } }, "runner": { "constant": { "concurrency": 4, "times": 10 } }, "hooks": [], "sla": { "failure_rate": { "max": 0 } } } ] }
2019-11-24 00:44:23.564 6547 RALLYDEBUG rally_openstack.contexts.keystone.users [-] Creating 3 tenants using 20 threads
2019-11-24 00:44:24.619 6547 RALLYDEBUG rally_openstack.contexts.keystone.users [-] Creating 6 users using 20 threads
2019-11-24 00:44:26.201 6547 INFO rally.task.context [-] Task 21f931a5-864c-4cda-a284-d4044033a70c | Context users@openstack setup() finished in 2.64 sec
2019-11-24 00:44:26.211 6547 RALLYDEBUG rally.task.runner [-] Starting the constant runner (task UUID: 21f931a5-864c-4cda-a284-d4044033a70c). times: 10 concurrency: 4 timeout: 0 max_cpu_used: 16 processes_to_start: 4 concurrency_per_worker: 1 concurrency_overhead: 0
2019-11-24 00:44:26.223 7935 RALLYDEBUG rally.task.runner [-] Starting a worker. times: 10 duration: None concurrency: 1 timeout: 0 cls: method_name: run args: {"limit": 10000}
2019-11-24 00:44:26.227 7936 RALLYDEBUG rally.task.runner [-] Starting a worker. times: 10 duration: None concurrency: 1 timeout: 0 cls: method_name: run args: {"limit": 10000}
2019-11-24 00:44:26.230 7935 INFO rally.task.runner [-] Task 21f931a5-864c-4cda-a284-d4044033a70c | ITER: 1 START
2019-11-24 00:44:26.231 7937 RALLYDEBUG rally.task.runner [-] Starting a worker. times: 10 duration: None concurrency: 1 timeout: 0 cls: method_name: run args: {"limit": 10000}
2019-11-24 00:44:26.233 7936 INFO rally.task.runner [-] Task 21f931a5-864c-4cda-a284-d4044033a70c | ITER: 2 START
2019-11-24 00:44:26.234 7939 RALLYDEBUG rally.task.runner [-] Starting a worker. times: 10 duration: None concurrency: 1 timeout: 0 cls: method_name: run args: {"limit": 10000}
2019-11-24 00:44:26.237 7937 INFO rally.task.runner [-] Task 21f931a5-864c-4cda-a284-d4044033a70c | ITER: 3 START
2019-11-24 00:44:26.240 7939 INFO rally.task.runner [-] Task 21f931a5-864c-4cda-a284-d4044033a70c | ITER: 4 START
2019-11-24 00:44:26.789 7937 INFO rally.task.runner [-] Task 21f931a5-864c-4cda-a284-d4044033a70c | ITER: 3 END: OK
2019-11-24 00:44:26.793 7937 INFO rally.task.runner [-] Task 21f931a5-864c-4cda-a284-d4044033a70c | ITER: 5 START
2019-11-24 00:44:26.793 7936 INFO rally.task.runner [-] Task 21f931a5-864c-4cda-a284-d4044033a70c | ITER: 2 END: OK
2019-11-24 00:44:26.797 7936 INFO rally.task.runner [-] Task 21f931a5-864c-4cda-a284-d4044033a70c | ITER: 6 START
2019-11-24 00:44:26.798 7939 INFO rally.task.runner [-] Task 21f931a5-864c-4cda-a284-d4044033a70c | ITER: 4 END: OK
2019-11-24 00:44:26.799 7935 INFO rally.task.runner [-] Task 21f931a5-864c-4cda-a284-d4044033a70c | ITER: 1 END: OK
2019-11-24 00:44:26.802 7939 INFO rally.task.runner [-] Task 21f931a5-864c-4cda-a284-d4044033a70c | ITER: 7 START
2019-11-24 00:44:26.803 7935 INFO rally.task.runner [-] Task 21f931a5-864c-4cda-a284-d4044033a70c | ITER: 8 START
2019-11-24 00:44:27.252 7937 INFO rally.task.runner [-] Task 21f931a5-864c-4cda-a284-d4044033a70c | ITER: 5 END: OK
2019-11-24 00:44:27.253 7936 INFO rally.task.runner [-] Task 21f931a5-864c-4cda-a284-d4044033a70c | ITER: 6 END: OK
2019-11-24 00:44:27.256 7937 INFO rally.task.runner [-] Task 21f931a5-864c-4cda-a284-d4044033a70c | ITER: 9 START
2019-11-24 00:44:27.256 7939 INFO rally.task.runner [-] Task 21f931a5-864c-4cda-a284-d4044033a70c | ITER: 7 END: OK
2019-11-24 00:44:27.256 7936 INFO rally.task.runner [-] Task 21f931a5-864c-4cda-a284-d4044033a70c | ITER: 10 START
2019-11-24 00:44:27.260 7935 INFO rally.task.runner [-] Task 21f931a5-864c-4cda-a284-d4044033a70c | ITER: 8 END: OK
2019-11-24 00:44:27.620 7936 INFO rally.task.runner [-] Task 21f931a5-864c-4cda-a284-d4044033a70c | ITER: 10 END: OK
2019-11-24 00:44:27.620 7937 INFO rally.task.runner [-] Task 21f931a5-864c-4cda-a284-d4044033a70c | ITER: 9 END: OK
2019-11-24 00:44:27.649 6547 INFO rally.task.context [-] Task 21f931a5-864c-4cda-a284-d4044033a70c | Context users@openstack cleanup() started
2019-11-24 00:44:31.916 6547 INFO rally.task.context [-] Task 21f931a5-864c-4cda-a284-d4044033a70c | Context users@openstack cleanup() finished in 4.27 sec
2019-11-24 00:44:33.661 6547 INFO rally.task.engine [-] Load duration is: 1.387427
2019-11-24 00:44:33.661 6547 INFO rally.task.engine [-] Full runner duration is: 1.439297
2019-11-24 00:44:33.661 6547 INFO rally.task.engine [-] Full duration is: 8.353199
2019-11-24 00:44:33.988 6547 INFO rally.task.engine [-] Running workload: position = 0 config = { "version": 2, "title": "A cropped version of a bigger task.", "description": "Auto-generated task from a single workload (uuid=bd1156c7-1f5b-49c5-a131-01f3bbd032bb)", "subtasks": [ { "title": "GnocchiMetric.create_metric", "description": "Create metric.", "scenario": { "GnocchiMetric.create_metric": { "archive_policy_name": "low" } }, "contexts": { "users": { "tenants": 3, "users_per_tenant": 2 } }, "runner": { "constant": { "concurrency": 4, "times": 10 } }, "hooks": [], "sla": { "failure_rate": { "max": 0 } } } ] }
2019-11-24 00:44:34.013 6547 RALLYDEBUG rally_openstack.contexts.keystone.users [-] Creating 3 tenants using 20 threads
2019-11-24 00:44:35.117 6547 RALLYDEBUG rally_openstack.contexts.keystone.users [-] Creating 6 users using 20 threads
2019-11-24 00:44:36.598 6547 INFO rally.task.context [-] Task 21f931a5-864c-4cda-a284-d4044033a70c | Context users@openstack setup() finished in 2.58 sec
2019-11-24 00:44:36.598 6547 INFO rally.task.context [-] Task 21f931a5-864c-4cda-a284-d4044033a70c | Context cleanup@openstack setup() finished in 0.03 msec
2019-11-24 00:44:36.608 6547 RALLYDEBUG rally.task.runner [-] Starting the constant runner (task UUID: 21f931a5-864c-4cda-a284-d4044033a70c). times: 10 concurrency: 4 timeout: 0 max_cpu_used: 16 processes_to_start: 4 concurrency_per_worker: 1 concurrency_overhead: 0
2019-11-24 00:44:36.619 8039 RALLYDEBUG rally.task.runner [-] Starting a worker. times: 10 duration: None concurrency: 1 timeout: 0 cls: method_name: run args: {"archive_policy_name": "low"}
2019-11-24 00:44:36.623 8040 RALLYDEBUG rally.task.runner [-] Starting a worker. times: 10 duration: None concurrency: 1 timeout: 0 cls: method_name: run args: {"archive_policy_name": "low"}
2019-11-24 00:44:36.626 8039 INFO rally.task.runner [-] Task 21f931a5-864c-4cda-a284-d4044033a70c | ITER: 1 START
2019-11-24 00:44:36.627 8041 RALLYDEBUG rally.task.runner [-] Starting a worker. times: 10 duration: None concurrency: 1 timeout: 0 cls: method_name: run args: {"archive_policy_name": "low"}
2019-11-24 00:44:36.630 8040 INFO rally.task.runner [-] Task 21f931a5-864c-4cda-a284-d4044033a70c | ITER: 2 START
2019-11-24 00:44:36.631 8044 RALLYDEBUG rally.task.runner [-] Starting a worker. times: 10 duration: None concurrency: 1 timeout: 0 cls: method_name: run args: {"archive_policy_name": "low"}
2019-11-24 00:44:36.633 8041 INFO rally.task.runner [-] Task 21f931a5-864c-4cda-a284-d4044033a70c | ITER: 3 START
2019-11-24 00:44:36.638 8044 INFO rally.task.runner [-] Task 21f931a5-864c-4cda-a284-d4044033a70c | ITER: 4 START
2019-11-24 00:44:37.149 8040 INFO rally.task.runner [-] Task 21f931a5-864c-4cda-a284-d4044033a70c | ITER: 2 END: OK
2019-11-24 00:44:37.150 8044 INFO rally.task.runner [-] Task 21f931a5-864c-4cda-a284-d4044033a70c | ITER: 4 END: OK
2019-11-24 00:44:37.155 8044 INFO rally.task.runner [-] Task 21f931a5-864c-4cda-a284-d4044033a70c | ITER: 6 START
2019-11-24 00:44:37.155 8040 INFO rally.task.runner [-] Task 21f931a5-864c-4cda-a284-d4044033a70c | ITER: 5 START
2019-11-24 00:44:37.160 8041 INFO rally.task.runner [-] Task 21f931a5-864c-4cda-a284-d4044033a70c | ITER: 3 END: OK
2019-11-24 00:44:37.165 8041 INFO rally.task.runner [-] Task 21f931a5-864c-4cda-a284-d4044033a70c | ITER: 7 START
2019-11-24 00:44:37.188 8039 INFO rally.task.runner [-] Task 21f931a5-864c-4cda-a284-d4044033a70c | ITER: 1 END: OK
2019-11-24 00:44:37.193 8039 INFO rally.task.runner [-] Task 21f931a5-864c-4cda-a284-d4044033a70c | ITER: 8 START
2019-11-24 00:44:37.542 8041 INFO rally.task.runner [-] Task 21f931a5-864c-4cda-a284-d4044033a70c | ITER: 7 END: OK
2019-11-24 00:44:37.544 8040 INFO rally.task.runner [-] Task 21f931a5-864c-4cda-a284-d4044033a70c | ITER: 5 END: OK
2019-11-24 00:44:37.546 8041 INFO rally.task.runner [-] Task 21f931a5-864c-4cda-a284-d4044033a70c | ITER: 9 START
2019-11-24 00:44:37.547 8040 INFO rally.task.runner [-] Task 21f931a5-864c-4cda-a284-d4044033a70c | ITER: 10 START
2019-11-24 00:44:37.620 8044 INFO rally.task.runner [-] Task 21f931a5-864c-4cda-a284-d4044033a70c | ITER: 6 END: OK
2019-11-24 00:44:37.709 8039 INFO rally.task.runner [-] Task 21f931a5-864c-4cda-a284-d4044033a70c | ITER: 8 END: OK
2019-11-24 00:44:37.924 8041 INFO rally.task.runner [-] Task 21f931a5-864c-4cda-a284-d4044033a70c | ITER: 9 END: OK
2019-11-24 00:44:37.924 8040 INFO rally.task.runner [-] Task 21f931a5-864c-4cda-a284-d4044033a70c | ITER: 10 END: OK
2019-11-24 00:44:37.950 6547 INFO rally.task.context [-] Task 21f931a5-864c-4cda-a284-d4044033a70c | Context cleanup@openstack cleanup() started
2019-11-24 00:44:37.953 6547 RALLYDEBUG rally_openstack.cleanup.manager [-] Cleaning up gnocchi metric objects
2019-11-24 00:44:39.224 6547 INFO rally.task.context [-] Task 21f931a5-864c-4cda-a284-d4044033a70c | Context cleanup@openstack cleanup() finished in 1.27 sec
2019-11-24 00:44:39.225 6547 INFO rally.task.context [-] Task 21f931a5-864c-4cda-a284-d4044033a70c | Context users@openstack cleanup() started
2019-11-24 00:44:43.811 6547 INFO rally.task.context [-] Task 21f931a5-864c-4cda-a284-d4044033a70c | Context users@openstack cleanup() finished in 4.59 sec
2019-11-24 00:44:44.082 6547 INFO rally.task.engine [-] Load duration is: 1.295726
2019-11-24 00:44:44.082 6547 INFO rally.task.engine [-] Full runner duration is: 1.342501
2019-11-24 00:44:44.082 6547 INFO rally.task.engine [-] Full duration is: 9.800346
2019-11-24 00:44:44.418 6547 INFO rally.task.engine [-] Running workload: position = 0 config = { "version": 2, "title": "A cropped version of a bigger task.", "description": "Auto-generated task from a single workload (uuid=0e65cb99-cfef-45a8-b0b7-4394951a5b18)", "subtasks": [ { "title": "GnocchiMetric.create_delete_metric", "description": "Create metric and then delete it.", "scenario": { "GnocchiMetric.create_delete_metric": { "archive_policy_name": "low" } }, "contexts": { "users": { "tenants": 3, "users_per_tenant": 2 } }, "runner": { "constant": { "concurrency": 4, "times": 10 } }, "hooks": [], "sla": { "failure_rate": { "max": 0 } } } ] }
2019-11-24 00:44:44.442 6547 RALLYDEBUG rally_openstack.contexts.keystone.users [-] Creating 3 tenants using 20 threads
2019-11-24 00:44:45.448 6547 RALLYDEBUG rally_openstack.contexts.keystone.users [-] Creating 6 users using 20 threads
2019-11-24 00:44:46.971 6547 INFO rally.task.context [-] Task 21f931a5-864c-4cda-a284-d4044033a70c | Context users@openstack setup() finished in 2.53 sec
2019-11-24 00:44:46.972 6547 INFO rally.task.context [-] Task 21f931a5-864c-4cda-a284-d4044033a70c | Context cleanup@openstack setup() finished in 0.01 msec
2019-11-24 00:44:46.980 6547 RALLYDEBUG rally.task.runner [-] Starting the constant runner (task UUID: 21f931a5-864c-4cda-a284-d4044033a70c). times: 10 concurrency: 4 timeout: 0 max_cpu_used: 16 processes_to_start: 4 concurrency_per_worker: 1 concurrency_overhead: 0
2019-11-24 00:44:46.992 8163 RALLYDEBUG rally.task.runner [-] Starting a worker. times: 10 duration: None concurrency: 1 timeout: 0 cls: method_name: run args: {"archive_policy_name": "low"}
2019-11-24 00:44:46.995 8164 RALLYDEBUG rally.task.runner [-] Starting a worker. times: 10 duration: None concurrency: 1 timeout: 0 cls: method_name: run args: {"archive_policy_name": "low"}
2019-11-24 00:44:46.999 8163 INFO rally.task.runner [-] Task 21f931a5-864c-4cda-a284-d4044033a70c | ITER: 1 START
2019-11-24 00:44:46.999 8165 RALLYDEBUG rally.task.runner [-] Starting a worker. times: 10 duration: None concurrency: 1 timeout: 0 cls: method_name: run args: {"archive_policy_name": "low"}
2019-11-24 00:44:47.002 8164 INFO rally.task.runner [-] Task 21f931a5-864c-4cda-a284-d4044033a70c | ITER: 2 START
2019-11-24 00:44:47.002 8166 RALLYDEBUG rally.task.runner [-] Starting a worker. times: 10 duration: None concurrency: 1 timeout: 0 cls: method_name: run args: {"archive_policy_name": "low"}
2019-11-24 00:44:47.006 8165 INFO rally.task.runner [-] Task 21f931a5-864c-4cda-a284-d4044033a70c | ITER: 3 START
2019-11-24 00:44:47.010 8166 INFO rally.task.runner [-] Task 21f931a5-864c-4cda-a284-d4044033a70c | ITER: 4 START
2019-11-24 00:44:47.532 8164 INFO rally.task.runner [-] Task 21f931a5-864c-4cda-a284-d4044033a70c | ITER: 2 END: OK
2019-11-24 00:44:47.535 8164 INFO rally.task.runner [-] Task 21f931a5-864c-4cda-a284-d4044033a70c | ITER: 5 START
2019-11-24 00:44:47.540 8166 INFO rally.task.runner [-] Task 21f931a5-864c-4cda-a284-d4044033a70c | ITER: 4 END: OK
2019-11-24 00:44:47.544 8166 INFO rally.task.runner [-] Task 21f931a5-864c-4cda-a284-d4044033a70c | ITER: 6 START
2019-11-24 00:44:47.549 8165 INFO rally.task.runner [-] Task 21f931a5-864c-4cda-a284-d4044033a70c | ITER: 3 END: OK
2019-11-24 00:44:47.555 8165 INFO rally.task.runner [-] Task 21f931a5-864c-4cda-a284-d4044033a70c | ITER: 7 START
2019-11-24 00:44:47.582 8163 INFO rally.task.runner [-] Task 21f931a5-864c-4cda-a284-d4044033a70c | ITER: 1 END: OK
2019-11-24 00:44:47.586 8163 INFO rally.task.runner [-] Task 21f931a5-864c-4cda-a284-d4044033a70c | ITER: 8 START
2019-11-24 00:44:47.957 8165 INFO rally.task.runner [-] Task 21f931a5-864c-4cda-a284-d4044033a70c | ITER: 7 END: OK
2019-11-24 00:44:47.958 8166 INFO rally.task.runner [-] Task 21f931a5-864c-4cda-a284-d4044033a70c | ITER: 6 END: OK
2019-11-24 00:44:47.961 8165 INFO rally.task.runner [-] Task 21f931a5-864c-4cda-a284-d4044033a70c | ITER: 9 START
2019-11-24 00:44:47.961 8166 INFO rally.task.runner [-] Task 21f931a5-864c-4cda-a284-d4044033a70c | ITER: 10 START
2019-11-24 00:44:47.996 8163 INFO rally.task.runner [-] Task 21f931a5-864c-4cda-a284-d4044033a70c | ITER: 8 END: OK
2019-11-24 00:44:48.030 8164 INFO rally.task.runner [-] Task 21f931a5-864c-4cda-a284-d4044033a70c | ITER: 5 END: OK
2019-11-24 00:44:48.371 8165 INFO rally.task.runner [-] Task 21f931a5-864c-4cda-a284-d4044033a70c | ITER: 9 END: OK
2019-11-24 00:44:48.371 8166 INFO rally.task.runner [-] Task 21f931a5-864c-4cda-a284-d4044033a70c | ITER: 10 END: OK
2019-11-24 00:44:48.393 6547 INFO rally.task.context [-] Task 21f931a5-864c-4cda-a284-d4044033a70c | Context cleanup@openstack cleanup() started
2019-11-24 00:44:48.396 6547 RALLYDEBUG rally_openstack.cleanup.manager [-] Cleaning up gnocchi metric objects
2019-11-24 00:44:49.531 6547 INFO rally.task.context [-] Task 21f931a5-864c-4cda-a284-d4044033a70c | Context cleanup@openstack cleanup() finished in 1.14 sec
2019-11-24 00:44:49.532 6547 INFO rally.task.context [-] Task 21f931a5-864c-4cda-a284-d4044033a70c | Context users@openstack cleanup() started
2019-11-24 00:44:54.149 6547 INFO rally.task.context [-] Task 21f931a5-864c-4cda-a284-d4044033a70c | Context users@openstack cleanup() finished in 4.62 sec
2019-11-24 00:44:54.518 6547 INFO rally.task.engine [-] Load duration is: 1.369942
2019-11-24 00:44:54.519 6547 INFO rally.task.engine [-] Full runner duration is: 1.413097
2019-11-24 00:44:54.519 6547 INFO rally.task.engine [-] Full duration is: 9.708704
2019-11-24 00:44:54.868 6547 INFO rally.task.engine [-] Running workload: position = 0 config = { "version": 2, "title": "A cropped version of a bigger task.", "description": "Auto-generated task from a single workload (uuid=719c4eb4-a18b-4674-8fb3-4a006089c144)", "subtasks": [ { "title": "GnocchiResource.create_resource", "description": "Create resource.", "scenario": { "GnocchiResource.create_resource": {} }, "contexts": { "users": { "tenants": 3, "users_per_tenant": 2 } }, "runner": { "constant": { "concurrency": 4, "times": 10 } }, "hooks": [], "sla": { "failure_rate": { "max": 0 } } } ] }
2019-11-24 00:44:54.893 6547 RALLYDEBUG rally_openstack.contexts.keystone.users [-] Creating 3 tenants using 20 threads
2019-11-24 00:44:55.907 6547 RALLYDEBUG rally_openstack.contexts.keystone.users [-] Creating 6 users using 20 threads
2019-11-24 00:44:57.442 6547 INFO rally.task.context [-] Task 21f931a5-864c-4cda-a284-d4044033a70c | Context users@openstack setup() finished in 2.55 sec
2019-11-24 00:44:57.443 6547 INFO rally.task.context [-] Task 21f931a5-864c-4cda-a284-d4044033a70c | Context cleanup@openstack setup() finished in 0.01 msec
2019-11-24 00:44:57.451 6547 RALLYDEBUG rally.task.runner [-] Starting the constant runner (task UUID: 21f931a5-864c-4cda-a284-d4044033a70c). times: 10 concurrency: 4 timeout: 0 max_cpu_used: 16 processes_to_start: 4 concurrency_per_worker: 1 concurrency_overhead: 0
2019-11-24 00:44:57.463 8287 RALLYDEBUG rally.task.runner [-] Starting a worker. times: 10 duration: None concurrency: 1 timeout: 0 cls: method_name: run args: {}
2019-11-24 00:44:57.467 8288 RALLYDEBUG rally.task.runner [-] Starting a worker. times: 10 duration: None concurrency: 1 timeout: 0 cls: method_name: run args: {}
2019-11-24 00:44:57.470 8287 INFO rally.task.runner [-] Task 21f931a5-864c-4cda-a284-d4044033a70c | ITER: 1 START
2019-11-24 00:44:57.470 8289 RALLYDEBUG rally.task.runner [-] Starting a worker. times: 10 duration: None concurrency: 1 timeout: 0 cls: method_name: run args: {}
2019-11-24 00:44:57.474 8288 INFO rally.task.runner [-] Task 21f931a5-864c-4cda-a284-d4044033a70c | ITER: 2 START
2019-11-24 00:44:57.474 8291 RALLYDEBUG rally.task.runner [-] Starting a worker. times: 10 duration: None concurrency: 1 timeout: 0 cls: method_name: run args: {}
2019-11-24 00:44:57.477 8289 INFO rally.task.runner [-] Task 21f931a5-864c-4cda-a284-d4044033a70c | ITER: 3 START
2019-11-24 00:44:57.480 8291 INFO rally.task.runner [-] Task 21f931a5-864c-4cda-a284-d4044033a70c | ITER: 4 START
2019-11-24 00:44:58.001 8287 INFO rally.task.runner [-] Task 21f931a5-864c-4cda-a284-d4044033a70c | ITER: 1 END: OK
2019-11-24 00:44:58.003 8289 INFO rally.task.runner [-] Task 21f931a5-864c-4cda-a284-d4044033a70c | ITER: 3 END: OK
2019-11-24 00:44:58.006 8287 INFO rally.task.runner [-] Task 21f931a5-864c-4cda-a284-d4044033a70c | ITER: 5 START
2019-11-24 00:44:58.007 8289 INFO rally.task.runner [-] Task 21f931a5-864c-4cda-a284-d4044033a70c | ITER: 6 START
2019-11-24 00:44:58.007 8288 INFO rally.task.runner [-] Task 21f931a5-864c-4cda-a284-d4044033a70c | ITER: 2 END: OK
2019-11-24 00:44:58.012 8288 INFO rally.task.runner [-] Task 21f931a5-864c-4cda-a284-d4044033a70c | ITER: 7 START
2019-11-24 00:44:58.037 8291 INFO rally.task.runner [-] Task 21f931a5-864c-4cda-a284-d4044033a70c | ITER: 4 END: OK
2019-11-24 00:44:58.042 8291 INFO rally.task.runner [-] Task 21f931a5-864c-4cda-a284-d4044033a70c | ITER: 8 START
2019-11-24 00:44:58.381 8289 INFO rally.task.runner [-] Task 21f931a5-864c-4cda-a284-d4044033a70c | ITER: 6 END: OK
2019-11-24 00:44:58.384 8289 INFO rally.task.runner [-] Task 21f931a5-864c-4cda-a284-d4044033a70c | ITER: 9 START
2019-11-24 00:44:58.412 8291 INFO rally.task.runner [-] Task 21f931a5-864c-4cda-a284-d4044033a70c | ITER: 8 END: OK
2019-11-24 00:44:58.415 8291 INFO rally.task.runner [-] Task 21f931a5-864c-4cda-a284-d4044033a70c | ITER: 10 START
2019-11-24 00:44:58.492 8288 INFO rally.task.runner [-] Task 21f931a5-864c-4cda-a284-d4044033a70c | ITER: 7 END: OK
2019-11-24 00:44:58.532 8287 INFO rally.task.runner [-] Task 21f931a5-864c-4cda-a284-d4044033a70c | ITER: 5 END: OK
2019-11-24 00:44:58.784 8291 INFO rally.task.runner [-] Task 21f931a5-864c-4cda-a284-d4044033a70c | ITER: 10 END: OK
2019-11-24 00:44:58.811 8289 INFO rally.task.runner [-] Task 21f931a5-864c-4cda-a284-d4044033a70c | ITER: 9 END: OK
2019-11-24 00:44:58.835 6547 INFO rally.task.context [-] Task 21f931a5-864c-4cda-a284-d4044033a70c | Context cleanup@openstack cleanup() started
2019-11-24 00:44:58.839 6547 RALLYDEBUG rally_openstack.cleanup.manager [-] Cleaning up gnocchi resource objects
2019-11-24 00:45:00.138 6547 RALLYDEBUG rally_openstack.cleanup.manager [-] Deleting gnocchi.resource object s_rally_719c4eb4_k7VtNRtZ (47789f83-9244-5b40-91eb-c0836900accd)
2019-11-24 00:45:00.147 6547 RALLYDEBUG rally_openstack.cleanup.manager [-] Deleting gnocchi.resource object s_rally_719c4eb4_uO8N91d6 (4e714e6f-acbb-5ad7-bf3a-ac367b9cbb57)
2019-11-24 00:45:00.155 6547 RALLYDEBUG rally_openstack.cleanup.manager [-] Deleting gnocchi.resource object s_rally_719c4eb4_QnnGcsSf (4f62afad-0196-5ebf-b666-37cdd9194fdd)
2019-11-24 00:45:00.159 6547 RALLYDEBUG rally_openstack.cleanup.manager [-] Deleting gnocchi.resource object s_rally_719c4eb4_pdWwYrUH (cae777d5-abdd-569b-9a0f-f4f267ebee62)
2019-11-24 00:45:00.172 6547 RALLYDEBUG rally_openstack.cleanup.manager [-] Deleting gnocchi.resource object s_rally_719c4eb4_qBao7ZV0 (32566f1e-db63-5058-8a94-d60a88411294)
2019-11-24 00:45:00.181 6547 RALLYDEBUG rally_openstack.cleanup.manager [-] Deleting gnocchi.resource object s_rally_719c4eb4_zGqOv0LH (b6122648-8d7d-559b-84a8-0fca26d33a15)
2019-11-24 00:45:00.207 6547 RALLYDEBUG rally_openstack.cleanup.manager [-] Deleting gnocchi.resource object s_rally_719c4eb4_wFXwS3zE (8d0afdff-cde0-502c-aaf7-ab92145fd0b5)
2019-11-24 00:45:00.230 6547 RALLYDEBUG rally_openstack.cleanup.manager [-] Deleting gnocchi.resource object s_rally_719c4eb4_01WlDbWo (7d0a48ca-73ae-59da-9e21-b7f99ca3d8d7)
2019-11-24 00:45:00.239 6547 RALLYDEBUG rally_openstack.cleanup.manager [-] Deleting gnocchi.resource object s_rally_719c4eb4_AsWqpAE8 (ed22e6a7-2f0a-5c34-96f7-243ad8eb1b7a)
2019-11-24 00:45:00.244 6547 RALLYDEBUG rally_openstack.cleanup.manager [-] Deleting gnocchi.resource object s_rally_719c4eb4_pXs7cz23 (1863cfa5-3aad-5d18-b3b6-59c03927ed2e)
2019-11-24 00:45:01.746 6547 INFO rally.task.context [-] Task 21f931a5-864c-4cda-a284-d4044033a70c | Context cleanup@openstack cleanup() finished in 2.91 sec
2019-11-24 00:45:01.747 6547 INFO rally.task.context [-] Task 21f931a5-864c-4cda-a284-d4044033a70c | Context users@openstack cleanup() started
2019-11-24 00:45:06.203 6547 INFO rally.task.context [-] Task 21f931a5-864c-4cda-a284-d4044033a70c | Context users@openstack cleanup() finished in 4.46 sec
2019-11-24 00:45:06.972 6547 INFO rally.task.engine [-] Load duration is: 1.338857
2019-11-24 00:45:06.972 6547 INFO rally.task.engine [-] Full runner duration is: 1.384272
2019-11-24 00:45:06.973 6547 INFO rally.task.engine [-] Full duration is: 11.311519
2019-11-24 00:45:07.306 6547 INFO rally.task.engine [-] Running workload: position = 0 config = { "version": 2, "title": "A cropped version of a bigger task.", "description": "Auto-generated task from a single workload (uuid=c2d4535f-7ab6-4739-af39-6d6042c3bcdd)", "subtasks": [ { "title": "GnocchiResource.create_delete_resource", "description": "Create resource and then delete it.", "scenario": { "GnocchiResource.create_delete_resource": {} }, "contexts": { "users": { "tenants": 3, "users_per_tenant": 2 } }, "runner": { "constant": { "concurrency": 4, "times": 10 } }, "hooks": [], "sla": { "failure_rate": { "max": 0 } } } ] }
2019-11-24 00:45:07.320 6547 RALLYDEBUG rally_openstack.contexts.keystone.users [-] Creating 3 tenants using 20 threads
2019-11-24 00:45:08.342 6547 RALLYDEBUG rally_openstack.contexts.keystone.users [-] Creating 6 users using 20 threads
2019-11-24 00:45:09.971 6547 INFO rally.task.context [-] Task 21f931a5-864c-4cda-a284-d4044033a70c | Context users@openstack setup() finished in 2.65 sec
2019-11-24 00:45:09.971 6547 INFO rally.task.context [-] Task 21f931a5-864c-4cda-a284-d4044033a70c | Context cleanup@openstack setup() finished in 0.01 msec
2019-11-24 00:45:09.981 6547 RALLYDEBUG rally.task.runner [-] Starting the constant runner (task UUID: 21f931a5-864c-4cda-a284-d4044033a70c). times: 10 concurrency: 4 timeout: 0 max_cpu_used: 16 processes_to_start: 4 concurrency_per_worker: 1 concurrency_overhead: 0
2019-11-24 00:45:09.990 8411 RALLYDEBUG rally.task.runner [-] Starting a worker. times: 10 duration: None concurrency: 1 timeout: 0 cls: method_name: run args: {}
2019-11-24 00:45:09.995 8411 INFO rally.task.runner [-] Task 21f931a5-864c-4cda-a284-d4044033a70c | ITER: 1 START
2019-11-24 00:45:09.995 8412 RALLYDEBUG rally.task.runner [-] Starting a worker. times: 10 duration: None concurrency: 1 timeout: 0 cls: method_name: run args: {}
2019-11-24 00:45:09.997 8414 RALLYDEBUG rally.task.runner [-] Starting a worker. times: 10 duration: None concurrency: 1 timeout: 0 cls: method_name: run args: {}
2019-11-24 00:45:10.002 8412 INFO rally.task.runner [-] Task 21f931a5-864c-4cda-a284-d4044033a70c | ITER: 2 START
2019-11-24 00:45:10.002 8414 INFO rally.task.runner [-] Task 21f931a5-864c-4cda-a284-d4044033a70c | ITER: 3 START
2019-11-24 00:45:10.002 8416 RALLYDEBUG rally.task.runner [-] Starting a worker. times: 10 duration: None concurrency: 1 timeout: 0 cls: method_name: run args: {}
2019-11-24 00:45:10.009 8416 INFO rally.task.runner [-] Task 21f931a5-864c-4cda-a284-d4044033a70c | ITER: 4 START
2019-11-24 00:45:10.577 8412 INFO rally.task.runner [-] Task 21f931a5-864c-4cda-a284-d4044033a70c | ITER: 2 END: OK
2019-11-24 00:45:10.581 8412 INFO rally.task.runner [-] Task 21f931a5-864c-4cda-a284-d4044033a70c | ITER: 5 START
2019-11-24 00:45:10.597 8414 INFO rally.task.runner [-] Task 21f931a5-864c-4cda-a284-d4044033a70c | ITER: 3 END: OK
2019-11-24 00:45:10.597 8411 INFO rally.task.runner [-] Task 21f931a5-864c-4cda-a284-d4044033a70c | ITER: 1 END: OK
2019-11-24 00:45:10.600 8414 INFO rally.task.runner [-] Task 21f931a5-864c-4cda-a284-d4044033a70c | ITER: 6 START
2019-11-24 00:45:10.601 8411 INFO rally.task.runner [-] Task 21f931a5-864c-4cda-a284-d4044033a70c | ITER: 7 START
2019-11-24 00:45:10.614 8416 INFO rally.task.runner [-] Task 21f931a5-864c-4cda-a284-d4044033a70c | ITER: 4 END: OK
2019-11-24 00:45:10.619 8416 INFO rally.task.runner [-] Task 21f931a5-864c-4cda-a284-d4044033a70c | ITER: 8 START
2019-11-24 00:45:10.976 8412 INFO rally.task.runner [-] Task 21f931a5-864c-4cda-a284-d4044033a70c | ITER: 5 END: OK
2019-11-24 00:45:10.979 8412 INFO rally.task.runner [-] Task 21f931a5-864c-4cda-a284-d4044033a70c | ITER: 9 START
2019-11-24 00:45:10.992 8411 INFO rally.task.runner [-] Task 21f931a5-864c-4cda-a284-d4044033a70c | ITER: 7 END: OK
2019-11-24 00:45:10.996 8411 INFO rally.task.runner [-] Task 21f931a5-864c-4cda-a284-d4044033a70c | ITER: 10 START
2019-11-24 00:45:11.011 8416 INFO rally.task.runner [-] Task 21f931a5-864c-4cda-a284-d4044033a70c | ITER: 8 END: OK
2019-11-24 00:45:11.083 8414 INFO rally.task.runner [-] Task 21f931a5-864c-4cda-a284-d4044033a70c | ITER: 6 END: OK
2019-11-24 00:45:11.379 8412 INFO rally.task.runner [-] Task 21f931a5-864c-4cda-a284-d4044033a70c | ITER: 9 END: OK
2019-11-24 00:45:11.396 8411 INFO rally.task.runner [-] Task 21f931a5-864c-4cda-a284-d4044033a70c | ITER: 10 END: OK
2019-11-24 00:45:11.418 6547 INFO rally.task.context [-] Task 21f931a5-864c-4cda-a284-d4044033a70c | Context cleanup@openstack cleanup() started
2019-11-24 00:45:11.422 6547 RALLYDEBUG rally_openstack.cleanup.manager [-] Cleaning up gnocchi resource objects
2019-11-24 00:45:12.823 6547 INFO rally.task.context [-] Task 21f931a5-864c-4cda-a284-d4044033a70c | Context cleanup@openstack cleanup() finished in 1.41 sec
2019-11-24 00:45:12.824 6547 INFO rally.task.context [-] Task 21f931a5-864c-4cda-a284-d4044033a70c | Context users@openstack cleanup() started
2019-11-24 00:45:17.195 6547 INFO rally.task.context [-] Task 21f931a5-864c-4cda-a284-d4044033a70c | Context users@openstack cleanup() finished in 4.37 sec
2019-11-24 00:45:17.418 6547 INFO rally.task.engine [-] Load duration is: 1.399128
2019-11-24 00:45:17.418 6547 INFO rally.task.engine [-] Full runner duration is: 1.438044
2019-11-24 00:45:17.418 6547 INFO rally.task.engine [-] Full duration is: 9.876052
2019-11-24 00:45:17.713 6547 INFO rally.task.engine [-] Task 21f931a5-864c-4cda-a284-d4044033a70c | Completed: Running task.
2019-11-24 00:45:19.197 8493 RALLYDEBUG rally.api [-] INFO logs from urllib3 and requests module are hide.
2019-11-24 00:45:19.197 8493 RALLYDEBUG rally.api [-] urllib3 insecure warnings are hidden.
2019-11-24 00:45:19.197 8493 RALLYDEBUG rally.api [-] ERROR log from boto module is hide.
2019-11-24 00:45:20.262 8494 RALLYDEBUG rally.api [-] INFO logs from urllib3 and requests module are hide.
2019-11-24 00:45:20.263 8494 RALLYDEBUG rally.api [-] urllib3 insecure warnings are hidden.
2019-11-24 00:45:20.263 8494 RALLYDEBUG rally.api [-] ERROR log from boto module is hide.
2019-11-24 00:45:21.386 8495 RALLYDEBUG rally.api [-] INFO logs from urllib3 and requests module are hide.
2019-11-24 00:45:21.387 8495 RALLYDEBUG rally.api [-] urllib3 insecure warnings are hidden.
2019-11-24 00:45:21.387 8495 RALLYDEBUG rally.api [-] ERROR log from boto module is hide.
2019-11-24 00:45:23.173 8495 INFO rally.api [-] Building 'json' report for the following task(s): '21f931a5-864c-4cda-a284-d4044033a70c'.
2019-11-24 00:45:23.195 8495 INFO rally.api [-] The report has been successfully built.
2019-11-24 00:45:24.563 8497 RALLYDEBUG rally.api [-] INFO logs from urllib3 and requests module are hide.
2019-11-24 00:45:24.564 8497 RALLYDEBUG rally.api [-] urllib3 insecure warnings are hidden.
2019-11-24 00:45:24.564 8497 RALLYDEBUG rally.api [-] ERROR log from boto module is hide.
2019-11-24 00:45:26.454 8497 INFO rally.task.engine [-] Task 051d37d8-a950-4795-803f-dadec1612454 | Starting: Task validation.
2019-11-24 00:45:26.516 8497 INFO rally.task.engine [-] Task 051d37d8-a950-4795-803f-dadec1612454 | Starting: Task validation of syntax.
2019-11-24 00:45:26.718 8497 INFO rally.task.engine [-] Task 051d37d8-a950-4795-803f-dadec1612454 | Completed: Task validation of syntax.
2019-11-24 00:45:26.719 8497 INFO rally.task.engine [-] Task 051d37d8-a950-4795-803f-dadec1612454 | Starting: Task validation of required platforms.
2019-11-24 00:45:26.798 8497 INFO rally.task.engine [-] Task 051d37d8-a950-4795-803f-dadec1612454 | Completed: Task validation of required platforms.
2019-11-24 00:45:26.799 8497 INFO rally.task.engine [-] Task 051d37d8-a950-4795-803f-dadec1612454 | Starting: Task validation of semantic.
2019-11-24 00:45:26.799 8497 INFO rally.task.engine [-] Check health of the environment '4cd4f0ea-fd56-48ed-8a3d-a92bfc2b7126'.
2019-11-24 00:45:27.790 8497 INFO rally.task.engine [-] Platform existing@openstack (available: True): OK!
2019-11-24 00:45:27.810 8497 RALLYDEBUG rally_openstack.contexts.keystone.users [-] Creating 1 tenants using 20 threads
2019-11-24 00:45:28.746 8497 RALLYDEBUG rally_openstack.contexts.keystone.users [-] Creating 1 users using 20 threads
2019-11-24 00:45:30.195 8497 INFO rally.task.context [-] Task 051d37d8-a950-4795-803f-dadec1612454 | Context users@openstack setup() finished in 2.38 sec
2019-11-24 00:45:30.928 8497 RALLYDEBUG rally_openstack.contexts.keystone.roles [-] Adding role heat_stack_owner having ID aeeb3c626eaa463c9d6168fe7e4c5703 to all users using 30 threads
2019-11-24 00:45:33.370 8497 RALLYDEBUG rally_openstack.contexts.keystone.roles [-] Removing assigned role aeeb3c626eaa463c9d6168fe7e4c5703 from all users
2019-11-24 00:45:35.310 8497 RALLYDEBUG rally_openstack.contexts.keystone.roles [-] Adding role heat_stack_owner having ID aeeb3c626eaa463c9d6168fe7e4c5703 to all users using 30 threads
2019-11-24 00:45:36.844 8497 RALLYDEBUG rally_openstack.contexts.keystone.roles [-] Removing assigned role aeeb3c626eaa463c9d6168fe7e4c5703 from all users
2019-11-24 00:45:38.747 8497 RALLYDEBUG rally_openstack.contexts.keystone.roles [-] Adding role heat_stack_owner having ID aeeb3c626eaa463c9d6168fe7e4c5703 to all users using 30 threads
2019-11-24 00:45:40.025 8497 RALLYDEBUG rally_openstack.contexts.keystone.roles [-] Removing assigned role aeeb3c626eaa463c9d6168fe7e4c5703 from all users
2019-11-24 00:45:41.900 8497 RALLYDEBUG rally_openstack.contexts.keystone.roles [-] Adding role heat_stack_owner having ID aeeb3c626eaa463c9d6168fe7e4c5703 to all users using 30 threads
2019-11-24 00:45:43.499 8497 RALLYDEBUG rally_openstack.contexts.keystone.roles [-] Removing assigned role aeeb3c626eaa463c9d6168fe7e4c5703 from all users
2019-11-24 00:45:45.376 8497 RALLYDEBUG rally_openstack.contexts.keystone.roles [-] Adding role heat_stack_owner having ID aeeb3c626eaa463c9d6168fe7e4c5703 to all users using 30 threads
2019-11-24 00:45:46.610 8497 RALLYDEBUG rally_openstack.contexts.keystone.roles [-] Removing assigned role aeeb3c626eaa463c9d6168fe7e4c5703 from all users
2019-11-24 00:45:48.505 8497 RALLYDEBUG rally_openstack.contexts.keystone.roles [-] Adding role heat_stack_owner having ID aeeb3c626eaa463c9d6168fe7e4c5703 to all users using 30 threads
2019-11-24 00:45:50.015 8497 RALLYDEBUG rally_openstack.contexts.keystone.roles [-] Removing assigned role aeeb3c626eaa463c9d6168fe7e4c5703 from all users
2019-11-24 00:45:51.886 8497 RALLYDEBUG rally_openstack.contexts.keystone.roles [-] Adding role heat_stack_owner having ID aeeb3c626eaa463c9d6168fe7e4c5703 to all users using 30 threads
2019-11-24 00:45:53.140 8497 RALLYDEBUG rally_openstack.contexts.keystone.roles [-] Removing assigned role aeeb3c626eaa463c9d6168fe7e4c5703 from all users
2019-11-24 00:45:55.022 8497 RALLYDEBUG rally_openstack.contexts.keystone.roles [-] Adding role heat_stack_owner having ID aeeb3c626eaa463c9d6168fe7e4c5703 to all users using 30 threads
2019-11-24 00:45:56.214 8497 RALLYDEBUG rally_openstack.contexts.keystone.roles [-] Removing assigned role aeeb3c626eaa463c9d6168fe7e4c5703 from all users
2019-11-24 00:45:58.205 8497 RALLYDEBUG rally_openstack.contexts.keystone.roles [-] Adding role heat_stack_owner having ID aeeb3c626eaa463c9d6168fe7e4c5703 to all users using 30 threads
2019-11-24 00:45:59.454 8497 RALLYDEBUG rally_openstack.contexts.keystone.roles [-] Removing assigned role aeeb3c626eaa463c9d6168fe7e4c5703 from all users
2019-11-24 00:46:01.333 8497 RALLYDEBUG rally_openstack.contexts.keystone.roles [-] Adding role heat_stack_owner having ID aeeb3c626eaa463c9d6168fe7e4c5703 to all users using 30 threads
2019-11-24 00:46:02.577 8497 RALLYDEBUG rally_openstack.contexts.keystone.roles [-] Removing assigned role aeeb3c626eaa463c9d6168fe7e4c5703 from all users
2019-11-24 00:46:04.482 8497 RALLYDEBUG rally_openstack.contexts.keystone.roles [-] Adding role heat_stack_owner having ID aeeb3c626eaa463c9d6168fe7e4c5703 to all users using 30 threads
2019-11-24 00:46:05.672 8497 RALLYDEBUG rally_openstack.contexts.keystone.roles [-] Removing assigned role aeeb3c626eaa463c9d6168fe7e4c5703 from all users
2019-11-24 00:46:07.572 8497 RALLYDEBUG rally_openstack.contexts.keystone.roles [-] Adding role heat_stack_owner having ID aeeb3c626eaa463c9d6168fe7e4c5703 to all users using 30 threads
2019-11-24 00:46:08.812 8497 RALLYDEBUG rally_openstack.contexts.keystone.roles [-] Removing assigned role aeeb3c626eaa463c9d6168fe7e4c5703 from all users
2019-11-24 00:46:10.293 8497 INFO rally.task.context [-] Task 051d37d8-a950-4795-803f-dadec1612454 | Context users@openstack cleanup() started
2019-11-24 00:46:13.168 8497 INFO rally.task.context [-] Task 051d37d8-a950-4795-803f-dadec1612454 | Context users@openstack cleanup() finished in 2.88 sec
2019-11-24 00:46:13.168 8497 INFO rally.task.engine [-] Task 051d37d8-a950-4795-803f-dadec1612454 | Completed: Task validation of semantic.
2019-11-24 00:46:13.169 8497 INFO rally.task.engine [-] Task 051d37d8-a950-4795-803f-dadec1612454 | Completed: Task validation.
2019-11-24 00:46:13.169 8497 INFO rally.api [-] Task 051d37d8-a950-4795-803f-dadec1612454 input file is valid.
2019-11-24 00:46:13.169 8497 INFO rally.api [-] Run Task 051d37d8-a950-4795-803f-dadec1612454 against Deployment 4cd4f0ea-fd56-48ed-8a3d-a92bfc2b7126
2019-11-24 00:46:13.170 8497 INFO rally.task.engine [-] Task 051d37d8-a950-4795-803f-dadec1612454 | Starting: Running task.
