2019-11-24 00:32:30.176 3233 RALLYDEBUG rally.task.utils [-] Waiting for resource s_rally_00440ae9_kjvh444w. Status changed: DETACHING => AVAILABLE in 2.471524953842163
2019-11-24 00:32:30.216 3238 RALLYDEBUG rally.task.utils [-] Waiting for resource s_rally_00440ae9_nGpLfrUS. Status changed: AVAILABLE => DELETING in 0.02651834487915039
2019-11-24 00:32:30.262 3233 RALLYDEBUG rally.task.utils [-] Waiting for resource s_rally_00440ae9_dMQ0pnDX. Status changed: AVAILABLE => DELETING in 0.025684118270874023
2019-11-24 00:32:30.747 3235 RALLYDEBUG rally.task.utils [-] Waiting for resource s_rally_00440ae9_E2qWCTAQ. Status changed: DETACHING => AVAILABLE in 2.4156789779663086
2019-11-24 00:32:30.840 3235 RALLYDEBUG rally.task.utils [-] Waiting for resource s_rally_00440ae9_4t5LCUrE. Status changed: AVAILABLE => DELETING in 0.028005361557006836
2019-11-24 00:32:32.389 3238 RALLYDEBUG rally.task.utils [-] Waiting for resource s_rally_00440ae9_uRfuCNmo. Status changed: AVAILABLE => DELETING in 0.05622410774230957
2019-11-24 00:32:32.410 3233 RALLYDEBUG rally.task.utils [-] Waiting for resource s_rally_00440ae9_kjvh444w. Status changed: AVAILABLE => DELETING in 0.0565035343170166
2019-11-24 00:32:32.976 3235 RALLYDEBUG rally.task.utils [-] Waiting for resource s_rally_00440ae9_E2qWCTAQ. Status changed: AVAILABLE => DELETING in 0.052486419677734375
2019-11-24 00:32:34.450 3234 INFO rally.task.runner [-] Task 6fc61b2b-3aa8-4cee-9f47-4a2ffc4f2464 | ITER: 5 END: OK
2019-11-24 00:32:34.456 3234 INFO rally.task.runner [-] Task 6fc61b2b-3aa8-4cee-9f47-4a2ffc4f2464 | ITER: 9 START
2019-11-24 00:32:36.819 3238 INFO rally.task.runner [-] Task 6fc61b2b-3aa8-4cee-9f47-4a2ffc4f2464 | ITER: 6 END: OK
2019-11-24 00:32:36.823 3238 INFO rally.task.runner [-] Task 6fc61b2b-3aa8-4cee-9f47-4a2ffc4f2464 | ITER: 10 START
2019-11-24 00:32:36.836 3233 INFO rally.task.runner [-] Task 6fc61b2b-3aa8-4cee-9f47-4a2ffc4f2464 | ITER: 7 END: OK
2019-11-24 00:32:37.351 3235 INFO rally.task.runner [-] Task 6fc61b2b-3aa8-4cee-9f47-4a2ffc4f2464 | ITER: 8 END: OK
2019-11-24 00:32:45.846 3234 RALLYDEBUG rally.task.utils [-] Waiting for resource s_rally_00440ae9_6Ox9d8Z0. Status changed: BUILD => ACTIVE in 4.585880994796753
2019-11-24 00:32:46.514 3234 RALLYDEBUG rally.task.utils [-] Waiting for resource s_rally_00440ae9_tgOgIx4D. Status changed: AVAILABLE => RESERVED in 0.40952515602111816
2019-11-24 00:32:48.564 3238 RALLYDEBUG rally.task.utils [-] Waiting for resource s_rally_00440ae9_3EZliSSX. Status changed: BUILD => ACTIVE in 4.783252477645874
2019-11-24 00:32:48.933 3234 RALLYDEBUG rally.task.utils [-] Waiting for resource s_rally_00440ae9_tgOgIx4D. Status changed: RESERVED => IN-USE in 2.41878342628479
2019-11-24 00:32:49.238 3238 RALLYDEBUG rally.task.utils [-] Waiting for resource s_rally_00440ae9_Xn4wxEgJ. Status changed: AVAILABLE => RESERVED in 0.4131035804748535
2019-11-24 00:32:49.494 3234 RALLYDEBUG rally.task.utils [-] Waiting for resource s_rally_00440ae9_tgOgIx4D. Status changed: AVAILABLE => DETACHING in 0.4135310649871826
2019-11-24 00:32:51.654 3238 RALLYDEBUG rally.task.utils [-] Waiting for resource s_rally_00440ae9_Xn4wxEgJ. Status changed: RESERVED => IN-USE in 2.4155991077423096
2019-11-24 00:32:51.913 3234 RALLYDEBUG rally.task.utils [-] Waiting for resource s_rally_00440ae9_tgOgIx4D. Status changed: DETACHING => AVAILABLE in 2.4186339378356934
2019-11-24 00:32:52.023 3234 RALLYDEBUG rally.task.utils [-] Waiting for resource s_rally_00440ae9_gljGiMuP. Status changed: AVAILABLE => DELETING in 0.051354408264160156
2019-11-24 00:32:52.641 3238 RALLYDEBUG rally.task.utils [-] Waiting for resource s_rally_00440ae9_Gbtbr9Ib. Status changed: AVAILABLE => DELETING in 0.033869028091430664
2019-11-24 00:32:54.206 3234 RALLYDEBUG rally.task.utils [-] Waiting for resource s_rally_00440ae9_tgOgIx4D. Status changed: AVAILABLE => DELETING in 0.07403278350830078
2019-11-24 00:32:54.812 3238 RALLYDEBUG rally.task.utils [-] Waiting for resource s_rally_00440ae9_Xn4wxEgJ. Status changed: AVAILABLE => DELETING in 0.06748318672180176
2019-11-24 00:32:58.776 3234 INFO rally.task.runner [-] Task 6fc61b2b-3aa8-4cee-9f47-4a2ffc4f2464 | ITER: 9 END: OK
2019-11-24 00:32:59.246 3238 INFO rally.task.runner [-] Task 6fc61b2b-3aa8-4cee-9f47-4a2ffc4f2464 | ITER: 10 END: OK
2019-11-24 00:32:59.274 1845 INFO rally.task.context [-] Task 6fc61b2b-3aa8-4cee-9f47-4a2ffc4f2464 | Context cleanup@openstack cleanup() started
2019-11-24 00:32:59.277 1845 RALLYDEBUG rally_openstack.cleanup.manager [-] Cleaning up nova servers objects
2019-11-24 00:33:00.586 1845 RALLYDEBUG rally_openstack.cleanup.manager [-] Cleaning up nova server_groups objects
2019-11-24 00:33:01.742 1845 RALLYDEBUG rally_openstack.cleanup.manager [-] Cleaning up nova keypairs objects
2019-11-24 00:33:04.061 1845 RALLYDEBUG rally_openstack.cleanup.manager [-] Cleaning up cinder backups objects
2019-11-24 00:33:05.229 1845 RALLYDEBUG rally_openstack.cleanup.manager [-] Cleaning up cinder volume_snapshots objects
2019-11-24 00:33:06.400 1845 RALLYDEBUG rally_openstack.cleanup.manager [-] Cleaning up cinder transfers objects
2019-11-24 00:33:07.550 1845 RALLYDEBUG rally_openstack.cleanup.manager [-] Cleaning up cinder volumes objects
2019-11-24 00:33:09.063 1845 INFO rally.task.context [-] Task 6fc61b2b-3aa8-4cee-9f47-4a2ffc4f2464 | Context cleanup@openstack cleanup() finished in 9.79 sec
2019-11-24 00:33:09.064 1845 INFO rally.task.context [-] Task 6fc61b2b-3aa8-4cee-9f47-4a2ffc4f2464 | Context quotas@openstack cleanup() started
2019-11-24 00:33:09.141 1845 INFO rally.task.context [-] Task 6fc61b2b-3aa8-4cee-9f47-4a2ffc4f2464 | Context quotas@openstack cleanup() finished in 77.19 msec
2019-11-24 00:33:09.142 1845 INFO rally.task.context [-] Task 6fc61b2b-3aa8-4cee-9f47-4a2ffc4f2464 | Context api_versions@openstack cleanup() started
2019-11-24 00:33:09.142 1845 INFO rally.task.context [-] Task 6fc61b2b-3aa8-4cee-9f47-4a2ffc4f2464 | Context api_versions@openstack cleanup() finished in 0.36 msec
2019-11-24 00:33:09.142 1845 INFO rally.task.context [-] Task 6fc61b2b-3aa8-4cee-9f47-4a2ffc4f2464 | Context users@openstack cleanup() started
2019-11-24 00:33:13.279 1845 INFO rally.task.context [-] Task 6fc61b2b-3aa8-4cee-9f47-4a2ffc4f2464 | Context users@openstack cleanup() finished in 4.14 sec
2019-11-24 00:33:14.517 1845 INFO rally.task.engine [-] Load duration is: 72.864151
2019-11-24 00:33:14.518 1845 INFO rally.task.engine [-] Full runner duration is: 73.918015
2019-11-24 00:33:14.518 1845 INFO rally.task.engine [-] Full duration is: 93.157293
2019-11-24 00:33:14.845 1845 INFO rally.task.engine [-] Running workload: position = 0 config = { "version": 2, "title": "A cropped version of a bigger task.", "description": "Auto-generated task from a single workload (uuid=90ede56a-7621-48b7-a00c-1f2e446e11fd)", "subtasks": [ { "title": "CinderVolumes.create_volume", "description": "Create a volume.", "scenario": { "CinderVolumes.create_volume": { "size": 1 } }, "contexts": { "users": { "tenants": 3, "users_per_tenant": 2 }, "api_versions": { "cinder": { "version": 3, "service_type": "volumev3" } } }, "runner": { "constant": { "concurrency": 4, "times": 10 } }, "hooks": [], "sla": { "failure_rate": { "max": 0 } } } ] }
2019-11-24 00:33:14.870 1845 RALLYDEBUG rally_openstack.contexts.keystone.users [-] Creating 3 tenants using 20 threads
2019-11-24 00:33:15.877 1845 RALLYDEBUG rally_openstack.contexts.keystone.users [-] Creating 6 users using 20 threads
2019-11-24 00:33:17.352 1845 INFO rally.task.context [-] Task 6fc61b2b-3aa8-4cee-9f47-4a2ffc4f2464 | Context users@openstack setup() finished in 2.48 sec
2019-11-24 00:33:17.751 1845 INFO rally.task.context [-] Task 6fc61b2b-3aa8-4cee-9f47-4a2ffc4f2464 | Context api_versions@openstack setup() finished in 0.40 sec
2019-11-24 00:33:17.752 1845 INFO rally.task.context [-] Task 6fc61b2b-3aa8-4cee-9f47-4a2ffc4f2464 | Context cleanup@openstack setup() finished in 0.01 msec
2019-11-24 00:33:17.760 1845 RALLYDEBUG rally.task.runner [-] Starting the constant runner (task UUID: 6fc61b2b-3aa8-4cee-9f47-4a2ffc4f2464). times: 10 concurrency: 4 timeout: 0 max_cpu_used: 16 processes_to_start: 4 concurrency_per_worker: 1 concurrency_overhead: 0
2019-11-24 00:33:17.772 3477 RALLYDEBUG rally.task.runner [-] Starting a worker. times: 10 duration: None concurrency: 1 timeout: 0 cls: method_name: run args: {"size": 1}
2019-11-24 00:33:17.775 3478 RALLYDEBUG rally.task.runner [-] Starting a worker. times: 10 duration: None concurrency: 1 timeout: 0 cls: method_name: run args: {"size": 1}
2019-11-24 00:33:17.780 3477 INFO rally.task.runner [-] Task 6fc61b2b-3aa8-4cee-9f47-4a2ffc4f2464 | ITER: 1 START
2019-11-24 00:33:17.780 3479 RALLYDEBUG rally.task.runner [-] Starting a worker. times: 10 duration: None concurrency: 1 timeout: 0 cls: method_name: run args: {"size": 1}
2019-11-24 00:33:17.782 3478 INFO rally.task.runner [-] Task 6fc61b2b-3aa8-4cee-9f47-4a2ffc4f2464 | ITER: 2 START
2019-11-24 00:33:17.783 3481 RALLYDEBUG rally.task.runner [-] Starting a worker. times: 10 duration: None concurrency: 1 timeout: 0 cls: method_name: run args: {"size": 1}
2019-11-24 00:33:17.787 3479 INFO rally.task.runner [-] Task 6fc61b2b-3aa8-4cee-9f47-4a2ffc4f2464 | ITER: 3 START
2019-11-24 00:33:17.790 3481 INFO rally.task.runner [-] Task 6fc61b2b-3aa8-4cee-9f47-4a2ffc4f2464 | ITER: 4 START
2019-11-24 00:33:20.698 3479 INFO rally.task.runner [-] Task 6fc61b2b-3aa8-4cee-9f47-4a2ffc4f2464 | ITER: 3 END: OK
2019-11-24 00:33:20.702 3478 INFO rally.task.runner [-] Task 6fc61b2b-3aa8-4cee-9f47-4a2ffc4f2464 | ITER: 2 END: OK
2019-11-24 00:33:20.703 3479 INFO rally.task.runner [-] Task 6fc61b2b-3aa8-4cee-9f47-4a2ffc4f2464 | ITER: 5 START
2019-11-24 00:33:20.707 3481 INFO rally.task.runner [-] Task 6fc61b2b-3aa8-4cee-9f47-4a2ffc4f2464 | ITER: 4 END: OK
2019-11-24 00:33:20.706 3478 INFO rally.task.runner [-] Task 6fc61b2b-3aa8-4cee-9f47-4a2ffc4f2464 | ITER: 6 START
2019-11-24 00:33:20.711 3481 INFO rally.task.runner [-] Task 6fc61b2b-3aa8-4cee-9f47-4a2ffc4f2464 | ITER: 7 START
2019-11-24 00:33:20.725 3477 INFO rally.task.runner [-] Task 6fc61b2b-3aa8-4cee-9f47-4a2ffc4f2464 | ITER: 1 END: OK
2019-11-24 00:33:20.729 3477 INFO rally.task.runner [-] Task 6fc61b2b-3aa8-4cee-9f47-4a2ffc4f2464 | ITER: 8 START
2019-11-24 00:33:23.411 3481 INFO rally.task.runner [-] Task 6fc61b2b-3aa8-4cee-9f47-4a2ffc4f2464 | ITER: 7 END: OK
2019-11-24 00:33:23.415 3481 INFO rally.task.runner [-] Task 6fc61b2b-3aa8-4cee-9f47-4a2ffc4f2464 | ITER: 9 START
2019-11-24 00:33:23.468 3477 INFO rally.task.runner [-] Task 6fc61b2b-3aa8-4cee-9f47-4a2ffc4f2464 | ITER: 8 END: OK
2019-11-24 00:33:23.471 3477 INFO rally.task.runner [-] Task 6fc61b2b-3aa8-4cee-9f47-4a2ffc4f2464 | ITER: 10 START
2019-11-24 00:33:23.482 3479 INFO rally.task.runner [-] Task 6fc61b2b-3aa8-4cee-9f47-4a2ffc4f2464 | ITER: 5 END: OK
2019-11-24 00:33:23.532 3478 INFO rally.task.runner [-] Task 6fc61b2b-3aa8-4cee-9f47-4a2ffc4f2464 | ITER: 6 END: OK
2019-11-24 00:33:26.113 3481 INFO rally.task.runner [-] Task 6fc61b2b-3aa8-4cee-9f47-4a2ffc4f2464 | ITER: 9 END: OK
2019-11-24 00:33:26.171 3477 INFO rally.task.runner [-] Task 6fc61b2b-3aa8-4cee-9f47-4a2ffc4f2464 | ITER: 10 END: OK
2019-11-24 00:33:26.198 1845 INFO rally.task.context [-] Task 6fc61b2b-3aa8-4cee-9f47-4a2ffc4f2464 | Context cleanup@openstack cleanup() started
2019-11-24 00:33:26.202 1845 RALLYDEBUG rally_openstack.cleanup.manager [-] Cleaning up cinder backups objects
2019-11-24 00:33:27.397 1845 RALLYDEBUG rally_openstack.cleanup.manager [-] Cleaning up cinder volume_snapshots objects
2019-11-24 00:33:28.628 1845 RALLYDEBUG rally_openstack.cleanup.manager [-] Cleaning up cinder transfers objects
2019-11-24 00:33:29.765 1845 RALLYDEBUG rally_openstack.cleanup.manager [-] Cleaning up cinder volumes objects
2019-11-24 00:33:31.000 1845 RALLYDEBUG rally_openstack.cleanup.manager [-] Deleting cinder.volumes object s_rally_90ede56a_fL3TszqT (6b6b5efb-8e5f-4bc7-8d02-3fcb28358bbf)
2019-11-24 00:33:31.007 1845 RALLYDEBUG rally_openstack.cleanup.manager [-] Deleting cinder.volumes object s_rally_90ede56a_is3elM3R (1a85b2ba-ad55-4cb1-af37-a6fe69ae29b4)
2019-11-24 00:33:31.016 1845 RALLYDEBUG rally_openstack.cleanup.manager [-] Deleting cinder.volumes object s_rally_90ede56a_KYsImNc0 (0a9adc38-54cd-4a08-bf82-a3546f45703e)
2019-11-24 00:33:31.027 1845 RALLYDEBUG rally_openstack.cleanup.manager [-] Deleting cinder.volumes object s_rally_90ede56a_hbwMEUHs (06db44ab-fa7a-410e-b8dc-be6e6ad5ca20)
2019-11-24 00:33:31.032 1845 RALLYDEBUG rally_openstack.cleanup.manager [-] Deleting cinder.volumes object s_rally_90ede56a_0rFvghIG (d23d0f85-2e20-43e9-b833-b094137310db)
2019-11-24 00:33:31.039 1845 RALLYDEBUG rally_openstack.cleanup.manager [-] Deleting cinder.volumes object s_rally_90ede56a_40uYG5zb (881b011c-c909-471f-92be-53fc6361f85d)
2019-11-24 00:33:31.045 1845 RALLYDEBUG rally_openstack.cleanup.manager [-] Deleting cinder.volumes object s_rally_90ede56a_EVez7k5G (61952d40-4558-4677-845d-fd66969bcc53)
2019-11-24 00:33:31.058 1845 RALLYDEBUG rally_openstack.cleanup.manager [-] Deleting cinder.volumes object s_rally_90ede56a_LDCDaFZ8 (fed80048-f0e1-4750-b1d2-8c94bcad24e5)
2019-11-24 00:33:31.070 1845 RALLYDEBUG rally_openstack.cleanup.manager [-] Deleting cinder.volumes object s_rally_90ede56a_mUMGE7FU (6351f3e7-b071-4b11-ae54-7134a95ef3ed)
2019-11-24 00:33:31.078 1845 RALLYDEBUG rally_openstack.cleanup.manager [-] Deleting cinder.volumes object s_rally_90ede56a_wd93PBiq (5f07db6f-3274-4d06-87b0-f861e230da60)
2019-11-24 00:33:34.781 1845 INFO rally.task.context [-] Task 6fc61b2b-3aa8-4cee-9f47-4a2ffc4f2464 | Context cleanup@openstack cleanup() finished in 8.58 sec
2019-11-24 00:33:34.781 1845 INFO rally.task.context [-] Task 6fc61b2b-3aa8-4cee-9f47-4a2ffc4f2464 | Context api_versions@openstack cleanup() started
2019-11-24 00:33:34.782 1845 INFO rally.task.context [-] Task 6fc61b2b-3aa8-4cee-9f47-4a2ffc4f2464 | Context api_versions@openstack cleanup() finished in 0.38 msec
2019-11-24 00:33:34.782 1845 INFO rally.task.context [-] Task 6fc61b2b-3aa8-4cee-9f47-4a2ffc4f2464 | Context users@openstack cleanup() started
2019-11-24 00:33:39.084 1845 INFO rally.task.context [-] Task 6fc61b2b-3aa8-4cee-9f47-4a2ffc4f2464 | Context users@openstack cleanup() finished in 4.30 sec
2019-11-24 00:33:41.004 1845 INFO rally.task.engine [-] Load duration is: 8.385719
2019-11-24 00:33:41.004 1845 INFO rally.task.engine [-] Full runner duration is: 8.438136
2019-11-24 00:33:41.005 1845 INFO rally.task.engine [-] Full duration is: 24.216275
2019-11-24 00:33:41.216 1845 INFO rally.task.engine [-] Running workload: position = 1 config = { "version": 2, "title": "A cropped version of a bigger task.", "description": "Auto-generated task from a single workload (uuid=022b219b-bba9-46e4-b570-07a4c5a28582)", "subtasks": [ { "title": "CinderVolumes.create_volume", "description": "Create a volume.", "scenario": { "CinderVolumes.create_volume": { "size": { "min": 1, "max": 1 } } }, "contexts": { "users": { "tenants": 3, "users_per_tenant": 2 }, "quotas": { "cinder": { "gigabytes": -1, "snapshots": -1, "volumes": -1 } }, "api_versions": { "cinder": { "version": 3, "service_type": "volumev3" } } }, "runner": { "constant": { "concurrency": 4, "times": 10 } }, "hooks": [], "sla": { "failure_rate": { "max": 0 } } } ] }
2019-11-24 00:33:41.243 1845 RALLYDEBUG rally_openstack.contexts.keystone.users [-] Creating 3 tenants using 20 threads
2019-11-24 00:33:42.244 1845 RALLYDEBUG rally_openstack.contexts.keystone.users [-] Creating 6 users using 20 threads
2019-11-24 00:33:43.788 1845 INFO rally.task.context [-] Task 6fc61b2b-3aa8-4cee-9f47-4a2ffc4f2464 | Context users@openstack setup() finished in 2.55 sec
2019-11-24 00:33:44.187 1845 INFO rally.task.context [-] Task 6fc61b2b-3aa8-4cee-9f47-4a2ffc4f2464 | Context api_versions@openstack setup() finished in 0.40 sec
2019-11-24 00:33:45.023 1845 INFO rally.task.context [-] Task 6fc61b2b-3aa8-4cee-9f47-4a2ffc4f2464 | Context quotas@openstack setup() finished in 0.84 sec
2019-11-24 00:33:45.024 1845 INFO rally.task.context [-] Task 6fc61b2b-3aa8-4cee-9f47-4a2ffc4f2464 | Context cleanup@openstack setup() finished in 0.01 msec
2019-11-24 00:33:45.032 1845 RALLYDEBUG rally.task.runner [-] Starting the constant runner (task UUID: 6fc61b2b-3aa8-4cee-9f47-4a2ffc4f2464). times: 10 concurrency: 4 timeout: 0 max_cpu_used: 16 processes_to_start: 4 concurrency_per_worker: 1 concurrency_overhead: 0
2019-11-24 00:33:45.044 3661 RALLYDEBUG rally.task.runner [-] Starting a worker. times: 10 duration: None concurrency: 1 timeout: 0 cls: method_name: run args: {"size": {"min": 1, "max": 1}}
2019-11-24 00:33:45.047 3662 RALLYDEBUG rally.task.runner [-] Starting a worker. times: 10 duration: None concurrency: 1 timeout: 0 cls: method_name: run args: {"size": {"min": 1, "max": 1}}
2019-11-24 00:33:45.051 3661 INFO rally.task.runner [-] Task 6fc61b2b-3aa8-4cee-9f47-4a2ffc4f2464 | ITER: 1 START
2019-11-24 00:33:45.051 3663 RALLYDEBUG rally.task.runner [-] Starting a worker. times: 10 duration: None concurrency: 1 timeout: 0 cls: method_name: run args: {"size": {"min": 1, "max": 1}}
2019-11-24 00:33:45.054 3662 INFO rally.task.runner [-] Task 6fc61b2b-3aa8-4cee-9f47-4a2ffc4f2464 | ITER: 2 START
2019-11-24 00:33:45.055 3664 RALLYDEBUG rally.task.runner [-] Starting a worker. times: 10 duration: None concurrency: 1 timeout: 0 cls: method_name: run args: {"size": {"min": 1, "max": 1}}
2019-11-24 00:33:45.058 3663 INFO rally.task.runner [-] Task 6fc61b2b-3aa8-4cee-9f47-4a2ffc4f2464 | ITER: 3 START
2019-11-24 00:33:45.062 3664 INFO rally.task.runner [-] Task 6fc61b2b-3aa8-4cee-9f47-4a2ffc4f2464 | ITER: 4 START
2019-11-24 00:33:47.814 3664 INFO rally.task.runner [-] Task 6fc61b2b-3aa8-4cee-9f47-4a2ffc4f2464 | ITER: 4 END: OK
2019-11-24 00:33:47.818 3664 INFO rally.task.runner [-] Task 6fc61b2b-3aa8-4cee-9f47-4a2ffc4f2464 | ITER: 5 START
2019-11-24 00:33:47.859 3663 INFO rally.task.runner [-] Task 6fc61b2b-3aa8-4cee-9f47-4a2ffc4f2464 | ITER: 3 END: OK
2019-11-24 00:33:47.864 3663 INFO rally.task.runner [-] Task 6fc61b2b-3aa8-4cee-9f47-4a2ffc4f2464 | ITER: 6 START
2019-11-24 00:33:47.879 3661 INFO rally.task.runner [-] Task 6fc61b2b-3aa8-4cee-9f47-4a2ffc4f2464 | ITER: 1 END: OK
2019-11-24 00:33:47.884 3661 INFO rally.task.runner [-] Task 6fc61b2b-3aa8-4cee-9f47-4a2ffc4f2464 | ITER: 7 START
2019-11-24 00:33:47.892 3662 INFO rally.task.runner [-] Task 6fc61b2b-3aa8-4cee-9f47-4a2ffc4f2464 | ITER: 2 END: OK
2019-11-24 00:33:47.898 3662 INFO rally.task.runner [-] Task 6fc61b2b-3aa8-4cee-9f47-4a2ffc4f2464 | ITER: 8 START
2019-11-24 00:33:50.510 3664 INFO rally.task.runner [-] Task 6fc61b2b-3aa8-4cee-9f47-4a2ffc4f2464 | ITER: 5 END: OK
2019-11-24 00:33:50.515 3664 INFO rally.task.runner [-] Task 6fc61b2b-3aa8-4cee-9f47-4a2ffc4f2464 | ITER: 9 START
2019-11-24 00:33:50.626 3662 INFO rally.task.runner [-] Task 6fc61b2b-3aa8-4cee-9f47-4a2ffc4f2464 | ITER: 8 END: OK
2019-11-24 00:33:50.629 3662 INFO rally.task.runner [-] Task 6fc61b2b-3aa8-4cee-9f47-4a2ffc4f2464 | ITER: 10 START
2019-11-24 00:33:50.635 3663 INFO rally.task.runner [-] Task 6fc61b2b-3aa8-4cee-9f47-4a2ffc4f2464 | ITER: 6 END: OK
2019-11-24 00:33:50.636 3661 INFO rally.task.runner [-] Task 6fc61b2b-3aa8-4cee-9f47-4a2ffc4f2464 | ITER: 7 END: OK
2019-11-24 00:33:53.226 3664 INFO rally.task.runner [-] Task 6fc61b2b-3aa8-4cee-9f47-4a2ffc4f2464 | ITER: 9 END: OK
2019-11-24 00:33:53.322 3662 INFO rally.task.runner [-] Task 6fc61b2b-3aa8-4cee-9f47-4a2ffc4f2464 | ITER: 10 END: OK
2019-11-24 00:33:53.343 1845 INFO rally.task.context [-] Task 6fc61b2b-3aa8-4cee-9f47-4a2ffc4f2464 | Context cleanup@openstack cleanup() started
2019-11-24 00:33:53.347 1845 RALLYDEBUG rally_openstack.cleanup.manager [-] Cleaning up cinder backups objects
2019-11-24 00:33:54.672 1845 RALLYDEBUG rally_openstack.cleanup.manager [-] Cleaning up cinder volume_snapshots objects
2019-11-24 00:33:55.827 1845 RALLYDEBUG rally_openstack.cleanup.manager [-] Cleaning up cinder transfers objects
2019-11-24 00:33:56.978 1845 RALLYDEBUG rally_openstack.cleanup.manager [-] Cleaning up cinder volumes objects
2019-11-24 00:33:58.189 1845 RALLYDEBUG rally_openstack.cleanup.manager [-] Deleting cinder.volumes object s_rally_022b219b_yyZW43VJ (e04e2179-fdbb-4138-8ae6-eb539146f6ef)
2019-11-24 00:33:58.198 1845 RALLYDEBUG rally_openstack.cleanup.manager [-] Deleting cinder.volumes object s_rally_022b219b_0mzBZXUf (bf139b3f-083c-421d-b3d9-b1845e9a80d0)
2019-11-24 00:33:58.207 1845 RALLYDEBUG rally_openstack.cleanup.manager [-] Deleting cinder.volumes object s_rally_022b219b_uQY7Cp4j (fb1ece1d-221c-4f44-b6e5-5a54ed663533)
2019-11-24 00:33:58.216 1845 RALLYDEBUG rally_openstack.cleanup.manager [-] Deleting cinder.volumes object s_rally_022b219b_iNyQeRaC (f8cec80b-7943-45fa-8e4b-de38d7b75c8c)
2019-11-24 00:33:58.226 1845 RALLYDEBUG rally_openstack.cleanup.manager [-] Deleting cinder.volumes object s_rally_022b219b_M5c1XKH6 (5da5de2f-9a72-4893-babe-4c54e1e94963)
2019-11-24 00:33:58.257 1845 RALLYDEBUG rally_openstack.cleanup.manager [-] Deleting cinder.volumes object s_rally_022b219b_8kdQ4M3w (eb23ee88-43ea-4cf6-bd27-5777a96bc850)
2019-11-24 00:33:58.270 1845 RALLYDEBUG rally_openstack.cleanup.manager [-] Deleting cinder.volumes object s_rally_022b219b_SVWoO839 (130eeb8a-0849-4adf-9e0f-76b13778a674)
2019-11-24 00:33:58.279 1845 RALLYDEBUG rally_openstack.cleanup.manager [-] Deleting cinder.volumes object s_rally_022b219b_K41hxbkX (ee7748d1-2d69-4a6c-8838-3f108f032cb6)
2019-11-24 00:33:58.288 1845 RALLYDEBUG rally_openstack.cleanup.manager [-] Deleting cinder.volumes object s_rally_022b219b_XkhETpdY (a9cf5a20-0dd4-447d-8ebc-2ad4248764e8)
2019-11-24 00:33:58.295 1845 RALLYDEBUG rally_openstack.cleanup.manager [-] Deleting cinder.volumes object s_rally_022b219b_p4aLxn2R (689a16ff-4087-4337-8224-d5620b78d45b)
2019-11-24 00:34:01.935 1845 INFO rally.task.context [-] Task 6fc61b2b-3aa8-4cee-9f47-4a2ffc4f2464 | Context cleanup@openstack cleanup() finished in 8.59 sec
2019-11-24 00:34:01.936 1845 INFO rally.task.context [-] Task 6fc61b2b-3aa8-4cee-9f47-4a2ffc4f2464 | Context quotas@openstack cleanup() started
2019-11-24 00:34:02.016 1845 INFO rally.task.context [-] Task 6fc61b2b-3aa8-4cee-9f47-4a2ffc4f2464 | Context quotas@openstack cleanup() finished in 80.00 msec
2019-11-24 00:34:02.016 1845 INFO rally.task.context [-] Task 6fc61b2b-3aa8-4cee-9f47-4a2ffc4f2464 | Context api_versions@openstack cleanup() started
2019-11-24 00:34:02.017 1845 INFO rally.task.context [-] Task 6fc61b2b-3aa8-4cee-9f47-4a2ffc4f2464 | Context api_versions@openstack cleanup() finished in 0.35 msec
2019-11-24 00:34:02.017 1845 INFO rally.task.context [-] Task 6fc61b2b-3aa8-4cee-9f47-4a2ffc4f2464 | Context users@openstack cleanup() started
2019-11-24 00:34:06.566 1845 INFO rally.task.context [-] Task 6fc61b2b-3aa8-4cee-9f47-4a2ffc4f2464 | Context users@openstack cleanup() finished in 4.55 sec
2019-11-24 00:34:07.381 1845 INFO rally.task.engine [-] Load duration is: 8.266082
2019-11-24 00:34:07.381 1845 INFO rally.task.engine [-] Full runner duration is: 8.31146
2019-11-24 00:34:07.382 1845 INFO rally.task.engine [-] Full duration is: 25.326584
2019-11-24 00:34:07.709 1845 INFO rally.task.engine [-] Running workload: position = 0 config = { "version": 2, "title": "A cropped version of a bigger task.", "description": "Auto-generated task from a single workload (uuid=dd6d9efa-5315-4e08-8d17-8a9d56f347dc)", "subtasks": [ { "title": "CinderVolumes.list_volumes", "description": "List all volumes.", "scenario": { "CinderVolumes.list_volumes": { "detailed": true } }, "contexts": { "users": { "tenants": 3, "users_per_tenant": 2 }, "quotas": { "cinder": { "gigabytes": -1, "snapshots": -1, "volumes": -1 } }, "api_versions": { "cinder": { "version": 3, "service_type": "volumev3" } }, "volumes": { "size": 1, "volumes_per_tenant": 4 } }, "runner": { "constant": { "concurrency": 4, "times": 10 } }, "hooks": [], "sla": { "failure_rate": { "max": 0 } } } ] }
2019-11-24 00:34:07.734 1845 RALLYDEBUG rally_openstack.contexts.keystone.users [-] Creating 3 tenants using 20 threads
2019-11-24 00:34:08.764 1845 RALLYDEBUG rally_openstack.contexts.keystone.users [-] Creating 6 users using 20 threads
2019-11-24 00:34:10.299 1845 INFO rally.task.context [-] Task 6fc61b2b-3aa8-4cee-9f47-4a2ffc4f2464 | Context users@openstack setup() finished in 2.57 sec
2019-11-24 00:34:10.794 1845 INFO rally.task.context [-] Task 6fc61b2b-3aa8-4cee-9f47-4a2ffc4f2464 | Context api_versions@openstack setup() finished in 0.49 sec
2019-11-24 00:34:11.637 1845 INFO rally.task.context [-] Task 6fc61b2b-3aa8-4cee-9f47-4a2ffc4f2464 | Context quotas@openstack setup() finished in 0.84 sec
2019-11-24 00:34:41.853 1845 INFO rally.task.context [-] Task 6fc61b2b-3aa8-4cee-9f47-4a2ffc4f2464 | Context volumes@openstack setup() finished in 30.22 sec
2019-11-24 00:34:41.863 1845 RALLYDEBUG rally.task.runner [-] Starting the constant runner (task UUID: 6fc61b2b-3aa8-4cee-9f47-4a2ffc4f2464). times: 10 concurrency: 4 timeout: 0 max_cpu_used: 16 processes_to_start: 4 concurrency_per_worker: 1 concurrency_overhead: 0
2019-11-24 00:34:41.875 3845 RALLYDEBUG rally.task.runner [-] Starting a worker. times: 10 duration: None concurrency: 1 timeout: 0 cls: method_name: run args: {"detailed": true}
2019-11-24 00:34:41.879 3846 RALLYDEBUG rally.task.runner [-] Starting a worker. times: 10 duration: None concurrency: 1 timeout: 0 cls: method_name: run args: {"detailed": true}
2019-11-24 00:34:41.882 3845 INFO rally.task.runner [-] Task 6fc61b2b-3aa8-4cee-9f47-4a2ffc4f2464 | ITER: 1 START
2019-11-24 00:34:41.882 3847 RALLYDEBUG rally.task.runner [-] Starting a worker. times: 10 duration: None concurrency: 1 timeout: 0 cls: method_name: run args: {"detailed": true}
2019-11-24 00:34:41.887 3848 RALLYDEBUG rally.task.runner [-] Starting a worker. times: 10 duration: None concurrency: 1 timeout: 0 cls: method_name: run args: {"detailed": true}
2019-11-24 00:34:41.887 3846 INFO rally.task.runner [-] Task 6fc61b2b-3aa8-4cee-9f47-4a2ffc4f2464 | ITER: 2 START
2019-11-24 00:34:41.890 3847 INFO rally.task.runner [-] Task 6fc61b2b-3aa8-4cee-9f47-4a2ffc4f2464 | ITER: 3 START
2019-11-24 00:34:41.894 3848 INFO rally.task.runner [-] Task 6fc61b2b-3aa8-4cee-9f47-4a2ffc4f2464 | ITER: 4 START
2019-11-24 00:34:42.305 3848 INFO rally.task.runner [-] Task 6fc61b2b-3aa8-4cee-9f47-4a2ffc4f2464 | ITER: 4 END: OK
2019-11-24 00:34:42.310 3848 INFO rally.task.runner [-] Task 6fc61b2b-3aa8-4cee-9f47-4a2ffc4f2464 | ITER: 5 START
2019-11-24 00:34:42.390 3845 INFO rally.task.runner [-] Task 6fc61b2b-3aa8-4cee-9f47-4a2ffc4f2464 | ITER: 1 END: OK
2019-11-24 00:34:42.395 3845 INFO rally.task.runner [-] Task 6fc61b2b-3aa8-4cee-9f47-4a2ffc4f2464 | ITER: 6 START
2019-11-24 00:34:42.404 3846 INFO rally.task.runner [-] Task 6fc61b2b-3aa8-4cee-9f47-4a2ffc4f2464 | ITER: 2 END: OK
2019-11-24 00:34:42.408 3846 INFO rally.task.runner [-] Task 6fc61b2b-3aa8-4cee-9f47-4a2ffc4f2464 | ITER: 7 START
2019-11-24 00:34:42.419 3847 INFO rally.task.runner [-] Task 6fc61b2b-3aa8-4cee-9f47-4a2ffc4f2464 | ITER: 3 END: OK
2019-11-24 00:34:42.424 3847 INFO rally.task.runner [-] Task 6fc61b2b-3aa8-4cee-9f47-4a2ffc4f2464 | ITER: 8 START
2019-11-24 00:34:42.707 3848 INFO rally.task.runner [-] Task 6fc61b2b-3aa8-4cee-9f47-4a2ffc4f2464 | ITER: 5 END: OK
2019-11-24 00:34:42.711 3848 INFO rally.task.runner [-] Task 6fc61b2b-3aa8-4cee-9f47-4a2ffc4f2464 | ITER: 9 START
2019-11-24 00:34:42.792 3845 INFO rally.task.runner [-] Task 6fc61b2b-3aa8-4cee-9f47-4a2ffc4f2464 | ITER: 6 END: OK
2019-11-24 00:34:42.795 3845 INFO rally.task.runner [-] Task 6fc61b2b-3aa8-4cee-9f47-4a2ffc4f2464 | ITER: 10 START
2019-11-24 00:34:42.807 3847 INFO rally.task.runner [-] Task 6fc61b2b-3aa8-4cee-9f47-4a2ffc4f2464 | ITER: 8 END: OK
2019-11-24 00:34:42.812 3846 INFO rally.task.runner [-] Task 6fc61b2b-3aa8-4cee-9f47-4a2ffc4f2464 | ITER: 7 END: OK
2019-11-24 00:34:43.104 3848 INFO rally.task.runner [-] Task 6fc61b2b-3aa8-4cee-9f47-4a2ffc4f2464 | ITER: 9 END: OK
2019-11-24 00:34:43.199 3845 INFO rally.task.runner [-] Task 6fc61b2b-3aa8-4cee-9f47-4a2ffc4f2464 | ITER: 10 END: OK
2019-11-24 00:34:43.226 1845 INFO rally.task.context [-] Task 6fc61b2b-3aa8-4cee-9f47-4a2ffc4f2464 | Context volumes@openstack cleanup() started
2019-11-24 00:34:43.227 1845 RALLYDEBUG rally_openstack.cleanup.manager [-] Cleaning up cinder volumes objects
2019-11-24 00:34:44.473 1845 RALLYDEBUG rally_openstack.cleanup.manager [-] Deleting cinder.volumes object c_rally_dd6d9efa_VCCQgORH (2b5ae770-78cf-4460-9d04-3d2b2ecd0c4e)
2019-11-24 00:34:44.479 1845 RALLYDEBUG rally_openstack.cleanup.manager [-] Deleting cinder.volumes object c_rally_dd6d9efa_W0Xaa8Go (6a0fbe78-15b4-4d3d-9cdf-926161a0f4d1)
2019-11-24 00:34:44.486 1845 RALLYDEBUG rally_openstack.cleanup.manager [-] Deleting cinder.volumes object c_rally_dd6d9efa_xU5BIdbX (98a0bd32-7772-4ec3-9b29-356a214e20f6)
2019-11-24 00:34:44.491 1845 RALLYDEBUG rally_openstack.cleanup.manager [-] Deleting cinder.volumes object c_rally_dd6d9efa_ArO2HMCY (dbf2251e-440d-4a04-9d0b-3702d8aad7f6)
2019-11-24 00:34:44.503 1845 RALLYDEBUG rally_openstack.cleanup.manager [-] Deleting cinder.volumes object c_rally_dd6d9efa_8dFh1Aad (cb805cf8-a0e9-4a54-a1e3-5abd9251b46f)
2019-11-24 00:34:44.509 1845 RALLYDEBUG rally_openstack.cleanup.manager [-] Deleting cinder.volumes object c_rally_dd6d9efa_PEUvmeVF (783f4989-111a-4660-bbe4-856379320626)
2019-11-24 00:34:44.515 1845 RALLYDEBUG rally_openstack.cleanup.manager [-] Deleting cinder.volumes object c_rally_dd6d9efa_sFuszNov (83fb6d82-b131-4fe8-869a-2b5756ac7632)
2019-11-24 00:34:44.518 1845 RALLYDEBUG rally_openstack.cleanup.manager [-] Deleting cinder.volumes object c_rally_dd6d9efa_XQgt2qLE (575f0e6f-762b-4ef4-988b-8e7fcf00bef0)
2019-11-24 00:34:44.532 1845 RALLYDEBUG rally_openstack.cleanup.manager [-] Deleting cinder.volumes object c_rally_dd6d9efa_skqN66pS (32d23c0b-6319-4170-a031-98847f6f6924)
2019-11-24 00:34:44.554 1845 RALLYDEBUG rally_openstack.cleanup.manager [-] Deleting cinder.volumes object c_rally_dd6d9efa_ikrgcw5b (2b4bf91b-5c5e-4b98-8e40-805d6f9de345)
2019-11-24 00:34:44.559 1845 RALLYDEBUG rally_openstack.cleanup.manager [-] Deleting cinder.volumes object c_rally_dd6d9efa_uMAmCskG (01658336-57fc-4a27-9ba0-c52741a948bd)
2019-11-24 00:34:44.575 1845 RALLYDEBUG rally_openstack.cleanup.manager [-] Deleting cinder.volumes object c_rally_dd6d9efa_LSr0EZUJ (b943ad12-5209-4995-92d4-6aa00d637708)
2019-11-24 00:34:49.426 1845 INFO rally.task.context [-] Task 6fc61b2b-3aa8-4cee-9f47-4a2ffc4f2464 | Context volumes@openstack cleanup() finished in 6.20 sec
2019-11-24 00:34:49.427 1845 INFO rally.task.context [-] Task 6fc61b2b-3aa8-4cee-9f47-4a2ffc4f2464 | Context quotas@openstack cleanup() started
2019-11-24 00:34:49.497 1845 INFO rally.task.context [-] Task 6fc61b2b-3aa8-4cee-9f47-4a2ffc4f2464 | Context quotas@openstack cleanup() finished in 70.11 msec
2019-11-24 00:34:49.498 1845 INFO rally.task.context [-] Task 6fc61b2b-3aa8-4cee-9f47-4a2ffc4f2464 | Context api_versions@openstack cleanup() started
2019-11-24 00:34:49.498 1845 INFO rally.task.context [-] Task 6fc61b2b-3aa8-4cee-9f47-4a2ffc4f2464 | Context api_versions@openstack cleanup() finished in 0.33 msec
2019-11-24 00:34:49.498 1845 INFO rally.task.context [-] Task 6fc61b2b-3aa8-4cee-9f47-4a2ffc4f2464 | Context users@openstack cleanup() started
2019-11-24 00:34:53.855 1845 INFO rally.task.context [-] Task 6fc61b2b-3aa8-4cee-9f47-4a2ffc4f2464 | Context users@openstack cleanup() finished in 4.36 sec
2019-11-24 00:34:53.980 1845 INFO rally.task.engine [-] Load duration is: 1.312213
2019-11-24 00:34:53.981 1845 INFO rally.task.engine [-] Full runner duration is: 1.363305
2019-11-24 00:34:53.981 1845 INFO rally.task.engine [-] Full duration is: 46.123802
2019-11-24 00:34:54.345 1845 INFO rally.task.engine [-] Running workload: position = 0 config = { "version": 2, "title": "A cropped version of a bigger task.", "description": "Auto-generated task from a single workload (uuid=512614dd-9a88-4f31-809b-6eaad9ec4e75)", "subtasks": [ { "title": "CinderVolumes.create_and_delete_snapshot", "description": "Create and then delete a volume-snapshot.", "scenario": { "CinderVolumes.create_and_delete_snapshot": { "force": false } }, "contexts": { "users": { "tenants": 3, "users_per_tenant": 2 }, "quotas": { "cinder": { "gigabytes": -1, "snapshots": -1, "volumes": -1 } }, "api_versions": { "cinder": { "version": 3, "service_type": "volumev3" } }, "volumes": { "size": 1, "volumes_per_tenant": 1 } }, "runner": { "constant": { "concurrency": 4, "times": 10 } }, "hooks": [], "sla": { "failure_rate": { "max": 0 } } } ] }
2019-11-24 00:34:54.372 1845 RALLYDEBUG rally_openstack.contexts.keystone.users [-] Creating 3 tenants using 20 threads
2019-11-24 00:34:55.302 1845 RALLYDEBUG rally_openstack.contexts.keystone.users [-] Creating 6 users using 20 threads
2019-11-24 00:34:56.916 1845 INFO rally.task.context [-] Task 6fc61b2b-3aa8-4cee-9f47-4a2ffc4f2464 | Context users@openstack setup() finished in 2.54 sec
2019-11-24 00:34:57.308 1845 INFO rally.task.context [-] Task 6fc61b2b-3aa8-4cee-9f47-4a2ffc4f2464 | Context api_versions@openstack setup() finished in 0.39 sec
2019-11-24 00:34:58.150 1845 INFO rally.task.context [-] Task 6fc61b2b-3aa8-4cee-9f47-4a2ffc4f2464 | Context quotas@openstack setup() finished in 0.84 sec
2019-11-24 00:35:06.871 1845 INFO rally.task.context [-] Task 6fc61b2b-3aa8-4cee-9f47-4a2ffc4f2464 | Context volumes@openstack setup() finished in 8.72 sec
2019-11-24 00:35:06.872 1845 INFO rally.task.context [-] Task 6fc61b2b-3aa8-4cee-9f47-4a2ffc4f2464 | Context cleanup@openstack setup() finished in 0.00 msec
2019-11-24 00:35:06.881 1845 RALLYDEBUG rally.task.runner [-] Starting the constant runner (task UUID: 6fc61b2b-3aa8-4cee-9f47-4a2ffc4f2464). times: 10 concurrency: 4 timeout: 0 max_cpu_used: 16 processes_to_start: 4 concurrency_per_worker: 1 concurrency_overhead: 0
2019-11-24 00:35:06.893 3969 RALLYDEBUG rally.task.runner [-] Starting a worker. times: 10 duration: None concurrency: 1 timeout: 0 cls: method_name: run args: {"force": false}
2019-11-24 00:35:06.896 3970 RALLYDEBUG rally.task.runner [-] Starting a worker. times: 10 duration: None concurrency: 1 timeout: 0 cls: method_name: run args: {"force": false}
2019-11-24 00:35:06.901 3969 INFO rally.task.runner [-] Task 6fc61b2b-3aa8-4cee-9f47-4a2ffc4f2464 | ITER: 1 START
2019-11-24 00:35:06.900 3971 RALLYDEBUG rally.task.runner [-] Starting a worker. times: 10 duration: None concurrency: 1 timeout: 0 cls: method_name: run args: {"force": false}
2019-11-24 00:35:06.903 3970 INFO rally.task.runner [-] Task 6fc61b2b-3aa8-4cee-9f47-4a2ffc4f2464 | ITER: 2 START
2019-11-24 00:35:06.904 3973 RALLYDEBUG rally.task.runner [-] Starting a worker. times: 10 duration: None concurrency: 1 timeout: 0 cls: method_name: run args: {"force": false}
2019-11-24 00:35:06.907 3971 INFO rally.task.runner [-] Task 6fc61b2b-3aa8-4cee-9f47-4a2ffc4f2464 | ITER: 3 START
2019-11-24 00:35:06.912 3973 INFO rally.task.runner [-] Task 6fc61b2b-3aa8-4cee-9f47-4a2ffc4f2464 | ITER: 4 START
2019-11-24 00:35:09.632 3970 RALLYDEBUG rally.task.utils [-] Waiting for resource s_rally_512614dd_1ig5EE72. Status changed: AVAILABLE => DELETING in 0.027612924575805664
2019-11-24 00:35:09.691 3971 RALLYDEBUG rally.task.utils [-] Waiting for resource s_rally_512614dd_c5dxUTUl. Status changed: AVAILABLE => DELETING in 0.02958965301513672
2019-11-24 00:35:09.732 3973 RALLYDEBUG rally.task.utils [-] Waiting for resource s_rally_512614dd_tiIr8Lhm. Status changed: AVAILABLE => DELETING in 0.03186821937561035
2019-11-24 00:35:09.806 3969 RALLYDEBUG rally.task.utils [-] Waiting for resource s_rally_512614dd_6lnlaMcc. Status changed: AVAILABLE => DELETING in 0.027949810028076172
2019-11-24 00:35:11.665 3970 INFO rally.task.runner [-] Task 6fc61b2b-3aa8-4cee-9f47-4a2ffc4f2464 | ITER: 2 END: OK
2019-11-24 00:35:11.670 3970 INFO rally.task.runner [-] Task 6fc61b2b-3aa8-4cee-9f47-4a2ffc4f2464 | ITER: 5 START
2019-11-24 00:35:11.729 3971 INFO rally.task.runner [-] Task 6fc61b2b-3aa8-4cee-9f47-4a2ffc4f2464 | ITER: 3 END: OK
2019-11-24 00:35:11.733 3971 INFO rally.task.runner [-] Task 6fc61b2b-3aa8-4cee-9f47-4a2ffc4f2464 | ITER: 6 START
2019-11-24 00:35:11.764 3973 INFO rally.task.runner [-] Task 6fc61b2b-3aa8-4cee-9f47-4a2ffc4f2464 | ITER: 4 END: OK
2019-11-24 00:35:11.768 3973 INFO rally.task.runner [-] Task 6fc61b2b-3aa8-4cee-9f47-4a2ffc4f2464 | ITER: 7 START
2019-11-24 00:35:11.836 3969 INFO rally.task.runner [-] Task 6fc61b2b-3aa8-4cee-9f47-4a2ffc4f2464 | ITER: 1 END: OK
2019-11-24 00:35:11.841 3969 INFO rally.task.runner [-] Task 6fc61b2b-3aa8-4cee-9f47-4a2ffc4f2464 | ITER: 8 START
2019-11-24 00:35:14.375 3970 RALLYDEBUG rally.task.utils [-] Waiting for resource s_rally_512614dd_7wZtTM5c. Status changed: AVAILABLE => DELETING in 0.033303022384643555
2019-11-24 00:35:14.436 3973 RALLYDEBUG rally.task.utils [-] Waiting for resource s_rally_512614dd_DgPrAWD5. Status changed: AVAILABLE => DELETING in 0.027295351028442383
2019-11-24 00:35:14.461 3971 RALLYDEBUG rally.task.utils [-] Waiting for resource s_rally_512614dd_0vpoIKGc. Status changed: AVAILABLE => DELETING in 0.027722835540771484
2019-11-24 00:35:14.504 3969 RALLYDEBUG rally.task.utils [-] Waiting for resource s_rally_512614dd_hR4lhoml. Status changed: AVAILABLE => DELETING in 0.02555680274963379
2019-11-24 00:35:16.408 3970 INFO rally.task.runner [-] Task 6fc61b2b-3aa8-4cee-9f47-4a2ffc4f2464 | ITER: 5 END: OK
2019-11-24 00:35:16.412 3970 INFO rally.task.runner [-] Task 6fc61b2b-3aa8-4cee-9f47-4a2ffc4f2464 | ITER: 9 START
2019-11-24 00:35:16.466 3973 INFO rally.task.runner [-] Task 6fc61b2b-3aa8-4cee-9f47-4a2ffc4f2464 | ITER: 7 END: OK
2019-11-24 00:35:16.470 3973 INFO rally.task.runner [-] Task 6fc61b2b-3aa8-4cee-9f47-4a2ffc4f2464 | ITER: 10 START
2019-11-24 00:35:16.495 3971 INFO rally.task.runner [-] Task 6fc61b2b-3aa8-4cee-9f47-4a2ffc4f2464 | ITER: 6 END: OK
2019-11-24 00:35:16.534 3969 INFO rally.task.runner [-] Task 6fc61b2b-3aa8-4cee-9f47-4a2ffc4f2464 | ITER: 8 END: OK
2019-11-24 00:35:19.140 3973 RALLYDEBUG rally.task.utils [-] Waiting for resource s_rally_512614dd_mOE1aOaJ. Status changed: AVAILABLE => DELETING in 0.031302690505981445
2019-11-24 00:35:19.251 3970 RALLYDEBUG rally.task.utils [-] Waiting for resource s_rally_512614dd_F5i5Bcxb. Status changed: AVAILABLE => DELETING in 0.032691001892089844
2019-11-24 00:35:21.172 3973 INFO rally.task.runner [-] Task 6fc61b2b-3aa8-4cee-9f47-4a2ffc4f2464 | ITER: 10 END: OK
2019-11-24 00:35:21.284 3970 INFO rally.task.runner [-] Task 6fc61b2b-3aa8-4cee-9f47-4a2ffc4f2464 | ITER: 9 END: OK
2019-11-24 00:35:21.306 1845 INFO rally.task.context [-] Task 6fc61b2b-3aa8-4cee-9f47-4a2ffc4f2464 | Context cleanup@openstack cleanup() started
2019-11-24 00:35:21.309 1845 RALLYDEBUG rally_openstack.cleanup.manager [-] Cleaning up cinder backups objects
2019-11-24 00:35:22.466 1845 RALLYDEBUG rally_openstack.cleanup.manager [-] Cleaning up cinder volume_snapshots objects
2019-11-24 00:35:23.621 1845 RALLYDEBUG rally_openstack.cleanup.manager [-] Cleaning up cinder transfers objects
2019-11-24 00:35:24.788 1845 RALLYDEBUG rally_openstack.cleanup.manager [-] Cleaning up cinder volumes objects
2019-11-24 00:35:26.026 1845 INFO rally.task.context [-] Task 6fc61b2b-3aa8-4cee-9f47-4a2ffc4f2464 | Context cleanup@openstack cleanup() finished in 4.72 sec
2019-11-24 00:35:26.027 1845 INFO rally.task.context [-] Task 6fc61b2b-3aa8-4cee-9f47-4a2ffc4f2464 | Context volumes@openstack cleanup() started
2019-11-24 00:35:26.028 1845 RALLYDEBUG rally_openstack.cleanup.manager [-] Cleaning up cinder volumes objects
2019-11-24 00:35:27.248 1845 RALLYDEBUG rally_openstack.cleanup.manager [-] Deleting cinder.volumes object c_rally_512614dd_UZDl2NWO (d26d222f-1a74-46f9-93e7-cf27671b5e2e)
2019-11-24 00:35:27.255 1845 RALLYDEBUG rally_openstack.cleanup.manager [-] Deleting cinder.volumes object c_rally_512614dd_wsofAbJ9 (5643e6fc-3dd0-450b-bf16-b8cf54a028f7)
2019-11-24 00:35:27.261 1845 RALLYDEBUG rally_openstack.cleanup.manager [-] Deleting cinder.volumes object c_rally_512614dd_MaGwp59q (341adf2f-d8d6-446d-bdbe-6440a73422d7)
2019-11-24 00:35:30.904 1845 INFO rally.task.context [-] Task 6fc61b2b-3aa8-4cee-9f47-4a2ffc4f2464 | Context volumes@openstack cleanup() finished in 4.88 sec
2019-11-24 00:35:30.904 1845 INFO rally.task.context [-] Task 6fc61b2b-3aa8-4cee-9f47-4a2ffc4f2464 | Context quotas@openstack cleanup() started
2019-11-24 00:35:30.984 1845 INFO rally.task.context [-] Task 6fc61b2b-3aa8-4cee-9f47-4a2ffc4f2464 | Context quotas@openstack cleanup() finished in 79.80 msec
2019-11-24 00:35:30.985 1845 INFO rally.task.context [-] Task 6fc61b2b-3aa8-4cee-9f47-4a2ffc4f2464 | Context api_versions@openstack cleanup() started
2019-11-24 00:35:30.985 1845 INFO rally.task.context [-] Task 6fc61b2b-3aa8-4cee-9f47-4a2ffc4f2464 | Context api_versions@openstack cleanup() finished in 0.27 msec
2019-11-24 00:35:30.985 1845 INFO rally.task.context [-] Task 6fc61b2b-3aa8-4cee-9f47-4a2ffc4f2464 | Context users@openstack cleanup() started
2019-11-24 00:35:35.368 1845 INFO rally.task.context [-] Task 6fc61b2b-3aa8-4cee-9f47-4a2ffc4f2464 | Context users@openstack cleanup() finished in 4.38 sec
2019-11-24 00:35:36.584 1845 INFO rally.task.engine [-] Load duration is: 14.379203
2019-11-24 00:35:36.585 1845 INFO rally.task.engine [-] Full runner duration is: 14.425407
2019-11-24 00:35:36.585 1845 INFO rally.task.engine [-] Full duration is: 40.998441
2019-11-24 00:35:36.960 1845 INFO rally.task.engine [-] Running workload: position = 0 config = { "version": 2, "title": "A cropped version of a bigger task.", "description": "Auto-generated task from a single workload (uuid=c5fe9d56-c0e3-470f-acb7-c6526b40f1a2)", "subtasks": [ { "title": "CinderVolumes.create_and_delete_volume", "description": "Create and then delete a volume.", "scenario": { "CinderVolumes.create_and_delete_volume": { "size": { "max": 1, "min": 1 } } }, "contexts": { "users": { "tenants": 3, "users_per_tenant": 2 }, "quotas": { "cinder": { "gigabytes": -1, "snapshots": -1, "volumes": -1 } }, "api_versions": { "cinder": { "version": 3, "service_type": "volumev3" } } }, "runner": { "constant": { "concurrency": 4, "times": 10 } }, "hooks": [], "sla": { "failure_rate": { "max": 0 } } } ] }
2019-11-24 00:35:36.984 1845 RALLYDEBUG rally_openstack.contexts.keystone.users [-] Creating 3 tenants using 20 threads
2019-11-24 00:35:37.917 1845 RALLYDEBUG rally_openstack.contexts.keystone.users [-] Creating 6 users using 20 threads
2019-11-24 00:35:39.520 1845 INFO rally.task.context [-] Task 6fc61b2b-3aa8-4cee-9f47-4a2ffc4f2464 | Context users@openstack setup() finished in 2.54 sec
2019-11-24 00:35:39.940 1845 INFO rally.task.context [-] Task 6fc61b2b-3aa8-4cee-9f47-4a2ffc4f2464 | Context api_versions@openstack setup() finished in 0.42 sec
2019-11-24 00:35:40.880 1845 INFO rally.task.context [-] Task 6fc61b2b-3aa8-4cee-9f47-4a2ffc4f2464 | Context quotas@openstack setup() finished in 0.94 sec
2019-11-24 00:35:40.881 1845 INFO rally.task.context [-] Task 6fc61b2b-3aa8-4cee-9f47-4a2ffc4f2464 | Context cleanup@openstack setup() finished in 0.01 msec
2019-11-24 00:35:40.890 1845 RALLYDEBUG rally.task.runner [-] Starting the constant runner (task UUID: 6fc61b2b-3aa8-4cee-9f47-4a2ffc4f2464). times: 10 concurrency: 4 timeout: 0 max_cpu_used: 16 processes_to_start: 4 concurrency_per_worker: 1 concurrency_overhead: 0
2019-11-24 00:35:40.902 4173 RALLYDEBUG rally.task.runner [-] Starting a worker. times: 10 duration: None concurrency: 1 timeout: 0 cls: method_name: run args: {"size": {"max": 1, "min": 1}}
2019-11-24 00:35:40.906 4174 RALLYDEBUG rally.task.runner [-] Starting a worker. times: 10 duration: None concurrency: 1 timeout: 0 cls: method_name: run args: {"size": {"max": 1, "min": 1}}
2019-11-24 00:35:40.910 4173 INFO rally.task.runner [-] Task 6fc61b2b-3aa8-4cee-9f47-4a2ffc4f2464 | ITER: 1 START
2019-11-24 00:35:40.910 4175 RALLYDEBUG rally.task.runner [-] Starting a worker. times: 10 duration: None concurrency: 1 timeout: 0 cls: method_name: run args: {"size": {"max": 1, "min": 1}}
2019-11-24 00:35:40.913 4174 INFO rally.task.runner [-] Task 6fc61b2b-3aa8-4cee-9f47-4a2ffc4f2464 | ITER: 2 START
2019-11-24 00:35:40.914 4176 RALLYDEBUG rally.task.runner [-] Starting a worker. times: 10 duration: None concurrency: 1 timeout: 0 cls: method_name: run args: {"size": {"max": 1, "min": 1}}
2019-11-24 00:35:40.917 4175 INFO rally.task.runner [-] Task 6fc61b2b-3aa8-4cee-9f47-4a2ffc4f2464 | ITER: 3 START
2019-11-24 00:35:40.921 4176 INFO rally.task.runner [-] Task 6fc61b2b-3aa8-4cee-9f47-4a2ffc4f2464 | ITER: 4 START
2019-11-24 00:35:43.844 4174 RALLYDEBUG rally.task.utils [-] Waiting for resource s_rally_c5fe9d56_RndiIT0F. Status changed: AVAILABLE => DELETING in 0.051363468170166016
2019-11-24 00:35:43.865 4175 RALLYDEBUG rally.task.utils [-] Waiting for resource s_rally_c5fe9d56_bLDq3SWa. Status changed: AVAILABLE => DELETING in 0.05504870414733887
2019-11-24 00:35:43.872 4176 RALLYDEBUG rally.task.utils [-] Waiting for resource s_rally_c5fe9d56_SGvrGhgy. Status changed: AVAILABLE => DELETING in 0.04929995536804199
2019-11-24 00:35:43.997 4173 RALLYDEBUG rally.task.utils [-] Waiting for resource s_rally_c5fe9d56_sfExGZMj. Status changed: AVAILABLE => DELETING in 0.061338186264038086
2019-11-24 00:35:45.886 4174 INFO rally.task.runner [-] Task 6fc61b2b-3aa8-4cee-9f47-4a2ffc4f2464 | ITER: 2 END: OK
2019-11-24 00:35:45.891 4174 INFO rally.task.runner [-] Task 6fc61b2b-3aa8-4cee-9f47-4a2ffc4f2464 | ITER: 5 START
2019-11-24 00:35:45.907 4175 INFO rally.task.runner [-] Task 6fc61b2b-3aa8-4cee-9f47-4a2ffc4f2464 | ITER: 3 END: OK
2019-11-24 00:35:45.912 4175 INFO rally.task.runner [-] Task 6fc61b2b-3aa8-4cee-9f47-4a2ffc4f2464 | ITER: 6 START
2019-11-24 00:35:45.914 4176 INFO rally.task.runner [-] Task 6fc61b2b-3aa8-4cee-9f47-4a2ffc4f2464 | ITER: 4 END: OK
2019-11-24 00:35:45.918 4176 INFO rally.task.runner [-] Task 6fc61b2b-3aa8-4cee-9f47-4a2ffc4f2464 | ITER: 7 START
2019-11-24 00:35:46.042 4173 INFO rally.task.runner [-] Task 6fc61b2b-3aa8-4cee-9f47-4a2ffc4f2464 | ITER: 1 END: OK
2019-11-24 00:35:46.047 4173 INFO rally.task.runner [-] Task 6fc61b2b-3aa8-4cee-9f47-4a2ffc4f2464 | ITER: 8 START
2019-11-24 00:35:48.706 4176 RALLYDEBUG rally.task.utils [-] Waiting for resource s_rally_c5fe9d56_D7ECjHSe. Status changed: AVAILABLE => DELETING in 0.0540468692779541
2019-11-24 00:35:48.712 4175 RALLYDEBUG rally.task.utils [-] Waiting for resource s_rally_c5fe9d56_x0LvAVCA. Status changed: AVAILABLE => DELETING in 0.06105995178222656
2019-11-24 00:35:48.823 4174 RALLYDEBUG rally.task.utils [-] Waiting for resource s_rally_c5fe9d56_WFSJJJAG. Status changed: AVAILABLE => DELETING in 0.06013894081115723
2019-11-24 00:35:48.934 4173 RALLYDEBUG rally.task.utils [-] Waiting for resource s_rally_c5fe9d56_BkqvSFms. Status changed: AVAILABLE => DELETING in 0.06135988235473633
2019-11-24 00:35:50.749 4176 INFO rally.task.runner [-] Task 6fc61b2b-3aa8-4cee-9f47-4a2ffc4f2464 | ITER: 7 END: OK
2019-11-24 00:35:50.753 4176 INFO rally.task.runner [-] Task 6fc61b2b-3aa8-4cee-9f47-4a2ffc4f2464 | ITER: 9 START
2019-11-24 00:35:50.757 4175 INFO rally.task.runner [-] Task 6fc61b2b-3aa8-4cee-9f47-4a2ffc4f2464 | ITER: 6 END: OK
2019-11-24 00:35:50.762 4175 INFO rally.task.runner [-] Task 6fc61b2b-3aa8-4cee-9f47-4a2ffc4f2464 | ITER: 10 START
2019-11-24 00:35:50.866 4174 INFO rally.task.runner [-] Task 6fc61b2b-3aa8-4cee-9f47-4a2ffc4f2464 | ITER: 5 END: OK
2019-11-24 00:35:50.973 4173 INFO rally.task.runner [-] Task 6fc61b2b-3aa8-4cee-9f47-4a2ffc4f2464 | ITER: 8 END: OK
2019-11-24 00:35:53.568 4176 RALLYDEBUG rally.task.utils [-] Waiting for resource s_rally_c5fe9d56_rRXddMQG. Status changed: AVAILABLE => DELETING in 0.05951261520385742
2019-11-24 00:35:53.641 4175 RALLYDEBUG rally.task.utils [-] Waiting for resource s_rally_c5fe9d56_S5TYgMY3. Status changed: AVAILABLE => DELETING in 0.0721578598022461
2019-11-24 00:35:55.610 4176 INFO rally.task.runner [-] Task 6fc61b2b-3aa8-4cee-9f47-4a2ffc4f2464 | ITER: 9 END: OK
2019-11-24 00:35:55.682 4175 INFO rally.task.runner [-] Task 6fc61b2b-3aa8-4cee-9f47-4a2ffc4f2464 | ITER: 10 END: OK
2019-11-24 00:35:55.706 1845 INFO rally.task.context [-] Task 6fc61b2b-3aa8-4cee-9f47-4a2ffc4f2464 | Context cleanup@openstack cleanup() started
2019-11-24 00:35:55.710 1845 RALLYDEBUG rally_openstack.cleanup.manager [-] Cleaning up cinder backups objects
2019-11-24 00:35:56.873 1845 RALLYDEBUG rally_openstack.cleanup.manager [-] Cleaning up cinder volume_snapshots objects
2019-11-24 00:35:58.035 1845 RALLYDEBUG rally_openstack.cleanup.manager [-] Cleaning up cinder transfers objects
2019-11-24 00:35:59.183 1845 RALLYDEBUG rally_openstack.cleanup.manager [-] Cleaning up cinder volumes objects
2019-11-24 00:36:00.506 1845 INFO rally.task.context [-] Task 6fc61b2b-3aa8-4cee-9f47-4a2ffc4f2464 | Context cleanup@openstack cleanup() finished in 4.80 sec
2019-11-24 00:36:00.507 1845 INFO rally.task.context [-] Task 6fc61b2b-3aa8-4cee-9f47-4a2ffc4f2464 | Context quotas@openstack cleanup() started
2019-11-24 00:36:00.582 1845 INFO rally.task.context [-] Task 6fc61b2b-3aa8-4cee-9f47-4a2ffc4f2464 | Context quotas@openstack cleanup() finished in 75.28 msec
2019-11-24 00:36:00.583 1845 INFO rally.task.context [-] Task 6fc61b2b-3aa8-4cee-9f47-4a2ffc4f2464 | Context api_versions@openstack cleanup() started
2019-11-24 00:36:00.583 1845 INFO rally.task.context [-] Task 6fc61b2b-3aa8-4cee-9f47-4a2ffc4f2464 | Context api_versions@openstack cleanup() finished in 0.39 msec
2019-11-24 00:36:00.584 1845 INFO rally.task.context [-] Task 6fc61b2b-3aa8-4cee-9f47-4a2ffc4f2464 | Context users@openstack cleanup() started
2019-11-24 00:36:05.219 1845 INFO rally.task.context [-] Task 6fc61b2b-3aa8-4cee-9f47-4a2ffc4f2464 | Context users@openstack cleanup() finished in 4.63 sec
