2019-11-24 00:58:48.511 13455 INFO rally.task.runner [-] Task cd5d8182-1522-4733-82cd-05b1dd16f4f0 | ITER: 1 START
2019-11-24 00:58:48.513 13457 RALLYDEBUG rally.task.runner [-] Starting a worker. times: 10 duration: None concurrency: 1 timeout: 0 cls: method_name: run args: {}
2019-11-24 00:58:48.515 13456 INFO rally.task.runner [-] Task cd5d8182-1522-4733-82cd-05b1dd16f4f0 | ITER: 2 START
2019-11-24 00:58:48.516 13460 RALLYDEBUG rally.task.runner [-] Starting a worker. times: 10 duration: None concurrency: 1 timeout: 0 cls: method_name: run args: {}
2019-11-24 00:58:48.518 13457 INFO rally.task.runner [-] Task cd5d8182-1522-4733-82cd-05b1dd16f4f0 | ITER: 3 START
2019-11-24 00:58:48.521 13460 INFO rally.task.runner [-] Task cd5d8182-1522-4733-82cd-05b1dd16f4f0 | ITER: 4 START
2019-11-24 00:58:50.101 13460 INFO rally.task.runner [-] Task cd5d8182-1522-4733-82cd-05b1dd16f4f0 | ITER: 4 END: OK
2019-11-24 00:58:50.104 13460 INFO rally.task.runner [-] Task cd5d8182-1522-4733-82cd-05b1dd16f4f0 | ITER: 5 START
2019-11-24 00:58:50.140 13455 INFO rally.task.runner [-] Task cd5d8182-1522-4733-82cd-05b1dd16f4f0 | ITER: 1 END: OK
2019-11-24 00:58:50.141 13456 INFO rally.task.runner [-] Task cd5d8182-1522-4733-82cd-05b1dd16f4f0 | ITER: 2 END: OK
2019-11-24 00:58:50.144 13456 INFO rally.task.runner [-] Task cd5d8182-1522-4733-82cd-05b1dd16f4f0 | ITER: 7 START
2019-11-24 00:58:50.144 13455 INFO rally.task.runner [-] Task cd5d8182-1522-4733-82cd-05b1dd16f4f0 | ITER: 6 START
2019-11-24 00:58:50.174 13457 INFO rally.task.runner [-] Task cd5d8182-1522-4733-82cd-05b1dd16f4f0 | ITER: 3 END: OK
2019-11-24 00:58:50.177 13457 INFO rally.task.runner [-] Task cd5d8182-1522-4733-82cd-05b1dd16f4f0 | ITER: 8 START
2019-11-24 00:58:51.596 13460 INFO rally.task.runner [-] Task cd5d8182-1522-4733-82cd-05b1dd16f4f0 | ITER: 5 END: OK
2019-11-24 00:58:51.598 13460 INFO rally.task.runner [-] Task cd5d8182-1522-4733-82cd-05b1dd16f4f0 | ITER: 9 START
2019-11-24 00:58:51.599 13456 INFO rally.task.runner [-] Task cd5d8182-1522-4733-82cd-05b1dd16f4f0 | ITER: 7 END: OK
2019-11-24 00:58:51.602 13456 INFO rally.task.runner [-] Task cd5d8182-1522-4733-82cd-05b1dd16f4f0 | ITER: 10 START
2019-11-24 00:58:51.608 13455 INFO rally.task.runner [-] Task cd5d8182-1522-4733-82cd-05b1dd16f4f0 | ITER: 6 END: OK
2019-11-24 00:58:51.653 13457 INFO rally.task.runner [-] Task cd5d8182-1522-4733-82cd-05b1dd16f4f0 | ITER: 8 END: OK
2019-11-24 00:58:53.125 13456 INFO rally.task.runner [-] Task cd5d8182-1522-4733-82cd-05b1dd16f4f0 | ITER: 10 END: OK
2019-11-24 00:58:53.134 13460 INFO rally.task.runner [-] Task cd5d8182-1522-4733-82cd-05b1dd16f4f0 | ITER: 9 END: OK
2019-11-24 00:58:53.163 11675 INFO rally.task.context [-] Task cd5d8182-1522-4733-82cd-05b1dd16f4f0 | Context admin_cleanup@openstack cleanup() started
2019-11-24 00:58:53.167 11675 RALLYDEBUG rally_openstack.cleanup.manager [-] Cleaning up keystone user objects
2019-11-24 00:58:53.928 11675 RALLYDEBUG rally_openstack.cleanup.manager [-] Deleting keystone.user object s_rally_25409d8f_orLdFRkl (1df8e10242494f47947a40549053dc78)
2019-11-24 00:58:53.952 11675 RALLYDEBUG rally_openstack.cleanup.manager [-] Deleting keystone.user object s_rally_25409d8f_gi5xX0B4 (54a8771313d548f1a6c5d60be03205c6)
2019-11-24 00:58:53.961 11675 RALLYDEBUG rally_openstack.cleanup.manager [-] Deleting keystone.user object s_rally_25409d8f_UlNdRnjs (65c332830ff44b25842dd430402f315f)
2019-11-24 00:58:53.966 11675 RALLYDEBUG rally_openstack.cleanup.manager [-] Deleting keystone.user object s_rally_25409d8f_BEuDTb5m (3ed94595a1b74755b01e85e2c36bc51f)
2019-11-24 00:58:53.974 11675 RALLYDEBUG rally_openstack.cleanup.manager [-] Deleting keystone.user object s_rally_25409d8f_H9AYoRyP (666a8a7d679b4f47bfd3a3671994996e)
2019-11-24 00:58:53.991 11675 RALLYDEBUG rally_openstack.cleanup.manager [-] Deleting keystone.user object s_rally_25409d8f_Xm9LeLDp (9e493f65c88a4b268719a0cf865cd973)
2019-11-24 00:58:53.995 11675 RALLYDEBUG rally_openstack.cleanup.manager [-] Deleting keystone.user object s_rally_25409d8f_UxucKjpa (a158a3cd8b0147bf81c69fe7a4136e32)
2019-11-24 00:58:54.026 11675 RALLYDEBUG rally_openstack.cleanup.manager [-] Deleting keystone.user object s_rally_25409d8f_fbvBCTzN (ab4780c5cf5c49739d6e38e7e06a3dca)
2019-11-24 00:58:54.040 11675 RALLYDEBUG rally_openstack.cleanup.manager [-] Deleting keystone.user object s_rally_25409d8f_IQxG7zYu (c90e69be71d64790ad9c75db89ec2838)
2019-11-24 00:58:54.053 11675 RALLYDEBUG rally_openstack.cleanup.manager [-] Deleting keystone.user object s_rally_25409d8f_x8fkPJi9 (d184f7ce1fec4b2daaeddc6f5b9fb8db)
2019-11-24 00:58:56.260 11675 RALLYDEBUG rally_openstack.cleanup.manager [-] Cleaning up keystone project objects
2019-11-24 00:58:57.064 11675 RALLYDEBUG rally_openstack.cleanup.manager [-] Cleaning up keystone service objects
2019-11-24 00:58:57.832 11675 RALLYDEBUG rally_openstack.cleanup.manager [-] Cleaning up keystone role objects
2019-11-24 00:58:58.644 11675 INFO rally.task.context [-] Task cd5d8182-1522-4733-82cd-05b1dd16f4f0 | Context admin_cleanup@openstack cleanup() finished in 5.48 sec
2019-11-24 00:58:58.645 11675 INFO rally.task.context [-] Task cd5d8182-1522-4733-82cd-05b1dd16f4f0 | Context users@openstack cleanup() started
2019-11-24 00:59:01.594 11675 INFO rally.task.context [-] Task cd5d8182-1522-4733-82cd-05b1dd16f4f0 | Context users@openstack cleanup() finished in 2.95 sec
2019-11-24 00:59:02.272 11675 INFO rally.task.engine [-] Load duration is: 3.298685
2019-11-24 00:59:02.272 11675 INFO rally.task.engine [-] Full runner duration is: 4.669365
2019-11-24 00:59:02.273 11675 INFO rally.task.engine [-] Full duration is: 15.407752
2019-11-24 00:59:02.571 11675 INFO rally.task.engine [-] Running workload: position = 0 config = { "version": 2, "title": "A cropped version of a bigger task.", "description": "Auto-generated task from a single workload (uuid=a0a88477-103c-464b-8f50-98bce2e0e301)", "subtasks": [ { "title": "KeystoneBasic.create_tenant_with_users", "description": "Create a keystone tenant and several users belonging to it.", "scenario": { "KeystoneBasic.create_tenant_with_users": { "users_per_tenant": 10 } }, "contexts": {}, "runner": { "constant": { "concurrency": 4, "times": 10 } }, "hooks": [], "sla": { "failure_rate": { "max": 0 } } } ] }
2019-11-24 00:59:02.593 11675 RALLYDEBUG rally_openstack.contexts.keystone.users [-] Creating 1 tenants using 20 threads
2019-11-24 00:59:03.512 11675 RALLYDEBUG rally_openstack.contexts.keystone.users [-] Creating 1 users using 20 threads
2019-11-24 00:59:04.940 11675 INFO rally.task.context [-] Task cd5d8182-1522-4733-82cd-05b1dd16f4f0 | Context users@openstack setup() finished in 2.35 sec
2019-11-24 00:59:04.940 11675 INFO rally.task.context [-] Task cd5d8182-1522-4733-82cd-05b1dd16f4f0 | Context admin_cleanup@openstack setup() finished in 0.01 msec
2019-11-24 00:59:04.949 11675 RALLYDEBUG rally.task.runner [-] Starting the constant runner (task UUID: cd5d8182-1522-4733-82cd-05b1dd16f4f0). times: 10 concurrency: 4 timeout: 0 max_cpu_used: 16 processes_to_start: 4 concurrency_per_worker: 1 concurrency_overhead: 0
2019-11-24 00:59:04.960 13639 RALLYDEBUG rally.task.runner [-] Starting a worker. times: 10 duration: None concurrency: 1 timeout: 0 cls: method_name: run args: {"users_per_tenant": 10}
2019-11-24 00:59:04.963 13640 RALLYDEBUG rally.task.runner [-] Starting a worker. times: 10 duration: None concurrency: 1 timeout: 0 cls: method_name: run args: {"users_per_tenant": 10}
2019-11-24 00:59:04.964 13639 INFO rally.task.runner [-] Task cd5d8182-1522-4733-82cd-05b1dd16f4f0 | ITER: 1 START
2019-11-24 00:59:04.967 13641 RALLYDEBUG rally.task.runner [-] Starting a worker. times: 10 duration: None concurrency: 1 timeout: 0 cls: method_name: run args: {"users_per_tenant": 10}
2019-11-24 00:59:04.968 13640 INFO rally.task.runner [-] Task cd5d8182-1522-4733-82cd-05b1dd16f4f0 | ITER: 2 START
2019-11-24 00:59:04.972 13641 INFO rally.task.runner [-] Task cd5d8182-1522-4733-82cd-05b1dd16f4f0 | ITER: 3 START
2019-11-24 00:59:04.973 13646 RALLYDEBUG rally.task.runner [-] Starting a worker. times: 10 duration: None concurrency: 1 timeout: 0 cls: method_name: run args: {"users_per_tenant": 10}
2019-11-24 00:59:04.977 13646 INFO rally.task.runner [-] Task cd5d8182-1522-4733-82cd-05b1dd16f4f0 | ITER: 4 START
2019-11-24 00:59:10.023 13641 INFO rally.task.runner [-] Task cd5d8182-1522-4733-82cd-05b1dd16f4f0 | ITER: 3 END: OK
2019-11-24 00:59:10.027 13641 INFO rally.task.runner [-] Task cd5d8182-1522-4733-82cd-05b1dd16f4f0 | ITER: 5 START
2019-11-24 00:59:10.077 13639 INFO rally.task.runner [-] Task cd5d8182-1522-4733-82cd-05b1dd16f4f0 | ITER: 1 END: OK
2019-11-24 00:59:10.080 13646 INFO rally.task.runner [-] Task cd5d8182-1522-4733-82cd-05b1dd16f4f0 | ITER: 4 END: OK
2019-11-24 00:59:10.081 13639 INFO rally.task.runner [-] Task cd5d8182-1522-4733-82cd-05b1dd16f4f0 | ITER: 6 START
2019-11-24 00:59:10.084 13646 INFO rally.task.runner [-] Task cd5d8182-1522-4733-82cd-05b1dd16f4f0 | ITER: 7 START
2019-11-24 00:59:10.179 13640 INFO rally.task.runner [-] Task cd5d8182-1522-4733-82cd-05b1dd16f4f0 | ITER: 2 END: OK
2019-11-24 00:59:10.183 13640 INFO rally.task.runner [-] Task cd5d8182-1522-4733-82cd-05b1dd16f4f0 | ITER: 8 START
2019-11-24 00:59:15.251 13646 INFO rally.task.runner [-] Task cd5d8182-1522-4733-82cd-05b1dd16f4f0 | ITER: 7 END: OK
2019-11-24 00:59:15.254 13646 INFO rally.task.runner [-] Task cd5d8182-1522-4733-82cd-05b1dd16f4f0 | ITER: 9 START
2019-11-24 00:59:15.277 13639 INFO rally.task.runner [-] Task cd5d8182-1522-4733-82cd-05b1dd16f4f0 | ITER: 6 END: OK
2019-11-24 00:59:15.279 13639 INFO rally.task.runner [-] Task cd5d8182-1522-4733-82cd-05b1dd16f4f0 | ITER: 10 START
2019-11-24 00:59:15.332 13640 INFO rally.task.runner [-] Task cd5d8182-1522-4733-82cd-05b1dd16f4f0 | ITER: 8 END: OK
2019-11-24 00:59:15.386 13641 INFO rally.task.runner [-] Task cd5d8182-1522-4733-82cd-05b1dd16f4f0 | ITER: 5 END: OK
2019-11-24 00:59:20.110 13639 INFO rally.task.runner [-] Task cd5d8182-1522-4733-82cd-05b1dd16f4f0 | ITER: 10 END: OK
2019-11-24 00:59:20.176 13646 INFO rally.task.runner [-] Task cd5d8182-1522-4733-82cd-05b1dd16f4f0 | ITER: 9 END: OK
2019-11-24 00:59:20.203 11675 INFO rally.task.context [-] Task cd5d8182-1522-4733-82cd-05b1dd16f4f0 | Context admin_cleanup@openstack cleanup() started
2019-11-24 00:59:20.207 11675 RALLYDEBUG rally_openstack.cleanup.manager [-] Cleaning up keystone user objects
2019-11-24 00:59:20.977 11675 RALLYDEBUG rally_openstack.cleanup.manager [-] Deleting keystone.user object s_rally_a0a88477_vX9csfOU (0065c5b015bf4e7ab144016557c06063)
2019-11-24 00:59:20.986 11675 RALLYDEBUG rally_openstack.cleanup.manager [-] Deleting keystone.user object s_rally_a0a88477_14rpQoCk (01eefaece1e0470681bebaab347a860c)
2019-11-24 00:59:20.995 11675 RALLYDEBUG rally_openstack.cleanup.manager [-] Deleting keystone.user object s_rally_a0a88477_nerYDRQf (05068c776498428fb60a53a8369ff6ac)
2019-11-24 00:59:21.004 11675 RALLYDEBUG rally_openstack.cleanup.manager [-] Deleting keystone.user object s_rally_a0a88477_eSQn8e0F (083237f1c9b046fa85b4ffaf7c9799e3)
2019-11-24 00:59:21.019 11675 RALLYDEBUG rally_openstack.cleanup.manager [-] Deleting keystone.user object s_rally_a0a88477_xDEoDolP (0918a6659b1e425b8fb0ae8c5aad8837)
2019-11-24 00:59:21.024 11675 RALLYDEBUG rally_openstack.cleanup.manager [-] Deleting keystone.user object s_rally_a0a88477_rEriCVLI (0973bbd9a6e143cfb076370eb3a04049)
2019-11-24 00:59:21.041 11675 RALLYDEBUG rally_openstack.cleanup.manager [-] Deleting keystone.user object s_rally_a0a88477_CBWtmbVK (0c4254870a6847ad81fe46c93a9fcefa)
2019-11-24 00:59:21.064 11675 RALLYDEBUG rally_openstack.cleanup.manager [-] Deleting keystone.user object s_rally_a0a88477_LPDbg1jD (10605c776fa640028ee2cfdc7842fb7d)
2019-11-24 00:59:21.073 11675 RALLYDEBUG rally_openstack.cleanup.manager [-] Deleting keystone.user object s_rally_a0a88477_YR2RmxdA (17f5fe7dd20d4e4b9fe5791d584ddee9)
2019-11-24 00:59:21.082 11675 RALLYDEBUG rally_openstack.cleanup.manager [-] Deleting keystone.user object s_rally_a0a88477_El7TnSKD (1903a47d24d44887922032b7b40c6364)
2019-11-24 00:59:21.101 11675 RALLYDEBUG rally_openstack.cleanup.manager [-] Deleting keystone.user object s_rally_a0a88477_i7LZtVo2 (1cbd1184bb864ef487cfff7c1988cd54)
2019-11-24 00:59:21.120 11675 RALLYDEBUG rally_openstack.cleanup.manager [-] Deleting keystone.user object s_rally_a0a88477_Atris565 (2039848ec2e24657ba183faf94f384c6)
2019-11-24 00:59:21.134 11675 RALLYDEBUG rally_openstack.cleanup.manager [-] Deleting keystone.user object s_rally_a0a88477_zixppMYP (20520e68a9a24fa1a49606a45bc55134)
2019-11-24 00:59:21.151 11675 RALLYDEBUG rally_openstack.cleanup.manager [-] Deleting keystone.user object s_rally_a0a88477_bRAAEkHF (2201911d4141476cbe2e509c73311d56)
2019-11-24 00:59:21.156 11675 RALLYDEBUG rally_openstack.cleanup.manager [-] Deleting keystone.user object s_rally_a0a88477_TEKkrBUH (28dcbf67543e4b8a93b7cb127957390f)
2019-11-24 00:59:21.170 11675 RALLYDEBUG rally_openstack.cleanup.manager [-] Deleting keystone.user object s_rally_a0a88477_w3EDgq5V (3687276bf0454227b735633c54cdb6ff)
2019-11-24 00:59:21.173 11675 RALLYDEBUG rally_openstack.cleanup.manager [-] Deleting keystone.user object s_rally_a0a88477_valttYuN (30f11e95fcba48f58667cb76f5dc6160)
2019-11-24 00:59:21.184 11675 RALLYDEBUG rally_openstack.cleanup.manager [-] Deleting keystone.user object s_rally_a0a88477_OvxDnis1 (379d954d4b894c90a3c2d7ee87ba6632)
2019-11-24 00:59:21.194 11675 RALLYDEBUG rally_openstack.cleanup.manager [-] Deleting keystone.user object s_rally_a0a88477_debJKNvy (3a5d00a2c5384dcc9e9552a9feb4e16c)
2019-11-24 00:59:21.199 11675 RALLYDEBUG rally_openstack.cleanup.manager [-] Deleting keystone.user object s_rally_a0a88477_31WgjsPM (3c99161532274330996b0d81f41473b3)
2019-11-24 00:59:22.974 11675 RALLYDEBUG rally_openstack.cleanup.manager [-] Deleting keystone.user object s_rally_a0a88477_3nFXiRBs (4119d620c0774bae96925872cdfc2f8d)
2019-11-24 00:59:23.259 11675 RALLYDEBUG rally_openstack.cleanup.manager [-] Deleting keystone.user object s_rally_a0a88477_H1xh9gGI (43584a22bd5945e08d652016b375f7ad)
2019-11-24 00:59:23.271 11675 RALLYDEBUG rally_openstack.cleanup.manager [-] Deleting keystone.user object s_rally_a0a88477_wZ6TIVw1 (43e58badb63d4c80990c06682af1ff8e)
2019-11-24 00:59:23.277 11675 RALLYDEBUG rally_openstack.cleanup.manager [-] Deleting keystone.user object s_rally_a0a88477_8J71h3Af (47180983dab94804b21b29b613d4a41b)
2019-11-24 00:59:23.303 11675 RALLYDEBUG rally_openstack.cleanup.manager [-] Deleting keystone.user object s_rally_a0a88477_VwCUiE05 (4c9c7851dea84af88071b28634b39e22)
2019-11-24 00:59:23.318 11675 RALLYDEBUG rally_openstack.cleanup.manager [-] Deleting keystone.user object s_rally_a0a88477_qAKXKNpg (4ec81cc8099d4e0b87b9cc2f5c821b37)
2019-11-24 00:59:23.326 11675 RALLYDEBUG rally_openstack.cleanup.manager [-] Deleting keystone.user object s_rally_a0a88477_bW5mjiIm (4fa0d00a771d469c9d9a2cb2670d55f0)
2019-11-24 00:59:23.336 11675 RALLYDEBUG rally_openstack.cleanup.manager [-] Deleting keystone.user object s_rally_a0a88477_3AoOCSFj (4fd32e5b0f7a46ada4583b9200c78018)
2019-11-24 00:59:23.364 11675 RALLYDEBUG rally_openstack.cleanup.manager [-] Deleting keystone.user object s_rally_a0a88477_0JeGdzpr (51479d52cd1746718c5b8b515b80b511)
2019-11-24 00:59:23.372 11675 RALLYDEBUG rally_openstack.cleanup.manager [-] Deleting keystone.user object s_rally_a0a88477_grwEYeqj (531be891a4104ab7a66ef8c452e289ae)
2019-11-24 00:59:23.457 11675 RALLYDEBUG rally_openstack.cleanup.manager [-] Deleting keystone.user object s_rally_a0a88477_oIxNqRjo (53b3f90e9d334091a9b80c4a17bda990)
2019-11-24 00:59:23.472 11675 RALLYDEBUG rally_openstack.cleanup.manager [-] Deleting keystone.user object s_rally_a0a88477_2PCSQD7I (5c9dc0f6b14447c584023be761194b17)
2019-11-24 00:59:23.507 11675 RALLYDEBUG rally_openstack.cleanup.manager [-] Deleting keystone.user object s_rally_a0a88477_KJyFL1yi (5e961abcac4e4e21924a7a6109badbbc)
2019-11-24 00:59:23.535 11675 RALLYDEBUG rally_openstack.cleanup.manager [-] Deleting keystone.user object s_rally_a0a88477_Va7x2cwv (5f55766eb4014eedb172e9deb64ab048)
2019-11-24 00:59:23.567 11675 RALLYDEBUG rally_openstack.cleanup.manager [-] Deleting keystone.user object s_rally_a0a88477_B5yk7C6v (5f9616a7a8ae4c1c8540fc2d6f0fd667)
2019-11-24 00:59:23.590 11675 RALLYDEBUG rally_openstack.cleanup.manager [-] Deleting keystone.user object s_rally_a0a88477_for7ZJME (5fd6551d83604decb92899ce3dd35666)
2019-11-24 00:59:23.643 11675 RALLYDEBUG rally_openstack.cleanup.manager [-] Deleting keystone.user object s_rally_a0a88477_CsbzlKX7 (6658ac3154614e46aa6b7e250af5c19a)
2019-11-24 00:59:23.679 11675 RALLYDEBUG rally_openstack.cleanup.manager [-] Deleting keystone.user object s_rally_a0a88477_aOe8URRv (6d527f1d3d1444a5a5a1b80fd940b241)
2019-11-24 00:59:23.746 11675 RALLYDEBUG rally_openstack.cleanup.manager [-] Deleting keystone.user object s_rally_a0a88477_g6Pk1wrM (70635b9e67a748e294efc5dd4ee09eb8)
2019-11-24 00:59:23.783 11675 RALLYDEBUG rally_openstack.cleanup.manager [-] Deleting keystone.user object s_rally_a0a88477_KGTIITtn (72f59d1f53434ef1863dac4c00be8e90)
2019-11-24 00:59:25.221 11675 RALLYDEBUG rally_openstack.cleanup.manager [-] Deleting keystone.user object s_rally_a0a88477_Mnz3fCXL (765b8d1eeb684a4387ef60f68e369c05)
2019-11-24 00:59:25.401 11675 RALLYDEBUG rally_openstack.cleanup.manager [-] Deleting keystone.user object s_rally_a0a88477_1jgOUQ1y (76f6fdbdc5f448e0aad9f3c194de44d5)
2019-11-24 00:59:25.421 11675 RALLYDEBUG rally_openstack.cleanup.manager [-] Deleting keystone.user object s_rally_a0a88477_h1SCDYcz (77c3c453d5d3488386dcb77d242c5ff5)
2019-11-24 00:59:25.454 11675 RALLYDEBUG rally_openstack.cleanup.manager [-] Deleting keystone.user object s_rally_a0a88477_cLcqJJCM (77c4e22e65f64f28ba4e57bbac99d5c8)
2019-11-24 00:59:25.463 11675 RALLYDEBUG rally_openstack.cleanup.manager [-] Deleting keystone.user object s_rally_a0a88477_DIqmX22v (7ea752ce92484ed699c8b33dcb15df0d)
2019-11-24 00:59:25.498 11675 RALLYDEBUG rally_openstack.cleanup.manager [-] Deleting keystone.user object s_rally_a0a88477_6ld794fb (802f1f137bc34f698eea3c9d804e2e88)
2019-11-24 00:59:25.515 11675 RALLYDEBUG rally_openstack.cleanup.manager [-] Deleting keystone.user object s_rally_a0a88477_Ga8oVfzf (804ad5da08e14673818c6f58dc4cb619)
2019-11-24 00:59:25.572 11675 RALLYDEBUG rally_openstack.cleanup.manager [-] Deleting keystone.user object s_rally_a0a88477_wg5pXAqX (83170a6bc5664ff99424393f9cf1ea5b)
2019-11-24 00:59:25.825 11675 RALLYDEBUG rally_openstack.cleanup.manager [-] Deleting keystone.user object s_rally_a0a88477_ydNijyyX (8331b3079155453486e3c7e254df4e97)
2019-11-24 00:59:25.834 11675 RALLYDEBUG rally_openstack.cleanup.manager [-] Deleting keystone.user object s_rally_a0a88477_W2Of9d0I (83e1caf7e8f44af3ab1938788f0d8366)
2019-11-24 00:59:25.837 11675 RALLYDEBUG rally_openstack.cleanup.manager [-] Deleting keystone.user object s_rally_a0a88477_UVpTqBTL (875e453ae5354823ad319c76ebd18be7)
2019-11-24 00:59:25.850 11675 RALLYDEBUG rally_openstack.cleanup.manager [-] Deleting keystone.user object s_rally_a0a88477_kyxxoUQR (8d78f471edb9459d9399a84e7682f1f8)
2019-11-24 00:59:25.855 11675 RALLYDEBUG rally_openstack.cleanup.manager [-] Deleting keystone.user object s_rally_a0a88477_54mFOOv4 (8d977cb0adc5418fb132946c25b07faf)
2019-11-24 00:59:25.865 11675 RALLYDEBUG rally_openstack.cleanup.manager [-] Deleting keystone.user object s_rally_a0a88477_uWZkKipa (91fc983fb5ce4c628d8c54bc28d6aded)
2019-11-24 00:59:25.896 11675 RALLYDEBUG rally_openstack.cleanup.manager [-] Deleting keystone.user object s_rally_a0a88477_ij316Vkn (954e5431d42346aa8c8cee27410f129f)
2019-11-24 00:59:25.901 11675 RALLYDEBUG rally_openstack.cleanup.manager [-] Deleting keystone.user object s_rally_a0a88477_oJ1YSAcl (990244ae7674407a8830c61911310785)
2019-11-24 00:59:25.945 11675 RALLYDEBUG rally_openstack.cleanup.manager [-] Deleting keystone.user object s_rally_a0a88477_07XLiLXK (9aed5d6ab1054524bf868c2408464b03)
2019-11-24 00:59:25.952 11675 RALLYDEBUG rally_openstack.cleanup.manager [-] Deleting keystone.user object s_rally_a0a88477_kn1trCKg (9b128b20279048bfb2d3bb2bdae4f69f)
2019-11-24 00:59:26.207 11675 RALLYDEBUG rally_openstack.cleanup.manager [-] Deleting keystone.user object s_rally_a0a88477_mo3pLJYJ (9e78d733b2e14ca7a0e84870aa88d73e)
2019-11-24 00:59:26.261 11675 RALLYDEBUG rally_openstack.cleanup.manager [-] Deleting keystone.user object s_rally_a0a88477_parRB5TY (a1fa82d26cfe42a49c7c45f6c173078a)
2019-11-24 00:59:27.215 11675 RALLYDEBUG rally_openstack.cleanup.manager [-] Deleting keystone.user object s_rally_a0a88477_Kp0rXBD6 (a3d64421ed8247259ab8a3fb88ac6a3f)
2019-11-24 00:59:27.375 11675 RALLYDEBUG rally_openstack.cleanup.manager [-] Deleting keystone.user object s_rally_a0a88477_lNkdxn6B (a461473b833645b8bc7243221b42da95)
2019-11-24 00:59:27.489 11675 RALLYDEBUG rally_openstack.cleanup.manager [-] Deleting keystone.user object s_rally_a0a88477_uBj0NUJA (a50c80646d4e4e83857d4c898416b9a8)
2019-11-24 00:59:27.565 11675 RALLYDEBUG rally_openstack.cleanup.manager [-] Deleting keystone.user object s_rally_a0a88477_5XN8Skmx (acb28bee9177475db8da3761cf0063cf)
2019-11-24 00:59:27.573 11675 RALLYDEBUG rally_openstack.cleanup.manager [-] Deleting keystone.user object s_rally_a0a88477_HzF7ZcLc (b4de24afa71e44e08d0f4d338639262a)
2019-11-24 00:59:27.583 11675 RALLYDEBUG rally_openstack.cleanup.manager [-] Deleting keystone.user object s_rally_a0a88477_gBVsm6Kx (b51a205dddab49d281a27122a4706ee2)
2019-11-24 00:59:27.643 11675 RALLYDEBUG rally_openstack.cleanup.manager [-] Deleting keystone.user object s_rally_a0a88477_JMGiKOab (b7d8a4629971404c849e736a7736cdce)
2019-11-24 00:59:27.850 11675 RALLYDEBUG rally_openstack.cleanup.manager [-] Deleting keystone.user object s_rally_a0a88477_Cdn2nwph (ba15d19f65494d9785801389c33871e8)
2019-11-24 00:59:27.859 11675 RALLYDEBUG rally_openstack.cleanup.manager [-] Deleting keystone.user object s_rally_a0a88477_DXOvhuE1 (bb161e6dfcf04802a7ae137ffbb2b812)
2019-11-24 00:59:27.980 11675 RALLYDEBUG rally_openstack.cleanup.manager [-] Deleting keystone.user object s_rally_a0a88477_gHssTN9l (bba914af95ca43a4922780e181663084)
2019-11-24 00:59:27.999 11675 RALLYDEBUG rally_openstack.cleanup.manager [-] Deleting keystone.user object s_rally_a0a88477_KdMv3HRQ (bc4b160df1724923949d40281c978bd9)
2019-11-24 00:59:28.090 11675 RALLYDEBUG rally_openstack.cleanup.manager [-] Deleting keystone.user object s_rally_a0a88477_fdm57ACS (c1e806f9b1b44d4baa53e1967a285fc7)
2019-11-24 00:59:28.106 11675 RALLYDEBUG rally_openstack.cleanup.manager [-] Deleting keystone.user object s_rally_a0a88477_FLRAXaaz (c351b894e6d74fbdbd7827a352263554)
2019-11-24 00:59:28.115 11675 RALLYDEBUG rally_openstack.cleanup.manager [-] Deleting keystone.user object s_rally_a0a88477_eQOYYNVd (c3eadf83c57e45cea03da188f272ba0a)
2019-11-24 00:59:28.118 11675 RALLYDEBUG rally_openstack.cleanup.manager [-] Deleting keystone.user object s_rally_a0a88477_GIBtz3ZR (c4a1823d611b46a7b5ebb2ee48da6766)
2019-11-24 00:59:28.128 11675 RALLYDEBUG rally_openstack.cleanup.manager [-] Deleting keystone.user object s_rally_a0a88477_q126RpXv (c95a6d6c90684f7cbb131ea169bd35f6)
2019-11-24 00:59:28.238 11675 RALLYDEBUG rally_openstack.cleanup.manager [-] Deleting keystone.user object s_rally_a0a88477_guBktN8h (ca20a045aa674d82b39d91297e82731f)
2019-11-24 00:59:28.274 11675 RALLYDEBUG rally_openstack.cleanup.manager [-] Deleting keystone.user object s_rally_a0a88477_XloSVGUA (cd19adce03bb40fab0739777917c9d58)
2019-11-24 00:59:28.302 11675 RALLYDEBUG rally_openstack.cleanup.manager [-] Deleting keystone.user object s_rally_a0a88477_2Njnda9r (d5363b916047444b99f763d8df377df1)
2019-11-24 00:59:28.475 11675 RALLYDEBUG rally_openstack.cleanup.manager [-] Deleting keystone.user object s_rally_a0a88477_eATCvWbg (d5e5e76bd467449bb546293aeb549810)
2019-11-24 00:59:29.125 11675 RALLYDEBUG rally_openstack.cleanup.manager [-] Deleting keystone.user object s_rally_a0a88477_T5vUkkUv (d6e07d1761284dd9b053d0c4f7c99c33)
2019-11-24 00:59:29.160 11675 RALLYDEBUG rally_openstack.cleanup.manager [-] Deleting keystone.user object s_rally_a0a88477_Pbv79dCv (d77690520031444f9c9e60dd945221a3)
2019-11-24 00:59:29.346 11675 RALLYDEBUG rally_openstack.cleanup.manager [-] Deleting keystone.user object s_rally_a0a88477_grVYmTYN (d8a7a2720e394c598c298fbbb6d62127)
2019-11-24 00:59:29.497 11675 RALLYDEBUG rally_openstack.cleanup.manager [-] Deleting keystone.user object s_rally_a0a88477_u32kiOe2 (d92066ec68594c4dac47b7c53e18fd73)
2019-11-24 00:59:29.500 11675 RALLYDEBUG rally_openstack.cleanup.manager [-] Deleting keystone.user object s_rally_a0a88477_Zqcch7eA (d97bd86b6c5e4ad383c6755868568394)
2019-11-24 00:59:29.564 11675 RALLYDEBUG rally_openstack.cleanup.manager [-] Deleting keystone.user object s_rally_a0a88477_qIjnVleq (dba0b6c4c7744ad2bff5a3f0bf16de01)
2019-11-24 00:59:29.784 11675 RALLYDEBUG rally_openstack.cleanup.manager [-] Deleting keystone.user object s_rally_a0a88477_KwjGcjaD (dded7235f76f47f592f2da8127ab53dc)
2019-11-24 00:59:29.944 11675 RALLYDEBUG rally_openstack.cleanup.manager [-] Deleting keystone.user object s_rally_a0a88477_hnoZMZMb (dfae07e1bf084dab930695702e41f705)
2019-11-24 00:59:30.172 11675 RALLYDEBUG rally_openstack.cleanup.manager [-] Deleting keystone.user object s_rally_a0a88477_nzG0UTOk (dfe6cb9bfd2c4d368596089e86f7ca7b)
2019-11-24 00:59:30.181 11675 RALLYDEBUG rally_openstack.cleanup.manager [-] Deleting keystone.user object s_rally_a0a88477_hT6ukbKO (e14cb2971191482496cfd2f366802cfa)
2019-11-24 00:59:30.202 11675 RALLYDEBUG rally_openstack.cleanup.manager [-] Deleting keystone.user object s_rally_a0a88477_9HkFlHB9 (ed8727ea88a94905bb3a1195da9c01c0)
2019-11-24 00:59:30.216 11675 RALLYDEBUG rally_openstack.cleanup.manager [-] Deleting keystone.user object s_rally_a0a88477_4MIX0z8N (ef6cb41218694f2da8c94808cfb58b6e)
2019-11-24 00:59:30.222 11675 RALLYDEBUG rally_openstack.cleanup.manager [-] Deleting keystone.user object s_rally_a0a88477_QGKmv2ec (f1b8163d3fdc48cd90fa61e2e86cc07e)
2019-11-24 00:59:30.226 11675 RALLYDEBUG rally_openstack.cleanup.manager [-] Deleting keystone.user object s_rally_a0a88477_Uw46W25q (eb688d4130454284b998dc4814a1a4bf)
2019-11-24 00:59:30.455 11675 RALLYDEBUG rally_openstack.cleanup.manager [-] Deleting keystone.user object s_rally_a0a88477_gF9schW7 (f7ab8ef84b674ca79c47e9a3e2cbf00c)
2019-11-24 00:59:30.473 11675 RALLYDEBUG rally_openstack.cleanup.manager [-] Deleting keystone.user object s_rally_a0a88477_7BaTJQOa (f7d594bab26a416288830905243a72cf)
2019-11-24 00:59:30.520 11675 RALLYDEBUG rally_openstack.cleanup.manager [-] Deleting keystone.user object s_rally_a0a88477_mIZBgiQc (f941dc285f8d41aeae991150d0bfacc5)
2019-11-24 00:59:30.535 11675 RALLYDEBUG rally_openstack.cleanup.manager [-] Deleting keystone.user object s_rally_a0a88477_vI0GMWVW (f9f49623f8e0486587c949ffaf54b21f)
2019-11-24 00:59:30.595 11675 RALLYDEBUG rally_openstack.cleanup.manager [-] Deleting keystone.user object s_rally_a0a88477_27DZiXB2 (fa87598d17d54d228e7d1ff8b2d41b94)
2019-11-24 00:59:30.873 11675 RALLYDEBUG rally_openstack.cleanup.manager [-] Deleting keystone.user object s_rally_a0a88477_B7xIso0E (faba56494ce54ba5953222e81a662243)
2019-11-24 00:59:32.923 11675 RALLYDEBUG rally_openstack.cleanup.manager [-] Cleaning up keystone project objects
2019-11-24 00:59:33.730 11675 RALLYDEBUG rally_openstack.cleanup.manager [-] Deleting keystone.project object s_rally_a0a88477_uL4LyCEm (3b7e7b2f1a4945dda1999a26ef280c22)
2019-11-24 00:59:33.734 11675 RALLYDEBUG rally_openstack.cleanup.manager [-] Deleting keystone.project object s_rally_a0a88477_h9QT5TSa (6f10958f12694212a5573de9e796d80c)
2019-11-24 00:59:33.743 11675 RALLYDEBUG rally_openstack.cleanup.manager [-] Deleting keystone.project object s_rally_a0a88477_3lh74BIW (81035d4dc36041ddaba522b64fdf1cc8)
2019-11-24 00:59:33.752 11675 RALLYDEBUG rally_openstack.cleanup.manager [-] Deleting keystone.project object s_rally_a0a88477_lr2frdHY (8271ca3757bc4037aa148e090ef294d8)
2019-11-24 00:59:33.767 11675 RALLYDEBUG rally_openstack.cleanup.manager [-] Deleting keystone.project object s_rally_a0a88477_hGNZgygL (9ab652d33ffb4be7b44d57c7f0c9e5e8)
2019-11-24 00:59:33.780 11675 RALLYDEBUG rally_openstack.cleanup.manager [-] Deleting keystone.project object s_rally_a0a88477_qoG3aG2z (b50d1648788c410390678bb9a4ae6838)
2019-11-24 00:59:33.792 11675 RALLYDEBUG rally_openstack.cleanup.manager [-] Deleting keystone.project object s_rally_a0a88477_hzuEGD2v (c9530493497a45f2a426449784a057f0)
2019-11-24 00:59:33.801 11675 RALLYDEBUG rally_openstack.cleanup.manager [-] Deleting keystone.project object s_rally_a0a88477_xu93Tq0i (e4f99e2e039a49578a1d7d46a93cc246)
2019-11-24 00:59:33.807 11675 RALLYDEBUG rally_openstack.cleanup.manager [-] Deleting keystone.project object s_rally_a0a88477_9QX67Gcr (ec4203399c7a45728d5cf77a85105f17)
2019-11-24 00:59:33.829 11675 RALLYDEBUG rally_openstack.cleanup.manager [-] Deleting keystone.project object s_rally_a0a88477_nd6vrV9g (f3a46842a27d4e3dbe2565704ef06015)
2019-11-24 00:59:35.871 11675 RALLYDEBUG rally_openstack.cleanup.manager [-] Cleaning up keystone service objects
2019-11-24 00:59:36.696 11675 RALLYDEBUG rally_openstack.cleanup.manager [-] Cleaning up keystone role objects
2019-11-24 00:59:37.540 11675 INFO rally.task.context [-] Task cd5d8182-1522-4733-82cd-05b1dd16f4f0 | Context admin_cleanup@openstack cleanup() finished in 17.34 sec
2019-11-24 00:59:37.540 11675 INFO rally.task.context [-] Task cd5d8182-1522-4733-82cd-05b1dd16f4f0 | Context users@openstack cleanup() started
2019-11-24 00:59:40.576 11675 INFO rally.task.context [-] Task cd5d8182-1522-4733-82cd-05b1dd16f4f0 | Context users@openstack cleanup() finished in 3.04 sec
2019-11-24 00:59:40.832 11675 INFO rally.task.engine [-] Load duration is: 13.899629
2019-11-24 00:59:40.833 11675 INFO rally.task.engine [-] Full runner duration is: 15.254616
2019-11-24 00:59:40.833 11675 INFO rally.task.engine [-] Full duration is: 37.984647
2019-11-24 00:59:41.114 11675 INFO rally.task.engine [-] Task cd5d8182-1522-4733-82cd-05b1dd16f4f0 | Completed: Running task.
2019-11-24 00:59:42.702 13781 RALLYDEBUG rally.api [-] INFO logs from urllib3 and requests module are hide.
2019-11-24 00:59:42.702 13781 RALLYDEBUG rally.api [-] urllib3 insecure warnings are hidden.
2019-11-24 00:59:42.702 13781 RALLYDEBUG rally.api [-] ERROR log from boto module is hide.
2019-11-24 00:59:43.758 13782 RALLYDEBUG rally.api [-] INFO logs from urllib3 and requests module are hide.
2019-11-24 00:59:43.758 13782 RALLYDEBUG rally.api [-] urllib3 insecure warnings are hidden.
2019-11-24 00:59:43.758 13782 RALLYDEBUG rally.api [-] ERROR log from boto module is hide.
2019-11-24 00:59:44.865 13783 RALLYDEBUG rally.api [-] INFO logs from urllib3 and requests module are hide.
2019-11-24 00:59:44.866 13783 RALLYDEBUG rally.api [-] urllib3 insecure warnings are hidden.
2019-11-24 00:59:44.866 13783 RALLYDEBUG rally.api [-] ERROR log from boto module is hide.
2019-11-24 00:59:46.564 13783 INFO rally.api [-] Building 'json' report for the following task(s): 'cd5d8182-1522-4733-82cd-05b1dd16f4f0'.
2019-11-24 00:59:46.591 13783 INFO rally.api [-] The report has been successfully built.
2019-11-24 00:59:47.941 13785 RALLYDEBUG rally.api [-] INFO logs from urllib3 and requests module are hide.
2019-11-24 00:59:47.942 13785 RALLYDEBUG rally.api [-] urllib3 insecure warnings are hidden.
2019-11-24 00:59:47.942 13785 RALLYDEBUG rally.api [-] ERROR log from boto module is hide.
2019-11-24 00:59:49.924 13785 INFO rally.task.engine [-] Task d67691e7-a9b8-452e-a8dc-3036d9f36b5d | Starting: Task validation.
2019-11-24 00:59:49.977 13785 INFO rally.task.engine [-] Task d67691e7-a9b8-452e-a8dc-3036d9f36b5d | Starting: Task validation of syntax.
2019-11-24 00:59:50.289 13785 INFO rally.task.engine [-] Task d67691e7-a9b8-452e-a8dc-3036d9f36b5d | Completed: Task validation of syntax.
2019-11-24 00:59:50.290 13785 INFO rally.task.engine [-] Task d67691e7-a9b8-452e-a8dc-3036d9f36b5d | Starting: Task validation of required platforms.
2019-11-24 00:59:50.401 13785 INFO rally.task.engine [-] Task d67691e7-a9b8-452e-a8dc-3036d9f36b5d | Completed: Task validation of required platforms.
2019-11-24 00:59:50.401 13785 INFO rally.task.engine [-] Task d67691e7-a9b8-452e-a8dc-3036d9f36b5d | Starting: Task validation of semantic.
2019-11-24 00:59:50.401 13785 INFO rally.task.engine [-] Check health of the environment '4cd4f0ea-fd56-48ed-8a3d-a92bfc2b7126'.
2019-11-24 00:59:51.390 13785 INFO rally.task.engine [-] Platform existing@openstack (available: True): OK!
2019-11-24 00:59:51.410 13785 RALLYDEBUG rally_openstack.contexts.keystone.users [-] Creating 1 tenants using 20 threads
2019-11-24 00:59:52.267 13785 RALLYDEBUG rally_openstack.contexts.keystone.users [-] Creating 1 users using 20 threads
2019-11-24 00:59:53.612 13785 INFO rally.task.context [-] Task d67691e7-a9b8-452e-a8dc-3036d9f36b5d | Context users@openstack setup() finished in 2.20 sec
2019-11-24 01:00:00.060 13785 INFO rally.task.context [-] Task d67691e7-a9b8-452e-a8dc-3036d9f36b5d | Context users@openstack cleanup() started
2019-11-24 01:00:03.037 13785 INFO rally.task.context [-] Task d67691e7-a9b8-452e-a8dc-3036d9f36b5d | Context users@openstack cleanup() finished in 2.98 sec
2019-11-24 01:00:03.038 13785 INFO rally.task.engine [-] Task d67691e7-a9b8-452e-a8dc-3036d9f36b5d | Completed: Task validation of semantic.
2019-11-24 01:00:03.038 13785 INFO rally.task.engine [-] Task d67691e7-a9b8-452e-a8dc-3036d9f36b5d | Completed: Task validation.
2019-11-24 01:00:03.039 13785 INFO rally.api [-] Task d67691e7-a9b8-452e-a8dc-3036d9f36b5d input file is valid.
2019-11-24 01:00:03.039 13785 INFO rally.api [-] Run Task d67691e7-a9b8-452e-a8dc-3036d9f36b5d against Deployment 4cd4f0ea-fd56-48ed-8a3d-a92bfc2b7126
2019-11-24 01:00:03.040 13785 INFO rally.task.engine [-] Task d67691e7-a9b8-452e-a8dc-3036d9f36b5d | Starting: Running task.
2019-11-24 01:00:03.235 13785 INFO rally.task.engine [-] Running workload: position = 0 config = { "version": 2, "title": "A cropped version of a bigger task.", "description": "Auto-generated task from a single workload (uuid=354f5f7c-1325-476d-8e43-5353e52d6b35)", "subtasks": [ { "title": "NeutronNetworks.create_and_update_networks", "description": "Create and update a network.", "scenario": { "NeutronNetworks.create_and_update_networks": { "network_create_args": {}, "network_update_args": { "admin_state_up": false } } }, "contexts": { "users": { "tenants": 3, "users_per_tenant": 2 }, "quotas": { "neutron": { "network": -1 } } }, "runner": { "constant": { "concurrency": 4, "times": 10 } }, "hooks": [], "sla": { "failure_rate": { "max": 0 } } } ] }
2019-11-24 01:00:03.259 13785 RALLYDEBUG rally_openstack.contexts.keystone.users [-] Creating 3 tenants using 20 threads
2019-11-24 01:00:04.196 13785 RALLYDEBUG rally_openstack.contexts.keystone.users [-] Creating 6 users using 20 threads
2019-11-24 01:00:05.698 13785 INFO rally.task.context [-] Task d67691e7-a9b8-452e-a8dc-3036d9f36b5d | Context users@openstack setup() finished in 2.44 sec
2019-11-24 01:00:06.419 13785 INFO rally.task.context [-] Task d67691e7-a9b8-452e-a8dc-3036d9f36b5d | Context quotas@openstack setup() finished in 0.72 sec
2019-11-24 01:00:06.420 13785 INFO rally.task.context [-] Task d67691e7-a9b8-452e-a8dc-3036d9f36b5d | Context cleanup@openstack setup() finished in 0.03 msec
2019-11-24 01:00:06.429 13785 RALLYDEBUG rally.task.runner [-] Starting the constant runner (task UUID: d67691e7-a9b8-452e-a8dc-3036d9f36b5d). times: 10 concurrency: 4 timeout: 0 max_cpu_used: 16 processes_to_start: 4 concurrency_per_worker: 1 concurrency_overhead: 0
2019-11-24 01:00:06.442 13909 RALLYDEBUG rally.task.runner [-] Starting a worker. times: 10 duration: None concurrency: 1 timeout: 0 cls: method_name: run args: {"network_create_args": {}, "network_update_args": {"admin_state_up": false}}
2019-11-24 01:00:06.445 13910 RALLYDEBUG rally.task.runner [-] Starting a worker. times: 10 duration: None concurrency: 1 timeout: 0 cls: method_name: run args: {"network_create_args": {}, "network_update_args": {"admin_state_up": false}}
2019-11-24 01:00:06.448 13911 RALLYDEBUG rally.task.runner [-] Starting a worker. times: 10 duration: None concurrency: 1 timeout: 0 cls: method_name: run args: {"network_create_args": {}, "network_update_args": {"admin_state_up": false}}
2019-11-24 01:00:06.449 13909 INFO rally.task.runner [-] Task d67691e7-a9b8-452e-a8dc-3036d9f36b5d | ITER: 1 START
2019-11-24 01:00:06.451 13910 INFO rally.task.runner [-] Task d67691e7-a9b8-452e-a8dc-3036d9f36b5d | ITER: 2 START
2019-11-24 01:00:06.451 13912 RALLYDEBUG rally.task.runner [-] Starting a worker. times: 10 duration: None concurrency: 1 timeout: 0 cls: method_name: run args: {"network_create_args": {}, "network_update_args": {"admin_state_up": false}}
2019-11-24 01:00:06.454 13911 INFO rally.task.runner [-] Task d67691e7-a9b8-452e-a8dc-3036d9f36b5d | ITER: 3 START
2019-11-24 01:00:06.458 13912 INFO rally.task.runner [-] Task d67691e7-a9b8-452e-a8dc-3036d9f36b5d | ITER: 4 START
2019-11-24 01:00:07.477 13909 INFO rally.task.runner [-] Task d67691e7-a9b8-452e-a8dc-3036d9f36b5d | ITER: 1 END: OK
2019-11-24 01:00:07.482 13909 INFO rally.task.runner [-] Task d67691e7-a9b8-452e-a8dc-3036d9f36b5d | ITER: 5 START
2019-11-24 01:00:07.796 13912 INFO rally.task.runner [-] Task d67691e7-a9b8-452e-a8dc-3036d9f36b5d | ITER: 4 END: OK
2019-11-24 01:00:07.801 13912 INFO rally.task.runner [-] Task d67691e7-a9b8-452e-a8dc-3036d9f36b5d | ITER: 6 START
2019-11-24 01:00:08.306 13910 INFO rally.task.runner [-] Task d67691e7-a9b8-452e-a8dc-3036d9f36b5d | ITER: 2 END: OK
2019-11-24 01:00:08.311 13910 INFO rally.task.runner [-] Task d67691e7-a9b8-452e-a8dc-3036d9f36b5d | ITER: 7 START
2019-11-24 01:00:08.373 13911 INFO rally.task.runner [-] Task d67691e7-a9b8-452e-a8dc-3036d9f36b5d | ITER: 3 END: OK
2019-11-24 01:00:08.378 13911 INFO rally.task.runner [-] Task d67691e7-a9b8-452e-a8dc-3036d9f36b5d | ITER: 8 START
2019-11-24 01:00:08.553 13909 INFO rally.task.runner [-] Task d67691e7-a9b8-452e-a8dc-3036d9f36b5d | ITER: 5 END: OK
2019-11-24 01:00:08.556 13909 INFO rally.task.runner [-] Task d67691e7-a9b8-452e-a8dc-3036d9f36b5d | ITER: 9 START
2019-11-24 01:00:08.667 13912 INFO rally.task.runner [-] Task d67691e7-a9b8-452e-a8dc-3036d9f36b5d | ITER: 6 END: OK
2019-11-24 01:00:08.671 13912 INFO rally.task.runner [-] Task d67691e7-a9b8-452e-a8dc-3036d9f36b5d | ITER: 10 START
2019-11-24 01:00:09.251 13911 INFO rally.task.runner [-] Task d67691e7-a9b8-452e-a8dc-3036d9f36b5d | ITER: 8 END: OK
2019-11-24 01:00:09.409 13910 INFO rally.task.runner [-] Task d67691e7-a9b8-452e-a8dc-3036d9f36b5d | ITER: 7 END: OK
2019-11-24 01:00:09.432 13909 INFO rally.task.runner [-] Task d67691e7-a9b8-452e-a8dc-3036d9f36b5d | ITER: 9 END: OK
2019-11-24 01:00:09.524 13912 INFO rally.task.runner [-] Task d67691e7-a9b8-452e-a8dc-3036d9f36b5d | ITER: 10 END: OK
2019-11-24 01:00:09.555 13785 INFO rally.task.context [-] Task d67691e7-a9b8-452e-a8dc-3036d9f36b5d | Context cleanup@openstack cleanup() started
2019-11-24 01:00:09.559 13785 RALLYDEBUG rally_openstack.cleanup.manager [-] Cleaning up neutron vip objects
2019-11-24 01:00:10.901 13785 RALLYDEBUG rally_openstack.cleanup.manager [-] Cleaning up neutron health_monitor objects
2019-11-24 01:00:12.041 13785 RALLYDEBUG rally_openstack.cleanup.manager [-] Cleaning up neutron pool objects
2019-11-24 01:00:13.170 13785 RALLYDEBUG rally_openstack.cleanup.manager [-] Cleaning up neutron loadbalancer objects
2019-11-24 01:00:14.276 13785 RALLYDEBUG rally_openstack.cleanup.manager [-] Cleaning up neutron floatingip objects
2019-11-24 01:00:15.517 13785 RALLYDEBUG rally_openstack.cleanup.manager [-] Cleaning up neutron trunk objects
2019-11-24 01:00:16.684 13785 RALLYDEBUG rally_openstack.cleanup.manager [-] Cleaning up neutron port objects
2019-11-24 01:00:18.009 13785 RALLYDEBUG rally_openstack.cleanup.manager [-] Cleaning up neutron subnet objects
2019-11-24 01:00:19.210 13785 RALLYDEBUG rally_openstack.cleanup.manager [-] Cleaning up neutron network objects
2019-11-24 01:00:20.545 13785 RALLYDEBUG rally_openstack.cleanup.manager [-] Deleting neutron.network object s_rally_354f5f7c_zgv3irXt (4a60efc5-99d8-4633-b2a6-f789a53c7456)
2019-11-24 01:00:20.554 13785 RALLYDEBUG rally_openstack.cleanup.manager [-] Deleting neutron.network object s_rally_354f5f7c_IaPCoI0K (7544c804-6e7d-4988-946c-3b9877669499)
2019-11-24 01:00:20.563 13785 RALLYDEBUG rally_openstack.cleanup.manager [-] Deleting neutron.network object s_rally_354f5f7c_O9Cqj4TB (13efd27b-3c49-4e24-91ba-c49c090f2d47)
2019-11-24 01:00:20.568 13785 RALLYDEBUG rally_openstack.cleanup.manager [-] Deleting neutron.network object s_rally_354f5f7c_1yH6SK8L (16e674a7-ff4b-4d66-90df-70e14050ef38)
2019-11-24 01:00:20.578 13785 RALLYDEBUG rally_openstack.cleanup.manager [-] Deleting neutron.network object s_rally_354f5f7c_emFIguI9 (1dc1a9a0-590d-4391-8ba2-6bb0f9fbd363)
2019-11-24 01:00:20.588 13785 RALLYDEBUG rally_openstack.cleanup.manager [-] Deleting neutron.network object s_rally_354f5f7c_mPClP1GD (2712223a-09b9-496f-b0d8-948a695bf163)
2019-11-24 01:00:20.603 13785 RALLYDEBUG rally_openstack.cleanup.manager [-] Deleting neutron.network object s_rally_354f5f7c_QKJP3KGu (2a74ff42-f6a5-4037-b481-50fc3a80b1bd)
2019-11-24 01:00:20.613 13785 RALLYDEBUG rally_openstack.cleanup.manager [-] Deleting neutron.network object s_rally_354f5f7c_Yvpp6qwO (371dee9d-513e-479e-9c2b-3fea7e36eb98)
2019-11-24 01:00:20.633 13785 RALLYDEBUG rally_openstack.cleanup.manager [-] Deleting neutron.network object s_rally_354f5f7c_nHaNNvBs (fad607df-2460-4174-b633-ef22e630af2a)
2019-11-24 01:00:20.650 13785 RALLYDEBUG rally_openstack.cleanup.manager [-] Deleting neutron.network object s_rally_354f5f7c_7c70mxoh (ff28d185-b9a1-411f-98ff-7ddc8ed38480)
2019-11-24 01:00:23.169 13785 RALLYDEBUG rally_openstack.cleanup.manager [-] Cleaning up neutron router objects
2019-11-24 01:00:24.409 13785 RALLYDEBUG rally_openstack.cleanup.manager [-] Cleaning up neutron security_group objects
2019-11-24 01:00:25.682 13785 INFO rally.task.context [-] Task d67691e7-a9b8-452e-a8dc-3036d9f36b5d | Context cleanup@openstack cleanup() finished in 16.13 sec
2019-11-24 01:00:25.683 13785 INFO rally.task.context [-] Task d67691e7-a9b8-452e-a8dc-3036d9f36b5d | Context quotas@openstack cleanup() started
2019-11-24 01:00:25.858 13785 INFO rally.task.context [-] Task d67691e7-a9b8-452e-a8dc-3036d9f36b5d | Context quotas@openstack cleanup() finished in 0.18 sec
2019-11-24 01:00:25.858 13785 INFO rally.task.context [-] Task d67691e7-a9b8-452e-a8dc-3036d9f36b5d | Context users@openstack cleanup() started
2019-11-24 01:00:30.204 13785 INFO rally.task.context [-] Task d67691e7-a9b8-452e-a8dc-3036d9f36b5d | Context users@openstack cleanup() finished in 4.35 sec
2019-11-24 01:00:31.429 13785 INFO rally.task.engine [-] Load duration is: 3.073971
2019-11-24 01:00:31.430 13785 INFO rally.task.engine [-] Full runner duration is: 3.126807
2019-11-24 01:00:31.430 13785 INFO rally.task.engine [-] Full duration is: 26.947181
2019-11-24 01:00:31.794 13785 INFO rally.task.engine [-] Running workload: position = 0 config = { "version": 2, "title": "A cropped version of a bigger task.", "description": "Auto-generated task from a single workload (uuid=cbcff48e-31ae-44fe-8ee1-fb2d61e99e20)", "subtasks": [ { "title": "NeutronNetworks.create_and_update_ports", "description": "Create and update a given number of ports.", "scenario": { "NeutronNetworks.create_and_update_ports": { "network_create_args": {}, "port_create_args": {}, "port_update_args": { "admin_state_up": false, "device_id": "dummy_id", "device_owner": "dummy_owner" }, "ports_per_network": 1 } }, "contexts": { "users": { "tenants": 3, "users_per_tenant": 2 }, "network": { "router": {} }, "quotas": { "neutron": { "network": -1, "port": -1 } } }, "runner": { "constant": { "concurrency": 4, "times": 10 } }, "hooks": [], "sla": { "failure_rate": { "max": 0 } } } ] }
2019-11-24 01:00:31.820 13785 RALLYDEBUG rally_openstack.contexts.keystone.users [-] Creating 3 tenants using 20 threads
2019-11-24 01:00:32.840 13785 RALLYDEBUG rally_openstack.contexts.keystone.users [-] Creating 6 users using 20 threads
2019-11-24 01:00:34.356 13785 INFO rally.task.context [-] Task d67691e7-a9b8-452e-a8dc-3036d9f36b5d | Context users@openstack setup() finished in 2.54 sec
2019-11-24 01:00:35.252 13785 INFO rally.task.context [-] Task d67691e7-a9b8-452e-a8dc-3036d9f36b5d | Context quotas@openstack setup() finished in 0.90 sec
2019-11-24 01:00:35.934 13785 RALLYDEBUG rally_openstack.wrappers.network [-] CIDR generated: 10.2.0.0/24
2019-11-24 01:00:36.789 13785 RALLYDEBUG rally_openstack.wrappers.network [-] CIDR generated: 10.2.1.0/24
2019-11-24 01:00:37.636 13785 RALLYDEBUG rally_openstack.wrappers.network [-] CIDR generated: 10.2.2.0/24
2019-11-24 01:00:38.214 13785 INFO rally.task.context [-] Task d67691e7-a9b8-452e-a8dc-3036d9f36b5d | Context network@openstack setup() finished in 2.96 sec
2019-11-24 01:00:38.215 13785 INFO rally.task.context [-] Task d67691e7-a9b8-452e-a8dc-3036d9f36b5d | Context cleanup@openstack setup() finished in 0.03 msec
2019-11-24 01:00:38.225 13785 RALLYDEBUG rally.task.runner [-] Starting the constant runner (task UUID: d67691e7-a9b8-452e-a8dc-3036d9f36b5d). times: 10 concurrency: 4 timeout: 0 max_cpu_used: 16 processes_to_start: 4 concurrency_per_worker: 1 concurrency_overhead: 0
2019-11-24 01:00:38.236 14233 RALLYDEBUG rally.task.runner [-] Starting a worker. times: 10 duration: None concurrency: 1 timeout: 0 cls: method_name: run args: {"network_create_args": {}, "port_create_args": {}, "port_update_args": {"admin_state_up": false, "device_id": "dummy_id", "device_owner": "dummy_owner"}, "ports_per_network": 1}
2019-11-24 01:00:38.240 14234 RALLYDEBUG rally.task.runner [-] Starting a worker. times: 10 duration: None concurrency: 1 timeout: 0 cls: method_name: run args: {"network_create_args": {}, "port_create_args": {}, "port_update_args": {"admin_state_up": false, "device_id": "dummy_id", "device_owner": "dummy_owner"}, "ports_per_network": 1}
2019-11-24 01:00:38.244 14233 INFO rally.task.runner [-] Task d67691e7-a9b8-452e-a8dc-3036d9f36b5d | ITER: 1 START
2019-11-24 01:00:38.244 14235 RALLYDEBUG rally.task.runner [-] Starting a worker. times: 10 duration: None concurrency: 1 timeout: 0 cls: method_name: run args: {"network_create_args": {}, "port_create_args": {}, "port_update_args": {"admin_state_up": false, "device_id": "dummy_id", "device_owner": "dummy_owner"}, "ports_per_network": 1}
2019-11-24 01:00:38.247 14237 RALLYDEBUG rally.task.runner [-] Starting a worker. times: 10 duration: None concurrency: 1 timeout: 0 cls: method_name: run args: {"network_create_args": {}, "port_create_args": {}, "port_update_args": {"admin_state_up": false, "device_id": "dummy_id", "device_owner": "dummy_owner"}, "ports_per_network": 1}
2019-11-24 01:00:38.248 14234 INFO rally.task.runner [-] Task d67691e7-a9b8-452e-a8dc-3036d9f36b5d | ITER: 2 START
2019-11-24 01:00:38.250 14235 INFO rally.task.runner [-] Task d67691e7-a9b8-452e-a8dc-3036d9f36b5d | ITER: 3 START
2019-11-24 01:00:38.253 14237 INFO rally.task.runner [-] Task d67691e7-a9b8-452e-a8dc-3036d9f36b5d | ITER: 4 START
2019-11-24 01:00:39.931 14235 INFO rally.task.runner [-] Task d67691e7-a9b8-452e-a8dc-3036d9f36b5d | ITER: 3 END: OK
2019-11-24 01:00:39.937 14235 INFO rally.task.runner [-] Task d67691e7-a9b8-452e-a8dc-3036d9f36b5d | ITER: 5 START
2019-11-24 01:00:40.257 14237 INFO rally.task.runner [-] Task d67691e7-a9b8-452e-a8dc-3036d9f36b5d | ITER: 4 END: OK
2019-11-24 01:00:40.260 14233 INFO rally.task.runner [-] Task d67691e7-a9b8-452e-a8dc-3036d9f36b5d | ITER: 1 END: OK
2019-11-24 01:00:40.263 14237 INFO rally.task.runner [-] Task d67691e7-a9b8-452e-a8dc-3036d9f36b5d | ITER: 6 START
2019-11-24 01:00:40.266 14233 INFO rally.task.runner [-] Task d67691e7-a9b8-452e-a8dc-3036d9f36b5d | ITER: 7 START
2019-11-24 01:00:40.267 14234 INFO rally.task.runner [-] Task d67691e7-a9b8-452e-a8dc-3036d9f36b5d | ITER: 2 END: OK
2019-11-24 01:00:40.271 14234 INFO rally.task.runner [-] Task d67691e7-a9b8-452e-a8dc-3036d9f36b5d | ITER: 8 START
2019-11-24 01:00:41.537 14233 INFO rally.task.runner [-] Task d67691e7-a9b8-452e-a8dc-3036d9f36b5d | ITER: 7 END: OK
2019-11-24 01:00:41.540 14233 INFO rally.task.runner [-] Task d67691e7-a9b8-452e-a8dc-3036d9f36b5d | ITER: 9 START
2019-11-24 01:00:41.640 14235 INFO rally.task.runner [-] Task d67691e7-a9b8-452e-a8dc-3036d9f36b5d | ITER: 5 END: OK
2019-11-24 01:00:41.644 14235 INFO rally.task.runner [-] Task d67691e7-a9b8-452e-a8dc-3036d9f36b5d | ITER: 10 START
2019-11-24 01:00:41.676 14234 INFO rally.task.runner [-] Task d67691e7-a9b8-452e-a8dc-3036d9f36b5d | ITER: 8 END: OK
2019-11-24 01:00:41.715 14237 INFO rally.task.runner [-] Task d67691e7-a9b8-452e-a8dc-3036d9f36b5d | ITER: 6 END: OK
2019-11-24 01:00:42.891 14233 INFO rally.task.runner [-] Task d67691e7-a9b8-452e-a8dc-3036d9f36b5d | ITER: 9 END: OK
2019-11-24 01:00:42.964 14235 INFO rally.task.runner [-] Task d67691e7-a9b8-452e-a8dc-3036d9f36b5d | ITER: 10 END: OK
2019-11-24 01:00:42.993 13785 INFO rally.task.context [-] Task d67691e7-a9b8-452e-a8dc-3036d9f36b5d | Context cleanup@openstack cleanup() started
2019-11-24 01:00:42.997 13785 RALLYDEBUG rally_openstack.cleanup.manager [-] Cleaning up neutron vip objects
2019-11-24 01:00:44.167 13785 RALLYDEBUG rally_openstack.cleanup.manager [-] Cleaning up neutron health_monitor objects
2019-11-24 01:00:45.286 13785 RALLYDEBUG rally_openstack.cleanup.manager [-] Cleaning up neutron pool objects
2019-11-24 01:00:46.493 13785 RALLYDEBUG rally_openstack.cleanup.manager [-] Cleaning up neutron loadbalancer objects
2019-11-24 01:00:47.621 13785 RALLYDEBUG rally_openstack.cleanup.manager [-] Cleaning up neutron floatingip objects
