2019-11-24 00:28:40.281 2605 INFO rally.task.runner [-] Task 6fc61b2b-3aa8-4cee-9f47-4a2ffc4f2464 | ITER: 9 END: OK
2019-11-24 00:28:40.412 2601 INFO rally.task.runner [-] Task 6fc61b2b-3aa8-4cee-9f47-4a2ffc4f2464 | ITER: 10 END: OK
2019-11-24 00:28:40.442 1845 INFO rally.task.context [-] Task 6fc61b2b-3aa8-4cee-9f47-4a2ffc4f2464 | Context cleanup@openstack cleanup() started
2019-11-24 00:28:40.445 1845 RALLYDEBUG rally_openstack.cleanup.manager [-] Cleaning up cinder backups objects
2019-11-24 00:28:41.765 1845 RALLYDEBUG rally_openstack.cleanup.manager [-] Cleaning up cinder volume_snapshots objects
2019-11-24 00:28:42.923 1845 RALLYDEBUG rally_openstack.cleanup.manager [-] Cleaning up cinder transfers objects
2019-11-24 00:28:44.150 1845 RALLYDEBUG rally_openstack.cleanup.manager [-] Cleaning up cinder volumes objects
2019-11-24 00:28:45.385 1845 RALLYDEBUG rally_openstack.cleanup.manager [-] Deleting cinder.volumes object s_rally_a7554650_hnx3cgl2 (58f8dc1b-a476-4264-8f59-414cf4615d45)
2019-11-24 00:28:45.394 1845 RALLYDEBUG rally_openstack.cleanup.manager [-] Deleting cinder.volumes object s_rally_a7554650_tvG8PWQT (8c5e906d-1432-4d9e-a4c3-50fcd74ba2e5)
2019-11-24 00:28:45.403 1845 RALLYDEBUG rally_openstack.cleanup.manager [-] Deleting cinder.volumes object s_rally_a7554650_qUy6gtKW (6d059017-e488-4c5c-9b52-7759fb07d6c6)
2019-11-24 00:28:45.407 1845 RALLYDEBUG rally_openstack.cleanup.manager [-] Deleting cinder.volumes object s_rally_a7554650_ed24ekBo (400a7b12-75b5-43c2-81f2-740ae4b7b1fd)
2019-11-24 00:28:45.422 1845 RALLYDEBUG rally_openstack.cleanup.manager [-] Deleting cinder.volumes object s_rally_a7554650_cbJuQlW5 (3eef4334-3e37-40dd-89b9-aa18b40f9393)
2019-11-24 00:28:45.427 1845 RALLYDEBUG rally_openstack.cleanup.manager [-] Deleting cinder.volumes object s_rally_a7554650_fwGpVdB6 (26bc0d29-d134-47a0-9416-0fd696b32184)
2019-11-24 00:28:45.434 1845 RALLYDEBUG rally_openstack.cleanup.manager [-] Deleting cinder.volumes object s_rally_a7554650_Z22Me55h (e4189c29-1577-40cb-b0f0-d5e5ed0b1867)
2019-11-24 00:28:45.438 1845 RALLYDEBUG rally_openstack.cleanup.manager [-] Deleting cinder.volumes object s_rally_a7554650_SNITyS08 (04b48c4a-0cf3-483a-bac1-73aac0941f27)
2019-11-24 00:28:45.468 1845 RALLYDEBUG rally_openstack.cleanup.manager [-] Deleting cinder.volumes object s_rally_a7554650_L56Oo2N9 (9cafca6a-b318-492a-881b-e78f3159cbe1)
2019-11-24 00:28:45.481 1845 RALLYDEBUG rally_openstack.cleanup.manager [-] Deleting cinder.volumes object s_rally_a7554650_G9v9ccit (88c62862-ebeb-47f3-a527-51018b35fe23)
2019-11-24 00:28:49.198 1845 INFO rally.task.context [-] Task 6fc61b2b-3aa8-4cee-9f47-4a2ffc4f2464 | Context cleanup@openstack cleanup() finished in 8.76 sec
2019-11-24 00:28:49.198 1845 INFO rally.task.context [-] Task 6fc61b2b-3aa8-4cee-9f47-4a2ffc4f2464 | Context quotas@openstack cleanup() started
2019-11-24 00:28:49.276 1845 INFO rally.task.context [-] Task 6fc61b2b-3aa8-4cee-9f47-4a2ffc4f2464 | Context quotas@openstack cleanup() finished in 77.20 msec
2019-11-24 00:28:49.276 1845 INFO rally.task.context [-] Task 6fc61b2b-3aa8-4cee-9f47-4a2ffc4f2464 | Context api_versions@openstack cleanup() started
2019-11-24 00:28:49.277 1845 INFO rally.task.context [-] Task 6fc61b2b-3aa8-4cee-9f47-4a2ffc4f2464 | Context api_versions@openstack cleanup() finished in 0.36 msec
2019-11-24 00:28:49.277 1845 INFO rally.task.context [-] Task 6fc61b2b-3aa8-4cee-9f47-4a2ffc4f2464 | Context users@openstack cleanup() started
2019-11-24 00:28:53.634 1845 INFO rally.task.context [-] Task 6fc61b2b-3aa8-4cee-9f47-4a2ffc4f2464 | Context users@openstack cleanup() finished in 4.36 sec
2019-11-24 00:28:54.351 1845 INFO rally.task.engine [-] Load duration is: 8.489039
2019-11-24 00:28:54.351 1845 INFO rally.task.engine [-] Full runner duration is: 8.543102
2019-11-24 00:28:54.352 1845 INFO rally.task.engine [-] Full duration is: 25.447441
2019-11-24 00:28:54.647 1845 INFO rally.task.engine [-] Running workload: position = 0 config = { "version": 2, "title": "A cropped version of a bigger task.", "description": "Auto-generated task from a single workload (uuid=ee65253e-2655-4da8-972d-d3157280aa9c)", "subtasks": [ { "title": "CinderVolumes.create_and_upload_volume_to_image", "description": "Create and upload a volume to image.", "scenario": { "CinderVolumes.create_and_upload_volume_to_image": { "container_format": "bare", "disk_format": "raw", "do_delete": true, "force": false, "size": 1 } }, "contexts": { "users": { "tenants": 3, "users_per_tenant": 2 }, "quotas": { "cinder": { "gigabytes": -1, "snapshots": -1, "volumes": -1 } }, "api_versions": { "cinder": { "version": 3, "service_type": "volumev3" } } }, "runner": { "constant": { "concurrency": 4, "times": 10 } }, "hooks": [], "sla": { "failure_rate": { "max": 0 } } } ] }
2019-11-24 00:28:54.673 1845 RALLYDEBUG rally_openstack.contexts.keystone.users [-] Creating 3 tenants using 20 threads
2019-11-24 00:28:55.705 1845 RALLYDEBUG rally_openstack.contexts.keystone.users [-] Creating 6 users using 20 threads
2019-11-24 00:28:57.256 1845 INFO rally.task.context [-] Task 6fc61b2b-3aa8-4cee-9f47-4a2ffc4f2464 | Context users@openstack setup() finished in 2.58 sec
2019-11-24 00:28:57.683 1845 INFO rally.task.context [-] Task 6fc61b2b-3aa8-4cee-9f47-4a2ffc4f2464 | Context api_versions@openstack setup() finished in 0.43 sec
2019-11-24 00:28:58.621 1845 INFO rally.task.context [-] Task 6fc61b2b-3aa8-4cee-9f47-4a2ffc4f2464 | Context quotas@openstack setup() finished in 0.94 sec
2019-11-24 00:28:58.621 1845 INFO rally.task.context [-] Task 6fc61b2b-3aa8-4cee-9f47-4a2ffc4f2464 | Context cleanup@openstack setup() finished in 0.01 msec
2019-11-24 00:28:58.631 1845 RALLYDEBUG rally.task.runner [-] Starting the constant runner (task UUID: 6fc61b2b-3aa8-4cee-9f47-4a2ffc4f2464). times: 10 concurrency: 4 timeout: 0 max_cpu_used: 16 processes_to_start: 4 concurrency_per_worker: 1 concurrency_overhead: 0
2019-11-24 00:28:58.643 2785 RALLYDEBUG rally.task.runner [-] Starting a worker. times: 10 duration: None concurrency: 1 timeout: 0 cls: method_name: run args: {"container_format": "bare", "disk_format": "raw", "do_delete": true, "force": false, "size": 1}
2019-11-24 00:28:58.646 2786 RALLYDEBUG rally.task.runner [-] Starting a worker. times: 10 duration: None concurrency: 1 timeout: 0 cls: method_name: run args: {"container_format": "bare", "disk_format": "raw", "do_delete": true, "force": false, "size": 1}
2019-11-24 00:28:58.650 2785 INFO rally.task.runner [-] Task 6fc61b2b-3aa8-4cee-9f47-4a2ffc4f2464 | ITER: 1 START
2019-11-24 00:28:58.650 2787 RALLYDEBUG rally.task.runner [-] Starting a worker. times: 10 duration: None concurrency: 1 timeout: 0 cls: method_name: run args: {"container_format": "bare", "disk_format": "raw", "do_delete": true, "force": false, "size": 1}
2019-11-24 00:28:58.654 2786 INFO rally.task.runner [-] Task 6fc61b2b-3aa8-4cee-9f47-4a2ffc4f2464 | ITER: 2 START
2019-11-24 00:28:58.654 2789 RALLYDEBUG rally.task.runner [-] Starting a worker. times: 10 duration: None concurrency: 1 timeout: 0 cls: method_name: run args: {"container_format": "bare", "disk_format": "raw", "do_delete": true, "force": false, "size": 1}
2019-11-24 00:28:58.658 2787 INFO rally.task.runner [-] Task 6fc61b2b-3aa8-4cee-9f47-4a2ffc4f2464 | ITER: 3 START
2019-11-24 00:28:58.660 2789 INFO rally.task.runner [-] Task 6fc61b2b-3aa8-4cee-9f47-4a2ffc4f2464 | ITER: 4 START
2019-11-24 00:29:01.925 2786 RALLYDEBUG rally.task.utils [-] Waiting for resource s_rally_ee65253e_zHDs7ujW. Status changed: AVAILABLE => UPLOADING in 0.05678987503051758
2019-11-24 00:29:01.954 2789 RALLYDEBUG rally.task.utils [-] Waiting for resource s_rally_ee65253e_Q8IhQNES. Status changed: AVAILABLE => UPLOADING in 0.05628633499145508
2019-11-24 00:29:02.045 2787 RALLYDEBUG rally.task.utils [-] Waiting for resource s_rally_ee65253e_f8MYuUFc. Status changed: AVAILABLE => UPLOADING in 0.0549468994140625
2019-11-24 00:29:02.085 2785 RALLYDEBUG rally.task.utils [-] Waiting for resource s_rally_ee65253e_eU1VSZkl. Status changed: AVAILABLE => UPLOADING in 0.057964324951171875
2019-11-24 00:29:10.313 2787 RALLYDEBUG rally.task.utils [-] Waiting for resource s_rally_ee65253e_f8MYuUFc. Status changed: UPLOADING => AVAILABLE in 8.267194032669067
2019-11-24 00:29:10.514 2787 RALLYDEBUG rally.task.utils [-] Waiting for resource s_rally_ee65253e_f8MYuUFc. Status changed: AVAILABLE => DELETING in 0.05987739562988281
2019-11-24 00:29:12.320 2789 RALLYDEBUG rally.task.utils [-] Waiting for resource s_rally_ee65253e_Q8IhQNES. Status changed: UPLOADING => AVAILABLE in 10.366411685943604
2019-11-24 00:29:12.365 2786 RALLYDEBUG rally.task.utils [-] Waiting for resource s_rally_ee65253e_zHDs7ujW. Status changed: UPLOADING => AVAILABLE in 10.440332174301147
2019-11-24 00:29:12.454 2785 RALLYDEBUG rally.task.utils [-] Waiting for resource s_rally_ee65253e_eU1VSZkl. Status changed: UPLOADING => AVAILABLE in 10.368717670440674
2019-11-24 00:29:12.514 2789 RALLYDEBUG rally.task.utils [-] Waiting for resource s_rally_ee65253e_Q8IhQNES. Status changed: AVAILABLE => DELETING in 0.06220293045043945
2019-11-24 00:29:12.681 2785 RALLYDEBUG rally.task.utils [-] Waiting for resource s_rally_ee65253e_eU1VSZkl. Status changed: AVAILABLE => DELETING in 0.05079841613769531
2019-11-24 00:29:12.690 2786 RALLYDEBUG rally.task.utils [-] Waiting for resource s_rally_ee65253e_zHDs7ujW. Status changed: AVAILABLE => DELETING in 0.05988478660583496
2019-11-24 00:29:12.833 2787 INFO rally.task.runner [-] Task 6fc61b2b-3aa8-4cee-9f47-4a2ffc4f2464 | ITER: 3 END: OK
2019-11-24 00:29:12.838 2787 INFO rally.task.runner [-] Task 6fc61b2b-3aa8-4cee-9f47-4a2ffc4f2464 | ITER: 5 START
2019-11-24 00:29:14.752 2789 INFO rally.task.runner [-] Task 6fc61b2b-3aa8-4cee-9f47-4a2ffc4f2464 | ITER: 4 END: OK
2019-11-24 00:29:14.757 2789 INFO rally.task.runner [-] Task 6fc61b2b-3aa8-4cee-9f47-4a2ffc4f2464 | ITER: 6 START
2019-11-24 00:29:14.995 2785 INFO rally.task.runner [-] Task 6fc61b2b-3aa8-4cee-9f47-4a2ffc4f2464 | ITER: 1 END: OK
2019-11-24 00:29:15.000 2785 INFO rally.task.runner [-] Task 6fc61b2b-3aa8-4cee-9f47-4a2ffc4f2464 | ITER: 7 START
2019-11-24 00:29:15.095 2786 INFO rally.task.runner [-] Task 6fc61b2b-3aa8-4cee-9f47-4a2ffc4f2464 | ITER: 2 END: OK
2019-11-24 00:29:15.100 2786 INFO rally.task.runner [-] Task 6fc61b2b-3aa8-4cee-9f47-4a2ffc4f2464 | ITER: 8 START
2019-11-24 00:29:16.666 2787 RALLYDEBUG rally.task.utils [-] Waiting for resource s_rally_ee65253e_326mY3p3. Status changed: AVAILABLE => UPLOADING in 0.06256341934204102
2019-11-24 00:29:17.973 2789 RALLYDEBUG rally.task.utils [-] Waiting for resource s_rally_ee65253e_2ozHm56g. Status changed: AVAILABLE => UPLOADING in 0.0536806583404541
2019-11-24 00:29:18.165 2785 RALLYDEBUG rally.task.utils [-] Waiting for resource s_rally_ee65253e_LJVFbpq5. Status changed: AVAILABLE => UPLOADING in 0.05096101760864258
2019-11-24 00:29:18.347 2786 RALLYDEBUG rally.task.utils [-] Waiting for resource s_rally_ee65253e_gphMMdY3. Status changed: AVAILABLE => UPLOADING in 0.06344437599182129
2019-11-24 00:29:27.016 2787 RALLYDEBUG rally.task.utils [-] Waiting for resource s_rally_ee65253e_326mY3p3. Status changed: UPLOADING => AVAILABLE in 10.349464416503906
2019-11-24 00:29:27.228 2787 RALLYDEBUG rally.task.utils [-] Waiting for resource s_rally_ee65253e_326mY3p3. Status changed: AVAILABLE => DELETING in 0.06009387969970703
2019-11-24 00:29:28.390 2789 RALLYDEBUG rally.task.utils [-] Waiting for resource s_rally_ee65253e_2ozHm56g. Status changed: UPLOADING => AVAILABLE in 10.4166841506958
2019-11-24 00:29:28.544 2785 RALLYDEBUG rally.task.utils [-] Waiting for resource s_rally_ee65253e_LJVFbpq5. Status changed: UPLOADING => AVAILABLE in 10.379852533340454
2019-11-24 00:29:28.613 2789 RALLYDEBUG rally.task.utils [-] Waiting for resource s_rally_ee65253e_2ozHm56g. Status changed: AVAILABLE => DELETING in 0.06792593002319336
2019-11-24 00:29:28.755 2785 RALLYDEBUG rally.task.utils [-] Waiting for resource s_rally_ee65253e_LJVFbpq5. Status changed: AVAILABLE => DELETING in 0.06768989562988281
2019-11-24 00:29:28.948 2786 RALLYDEBUG rally.task.utils [-] Waiting for resource s_rally_ee65253e_gphMMdY3. Status changed: UPLOADING => AVAILABLE in 10.601327896118164
2019-11-24 00:29:29.191 2786 RALLYDEBUG rally.task.utils [-] Waiting for resource s_rally_ee65253e_gphMMdY3. Status changed: AVAILABLE => DELETING in 0.06743097305297852
2019-11-24 00:29:30.168 2787 INFO rally.task.runner [-] Task 6fc61b2b-3aa8-4cee-9f47-4a2ffc4f2464 | ITER: 5 END: OK
2019-11-24 00:29:30.173 2787 INFO rally.task.runner [-] Task 6fc61b2b-3aa8-4cee-9f47-4a2ffc4f2464 | ITER: 9 START
2019-11-24 00:29:30.995 2789 INFO rally.task.runner [-] Task 6fc61b2b-3aa8-4cee-9f47-4a2ffc4f2464 | ITER: 6 END: OK
2019-11-24 00:29:31.000 2789 INFO rally.task.runner [-] Task 6fc61b2b-3aa8-4cee-9f47-4a2ffc4f2464 | ITER: 10 START
2019-11-24 00:29:32.942 2786 INFO rally.task.runner [-] Task 6fc61b2b-3aa8-4cee-9f47-4a2ffc4f2464 | ITER: 8 END: OK
2019-11-24 00:29:33.558 2785 INFO rally.task.runner [-] Task 6fc61b2b-3aa8-4cee-9f47-4a2ffc4f2464 | ITER: 7 END: OK
2019-11-24 00:29:33.796 2787 RALLYDEBUG rally.task.utils [-] Waiting for resource s_rally_ee65253e_S0kvsXst. Status changed: AVAILABLE => UPLOADING in 0.06567192077636719
2019-11-24 00:29:34.523 2789 RALLYDEBUG rally.task.utils [-] Waiting for resource s_rally_ee65253e_oEtgCzvm. Status changed: AVAILABLE => UPLOADING in 0.062325477600097656
2019-11-24 00:29:44.224 2787 RALLYDEBUG rally.task.utils [-] Waiting for resource s_rally_ee65253e_S0kvsXst. Status changed: UPLOADING => AVAILABLE in 10.427383422851562
2019-11-24 00:29:44.390 2787 RALLYDEBUG rally.task.utils [-] Waiting for resource s_rally_ee65253e_S0kvsXst. Status changed: AVAILABLE => DELETING in 0.0581972599029541
2019-11-24 00:29:45.115 2789 RALLYDEBUG rally.task.utils [-] Waiting for resource s_rally_ee65253e_oEtgCzvm. Status changed: UPLOADING => AVAILABLE in 10.591416597366333
2019-11-24 00:29:45.324 2789 RALLYDEBUG rally.task.utils [-] Waiting for resource s_rally_ee65253e_oEtgCzvm. Status changed: AVAILABLE => DELETING in 0.06694936752319336
2019-11-24 00:29:46.984 2787 INFO rally.task.runner [-] Task 6fc61b2b-3aa8-4cee-9f47-4a2ffc4f2464 | ITER: 9 END: OK
2019-11-24 00:29:47.743 2789 INFO rally.task.runner [-] Task 6fc61b2b-3aa8-4cee-9f47-4a2ffc4f2464 | ITER: 10 END: OK
2019-11-24 00:29:47.769 1845 INFO rally.task.context [-] Task 6fc61b2b-3aa8-4cee-9f47-4a2ffc4f2464 | Context cleanup@openstack cleanup() started
2019-11-24 00:29:47.774 1845 RALLYDEBUG rally_openstack.cleanup.manager [-] Cleaning up cinder backups objects
2019-11-24 00:29:49.075 1845 RALLYDEBUG rally_openstack.cleanup.manager [-] Cleaning up cinder volume_snapshots objects
2019-11-24 00:29:50.256 1845 RALLYDEBUG rally_openstack.cleanup.manager [-] Cleaning up cinder transfers objects
2019-11-24 00:29:51.427 1845 RALLYDEBUG rally_openstack.cleanup.manager [-] Cleaning up cinder volumes objects
2019-11-24 00:29:52.659 1845 RALLYDEBUG rally_openstack.cleanup.manager [-] Cleaning up glance images objects
2019-11-24 00:29:54.254 1845 INFO rally.task.context [-] Task 6fc61b2b-3aa8-4cee-9f47-4a2ffc4f2464 | Context cleanup@openstack cleanup() finished in 6.49 sec
2019-11-24 00:29:54.254 1845 INFO rally.task.context [-] Task 6fc61b2b-3aa8-4cee-9f47-4a2ffc4f2464 | Context quotas@openstack cleanup() started
2019-11-24 00:29:54.323 1845 INFO rally.task.context [-] Task 6fc61b2b-3aa8-4cee-9f47-4a2ffc4f2464 | Context quotas@openstack cleanup() finished in 68.98 msec
2019-11-24 00:29:54.324 1845 INFO rally.task.context [-] Task 6fc61b2b-3aa8-4cee-9f47-4a2ffc4f2464 | Context api_versions@openstack cleanup() started
2019-11-24 00:29:54.324 1845 INFO rally.task.context [-] Task 6fc61b2b-3aa8-4cee-9f47-4a2ffc4f2464 | Context api_versions@openstack cleanup() finished in 0.39 msec
2019-11-24 00:29:54.325 1845 INFO rally.task.context [-] Task 6fc61b2b-3aa8-4cee-9f47-4a2ffc4f2464 | Context users@openstack cleanup() started
2019-11-24 00:29:58.636 1845 INFO rally.task.context [-] Task 6fc61b2b-3aa8-4cee-9f47-4a2ffc4f2464 | Context users@openstack cleanup() finished in 4.31 sec
2019-11-24 00:29:59.000 1845 INFO rally.task.engine [-] Load duration is: 48.40495
2019-11-24 00:29:59.000 1845 INFO rally.task.engine [-] Full runner duration is: 49.137868
2019-11-24 00:29:59.001 1845 INFO rally.task.engine [-] Full duration is: 63.96523
2019-11-24 00:29:59.293 1845 INFO rally.task.engine [-] Running workload: position = 0 config = { "version": 2, "title": "A cropped version of a bigger task.", "description": "Auto-generated task from a single workload (uuid=65f49973-bb5a-47fc-8c6f-b63deba36b7b)", "subtasks": [ { "title": "CinderVolumes.create_nested_snapshots_and_attach_volume", "description": "Create a volume from snapshot and attach/detach the volume", "scenario": { "CinderVolumes.create_nested_snapshots_and_attach_volume": { "flavor": { "name": "rally_full-flavor_2f170d48-e02c-4426-87d5-40abf8fe2368" }, "image": { "name": "rally_full-img_2f170d48-e02c-4426-87d5-40abf8fe2368" }, "nested_level": 1, "size": { "max": 1, "min": 1 }, "create_vm_params": { "nics": [ { "net-id": "91120f3d-1d14-4af3-8878-32cf1dc2d13f" } ] } } }, "contexts": { "users": { "tenants": 3, "users_per_tenant": 2 }, "quotas": { "cinder": { "gigabytes": -1, "snapshots": -1, "volumes": -1 } }, "api_versions": { "cinder": { "version": 3, "service_type": "volumev3" } } }, "runner": { "constant": { "concurrency": 4, "times": 10 } }, "hooks": [], "sla": { "failure_rate": { "max": 0 } } } ] }
2019-11-24 00:29:59.320 1845 RALLYDEBUG rally_openstack.contexts.keystone.users [-] Creating 3 tenants using 20 threads
2019-11-24 00:30:00.377 1845 RALLYDEBUG rally_openstack.contexts.keystone.users [-] Creating 6 users using 20 threads
2019-11-24 00:30:01.916 1845 INFO rally.task.context [-] Task 6fc61b2b-3aa8-4cee-9f47-4a2ffc4f2464 | Context users@openstack setup() finished in 2.60 sec
2019-11-24 00:30:02.319 1845 INFO rally.task.context [-] Task 6fc61b2b-3aa8-4cee-9f47-4a2ffc4f2464 | Context api_versions@openstack setup() finished in 0.40 sec
2019-11-24 00:30:03.175 1845 INFO rally.task.context [-] Task 6fc61b2b-3aa8-4cee-9f47-4a2ffc4f2464 | Context quotas@openstack setup() finished in 0.86 sec
2019-11-24 00:30:03.175 1845 INFO rally.task.context [-] Task 6fc61b2b-3aa8-4cee-9f47-4a2ffc4f2464 | Context cleanup@openstack setup() finished in 0.02 msec
2019-11-24 00:30:04.167 1845 RALLYDEBUG rally.task.runner [-] Starting the constant runner (task UUID: 6fc61b2b-3aa8-4cee-9f47-4a2ffc4f2464). times: 10 concurrency: 4 timeout: 0 max_cpu_used: 16 processes_to_start: 4 concurrency_per_worker: 1 concurrency_overhead: 0
2019-11-24 00:30:04.180 2989 RALLYDEBUG rally.task.runner [-] Starting a worker. times: 10 duration: None concurrency: 1 timeout: 0 cls: method_name: run args: {"flavor": "b21a361e-46d7-4d11-b324-6e9761bcee23", "image": "e2756950-7b6d-4778-be5f-611bc2de8e52", "nested_level": 1, "size": {"max": 1, "min": 1}, "create_vm_params": {"nics": [{"net-id": "91120f3d-1d14-4af3-8878-32cf1dc2d13f"}]}}
2019-11-24 00:30:04.183 2990 RALLYDEBUG rally.task.runner [-] Starting a worker. times: 10 duration: None concurrency: 1 timeout: 0 cls: method_name: run args: {"flavor": "b21a361e-46d7-4d11-b324-6e9761bcee23", "image": "e2756950-7b6d-4778-be5f-611bc2de8e52", "nested_level": 1, "size": {"max": 1, "min": 1}, "create_vm_params": {"nics": [{"net-id": "91120f3d-1d14-4af3-8878-32cf1dc2d13f"}]}}
2019-11-24 00:30:04.187 2989 INFO rally.task.runner [-] Task 6fc61b2b-3aa8-4cee-9f47-4a2ffc4f2464 | ITER: 1 START
2019-11-24 00:30:04.187 2991 RALLYDEBUG rally.task.runner [-] Starting a worker. times: 10 duration: None concurrency: 1 timeout: 0 cls: method_name: run args: {"flavor": "b21a361e-46d7-4d11-b324-6e9761bcee23", "image": "e2756950-7b6d-4778-be5f-611bc2de8e52", "nested_level": 1, "size": {"max": 1, "min": 1}, "create_vm_params": {"nics": [{"net-id": "91120f3d-1d14-4af3-8878-32cf1dc2d13f"}]}}
2019-11-24 00:30:04.190 2990 INFO rally.task.runner [-] Task 6fc61b2b-3aa8-4cee-9f47-4a2ffc4f2464 | ITER: 2 START
2019-11-24 00:30:04.191 2992 RALLYDEBUG rally.task.runner [-] Starting a worker. times: 10 duration: None concurrency: 1 timeout: 0 cls: method_name: run args: {"flavor": "b21a361e-46d7-4d11-b324-6e9761bcee23", "image": "e2756950-7b6d-4778-be5f-611bc2de8e52", "nested_level": 1, "size": {"max": 1, "min": 1}, "create_vm_params": {"nics": [{"net-id": "91120f3d-1d14-4af3-8878-32cf1dc2d13f"}]}}
2019-11-24 00:30:04.194 2991 INFO rally.task.runner [-] Task 6fc61b2b-3aa8-4cee-9f47-4a2ffc4f2464 | ITER: 3 START
2019-11-24 00:30:04.198 2992 INFO rally.task.runner [-] Task 6fc61b2b-3aa8-4cee-9f47-4a2ffc4f2464 | ITER: 4 START
2019-11-24 00:30:13.709 2991 RALLYDEBUG rally.task.utils [-] Waiting for resource s_rally_65f49973_BFUqIeVi. Status changed: BUILD => ACTIVE in 6.957070350646973
2019-11-24 00:30:15.787 2990 RALLYDEBUG rally.task.utils [-] Waiting for resource s_rally_65f49973_TX5baMQI. Status changed: BUILD => ACTIVE in 9.152920722961426
2019-11-24 00:30:16.137 2992 RALLYDEBUG rally.task.utils [-] Waiting for resource s_rally_65f49973_CqeUOKe9. Status changed: BUILD => ACTIVE in 9.214714288711548
2019-11-24 00:30:16.218 2989 RALLYDEBUG rally.task.utils [-] Waiting for resource s_rally_65f49973_tnHpUsbK. Status changed: BUILD => ACTIVE in 9.521071434020996
2019-11-24 00:30:18.998 2991 RALLYDEBUG rally.task.utils [-] Waiting for resource s_rally_65f49973_OOElSqxU. Status changed: AVAILABLE => RESERVED in 0.4132421016693115
2019-11-24 00:30:21.287 2990 RALLYDEBUG rally.task.utils [-] Waiting for resource s_rally_65f49973_E0TzO1Ua. Status changed: AVAILABLE => RESERVED in 0.40984344482421875
2019-11-24 00:30:21.416 2991 RALLYDEBUG rally.task.utils [-] Waiting for resource s_rally_65f49973_OOElSqxU. Status changed: RESERVED => IN-USE in 2.4183197021484375
2019-11-24 00:30:21.426 2992 RALLYDEBUG rally.task.utils [-] Waiting for resource s_rally_65f49973_5QChUQ1e. Status changed: AVAILABLE => RESERVED in 0.3989384174346924
2019-11-24 00:30:21.458 2989 RALLYDEBUG rally.task.utils [-] Waiting for resource s_rally_65f49973_6TkpokSb. Status changed: AVAILABLE => RESERVED in 0.406078577041626
2019-11-24 00:30:22.001 2991 RALLYDEBUG rally.task.utils [-] Waiting for resource s_rally_65f49973_OOElSqxU. Status changed: AVAILABLE => DETACHING in 0.4269874095916748
2019-11-24 00:30:23.696 2990 RALLYDEBUG rally.task.utils [-] Waiting for resource s_rally_65f49973_E0TzO1Ua. Status changed: RESERVED => IN-USE in 2.408747673034668
2019-11-24 00:30:23.858 2992 RALLYDEBUG rally.task.utils [-] Waiting for resource s_rally_65f49973_5QChUQ1e. Status changed: RESERVED => IN-USE in 2.4320499897003174
2019-11-24 00:30:23.881 2989 RALLYDEBUG rally.task.utils [-] Waiting for resource s_rally_65f49973_6TkpokSb. Status changed: RESERVED => ATTACHING in 2.423107624053955
2019-11-24 00:30:24.298 2990 RALLYDEBUG rally.task.utils [-] Waiting for resource s_rally_65f49973_E0TzO1Ua. Status changed: AVAILABLE => DETACHING in 0.41332411766052246
2019-11-24 00:30:24.412 2991 RALLYDEBUG rally.task.utils [-] Waiting for resource s_rally_65f49973_OOElSqxU. Status changed: DETACHING => AVAILABLE in 2.4113638401031494
2019-11-24 00:30:24.433 2992 RALLYDEBUG rally.task.utils [-] Waiting for resource s_rally_65f49973_5QChUQ1e. Status changed: AVAILABLE => DETACHING in 0.39774560928344727
2019-11-24 00:30:24.501 2991 RALLYDEBUG rally.task.utils [-] Waiting for resource s_rally_65f49973_JgTy4TFc. Status changed: AVAILABLE => DELETING in 0.02369546890258789
2019-11-24 00:30:26.308 2989 RALLYDEBUG rally.task.utils [-] Waiting for resource s_rally_65f49973_6TkpokSb. Status changed: ATTACHING => IN-USE in 2.4274678230285645
2019-11-24 00:30:26.655 2991 RALLYDEBUG rally.task.utils [-] Waiting for resource s_rally_65f49973_OOElSqxU. Status changed: AVAILABLE => DELETING in 0.06142020225524902
2019-11-24 00:30:26.704 2990 RALLYDEBUG rally.task.utils [-] Waiting for resource s_rally_65f49973_E0TzO1Ua. Status changed: DETACHING => AVAILABLE in 2.405850648880005
2019-11-24 00:30:26.791 2990 RALLYDEBUG rally.task.utils [-] Waiting for resource s_rally_65f49973_13eloAba. Status changed: AVAILABLE => DELETING in 0.02706599235534668
2019-11-24 00:30:26.840 2992 RALLYDEBUG rally.task.utils [-] Waiting for resource s_rally_65f49973_5QChUQ1e. Status changed: DETACHING => AVAILABLE in 2.40665602684021
2019-11-24 00:30:26.921 2989 RALLYDEBUG rally.task.utils [-] Waiting for resource s_rally_65f49973_6TkpokSb. Status changed: AVAILABLE => DETACHING in 0.42782115936279297
2019-11-24 00:30:26.932 2992 RALLYDEBUG rally.task.utils [-] Waiting for resource s_rally_65f49973_c8ATrCsi. Status changed: AVAILABLE => DELETING in 0.02665877342224121
2019-11-24 00:30:28.958 2990 RALLYDEBUG rally.task.utils [-] Waiting for resource s_rally_65f49973_E0TzO1Ua. Status changed: AVAILABLE => DELETING in 0.06635499000549316
2019-11-24 00:30:29.081 2992 RALLYDEBUG rally.task.utils [-] Waiting for resource s_rally_65f49973_5QChUQ1e. Status changed: AVAILABLE => DELETING in 0.055471181869506836
2019-11-24 00:30:29.342 2989 RALLYDEBUG rally.task.utils [-] Waiting for resource s_rally_65f49973_6TkpokSb. Status changed: DETACHING => AVAILABLE in 2.420846700668335
2019-11-24 00:30:29.437 2989 RALLYDEBUG rally.task.utils [-] Waiting for resource s_rally_65f49973_gKMuZnBf. Status changed: AVAILABLE => DELETING in 0.02777409553527832
2019-11-24 00:30:31.378 2991 INFO rally.task.runner [-] Task 6fc61b2b-3aa8-4cee-9f47-4a2ffc4f2464 | ITER: 3 END: OK
2019-11-24 00:30:31.384 2991 INFO rally.task.runner [-] Task 6fc61b2b-3aa8-4cee-9f47-4a2ffc4f2464 | ITER: 5 START
2019-11-24 00:30:31.585 2989 RALLYDEBUG rally.task.utils [-] Waiting for resource s_rally_65f49973_6TkpokSb. Status changed: AVAILABLE => DELETING in 0.058544158935546875
2019-11-24 00:30:33.414 2990 INFO rally.task.runner [-] Task 6fc61b2b-3aa8-4cee-9f47-4a2ffc4f2464 | ITER: 2 END: OK
2019-11-24 00:30:33.420 2990 INFO rally.task.runner [-] Task 6fc61b2b-3aa8-4cee-9f47-4a2ffc4f2464 | ITER: 6 START
2019-11-24 00:30:33.691 2992 INFO rally.task.runner [-] Task 6fc61b2b-3aa8-4cee-9f47-4a2ffc4f2464 | ITER: 4 END: OK
2019-11-24 00:30:33.697 2992 INFO rally.task.runner [-] Task 6fc61b2b-3aa8-4cee-9f47-4a2ffc4f2464 | ITER: 7 START
2019-11-24 00:30:36.085 2989 INFO rally.task.runner [-] Task 6fc61b2b-3aa8-4cee-9f47-4a2ffc4f2464 | ITER: 1 END: OK
2019-11-24 00:30:36.091 2989 INFO rally.task.runner [-] Task 6fc61b2b-3aa8-4cee-9f47-4a2ffc4f2464 | ITER: 8 START
2019-11-24 00:30:38.953 2991 RALLYDEBUG rally.task.utils [-] Waiting for resource s_rally_65f49973_ahmriEiT. Status changed: BUILD => ACTIVE in 4.60305118560791
2019-11-24 00:30:40.522 2990 RALLYDEBUG rally.task.utils [-] Waiting for resource s_rally_65f49973_VZgJZKnO. Status changed: BUILD => ACTIVE in 4.684704542160034
2019-11-24 00:30:40.912 2992 RALLYDEBUG rally.task.utils [-] Waiting for resource s_rally_65f49973_lfkwOpPy. Status changed: BUILD => ACTIVE in 4.646083354949951
2019-11-24 00:30:43.020 2989 RALLYDEBUG rally.task.utils [-] Waiting for resource s_rally_65f49973_gjqHw0mK. Status changed: BUILD => ACTIVE in 4.7512290477752686
2019-11-24 00:30:44.272 2991 RALLYDEBUG rally.task.utils [-] Waiting for resource s_rally_65f49973_whfYNhZd. Status changed: AVAILABLE => RESERVED in 0.4004521369934082
2019-11-24 00:30:45.888 2990 RALLYDEBUG rally.task.utils [-] Waiting for resource s_rally_65f49973_ieU0a9xp. Status changed: AVAILABLE => RESERVED in 0.42317748069763184
2019-11-24 00:30:46.275 2992 RALLYDEBUG rally.task.utils [-] Waiting for resource s_rally_65f49973_7ToiGS80. Status changed: AVAILABLE => RESERVED in 0.4171786308288574
2019-11-24 00:30:46.691 2991 RALLYDEBUG rally.task.utils [-] Waiting for resource s_rally_65f49973_whfYNhZd. Status changed: RESERVED => IN-USE in 2.41827130317688
2019-11-24 00:30:47.272 2991 RALLYDEBUG rally.task.utils [-] Waiting for resource s_rally_65f49973_whfYNhZd. Status changed: AVAILABLE => DETACHING in 0.4118657112121582
2019-11-24 00:30:48.297 2990 RALLYDEBUG rally.task.utils [-] Waiting for resource s_rally_65f49973_ieU0a9xp. Status changed: RESERVED => IN-USE in 2.4092822074890137
2019-11-24 00:30:48.480 2989 RALLYDEBUG rally.task.utils [-] Waiting for resource s_rally_65f49973_t8XSOtJf. Status changed: AVAILABLE => RESERVED in 0.3978395462036133
2019-11-24 00:30:48.693 2992 RALLYDEBUG rally.task.utils [-] Waiting for resource s_rally_65f49973_7ToiGS80. Status changed: RESERVED => IN-USE in 2.418135166168213
2019-11-24 00:30:48.866 2990 RALLYDEBUG rally.task.utils [-] Waiting for resource s_rally_65f49973_ieU0a9xp. Status changed: AVAILABLE => DETACHING in 0.4109361171722412
2019-11-24 00:30:49.245 2992 RALLYDEBUG rally.task.utils [-] Waiting for resource s_rally_65f49973_7ToiGS80. Status changed: AVAILABLE => DETACHING in 0.3986785411834717
2019-11-24 00:30:49.692 2991 RALLYDEBUG rally.task.utils [-] Waiting for resource s_rally_65f49973_whfYNhZd. Status changed: DETACHING => AVAILABLE in 2.41945481300354
2019-11-24 00:30:49.780 2991 RALLYDEBUG rally.task.utils [-] Waiting for resource s_rally_65f49973_4bljsiYf. Status changed: AVAILABLE => DELETING in 0.025482654571533203
2019-11-24 00:30:50.902 2989 RALLYDEBUG rally.task.utils [-] Waiting for resource s_rally_65f49973_t8XSOtJf. Status changed: RESERVED => IN-USE in 2.4219963550567627
2019-11-24 00:30:51.280 2990 RALLYDEBUG rally.task.utils [-] Waiting for resource s_rally_65f49973_ieU0a9xp. Status changed: DETACHING => AVAILABLE in 2.4145092964172363
2019-11-24 00:30:51.373 2990 RALLYDEBUG rally.task.utils [-] Waiting for resource s_rally_65f49973_MM6rNh5m. Status changed: AVAILABLE => DELETING in 0.02699112892150879
2019-11-24 00:30:51.507 2989 RALLYDEBUG rally.task.utils [-] Waiting for resource s_rally_65f49973_t8XSOtJf. Status changed: AVAILABLE => DETACHING in 0.4249598979949951
2019-11-24 00:30:51.666 2992 RALLYDEBUG rally.task.utils [-] Waiting for resource s_rally_65f49973_7ToiGS80. Status changed: DETACHING => AVAILABLE in 2.4208154678344727
2019-11-24 00:30:51.755 2992 RALLYDEBUG rally.task.utils [-] Waiting for resource s_rally_65f49973_uVR33Np1. Status changed: AVAILABLE => DELETING in 0.02549910545349121
2019-11-24 00:30:51.925 2991 RALLYDEBUG rally.task.utils [-] Waiting for resource s_rally_65f49973_whfYNhZd. Status changed: AVAILABLE => DELETING in 0.05908489227294922
2019-11-24 00:30:53.541 2990 RALLYDEBUG rally.task.utils [-] Waiting for resource s_rally_65f49973_ieU0a9xp. Status changed: AVAILABLE => DELETING in 0.0649261474609375
2019-11-24 00:30:53.908 2992 RALLYDEBUG rally.task.utils [-] Waiting for resource s_rally_65f49973_7ToiGS80. Status changed: AVAILABLE => DELETING in 0.05639481544494629
2019-11-24 00:30:53.925 2989 RALLYDEBUG rally.task.utils [-] Waiting for resource s_rally_65f49973_t8XSOtJf. Status changed: DETACHING => AVAILABLE in 2.418757200241089
2019-11-24 00:30:54.015 2989 RALLYDEBUG rally.task.utils [-] Waiting for resource s_rally_65f49973_lO2wvBNw. Status changed: AVAILABLE => DELETING in 0.026145219802856445
2019-11-24 00:30:56.159 2989 RALLYDEBUG rally.task.utils [-] Waiting for resource s_rally_65f49973_t8XSOtJf. Status changed: AVAILABLE => DELETING in 0.06385302543640137
2019-11-24 00:30:56.372 2991 INFO rally.task.runner [-] Task 6fc61b2b-3aa8-4cee-9f47-4a2ffc4f2464 | ITER: 5 END: OK
2019-11-24 00:30:56.376 2991 INFO rally.task.runner [-] Task 6fc61b2b-3aa8-4cee-9f47-4a2ffc4f2464 | ITER: 9 START
2019-11-24 00:30:58.234 2990 INFO rally.task.runner [-] Task 6fc61b2b-3aa8-4cee-9f47-4a2ffc4f2464 | ITER: 6 END: OK
2019-11-24 00:30:58.239 2990 INFO rally.task.runner [-] Task 6fc61b2b-3aa8-4cee-9f47-4a2ffc4f2464 | ITER: 10 START
2019-11-24 00:30:58.385 2992 INFO rally.task.runner [-] Task 6fc61b2b-3aa8-4cee-9f47-4a2ffc4f2464 | ITER: 7 END: OK
2019-11-24 00:31:00.555 2989 INFO rally.task.runner [-] Task 6fc61b2b-3aa8-4cee-9f47-4a2ffc4f2464 | ITER: 8 END: OK
2019-11-24 00:31:05.556 2991 RALLYDEBUG rally.task.utils [-] Waiting for resource s_rally_65f49973_GCSSD0q4. Status changed: BUILD => ACTIVE in 6.968163013458252
2019-11-24 00:31:07.368 2990 RALLYDEBUG rally.task.utils [-] Waiting for resource s_rally_65f49973_dCkUeyGs. Status changed: BUILD => ACTIVE in 6.913731098175049
2019-11-24 00:31:11.076 2991 RALLYDEBUG rally.task.utils [-] Waiting for resource s_rally_65f49973_dRowj0D8. Status changed: AVAILABLE => RESERVED in 0.530881404876709
2019-11-24 00:31:12.842 2990 RALLYDEBUG rally.task.utils [-] Waiting for resource s_rally_65f49973_ihPm3b5w. Status changed: AVAILABLE => RESERVED in 0.43912410736083984
2019-11-24 00:31:13.508 2991 RALLYDEBUG rally.task.utils [-] Waiting for resource s_rally_65f49973_dRowj0D8. Status changed: RESERVED => IN-USE in 2.4316694736480713
2019-11-24 00:31:14.103 2991 RALLYDEBUG rally.task.utils [-] Waiting for resource s_rally_65f49973_dRowj0D8. Status changed: AVAILABLE => DETACHING in 0.42823362350463867
2019-11-24 00:31:15.273 2990 RALLYDEBUG rally.task.utils [-] Waiting for resource s_rally_65f49973_ihPm3b5w. Status changed: RESERVED => IN-USE in 2.4313106536865234
2019-11-24 00:31:15.879 2990 RALLYDEBUG rally.task.utils [-] Waiting for resource s_rally_65f49973_ihPm3b5w. Status changed: AVAILABLE => DETACHING in 0.42345261573791504
2019-11-24 00:31:16.517 2991 RALLYDEBUG rally.task.utils [-] Waiting for resource s_rally_65f49973_dRowj0D8. Status changed: DETACHING => AVAILABLE in 2.413656711578369
2019-11-24 00:31:16.623 2991 RALLYDEBUG rally.task.utils [-] Waiting for resource s_rally_65f49973_oMPACwha. Status changed: AVAILABLE => DELETING in 0.031198501586914062
2019-11-24 00:31:18.321 2990 RALLYDEBUG rally.task.utils [-] Waiting for resource s_rally_65f49973_ihPm3b5w. Status changed: DETACHING => AVAILABLE in 2.4423906803131104
2019-11-24 00:31:18.419 2990 RALLYDEBUG rally.task.utils [-] Waiting for resource s_rally_65f49973_2DHsFHKz. Status changed: AVAILABLE => DELETING in 0.030292510986328125
2019-11-24 00:31:18.791 2991 RALLYDEBUG rally.task.utils [-] Waiting for resource s_rally_65f49973_dRowj0D8. Status changed: AVAILABLE => DELETING in 0.06819796562194824
2019-11-24 00:31:20.585 2990 RALLYDEBUG rally.task.utils [-] Waiting for resource s_rally_65f49973_ihPm3b5w. Status changed: AVAILABLE => DELETING in 0.0650339126586914
2019-11-24 00:31:23.409 2991 INFO rally.task.runner [-] Task 6fc61b2b-3aa8-4cee-9f47-4a2ffc4f2464 | ITER: 9 END: OK
2019-11-24 00:31:25.170 2990 INFO rally.task.runner [-] Task 6fc61b2b-3aa8-4cee-9f47-4a2ffc4f2464 | ITER: 10 END: OK
2019-11-24 00:31:25.202 1845 INFO rally.task.context [-] Task 6fc61b2b-3aa8-4cee-9f47-4a2ffc4f2464 | Context cleanup@openstack cleanup() started
2019-11-24 00:31:25.205 1845 RALLYDEBUG rally_openstack.cleanup.manager [-] Cleaning up nova servers objects
2019-11-24 00:31:26.463 1845 RALLYDEBUG rally_openstack.cleanup.manager [-] Cleaning up nova server_groups objects
2019-11-24 00:31:27.599 1845 RALLYDEBUG rally_openstack.cleanup.manager [-] Cleaning up nova keypairs objects
2019-11-24 00:31:29.887 1845 RALLYDEBUG rally_openstack.cleanup.manager [-] Cleaning up cinder backups objects
2019-11-24 00:31:31.056 1845 RALLYDEBUG rally_openstack.cleanup.manager [-] Cleaning up cinder volume_snapshots objects
2019-11-24 00:31:32.208 1845 RALLYDEBUG rally_openstack.cleanup.manager [-] Cleaning up cinder transfers objects
2019-11-24 00:31:33.350 1845 RALLYDEBUG rally_openstack.cleanup.manager [-] Cleaning up cinder volumes objects
2019-11-24 00:31:34.557 1845 INFO rally.task.context [-] Task 6fc61b2b-3aa8-4cee-9f47-4a2ffc4f2464 | Context cleanup@openstack cleanup() finished in 9.35 sec
2019-11-24 00:31:34.558 1845 INFO rally.task.context [-] Task 6fc61b2b-3aa8-4cee-9f47-4a2ffc4f2464 | Context quotas@openstack cleanup() started
2019-11-24 00:31:34.628 1845 INFO rally.task.context [-] Task 6fc61b2b-3aa8-4cee-9f47-4a2ffc4f2464 | Context quotas@openstack cleanup() finished in 69.83 msec
2019-11-24 00:31:34.629 1845 INFO rally.task.context [-] Task 6fc61b2b-3aa8-4cee-9f47-4a2ffc4f2464 | Context api_versions@openstack cleanup() started
2019-11-24 00:31:34.629 1845 INFO rally.task.context [-] Task 6fc61b2b-3aa8-4cee-9f47-4a2ffc4f2464 | Context api_versions@openstack cleanup() finished in 0.38 msec
2019-11-24 00:31:34.630 1845 INFO rally.task.context [-] Task 6fc61b2b-3aa8-4cee-9f47-4a2ffc4f2464 | Context users@openstack cleanup() started
2019-11-24 00:31:38.816 1845 INFO rally.task.context [-] Task 6fc61b2b-3aa8-4cee-9f47-4a2ffc4f2464 | Context users@openstack cleanup() finished in 4.19 sec
2019-11-24 00:31:39.785 1845 INFO rally.task.engine [-] Load duration is: 79.977973
2019-11-24 00:31:39.786 1845 INFO rally.task.engine [-] Full runner duration is: 81.035925
2019-11-24 00:31:39.786 1845 INFO rally.task.engine [-] Full duration is: 99.498204
2019-11-24 00:31:40.097 1845 INFO rally.task.engine [-] Running workload: position = 0 config = { "version": 2, "title": "A cropped version of a bigger task.", "description": "Auto-generated task from a single workload (uuid=00440ae9-e96b-4da9-a7a9-3c694b5a8312)", "subtasks": [ { "title": "CinderVolumes.create_snapshot_and_attach_volume", "description": "Create vm, volume, snapshot and attach/detach volume.", "scenario": { "CinderVolumes.create_snapshot_and_attach_volume": { "flavor": { "name": "rally_full-flavor_2f170d48-e02c-4426-87d5-40abf8fe2368" }, "image": { "name": "rally_full-img_2f170d48-e02c-4426-87d5-40abf8fe2368" }, "size": { "min": 1, "max": 1 }, "create_vm_params": { "nics": [ { "net-id": "91120f3d-1d14-4af3-8878-32cf1dc2d13f" } ] } } }, "contexts": { "users": { "tenants": 3, "users_per_tenant": 2 }, "quotas": { "cinder": { "gigabytes": -1, "snapshots": -1, "volumes": -1 } }, "api_versions": { "cinder": { "version": 3, "service_type": "volumev3" } } }, "runner": { "constant": { "concurrency": 4, "times": 10 } }, "hooks": [], "sla": { "failure_rate": { "max": 0 } } } ] }
2019-11-24 00:31:40.124 1845 RALLYDEBUG rally_openstack.contexts.keystone.users [-] Creating 3 tenants using 20 threads
2019-11-24 00:31:41.142 1845 RALLYDEBUG rally_openstack.contexts.keystone.users [-] Creating 6 users using 20 threads
2019-11-24 00:31:42.729 1845 INFO rally.task.context [-] Task 6fc61b2b-3aa8-4cee-9f47-4a2ffc4f2464 | Context users@openstack setup() finished in 2.60 sec
2019-11-24 00:31:43.138 1845 INFO rally.task.context [-] Task 6fc61b2b-3aa8-4cee-9f47-4a2ffc4f2464 | Context api_versions@openstack setup() finished in 0.41 sec
2019-11-24 00:31:44.001 1845 INFO rally.task.context [-] Task 6fc61b2b-3aa8-4cee-9f47-4a2ffc4f2464 | Context quotas@openstack setup() finished in 0.86 sec
2019-11-24 00:31:44.001 1845 INFO rally.task.context [-] Task 6fc61b2b-3aa8-4cee-9f47-4a2ffc4f2464 | Context cleanup@openstack setup() finished in 0.02 msec
2019-11-24 00:31:45.356 1845 RALLYDEBUG rally.task.runner [-] Starting the constant runner (task UUID: 6fc61b2b-3aa8-4cee-9f47-4a2ffc4f2464). times: 10 concurrency: 4 timeout: 0 max_cpu_used: 16 processes_to_start: 4 concurrency_per_worker: 1 concurrency_overhead: 0
2019-11-24 00:31:45.369 3233 RALLYDEBUG rally.task.runner [-] Starting a worker. times: 10 duration: None concurrency: 1 timeout: 0 cls: method_name: run args: {"flavor": "b21a361e-46d7-4d11-b324-6e9761bcee23", "image": "e2756950-7b6d-4778-be5f-611bc2de8e52", "size": {"min": 1, "max": 1}, "create_vm_params": {"nics": [{"net-id": "91120f3d-1d14-4af3-8878-32cf1dc2d13f"}]}}
2019-11-24 00:31:45.373 3234 RALLYDEBUG rally.task.runner [-] Starting a worker. times: 10 duration: None concurrency: 1 timeout: 0 cls: method_name: run args: {"flavor": "b21a361e-46d7-4d11-b324-6e9761bcee23", "image": "e2756950-7b6d-4778-be5f-611bc2de8e52", "size": {"min": 1, "max": 1}, "create_vm_params": {"nics": [{"net-id": "91120f3d-1d14-4af3-8878-32cf1dc2d13f"}]}}
2019-11-24 00:31:45.376 3233 INFO rally.task.runner [-] Task 6fc61b2b-3aa8-4cee-9f47-4a2ffc4f2464 | ITER: 1 START
2019-11-24 00:31:45.377 3235 RALLYDEBUG rally.task.runner [-] Starting a worker. times: 10 duration: None concurrency: 1 timeout: 0 cls: method_name: run args: {"flavor": "b21a361e-46d7-4d11-b324-6e9761bcee23", "image": "e2756950-7b6d-4778-be5f-611bc2de8e52", "size": {"min": 1, "max": 1}, "create_vm_params": {"nics": [{"net-id": "91120f3d-1d14-4af3-8878-32cf1dc2d13f"}]}}
2019-11-24 00:31:45.380 3234 INFO rally.task.runner [-] Task 6fc61b2b-3aa8-4cee-9f47-4a2ffc4f2464 | ITER: 2 START
2019-11-24 00:31:45.381 3238 RALLYDEBUG rally.task.runner [-] Starting a worker. times: 10 duration: None concurrency: 1 timeout: 0 cls: method_name: run args: {"flavor": "b21a361e-46d7-4d11-b324-6e9761bcee23", "image": "e2756950-7b6d-4778-be5f-611bc2de8e52", "size": {"min": 1, "max": 1}, "create_vm_params": {"nics": [{"net-id": "91120f3d-1d14-4af3-8878-32cf1dc2d13f"}]}}
2019-11-24 00:31:45.384 3235 INFO rally.task.runner [-] Task 6fc61b2b-3aa8-4cee-9f47-4a2ffc4f2464 | ITER: 3 START
2019-11-24 00:31:45.387 3238 INFO rally.task.runner [-] Task 6fc61b2b-3aa8-4cee-9f47-4a2ffc4f2464 | ITER: 4 START
2019-11-24 00:31:57.265 3234 RALLYDEBUG rally.task.utils [-] Waiting for resource s_rally_00440ae9_7ClPemFQ. Status changed: BUILD => ACTIVE in 4.495066165924072
2019-11-24 00:31:57.373 3238 RALLYDEBUG rally.task.utils [-] Waiting for resource s_rally_00440ae9_9ylb0u8W. Status changed: BUILD => ACTIVE in 4.487585544586182
2019-11-24 00:31:57.932 3234 RALLYDEBUG rally.task.utils [-] Waiting for resource s_rally_00440ae9_bj7rhhws. Status changed: AVAILABLE => RESERVED in 0.4154202938079834
2019-11-24 00:31:58.016 3238 RALLYDEBUG rally.task.utils [-] Waiting for resource s_rally_00440ae9_tMYIPuEY. Status changed: AVAILABLE => RESERVED in 0.40113019943237305
2019-11-24 00:31:59.517 3233 RALLYDEBUG rally.task.utils [-] Waiting for resource s_rally_00440ae9_eKd4waoH. Status changed: BUILD => ACTIVE in 6.850980281829834
2019-11-24 00:32:00.123 3235 RALLYDEBUG rally.task.utils [-] Waiting for resource s_rally_00440ae9_sKB4QVTv. Status changed: BUILD => ACTIVE in 7.342580080032349
2019-11-24 00:32:00.176 3233 RALLYDEBUG rally.task.utils [-] Waiting for resource s_rally_00440ae9_MLwtZevc. Status changed: AVAILABLE => RESERVED in 0.40264058113098145
2019-11-24 00:32:00.358 3234 RALLYDEBUG rally.task.utils [-] Waiting for resource s_rally_00440ae9_bj7rhhws. Status changed: RESERVED => IN-USE in 2.4261391162872314
2019-11-24 00:32:00.432 3238 RALLYDEBUG rally.task.utils [-] Waiting for resource s_rally_00440ae9_tMYIPuEY. Status changed: RESERVED => IN-USE in 2.415280818939209
2019-11-24 00:32:00.774 3235 RALLYDEBUG rally.task.utils [-] Waiting for resource s_rally_00440ae9_PE98jPGC. Status changed: AVAILABLE => RESERVED in 0.4109978675842285
2019-11-24 00:32:00.992 3238 RALLYDEBUG rally.task.utils [-] Waiting for resource s_rally_00440ae9_tMYIPuEY. Status changed: AVAILABLE => DETACHING in 0.39519166946411133
2019-11-24 00:32:01.073 3234 RALLYDEBUG rally.task.utils [-] Waiting for resource s_rally_00440ae9_bj7rhhws. Status changed: AVAILABLE => DETACHING in 0.4172201156616211
2019-11-24 00:32:02.617 3233 RALLYDEBUG rally.task.utils [-] Waiting for resource s_rally_00440ae9_MLwtZevc. Status changed: RESERVED => IN-USE in 2.4408891201019287
2019-11-24 00:32:03.180 3235 RALLYDEBUG rally.task.utils [-] Waiting for resource s_rally_00440ae9_PE98jPGC. Status changed: RESERVED => IN-USE in 2.405970335006714
2019-11-24 00:32:03.194 3233 RALLYDEBUG rally.task.utils [-] Waiting for resource s_rally_00440ae9_MLwtZevc. Status changed: AVAILABLE => DETACHING in 0.4033396244049072
2019-11-24 00:32:03.411 3238 RALLYDEBUG rally.task.utils [-] Waiting for resource s_rally_00440ae9_tMYIPuEY. Status changed: DETACHING => AVAILABLE in 2.418060064315796
2019-11-24 00:32:03.490 3234 RALLYDEBUG rally.task.utils [-] Waiting for resource s_rally_00440ae9_bj7rhhws. Status changed: DETACHING => AVAILABLE in 2.4162769317626953
2019-11-24 00:32:03.495 3238 RALLYDEBUG rally.task.utils [-] Waiting for resource s_rally_00440ae9_h4RAQDym. Status changed: AVAILABLE => DELETING in 0.02869558334350586
2019-11-24 00:32:03.573 3234 RALLYDEBUG rally.task.utils [-] Waiting for resource s_rally_00440ae9_wSwwcplU. Status changed: AVAILABLE => DELETING in 0.02573871612548828
2019-11-24 00:32:03.755 3235 RALLYDEBUG rally.task.utils [-] Waiting for resource s_rally_00440ae9_PE98jPGC. Status changed: AVAILABLE => DETACHING in 0.4138472080230713
2019-11-24 00:32:05.637 3233 RALLYDEBUG rally.task.utils [-] Waiting for resource s_rally_00440ae9_MLwtZevc. Status changed: DETACHING => AVAILABLE in 2.4420902729034424
2019-11-24 00:32:05.656 3238 RALLYDEBUG rally.task.utils [-] Waiting for resource s_rally_00440ae9_tMYIPuEY. Status changed: AVAILABLE => DELETING in 0.05546760559082031
2019-11-24 00:32:05.716 3234 RALLYDEBUG rally.task.utils [-] Waiting for resource s_rally_00440ae9_bj7rhhws. Status changed: AVAILABLE => DELETING in 0.05296683311462402
2019-11-24 00:32:05.723 3233 RALLYDEBUG rally.task.utils [-] Waiting for resource s_rally_00440ae9_5TelHCPs. Status changed: AVAILABLE => DELETING in 0.025582075119018555
2019-11-24 00:32:06.188 3235 RALLYDEBUG rally.task.utils [-] Waiting for resource s_rally_00440ae9_PE98jPGC. Status changed: DETACHING => AVAILABLE in 2.4334115982055664
2019-11-24 00:32:06.301 3235 RALLYDEBUG rally.task.utils [-] Waiting for resource s_rally_00440ae9_nR3nz8J9. Status changed: AVAILABLE => DELETING in 0.030483007431030273
2019-11-24 00:32:07.891 3233 RALLYDEBUG rally.task.utils [-] Waiting for resource s_rally_00440ae9_MLwtZevc. Status changed: AVAILABLE => DELETING in 0.0677189826965332
2019-11-24 00:32:08.578 3235 RALLYDEBUG rally.task.utils [-] Waiting for resource s_rally_00440ae9_PE98jPGC. Status changed: AVAILABLE => DELETING in 0.1907351016998291
2019-11-24 00:32:10.096 3234 INFO rally.task.runner [-] Task 6fc61b2b-3aa8-4cee-9f47-4a2ffc4f2464 | ITER: 2 END: OK
2019-11-24 00:32:10.102 3234 INFO rally.task.runner [-] Task 6fc61b2b-3aa8-4cee-9f47-4a2ffc4f2464 | ITER: 5 START
2019-11-24 00:32:10.129 3238 INFO rally.task.runner [-] Task 6fc61b2b-3aa8-4cee-9f47-4a2ffc4f2464 | ITER: 4 END: OK
2019-11-24 00:32:10.134 3238 INFO rally.task.runner [-] Task 6fc61b2b-3aa8-4cee-9f47-4a2ffc4f2464 | ITER: 6 START
2019-11-24 00:32:12.350 3233 INFO rally.task.runner [-] Task 6fc61b2b-3aa8-4cee-9f47-4a2ffc4f2464 | ITER: 1 END: OK
2019-11-24 00:32:12.355 3233 INFO rally.task.runner [-] Task 6fc61b2b-3aa8-4cee-9f47-4a2ffc4f2464 | ITER: 7 START
2019-11-24 00:32:13.065 3235 INFO rally.task.runner [-] Task 6fc61b2b-3aa8-4cee-9f47-4a2ffc4f2464 | ITER: 3 END: OK
2019-11-24 00:32:13.071 3235 INFO rally.task.runner [-] Task 6fc61b2b-3aa8-4cee-9f47-4a2ffc4f2464 | ITER: 8 START
2019-11-24 00:32:21.641 3234 RALLYDEBUG rally.task.utils [-] Waiting for resource s_rally_00440ae9_yLf5FoJ9. Status changed: BUILD => ACTIVE in 4.675418376922607
2019-11-24 00:32:22.391 3234 RALLYDEBUG rally.task.utils [-] Waiting for resource s_rally_00440ae9_FMRBRjYP. Status changed: AVAILABLE => RESERVED in 0.40245985984802246
2019-11-24 00:32:24.046 3238 RALLYDEBUG rally.task.utils [-] Waiting for resource s_rally_00440ae9_dONo7ghr. Status changed: BUILD => ACTIVE in 6.937547445297241
2019-11-24 00:32:24.062 3233 RALLYDEBUG rally.task.utils [-] Waiting for resource s_rally_00440ae9_81DmTI1x. Status changed: BUILD => ACTIVE in 4.994889974594116
2019-11-24 00:32:24.703 3235 RALLYDEBUG rally.task.utils [-] Waiting for resource s_rally_00440ae9_TbHwWsCq. Status changed: BUILD => ACTIVE in 4.740006446838379
2019-11-24 00:32:24.716 3238 RALLYDEBUG rally.task.utils [-] Waiting for resource s_rally_00440ae9_uRfuCNmo. Status changed: AVAILABLE => RESERVED in 0.40960001945495605
2019-11-24 00:32:24.737 3233 RALLYDEBUG rally.task.utils [-] Waiting for resource s_rally_00440ae9_kjvh444w. Status changed: AVAILABLE => RESERVED in 0.4265305995941162
2019-11-24 00:32:24.791 3234 RALLYDEBUG rally.task.utils [-] Waiting for resource s_rally_00440ae9_FMRBRjYP. Status changed: RESERVED => IN-USE in 2.399900197982788
2019-11-24 00:32:25.351 3234 RALLYDEBUG rally.task.utils [-] Waiting for resource s_rally_00440ae9_FMRBRjYP. Status changed: AVAILABLE => DETACHING in 0.405057430267334
2019-11-24 00:32:25.364 3235 RALLYDEBUG rally.task.utils [-] Waiting for resource s_rally_00440ae9_E2qWCTAQ. Status changed: AVAILABLE => RESERVED in 0.40639805793762207
2019-11-24 00:32:27.129 3238 RALLYDEBUG rally.task.utils [-] Waiting for resource s_rally_00440ae9_uRfuCNmo. Status changed: RESERVED => IN-USE in 2.4133081436157227
2019-11-24 00:32:27.140 3233 RALLYDEBUG rally.task.utils [-] Waiting for resource s_rally_00440ae9_kjvh444w. Status changed: RESERVED => IN-USE in 2.40315842628479
2019-11-24 00:32:27.685 3238 RALLYDEBUG rally.task.utils [-] Waiting for resource s_rally_00440ae9_uRfuCNmo. Status changed: AVAILABLE => DETACHING in 0.40331482887268066
2019-11-24 00:32:27.705 3233 RALLYDEBUG rally.task.utils [-] Waiting for resource s_rally_00440ae9_kjvh444w. Status changed: AVAILABLE => DETACHING in 0.3995859622955322
2019-11-24 00:32:27.770 3235 RALLYDEBUG rally.task.utils [-] Waiting for resource s_rally_00440ae9_E2qWCTAQ. Status changed: RESERVED => IN-USE in 2.4054207801818848
2019-11-24 00:32:27.771 3234 RALLYDEBUG rally.task.utils [-] Waiting for resource s_rally_00440ae9_FMRBRjYP. Status changed: DETACHING => AVAILABLE in 2.420584201812744
2019-11-24 00:32:27.860 3234 RALLYDEBUG rally.task.utils [-] Waiting for resource s_rally_00440ae9_vDY87zEJ. Status changed: AVAILABLE => DELETING in 0.023240089416503906
2019-11-24 00:32:28.332 3235 RALLYDEBUG rally.task.utils [-] Waiting for resource s_rally_00440ae9_E2qWCTAQ. Status changed: AVAILABLE => DETACHING in 0.39914441108703613
2019-11-24 00:32:30.013 3234 RALLYDEBUG rally.task.utils [-] Waiting for resource s_rally_00440ae9_FMRBRjYP. Status changed: AVAILABLE => DELETING in 0.05836987495422363
2019-11-24 00:32:30.109 3238 RALLYDEBUG rally.task.utils [-] Waiting for resource s_rally_00440ae9_uRfuCNmo. Status changed: DETACHING => AVAILABLE in 2.424185276031494
