2019-11-24 01:12:25.063 20126 RALLYDEBUG rally_openstack.wrappers.network [-] CIDR generated: 10.2.115.0/24
2019-11-24 01:12:25.209 20128 INFO rally.task.runner [-] Task d67691e7-a9b8-452e-a8dc-3036d9f36b5d | ITER: 7 END: OK
2019-11-24 01:12:25.531 20125 INFO rally.task.runner [-] Task d67691e7-a9b8-452e-a8dc-3036d9f36b5d | ITER: 8 END: OK
2019-11-24 01:12:26.061 20127 RALLYDEBUG rally_openstack.wrappers.network [-] CIDR generated: 10.2.116.0/24
2019-11-24 01:12:26.267 20126 RALLYDEBUG rally_openstack.wrappers.network [-] CIDR generated: 10.2.117.0/24
2019-11-24 01:12:27.002 20126 INFO rally.task.runner [-] Task d67691e7-a9b8-452e-a8dc-3036d9f36b5d | ITER: 10 END: OK
2019-11-24 01:12:27.086 20127 INFO rally.task.runner [-] Task d67691e7-a9b8-452e-a8dc-3036d9f36b5d | ITER: 9 END: OK
2019-11-24 01:12:27.115 13785 INFO rally.task.context [-] Task d67691e7-a9b8-452e-a8dc-3036d9f36b5d | Context cleanup@openstack cleanup() started
2019-11-24 01:12:27.119 13785 RALLYDEBUG rally_openstack.cleanup.manager [-] Cleaning up neutron vip objects
2019-11-24 01:12:28.305 13785 RALLYDEBUG rally_openstack.cleanup.manager [-] Cleaning up neutron health_monitor objects
2019-11-24 01:12:29.381 13785 RALLYDEBUG rally_openstack.cleanup.manager [-] Cleaning up neutron pool objects
2019-11-24 01:12:30.470 13785 RALLYDEBUG rally_openstack.cleanup.manager [-] Cleaning up neutron loadbalancer objects
2019-11-24 01:12:31.528 13785 RALLYDEBUG rally_openstack.cleanup.manager [-] Cleaning up neutron floatingip objects
2019-11-24 01:12:32.940 13785 RALLYDEBUG rally_openstack.cleanup.manager [-] Cleaning up neutron trunk objects
2019-11-24 01:12:34.031 13785 RALLYDEBUG rally_openstack.cleanup.manager [-] Cleaning up neutron port objects
2019-11-24 01:12:35.308 13785 RALLYDEBUG rally_openstack.cleanup.manager [-] Cleaning up neutron subnet objects
2019-11-24 01:12:36.721 13785 RALLYDEBUG rally_openstack.cleanup.manager [-] Deleting neutron.subnet object s_rally_63b66de9_2TjUL64l (223c6cfc-1267-4db2-a262-f4439f371a04)
2019-11-24 01:12:36.731 13785 RALLYDEBUG rally_openstack.cleanup.manager [-] Deleting neutron.subnet object s_rally_63b66de9_oL5ttsBk (31c28c07-f31d-4d6c-ab09-061ed27e6083)
2019-11-24 01:12:36.739 13785 RALLYDEBUG rally_openstack.cleanup.manager [-] Deleting neutron.subnet object s_rally_63b66de9_vGWSOmXS (3c03b3a5-1614-446b-8a67-684329ade93f)
2019-11-24 01:12:36.743 13785 RALLYDEBUG rally_openstack.cleanup.manager [-] Deleting neutron.subnet object s_rally_63b66de9_6uH7TNBP (3d3ea0b4-8166-4a96-9dbc-d29105aeaa81)
2019-11-24 01:12:36.757 13785 RALLYDEBUG rally_openstack.cleanup.manager [-] Deleting neutron.subnet object s_rally_63b66de9_yE5alASB (5b70ef27-5b20-436c-9d6f-2f34890dad03)
2019-11-24 01:12:36.762 13785 RALLYDEBUG rally_openstack.cleanup.manager [-] Deleting neutron.subnet object s_rally_63b66de9_JZyeEPuf (93734997-49f4-4b4e-9dc3-63dc93143288)
2019-11-24 01:12:36.778 13785 RALLYDEBUG rally_openstack.cleanup.manager [-] Deleting neutron.subnet object s_rally_63b66de9_GvUqHP6x (b3deac48-593c-48e3-8427-800cae53906d)
2019-11-24 01:12:36.791 13785 RALLYDEBUG rally_openstack.cleanup.manager [-] Deleting neutron.subnet object s_rally_63b66de9_Da5TcIBo (df5c2c30-8690-495f-bc0f-c9dade5461b2)
2019-11-24 01:12:36.798 13785 RALLYDEBUG rally_openstack.cleanup.manager [-] Deleting neutron.subnet object s_rally_63b66de9_ZjsZVIbh (105d76c2-1070-46a4-99c6-d8e1546e17cf)
2019-11-24 01:12:36.803 13785 RALLYDEBUG rally_openstack.cleanup.manager [-] Deleting neutron.subnet object s_rally_63b66de9_2bBIqToq (3e5ad8b1-3854-4054-9370-873916cbaf30)
2019-11-24 01:12:36.818 13785 RALLYDEBUG rally_openstack.cleanup.manager [-] Deleting neutron.subnet object s_rally_63b66de9_JRuZtxrV (4b09b504-b618-4e67-9511-e8125ee6602d)
2019-11-24 01:12:36.845 13785 RALLYDEBUG rally_openstack.cleanup.manager [-] Deleting neutron.subnet object s_rally_63b66de9_jRrFsDLu (73680282-77f5-4749-9ec0-69b07281d92e)
2019-11-24 01:12:36.868 13785 RALLYDEBUG rally_openstack.cleanup.manager [-] Deleting neutron.subnet object s_rally_63b66de9_m2cbqIHY (7f9ef5e3-f739-46ee-9cd2-062dfc63f7e2)
2019-11-24 01:12:36.875 13785 RALLYDEBUG rally_openstack.cleanup.manager [-] Deleting neutron.subnet object s_rally_63b66de9_VPc2uENR (aa09e457-371f-4f26-881a-d7baea91b126)
2019-11-24 01:12:36.886 13785 RALLYDEBUG rally_openstack.cleanup.manager [-] Deleting neutron.subnet object s_rally_63b66de9_omYgxFhq (b723d05d-3dc7-49c9-8e14-d35a2b9affec)
2019-11-24 01:12:36.906 13785 RALLYDEBUG rally_openstack.cleanup.manager [-] Deleting neutron.subnet object s_rally_63b66de9_fmNtilCH (f760e29d-10d0-4377-88a4-e3ec5f67bf01)
2019-11-24 01:12:36.916 13785 RALLYDEBUG rally_openstack.cleanup.manager [-] Deleting neutron.subnet object s_rally_63b66de9_bSweIYld (6699fd74-ff70-44a9-a20a-5fa258e4cc27)
2019-11-24 01:12:36.940 13785 RALLYDEBUG rally_openstack.cleanup.manager [-] Deleting neutron.subnet object s_rally_63b66de9_7OzZ0NlS (8c26a509-f231-48ba-b832-14e571375218)
2019-11-24 01:12:36.959 13785 RALLYDEBUG rally_openstack.cleanup.manager [-] Deleting neutron.subnet object s_rally_63b66de9_NMeU2joM (ca8d3fe3-53d0-4d0a-a1ce-64f0a45731e5)
2019-11-24 01:12:36.967 13785 RALLYDEBUG rally_openstack.cleanup.manager [-] Deleting neutron.subnet object s_rally_63b66de9_NfKIbVG7 (cd2578c7-7b68-4b7f-be10-3444ed55b465)
2019-11-24 01:12:46.190 13785 RALLYDEBUG rally_openstack.cleanup.manager [-] Cleaning up neutron network objects
2019-11-24 01:12:47.577 13785 RALLYDEBUG rally_openstack.cleanup.manager [-] Cleaning up neutron router objects
2019-11-24 01:12:48.759 13785 RALLYDEBUG rally_openstack.cleanup.manager [-] Cleaning up neutron security_group objects
2019-11-24 01:12:49.958 13785 INFO rally.task.context [-] Task d67691e7-a9b8-452e-a8dc-3036d9f36b5d | Context cleanup@openstack cleanup() finished in 22.84 sec
2019-11-24 01:12:49.958 13785 INFO rally.task.context [-] Task d67691e7-a9b8-452e-a8dc-3036d9f36b5d | Context network@openstack cleanup() started
2019-11-24 01:13:00.828 13785 INFO rally.task.context [-] Task d67691e7-a9b8-452e-a8dc-3036d9f36b5d | Context network@openstack cleanup() finished in 10.87 sec
2019-11-24 01:13:00.829 13785 INFO rally.task.context [-] Task d67691e7-a9b8-452e-a8dc-3036d9f36b5d | Context quotas@openstack cleanup() started
2019-11-24 01:13:01.072 13785 INFO rally.task.context [-] Task d67691e7-a9b8-452e-a8dc-3036d9f36b5d | Context quotas@openstack cleanup() finished in 0.24 sec
2019-11-24 01:13:01.073 13785 INFO rally.task.context [-] Task d67691e7-a9b8-452e-a8dc-3036d9f36b5d | Context users@openstack cleanup() started
2019-11-24 01:13:05.164 13785 INFO rally.task.context [-] Task d67691e7-a9b8-452e-a8dc-3036d9f36b5d | Context users@openstack cleanup() finished in 4.09 sec
2019-11-24 01:13:06.471 13785 INFO rally.task.engine [-] Load duration is: 5.900864
2019-11-24 01:13:06.471 13785 INFO rally.task.engine [-] Full runner duration is: 5.950846
2019-11-24 01:13:06.472 13785 INFO rally.task.engine [-] Full duration is: 50.960094
2019-11-24 01:13:06.737 13785 INFO rally.task.engine [-] Task d67691e7-a9b8-452e-a8dc-3036d9f36b5d | Completed: Running task.
2019-11-24 01:13:08.338 20407 RALLYDEBUG rally.api [-] INFO logs from urllib3 and requests module are hide.
2019-11-24 01:13:08.339 20407 RALLYDEBUG rally.api [-] urllib3 insecure warnings are hidden.
2019-11-24 01:13:08.339 20407 RALLYDEBUG rally.api [-] ERROR log from boto module is hide.
2019-11-24 01:13:09.396 20408 RALLYDEBUG rally.api [-] INFO logs from urllib3 and requests module are hide.
2019-11-24 01:13:09.396 20408 RALLYDEBUG rally.api [-] urllib3 insecure warnings are hidden.
2019-11-24 01:13:09.397 20408 RALLYDEBUG rally.api [-] ERROR log from boto module is hide.
2019-11-24 01:13:10.546 20409 RALLYDEBUG rally.api [-] INFO logs from urllib3 and requests module are hide.
2019-11-24 01:13:10.546 20409 RALLYDEBUG rally.api [-] urllib3 insecure warnings are hidden.
2019-11-24 01:13:10.547 20409 RALLYDEBUG rally.api [-] ERROR log from boto module is hide.
2019-11-24 01:13:12.271 20409 INFO rally.api [-] Building 'json' report for the following task(s): 'd67691e7-a9b8-452e-a8dc-3036d9f36b5d'.
2019-11-24 01:13:12.310 20409 INFO rally.api [-] The report has been successfully built.
2019-11-24 01:13:13.647 20411 RALLYDEBUG rally.api [-] INFO logs from urllib3 and requests module are hide.
2019-11-24 01:13:13.647 20411 RALLYDEBUG rally.api [-] urllib3 insecure warnings are hidden.
2019-11-24 01:13:13.647 20411 RALLYDEBUG rally.api [-] ERROR log from boto module is hide.
2019-11-24 01:13:15.709 20411 INFO rally.task.engine [-] Task c0fc49d1-da24-4495-9fd9-5ddc7eab7726 | Starting: Task validation.
2019-11-24 01:13:15.767 20411 INFO rally.task.engine [-] Task c0fc49d1-da24-4495-9fd9-5ddc7eab7726 | Starting: Task validation of syntax.
2019-11-24 01:13:16.113 20411 INFO rally.task.engine [-] Task c0fc49d1-da24-4495-9fd9-5ddc7eab7726 | Completed: Task validation of syntax.
2019-11-24 01:13:16.113 20411 INFO rally.task.engine [-] Task c0fc49d1-da24-4495-9fd9-5ddc7eab7726 | Starting: Task validation of required platforms.
2019-11-24 01:13:16.258 20411 INFO rally.task.engine [-] Task c0fc49d1-da24-4495-9fd9-5ddc7eab7726 | Completed: Task validation of required platforms.
2019-11-24 01:13:16.258 20411 INFO rally.task.engine [-] Task c0fc49d1-da24-4495-9fd9-5ddc7eab7726 | Starting: Task validation of semantic.
2019-11-24 01:13:16.259 20411 INFO rally.task.engine [-] Check health of the environment '4cd4f0ea-fd56-48ed-8a3d-a92bfc2b7126'.
2019-11-24 01:13:17.292 20411 INFO rally.task.engine [-] Platform existing@openstack (available: True): OK!
2019-11-24 01:13:17.311 20411 RALLYDEBUG rally_openstack.contexts.keystone.users [-] Creating 1 tenants using 20 threads
2019-11-24 01:13:18.257 20411 RALLYDEBUG rally_openstack.contexts.keystone.users [-] Creating 1 users using 20 threads
2019-11-24 01:13:19.700 20411 INFO rally.task.context [-] Task c0fc49d1-da24-4495-9fd9-5ddc7eab7726 | Context users@openstack setup() finished in 2.39 sec
2019-11-24 01:14:00.156 20411 INFO rally.task.context [-] Task c0fc49d1-da24-4495-9fd9-5ddc7eab7726 | Context users@openstack cleanup() started
2019-11-24 01:14:02.955 20411 INFO rally.task.context [-] Task c0fc49d1-da24-4495-9fd9-5ddc7eab7726 | Context users@openstack cleanup() finished in 2.80 sec
2019-11-24 01:14:02.956 20411 INFO rally.task.engine [-] Task c0fc49d1-da24-4495-9fd9-5ddc7eab7726 | Completed: Task validation of semantic.
2019-11-24 01:14:02.957 20411 INFO rally.task.engine [-] Task c0fc49d1-da24-4495-9fd9-5ddc7eab7726 | Completed: Task validation.
2019-11-24 01:14:02.957 20411 INFO rally.api [-] Task c0fc49d1-da24-4495-9fd9-5ddc7eab7726 input file is valid.
2019-11-24 01:14:02.957 20411 INFO rally.api [-] Run Task c0fc49d1-da24-4495-9fd9-5ddc7eab7726 against Deployment 4cd4f0ea-fd56-48ed-8a3d-a92bfc2b7126
2019-11-24 01:14:02.958 20411 INFO rally.task.engine [-] Task c0fc49d1-da24-4495-9fd9-5ddc7eab7726 | Starting: Running task.
2019-11-24 01:14:03.127 20411 INFO rally.task.engine [-] Running workload: position = 0 config = { "version": 2, "title": "A cropped version of a bigger task.", "description": "Auto-generated task from a single workload (uuid=3bbaf280-35cd-4707-b3b8-d5f013221be9)", "subtasks": [ { "title": "NovaKeypair.create_and_delete_keypair", "description": "Create a keypair with random name and delete keypair.", "scenario": { "NovaKeypair.create_and_delete_keypair": {} }, "contexts": { "users": { "tenants": 3, "users_per_tenant": 2 }, "quotas": { "nova": { "cores": -1, "floating_ips": -1, "instances": -1, "key_pairs": -1, "ram": -1, "security_group_rules": -1, "security_groups": -1 } } }, "runner": { "constant": { "concurrency": 4, "times": 10 } }, "hooks": [], "sla": { "failure_rate": { "max": 0 } } } ] }
2019-11-24 01:14:03.149 20411 RALLYDEBUG rally_openstack.contexts.keystone.users [-] Creating 3 tenants using 20 threads
2019-11-24 01:14:04.078 20411 RALLYDEBUG rally_openstack.contexts.keystone.users [-] Creating 6 users using 20 threads
2019-11-24 01:14:05.664 20411 INFO rally.task.context [-] Task c0fc49d1-da24-4495-9fd9-5ddc7eab7726 | Context users@openstack setup() finished in 2.51 sec
2019-11-24 01:14:06.927 20411 INFO rally.task.context [-] Task c0fc49d1-da24-4495-9fd9-5ddc7eab7726 | Context quotas@openstack setup() finished in 1.26 sec
2019-11-24 01:14:06.927 20411 INFO rally.task.context [-] Task c0fc49d1-da24-4495-9fd9-5ddc7eab7726 | Context cleanup@openstack setup() finished in 0.02 msec
2019-11-24 01:14:06.940 20411 RALLYDEBUG rally.task.runner [-] Starting the constant runner (task UUID: c0fc49d1-da24-4495-9fd9-5ddc7eab7726). times: 10 concurrency: 4 timeout: 0 max_cpu_used: 16 processes_to_start: 4 concurrency_per_worker: 1 concurrency_overhead: 0
2019-11-24 01:14:06.953 20535 RALLYDEBUG rally.task.runner [-] Starting a worker. times: 10 duration: None concurrency: 1 timeout: 0 cls: method_name: run args: {}
2019-11-24 01:14:06.957 20536 RALLYDEBUG rally.task.runner [-] Starting a worker. times: 10 duration: None concurrency: 1 timeout: 0 cls: method_name: run args: {}
2019-11-24 01:14:06.960 20535 INFO rally.task.runner [-] Task c0fc49d1-da24-4495-9fd9-5ddc7eab7726 | ITER: 1 START
2019-11-24 01:14:06.961 20537 RALLYDEBUG rally.task.runner [-] Starting a worker. times: 10 duration: None concurrency: 1 timeout: 0 cls: method_name: run args: {}
2019-11-24 01:14:06.963 20536 INFO rally.task.runner [-] Task c0fc49d1-da24-4495-9fd9-5ddc7eab7726 | ITER: 2 START
2019-11-24 01:14:06.964 20540 RALLYDEBUG rally.task.runner [-] Starting a worker. times: 10 duration: None concurrency: 1 timeout: 0 cls: method_name: run args: {}
2019-11-24 01:14:06.967 20537 INFO rally.task.runner [-] Task c0fc49d1-da24-4495-9fd9-5ddc7eab7726 | ITER: 3 START
2019-11-24 01:14:06.970 20540 INFO rally.task.runner [-] Task c0fc49d1-da24-4495-9fd9-5ddc7eab7726 | ITER: 4 START
2019-11-24 01:14:07.565 20540 INFO rally.task.runner [-] Task c0fc49d1-da24-4495-9fd9-5ddc7eab7726 | ITER: 4 END: OK
2019-11-24 01:14:07.570 20540 INFO rally.task.runner [-] Task c0fc49d1-da24-4495-9fd9-5ddc7eab7726 | ITER: 5 START
2019-11-24 01:14:07.614 20535 INFO rally.task.runner [-] Task c0fc49d1-da24-4495-9fd9-5ddc7eab7726 | ITER: 1 END: OK
2019-11-24 01:14:07.617 20536 INFO rally.task.runner [-] Task c0fc49d1-da24-4495-9fd9-5ddc7eab7726 | ITER: 2 END: OK
2019-11-24 01:14:07.619 20535 INFO rally.task.runner [-] Task c0fc49d1-da24-4495-9fd9-5ddc7eab7726 | ITER: 6 START
2019-11-24 01:14:07.623 20536 INFO rally.task.runner [-] Task c0fc49d1-da24-4495-9fd9-5ddc7eab7726 | ITER: 7 START
2019-11-24 01:14:07.657 20537 INFO rally.task.runner [-] Task c0fc49d1-da24-4495-9fd9-5ddc7eab7726 | ITER: 3 END: OK
2019-11-24 01:14:07.662 20537 INFO rally.task.runner [-] Task c0fc49d1-da24-4495-9fd9-5ddc7eab7726 | ITER: 8 START
2019-11-24 01:14:08.147 20535 INFO rally.task.runner [-] Task c0fc49d1-da24-4495-9fd9-5ddc7eab7726 | ITER: 6 END: OK
2019-11-24 01:14:08.151 20535 INFO rally.task.runner [-] Task c0fc49d1-da24-4495-9fd9-5ddc7eab7726 | ITER: 9 START
2019-11-24 01:14:08.249 20537 INFO rally.task.runner [-] Task c0fc49d1-da24-4495-9fd9-5ddc7eab7726 | ITER: 8 END: OK
2019-11-24 01:14:08.251 20540 INFO rally.task.runner [-] Task c0fc49d1-da24-4495-9fd9-5ddc7eab7726 | ITER: 5 END: OK
2019-11-24 01:14:08.252 20537 INFO rally.task.runner [-] Task c0fc49d1-da24-4495-9fd9-5ddc7eab7726 | ITER: 10 START
2019-11-24 01:14:08.336 20536 INFO rally.task.runner [-] Task c0fc49d1-da24-4495-9fd9-5ddc7eab7726 | ITER: 7 END: OK
2019-11-24 01:14:08.771 20535 INFO rally.task.runner [-] Task c0fc49d1-da24-4495-9fd9-5ddc7eab7726 | ITER: 9 END: OK
2019-11-24 01:14:08.771 20537 INFO rally.task.runner [-] Task c0fc49d1-da24-4495-9fd9-5ddc7eab7726 | ITER: 10 END: OK
2019-11-24 01:14:08.793 20411 INFO rally.task.context [-] Task c0fc49d1-da24-4495-9fd9-5ddc7eab7726 | Context cleanup@openstack cleanup() started
2019-11-24 01:14:08.796 20411 RALLYDEBUG rally_openstack.cleanup.manager [-] Cleaning up nova servers objects
2019-11-24 01:14:10.085 20411 RALLYDEBUG rally_openstack.cleanup.manager [-] Cleaning up nova server_groups objects
2019-11-24 01:14:11.243 20411 RALLYDEBUG rally_openstack.cleanup.manager [-] Cleaning up nova keypairs objects
2019-11-24 01:14:13.660 20411 INFO rally.task.context [-] Task c0fc49d1-da24-4495-9fd9-5ddc7eab7726 | Context cleanup@openstack cleanup() finished in 4.87 sec
2019-11-24 01:14:13.660 20411 INFO rally.task.context [-] Task c0fc49d1-da24-4495-9fd9-5ddc7eab7726 | Context quotas@openstack cleanup() started
2019-11-24 01:14:13.721 20411 INFO rally.task.context [-] Task c0fc49d1-da24-4495-9fd9-5ddc7eab7726 | Context quotas@openstack cleanup() finished in 61.02 msec
2019-11-24 01:14:13.722 20411 INFO rally.task.context [-] Task c0fc49d1-da24-4495-9fd9-5ddc7eab7726 | Context users@openstack cleanup() started
2019-11-24 01:14:18.232 20411 INFO rally.task.context [-] Task c0fc49d1-da24-4495-9fd9-5ddc7eab7726 | Context users@openstack cleanup() finished in 4.51 sec
2019-11-24 01:14:19.249 20411 INFO rally.task.engine [-] Load duration is: 1.80983
2019-11-24 01:14:19.250 20411 INFO rally.task.engine [-] Full runner duration is: 1.853884
2019-11-24 01:14:19.250 20411 INFO rally.task.engine [-] Full duration is: 15.085413
2019-11-24 01:14:19.546 20411 INFO rally.task.engine [-] Running workload: position = 0 config = { "version": 2, "title": "A cropped version of a bigger task.", "description": "Auto-generated task from a single workload (uuid=85c490cd-b664-41ab-8d95-da61922920b4)", "subtasks": [ { "title": "NovaKeypair.create_and_list_keypairs", "description": "Create a keypair with random name and list keypairs.", "scenario": { "NovaKeypair.create_and_list_keypairs": {} }, "contexts": { "users": { "tenants": 3, "users_per_tenant": 2 }, "quotas": { "nova": { "cores": -1, "floating_ips": -1, "instances": -1, "key_pairs": -1, "ram": -1, "security_group_rules": -1, "security_groups": -1 } } }, "runner": { "constant": { "concurrency": 4, "times": 10 } }, "hooks": [], "sla": { "failure_rate": { "max": 0 } } } ] }
2019-11-24 01:14:19.571 20411 RALLYDEBUG rally_openstack.contexts.keystone.users [-] Creating 3 tenants using 20 threads
2019-11-24 01:14:20.562 20411 RALLYDEBUG rally_openstack.contexts.keystone.users [-] Creating 6 users using 20 threads
2019-11-24 01:14:22.162 20411 INFO rally.task.context [-] Task c0fc49d1-da24-4495-9fd9-5ddc7eab7726 | Context users@openstack setup() finished in 2.59 sec
2019-11-24 01:14:23.579 20411 INFO rally.task.context [-] Task c0fc49d1-da24-4495-9fd9-5ddc7eab7726 | Context quotas@openstack setup() finished in 1.42 sec
2019-11-24 01:14:23.579 20411 INFO rally.task.context [-] Task c0fc49d1-da24-4495-9fd9-5ddc7eab7726 | Context cleanup@openstack setup() finished in 0.00 msec
2019-11-24 01:14:23.588 20411 RALLYDEBUG rally.task.runner [-] Starting the constant runner (task UUID: c0fc49d1-da24-4495-9fd9-5ddc7eab7726). times: 10 concurrency: 4 timeout: 0 max_cpu_used: 16 processes_to_start: 4 concurrency_per_worker: 1 concurrency_overhead: 0
2019-11-24 01:14:23.599 20699 RALLYDEBUG rally.task.runner [-] Starting a worker. times: 10 duration: None concurrency: 1 timeout: 0 cls: method_name: run args: {}
2019-11-24 01:14:23.603 20700 RALLYDEBUG rally.task.runner [-] Starting a worker. times: 10 duration: None concurrency: 1 timeout: 0 cls: method_name: run args: {}
2019-11-24 01:14:23.606 20699 INFO rally.task.runner [-] Task c0fc49d1-da24-4495-9fd9-5ddc7eab7726 | ITER: 1 START
2019-11-24 01:14:23.606 20701 RALLYDEBUG rally.task.runner [-] Starting a worker. times: 10 duration: None concurrency: 1 timeout: 0 cls: method_name: run args: {}
2019-11-24 01:14:23.610 20700 INFO rally.task.runner [-] Task c0fc49d1-da24-4495-9fd9-5ddc7eab7726 | ITER: 2 START
2019-11-24 01:14:23.610 20703 RALLYDEBUG rally.task.runner [-] Starting a worker. times: 10 duration: None concurrency: 1 timeout: 0 cls: method_name: run args: {}
2019-11-24 01:14:23.613 20701 INFO rally.task.runner [-] Task c0fc49d1-da24-4495-9fd9-5ddc7eab7726 | ITER: 3 START
2019-11-24 01:14:23.617 20703 INFO rally.task.runner [-] Task c0fc49d1-da24-4495-9fd9-5ddc7eab7726 | ITER: 4 START
2019-11-24 01:14:24.248 20703 INFO rally.task.runner [-] Task c0fc49d1-da24-4495-9fd9-5ddc7eab7726 | ITER: 4 END: OK
2019-11-24 01:14:24.253 20703 INFO rally.task.runner [-] Task c0fc49d1-da24-4495-9fd9-5ddc7eab7726 | ITER: 5 START
2019-11-24 01:14:24.319 20699 INFO rally.task.runner [-] Task c0fc49d1-da24-4495-9fd9-5ddc7eab7726 | ITER: 1 END: OK
2019-11-24 01:14:24.323 20699 INFO rally.task.runner [-] Task c0fc49d1-da24-4495-9fd9-5ddc7eab7726 | ITER: 6 START
2019-11-24 01:14:24.453 20700 INFO rally.task.runner [-] Task c0fc49d1-da24-4495-9fd9-5ddc7eab7726 | ITER: 2 END: OK
2019-11-24 01:14:24.458 20700 INFO rally.task.runner [-] Task c0fc49d1-da24-4495-9fd9-5ddc7eab7726 | ITER: 7 START
2019-11-24 01:14:24.464 20701 INFO rally.task.runner [-] Task c0fc49d1-da24-4495-9fd9-5ddc7eab7726 | ITER: 3 END: OK
2019-11-24 01:14:24.469 20701 INFO rally.task.runner [-] Task c0fc49d1-da24-4495-9fd9-5ddc7eab7726 | ITER: 8 START
2019-11-24 01:14:24.799 20703 INFO rally.task.runner [-] Task c0fc49d1-da24-4495-9fd9-5ddc7eab7726 | ITER: 5 END: OK
2019-11-24 01:14:24.803 20703 INFO rally.task.runner [-] Task c0fc49d1-da24-4495-9fd9-5ddc7eab7726 | ITER: 9 START
2019-11-24 01:14:25.015 20699 INFO rally.task.runner [-] Task c0fc49d1-da24-4495-9fd9-5ddc7eab7726 | ITER: 6 END: OK
2019-11-24 01:14:25.019 20699 INFO rally.task.runner [-] Task c0fc49d1-da24-4495-9fd9-5ddc7eab7726 | ITER: 10 START
2019-11-24 01:14:25.073 20701 INFO rally.task.runner [-] Task c0fc49d1-da24-4495-9fd9-5ddc7eab7726 | ITER: 8 END: OK
2019-11-24 01:14:25.083 20700 INFO rally.task.runner [-] Task c0fc49d1-da24-4495-9fd9-5ddc7eab7726 | ITER: 7 END: OK
2019-11-24 01:14:25.371 20703 INFO rally.task.runner [-] Task c0fc49d1-da24-4495-9fd9-5ddc7eab7726 | ITER: 9 END: OK
2019-11-24 01:14:25.574 20699 INFO rally.task.runner [-] Task c0fc49d1-da24-4495-9fd9-5ddc7eab7726 | ITER: 10 END: OK
2019-11-24 01:14:25.606 20411 INFO rally.task.context [-] Task c0fc49d1-da24-4495-9fd9-5ddc7eab7726 | Context cleanup@openstack cleanup() started
2019-11-24 01:14:25.610 20411 RALLYDEBUG rally_openstack.cleanup.manager [-] Cleaning up nova servers objects
2019-11-24 01:14:27.053 20411 RALLYDEBUG rally_openstack.cleanup.manager [-] Cleaning up nova server_groups objects
2019-11-24 01:14:28.195 20411 RALLYDEBUG rally_openstack.cleanup.manager [-] Cleaning up nova keypairs objects
2019-11-24 01:14:30.486 20411 RALLYDEBUG rally_openstack.cleanup.manager [-] Deleting nova.keypairs object s_rally_85c490cd_7D8Vutyh (s_rally_85c490cd_7D8Vutyh)
2019-11-24 01:14:30.496 20411 RALLYDEBUG rally_openstack.cleanup.manager [-] Deleting nova.keypairs object s_rally_85c490cd_LwAApdix (s_rally_85c490cd_LwAApdix)
2019-11-24 01:14:30.504 20411 RALLYDEBUG rally_openstack.cleanup.manager [-] Deleting nova.keypairs object s_rally_85c490cd_zOLpyj69 (s_rally_85c490cd_zOLpyj69)
2019-11-24 01:14:30.508 20411 RALLYDEBUG rally_openstack.cleanup.manager [-] Deleting nova.keypairs object s_rally_85c490cd_f3am6rlx (s_rally_85c490cd_f3am6rlx)
2019-11-24 01:14:30.517 20411 RALLYDEBUG rally_openstack.cleanup.manager [-] Deleting nova.keypairs object s_rally_85c490cd_Ldyoy7q3 (s_rally_85c490cd_Ldyoy7q3)
2019-11-24 01:14:30.522 20411 RALLYDEBUG rally_openstack.cleanup.manager [-] Deleting nova.keypairs object s_rally_85c490cd_LZC6L4iv (s_rally_85c490cd_LZC6L4iv)
2019-11-24 01:14:30.541 20411 RALLYDEBUG rally_openstack.cleanup.manager [-] Deleting nova.keypairs object s_rally_85c490cd_vOpWWjNc (s_rally_85c490cd_vOpWWjNc)
2019-11-24 01:14:30.553 20411 RALLYDEBUG rally_openstack.cleanup.manager [-] Deleting nova.keypairs object s_rally_85c490cd_fSlw6Yxb (s_rally_85c490cd_fSlw6Yxb)
2019-11-24 01:14:30.573 20411 RALLYDEBUG rally_openstack.cleanup.manager [-] Deleting nova.keypairs object s_rally_85c490cd_LgsXOmGc (s_rally_85c490cd_LgsXOmGc)
2019-11-24 01:14:30.581 20411 RALLYDEBUG rally_openstack.cleanup.manager [-] Deleting nova.keypairs object s_rally_85c490cd_Rg1aYltp (s_rally_85c490cd_Rg1aYltp)
2019-11-24 01:14:32.031 20411 INFO rally.task.context [-] Task c0fc49d1-da24-4495-9fd9-5ddc7eab7726 | Context cleanup@openstack cleanup() finished in 6.42 sec
2019-11-24 01:14:32.031 20411 INFO rally.task.context [-] Task c0fc49d1-da24-4495-9fd9-5ddc7eab7726 | Context quotas@openstack cleanup() started
2019-11-24 01:14:32.097 20411 INFO rally.task.context [-] Task c0fc49d1-da24-4495-9fd9-5ddc7eab7726 | Context quotas@openstack cleanup() finished in 65.63 msec
2019-11-24 01:14:32.097 20411 INFO rally.task.context [-] Task c0fc49d1-da24-4495-9fd9-5ddc7eab7726 | Context users@openstack cleanup() started
2019-11-24 01:14:36.774 20411 INFO rally.task.context [-] Task c0fc49d1-da24-4495-9fd9-5ddc7eab7726 | Context users@openstack cleanup() finished in 4.68 sec
2019-11-24 01:14:37.701 20411 INFO rally.task.engine [-] Load duration is: 1.966423
2019-11-24 01:14:37.701 20411 INFO rally.task.engine [-] Full runner duration is: 2.018485
2019-11-24 01:14:37.702 20411 INFO rally.task.engine [-] Full duration is: 17.205701
2019-11-24 01:14:38.020 20411 INFO rally.task.engine [-] Running workload: position = 0 config = { "version": 2, "title": "A cropped version of a bigger task.", "description": "Auto-generated task from a single workload (uuid=8dd02372-b4a1-4c9e-8bef-e46891030d6a)", "subtasks": [ { "title": "NovaServers.boot_and_bounce_server", "description": "Boot a server and run specified actions against it.", "scenario": { "NovaServers.boot_and_bounce_server": { "actions": [ { "hard_reboot": 1 }, { "soft_reboot": 1 }, { "stop_start": 1 }, { "rescue_unrescue": 1 } ], "flavor": { "name": "rally_full-flavor_2f170d48-e02c-4426-87d5-40abf8fe2368" }, "image": { "name": "rally_full-img_2f170d48-e02c-4426-87d5-40abf8fe2368" }, "nics": [ { "net-id": "91120f3d-1d14-4af3-8878-32cf1dc2d13f" } ] } }, "contexts": { "users": { "tenants": 3, "users_per_tenant": 2 }, "network": { "networks_per_tenant": 1, "start_cidr": "100.1.0.0/25" }, "quotas": { "neutron": { "network": -1, "port": -1, "subnet": -1 }, "nova": { "cores": -1, "floating_ips": -1, "instances": -1, "ram": -1, "security_group_rules": -1, "security_groups": -1 } } }, "runner": { "constant": { "concurrency": 4, "times": 10 } }, "hooks": [], "sla": { "failure_rate": { "max": 0 } } } ] }
2019-11-24 01:14:38.047 20411 RALLYDEBUG rally_openstack.contexts.keystone.users [-] Creating 3 tenants using 20 threads
2019-11-24 01:14:39.038 20411 RALLYDEBUG rally_openstack.contexts.keystone.users [-] Creating 6 users using 20 threads
2019-11-24 01:14:40.555 20411 INFO rally.task.context [-] Task c0fc49d1-da24-4495-9fd9-5ddc7eab7726 | Context users@openstack setup() finished in 2.51 sec
2019-11-24 01:14:42.264 20411 INFO rally.task.context [-] Task c0fc49d1-da24-4495-9fd9-5ddc7eab7726 | Context quotas@openstack setup() finished in 1.71 sec
2019-11-24 01:14:44.585 20411 RALLYDEBUG rally_openstack.wrappers.network [-] CIDR generated: 100.1.0.0/25
2019-11-24 01:14:49.084 20411 RALLYDEBUG rally_openstack.wrappers.network [-] CIDR generated: 100.1.0.128/25
2019-11-24 01:14:53.063 20411 RALLYDEBUG rally_openstack.wrappers.network [-] CIDR generated: 100.1.1.0/25
2019-11-24 01:14:55.254 20411 INFO rally.task.context [-] Task c0fc49d1-da24-4495-9fd9-5ddc7eab7726 | Context network@openstack setup() finished in 12.99 sec
2019-11-24 01:14:55.255 20411 INFO rally.task.context [-] Task c0fc49d1-da24-4495-9fd9-5ddc7eab7726 | Context cleanup@openstack setup() finished in 0.02 msec
2019-11-24 01:14:56.113 20411 RALLYDEBUG rally.task.runner [-] Starting the constant runner (task UUID: c0fc49d1-da24-4495-9fd9-5ddc7eab7726). times: 10 concurrency: 4 timeout: 0 max_cpu_used: 16 processes_to_start: 4 concurrency_per_worker: 1 concurrency_overhead: 0
2019-11-24 01:14:56.125 20863 RALLYDEBUG rally.task.runner [-] Starting a worker. times: 10 duration: None concurrency: 1 timeout: 0 cls: method_name: run args: {"actions": [{"hard_reboot": 1}, {"soft_reboot": 1}, {"stop_start": 1}, {"rescue_unrescue": 1}], "flavor": "b21a361e-46d7-4d11-b324-6e9761bcee23", "image": "e2756950-7b6d-4778-be5f-611bc2de8e52", "nics": [{"net-id": "91120f3d-1d14-4af3-8878-32cf1dc2d13f"}]}
2019-11-24 01:14:56.129 20864 RALLYDEBUG rally.task.runner [-] Starting a worker. times: 10 duration: None concurrency: 1 timeout: 0 cls: method_name: run args: {"actions": [{"hard_reboot": 1}, {"soft_reboot": 1}, {"stop_start": 1}, {"rescue_unrescue": 1}], "flavor": "b21a361e-46d7-4d11-b324-6e9761bcee23", "image": "e2756950-7b6d-4778-be5f-611bc2de8e52", "nics": [{"net-id": "91120f3d-1d14-4af3-8878-32cf1dc2d13f"}]}
2019-11-24 01:14:56.133 20863 INFO rally.task.runner [-] Task c0fc49d1-da24-4495-9fd9-5ddc7eab7726 | ITER: 1 START
2019-11-24 01:14:56.133 20865 RALLYDEBUG rally.task.runner [-] Starting a worker. times: 10 duration: None concurrency: 1 timeout: 0 cls: method_name: run args: {"actions": [{"hard_reboot": 1}, {"soft_reboot": 1}, {"stop_start": 1}, {"rescue_unrescue": 1}], "flavor": "b21a361e-46d7-4d11-b324-6e9761bcee23", "image": "e2756950-7b6d-4778-be5f-611bc2de8e52", "nics": [{"net-id": "91120f3d-1d14-4af3-8878-32cf1dc2d13f"}]}
2019-11-24 01:14:56.136 20867 RALLYDEBUG rally.task.runner [-] Starting a worker. times: 10 duration: None concurrency: 1 timeout: 0 cls: method_name: run args: {"actions": [{"hard_reboot": 1}, {"soft_reboot": 1}, {"stop_start": 1}, {"rescue_unrescue": 1}], "flavor": "b21a361e-46d7-4d11-b324-6e9761bcee23", "image": "e2756950-7b6d-4778-be5f-611bc2de8e52", "nics": [{"net-id": "91120f3d-1d14-4af3-8878-32cf1dc2d13f"}]}
2019-11-24 01:14:56.138 20864 INFO rally.task.runner [-] Task c0fc49d1-da24-4495-9fd9-5ddc7eab7726 | ITER: 2 START
2019-11-24 01:14:56.140 20865 INFO rally.task.runner [-] Task c0fc49d1-da24-4495-9fd9-5ddc7eab7726 | ITER: 3 START
2019-11-24 01:14:56.143 20867 INFO rally.task.runner [-] Task c0fc49d1-da24-4495-9fd9-5ddc7eab7726 | ITER: 4 START
2019-11-24 01:15:04.353 20864 RALLYDEBUG rally.task.utils [-] Waiting for resource s_rally_8dd02372_Z1pn22J2. Status changed: BUILD => ACTIVE in 5.3711466789245605
2019-11-24 01:15:06.253 20867 RALLYDEBUG rally.task.utils [-] Waiting for resource s_rally_8dd02372_cckh35CN. Status changed: BUILD => ACTIVE in 7.1999733448028564
2019-11-24 01:15:06.594 20863 RALLYDEBUG rally.task.utils [-] Waiting for resource s_rally_8dd02372_PjhNuHS4. Status changed: BUILD => ACTIVE in 7.388901710510254
2019-11-24 01:15:08.566 20865 RALLYDEBUG rally.task.utils [-] Waiting for resource s_rally_8dd02372_oXJ6UhER. Status changed: BUILD => ACTIVE in 9.159961462020874
2019-11-24 01:15:09.171 20864 RALLYDEBUG rally.task.utils [-] Waiting for resource s_rally_8dd02372_Z1pn22J2. Status changed: ACTIVE => REBOOT in 0.22093963623046875
2019-11-24 01:15:10.905 20867 RALLYDEBUG rally.task.utils [-] Waiting for resource s_rally_8dd02372_cckh35CN. Status changed: ACTIVE => REBOOT in 0.23140478134155273
2019-11-24 01:15:11.219 20863 RALLYDEBUG rally.task.utils [-] Waiting for resource s_rally_8dd02372_PjhNuHS4. Status changed: ACTIVE => REBOOT in 0.1746540069580078
2019-11-24 01:15:13.193 20865 RALLYDEBUG rally.task.utils [-] Waiting for resource s_rally_8dd02372_oXJ6UhER. Status changed: ACTIVE => REBOOT in 0.23115015029907227
2019-11-24 01:17:11.159 20864 RALLYDEBUG rally.task.utils [-] Waiting for resource s_rally_8dd02372_Z1pn22J2. Status changed: REBOOT => ACTIVE in 121.98840761184692
2019-11-24 01:17:11.263 20863 RALLYDEBUG rally.task.utils [-] Waiting for resource s_rally_8dd02372_PjhNuHS4. Status changed: REBOOT => ACTIVE in 120.04327058792114
2019-11-24 01:17:13.244 20865 RALLYDEBUG rally.task.utils [-] Waiting for resource s_rally_8dd02372_oXJ6UhER. Status changed: REBOOT => ACTIVE in 120.05120468139648
2019-11-24 01:17:13.259 20867 RALLYDEBUG rally.task.utils [-] Waiting for resource s_rally_8dd02372_cckh35CN. Status changed: REBOOT => ACTIVE in 122.35323214530945
2019-11-24 01:18:12.911 20864 RALLYDEBUG rally.task.utils [-] Waiting for resource s_rally_8dd02372_Z1pn22J2. Status changed: ACTIVE => SHUTOFF in 61.60495448112488
2019-11-24 01:18:12.928 20863 RALLYDEBUG rally.task.utils [-] Waiting for resource s_rally_8dd02372_PjhNuHS4. Status changed: ACTIVE => SHUTOFF in 61.533170223236084
2019-11-24 01:18:13.201 20864 RALLYDEBUG rally.task.utils [-] Waiting for resource s_rally_8dd02372_Z1pn22J2. Status changed: ACTIVE => SHUTOFF in 0.15566802024841309
2019-11-24 01:18:13.223 20863 RALLYDEBUG rally.task.utils [-] Waiting for resource s_rally_8dd02372_PjhNuHS4. Status changed: ACTIVE => SHUTOFF in 0.1525576114654541
2019-11-24 01:18:14.380 20863 RALLYDEBUG rally.task.utils [-] Waiting for resource s_rally_8dd02372_PjhNuHS4. Status changed: SHUTOFF => ACTIVE in 1.1572883129119873
2019-11-24 01:18:14.997 20865 RALLYDEBUG rally.task.utils [-] Waiting for resource s_rally_8dd02372_oXJ6UhER. Status changed: ACTIVE => SHUTOFF in 61.62328767776489
2019-11-24 01:18:15.090 20867 RALLYDEBUG rally.task.utils [-] Waiting for resource s_rally_8dd02372_cckh35CN. Status changed: ACTIVE => SHUTOFF in 61.68418216705322
2019-11-24 01:18:15.280 20865 RALLYDEBUG rally.task.utils [-] Waiting for resource s_rally_8dd02372_oXJ6UhER. Status changed: ACTIVE => SHUTOFF in 0.14483094215393066
2019-11-24 01:18:15.372 20867 RALLYDEBUG rally.task.utils [-] Waiting for resource s_rally_8dd02372_cckh35CN. Status changed: ACTIVE => SHUTOFF in 0.15449786186218262
2019-11-24 01:18:15.506 20864 RALLYDEBUG rally.task.utils [-] Waiting for resource s_rally_8dd02372_Z1pn22J2. Status changed: SHUTOFF => ACTIVE in 2.3052613735198975
2019-11-24 01:18:16.489 20865 RALLYDEBUG rally.task.utils [-] Waiting for resource s_rally_8dd02372_oXJ6UhER. Status changed: SHUTOFF => ACTIVE in 1.2088162899017334
2019-11-24 01:18:17.655 20867 RALLYDEBUG rally.task.utils [-] Waiting for resource s_rally_8dd02372_cckh35CN. Status changed: SHUTOFF => ACTIVE in 2.282345771789551
2019-11-24 01:18:22.113 20864 RALLYDEBUG rally.task.utils [-] Waiting for resource s_rally_8dd02372_Z1pn22J2. Status changed: ACTIVE => RESCUE in 4.480994939804077
2019-11-24 01:18:26.830 20864 INFO rally.task.runner [-] Task c0fc49d1-da24-4495-9fd9-5ddc7eab7726 | ITER: 2 END: OK
2019-11-24 01:18:26.836 20864 INFO rally.task.runner [-] Task c0fc49d1-da24-4495-9fd9-5ddc7eab7726 | ITER: 5 START
2019-11-24 01:18:29.671 20863 RALLYDEBUG rally.task.utils [-] Waiting for resource s_rally_8dd02372_PjhNuHS4. Status changed: ACTIVE => RESCUE in 13.164630651473999
2019-11-24 01:18:34.281 20863 INFO rally.task.runner [-] Task c0fc49d1-da24-4495-9fd9-5ddc7eab7726 | ITER: 1 END: OK
2019-11-24 01:18:34.288 20863 INFO rally.task.runner [-] Task c0fc49d1-da24-4495-9fd9-5ddc7eab7726 | ITER: 6 START
2019-11-24 01:18:34.405 20864 RALLYDEBUG rally.task.utils [-] Waiting for resource s_rally_8dd02372_hIYZmKJx. Status changed: BUILD => ACTIVE in 4.739949464797974
2019-11-24 01:18:38.965 20864 RALLYDEBUG rally.task.utils [-] Waiting for resource s_rally_8dd02372_hIYZmKJx. Status changed: ACTIVE => REBOOT in 0.197418212890625
2019-11-24 01:18:41.073 20863 RALLYDEBUG rally.task.utils [-] Waiting for resource s_rally_8dd02372_NCifr6Oy. Status changed: BUILD => ACTIVE in 4.511323928833008
2019-11-24 01:18:45.678 20863 RALLYDEBUG rally.task.utils [-] Waiting for resource s_rally_8dd02372_NCifr6Oy. Status changed: ACTIVE => REBOOT in 0.23031282424926758
2019-11-24 01:19:20.629 20865 RALLYDEBUG rally.task.utils [-] Waiting for resource s_rally_8dd02372_oXJ6UhER. Status changed: ACTIVE => RESCUE in 62.01545834541321
2019-11-24 01:19:21.257 20867 RALLYDEBUG rally.task.utils [-] Waiting for resource s_rally_8dd02372_cckh35CN. Status changed: ACTIVE => RESCUE in 61.47680902481079
2019-11-24 01:19:25.492 20865 INFO rally.task.runner [-] Task c0fc49d1-da24-4495-9fd9-5ddc7eab7726 | ITER: 3 END: OK
2019-11-24 01:19:25.497 20865 INFO rally.task.runner [-] Task c0fc49d1-da24-4495-9fd9-5ddc7eab7726 | ITER: 7 START
2019-11-24 01:19:25.857 20867 INFO rally.task.runner [-] Task c0fc49d1-da24-4495-9fd9-5ddc7eab7726 | ITER: 4 END: OK
2019-11-24 01:19:25.865 20867 INFO rally.task.runner [-] Task c0fc49d1-da24-4495-9fd9-5ddc7eab7726 | ITER: 8 START
2019-11-24 01:19:34.852 20867 RALLYDEBUG rally.task.utils [-] Waiting for resource s_rally_8dd02372_uQvxy1NS. Status changed: BUILD => ACTIVE in 6.651479482650757
2019-11-24 01:19:35.045 20865 RALLYDEBUG rally.task.utils [-] Waiting for resource s_rally_8dd02372_HJYq1X1Y. Status changed: BUILD => ACTIVE in 6.615206956863403
2019-11-24 01:19:39.523 20867 RALLYDEBUG rally.task.utils [-] Waiting for resource s_rally_8dd02372_uQvxy1NS. Status changed: ACTIVE => REBOOT in 0.2224867343902588
2019-11-24 01:19:39.628 20865 RALLYDEBUG rally.task.utils [-] Waiting for resource s_rally_8dd02372_HJYq1X1Y. Status changed: ACTIVE => REBOOT in 0.1943976879119873
2019-11-24 01:20:39.894 20864 RALLYDEBUG rally.task.utils [-] Waiting for resource s_rally_8dd02372_hIYZmKJx. Status changed: REBOOT => ACTIVE in 120.92896294593811
2019-11-24 01:20:46.506 20863 RALLYDEBUG rally.task.utils [-] Waiting for resource s_rally_8dd02372_NCifr6Oy. Status changed: REBOOT => ACTIVE in 120.8275499343872
2019-11-24 01:21:39.930 20867 RALLYDEBUG rally.task.utils [-] Waiting for resource s_rally_8dd02372_uQvxy1NS. Status changed: REBOOT => ACTIVE in 120.40625810623169
2019-11-24 01:21:40.272 20865 RALLYDEBUG rally.task.utils [-] Waiting for resource s_rally_8dd02372_HJYq1X1Y. Status changed: REBOOT => ACTIVE in 120.64351773262024
2019-11-24 01:21:42.302 20864 RALLYDEBUG rally.task.utils [-] Waiting for resource s_rally_8dd02372_hIYZmKJx. Status changed: ACTIVE => SHUTOFF in 62.27653193473816
2019-11-24 01:21:42.626 20864 RALLYDEBUG rally.task.utils [-] Waiting for resource s_rally_8dd02372_hIYZmKJx. Status changed: ACTIVE => SHUTOFF in 0.1816089153289795
2019-11-24 01:21:45.237 20864 RALLYDEBUG rally.task.utils [-] Waiting for resource s_rally_8dd02372_hIYZmKJx. Status changed: SHUTOFF => ACTIVE in 2.6107900142669678
2019-11-24 01:21:48.977 20863 RALLYDEBUG rally.task.utils [-] Waiting for resource s_rally_8dd02372_NCifr6Oy. Status changed: ACTIVE => SHUTOFF in 62.3316125869751
2019-11-24 01:21:49.285 20863 RALLYDEBUG rally.task.utils [-] Waiting for resource s_rally_8dd02372_NCifr6Oy. Status changed: ACTIVE => SHUTOFF in 0.15641307830810547
2019-11-24 01:21:50.448 20863 RALLYDEBUG rally.task.utils [-] Waiting for resource s_rally_8dd02372_NCifr6Oy. Status changed: SHUTOFF => ACTIVE in 1.1630287170410156
2019-11-24 01:22:05.991 20863 RALLYDEBUG rally.task.utils [-] Waiting for resource s_rally_8dd02372_NCifr6Oy. Status changed: ACTIVE => RESCUE in 13.400592803955078
2019-11-24 01:22:10.650 20863 INFO rally.task.runner [-] Task c0fc49d1-da24-4495-9fd9-5ddc7eab7726 | ITER: 6 END: OK
2019-11-24 01:22:10.655 20863 INFO rally.task.runner [-] Task c0fc49d1-da24-4495-9fd9-5ddc7eab7726 | ITER: 9 START
2019-11-24 01:22:18.017 20863 RALLYDEBUG rally.task.utils [-] Waiting for resource s_rally_8dd02372_kuQEQ2J1. Status changed: BUILD => ACTIVE in 4.588119745254517
2019-11-24 01:22:22.704 20863 RALLYDEBUG rally.task.utils [-] Waiting for resource s_rally_8dd02372_kuQEQ2J1. Status changed: ACTIVE => REBOOT in 0.19108343124389648
2019-11-24 01:22:42.123 20865 RALLYDEBUG rally.task.utils [-] Waiting for resource s_rally_8dd02372_HJYq1X1Y. Status changed: ACTIVE => SHUTOFF in 61.72531580924988
2019-11-24 01:22:42.174 20867 RALLYDEBUG rally.task.utils [-] Waiting for resource s_rally_8dd02372_uQvxy1NS. Status changed: ACTIVE => SHUTOFF in 61.95713806152344
2019-11-24 01:22:42.453 20865 RALLYDEBUG rally.task.utils [-] Waiting for resource s_rally_8dd02372_HJYq1X1Y. Status changed: ACTIVE => SHUTOFF in 0.17542791366577148
2019-11-24 01:22:42.610 20867 RALLYDEBUG rally.task.utils [-] Waiting for resource s_rally_8dd02372_uQvxy1NS. Status changed: ACTIVE => SHUTOFF in 0.28727054595947266
2019-11-24 01:22:43.784 20867 RALLYDEBUG rally.task.utils [-] Waiting for resource s_rally_8dd02372_uQvxy1NS. Status changed: SHUTOFF => ACTIVE in 1.1746175289154053
2019-11-24 01:22:43.849 20865 RALLYDEBUG rally.task.utils [-] Waiting for resource s_rally_8dd02372_HJYq1X1Y. Status changed: SHUTOFF => ACTIVE in 1.3958141803741455
2019-11-24 01:22:48.651 20864 RALLYDEBUG rally.task.utils [-] Waiting for resource s_rally_8dd02372_hIYZmKJx. Status changed: ACTIVE => RESCUE in 61.29033708572388
2019-11-24 01:22:53.356 20864 INFO rally.task.runner [-] Task c0fc49d1-da24-4495-9fd9-5ddc7eab7726 | ITER: 5 END: OK
2019-11-24 01:22:53.361 20864 INFO rally.task.runner [-] Task c0fc49d1-da24-4495-9fd9-5ddc7eab7726 | ITER: 10 START
2019-11-24 01:22:59.247 20865 RALLYDEBUG rally.task.utils [-] Waiting for resource s_rally_8dd02372_HJYq1X1Y. Status changed: ACTIVE => RESCUE in 13.268152236938477
2019-11-24 01:22:59.341 20867 RALLYDEBUG rally.task.utils [-] Waiting for resource s_rally_8dd02372_uQvxy1NS. Status changed: ACTIVE => RESCUE in 13.436384677886963
2019-11-24 01:23:03.145 20864 RALLYDEBUG rally.task.utils [-] Waiting for resource s_rally_8dd02372_oBgyRlo1. Status changed: BUILD => ACTIVE in 6.700043439865112
2019-11-24 01:23:03.822 20865 INFO rally.task.runner [-] Task c0fc49d1-da24-4495-9fd9-5ddc7eab7726 | ITER: 7 END: OK
2019-11-24 01:23:03.907 20867 INFO rally.task.runner [-] Task c0fc49d1-da24-4495-9fd9-5ddc7eab7726 | ITER: 8 END: OK
2019-11-24 01:23:07.816 20864 RALLYDEBUG rally.task.utils [-] Waiting for resource s_rally_8dd02372_oBgyRlo1. Status changed: ACTIVE => REBOOT in 0.24207019805908203
2019-11-24 01:24:24.568 20863 RALLYDEBUG rally.task.utils [-] Waiting for resource s_rally_8dd02372_kuQEQ2J1. Status changed: REBOOT => ACTIVE in 121.86417841911316
2019-11-24 01:25:07.850 20864 RALLYDEBUG rally.task.utils [-] Waiting for resource s_rally_8dd02372_oBgyRlo1. Status changed: REBOOT => ACTIVE in 120.0337586402893
2019-11-24 01:25:26.682 20863 RALLYDEBUG rally.task.utils [-] Waiting for resource s_rally_8dd02372_kuQEQ2J1. Status changed: ACTIVE => SHUTOFF in 61.950950622558594
2019-11-24 01:25:27.059 20863 RALLYDEBUG rally.task.utils [-] Waiting for resource s_rally_8dd02372_kuQEQ2J1. Status changed: ACTIVE => SHUTOFF in 0.22585630416870117
2019-11-24 01:25:29.422 20863 RALLYDEBUG rally.task.utils [-] Waiting for resource s_rally_8dd02372_kuQEQ2J1. Status changed: SHUTOFF => ACTIVE in 2.3622636795043945
2019-11-24 01:25:36.158 20863 RALLYDEBUG rally.task.utils [-] Waiting for resource s_rally_8dd02372_kuQEQ2J1. Status changed: ACTIVE => RESCUE in 4.602095365524292
2019-11-24 01:25:40.972 20863 INFO rally.task.runner [-] Task c0fc49d1-da24-4495-9fd9-5ddc7eab7726 | ITER: 9 END: OK
2019-11-24 01:26:11.108 20864 RALLYDEBUG rally.task.utils [-] Waiting for resource s_rally_8dd02372_oBgyRlo1. Status changed: ACTIVE => SHUTOFF in 63.10961675643921
2019-11-24 01:26:11.430 20864 RALLYDEBUG rally.task.utils [-] Waiting for resource s_rally_8dd02372_oBgyRlo1. Status changed: ACTIVE => SHUTOFF in 0.1860368251800537
2019-11-24 01:26:13.860 20864 RALLYDEBUG rally.task.utils [-] Waiting for resource s_rally_8dd02372_oBgyRlo1. Status changed: SHUTOFF => ACTIVE in 2.4297475814819336
2019-11-24 01:26:20.779 20864 RALLYDEBUG rally.task.utils [-] Waiting for resource s_rally_8dd02372_oBgyRlo1. Status changed: ACTIVE => RESCUE in 4.774799108505249
2019-11-24 01:26:25.626 20864 INFO rally.task.runner [-] Task c0fc49d1-da24-4495-9fd9-5ddc7eab7726 | ITER: 10 END: OK
2019-11-24 01:26:25.653 20411 INFO rally.task.context [-] Task c0fc49d1-da24-4495-9fd9-5ddc7eab7726 | Context cleanup@openstack cleanup() started
2019-11-24 01:26:25.658 20411 RALLYDEBUG rally_openstack.cleanup.manager [-] Cleaning up nova servers objects
2019-11-24 01:26:27.598 20411 RALLYDEBUG rally_openstack.cleanup.manager [-] Cleaning up nova server_groups objects
2019-11-24 01:26:28.766 20411 RALLYDEBUG rally_openstack.cleanup.manager [-] Cleaning up nova keypairs objects
2019-11-24 01:26:31.256 20411 INFO rally.task.context [-] Task c0fc49d1-da24-4495-9fd9-5ddc7eab7726 | Context cleanup@openstack cleanup() finished in 5.60 sec
2019-11-24 01:26:31.257 20411 INFO rally.task.context [-] Task c0fc49d1-da24-4495-9fd9-5ddc7eab7726 | Context network@openstack cleanup() started
2019-11-24 01:26:53.205 20411 INFO rally.task.context [-] Task c0fc49d1-da24-4495-9fd9-5ddc7eab7726 | Context network@openstack cleanup() finished in 21.95 sec
2019-11-24 01:26:53.205 20411 INFO rally.task.context [-] Task c0fc49d1-da24-4495-9fd9-5ddc7eab7726 | Context quotas@openstack cleanup() started
2019-11-24 01:26:53.580 20411 INFO rally.task.context [-] Task c0fc49d1-da24-4495-9fd9-5ddc7eab7726 | Context quotas@openstack cleanup() finished in 0.37 sec
2019-11-24 01:26:53.581 20411 INFO rally.task.context [-] Task c0fc49d1-da24-4495-9fd9-5ddc7eab7726 | Context users@openstack cleanup() started
2019-11-24 01:26:57.545 20411 INFO rally.task.context [-] Task c0fc49d1-da24-4495-9fd9-5ddc7eab7726 | Context users@openstack cleanup() finished in 3.96 sec
2019-11-24 01:26:58.963 20411 INFO rally.task.engine [-] Load duration is: 680.491459
2019-11-24 01:26:58.964 20411 INFO rally.task.engine [-] Full runner duration is: 689.540694
2019-11-24 01:26:58.964 20411 INFO rally.task.engine [-] Full duration is: 739.501205
2019-11-24 01:26:59.319 20411 INFO rally.task.engine [-] Running workload: position = 0 config = { "version": 2, "title": "A cropped version of a bigger task.", "description": "Auto-generated task from a single workload (uuid=675ba701-2da2-446d-a985-92e428d934d0)", "subtasks": [ { "title": "NovaServers.boot_and_delete_server", "description": "Boot and delete a server.", "scenario": { "NovaServers.boot_and_delete_server": { "flavor": { "name": "rally_full-flavor_2f170d48-e02c-4426-87d5-40abf8fe2368" }, "image": { "name": "rally_full-img_2f170d48-e02c-4426-87d5-40abf8fe2368" }, "nics": [ { "net-id": "91120f3d-1d14-4af3-8878-32cf1dc2d13f" } ] } }, "contexts": { "users": { "tenants": 3, "users_per_tenant": 2 }, "network": { "networks_per_tenant": 1, "start_cidr": "100.1.0.0/25" }, "quotas": { "neutron": { "network": -1, "port": -1, "subnet": -1 }, "nova": { "cores": -1, "floating_ips": -1, "instances": -1, "ram": -1, "security_group_rules": -1, "security_groups": -1 } } }, "runner": { "constant": { "concurrency": 4, "times": 10 } }, "hooks": [], "sla": { "failure_rate": { "max": 0 } } } ] }
2019-11-24 01:26:59.345 20411 RALLYDEBUG rally_openstack.contexts.keystone.users [-] Creating 3 tenants using 20 threads
2019-11-24 01:27:00.290 20411 RALLYDEBUG rally_openstack.contexts.keystone.users [-] Creating 6 users using 20 threads
2019-11-24 01:27:01.803 20411 INFO rally.task.context [-] Task c0fc49d1-da24-4495-9fd9-5ddc7eab7726 | Context users@openstack setup() finished in 2.46 sec
2019-11-24 01:27:03.245 20411 INFO rally.task.context [-] Task c0fc49d1-da24-4495-9fd9-5ddc7eab7726 | Context quotas@openstack setup() finished in 1.44 sec
2019-11-24 01:27:05.501 20411 RALLYDEBUG rally_openstack.wrappers.network [-] CIDR generated: 100.1.1.128/25
2019-11-24 01:27:09.806 20411 RALLYDEBUG rally_openstack.wrappers.network [-] CIDR generated: 100.1.2.0/25
2019-11-24 01:27:14.068 20411 RALLYDEBUG rally_openstack.wrappers.network [-] CIDR generated: 100.1.2.128/25
2019-11-24 01:27:16.446 20411 INFO rally.task.context [-] Task c0fc49d1-da24-4495-9fd9-5ddc7eab7726 | Context network@openstack setup() finished in 13.20 sec
2019-11-24 01:27:16.446 20411 INFO rally.task.context [-] Task c0fc49d1-da24-4495-9fd9-5ddc7eab7726 | Context cleanup@openstack setup() finished in 0.02 msec
2019-11-24 01:27:17.298 20411 RALLYDEBUG rally.task.runner [-] Starting the constant runner (task UUID: c0fc49d1-da24-4495-9fd9-5ddc7eab7726). times: 10 concurrency: 4 timeout: 0 max_cpu_used: 16 processes_to_start: 4 concurrency_per_worker: 1 concurrency_overhead: 0
2019-11-24 01:27:17.309 21027 RALLYDEBUG rally.task.runner [-] Starting a worker. times: 10 duration: None concurrency: 1 timeout: 0 cls: method_name: run args: {"flavor": "b21a361e-46d7-4d11-b324-6e9761bcee23", "image": "e2756950-7b6d-4778-be5f-611bc2de8e52", "nics": [{"net-id": "91120f3d-1d14-4af3-8878-32cf1dc2d13f"}]}
2019-11-24 01:27:17.313 21028 RALLYDEBUG rally.task.runner [-] Starting a worker. times: 10 duration: None concurrency: 1 timeout: 0 cls: method_name: run args: {"flavor": "b21a361e-46d7-4d11-b324-6e9761bcee23", "image": "e2756950-7b6d-4778-be5f-611bc2de8e52", "nics": [{"net-id": "91120f3d-1d14-4af3-8878-32cf1dc2d13f"}]}
2019-11-24 01:27:17.317 21027 INFO rally.task.runner [-] Task c0fc49d1-da24-4495-9fd9-5ddc7eab7726 | ITER: 1 START
2019-11-24 01:27:17.317 21029 RALLYDEBUG rally.task.runner [-] Starting a worker. times: 10 duration: None concurrency: 1 timeout: 0 cls: method_name: run args: {"flavor": "b21a361e-46d7-4d11-b324-6e9761bcee23", "image": "e2756950-7b6d-4778-be5f-611bc2de8e52", "nics": [{"net-id": "91120f3d-1d14-4af3-8878-32cf1dc2d13f"}]}
2019-11-24 01:27:17.321 21028 INFO rally.task.runner [-] Task c0fc49d1-da24-4495-9fd9-5ddc7eab7726 | ITER: 2 START
2019-11-24 01:27:17.321 21030 RALLYDEBUG rally.task.runner [-] Starting a worker. times: 10 duration: None concurrency: 1 timeout: 0 cls: method_name: run args: {"flavor": "b21a361e-46d7-4d11-b324-6e9761bcee23", "image": "e2756950-7b6d-4778-be5f-611bc2de8e52", "nics": [{"net-id": "91120f3d-1d14-4af3-8878-32cf1dc2d13f"}]}
2019-11-24 01:27:17.324 21029 INFO rally.task.runner [-] Task c0fc49d1-da24-4495-9fd9-5ddc7eab7726 | ITER: 3 START
2019-11-24 01:27:17.329 21030 INFO rally.task.runner [-] Task c0fc49d1-da24-4495-9fd9-5ddc7eab7726 | ITER: 4 START
2019-11-24 01:27:27.123 21028 RALLYDEBUG rally.task.utils [-] Waiting for resource s_rally_675ba701_LQrEAjNu. Status changed: BUILD => ACTIVE in 7.112562656402588
2019-11-24 01:27:29.307 21030 RALLYDEBUG rally.task.utils [-] Waiting for resource s_rally_675ba701_flOLL2HE. Status changed: BUILD => ACTIVE in 9.123916149139404
2019-11-24 01:27:29.363 21029 RALLYDEBUG rally.task.utils [-] Waiting for resource s_rally_675ba701_TzzP2emW. Status changed: BUILD => ACTIVE in 9.36350131034851
