2019-11-24 01:41:09.699 22401 RALLYDEBUG rally.task.runner [-] Starting a worker. times: 10 duration: None concurrency: 1 timeout: 0 cls: method_name: run args: {"flavor": "b21a361e-46d7-4d11-b324-6e9761bcee23", "image": "e2756950-7b6d-4778-be5f-611bc2de8e52", "block_migration": false, "nics": [{"net-id": "91120f3d-1d14-4af3-8878-32cf1dc2d13f"}]}
2019-11-24 01:41:09.702 22400 INFO rally.task.runner [-] Task c0fc49d1-da24-4495-9fd9-5ddc7eab7726 | ITER: 2 START
2019-11-24 01:41:09.703 22404 RALLYDEBUG rally.task.runner [-] Starting a worker. times: 10 duration: None concurrency: 1 timeout: 0 cls: method_name: run args: {"flavor": "b21a361e-46d7-4d11-b324-6e9761bcee23", "image": "e2756950-7b6d-4778-be5f-611bc2de8e52", "block_migration": false, "nics": [{"net-id": "91120f3d-1d14-4af3-8878-32cf1dc2d13f"}]}
2019-11-24 01:41:09.706 22401 INFO rally.task.runner [-] Task c0fc49d1-da24-4495-9fd9-5ddc7eab7726 | ITER: 3 START
2019-11-24 01:41:09.710 22404 INFO rally.task.runner [-] Task c0fc49d1-da24-4495-9fd9-5ddc7eab7726 | ITER: 4 START
2019-11-24 01:41:17.037 22404 RALLYDEBUG rally.task.utils [-] Waiting for resource s_rally_13077e68_dq3Dbsng. Status changed: BUILD => ACTIVE in 4.803596019744873
2019-11-24 01:41:18.814 22401 RALLYDEBUG rally.task.utils [-] Waiting for resource s_rally_13077e68_fAEdBrTJ. Status changed: BUILD => ACTIVE in 6.83630108833313
2019-11-24 01:41:18.921 22400 RALLYDEBUG rally.task.utils [-] Waiting for resource s_rally_13077e68_lBMM3dpu. Status changed: BUILD => ACTIVE in 6.755481719970703
2019-11-24 01:41:19.134 22399 RALLYDEBUG rally.task.utils [-] Waiting for resource s_rally_13077e68_FvVZgVYx. Status changed: BUILD => ACTIVE in 6.8265087604522705
2019-11-24 01:41:19.859 22404 RALLYDEBUG rally.task.utils [-] Waiting for resource s_rally_13077e68_dq3Dbsng. Status changed: ACTIVE => MIGRATING in 0.1917121410369873
2019-11-24 01:41:21.652 22400 RALLYDEBUG rally.task.utils [-] Waiting for resource s_rally_13077e68_lBMM3dpu. Status changed: ACTIVE => MIGRATING in 0.21590781211853027
2019-11-24 01:41:21.852 22401 RALLYDEBUG rally.task.utils [-] Waiting for resource s_rally_13077e68_fAEdBrTJ. Status changed: ACTIVE => MIGRATING in 0.18840575218200684
2019-11-24 01:41:22.157 22399 RALLYDEBUG rally.task.utils [-] Waiting for resource s_rally_13077e68_FvVZgVYx. Status changed: ACTIVE => MIGRATING in 0.18064522743225098
2019-11-24 01:41:24.241 22404 RALLYDEBUG rally.task.utils [-] Waiting for resource s_rally_13077e68_dq3Dbsng. Status changed: MIGRATING => ACTIVE in 4.3819053173065186
2019-11-24 01:41:26.773 22404 INFO rally.task.runner [-] Task c0fc49d1-da24-4495-9fd9-5ddc7eab7726 | ITER: 4 END: OK
2019-11-24 01:41:26.778 22404 INFO rally.task.runner [-] Task c0fc49d1-da24-4495-9fd9-5ddc7eab7726 | ITER: 5 START
2019-11-24 01:41:32.503 22400 RALLYDEBUG rally.task.utils [-] Waiting for resource s_rally_13077e68_lBMM3dpu. Status changed: MIGRATING => ACTIVE in 10.85102915763855
2019-11-24 01:41:33.531 22404 RALLYDEBUG rally.task.utils [-] Waiting for resource s_rally_13077e68_z0i483px. Status changed: BUILD => ACTIVE in 4.597980976104736
2019-11-24 01:41:35.031 22400 INFO rally.task.runner [-] Task c0fc49d1-da24-4495-9fd9-5ddc7eab7726 | ITER: 2 END: OK
2019-11-24 01:41:35.037 22400 INFO rally.task.runner [-] Task c0fc49d1-da24-4495-9fd9-5ddc7eab7726 | ITER: 6 START
2019-11-24 01:41:36.555 22404 RALLYDEBUG rally.task.utils [-] Waiting for resource s_rally_13077e68_z0i483px. Status changed: ACTIVE => MIGRATING in 0.23357224464416504
2019-11-24 01:41:37.387 22401 RALLYDEBUG rally.task.utils [-] Waiting for resource s_rally_13077e68_fAEdBrTJ. Status changed: MIGRATING => ACTIVE in 15.534636974334717
2019-11-24 01:41:39.923 22401 INFO rally.task.runner [-] Task c0fc49d1-da24-4495-9fd9-5ddc7eab7726 | ITER: 3 END: OK
2019-11-24 01:41:39.929 22401 INFO rally.task.runner [-] Task c0fc49d1-da24-4495-9fd9-5ddc7eab7726 | ITER: 7 START
2019-11-24 01:41:42.186 22400 RALLYDEBUG rally.task.utils [-] Waiting for resource s_rally_13077e68_DkKMEMoy. Status changed: BUILD => ACTIVE in 4.926177978515625
2019-11-24 01:41:44.065 22399 RALLYDEBUG rally.task.utils [-] Waiting for resource s_rally_13077e68_FvVZgVYx. Status changed: MIGRATING => ACTIVE in 21.9077730178833
2019-11-24 01:41:44.826 22400 RALLYDEBUG rally.task.utils [-] Waiting for resource s_rally_13077e68_DkKMEMoy. Status changed: ACTIVE => MIGRATING in 0.13866162300109863
2019-11-24 01:41:46.588 22399 INFO rally.task.runner [-] Task c0fc49d1-da24-4495-9fd9-5ddc7eab7726 | ITER: 1 END: OK
2019-11-24 01:41:46.591 22401 RALLYDEBUG rally.task.utils [-] Waiting for resource s_rally_13077e68_4AUR55Fi. Status changed: BUILD => ACTIVE in 4.523021697998047
2019-11-24 01:41:46.594 22399 INFO rally.task.runner [-] Task c0fc49d1-da24-4495-9fd9-5ddc7eab7726 | ITER: 8 START
2019-11-24 01:41:49.227 22401 RALLYDEBUG rally.task.utils [-] Waiting for resource s_rally_13077e68_4AUR55Fi. Status changed: ACTIVE => MIGRATING in 0.1987454891204834
2019-11-24 01:41:49.537 22404 RALLYDEBUG rally.task.utils [-] Waiting for resource s_rally_13077e68_z0i483px. Status changed: MIGRATING => ACTIVE in 12.982194185256958
2019-11-24 01:41:51.645 22400 RALLYDEBUG rally.task.utils [-] Waiting for resource s_rally_13077e68_DkKMEMoy. Status changed: MIGRATING => ACTIVE in 6.819041967391968
2019-11-24 01:41:52.127 22404 INFO rally.task.runner [-] Task c0fc49d1-da24-4495-9fd9-5ddc7eab7726 | ITER: 5 END: OK
2019-11-24 01:41:52.132 22404 INFO rally.task.runner [-] Task c0fc49d1-da24-4495-9fd9-5ddc7eab7726 | ITER: 9 START
2019-11-24 01:41:53.684 22399 RALLYDEBUG rally.task.utils [-] Waiting for resource s_rally_13077e68_LfPYzrmO. Status changed: BUILD => ACTIVE in 4.645205974578857
2019-11-24 01:41:54.132 22400 INFO rally.task.runner [-] Task c0fc49d1-da24-4495-9fd9-5ddc7eab7726 | ITER: 6 END: OK
2019-11-24 01:41:54.136 22400 INFO rally.task.runner [-] Task c0fc49d1-da24-4495-9fd9-5ddc7eab7726 | ITER: 10 START
2019-11-24 01:41:55.771 22401 RALLYDEBUG rally.task.utils [-] Waiting for resource s_rally_13077e68_4AUR55Fi. Status changed: MIGRATING => ACTIVE in 6.543837547302246
2019-11-24 01:41:56.189 22399 RALLYDEBUG rally.task.utils [-] Waiting for resource s_rally_13077e68_LfPYzrmO. Status changed: ACTIVE => MIGRATING in 0.18754267692565918
2019-11-24 01:41:58.263 22401 INFO rally.task.runner [-] Task c0fc49d1-da24-4495-9fd9-5ddc7eab7726 | ITER: 7 END: OK
2019-11-24 01:41:58.825 22404 RALLYDEBUG rally.task.utils [-] Waiting for resource s_rally_13077e68_6zioHwqJ. Status changed: BUILD => ACTIVE in 4.5373218059539795
2019-11-24 01:42:01.146 22400 RALLYDEBUG rally.task.utils [-] Waiting for resource s_rally_13077e68_n8qNbN3R. Status changed: BUILD => ACTIVE in 4.508843660354614
2019-11-24 01:42:01.717 22404 RALLYDEBUG rally.task.utils [-] Waiting for resource s_rally_13077e68_6zioHwqJ. Status changed: ACTIVE => MIGRATING in 0.14461326599121094
2019-11-24 01:42:02.676 22399 RALLYDEBUG rally.task.utils [-] Waiting for resource s_rally_13077e68_LfPYzrmO. Status changed: MIGRATING => ACTIVE in 6.487590789794922
2019-11-24 01:42:03.804 22400 RALLYDEBUG rally.task.utils [-] Waiting for resource s_rally_13077e68_n8qNbN3R. Status changed: ACTIVE => MIGRATING in 0.25634074211120605
2019-11-24 01:42:05.257 22399 INFO rally.task.runner [-] Task c0fc49d1-da24-4495-9fd9-5ddc7eab7726 | ITER: 8 END: OK
2019-11-24 01:42:06.076 22404 RALLYDEBUG rally.task.utils [-] Waiting for resource s_rally_13077e68_6zioHwqJ. Status changed: MIGRATING => ACTIVE in 4.358158826828003
2019-11-24 01:42:08.564 22404 INFO rally.task.runner [-] Task c0fc49d1-da24-4495-9fd9-5ddc7eab7726 | ITER: 9 END: OK
2019-11-24 01:42:10.427 22400 RALLYDEBUG rally.task.utils [-] Waiting for resource s_rally_13077e68_n8qNbN3R. Status changed: MIGRATING => ACTIVE in 6.62256932258606
2019-11-24 01:42:13.192 22400 INFO rally.task.runner [-] Task c0fc49d1-da24-4495-9fd9-5ddc7eab7726 | ITER: 10 END: OK
2019-11-24 01:42:13.218 20411 INFO rally.task.context [-] Task c0fc49d1-da24-4495-9fd9-5ddc7eab7726 | Context cleanup@openstack cleanup() started
2019-11-24 01:42:13.221 20411 RALLYDEBUG rally_openstack.cleanup.manager [-] Cleaning up nova servers objects
2019-11-24 01:42:14.651 20411 RALLYDEBUG rally_openstack.cleanup.manager [-] Cleaning up nova server_groups objects
2019-11-24 01:42:15.782 20411 RALLYDEBUG rally_openstack.cleanup.manager [-] Cleaning up nova keypairs objects
2019-11-24 01:42:18.079 20411 INFO rally.task.context [-] Task c0fc49d1-da24-4495-9fd9-5ddc7eab7726 | Context cleanup@openstack cleanup() finished in 4.86 sec
2019-11-24 01:42:18.079 20411 INFO rally.task.context [-] Task c0fc49d1-da24-4495-9fd9-5ddc7eab7726 | Context users@openstack cleanup() started
2019-11-24 01:42:22.353 20411 INFO rally.task.context [-] Task c0fc49d1-da24-4495-9fd9-5ddc7eab7726 | Context users@openstack cleanup() finished in 4.27 sec
2019-11-24 01:42:22.468 20411 INFO rally.task.engine [-] Load duration is: 62.491858
2019-11-24 01:42:22.468 20411 INFO rally.task.engine [-] Full runner duration is: 63.539601
2019-11-24 01:42:22.468 20411 INFO rally.task.engine [-] Full duration is: 76.228771
2019-11-24 01:42:22.896 20411 INFO rally.task.engine [-] Running workload: position = 0 config = { "version": 2, "title": "A cropped version of a bigger task.", "description": "Auto-generated task from a single workload (uuid=b6fa01d2-504e-48d5-87e6-20b125ab00cc)", "subtasks": [ { "title": "NovaServers.boot_server_attach_created_volume_and_live_migrate", "description": "Create a VM, attach a volume to it and live migrate.", "scenario": { "NovaServers.boot_server_attach_created_volume_and_live_migrate": { "flavor": { "name": "rally_full-flavor_2f170d48-e02c-4426-87d5-40abf8fe2368" }, "image": { "name": "rally_full-img_2f170d48-e02c-4426-87d5-40abf8fe2368" }, "size": 10, "block_migration": false, "boot_server_kwargs": { "nics": [ { "net-id": "91120f3d-1d14-4af3-8878-32cf1dc2d13f" } ] } } }, "contexts": { "users": { "tenants": 3, "users_per_tenant": 2 }, "api_versions": { "cinder": { "version": 3, "service_type": "volumev3" } } }, "runner": { "constant": { "concurrency": 4, "times": 10 } }, "hooks": [], "sla": { "failure_rate": { "max": 0 } } } ] }
2019-11-24 01:42:22.920 20411 RALLYDEBUG rally_openstack.contexts.keystone.users [-] Creating 3 tenants using 20 threads
2019-11-24 01:42:23.949 20411 RALLYDEBUG rally_openstack.contexts.keystone.users [-] Creating 6 users using 20 threads
2019-11-24 01:42:25.465 20411 INFO rally.task.context [-] Task c0fc49d1-da24-4495-9fd9-5ddc7eab7726 | Context users@openstack setup() finished in 2.54 sec
2019-11-24 01:42:25.857 20411 INFO rally.task.context [-] Task c0fc49d1-da24-4495-9fd9-5ddc7eab7726 | Context api_versions@openstack setup() finished in 0.39 sec
2019-11-24 01:42:25.857 20411 INFO rally.task.context [-] Task c0fc49d1-da24-4495-9fd9-5ddc7eab7726 | Context cleanup@openstack setup() finished in 0.01 msec
2019-11-24 01:42:26.921 20411 RALLYDEBUG rally.task.runner [-] Starting the constant runner (task UUID: c0fc49d1-da24-4495-9fd9-5ddc7eab7726). times: 10 concurrency: 4 timeout: 0 max_cpu_used: 16 processes_to_start: 4 concurrency_per_worker: 1 concurrency_overhead: 0
2019-11-24 01:42:26.933 22563 RALLYDEBUG rally.task.runner [-] Starting a worker. times: 10 duration: None concurrency: 1 timeout: 0 cls: method_name: run args: {"flavor": "b21a361e-46d7-4d11-b324-6e9761bcee23", "image": "e2756950-7b6d-4778-be5f-611bc2de8e52", "size": 10, "block_migration": false, "boot_server_kwargs": {"nics": [{"net-id": "91120f3d-1d14-4af3-8878-32cf1dc2d13f"}]}}
2019-11-24 01:42:26.937 22564 RALLYDEBUG rally.task.runner [-] Starting a worker. times: 10 duration: None concurrency: 1 timeout: 0 cls: method_name: run args: {"flavor": "b21a361e-46d7-4d11-b324-6e9761bcee23", "image": "e2756950-7b6d-4778-be5f-611bc2de8e52", "size": 10, "block_migration": false, "boot_server_kwargs": {"nics": [{"net-id": "91120f3d-1d14-4af3-8878-32cf1dc2d13f"}]}}
2019-11-24 01:42:26.941 22563 INFO rally.task.runner [-] Task c0fc49d1-da24-4495-9fd9-5ddc7eab7726 | ITER: 1 START
2019-11-24 01:42:26.941 22565 RALLYDEBUG rally.task.runner [-] Starting a worker. times: 10 duration: None concurrency: 1 timeout: 0 cls: method_name: run args: {"flavor": "b21a361e-46d7-4d11-b324-6e9761bcee23", "image": "e2756950-7b6d-4778-be5f-611bc2de8e52", "size": 10, "block_migration": false, "boot_server_kwargs": {"nics": [{"net-id": "91120f3d-1d14-4af3-8878-32cf1dc2d13f"}]}}
2019-11-24 01:42:26.945 22564 INFO rally.task.runner [-] Task c0fc49d1-da24-4495-9fd9-5ddc7eab7726 | ITER: 2 START
2019-11-24 01:42:26.945 22567 RALLYDEBUG rally.task.runner [-] Starting a worker. times: 10 duration: None concurrency: 1 timeout: 0 cls: method_name: run args: {"flavor": "b21a361e-46d7-4d11-b324-6e9761bcee23", "image": "e2756950-7b6d-4778-be5f-611bc2de8e52", "size": 10, "block_migration": false, "boot_server_kwargs": {"nics": [{"net-id": "91120f3d-1d14-4af3-8878-32cf1dc2d13f"}]}}
2019-11-24 01:42:26.948 22565 INFO rally.task.runner [-] Task c0fc49d1-da24-4495-9fd9-5ddc7eab7726 | ITER: 3 START
2019-11-24 01:42:26.951 22567 INFO rally.task.runner [-] Task c0fc49d1-da24-4495-9fd9-5ddc7eab7726 | ITER: 4 START
2019-11-24 01:42:33.991 22564 RALLYDEBUG rally.task.utils [-] Waiting for resource s_rally_b6fa01d2_edimzKtJ. Status changed: BUILD => ACTIVE in 4.471170425415039
2019-11-24 01:42:36.106 22563 RALLYDEBUG rally.task.utils [-] Waiting for resource s_rally_b6fa01d2_28dH9fkO. Status changed: BUILD => ACTIVE in 6.712839365005493
2019-11-24 01:42:36.177 22565 RALLYDEBUG rally.task.utils [-] Waiting for resource s_rally_b6fa01d2_wXS8emmj. Status changed: BUILD => ACTIVE in 6.7749550342559814
2019-11-24 01:42:36.320 22567 RALLYDEBUG rally.task.utils [-] Waiting for resource s_rally_b6fa01d2_lPe9sgQf. Status changed: BUILD => ACTIVE in 7.024859666824341
2019-11-24 01:42:37.405 22564 RALLYDEBUG rally.task.utils [-] Waiting for resource s_rally_b6fa01d2_qnYXtxJZ. Status changed: AVAILABLE => RESERVED in 0.4531526565551758
2019-11-24 01:42:39.261 22563 RALLYDEBUG rally.task.utils [-] Waiting for resource s_rally_b6fa01d2_XTTApR4p. Status changed: AVAILABLE => RESERVED in 0.42504405975341797
2019-11-24 01:42:39.390 22567 RALLYDEBUG rally.task.utils [-] Waiting for resource s_rally_b6fa01d2_f765CYew. Status changed: AVAILABLE => RESERVED in 0.4074864387512207
2019-11-24 01:42:39.565 22565 RALLYDEBUG rally.task.utils [-] Waiting for resource s_rally_b6fa01d2_0YRIM41y. Status changed: AVAILABLE => RESERVED in 0.41431212425231934
2019-11-24 01:42:39.818 22564 RALLYDEBUG rally.task.utils [-] Waiting for resource s_rally_b6fa01d2_qnYXtxJZ. Status changed: RESERVED => IN-USE in 2.41302490234375
2019-11-24 01:42:41.662 22563 RALLYDEBUG rally.task.utils [-] Waiting for resource s_rally_b6fa01d2_XTTApR4p. Status changed: RESERVED => IN-USE in 2.4007394313812256
2019-11-24 01:42:41.799 22567 RALLYDEBUG rally.task.utils [-] Waiting for resource s_rally_b6fa01d2_f765CYew. Status changed: RESERVED => IN-USE in 2.4092657566070557
2019-11-24 01:42:41.956 22564 RALLYDEBUG rally.task.utils [-] Waiting for resource s_rally_b6fa01d2_edimzKtJ. Status changed: ACTIVE => MIGRATING in 0.1721484661102295
2019-11-24 01:42:42.264 22565 RALLYDEBUG rally.task.utils [-] Waiting for resource s_rally_b6fa01d2_0YRIM41y. Status changed: RESERVED => IN-USE in 2.698784828186035
2019-11-24 01:42:44.351 22563 RALLYDEBUG rally.task.utils [-] Waiting for resource s_rally_b6fa01d2_28dH9fkO. Status changed: ACTIVE => MIGRATING in 0.24698615074157715
2019-11-24 01:42:44.504 22567 RALLYDEBUG rally.task.utils [-] Waiting for resource s_rally_b6fa01d2_lPe9sgQf. Status changed: ACTIVE => MIGRATING in 0.23550677299499512
2019-11-24 01:42:45.069 22565 RALLYDEBUG rally.task.utils [-] Waiting for resource s_rally_b6fa01d2_wXS8emmj. Status changed: ACTIVE => MIGRATING in 0.1628432273864746
2019-11-24 01:42:48.550 22564 RALLYDEBUG rally.task.utils [-] Waiting for resource s_rally_b6fa01d2_edimzKtJ. Status changed: MIGRATING => ACTIVE in 6.593803644180298
2019-11-24 01:42:49.382 22564 RALLYDEBUG rally.task.utils [-] Waiting for resource s_rally_b6fa01d2_qnYXtxJZ. Status changed: AVAILABLE => DETACHING in 0.41416311264038086
2019-11-24 01:42:51.007 22567 RALLYDEBUG rally.task.utils [-] Waiting for resource s_rally_b6fa01d2_lPe9sgQf. Status changed: MIGRATING => ACTIVE in 6.502708673477173
2019-11-24 01:42:51.796 22564 RALLYDEBUG rally.task.utils [-] Waiting for resource s_rally_b6fa01d2_qnYXtxJZ. Status changed: DETACHING => AVAILABLE in 2.413426637649536
2019-11-24 01:42:51.800 22567 RALLYDEBUG rally.task.utils [-] Waiting for resource s_rally_b6fa01d2_f765CYew. Status changed: AVAILABLE => DETACHING in 0.4208354949951172
2019-11-24 01:42:51.930 22564 RALLYDEBUG rally.task.utils [-] Waiting for resource s_rally_b6fa01d2_qnYXtxJZ. Status changed: AVAILABLE => DELETING in 0.0760335922241211
2019-11-24 01:42:54.204 22567 RALLYDEBUG rally.task.utils [-] Waiting for resource s_rally_b6fa01d2_f765CYew. Status changed: DETACHING => AVAILABLE in 2.403756618499756
2019-11-24 01:42:54.326 22567 RALLYDEBUG rally.task.utils [-] Waiting for resource s_rally_b6fa01d2_f765CYew. Status changed: AVAILABLE => DELETING in 0.05887103080749512
2019-11-24 01:42:56.288 22564 INFO rally.task.runner [-] Task c0fc49d1-da24-4495-9fd9-5ddc7eab7726 | ITER: 2 END: OK
2019-11-24 01:42:56.294 22564 INFO rally.task.runner [-] Task c0fc49d1-da24-4495-9fd9-5ddc7eab7726 | ITER: 5 START
2019-11-24 01:42:57.734 22563 RALLYDEBUG rally.task.utils [-] Waiting for resource s_rally_b6fa01d2_28dH9fkO. Status changed: MIGRATING => ACTIVE in 13.382943868637085
2019-11-24 01:42:58.666 22567 INFO rally.task.runner [-] Task c0fc49d1-da24-4495-9fd9-5ddc7eab7726 | ITER: 4 END: OK
2019-11-24 01:42:58.672 22567 INFO rally.task.runner [-] Task c0fc49d1-da24-4495-9fd9-5ddc7eab7726 | ITER: 6 START
2019-11-24 01:42:58.743 22563 RALLYDEBUG rally.task.utils [-] Waiting for resource s_rally_b6fa01d2_XTTApR4p. Status changed: AVAILABLE => DETACHING in 0.4603912830352783
2019-11-24 01:43:00.489 22565 RALLYDEBUG rally.task.utils [-] Waiting for resource s_rally_b6fa01d2_wXS8emmj. Status changed: MIGRATING => ACTIVE in 15.420390605926514
2019-11-24 01:43:01.151 22563 RALLYDEBUG rally.task.utils [-] Waiting for resource s_rally_b6fa01d2_XTTApR4p. Status changed: DETACHING => AVAILABLE in 2.4082069396972656
2019-11-24 01:43:01.240 22565 RALLYDEBUG rally.task.utils [-] Waiting for resource s_rally_b6fa01d2_0YRIM41y. Status changed: AVAILABLE => DETACHING in 0.4252431392669678
2019-11-24 01:43:01.261 22563 RALLYDEBUG rally.task.utils [-] Waiting for resource s_rally_b6fa01d2_XTTApR4p. Status changed: AVAILABLE => DELETING in 0.05789899826049805
2019-11-24 01:43:03.128 22564 RALLYDEBUG rally.task.utils [-] Waiting for resource s_rally_b6fa01d2_UxQ1vplA. Status changed: BUILD => ACTIVE in 4.5113303661346436
2019-11-24 01:43:03.658 22565 RALLYDEBUG rally.task.utils [-] Waiting for resource s_rally_b6fa01d2_0YRIM41y. Status changed: DETACHING => AVAILABLE in 2.4182920455932617
2019-11-24 01:43:03.774 22565 RALLYDEBUG rally.task.utils [-] Waiting for resource s_rally_b6fa01d2_0YRIM41y. Status changed: AVAILABLE => DELETING in 0.059015750885009766
2019-11-24 01:43:05.621 22563 INFO rally.task.runner [-] Task c0fc49d1-da24-4495-9fd9-5ddc7eab7726 | ITER: 1 END: OK
2019-11-24 01:43:05.626 22563 INFO rally.task.runner [-] Task c0fc49d1-da24-4495-9fd9-5ddc7eab7726 | ITER: 7 START
2019-11-24 01:43:06.165 22564 RALLYDEBUG rally.task.utils [-] Waiting for resource s_rally_b6fa01d2_KShoDAKT. Status changed: AVAILABLE => RESERVED in 0.4104301929473877
2019-11-24 01:43:07.477 22567 RALLYDEBUG rally.task.utils [-] Waiting for resource s_rally_b6fa01d2_dgIVub0U. Status changed: BUILD => ACTIVE in 6.72862982749939
2019-11-24 01:43:08.151 22565 INFO rally.task.runner [-] Task c0fc49d1-da24-4495-9fd9-5ddc7eab7726 | ITER: 3 END: OK
2019-11-24 01:43:08.156 22565 INFO rally.task.runner [-] Task c0fc49d1-da24-4495-9fd9-5ddc7eab7726 | ITER: 8 START
2019-11-24 01:43:08.592 22564 RALLYDEBUG rally.task.utils [-] Waiting for resource s_rally_b6fa01d2_KShoDAKT. Status changed: RESERVED => IN-USE in 2.42632794380188
2019-11-24 01:43:10.653 22567 RALLYDEBUG rally.task.utils [-] Waiting for resource s_rally_b6fa01d2_u90eAch4. Status changed: AVAILABLE => RESERVED in 0.4241800308227539
2019-11-24 01:43:10.794 22564 RALLYDEBUG rally.task.utils [-] Waiting for resource s_rally_b6fa01d2_UxQ1vplA. Status changed: ACTIVE => MIGRATING in 0.18592119216918945
2019-11-24 01:43:12.776 22563 RALLYDEBUG rally.task.utils [-] Waiting for resource s_rally_b6fa01d2_olCB6M0n. Status changed: BUILD => ACTIVE in 4.7210917472839355
2019-11-24 01:43:13.063 22567 RALLYDEBUG rally.task.utils [-] Waiting for resource s_rally_b6fa01d2_u90eAch4. Status changed: RESERVED => IN-USE in 2.4097933769226074
2019-11-24 01:43:15.755 22563 RALLYDEBUG rally.task.utils [-] Waiting for resource s_rally_b6fa01d2_cz4mqv4Q. Status changed: AVAILABLE => RESERVED in 0.3942568302154541
2019-11-24 01:43:16.125 22567 RALLYDEBUG rally.task.utils [-] Waiting for resource s_rally_b6fa01d2_dgIVub0U. Status changed: ACTIVE => MIGRATING in 0.23895502090454102
2019-11-24 01:43:17.239 22565 RALLYDEBUG rally.task.utils [-] Waiting for resource s_rally_b6fa01d2_oD3zfQtj. Status changed: BUILD => ACTIVE in 6.852024793624878
2019-11-24 01:43:17.513 22564 RALLYDEBUG rally.task.utils [-] Waiting for resource s_rally_b6fa01d2_UxQ1vplA. Status changed: MIGRATING => ACTIVE in 6.718777656555176
2019-11-24 01:43:18.160 22563 RALLYDEBUG rally.task.utils [-] Waiting for resource s_rally_b6fa01d2_cz4mqv4Q. Status changed: RESERVED => IN-USE in 2.405397653579712
2019-11-24 01:43:18.262 22564 RALLYDEBUG rally.task.utils [-] Waiting for resource s_rally_b6fa01d2_KShoDAKT. Status changed: AVAILABLE => DETACHING in 0.39798617362976074
2019-11-24 01:43:20.298 22563 RALLYDEBUG rally.task.utils [-] Waiting for resource s_rally_b6fa01d2_olCB6M0n. Status changed: ACTIVE => MIGRATING in 0.16130900382995605
2019-11-24 01:43:20.557 22565 RALLYDEBUG rally.task.utils [-] Waiting for resource s_rally_b6fa01d2_5Np1T18O. Status changed: AVAILABLE => RESERVED in 0.4112226963043213
2019-11-24 01:43:20.675 22564 RALLYDEBUG rally.task.utils [-] Waiting for resource s_rally_b6fa01d2_KShoDAKT. Status changed: DETACHING => AVAILABLE in 2.4126346111297607
2019-11-24 01:43:20.791 22564 RALLYDEBUG rally.task.utils [-] Waiting for resource s_rally_b6fa01d2_KShoDAKT. Status changed: AVAILABLE => DELETING in 0.057930707931518555
2019-11-24 01:43:22.972 22565 RALLYDEBUG rally.task.utils [-] Waiting for resource s_rally_b6fa01d2_5Np1T18O. Status changed: RESERVED => IN-USE in 2.4154512882232666
2019-11-24 01:43:24.738 22567 RALLYDEBUG rally.task.utils [-] Waiting for resource s_rally_b6fa01d2_dgIVub0U. Status changed: MIGRATING => ACTIVE in 8.613231897354126
2019-11-24 01:43:25.192 22564 INFO rally.task.runner [-] Task c0fc49d1-da24-4495-9fd9-5ddc7eab7726 | ITER: 5 END: OK
2019-11-24 01:43:25.197 22564 INFO rally.task.runner [-] Task c0fc49d1-da24-4495-9fd9-5ddc7eab7726 | ITER: 9 START
2019-11-24 01:43:25.730 22567 RALLYDEBUG rally.task.utils [-] Waiting for resource s_rally_b6fa01d2_u90eAch4. Status changed: AVAILABLE => DETACHING in 0.4188413619995117
2019-11-24 01:43:25.870 22565 RALLYDEBUG rally.task.utils [-] Waiting for resource s_rally_b6fa01d2_oD3zfQtj. Status changed: ACTIVE => MIGRATING in 0.1477360725402832
2019-11-24 01:43:28.138 22567 RALLYDEBUG rally.task.utils [-] Waiting for resource s_rally_b6fa01d2_u90eAch4. Status changed: DETACHING => AVAILABLE in 2.407256841659546
2019-11-24 01:43:28.250 22567 RALLYDEBUG rally.task.utils [-] Waiting for resource s_rally_b6fa01d2_u90eAch4. Status changed: AVAILABLE => DELETING in 0.05692267417907715
2019-11-24 01:43:32.133 22564 RALLYDEBUG rally.task.utils [-] Waiting for resource s_rally_b6fa01d2_76fgbEmM. Status changed: BUILD => ACTIVE in 4.555535793304443
2019-11-24 01:43:32.719 22567 INFO rally.task.runner [-] Task c0fc49d1-da24-4495-9fd9-5ddc7eab7726 | ITER: 6 END: OK
2019-11-24 01:43:32.724 22567 INFO rally.task.runner [-] Task c0fc49d1-da24-4495-9fd9-5ddc7eab7726 | ITER: 10 START
2019-11-24 01:43:33.675 22563 RALLYDEBUG rally.task.utils [-] Waiting for resource s_rally_b6fa01d2_olCB6M0n. Status changed: MIGRATING => ACTIVE in 13.37678050994873
2019-11-24 01:43:34.479 22563 RALLYDEBUG rally.task.utils [-] Waiting for resource s_rally_b6fa01d2_cz4mqv4Q. Status changed: AVAILABLE => DETACHING in 0.4449138641357422
2019-11-24 01:43:35.154 22564 RALLYDEBUG rally.task.utils [-] Waiting for resource s_rally_b6fa01d2_uHCKUEbI. Status changed: AVAILABLE => RESERVED in 0.41535425186157227
2019-11-24 01:43:36.878 22563 RALLYDEBUG rally.task.utils [-] Waiting for resource s_rally_b6fa01d2_cz4mqv4Q. Status changed: DETACHING => AVAILABLE in 2.398991346359253
2019-11-24 01:43:36.992 22563 RALLYDEBUG rally.task.utils [-] Waiting for resource s_rally_b6fa01d2_cz4mqv4Q. Status changed: AVAILABLE => DELETING in 0.05748128890991211
2019-11-24 01:43:37.565 22564 RALLYDEBUG rally.task.utils [-] Waiting for resource s_rally_b6fa01d2_uHCKUEbI. Status changed: RESERVED => IN-USE in 2.410722017288208
2019-11-24 01:43:39.098 22565 RALLYDEBUG rally.task.utils [-] Waiting for resource s_rally_b6fa01d2_oD3zfQtj. Status changed: MIGRATING => ACTIVE in 13.22806191444397
2019-11-24 01:43:39.587 22567 RALLYDEBUG rally.task.utils [-] Waiting for resource s_rally_b6fa01d2_yfV1H4K6. Status changed: BUILD => ACTIVE in 4.7475481033325195
2019-11-24 01:43:39.767 22564 RALLYDEBUG rally.task.utils [-] Waiting for resource s_rally_b6fa01d2_76fgbEmM. Status changed: ACTIVE => MIGRATING in 0.1775953769683838
2019-11-24 01:43:40.045 22565 RALLYDEBUG rally.task.utils [-] Waiting for resource s_rally_b6fa01d2_5Np1T18O. Status changed: AVAILABLE => DETACHING in 0.4167826175689697
2019-11-24 01:43:41.639 22563 INFO rally.task.runner [-] Task c0fc49d1-da24-4495-9fd9-5ddc7eab7726 | ITER: 7 END: OK
2019-11-24 01:43:42.462 22565 RALLYDEBUG rally.task.utils [-] Waiting for resource s_rally_b6fa01d2_5Np1T18O. Status changed: DETACHING => AVAILABLE in 2.4172630310058594
2019-11-24 01:43:42.582 22565 RALLYDEBUG rally.task.utils [-] Waiting for resource s_rally_b6fa01d2_5Np1T18O. Status changed: AVAILABLE => DELETING in 0.0606386661529541
2019-11-24 01:43:42.659 22567 RALLYDEBUG rally.task.utils [-] Waiting for resource s_rally_b6fa01d2_dAwf7ucF. Status changed: AVAILABLE => RESERVED in 0.4482741355895996
2019-11-24 01:43:45.087 22567 RALLYDEBUG rally.task.utils [-] Waiting for resource s_rally_b6fa01d2_dAwf7ucF. Status changed: RESERVED => IN-USE in 2.4281632900238037
2019-11-24 01:43:46.475 22564 RALLYDEBUG rally.task.utils [-] Waiting for resource s_rally_b6fa01d2_76fgbEmM. Status changed: MIGRATING => ACTIVE in 6.708735466003418
2019-11-24 01:43:46.972 22565 INFO rally.task.runner [-] Task c0fc49d1-da24-4495-9fd9-5ddc7eab7726 | ITER: 8 END: OK
2019-11-24 01:43:47.182 22564 RALLYDEBUG rally.task.utils [-] Waiting for resource s_rally_b6fa01d2_uHCKUEbI. Status changed: AVAILABLE => DETACHING in 0.4203066825866699
2019-11-24 01:43:47.234 22567 RALLYDEBUG rally.task.utils [-] Waiting for resource s_rally_b6fa01d2_yfV1H4K6. Status changed: ACTIVE => MIGRATING in 0.2016615867614746
2019-11-24 01:43:49.621 22564 RALLYDEBUG rally.task.utils [-] Waiting for resource s_rally_b6fa01d2_uHCKUEbI. Status changed: DETACHING => AVAILABLE in 2.43949818611145
2019-11-24 01:43:49.736 22564 RALLYDEBUG rally.task.utils [-] Waiting for resource s_rally_b6fa01d2_uHCKUEbI. Status changed: AVAILABLE => DELETING in 0.05402970314025879
2019-11-24 01:43:54.198 22564 INFO rally.task.runner [-] Task c0fc49d1-da24-4495-9fd9-5ddc7eab7726 | ITER: 9 END: OK
2019-11-24 01:43:56.021 22567 RALLYDEBUG rally.task.utils [-] Waiting for resource s_rally_b6fa01d2_yfV1H4K6. Status changed: MIGRATING => ACTIVE in 8.786639928817749
2019-11-24 01:43:57.083 22567 RALLYDEBUG rally.task.utils [-] Waiting for resource s_rally_b6fa01d2_dAwf7ucF. Status changed: AVAILABLE => DETACHING in 0.42029738426208496
2019-11-24 01:43:59.516 22567 RALLYDEBUG rally.task.utils [-] Waiting for resource s_rally_b6fa01d2_dAwf7ucF. Status changed: DETACHING => AVAILABLE in 2.4333724975585938
2019-11-24 01:43:59.648 22567 RALLYDEBUG rally.task.utils [-] Waiting for resource s_rally_b6fa01d2_dAwf7ucF. Status changed: AVAILABLE => DELETING in 0.05842399597167969
2019-11-24 01:44:04.088 22567 INFO rally.task.runner [-] Task c0fc49d1-da24-4495-9fd9-5ddc7eab7726 | ITER: 10 END: OK
2019-11-24 01:44:04.116 20411 INFO rally.task.context [-] Task c0fc49d1-da24-4495-9fd9-5ddc7eab7726 | Context cleanup@openstack cleanup() started
2019-11-24 01:44:04.119 20411 RALLYDEBUG rally_openstack.cleanup.manager [-] Cleaning up nova servers objects
2019-11-24 01:44:05.549 20411 RALLYDEBUG rally_openstack.cleanup.manager [-] Cleaning up nova server_groups objects
2019-11-24 01:44:06.678 20411 RALLYDEBUG rally_openstack.cleanup.manager [-] Cleaning up nova keypairs objects
2019-11-24 01:44:08.978 20411 RALLYDEBUG rally_openstack.cleanup.manager [-] Cleaning up cinder backups objects
2019-11-24 01:44:10.157 20411 RALLYDEBUG rally_openstack.cleanup.manager [-] Cleaning up cinder volume_snapshots objects
2019-11-24 01:44:11.316 20411 RALLYDEBUG rally_openstack.cleanup.manager [-] Cleaning up cinder transfers objects
2019-11-24 01:44:12.469 20411 RALLYDEBUG rally_openstack.cleanup.manager [-] Cleaning up cinder volumes objects
2019-11-24 01:44:13.675 20411 INFO rally.task.context [-] Task c0fc49d1-da24-4495-9fd9-5ddc7eab7726 | Context cleanup@openstack cleanup() finished in 9.56 sec
2019-11-24 01:44:13.676 20411 INFO rally.task.context [-] Task c0fc49d1-da24-4495-9fd9-5ddc7eab7726 | Context api_versions@openstack cleanup() started
2019-11-24 01:44:13.676 20411 INFO rally.task.context [-] Task c0fc49d1-da24-4495-9fd9-5ddc7eab7726 | Context api_versions@openstack cleanup() finished in 0.37 msec
2019-11-24 01:44:13.677 20411 INFO rally.task.context [-] Task c0fc49d1-da24-4495-9fd9-5ddc7eab7726 | Context users@openstack cleanup() started
2019-11-24 01:44:17.760 20411 INFO rally.task.context [-] Task c0fc49d1-da24-4495-9fd9-5ddc7eab7726 | Context users@openstack cleanup() finished in 4.08 sec
2019-11-24 01:44:19.424 20411 INFO rally.task.engine [-] Load duration is: 96.14186
2019-11-24 01:44:19.424 20411 INFO rally.task.engine [-] Full runner duration is: 97.195419
2019-11-24 01:44:19.425 20411 INFO rally.task.engine [-] Full duration is: 114.842256
2019-11-24 01:44:19.769 20411 INFO rally.task.engine [-] Running workload: position = 0 config = { "version": 2, "title": "A cropped version of a bigger task.", "description": "Auto-generated task from a single workload (uuid=a6fa8d3a-cb36-411f-96e2-889430b581ed)", "subtasks": [ { "title": "NovaServers.boot_server_from_volume_and_live_migrate", "description": "Boot a server from volume and then migrate it.", "scenario": { "NovaServers.boot_server_from_volume_and_live_migrate": { "flavor": { "name": "rally_full-flavor_2f170d48-e02c-4426-87d5-40abf8fe2368" }, "image": { "name": "rally_full-img_2f170d48-e02c-4426-87d5-40abf8fe2368" }, "block_migration": false, "volume_size": 1, "force_delete": false, "nics": [ { "net-id": "91120f3d-1d14-4af3-8878-32cf1dc2d13f" } ] } }, "contexts": { "users": { "tenants": 3, "users_per_tenant": 2 }, "api_versions": { "cinder": { "version": 3, "service_type": "volumev3" } } }, "runner": { "constant": { "concurrency": 4, "times": 10 } }, "hooks": [], "sla": { "failure_rate": { "max": 0 } } } ] }
2019-11-24 01:44:19.794 20411 RALLYDEBUG rally_openstack.contexts.keystone.users [-] Creating 3 tenants using 20 threads
2019-11-24 01:44:20.869 20411 RALLYDEBUG rally_openstack.contexts.keystone.users [-] Creating 6 users using 20 threads
2019-11-24 01:44:22.454 20411 INFO rally.task.context [-] Task c0fc49d1-da24-4495-9fd9-5ddc7eab7726 | Context users@openstack setup() finished in 2.66 sec
2019-11-24 01:44:22.872 20411 INFO rally.task.context [-] Task c0fc49d1-da24-4495-9fd9-5ddc7eab7726 | Context api_versions@openstack setup() finished in 0.42 sec
2019-11-24 01:44:22.872 20411 INFO rally.task.context [-] Task c0fc49d1-da24-4495-9fd9-5ddc7eab7726 | Context cleanup@openstack setup() finished in 0.01 msec
2019-11-24 01:44:23.916 20411 RALLYDEBUG rally.task.runner [-] Starting the constant runner (task UUID: c0fc49d1-da24-4495-9fd9-5ddc7eab7726). times: 10 concurrency: 4 timeout: 0 max_cpu_used: 16 processes_to_start: 4 concurrency_per_worker: 1 concurrency_overhead: 0
2019-11-24 01:44:23.929 22807 RALLYDEBUG rally.task.runner [-] Starting a worker. times: 10 duration: None concurrency: 1 timeout: 0 cls: method_name: run args: {"flavor": "b21a361e-46d7-4d11-b324-6e9761bcee23", "image": "e2756950-7b6d-4778-be5f-611bc2de8e52", "block_migration": false, "volume_size": 1, "force_delete": false, "nics": [{"net-id": "91120f3d-1d14-4af3-8878-32cf1dc2d13f"}]}
2019-11-24 01:44:23.932 22808 RALLYDEBUG rally.task.runner [-] Starting a worker. times: 10 duration: None concurrency: 1 timeout: 0 cls: method_name: run args: {"flavor": "b21a361e-46d7-4d11-b324-6e9761bcee23", "image": "e2756950-7b6d-4778-be5f-611bc2de8e52", "block_migration": false, "volume_size": 1, "force_delete": false, "nics": [{"net-id": "91120f3d-1d14-4af3-8878-32cf1dc2d13f"}]}
2019-11-24 01:44:23.936 22809 RALLYDEBUG rally.task.runner [-] Starting a worker. times: 10 duration: None concurrency: 1 timeout: 0 cls: method_name: run args: {"flavor": "b21a361e-46d7-4d11-b324-6e9761bcee23", "image": "e2756950-7b6d-4778-be5f-611bc2de8e52", "block_migration": false, "volume_size": 1, "force_delete": false, "nics": [{"net-id": "91120f3d-1d14-4af3-8878-32cf1dc2d13f"}]}
2019-11-24 01:44:23.937 22807 INFO rally.task.runner [-] Task c0fc49d1-da24-4495-9fd9-5ddc7eab7726 | ITER: 1 START
2019-11-24 01:44:23.939 22808 INFO rally.task.runner [-] Task c0fc49d1-da24-4495-9fd9-5ddc7eab7726 | ITER: 2 START
2019-11-24 01:44:23.940 22811 RALLYDEBUG rally.task.runner [-] Starting a worker. times: 10 duration: None concurrency: 1 timeout: 0 cls: method_name: run args: {"flavor": "b21a361e-46d7-4d11-b324-6e9761bcee23", "image": "e2756950-7b6d-4778-be5f-611bc2de8e52", "block_migration": false, "volume_size": 1, "force_delete": false, "nics": [{"net-id": "91120f3d-1d14-4af3-8878-32cf1dc2d13f"}]}
2019-11-24 01:44:23.944 22809 INFO rally.task.runner [-] Task c0fc49d1-da24-4495-9fd9-5ddc7eab7726 | ITER: 3 START
2019-11-24 01:44:23.947 22811 INFO rally.task.runner [-] Task c0fc49d1-da24-4495-9fd9-5ddc7eab7726 | ITER: 4 START
2019-11-24 01:44:39.636 22808 RALLYDEBUG rally.task.utils [-] Waiting for resource s_rally_a6fa8d3a_WFmvyYLN. Status changed: DOWNLOADING => AVAILABLE in 12.565863132476807
2019-11-24 01:44:46.132 22809 RALLYDEBUG rally.task.utils [-] Waiting for resource s_rally_a6fa8d3a_W1g67pCp. Status changed: DOWNLOADING => AVAILABLE in 18.771979093551636
2019-11-24 01:44:51.231 22808 RALLYDEBUG rally.task.utils [-] Waiting for resource s_rally_a6fa8d3a_PFfwZ2Bq. Status changed: BUILD => ACTIVE in 8.94895601272583
2019-11-24 01:44:54.698 22808 RALLYDEBUG rally.task.utils [-] Waiting for resource s_rally_a6fa8d3a_PFfwZ2Bq. Status changed: ACTIVE => MIGRATING in 0.23011469841003418
2019-11-24 01:44:55.470 22809 RALLYDEBUG rally.task.utils [-] Waiting for resource s_rally_a6fa8d3a_6F0wK6dT. Status changed: BUILD => ACTIVE in 7.031538009643555
2019-11-24 01:44:58.789 22809 RALLYDEBUG rally.task.utils [-] Waiting for resource s_rally_a6fa8d3a_6F0wK6dT. Status changed: ACTIVE => MIGRATING in 0.16204547882080078
2019-11-24 01:45:02.469 22811 RALLYDEBUG rally.task.utils [-] Waiting for resource s_rally_a6fa8d3a_fAv60uNh. Status changed: DOWNLOADING => AVAILABLE in 35.35145545005798
2019-11-24 01:45:02.555 22807 RALLYDEBUG rally.task.utils [-] Waiting for resource s_rally_a6fa8d3a_uD5mWLJB. Status changed: DOWNLOADING => AVAILABLE in 35.437217473983765
2019-11-24 01:45:03.726 22808 RALLYDEBUG rally.task.utils [-] Waiting for resource s_rally_a6fa8d3a_PFfwZ2Bq. Status changed: MIGRATING => ACTIVE in 9.028342247009277
2019-11-24 01:45:06.400 22808 INFO rally.task.runner [-] Task c0fc49d1-da24-4495-9fd9-5ddc7eab7726 | ITER: 2 END: OK
2019-11-24 01:45:06.407 22808 INFO rally.task.runner [-] Task c0fc49d1-da24-4495-9fd9-5ddc7eab7726 | ITER: 5 START
2019-11-24 01:45:07.745 22809 RALLYDEBUG rally.task.utils [-] Waiting for resource s_rally_a6fa8d3a_6F0wK6dT. Status changed: MIGRATING => ACTIVE in 8.95634150505066
2019-11-24 01:45:09.603 22811 RALLYDEBUG rally.task.utils [-] Waiting for resource s_rally_a6fa8d3a_X9RK9oDI. Status changed: BUILD => ACTIVE in 4.8043212890625
2019-11-24 01:45:10.456 22809 INFO rally.task.runner [-] Task c0fc49d1-da24-4495-9fd9-5ddc7eab7726 | ITER: 3 END: OK
2019-11-24 01:45:10.462 22809 INFO rally.task.runner [-] Task c0fc49d1-da24-4495-9fd9-5ddc7eab7726 | ITER: 6 START
2019-11-24 01:45:11.550 22807 RALLYDEBUG rally.task.utils [-] Waiting for resource s_rally_a6fa8d3a_cSo4Rmwu. Status changed: BUILD => ACTIVE in 7.043454885482788
2019-11-24 01:45:13.030 22811 RALLYDEBUG rally.task.utils [-] Waiting for resource s_rally_a6fa8d3a_X9RK9oDI. Status changed: ACTIVE => MIGRATING in 0.4353935718536377
2019-11-24 01:45:13.850 22807 RALLYDEBUG rally.task.utils [-] Waiting for resource s_rally_a6fa8d3a_cSo4Rmwu. Status changed: ACTIVE => MIGRATING in 0.21632838249206543
2019-11-24 01:45:19.681 22811 RALLYDEBUG rally.task.utils [-] Waiting for resource s_rally_a6fa8d3a_X9RK9oDI. Status changed: MIGRATING => ACTIVE in 6.650566101074219
2019-11-24 01:45:20.450 22807 RALLYDEBUG rally.task.utils [-] Waiting for resource s_rally_a6fa8d3a_cSo4Rmwu. Status changed: MIGRATING => ACTIVE in 6.599541664123535
2019-11-24 01:45:22.259 22811 INFO rally.task.runner [-] Task c0fc49d1-da24-4495-9fd9-5ddc7eab7726 | ITER: 4 END: OK
2019-11-24 01:45:22.265 22811 INFO rally.task.runner [-] Task c0fc49d1-da24-4495-9fd9-5ddc7eab7726 | ITER: 7 START
2019-11-24 01:45:23.140 22807 INFO rally.task.runner [-] Task c0fc49d1-da24-4495-9fd9-5ddc7eab7726 | ITER: 1 END: OK
2019-11-24 01:45:23.146 22807 INFO rally.task.runner [-] Task c0fc49d1-da24-4495-9fd9-5ddc7eab7726 | ITER: 8 START
2019-11-24 01:45:29.703 22811 RALLYDEBUG rally.task.utils [-] Waiting for resource s_rally_a6fa8d3a_AcSYzYcR. Status changed: CREATING => DOWNLOADING in 4.287755727767944
2019-11-24 01:45:30.163 22807 RALLYDEBUG rally.task.utils [-] Waiting for resource s_rally_a6fa8d3a_SdaAb2Lj. Status changed: CREATING => DOWNLOADING in 4.273582935333252
2019-11-24 01:45:32.000 22808 RALLYDEBUG rally.task.utils [-] Waiting for resource s_rally_a6fa8d3a_mvVBJZi7. Status changed: DOWNLOADING => AVAILABLE in 22.881250143051147
2019-11-24 01:45:41.158 22808 RALLYDEBUG rally.task.utils [-] Waiting for resource s_rally_a6fa8d3a_3Z5cccv9. Status changed: BUILD => ACTIVE in 6.984545469284058
2019-11-24 01:45:44.221 22808 RALLYDEBUG rally.task.utils [-] Waiting for resource s_rally_a6fa8d3a_3Z5cccv9. Status changed: ACTIVE => MIGRATING in 0.19107294082641602
2019-11-24 01:45:51.000 22809 RALLYDEBUG rally.task.utils [-] Waiting for resource s_rally_a6fa8d3a_e4ZGMXxg. Status changed: DOWNLOADING => AVAILABLE in 37.3230459690094
2019-11-24 01:45:51.004 22808 RALLYDEBUG rally.task.utils [-] Waiting for resource s_rally_a6fa8d3a_3Z5cccv9. Status changed: MIGRATING => ACTIVE in 6.782301902770996
2019-11-24 01:45:53.518 22808 INFO rally.task.runner [-] Task c0fc49d1-da24-4495-9fd9-5ddc7eab7726 | ITER: 5 END: OK
2019-11-24 01:45:53.523 22808 INFO rally.task.runner [-] Task c0fc49d1-da24-4495-9fd9-5ddc7eab7726 | ITER: 9 START
2019-11-24 01:45:57.947 22809 RALLYDEBUG rally.task.utils [-] Waiting for resource s_rally_a6fa8d3a_aTR4n0VV. Status changed: BUILD => ACTIVE in 4.764287948608398
2019-11-24 01:46:00.278 22809 RALLYDEBUG rally.task.utils [-] Waiting for resource s_rally_a6fa8d3a_aTR4n0VV. Status changed: ACTIVE => MIGRATING in 0.21357464790344238
2019-11-24 01:46:08.987 22808 RALLYDEBUG rally.task.utils [-] Waiting for resource s_rally_a6fa8d3a_9L8PIpUn. Status changed: DOWNLOADING => AVAILABLE in 12.686023235321045
2019-11-24 01:46:09.142 22809 RALLYDEBUG rally.task.utils [-] Waiting for resource s_rally_a6fa8d3a_aTR4n0VV. Status changed: MIGRATING => ACTIVE in 8.8642418384552
2019-11-24 01:46:12.002 22809 INFO rally.task.runner [-] Task c0fc49d1-da24-4495-9fd9-5ddc7eab7726 | ITER: 6 END: OK
2019-11-24 01:46:12.007 22809 INFO rally.task.runner [-] Task c0fc49d1-da24-4495-9fd9-5ddc7eab7726 | ITER: 10 START
2019-11-24 01:46:15.691 22808 RALLYDEBUG rally.task.utils [-] Waiting for resource s_rally_a6fa8d3a_QKj2NE5i. Status changed: BUILD => ACTIVE in 4.651007175445557
2019-11-24 01:46:19.073 22808 RALLYDEBUG rally.task.utils [-] Waiting for resource s_rally_a6fa8d3a_QKj2NE5i. Status changed: ACTIVE => MIGRATING in 0.21327638626098633
2019-11-24 01:46:25.796 22811 RALLYDEBUG rally.task.utils [-] Waiting for resource s_rally_a6fa8d3a_AcSYzYcR. Status changed: DOWNLOADING => AVAILABLE in 56.093193769454956
2019-11-24 01:46:25.970 22807 RALLYDEBUG rally.task.utils [-] Waiting for resource s_rally_a6fa8d3a_SdaAb2Lj. Status changed: DOWNLOADING => AVAILABLE in 55.80761456489563
2019-11-24 01:46:27.268 22809 RALLYDEBUG rally.task.utils [-] Waiting for resource s_rally_a6fa8d3a_jfjtqnyS. Status changed: DOWNLOADING => AVAILABLE in 12.545036792755127
2019-11-24 01:46:27.908 22808 RALLYDEBUG rally.task.utils [-] Waiting for resource s_rally_a6fa8d3a_QKj2NE5i. Status changed: MIGRATING => ACTIVE in 8.834887742996216
2019-11-24 01:46:30.471 22808 INFO rally.task.runner [-] Task c0fc49d1-da24-4495-9fd9-5ddc7eab7726 | ITER: 9 END: OK
2019-11-24 01:46:34.818 22811 RALLYDEBUG rally.task.utils [-] Waiting for resource s_rally_a6fa8d3a_ersLTygO. Status changed: BUILD => ACTIVE in 6.8779473304748535
2019-11-24 01:46:35.145 22807 RALLYDEBUG rally.task.utils [-] Waiting for resource s_rally_a6fa8d3a_QUGqReDQ. Status changed: BUILD => ACTIVE in 7.128476858139038
2019-11-24 01:46:36.680 22809 RALLYDEBUG rally.task.utils [-] Waiting for resource s_rally_a6fa8d3a_hVfu8VZ8. Status changed: BUILD => ACTIVE in 7.230206251144409
2019-11-24 01:46:37.224 22811 RALLYDEBUG rally.task.utils [-] Waiting for resource s_rally_a6fa8d3a_ersLTygO. Status changed: ACTIVE => MIGRATING in 0.19710516929626465
2019-11-24 01:46:38.779 22807 RALLYDEBUG rally.task.utils [-] Waiting for resource s_rally_a6fa8d3a_QUGqReDQ. Status changed: ACTIVE => MIGRATING in 0.2338714599609375
2019-11-24 01:46:39.547 22809 RALLYDEBUG rally.task.utils [-] Waiting for resource s_rally_a6fa8d3a_hVfu8VZ8. Status changed: ACTIVE => MIGRATING in 0.14801526069641113
2019-11-24 01:46:45.724 22807 RALLYDEBUG rally.task.utils [-] Waiting for resource s_rally_a6fa8d3a_QUGqReDQ. Status changed: MIGRATING => ACTIVE in 6.945518970489502
2019-11-24 01:46:46.157 22811 RALLYDEBUG rally.task.utils [-] Waiting for resource s_rally_a6fa8d3a_ersLTygO. Status changed: MIGRATING => ACTIVE in 8.933286905288696
2019-11-24 01:46:48.394 22807 INFO rally.task.runner [-] Task c0fc49d1-da24-4495-9fd9-5ddc7eab7726 | ITER: 8 END: OK
2019-11-24 01:46:48.754 22811 INFO rally.task.runner [-] Task c0fc49d1-da24-4495-9fd9-5ddc7eab7726 | ITER: 7 END: OK
2019-11-24 01:46:53.107 22809 RALLYDEBUG rally.task.utils [-] Waiting for resource s_rally_a6fa8d3a_hVfu8VZ8. Status changed: MIGRATING => ACTIVE in 13.559961318969727
2019-11-24 01:46:55.701 22809 INFO rally.task.runner [-] Task c0fc49d1-da24-4495-9fd9-5ddc7eab7726 | ITER: 10 END: OK
2019-11-24 01:46:55.727 20411 INFO rally.task.context [-] Task c0fc49d1-da24-4495-9fd9-5ddc7eab7726 | Context cleanup@openstack cleanup() started
2019-11-24 01:46:55.730 20411 RALLYDEBUG rally_openstack.cleanup.manager [-] Cleaning up nova servers objects
2019-11-24 01:46:57.007 20411 RALLYDEBUG rally_openstack.cleanup.manager [-] Cleaning up nova server_groups objects
2019-11-24 01:46:58.134 20411 RALLYDEBUG rally_openstack.cleanup.manager [-] Cleaning up nova keypairs objects
2019-11-24 01:47:00.413 20411 RALLYDEBUG rally_openstack.cleanup.manager [-] Cleaning up cinder backups objects
2019-11-24 01:47:01.609 20411 RALLYDEBUG rally_openstack.cleanup.manager [-] Cleaning up cinder volume_snapshots objects
2019-11-24 01:47:02.779 20411 RALLYDEBUG rally_openstack.cleanup.manager [-] Cleaning up cinder transfers objects
2019-11-24 01:47:03.949 20411 RALLYDEBUG rally_openstack.cleanup.manager [-] Cleaning up cinder volumes objects
2019-11-24 01:47:05.218 20411 RALLYDEBUG rally_openstack.cleanup.manager [-] Deleting cinder.volumes object s_rally_a6fa8d3a_e4ZGMXxg (0f4e813d-3ef0-40e4-96a8-981c1a92f07a)
2019-11-24 01:47:05.227 20411 RALLYDEBUG rally_openstack.cleanup.manager [-] Deleting cinder.volumes object s_rally_a6fa8d3a_WFmvyYLN (c436abcb-0e2e-4f4d-b5ff-ad1e11d8c51b)
2019-11-24 01:47:05.236 20411 RALLYDEBUG rally_openstack.cleanup.manager [-] Deleting cinder.volumes object s_rally_a6fa8d3a_SdaAb2Lj (1ce0e647-97c8-4f88-a8de-847ba1de95d0)
2019-11-24 01:47:05.245 20411 RALLYDEBUG rally_openstack.cleanup.manager [-] Deleting cinder.volumes object s_rally_a6fa8d3a_AcSYzYcR (c059cda4-69f9-4087-87cb-7f724a661d08)
2019-11-24 01:47:05.254 20411 RALLYDEBUG rally_openstack.cleanup.manager [-] Deleting cinder.volumes object s_rally_a6fa8d3a_W1g67pCp (2e3babb5-60d2-4470-9767-0591a2bf826f)
2019-11-24 01:47:05.275 20411 RALLYDEBUG rally_openstack.cleanup.manager [-] Deleting cinder.volumes object s_rally_a6fa8d3a_jfjtqnyS (66859a8d-c2c1-40c1-b87a-7a34d5574b6b)
2019-11-24 01:47:05.284 20411 RALLYDEBUG rally_openstack.cleanup.manager [-] Deleting cinder.volumes object s_rally_a6fa8d3a_9L8PIpUn (33ecbaad-2617-41ef-88c9-68f2548d6c50)
2019-11-24 01:47:05.296 20411 RALLYDEBUG rally_openstack.cleanup.manager [-] Deleting cinder.volumes object s_rally_a6fa8d3a_mvVBJZi7 (aa4a85f9-f8e7-4568-8930-2674514b25c9)
2019-11-24 01:47:05.318 20411 RALLYDEBUG rally_openstack.cleanup.manager [-] Deleting cinder.volumes object s_rally_a6fa8d3a_fAv60uNh (8cd91be1-a259-4a54-82b7-6a19520a9b90)
2019-11-24 01:47:05.328 20411 RALLYDEBUG rally_openstack.cleanup.manager [-] Deleting cinder.volumes object s_rally_a6fa8d3a_uD5mWLJB (3d751530-65cb-4999-bda2-9b4243a8a5e5)
2019-11-24 01:47:08.997 20411 INFO rally.task.context [-] Task c0fc49d1-da24-4495-9fd9-5ddc7eab7726 | Context cleanup@openstack cleanup() finished in 13.27 sec
2019-11-24 01:47:08.998 20411 INFO rally.task.context [-] Task c0fc49d1-da24-4495-9fd9-5ddc7eab7726 | Context api_versions@openstack cleanup() started
2019-11-24 01:47:08.999 20411 INFO rally.task.context [-] Task c0fc49d1-da24-4495-9fd9-5ddc7eab7726 | Context api_versions@openstack cleanup() finished in 0.37 msec
2019-11-24 01:47:08.999 20411 INFO rally.task.context [-] Task c0fc49d1-da24-4495-9fd9-5ddc7eab7726 | Context users@openstack cleanup() started
2019-11-24 01:47:13.062 20411 INFO rally.task.context [-] Task c0fc49d1-da24-4495-9fd9-5ddc7eab7726 | Context users@openstack cleanup() finished in 4.06 sec
2019-11-24 01:47:14.535 20411 INFO rally.task.engine [-] Load duration is: 150.759143
2019-11-24 01:47:14.535 20411 INFO rally.task.engine [-] Full runner duration is: 151.811132
2019-11-24 01:47:14.536 20411 INFO rally.task.engine [-] Full duration is: 173.269339
2019-11-24 01:47:14.903 20411 INFO rally.task.engine [-] Running workload: position = 0 config = { "version": 2, "title": "A cropped version of a bigger task.", "description": "Auto-generated task from a single workload (uuid=e96ebe43-2b31-4d9a-b230-5c191bdc3131)", "subtasks": [ { "title": "NovaKeypair.boot_and_delete_server_with_keypair", "description": "Boot and delete server with keypair.", "scenario": { "NovaKeypair.boot_and_delete_server_with_keypair": { "flavor": { "name": "rally_full-flavor_2f170d48-e02c-4426-87d5-40abf8fe2368" }, "image": { "name": "rally_full-img_2f170d48-e02c-4426-87d5-40abf8fe2368" }, "server_kwargs": { "nics": [ { "net-id": "91120f3d-1d14-4af3-8878-32cf1dc2d13f" } ] } } }, "contexts": { "users": { "tenants": 3, "users_per_tenant": 2 }, "network": { "networks_per_tenant": 1, "start_cidr": "100.1.0.0/25" }, "quotas": { "neutron": { "network": -1, "port": -1, "subnet": -1 }, "nova": { "cores": -1, "floating_ips": -1, "instances": -1, "key_pairs": -1, "ram": -1, "security_group_rules": -1, "security_groups": -1 } } }, "runner": { "constant": { "concurrency": 4, "times": 10 } }, "hooks": [], "sla": { "failure_rate": { "max": 0 } } } ] }
2019-11-24 01:47:14.927 20411 RALLYDEBUG rally_openstack.contexts.keystone.users [-] Creating 3 tenants using 20 threads
2019-11-24 01:47:16.021 20411 RALLYDEBUG rally_openstack.contexts.keystone.users [-] Creating 6 users using 20 threads
2019-11-24 01:47:17.677 20411 INFO rally.task.context [-] Task c0fc49d1-da24-4495-9fd9-5ddc7eab7726 | Context users@openstack setup() finished in 2.75 sec
2019-11-24 01:47:19.446 20411 INFO rally.task.context [-] Task c0fc49d1-da24-4495-9fd9-5ddc7eab7726 | Context quotas@openstack setup() finished in 1.77 sec
2019-11-24 01:47:21.734 20411 RALLYDEBUG rally_openstack.wrappers.network [-] CIDR generated: 100.1.9.0/25
2019-11-24 01:47:26.260 20411 RALLYDEBUG rally_openstack.wrappers.network [-] CIDR generated: 100.1.9.128/25
2019-11-24 01:47:30.526 20411 RALLYDEBUG rally_openstack.wrappers.network [-] CIDR generated: 100.1.10.0/25
2019-11-24 01:47:32.778 20411 INFO rally.task.context [-] Task c0fc49d1-da24-4495-9fd9-5ddc7eab7726 | Context network@openstack setup() finished in 13.33 sec
2019-11-24 01:47:32.778 20411 INFO rally.task.context [-] Task c0fc49d1-da24-4495-9fd9-5ddc7eab7726 | Context cleanup@openstack setup() finished in 0.01 msec
2019-11-24 01:47:33.655 20411 RALLYDEBUG rally.task.runner [-] Starting the constant runner (task UUID: c0fc49d1-da24-4495-9fd9-5ddc7eab7726). times: 10 concurrency: 4 timeout: 0 max_cpu_used: 16 processes_to_start: 4 concurrency_per_worker: 1 concurrency_overhead: 0
