2019-11-24 01:34:38.896 21705 RALLYDEBUG rally.task.runner [-] Starting a worker. times: 10 duration: None concurrency: 1 timeout: 0 cls: method_name: run args: {"flavor": "b21a361e-46d7-4d11-b324-6e9761bcee23", "image": "e2756950-7b6d-4778-be5f-611bc2de8e52", "volume_size": 1, "nics": [{"net-id": "91120f3d-1d14-4af3-8878-32cf1dc2d13f"}]}
2019-11-24 01:34:38.900 21704 INFO rally.task.runner [-] Task c0fc49d1-da24-4495-9fd9-5ddc7eab7726 | ITER: 2 START
2019-11-24 01:34:38.900 21708 RALLYDEBUG rally.task.runner [-] Starting a worker. times: 10 duration: None concurrency: 1 timeout: 0 cls: method_name: run args: {"flavor": "b21a361e-46d7-4d11-b324-6e9761bcee23", "image": "e2756950-7b6d-4778-be5f-611bc2de8e52", "volume_size": 1, "nics": [{"net-id": "91120f3d-1d14-4af3-8878-32cf1dc2d13f"}]}
2019-11-24 01:34:38.903 21705 INFO rally.task.runner [-] Task c0fc49d1-da24-4495-9fd9-5ddc7eab7726 | ITER: 3 START
2019-11-24 01:34:38.907 21708 INFO rally.task.runner [-] Task c0fc49d1-da24-4495-9fd9-5ddc7eab7726 | ITER: 4 START
2019-11-24 01:34:42.374 21703 RALLYDEBUG rally.task.utils [-] Waiting for resource s_rally_5723d0ee_uAVaAZzR. Status changed: CREATING => DOWNLOADING in 0.15552806854248047
2019-11-24 01:34:57.054 21704 RALLYDEBUG rally.task.utils [-] Waiting for resource s_rally_5723d0ee_3hbMVa0O. Status changed: DOWNLOADING => AVAILABLE in 14.647005081176758
2019-11-24 01:35:01.690 21705 RALLYDEBUG rally.task.utils [-] Waiting for resource s_rally_5723d0ee_9NnNYvnS. Status changed: DOWNLOADING => AVAILABLE in 18.934690713882446
2019-11-24 01:35:11.107 21705 RALLYDEBUG rally.task.utils [-] Waiting for resource s_rally_5723d0ee_qk0fSYQF. Status changed: BUILD => ACTIVE in 7.019208669662476
2019-11-24 01:35:11.108 21705 INFO rally.task.runner [-] Task c0fc49d1-da24-4495-9fd9-5ddc7eab7726 | ITER: 3 END: OK
2019-11-24 01:35:11.114 21705 INFO rally.task.runner [-] Task c0fc49d1-da24-4495-9fd9-5ddc7eab7726 | ITER: 5 START
2019-11-24 01:35:12.929 21704 RALLYDEBUG rally.task.utils [-] Waiting for resource s_rally_5723d0ee_9RG69XIn. Status changed: BUILD => ACTIVE in 13.566585302352905
2019-11-24 01:35:12.930 21704 INFO rally.task.runner [-] Task c0fc49d1-da24-4495-9fd9-5ddc7eab7726 | ITER: 2 END: OK
2019-11-24 01:35:12.936 21704 INFO rally.task.runner [-] Task c0fc49d1-da24-4495-9fd9-5ddc7eab7726 | ITER: 6 START
2019-11-24 01:35:17.581 21703 RALLYDEBUG rally.task.utils [-] Waiting for resource s_rally_5723d0ee_uAVaAZzR. Status changed: DOWNLOADING => AVAILABLE in 35.20654845237732
2019-11-24 01:35:17.946 21708 RALLYDEBUG rally.task.utils [-] Waiting for resource s_rally_5723d0ee_AiOHakVB. Status changed: DOWNLOADING => AVAILABLE in 35.55363631248474
2019-11-24 01:35:26.879 21708 RALLYDEBUG rally.task.utils [-] Waiting for resource s_rally_5723d0ee_9zctAFJ2. Status changed: BUILD => ACTIVE in 6.716694116592407
2019-11-24 01:35:26.880 21708 INFO rally.task.runner [-] Task c0fc49d1-da24-4495-9fd9-5ddc7eab7726 | ITER: 4 END: OK
2019-11-24 01:35:26.886 21708 INFO rally.task.runner [-] Task c0fc49d1-da24-4495-9fd9-5ddc7eab7726 | ITER: 7 START
2019-11-24 01:35:27.072 21703 RALLYDEBUG rally.task.utils [-] Waiting for resource s_rally_5723d0ee_84ZOSikI. Status changed: BUILD => ACTIVE in 6.905198097229004
2019-11-24 01:35:27.072 21703 INFO rally.task.runner [-] Task c0fc49d1-da24-4495-9fd9-5ddc7eab7726 | ITER: 1 END: OK
2019-11-24 01:35:27.078 21703 INFO rally.task.runner [-] Task c0fc49d1-da24-4495-9fd9-5ddc7eab7726 | ITER: 8 START
2019-11-24 01:35:35.560 21705 RALLYDEBUG rally.task.utils [-] Waiting for resource s_rally_5723d0ee_zlc5aLsY. Status changed: DOWNLOADING => AVAILABLE in 20.85797119140625
2019-11-24 01:35:42.710 21708 RALLYDEBUG rally.task.utils [-] Waiting for resource s_rally_5723d0ee_2mahWjVM. Status changed: DOWNLOADING => AVAILABLE in 12.570345878601074
2019-11-24 01:35:45.020 21705 RALLYDEBUG rally.task.utils [-] Waiting for resource s_rally_5723d0ee_dHa7IFXf. Status changed: BUILD => ACTIVE in 7.032517671585083
2019-11-24 01:35:45.021 21705 INFO rally.task.runner [-] Task c0fc49d1-da24-4495-9fd9-5ddc7eab7726 | ITER: 5 END: OK
2019-11-24 01:35:45.025 21705 INFO rally.task.runner [-] Task c0fc49d1-da24-4495-9fd9-5ddc7eab7726 | ITER: 9 START
2019-11-24 01:35:51.474 21704 RALLYDEBUG rally.task.utils [-] Waiting for resource s_rally_5723d0ee_k8eeelzR. Status changed: DOWNLOADING => AVAILABLE in 35.31630539894104
2019-11-24 01:35:52.346 21705 RALLYDEBUG rally.task.utils [-] Waiting for resource s_rally_5723d0ee_BtYTXdbg. Status changed: CREATING => DOWNLOADING in 4.284696340560913
2019-11-24 01:35:55.315 21703 RALLYDEBUG rally.task.utils [-] Waiting for resource s_rally_5723d0ee_RrYdLWxc. Status changed: DOWNLOADING => AVAILABLE in 24.946012258529663
2019-11-24 01:35:56.671 21708 RALLYDEBUG rally.task.utils [-] Waiting for resource s_rally_5723d0ee_f9rlk2NE. Status changed: BUILD => ACTIVE in 11.74986982345581
2019-11-24 01:35:56.672 21708 INFO rally.task.runner [-] Task c0fc49d1-da24-4495-9fd9-5ddc7eab7726 | ITER: 7 END: OK
2019-11-24 01:35:56.676 21708 INFO rally.task.runner [-] Task c0fc49d1-da24-4495-9fd9-5ddc7eab7726 | ITER: 10 START
2019-11-24 01:36:00.584 21704 RALLYDEBUG rally.task.utils [-] Waiting for resource s_rally_5723d0ee_8MbuDZDx. Status changed: BUILD => ACTIVE in 6.807830810546875
2019-11-24 01:36:00.585 21704 INFO rally.task.runner [-] Task c0fc49d1-da24-4495-9fd9-5ddc7eab7726 | ITER: 6 END: OK
2019-11-24 01:36:04.140 21703 RALLYDEBUG rally.task.utils [-] Waiting for resource s_rally_5723d0ee_ZJnWGpJX. Status changed: BUILD => ACTIVE in 6.884550333023071
2019-11-24 01:36:04.141 21703 INFO rally.task.runner [-] Task c0fc49d1-da24-4495-9fd9-5ddc7eab7726 | ITER: 8 END: OK
2019-11-24 01:36:06.823 21705 RALLYDEBUG rally.task.utils [-] Waiting for resource s_rally_5723d0ee_BtYTXdbg. Status changed: DOWNLOADING => AVAILABLE in 14.477099657058716
2019-11-24 01:36:14.059 21705 RALLYDEBUG rally.task.utils [-] Waiting for resource s_rally_5723d0ee_J54M3u43. Status changed: BUILD => ACTIVE in 4.890673875808716
2019-11-24 01:36:14.059 21705 INFO rally.task.runner [-] Task c0fc49d1-da24-4495-9fd9-5ddc7eab7726 | ITER: 9 END: OK
2019-11-24 01:36:20.802 21708 RALLYDEBUG rally.task.utils [-] Waiting for resource s_rally_5723d0ee_BbGDVF65. Status changed: DOWNLOADING => AVAILABLE in 20.835683822631836
2019-11-24 01:36:29.959 21708 RALLYDEBUG rally.task.utils [-] Waiting for resource s_rally_5723d0ee_f5yZDFqp. Status changed: BUILD => ACTIVE in 6.884024620056152
2019-11-24 01:36:29.960 21708 INFO rally.task.runner [-] Task c0fc49d1-da24-4495-9fd9-5ddc7eab7726 | ITER: 10 END: OK
2019-11-24 01:36:29.993 20411 INFO rally.task.context [-] Task c0fc49d1-da24-4495-9fd9-5ddc7eab7726 | Context cleanup@openstack cleanup() started
2019-11-24 01:36:29.996 20411 RALLYDEBUG rally_openstack.cleanup.manager [-] Cleaning up nova servers objects
2019-11-24 01:36:32.667 20411 RALLYDEBUG rally_openstack.cleanup.manager [-] Deleting nova.servers object s_rally_5723d0ee_8MbuDZDx (2a01bf30-dd3d-49fa-9140-665bd840be9b)
2019-11-24 01:36:32.673 20411 RALLYDEBUG rally_openstack.cleanup.manager [-] Deleting nova.servers object s_rally_5723d0ee_dHa7IFXf (0f8d0ae8-b9cb-4484-9738-5118dc804542)
2019-11-24 01:36:32.682 20411 RALLYDEBUG rally_openstack.cleanup.manager [-] Deleting nova.servers object s_rally_5723d0ee_qk0fSYQF (a88a92ef-0e67-4dd2-aae1-b50de30d366a)
2019-11-24 01:36:32.690 20411 RALLYDEBUG rally_openstack.cleanup.manager [-] Deleting nova.servers object s_rally_5723d0ee_f9rlk2NE (fb2a3447-b5b3-4732-af28-c5efc24d6b24)
2019-11-24 01:36:32.700 20411 RALLYDEBUG rally_openstack.cleanup.manager [-] Deleting nova.servers object s_rally_5723d0ee_84ZOSikI (a46b4016-7f60-4a13-b23e-4c50eabce9cc)
2019-11-24 01:36:32.704 20411 RALLYDEBUG rally_openstack.cleanup.manager [-] Deleting nova.servers object s_rally_5723d0ee_f5yZDFqp (7988310c-e555-4e8e-bfa1-fbe1a24072b2)
2019-11-24 01:36:32.719 20411 RALLYDEBUG rally_openstack.cleanup.manager [-] Deleting nova.servers object s_rally_5723d0ee_J54M3u43 (053ea35a-b914-4ca2-98b5-c4806098a07a)
2019-11-24 01:36:32.747 20411 RALLYDEBUG rally_openstack.cleanup.manager [-] Deleting nova.servers object s_rally_5723d0ee_ZJnWGpJX (582dae31-d57b-4c90-a16a-121e5103c268)
2019-11-24 01:36:32.751 20411 RALLYDEBUG rally_openstack.cleanup.manager [-] Deleting nova.servers object s_rally_5723d0ee_9zctAFJ2 (88ff6510-7afd-4599-96de-a06c9e742528)
2019-11-24 01:36:32.777 20411 RALLYDEBUG rally_openstack.cleanup.manager [-] Deleting nova.servers object s_rally_5723d0ee_9RG69XIn (e7b1d3d3-9e9e-4d29-bbee-2d897648a39a)
2019-11-24 01:36:38.440 20411 RALLYDEBUG rally_openstack.cleanup.manager [-] Cleaning up nova server_groups objects
2019-11-24 01:36:39.559 20411 RALLYDEBUG rally_openstack.cleanup.manager [-] Cleaning up nova keypairs objects
2019-11-24 01:36:42.029 20411 RALLYDEBUG rally_openstack.cleanup.manager [-] Cleaning up cinder backups objects
2019-11-24 01:36:43.827 20411 RALLYDEBUG rally_openstack.cleanup.manager [-] Cleaning up cinder volume_snapshots objects
2019-11-24 01:36:45.543 20411 RALLYDEBUG rally_openstack.cleanup.manager [-] Cleaning up cinder transfers objects
2019-11-24 01:36:46.652 20411 RALLYDEBUG rally_openstack.cleanup.manager [-] Cleaning up cinder volumes objects
2019-11-24 01:36:47.857 20411 RALLYDEBUG rally_openstack.cleanup.manager [-] Deleting cinder.volumes object s_rally_5723d0ee_k8eeelzR (21e7c83d-0874-4e4a-8942-9c3a2100401c)
2019-11-24 01:36:47.867 20411 RALLYDEBUG rally_openstack.cleanup.manager [-] Deleting cinder.volumes object s_rally_5723d0ee_zlc5aLsY (17b7b479-875c-45e9-a6c0-2da452a16d15)
2019-11-24 01:36:47.879 20411 RALLYDEBUG rally_openstack.cleanup.manager [-] Deleting cinder.volumes object s_rally_5723d0ee_9NnNYvnS (4e0d33cb-5a74-44eb-aa40-d684ad70fdb5)
2019-11-24 01:36:47.887 20411 RALLYDEBUG rally_openstack.cleanup.manager [-] Deleting cinder.volumes object s_rally_5723d0ee_2mahWjVM (7ff20a69-6b7a-4863-8583-6fd797852d34)
2019-11-24 01:36:47.896 20411 RALLYDEBUG rally_openstack.cleanup.manager [-] Deleting cinder.volumes object s_rally_5723d0ee_uAVaAZzR (4862d186-55c5-446b-aae4-cb9e177083d5)
2019-11-24 01:36:47.901 20411 RALLYDEBUG rally_openstack.cleanup.manager [-] Deleting cinder.volumes object s_rally_5723d0ee_BbGDVF65 (9a9d1007-e2e2-4cb5-86de-eb07fdd42668)
2019-11-24 01:36:47.926 20411 RALLYDEBUG rally_openstack.cleanup.manager [-] Deleting cinder.volumes object s_rally_5723d0ee_BtYTXdbg (20013c30-7f39-4d85-a702-001f440a2c4a)
2019-11-24 01:36:47.930 20411 RALLYDEBUG rally_openstack.cleanup.manager [-] Deleting cinder.volumes object s_rally_5723d0ee_RrYdLWxc (971389a7-5421-4037-b406-8ae9328ad561)
2019-11-24 01:36:47.949 20411 RALLYDEBUG rally_openstack.cleanup.manager [-] Deleting cinder.volumes object s_rally_5723d0ee_3hbMVa0O (d181a6c6-9c9b-46bd-b391-2175f1f58333)
2019-11-24 01:36:47.964 20411 RALLYDEBUG rally_openstack.cleanup.manager [-] Deleting cinder.volumes object s_rally_5723d0ee_AiOHakVB (6c5396ce-3538-4296-8f60-127793488fc8)
2019-11-24 01:36:51.697 20411 INFO rally.task.context [-] Task c0fc49d1-da24-4495-9fd9-5ddc7eab7726 | Context cleanup@openstack cleanup() finished in 21.70 sec
2019-11-24 01:36:51.698 20411 INFO rally.task.context [-] Task c0fc49d1-da24-4495-9fd9-5ddc7eab7726 | Context api_versions@openstack cleanup() started
2019-11-24 01:36:51.698 20411 INFO rally.task.context [-] Task c0fc49d1-da24-4495-9fd9-5ddc7eab7726 | Context api_versions@openstack cleanup() finished in 0.38 msec
2019-11-24 01:36:51.699 20411 INFO rally.task.context [-] Task c0fc49d1-da24-4495-9fd9-5ddc7eab7726 | Context users@openstack cleanup() started
2019-11-24 01:36:55.744 20411 INFO rally.task.context [-] Task c0fc49d1-da24-4495-9fd9-5ddc7eab7726 | Context users@openstack cleanup() finished in 4.05 sec
2019-11-24 01:36:57.506 20411 INFO rally.task.engine [-] Load duration is: 110.059088
2019-11-24 01:36:57.506 20411 INFO rally.task.engine [-] Full runner duration is: 111.118616
2019-11-24 01:36:57.506 20411 INFO rally.task.engine [-] Full duration is: 140.816552
2019-11-24 01:36:57.831 20411 INFO rally.task.engine [-] Running workload: position = 0 config = { "version": 2, "title": "A cropped version of a bigger task.", "description": "Auto-generated task from a single workload (uuid=e7da445b-7951-4a05-bd16-c823e493c07c)", "subtasks": [ { "title": "NovaServers.boot_server", "description": "Boot a server.", "scenario": { "NovaServers.boot_server": { "flavor": { "name": "rally_full-flavor_2f170d48-e02c-4426-87d5-40abf8fe2368" }, "image": { "name": "rally_full-img_2f170d48-e02c-4426-87d5-40abf8fe2368" }, "nics": [ { "net-id": "91120f3d-1d14-4af3-8878-32cf1dc2d13f" } ] } }, "contexts": { "users": { "tenants": 3, "users_per_tenant": 2 } }, "runner": { "constant": { "concurrency": 4, "times": 10 } }, "hooks": [], "sla": { "failure_rate": { "max": 0 } } } ] }
2019-11-24 01:36:57.855 20411 RALLYDEBUG rally_openstack.contexts.keystone.users [-] Creating 3 tenants using 20 threads
2019-11-24 01:36:58.936 20411 RALLYDEBUG rally_openstack.contexts.keystone.users [-] Creating 6 users using 20 threads
2019-11-24 01:37:00.555 20411 INFO rally.task.context [-] Task c0fc49d1-da24-4495-9fd9-5ddc7eab7726 | Context users@openstack setup() finished in 2.70 sec
2019-11-24 01:37:00.556 20411 INFO rally.task.context [-] Task c0fc49d1-da24-4495-9fd9-5ddc7eab7726 | Context cleanup@openstack setup() finished in 0.01 msec
2019-11-24 01:37:01.600 20411 RALLYDEBUG rally.task.runner [-] Starting the constant runner (task UUID: c0fc49d1-da24-4495-9fd9-5ddc7eab7726). times: 10 concurrency: 4 timeout: 0 max_cpu_used: 16 processes_to_start: 4 concurrency_per_worker: 1 concurrency_overhead: 0
2019-11-24 01:37:01.612 21947 RALLYDEBUG rally.task.runner [-] Starting a worker. times: 10 duration: None concurrency: 1 timeout: 0 cls: method_name: run args: {"flavor": "b21a361e-46d7-4d11-b324-6e9761bcee23", "image": "e2756950-7b6d-4778-be5f-611bc2de8e52", "nics": [{"net-id": "91120f3d-1d14-4af3-8878-32cf1dc2d13f"}]}
2019-11-24 01:37:01.616 21948 RALLYDEBUG rally.task.runner [-] Starting a worker. times: 10 duration: None concurrency: 1 timeout: 0 cls: method_name: run args: {"flavor": "b21a361e-46d7-4d11-b324-6e9761bcee23", "image": "e2756950-7b6d-4778-be5f-611bc2de8e52", "nics": [{"net-id": "91120f3d-1d14-4af3-8878-32cf1dc2d13f"}]}
2019-11-24 01:37:01.619 21947 INFO rally.task.runner [-] Task c0fc49d1-da24-4495-9fd9-5ddc7eab7726 | ITER: 1 START
2019-11-24 01:37:01.620 21949 RALLYDEBUG rally.task.runner [-] Starting a worker. times: 10 duration: None concurrency: 1 timeout: 0 cls: method_name: run args: {"flavor": "b21a361e-46d7-4d11-b324-6e9761bcee23", "image": "e2756950-7b6d-4778-be5f-611bc2de8e52", "nics": [{"net-id": "91120f3d-1d14-4af3-8878-32cf1dc2d13f"}]}
2019-11-24 01:37:01.623 21948 INFO rally.task.runner [-] Task c0fc49d1-da24-4495-9fd9-5ddc7eab7726 | ITER: 2 START
2019-11-24 01:37:01.624 21952 RALLYDEBUG rally.task.runner [-] Starting a worker. times: 10 duration: None concurrency: 1 timeout: 0 cls: method_name: run args: {"flavor": "b21a361e-46d7-4d11-b324-6e9761bcee23", "image": "e2756950-7b6d-4778-be5f-611bc2de8e52", "nics": [{"net-id": "91120f3d-1d14-4af3-8878-32cf1dc2d13f"}]}
2019-11-24 01:37:01.627 21949 INFO rally.task.runner [-] Task c0fc49d1-da24-4495-9fd9-5ddc7eab7726 | ITER: 3 START
2019-11-24 01:37:01.630 21952 INFO rally.task.runner [-] Task c0fc49d1-da24-4495-9fd9-5ddc7eab7726 | ITER: 4 START
2019-11-24 01:37:08.378 21949 RALLYDEBUG rally.task.utils [-] Waiting for resource s_rally_e7da445b_cKudK9zz. Status changed: BUILD => ACTIVE in 4.450254917144775
2019-11-24 01:37:08.379 21949 INFO rally.task.runner [-] Task c0fc49d1-da24-4495-9fd9-5ddc7eab7726 | ITER: 3 END: OK
2019-11-24 01:37:08.382 21949 INFO rally.task.runner [-] Task c0fc49d1-da24-4495-9fd9-5ddc7eab7726 | ITER: 5 START
2019-11-24 01:37:08.456 21947 RALLYDEBUG rally.task.utils [-] Waiting for resource s_rally_e7da445b_YVE6mjqG. Status changed: BUILD => ACTIVE in 4.477077960968018
2019-11-24 01:37:08.456 21947 INFO rally.task.runner [-] Task c0fc49d1-da24-4495-9fd9-5ddc7eab7726 | ITER: 1 END: OK
2019-11-24 01:37:08.460 21947 INFO rally.task.runner [-] Task c0fc49d1-da24-4495-9fd9-5ddc7eab7726 | ITER: 6 START
2019-11-24 01:37:10.626 21952 RALLYDEBUG rally.task.utils [-] Waiting for resource s_rally_e7da445b_od8lnBAc. Status changed: BUILD => ACTIVE in 6.833232641220093
2019-11-24 01:37:10.626 21952 INFO rally.task.runner [-] Task c0fc49d1-da24-4495-9fd9-5ddc7eab7726 | ITER: 4 END: OK
2019-11-24 01:37:10.630 21952 INFO rally.task.runner [-] Task c0fc49d1-da24-4495-9fd9-5ddc7eab7726 | ITER: 7 START
2019-11-24 01:37:11.106 21948 RALLYDEBUG rally.task.utils [-] Waiting for resource s_rally_e7da445b_BfxliKec. Status changed: BUILD => ACTIVE in 7.029212951660156
2019-11-24 01:37:11.106 21948 INFO rally.task.runner [-] Task c0fc49d1-da24-4495-9fd9-5ddc7eab7726 | ITER: 2 END: OK
2019-11-24 01:37:11.110 21948 INFO rally.task.runner [-] Task c0fc49d1-da24-4495-9fd9-5ddc7eab7726 | ITER: 8 START
2019-11-24 01:37:15.076 21947 RALLYDEBUG rally.task.utils [-] Waiting for resource s_rally_e7da445b_9RDwb86v. Status changed: BUILD => ACTIVE in 4.549030303955078
2019-11-24 01:37:15.076 21947 INFO rally.task.runner [-] Task c0fc49d1-da24-4495-9fd9-5ddc7eab7726 | ITER: 6 END: OK
2019-11-24 01:37:15.080 21947 INFO rally.task.runner [-] Task c0fc49d1-da24-4495-9fd9-5ddc7eab7726 | ITER: 9 START
2019-11-24 01:37:15.434 21949 RALLYDEBUG rally.task.utils [-] Waiting for resource s_rally_e7da445b_t94ERbeV. Status changed: BUILD => ACTIVE in 4.741347551345825
2019-11-24 01:37:15.434 21949 INFO rally.task.runner [-] Task c0fc49d1-da24-4495-9fd9-5ddc7eab7726 | ITER: 5 END: OK
2019-11-24 01:37:15.438 21949 INFO rally.task.runner [-] Task c0fc49d1-da24-4495-9fd9-5ddc7eab7726 | ITER: 10 START
2019-11-24 01:37:18.064 21948 RALLYDEBUG rally.task.utils [-] Waiting for resource s_rally_e7da445b_nJa8hcJs. Status changed: BUILD => ACTIVE in 4.653992176055908
2019-11-24 01:37:18.064 21948 INFO rally.task.runner [-] Task c0fc49d1-da24-4495-9fd9-5ddc7eab7726 | ITER: 8 END: OK
2019-11-24 01:37:19.508 21952 RALLYDEBUG rally.task.utils [-] Waiting for resource s_rally_e7da445b_Qncla44x. Status changed: BUILD => ACTIVE in 6.79572319984436
2019-11-24 01:37:19.508 21952 INFO rally.task.runner [-] Task c0fc49d1-da24-4495-9fd9-5ddc7eab7726 | ITER: 7 END: OK
2019-11-24 01:37:24.067 21947 RALLYDEBUG rally.task.utils [-] Waiting for resource s_rally_e7da445b_uDFt1MtY. Status changed: BUILD => ACTIVE in 6.773895025253296
2019-11-24 01:37:24.068 21947 INFO rally.task.runner [-] Task c0fc49d1-da24-4495-9fd9-5ddc7eab7726 | ITER: 9 END: OK
2019-11-24 01:37:26.851 21949 RALLYDEBUG rally.task.utils [-] Waiting for resource s_rally_e7da445b_H6x5lMo2. Status changed: BUILD => ACTIVE in 9.25434923171997
2019-11-24 01:37:26.854 21949 INFO rally.task.runner [-] Task c0fc49d1-da24-4495-9fd9-5ddc7eab7726 | ITER: 10 END: OK
2019-11-24 01:37:26.883 20411 INFO rally.task.context [-] Task c0fc49d1-da24-4495-9fd9-5ddc7eab7726 | Context cleanup@openstack cleanup() started
2019-11-24 01:37:26.886 20411 RALLYDEBUG rally_openstack.cleanup.manager [-] Cleaning up nova servers objects
2019-11-24 01:37:29.330 20411 RALLYDEBUG rally_openstack.cleanup.manager [-] Deleting nova.servers object s_rally_e7da445b_uDFt1MtY (68a15f27-2bd5-45dc-b550-497216a72610)
2019-11-24 01:37:29.335 20411 RALLYDEBUG rally_openstack.cleanup.manager [-] Deleting nova.servers object s_rally_e7da445b_Qncla44x (bb97dd5f-a6a5-4a96-9756-07e53ea06229)
2019-11-24 01:37:29.349 20411 RALLYDEBUG rally_openstack.cleanup.manager [-] Deleting nova.servers object s_rally_e7da445b_t94ERbeV (576ed958-7dd9-4f8c-8f70-1fd3bd2dd7bf)
2019-11-24 01:37:29.358 20411 RALLYDEBUG rally_openstack.cleanup.manager [-] Deleting nova.servers object s_rally_e7da445b_od8lnBAc (7ef67fe0-d877-4c58-9ef3-42d54b2c1b47)
2019-11-24 01:37:29.368 20411 RALLYDEBUG rally_openstack.cleanup.manager [-] Deleting nova.servers object s_rally_e7da445b_H6x5lMo2 (17885178-7c92-4bb6-a914-3b86f9ccf47d)
2019-11-24 01:37:29.378 20411 RALLYDEBUG rally_openstack.cleanup.manager [-] Deleting nova.servers object s_rally_e7da445b_nJa8hcJs (0e7fe28d-e691-4207-83ff-0c877a62e0dc)
2019-11-24 01:37:29.396 20411 RALLYDEBUG rally_openstack.cleanup.manager [-] Deleting nova.servers object s_rally_e7da445b_9RDwb86v (04bc980b-9854-4b3c-9ec2-48cf855c3a9a)
2019-11-24 01:37:29.405 20411 RALLYDEBUG rally_openstack.cleanup.manager [-] Deleting nova.servers object s_rally_e7da445b_cKudK9zz (7d08e66c-cb0c-43b1-a419-d3a1c4bcb578)
2019-11-24 01:37:29.416 20411 RALLYDEBUG rally_openstack.cleanup.manager [-] Deleting nova.servers object s_rally_e7da445b_YVE6mjqG (b0addb6f-f694-4d39-8394-282b065a3d1b)
2019-11-24 01:37:29.432 20411 RALLYDEBUG rally_openstack.cleanup.manager [-] Deleting nova.servers object s_rally_e7da445b_BfxliKec (f967028d-eb6f-452f-b4d2-6c51c103914a)
2019-11-24 01:37:34.996 20411 RALLYDEBUG rally_openstack.cleanup.manager [-] Cleaning up nova server_groups objects
2019-11-24 01:37:36.139 20411 RALLYDEBUG rally_openstack.cleanup.manager [-] Cleaning up nova keypairs objects
2019-11-24 01:37:38.556 20411 INFO rally.task.context [-] Task c0fc49d1-da24-4495-9fd9-5ddc7eab7726 | Context cleanup@openstack cleanup() finished in 11.67 sec
2019-11-24 01:37:38.556 20411 INFO rally.task.context [-] Task c0fc49d1-da24-4495-9fd9-5ddc7eab7726 | Context users@openstack cleanup() started
2019-11-24 01:37:42.572 20411 INFO rally.task.context [-] Task c0fc49d1-da24-4495-9fd9-5ddc7eab7726 | Context users@openstack cleanup() finished in 4.02 sec
2019-11-24 01:37:44.127 20411 INFO rally.task.engine [-] Load duration is: 24.23298
2019-11-24 01:37:44.127 20411 INFO rally.task.engine [-] Full runner duration is: 25.283928
2019-11-24 01:37:44.128 20411 INFO rally.task.engine [-] Full duration is: 44.718489
2019-11-24 01:37:44.463 20411 INFO rally.task.engine [-] Running workload: position = 0 config = { "version": 2, "title": "A cropped version of a bigger task.", "description": "Auto-generated task from a single workload (uuid=5fd59c08-07af-4964-95cb-96ea311790b6)", "subtasks": [ { "title": "NovaServers.list_servers", "description": "List all servers.", "scenario": { "NovaServers.list_servers": { "detailed": true } }, "contexts": { "users": { "tenants": 3, "users_per_tenant": 2 }, "servers": { "flavor": { "name": "rally_full-flavor_2f170d48-e02c-4426-87d5-40abf8fe2368" }, "image": { "name": "rally_full-img_2f170d48-e02c-4426-87d5-40abf8fe2368" }, "servers_per_tenant": 2, "auto_assign_nic": true }, "network": {} }, "runner": { "constant": { "concurrency": 4, "times": 10 } }, "hooks": [], "sla": { "failure_rate": { "max": 0 } } } ] }
2019-11-24 01:37:44.487 20411 RALLYDEBUG rally_openstack.contexts.keystone.users [-] Creating 3 tenants using 20 threads
2019-11-24 01:37:45.493 20411 RALLYDEBUG rally_openstack.contexts.keystone.users [-] Creating 6 users using 20 threads
2019-11-24 01:37:47.116 20411 INFO rally.task.context [-] Task c0fc49d1-da24-4495-9fd9-5ddc7eab7726 | Context users@openstack setup() finished in 2.63 sec
2019-11-24 01:37:49.516 20411 RALLYDEBUG rally_openstack.wrappers.network [-] CIDR generated: 10.2.15.0/24
2019-11-24 01:37:53.789 20411 RALLYDEBUG rally_openstack.wrappers.network [-] CIDR generated: 10.2.16.0/24
2019-11-24 01:37:57.554 20411 RALLYDEBUG rally_openstack.wrappers.network [-] CIDR generated: 10.2.17.0/24
2019-11-24 01:37:59.933 20411 INFO rally.task.context [-] Task c0fc49d1-da24-4495-9fd9-5ddc7eab7726 | Context network@openstack setup() finished in 12.82 sec
2019-11-24 01:38:00.766 20411 RALLYDEBUG rally_openstack.contexts.nova.servers [-] Booting servers for user tenant 5eea381fa49c45bb9722907010cd39a4
2019-11-24 01:38:00.767 20411 RALLYDEBUG rally_openstack.contexts.nova.servers [-] Calling _boot_servers with image_id=e2756950-7b6d-4778-be5f-611bc2de8e52 flavor_id=b21a361e-46d7-4d11-b324-6e9761bcee23 servers_per_tenant=2
2019-11-24 01:38:08.675 20411 RALLYDEBUG rally.task.utils [-] Waiting for resource s_rally_5fd59c08_X6SaQqDa_1. Status changed: BUILD => ACTIVE in 4.499796152114868
2019-11-24 01:38:08.990 20411 RALLYDEBUG rally.task.utils [-] Waiting for resource s_rally_5fd59c08_X6SaQqDa_0. Status changed: BUILD => ACTIVE in 0.31400036811828613
2019-11-24 01:38:08.990 20411 RALLYDEBUG rally_openstack.contexts.nova.servers [-] Adding booted servers ['ea6d27c5-c367-4e49-b303-f3aab75dd6e3', 'bef31655-4a32-4230-8878-71c629527159'] to context
2019-11-24 01:38:08.991 20411 RALLYDEBUG rally_openstack.contexts.nova.servers [-] Booting servers for user tenant 8baba192a1b34c10b4519aabbbc88903
2019-11-24 01:38:08.991 20411 RALLYDEBUG rally_openstack.contexts.nova.servers [-] Calling _boot_servers with image_id=e2756950-7b6d-4778-be5f-611bc2de8e52 flavor_id=b21a361e-46d7-4d11-b324-6e9761bcee23 servers_per_tenant=2
2019-11-24 01:38:16.710 20411 RALLYDEBUG rally.task.utils [-] Waiting for resource s_rally_5fd59c08_oPgTRgIo_1. Status changed: BUILD => ACTIVE in 4.673700332641602
2019-11-24 01:38:16.930 20411 RALLYDEBUG rally.task.utils [-] Waiting for resource s_rally_5fd59c08_oPgTRgIo_0. Status changed: BUILD => ACTIVE in 0.2188117504119873
2019-11-24 01:38:16.930 20411 RALLYDEBUG rally_openstack.contexts.nova.servers [-] Adding booted servers ['9589bdda-99bc-4de9-aa21-e478e1f98316', '74d65da6-6dd6-4075-907c-9ed59c893177'] to context
2019-11-24 01:38:16.931 20411 RALLYDEBUG rally_openstack.contexts.nova.servers [-] Booting servers for user tenant 6f9a84dab2eb457691fa920f76ad61ef
2019-11-24 01:38:16.931 20411 RALLYDEBUG rally_openstack.contexts.nova.servers [-] Calling _boot_servers with image_id=e2756950-7b6d-4778-be5f-611bc2de8e52 flavor_id=b21a361e-46d7-4d11-b324-6e9761bcee23 servers_per_tenant=2
2019-11-24 01:38:24.703 20411 RALLYDEBUG rally.task.utils [-] Waiting for resource s_rally_5fd59c08_kXipAA41_1. Status changed: BUILD => ACTIVE in 4.746978759765625
2019-11-24 01:38:24.866 20411 RALLYDEBUG rally.task.utils [-] Waiting for resource s_rally_5fd59c08_kXipAA41_0. Status changed: BUILD => ACTIVE in 0.16263604164123535
2019-11-24 01:38:24.867 20411 RALLYDEBUG rally_openstack.contexts.nova.servers [-] Adding booted servers ['7728b3ed-acc6-4c61-9042-9d37fa1d002a', '6e377699-7fbe-4e04-bb91-64d42f3666f8'] to context
2019-11-24 01:38:24.867 20411 INFO rally.task.context [-] Task c0fc49d1-da24-4495-9fd9-5ddc7eab7726 | Context servers@openstack setup() finished in 24.93 sec
2019-11-24 01:38:24.876 20411 RALLYDEBUG rally.task.runner [-] Starting the constant runner (task UUID: c0fc49d1-da24-4495-9fd9-5ddc7eab7726). times: 10 concurrency: 4 timeout: 0 max_cpu_used: 16 processes_to_start: 4 concurrency_per_worker: 1 concurrency_overhead: 0
2019-11-24 01:38:24.887 22111 RALLYDEBUG rally.task.runner [-] Starting a worker. times: 10 duration: None concurrency: 1 timeout: 0 cls: method_name: run args: {"detailed": true}
2019-11-24 01:38:24.891 22112 RALLYDEBUG rally.task.runner [-] Starting a worker. times: 10 duration: None concurrency: 1 timeout: 0 cls: method_name: run args: {"detailed": true}
2019-11-24 01:38:24.894 22111 INFO rally.task.runner [-] Task c0fc49d1-da24-4495-9fd9-5ddc7eab7726 | ITER: 1 START
2019-11-24 01:38:24.895 22113 RALLYDEBUG rally.task.runner [-] Starting a worker. times: 10 duration: None concurrency: 1 timeout: 0 cls: method_name: run args: {"detailed": true}
2019-11-24 01:38:24.899 22112 INFO rally.task.runner [-] Task c0fc49d1-da24-4495-9fd9-5ddc7eab7726 | ITER: 2 START
2019-11-24 01:38:24.898 22114 RALLYDEBUG rally.task.runner [-] Starting a worker. times: 10 duration: None concurrency: 1 timeout: 0 cls: method_name: run args: {"detailed": true}
2019-11-24 01:38:24.902 22113 INFO rally.task.runner [-] Task c0fc49d1-da24-4495-9fd9-5ddc7eab7726 | ITER: 3 START
2019-11-24 01:38:24.906 22114 INFO rally.task.runner [-] Task c0fc49d1-da24-4495-9fd9-5ddc7eab7726 | ITER: 4 START
2019-11-24 01:38:25.619 22113 INFO rally.task.runner [-] Task c0fc49d1-da24-4495-9fd9-5ddc7eab7726 | ITER: 3 END: OK
2019-11-24 01:38:25.623 22113 INFO rally.task.runner [-] Task c0fc49d1-da24-4495-9fd9-5ddc7eab7726 | ITER: 5 START
2019-11-24 01:38:25.640 22112 INFO rally.task.runner [-] Task c0fc49d1-da24-4495-9fd9-5ddc7eab7726 | ITER: 2 END: OK
2019-11-24 01:38:25.645 22112 INFO rally.task.runner [-] Task c0fc49d1-da24-4495-9fd9-5ddc7eab7726 | ITER: 6 START
2019-11-24 01:38:25.715 22111 INFO rally.task.runner [-] Task c0fc49d1-da24-4495-9fd9-5ddc7eab7726 | ITER: 1 END: OK
2019-11-24 01:38:25.719 22111 INFO rally.task.runner [-] Task c0fc49d1-da24-4495-9fd9-5ddc7eab7726 | ITER: 7 START
2019-11-24 01:38:25.771 22114 INFO rally.task.runner [-] Task c0fc49d1-da24-4495-9fd9-5ddc7eab7726 | ITER: 4 END: OK
2019-11-24 01:38:25.776 22114 INFO rally.task.runner [-] Task c0fc49d1-da24-4495-9fd9-5ddc7eab7726 | ITER: 8 START
2019-11-24 01:38:26.380 22113 INFO rally.task.runner [-] Task c0fc49d1-da24-4495-9fd9-5ddc7eab7726 | ITER: 5 END: OK
2019-11-24 01:38:26.383 22113 INFO rally.task.runner [-] Task c0fc49d1-da24-4495-9fd9-5ddc7eab7726 | ITER: 9 START
2019-11-24 01:38:26.389 22112 INFO rally.task.runner [-] Task c0fc49d1-da24-4495-9fd9-5ddc7eab7726 | ITER: 6 END: OK
2019-11-24 01:38:26.392 22112 INFO rally.task.runner [-] Task c0fc49d1-da24-4495-9fd9-5ddc7eab7726 | ITER: 10 START
2019-11-24 01:38:26.403 22111 INFO rally.task.runner [-] Task c0fc49d1-da24-4495-9fd9-5ddc7eab7726 | ITER: 7 END: OK
2019-11-24 01:38:26.521 22114 INFO rally.task.runner [-] Task c0fc49d1-da24-4495-9fd9-5ddc7eab7726 | ITER: 8 END: OK
2019-11-24 01:38:27.053 22112 INFO rally.task.runner [-] Task c0fc49d1-da24-4495-9fd9-5ddc7eab7726 | ITER: 10 END: OK
2019-11-24 01:38:27.090 22113 INFO rally.task.runner [-] Task c0fc49d1-da24-4495-9fd9-5ddc7eab7726 | ITER: 9 END: OK
2019-11-24 01:38:27.113 20411 INFO rally.task.context [-] Task c0fc49d1-da24-4495-9fd9-5ddc7eab7726 | Context servers@openstack cleanup() started
2019-11-24 01:38:27.115 20411 RALLYDEBUG rally_openstack.cleanup.manager [-] Cleaning up nova servers objects
2019-11-24 01:38:29.917 20411 RALLYDEBUG rally_openstack.cleanup.manager [-] Deleting nova.servers object s_rally_5fd59c08_X6SaQqDa_1 (ea6d27c5-c367-4e49-b303-f3aab75dd6e3)
2019-11-24 01:38:29.925 20411 RALLYDEBUG rally_openstack.cleanup.manager [-] Deleting nova.servers object s_rally_5fd59c08_X6SaQqDa_0 (bef31655-4a32-4230-8878-71c629527159)
2019-11-24 01:38:29.932 20411 RALLYDEBUG rally_openstack.cleanup.manager [-] Deleting nova.servers object s_rally_5fd59c08_oPgTRgIo_0 (74d65da6-6dd6-4075-907c-9ed59c893177)
2019-11-24 01:38:29.938 20411 RALLYDEBUG rally_openstack.cleanup.manager [-] Deleting nova.servers object s_rally_5fd59c08_oPgTRgIo_1 (9589bdda-99bc-4de9-aa21-e478e1f98316)
2019-11-24 01:38:29.945 20411 RALLYDEBUG rally_openstack.cleanup.manager [-] Deleting nova.servers object s_rally_5fd59c08_kXipAA41_0 (6e377699-7fbe-4e04-bb91-64d42f3666f8)
2019-11-24 01:38:29.947 20411 RALLYDEBUG rally_openstack.cleanup.manager [-] Deleting nova.servers object s_rally_5fd59c08_kXipAA41_1 (7728b3ed-acc6-4c61-9042-9d37fa1d002a)
2019-11-24 01:38:34.193 20411 INFO rally.task.context [-] Task c0fc49d1-da24-4495-9fd9-5ddc7eab7726 | Context servers@openstack cleanup() finished in 7.08 sec
2019-11-24 01:38:34.193 20411 INFO rally.task.context [-] Task c0fc49d1-da24-4495-9fd9-5ddc7eab7726 | Context network@openstack cleanup() started
2019-11-24 01:38:56.494 20411 INFO rally.task.context [-] Task c0fc49d1-da24-4495-9fd9-5ddc7eab7726 | Context network@openstack cleanup() finished in 22.30 sec
2019-11-24 01:38:56.495 20411 INFO rally.task.context [-] Task c0fc49d1-da24-4495-9fd9-5ddc7eab7726 | Context users@openstack cleanup() started
2019-11-24 01:39:00.834 20411 INFO rally.task.context [-] Task c0fc49d1-da24-4495-9fd9-5ddc7eab7726 | Context users@openstack cleanup() finished in 4.34 sec
2019-11-24 01:39:02.844 20411 INFO rally.task.engine [-] Load duration is: 2.193946
2019-11-24 01:39:02.844 20411 INFO rally.task.engine [-] Full runner duration is: 2.238063
2019-11-24 01:39:02.845 20411 INFO rally.task.engine [-] Full duration is: 76.349343
2019-11-24 01:39:03.218 20411 INFO rally.task.engine [-] Running workload: position = 0 config = { "version": 2, "title": "A cropped version of a bigger task.", "description": "Auto-generated task from a single workload (uuid=e32de9c8-76f3-4ac5-b9cf-8890fc01f430)", "subtasks": [ { "title": "NovaServers.resize_server", "description": "Boot a server, then resize and delete it.", "scenario": { "NovaServers.resize_server": { "flavor": { "name": "rally_full-flavor_2f170d48-e02c-4426-87d5-40abf8fe2368" }, "image": { "name": "rally_full-img_2f170d48-e02c-4426-87d5-40abf8fe2368" }, "to_flavor": { "name": "rally_full-flavor_alt_2f170d48-e02c-4426-87d5-40abf8fe2368" }, "confirm": true, "force_delete": false, "nics": [ { "net-id": "91120f3d-1d14-4af3-8878-32cf1dc2d13f" } ] } }, "contexts": { "users": { "tenants": 3, "users_per_tenant": 2 } }, "runner": { "constant": { "concurrency": 4, "times": 10 } }, "hooks": [], "sla": { "failure_rate": { "max": 0 } } } ] }
2019-11-24 01:39:03.242 20411 RALLYDEBUG rally_openstack.contexts.keystone.users [-] Creating 3 tenants using 20 threads
2019-11-24 01:39:04.181 20411 RALLYDEBUG rally_openstack.contexts.keystone.users [-] Creating 6 users using 20 threads
2019-11-24 01:39:05.742 20411 INFO rally.task.context [-] Task c0fc49d1-da24-4495-9fd9-5ddc7eab7726 | Context users@openstack setup() finished in 2.50 sec
2019-11-24 01:39:05.742 20411 INFO rally.task.context [-] Task c0fc49d1-da24-4495-9fd9-5ddc7eab7726 | Context cleanup@openstack setup() finished in 0.01 msec
2019-11-24 01:39:06.808 20411 RALLYDEBUG rally.task.runner [-] Starting the constant runner (task UUID: c0fc49d1-da24-4495-9fd9-5ddc7eab7726). times: 10 concurrency: 4 timeout: 0 max_cpu_used: 16 processes_to_start: 4 concurrency_per_worker: 1 concurrency_overhead: 0
2019-11-24 01:39:06.820 22235 RALLYDEBUG rally.task.runner [-] Starting a worker. times: 10 duration: None concurrency: 1 timeout: 0 cls: method_name: run args: {"flavor": "b21a361e-46d7-4d11-b324-6e9761bcee23", "image": "e2756950-7b6d-4778-be5f-611bc2de8e52", "to_flavor": "5dce09f2-5a50-4da4-b7ef-0d4f8341ef16", "confirm": true, "force_delete": false, "nics": [{"net-id": "91120f3d-1d14-4af3-8878-32cf1dc2d13f"}]}
2019-11-24 01:39:06.824 22236 RALLYDEBUG rally.task.runner [-] Starting a worker. times: 10 duration: None concurrency: 1 timeout: 0 cls: method_name: run args: {"flavor": "b21a361e-46d7-4d11-b324-6e9761bcee23", "image": "e2756950-7b6d-4778-be5f-611bc2de8e52", "to_flavor": "5dce09f2-5a50-4da4-b7ef-0d4f8341ef16", "confirm": true, "force_delete": false, "nics": [{"net-id": "91120f3d-1d14-4af3-8878-32cf1dc2d13f"}]}
2019-11-24 01:39:06.828 22235 INFO rally.task.runner [-] Task c0fc49d1-da24-4495-9fd9-5ddc7eab7726 | ITER: 1 START
2019-11-24 01:39:06.828 22237 RALLYDEBUG rally.task.runner [-] Starting a worker. times: 10 duration: None concurrency: 1 timeout: 0 cls: method_name: run args: {"flavor": "b21a361e-46d7-4d11-b324-6e9761bcee23", "image": "e2756950-7b6d-4778-be5f-611bc2de8e52", "to_flavor": "5dce09f2-5a50-4da4-b7ef-0d4f8341ef16", "confirm": true, "force_delete": false, "nics": [{"net-id": "91120f3d-1d14-4af3-8878-32cf1dc2d13f"}]}
2019-11-24 01:39:06.831 22236 INFO rally.task.runner [-] Task c0fc49d1-da24-4495-9fd9-5ddc7eab7726 | ITER: 2 START
2019-11-24 01:39:06.832 22239 RALLYDEBUG rally.task.runner [-] Starting a worker. times: 10 duration: None concurrency: 1 timeout: 0 cls: method_name: run args: {"flavor": "b21a361e-46d7-4d11-b324-6e9761bcee23", "image": "e2756950-7b6d-4778-be5f-611bc2de8e52", "to_flavor": "5dce09f2-5a50-4da4-b7ef-0d4f8341ef16", "confirm": true, "force_delete": false, "nics": [{"net-id": "91120f3d-1d14-4af3-8878-32cf1dc2d13f"}]}
2019-11-24 01:39:06.835 22237 INFO rally.task.runner [-] Task c0fc49d1-da24-4495-9fd9-5ddc7eab7726 | ITER: 3 START
2019-11-24 01:39:06.840 22239 INFO rally.task.runner [-] Task c0fc49d1-da24-4495-9fd9-5ddc7eab7726 | ITER: 4 START
2019-11-24 01:39:14.032 22237 RALLYDEBUG rally.task.utils [-] Waiting for resource s_rally_e32de9c8_f4MCvaVE. Status changed: BUILD => ACTIVE in 4.648094654083252
2019-11-24 01:39:14.183 22235 RALLYDEBUG rally.task.utils [-] Waiting for resource s_rally_e32de9c8_jHCwnqxP. Status changed: BUILD => ACTIVE in 4.862898111343384
2019-11-24 01:39:15.239 22237 RALLYDEBUG rally.task.utils [-] Waiting for resource s_rally_e32de9c8_f4MCvaVE. Status changed: ACTIVE => RESIZE in 0.13529348373413086
2019-11-24 01:39:15.363 22235 RALLYDEBUG rally.task.utils [-] Waiting for resource s_rally_e32de9c8_jHCwnqxP. Status changed: ACTIVE => RESIZE in 0.17715191841125488
2019-11-24 01:39:15.997 22239 RALLYDEBUG rally.task.utils [-] Waiting for resource s_rally_e32de9c8_hXrBTaEH. Status changed: BUILD => ACTIVE in 6.829890251159668
2019-11-24 01:39:16.287 22236 RALLYDEBUG rally.task.utils [-] Waiting for resource s_rally_e32de9c8_sU7RjYZa. Status changed: BUILD => ACTIVE in 6.930611848831177
2019-11-24 01:39:17.050 22239 RALLYDEBUG rally.task.utils [-] Waiting for resource s_rally_e32de9c8_hXrBTaEH. Status changed: ACTIVE => RESIZE in 0.14244651794433594
2019-11-24 01:39:17.434 22236 RALLYDEBUG rally.task.utils [-] Waiting for resource s_rally_e32de9c8_sU7RjYZa. Status changed: ACTIVE => RESIZE in 0.2316722869873047
2019-11-24 01:39:36.087 22237 RALLYDEBUG rally.task.utils [-] Waiting for resource s_rally_e32de9c8_f4MCvaVE. Status changed: RESIZE => VERIFY_RESIZE in 20.84837818145752
2019-11-24 01:39:36.363 22237 RALLYDEBUG rally.task.utils [-] Waiting for resource s_rally_e32de9c8_f4MCvaVE. Status changed: ACTIVE => VERIFY_RESIZE in 0.1963207721710205
2019-11-24 01:39:37.985 22239 RALLYDEBUG rally.task.utils [-] Waiting for resource s_rally_e32de9c8_hXrBTaEH. Status changed: RESIZE => VERIFY_RESIZE in 20.93408489227295
2019-11-24 01:39:38.241 22239 RALLYDEBUG rally.task.utils [-] Waiting for resource s_rally_e32de9c8_hXrBTaEH. Status changed: ACTIVE => VERIFY_RESIZE in 0.17754364013671875
2019-11-24 01:39:38.323 22236 RALLYDEBUG rally.task.utils [-] Waiting for resource s_rally_e32de9c8_sU7RjYZa. Status changed: RESIZE => VERIFY_RESIZE in 20.888397216796875
2019-11-24 01:39:38.537 22236 RALLYDEBUG rally.task.utils [-] Waiting for resource s_rally_e32de9c8_sU7RjYZa. Status changed: ACTIVE => VERIFY_RESIZE in 0.1399693489074707
2019-11-24 01:39:38.553 22237 RALLYDEBUG rally.task.utils [-] Waiting for resource s_rally_e32de9c8_f4MCvaVE. Status changed: VERIFY_RESIZE => ACTIVE in 2.1903491020202637
2019-11-24 01:39:40.417 22239 RALLYDEBUG rally.task.utils [-] Waiting for resource s_rally_e32de9c8_hXrBTaEH. Status changed: VERIFY_RESIZE => ACTIVE in 2.1756885051727295
2019-11-24 01:39:40.683 22236 RALLYDEBUG rally.task.utils [-] Waiting for resource s_rally_e32de9c8_sU7RjYZa. Status changed: VERIFY_RESIZE => ACTIVE in 2.1459262371063232
2019-11-24 01:39:40.878 22237 INFO rally.task.runner [-] Task c0fc49d1-da24-4495-9fd9-5ddc7eab7726 | ITER: 3 END: OK
2019-11-24 01:39:40.885 22237 INFO rally.task.runner [-] Task c0fc49d1-da24-4495-9fd9-5ddc7eab7726 | ITER: 5 START
2019-11-24 01:39:42.745 22239 INFO rally.task.runner [-] Task c0fc49d1-da24-4495-9fd9-5ddc7eab7726 | ITER: 4 END: OK
2019-11-24 01:39:42.749 22239 INFO rally.task.runner [-] Task c0fc49d1-da24-4495-9fd9-5ddc7eab7726 | ITER: 6 START
2019-11-24 01:39:43.080 22236 INFO rally.task.runner [-] Task c0fc49d1-da24-4495-9fd9-5ddc7eab7726 | ITER: 2 END: OK
2019-11-24 01:39:43.086 22236 INFO rally.task.runner [-] Task c0fc49d1-da24-4495-9fd9-5ddc7eab7726 | ITER: 7 START
2019-11-24 01:39:46.829 22235 RALLYDEBUG rally.task.utils [-] Waiting for resource s_rally_e32de9c8_jHCwnqxP. Status changed: RESIZE => VERIFY_RESIZE in 31.46621346473694
2019-11-24 01:39:47.080 22235 RALLYDEBUG rally.task.utils [-] Waiting for resource s_rally_e32de9c8_jHCwnqxP. Status changed: ACTIVE => VERIFY_RESIZE in 0.1893012523651123
2019-11-24 01:39:49.321 22235 RALLYDEBUG rally.task.utils [-] Waiting for resource s_rally_e32de9c8_jHCwnqxP. Status changed: VERIFY_RESIZE => ACTIVE in 2.240382194519043
2019-11-24 01:39:49.938 22237 RALLYDEBUG rally.task.utils [-] Waiting for resource s_rally_e32de9c8_jZg0bv4U. Status changed: BUILD => ACTIVE in 6.828972816467285
2019-11-24 01:39:50.274 22236 RALLYDEBUG rally.task.utils [-] Waiting for resource s_rally_e32de9c8_XtUhFEfi. Status changed: BUILD => ACTIVE in 4.955043077468872
2019-11-24 01:39:51.045 22237 RALLYDEBUG rally.task.utils [-] Waiting for resource s_rally_e32de9c8_jZg0bv4U. Status changed: ACTIVE => RESIZE in 0.1603548526763916
2019-11-24 01:39:51.528 22236 RALLYDEBUG rally.task.utils [-] Waiting for resource s_rally_e32de9c8_XtUhFEfi. Status changed: ACTIVE => RESIZE in 0.3413875102996826
2019-11-24 01:39:51.653 22235 INFO rally.task.runner [-] Task c0fc49d1-da24-4495-9fd9-5ddc7eab7726 | ITER: 1 END: OK
2019-11-24 01:39:51.658 22235 INFO rally.task.runner [-] Task c0fc49d1-da24-4495-9fd9-5ddc7eab7726 | ITER: 8 START
2019-11-24 01:39:53.978 22239 RALLYDEBUG rally.task.utils [-] Waiting for resource s_rally_e32de9c8_EuExVNbC. Status changed: BUILD => ACTIVE in 9.025076389312744
2019-11-24 01:39:55.074 22239 RALLYDEBUG rally.task.utils [-] Waiting for resource s_rally_e32de9c8_EuExVNbC. Status changed: ACTIVE => RESIZE in 0.16597199440002441
2019-11-24 01:39:58.819 22235 RALLYDEBUG rally.task.utils [-] Waiting for resource s_rally_e32de9c8_KaJnatA7. Status changed: BUILD => ACTIVE in 4.761181592941284
2019-11-24 01:40:00.041 22235 RALLYDEBUG rally.task.utils [-] Waiting for resource s_rally_e32de9c8_KaJnatA7. Status changed: ACTIVE => RESIZE in 0.18966054916381836
2019-11-24 01:40:06.937 22237 RALLYDEBUG rally.task.utils [-] Waiting for resource s_rally_e32de9c8_jZg0bv4U. Status changed: RESIZE => VERIFY_RESIZE in 15.892560720443726
2019-11-24 01:40:07.182 22237 RALLYDEBUG rally.task.utils [-] Waiting for resource s_rally_e32de9c8_jZg0bv4U. Status changed: ACTIVE => VERIFY_RESIZE in 0.16893362998962402
2019-11-24 01:40:09.440 22237 RALLYDEBUG rally.task.utils [-] Waiting for resource s_rally_e32de9c8_jZg0bv4U. Status changed: VERIFY_RESIZE => ACTIVE in 2.2581725120544434
2019-11-24 01:40:11.984 22237 INFO rally.task.runner [-] Task c0fc49d1-da24-4495-9fd9-5ddc7eab7726 | ITER: 5 END: OK
2019-11-24 01:40:11.989 22237 INFO rally.task.runner [-] Task c0fc49d1-da24-4495-9fd9-5ddc7eab7726 | ITER: 9 START
2019-11-24 01:40:19.069 22237 RALLYDEBUG rally.task.utils [-] Waiting for resource s_rally_e32de9c8_LGmWW8Zz. Status changed: BUILD => ACTIVE in 4.497260570526123
2019-11-24 01:40:20.321 22237 RALLYDEBUG rally.task.utils [-] Waiting for resource s_rally_e32de9c8_LGmWW8Zz. Status changed: ACTIVE => RESIZE in 0.28475451469421387
2019-11-24 01:40:21.135 22235 RALLYDEBUG rally.task.utils [-] Waiting for resource s_rally_e32de9c8_KaJnatA7. Status changed: RESIZE => VERIFY_RESIZE in 21.094711780548096
2019-11-24 01:40:21.371 22235 RALLYDEBUG rally.task.utils [-] Waiting for resource s_rally_e32de9c8_KaJnatA7. Status changed: ACTIVE => VERIFY_RESIZE in 0.17298245429992676
2019-11-24 01:40:22.855 22236 RALLYDEBUG rally.task.utils [-] Waiting for resource s_rally_e32de9c8_XtUhFEfi. Status changed: RESIZE => VERIFY_RESIZE in 31.326927423477173
2019-11-24 01:40:23.101 22236 RALLYDEBUG rally.task.utils [-] Waiting for resource s_rally_e32de9c8_XtUhFEfi. Status changed: ACTIVE => VERIFY_RESIZE in 0.1673119068145752
2019-11-24 01:40:23.527 22235 RALLYDEBUG rally.task.utils [-] Waiting for resource s_rally_e32de9c8_KaJnatA7. Status changed: VERIFY_RESIZE => ACTIVE in 2.1553759574890137
2019-11-24 01:40:25.348 22236 RALLYDEBUG rally.task.utils [-] Waiting for resource s_rally_e32de9c8_XtUhFEfi. Status changed: VERIFY_RESIZE => ACTIVE in 2.246753454208374
2019-11-24 01:40:25.895 22235 INFO rally.task.runner [-] Task c0fc49d1-da24-4495-9fd9-5ddc7eab7726 | ITER: 8 END: OK
2019-11-24 01:40:25.900 22235 INFO rally.task.runner [-] Task c0fc49d1-da24-4495-9fd9-5ddc7eab7726 | ITER: 10 START
2019-11-24 01:40:26.164 22239 RALLYDEBUG rally.task.utils [-] Waiting for resource s_rally_e32de9c8_EuExVNbC. Status changed: RESIZE => VERIFY_RESIZE in 31.08940076828003
2019-11-24 01:40:26.398 22239 RALLYDEBUG rally.task.utils [-] Waiting for resource s_rally_e32de9c8_EuExVNbC. Status changed: ACTIVE => VERIFY_RESIZE in 0.1659257411956787
2019-11-24 01:40:27.762 22236 INFO rally.task.runner [-] Task c0fc49d1-da24-4495-9fd9-5ddc7eab7726 | ITER: 7 END: OK
2019-11-24 01:40:28.567 22239 RALLYDEBUG rally.task.utils [-] Waiting for resource s_rally_e32de9c8_EuExVNbC. Status changed: VERIFY_RESIZE => ACTIVE in 2.16924786567688
2019-11-24 01:40:30.976 22239 INFO rally.task.runner [-] Task c0fc49d1-da24-4495-9fd9-5ddc7eab7726 | ITER: 6 END: OK
2019-11-24 01:40:32.968 22235 RALLYDEBUG rally.task.utils [-] Waiting for resource s_rally_e32de9c8_q5MUrfc9. Status changed: BUILD => ACTIVE in 4.728451728820801
2019-11-24 01:40:34.348 22235 RALLYDEBUG rally.task.utils [-] Waiting for resource s_rally_e32de9c8_q5MUrfc9. Status changed: ACTIVE => RESIZE in 0.3991398811340332
2019-11-24 01:40:41.116 22237 RALLYDEBUG rally.task.utils [-] Waiting for resource s_rally_e32de9c8_LGmWW8Zz. Status changed: RESIZE => VERIFY_RESIZE in 20.794278860092163
2019-11-24 01:40:41.414 22237 RALLYDEBUG rally.task.utils [-] Waiting for resource s_rally_e32de9c8_LGmWW8Zz. Status changed: ACTIVE => VERIFY_RESIZE in 0.22292137145996094
2019-11-24 01:40:43.626 22237 RALLYDEBUG rally.task.utils [-] Waiting for resource s_rally_e32de9c8_LGmWW8Zz. Status changed: VERIFY_RESIZE => ACTIVE in 2.2117788791656494
2019-11-24 01:40:46.153 22237 INFO rally.task.runner [-] Task c0fc49d1-da24-4495-9fd9-5ddc7eab7726 | ITER: 9 END: OK
2019-11-24 01:40:50.069 22235 RALLYDEBUG rally.task.utils [-] Waiting for resource s_rally_e32de9c8_q5MUrfc9. Status changed: RESIZE => VERIFY_RESIZE in 15.720704078674316
2019-11-24 01:40:50.387 22235 RALLYDEBUG rally.task.utils [-] Waiting for resource s_rally_e32de9c8_q5MUrfc9. Status changed: ACTIVE => VERIFY_RESIZE in 0.25121545791625977
2019-11-24 01:40:52.838 22235 RALLYDEBUG rally.task.utils [-] Waiting for resource s_rally_e32de9c8_q5MUrfc9. Status changed: VERIFY_RESIZE => ACTIVE in 2.450538396835327
2019-11-24 01:40:55.231 22235 INFO rally.task.runner [-] Task c0fc49d1-da24-4495-9fd9-5ddc7eab7726 | ITER: 10 END: OK
2019-11-24 01:40:55.263 20411 INFO rally.task.context [-] Task c0fc49d1-da24-4495-9fd9-5ddc7eab7726 | Context cleanup@openstack cleanup() started
2019-11-24 01:40:55.266 20411 RALLYDEBUG rally_openstack.cleanup.manager [-] Cleaning up nova servers objects
2019-11-24 01:40:56.691 20411 RALLYDEBUG rally_openstack.cleanup.manager [-] Cleaning up nova server_groups objects
2019-11-24 01:40:57.847 20411 RALLYDEBUG rally_openstack.cleanup.manager [-] Cleaning up nova keypairs objects
2019-11-24 01:41:00.151 20411 INFO rally.task.context [-] Task c0fc49d1-da24-4495-9fd9-5ddc7eab7726 | Context cleanup@openstack cleanup() finished in 4.89 sec
2019-11-24 01:41:00.151 20411 INFO rally.task.context [-] Task c0fc49d1-da24-4495-9fd9-5ddc7eab7726 | Context users@openstack cleanup() started
2019-11-24 01:41:04.358 20411 INFO rally.task.context [-] Task c0fc49d1-da24-4495-9fd9-5ddc7eab7726 | Context users@openstack cleanup() finished in 4.21 sec
2019-11-24 01:41:05.789 20411 INFO rally.task.engine [-] Load duration is: 107.400954
2019-11-24 01:41:05.789 20411 INFO rally.task.engine [-] Full runner duration is: 108.454662
2019-11-24 01:41:05.790 20411 INFO rally.task.engine [-] Full duration is: 121.118376
2019-11-24 01:41:06.103 20411 INFO rally.task.engine [-] Running workload: position = 0 config = { "version": 2, "title": "A cropped version of a bigger task.", "description": "Auto-generated task from a single workload (uuid=13077e68-9d69-415e-9d15-6ff4e9a84321)", "subtasks": [ { "title": "NovaServers.boot_and_live_migrate_server", "description": "Live Migrate a server.", "scenario": { "NovaServers.boot_and_live_migrate_server": { "flavor": { "name": "rally_full-flavor_2f170d48-e02c-4426-87d5-40abf8fe2368" }, "image": { "name": "rally_full-img_2f170d48-e02c-4426-87d5-40abf8fe2368" }, "block_migration": false, "nics": [ { "net-id": "91120f3d-1d14-4af3-8878-32cf1dc2d13f" } ] } }, "contexts": { "users": { "tenants": 3, "users_per_tenant": 2 } }, "runner": { "constant": { "concurrency": 4, "times": 10 } }, "hooks": [], "sla": { "failure_rate": { "max": 0 } } } ] }
2019-11-24 01:41:06.126 20411 RALLYDEBUG rally_openstack.contexts.keystone.users [-] Creating 3 tenants using 20 threads
2019-11-24 01:41:07.162 20411 RALLYDEBUG rally_openstack.contexts.keystone.users [-] Creating 6 users using 20 threads
2019-11-24 01:41:08.664 20411 INFO rally.task.context [-] Task c0fc49d1-da24-4495-9fd9-5ddc7eab7726 | Context users@openstack setup() finished in 2.54 sec
2019-11-24 01:41:08.665 20411 INFO rally.task.context [-] Task c0fc49d1-da24-4495-9fd9-5ddc7eab7726 | Context cleanup@openstack setup() finished in 0.01 msec
2019-11-24 01:41:09.679 20411 RALLYDEBUG rally.task.runner [-] Starting the constant runner (task UUID: c0fc49d1-da24-4495-9fd9-5ddc7eab7726). times: 10 concurrency: 4 timeout: 0 max_cpu_used: 16 processes_to_start: 4 concurrency_per_worker: 1 concurrency_overhead: 0
2019-11-24 01:41:09.691 22399 RALLYDEBUG rally.task.runner [-] Starting a worker. times: 10 duration: None concurrency: 1 timeout: 0 cls: method_name: run args: {"flavor": "b21a361e-46d7-4d11-b324-6e9761bcee23", "image": "e2756950-7b6d-4778-be5f-611bc2de8e52", "block_migration": false, "nics": [{"net-id": "91120f3d-1d14-4af3-8878-32cf1dc2d13f"}]}
2019-11-24 01:41:09.695 22400 RALLYDEBUG rally.task.runner [-] Starting a worker. times: 10 duration: None concurrency: 1 timeout: 0 cls: method_name: run args: {"flavor": "b21a361e-46d7-4d11-b324-6e9761bcee23", "image": "e2756950-7b6d-4778-be5f-611bc2de8e52", "block_migration": false, "nics": [{"net-id": "91120f3d-1d14-4af3-8878-32cf1dc2d13f"}]}
2019-11-24 01:41:09.699 22399 INFO rally.task.runner [-] Task c0fc49d1-da24-4495-9fd9-5ddc7eab7726 | ITER: 1 START
