2019-11-24 01:27:29.472 21028 INFO rally.task.runner [-] Task c0fc49d1-da24-4495-9fd9-5ddc7eab7726 | ITER: 2 END: OK
2019-11-24 01:27:29.476 21028 INFO rally.task.runner [-] Task c0fc49d1-da24-4495-9fd9-5ddc7eab7726 | ITER: 5 START
2019-11-24 01:27:29.583 21027 RALLYDEBUG rally.task.utils [-] Waiting for resource s_rally_675ba701_DNh5gadj. Status changed: BUILD => ACTIVE in 9.366674900054932
2019-11-24 01:27:31.668 21030 INFO rally.task.runner [-] Task c0fc49d1-da24-4495-9fd9-5ddc7eab7726 | ITER: 4 END: OK
2019-11-24 01:27:31.672 21030 INFO rally.task.runner [-] Task c0fc49d1-da24-4495-9fd9-5ddc7eab7726 | ITER: 6 START
2019-11-24 01:27:31.828 21029 INFO rally.task.runner [-] Task c0fc49d1-da24-4495-9fd9-5ddc7eab7726 | ITER: 3 END: OK
2019-11-24 01:27:31.832 21029 INFO rally.task.runner [-] Task c0fc49d1-da24-4495-9fd9-5ddc7eab7726 | ITER: 7 START
2019-11-24 01:27:32.082 21027 INFO rally.task.runner [-] Task c0fc49d1-da24-4495-9fd9-5ddc7eab7726 | ITER: 1 END: OK
2019-11-24 01:27:32.087 21027 INFO rally.task.runner [-] Task c0fc49d1-da24-4495-9fd9-5ddc7eab7726 | ITER: 8 START
2019-11-24 01:27:36.274 21028 RALLYDEBUG rally.task.utils [-] Waiting for resource s_rally_675ba701_ZADCpOKc. Status changed: BUILD => ACTIVE in 4.61192774772644
2019-11-24 01:27:38.721 21028 INFO rally.task.runner [-] Task c0fc49d1-da24-4495-9fd9-5ddc7eab7726 | ITER: 5 END: OK
2019-11-24 01:27:38.727 21028 INFO rally.task.runner [-] Task c0fc49d1-da24-4495-9fd9-5ddc7eab7726 | ITER: 9 START
2019-11-24 01:27:41.126 21029 RALLYDEBUG rally.task.utils [-] Waiting for resource s_rally_675ba701_wlMD4ESx. Status changed: BUILD => ACTIVE in 6.794524908065796
2019-11-24 01:27:41.199 21030 RALLYDEBUG rally.task.utils [-] Waiting for resource s_rally_675ba701_N02nZxtX. Status changed: BUILD => ACTIVE in 6.985347032546997
2019-11-24 01:27:43.367 21027 RALLYDEBUG rally.task.utils [-] Waiting for resource s_rally_675ba701_gcW0DKFa. Status changed: BUILD => ACTIVE in 8.96792221069336
2019-11-24 01:27:43.520 21029 INFO rally.task.runner [-] Task c0fc49d1-da24-4495-9fd9-5ddc7eab7726 | ITER: 7 END: OK
2019-11-24 01:27:43.526 21029 INFO rally.task.runner [-] Task c0fc49d1-da24-4495-9fd9-5ddc7eab7726 | ITER: 10 START
2019-11-24 01:27:43.618 21030 INFO rally.task.runner [-] Task c0fc49d1-da24-4495-9fd9-5ddc7eab7726 | ITER: 6 END: OK
2019-11-24 01:27:45.858 21027 INFO rally.task.runner [-] Task c0fc49d1-da24-4495-9fd9-5ddc7eab7726 | ITER: 8 END: OK
2019-11-24 01:27:47.844 21028 RALLYDEBUG rally.task.utils [-] Waiting for resource s_rally_675ba701_k4bvJkTu. Status changed: BUILD => ACTIVE in 6.777791261672974
2019-11-24 01:27:50.234 21028 INFO rally.task.runner [-] Task c0fc49d1-da24-4495-9fd9-5ddc7eab7726 | ITER: 9 END: OK
2019-11-24 01:27:50.975 21029 RALLYDEBUG rally.task.utils [-] Waiting for resource s_rally_675ba701_XirwseLD. Status changed: BUILD => ACTIVE in 5.225207090377808
2019-11-24 01:27:53.611 21029 INFO rally.task.runner [-] Task c0fc49d1-da24-4495-9fd9-5ddc7eab7726 | ITER: 10 END: OK
2019-11-24 01:27:53.637 20411 INFO rally.task.context [-] Task c0fc49d1-da24-4495-9fd9-5ddc7eab7726 | Context cleanup@openstack cleanup() started
2019-11-24 01:27:53.640 20411 RALLYDEBUG rally_openstack.cleanup.manager [-] Cleaning up nova servers objects
2019-11-24 01:27:55.175 20411 RALLYDEBUG rally_openstack.cleanup.manager [-] Cleaning up nova server_groups objects
2019-11-24 01:27:56.334 20411 RALLYDEBUG rally_openstack.cleanup.manager [-] Cleaning up nova keypairs objects
2019-11-24 01:27:58.625 20411 INFO rally.task.context [-] Task c0fc49d1-da24-4495-9fd9-5ddc7eab7726 | Context cleanup@openstack cleanup() finished in 4.99 sec
2019-11-24 01:27:58.626 20411 INFO rally.task.context [-] Task c0fc49d1-da24-4495-9fd9-5ddc7eab7726 | Context network@openstack cleanup() started
2019-11-24 01:28:20.460 20411 INFO rally.task.context [-] Task c0fc49d1-da24-4495-9fd9-5ddc7eab7726 | Context network@openstack cleanup() finished in 21.83 sec
2019-11-24 01:28:20.461 20411 INFO rally.task.context [-] Task c0fc49d1-da24-4495-9fd9-5ddc7eab7726 | Context quotas@openstack cleanup() started
2019-11-24 01:28:20.760 20411 INFO rally.task.context [-] Task c0fc49d1-da24-4495-9fd9-5ddc7eab7726 | Context quotas@openstack cleanup() finished in 0.30 sec
2019-11-24 01:28:20.761 20411 INFO rally.task.context [-] Task c0fc49d1-da24-4495-9fd9-5ddc7eab7726 | Context users@openstack cleanup() started
2019-11-24 01:28:24.855 20411 INFO rally.task.context [-] Task c0fc49d1-da24-4495-9fd9-5ddc7eab7726 | Context users@openstack cleanup() finished in 4.09 sec
2019-11-24 01:28:25.763 20411 INFO rally.task.engine [-] Load duration is: 35.293339
2019-11-24 01:28:25.763 20411 INFO rally.task.engine [-] Full runner duration is: 36.33988
2019-11-24 01:28:25.764 20411 INFO rally.task.engine [-] Full duration is: 85.512044
2019-11-24 01:28:26.108 20411 INFO rally.task.engine [-] Running workload: position = 0 config = { "version": 2, "title": "A cropped version of a bigger task.", "description": "Auto-generated task from a single workload (uuid=780d0dcd-369a-43dc-98fc-3b76a413c7af)", "subtasks": [ { "title": "NovaServers.boot_and_list_server", "description": "Boot a server from an image and then list all servers.", "scenario": { "NovaServers.boot_and_list_server": { "detailed": true, "flavor": { "name": "rally_full-flavor_2f170d48-e02c-4426-87d5-40abf8fe2368" }, "image": { "name": "rally_full-img_2f170d48-e02c-4426-87d5-40abf8fe2368" }, "nics": [ { "net-id": "91120f3d-1d14-4af3-8878-32cf1dc2d13f" } ] } }, "contexts": { "users": { "tenants": 3, "users_per_tenant": 2 }, "network": { "networks_per_tenant": 1, "start_cidr": "100.1.0.0/25" }, "quotas": { "neutron": { "network": -1, "port": -1, "subnet": -1 }, "nova": { "cores": -1, "floating_ips": -1, "instances": -1, "ram": -1, "security_group_rules": -1, "security_groups": -1 } } }, "runner": { "constant": { "concurrency": 4, "times": 10 } }, "hooks": [], "sla": { "failure_rate": { "max": 0 } } } ] }
2019-11-24 01:28:26.133 20411 RALLYDEBUG rally_openstack.contexts.keystone.users [-] Creating 3 tenants using 20 threads
2019-11-24 01:28:27.112 20411 RALLYDEBUG rally_openstack.contexts.keystone.users [-] Creating 6 users using 20 threads
2019-11-24 01:28:28.624 20411 INFO rally.task.context [-] Task c0fc49d1-da24-4495-9fd9-5ddc7eab7726 | Context users@openstack setup() finished in 2.49 sec
2019-11-24 01:28:30.412 20411 INFO rally.task.context [-] Task c0fc49d1-da24-4495-9fd9-5ddc7eab7726 | Context quotas@openstack setup() finished in 1.79 sec
2019-11-24 01:28:32.624 20411 RALLYDEBUG rally_openstack.wrappers.network [-] CIDR generated: 100.1.3.0/25
2019-11-24 01:28:36.893 20411 RALLYDEBUG rally_openstack.wrappers.network [-] CIDR generated: 100.1.3.128/25
2019-11-24 01:28:40.911 20411 RALLYDEBUG rally_openstack.wrappers.network [-] CIDR generated: 100.1.4.0/25
2019-11-24 01:28:43.452 20411 INFO rally.task.context [-] Task c0fc49d1-da24-4495-9fd9-5ddc7eab7726 | Context network@openstack setup() finished in 13.04 sec
2019-11-24 01:28:43.453 20411 INFO rally.task.context [-] Task c0fc49d1-da24-4495-9fd9-5ddc7eab7726 | Context cleanup@openstack setup() finished in 0.01 msec
2019-11-24 01:28:44.281 20411 RALLYDEBUG rally.task.runner [-] Starting the constant runner (task UUID: c0fc49d1-da24-4495-9fd9-5ddc7eab7726). times: 10 concurrency: 4 timeout: 0 max_cpu_used: 16 processes_to_start: 4 concurrency_per_worker: 1 concurrency_overhead: 0
2019-11-24 01:28:44.293 21191 RALLYDEBUG rally.task.runner [-] Starting a worker. times: 10 duration: None concurrency: 1 timeout: 0 cls: method_name: run args: {"detailed": true, "flavor": "b21a361e-46d7-4d11-b324-6e9761bcee23", "image": "e2756950-7b6d-4778-be5f-611bc2de8e52", "nics": [{"net-id": "91120f3d-1d14-4af3-8878-32cf1dc2d13f"}]}
2019-11-24 01:28:44.297 21192 RALLYDEBUG rally.task.runner [-] Starting a worker. times: 10 duration: None concurrency: 1 timeout: 0 cls: method_name: run args: {"detailed": true, "flavor": "b21a361e-46d7-4d11-b324-6e9761bcee23", "image": "e2756950-7b6d-4778-be5f-611bc2de8e52", "nics": [{"net-id": "91120f3d-1d14-4af3-8878-32cf1dc2d13f"}]}
2019-11-24 01:28:44.301 21191 INFO rally.task.runner [-] Task c0fc49d1-da24-4495-9fd9-5ddc7eab7726 | ITER: 1 START
2019-11-24 01:28:44.301 21193 RALLYDEBUG rally.task.runner [-] Starting a worker. times: 10 duration: None concurrency: 1 timeout: 0 cls: method_name: run args: {"detailed": true, "flavor": "b21a361e-46d7-4d11-b324-6e9761bcee23", "image": "e2756950-7b6d-4778-be5f-611bc2de8e52", "nics": [{"net-id": "91120f3d-1d14-4af3-8878-32cf1dc2d13f"}]}
2019-11-24 01:28:44.305 21192 INFO rally.task.runner [-] Task c0fc49d1-da24-4495-9fd9-5ddc7eab7726 | ITER: 2 START
2019-11-24 01:28:44.304 21195 RALLYDEBUG rally.task.runner [-] Starting a worker. times: 10 duration: None concurrency: 1 timeout: 0 cls: method_name: run args: {"detailed": true, "flavor": "b21a361e-46d7-4d11-b324-6e9761bcee23", "image": "e2756950-7b6d-4778-be5f-611bc2de8e52", "nics": [{"net-id": "91120f3d-1d14-4af3-8878-32cf1dc2d13f"}]}
2019-11-24 01:28:44.308 21193 INFO rally.task.runner [-] Task c0fc49d1-da24-4495-9fd9-5ddc7eab7726 | ITER: 3 START
2019-11-24 01:28:44.312 21195 INFO rally.task.runner [-] Task c0fc49d1-da24-4495-9fd9-5ddc7eab7726 | ITER: 4 START
2019-11-24 01:28:51.377 21191 RALLYDEBUG rally.task.utils [-] Waiting for resource s_rally_780d0dcd_yDARW50W. Status changed: BUILD => ACTIVE in 4.576300144195557
2019-11-24 01:28:51.628 21191 INFO rally.task.runner [-] Task c0fc49d1-da24-4495-9fd9-5ddc7eab7726 | ITER: 1 END: OK
2019-11-24 01:28:51.633 21191 INFO rally.task.runner [-] Task c0fc49d1-da24-4495-9fd9-5ddc7eab7726 | ITER: 5 START
2019-11-24 01:28:53.625 21193 RALLYDEBUG rally.task.utils [-] Waiting for resource s_rally_780d0dcd_vqbjoJTb. Status changed: BUILD => ACTIVE in 6.774662256240845
2019-11-24 01:28:53.914 21193 INFO rally.task.runner [-] Task c0fc49d1-da24-4495-9fd9-5ddc7eab7726 | ITER: 3 END: OK
2019-11-24 01:28:53.919 21193 INFO rally.task.runner [-] Task c0fc49d1-da24-4495-9fd9-5ddc7eab7726 | ITER: 6 START
2019-11-24 01:28:55.548 21195 RALLYDEBUG rally.task.utils [-] Waiting for resource s_rally_780d0dcd_sTzjDawR. Status changed: BUILD => ACTIVE in 9.045572280883789
2019-11-24 01:28:55.696 21192 RALLYDEBUG rally.task.utils [-] Waiting for resource s_rally_780d0dcd_XpaB80RS. Status changed: BUILD => ACTIVE in 9.174760103225708
2019-11-24 01:28:55.783 21195 INFO rally.task.runner [-] Task c0fc49d1-da24-4495-9fd9-5ddc7eab7726 | ITER: 4 END: OK
2019-11-24 01:28:55.788 21195 INFO rally.task.runner [-] Task c0fc49d1-da24-4495-9fd9-5ddc7eab7726 | ITER: 7 START
2019-11-24 01:28:55.945 21192 INFO rally.task.runner [-] Task c0fc49d1-da24-4495-9fd9-5ddc7eab7726 | ITER: 2 END: OK
2019-11-24 01:28:55.949 21192 INFO rally.task.runner [-] Task c0fc49d1-da24-4495-9fd9-5ddc7eab7726 | ITER: 8 START
2019-11-24 01:29:00.575 21191 RALLYDEBUG rally.task.utils [-] Waiting for resource s_rally_780d0dcd_HabCzi8B. Status changed: BUILD => ACTIVE in 6.842537879943848
2019-11-24 01:29:01.013 21191 INFO rally.task.runner [-] Task c0fc49d1-da24-4495-9fd9-5ddc7eab7726 | ITER: 5 END: OK
2019-11-24 01:29:01.015 21191 INFO rally.task.runner [-] Task c0fc49d1-da24-4495-9fd9-5ddc7eab7726 | ITER: 9 START
2019-11-24 01:29:02.581 21193 RALLYDEBUG rally.task.utils [-] Waiting for resource s_rally_780d0dcd_5sO7aobV. Status changed: BUILD => ACTIVE in 6.64086127281189
2019-11-24 01:29:02.920 21193 INFO rally.task.runner [-] Task c0fc49d1-da24-4495-9fd9-5ddc7eab7726 | ITER: 6 END: OK
2019-11-24 01:29:02.925 21193 INFO rally.task.runner [-] Task c0fc49d1-da24-4495-9fd9-5ddc7eab7726 | ITER: 10 START
2019-11-24 01:29:03.071 21195 RALLYDEBUG rally.task.utils [-] Waiting for resource s_rally_780d0dcd_vfnWl6YJ. Status changed: BUILD => ACTIVE in 4.767681837081909
2019-11-24 01:29:03.369 21195 INFO rally.task.runner [-] Task c0fc49d1-da24-4495-9fd9-5ddc7eab7726 | ITER: 7 END: OK
2019-11-24 01:29:04.701 21192 RALLYDEBUG rally.task.utils [-] Waiting for resource s_rally_780d0dcd_8cnRhPum. Status changed: BUILD => ACTIVE in 6.6799352169036865
2019-11-24 01:29:05.035 21192 INFO rally.task.runner [-] Task c0fc49d1-da24-4495-9fd9-5ddc7eab7726 | ITER: 8 END: OK
2019-11-24 01:29:10.127 21191 RALLYDEBUG rally.task.utils [-] Waiting for resource s_rally_780d0dcd_93RsSrtX. Status changed: BUILD => ACTIVE in 6.882530689239502
2019-11-24 01:29:10.443 21191 INFO rally.task.runner [-] Task c0fc49d1-da24-4495-9fd9-5ddc7eab7726 | ITER: 9 END: OK
2019-11-24 01:29:11.965 21193 RALLYDEBUG rally.task.utils [-] Waiting for resource s_rally_780d0dcd_ovI28TpD. Status changed: BUILD => ACTIVE in 6.78581428527832
2019-11-24 01:29:12.282 21193 INFO rally.task.runner [-] Task c0fc49d1-da24-4495-9fd9-5ddc7eab7726 | ITER: 10 END: OK
2019-11-24 01:29:12.309 20411 INFO rally.task.context [-] Task c0fc49d1-da24-4495-9fd9-5ddc7eab7726 | Context cleanup@openstack cleanup() started
2019-11-24 01:29:12.313 20411 RALLYDEBUG rally_openstack.cleanup.manager [-] Cleaning up nova servers objects
2019-11-24 01:29:14.666 20411 RALLYDEBUG rally_openstack.cleanup.manager [-] Deleting nova.servers object s_rally_780d0dcd_8cnRhPum (8338eed2-5a5e-4061-b692-634e84b419c2)
2019-11-24 01:29:14.667 20411 RALLYDEBUG rally_openstack.cleanup.manager [-] Deleting nova.servers object s_rally_780d0dcd_vfnWl6YJ (718662a0-cff8-4c5c-9e20-6d774f91fd36)
2019-11-24 01:29:14.676 20411 RALLYDEBUG rally_openstack.cleanup.manager [-] Deleting nova.servers object s_rally_780d0dcd_5sO7aobV (2fd2c24f-129e-4a9d-a1eb-fb5d59ca00b1)
2019-11-24 01:29:14.680 20411 RALLYDEBUG rally_openstack.cleanup.manager [-] Deleting nova.servers object s_rally_780d0dcd_yDARW50W (b9f19ac5-5a08-4889-ac55-b0ecdace723b)
2019-11-24 01:29:14.689 20411 RALLYDEBUG rally_openstack.cleanup.manager [-] Deleting nova.servers object s_rally_780d0dcd_XpaB80RS (dedc00ec-9d48-4010-9508-ff74ef8a78fa)
2019-11-24 01:29:14.714 20411 RALLYDEBUG rally_openstack.cleanup.manager [-] Deleting nova.servers object s_rally_780d0dcd_ovI28TpD (42bfbf72-ad93-4824-b3fe-ae55761b6b1d)
2019-11-24 01:29:14.720 20411 RALLYDEBUG rally_openstack.cleanup.manager [-] Deleting nova.servers object s_rally_780d0dcd_sTzjDawR (d1bece11-69f1-4431-9004-0d544c0afa9d)
2019-11-24 01:29:14.734 20411 RALLYDEBUG rally_openstack.cleanup.manager [-] Deleting nova.servers object s_rally_780d0dcd_93RsSrtX (edf9884e-5b0b-47a3-8962-fafbdac5d3e3)
2019-11-24 01:29:14.754 20411 RALLYDEBUG rally_openstack.cleanup.manager [-] Deleting nova.servers object s_rally_780d0dcd_HabCzi8B (6e887539-4ea0-4fcb-8d2b-a1f538495e6a)
2019-11-24 01:29:14.783 20411 RALLYDEBUG rally_openstack.cleanup.manager [-] Deleting nova.servers object s_rally_780d0dcd_vqbjoJTb (fbc2cb41-bdba-4481-b63b-be19fbea5309)
2019-11-24 01:29:20.522 20411 RALLYDEBUG rally_openstack.cleanup.manager [-] Cleaning up nova server_groups objects
2019-11-24 01:29:21.681 20411 RALLYDEBUG rally_openstack.cleanup.manager [-] Cleaning up nova keypairs objects
2019-11-24 01:29:24.240 20411 INFO rally.task.context [-] Task c0fc49d1-da24-4495-9fd9-5ddc7eab7726 | Context cleanup@openstack cleanup() finished in 11.93 sec
2019-11-24 01:29:24.241 20411 INFO rally.task.context [-] Task c0fc49d1-da24-4495-9fd9-5ddc7eab7726 | Context network@openstack cleanup() started
2019-11-24 01:29:47.635 20411 INFO rally.task.context [-] Task c0fc49d1-da24-4495-9fd9-5ddc7eab7726 | Context network@openstack cleanup() finished in 23.39 sec
2019-11-24 01:29:47.636 20411 INFO rally.task.context [-] Task c0fc49d1-da24-4495-9fd9-5ddc7eab7726 | Context quotas@openstack cleanup() started
2019-11-24 01:29:47.832 20411 INFO rally.task.context [-] Task c0fc49d1-da24-4495-9fd9-5ddc7eab7726 | Context quotas@openstack cleanup() finished in 0.20 sec
2019-11-24 01:29:47.832 20411 INFO rally.task.context [-] Task c0fc49d1-da24-4495-9fd9-5ddc7eab7726 | Context users@openstack cleanup() started
2019-11-24 01:29:51.977 20411 INFO rally.task.context [-] Task c0fc49d1-da24-4495-9fd9-5ddc7eab7726 | Context users@openstack cleanup() finished in 4.15 sec
2019-11-24 01:29:52.544 20411 INFO rally.task.engine [-] Load duration is: 26.979651
2019-11-24 01:29:52.544 20411 INFO rally.task.engine [-] Full runner duration is: 28.028556
2019-11-24 01:29:52.545 20411 INFO rally.task.engine [-] Full duration is: 85.846426
2019-11-24 01:29:52.911 20411 INFO rally.task.engine [-] Running workload: position = 0 config = { "version": 2, "title": "A cropped version of a bigger task.", "description": "Auto-generated task from a single workload (uuid=2696b7d8-cf10-43ec-bccb-673275286ce2)", "subtasks": [ { "title": "NovaServers.boot_and_rebuild_server", "description": "Rebuild a server.", "scenario": { "NovaServers.boot_and_rebuild_server": { "flavor": { "name": "rally_full-flavor_2f170d48-e02c-4426-87d5-40abf8fe2368" }, "from_image": { "name": "rally_full-img_2f170d48-e02c-4426-87d5-40abf8fe2368" }, "to_image": { "name": "rally_full-img_2f170d48-e02c-4426-87d5-40abf8fe2368" }, "nics": [ { "net-id": "91120f3d-1d14-4af3-8878-32cf1dc2d13f" } ] } }, "contexts": { "users": { "tenants": 3, "users_per_tenant": 2 }, "network": { "networks_per_tenant": 1, "start_cidr": "100.1.0.0/25" }, "quotas": { "neutron": { "network": -1, "port": -1, "subnet": -1 }, "nova": { "cores": -1, "floating_ips": -1, "instances": -1, "ram": -1, "security_group_rules": -1, "security_groups": -1 } } }, "runner": { "constant": { "concurrency": 4, "times": 10 } }, "hooks": [], "sla": { "failure_rate": { "max": 0 } } } ] }
2019-11-24 01:29:52.935 20411 RALLYDEBUG rally_openstack.contexts.keystone.users [-] Creating 3 tenants using 20 threads
2019-11-24 01:29:53.984 20411 RALLYDEBUG rally_openstack.contexts.keystone.users [-] Creating 6 users using 20 threads
2019-11-24 01:29:55.619 20411 INFO rally.task.context [-] Task c0fc49d1-da24-4495-9fd9-5ddc7eab7726 | Context users@openstack setup() finished in 2.68 sec
2019-11-24 01:29:57.285 20411 INFO rally.task.context [-] Task c0fc49d1-da24-4495-9fd9-5ddc7eab7726 | Context quotas@openstack setup() finished in 1.67 sec
2019-11-24 01:29:59.478 20411 RALLYDEBUG rally_openstack.wrappers.network [-] CIDR generated: 100.1.4.128/25
2019-11-24 01:30:03.634 20411 RALLYDEBUG rally_openstack.wrappers.network [-] CIDR generated: 100.1.5.0/25
2019-11-24 01:30:07.542 20411 RALLYDEBUG rally_openstack.wrappers.network [-] CIDR generated: 100.1.5.128/25
2019-11-24 01:30:09.790 20411 INFO rally.task.context [-] Task c0fc49d1-da24-4495-9fd9-5ddc7eab7726 | Context network@openstack setup() finished in 12.50 sec
2019-11-24 01:30:09.791 20411 INFO rally.task.context [-] Task c0fc49d1-da24-4495-9fd9-5ddc7eab7726 | Context cleanup@openstack setup() finished in 0.01 msec
2019-11-24 01:30:10.914 20411 RALLYDEBUG rally.task.runner [-] Starting the constant runner (task UUID: c0fc49d1-da24-4495-9fd9-5ddc7eab7726). times: 10 concurrency: 4 timeout: 0 max_cpu_used: 16 processes_to_start: 4 concurrency_per_worker: 1 concurrency_overhead: 0
2019-11-24 01:30:10.926 21355 RALLYDEBUG rally.task.runner [-] Starting a worker. times: 10 duration: None concurrency: 1 timeout: 0 cls: method_name: run args: {"flavor": "b21a361e-46d7-4d11-b324-6e9761bcee23", "from_image": "e2756950-7b6d-4778-be5f-611bc2de8e52", "to_image": "e2756950-7b6d-4778-be5f-611bc2de8e52", "nics": [{"net-id": "91120f3d-1d14-4af3-8878-32cf1dc2d13f"}]}
2019-11-24 01:30:10.930 21356 RALLYDEBUG rally.task.runner [-] Starting a worker. times: 10 duration: None concurrency: 1 timeout: 0 cls: method_name: run args: {"flavor": "b21a361e-46d7-4d11-b324-6e9761bcee23", "from_image": "e2756950-7b6d-4778-be5f-611bc2de8e52", "to_image": "e2756950-7b6d-4778-be5f-611bc2de8e52", "nics": [{"net-id": "91120f3d-1d14-4af3-8878-32cf1dc2d13f"}]}
2019-11-24 01:30:10.934 21355 INFO rally.task.runner [-] Task c0fc49d1-da24-4495-9fd9-5ddc7eab7726 | ITER: 1 START
2019-11-24 01:30:10.934 21357 RALLYDEBUG rally.task.runner [-] Starting a worker. times: 10 duration: None concurrency: 1 timeout: 0 cls: method_name: run args: {"flavor": "b21a361e-46d7-4d11-b324-6e9761bcee23", "from_image": "e2756950-7b6d-4778-be5f-611bc2de8e52", "to_image": "e2756950-7b6d-4778-be5f-611bc2de8e52", "nics": [{"net-id": "91120f3d-1d14-4af3-8878-32cf1dc2d13f"}]}
2019-11-24 01:30:10.938 21356 INFO rally.task.runner [-] Task c0fc49d1-da24-4495-9fd9-5ddc7eab7726 | ITER: 2 START
2019-11-24 01:30:10.938 21358 RALLYDEBUG rally.task.runner [-] Starting a worker. times: 10 duration: None concurrency: 1 timeout: 0 cls: method_name: run args: {"flavor": "b21a361e-46d7-4d11-b324-6e9761bcee23", "from_image": "e2756950-7b6d-4778-be5f-611bc2de8e52", "to_image": "e2756950-7b6d-4778-be5f-611bc2de8e52", "nics": [{"net-id": "91120f3d-1d14-4af3-8878-32cf1dc2d13f"}]}
2019-11-24 01:30:10.941 21357 INFO rally.task.runner [-] Task c0fc49d1-da24-4495-9fd9-5ddc7eab7726 | ITER: 3 START
2019-11-24 01:30:10.945 21358 INFO rally.task.runner [-] Task c0fc49d1-da24-4495-9fd9-5ddc7eab7726 | ITER: 4 START
2019-11-24 01:30:19.997 21356 RALLYDEBUG rally.task.utils [-] Waiting for resource s_rally_2696b7d8_mQcnw0t9. Status changed: BUILD => ACTIVE in 6.785836935043335
2019-11-24 01:30:20.179 21358 RALLYDEBUG rally.task.utils [-] Waiting for resource s_rally_2696b7d8_eQxNOkfh. Status changed: BUILD => ACTIVE in 6.912451982498169
2019-11-24 01:30:20.313 21355 RALLYDEBUG rally.task.utils [-] Waiting for resource s_rally_2696b7d8_fBQq23AL. Status changed: BUILD => ACTIVE in 7.20708703994751
2019-11-24 01:30:20.420 21357 RALLYDEBUG rally.task.utils [-] Waiting for resource s_rally_2696b7d8_qbqlPPwh. Status changed: BUILD => ACTIVE in 6.88184380531311
2019-11-24 01:30:21.456 21356 RALLYDEBUG rally.task.utils [-] Waiting for resource s_rally_2696b7d8_mQcnw0t9. Status changed: ACTIVE => REBUILD in 0.1819465160369873
2019-11-24 01:30:21.685 21358 RALLYDEBUG rally.task.utils [-] Waiting for resource s_rally_2696b7d8_eQxNOkfh. Status changed: ACTIVE => REBUILD in 0.2227487564086914
2019-11-24 01:30:21.828 21355 RALLYDEBUG rally.task.utils [-] Waiting for resource s_rally_2696b7d8_fBQq23AL. Status changed: ACTIVE => REBUILD in 0.22734975814819336
2019-11-24 01:30:22.313 21357 RALLYDEBUG rally.task.utils [-] Waiting for resource s_rally_2696b7d8_qbqlPPwh. Status changed: ACTIVE => REBUILD in 0.27451181411743164
2019-11-24 01:30:37.129 21358 RALLYDEBUG rally.task.utils [-] Waiting for resource s_rally_2696b7d8_eQxNOkfh. Status changed: REBUILD => ACTIVE in 15.443870067596436
2019-11-24 01:30:39.324 21357 RALLYDEBUG rally.task.utils [-] Waiting for resource s_rally_2696b7d8_qbqlPPwh. Status changed: REBUILD => ACTIVE in 17.01138949394226
2019-11-24 01:30:39.335 21356 RALLYDEBUG rally.task.utils [-] Waiting for resource s_rally_2696b7d8_mQcnw0t9. Status changed: REBUILD => ACTIVE in 17.87920117378235
2019-11-24 01:30:39.469 21358 INFO rally.task.runner [-] Task c0fc49d1-da24-4495-9fd9-5ddc7eab7726 | ITER: 4 END: OK
2019-11-24 01:30:39.475 21358 INFO rally.task.runner [-] Task c0fc49d1-da24-4495-9fd9-5ddc7eab7726 | ITER: 5 START
2019-11-24 01:30:40.804 21355 RALLYDEBUG rally.task.utils [-] Waiting for resource s_rally_2696b7d8_fBQq23AL. Status changed: REBUILD => ACTIVE in 18.975229263305664
2019-11-24 01:30:41.623 21357 INFO rally.task.runner [-] Task c0fc49d1-da24-4495-9fd9-5ddc7eab7726 | ITER: 3 END: OK
2019-11-24 01:30:41.630 21357 INFO rally.task.runner [-] Task c0fc49d1-da24-4495-9fd9-5ddc7eab7726 | ITER: 6 START
2019-11-24 01:30:41.667 21356 INFO rally.task.runner [-] Task c0fc49d1-da24-4495-9fd9-5ddc7eab7726 | ITER: 2 END: OK
2019-11-24 01:30:41.673 21356 INFO rally.task.runner [-] Task c0fc49d1-da24-4495-9fd9-5ddc7eab7726 | ITER: 7 START
2019-11-24 01:30:43.267 21355 INFO rally.task.runner [-] Task c0fc49d1-da24-4495-9fd9-5ddc7eab7726 | ITER: 1 END: OK
2019-11-24 01:30:43.273 21355 INFO rally.task.runner [-] Task c0fc49d1-da24-4495-9fd9-5ddc7eab7726 | ITER: 8 START
2019-11-24 01:30:46.260 21358 RALLYDEBUG rally.task.utils [-] Waiting for resource s_rally_2696b7d8_klL6xA6C. Status changed: BUILD => ACTIVE in 4.677929401397705
2019-11-24 01:30:47.742 21358 RALLYDEBUG rally.task.utils [-] Waiting for resource s_rally_2696b7d8_klL6xA6C. Status changed: ACTIVE => REBUILD in 0.19655227661132812
2019-11-24 01:30:48.345 21357 RALLYDEBUG rally.task.utils [-] Waiting for resource s_rally_2696b7d8_J3EOQBcM. Status changed: BUILD => ACTIVE in 4.676984548568726
2019-11-24 01:30:49.993 21357 RALLYDEBUG rally.task.utils [-] Waiting for resource s_rally_2696b7d8_J3EOQBcM. Status changed: ACTIVE => REBUILD in 0.37786102294921875
2019-11-24 01:30:50.544 21356 RALLYDEBUG rally.task.utils [-] Waiting for resource s_rally_2696b7d8_XjzdqrpT. Status changed: BUILD => ACTIVE in 6.781461715698242
2019-11-24 01:30:52.030 21356 RALLYDEBUG rally.task.utils [-] Waiting for resource s_rally_2696b7d8_XjzdqrpT. Status changed: ACTIVE => REBUILD in 0.18875956535339355
2019-11-24 01:30:52.597 21355 RALLYDEBUG rally.task.utils [-] Waiting for resource s_rally_2696b7d8_i49MrS8e. Status changed: BUILD => ACTIVE in 6.756458282470703
2019-11-24 01:30:54.211 21355 RALLYDEBUG rally.task.utils [-] Waiting for resource s_rally_2696b7d8_i49MrS8e. Status changed: ACTIVE => REBUILD in 0.2427353858947754
2019-11-24 01:31:04.705 21358 RALLYDEBUG rally.task.utils [-] Waiting for resource s_rally_2696b7d8_klL6xA6C. Status changed: REBUILD => ACTIVE in 16.963239669799805
2019-11-24 01:31:05.428 21357 RALLYDEBUG rally.task.utils [-] Waiting for resource s_rally_2696b7d8_J3EOQBcM. Status changed: REBUILD => ACTIVE in 15.434809923171997
2019-11-24 01:31:07.055 21358 INFO rally.task.runner [-] Task c0fc49d1-da24-4495-9fd9-5ddc7eab7726 | ITER: 5 END: OK
2019-11-24 01:31:07.061 21358 INFO rally.task.runner [-] Task c0fc49d1-da24-4495-9fd9-5ddc7eab7726 | ITER: 9 START
2019-11-24 01:31:07.589 21356 RALLYDEBUG rally.task.utils [-] Waiting for resource s_rally_2696b7d8_XjzdqrpT. Status changed: REBUILD => ACTIVE in 15.559180736541748
2019-11-24 01:31:07.731 21357 INFO rally.task.runner [-] Task c0fc49d1-da24-4495-9fd9-5ddc7eab7726 | ITER: 6 END: OK
2019-11-24 01:31:07.736 21357 INFO rally.task.runner [-] Task c0fc49d1-da24-4495-9fd9-5ddc7eab7726 | ITER: 10 START
2019-11-24 01:31:09.900 21356 INFO rally.task.runner [-] Task c0fc49d1-da24-4495-9fd9-5ddc7eab7726 | ITER: 7 END: OK
2019-11-24 01:31:11.051 21355 RALLYDEBUG rally.task.utils [-] Waiting for resource s_rally_2696b7d8_i49MrS8e. Status changed: REBUILD => ACTIVE in 16.83949613571167
2019-11-24 01:31:13.427 21355 INFO rally.task.runner [-] Task c0fc49d1-da24-4495-9fd9-5ddc7eab7726 | ITER: 8 END: OK
2019-11-24 01:31:16.793 21357 RALLYDEBUG rally.task.utils [-] Waiting for resource s_rally_2696b7d8_n9978mOE. Status changed: BUILD => ACTIVE in 6.99858283996582
2019-11-24 01:31:18.351 21357 RALLYDEBUG rally.task.utils [-] Waiting for resource s_rally_2696b7d8_n9978mOE. Status changed: ACTIVE => REBUILD in 0.265331506729126
2019-11-24 01:31:18.483 21358 RALLYDEBUG rally.task.utils [-] Waiting for resource s_rally_2696b7d8_lXbGYVMw. Status changed: BUILD => ACTIVE in 9.094719648361206
2019-11-24 01:31:20.016 21358 RALLYDEBUG rally.task.utils [-] Waiting for resource s_rally_2696b7d8_lXbGYVMw. Status changed: ACTIVE => REBUILD in 0.2287752628326416
2019-11-24 01:31:35.359 21357 RALLYDEBUG rally.task.utils [-] Waiting for resource s_rally_2696b7d8_n9978mOE. Status changed: REBUILD => ACTIVE in 17.008147478103638
2019-11-24 01:31:37.817 21357 INFO rally.task.runner [-] Task c0fc49d1-da24-4495-9fd9-5ddc7eab7726 | ITER: 10 END: OK
2019-11-24 01:31:56.788 21358 RALLYDEBUG rally.task.utils [-] Waiting for resource s_rally_2696b7d8_lXbGYVMw. Status changed: REBUILD => ACTIVE in 36.772234201431274
2019-11-24 01:31:59.126 21358 INFO rally.task.runner [-] Task c0fc49d1-da24-4495-9fd9-5ddc7eab7726 | ITER: 9 END: OK
2019-11-24 01:31:59.158 20411 INFO rally.task.context [-] Task c0fc49d1-da24-4495-9fd9-5ddc7eab7726 | Context cleanup@openstack cleanup() started
2019-11-24 01:31:59.163 20411 RALLYDEBUG rally_openstack.cleanup.manager [-] Cleaning up nova servers objects
2019-11-24 01:32:00.506 20411 RALLYDEBUG rally_openstack.cleanup.manager [-] Cleaning up nova server_groups objects
2019-11-24 01:32:01.681 20411 RALLYDEBUG rally_openstack.cleanup.manager [-] Cleaning up nova keypairs objects
2019-11-24 01:32:03.998 20411 INFO rally.task.context [-] Task c0fc49d1-da24-4495-9fd9-5ddc7eab7726 | Context cleanup@openstack cleanup() finished in 4.84 sec
2019-11-24 01:32:03.998 20411 INFO rally.task.context [-] Task c0fc49d1-da24-4495-9fd9-5ddc7eab7726 | Context network@openstack cleanup() started
2019-11-24 01:32:26.053 20411 INFO rally.task.context [-] Task c0fc49d1-da24-4495-9fd9-5ddc7eab7726 | Context network@openstack cleanup() finished in 22.05 sec
2019-11-24 01:32:26.054 20411 INFO rally.task.context [-] Task c0fc49d1-da24-4495-9fd9-5ddc7eab7726 | Context quotas@openstack cleanup() started
2019-11-24 01:32:26.367 20411 INFO rally.task.context [-] Task c0fc49d1-da24-4495-9fd9-5ddc7eab7726 | Context quotas@openstack cleanup() finished in 0.31 sec
2019-11-24 01:32:26.368 20411 INFO rally.task.context [-] Task c0fc49d1-da24-4495-9fd9-5ddc7eab7726 | Context users@openstack cleanup() started
2019-11-24 01:32:30.576 20411 INFO rally.task.context [-] Task c0fc49d1-da24-4495-9fd9-5ddc7eab7726 | Context users@openstack cleanup() finished in 4.21 sec
2019-11-24 01:32:31.620 20411 INFO rally.task.engine [-] Load duration is: 106.190996
2019-11-24 01:32:31.620 20411 INFO rally.task.engine [-] Full runner duration is: 108.244918
2019-11-24 01:32:31.621 20411 INFO rally.task.engine [-] Full duration is: 157.643083
2019-11-24 01:32:31.949 20411 INFO rally.task.engine [-] Running workload: position = 0 config = { "version": 2, "title": "A cropped version of a bigger task.", "description": "Auto-generated task from a single workload (uuid=6f06a8ac-8397-4f61-9ff7-d83d088ba561)", "subtasks": [ { "title": "NovaServers.snapshot_server", "description": "Boot a server, make its snapshot and delete both.", "scenario": { "NovaServers.snapshot_server": { "flavor": { "name": "rally_full-flavor_2f170d48-e02c-4426-87d5-40abf8fe2368" }, "image": { "name": "rally_full-img_2f170d48-e02c-4426-87d5-40abf8fe2368" }, "nics": [ { "net-id": "91120f3d-1d14-4af3-8878-32cf1dc2d13f" } ] } }, "contexts": { "users": { "tenants": 3, "users_per_tenant": 2 }, "network": { "networks_per_tenant": 1, "start_cidr": "100.1.0.0/25" }, "quotas": { "neutron": { "network": -1, "port": -1, "subnet": -1 }, "nova": { "cores": -1, "floating_ips": -1, "instances": -1, "ram": -1, "security_group_rules": -1, "security_groups": -1 } } }, "runner": { "constant": { "concurrency": 4, "times": 10 } }, "hooks": [], "sla": { "failure_rate": { "max": 0 } } } ] }
2019-11-24 01:32:31.976 20411 RALLYDEBUG rally_openstack.contexts.keystone.users [-] Creating 3 tenants using 20 threads
2019-11-24 01:32:33.033 20411 RALLYDEBUG rally_openstack.contexts.keystone.users [-] Creating 6 users using 20 threads
2019-11-24 01:32:34.530 20411 INFO rally.task.context [-] Task c0fc49d1-da24-4495-9fd9-5ddc7eab7726 | Context users@openstack setup() finished in 2.55 sec
2019-11-24 01:32:36.186 20411 INFO rally.task.context [-] Task c0fc49d1-da24-4495-9fd9-5ddc7eab7726 | Context quotas@openstack setup() finished in 1.66 sec
2019-11-24 01:32:38.457 20411 RALLYDEBUG rally_openstack.wrappers.network [-] CIDR generated: 100.1.6.0/25
2019-11-24 01:32:42.708 20411 RALLYDEBUG rally_openstack.wrappers.network [-] CIDR generated: 100.1.6.128/25
2019-11-24 01:32:46.707 20411 RALLYDEBUG rally_openstack.wrappers.network [-] CIDR generated: 100.1.7.0/25
2019-11-24 01:32:48.840 20411 INFO rally.task.context [-] Task c0fc49d1-da24-4495-9fd9-5ddc7eab7726 | Context network@openstack setup() finished in 12.65 sec
2019-11-24 01:32:48.841 20411 INFO rally.task.context [-] Task c0fc49d1-da24-4495-9fd9-5ddc7eab7726 | Context cleanup@openstack setup() finished in 0.02 msec
2019-11-24 01:32:49.669 20411 RALLYDEBUG rally.task.runner [-] Starting the constant runner (task UUID: c0fc49d1-da24-4495-9fd9-5ddc7eab7726). times: 10 concurrency: 4 timeout: 0 max_cpu_used: 16 processes_to_start: 4 concurrency_per_worker: 1 concurrency_overhead: 0
2019-11-24 01:32:49.681 21519 RALLYDEBUG rally.task.runner [-] Starting a worker. times: 10 duration: None concurrency: 1 timeout: 0 cls: method_name: run args: {"flavor": "b21a361e-46d7-4d11-b324-6e9761bcee23", "image": "e2756950-7b6d-4778-be5f-611bc2de8e52", "nics": [{"net-id": "91120f3d-1d14-4af3-8878-32cf1dc2d13f"}]}
2019-11-24 01:32:49.685 21520 RALLYDEBUG rally.task.runner [-] Starting a worker. times: 10 duration: None concurrency: 1 timeout: 0 cls: method_name: run args: {"flavor": "b21a361e-46d7-4d11-b324-6e9761bcee23", "image": "e2756950-7b6d-4778-be5f-611bc2de8e52", "nics": [{"net-id": "91120f3d-1d14-4af3-8878-32cf1dc2d13f"}]}
2019-11-24 01:32:49.688 21519 INFO rally.task.runner [-] Task c0fc49d1-da24-4495-9fd9-5ddc7eab7726 | ITER: 1 START
2019-11-24 01:32:49.689 21521 RALLYDEBUG rally.task.runner [-] Starting a worker. times: 10 duration: None concurrency: 1 timeout: 0 cls: method_name: run args: {"flavor": "b21a361e-46d7-4d11-b324-6e9761bcee23", "image": "e2756950-7b6d-4778-be5f-611bc2de8e52", "nics": [{"net-id": "91120f3d-1d14-4af3-8878-32cf1dc2d13f"}]}
2019-11-24 01:32:49.693 21524 RALLYDEBUG rally.task.runner [-] Starting a worker. times: 10 duration: None concurrency: 1 timeout: 0 cls: method_name: run args: {"flavor": "b21a361e-46d7-4d11-b324-6e9761bcee23", "image": "e2756950-7b6d-4778-be5f-611bc2de8e52", "nics": [{"net-id": "91120f3d-1d14-4af3-8878-32cf1dc2d13f"}]}
2019-11-24 01:32:49.693 21520 INFO rally.task.runner [-] Task c0fc49d1-da24-4495-9fd9-5ddc7eab7726 | ITER: 2 START
2019-11-24 01:32:49.696 21521 INFO rally.task.runner [-] Task c0fc49d1-da24-4495-9fd9-5ddc7eab7726 | ITER: 3 START
2019-11-24 01:32:49.700 21524 INFO rally.task.runner [-] Task c0fc49d1-da24-4495-9fd9-5ddc7eab7726 | ITER: 4 START
2019-11-24 01:32:56.609 21520 RALLYDEBUG rally.task.utils [-] Waiting for resource s_rally_6f06a8ac_Xvuytxah. Status changed: BUILD => ACTIVE in 4.699246883392334
2019-11-24 01:32:58.899 21520 RALLYDEBUG rally.task.utils [-] Waiting for resource s_rally_6f06a8ac_Xvuytxah. Status changed: QUEUED => SAVING in 2.0463478565216064
2019-11-24 01:32:59.054 21521 RALLYDEBUG rally.task.utils [-] Waiting for resource s_rally_6f06a8ac_1bCsbtQL. Status changed: BUILD => ACTIVE in 6.938254117965698
2019-11-24 01:32:59.083 21524 RALLYDEBUG rally.task.utils [-] Waiting for resource s_rally_6f06a8ac_R10ZJURQ. Status changed: BUILD => ACTIVE in 7.000085115432739
2019-11-24 01:33:00.928 21520 RALLYDEBUG rally.task.utils [-] Waiting for resource s_rally_6f06a8ac_Xvuytxah. Status changed: SAVING => ACTIVE in 2.028654098510742
2019-11-24 01:33:01.235 21519 RALLYDEBUG rally.task.utils [-] Waiting for resource s_rally_6f06a8ac_1QpanLbq. Status changed: BUILD => ACTIVE in 8.986246824264526
2019-11-24 01:33:01.379 21521 RALLYDEBUG rally.task.utils [-] Waiting for resource s_rally_6f06a8ac_1bCsbtQL. Status changed: QUEUED => SAVING in 2.0414791107177734
2019-11-24 01:33:03.406 21521 RALLYDEBUG rally.task.utils [-] Waiting for resource s_rally_6f06a8ac_1bCsbtQL. Status changed: SAVING => ACTIVE in 2.026834726333618
2019-11-24 01:33:03.427 21524 RALLYDEBUG rally.task.utils [-] Waiting for resource s_rally_6f06a8ac_R10ZJURQ. Status changed: QUEUED => ACTIVE in 4.070840120315552
2019-11-24 01:33:05.608 21519 RALLYDEBUG rally.task.utils [-] Waiting for resource s_rally_6f06a8ac_1QpanLbq. Status changed: QUEUED => ACTIVE in 4.0696399211883545
2019-11-24 01:33:09.818 21520 RALLYDEBUG rally.task.utils [-] Waiting for resource s_rally_6f06a8ac_qB1zQjjp. Status changed: BUILD => ACTIVE in 4.541476488113403
2019-11-24 01:33:12.310 21520 WARNING /usr/lib/python3.6/site-packages/rally_openstack/scenarios/nova/utils.py [-] Method '_delete_image' of NovaScenario class is deprecated since Rally 0.10.0. Use GlanceUtils instead.
2019-11-24 01:33:12.442 21520 DEBUG glanceclient.common.http [-] Request returned failure status 404. _handle_response /usr/lib/python3.6/site-packages/glanceclient/common/http.py:125
2019-11-24 01:33:12.448 21520 INFO rally.task.runner [-] Task c0fc49d1-da24-4495-9fd9-5ddc7eab7726 | ITER: 2 END: OK
2019-11-24 01:33:12.455 21520 INFO rally.task.runner [-] Task c0fc49d1-da24-4495-9fd9-5ddc7eab7726 | ITER: 5 START
2019-11-24 01:33:14.046 21524 RALLYDEBUG rally.task.utils [-] Waiting for resource s_rally_6f06a8ac_sFvp5iVb. Status changed: BUILD => ACTIVE in 6.653125286102295
2019-11-24 01:33:14.347 21519 RALLYDEBUG rally.task.utils [-] Waiting for resource s_rally_6f06a8ac_4WmEbAyk. Status changed: BUILD => ACTIVE in 4.4204370975494385
2019-11-24 01:33:16.402 21524 WARNING /usr/lib/python3.6/site-packages/rally_openstack/scenarios/nova/utils.py [-] Method '_delete_image' of NovaScenario class is deprecated since Rally 0.10.0. Use GlanceUtils instead.
2019-11-24 01:33:16.457 21521 RALLYDEBUG rally.task.utils [-] Waiting for resource s_rally_6f06a8ac_J53Zk7Yr. Status changed: BUILD => ACTIVE in 9.103265285491943
2019-11-24 01:33:16.551 21524 DEBUG glanceclient.common.http [-] Request returned failure status 404. _handle_response /usr/lib/python3.6/site-packages/glanceclient/common/http.py:125
2019-11-24 01:33:16.557 21524 INFO rally.task.runner [-] Task c0fc49d1-da24-4495-9fd9-5ddc7eab7726 | ITER: 4 END: OK
2019-11-24 01:33:16.563 21524 INFO rally.task.runner [-] Task c0fc49d1-da24-4495-9fd9-5ddc7eab7726 | ITER: 6 START
2019-11-24 01:33:16.666 21519 WARNING /usr/lib/python3.6/site-packages/rally_openstack/scenarios/nova/utils.py [-] Method '_delete_image' of NovaScenario class is deprecated since Rally 0.10.0. Use GlanceUtils instead.
2019-11-24 01:33:16.797 21519 DEBUG glanceclient.common.http [-] Request returned failure status 404. _handle_response /usr/lib/python3.6/site-packages/glanceclient/common/http.py:125
2019-11-24 01:33:16.804 21519 INFO rally.task.runner [-] Task c0fc49d1-da24-4495-9fd9-5ddc7eab7726 | ITER: 1 END: OK
2019-11-24 01:33:16.809 21519 INFO rally.task.runner [-] Task c0fc49d1-da24-4495-9fd9-5ddc7eab7726 | ITER: 7 START
2019-11-24 01:33:18.884 21521 WARNING /usr/lib/python3.6/site-packages/rally_openstack/scenarios/nova/utils.py [-] Method '_delete_image' of NovaScenario class is deprecated since Rally 0.10.0. Use GlanceUtils instead.
2019-11-24 01:33:19.003 21521 DEBUG glanceclient.common.http [-] Request returned failure status 404. _handle_response /usr/lib/python3.6/site-packages/glanceclient/common/http.py:125
2019-11-24 01:33:19.009 21521 INFO rally.task.runner [-] Task c0fc49d1-da24-4495-9fd9-5ddc7eab7726 | ITER: 3 END: OK
2019-11-24 01:33:19.013 21521 INFO rally.task.runner [-] Task c0fc49d1-da24-4495-9fd9-5ddc7eab7726 | ITER: 8 START
2019-11-24 01:33:19.457 21520 RALLYDEBUG rally.task.utils [-] Waiting for resource s_rally_6f06a8ac_Jp7QLwt4. Status changed: BUILD => ACTIVE in 4.721457004547119
2019-11-24 01:33:23.790 21520 RALLYDEBUG rally.task.utils [-] Waiting for resource s_rally_6f06a8ac_Jp7QLwt4. Status changed: QUEUED => ACTIVE in 4.064740896224976
2019-11-24 01:33:23.875 21519 RALLYDEBUG rally.task.utils [-] Waiting for resource s_rally_6f06a8ac_mJsWTd6p. Status changed: BUILD => ACTIVE in 4.608445405960083
2019-11-24 01:33:25.878 21521 RALLYDEBUG rally.task.utils [-] Waiting for resource s_rally_6f06a8ac_uWtrMoZ5. Status changed: BUILD => ACTIVE in 4.532824993133545
2019-11-24 01:33:26.143 21519 RALLYDEBUG rally.task.utils [-] Waiting for resource s_rally_6f06a8ac_mJsWTd6p. Status changed: QUEUED => ACTIVE in 2.0401721000671387
2019-11-24 01:33:27.682 21524 RALLYDEBUG rally.task.utils [-] Waiting for resource s_rally_6f06a8ac_euwzF13U. Status changed: BUILD => ACTIVE in 8.951968908309937
2019-11-24 01:33:30.173 21521 RALLYDEBUG rally.task.utils [-] Waiting for resource s_rally_6f06a8ac_uWtrMoZ5. Status changed: QUEUED => ACTIVE in 4.078431129455566
2019-11-24 01:33:32.022 21524 RALLYDEBUG rally.task.utils [-] Waiting for resource s_rally_6f06a8ac_euwzF13U. Status changed: QUEUED => ACTIVE in 4.073200702667236
2019-11-24 01:33:32.234 21520 RALLYDEBUG rally.task.utils [-] Waiting for resource s_rally_6f06a8ac_R5uBj5gR. Status changed: BUILD => ACTIVE in 4.515094995498657
2019-11-24 01:33:34.541 21520 WARNING /usr/lib/python3.6/site-packages/rally_openstack/scenarios/nova/utils.py [-] Method '_delete_image' of NovaScenario class is deprecated since Rally 0.10.0. Use GlanceUtils instead.
2019-11-24 01:33:34.690 21520 DEBUG glanceclient.common.http [-] Request returned failure status 404. _handle_response /usr/lib/python3.6/site-packages/glanceclient/common/http.py:125
2019-11-24 01:33:34.691 21520 INFO rally.task.runner [-] Task c0fc49d1-da24-4495-9fd9-5ddc7eab7726 | ITER: 5 END: OK
2019-11-24 01:33:34.697 21520 INFO rally.task.runner [-] Task c0fc49d1-da24-4495-9fd9-5ddc7eab7726 | ITER: 9 START
2019-11-24 01:33:34.804 21519 RALLYDEBUG rally.task.utils [-] Waiting for resource s_rally_6f06a8ac_gSzuwGcA. Status changed: BUILD => ACTIVE in 4.573410272598267
2019-11-24 01:33:37.204 21519 WARNING /usr/lib/python3.6/site-packages/rally_openstack/scenarios/nova/utils.py [-] Method '_delete_image' of NovaScenario class is deprecated since Rally 0.10.0. Use GlanceUtils instead.
2019-11-24 01:33:37.338 21519 DEBUG glanceclient.common.http [-] Request returned failure status 404. _handle_response /usr/lib/python3.6/site-packages/glanceclient/common/http.py:125
2019-11-24 01:33:37.339 21519 INFO rally.task.runner [-] Task c0fc49d1-da24-4495-9fd9-5ddc7eab7726 | ITER: 7 END: OK
2019-11-24 01:33:37.343 21519 INFO rally.task.runner [-] Task c0fc49d1-da24-4495-9fd9-5ddc7eab7726 | ITER: 10 START
2019-11-24 01:33:39.103 21521 RALLYDEBUG rally.task.utils [-] Waiting for resource s_rally_6f06a8ac_oIIIfjBB. Status changed: BUILD => ACTIVE in 4.5472025871276855
2019-11-24 01:33:41.347 21520 RALLYDEBUG rally.task.utils [-] Waiting for resource s_rally_6f06a8ac_QpIx2bkZ. Status changed: BUILD => ACTIVE in 4.61522364616394
2019-11-24 01:33:41.403 21521 WARNING /usr/lib/python3.6/site-packages/rally_openstack/scenarios/nova/utils.py [-] Method '_delete_image' of NovaScenario class is deprecated since Rally 0.10.0. Use GlanceUtils instead.
2019-11-24 01:33:41.567 21521 DEBUG glanceclient.common.http [-] Request returned failure status 404. _handle_response /usr/lib/python3.6/site-packages/glanceclient/common/http.py:125
2019-11-24 01:33:41.568 21521 INFO rally.task.runner [-] Task c0fc49d1-da24-4495-9fd9-5ddc7eab7726 | ITER: 8 END: OK
2019-11-24 01:33:42.759 21524 RALLYDEBUG rally.task.utils [-] Waiting for resource s_rally_6f06a8ac_Tk34buXz. Status changed: BUILD => ACTIVE in 6.6973161697387695
2019-11-24 01:33:44.111 21519 RALLYDEBUG rally.task.utils [-] Waiting for resource s_rally_6f06a8ac_UqzLupES. Status changed: BUILD => ACTIVE in 4.50952672958374
2019-11-24 01:33:45.152 21524 WARNING /usr/lib/python3.6/site-packages/rally_openstack/scenarios/nova/utils.py [-] Method '_delete_image' of NovaScenario class is deprecated since Rally 0.10.0. Use GlanceUtils instead.
2019-11-24 01:33:45.305 21524 DEBUG glanceclient.common.http [-] Request returned failure status 404. _handle_response /usr/lib/python3.6/site-packages/glanceclient/common/http.py:125
2019-11-24 01:33:45.306 21524 INFO rally.task.runner [-] Task c0fc49d1-da24-4495-9fd9-5ddc7eab7726 | ITER: 6 END: OK
2019-11-24 01:33:45.676 21520 RALLYDEBUG rally.task.utils [-] Waiting for resource s_rally_6f06a8ac_QpIx2bkZ. Status changed: QUEUED => ACTIVE in 4.073087930679321
2019-11-24 01:33:46.446 21519 RALLYDEBUG rally.task.utils [-] Waiting for resource s_rally_6f06a8ac_UqzLupES. Status changed: QUEUED => SAVING in 2.0444908142089844
2019-11-24 01:33:48.476 21519 RALLYDEBUG rally.task.utils [-] Waiting for resource s_rally_6f06a8ac_UqzLupES. Status changed: SAVING => ACTIVE in 2.0298805236816406
2019-11-24 01:33:54.381 21520 RALLYDEBUG rally.task.utils [-] Waiting for resource s_rally_6f06a8ac_2zZQBNjD. Status changed: BUILD => ACTIVE in 4.556530714035034
2019-11-24 01:33:56.755 21520 WARNING /usr/lib/python3.6/site-packages/rally_openstack/scenarios/nova/utils.py [-] Method '_delete_image' of NovaScenario class is deprecated since Rally 0.10.0. Use GlanceUtils instead.
2019-11-24 01:33:56.894 21520 DEBUG glanceclient.common.http [-] Request returned failure status 404. _handle_response /usr/lib/python3.6/site-packages/glanceclient/common/http.py:125
2019-11-24 01:33:56.895 21520 INFO rally.task.runner [-] Task c0fc49d1-da24-4495-9fd9-5ddc7eab7726 | ITER: 9 END: OK
2019-11-24 01:33:57.282 21519 RALLYDEBUG rally.task.utils [-] Waiting for resource s_rally_6f06a8ac_2L2f9fJo. Status changed: BUILD => ACTIVE in 4.702976703643799
2019-11-24 01:33:59.736 21519 WARNING /usr/lib/python3.6/site-packages/rally_openstack/scenarios/nova/utils.py [-] Method '_delete_image' of NovaScenario class is deprecated since Rally 0.10.0. Use GlanceUtils instead.
2019-11-24 01:33:59.895 21519 DEBUG glanceclient.common.http [-] Request returned failure status 404. _handle_response /usr/lib/python3.6/site-packages/glanceclient/common/http.py:125
2019-11-24 01:33:59.897 21519 INFO rally.task.runner [-] Task c0fc49d1-da24-4495-9fd9-5ddc7eab7726 | ITER: 10 END: OK
2019-11-24 01:33:59.927 20411 INFO rally.task.context [-] Task c0fc49d1-da24-4495-9fd9-5ddc7eab7726 | Context cleanup@openstack cleanup() started
2019-11-24 01:33:59.931 20411 RALLYDEBUG rally_openstack.cleanup.manager [-] Cleaning up nova servers objects
2019-11-24 01:34:01.370 20411 RALLYDEBUG rally_openstack.cleanup.manager [-] Cleaning up nova server_groups objects
2019-11-24 01:34:02.510 20411 RALLYDEBUG rally_openstack.cleanup.manager [-] Cleaning up nova keypairs objects
2019-11-24 01:34:05.048 20411 RALLYDEBUG rally_openstack.cleanup.manager [-] Cleaning up glance images objects
2019-11-24 01:34:06.384 20411 INFO rally.task.context [-] Task c0fc49d1-da24-4495-9fd9-5ddc7eab7726 | Context cleanup@openstack cleanup() finished in 6.46 sec
2019-11-24 01:34:06.385 20411 INFO rally.task.context [-] Task c0fc49d1-da24-4495-9fd9-5ddc7eab7726 | Context network@openstack cleanup() started
2019-11-24 01:34:28.408 20411 INFO rally.task.context [-] Task c0fc49d1-da24-4495-9fd9-5ddc7eab7726 | Context network@openstack cleanup() finished in 22.02 sec
2019-11-24 01:34:28.409 20411 INFO rally.task.context [-] Task c0fc49d1-da24-4495-9fd9-5ddc7eab7726 | Context quotas@openstack cleanup() started
2019-11-24 01:34:28.701 20411 INFO rally.task.context [-] Task c0fc49d1-da24-4495-9fd9-5ddc7eab7726 | Context quotas@openstack cleanup() finished in 0.29 sec
2019-11-24 01:34:28.701 20411 INFO rally.task.context [-] Task c0fc49d1-da24-4495-9fd9-5ddc7eab7726 | Context users@openstack cleanup() started
2019-11-24 01:34:32.996 20411 INFO rally.task.context [-] Task c0fc49d1-da24-4495-9fd9-5ddc7eab7726 | Context users@openstack cleanup() finished in 4.29 sec
2019-11-24 01:34:34.505 20411 INFO rally.task.engine [-] Load duration is: 68.207238
2019-11-24 01:34:34.505 20411 INFO rally.task.engine [-] Full runner duration is: 70.259038
2019-11-24 01:34:34.506 20411 INFO rally.task.engine [-] Full duration is: 121.023197
2019-11-24 01:34:34.905 20411 INFO rally.task.engine [-] Running workload: position = 0 config = { "version": 2, "title": "A cropped version of a bigger task.", "description": "Auto-generated task from a single workload (uuid=5723d0ee-62b0-4e6f-9af0-8d5e4e5c3a4a)", "subtasks": [ { "title": "NovaServers.boot_server_from_volume", "description": "Boot a server from volume.", "scenario": { "NovaServers.boot_server_from_volume": { "flavor": { "name": "rally_full-flavor_2f170d48-e02c-4426-87d5-40abf8fe2368" }, "image": { "name": "rally_full-img_2f170d48-e02c-4426-87d5-40abf8fe2368" }, "volume_size": 1, "nics": [ { "net-id": "91120f3d-1d14-4af3-8878-32cf1dc2d13f" } ] } }, "contexts": { "users": { "tenants": 3, "users_per_tenant": 2 }, "api_versions": { "cinder": { "version": 3, "service_type": "volumev3" } } }, "runner": { "constant": { "concurrency": 4, "times": 10 } }, "hooks": [], "sla": { "failure_rate": { "max": 0 } } } ] }
2019-11-24 01:34:34.930 20411 RALLYDEBUG rally_openstack.contexts.keystone.users [-] Creating 3 tenants using 20 threads
2019-11-24 01:34:35.868 20411 RALLYDEBUG rally_openstack.contexts.keystone.users [-] Creating 6 users using 20 threads
2019-11-24 01:34:37.415 20411 INFO rally.task.context [-] Task c0fc49d1-da24-4495-9fd9-5ddc7eab7726 | Context users@openstack setup() finished in 2.49 sec
2019-11-24 01:34:37.826 20411 INFO rally.task.context [-] Task c0fc49d1-da24-4495-9fd9-5ddc7eab7726 | Context api_versions@openstack setup() finished in 0.41 sec
2019-11-24 01:34:37.826 20411 INFO rally.task.context [-] Task c0fc49d1-da24-4495-9fd9-5ddc7eab7726 | Context cleanup@openstack setup() finished in 0.01 msec
2019-11-24 01:34:38.874 20411 RALLYDEBUG rally.task.runner [-] Starting the constant runner (task UUID: c0fc49d1-da24-4495-9fd9-5ddc7eab7726). times: 10 concurrency: 4 timeout: 0 max_cpu_used: 16 processes_to_start: 4 concurrency_per_worker: 1 concurrency_overhead: 0
2019-11-24 01:34:38.888 21703 RALLYDEBUG rally.task.runner [-] Starting a worker. times: 10 duration: None concurrency: 1 timeout: 0 cls: method_name: run args: {"flavor": "b21a361e-46d7-4d11-b324-6e9761bcee23", "image": "e2756950-7b6d-4778-be5f-611bc2de8e52", "volume_size": 1, "nics": [{"net-id": "91120f3d-1d14-4af3-8878-32cf1dc2d13f"}]}
2019-11-24 01:34:38.893 21704 RALLYDEBUG rally.task.runner [-] Starting a worker. times: 10 duration: None concurrency: 1 timeout: 0 cls: method_name: run args: {"flavor": "b21a361e-46d7-4d11-b324-6e9761bcee23", "image": "e2756950-7b6d-4778-be5f-611bc2de8e52", "volume_size": 1, "nics": [{"net-id": "91120f3d-1d14-4af3-8878-32cf1dc2d13f"}]}
2019-11-24 01:34:38.896 21703 INFO rally.task.runner [-] Task c0fc49d1-da24-4495-9fd9-5ddc7eab7726 | ITER: 1 START
