2019-11-24 01:09:39.800 13785 INFO rally.task.context [-] Task d67691e7-a9b8-452e-a8dc-3036d9f36b5d | Context quotas@openstack setup() finished in 0.90 sec
2019-11-24 01:09:40.505 13785 RALLYDEBUG rally_openstack.contexts.keystone.roles [-] Adding role admin having ID 83c8216df11e456c91c3a956806a2f3b to all users using 30 threads
2019-11-24 01:09:45.616 13785 INFO rally.task.context [-] Task d67691e7-a9b8-452e-a8dc-3036d9f36b5d | Context roles@openstack setup() finished in 5.81 sec
2019-11-24 01:09:45.616 13785 INFO rally.task.context [-] Task d67691e7-a9b8-452e-a8dc-3036d9f36b5d | Context cleanup@openstack setup() finished in 0.01 msec
2019-11-24 01:09:45.621 13785 RALLYDEBUG rally.task.runner [-] Starting the constant runner (task UUID: d67691e7-a9b8-452e-a8dc-3036d9f36b5d). times: 10 concurrency: 4 timeout: 0 max_cpu_used: 16 processes_to_start: 4 concurrency_per_worker: 1 concurrency_overhead: 0
2019-11-24 01:09:45.629 19123 RALLYDEBUG rally.task.runner [-] Starting a worker. times: 10 duration: None concurrency: 1 timeout: 0 cls: method_name: run args: {"network_create_args": {"router:external": true}}
2019-11-24 01:09:45.632 19124 RALLYDEBUG rally.task.runner [-] Starting a worker. times: 10 duration: None concurrency: 1 timeout: 0 cls: method_name: run args: {"network_create_args": {"router:external": true}}
2019-11-24 01:09:45.634 19125 RALLYDEBUG rally.task.runner [-] Starting a worker. times: 10 duration: None concurrency: 1 timeout: 0 cls: method_name: run args: {"network_create_args": {"router:external": true}}
2019-11-24 01:09:45.635 19123 INFO rally.task.runner [-] Task d67691e7-a9b8-452e-a8dc-3036d9f36b5d | ITER: 1 START
2019-11-24 01:09:45.636 19126 RALLYDEBUG rally.task.runner [-] Starting a worker. times: 10 duration: None concurrency: 1 timeout: 0 cls: method_name: run args: {"network_create_args": {"router:external": true}}
2019-11-24 01:09:45.639 19124 INFO rally.task.runner [-] Task d67691e7-a9b8-452e-a8dc-3036d9f36b5d | ITER: 2 START
2019-11-24 01:09:45.640 19125 INFO rally.task.runner [-] Task d67691e7-a9b8-452e-a8dc-3036d9f36b5d | ITER: 3 START
2019-11-24 01:09:45.643 19126 INFO rally.task.runner [-] Task d67691e7-a9b8-452e-a8dc-3036d9f36b5d | ITER: 4 START
2019-11-24 01:09:50.300 19126 INFO rally.task.runner [-] Task d67691e7-a9b8-452e-a8dc-3036d9f36b5d | ITER: 4 END: OK
2019-11-24 01:09:50.305 19126 INFO rally.task.runner [-] Task d67691e7-a9b8-452e-a8dc-3036d9f36b5d | ITER: 5 START
2019-11-24 01:09:50.479 19125 INFO rally.task.runner [-] Task d67691e7-a9b8-452e-a8dc-3036d9f36b5d | ITER: 3 END: OK
2019-11-24 01:09:50.484 19125 INFO rally.task.runner [-] Task d67691e7-a9b8-452e-a8dc-3036d9f36b5d | ITER: 6 START
2019-11-24 01:09:50.549 19124 INFO rally.task.runner [-] Task d67691e7-a9b8-452e-a8dc-3036d9f36b5d | ITER: 2 END: OK
2019-11-24 01:09:50.554 19124 INFO rally.task.runner [-] Task d67691e7-a9b8-452e-a8dc-3036d9f36b5d | ITER: 7 START
2019-11-24 01:09:50.640 19123 INFO rally.task.runner [-] Task d67691e7-a9b8-452e-a8dc-3036d9f36b5d | ITER: 1 END: OK
2019-11-24 01:09:50.645 19123 INFO rally.task.runner [-] Task d67691e7-a9b8-452e-a8dc-3036d9f36b5d | ITER: 8 START
2019-11-24 01:09:54.682 19123 INFO rally.task.runner [-] Task d67691e7-a9b8-452e-a8dc-3036d9f36b5d | ITER: 8 END: OK
2019-11-24 01:09:54.687 19123 INFO rally.task.runner [-] Task d67691e7-a9b8-452e-a8dc-3036d9f36b5d | ITER: 9 START
2019-11-24 01:09:54.756 19126 INFO rally.task.runner [-] Task d67691e7-a9b8-452e-a8dc-3036d9f36b5d | ITER: 5 END: OK
2019-11-24 01:09:54.759 19126 INFO rally.task.runner [-] Task d67691e7-a9b8-452e-a8dc-3036d9f36b5d | ITER: 10 START
2019-11-24 01:09:55.129 19125 INFO rally.task.runner [-] Task d67691e7-a9b8-452e-a8dc-3036d9f36b5d | ITER: 6 END: OK
2019-11-24 01:09:55.233 19124 INFO rally.task.runner [-] Task d67691e7-a9b8-452e-a8dc-3036d9f36b5d | ITER: 7 END: OK
2019-11-24 01:09:59.013 19123 INFO rally.task.runner [-] Task d67691e7-a9b8-452e-a8dc-3036d9f36b5d | ITER: 9 END: OK
2019-11-24 01:09:59.741 19126 INFO rally.task.runner [-] Task d67691e7-a9b8-452e-a8dc-3036d9f36b5d | ITER: 10 END: OK
2019-11-24 01:09:59.763 13785 INFO rally.task.context [-] Task d67691e7-a9b8-452e-a8dc-3036d9f36b5d | Context cleanup@openstack cleanup() started
2019-11-24 01:09:59.767 13785 RALLYDEBUG rally_openstack.cleanup.manager [-] Cleaning up neutron vip objects
2019-11-24 01:10:00.845 13785 RALLYDEBUG rally_openstack.cleanup.manager [-] Cleaning up neutron health_monitor objects
2019-11-24 01:10:01.945 13785 RALLYDEBUG rally_openstack.cleanup.manager [-] Cleaning up neutron pool objects
2019-11-24 01:10:03.048 13785 RALLYDEBUG rally_openstack.cleanup.manager [-] Cleaning up neutron loadbalancer objects
2019-11-24 01:10:04.148 13785 RALLYDEBUG rally_openstack.cleanup.manager [-] Cleaning up neutron floatingip objects
2019-11-24 01:10:05.374 13785 RALLYDEBUG rally_openstack.cleanup.manager [-] Cleaning up neutron trunk objects
2019-11-24 01:10:06.517 13785 RALLYDEBUG rally_openstack.cleanup.manager [-] Cleaning up neutron port objects
2019-11-24 01:10:07.815 13785 RALLYDEBUG rally_openstack.cleanup.manager [-] Cleaning up neutron subnet objects
2019-11-24 01:10:08.969 13785 RALLYDEBUG rally_openstack.cleanup.manager [-] Cleaning up neutron network objects
2019-11-24 01:10:10.310 13785 RALLYDEBUG rally_openstack.cleanup.manager [-] Deleting neutron.network object s_rally_c8022134_4L8pKF1B (1e7d7c34-ccaf-471c-a198-0ad192364b8b)
2019-11-24 01:10:10.319 13785 RALLYDEBUG rally_openstack.cleanup.manager [-] Deleting neutron.network object s_rally_c8022134_qVOvKVMn (7d959f63-b75e-434f-b4b4-cb58ca153dce)
2019-11-24 01:10:10.328 13785 RALLYDEBUG rally_openstack.cleanup.manager [-] Deleting neutron.network object s_rally_c8022134_ABEOA7SF (ddf8b963-6a41-46b1-836b-cc3325656568)
2019-11-24 01:10:10.332 13785 RALLYDEBUG rally_openstack.cleanup.manager [-] Deleting neutron.network object s_rally_c8022134_LG36IPqL (b8d9ef61-bc04-437a-abd6-69199ec00f8d)
2019-11-24 01:10:10.346 13785 RALLYDEBUG rally_openstack.cleanup.manager [-] Deleting neutron.network object s_rally_c8022134_qjGOzxgB (e6dee9a4-74e5-491c-8268-1894841ccb9e)
2019-11-24 01:10:10.351 13785 RALLYDEBUG rally_openstack.cleanup.manager [-] Deleting neutron.network object s_rally_c8022134_OMXPFcAA (73a10d7b-71ac-48cd-919b-b67682b36e41)
2019-11-24 01:10:10.368 13785 RALLYDEBUG rally_openstack.cleanup.manager [-] Deleting neutron.network object s_rally_c8022134_dRPFXymn (78900539-e747-4e34-ac8e-40a80d0b603f)
2019-11-24 01:10:10.371 13785 RALLYDEBUG rally_openstack.cleanup.manager [-] Deleting neutron.network object s_rally_c8022134_3JrhkyLZ (a3611fd2-4071-489a-a553-5bfdc998252c)
2019-11-24 01:10:10.394 13785 RALLYDEBUG rally_openstack.cleanup.manager [-] Deleting neutron.network object s_rally_c8022134_6kPqmoFi (b2b59c7d-73ed-43f7-b727-5c0ea754f385)
2019-11-24 01:10:10.401 13785 RALLYDEBUG rally_openstack.cleanup.manager [-] Deleting neutron.network object s_rally_c8022134_jChwAwJR (cef36811-5875-442f-a258-adf13087cd6a)
2019-11-24 01:10:12.911 13785 RALLYDEBUG rally_openstack.cleanup.manager [-] Cleaning up neutron router objects
2019-11-24 01:10:14.296 13785 RALLYDEBUG rally_openstack.cleanup.manager [-] Deleting neutron.router object s_rally_c8022134_VbP2y4VD (2428b365-cd18-4b3b-ae51-e8537a074532)
2019-11-24 01:10:14.305 13785 RALLYDEBUG rally_openstack.cleanup.manager [-] Deleting neutron.router object s_rally_c8022134_gUf97Veh (3c333158-255e-4417-9fbe-375adaa1fd75)
2019-11-24 01:10:14.313 13785 RALLYDEBUG rally_openstack.cleanup.manager [-] Deleting neutron.router object s_rally_c8022134_AKUxSXZo (c45422f7-947a-4291-8190-0f98b91f0d66)
2019-11-24 01:10:14.319 13785 RALLYDEBUG rally_openstack.cleanup.manager [-] Deleting neutron.router object s_rally_c8022134_lJEg7ws9 (7402dd61-900e-4ed5-91d9-9e0156dbf15d)
2019-11-24 01:10:14.331 13785 RALLYDEBUG rally_openstack.cleanup.manager [-] Deleting neutron.router object s_rally_c8022134_JQHinedl (c8a7bc00-f771-4823-b818-8409cdc79f57)
2019-11-24 01:10:14.336 13785 RALLYDEBUG rally_openstack.cleanup.manager [-] Deleting neutron.router object s_rally_c8022134_jxM7yGHX (0a87613f-8843-43b1-914d-2c0699ab3a95)
2019-11-24 01:10:14.346 13785 RALLYDEBUG rally_openstack.cleanup.manager [-] Deleting neutron.router object s_rally_c8022134_nEr0vfvp (3e8e7ecb-1203-42d0-8429-48fbabde46d5)
2019-11-24 01:10:14.357 13785 RALLYDEBUG rally_openstack.cleanup.manager [-] Deleting neutron.router object s_rally_c8022134_LIMMFEBR (75487c09-c26d-4cd0-9d0d-25abfcd011fa)
2019-11-24 01:10:14.385 13785 RALLYDEBUG rally_openstack.cleanup.manager [-] Deleting neutron.router object s_rally_c8022134_Qm3cuei0 (8b4349a0-cd67-4a97-ada5-6128a7608107)
2019-11-24 01:10:14.401 13785 RALLYDEBUG rally_openstack.cleanup.manager [-] Deleting neutron.router object s_rally_c8022134_C5iIZGBF (ee6d3a1d-b800-491e-811a-489075ed7bbe)
2019-11-24 01:10:16.587 13785 RALLYDEBUG rally_openstack.cleanup.manager [-] Cleaning up neutron security_group objects
2019-11-24 01:10:17.830 13785 INFO rally.task.context [-] Task d67691e7-a9b8-452e-a8dc-3036d9f36b5d | Context cleanup@openstack cleanup() finished in 18.07 sec
2019-11-24 01:10:17.830 13785 INFO rally.task.context [-] Task d67691e7-a9b8-452e-a8dc-3036d9f36b5d | Context roles@openstack cleanup() started
2019-11-24 01:10:17.831 13785 RALLYDEBUG rally_openstack.contexts.keystone.roles [-] Removing assigned role 83c8216df11e456c91c3a956806a2f3b from all users
2019-11-24 01:10:18.885 13785 INFO rally.task.context [-] Task d67691e7-a9b8-452e-a8dc-3036d9f36b5d | Context roles@openstack cleanup() finished in 1.05 sec
2019-11-24 01:10:18.886 13785 INFO rally.task.context [-] Task d67691e7-a9b8-452e-a8dc-3036d9f36b5d | Context quotas@openstack cleanup() started
2019-11-24 01:10:19.288 13785 INFO rally.task.context [-] Task d67691e7-a9b8-452e-a8dc-3036d9f36b5d | Context quotas@openstack cleanup() finished in 0.40 sec
2019-11-24 01:10:19.288 13785 INFO rally.task.context [-] Task d67691e7-a9b8-452e-a8dc-3036d9f36b5d | Context users@openstack cleanup() started
2019-11-24 01:10:23.819 13785 INFO rally.task.context [-] Task d67691e7-a9b8-452e-a8dc-3036d9f36b5d | Context users@openstack cleanup() finished in 4.53 sec
2019-11-24 01:10:24.615 13785 INFO rally.task.engine [-] Load duration is: 14.104655
2019-11-24 01:10:24.615 13785 INFO rally.task.engine [-] Full runner duration is: 14.142225
2019-11-24 01:10:24.615 13785 INFO rally.task.engine [-] Full duration is: 47.484832
2019-11-24 01:10:24.911 13785 INFO rally.task.engine [-] Running workload: position = 0 config = { "version": 2, "title": "A cropped version of a bigger task.", "description": "Auto-generated task from a single workload (uuid=fbd36ae1-6100-444c-a0d8-061d0c0cb811)", "subtasks": [ { "title": "NeutronNetworks.create_and_show_ports", "description": "Create a given number of ports and show created ports in trun.", "scenario": { "NeutronNetworks.create_and_show_ports": { "ports_per_network": 2 } }, "contexts": { "users": { "tenants": 3, "users_per_tenant": 2 }, "network": { "router": {} }, "quotas": { "neutron": { "network": -1, "router": -1 } } }, "runner": { "constant": { "concurrency": 4, "times": 10 } }, "hooks": [], "sla": { "failure_rate": { "max": 0 } } } ] }
2019-11-24 01:10:24.936 13785 RALLYDEBUG rally_openstack.contexts.keystone.users [-] Creating 3 tenants using 20 threads
2019-11-24 01:10:25.970 13785 RALLYDEBUG rally_openstack.contexts.keystone.users [-] Creating 6 users using 20 threads
2019-11-24 01:10:27.492 13785 INFO rally.task.context [-] Task d67691e7-a9b8-452e-a8dc-3036d9f36b5d | Context users@openstack setup() finished in 2.56 sec
2019-11-24 01:10:28.304 13785 INFO rally.task.context [-] Task d67691e7-a9b8-452e-a8dc-3036d9f36b5d | Context quotas@openstack setup() finished in 0.81 sec
2019-11-24 01:10:28.953 13785 RALLYDEBUG rally_openstack.wrappers.network [-] CIDR generated: 10.2.72.0/24
2019-11-24 01:10:30.110 13785 RALLYDEBUG rally_openstack.wrappers.network [-] CIDR generated: 10.2.73.0/24
2019-11-24 01:10:31.186 13785 RALLYDEBUG rally_openstack.wrappers.network [-] CIDR generated: 10.2.74.0/24
2019-11-24 01:10:31.642 13785 INFO rally.task.context [-] Task d67691e7-a9b8-452e-a8dc-3036d9f36b5d | Context network@openstack setup() finished in 3.34 sec
2019-11-24 01:10:31.642 13785 INFO rally.task.context [-] Task d67691e7-a9b8-452e-a8dc-3036d9f36b5d | Context cleanup@openstack setup() finished in 0.01 msec
2019-11-24 01:10:31.651 13785 RALLYDEBUG rally.task.runner [-] Starting the constant runner (task UUID: d67691e7-a9b8-452e-a8dc-3036d9f36b5d). times: 10 concurrency: 4 timeout: 0 max_cpu_used: 16 processes_to_start: 4 concurrency_per_worker: 1 concurrency_overhead: 0
2019-11-24 01:10:31.663 19477 RALLYDEBUG rally.task.runner [-] Starting a worker. times: 10 duration: None concurrency: 1 timeout: 0 cls: method_name: run args: {"ports_per_network": 2}
2019-11-24 01:10:31.667 19478 RALLYDEBUG rally.task.runner [-] Starting a worker. times: 10 duration: None concurrency: 1 timeout: 0 cls: method_name: run args: {"ports_per_network": 2}
2019-11-24 01:10:31.671 19477 INFO rally.task.runner [-] Task d67691e7-a9b8-452e-a8dc-3036d9f36b5d | ITER: 1 START
2019-11-24 01:10:31.670 19479 RALLYDEBUG rally.task.runner [-] Starting a worker. times: 10 duration: None concurrency: 1 timeout: 0 cls: method_name: run args: {"ports_per_network": 2}
2019-11-24 01:10:31.674 19478 INFO rally.task.runner [-] Task d67691e7-a9b8-452e-a8dc-3036d9f36b5d | ITER: 2 START
2019-11-24 01:10:31.675 19481 RALLYDEBUG rally.task.runner [-] Starting a worker. times: 10 duration: None concurrency: 1 timeout: 0 cls: method_name: run args: {"ports_per_network": 2}
2019-11-24 01:10:31.677 19479 INFO rally.task.runner [-] Task d67691e7-a9b8-452e-a8dc-3036d9f36b5d | ITER: 3 START
2019-11-24 01:10:31.682 19481 INFO rally.task.runner [-] Task d67691e7-a9b8-452e-a8dc-3036d9f36b5d | ITER: 4 START
2019-11-24 01:10:33.355 19478 INFO rally.task.runner [-] Task d67691e7-a9b8-452e-a8dc-3036d9f36b5d | ITER: 2 END: OK
2019-11-24 01:10:33.359 19478 INFO rally.task.runner [-] Task d67691e7-a9b8-452e-a8dc-3036d9f36b5d | ITER: 5 START
2019-11-24 01:10:33.616 19479 INFO rally.task.runner [-] Task d67691e7-a9b8-452e-a8dc-3036d9f36b5d | ITER: 3 END: OK
2019-11-24 01:10:33.621 19479 INFO rally.task.runner [-] Task d67691e7-a9b8-452e-a8dc-3036d9f36b5d | ITER: 6 START
2019-11-24 01:10:34.078 19481 INFO rally.task.runner [-] Task d67691e7-a9b8-452e-a8dc-3036d9f36b5d | ITER: 4 END: OK
2019-11-24 01:10:34.083 19481 INFO rally.task.runner [-] Task d67691e7-a9b8-452e-a8dc-3036d9f36b5d | ITER: 7 START
2019-11-24 01:10:34.156 19477 INFO rally.task.runner [-] Task d67691e7-a9b8-452e-a8dc-3036d9f36b5d | ITER: 1 END: OK
2019-11-24 01:10:34.161 19477 INFO rally.task.runner [-] Task d67691e7-a9b8-452e-a8dc-3036d9f36b5d | ITER: 8 START
2019-11-24 01:10:35.256 19478 INFO rally.task.runner [-] Task d67691e7-a9b8-452e-a8dc-3036d9f36b5d | ITER: 5 END: OK
2019-11-24 01:10:35.260 19478 INFO rally.task.runner [-] Task d67691e7-a9b8-452e-a8dc-3036d9f36b5d | ITER: 9 START
2019-11-24 01:10:35.380 19479 INFO rally.task.runner [-] Task d67691e7-a9b8-452e-a8dc-3036d9f36b5d | ITER: 6 END: OK
2019-11-24 01:10:35.384 19479 INFO rally.task.runner [-] Task d67691e7-a9b8-452e-a8dc-3036d9f36b5d | ITER: 10 START
2019-11-24 01:10:35.891 19477 INFO rally.task.runner [-] Task d67691e7-a9b8-452e-a8dc-3036d9f36b5d | ITER: 8 END: OK
2019-11-24 01:10:35.936 19481 INFO rally.task.runner [-] Task d67691e7-a9b8-452e-a8dc-3036d9f36b5d | ITER: 7 END: OK
2019-11-24 01:10:36.946 19479 INFO rally.task.runner [-] Task d67691e7-a9b8-452e-a8dc-3036d9f36b5d | ITER: 10 END: OK
2019-11-24 01:10:37.433 19478 INFO rally.task.runner [-] Task d67691e7-a9b8-452e-a8dc-3036d9f36b5d | ITER: 9 END: OK
2019-11-24 01:10:37.460 13785 INFO rally.task.context [-] Task d67691e7-a9b8-452e-a8dc-3036d9f36b5d | Context cleanup@openstack cleanup() started
2019-11-24 01:10:37.464 13785 RALLYDEBUG rally_openstack.cleanup.manager [-] Cleaning up neutron vip objects
2019-11-24 01:10:38.629 13785 RALLYDEBUG rally_openstack.cleanup.manager [-] Cleaning up neutron health_monitor objects
2019-11-24 01:10:39.762 13785 RALLYDEBUG rally_openstack.cleanup.manager [-] Cleaning up neutron pool objects
2019-11-24 01:10:40.876 13785 RALLYDEBUG rally_openstack.cleanup.manager [-] Cleaning up neutron loadbalancer objects
2019-11-24 01:10:41.959 13785 RALLYDEBUG rally_openstack.cleanup.manager [-] Cleaning up neutron floatingip objects
2019-11-24 01:10:43.142 13785 RALLYDEBUG rally_openstack.cleanup.manager [-] Cleaning up neutron trunk objects
2019-11-24 01:10:44.280 13785 RALLYDEBUG rally_openstack.cleanup.manager [-] Cleaning up neutron port objects
2019-11-24 01:10:45.664 13785 RALLYDEBUG rally_openstack.cleanup.manager [-] Deleting neutron.port object s_rally_fbd36ae1_TH0vUSZq (2afe50b9-8348-4efe-9057-f6b2fa403f02)
2019-11-24 01:10:45.678 13785 RALLYDEBUG rally_openstack.cleanup.manager [-] Deleting neutron.port object s_rally_fbd36ae1_3YOjHXy9 (8ea91229-333e-46ab-a38f-77771d2bb540)
2019-11-24 01:10:45.682 13785 RALLYDEBUG rally_openstack.cleanup.manager [-] Deleting neutron.port object s_rally_fbd36ae1_kSG3BBop (de7b25c4-4fce-40e4-a082-d9cf2cbd7582)
2019-11-24 01:10:45.684 13785 RALLYDEBUG rally_openstack.cleanup.manager [-] Deleting neutron.port object s_rally_fbd36ae1_hHGER9gq (88a65ebf-1b3b-4897-aa67-cf5db81d40b0)
2019-11-24 01:10:45.693 13785 RALLYDEBUG rally_openstack.cleanup.manager [-] Deleting neutron.port object s_rally_fbd36ae1_pBLLEI0B (e878bf13-f044-4678-91cf-792992b75426)
2019-11-24 01:10:45.701 13785 RALLYDEBUG rally_openstack.cleanup.manager [-] Deleting neutron.port object s_rally_fbd36ae1_shO1IDfN (e95a68bd-793c-4697-9450-c79f3fc94220)
2019-11-24 01:10:45.710 13785 RALLYDEBUG rally_openstack.cleanup.manager [-] Deleting neutron.port object s_rally_fbd36ae1_5HfdHTnD (f1edc455-84ea-43f9-964b-f5435791bd36)
2019-11-24 01:10:45.714 13785 RALLYDEBUG rally_openstack.cleanup.manager [-] Deleting neutron.port object s_rally_fbd36ae1_psiniViw (fca76487-4def-476c-91c9-99690cf2036a)
2019-11-24 01:10:45.725 13785 RALLYDEBUG rally_openstack.cleanup.manager [-] Deleting neutron.port object s_rally_fbd36ae1_vfWhuVue (1e280042-3e97-4366-9f32-ccc0023823a5)
2019-11-24 01:10:45.728 13785 RALLYDEBUG rally_openstack.cleanup.manager [-] Deleting neutron.port object s_rally_fbd36ae1_Ewy1r5tG (790897ec-e545-442f-bd87-bf9359bc12ee)
2019-11-24 01:10:45.756 13785 RALLYDEBUG rally_openstack.cleanup.manager [-] Deleting neutron.port object s_rally_fbd36ae1_zUCzYSxd (7c70f982-8167-4840-aa3f-8b536760c5ca)
2019-11-24 01:10:45.759 13785 RALLYDEBUG rally_openstack.cleanup.manager [-] Deleting neutron.port object s_rally_fbd36ae1_0WrMXc2b (97bc6cfd-3e97-4658-91bb-747f1c5641b8)
2019-11-24 01:10:45.794 13785 RALLYDEBUG rally_openstack.cleanup.manager [-] Deleting neutron.port object s_rally_fbd36ae1_I4ln5UNB (dcc55d1d-80ae-4f5d-b737-b56ed8bd2ec4)
2019-11-24 01:10:45.819 13785 RALLYDEBUG rally_openstack.cleanup.manager [-] Deleting neutron.port object s_rally_fbd36ae1_8Swcynrg (f5a7d84f-915a-4a3d-aaea-b539f14c59d6)
2019-11-24 01:10:45.850 13785 RALLYDEBUG rally_openstack.cleanup.manager [-] Deleting neutron.port object s_rally_fbd36ae1_7LGNEjAS (a2ee6033-5f25-4132-a7ee-73ed41629e55)
2019-11-24 01:10:45.853 13785 RALLYDEBUG rally_openstack.cleanup.manager [-] Deleting neutron.port object s_rally_fbd36ae1_aI3yoA2Z (aa07391b-d366-4ed4-9494-742336de2f8e)
2019-11-24 01:10:45.856 13785 RALLYDEBUG rally_openstack.cleanup.manager [-] Deleting neutron.port object s_rally_fbd36ae1_Trme8HUm (b85e6f5a-8b68-4c13-b971-ebedf9dc7614)
2019-11-24 01:10:45.878 13785 RALLYDEBUG rally_openstack.cleanup.manager [-] Deleting neutron.port object s_rally_fbd36ae1_SIrrBBvT (c287b223-1634-41f8-8661-32cf108ff4cf)
2019-11-24 01:10:45.898 13785 RALLYDEBUG rally_openstack.cleanup.manager [-] Deleting neutron.port object s_rally_fbd36ae1_Bm3dET3O (d51bd292-e0e0-47d6-b73f-42f2ecd412cd)
2019-11-24 01:10:45.902 13785 RALLYDEBUG rally_openstack.cleanup.manager [-] Deleting neutron.port object s_rally_fbd36ae1_2Vh8HczM (e43fae57-def6-4922-aa80-8fbf154dbf74)
2019-11-24 01:10:48.975 13785 RALLYDEBUG rally_openstack.cleanup.manager [-] Cleaning up neutron subnet objects
2019-11-24 01:10:50.293 13785 RALLYDEBUG rally_openstack.cleanup.manager [-] Cleaning up neutron network objects
2019-11-24 01:10:51.716 13785 RALLYDEBUG rally_openstack.cleanup.manager [-] Cleaning up neutron router objects
2019-11-24 01:10:52.939 13785 RALLYDEBUG rally_openstack.cleanup.manager [-] Cleaning up neutron security_group objects
2019-11-24 01:10:54.252 13785 INFO rally.task.context [-] Task d67691e7-a9b8-452e-a8dc-3036d9f36b5d | Context cleanup@openstack cleanup() finished in 16.79 sec
2019-11-24 01:10:54.252 13785 INFO rally.task.context [-] Task d67691e7-a9b8-452e-a8dc-3036d9f36b5d | Context network@openstack cleanup() started
2019-11-24 01:11:05.225 13785 INFO rally.task.context [-] Task d67691e7-a9b8-452e-a8dc-3036d9f36b5d | Context network@openstack cleanup() finished in 10.97 sec
2019-11-24 01:11:05.226 13785 INFO rally.task.context [-] Task d67691e7-a9b8-452e-a8dc-3036d9f36b5d | Context quotas@openstack cleanup() started
2019-11-24 01:11:05.357 13785 INFO rally.task.context [-] Task d67691e7-a9b8-452e-a8dc-3036d9f36b5d | Context quotas@openstack cleanup() finished in 0.13 sec
2019-11-24 01:11:05.358 13785 INFO rally.task.context [-] Task d67691e7-a9b8-452e-a8dc-3036d9f36b5d | Context users@openstack cleanup() started
2019-11-24 01:11:09.518 13785 INFO rally.task.context [-] Task d67691e7-a9b8-452e-a8dc-3036d9f36b5d | Context users@openstack cleanup() finished in 4.16 sec
2019-11-24 01:11:11.159 13785 INFO rally.task.engine [-] Load duration is: 5.761271
2019-11-24 01:11:11.159 13785 INFO rally.task.engine [-] Full runner duration is: 5.809138
2019-11-24 01:11:11.160 13785 INFO rally.task.engine [-] Full duration is: 44.584409
2019-11-24 01:11:11.496 13785 INFO rally.task.engine [-] Running workload: position = 0 config = { "version": 2, "title": "A cropped version of a bigger task.", "description": "Auto-generated task from a single workload (uuid=769ae668-a8f3-4b77-a7a0-81cbfa3e4e04)", "subtasks": [ { "title": "NeutronNetworks.create_and_show_routers", "description": "Create and show a given number of routers.", "scenario": { "NeutronNetworks.create_and_show_routers": { "subnets_per_network": 2 } }, "contexts": { "users": { "tenants": 3, "users_per_tenant": 2 }, "quotas": { "neutron": { "network": -1, "subnet": -1, "router": -1 } } }, "runner": { "constant": { "concurrency": 4, "times": 10 } }, "hooks": [], "sla": { "failure_rate": { "max": 0 } } } ] }
2019-11-24 01:11:11.523 13785 RALLYDEBUG rally_openstack.contexts.keystone.users [-] Creating 3 tenants using 20 threads
2019-11-24 01:11:12.578 13785 RALLYDEBUG rally_openstack.contexts.keystone.users [-] Creating 6 users using 20 threads
2019-11-24 01:11:14.148 13785 INFO rally.task.context [-] Task d67691e7-a9b8-452e-a8dc-3036d9f36b5d | Context users@openstack setup() finished in 2.62 sec
2019-11-24 01:11:14.999 13785 INFO rally.task.context [-] Task d67691e7-a9b8-452e-a8dc-3036d9f36b5d | Context quotas@openstack setup() finished in 0.85 sec
2019-11-24 01:11:14.999 13785 INFO rally.task.context [-] Task d67691e7-a9b8-452e-a8dc-3036d9f36b5d | Context cleanup@openstack setup() finished in 0.02 msec
2019-11-24 01:11:15.008 13785 RALLYDEBUG rally.task.runner [-] Starting the constant runner (task UUID: d67691e7-a9b8-452e-a8dc-3036d9f36b5d). times: 10 concurrency: 4 timeout: 0 max_cpu_used: 16 processes_to_start: 4 concurrency_per_worker: 1 concurrency_overhead: 0
2019-11-24 01:11:15.020 19801 RALLYDEBUG rally.task.runner [-] Starting a worker. times: 10 duration: None concurrency: 1 timeout: 0 cls: method_name: run args: {"subnets_per_network": 2}
2019-11-24 01:11:15.024 19802 RALLYDEBUG rally.task.runner [-] Starting a worker. times: 10 duration: None concurrency: 1 timeout: 0 cls: method_name: run args: {"subnets_per_network": 2}
2019-11-24 01:11:15.027 19801 INFO rally.task.runner [-] Task d67691e7-a9b8-452e-a8dc-3036d9f36b5d | ITER: 1 START
2019-11-24 01:11:15.027 19803 RALLYDEBUG rally.task.runner [-] Starting a worker. times: 10 duration: None concurrency: 1 timeout: 0 cls: method_name: run args: {"subnets_per_network": 2}
2019-11-24 01:11:15.031 19802 INFO rally.task.runner [-] Task d67691e7-a9b8-452e-a8dc-3036d9f36b5d | ITER: 2 START
2019-11-24 01:11:15.031 19804 RALLYDEBUG rally.task.runner [-] Starting a worker. times: 10 duration: None concurrency: 1 timeout: 0 cls: method_name: run args: {"subnets_per_network": 2}
2019-11-24 01:11:15.034 19803 INFO rally.task.runner [-] Task d67691e7-a9b8-452e-a8dc-3036d9f36b5d | ITER: 3 START
2019-11-24 01:11:15.038 19804 INFO rally.task.runner [-] Task d67691e7-a9b8-452e-a8dc-3036d9f36b5d | ITER: 4 START
2019-11-24 01:11:15.691 19802 RALLYDEBUG rally_openstack.wrappers.network [-] CIDR generated: 10.2.75.0/24
2019-11-24 01:11:15.812 19801 RALLYDEBUG rally_openstack.wrappers.network [-] CIDR generated: 10.2.76.0/24
2019-11-24 01:11:15.817 19803 RALLYDEBUG rally_openstack.wrappers.network [-] CIDR generated: 10.2.77.0/24
2019-11-24 01:11:16.345 19804 RALLYDEBUG rally_openstack.wrappers.network [-] CIDR generated: 10.2.78.0/24
2019-11-24 01:11:16.428 19803 RALLYDEBUG rally_openstack.wrappers.network [-] CIDR generated: 10.2.79.0/24
2019-11-24 01:11:16.432 19802 RALLYDEBUG rally_openstack.wrappers.network [-] CIDR generated: 10.2.80.0/24
2019-11-24 01:11:16.689 19801 RALLYDEBUG rally_openstack.wrappers.network [-] CIDR generated: 10.2.81.0/24
2019-11-24 01:11:16.973 19804 RALLYDEBUG rally_openstack.wrappers.network [-] CIDR generated: 10.2.82.0/24
2019-11-24 01:11:21.056 19803 INFO rally.task.runner [-] Task d67691e7-a9b8-452e-a8dc-3036d9f36b5d | ITER: 3 END: OK
2019-11-24 01:11:21.060 19803 INFO rally.task.runner [-] Task d67691e7-a9b8-452e-a8dc-3036d9f36b5d | ITER: 5 START
2019-11-24 01:11:21.161 19801 INFO rally.task.runner [-] Task d67691e7-a9b8-452e-a8dc-3036d9f36b5d | ITER: 1 END: OK
2019-11-24 01:11:21.166 19801 INFO rally.task.runner [-] Task d67691e7-a9b8-452e-a8dc-3036d9f36b5d | ITER: 6 START
2019-11-24 01:11:21.483 19802 INFO rally.task.runner [-] Task d67691e7-a9b8-452e-a8dc-3036d9f36b5d | ITER: 2 END: OK
2019-11-24 01:11:21.487 19802 INFO rally.task.runner [-] Task d67691e7-a9b8-452e-a8dc-3036d9f36b5d | ITER: 7 START
2019-11-24 01:11:21.532 19804 INFO rally.task.runner [-] Task d67691e7-a9b8-452e-a8dc-3036d9f36b5d | ITER: 4 END: OK
2019-11-24 01:11:21.537 19804 INFO rally.task.runner [-] Task d67691e7-a9b8-452e-a8dc-3036d9f36b5d | ITER: 8 START
2019-11-24 01:11:21.538 19803 RALLYDEBUG rally_openstack.wrappers.network [-] CIDR generated: 10.2.83.0/24
2019-11-24 01:11:21.726 19801 RALLYDEBUG rally_openstack.wrappers.network [-] CIDR generated: 10.2.84.0/24
2019-11-24 01:11:22.096 19802 RALLYDEBUG rally_openstack.wrappers.network [-] CIDR generated: 10.2.85.0/24
2019-11-24 01:11:22.163 19804 RALLYDEBUG rally_openstack.wrappers.network [-] CIDR generated: 10.2.86.0/24
2019-11-24 01:11:22.316 19801 RALLYDEBUG rally_openstack.wrappers.network [-] CIDR generated: 10.2.87.0/24
2019-11-24 01:11:22.852 19803 RALLYDEBUG rally_openstack.wrappers.network [-] CIDR generated: 10.2.88.0/24
2019-11-24 01:11:23.004 19802 RALLYDEBUG rally_openstack.wrappers.network [-] CIDR generated: 10.2.89.0/24
2019-11-24 01:11:23.147 19804 RALLYDEBUG rally_openstack.wrappers.network [-] CIDR generated: 10.2.90.0/24
2019-11-24 01:11:27.194 19802 INFO rally.task.runner [-] Task d67691e7-a9b8-452e-a8dc-3036d9f36b5d | ITER: 7 END: OK
2019-11-24 01:11:27.198 19802 INFO rally.task.runner [-] Task d67691e7-a9b8-452e-a8dc-3036d9f36b5d | ITER: 9 START
2019-11-24 01:11:27.314 19801 INFO rally.task.runner [-] Task d67691e7-a9b8-452e-a8dc-3036d9f36b5d | ITER: 6 END: OK
2019-11-24 01:11:27.317 19801 INFO rally.task.runner [-] Task d67691e7-a9b8-452e-a8dc-3036d9f36b5d | ITER: 10 START
2019-11-24 01:11:27.659 19802 RALLYDEBUG rally_openstack.wrappers.network [-] CIDR generated: 10.2.91.0/24
2019-11-24 01:11:27.840 19801 RALLYDEBUG rally_openstack.wrappers.network [-] CIDR generated: 10.2.92.0/24
2019-11-24 01:11:28.234 19803 INFO rally.task.runner [-] Task d67691e7-a9b8-452e-a8dc-3036d9f36b5d | ITER: 5 END: OK
2019-11-24 01:11:28.512 19802 RALLYDEBUG rally_openstack.wrappers.network [-] CIDR generated: 10.2.93.0/24
2019-11-24 01:11:28.653 19804 INFO rally.task.runner [-] Task d67691e7-a9b8-452e-a8dc-3036d9f36b5d | ITER: 8 END: OK
2019-11-24 01:11:28.818 19801 RALLYDEBUG rally_openstack.wrappers.network [-] CIDR generated: 10.2.94.0/24
2019-11-24 01:11:32.943 19802 INFO rally.task.runner [-] Task d67691e7-a9b8-452e-a8dc-3036d9f36b5d | ITER: 9 END: OK
2019-11-24 01:11:33.515 19801 INFO rally.task.runner [-] Task d67691e7-a9b8-452e-a8dc-3036d9f36b5d | ITER: 10 END: OK
2019-11-24 01:11:33.545 13785 INFO rally.task.context [-] Task d67691e7-a9b8-452e-a8dc-3036d9f36b5d | Context cleanup@openstack cleanup() started
2019-11-24 01:11:33.549 13785 RALLYDEBUG rally_openstack.cleanup.manager [-] Cleaning up neutron vip objects
2019-11-24 01:11:34.689 13785 RALLYDEBUG rally_openstack.cleanup.manager [-] Cleaning up neutron health_monitor objects
2019-11-24 01:11:35.737 13785 RALLYDEBUG rally_openstack.cleanup.manager [-] Cleaning up neutron pool objects
2019-11-24 01:11:36.799 13785 RALLYDEBUG rally_openstack.cleanup.manager [-] Cleaning up neutron loadbalancer objects
2019-11-24 01:11:37.823 13785 RALLYDEBUG rally_openstack.cleanup.manager [-] Cleaning up neutron floatingip objects
2019-11-24 01:11:39.234 13785 RALLYDEBUG rally_openstack.cleanup.manager [-] Cleaning up neutron trunk objects
2019-11-24 01:11:40.323 13785 RALLYDEBUG rally_openstack.cleanup.manager [-] Cleaning up neutron port objects
2019-11-24 01:11:42.073 13785 RALLYDEBUG rally_openstack.cleanup.manager [-] Deleting neutron.port object s_rally_769ae668_xbLjix19 (08d248f2-d311-4d3c-90c6-a6f1fce8ab61)
2019-11-24 01:11:42.087 13785 RALLYDEBUG rally_openstack.cleanup.manager [-] Deleting neutron.port object s_rally_769ae668_qLKv5tKk (6bded648-0637-4535-ad9c-8c4043a539a9)
2019-11-24 01:11:42.100 13785 RALLYDEBUG rally_openstack.cleanup.manager [-] Deleting neutron.port object s_rally_769ae668_bzGxralN (91b2c686-547d-4474-8bc7-dd375bccf6e9)
2019-11-24 01:11:42.108 13785 RALLYDEBUG rally_openstack.cleanup.manager [-] Deleting neutron.port object s_rally_769ae668_MujEbCov (ad3f4051-687f-4f39-92bb-cdc750f78288)
2019-11-24 01:11:42.132 13785 RALLYDEBUG rally_openstack.cleanup.manager [-] Deleting neutron.port object s_rally_769ae668_zYhS7tYx (df75c72e-039d-4456-b8c3-b88e4ae9c5cc)
2019-11-24 01:11:42.136 13785 RALLYDEBUG rally_openstack.cleanup.manager [-] Deleting neutron.port object s_rally_769ae668_YU1r0etm (e31c7b3b-e5c1-4253-aaee-71c40776cf6b)
2019-11-24 01:11:42.152 13785 RALLYDEBUG rally_openstack.cleanup.manager [-] Deleting neutron.port object s_rally_769ae668_XTNQyvt7 (1d5aa68f-26e1-489f-95a4-8b44d80d651e)
2019-11-24 01:11:42.153 13785 RALLYDEBUG rally_openstack.cleanup.manager [-] Deleting neutron.port object s_rally_769ae668_LXa76Hy8 (3a4ff4ec-85e7-4b5f-a87f-aa24612ab337)
2019-11-24 01:11:42.159 13785 RALLYDEBUG rally_openstack.cleanup.manager [-] Deleting neutron.port object s_rally_769ae668_kRWGjeDJ (7ef43732-011a-4884-8e4e-10c143051787)
2019-11-24 01:11:42.164 13785 RALLYDEBUG rally_openstack.cleanup.manager [-] Deleting neutron.port object s_rally_769ae668_0JFtVwwZ (9468df65-97c0-4aaa-8d1a-2ea4643a4958)
2019-11-24 01:11:42.174 13785 RALLYDEBUG rally_openstack.cleanup.manager [-] Deleting neutron.port object s_rally_769ae668_o9mNbpoI (ae022099-b372-4caa-bd7e-c9b13b80e533)
2019-11-24 01:11:42.196 13785 RALLYDEBUG rally_openstack.cleanup.manager [-] Deleting neutron.port object s_rally_769ae668_ne4287PK (cb10df9d-8ffe-4803-be3c-736dd1fb9a6b)
2019-11-24 01:11:42.199 13785 RALLYDEBUG rally_openstack.cleanup.manager [-] Deleting neutron.port object s_rally_769ae668_cNWNW4j9 (cf6e0020-8b9c-4a1b-a5e5-d3cdb25fdc7a)
2019-11-24 01:11:42.184 13785 RALLYDEBUG rally_openstack.cleanup.manager [-] Deleting neutron.port object s_rally_769ae668_eMlWk79h (b53e263e-3f6f-4a62-846a-df76cf328d70)
2019-11-24 01:11:42.242 13785 RALLYDEBUG rally_openstack.cleanup.manager [-] Deleting neutron.port object s_rally_769ae668_t9trUbWz (0012d38d-7354-425a-b36c-c43cfa59e209)
2019-11-24 01:11:42.246 13785 RALLYDEBUG rally_openstack.cleanup.manager [-] Deleting neutron.port object s_rally_769ae668_pnoXBcbt (1ecff715-1663-4abd-9633-831fcecb7b3a)
2019-11-24 01:11:42.264 13785 RALLYDEBUG rally_openstack.cleanup.manager [-] Deleting neutron.port object s_rally_769ae668_sny4u4Bo (6954f694-c30e-46b0-8761-8b2f23114fdb)
2019-11-24 01:11:42.274 13785 RALLYDEBUG rally_openstack.cleanup.manager [-] Deleting neutron.port object s_rally_769ae668_VZfrWKer (5072093f-c7f6-4268-8636-66c5d15f6272)
2019-11-24 01:11:42.282 13785 RALLYDEBUG rally_openstack.cleanup.manager [-] Deleting neutron.port object s_rally_769ae668_B9WlufZW (6c917f6e-9312-40e8-aeea-55dca0407368)
2019-11-24 01:11:42.304 13785 RALLYDEBUG rally_openstack.cleanup.manager [-] Deleting neutron.port object s_rally_769ae668_CCWCrCmf (6d6d0a67-b633-4d25-8aac-b0753413c280)
2019-11-24 01:11:49.690 13785 RALLYDEBUG rally_openstack.cleanup.manager [-] Cleaning up neutron subnet objects
2019-11-24 01:11:51.046 13785 RALLYDEBUG rally_openstack.cleanup.manager [-] Deleting neutron.subnet object s_rally_769ae668_Mvk6ivL0 (2915b19f-e130-4c86-8d37-a11294c4cae8)
2019-11-24 01:11:51.050 13785 RALLYDEBUG rally_openstack.cleanup.manager [-] Deleting neutron.subnet object s_rally_769ae668_jMfmjzj1 (2d9f461d-7bac-4dc3-b6be-0d49d0ae9298)
2019-11-24 01:11:51.054 13785 RALLYDEBUG rally_openstack.cleanup.manager [-] Deleting neutron.subnet object s_rally_769ae668_AQ4RLN9W (4f7e1783-efff-42a0-8624-cd830fdb9492)
2019-11-24 01:11:51.063 13785 RALLYDEBUG rally_openstack.cleanup.manager [-] Deleting neutron.subnet object s_rally_769ae668_YaHUEAOG (7a477edb-4d72-4bb2-a80b-d318fa20efef)
2019-11-24 01:11:51.066 13785 RALLYDEBUG rally_openstack.cleanup.manager [-] Deleting neutron.subnet object s_rally_769ae668_vN6UvzBd (8937a941-9273-4325-88fe-03ee36c05837)
2019-11-24 01:11:51.069 13785 RALLYDEBUG rally_openstack.cleanup.manager [-] Deleting neutron.subnet object s_rally_769ae668_Jv39hGFq (c0b58968-d9d5-482c-9e2d-fd0b1bd0cca4)
2019-11-24 01:11:51.231 13785 RALLYDEBUG rally_openstack.cleanup.manager [-] Deleting neutron.subnet object s_rally_769ae668_sEQDD3Ab (04f13e67-dabd-431a-963d-53a875226f5a)
2019-11-24 01:11:51.249 13785 RALLYDEBUG rally_openstack.cleanup.manager [-] Deleting neutron.subnet object s_rally_769ae668_lc5pNxmI (1317c1f9-c121-4bb8-935b-2aae46a5b28a)
2019-11-24 01:11:51.256 13785 RALLYDEBUG rally_openstack.cleanup.manager [-] Deleting neutron.subnet object s_rally_769ae668_JMKEeQ6d (1cedd10a-feab-4eac-a244-f84f65883ce9)
2019-11-24 01:11:51.263 13785 RALLYDEBUG rally_openstack.cleanup.manager [-] Deleting neutron.subnet object s_rally_769ae668_iPxH3SUJ (2694f35b-a1f2-4574-9263-1fb0206c1bb2)
2019-11-24 01:11:51.265 13785 RALLYDEBUG rally_openstack.cleanup.manager [-] Deleting neutron.subnet object s_rally_769ae668_LaiupYc2 (81ef65f0-ac22-4016-b0f8-11ce8eacca66)
2019-11-24 01:11:51.271 13785 RALLYDEBUG rally_openstack.cleanup.manager [-] Deleting neutron.subnet object s_rally_769ae668_XeWqKWs2 (c51da3e4-539d-4b27-97e5-5ee7609a77ba)
2019-11-24 01:11:51.292 13785 RALLYDEBUG rally_openstack.cleanup.manager [-] Deleting neutron.subnet object s_rally_769ae668_NZlsVggU (e6aa21c8-6117-4777-9632-c09c52551c5f)
2019-11-24 01:11:51.299 13785 RALLYDEBUG rally_openstack.cleanup.manager [-] Deleting neutron.subnet object s_rally_769ae668_hVfHP98W (e716b509-09b1-4293-beac-be4d39efa3e1)
2019-11-24 01:11:51.306 13785 RALLYDEBUG rally_openstack.cleanup.manager [-] Deleting neutron.subnet object s_rally_769ae668_umxcDaX7 (041b3b35-6bc6-4622-b4cb-e0e2c31a9174)
2019-11-24 01:11:51.312 13785 RALLYDEBUG rally_openstack.cleanup.manager [-] Deleting neutron.subnet object s_rally_769ae668_pFSvVo3M (0e06a0e4-34b3-42f0-a031-d3546af39b17)
2019-11-24 01:11:51.317 13785 RALLYDEBUG rally_openstack.cleanup.manager [-] Deleting neutron.subnet object s_rally_769ae668_CrnLOX9P (8bc96c44-f9ec-4440-ac29-43cf75e5f477)
2019-11-24 01:11:51.327 13785 RALLYDEBUG rally_openstack.cleanup.manager [-] Deleting neutron.subnet object s_rally_769ae668_tTwsF2SF (b6184797-2edc-4d81-b881-f63e318bcbbe)
2019-11-24 01:11:51.333 13785 RALLYDEBUG rally_openstack.cleanup.manager [-] Deleting neutron.subnet object s_rally_769ae668_IBIXskKn (b8dfbe07-b1ce-434c-9458-9571aa14994c)
2019-11-24 01:11:51.343 13785 RALLYDEBUG rally_openstack.cleanup.manager [-] Deleting neutron.subnet object s_rally_769ae668_OOlKmKX5 (d9177a5a-6272-4da1-9f75-bc0540fc1bf7)
2019-11-24 01:11:58.682 13785 RALLYDEBUG rally_openstack.cleanup.manager [-] Cleaning up neutron network objects
2019-11-24 01:11:59.995 13785 RALLYDEBUG rally_openstack.cleanup.manager [-] Deleting neutron.network object s_rally_769ae668_4lL6DgyL (1121be38-b897-4473-b69f-7009a1da4b56)
2019-11-24 01:12:00.004 13785 RALLYDEBUG rally_openstack.cleanup.manager [-] Deleting neutron.network object s_rally_769ae668_f3wl7tOA (24bcf9e2-b53f-4266-98a5-e97443e5cb96)
2019-11-24 01:12:00.013 13785 RALLYDEBUG rally_openstack.cleanup.manager [-] Deleting neutron.network object s_rally_769ae668_kDR1qmO5 (a368bc7c-0693-4b0a-a974-9b6134b9d7dc)
2019-11-24 01:12:00.022 13785 RALLYDEBUG rally_openstack.cleanup.manager [-] Deleting neutron.network object s_rally_769ae668_d85yZAeP (2a19923c-7960-46a4-8d5b-695d854731d4)
2019-11-24 01:12:00.032 13785 RALLYDEBUG rally_openstack.cleanup.manager [-] Deleting neutron.network object s_rally_769ae668_Ymzrnstj (49f8ce35-2062-4ffe-9c5f-cb98ded445ae)
2019-11-24 01:12:00.052 13785 RALLYDEBUG rally_openstack.cleanup.manager [-] Deleting neutron.network object s_rally_769ae668_UiK4lIzc (cd695b0b-92fb-44f0-8276-1e2f94d037ef)
2019-11-24 01:12:00.071 13785 RALLYDEBUG rally_openstack.cleanup.manager [-] Deleting neutron.network object s_rally_769ae668_dzNVqnV0 (e6d4ee97-ea98-4e1f-bd8a-a9205172bebe)
2019-11-24 01:12:00.080 13785 RALLYDEBUG rally_openstack.cleanup.manager [-] Deleting neutron.network object s_rally_769ae668_IDrJWxEz (786aa7de-8cc9-45a2-8c4f-c420bb187744)
2019-11-24 01:12:00.086 13785 RALLYDEBUG rally_openstack.cleanup.manager [-] Deleting neutron.network object s_rally_769ae668_xJ6MfmHw (82fcf4de-b45e-43c7-a65e-ecd2e73d0942)
2019-11-24 01:12:00.103 13785 RALLYDEBUG rally_openstack.cleanup.manager [-] Deleting neutron.network object s_rally_769ae668_ENaIXwhd (974cc7d4-74f5-4c88-a99a-3856407b55e7)
2019-11-24 01:12:02.533 13785 RALLYDEBUG rally_openstack.cleanup.manager [-] Cleaning up neutron router objects
2019-11-24 01:12:04.248 13785 RALLYDEBUG rally_openstack.cleanup.manager [-] Deleting neutron.router object s_rally_769ae668_xbLjix19 (1d618b57-8094-4b86-b669-4a0d3722c0e5)
2019-11-24 01:12:04.257 13785 RALLYDEBUG rally_openstack.cleanup.manager [-] Deleting neutron.router object s_rally_769ae668_qLKv5tKk (3e7d876d-cb79-457e-aba4-8f05f7ac4030)
2019-11-24 01:12:04.266 13785 RALLYDEBUG rally_openstack.cleanup.manager [-] Deleting neutron.router object s_rally_769ae668_YU1r0etm (46cb32a1-f020-4cf4-bc79-b6a5441df6f8)
2019-11-24 01:12:04.274 13785 RALLYDEBUG rally_openstack.cleanup.manager [-] Deleting neutron.router object s_rally_769ae668_bzGxralN (55edde09-1815-45b2-8ced-8c00d1111566)
2019-11-24 01:12:04.284 13785 RALLYDEBUG rally_openstack.cleanup.manager [-] Deleting neutron.router object s_rally_769ae668_MujEbCov (843d152a-d228-44d6-ba66-bb20f7dd7366)
2019-11-24 01:12:04.294 13785 RALLYDEBUG rally_openstack.cleanup.manager [-] Deleting neutron.router object s_rally_769ae668_zYhS7tYx (95ec0f9d-fbb6-4e60-a0ec-675dc646ea5f)
2019-11-24 01:12:04.309 13785 RALLYDEBUG rally_openstack.cleanup.manager [-] Deleting neutron.router object s_rally_769ae668_o9mNbpoI (0a8283c8-a5f1-4b03-9f50-d8711607aadd)
2019-11-24 01:12:04.325 13785 RALLYDEBUG rally_openstack.cleanup.manager [-] Deleting neutron.router object s_rally_769ae668_kRWGjeDJ (100de443-2f08-4821-9ccf-5c4495ab85c8)
2019-11-24 01:12:04.346 13785 RALLYDEBUG rally_openstack.cleanup.manager [-] Deleting neutron.router object s_rally_769ae668_XTNQyvt7 (1835626f-c2a5-439b-b377-59700c8be82d)
2019-11-24 01:12:04.352 13785 RALLYDEBUG rally_openstack.cleanup.manager [-] Deleting neutron.router object s_rally_769ae668_cNWNW4j9 (377e4826-9f32-4e09-a4e5-2e07ac7bc8ea)
2019-11-24 01:12:04.359 13785 RALLYDEBUG rally_openstack.cleanup.manager [-] Deleting neutron.router object s_rally_769ae668_eMlWk79h (7bc6280f-4649-4841-baf3-eeef679b89e7)
2019-11-24 01:12:04.367 13785 RALLYDEBUG rally_openstack.cleanup.manager [-] Deleting neutron.router object s_rally_769ae668_ne4287PK (ad6d79bb-8b42-4f45-853b-00b8cf196e27)
2019-11-24 01:12:04.373 13785 RALLYDEBUG rally_openstack.cleanup.manager [-] Deleting neutron.router object s_rally_769ae668_0JFtVwwZ (b1d05c7a-2b6c-41cb-a63d-924de686313e)
2019-11-24 01:12:04.387 13785 RALLYDEBUG rally_openstack.cleanup.manager [-] Deleting neutron.router object s_rally_769ae668_LXa76Hy8 (f109e1d2-4f03-4146-9ffa-deabb8ce1ded)
2019-11-24 01:12:04.401 13785 RALLYDEBUG rally_openstack.cleanup.manager [-] Deleting neutron.router object s_rally_769ae668_sny4u4Bo (596a7f2f-3f80-4d33-a607-59ce5eb1d692)
2019-11-24 01:12:04.421 13785 RALLYDEBUG rally_openstack.cleanup.manager [-] Deleting neutron.router object s_rally_769ae668_B9WlufZW (734f10ae-da52-4bea-b276-fe6cb4185f61)
2019-11-24 01:12:04.430 13785 RALLYDEBUG rally_openstack.cleanup.manager [-] Deleting neutron.router object s_rally_769ae668_VZfrWKer (e1067b81-07b4-47f1-887b-b08185144816)
2019-11-24 01:12:04.436 13785 RALLYDEBUG rally_openstack.cleanup.manager [-] Deleting neutron.router object s_rally_769ae668_t9trUbWz (e5d47248-0cf6-4624-a229-3ff619de2837)
2019-11-24 01:12:04.440 13785 RALLYDEBUG rally_openstack.cleanup.manager [-] Deleting neutron.router object s_rally_769ae668_CCWCrCmf (f527af92-ffca-467d-acbf-2a2648cff1c9)
2019-11-24 01:12:04.447 13785 RALLYDEBUG rally_openstack.cleanup.manager [-] Deleting neutron.router object s_rally_769ae668_pnoXBcbt (fdaf5672-e059-420f-a1ed-da62c5e561e0)
2019-11-24 01:12:07.031 13785 RALLYDEBUG rally_openstack.cleanup.manager [-] Cleaning up neutron security_group objects
2019-11-24 01:12:08.269 13785 INFO rally.task.context [-] Task d67691e7-a9b8-452e-a8dc-3036d9f36b5d | Context cleanup@openstack cleanup() finished in 34.72 sec
2019-11-24 01:12:08.270 13785 INFO rally.task.context [-] Task d67691e7-a9b8-452e-a8dc-3036d9f36b5d | Context quotas@openstack cleanup() started
2019-11-24 01:12:08.459 13785 INFO rally.task.context [-] Task d67691e7-a9b8-452e-a8dc-3036d9f36b5d | Context quotas@openstack cleanup() finished in 0.19 sec
2019-11-24 01:12:08.460 13785 INFO rally.task.context [-] Task d67691e7-a9b8-452e-a8dc-3036d9f36b5d | Context users@openstack cleanup() started
2019-11-24 01:12:12.474 13785 INFO rally.task.context [-] Task d67691e7-a9b8-452e-a8dc-3036d9f36b5d | Context users@openstack cleanup() finished in 4.01 sec
2019-11-24 01:12:13.824 13785 INFO rally.task.engine [-] Load duration is: 18.485986
2019-11-24 01:12:13.824 13785 INFO rally.task.engine [-] Full runner duration is: 18.536912
2019-11-24 01:12:13.824 13785 INFO rally.task.engine [-] Full duration is: 60.953197
2019-11-24 01:12:14.175 13785 INFO rally.task.engine [-] Running workload: position = 0 config = { "version": 2, "title": "A cropped version of a bigger task.", "description": "Auto-generated task from a single workload (uuid=63b66de9-0d52-45fc-9c80-d61aa01f63e1)", "subtasks": [ { "title": "NeutronNetworks.create_and_show_subnets", "description": "Create and show a subnet details.", "scenario": { "NeutronNetworks.create_and_show_subnets": { "subnets_per_network": 2 } }, "contexts": { "users": { "tenants": 3, "users_per_tenant": 2 }, "network": { "router": {} }, "quotas": { "neutron": { "network": -1, "subnet": -1 } } }, "runner": { "constant": { "concurrency": 4, "times": 10 } }, "hooks": [], "sla": { "failure_rate": { "max": 0 } } } ] }
2019-11-24 01:12:14.208 13785 RALLYDEBUG rally_openstack.contexts.keystone.users [-] Creating 3 tenants using 20 threads
2019-11-24 01:12:15.251 13785 RALLYDEBUG rally_openstack.contexts.keystone.users [-] Creating 6 users using 20 threads
2019-11-24 01:12:16.809 13785 INFO rally.task.context [-] Task d67691e7-a9b8-452e-a8dc-3036d9f36b5d | Context users@openstack setup() finished in 2.60 sec
2019-11-24 01:12:17.740 13785 INFO rally.task.context [-] Task d67691e7-a9b8-452e-a8dc-3036d9f36b5d | Context quotas@openstack setup() finished in 0.93 sec
2019-11-24 01:12:18.365 13785 RALLYDEBUG rally_openstack.wrappers.network [-] CIDR generated: 10.2.95.0/24
2019-11-24 01:12:19.610 13785 RALLYDEBUG rally_openstack.wrappers.network [-] CIDR generated: 10.2.96.0/24
2019-11-24 01:12:20.629 13785 RALLYDEBUG rally_openstack.wrappers.network [-] CIDR generated: 10.2.97.0/24
2019-11-24 01:12:21.155 13785 INFO rally.task.context [-] Task d67691e7-a9b8-452e-a8dc-3036d9f36b5d | Context network@openstack setup() finished in 3.41 sec
2019-11-24 01:12:21.155 13785 INFO rally.task.context [-] Task d67691e7-a9b8-452e-a8dc-3036d9f36b5d | Context cleanup@openstack setup() finished in 0.00 msec
2019-11-24 01:12:21.165 13785 RALLYDEBUG rally.task.runner [-] Starting the constant runner (task UUID: d67691e7-a9b8-452e-a8dc-3036d9f36b5d). times: 10 concurrency: 4 timeout: 0 max_cpu_used: 16 processes_to_start: 4 concurrency_per_worker: 1 concurrency_overhead: 0
2019-11-24 01:12:21.176 20125 RALLYDEBUG rally.task.runner [-] Starting a worker. times: 10 duration: None concurrency: 1 timeout: 0 cls: method_name: run args: {"subnets_per_network": 2}
2019-11-24 01:12:21.180 20126 RALLYDEBUG rally.task.runner [-] Starting a worker. times: 10 duration: None concurrency: 1 timeout: 0 cls: method_name: run args: {"subnets_per_network": 2}
2019-11-24 01:12:21.184 20125 INFO rally.task.runner [-] Task d67691e7-a9b8-452e-a8dc-3036d9f36b5d | ITER: 1 START
2019-11-24 01:12:21.183 20127 RALLYDEBUG rally.task.runner [-] Starting a worker. times: 10 duration: None concurrency: 1 timeout: 0 cls: method_name: run args: {"subnets_per_network": 2}
2019-11-24 01:12:21.186 20125 RALLYDEBUG rally_openstack.wrappers.network [-] CIDR generated: 10.2.98.0/24
2019-11-24 01:12:21.187 20126 INFO rally.task.runner [-] Task d67691e7-a9b8-452e-a8dc-3036d9f36b5d | ITER: 2 START
2019-11-24 01:12:21.187 20128 RALLYDEBUG rally.task.runner [-] Starting a worker. times: 10 duration: None concurrency: 1 timeout: 0 cls: method_name: run args: {"subnets_per_network": 2}
2019-11-24 01:12:21.190 20126 RALLYDEBUG rally_openstack.wrappers.network [-] CIDR generated: 10.2.99.0/24
2019-11-24 01:12:21.191 20127 INFO rally.task.runner [-] Task d67691e7-a9b8-452e-a8dc-3036d9f36b5d | ITER: 3 START
2019-11-24 01:12:21.193 20127 RALLYDEBUG rally_openstack.wrappers.network [-] CIDR generated: 10.2.100.0/24
2019-11-24 01:12:21.194 20128 INFO rally.task.runner [-] Task d67691e7-a9b8-452e-a8dc-3036d9f36b5d | ITER: 4 START
2019-11-24 01:12:21.197 20128 RALLYDEBUG rally_openstack.wrappers.network [-] CIDR generated: 10.2.101.0/24
2019-11-24 01:12:22.469 20126 RALLYDEBUG rally_openstack.wrappers.network [-] CIDR generated: 10.2.102.0/24
2019-11-24 01:12:22.482 20127 RALLYDEBUG rally_openstack.wrappers.network [-] CIDR generated: 10.2.103.0/24
2019-11-24 01:12:22.697 20128 RALLYDEBUG rally_openstack.wrappers.network [-] CIDR generated: 10.2.104.0/24
2019-11-24 01:12:22.698 20125 RALLYDEBUG rally_openstack.wrappers.network [-] CIDR generated: 10.2.105.0/24
2019-11-24 01:12:23.178 20127 INFO rally.task.runner [-] Task d67691e7-a9b8-452e-a8dc-3036d9f36b5d | ITER: 3 END: OK
2019-11-24 01:12:23.183 20127 INFO rally.task.runner [-] Task d67691e7-a9b8-452e-a8dc-3036d9f36b5d | ITER: 5 START
2019-11-24 01:12:23.185 20127 RALLYDEBUG rally_openstack.wrappers.network [-] CIDR generated: 10.2.106.0/24
2019-11-24 01:12:23.213 20126 INFO rally.task.runner [-] Task d67691e7-a9b8-452e-a8dc-3036d9f36b5d | ITER: 2 END: OK
2019-11-24 01:12:23.217 20126 INFO rally.task.runner [-] Task d67691e7-a9b8-452e-a8dc-3036d9f36b5d | ITER: 6 START
2019-11-24 01:12:23.219 20126 RALLYDEBUG rally_openstack.wrappers.network [-] CIDR generated: 10.2.107.0/24
2019-11-24 01:12:23.477 20128 INFO rally.task.runner [-] Task d67691e7-a9b8-452e-a8dc-3036d9f36b5d | ITER: 4 END: OK
2019-11-24 01:12:23.482 20128 INFO rally.task.runner [-] Task d67691e7-a9b8-452e-a8dc-3036d9f36b5d | ITER: 7 START
2019-11-24 01:12:23.483 20128 RALLYDEBUG rally_openstack.wrappers.network [-] CIDR generated: 10.2.108.0/24
2019-11-24 01:12:23.728 20125 INFO rally.task.runner [-] Task d67691e7-a9b8-452e-a8dc-3036d9f36b5d | ITER: 1 END: OK
2019-11-24 01:12:23.732 20125 INFO rally.task.runner [-] Task d67691e7-a9b8-452e-a8dc-3036d9f36b5d | ITER: 8 START
2019-11-24 01:12:23.733 20125 RALLYDEBUG rally_openstack.wrappers.network [-] CIDR generated: 10.2.109.0/24
2019-11-24 01:12:24.115 20127 RALLYDEBUG rally_openstack.wrappers.network [-] CIDR generated: 10.2.110.0/24
2019-11-24 01:12:24.145 20126 RALLYDEBUG rally_openstack.wrappers.network [-] CIDR generated: 10.2.111.0/24
2019-11-24 01:12:24.399 20128 RALLYDEBUG rally_openstack.wrappers.network [-] CIDR generated: 10.2.112.0/24
2019-11-24 01:12:24.801 20125 RALLYDEBUG rally_openstack.wrappers.network [-] CIDR generated: 10.2.113.0/24
2019-11-24 01:12:24.865 20127 INFO rally.task.runner [-] Task d67691e7-a9b8-452e-a8dc-3036d9f36b5d | ITER: 5 END: OK
2019-11-24 01:12:24.869 20127 INFO rally.task.runner [-] Task d67691e7-a9b8-452e-a8dc-3036d9f36b5d | ITER: 9 START
2019-11-24 01:12:24.870 20127 RALLYDEBUG rally_openstack.wrappers.network [-] CIDR generated: 10.2.114.0/24
2019-11-24 01:12:25.058 20126 INFO rally.task.runner [-] Task d67691e7-a9b8-452e-a8dc-3036d9f36b5d | ITER: 6 END: OK
2019-11-24 01:12:25.061 20126 INFO rally.task.runner [-] Task d67691e7-a9b8-452e-a8dc-3036d9f36b5d | ITER: 10 START
