2019-11-24 00:18:18.783 8 RALLYDEBUG rally.api [-] INFO logs from urllib3 and requests module are hide.
2019-11-24 00:18:18.783 8 RALLYDEBUG rally.api [-] urllib3 insecure warnings are hidden.
2019-11-24 00:18:18.783 8 RALLYDEBUG rally.api [-] ERROR log from boto module is hide.
2019-11-24 00:18:20.726 8 ERROR rally.cli.cliutils [-] Unexpected exception in CLI: rally.exceptions.DBRecordNotFound: Record for uuid or name is opnfv-rally not found in table envs
2019-11-24 00:18:20.726 8 ERROR rally.cli.cliutils
Traceback (most recent call last):
2019-11-24 00:18:20.726 8 ERROR rally.cli.cliutils
File "/usr/lib/python3.6/site-packages/rally/cli/cliutils.py", line 674, in run
2019-11-24 00:18:20.726 8 ERROR rally.cli.cliutils ret = fn(*fn_args, **fn_kwargs)
2019-11-24 00:18:20.726 8 ERROR rally.cli.cliutils File "", line 2, in destroy
2019-11-24 00:18:20.726 8 ERROR rally.cli.cliutils
File "/usr/lib/python3.6/site-packages/rally/cli/envutils.py", line 68, in default_from_global
2019-11-24 00:18:20.726 8 ERROR rally.cli.cliutils return f(*args, **kwargs)
2019-11-24 00:18:20.726 8 ERROR rally.cli.cliutils File "", line 2, in destroy
2019-11-24 00:18:20.726 8 ERROR rally.cli.cliutils
File "/usr/lib/python3.6/site-packages/rally/plugins/__init__.py", line 51, in ensure_plugins_are_loaded
2019-11-24 00:18:20.726 8 ERROR rally.cli.cliutils return f(*args, **kwargs)
2019-11-24 00:18:20.726 8 ERROR rally.cli.cliutils
File "/usr/lib/python3.6/site-packages/rally/cli/commands/deployment.py", line 157, in destroy
2019-11-24 00:18:20.726 8 ERROR rally.cli.cliutils api.deployment.destroy(deployment=deployment)
2019-11-24 00:18:20.726 8 ERROR rally.cli.cliutils
File "/usr/lib/python3.6/site-packages/rally/api.py", line 115, in destroy
2019-11-24 00:18:20.726 8 ERROR rally.cli.cliutils deploy = objects.Deployment.get(deployment)
2019-11-24 00:18:20.726 8 ERROR rally.cli.cliutils
File "/usr/lib/python3.6/site-packages/rally/common/objects/deploy.py", line 124, in get
2019-11-24 00:18:20.726 8 ERROR rally.cli.cliutils return Deployment(env_mgr.EnvManager.get(deploy))
2019-11-24 00:18:20.726 8 ERROR rally.cli.cliutils
File "/usr/lib/python3.6/site-packages/rally/env/env_mgr.py", line 212, in get
2019-11-24 00:18:20.726 8 ERROR rally.cli.cliutils return cls(db.env_get(uuid_or_name))
2019-11-24 00:18:20.726 8 ERROR rally.cli.cliutils
File "/usr/lib/python3.6/site-packages/rally/common/db/api.py", line 135, in wrapper
2019-11-24 00:18:20.726 8 ERROR rally.cli.cliutils result = f(session, *args, **kwargs)
2019-11-24 00:18:20.726 8 ERROR rally.cli.cliutils
File "/usr/lib/python3.6/site-packages/rally/common/db/api.py", line 521, in env_get
2019-11-24 00:18:20.726 8 ERROR rally.cli.cliutils criteria="uuid or name is %s" % uuid_or_name, table="envs")
2019-11-24 00:18:20.726 8 ERROR rally.cli.cliutils rally.exceptions.DBRecordNotFound: Record for uuid or name is opnfv-rally not found in table envs
2019-11-24 00:18:20.726 8 ERROR rally.cli.cliutils
2019-11-24 00:18:22.104 10 RALLYDEBUG rally.api [-] INFO logs from urllib3 and requests module are hide.
2019-11-24 00:18:22.104 10 RALLYDEBUG rally.api [-] urllib3 insecure warnings are hidden.
2019-11-24 00:18:22.105 10 RALLYDEBUG rally.api [-] ERROR log from boto module is hide.
2019-11-24 00:18:25.437 12 RALLYDEBUG rally.api [-] INFO logs from urllib3 and requests module are hide.
2019-11-24 00:18:25.437 12 RALLYDEBUG rally.api [-] urllib3 insecure warnings are hidden.
2019-11-24 00:18:25.437 12 RALLYDEBUG rally.api [-] ERROR log from boto module is hide.
2019-11-24 00:18:29.500 15 RALLYDEBUG rally.api [-] INFO logs from urllib3 and requests module are hide.
2019-11-24 00:18:29.500 15 RALLYDEBUG rally.api [-] urllib3 insecure warnings are hidden.
2019-11-24 00:18:29.500 15 RALLYDEBUG rally.api [-] ERROR log from boto module is hide.
2019-11-24 00:18:30.911 17 RALLYDEBUG rally.api [-] INFO logs from urllib3 and requests module are hide.
2019-11-24 00:18:30.912 17 RALLYDEBUG rally.api [-] urllib3 insecure warnings are hidden.
2019-11-24 00:18:30.912 17 RALLYDEBUG rally.api [-] ERROR log from boto module is hide.
2019-11-24 00:18:32.754 17 INFO rally.task.engine [-] Task 59c4a870-f966-486e-8394-80c4a437a603 | Starting: Task validation.
2019-11-24 00:18:32.805 17 INFO rally.task.engine [-] Task 59c4a870-f966-486e-8394-80c4a437a603 | Starting: Task validation of syntax.
2019-11-24 00:18:32.894 17 INFO rally.task.engine [-] Task 59c4a870-f966-486e-8394-80c4a437a603 | Completed: Task validation of syntax.
2019-11-24 00:18:32.894 17 INFO rally.task.engine [-] Task 59c4a870-f966-486e-8394-80c4a437a603 | Starting: Task validation of required platforms.
2019-11-24 00:18:32.939 17 INFO rally.task.engine [-] Task 59c4a870-f966-486e-8394-80c4a437a603 | Completed: Task validation of required platforms.
2019-11-24 00:18:32.939 17 INFO rally.task.engine [-] Task 59c4a870-f966-486e-8394-80c4a437a603 | Starting: Task validation of semantic.
2019-11-24 00:18:32.940 17 INFO rally.task.engine [-] Check health of the environment '4cd4f0ea-fd56-48ed-8a3d-a92bfc2b7126'.
2019-11-24 00:18:33.946 17 INFO rally.task.engine [-] Platform existing@openstack (available: True): OK!
2019-11-24 00:18:33.970 17 RALLYDEBUG rally_openstack.contexts.keystone.users [-] Creating 1 tenants using 20 threads
2019-11-24 00:18:34.813 17 RALLYDEBUG rally_openstack.contexts.keystone.users [-] Creating 1 users using 20 threads
2019-11-24 00:18:36.182 17 INFO rally.task.context [-] Task 59c4a870-f966-486e-8394-80c4a437a603 | Context users@openstack setup() finished in 2.21 sec
2019-11-24 00:18:36.241 17 INFO rally.task.context [-] Task 59c4a870-f966-486e-8394-80c4a437a603 | Context users@openstack cleanup() started
2019-11-24 00:18:39.138 17 INFO rally.task.context [-] Task 59c4a870-f966-486e-8394-80c4a437a603 | Context users@openstack cleanup() finished in 2.90 sec
2019-11-24 00:18:39.139 17 INFO rally.task.engine [-] Task 59c4a870-f966-486e-8394-80c4a437a603 | Completed: Task validation of semantic.
2019-11-24 00:18:39.140 17 INFO rally.task.engine [-] Task 59c4a870-f966-486e-8394-80c4a437a603 | Completed: Task validation.
2019-11-24 00:18:39.140 17 INFO rally.api [-] Task 59c4a870-f966-486e-8394-80c4a437a603 input file is valid.
2019-11-24 00:18:39.140 17 INFO rally.api [-] Run Task 59c4a870-f966-486e-8394-80c4a437a603 against Deployment 4cd4f0ea-fd56-48ed-8a3d-a92bfc2b7126
2019-11-24 00:18:39.141 17 INFO rally.task.engine [-] Task 59c4a870-f966-486e-8394-80c4a437a603 | Starting: Running task.
2019-11-24 00:18:39.367 17 INFO rally.task.engine [-] Running workload: position = 0 config = { "version": 2, "title": "A cropped version of a bigger task.", "description": "Auto-generated task from a single workload (uuid=2f2dd6be-492c-4172-a7b2-c73c729c6e42)", "subtasks": [ { "title": "Authenticate.keystone", "description": "Check Keystone Client.", "scenario": { "Authenticate.keystone": {} }, "contexts": { "users": { "tenants": 3, "users_per_tenant": 2 } }, "runner": { "constant": { "concurrency": 4, "times": 10 } }, "hooks": [], "sla": { "failure_rate": { "max": 0 } } } ] }
2019-11-24 00:18:39.391 17 RALLYDEBUG rally_openstack.contexts.keystone.users [-] Creating 3 tenants using 20 threads
2019-11-24 00:18:40.299 17 RALLYDEBUG rally_openstack.contexts.keystone.users [-] Creating 6 users using 20 threads
2019-11-24 00:18:41.866 17 INFO rally.task.context [-] Task 59c4a870-f966-486e-8394-80c4a437a603 | Context users@openstack setup() finished in 2.48 sec
2019-11-24 00:18:41.876 17 RALLYDEBUG rally.task.runner [-] Starting the constant runner (task UUID: 59c4a870-f966-486e-8394-80c4a437a603). times: 10 concurrency: 4 timeout: 0 max_cpu_used: 16 processes_to_start: 4 concurrency_per_worker: 1 concurrency_overhead: 0
2019-11-24 00:18:41.890 141 RALLYDEBUG rally.task.runner [-] Starting a worker. times: 10 duration: None concurrency: 1 timeout: 0 cls: method_name: run args: {}
2019-11-24 00:18:41.893 142 RALLYDEBUG rally.task.runner [-] Starting a worker. times: 10 duration: None concurrency: 1 timeout: 0 cls: method_name: run args: {}
2019-11-24 00:18:41.897 141 INFO rally.task.runner [-] Task 59c4a870-f966-486e-8394-80c4a437a603 | ITER: 1 START
2019-11-24 00:18:41.896 143 RALLYDEBUG rally.task.runner [-] Starting a worker. times: 10 duration: None concurrency: 1 timeout: 0 cls: method_name: run args: {}
2019-11-24 00:18:41.900 142 INFO rally.task.runner [-] Task 59c4a870-f966-486e-8394-80c4a437a603 | ITER: 2 START
2019-11-24 00:18:41.899 144 RALLYDEBUG rally.task.runner [-] Starting a worker. times: 10 duration: None concurrency: 1 timeout: 0 cls: method_name: run args: {}
2019-11-24 00:18:41.903 143 INFO rally.task.runner [-] Task 59c4a870-f966-486e-8394-80c4a437a603 | ITER: 3 START
2019-11-24 00:18:41.905 144 INFO rally.task.runner [-] Task 59c4a870-f966-486e-8394-80c4a437a603 | ITER: 4 START
2019-11-24 00:18:42.617 143 INFO rally.task.runner [-] Task 59c4a870-f966-486e-8394-80c4a437a603 | ITER: 3 END: OK
2019-11-24 00:18:42.621 143 INFO rally.task.runner [-] Task 59c4a870-f966-486e-8394-80c4a437a603 | ITER: 5 START
2019-11-24 00:18:42.644 144 INFO rally.task.runner [-] Task 59c4a870-f966-486e-8394-80c4a437a603 | ITER: 4 END: OK
2019-11-24 00:18:42.649 144 INFO rally.task.runner [-] Task 59c4a870-f966-486e-8394-80c4a437a603 | ITER: 6 START
2019-11-24 00:18:42.652 141 INFO rally.task.runner [-] Task 59c4a870-f966-486e-8394-80c4a437a603 | ITER: 1 END: OK
2019-11-24 00:18:42.656 141 INFO rally.task.runner [-] Task 59c4a870-f966-486e-8394-80c4a437a603 | ITER: 7 START
2019-11-24 00:18:42.661 142 INFO rally.task.runner [-] Task 59c4a870-f966-486e-8394-80c4a437a603 | ITER: 2 END: OK
2019-11-24 00:18:42.665 142 INFO rally.task.runner [-] Task 59c4a870-f966-486e-8394-80c4a437a603 | ITER: 8 START
2019-11-24 00:18:43.266 141 INFO rally.task.runner [-] Task 59c4a870-f966-486e-8394-80c4a437a603 | ITER: 7 END: OK
2019-11-24 00:18:43.269 141 INFO rally.task.runner [-] Task 59c4a870-f966-486e-8394-80c4a437a603 | ITER: 9 START
2019-11-24 00:18:43.319 143 INFO rally.task.runner [-] Task 59c4a870-f966-486e-8394-80c4a437a603 | ITER: 5 END: OK
2019-11-24 00:18:43.323 143 INFO rally.task.runner [-] Task 59c4a870-f966-486e-8394-80c4a437a603 | ITER: 10 START
2019-11-24 00:18:43.356 144 INFO rally.task.runner [-] Task 59c4a870-f966-486e-8394-80c4a437a603 | ITER: 6 END: OK
2019-11-24 00:18:43.368 142 INFO rally.task.runner [-] Task 59c4a870-f966-486e-8394-80c4a437a603 | ITER: 8 END: OK
2019-11-24 00:18:43.882 141 INFO rally.task.runner [-] Task 59c4a870-f966-486e-8394-80c4a437a603 | ITER: 9 END: OK
2019-11-24 00:18:43.935 143 INFO rally.task.runner [-] Task 59c4a870-f966-486e-8394-80c4a437a603 | ITER: 10 END: OK
2019-11-24 00:18:43.960 17 INFO rally.task.context [-] Task 59c4a870-f966-486e-8394-80c4a437a603 | Context users@openstack cleanup() started
2019-11-24 00:18:48.466 17 INFO rally.task.context [-] Task 59c4a870-f966-486e-8394-80c4a437a603 | Context users@openstack cleanup() finished in 4.51 sec
2019-11-24 00:18:49.467 17 INFO rally.task.engine [-] Load duration is: 2.037338
2019-11-24 00:18:49.467 17 INFO rally.task.engine [-] Full runner duration is: 2.085032
2019-11-24 00:18:49.468 17 INFO rally.task.engine [-] Full duration is: 9.076761
2019-11-24 00:18:49.710 17 INFO rally.task.engine [-] Running workload: position = 0 config = { "version": 2, "title": "A cropped version of a bigger task.", "description": "Auto-generated task from a single workload (uuid=0416b5d9-e53f-4662-bc24-3c5531c7785a)", "subtasks": [ { "title": "Authenticate.validate_cinder", "description": "Check Cinder Client to ensure validation of token.", "scenario": { "Authenticate.validate_cinder": { "repetitions": 2 } }, "contexts": { "users": { "tenants": 3, "users_per_tenant": 2 } }, "runner": { "constant": { "concurrency": 4, "times": 10 } }, "hooks": [], "sla": { "failure_rate": { "max": 0 } } } ] }
2019-11-24 00:18:49.733 17 RALLYDEBUG rally_openstack.contexts.keystone.users [-] Creating 3 tenants using 20 threads
2019-11-24 00:18:50.753 17 RALLYDEBUG rally_openstack.contexts.keystone.users [-] Creating 6 users using 20 threads
2019-11-24 00:18:52.225 17 INFO rally.task.context [-] Task 59c4a870-f966-486e-8394-80c4a437a603 | Context users@openstack setup() finished in 2.49 sec
2019-11-24 00:18:52.235 17 RALLYDEBUG rally.task.runner [-] Starting the constant runner (task UUID: 59c4a870-f966-486e-8394-80c4a437a603). times: 10 concurrency: 4 timeout: 0 max_cpu_used: 16 processes_to_start: 4 concurrency_per_worker: 1 concurrency_overhead: 0
2019-11-24 00:18:52.247 245 RALLYDEBUG rally.task.runner [-] Starting a worker. times: 10 duration: None concurrency: 1 timeout: 0 cls: method_name: run args: {"repetitions": 2}
2019-11-24 00:18:52.250 246 RALLYDEBUG rally.task.runner [-] Starting a worker. times: 10 duration: None concurrency: 1 timeout: 0 cls: method_name: run args: {"repetitions": 2}
2019-11-24 00:18:52.253 245 INFO rally.task.runner [-] Task 59c4a870-f966-486e-8394-80c4a437a603 | ITER: 1 START
2019-11-24 00:18:52.254 247 RALLYDEBUG rally.task.runner [-] Starting a worker. times: 10 duration: None concurrency: 1 timeout: 0 cls: method_name: run args: {"repetitions": 2}
2019-11-24 00:18:52.256 246 INFO rally.task.runner [-] Task 59c4a870-f966-486e-8394-80c4a437a603 | ITER: 2 START
2019-11-24 00:18:52.257 248 RALLYDEBUG rally.task.runner [-] Starting a worker. times: 10 duration: None concurrency: 1 timeout: 0 cls: method_name: run args: {"repetitions": 2}
2019-11-24 00:18:52.260 247 INFO rally.task.runner [-] Task 59c4a870-f966-486e-8394-80c4a437a603 | ITER: 3 START
2019-11-24 00:18:52.263 248 INFO rally.task.runner [-] Task 59c4a870-f966-486e-8394-80c4a437a603 | ITER: 4 START
2019-11-24 00:18:52.884 247 INFO rally.task.runner [-] Task 59c4a870-f966-486e-8394-80c4a437a603 | ITER: 3 END: OK
2019-11-24 00:18:52.886 248 INFO rally.task.runner [-] Task 59c4a870-f966-486e-8394-80c4a437a603 | ITER: 4 END: OK
2019-11-24 00:18:52.889 247 INFO rally.task.runner [-] Task 59c4a870-f966-486e-8394-80c4a437a603 | ITER: 5 START
2019-11-24 00:18:52.890 248 INFO rally.task.runner [-] Task 59c4a870-f966-486e-8394-80c4a437a603 | ITER: 6 START
2019-11-24 00:18:52.891 246 INFO rally.task.runner [-] Task 59c4a870-f966-486e-8394-80c4a437a603 | ITER: 2 END: OK
2019-11-24 00:18:52.896 246 INFO rally.task.runner [-] Task 59c4a870-f966-486e-8394-80c4a437a603 | ITER: 7 START
2019-11-24 00:18:52.909 245 INFO rally.task.runner [-] Task 59c4a870-f966-486e-8394-80c4a437a603 | ITER: 1 END: OK
2019-11-24 00:18:52.913 245 INFO rally.task.runner [-] Task 59c4a870-f966-486e-8394-80c4a437a603 | ITER: 8 START
2019-11-24 00:18:53.339 245 INFO rally.task.runner [-] Task 59c4a870-f966-486e-8394-80c4a437a603 | ITER: 8 END: OK
2019-11-24 00:18:53.343 245 INFO rally.task.runner [-] Task 59c4a870-f966-486e-8394-80c4a437a603 | ITER: 9 START
2019-11-24 00:18:53.357 247 INFO rally.task.runner [-] Task 59c4a870-f966-486e-8394-80c4a437a603 | ITER: 5 END: OK
2019-11-24 00:18:53.361 247 INFO rally.task.runner [-] Task 59c4a870-f966-486e-8394-80c4a437a603 | ITER: 10 START
2019-11-24 00:18:53.365 246 INFO rally.task.runner [-] Task 59c4a870-f966-486e-8394-80c4a437a603 | ITER: 7 END: OK
2019-11-24 00:18:53.369 248 INFO rally.task.runner [-] Task 59c4a870-f966-486e-8394-80c4a437a603 | ITER: 6 END: OK
2019-11-24 00:18:53.766 247 INFO rally.task.runner [-] Task 59c4a870-f966-486e-8394-80c4a437a603 | ITER: 10 END: OK
2019-11-24 00:18:54.050 245 INFO rally.task.runner [-] Task 59c4a870-f966-486e-8394-80c4a437a603 | ITER: 9 END: OK
2019-11-24 00:18:54.076 17 INFO rally.task.context [-] Task 59c4a870-f966-486e-8394-80c4a437a603 | Context users@openstack cleanup() started
2019-11-24 00:18:58.530 17 INFO rally.task.context [-] Task 59c4a870-f966-486e-8394-80c4a437a603 | Context users@openstack cleanup() finished in 4.45 sec
2019-11-24 00:18:59.816 17 INFO rally.task.engine [-] Load duration is: 1.794397
2019-11-24 00:18:59.817 17 INFO rally.task.engine [-] Full runner duration is: 1.84183
2019-11-24 00:18:59.817 17 INFO rally.task.engine [-] Full duration is: 8.798286
2019-11-24 00:19:00.214 17 INFO rally.task.engine [-] Running workload: position = 0 config = { "version": 2, "title": "A cropped version of a bigger task.", "description": "Auto-generated task from a single workload (uuid=e27b552d-9cd8-4de6-a742-cdd93fc65ad2)", "subtasks": [ { "title": "Authenticate.validate_glance", "description": "Check Glance Client to ensure validation of token.", "scenario": { "Authenticate.validate_glance": { "repetitions": 2 } }, "contexts": { "users": { "tenants": 3, "users_per_tenant": 2 } }, "runner": { "constant": { "concurrency": 4, "times": 10 } }, "hooks": [], "sla": { "failure_rate": { "max": 0 } } } ] }
2019-11-24 00:19:00.238 17 RALLYDEBUG rally_openstack.contexts.keystone.users [-] Creating 3 tenants using 20 threads
2019-11-24 00:19:01.157 17 RALLYDEBUG rally_openstack.contexts.keystone.users [-] Creating 6 users using 20 threads
2019-11-24 00:19:02.648 17 INFO rally.task.context [-] Task 59c4a870-f966-486e-8394-80c4a437a603 | Context users@openstack setup() finished in 2.41 sec
2019-11-24 00:19:02.657 17 RALLYDEBUG rally.task.runner [-] Starting the constant runner (task UUID: 59c4a870-f966-486e-8394-80c4a437a603). times: 10 concurrency: 4 timeout: 0 max_cpu_used: 16 processes_to_start: 4 concurrency_per_worker: 1 concurrency_overhead: 0
2019-11-24 00:19:02.668 349 RALLYDEBUG rally.task.runner [-] Starting a worker. times: 10 duration: None concurrency: 1 timeout: 0 cls: method_name: run args: {"repetitions": 2}
2019-11-24 00:19:02.671 350 RALLYDEBUG rally.task.runner [-] Starting a worker. times: 10 duration: None concurrency: 1 timeout: 0 cls: method_name: run args: {"repetitions": 2}
2019-11-24 00:19:02.675 349 INFO rally.task.runner [-] Task 59c4a870-f966-486e-8394-80c4a437a603 | ITER: 1 START
2019-11-24 00:19:02.675 351 RALLYDEBUG rally.task.runner [-] Starting a worker. times: 10 duration: None concurrency: 1 timeout: 0 cls: method_name: run args: {"repetitions": 2}
2019-11-24 00:19:02.678 350 INFO rally.task.runner [-] Task 59c4a870-f966-486e-8394-80c4a437a603 | ITER: 2 START
2019-11-24 00:19:02.678 352 RALLYDEBUG rally.task.runner [-] Starting a worker. times: 10 duration: None concurrency: 1 timeout: 0 cls: method_name: run args: {"repetitions": 2}
2019-11-24 00:19:02.682 351 INFO rally.task.runner [-] Task 59c4a870-f966-486e-8394-80c4a437a603 | ITER: 3 START
2019-11-24 00:19:02.685 352 INFO rally.task.runner [-] Task 59c4a870-f966-486e-8394-80c4a437a603 | ITER: 4 START
2019-11-24 00:19:03.513 350 INFO rally.task.runner [-] Task 59c4a870-f966-486e-8394-80c4a437a603 | ITER: 2 END: OK
2019-11-24 00:19:03.515 352 INFO rally.task.runner [-] Task 59c4a870-f966-486e-8394-80c4a437a603 | ITER: 4 END: OK
2019-11-24 00:19:03.516 351 INFO rally.task.runner [-] Task 59c4a870-f966-486e-8394-80c4a437a603 | ITER: 3 END: OK
2019-11-24 00:19:03.517 350 INFO rally.task.runner [-] Task 59c4a870-f966-486e-8394-80c4a437a603 | ITER: 5 START
2019-11-24 00:19:03.518 351 INFO rally.task.runner [-] Task 59c4a870-f966-486e-8394-80c4a437a603 | ITER: 7 START
2019-11-24 00:19:03.519 352 INFO rally.task.runner [-] Task 59c4a870-f966-486e-8394-80c4a437a603 | ITER: 6 START
2019-11-24 00:19:03.520 349 INFO rally.task.runner [-] Task 59c4a870-f966-486e-8394-80c4a437a603 | ITER: 1 END: OK
2019-11-24 00:19:03.524 349 INFO rally.task.runner [-] Task 59c4a870-f966-486e-8394-80c4a437a603 | ITER: 8 START
2019-11-24 00:19:04.018 349 INFO rally.task.runner [-] Task 59c4a870-f966-486e-8394-80c4a437a603 | ITER: 8 END: OK
2019-11-24 00:19:04.021 349 INFO rally.task.runner [-] Task 59c4a870-f966-486e-8394-80c4a437a603 | ITER: 9 START
2019-11-24 00:19:04.022 352 INFO rally.task.runner [-] Task 59c4a870-f966-486e-8394-80c4a437a603 | ITER: 6 END: OK
2019-11-24 00:19:04.025 352 INFO rally.task.runner [-] Task 59c4a870-f966-486e-8394-80c4a437a603 | ITER: 10 START
2019-11-24 00:19:04.028 351 INFO rally.task.runner [-] Task 59c4a870-f966-486e-8394-80c4a437a603 | ITER: 7 END: OK
2019-11-24 00:19:04.029 350 INFO rally.task.runner [-] Task 59c4a870-f966-486e-8394-80c4a437a603 | ITER: 5 END: OK
2019-11-24 00:19:04.449 349 INFO rally.task.runner [-] Task 59c4a870-f966-486e-8394-80c4a437a603 | ITER: 9 END: OK
2019-11-24 00:19:04.504 352 INFO rally.task.runner [-] Task 59c4a870-f966-486e-8394-80c4a437a603 | ITER: 10 END: OK
2019-11-24 00:19:04.538 17 INFO rally.task.context [-] Task 59c4a870-f966-486e-8394-80c4a437a603 | Context users@openstack cleanup() started
2019-11-24 00:19:08.986 17 INFO rally.task.context [-] Task 59c4a870-f966-486e-8394-80c4a437a603 | Context users@openstack cleanup() finished in 4.45 sec
2019-11-24 00:19:10.315 17 INFO rally.task.engine [-] Load duration is: 1.82733
2019-11-24 00:19:10.316 17 INFO rally.task.engine [-] Full runner duration is: 1.881149
2019-11-24 00:19:10.316 17 INFO rally.task.engine [-] Full duration is: 8.749592
2019-11-24 00:19:10.867 17 INFO rally.task.engine [-] Running workload: position = 0 config = { "version": 2, "title": "A cropped version of a bigger task.", "description": "Auto-generated task from a single workload (uuid=5ff23e28-aa00-4495-aebf-5d057491e6f9)", "subtasks": [ { "title": "Authenticate.validate_heat", "description": "Check Heat Client to ensure validation of token.", "scenario": { "Authenticate.validate_heat": { "repetitions": 2 } }, "contexts": { "users": { "tenants": 3, "users_per_tenant": 2 } }, "runner": { "constant": { "concurrency": 4, "times": 10 } }, "hooks": [], "sla": { "failure_rate": { "max": 0 } } } ] }
2019-11-24 00:19:10.889 17 RALLYDEBUG rally_openstack.contexts.keystone.users [-] Creating 3 tenants using 20 threads
2019-11-24 00:19:11.908 17 RALLYDEBUG rally_openstack.contexts.keystone.users [-] Creating 6 users using 20 threads
2019-11-24 00:19:13.545 17 INFO rally.task.context [-] Task 59c4a870-f966-486e-8394-80c4a437a603 | Context users@openstack setup() finished in 2.66 sec
2019-11-24 00:19:13.554 17 RALLYDEBUG rally.task.runner [-] Starting the constant runner (task UUID: 59c4a870-f966-486e-8394-80c4a437a603). times: 10 concurrency: 4 timeout: 0 max_cpu_used: 16 processes_to_start: 4 concurrency_per_worker: 1 concurrency_overhead: 0
2019-11-24 00:19:13.566 453 RALLYDEBUG rally.task.runner [-] Starting a worker. times: 10 duration: None concurrency: 1 timeout: 0 cls: method_name: run args: {"repetitions": 2}
2019-11-24 00:19:13.570 454 RALLYDEBUG rally.task.runner [-] Starting a worker. times: 10 duration: None concurrency: 1 timeout: 0 cls: method_name: run args: {"repetitions": 2}
2019-11-24 00:19:13.573 453 INFO rally.task.runner [-] Task 59c4a870-f966-486e-8394-80c4a437a603 | ITER: 1 START
2019-11-24 00:19:13.574 455 RALLYDEBUG rally.task.runner [-] Starting a worker. times: 10 duration: None concurrency: 1 timeout: 0 cls: method_name: run args: {"repetitions": 2}
2019-11-24 00:19:13.577 454 INFO rally.task.runner [-] Task 59c4a870-f966-486e-8394-80c4a437a603 | ITER: 2 START
2019-11-24 00:19:13.577 457 RALLYDEBUG rally.task.runner [-] Starting a worker. times: 10 duration: None concurrency: 1 timeout: 0 cls: method_name: run args: {"repetitions": 2}
2019-11-24 00:19:13.580 455 INFO rally.task.runner [-] Task 59c4a870-f966-486e-8394-80c4a437a603 | ITER: 3 START
2019-11-24 00:19:13.583 457 INFO rally.task.runner [-] Task 59c4a870-f966-486e-8394-80c4a437a603 | ITER: 4 START
2019-11-24 00:19:14.482 457 INFO rally.task.runner [-] Task 59c4a870-f966-486e-8394-80c4a437a603 | ITER: 4 END: OK
2019-11-24 00:19:14.486 457 INFO rally.task.runner [-] Task 59c4a870-f966-486e-8394-80c4a437a603 | ITER: 5 START
2019-11-24 00:19:14.517 455 INFO rally.task.runner [-] Task 59c4a870-f966-486e-8394-80c4a437a603 | ITER: 3 END: OK
2019-11-24 00:19:14.517 454 INFO rally.task.runner [-] Task 59c4a870-f966-486e-8394-80c4a437a603 | ITER: 2 END: OK
2019-11-24 00:19:14.518 453 INFO rally.task.runner [-] Task 59c4a870-f966-486e-8394-80c4a437a603 | ITER: 1 END: OK
2019-11-24 00:19:14.522 454 INFO rally.task.runner [-] Task 59c4a870-f966-486e-8394-80c4a437a603 | ITER: 7 START
2019-11-24 00:19:14.522 455 INFO rally.task.runner [-] Task 59c4a870-f966-486e-8394-80c4a437a603 | ITER: 6 START
2019-11-24 00:19:14.523 453 INFO rally.task.runner [-] Task 59c4a870-f966-486e-8394-80c4a437a603 | ITER: 8 START
2019-11-24 00:19:14.908 453 INFO rally.task.runner [-] Task 59c4a870-f966-486e-8394-80c4a437a603 | ITER: 8 END: OK
2019-11-24 00:19:14.911 453 INFO rally.task.runner [-] Task 59c4a870-f966-486e-8394-80c4a437a603 | ITER: 9 START
2019-11-24 00:19:14.961 454 INFO rally.task.runner [-] Task 59c4a870-f966-486e-8394-80c4a437a603 | ITER: 7 END: OK
2019-11-24 00:19:14.965 454 INFO rally.task.runner [-] Task 59c4a870-f966-486e-8394-80c4a437a603 | ITER: 10 START
2019-11-24 00:19:15.167 457 INFO rally.task.runner [-] Task 59c4a870-f966-486e-8394-80c4a437a603 | ITER: 5 END: OK
2019-11-24 00:19:15.189 455 INFO rally.task.runner [-] Task 59c4a870-f966-486e-8394-80c4a437a603 | ITER: 6 END: OK
2019-11-24 00:19:15.442 454 INFO rally.task.runner [-] Task 59c4a870-f966-486e-8394-80c4a437a603 | ITER: 10 END: OK
2019-11-24 00:19:15.584 453 INFO rally.task.runner [-] Task 59c4a870-f966-486e-8394-80c4a437a603 | ITER: 9 END: OK
2019-11-24 00:19:15.614 17 INFO rally.task.context [-] Task 59c4a870-f966-486e-8394-80c4a437a603 | Context users@openstack cleanup() started
2019-11-24 00:19:20.130 17 INFO rally.task.context [-] Task 59c4a870-f966-486e-8394-80c4a437a603 | Context users@openstack cleanup() finished in 4.52 sec
2019-11-24 00:19:20.979 17 INFO rally.task.engine [-] Load duration is: 2.009943
2019-11-24 00:19:20.980 17 INFO rally.task.engine [-] Full runner duration is: 2.059567
2019-11-24 00:19:20.980 17 INFO rally.task.engine [-] Full duration is: 9.242317
2019-11-24 00:19:21.548 17 INFO rally.task.engine [-] Running workload: position = 0 config = { "version": 2, "title": "A cropped version of a bigger task.", "description": "Auto-generated task from a single workload (uuid=2dac9017-7508-4c1a-8616-602cb2c867c4)", "subtasks": [ { "title": "Authenticate.validate_neutron", "description": "Check Neutron Client to ensure validation of token.", "scenario": { "Authenticate.validate_neutron": { "repetitions": 2 } }, "contexts": { "users": { "tenants": 3, "users_per_tenant": 2 } }, "runner": { "constant": { "concurrency": 4, "times": 10 } }, "hooks": [], "sla": { "failure_rate": { "max": 0 } } } ] }
2019-11-24 00:19:21.573 17 RALLYDEBUG rally_openstack.contexts.keystone.users [-] Creating 3 tenants using 20 threads
2019-11-24 00:19:22.612 17 RALLYDEBUG rally_openstack.contexts.keystone.users [-] Creating 6 users using 20 threads
2019-11-24 00:19:24.103 17 INFO rally.task.context [-] Task 59c4a870-f966-486e-8394-80c4a437a603 | Context users@openstack setup() finished in 2.53 sec
2019-11-24 00:19:24.111 17 RALLYDEBUG rally.task.runner [-] Starting the constant runner (task UUID: 59c4a870-f966-486e-8394-80c4a437a603). times: 10 concurrency: 4 timeout: 0 max_cpu_used: 16 processes_to_start: 4 concurrency_per_worker: 1 concurrency_overhead: 0
2019-11-24 00:19:24.122 557 RALLYDEBUG rally.task.runner [-] Starting a worker. times: 10 duration: None concurrency: 1 timeout: 0 cls: method_name: run args: {"repetitions": 2}
2019-11-24 00:19:24.125 558 RALLYDEBUG rally.task.runner [-] Starting a worker. times: 10 duration: None concurrency: 1 timeout: 0 cls: method_name: run args: {"repetitions": 2}
2019-11-24 00:19:24.129 557 INFO rally.task.runner [-] Task 59c4a870-f966-486e-8394-80c4a437a603 | ITER: 1 START
2019-11-24 00:19:24.128 559 RALLYDEBUG rally.task.runner [-] Starting a worker. times: 10 duration: None concurrency: 1 timeout: 0 cls: method_name: run args: {"repetitions": 2}
2019-11-24 00:19:24.131 558 INFO rally.task.runner [-] Task 59c4a870-f966-486e-8394-80c4a437a603 | ITER: 2 START
2019-11-24 00:19:24.132 560 RALLYDEBUG rally.task.runner [-] Starting a worker. times: 10 duration: None concurrency: 1 timeout: 0 cls: method_name: run args: {"repetitions": 2}
2019-11-24 00:19:24.134 559 INFO rally.task.runner [-] Task 59c4a870-f966-486e-8394-80c4a437a603 | ITER: 3 START
2019-11-24 00:19:24.138 560 INFO rally.task.runner [-] Task 59c4a870-f966-486e-8394-80c4a437a603 | ITER: 4 START
2019-11-24 00:19:24.875 557 INFO rally.task.runner [-] Task 59c4a870-f966-486e-8394-80c4a437a603 | ITER: 1 END: OK
2019-11-24 00:19:24.880 557 INFO rally.task.runner [-] Task 59c4a870-f966-486e-8394-80c4a437a603 | ITER: 5 START
2019-11-24 00:19:24.885 558 INFO rally.task.runner [-] Task 59c4a870-f966-486e-8394-80c4a437a603 | ITER: 2 END: OK
2019-11-24 00:19:24.889 558 INFO rally.task.runner [-] Task 59c4a870-f966-486e-8394-80c4a437a603 | ITER: 6 START
2019-11-24 00:19:24.896 559 INFO rally.task.runner [-] Task 59c4a870-f966-486e-8394-80c4a437a603 | ITER: 3 END: OK
2019-11-24 00:19:24.897 560 INFO rally.task.runner [-] Task 59c4a870-f966-486e-8394-80c4a437a603 | ITER: 4 END: OK
2019-11-24 00:19:24.900 559 INFO rally.task.runner [-] Task 59c4a870-f966-486e-8394-80c4a437a603 | ITER: 7 START
2019-11-24 00:19:24.901 560 INFO rally.task.runner [-] Task 59c4a870-f966-486e-8394-80c4a437a603 | ITER: 8 START
2019-11-24 00:19:25.448 558 INFO rally.task.runner [-] Task 59c4a870-f966-486e-8394-80c4a437a603 | ITER: 6 END: OK
2019-11-24 00:19:25.452 558 INFO rally.task.runner [-] Task 59c4a870-f966-486e-8394-80c4a437a603 | ITER: 9 START
2019-11-24 00:19:25.477 559 INFO rally.task.runner [-] Task 59c4a870-f966-486e-8394-80c4a437a603 | ITER: 7 END: OK
2019-11-24 00:19:25.480 559 INFO rally.task.runner [-] Task 59c4a870-f966-486e-8394-80c4a437a603 | ITER: 10 START
2019-11-24 00:19:25.556 560 INFO rally.task.runner [-] Task 59c4a870-f966-486e-8394-80c4a437a603 | ITER: 8 END: OK
2019-11-24 00:19:25.604 557 INFO rally.task.runner [-] Task 59c4a870-f966-486e-8394-80c4a437a603 | ITER: 5 END: OK
2019-11-24 00:19:26.037 558 INFO rally.task.runner [-] Task 59c4a870-f966-486e-8394-80c4a437a603 | ITER: 9 END: OK
2019-11-24 00:19:26.044 559 INFO rally.task.runner [-] Task 59c4a870-f966-486e-8394-80c4a437a603 | ITER: 10 END: OK
2019-11-24 00:19:26.072 17 INFO rally.task.context [-] Task 59c4a870-f966-486e-8394-80c4a437a603 | Context users@openstack cleanup() started
2019-11-24 00:19:30.410 17 INFO rally.task.context [-] Task 59c4a870-f966-486e-8394-80c4a437a603 | Context users@openstack cleanup() finished in 4.34 sec
2019-11-24 00:19:31.645 17 INFO rally.task.engine [-] Load duration is: 1.914168
2019-11-24 00:19:31.646 17 INFO rally.task.engine [-] Full runner duration is: 1.961723
2019-11-24 00:19:31.646 17 INFO rally.task.engine [-] Full duration is: 8.83848
2019-11-24 00:19:32.197 17 INFO rally.task.engine [-] Running workload: position = 0 config = { "version": 2, "title": "A cropped version of a bigger task.", "description": "Auto-generated task from a single workload (uuid=39728476-80ea-4cc4-97b5-b98a5c45f545)", "subtasks": [ { "title": "Authenticate.validate_nova", "description": "Check Nova Client to ensure validation of token.", "scenario": { "Authenticate.validate_nova": { "repetitions": 2 } }, "contexts": { "users": { "tenants": 3, "users_per_tenant": 2 } }, "runner": { "constant": { "concurrency": 4, "times": 10 } }, "hooks": [], "sla": { "failure_rate": { "max": 0 } } } ] }
2019-11-24 00:19:32.221 17 RALLYDEBUG rally_openstack.contexts.keystone.users [-] Creating 3 tenants using 20 threads
2019-11-24 00:19:33.314 17 RALLYDEBUG rally_openstack.contexts.keystone.users [-] Creating 6 users using 20 threads
2019-11-24 00:19:34.949 17 INFO rally.task.context [-] Task 59c4a870-f966-486e-8394-80c4a437a603 | Context users@openstack setup() finished in 2.73 sec
2019-11-24 00:19:34.959 17 RALLYDEBUG rally.task.runner [-] Starting the constant runner (task UUID: 59c4a870-f966-486e-8394-80c4a437a603). times: 10 concurrency: 4 timeout: 0 max_cpu_used: 16 processes_to_start: 4 concurrency_per_worker: 1 concurrency_overhead: 0
2019-11-24 00:19:34.971 661 RALLYDEBUG rally.task.runner [-] Starting a worker. times: 10 duration: None concurrency: 1 timeout: 0 cls: method_name: run args: {"repetitions": 2}
2019-11-24 00:19:34.974 662 RALLYDEBUG rally.task.runner [-] Starting a worker. times: 10 duration: None concurrency: 1 timeout: 0 cls: method_name: run args: {"repetitions": 2}
2019-11-24 00:19:34.978 661 INFO rally.task.runner [-] Task 59c4a870-f966-486e-8394-80c4a437a603 | ITER: 1 START
2019-11-24 00:19:34.978 663 RALLYDEBUG rally.task.runner [-] Starting a worker. times: 10 duration: None concurrency: 1 timeout: 0 cls: method_name: run args: {"repetitions": 2}
2019-11-24 00:19:34.980 662 INFO rally.task.runner [-] Task 59c4a870-f966-486e-8394-80c4a437a603 | ITER: 2 START
2019-11-24 00:19:34.981 665 RALLYDEBUG rally.task.runner [-] Starting a worker. times: 10 duration: None concurrency: 1 timeout: 0 cls: method_name: run args: {"repetitions": 2}
2019-11-24 00:19:34.985 663 INFO rally.task.runner [-] Task 59c4a870-f966-486e-8394-80c4a437a603 | ITER: 3 START
2019-11-24 00:19:34.988 665 INFO rally.task.runner [-] Task 59c4a870-f966-486e-8394-80c4a437a603 | ITER: 4 START
2019-11-24 00:19:35.621 661 INFO rally.task.runner [-] Task 59c4a870-f966-486e-8394-80c4a437a603 | ITER: 1 END: OK
2019-11-24 00:19:35.626 661 INFO rally.task.runner [-] Task 59c4a870-f966-486e-8394-80c4a437a603 | ITER: 5 START
2019-11-24 00:19:35.648 663 INFO rally.task.runner [-] Task 59c4a870-f966-486e-8394-80c4a437a603 | ITER: 3 END: OK
2019-11-24 00:19:35.652 663 INFO rally.task.runner [-] Task 59c4a870-f966-486e-8394-80c4a437a603 | ITER: 6 START
2019-11-24 00:19:35.671 665 INFO rally.task.runner [-] Task 59c4a870-f966-486e-8394-80c4a437a603 | ITER: 4 END: OK
2019-11-24 00:19:35.676 665 INFO rally.task.runner [-] Task 59c4a870-f966-486e-8394-80c4a437a603 | ITER: 7 START
2019-11-24 00:19:35.715 662 INFO rally.task.runner [-] Task 59c4a870-f966-486e-8394-80c4a437a603 | ITER: 2 END: OK
2019-11-24 00:19:35.718 662 INFO rally.task.runner [-] Task 59c4a870-f966-486e-8394-80c4a437a603 | ITER: 8 START
2019-11-24 00:19:36.054 665 INFO rally.task.runner [-] Task 59c4a870-f966-486e-8394-80c4a437a603 | ITER: 7 END: OK
2019-11-24 00:19:36.057 665 INFO rally.task.runner [-] Task 59c4a870-f966-486e-8394-80c4a437a603 | ITER: 9 START
2019-11-24 00:19:36.111 661 INFO rally.task.runner [-] Task 59c4a870-f966-486e-8394-80c4a437a603 | ITER: 5 END: OK
2019-11-24 00:19:36.115 661 INFO rally.task.runner [-] Task 59c4a870-f966-486e-8394-80c4a437a603 | ITER: 10 START
2019-11-24 00:19:36.124 663 INFO rally.task.runner [-] Task 59c4a870-f966-486e-8394-80c4a437a603 | ITER: 6 END: OK
2019-11-24 00:19:36.126 662 INFO rally.task.runner [-] Task 59c4a870-f966-486e-8394-80c4a437a603 | ITER: 8 END: OK
2019-11-24 00:19:36.516 665 INFO rally.task.runner [-] Task 59c4a870-f966-486e-8394-80c4a437a603 | ITER: 9 END: OK
2019-11-24 00:19:36.524 661 INFO rally.task.runner [-] Task 59c4a870-f966-486e-8394-80c4a437a603 | ITER: 10 END: OK
2019-11-24 00:19:36.554 17 INFO rally.task.context [-] Task 59c4a870-f966-486e-8394-80c4a437a603 | Context users@openstack cleanup() started
2019-11-24 00:19:40.926 17 INFO rally.task.context [-] Task 59c4a870-f966-486e-8394-80c4a437a603 | Context users@openstack cleanup() finished in 4.37 sec
2019-11-24 00:19:42.305 17 INFO rally.task.engine [-] Load duration is: 1.544389
2019-11-24 00:19:42.305 17 INFO rally.task.engine [-] Full runner duration is: 1.595779
2019-11-24 00:19:42.306 17 INFO rally.task.engine [-] Full duration is: 8.706495
2019-11-24 00:19:42.787 17 INFO rally.task.engine [-] Task 59c4a870-f966-486e-8394-80c4a437a603 | Completed: Running task.
2019-11-24 00:19:44.376 723 RALLYDEBUG rally.api [-] INFO logs from urllib3 and requests module are hide.
2019-11-24 00:19:44.377 723 RALLYDEBUG rally.api [-] urllib3 insecure warnings are hidden.
2019-11-24 00:19:44.377 723 RALLYDEBUG rally.api [-] ERROR log from boto module is hide.
2019-11-24 00:19:45.456 724 RALLYDEBUG rally.api [-] INFO logs from urllib3 and requests module are hide.
2019-11-24 00:19:45.456 724 RALLYDEBUG rally.api [-] urllib3 insecure warnings are hidden.
2019-11-24 00:19:45.456 724 RALLYDEBUG rally.api [-] ERROR log from boto module is hide.
2019-11-24 00:19:46.556 725 RALLYDEBUG rally.api [-] INFO logs from urllib3 and requests module are hide.
2019-11-24 00:19:46.557 725 RALLYDEBUG rally.api [-] urllib3 insecure warnings are hidden.
2019-11-24 00:19:46.557 725 RALLYDEBUG rally.api [-] ERROR log from boto module is hide.
2019-11-24 00:19:48.189 725 INFO rally.api [-] Building 'json' report for the following task(s): '59c4a870-f966-486e-8394-80c4a437a603'.
2019-11-24 00:19:48.197 725 INFO rally.api [-] The report has been successfully built.
2019-11-24 00:19:49.624 727 RALLYDEBUG rally.api [-] INFO logs from urllib3 and requests module are hide.
2019-11-24 00:19:49.624 727 RALLYDEBUG rally.api [-] urllib3 insecure warnings are hidden.
2019-11-24 00:19:49.624 727 RALLYDEBUG rally.api [-] ERROR log from boto module is hide.
2019-11-24 00:19:51.562 727 INFO rally.task.engine [-] Task 26219cbc-da3d-4d4e-9b31-7b703e983311 | Starting: Task validation.
2019-11-24 00:19:51.651 727 INFO rally.task.engine [-] Task 26219cbc-da3d-4d4e-9b31-7b703e983311 | Starting: Task validation of syntax.
2019-11-24 00:19:51.785 727 INFO rally.task.engine [-] Task 26219cbc-da3d-4d4e-9b31-7b703e983311 | Completed: Task validation of syntax.
2019-11-24 00:19:51.786 727 INFO rally.task.engine [-] Task 26219cbc-da3d-4d4e-9b31-7b703e983311 | Starting: Task validation of required platforms.
2019-11-24 00:19:51.845 727 INFO rally.task.engine [-] Task 26219cbc-da3d-4d4e-9b31-7b703e983311 | Completed: Task validation of required platforms.
2019-11-24 00:19:51.845 727 INFO rally.task.engine [-] Task 26219cbc-da3d-4d4e-9b31-7b703e983311 | Starting: Task validation of semantic.
2019-11-24 00:19:51.846 727 INFO rally.task.engine [-] Check health of the environment '4cd4f0ea-fd56-48ed-8a3d-a92bfc2b7126'.
2019-11-24 00:19:52.823 727 INFO rally.task.engine [-] Platform existing@openstack (available: True): OK!
2019-11-24 00:19:52.844 727 RALLYDEBUG rally_openstack.contexts.keystone.users [-] Creating 1 tenants using 20 threads
2019-11-24 00:19:53.692 727 RALLYDEBUG rally_openstack.contexts.keystone.users [-] Creating 1 users using 20 threads
2019-11-24 00:19:55.082 727 INFO rally.task.context [-] Task 26219cbc-da3d-4d4e-9b31-7b703e983311 | Context users@openstack setup() finished in 2.24 sec
2019-11-24 00:19:58.756 727 INFO rally.task.context [-] Task 26219cbc-da3d-4d4e-9b31-7b703e983311 | Context users@openstack cleanup() started
2019-11-24 00:20:01.633 727 INFO rally.task.context [-] Task 26219cbc-da3d-4d4e-9b31-7b703e983311 | Context users@openstack cleanup() finished in 2.88 sec
2019-11-24 00:20:01.634 727 INFO rally.task.engine [-] Task 26219cbc-da3d-4d4e-9b31-7b703e983311 | Completed: Task validation of semantic.
2019-11-24 00:20:01.634 727 INFO rally.task.engine [-] Task 26219cbc-da3d-4d4e-9b31-7b703e983311 | Completed: Task validation.
2019-11-24 00:20:01.635 727 INFO rally.api [-] Task 26219cbc-da3d-4d4e-9b31-7b703e983311 input file is valid.
2019-11-24 00:20:01.635 727 INFO rally.api [-] Run Task 26219cbc-da3d-4d4e-9b31-7b703e983311 against Deployment 4cd4f0ea-fd56-48ed-8a3d-a92bfc2b7126
2019-11-24 00:20:01.635 727 INFO rally.task.engine [-] Task 26219cbc-da3d-4d4e-9b31-7b703e983311 | Starting: Running task.
2019-11-24 00:20:01.953 727 INFO rally.task.engine [-] Running workload: position = 0 config = { "version": 2, "title": "A cropped version of a bigger task.", "description": "Auto-generated task from a single workload (uuid=cbefaff1-fae7-402c-9142-a6fbf34dad7f)", "subtasks": [ { "title": "GlanceImages.create_and_delete_image", "description": "Create and then delete an image.", "scenario": { "GlanceImages.create_and_delete_image": { "container_format": "bare", "disk_format": "qcow2", "image_location": "/home/opnfv/functest/images/cirros-0.4.0-x86_64-disk.img" } }, "contexts": { "users": { "tenants": 3, "users_per_tenant": 2 } }, "runner": { "constant": { "concurrency": 4, "times": 10 } }, "hooks": [], "sla": { "failure_rate": { "max": 0 } } } ] }
2019-11-24 00:20:01.982 727 RALLYDEBUG rally_openstack.contexts.keystone.users [-] Creating 3 tenants using 20 threads
2019-11-24 00:20:02.930 727 RALLYDEBUG rally_openstack.contexts.keystone.users [-] Creating 6 users using 20 threads
2019-11-24 00:20:04.510 727 INFO rally.task.context [-] Task 26219cbc-da3d-4d4e-9b31-7b703e983311 | Context users@openstack setup() finished in 2.53 sec
2019-11-24 00:20:04.511 727 INFO rally.task.context [-] Task 26219cbc-da3d-4d4e-9b31-7b703e983311 | Context cleanup@openstack setup() finished in 0.03 msec
2019-11-24 00:20:04.519 727 RALLYDEBUG rally.task.runner [-] Starting the constant runner (task UUID: 26219cbc-da3d-4d4e-9b31-7b703e983311). times: 10 concurrency: 4 timeout: 0 max_cpu_used: 16 processes_to_start: 4 concurrency_per_worker: 1 concurrency_overhead: 0
2019-11-24 00:20:04.532 851 RALLYDEBUG rally.task.runner [-] Starting a worker. times: 10 duration: None concurrency: 1 timeout: 0 cls: method_name: run args: {"container_format": "bare", "disk_format": "qcow2", "image_location": "/home/opnfv/functest/images/cirros-0.4.0-x86_64-disk.img"}
2019-11-24 00:20:04.535 852 RALLYDEBUG rally.task.runner [-] Starting a worker. times: 10 duration: None concurrency: 1 timeout: 0 cls: method_name: run args: {"container_format": "bare", "disk_format": "qcow2", "image_location": "/home/opnfv/functest/images/cirros-0.4.0-x86_64-disk.img"}
2019-11-24 00:20:04.539 851 INFO rally.task.runner [-] Task 26219cbc-da3d-4d4e-9b31-7b703e983311 | ITER: 1 START
2019-11-24 00:20:04.538 853 RALLYDEBUG rally.task.runner [-] Starting a worker. times: 10 duration: None concurrency: 1 timeout: 0 cls: method_name: run args: {"container_format": "bare", "disk_format": "qcow2", "image_location": "/home/opnfv/functest/images/cirros-0.4.0-x86_64-disk.img"}
2019-11-24 00:20:04.541 852 INFO rally.task.runner [-] Task 26219cbc-da3d-4d4e-9b31-7b703e983311 | ITER: 2 START
2019-11-24 00:20:04.542 854 RALLYDEBUG rally.task.runner [-] Starting a worker. times: 10 duration: None concurrency: 1 timeout: 0 cls: method_name: run args: {"container_format": "bare", "disk_format": "qcow2", "image_location": "/home/opnfv/functest/images/cirros-0.4.0-x86_64-disk.img"}
2019-11-24 00:20:04.544 853 INFO rally.task.runner [-] Task 26219cbc-da3d-4d4e-9b31-7b703e983311 | ITER: 3 START
2019-11-24 00:20:04.548 854 INFO rally.task.runner [-] Task 26219cbc-da3d-4d4e-9b31-7b703e983311 | ITER: 4 START
2019-11-24 00:20:07.481 853 RALLYDEBUG rally.task.utils [-] Waiting for resource '7ea69d16-a32a-4f10-8e80-cf59fd8d5e2a'. Status changed: NONE => QUEUED in 0.03822946548461914
2019-11-24 00:20:07.483 851 RALLYDEBUG rally.task.utils [-] Waiting for resource 'd5db33b7-8525-40d6-9621-6d8f9571b5eb'. Status changed: NONE => QUEUED in 0.03719162940979004
2019-11-24 00:20:07.484 852 RALLYDEBUG rally.task.utils [-] Waiting for resource '87144677-db55-49e8-b8f0-7ca050ae62f0'. Status changed: NONE => QUEUED in 0.04445505142211914
2019-11-24 00:20:07.499 854 RALLYDEBUG rally.task.utils [-] Waiting for resource 'cf12acdc-cb14-479d-ab32-e3ebcd4a7fff'. Status changed: NONE => QUEUED in 0.04599165916442871
2019-11-24 00:20:07.697 852 RALLYDEBUG rally.task.utils [-] Waiting for resource s_rally_cbefaff1_uUmnhMhs. Status changed: QUEUED => ACTIVE in 0.018038511276245117
2019-11-24 00:20:07.703 853 RALLYDEBUG rally.task.utils [-] Waiting for resource s_rally_cbefaff1_OrV0eZPe. Status changed: QUEUED => ACTIVE in 0.017725706100463867
2019-11-24 00:20:07.704 851 RALLYDEBUG rally.task.utils [-] Waiting for resource s_rally_cbefaff1_XBqgzoCX. Status changed: QUEUED => ACTIVE in 0.018141746520996094
2019-11-24 00:20:07.728 854 RALLYDEBUG rally.task.utils [-] Waiting for resource s_rally_cbefaff1_Vk5Zil9U. Status changed: QUEUED => ACTIVE in 0.017838239669799805
2019-11-24 00:20:07.770 853 INFO rally.task.runner [-] Task 26219cbc-da3d-4d4e-9b31-7b703e983311 | ITER: 3 END: OK
2019-11-24 00:20:07.771 851 INFO rally.task.runner [-] Task 26219cbc-da3d-4d4e-9b31-7b703e983311 | ITER: 1 END: OK
2019-11-24 00:20:07.773 852 INFO rally.task.runner [-] Task 26219cbc-da3d-4d4e-9b31-7b703e983311 | ITER: 2 END: OK
2019-11-24 00:20:07.774 853 INFO rally.task.runner [-] Task 26219cbc-da3d-4d4e-9b31-7b703e983311 | ITER: 5 START
2019-11-24 00:20:07.776 851 INFO rally.task.runner [-] Task 26219cbc-da3d-4d4e-9b31-7b703e983311 | ITER: 6 START
2019-11-24 00:20:07.777 852 INFO rally.task.runner [-] Task 26219cbc-da3d-4d4e-9b31-7b703e983311 | ITER: 7 START
2019-11-24 00:20:07.799 854 INFO rally.task.runner [-] Task 26219cbc-da3d-4d4e-9b31-7b703e983311 | ITER: 4 END: OK
2019-11-24 00:20:07.803 854 INFO rally.task.runner [-] Task 26219cbc-da3d-4d4e-9b31-7b703e983311 | ITER: 8 START
2019-11-24 00:20:10.566 852 RALLYDEBUG rally.task.utils [-] Waiting for resource '819ce408-7945-4e08-b53f-ace6b4a1cc3a'. Status changed: NONE => QUEUED in 0.043843746185302734
2019-11-24 00:20:10.593 851 RALLYDEBUG rally.task.utils [-] Waiting for resource '4751f9d3-0c60-44e6-888b-28b4cc472563'. Status changed: NONE => QUEUED in 0.03844785690307617
2019-11-24 00:20:10.796 852 RALLYDEBUG rally.task.utils [-] Waiting for resource s_rally_cbefaff1_VgWetR2i. Status changed: QUEUED => ACTIVE in 0.018783092498779297
2019-11-24 00:20:10.820 851 RALLYDEBUG rally.task.utils [-] Waiting for resource s_rally_cbefaff1_uGeUpxDV. Status changed: QUEUED => ACTIVE in 0.02461075782775879
2019-11-24 00:20:10.850 853 RALLYDEBUG rally.task.utils [-] Waiting for resource 'f73f43e9-369e-490b-a761-8b046137cec3'. Status changed: NONE => QUEUED in 0.03052043914794922
2019-11-24 00:20:10.854 852 INFO rally.task.runner [-] Task 26219cbc-da3d-4d4e-9b31-7b703e983311 | ITER: 7 END: OK
2019-11-24 00:20:10.857 854 RALLYDEBUG rally.task.utils [-] Waiting for resource '0673a18d-6bd8-4b6a-a40d-54d1691fe050'. Status changed: NONE => QUEUED in 0.033698320388793945
2019-11-24 00:20:10.859 852 INFO rally.task.runner [-] Task 26219cbc-da3d-4d4e-9b31-7b703e983311 | ITER: 9 START
2019-11-24 00:20:10.882 851 INFO rally.task.runner [-] Task 26219cbc-da3d-4d4e-9b31-7b703e983311 | ITER: 6 END: OK
2019-11-24 00:20:10.886 851 INFO rally.task.runner [-] Task 26219cbc-da3d-4d4e-9b31-7b703e983311 | ITER: 10 START
2019-11-24 00:20:11.044 854 RALLYDEBUG rally.task.utils [-] Waiting for resource s_rally_cbefaff1_bNTrIfm4. Status changed: QUEUED => ACTIVE in 0.018342256546020508
2019-11-24 00:20:11.045 853 RALLYDEBUG rally.task.utils [-] Waiting for resource s_rally_cbefaff1_5NMapzej. Status changed: QUEUED => ACTIVE in 0.019940614700317383
2019-11-24 00:20:11.099 854 INFO rally.task.runner [-] Task 26219cbc-da3d-4d4e-9b31-7b703e983311 | ITER: 8 END: OK
2019-11-24 00:20:11.106 853 INFO rally.task.runner [-] Task 26219cbc-da3d-4d4e-9b31-7b703e983311 | ITER: 5 END: OK
2019-11-24 00:20:13.669 852 RALLYDEBUG rally.task.utils [-] Waiting for resource '20ae8bda-6207-4e52-9db8-b4e10f5aa4f1'. Status changed: NONE => QUEUED in 0.040750980377197266
2019-11-24 00:20:13.748 851 RALLYDEBUG rally.task.utils [-] Waiting for resource '9af4349d-5baa-4ffa-b325-f33177dd5ee0'. Status changed: NONE => QUEUED in 0.03661823272705078
2019-11-24 00:20:13.949 852 RALLYDEBUG rally.task.utils [-] Waiting for resource s_rally_cbefaff1_hX2OeI1i. Status changed: QUEUED => ACTIVE in 0.022429704666137695
2019-11-24 00:20:13.977 851 RALLYDEBUG rally.task.utils [-] Waiting for resource s_rally_cbefaff1_mBrmXBv6. Status changed: QUEUED => ACTIVE in 0.017839670181274414
2019-11-24 00:20:14.013 852 INFO rally.task.runner [-] Task 26219cbc-da3d-4d4e-9b31-7b703e983311 | ITER: 9 END: OK
2019-11-24 00:20:14.037 851 INFO rally.task.runner [-] Task 26219cbc-da3d-4d4e-9b31-7b703e983311 | ITER: 10 END: OK
2019-11-24 00:20:14.067 727 INFO rally.task.context [-] Task 26219cbc-da3d-4d4e-9b31-7b703e983311 | Context cleanup@openstack cleanup() started
2019-11-24 00:20:14.073 727 RALLYDEBUG rally_openstack.cleanup.manager [-] Cleaning up glance images objects
2019-11-24 00:20:15.413 727 INFO rally.task.context [-] Task 26219cbc-da3d-4d4e-9b31-7b703e983311 | Context cleanup@openstack cleanup() finished in 1.35 sec
2019-11-24 00:20:15.413 727 INFO rally.task.context [-] Task 26219cbc-da3d-4d4e-9b31-7b703e983311 | Context users@openstack cleanup() started
2019-11-24 00:20:19.780 727 INFO rally.task.context [-] Task 26219cbc-da3d-4d4e-9b31-7b703e983311 | Context users@openstack cleanup() finished in 4.37 sec
2019-11-24 00:20:20.110 727 INFO rally.task.engine [-] Load duration is: 8.784312
2019-11-24 00:20:20.110 727 INFO rally.task.engine [-] Full runner duration is: 9.548663
2019-11-24 00:20:20.111 727 INFO rally.task.engine [-] Full duration is: 17.799746
2019-11-24 00:20:20.663 727 INFO rally.task.engine [-] Running workload: position = 0 config = { "version": 2, "title": "A cropped version of a bigger task.", "description": "Auto-generated task from a single workload (uuid=a490270d-622d-412c-9ecd-d005c3ca9190)", "subtasks": [ { "title": "GlanceImages.create_and_list_image", "description": "Create an image and then list all images.", "scenario": { "GlanceImages.create_and_list_image": { "container_format": "bare", "disk_format": "qcow2", "image_location": "/home/opnfv/functest/images/cirros-0.4.0-x86_64-disk.img" } }, "contexts": { "users": { "tenants": 3, "users_per_tenant": 2 } }, "runner": { "constant": { "concurrency": 4, "times": 10 } }, "hooks": [], "sla": { "failure_rate": { "max": 0 } } } ] }
2019-11-24 00:20:20.687 727 RALLYDEBUG rally_openstack.contexts.keystone.users [-] Creating 3 tenants using 20 threads
2019-11-24 00:20:21.625 727 RALLYDEBUG rally_openstack.contexts.keystone.users [-] Creating 6 users using 20 threads
2019-11-24 00:20:23.119 727 INFO rally.task.context [-] Task 26219cbc-da3d-4d4e-9b31-7b703e983311 | Context users@openstack setup() finished in 2.43 sec
2019-11-24 00:20:23.120 727 INFO rally.task.context [-] Task 26219cbc-da3d-4d4e-9b31-7b703e983311 | Context cleanup@openstack setup() finished in 0.02 msec
