2019-11-24 01:03:50.274 15854 RALLYDEBUG rally.task.runner [-] Starting a worker. times: 10 duration: None concurrency: 1 timeout: 0 cls: method_name: run args: {"network_create_args": {}, "router_create_args": {}, "subnet_cidr_start": "1.1.0.0/30", "subnet_create_args": {}, "subnets_per_network": 1}
2019-11-24 01:03:50.277 15853 INFO rally.task.runner [-] Task d67691e7-a9b8-452e-a8dc-3036d9f36b5d | ITER: 1 START
2019-11-24 01:03:50.277 15855 RALLYDEBUG rally.task.runner [-] Starting a worker. times: 10 duration: None concurrency: 1 timeout: 0 cls: method_name: run args: {"network_create_args": {}, "router_create_args": {}, "subnet_cidr_start": "1.1.0.0/30", "subnet_create_args": {}, "subnets_per_network": 1}
2019-11-24 01:03:50.281 15854 INFO rally.task.runner [-] Task d67691e7-a9b8-452e-a8dc-3036d9f36b5d | ITER: 2 START
2019-11-24 01:03:50.281 15857 RALLYDEBUG rally.task.runner [-] Starting a worker. times: 10 duration: None concurrency: 1 timeout: 0 cls: method_name: run args: {"network_create_args": {}, "router_create_args": {}, "subnet_cidr_start": "1.1.0.0/30", "subnet_create_args": {}, "subnets_per_network": 1}
2019-11-24 01:03:50.284 15855 INFO rally.task.runner [-] Task d67691e7-a9b8-452e-a8dc-3036d9f36b5d | ITER: 3 START
2019-11-24 01:03:50.287 15857 INFO rally.task.runner [-] Task d67691e7-a9b8-452e-a8dc-3036d9f36b5d | ITER: 4 START
2019-11-24 01:03:50.938 15855 RALLYDEBUG rally_openstack.wrappers.network [-] CIDR generated: 1.1.0.104/30
2019-11-24 01:03:50.979 15854 RALLYDEBUG rally_openstack.wrappers.network [-] CIDR generated: 1.1.0.108/30
2019-11-24 01:03:51.468 15853 RALLYDEBUG rally_openstack.wrappers.network [-] CIDR generated: 1.1.0.112/30
2019-11-24 01:03:51.472 15857 RALLYDEBUG rally_openstack.wrappers.network [-] CIDR generated: 1.1.0.116/30
2019-11-24 01:03:55.732 15854 INFO rally.task.runner [-] Task d67691e7-a9b8-452e-a8dc-3036d9f36b5d | ITER: 2 END: OK
2019-11-24 01:03:55.737 15854 INFO rally.task.runner [-] Task d67691e7-a9b8-452e-a8dc-3036d9f36b5d | ITER: 5 START
2019-11-24 01:03:55.821 15857 INFO rally.task.runner [-] Task d67691e7-a9b8-452e-a8dc-3036d9f36b5d | ITER: 4 END: OK
2019-11-24 01:03:55.826 15857 INFO rally.task.runner [-] Task d67691e7-a9b8-452e-a8dc-3036d9f36b5d | ITER: 6 START
2019-11-24 01:03:56.396 15855 INFO rally.task.runner [-] Task d67691e7-a9b8-452e-a8dc-3036d9f36b5d | ITER: 3 END: OK
2019-11-24 01:03:56.401 15855 INFO rally.task.runner [-] Task d67691e7-a9b8-452e-a8dc-3036d9f36b5d | ITER: 7 START
2019-11-24 01:03:56.435 15854 RALLYDEBUG rally_openstack.wrappers.network [-] CIDR generated: 1.1.0.120/30
2019-11-24 01:03:56.741 15853 INFO rally.task.runner [-] Task d67691e7-a9b8-452e-a8dc-3036d9f36b5d | ITER: 1 END: OK
2019-11-24 01:03:56.745 15853 INFO rally.task.runner [-] Task d67691e7-a9b8-452e-a8dc-3036d9f36b5d | ITER: 8 START
2019-11-24 01:03:56.901 15855 RALLYDEBUG rally_openstack.wrappers.network [-] CIDR generated: 1.1.0.124/30
2019-11-24 01:03:56.952 15857 RALLYDEBUG rally_openstack.wrappers.network [-] CIDR generated: 1.1.0.128/30
2019-11-24 01:03:57.259 15853 RALLYDEBUG rally_openstack.wrappers.network [-] CIDR generated: 1.1.0.132/30
2019-11-24 01:04:01.950 15854 INFO rally.task.runner [-] Task d67691e7-a9b8-452e-a8dc-3036d9f36b5d | ITER: 5 END: OK
2019-11-24 01:04:01.954 15854 INFO rally.task.runner [-] Task d67691e7-a9b8-452e-a8dc-3036d9f36b5d | ITER: 9 START
2019-11-24 01:04:02.426 15855 INFO rally.task.runner [-] Task d67691e7-a9b8-452e-a8dc-3036d9f36b5d | ITER: 7 END: OK
2019-11-24 01:04:02.429 15855 INFO rally.task.runner [-] Task d67691e7-a9b8-452e-a8dc-3036d9f36b5d | ITER: 10 START
2019-11-24 01:04:02.434 15854 RALLYDEBUG rally_openstack.wrappers.network [-] CIDR generated: 1.1.0.136/30
2019-11-24 01:04:02.731 15857 INFO rally.task.runner [-] Task d67691e7-a9b8-452e-a8dc-3036d9f36b5d | ITER: 6 END: OK
2019-11-24 01:04:02.917 15855 RALLYDEBUG rally_openstack.wrappers.network [-] CIDR generated: 1.1.0.140/30
2019-11-24 01:04:03.394 15853 INFO rally.task.runner [-] Task d67691e7-a9b8-452e-a8dc-3036d9f36b5d | ITER: 8 END: OK
2019-11-24 01:04:07.220 15855 INFO rally.task.runner [-] Task d67691e7-a9b8-452e-a8dc-3036d9f36b5d | ITER: 10 END: OK
2019-11-24 01:04:07.765 15854 INFO rally.task.runner [-] Task d67691e7-a9b8-452e-a8dc-3036d9f36b5d | ITER: 9 END: OK
2019-11-24 01:04:07.788 13785 INFO rally.task.context [-] Task d67691e7-a9b8-452e-a8dc-3036d9f36b5d | Context cleanup@openstack cleanup() started
2019-11-24 01:04:07.791 13785 RALLYDEBUG rally_openstack.cleanup.manager [-] Cleaning up neutron vip objects
2019-11-24 01:04:09.159 13785 RALLYDEBUG rally_openstack.cleanup.manager [-] Cleaning up neutron health_monitor objects
2019-11-24 01:04:10.265 13785 RALLYDEBUG rally_openstack.cleanup.manager [-] Cleaning up neutron pool objects
2019-11-24 01:04:11.401 13785 RALLYDEBUG rally_openstack.cleanup.manager [-] Cleaning up neutron loadbalancer objects
2019-11-24 01:04:12.529 13785 RALLYDEBUG rally_openstack.cleanup.manager [-] Cleaning up neutron floatingip objects
2019-11-24 01:04:13.760 13785 RALLYDEBUG rally_openstack.cleanup.manager [-] Cleaning up neutron trunk objects
2019-11-24 01:04:14.935 13785 RALLYDEBUG rally_openstack.cleanup.manager [-] Cleaning up neutron port objects
2019-11-24 01:04:16.312 13785 RALLYDEBUG rally_openstack.cleanup.manager [-] Cleaning up neutron subnet objects
2019-11-24 01:04:17.605 13785 RALLYDEBUG rally_openstack.cleanup.manager [-] Deleting neutron.subnet object s_rally_85e9e96d_snfroulI (198e59ac-4ae4-4048-b561-a67385977be5)
2019-11-24 01:04:17.615 13785 RALLYDEBUG rally_openstack.cleanup.manager [-] Deleting neutron.subnet object s_rally_85e9e96d_dX0LbRZI (49437714-c39a-4d0a-ab2f-95f97dce0991)
2019-11-24 01:04:17.624 13785 RALLYDEBUG rally_openstack.cleanup.manager [-] Deleting neutron.subnet object s_rally_85e9e96d_9U5QgjDX (5568e82e-fbe8-41a4-8ce4-881d9be59752)
2019-11-24 01:04:17.628 13785 RALLYDEBUG rally_openstack.cleanup.manager [-] Deleting neutron.subnet object s_rally_85e9e96d_2zrYr8Gw (67ae64db-efd7-4a1f-a1c5-4741a9d7c111)
2019-11-24 01:04:17.637 13785 RALLYDEBUG rally_openstack.cleanup.manager [-] Deleting neutron.subnet object s_rally_85e9e96d_yf2YRMOw (9ac5e9ec-b23c-42f7-8387-395a8ff28ef9)
2019-11-24 01:04:17.650 13785 RALLYDEBUG rally_openstack.cleanup.manager [-] Deleting neutron.subnet object s_rally_85e9e96d_R7rUarkn (d0900f4a-fd82-4b91-9a5c-a3a553d48497)
2019-11-24 01:04:17.654 13785 RALLYDEBUG rally_openstack.cleanup.manager [-] Deleting neutron.subnet object s_rally_85e9e96d_e8oVY8wL (f8964c1e-b6f3-445f-afc2-505d23a6d91e)
2019-11-24 01:04:17.663 13785 RALLYDEBUG rally_openstack.cleanup.manager [-] Deleting neutron.subnet object s_rally_85e9e96d_Av1dGbBf (3bc50ea8-1f8e-42d1-9426-0078057ea2e6)
2019-11-24 01:04:17.671 13785 RALLYDEBUG rally_openstack.cleanup.manager [-] Deleting neutron.subnet object s_rally_85e9e96d_ysSa3KRA (a4d70447-d206-4c9c-986f-06fa3e679f31)
2019-11-24 01:04:17.701 13785 RALLYDEBUG rally_openstack.cleanup.manager [-] Deleting neutron.subnet object s_rally_85e9e96d_8wXE4iJV (cd03ab27-1525-40a8-88fc-35e53039a020)
2019-11-24 01:04:22.148 13785 RALLYDEBUG rally_openstack.cleanup.manager [-] Cleaning up neutron network objects
2019-11-24 01:04:23.714 13785 RALLYDEBUG rally_openstack.cleanup.manager [-] Deleting neutron.network object s_rally_85e9e96d_qMkfo6ef (2039896c-ed9c-4540-a87a-c97b03134bfb)
2019-11-24 01:04:23.724 13785 RALLYDEBUG rally_openstack.cleanup.manager [-] Deleting neutron.network object s_rally_85e9e96d_h5zCMzlV (2cc2a94d-2ed0-4a81-b17c-b887b997d699)
2019-11-24 01:04:23.732 13785 RALLYDEBUG rally_openstack.cleanup.manager [-] Deleting neutron.network object s_rally_85e9e96d_xwLIOJu1 (3928516d-2918-463e-8dd1-da80388ea8ed)
2019-11-24 01:04:23.741 13785 RALLYDEBUG rally_openstack.cleanup.manager [-] Deleting neutron.network object s_rally_85e9e96d_4VyZTKOu (5f927a87-435d-4d28-b6c8-6fb6cffb9533)
2019-11-24 01:04:23.751 13785 RALLYDEBUG rally_openstack.cleanup.manager [-] Deleting neutron.network object s_rally_85e9e96d_j8U6hVKk (6c2ae04f-4b37-4d02-9dba-4922576c4de0)
2019-11-24 01:04:23.757 13785 RALLYDEBUG rally_openstack.cleanup.manager [-] Deleting neutron.network object s_rally_85e9e96d_N9hQvRCl (b989ba03-3b79-476c-a66b-35abfe77afd0)
2019-11-24 01:04:23.780 13785 RALLYDEBUG rally_openstack.cleanup.manager [-] Deleting neutron.network object s_rally_85e9e96d_f5eCdMXd (e3261bb0-c310-4a03-b705-bf1370510acc)
2019-11-24 01:04:23.783 13785 RALLYDEBUG rally_openstack.cleanup.manager [-] Deleting neutron.network object s_rally_85e9e96d_HAfcRJIj (4f126bee-720f-4afd-9145-089455ed826a)
2019-11-24 01:04:23.801 13785 RALLYDEBUG rally_openstack.cleanup.manager [-] Deleting neutron.network object s_rally_85e9e96d_oKZFBh9i (86e993a5-4a66-4de7-b05b-40bbd23ddf4d)
2019-11-24 01:04:23.813 13785 RALLYDEBUG rally_openstack.cleanup.manager [-] Deleting neutron.network object s_rally_85e9e96d_Za40znaW (c1cc9cb2-4d6a-4ca1-86fc-4682d0ace31e)
2019-11-24 01:04:26.926 13785 RALLYDEBUG rally_openstack.cleanup.manager [-] Cleaning up neutron router objects
2019-11-24 01:04:28.181 13785 RALLYDEBUG rally_openstack.cleanup.manager [-] Cleaning up neutron security_group objects
2019-11-24 01:04:29.519 13785 INFO rally.task.context [-] Task d67691e7-a9b8-452e-a8dc-3036d9f36b5d | Context cleanup@openstack cleanup() finished in 21.73 sec
2019-11-24 01:04:29.519 13785 INFO rally.task.context [-] Task d67691e7-a9b8-452e-a8dc-3036d9f36b5d | Context quotas@openstack cleanup() started
2019-11-24 01:04:29.773 13785 INFO rally.task.context [-] Task d67691e7-a9b8-452e-a8dc-3036d9f36b5d | Context quotas@openstack cleanup() finished in 0.25 sec
2019-11-24 01:04:29.774 13785 INFO rally.task.context [-] Task d67691e7-a9b8-452e-a8dc-3036d9f36b5d | Context users@openstack cleanup() started
2019-11-24 01:04:33.795 13785 INFO rally.task.context [-] Task d67691e7-a9b8-452e-a8dc-3036d9f36b5d | Context users@openstack cleanup() finished in 4.02 sec
2019-11-24 01:04:34.926 13785 INFO rally.task.engine [-] Load duration is: 17.486838
2019-11-24 01:04:34.926 13785 INFO rally.task.engine [-] Full runner duration is: 17.530414
2019-11-24 01:04:34.927 13785 INFO rally.task.engine [-] Full duration is: 47.11953
2019-11-24 01:04:35.291 13785 INFO rally.task.engine [-] Running workload: position = 0 config = { "version": 2, "title": "A cropped version of a bigger task.", "description": "Auto-generated task from a single workload (uuid=24857d63-8519-412a-a754-16dd7d4fea69)", "subtasks": [ { "title": "NeutronNetworks.create_and_delete_subnets", "description": "Create and delete a given number of subnets.", "scenario": { "NeutronNetworks.create_and_delete_subnets": { "network_create_args": {}, "subnet_cidr_start": "1.1.0.0/30", "subnet_create_args": {}, "subnets_per_network": 1 } }, "contexts": { "users": { "tenants": 3, "users_per_tenant": 2 }, "network": { "router": {} }, "quotas": { "neutron": { "network": -1, "subnet": -1 } } }, "runner": { "constant": { "concurrency": 4, "times": 10 } }, "hooks": [], "sla": { "failure_rate": { "max": 0 } } } ] }
2019-11-24 01:04:35.317 13785 RALLYDEBUG rally_openstack.contexts.keystone.users [-] Creating 3 tenants using 20 threads
2019-11-24 01:04:36.266 13785 RALLYDEBUG rally_openstack.contexts.keystone.users [-] Creating 6 users using 20 threads
2019-11-24 01:04:37.790 13785 INFO rally.task.context [-] Task d67691e7-a9b8-452e-a8dc-3036d9f36b5d | Context users@openstack setup() finished in 2.47 sec
2019-11-24 01:04:38.720 13785 INFO rally.task.context [-] Task d67691e7-a9b8-452e-a8dc-3036d9f36b5d | Context quotas@openstack setup() finished in 0.93 sec
2019-11-24 01:04:39.306 13785 RALLYDEBUG rally_openstack.wrappers.network [-] CIDR generated: 10.2.36.0/24
2019-11-24 01:04:40.249 13785 RALLYDEBUG rally_openstack.wrappers.network [-] CIDR generated: 10.2.37.0/24
2019-11-24 01:04:41.075 13785 RALLYDEBUG rally_openstack.wrappers.network [-] CIDR generated: 10.2.38.0/24
2019-11-24 01:04:41.821 13785 INFO rally.task.context [-] Task d67691e7-a9b8-452e-a8dc-3036d9f36b5d | Context network@openstack setup() finished in 3.10 sec
2019-11-24 01:04:41.821 13785 INFO rally.task.context [-] Task d67691e7-a9b8-452e-a8dc-3036d9f36b5d | Context cleanup@openstack setup() finished in 0.01 msec
2019-11-24 01:04:41.831 13785 RALLYDEBUG rally.task.runner [-] Starting the constant runner (task UUID: d67691e7-a9b8-452e-a8dc-3036d9f36b5d). times: 10 concurrency: 4 timeout: 0 max_cpu_used: 16 processes_to_start: 4 concurrency_per_worker: 1 concurrency_overhead: 0
2019-11-24 01:04:41.842 16177 RALLYDEBUG rally.task.runner [-] Starting a worker. times: 10 duration: None concurrency: 1 timeout: 0 cls: method_name: run args: {"network_create_args": {}, "subnet_cidr_start": "1.1.0.0/30", "subnet_create_args": {}, "subnets_per_network": 1}
2019-11-24 01:04:41.846 16178 RALLYDEBUG rally.task.runner [-] Starting a worker. times: 10 duration: None concurrency: 1 timeout: 0 cls: method_name: run args: {"network_create_args": {}, "subnet_cidr_start": "1.1.0.0/30", "subnet_create_args": {}, "subnets_per_network": 1}
2019-11-24 01:04:41.850 16177 INFO rally.task.runner [-] Task d67691e7-a9b8-452e-a8dc-3036d9f36b5d | ITER: 1 START
2019-11-24 01:04:41.850 16179 RALLYDEBUG rally.task.runner [-] Starting a worker. times: 10 duration: None concurrency: 1 timeout: 0 cls: method_name: run args: {"network_create_args": {}, "subnet_cidr_start": "1.1.0.0/30", "subnet_create_args": {}, "subnets_per_network": 1}
2019-11-24 01:04:41.852 16177 RALLYDEBUG rally_openstack.wrappers.network [-] CIDR generated: 1.1.0.156/30
2019-11-24 01:04:41.854 16178 INFO rally.task.runner [-] Task d67691e7-a9b8-452e-a8dc-3036d9f36b5d | ITER: 2 START
2019-11-24 01:04:41.854 16181 RALLYDEBUG rally.task.runner [-] Starting a worker. times: 10 duration: None concurrency: 1 timeout: 0 cls: method_name: run args: {"network_create_args": {}, "subnet_cidr_start": "1.1.0.0/30", "subnet_create_args": {}, "subnets_per_network": 1}
2019-11-24 01:04:41.856 16178 RALLYDEBUG rally_openstack.wrappers.network [-] CIDR generated: 1.1.0.160/30
2019-11-24 01:04:41.857 16179 INFO rally.task.runner [-] Task d67691e7-a9b8-452e-a8dc-3036d9f36b5d | ITER: 3 START
2019-11-24 01:04:41.860 16179 RALLYDEBUG rally_openstack.wrappers.network [-] CIDR generated: 1.1.0.164/30
2019-11-24 01:04:41.861 16181 INFO rally.task.runner [-] Task d67691e7-a9b8-452e-a8dc-3036d9f36b5d | ITER: 4 START
2019-11-24 01:04:41.863 16181 RALLYDEBUG rally_openstack.wrappers.network [-] CIDR generated: 1.1.0.168/30
2019-11-24 01:04:43.312 16178 INFO rally.task.runner [-] Task d67691e7-a9b8-452e-a8dc-3036d9f36b5d | ITER: 2 END: OK
2019-11-24 01:04:43.317 16178 INFO rally.task.runner [-] Task d67691e7-a9b8-452e-a8dc-3036d9f36b5d | ITER: 5 START
2019-11-24 01:04:43.318 16178 RALLYDEBUG rally_openstack.wrappers.network [-] CIDR generated: 1.1.0.172/30
2019-11-24 01:04:43.360 16179 INFO rally.task.runner [-] Task d67691e7-a9b8-452e-a8dc-3036d9f36b5d | ITER: 3 END: OK
2019-11-24 01:04:43.365 16179 INFO rally.task.runner [-] Task d67691e7-a9b8-452e-a8dc-3036d9f36b5d | ITER: 6 START
2019-11-24 01:04:43.366 16179 RALLYDEBUG rally_openstack.wrappers.network [-] CIDR generated: 1.1.0.176/30
2019-11-24 01:04:43.379 16181 INFO rally.task.runner [-] Task d67691e7-a9b8-452e-a8dc-3036d9f36b5d | ITER: 4 END: OK
2019-11-24 01:04:43.384 16181 INFO rally.task.runner [-] Task d67691e7-a9b8-452e-a8dc-3036d9f36b5d | ITER: 7 START
2019-11-24 01:04:43.385 16181 RALLYDEBUG rally_openstack.wrappers.network [-] CIDR generated: 1.1.0.180/30
2019-11-24 01:04:43.488 16177 INFO rally.task.runner [-] Task d67691e7-a9b8-452e-a8dc-3036d9f36b5d | ITER: 1 END: OK
2019-11-24 01:04:43.493 16177 INFO rally.task.runner [-] Task d67691e7-a9b8-452e-a8dc-3036d9f36b5d | ITER: 8 START
2019-11-24 01:04:43.494 16177 RALLYDEBUG rally_openstack.wrappers.network [-] CIDR generated: 1.1.0.184/30
2019-11-24 01:04:44.628 16179 INFO rally.task.runner [-] Task d67691e7-a9b8-452e-a8dc-3036d9f36b5d | ITER: 6 END: OK
2019-11-24 01:04:44.631 16179 INFO rally.task.runner [-] Task d67691e7-a9b8-452e-a8dc-3036d9f36b5d | ITER: 9 START
2019-11-24 01:04:44.633 16179 RALLYDEBUG rally_openstack.wrappers.network [-] CIDR generated: 1.1.0.188/30
2019-11-24 01:04:44.817 16178 INFO rally.task.runner [-] Task d67691e7-a9b8-452e-a8dc-3036d9f36b5d | ITER: 5 END: OK
2019-11-24 01:04:44.821 16178 INFO rally.task.runner [-] Task d67691e7-a9b8-452e-a8dc-3036d9f36b5d | ITER: 10 START
2019-11-24 01:04:44.822 16178 RALLYDEBUG rally_openstack.wrappers.network [-] CIDR generated: 1.1.0.192/30
2019-11-24 01:04:45.001 16177 INFO rally.task.runner [-] Task d67691e7-a9b8-452e-a8dc-3036d9f36b5d | ITER: 8 END: OK
2019-11-24 01:04:45.345 16181 INFO rally.task.runner [-] Task d67691e7-a9b8-452e-a8dc-3036d9f36b5d | ITER: 7 END: OK
2019-11-24 01:04:46.079 16179 INFO rally.task.runner [-] Task d67691e7-a9b8-452e-a8dc-3036d9f36b5d | ITER: 9 END: OK
2019-11-24 01:04:46.137 16178 INFO rally.task.runner [-] Task d67691e7-a9b8-452e-a8dc-3036d9f36b5d | ITER: 10 END: OK
2019-11-24 01:04:46.165 13785 INFO rally.task.context [-] Task d67691e7-a9b8-452e-a8dc-3036d9f36b5d | Context cleanup@openstack cleanup() started
2019-11-24 01:04:46.168 13785 RALLYDEBUG rally_openstack.cleanup.manager [-] Cleaning up neutron vip objects
2019-11-24 01:04:47.263 13785 RALLYDEBUG rally_openstack.cleanup.manager [-] Cleaning up neutron health_monitor objects
2019-11-24 01:04:48.352 13785 RALLYDEBUG rally_openstack.cleanup.manager [-] Cleaning up neutron pool objects
2019-11-24 01:04:49.449 13785 RALLYDEBUG rally_openstack.cleanup.manager [-] Cleaning up neutron loadbalancer objects
2019-11-24 01:04:50.562 13785 RALLYDEBUG rally_openstack.cleanup.manager [-] Cleaning up neutron floatingip objects
2019-11-24 01:04:51.810 13785 RALLYDEBUG rally_openstack.cleanup.manager [-] Cleaning up neutron trunk objects
2019-11-24 01:04:52.965 13785 RALLYDEBUG rally_openstack.cleanup.manager [-] Cleaning up neutron port objects
2019-11-24 01:04:54.282 13785 RALLYDEBUG rally_openstack.cleanup.manager [-] Cleaning up neutron subnet objects
2019-11-24 01:04:55.592 13785 RALLYDEBUG rally_openstack.cleanup.manager [-] Cleaning up neutron network objects
2019-11-24 01:04:57.024 13785 RALLYDEBUG rally_openstack.cleanup.manager [-] Cleaning up neutron router objects
2019-11-24 01:04:58.263 13785 RALLYDEBUG rally_openstack.cleanup.manager [-] Cleaning up neutron security_group objects
2019-11-24 01:04:59.532 13785 INFO rally.task.context [-] Task d67691e7-a9b8-452e-a8dc-3036d9f36b5d | Context cleanup@openstack cleanup() finished in 13.37 sec
2019-11-24 01:04:59.533 13785 INFO rally.task.context [-] Task d67691e7-a9b8-452e-a8dc-3036d9f36b5d | Context network@openstack cleanup() started
2019-11-24 01:05:11.414 13785 INFO rally.task.context [-] Task d67691e7-a9b8-452e-a8dc-3036d9f36b5d | Context network@openstack cleanup() finished in 11.88 sec
2019-11-24 01:05:11.414 13785 INFO rally.task.context [-] Task d67691e7-a9b8-452e-a8dc-3036d9f36b5d | Context quotas@openstack cleanup() started
2019-11-24 01:05:11.615 13785 INFO rally.task.context [-] Task d67691e7-a9b8-452e-a8dc-3036d9f36b5d | Context quotas@openstack cleanup() finished in 0.20 sec
2019-11-24 01:05:11.616 13785 INFO rally.task.context [-] Task d67691e7-a9b8-452e-a8dc-3036d9f36b5d | Context users@openstack cleanup() started
2019-11-24 01:05:15.828 13785 INFO rally.task.context [-] Task d67691e7-a9b8-452e-a8dc-3036d9f36b5d | Context users@openstack cleanup() finished in 4.21 sec
2019-11-24 01:05:17.554 13785 INFO rally.task.engine [-] Load duration is: 4.286411
2019-11-24 01:05:17.554 13785 INFO rally.task.engine [-] Full runner duration is: 4.334448
2019-11-24 01:05:17.555 13785 INFO rally.task.engine [-] Full duration is: 40.513905
2019-11-24 01:05:17.864 13785 INFO rally.task.engine [-] Running workload: position = 0 config = { "version": 2, "title": "A cropped version of a bigger task.", "description": "Auto-generated task from a single workload (uuid=532e5f51-3485-4b8c-99fd-34b0ae9beed9)", "subtasks": [ { "title": "NeutronNetworks.create_and_list_networks", "description": "Create a network and then list all networks.", "scenario": { "NeutronNetworks.create_and_list_networks": { "network_create_args": {} } }, "contexts": { "users": { "tenants": 3, "users_per_tenant": 2 }, "quotas": { "neutron": { "network": -1 } } }, "runner": { "constant": { "concurrency": 4, "times": 10 } }, "hooks": [], "sla": { "failure_rate": { "max": 0 } } } ] }
2019-11-24 01:05:17.890 13785 RALLYDEBUG rally_openstack.contexts.keystone.users [-] Creating 3 tenants using 20 threads
2019-11-24 01:05:18.921 13785 RALLYDEBUG rally_openstack.contexts.keystone.users [-] Creating 6 users using 20 threads
2019-11-24 01:05:20.483 13785 INFO rally.task.context [-] Task d67691e7-a9b8-452e-a8dc-3036d9f36b5d | Context users@openstack setup() finished in 2.59 sec
2019-11-24 01:05:21.272 13785 INFO rally.task.context [-] Task d67691e7-a9b8-452e-a8dc-3036d9f36b5d | Context quotas@openstack setup() finished in 0.79 sec
2019-11-24 01:05:21.272 13785 INFO rally.task.context [-] Task d67691e7-a9b8-452e-a8dc-3036d9f36b5d | Context cleanup@openstack setup() finished in 0.01 msec
2019-11-24 01:05:21.282 13785 RALLYDEBUG rally.task.runner [-] Starting the constant runner (task UUID: d67691e7-a9b8-452e-a8dc-3036d9f36b5d). times: 10 concurrency: 4 timeout: 0 max_cpu_used: 16 processes_to_start: 4 concurrency_per_worker: 1 concurrency_overhead: 0
2019-11-24 01:05:21.294 16501 RALLYDEBUG rally.task.runner [-] Starting a worker. times: 10 duration: None concurrency: 1 timeout: 0 cls: method_name: run args: {"network_create_args": {}}
2019-11-24 01:05:21.298 16502 RALLYDEBUG rally.task.runner [-] Starting a worker. times: 10 duration: None concurrency: 1 timeout: 0 cls: method_name: run args: {"network_create_args": {}}
2019-11-24 01:05:21.300 16501 INFO rally.task.runner [-] Task d67691e7-a9b8-452e-a8dc-3036d9f36b5d | ITER: 1 START
2019-11-24 01:05:21.301 16503 RALLYDEBUG rally.task.runner [-] Starting a worker. times: 10 duration: None concurrency: 1 timeout: 0 cls: method_name: run args: {"network_create_args": {}}
2019-11-24 01:05:21.305 16502 INFO rally.task.runner [-] Task d67691e7-a9b8-452e-a8dc-3036d9f36b5d | ITER: 2 START
2019-11-24 01:05:21.305 16505 RALLYDEBUG rally.task.runner [-] Starting a worker. times: 10 duration: None concurrency: 1 timeout: 0 cls: method_name: run args: {"network_create_args": {}}
2019-11-24 01:05:21.308 16503 INFO rally.task.runner [-] Task d67691e7-a9b8-452e-a8dc-3036d9f36b5d | ITER: 3 START
2019-11-24 01:05:21.312 16505 INFO rally.task.runner [-] Task d67691e7-a9b8-452e-a8dc-3036d9f36b5d | ITER: 4 START
2019-11-24 01:05:22.090 16502 INFO rally.task.runner [-] Task d67691e7-a9b8-452e-a8dc-3036d9f36b5d | ITER: 2 END: OK
2019-11-24 01:05:22.093 16503 INFO rally.task.runner [-] Task d67691e7-a9b8-452e-a8dc-3036d9f36b5d | ITER: 3 END: OK
2019-11-24 01:05:22.095 16502 INFO rally.task.runner [-] Task d67691e7-a9b8-452e-a8dc-3036d9f36b5d | ITER: 5 START
2019-11-24 01:05:22.098 16503 INFO rally.task.runner [-] Task d67691e7-a9b8-452e-a8dc-3036d9f36b5d | ITER: 6 START
2019-11-24 01:05:22.112 16505 INFO rally.task.runner [-] Task d67691e7-a9b8-452e-a8dc-3036d9f36b5d | ITER: 4 END: OK
2019-11-24 01:05:22.116 16505 INFO rally.task.runner [-] Task d67691e7-a9b8-452e-a8dc-3036d9f36b5d | ITER: 7 START
2019-11-24 01:05:22.364 16501 INFO rally.task.runner [-] Task d67691e7-a9b8-452e-a8dc-3036d9f36b5d | ITER: 1 END: OK
2019-11-24 01:05:22.369 16501 INFO rally.task.runner [-] Task d67691e7-a9b8-452e-a8dc-3036d9f36b5d | ITER: 8 START
2019-11-24 01:05:22.702 16505 INFO rally.task.runner [-] Task d67691e7-a9b8-452e-a8dc-3036d9f36b5d | ITER: 7 END: OK
2019-11-24 01:05:22.706 16505 INFO rally.task.runner [-] Task d67691e7-a9b8-452e-a8dc-3036d9f36b5d | ITER: 9 START
2019-11-24 01:05:22.777 16502 INFO rally.task.runner [-] Task d67691e7-a9b8-452e-a8dc-3036d9f36b5d | ITER: 5 END: OK
2019-11-24 01:05:22.781 16502 INFO rally.task.runner [-] Task d67691e7-a9b8-452e-a8dc-3036d9f36b5d | ITER: 10 START
2019-11-24 01:05:22.794 16503 INFO rally.task.runner [-] Task d67691e7-a9b8-452e-a8dc-3036d9f36b5d | ITER: 6 END: OK
2019-11-24 01:05:23.029 16501 INFO rally.task.runner [-] Task d67691e7-a9b8-452e-a8dc-3036d9f36b5d | ITER: 8 END: OK
2019-11-24 01:05:23.381 16505 INFO rally.task.runner [-] Task d67691e7-a9b8-452e-a8dc-3036d9f36b5d | ITER: 9 END: OK
2019-11-24 01:05:23.552 16502 INFO rally.task.runner [-] Task d67691e7-a9b8-452e-a8dc-3036d9f36b5d | ITER: 10 END: OK
2019-11-24 01:05:23.578 13785 INFO rally.task.context [-] Task d67691e7-a9b8-452e-a8dc-3036d9f36b5d | Context cleanup@openstack cleanup() started
2019-11-24 01:05:23.581 13785 RALLYDEBUG rally_openstack.cleanup.manager [-] Cleaning up neutron vip objects
2019-11-24 01:05:24.829 13785 RALLYDEBUG rally_openstack.cleanup.manager [-] Cleaning up neutron health_monitor objects
2019-11-24 01:05:25.976 13785 RALLYDEBUG rally_openstack.cleanup.manager [-] Cleaning up neutron pool objects
2019-11-24 01:05:27.103 13785 RALLYDEBUG rally_openstack.cleanup.manager [-] Cleaning up neutron loadbalancer objects
2019-11-24 01:05:28.351 13785 RALLYDEBUG rally_openstack.cleanup.manager [-] Cleaning up neutron floatingip objects
2019-11-24 01:05:29.593 13785 RALLYDEBUG rally_openstack.cleanup.manager [-] Cleaning up neutron trunk objects
2019-11-24 01:05:30.771 13785 RALLYDEBUG rally_openstack.cleanup.manager [-] Cleaning up neutron port objects
2019-11-24 01:05:31.983 13785 RALLYDEBUG rally_openstack.cleanup.manager [-] Cleaning up neutron subnet objects
2019-11-24 01:05:33.192 13785 RALLYDEBUG rally_openstack.cleanup.manager [-] Cleaning up neutron network objects
2019-11-24 01:05:34.553 13785 RALLYDEBUG rally_openstack.cleanup.manager [-] Deleting neutron.network object s_rally_532e5f51_jdUX2x3b (3c145679-fffe-45f1-8e85-92f7eb23916f)
2019-11-24 01:05:34.562 13785 RALLYDEBUG rally_openstack.cleanup.manager [-] Deleting neutron.network object s_rally_532e5f51_M8XNdqoa (598567f5-950b-4101-a35b-07589ee9168c)
2019-11-24 01:05:34.571 13785 RALLYDEBUG rally_openstack.cleanup.manager [-] Deleting neutron.network object s_rally_532e5f51_WjFu6vK9 (a795563d-0d58-4d02-bedb-d332073188cd)
2019-11-24 01:05:34.585 13785 RALLYDEBUG rally_openstack.cleanup.manager [-] Deleting neutron.network object s_rally_532e5f51_B8In5JCE (dbda583a-707b-4ff4-9bfa-d404dc3d42e9)
2019-11-24 01:05:34.590 13785 RALLYDEBUG rally_openstack.cleanup.manager [-] Deleting neutron.network object s_rally_532e5f51_EWIBnXF4 (ec5eed5b-7081-4255-a5fc-284fd87ce4e3)
2019-11-24 01:05:34.600 13785 RALLYDEBUG rally_openstack.cleanup.manager [-] Deleting neutron.network object s_rally_532e5f51_GcylSRvU (02b09e24-05c4-469b-8bae-21ad9a47affa)
2019-11-24 01:05:34.611 13785 RALLYDEBUG rally_openstack.cleanup.manager [-] Deleting neutron.network object s_rally_532e5f51_mVLYsf8F (6fa3ca4c-669a-4c79-b9a1-5c22ba3c24e3)
2019-11-24 01:05:34.624 13785 RALLYDEBUG rally_openstack.cleanup.manager [-] Deleting neutron.network object s_rally_532e5f51_3UtFX1Ff (88e31ca3-b64f-48d9-a908-96355f10f00d)
2019-11-24 01:05:34.627 13785 RALLYDEBUG rally_openstack.cleanup.manager [-] Deleting neutron.network object s_rally_532e5f51_0OoiUo3E (bd23ed8f-1927-4e94-8ee2-2455696d8686)
2019-11-24 01:05:34.655 13785 RALLYDEBUG rally_openstack.cleanup.manager [-] Deleting neutron.network object s_rally_532e5f51_y9gFLmv2 (9ea64af9-e3be-4f63-94ad-87997f87e191)
2019-11-24 01:05:37.239 13785 RALLYDEBUG rally_openstack.cleanup.manager [-] Cleaning up neutron router objects
2019-11-24 01:05:38.473 13785 RALLYDEBUG rally_openstack.cleanup.manager [-] Cleaning up neutron security_group objects
2019-11-24 01:05:39.991 13785 INFO rally.task.context [-] Task d67691e7-a9b8-452e-a8dc-3036d9f36b5d | Context cleanup@openstack cleanup() finished in 16.41 sec
2019-11-24 01:05:39.992 13785 INFO rally.task.context [-] Task d67691e7-a9b8-452e-a8dc-3036d9f36b5d | Context quotas@openstack cleanup() started
2019-11-24 01:05:40.172 13785 INFO rally.task.context [-] Task d67691e7-a9b8-452e-a8dc-3036d9f36b5d | Context quotas@openstack cleanup() finished in 0.18 sec
2019-11-24 01:05:40.173 13785 INFO rally.task.context [-] Task d67691e7-a9b8-452e-a8dc-3036d9f36b5d | Context users@openstack cleanup() started
2019-11-24 01:05:44.353 13785 INFO rally.task.context [-] Task d67691e7-a9b8-452e-a8dc-3036d9f36b5d | Context users@openstack cleanup() finished in 4.18 sec
2019-11-24 01:05:46.060 13785 INFO rally.task.engine [-] Load duration is: 2.250182
2019-11-24 01:05:46.061 13785 INFO rally.task.engine [-] Full runner duration is: 2.296342
2019-11-24 01:05:46.061 13785 INFO rally.task.engine [-] Full duration is: 26.465378
2019-11-24 01:05:46.337 13785 INFO rally.task.engine [-] Running workload: position = 0 config = { "version": 2, "title": "A cropped version of a bigger task.", "description": "Auto-generated task from a single workload (uuid=d129b85c-77c0-497a-9715-3ee5eb5ef50c)", "subtasks": [ { "title": "NeutronNetworks.create_and_list_ports", "description": "Create and a given number of ports and list all ports.", "scenario": { "NeutronNetworks.create_and_list_ports": { "network_create_args": {}, "port_create_args": {}, "ports_per_network": 1 } }, "contexts": { "users": { "tenants": 3, "users_per_tenant": 2 }, "network": { "router": {} }, "quotas": { "neutron": { "network": -1, "port": -1 } } }, "runner": { "constant": { "concurrency": 4, "times": 10 } }, "hooks": [], "sla": { "failure_rate": { "max": 0 } } } ] }
2019-11-24 01:05:46.363 13785 RALLYDEBUG rally_openstack.contexts.keystone.users [-] Creating 3 tenants using 20 threads
2019-11-24 01:05:47.328 13785 RALLYDEBUG rally_openstack.contexts.keystone.users [-] Creating 6 users using 20 threads
2019-11-24 01:05:48.842 13785 INFO rally.task.context [-] Task d67691e7-a9b8-452e-a8dc-3036d9f36b5d | Context users@openstack setup() finished in 2.48 sec
2019-11-24 01:05:49.678 13785 INFO rally.task.context [-] Task d67691e7-a9b8-452e-a8dc-3036d9f36b5d | Context quotas@openstack setup() finished in 0.84 sec
2019-11-24 01:05:50.256 13785 RALLYDEBUG rally_openstack.wrappers.network [-] CIDR generated: 10.2.49.0/24
2019-11-24 01:05:51.172 13785 RALLYDEBUG rally_openstack.wrappers.network [-] CIDR generated: 10.2.50.0/24
2019-11-24 01:05:52.012 13785 RALLYDEBUG rally_openstack.wrappers.network [-] CIDR generated: 10.2.51.0/24
2019-11-24 01:05:52.519 13785 INFO rally.task.context [-] Task d67691e7-a9b8-452e-a8dc-3036d9f36b5d | Context network@openstack setup() finished in 2.84 sec
2019-11-24 01:05:52.520 13785 INFO rally.task.context [-] Task d67691e7-a9b8-452e-a8dc-3036d9f36b5d | Context cleanup@openstack setup() finished in 0.01 msec
2019-11-24 01:05:52.530 13785 RALLYDEBUG rally.task.runner [-] Starting the constant runner (task UUID: d67691e7-a9b8-452e-a8dc-3036d9f36b5d). times: 10 concurrency: 4 timeout: 0 max_cpu_used: 16 processes_to_start: 4 concurrency_per_worker: 1 concurrency_overhead: 0
2019-11-24 01:05:52.541 16825 RALLYDEBUG rally.task.runner [-] Starting a worker. times: 10 duration: None concurrency: 1 timeout: 0 cls: method_name: run args: {"network_create_args": {}, "port_create_args": {}, "ports_per_network": 1}
2019-11-24 01:05:52.545 16826 RALLYDEBUG rally.task.runner [-] Starting a worker. times: 10 duration: None concurrency: 1 timeout: 0 cls: method_name: run args: {"network_create_args": {}, "port_create_args": {}, "ports_per_network": 1}
2019-11-24 01:05:52.549 16825 INFO rally.task.runner [-] Task d67691e7-a9b8-452e-a8dc-3036d9f36b5d | ITER: 1 START
2019-11-24 01:05:52.549 16827 RALLYDEBUG rally.task.runner [-] Starting a worker. times: 10 duration: None concurrency: 1 timeout: 0 cls: method_name: run args: {"network_create_args": {}, "port_create_args": {}, "ports_per_network": 1}
2019-11-24 01:05:52.553 16826 INFO rally.task.runner [-] Task d67691e7-a9b8-452e-a8dc-3036d9f36b5d | ITER: 2 START
2019-11-24 01:05:52.553 16828 RALLYDEBUG rally.task.runner [-] Starting a worker. times: 10 duration: None concurrency: 1 timeout: 0 cls: method_name: run args: {"network_create_args": {}, "port_create_args": {}, "ports_per_network": 1}
2019-11-24 01:05:52.556 16827 INFO rally.task.runner [-] Task d67691e7-a9b8-452e-a8dc-3036d9f36b5d | ITER: 3 START
2019-11-24 01:05:52.560 16828 INFO rally.task.runner [-] Task d67691e7-a9b8-452e-a8dc-3036d9f36b5d | ITER: 4 START
2019-11-24 01:05:53.814 16827 INFO rally.task.runner [-] Task d67691e7-a9b8-452e-a8dc-3036d9f36b5d | ITER: 3 END: OK
2019-11-24 01:05:53.819 16827 INFO rally.task.runner [-] Task d67691e7-a9b8-452e-a8dc-3036d9f36b5d | ITER: 5 START
2019-11-24 01:05:53.957 16825 INFO rally.task.runner [-] Task d67691e7-a9b8-452e-a8dc-3036d9f36b5d | ITER: 1 END: OK
2019-11-24 01:05:53.962 16825 INFO rally.task.runner [-] Task d67691e7-a9b8-452e-a8dc-3036d9f36b5d | ITER: 6 START
2019-11-24 01:05:54.204 16826 INFO rally.task.runner [-] Task d67691e7-a9b8-452e-a8dc-3036d9f36b5d | ITER: 2 END: OK
2019-11-24 01:05:54.209 16826 INFO rally.task.runner [-] Task d67691e7-a9b8-452e-a8dc-3036d9f36b5d | ITER: 7 START
2019-11-24 01:05:54.260 16828 INFO rally.task.runner [-] Task d67691e7-a9b8-452e-a8dc-3036d9f36b5d | ITER: 4 END: OK
2019-11-24 01:05:54.264 16828 INFO rally.task.runner [-] Task d67691e7-a9b8-452e-a8dc-3036d9f36b5d | ITER: 8 START
2019-11-24 01:05:54.858 16827 INFO rally.task.runner [-] Task d67691e7-a9b8-452e-a8dc-3036d9f36b5d | ITER: 5 END: OK
2019-11-24 01:05:54.862 16827 INFO rally.task.runner [-] Task d67691e7-a9b8-452e-a8dc-3036d9f36b5d | ITER: 9 START
2019-11-24 01:05:54.976 16825 INFO rally.task.runner [-] Task d67691e7-a9b8-452e-a8dc-3036d9f36b5d | ITER: 6 END: OK
2019-11-24 01:05:54.980 16825 INFO rally.task.runner [-] Task d67691e7-a9b8-452e-a8dc-3036d9f36b5d | ITER: 10 START
2019-11-24 01:05:55.231 16826 INFO rally.task.runner [-] Task d67691e7-a9b8-452e-a8dc-3036d9f36b5d | ITER: 7 END: OK
2019-11-24 01:05:55.387 16828 INFO rally.task.runner [-] Task d67691e7-a9b8-452e-a8dc-3036d9f36b5d | ITER: 8 END: OK
2019-11-24 01:05:56.015 16825 INFO rally.task.runner [-] Task d67691e7-a9b8-452e-a8dc-3036d9f36b5d | ITER: 10 END: OK
2019-11-24 01:05:56.106 16827 INFO rally.task.runner [-] Task d67691e7-a9b8-452e-a8dc-3036d9f36b5d | ITER: 9 END: OK
2019-11-24 01:05:56.127 13785 INFO rally.task.context [-] Task d67691e7-a9b8-452e-a8dc-3036d9f36b5d | Context cleanup@openstack cleanup() started
2019-11-24 01:05:56.131 13785 RALLYDEBUG rally_openstack.cleanup.manager [-] Cleaning up neutron vip objects
2019-11-24 01:05:57.221 13785 RALLYDEBUG rally_openstack.cleanup.manager [-] Cleaning up neutron health_monitor objects
2019-11-24 01:05:58.294 13785 RALLYDEBUG rally_openstack.cleanup.manager [-] Cleaning up neutron pool objects
2019-11-24 01:05:59.429 13785 RALLYDEBUG rally_openstack.cleanup.manager [-] Cleaning up neutron loadbalancer objects
2019-11-24 01:06:00.549 13785 RALLYDEBUG rally_openstack.cleanup.manager [-] Cleaning up neutron floatingip objects
2019-11-24 01:06:01.763 13785 RALLYDEBUG rally_openstack.cleanup.manager [-] Cleaning up neutron trunk objects
2019-11-24 01:06:02.951 13785 RALLYDEBUG rally_openstack.cleanup.manager [-] Cleaning up neutron port objects
2019-11-24 01:06:04.291 13785 RALLYDEBUG rally_openstack.cleanup.manager [-] Deleting neutron.port object s_rally_d129b85c_EyLhgucG (09f5cc21-f458-4c8d-b099-9b9f31b883f4)
2019-11-24 01:06:04.300 13785 RALLYDEBUG rally_openstack.cleanup.manager [-] Deleting neutron.port object s_rally_d129b85c_3qeoIkPD (0f2b890a-aefb-4c31-8e5b-b362c2a92b95)
2019-11-24 01:06:04.309 13785 RALLYDEBUG rally_openstack.cleanup.manager [-] Deleting neutron.port object s_rally_d129b85c_odyGCsUc (73d734c3-1d95-463a-8cdb-1d1f18f419fd)
2019-11-24 01:06:04.330 13785 RALLYDEBUG rally_openstack.cleanup.manager [-] Deleting neutron.port object s_rally_d129b85c_7NRSlPYp (93fa2ce0-e848-47ac-8120-7d79e864a534)
2019-11-24 01:06:04.335 13785 RALLYDEBUG rally_openstack.cleanup.manager [-] Deleting neutron.port object s_rally_d129b85c_tR345nJD (c1ab5879-7194-4503-b682-2d8792ebda8c)
2019-11-24 01:06:04.357 13785 RALLYDEBUG rally_openstack.cleanup.manager [-] Deleting neutron.port object s_rally_d129b85c_fK0la960 (2040b007-31c4-4329-91ed-2580e1bcde12)
2019-11-24 01:06:04.365 13785 RALLYDEBUG rally_openstack.cleanup.manager [-] Deleting neutron.port object s_rally_d129b85c_btYcwEby (20d99a51-73d4-4436-a441-1e323edc09b8)
2019-11-24 01:06:04.371 13785 RALLYDEBUG rally_openstack.cleanup.manager [-] Deleting neutron.port object s_rally_d129b85c_NmuoM9bk (3f8c581f-a7d1-4ee0-873f-3cb29046fc07)
2019-11-24 01:06:04.392 13785 RALLYDEBUG rally_openstack.cleanup.manager [-] Deleting neutron.port object s_rally_d129b85c_noD6WEMq (e1e5957d-8e9b-4725-9bd5-31a5486d97a0)
2019-11-24 01:06:04.400 13785 RALLYDEBUG rally_openstack.cleanup.manager [-] Deleting neutron.port object s_rally_d129b85c_6c7mkYkv (eca5eaef-7c9e-4e14-9d6d-06ba973291a6)
2019-11-24 01:06:07.144 13785 RALLYDEBUG rally_openstack.cleanup.manager [-] Cleaning up neutron subnet objects
2019-11-24 01:06:08.459 13785 RALLYDEBUG rally_openstack.cleanup.manager [-] Cleaning up neutron network objects
2019-11-24 01:06:09.909 13785 RALLYDEBUG rally_openstack.cleanup.manager [-] Cleaning up neutron router objects
2019-11-24 01:06:11.155 13785 RALLYDEBUG rally_openstack.cleanup.manager [-] Cleaning up neutron security_group objects
2019-11-24 01:06:12.422 13785 INFO rally.task.context [-] Task d67691e7-a9b8-452e-a8dc-3036d9f36b5d | Context cleanup@openstack cleanup() finished in 16.30 sec
2019-11-24 01:06:12.423 13785 INFO rally.task.context [-] Task d67691e7-a9b8-452e-a8dc-3036d9f36b5d | Context network@openstack cleanup() started
2019-11-24 01:06:24.525 13785 INFO rally.task.context [-] Task d67691e7-a9b8-452e-a8dc-3036d9f36b5d | Context network@openstack cleanup() finished in 12.10 sec
2019-11-24 01:06:24.526 13785 INFO rally.task.context [-] Task d67691e7-a9b8-452e-a8dc-3036d9f36b5d | Context quotas@openstack cleanup() started
2019-11-24 01:06:24.732 13785 INFO rally.task.context [-] Task d67691e7-a9b8-452e-a8dc-3036d9f36b5d | Context quotas@openstack cleanup() finished in 0.21 sec
2019-11-24 01:06:24.733 13785 INFO rally.task.context [-] Task d67691e7-a9b8-452e-a8dc-3036d9f36b5d | Context users@openstack cleanup() started
2019-11-24 01:06:28.761 13785 INFO rally.task.context [-] Task d67691e7-a9b8-452e-a8dc-3036d9f36b5d | Context users@openstack cleanup() finished in 4.03 sec
2019-11-24 01:06:30.593 13785 INFO rally.task.engine [-] Load duration is: 3.556448
2019-11-24 01:06:30.594 13785 INFO rally.task.engine [-] Full runner duration is: 3.598032
2019-11-24 01:06:30.594 13785 INFO rally.task.engine [-] Full duration is: 42.400363
2019-11-24 01:06:30.962 13785 INFO rally.task.engine [-] Running workload: position = 0 config = { "version": 2, "title": "A cropped version of a bigger task.", "description": "Auto-generated task from a single workload (uuid=a6ea9f52-6cef-436a-85e1-d39f6c22dab1)", "subtasks": [ { "title": "NeutronNetworks.create_and_list_routers", "description": "Create and a given number of routers and list all routers.", "scenario": { "NeutronNetworks.create_and_list_routers": { "network_create_args": {}, "router_create_args": {}, "subnet_cidr_start": "1.1.0.0/30", "subnet_create_args": {}, "subnets_per_network": 1 } }, "contexts": { "users": { "tenants": 3, "users_per_tenant": 2 }, "quotas": { "neutron": { "network": -1, "subnet": -1, "router": -1 } } }, "runner": { "constant": { "concurrency": 4, "times": 10 } }, "hooks": [], "sla": { "failure_rate": { "max": 0 } } } ] }
2019-11-24 01:06:30.988 13785 RALLYDEBUG rally_openstack.contexts.keystone.users [-] Creating 3 tenants using 20 threads
2019-11-24 01:06:32.078 13785 RALLYDEBUG rally_openstack.contexts.keystone.users [-] Creating 6 users using 20 threads
2019-11-24 01:06:33.631 13785 INFO rally.task.context [-] Task d67691e7-a9b8-452e-a8dc-3036d9f36b5d | Context users@openstack setup() finished in 2.64 sec
2019-11-24 01:06:34.507 13785 INFO rally.task.context [-] Task d67691e7-a9b8-452e-a8dc-3036d9f36b5d | Context quotas@openstack setup() finished in 0.88 sec
2019-11-24 01:06:34.508 13785 INFO rally.task.context [-] Task d67691e7-a9b8-452e-a8dc-3036d9f36b5d | Context cleanup@openstack setup() finished in 0.02 msec
2019-11-24 01:06:34.517 13785 RALLYDEBUG rally.task.runner [-] Starting the constant runner (task UUID: d67691e7-a9b8-452e-a8dc-3036d9f36b5d). times: 10 concurrency: 4 timeout: 0 max_cpu_used: 16 processes_to_start: 4 concurrency_per_worker: 1 concurrency_overhead: 0
2019-11-24 01:06:34.529 17149 RALLYDEBUG rally.task.runner [-] Starting a worker. times: 10 duration: None concurrency: 1 timeout: 0 cls: method_name: run args: {"network_create_args": {}, "router_create_args": {}, "subnet_cidr_start": "1.1.0.0/30", "subnet_create_args": {}, "subnets_per_network": 1}
2019-11-24 01:06:34.533 17150 RALLYDEBUG rally.task.runner [-] Starting a worker. times: 10 duration: None concurrency: 1 timeout: 0 cls: method_name: run args: {"network_create_args": {}, "router_create_args": {}, "subnet_cidr_start": "1.1.0.0/30", "subnet_create_args": {}, "subnets_per_network": 1}
2019-11-24 01:06:34.536 17149 INFO rally.task.runner [-] Task d67691e7-a9b8-452e-a8dc-3036d9f36b5d | ITER: 1 START
2019-11-24 01:06:34.537 17151 RALLYDEBUG rally.task.runner [-] Starting a worker. times: 10 duration: None concurrency: 1 timeout: 0 cls: method_name: run args: {"network_create_args": {}, "router_create_args": {}, "subnet_cidr_start": "1.1.0.0/30", "subnet_create_args": {}, "subnets_per_network": 1}
2019-11-24 01:06:34.541 17150 INFO rally.task.runner [-] Task d67691e7-a9b8-452e-a8dc-3036d9f36b5d | ITER: 2 START
2019-11-24 01:06:34.540 17154 RALLYDEBUG rally.task.runner [-] Starting a worker. times: 10 duration: None concurrency: 1 timeout: 0 cls: method_name: run args: {"network_create_args": {}, "router_create_args": {}, "subnet_cidr_start": "1.1.0.0/30", "subnet_create_args": {}, "subnets_per_network": 1}
2019-11-24 01:06:34.543 17151 INFO rally.task.runner [-] Task d67691e7-a9b8-452e-a8dc-3036d9f36b5d | ITER: 3 START
2019-11-24 01:06:34.546 17154 INFO rally.task.runner [-] Task d67691e7-a9b8-452e-a8dc-3036d9f36b5d | ITER: 4 START
2019-11-24 01:06:35.212 17151 RALLYDEBUG rally_openstack.wrappers.network [-] CIDR generated: 1.1.0.208/30
2019-11-24 01:06:35.213 17150 RALLYDEBUG rally_openstack.wrappers.network [-] CIDR generated: 1.1.0.212/30
2019-11-24 01:06:35.280 17149 RALLYDEBUG rally_openstack.wrappers.network [-] CIDR generated: 1.1.0.216/30
2019-11-24 01:06:36.134 17154 RALLYDEBUG rally_openstack.wrappers.network [-] CIDR generated: 1.1.0.220/30
2019-11-24 01:06:38.045 17151 INFO rally.task.runner [-] Task d67691e7-a9b8-452e-a8dc-3036d9f36b5d | ITER: 3 END: OK
2019-11-24 01:06:38.050 17151 INFO rally.task.runner [-] Task d67691e7-a9b8-452e-a8dc-3036d9f36b5d | ITER: 5 START
2019-11-24 01:06:38.059 17150 INFO rally.task.runner [-] Task d67691e7-a9b8-452e-a8dc-3036d9f36b5d | ITER: 2 END: OK
2019-11-24 01:06:38.063 17150 INFO rally.task.runner [-] Task d67691e7-a9b8-452e-a8dc-3036d9f36b5d | ITER: 6 START
2019-11-24 01:06:38.534 17149 INFO rally.task.runner [-] Task d67691e7-a9b8-452e-a8dc-3036d9f36b5d | ITER: 1 END: OK
2019-11-24 01:06:38.538 17149 INFO rally.task.runner [-] Task d67691e7-a9b8-452e-a8dc-3036d9f36b5d | ITER: 7 START
2019-11-24 01:06:38.550 17150 RALLYDEBUG rally_openstack.wrappers.network [-] CIDR generated: 1.1.0.224/30
2019-11-24 01:06:38.682 17151 RALLYDEBUG rally_openstack.wrappers.network [-] CIDR generated: 1.1.0.228/30
2019-11-24 01:06:39.023 17154 INFO rally.task.runner [-] Task d67691e7-a9b8-452e-a8dc-3036d9f36b5d | ITER: 4 END: OK
2019-11-24 01:06:39.026 17149 RALLYDEBUG rally_openstack.wrappers.network [-] CIDR generated: 1.1.0.232/30
2019-11-24 01:06:39.028 17154 INFO rally.task.runner [-] Task d67691e7-a9b8-452e-a8dc-3036d9f36b5d | ITER: 8 START
2019-11-24 01:06:39.538 17154 RALLYDEBUG rally_openstack.wrappers.network [-] CIDR generated: 1.1.0.236/30
2019-11-24 01:06:41.380 17151 INFO rally.task.runner [-] Task d67691e7-a9b8-452e-a8dc-3036d9f36b5d | ITER: 5 END: OK
2019-11-24 01:06:41.384 17151 INFO rally.task.runner [-] Task d67691e7-a9b8-452e-a8dc-3036d9f36b5d | ITER: 9 START
2019-11-24 01:06:41.705 17150 INFO rally.task.runner [-] Task d67691e7-a9b8-452e-a8dc-3036d9f36b5d | ITER: 6 END: OK
2019-11-24 01:06:41.709 17150 INFO rally.task.runner [-] Task d67691e7-a9b8-452e-a8dc-3036d9f36b5d | ITER: 10 START
2019-11-24 01:06:41.902 17151 RALLYDEBUG rally_openstack.wrappers.network [-] CIDR generated: 1.1.0.240/30
2019-11-24 01:06:42.014 17149 INFO rally.task.runner [-] Task d67691e7-a9b8-452e-a8dc-3036d9f36b5d | ITER: 7 END: OK
2019-11-24 01:06:42.197 17154 INFO rally.task.runner [-] Task d67691e7-a9b8-452e-a8dc-3036d9f36b5d | ITER: 8 END: OK
2019-11-24 01:06:42.199 17150 RALLYDEBUG rally_openstack.wrappers.network [-] CIDR generated: 1.1.0.244/30
2019-11-24 01:06:44.711 17151 INFO rally.task.runner [-] Task d67691e7-a9b8-452e-a8dc-3036d9f36b5d | ITER: 9 END: OK
2019-11-24 01:06:45.118 17150 INFO rally.task.runner [-] Task d67691e7-a9b8-452e-a8dc-3036d9f36b5d | ITER: 10 END: OK
2019-11-24 01:06:45.147 13785 INFO rally.task.context [-] Task d67691e7-a9b8-452e-a8dc-3036d9f36b5d | Context cleanup@openstack cleanup() started
2019-11-24 01:06:45.151 13785 RALLYDEBUG rally_openstack.cleanup.manager [-] Cleaning up neutron vip objects
2019-11-24 01:06:46.325 13785 RALLYDEBUG rally_openstack.cleanup.manager [-] Cleaning up neutron health_monitor objects
2019-11-24 01:06:47.425 13785 RALLYDEBUG rally_openstack.cleanup.manager [-] Cleaning up neutron pool objects
2019-11-24 01:06:48.524 13785 RALLYDEBUG rally_openstack.cleanup.manager [-] Cleaning up neutron loadbalancer objects
2019-11-24 01:06:49.616 13785 RALLYDEBUG rally_openstack.cleanup.manager [-] Cleaning up neutron floatingip objects
2019-11-24 01:06:50.819 13785 RALLYDEBUG rally_openstack.cleanup.manager [-] Cleaning up neutron trunk objects
2019-11-24 01:06:51.957 13785 RALLYDEBUG rally_openstack.cleanup.manager [-] Cleaning up neutron port objects
2019-11-24 01:06:53.815 13785 RALLYDEBUG rally_openstack.cleanup.manager [-] Deleting neutron.port object s_rally_a6ea9f52_3nlsYZPB (06be6fc8-057e-4e0d-b178-d4f0a95ed7cd)
2019-11-24 01:06:53.833 13785 RALLYDEBUG rally_openstack.cleanup.manager [-] Deleting neutron.port object s_rally_a6ea9f52_QmnTXlMh (ca3f0f91-6609-45b3-99a2-509bb17885f5)
2019-11-24 01:06:53.843 13785 RALLYDEBUG rally_openstack.cleanup.manager [-] Deleting neutron.port object s_rally_a6ea9f52_Syss6RgA (ecca464c-7342-4787-882a-cf3192f87a12)
2019-11-24 01:06:53.852 13785 RALLYDEBUG rally_openstack.cleanup.manager [-] Deleting neutron.port object s_rally_a6ea9f52_IZEPuWNH (fd068fbe-b09f-41b7-a37f-5b48b0c7de2e)
2019-11-24 01:06:53.860 13785 RALLYDEBUG rally_openstack.cleanup.manager [-] Deleting neutron.port object s_rally_a6ea9f52_ykxLybAx (336fc723-d606-49c0-85ad-e3e70b372fd7)
2019-11-24 01:06:53.907 13785 RALLYDEBUG rally_openstack.cleanup.manager [-] Deleting neutron.port object s_rally_a6ea9f52_O08UoNVK (5a147e82-f2a1-49c8-8658-17df8cb21ac0)
2019-11-24 01:06:53.914 13785 RALLYDEBUG rally_openstack.cleanup.manager [-] Deleting neutron.port object s_rally_a6ea9f52_MNZFG3XR (8e997580-5322-452d-bcea-139c6499a835)
2019-11-24 01:06:53.922 13785 RALLYDEBUG rally_openstack.cleanup.manager [-] Deleting neutron.port object s_rally_a6ea9f52_tX1QWNCo (a8f802ac-bb62-4470-a3e5-003f5cc1877c)
2019-11-24 01:06:53.924 13785 RALLYDEBUG rally_openstack.cleanup.manager [-] Deleting neutron.port object s_rally_a6ea9f52_gQSoJkbN (01de8624-bc6b-4808-87f7-cdaab3f5a297)
2019-11-24 01:06:53.929 13785 RALLYDEBUG rally_openstack.cleanup.manager [-] Deleting neutron.port object s_rally_a6ea9f52_MhRv3GmK (d8909890-68b1-4714-aa23-d3012c79f7fd)
2019-11-24 01:06:58.179 13785 RALLYDEBUG rally_openstack.cleanup.manager [-] Cleaning up neutron subnet objects
2019-11-24 01:06:59.464 13785 RALLYDEBUG rally_openstack.cleanup.manager [-] Deleting neutron.subnet object s_rally_a6ea9f52_3fJkebSR (010f6b07-db2a-4ea9-9103-940f02ee17ec)
2019-11-24 01:06:59.473 13785 RALLYDEBUG rally_openstack.cleanup.manager [-] Deleting neutron.subnet object s_rally_a6ea9f52_11PSt0QS (1a686986-354a-4c4d-91d1-a50e229b9203)
2019-11-24 01:06:59.482 13785 RALLYDEBUG rally_openstack.cleanup.manager [-] Deleting neutron.subnet object s_rally_a6ea9f52_G3a88E5O (a9fb20eb-8702-4dfb-86ab-324c15047fc5)
2019-11-24 01:06:59.491 13785 RALLYDEBUG rally_openstack.cleanup.manager [-] Deleting neutron.subnet object s_rally_a6ea9f52_h7tf0fZz (c5d0b996-3b4c-4c92-81c8-f6a022146019)
2019-11-24 01:06:59.501 13785 RALLYDEBUG rally_openstack.cleanup.manager [-] Deleting neutron.subnet object s_rally_a6ea9f52_9weA0Ukg (362d4ccd-e7db-42e0-860d-b3bdebfa7a11)
2019-11-24 01:06:59.506 13785 RALLYDEBUG rally_openstack.cleanup.manager [-] Deleting neutron.subnet object s_rally_a6ea9f52_jVHcvz1t (673f14b6-a00e-4537-b2e5-76a882966f46)
2019-11-24 01:06:59.523 13785 RALLYDEBUG rally_openstack.cleanup.manager [-] Deleting neutron.subnet object s_rally_a6ea9f52_eWGEmd9p (6c09ab0b-e574-4e8a-9343-67802e632aa2)
2019-11-24 01:06:59.531 13785 RALLYDEBUG rally_openstack.cleanup.manager [-] Deleting neutron.subnet object s_rally_a6ea9f52_pey1nBuB (b8081ef1-1a44-41b5-8d60-a0e46c9f0f84)
2019-11-24 01:06:59.549 13785 RALLYDEBUG rally_openstack.cleanup.manager [-] Deleting neutron.subnet object s_rally_a6ea9f52_mbmOXqIs (c59621d5-19ea-4b2a-b990-42ea2525a935)
2019-11-24 01:06:59.567 13785 RALLYDEBUG rally_openstack.cleanup.manager [-] Deleting neutron.subnet object s_rally_a6ea9f52_z9wVeRMv (d03043c3-f5a5-4913-95b3-4dbc4801fa48)
2019-11-24 01:07:02.849 13785 RALLYDEBUG rally_openstack.cleanup.manager [-] Cleaning up neutron network objects
2019-11-24 01:07:04.454 13785 RALLYDEBUG rally_openstack.cleanup.manager [-] Deleting neutron.network object s_rally_a6ea9f52_731QO0IN (88f6555c-1f51-4686-aee0-c17f23d8e163)
