2019-11-24 00:36:07.171 1845 INFO rally.task.engine [-] Load duration is: 14.768479
2019-11-24 00:36:07.171 1845 INFO rally.task.engine [-] Full runner duration is: 14.816371
2019-11-24 00:36:07.172 1845 INFO rally.task.engine [-] Full duration is: 28.236864
2019-11-24 00:36:07.409 1845 INFO rally.task.engine [-] Running workload: position = 1 config = { "version": 2, "title": "A cropped version of a bigger task.", "description": "Auto-generated task from a single workload (uuid=db4f1291-555f-480d-9250-3a733450bec8)", "subtasks": [ { "title": "CinderVolumes.create_and_delete_volume", "description": "Create and then delete a volume.", "scenario": { "CinderVolumes.create_and_delete_volume": { "image": { "name": "rally_full-img_2f170d48-e02c-4426-87d5-40abf8fe2368" }, "size": 1 } }, "contexts": { "users": { "tenants": 3, "users_per_tenant": 2 }, "quotas": { "cinder": { "gigabytes": -1, "snapshots": -1, "volumes": -1 } }, "api_versions": { "cinder": { "version": 3, "service_type": "volumev3" } } }, "runner": { "constant": { "concurrency": 4, "times": 10 } }, "hooks": [], "sla": { "failure_rate": { "max": 0 } } } ] }
2019-11-24 00:36:07.431 1845 RALLYDEBUG rally_openstack.contexts.keystone.users [-] Creating 3 tenants using 20 threads
2019-11-24 00:36:08.683 1845 RALLYDEBUG rally_openstack.contexts.keystone.users [-] Creating 6 users using 20 threads
2019-11-24 00:36:10.153 1845 INFO rally.task.context [-] Task 6fc61b2b-3aa8-4cee-9f47-4a2ffc4f2464 | Context users@openstack setup() finished in 2.72 sec
2019-11-24 00:36:10.577 1845 INFO rally.task.context [-] Task 6fc61b2b-3aa8-4cee-9f47-4a2ffc4f2464 | Context api_versions@openstack setup() finished in 0.42 sec
2019-11-24 00:36:11.490 1845 INFO rally.task.context [-] Task 6fc61b2b-3aa8-4cee-9f47-4a2ffc4f2464 | Context quotas@openstack setup() finished in 0.91 sec
2019-11-24 00:36:11.490 1845 INFO rally.task.context [-] Task 6fc61b2b-3aa8-4cee-9f47-4a2ffc4f2464 | Context cleanup@openstack setup() finished in 0.00 msec
2019-11-24 00:36:12.261 1845 RALLYDEBUG rally.task.runner [-] Starting the constant runner (task UUID: 6fc61b2b-3aa8-4cee-9f47-4a2ffc4f2464). times: 10 concurrency: 4 timeout: 0 max_cpu_used: 16 processes_to_start: 4 concurrency_per_worker: 1 concurrency_overhead: 0
2019-11-24 00:36:12.273 4357 RALLYDEBUG rally.task.runner [-] Starting a worker. times: 10 duration: None concurrency: 1 timeout: 0 cls: method_name: run args: {"image": "e2756950-7b6d-4778-be5f-611bc2de8e52", "size": 1}
2019-11-24 00:36:12.277 4358 RALLYDEBUG rally.task.runner [-] Starting a worker. times: 10 duration: None concurrency: 1 timeout: 0 cls: method_name: run args: {"image": "e2756950-7b6d-4778-be5f-611bc2de8e52", "size": 1}
2019-11-24 00:36:12.281 4357 INFO rally.task.runner [-] Task 6fc61b2b-3aa8-4cee-9f47-4a2ffc4f2464 | ITER: 1 START
2019-11-24 00:36:12.281 4359 RALLYDEBUG rally.task.runner [-] Starting a worker. times: 10 duration: None concurrency: 1 timeout: 0 cls: method_name: run args: {"image": "e2756950-7b6d-4778-be5f-611bc2de8e52", "size": 1}
2019-11-24 00:36:12.284 4358 INFO rally.task.runner [-] Task 6fc61b2b-3aa8-4cee-9f47-4a2ffc4f2464 | ITER: 2 START
2019-11-24 00:36:12.284 4360 RALLYDEBUG rally.task.runner [-] Starting a worker. times: 10 duration: None concurrency: 1 timeout: 0 cls: method_name: run args: {"image": "e2756950-7b6d-4778-be5f-611bc2de8e52", "size": 1}
2019-11-24 00:36:12.288 4359 INFO rally.task.runner [-] Task 6fc61b2b-3aa8-4cee-9f47-4a2ffc4f2464 | ITER: 3 START
2019-11-24 00:36:12.292 4360 INFO rally.task.runner [-] Task 6fc61b2b-3aa8-4cee-9f47-4a2ffc4f2464 | ITER: 4 START
2019-11-24 00:36:29.718 4357 RALLYDEBUG rally.task.utils [-] Waiting for resource s_rally_db4f1291_kFOsxBZv. Status changed: DOWNLOADING => AVAILABLE in 14.611691236495972
2019-11-24 00:36:29.862 4357 RALLYDEBUG rally.task.utils [-] Waiting for resource s_rally_db4f1291_kFOsxBZv. Status changed: AVAILABLE => DELETING in 0.07203173637390137
2019-11-24 00:36:31.908 4357 INFO rally.task.runner [-] Task 6fc61b2b-3aa8-4cee-9f47-4a2ffc4f2464 | ITER: 1 END: OK
2019-11-24 00:36:31.915 4357 INFO rally.task.runner [-] Task 6fc61b2b-3aa8-4cee-9f47-4a2ffc4f2464 | ITER: 5 START
2019-11-24 00:36:34.120 4358 RALLYDEBUG rally.task.utils [-] Waiting for resource s_rally_db4f1291_C4jaJv8V. Status changed: DOWNLOADING => AVAILABLE in 18.806241512298584
2019-11-24 00:36:34.253 4358 RALLYDEBUG rally.task.utils [-] Waiting for resource s_rally_db4f1291_C4jaJv8V. Status changed: AVAILABLE => DELETING in 0.0665132999420166
2019-11-24 00:36:36.298 4358 INFO rally.task.runner [-] Task 6fc61b2b-3aa8-4cee-9f47-4a2ffc4f2464 | ITER: 2 END: OK
2019-11-24 00:36:36.301 4358 INFO rally.task.runner [-] Task 6fc61b2b-3aa8-4cee-9f47-4a2ffc4f2464 | ITER: 6 START
2019-11-24 00:36:50.428 4359 RALLYDEBUG rally.task.utils [-] Waiting for resource s_rally_db4f1291_lwxCExWj. Status changed: DOWNLOADING => AVAILABLE in 35.30442476272583
2019-11-24 00:36:50.468 4360 RALLYDEBUG rally.task.utils [-] Waiting for resource s_rally_db4f1291_8zT28aGh. Status changed: DOWNLOADING => AVAILABLE in 35.3372802734375
2019-11-24 00:36:50.574 4359 RALLYDEBUG rally.task.utils [-] Waiting for resource s_rally_db4f1291_lwxCExWj. Status changed: AVAILABLE => DELETING in 0.06758856773376465
2019-11-24 00:36:50.592 4360 RALLYDEBUG rally.task.utils [-] Waiting for resource s_rally_db4f1291_8zT28aGh. Status changed: AVAILABLE => DELETING in 0.05793452262878418
2019-11-24 00:36:52.619 4359 INFO rally.task.runner [-] Task 6fc61b2b-3aa8-4cee-9f47-4a2ffc4f2464 | ITER: 3 END: OK
2019-11-24 00:36:52.625 4359 INFO rally.task.runner [-] Task 6fc61b2b-3aa8-4cee-9f47-4a2ffc4f2464 | ITER: 7 START
2019-11-24 00:36:52.633 4360 INFO rally.task.runner [-] Task 6fc61b2b-3aa8-4cee-9f47-4a2ffc4f2464 | ITER: 4 END: OK
2019-11-24 00:36:52.639 4360 INFO rally.task.runner [-] Task 6fc61b2b-3aa8-4cee-9f47-4a2ffc4f2464 | ITER: 8 START
2019-11-24 00:36:55.835 4357 RALLYDEBUG rally.task.utils [-] Waiting for resource s_rally_db4f1291_64al3K7d. Status changed: DOWNLOADING => AVAILABLE in 20.937946796417236
2019-11-24 00:36:55.960 4357 RALLYDEBUG rally.task.utils [-] Waiting for resource s_rally_db4f1291_64al3K7d. Status changed: AVAILABLE => DELETING in 0.05947518348693848
2019-11-24 00:36:58.013 4357 INFO rally.task.runner [-] Task 6fc61b2b-3aa8-4cee-9f47-4a2ffc4f2464 | ITER: 5 END: OK
2019-11-24 00:36:58.019 4357 INFO rally.task.runner [-] Task 6fc61b2b-3aa8-4cee-9f47-4a2ffc4f2464 | ITER: 9 START
2019-11-24 00:37:10.265 4359 RALLYDEBUG rally.task.utils [-] Waiting for resource s_rally_db4f1291_gCdAatRy. Status changed: DOWNLOADING => AVAILABLE in 14.609412908554077
2019-11-24 00:37:10.397 4359 RALLYDEBUG rally.task.utils [-] Waiting for resource s_rally_db4f1291_gCdAatRy. Status changed: AVAILABLE => DELETING in 0.06660056114196777
2019-11-24 00:37:12.336 4358 RALLYDEBUG rally.task.utils [-] Waiting for resource s_rally_db4f1291_VUn4RQAM. Status changed: DOWNLOADING => AVAILABLE in 33.27799844741821
2019-11-24 00:37:12.478 4358 RALLYDEBUG rally.task.utils [-] Waiting for resource s_rally_db4f1291_VUn4RQAM. Status changed: AVAILABLE => DELETING in 0.06470084190368652
2019-11-24 00:37:14.509 4359 INFO rally.task.runner [-] Task 6fc61b2b-3aa8-4cee-9f47-4a2ffc4f2464 | ITER: 7 END: OK
2019-11-24 00:37:14.513 4359 INFO rally.task.runner [-] Task 6fc61b2b-3aa8-4cee-9f47-4a2ffc4f2464 | ITER: 10 START
2019-11-24 00:37:14.523 4358 INFO rally.task.runner [-] Task 6fc61b2b-3aa8-4cee-9f47-4a2ffc4f2464 | ITER: 6 END: OK
2019-11-24 00:37:31.196 4360 RALLYDEBUG rally.task.utils [-] Waiting for resource s_rally_db4f1291_4y4mLnqI. Status changed: DOWNLOADING => AVAILABLE in 35.35086369514465
2019-11-24 00:37:31.343 4360 RALLYDEBUG rally.task.utils [-] Waiting for resource s_rally_db4f1291_4y4mLnqI. Status changed: AVAILABLE => DELETING in 0.06758570671081543
2019-11-24 00:37:32.165 4357 RALLYDEBUG rally.task.utils [-] Waiting for resource s_rally_db4f1291_sZqogqRq. Status changed: DOWNLOADING => AVAILABLE in 31.249702215194702
2019-11-24 00:37:32.301 4357 RALLYDEBUG rally.task.utils [-] Waiting for resource s_rally_db4f1291_sZqogqRq. Status changed: AVAILABLE => DELETING in 0.06482625007629395
2019-11-24 00:37:33.387 4360 INFO rally.task.runner [-] Task 6fc61b2b-3aa8-4cee-9f47-4a2ffc4f2464 | ITER: 8 END: OK
2019-11-24 00:37:34.342 4357 INFO rally.task.runner [-] Task 6fc61b2b-3aa8-4cee-9f47-4a2ffc4f2464 | ITER: 9 END: OK
2019-11-24 00:37:36.309 4359 RALLYDEBUG rally.task.utils [-] Waiting for resource s_rally_db4f1291_esVGbxAb. Status changed: DOWNLOADING => AVAILABLE in 18.753252029418945
2019-11-24 00:37:36.452 4359 RALLYDEBUG rally.task.utils [-] Waiting for resource s_rally_db4f1291_esVGbxAb. Status changed: AVAILABLE => DELETING in 0.0695638656616211
2019-11-24 00:37:38.504 4359 INFO rally.task.runner [-] Task 6fc61b2b-3aa8-4cee-9f47-4a2ffc4f2464 | ITER: 10 END: OK
2019-11-24 00:37:38.529 1845 INFO rally.task.context [-] Task 6fc61b2b-3aa8-4cee-9f47-4a2ffc4f2464 | Context cleanup@openstack cleanup() started
2019-11-24 00:37:38.531 1845 RALLYDEBUG rally_openstack.cleanup.manager [-] Cleaning up cinder backups objects
2019-11-24 00:37:39.995 1845 RALLYDEBUG rally_openstack.cleanup.manager [-] Cleaning up cinder volume_snapshots objects
2019-11-24 00:37:41.174 1845 RALLYDEBUG rally_openstack.cleanup.manager [-] Cleaning up cinder transfers objects
2019-11-24 00:37:42.317 1845 RALLYDEBUG rally_openstack.cleanup.manager [-] Cleaning up cinder volumes objects
2019-11-24 00:37:43.536 1845 INFO rally.task.context [-] Task 6fc61b2b-3aa8-4cee-9f47-4a2ffc4f2464 | Context cleanup@openstack cleanup() finished in 5.01 sec
2019-11-24 00:37:43.536 1845 INFO rally.task.context [-] Task 6fc61b2b-3aa8-4cee-9f47-4a2ffc4f2464 | Context quotas@openstack cleanup() started
2019-11-24 00:37:43.614 1845 INFO rally.task.context [-] Task 6fc61b2b-3aa8-4cee-9f47-4a2ffc4f2464 | Context quotas@openstack cleanup() finished in 77.56 msec
2019-11-24 00:37:43.615 1845 INFO rally.task.context [-] Task 6fc61b2b-3aa8-4cee-9f47-4a2ffc4f2464 | Context api_versions@openstack cleanup() started
2019-11-24 00:37:43.615 1845 INFO rally.task.context [-] Task 6fc61b2b-3aa8-4cee-9f47-4a2ffc4f2464 | Context api_versions@openstack cleanup() finished in 0.33 msec
2019-11-24 00:37:43.615 1845 INFO rally.task.context [-] Task 6fc61b2b-3aa8-4cee-9f47-4a2ffc4f2464 | Context users@openstack cleanup() started
2019-11-24 00:37:47.941 1845 INFO rally.task.context [-] Task 6fc61b2b-3aa8-4cee-9f47-4a2ffc4f2464 | Context users@openstack cleanup() finished in 4.33 sec
2019-11-24 00:37:49.939 1845 INFO rally.task.engine [-] Load duration is: 86.218722
2019-11-24 00:37:49.940 1845 INFO rally.task.engine [-] Full runner duration is: 86.267744
2019-11-24 00:37:49.940 1845 INFO rally.task.engine [-] Full duration is: 100.5121
2019-11-24 00:37:50.142 1845 INFO rally.task.engine [-] Running workload: position = 2 config = { "version": 2, "title": "A cropped version of a bigger task.", "description": "Auto-generated task from a single workload (uuid=9785cfd5-7f71-43b0-8483-15e6ffb3c5ad)", "subtasks": [ { "title": "CinderVolumes.create_and_delete_volume", "description": "Create and then delete a volume.", "scenario": { "CinderVolumes.create_and_delete_volume": { "size": 1 } }, "contexts": { "users": { "tenants": 3, "users_per_tenant": 2 }, "quotas": { "cinder": { "gigabytes": -1, "snapshots": -1, "volumes": -1 } }, "api_versions": { "cinder": { "version": 3, "service_type": "volumev3" } } }, "runner": { "constant": { "concurrency": 4, "times": 10 } }, "hooks": [], "sla": { "failure_rate": { "max": 0 } } } ] }
2019-11-24 00:37:50.168 1845 RALLYDEBUG rally_openstack.contexts.keystone.users [-] Creating 3 tenants using 20 threads
2019-11-24 00:37:51.335 1845 RALLYDEBUG rally_openstack.contexts.keystone.users [-] Creating 6 users using 20 threads
2019-11-24 00:37:52.851 1845 INFO rally.task.context [-] Task 6fc61b2b-3aa8-4cee-9f47-4a2ffc4f2464 | Context users@openstack setup() finished in 2.68 sec
2019-11-24 00:37:53.283 1845 INFO rally.task.context [-] Task 6fc61b2b-3aa8-4cee-9f47-4a2ffc4f2464 | Context api_versions@openstack setup() finished in 0.43 sec
2019-11-24 00:37:54.241 1845 INFO rally.task.context [-] Task 6fc61b2b-3aa8-4cee-9f47-4a2ffc4f2464 | Context quotas@openstack setup() finished in 0.96 sec
2019-11-24 00:37:54.241 1845 INFO rally.task.context [-] Task 6fc61b2b-3aa8-4cee-9f47-4a2ffc4f2464 | Context cleanup@openstack setup() finished in 0.01 msec
2019-11-24 00:37:54.251 1845 RALLYDEBUG rally.task.runner [-] Starting the constant runner (task UUID: 6fc61b2b-3aa8-4cee-9f47-4a2ffc4f2464). times: 10 concurrency: 4 timeout: 0 max_cpu_used: 16 processes_to_start: 4 concurrency_per_worker: 1 concurrency_overhead: 0
2019-11-24 00:37:54.262 4541 RALLYDEBUG rally.task.runner [-] Starting a worker. times: 10 duration: None concurrency: 1 timeout: 0 cls: method_name: run args: {"size": 1}
2019-11-24 00:37:54.266 4542 RALLYDEBUG rally.task.runner [-] Starting a worker. times: 10 duration: None concurrency: 1 timeout: 0 cls: method_name: run args: {"size": 1}
2019-11-24 00:37:54.269 4541 INFO rally.task.runner [-] Task 6fc61b2b-3aa8-4cee-9f47-4a2ffc4f2464 | ITER: 1 START
2019-11-24 00:37:54.270 4543 RALLYDEBUG rally.task.runner [-] Starting a worker. times: 10 duration: None concurrency: 1 timeout: 0 cls: method_name: run args: {"size": 1}
2019-11-24 00:37:54.273 4542 INFO rally.task.runner [-] Task 6fc61b2b-3aa8-4cee-9f47-4a2ffc4f2464 | ITER: 2 START
2019-11-24 00:37:54.274 4546 RALLYDEBUG rally.task.runner [-] Starting a worker. times: 10 duration: None concurrency: 1 timeout: 0 cls: method_name: run args: {"size": 1}
2019-11-24 00:37:54.277 4543 INFO rally.task.runner [-] Task 6fc61b2b-3aa8-4cee-9f47-4a2ffc4f2464 | ITER: 3 START
2019-11-24 00:37:54.281 4546 INFO rally.task.runner [-] Task 6fc61b2b-3aa8-4cee-9f47-4a2ffc4f2464 | ITER: 4 START
2019-11-24 00:37:57.119 4546 RALLYDEBUG rally.task.utils [-] Waiting for resource s_rally_9785cfd5_GNqJdBSg. Status changed: AVAILABLE => DELETING in 0.05687236785888672
2019-11-24 00:37:57.164 4541 RALLYDEBUG rally.task.utils [-] Waiting for resource s_rally_9785cfd5_TfeAvULQ. Status changed: AVAILABLE => DELETING in 0.0546112060546875
2019-11-24 00:37:57.205 4543 RALLYDEBUG rally.task.utils [-] Waiting for resource s_rally_9785cfd5_c3dIZy1O. Status changed: AVAILABLE => DELETING in 0.06026196479797363
2019-11-24 00:37:57.338 4542 RALLYDEBUG rally.task.utils [-] Waiting for resource s_rally_9785cfd5_T3SlVMaU. Status changed: AVAILABLE => DELETING in 0.05933427810668945
2019-11-24 00:37:59.162 4546 INFO rally.task.runner [-] Task 6fc61b2b-3aa8-4cee-9f47-4a2ffc4f2464 | ITER: 4 END: OK
2019-11-24 00:37:59.167 4546 INFO rally.task.runner [-] Task 6fc61b2b-3aa8-4cee-9f47-4a2ffc4f2464 | ITER: 5 START
2019-11-24 00:37:59.205 4541 INFO rally.task.runner [-] Task 6fc61b2b-3aa8-4cee-9f47-4a2ffc4f2464 | ITER: 1 END: OK
2019-11-24 00:37:59.210 4541 INFO rally.task.runner [-] Task 6fc61b2b-3aa8-4cee-9f47-4a2ffc4f2464 | ITER: 6 START
2019-11-24 00:37:59.246 4543 INFO rally.task.runner [-] Task 6fc61b2b-3aa8-4cee-9f47-4a2ffc4f2464 | ITER: 3 END: OK
2019-11-24 00:37:59.250 4543 INFO rally.task.runner [-] Task 6fc61b2b-3aa8-4cee-9f47-4a2ffc4f2464 | ITER: 7 START
2019-11-24 00:37:59.375 4542 INFO rally.task.runner [-] Task 6fc61b2b-3aa8-4cee-9f47-4a2ffc4f2464 | ITER: 2 END: OK
2019-11-24 00:37:59.379 4542 INFO rally.task.runner [-] Task 6fc61b2b-3aa8-4cee-9f47-4a2ffc4f2464 | ITER: 8 START
2019-11-24 00:38:02.097 4543 RALLYDEBUG rally.task.utils [-] Waiting for resource s_rally_9785cfd5_g6TnpAKN. Status changed: AVAILABLE => DELETING in 0.056382179260253906
2019-11-24 00:38:02.098 4541 RALLYDEBUG rally.task.utils [-] Waiting for resource s_rally_9785cfd5_vkmWAjiU. Status changed: AVAILABLE => DELETING in 0.056319236755371094
2019-11-24 00:38:02.099 4546 RALLYDEBUG rally.task.utils [-] Waiting for resource s_rally_9785cfd5_3P1sUAZU. Status changed: AVAILABLE => DELETING in 0.058301448822021484
2019-11-24 00:38:02.582 4542 RALLYDEBUG rally.task.utils [-] Waiting for resource s_rally_9785cfd5_Om8jNQEK. Status changed: AVAILABLE => DELETING in 0.06155967712402344
2019-11-24 00:38:04.141 4546 INFO rally.task.runner [-] Task 6fc61b2b-3aa8-4cee-9f47-4a2ffc4f2464 | ITER: 5 END: OK
2019-11-24 00:38:04.141 4541 INFO rally.task.runner [-] Task 6fc61b2b-3aa8-4cee-9f47-4a2ffc4f2464 | ITER: 6 END: OK
2019-11-24 00:38:04.144 4546 INFO rally.task.runner [-] Task 6fc61b2b-3aa8-4cee-9f47-4a2ffc4f2464 | ITER: 9 START
2019-11-24 00:38:04.145 4543 INFO rally.task.runner [-] Task 6fc61b2b-3aa8-4cee-9f47-4a2ffc4f2464 | ITER: 7 END: OK
2019-11-24 00:38:04.144 4541 INFO rally.task.runner [-] Task 6fc61b2b-3aa8-4cee-9f47-4a2ffc4f2464 | ITER: 10 START
2019-11-24 00:38:04.619 4542 INFO rally.task.runner [-] Task 6fc61b2b-3aa8-4cee-9f47-4a2ffc4f2464 | ITER: 8 END: OK
2019-11-24 00:38:06.981 4541 RALLYDEBUG rally.task.utils [-] Waiting for resource s_rally_9785cfd5_NqTUcOHO. Status changed: AVAILABLE => DELETING in 0.06433725357055664
2019-11-24 00:38:06.986 4546 RALLYDEBUG rally.task.utils [-] Waiting for resource s_rally_9785cfd5_h41KNcDY. Status changed: AVAILABLE => DELETING in 0.061807870864868164
2019-11-24 00:38:09.023 4541 INFO rally.task.runner [-] Task 6fc61b2b-3aa8-4cee-9f47-4a2ffc4f2464 | ITER: 10 END: OK
2019-11-24 00:38:09.030 4546 INFO rally.task.runner [-] Task 6fc61b2b-3aa8-4cee-9f47-4a2ffc4f2464 | ITER: 9 END: OK
2019-11-24 00:38:09.051 1845 INFO rally.task.context [-] Task 6fc61b2b-3aa8-4cee-9f47-4a2ffc4f2464 | Context cleanup@openstack cleanup() started
2019-11-24 00:38:09.055 1845 RALLYDEBUG rally_openstack.cleanup.manager [-] Cleaning up cinder backups objects
2019-11-24 00:38:10.623 1845 RALLYDEBUG rally_openstack.cleanup.manager [-] Cleaning up cinder volume_snapshots objects
2019-11-24 00:38:11.783 1845 RALLYDEBUG rally_openstack.cleanup.manager [-] Cleaning up cinder transfers objects
2019-11-24 00:38:12.898 1845 RALLYDEBUG rally_openstack.cleanup.manager [-] Cleaning up cinder volumes objects
2019-11-24 00:38:14.085 1845 INFO rally.task.context [-] Task 6fc61b2b-3aa8-4cee-9f47-4a2ffc4f2464 | Context cleanup@openstack cleanup() finished in 5.03 sec
2019-11-24 00:38:14.086 1845 INFO rally.task.context [-] Task 6fc61b2b-3aa8-4cee-9f47-4a2ffc4f2464 | Context quotas@openstack cleanup() started
2019-11-24 00:38:14.159 1845 INFO rally.task.context [-] Task 6fc61b2b-3aa8-4cee-9f47-4a2ffc4f2464 | Context quotas@openstack cleanup() finished in 73.75 msec
2019-11-24 00:38:14.160 1845 INFO rally.task.context [-] Task 6fc61b2b-3aa8-4cee-9f47-4a2ffc4f2464 | Context api_versions@openstack cleanup() started
2019-11-24 00:38:14.160 1845 INFO rally.task.context [-] Task 6fc61b2b-3aa8-4cee-9f47-4a2ffc4f2464 | Context api_versions@openstack cleanup() finished in 0.36 msec
2019-11-24 00:38:14.161 1845 INFO rally.task.context [-] Task 6fc61b2b-3aa8-4cee-9f47-4a2ffc4f2464 | Context users@openstack cleanup() started
2019-11-24 00:38:18.445 1845 INFO rally.task.context [-] Task 6fc61b2b-3aa8-4cee-9f47-4a2ffc4f2464 | Context users@openstack cleanup() finished in 4.28 sec
2019-11-24 00:38:20.340 1845 INFO rally.task.engine [-] Load duration is: 14.756174
2019-11-24 00:38:20.341 1845 INFO rally.task.engine [-] Full runner duration is: 14.800645
2019-11-24 00:38:20.341 1845 INFO rally.task.engine [-] Full duration is: 28.279745
2019-11-24 00:38:20.664 1845 INFO rally.task.engine [-] Running workload: position = 0 config = { "version": 2, "title": "A cropped version of a bigger task.", "description": "Auto-generated task from a single workload (uuid=59c314ad-1a04-4644-b5ed-63ec44622b58)", "subtasks": [ { "title": "CinderVolumes.create_and_extend_volume", "description": "Create and extend a volume and then delete it.", "scenario": { "CinderVolumes.create_and_extend_volume": { "new_size": 2, "size": 1 } }, "contexts": { "users": { "tenants": 3, "users_per_tenant": 2 }, "quotas": { "cinder": { "gigabytes": -1, "snapshots": -1, "volumes": -1 } }, "api_versions": { "cinder": { "version": 3, "service_type": "volumev3" } } }, "runner": { "constant": { "concurrency": 4, "times": 10 } }, "hooks": [], "sla": { "failure_rate": { "max": 0 } } } ] }
2019-11-24 00:38:20.689 1845 RALLYDEBUG rally_openstack.contexts.keystone.users [-] Creating 3 tenants using 20 threads
2019-11-24 00:38:21.629 1845 RALLYDEBUG rally_openstack.contexts.keystone.users [-] Creating 6 users using 20 threads
2019-11-24 00:38:23.296 1845 INFO rally.task.context [-] Task 6fc61b2b-3aa8-4cee-9f47-4a2ffc4f2464 | Context users@openstack setup() finished in 2.61 sec
2019-11-24 00:38:23.710 1845 INFO rally.task.context [-] Task 6fc61b2b-3aa8-4cee-9f47-4a2ffc4f2464 | Context api_versions@openstack setup() finished in 0.41 sec
2019-11-24 00:38:24.589 1845 INFO rally.task.context [-] Task 6fc61b2b-3aa8-4cee-9f47-4a2ffc4f2464 | Context quotas@openstack setup() finished in 0.88 sec
2019-11-24 00:38:24.589 1845 INFO rally.task.context [-] Task 6fc61b2b-3aa8-4cee-9f47-4a2ffc4f2464 | Context cleanup@openstack setup() finished in 0.01 msec
2019-11-24 00:38:24.599 1845 RALLYDEBUG rally.task.runner [-] Starting the constant runner (task UUID: 6fc61b2b-3aa8-4cee-9f47-4a2ffc4f2464). times: 10 concurrency: 4 timeout: 0 max_cpu_used: 16 processes_to_start: 4 concurrency_per_worker: 1 concurrency_overhead: 0
2019-11-24 00:38:24.610 4725 RALLYDEBUG rally.task.runner [-] Starting a worker. times: 10 duration: None concurrency: 1 timeout: 0 cls: method_name: run args: {"new_size": 2, "size": 1}
2019-11-24 00:38:24.615 4726 RALLYDEBUG rally.task.runner [-] Starting a worker. times: 10 duration: None concurrency: 1 timeout: 0 cls: method_name: run args: {"new_size": 2, "size": 1}
2019-11-24 00:38:24.618 4725 INFO rally.task.runner [-] Task 6fc61b2b-3aa8-4cee-9f47-4a2ffc4f2464 | ITER: 1 START
2019-11-24 00:38:24.618 4727 RALLYDEBUG rally.task.runner [-] Starting a worker. times: 10 duration: None concurrency: 1 timeout: 0 cls: method_name: run args: {"new_size": 2, "size": 1}
2019-11-24 00:38:24.622 4726 INFO rally.task.runner [-] Task 6fc61b2b-3aa8-4cee-9f47-4a2ffc4f2464 | ITER: 2 START
2019-11-24 00:38:24.623 4730 RALLYDEBUG rally.task.runner [-] Starting a worker. times: 10 duration: None concurrency: 1 timeout: 0 cls: method_name: run args: {"new_size": 2, "size": 1}
2019-11-24 00:38:24.626 4727 INFO rally.task.runner [-] Task 6fc61b2b-3aa8-4cee-9f47-4a2ffc4f2464 | ITER: 3 START
2019-11-24 00:38:24.630 4730 INFO rally.task.runner [-] Task 6fc61b2b-3aa8-4cee-9f47-4a2ffc4f2464 | ITER: 4 START
2019-11-24 00:38:27.548 4727 RALLYDEBUG rally.task.utils [-] Waiting for resource s_rally_59c314ad_MtBSvbym. Status changed: AVAILABLE => EXTENDING in 0.058946847915649414
2019-11-24 00:38:27.557 4726 RALLYDEBUG rally.task.utils [-] Waiting for resource s_rally_59c314ad_lVadYB61. Status changed: AVAILABLE => EXTENDING in 0.054213762283325195
2019-11-24 00:38:27.646 4725 RALLYDEBUG rally.task.utils [-] Waiting for resource s_rally_59c314ad_7m7O9Apa. Status changed: AVAILABLE => EXTENDING in 0.057511091232299805
2019-11-24 00:38:27.860 4730 RALLYDEBUG rally.task.utils [-] Waiting for resource s_rally_59c314ad_X6J9WkH1. Status changed: AVAILABLE => EXTENDING in 0.05916738510131836
2019-11-24 00:38:29.622 4726 RALLYDEBUG rally.task.utils [-] Waiting for resource s_rally_59c314ad_lVadYB61. Status changed: EXTENDING => AVAILABLE in 2.064932107925415
2019-11-24 00:38:29.624 4727 RALLYDEBUG rally.task.utils [-] Waiting for resource s_rally_59c314ad_MtBSvbym. Status changed: EXTENDING => AVAILABLE in 2.075955390930176
2019-11-24 00:38:29.708 4725 RALLYDEBUG rally.task.utils [-] Waiting for resource s_rally_59c314ad_7m7O9Apa. Status changed: EXTENDING => AVAILABLE in 2.062213897705078
2019-11-24 00:38:29.747 4727 RALLYDEBUG rally.task.utils [-] Waiting for resource s_rally_59c314ad_MtBSvbym. Status changed: AVAILABLE => DELETING in 0.057094573974609375
2019-11-24 00:38:29.750 4726 RALLYDEBUG rally.task.utils [-] Waiting for resource s_rally_59c314ad_lVadYB61. Status changed: AVAILABLE => DELETING in 0.06098341941833496
2019-11-24 00:38:29.828 4725 RALLYDEBUG rally.task.utils [-] Waiting for resource s_rally_59c314ad_7m7O9Apa. Status changed: AVAILABLE => DELETING in 0.06085562705993652
2019-11-24 00:38:29.930 4730 RALLYDEBUG rally.task.utils [-] Waiting for resource s_rally_59c314ad_X6J9WkH1. Status changed: EXTENDING => AVAILABLE in 2.0695366859436035
2019-11-24 00:38:30.074 4730 RALLYDEBUG rally.task.utils [-] Waiting for resource s_rally_59c314ad_X6J9WkH1. Status changed: AVAILABLE => DELETING in 0.057188987731933594
2019-11-24 00:38:31.788 4727 INFO rally.task.runner [-] Task 6fc61b2b-3aa8-4cee-9f47-4a2ffc4f2464 | ITER: 3 END: OK
2019-11-24 00:38:31.789 4726 INFO rally.task.runner [-] Task 6fc61b2b-3aa8-4cee-9f47-4a2ffc4f2464 | ITER: 2 END: OK
2019-11-24 00:38:31.793 4727 INFO rally.task.runner [-] Task 6fc61b2b-3aa8-4cee-9f47-4a2ffc4f2464 | ITER: 5 START
2019-11-24 00:38:31.793 4726 INFO rally.task.runner [-] Task 6fc61b2b-3aa8-4cee-9f47-4a2ffc4f2464 | ITER: 6 START
2019-11-24 00:38:31.869 4725 INFO rally.task.runner [-] Task 6fc61b2b-3aa8-4cee-9f47-4a2ffc4f2464 | ITER: 1 END: OK
2019-11-24 00:38:31.874 4725 INFO rally.task.runner [-] Task 6fc61b2b-3aa8-4cee-9f47-4a2ffc4f2464 | ITER: 7 START
2019-11-24 00:38:32.126 4730 INFO rally.task.runner [-] Task 6fc61b2b-3aa8-4cee-9f47-4a2ffc4f2464 | ITER: 4 END: OK
2019-11-24 00:38:32.131 4730 INFO rally.task.runner [-] Task 6fc61b2b-3aa8-4cee-9f47-4a2ffc4f2464 | ITER: 8 START
2019-11-24 00:38:34.649 4726 RALLYDEBUG rally.task.utils [-] Waiting for resource s_rally_59c314ad_9KtMR9bC. Status changed: AVAILABLE => EXTENDING in 0.0621335506439209
2019-11-24 00:38:34.659 4727 RALLYDEBUG rally.task.utils [-] Waiting for resource s_rally_59c314ad_Lc4T0FyD. Status changed: AVAILABLE => EXTENDING in 0.05522418022155762
2019-11-24 00:38:34.696 4725 RALLYDEBUG rally.task.utils [-] Waiting for resource s_rally_59c314ad_hlmGm9L8. Status changed: AVAILABLE => EXTENDING in 0.055524587631225586
2019-11-24 00:38:35.114 4730 RALLYDEBUG rally.task.utils [-] Waiting for resource s_rally_59c314ad_bFr7qkg7. Status changed: AVAILABLE => EXTENDING in 0.06601572036743164
2019-11-24 00:38:36.720 4726 RALLYDEBUG rally.task.utils [-] Waiting for resource s_rally_59c314ad_9KtMR9bC. Status changed: EXTENDING => AVAILABLE in 2.0718884468078613
2019-11-24 00:38:36.725 4727 RALLYDEBUG rally.task.utils [-] Waiting for resource s_rally_59c314ad_Lc4T0FyD. Status changed: EXTENDING => AVAILABLE in 2.06552791595459
2019-11-24 00:38:36.761 4725 RALLYDEBUG rally.task.utils [-] Waiting for resource s_rally_59c314ad_hlmGm9L8. Status changed: EXTENDING => AVAILABLE in 2.064643621444702
2019-11-24 00:38:36.838 4726 RALLYDEBUG rally.task.utils [-] Waiting for resource s_rally_59c314ad_9KtMR9bC. Status changed: AVAILABLE => DELETING in 0.05678701400756836
2019-11-24 00:38:36.872 4725 RALLYDEBUG rally.task.utils [-] Waiting for resource s_rally_59c314ad_hlmGm9L8. Status changed: AVAILABLE => DELETING in 0.05339956283569336
2019-11-24 00:38:36.974 4727 RALLYDEBUG rally.task.utils [-] Waiting for resource s_rally_59c314ad_Lc4T0FyD. Status changed: AVAILABLE => DELETING in 0.1881856918334961
2019-11-24 00:38:37.187 4730 RALLYDEBUG rally.task.utils [-] Waiting for resource s_rally_59c314ad_bFr7qkg7. Status changed: EXTENDING => AVAILABLE in 2.0727009773254395
2019-11-24 00:38:37.316 4730 RALLYDEBUG rally.task.utils [-] Waiting for resource s_rally_59c314ad_bFr7qkg7. Status changed: AVAILABLE => DELETING in 0.06823897361755371
2019-11-24 00:38:38.884 4726 INFO rally.task.runner [-] Task 6fc61b2b-3aa8-4cee-9f47-4a2ffc4f2464 | ITER: 6 END: OK
2019-11-24 00:38:38.888 4726 INFO rally.task.runner [-] Task 6fc61b2b-3aa8-4cee-9f47-4a2ffc4f2464 | ITER: 9 START
2019-11-24 00:38:38.913 4725 INFO rally.task.runner [-] Task 6fc61b2b-3aa8-4cee-9f47-4a2ffc4f2464 | ITER: 7 END: OK
2019-11-24 00:38:38.916 4725 INFO rally.task.runner [-] Task 6fc61b2b-3aa8-4cee-9f47-4a2ffc4f2464 | ITER: 10 START
2019-11-24 00:38:39.013 4727 INFO rally.task.runner [-] Task 6fc61b2b-3aa8-4cee-9f47-4a2ffc4f2464 | ITER: 5 END: OK
2019-11-24 00:38:39.354 4730 INFO rally.task.runner [-] Task 6fc61b2b-3aa8-4cee-9f47-4a2ffc4f2464 | ITER: 8 END: OK
2019-11-24 00:38:41.786 4726 RALLYDEBUG rally.task.utils [-] Waiting for resource s_rally_59c314ad_aW0p2Wxy. Status changed: AVAILABLE => EXTENDING in 0.06472969055175781
2019-11-24 00:38:41.794 4725 RALLYDEBUG rally.task.utils [-] Waiting for resource s_rally_59c314ad_uNQ1JdQB. Status changed: AVAILABLE => EXTENDING in 0.05866503715515137
2019-11-24 00:38:43.861 4726 RALLYDEBUG rally.task.utils [-] Waiting for resource s_rally_59c314ad_aW0p2Wxy. Status changed: EXTENDING => AVAILABLE in 2.0749518871307373
2019-11-24 00:38:43.868 4725 RALLYDEBUG rally.task.utils [-] Waiting for resource s_rally_59c314ad_uNQ1JdQB. Status changed: EXTENDING => AVAILABLE in 2.0736799240112305
2019-11-24 00:38:43.989 4725 RALLYDEBUG rally.task.utils [-] Waiting for resource s_rally_59c314ad_uNQ1JdQB. Status changed: AVAILABLE => DELETING in 0.06151604652404785
2019-11-24 00:38:43.990 4726 RALLYDEBUG rally.task.utils [-] Waiting for resource s_rally_59c314ad_aW0p2Wxy. Status changed: AVAILABLE => DELETING in 0.06316089630126953
2019-11-24 00:38:46.035 4726 INFO rally.task.runner [-] Task 6fc61b2b-3aa8-4cee-9f47-4a2ffc4f2464 | ITER: 9 END: OK
2019-11-24 00:38:46.040 4725 INFO rally.task.runner [-] Task 6fc61b2b-3aa8-4cee-9f47-4a2ffc4f2464 | ITER: 10 END: OK
2019-11-24 00:38:46.068 1845 INFO rally.task.context [-] Task 6fc61b2b-3aa8-4cee-9f47-4a2ffc4f2464 | Context cleanup@openstack cleanup() started
2019-11-24 00:38:46.071 1845 RALLYDEBUG rally_openstack.cleanup.manager [-] Cleaning up cinder backups objects
2019-11-24 00:38:47.286 1845 RALLYDEBUG rally_openstack.cleanup.manager [-] Cleaning up cinder volume_snapshots objects
2019-11-24 00:38:48.443 1845 RALLYDEBUG rally_openstack.cleanup.manager [-] Cleaning up cinder transfers objects
2019-11-24 00:38:49.579 1845 RALLYDEBUG rally_openstack.cleanup.manager [-] Cleaning up cinder volumes objects
2019-11-24 00:38:50.774 1845 INFO rally.task.context [-] Task 6fc61b2b-3aa8-4cee-9f47-4a2ffc4f2464 | Context cleanup@openstack cleanup() finished in 4.71 sec
2019-11-24 00:38:50.774 1845 INFO rally.task.context [-] Task 6fc61b2b-3aa8-4cee-9f47-4a2ffc4f2464 | Context quotas@openstack cleanup() started
2019-11-24 00:38:50.851 1845 INFO rally.task.context [-] Task 6fc61b2b-3aa8-4cee-9f47-4a2ffc4f2464 | Context quotas@openstack cleanup() finished in 76.46 msec
2019-11-24 00:38:50.851 1845 INFO rally.task.context [-] Task 6fc61b2b-3aa8-4cee-9f47-4a2ffc4f2464 | Context api_versions@openstack cleanup() started
2019-11-24 00:38:50.851 1845 INFO rally.task.context [-] Task 6fc61b2b-3aa8-4cee-9f47-4a2ffc4f2464 | Context api_versions@openstack cleanup() finished in 0.36 msec
2019-11-24 00:38:50.852 1845 INFO rally.task.context [-] Task 6fc61b2b-3aa8-4cee-9f47-4a2ffc4f2464 | Context users@openstack cleanup() started
2019-11-24 00:38:55.178 1845 INFO rally.task.context [-] Task 6fc61b2b-3aa8-4cee-9f47-4a2ffc4f2464 | Context users@openstack cleanup() finished in 4.33 sec
2019-11-24 00:38:56.893 1845 INFO rally.task.engine [-] Load duration is: 21.417556
2019-11-24 00:38:56.894 1845 INFO rally.task.engine [-] Full runner duration is: 21.469465
2019-11-24 00:38:56.894 1845 INFO rally.task.engine [-] Full duration is: 34.490684
2019-11-24 00:38:57.278 1845 INFO rally.task.engine [-] Running workload: position = 0 config = { "version": 2, "title": "A cropped version of a bigger task.", "description": "Auto-generated task from a single workload (uuid=ac4de015-e4b5-4c2d-91b0-13941f6d52ac)", "subtasks": [ { "title": "CinderVolumes.create_from_volume_and_delete_volume", "description": "Create volume from volume and then delete it.", "scenario": { "CinderVolumes.create_from_volume_and_delete_volume": { "size": 1 } }, "contexts": { "users": { "tenants": 3, "users_per_tenant": 2 }, "quotas": { "cinder": { "gigabytes": -1, "snapshots": -1, "volumes": -1 } }, "api_versions": { "cinder": { "version": 3, "service_type": "volumev3" } }, "volumes": { "size": 1, "volumes_per_tenant": 1 } }, "runner": { "constant": { "concurrency": 4, "times": 10 } }, "hooks": [], "sla": { "failure_rate": { "max": 0 } } } ] }
2019-11-24 00:38:57.304 1845 RALLYDEBUG rally_openstack.contexts.keystone.users [-] Creating 3 tenants using 20 threads
2019-11-24 00:38:58.290 1845 RALLYDEBUG rally_openstack.contexts.keystone.users [-] Creating 6 users using 20 threads
2019-11-24 00:38:59.868 1845 INFO rally.task.context [-] Task 6fc61b2b-3aa8-4cee-9f47-4a2ffc4f2464 | Context users@openstack setup() finished in 2.56 sec
2019-11-24 00:39:00.271 1845 INFO rally.task.context [-] Task 6fc61b2b-3aa8-4cee-9f47-4a2ffc4f2464 | Context api_versions@openstack setup() finished in 0.40 sec
2019-11-24 00:39:01.215 1845 INFO rally.task.context [-] Task 6fc61b2b-3aa8-4cee-9f47-4a2ffc4f2464 | Context quotas@openstack setup() finished in 0.94 sec
2019-11-24 00:39:09.672 1845 INFO rally.task.context [-] Task 6fc61b2b-3aa8-4cee-9f47-4a2ffc4f2464 | Context volumes@openstack setup() finished in 8.46 sec
2019-11-24 00:39:09.673 1845 INFO rally.task.context [-] Task 6fc61b2b-3aa8-4cee-9f47-4a2ffc4f2464 | Context cleanup@openstack setup() finished in 0.00 msec
2019-11-24 00:39:09.681 1845 RALLYDEBUG rally.task.runner [-] Starting the constant runner (task UUID: 6fc61b2b-3aa8-4cee-9f47-4a2ffc4f2464). times: 10 concurrency: 4 timeout: 0 max_cpu_used: 16 processes_to_start: 4 concurrency_per_worker: 1 concurrency_overhead: 0
2019-11-24 00:39:09.693 4909 RALLYDEBUG rally.task.runner [-] Starting a worker. times: 10 duration: None concurrency: 1 timeout: 0 cls: method_name: run args: {"size": 1}
2019-11-24 00:39:09.697 4910 RALLYDEBUG rally.task.runner [-] Starting a worker. times: 10 duration: None concurrency: 1 timeout: 0 cls: method_name: run args: {"size": 1}
2019-11-24 00:39:09.701 4909 INFO rally.task.runner [-] Task 6fc61b2b-3aa8-4cee-9f47-4a2ffc4f2464 | ITER: 1 START
2019-11-24 00:39:09.700 4911 RALLYDEBUG rally.task.runner [-] Starting a worker. times: 10 duration: None concurrency: 1 timeout: 0 cls: method_name: run args: {"size": 1}
2019-11-24 00:39:09.704 4910 INFO rally.task.runner [-] Task 6fc61b2b-3aa8-4cee-9f47-4a2ffc4f2464 | ITER: 2 START
2019-11-24 00:39:09.704 4913 RALLYDEBUG rally.task.runner [-] Starting a worker. times: 10 duration: None concurrency: 1 timeout: 0 cls: method_name: run args: {"size": 1}
2019-11-24 00:39:09.708 4911 INFO rally.task.runner [-] Task 6fc61b2b-3aa8-4cee-9f47-4a2ffc4f2464 | ITER: 3 START
2019-11-24 00:39:09.711 4913 INFO rally.task.runner [-] Task 6fc61b2b-3aa8-4cee-9f47-4a2ffc4f2464 | ITER: 4 START
2019-11-24 00:39:12.627 4909 RALLYDEBUG rally.task.utils [-] Waiting for resource s_rally_ac4de015_sp4Hdo9v. Status changed: AVAILABLE => DELETING in 0.055914878845214844
2019-11-24 00:39:14.665 4911 RALLYDEBUG rally.task.utils [-] Waiting for resource s_rally_ac4de015_BFSqxvNj. Status changed: CREATING => AVAILABLE in 2.2059717178344727
2019-11-24 00:39:14.668 4909 INFO rally.task.runner [-] Task 6fc61b2b-3aa8-4cee-9f47-4a2ffc4f2464 | ITER: 1 END: OK
2019-11-24 00:39:14.673 4909 INFO rally.task.runner [-] Task 6fc61b2b-3aa8-4cee-9f47-4a2ffc4f2464 | ITER: 5 START
2019-11-24 00:39:14.740 4910 RALLYDEBUG rally.task.utils [-] Waiting for resource s_rally_ac4de015_Flpze4le. Status changed: CREATING => AVAILABLE in 2.185875177383423
2019-11-24 00:39:14.778 4911 RALLYDEBUG rally.task.utils [-] Waiting for resource s_rally_ac4de015_BFSqxvNj. Status changed: AVAILABLE => DELETING in 0.050843000411987305
2019-11-24 00:39:14.856 4910 RALLYDEBUG rally.task.utils [-] Waiting for resource s_rally_ac4de015_Flpze4le. Status changed: AVAILABLE => DELETING in 0.05375051498413086
2019-11-24 00:39:16.824 4911 INFO rally.task.runner [-] Task 6fc61b2b-3aa8-4cee-9f47-4a2ffc4f2464 | ITER: 3 END: OK
2019-11-24 00:39:16.830 4911 INFO rally.task.runner [-] Task 6fc61b2b-3aa8-4cee-9f47-4a2ffc4f2464 | ITER: 6 START
2019-11-24 00:39:16.905 4910 INFO rally.task.runner [-] Task 6fc61b2b-3aa8-4cee-9f47-4a2ffc4f2464 | ITER: 2 END: OK
2019-11-24 00:39:16.910 4910 INFO rally.task.runner [-] Task 6fc61b2b-3aa8-4cee-9f47-4a2ffc4f2464 | ITER: 7 START
2019-11-24 00:39:16.920 4913 RALLYDEBUG rally.task.utils [-] Waiting for resource s_rally_ac4de015_wn3KR2Uk. Status changed: CREATING => AVAILABLE in 4.25692081451416
2019-11-24 00:39:17.054 4913 RALLYDEBUG rally.task.utils [-] Waiting for resource s_rally_ac4de015_wn3KR2Uk. Status changed: AVAILABLE => DELETING in 0.06069684028625488
2019-11-24 00:39:17.676 4909 RALLYDEBUG rally.task.utils [-] Waiting for resource s_rally_ac4de015_kI6I4Ugr. Status changed: AVAILABLE => DELETING in 0.059966087341308594
2019-11-24 00:39:19.097 4913 INFO rally.task.runner [-] Task 6fc61b2b-3aa8-4cee-9f47-4a2ffc4f2464 | ITER: 4 END: OK
2019-11-24 00:39:19.102 4913 INFO rally.task.runner [-] Task 6fc61b2b-3aa8-4cee-9f47-4a2ffc4f2464 | ITER: 8 START
2019-11-24 00:39:19.716 4909 INFO rally.task.runner [-] Task 6fc61b2b-3aa8-4cee-9f47-4a2ffc4f2464 | ITER: 5 END: OK
2019-11-24 00:39:19.721 4909 INFO rally.task.runner [-] Task 6fc61b2b-3aa8-4cee-9f47-4a2ffc4f2464 | ITER: 9 START
2019-11-24 00:39:19.793 4910 RALLYDEBUG rally.task.utils [-] Waiting for resource s_rally_ac4de015_xomkVvcx. Status changed: AVAILABLE => DELETING in 0.05551481246948242
2019-11-24 00:39:19.855 4911 RALLYDEBUG rally.task.utils [-] Waiting for resource s_rally_ac4de015_tbHrnSvx. Status changed: AVAILABLE => DELETING in 0.17114806175231934
2019-11-24 00:39:21.846 4910 INFO rally.task.runner [-] Task 6fc61b2b-3aa8-4cee-9f47-4a2ffc4f2464 | ITER: 7 END: OK
2019-11-24 00:39:21.849 4910 INFO rally.task.runner [-] Task 6fc61b2b-3aa8-4cee-9f47-4a2ffc4f2464 | ITER: 10 START
2019-11-24 00:39:21.899 4911 INFO rally.task.runner [-] Task 6fc61b2b-3aa8-4cee-9f47-4a2ffc4f2464 | ITER: 6 END: OK
2019-11-24 00:39:22.019 4913 RALLYDEBUG rally.task.utils [-] Waiting for resource s_rally_ac4de015_ksjBZBal. Status changed: AVAILABLE => DELETING in 0.06338810920715332
2019-11-24 00:39:22.615 4909 RALLYDEBUG rally.task.utils [-] Waiting for resource s_rally_ac4de015_k5XMsEUU. Status changed: AVAILABLE => DELETING in 0.06098127365112305
2019-11-24 00:39:24.062 4913 INFO rally.task.runner [-] Task 6fc61b2b-3aa8-4cee-9f47-4a2ffc4f2464 | ITER: 8 END: OK
2019-11-24 00:39:24.656 4909 INFO rally.task.runner [-] Task 6fc61b2b-3aa8-4cee-9f47-4a2ffc4f2464 | ITER: 9 END: OK
2019-11-24 00:39:24.879 4910 RALLYDEBUG rally.task.utils [-] Waiting for resource s_rally_ac4de015_Uf6jMLG3. Status changed: AVAILABLE => DELETING in 0.06422257423400879
2019-11-24 00:39:26.924 4910 INFO rally.task.runner [-] Task 6fc61b2b-3aa8-4cee-9f47-4a2ffc4f2464 | ITER: 10 END: OK
2019-11-24 00:39:26.948 1845 INFO rally.task.context [-] Task 6fc61b2b-3aa8-4cee-9f47-4a2ffc4f2464 | Context cleanup@openstack cleanup() started
2019-11-24 00:39:26.951 1845 RALLYDEBUG rally_openstack.cleanup.manager [-] Cleaning up cinder backups objects
2019-11-24 00:39:28.126 1845 RALLYDEBUG rally_openstack.cleanup.manager [-] Cleaning up cinder volume_snapshots objects
2019-11-24 00:39:29.390 1845 RALLYDEBUG rally_openstack.cleanup.manager [-] Cleaning up cinder transfers objects
2019-11-24 00:39:30.534 1845 RALLYDEBUG rally_openstack.cleanup.manager [-] Cleaning up cinder volumes objects
2019-11-24 00:39:31.784 1845 INFO rally.task.context [-] Task 6fc61b2b-3aa8-4cee-9f47-4a2ffc4f2464 | Context cleanup@openstack cleanup() finished in 4.84 sec
2019-11-24 00:39:31.785 1845 INFO rally.task.context [-] Task 6fc61b2b-3aa8-4cee-9f47-4a2ffc4f2464 | Context volumes@openstack cleanup() started
2019-11-24 00:39:31.785 1845 RALLYDEBUG rally_openstack.cleanup.manager [-] Cleaning up cinder volumes objects
2019-11-24 00:39:33.014 1845 RALLYDEBUG rally_openstack.cleanup.manager [-] Deleting cinder.volumes object c_rally_ac4de015_IAEabw5t (fde3059e-b405-495d-a1c3-86b85de895ab)
2019-11-24 00:39:33.021 1845 RALLYDEBUG rally_openstack.cleanup.manager [-] Deleting cinder.volumes object c_rally_ac4de015_VCbpgL0N (2d81b852-c1c9-40ad-84c3-91bf6d148097)
2019-11-24 00:39:33.022 1845 RALLYDEBUG rally_openstack.cleanup.manager [-] Deleting cinder.volumes object c_rally_ac4de015_rHT4i15V (68ee273a-9176-4455-adfc-d9cb145415ef)
2019-11-24 00:39:36.628 1845 INFO rally.task.context [-] Task 6fc61b2b-3aa8-4cee-9f47-4a2ffc4f2464 | Context volumes@openstack cleanup() finished in 4.84 sec
2019-11-24 00:39:36.628 1845 INFO rally.task.context [-] Task 6fc61b2b-3aa8-4cee-9f47-4a2ffc4f2464 | Context quotas@openstack cleanup() started
2019-11-24 00:39:36.743 1845 INFO rally.task.context [-] Task 6fc61b2b-3aa8-4cee-9f47-4a2ffc4f2464 | Context quotas@openstack cleanup() finished in 0.11 sec
2019-11-24 00:39:36.744 1845 INFO rally.task.context [-] Task 6fc61b2b-3aa8-4cee-9f47-4a2ffc4f2464 | Context api_versions@openstack cleanup() started
2019-11-24 00:39:36.744 1845 INFO rally.task.context [-] Task 6fc61b2b-3aa8-4cee-9f47-4a2ffc4f2464 | Context api_versions@openstack cleanup() finished in 0.35 msec
2019-11-24 00:39:36.744 1845 INFO rally.task.context [-] Task 6fc61b2b-3aa8-4cee-9f47-4a2ffc4f2464 | Context users@openstack cleanup() started
2019-11-24 00:39:41.128 1845 INFO rally.task.context [-] Task 6fc61b2b-3aa8-4cee-9f47-4a2ffc4f2464 | Context users@openstack cleanup() finished in 4.38 sec
2019-11-24 00:39:41.520 1845 INFO rally.task.engine [-] Load duration is: 17.21875
2019-11-24 00:39:41.521 1845 INFO rally.task.engine [-] Full runner duration is: 17.26738
2019-11-24 00:39:41.521 1845 INFO rally.task.engine [-] Full duration is: 43.826085
2019-11-24 00:39:41.877 1845 INFO rally.task.engine [-] Running workload: position = 0 config = { "version": 2, "title": "A cropped version of a bigger task.", "description": "Auto-generated task from a single workload (uuid=a8d873a4-a44c-41c0-8bcb-7ce6873b82fa)", "subtasks": [ { "title": "CinderQos.create_and_get_qos", "description": "Create a qos, then get details of the qos.", "scenario": { "CinderQos.create_and_get_qos": { "consumer": "both", "write_iops_sec": "10", "read_iops_sec": "1000" } }, "contexts": { "users": { "tenants": 3, "users_per_tenant": 2 }, "api_versions": { "cinder": { "version": 3, "service_type": "volumev3" } } }, "runner": { "constant": { "concurrency": 4, "times": 10 } }, "hooks": [], "sla": { "failure_rate": { "max": 0 } } } ] }
2019-11-24 00:39:41.903 1845 RALLYDEBUG rally_openstack.contexts.keystone.users [-] Creating 3 tenants using 20 threads
2019-11-24 00:39:42.822 1845 RALLYDEBUG rally_openstack.contexts.keystone.users [-] Creating 6 users using 20 threads
2019-11-24 00:39:44.382 1845 INFO rally.task.context [-] Task 6fc61b2b-3aa8-4cee-9f47-4a2ffc4f2464 | Context users@openstack setup() finished in 2.48 sec
2019-11-24 00:39:44.783 1845 INFO rally.task.context [-] Task 6fc61b2b-3aa8-4cee-9f47-4a2ffc4f2464 | Context api_versions@openstack setup() finished in 0.40 sec
2019-11-24 00:39:44.783 1845 INFO rally.task.context [-] Task 6fc61b2b-3aa8-4cee-9f47-4a2ffc4f2464 | Context admin_cleanup@openstack setup() finished in 0.00 msec
2019-11-24 00:39:44.792 1845 RALLYDEBUG rally.task.runner [-] Starting the constant runner (task UUID: 6fc61b2b-3aa8-4cee-9f47-4a2ffc4f2464). times: 10 concurrency: 4 timeout: 0 max_cpu_used: 16 processes_to_start: 4 concurrency_per_worker: 1 concurrency_overhead: 0
2019-11-24 00:39:44.804 5113 RALLYDEBUG rally.task.runner [-] Starting a worker. times: 10 duration: None concurrency: 1 timeout: 0 cls: method_name: run args: {"consumer": "both", "write_iops_sec": "10", "read_iops_sec": "1000"}
2019-11-24 00:39:44.808 5114 RALLYDEBUG rally.task.runner [-] Starting a worker. times: 10 duration: None concurrency: 1 timeout: 0 cls: method_name: run args: {"consumer": "both", "write_iops_sec": "10", "read_iops_sec": "1000"}
2019-11-24 00:39:44.812 5113 INFO rally.task.runner [-] Task 6fc61b2b-3aa8-4cee-9f47-4a2ffc4f2464 | ITER: 1 START
2019-11-24 00:39:44.812 5115 RALLYDEBUG rally.task.runner [-] Starting a worker. times: 10 duration: None concurrency: 1 timeout: 0 cls: method_name: run args: {"consumer": "both", "write_iops_sec": "10", "read_iops_sec": "1000"}
2019-11-24 00:39:44.815 5114 INFO rally.task.runner [-] Task 6fc61b2b-3aa8-4cee-9f47-4a2ffc4f2464 | ITER: 2 START
2019-11-24 00:39:44.816 5117 RALLYDEBUG rally.task.runner [-] Starting a worker. times: 10 duration: None concurrency: 1 timeout: 0 cls: method_name: run args: {"consumer": "both", "write_iops_sec": "10", "read_iops_sec": "1000"}
2019-11-24 00:39:44.818 5115 INFO rally.task.runner [-] Task 6fc61b2b-3aa8-4cee-9f47-4a2ffc4f2464 | ITER: 3 START
2019-11-24 00:39:44.823 5117 INFO rally.task.runner [-] Task 6fc61b2b-3aa8-4cee-9f47-4a2ffc4f2464 | ITER: 4 START
2019-11-24 00:39:45.272 5115 INFO rally.task.runner [-] Task 6fc61b2b-3aa8-4cee-9f47-4a2ffc4f2464 | ITER: 3 END: OK
2019-11-24 00:39:45.272 5114 INFO rally.task.runner [-] Task 6fc61b2b-3aa8-4cee-9f47-4a2ffc4f2464 | ITER: 2 END: OK
2019-11-24 00:39:45.277 5114 INFO rally.task.runner [-] Task 6fc61b2b-3aa8-4cee-9f47-4a2ffc4f2464 | ITER: 5 START
2019-11-24 00:39:45.277 5115 INFO rally.task.runner [-] Task 6fc61b2b-3aa8-4cee-9f47-4a2ffc4f2464 | ITER: 6 START
2019-11-24 00:39:45.280 5113 INFO rally.task.runner [-] Task 6fc61b2b-3aa8-4cee-9f47-4a2ffc4f2464 | ITER: 1 END: OK
2019-11-24 00:39:45.285 5113 INFO rally.task.runner [-] Task 6fc61b2b-3aa8-4cee-9f47-4a2ffc4f2464 | ITER: 7 START
2019-11-24 00:39:45.305 5117 INFO rally.task.runner [-] Task 6fc61b2b-3aa8-4cee-9f47-4a2ffc4f2464 | ITER: 4 END: OK
2019-11-24 00:39:45.309 5117 INFO rally.task.runner [-] Task 6fc61b2b-3aa8-4cee-9f47-4a2ffc4f2464 | ITER: 8 START
2019-11-24 00:39:45.661 5113 INFO rally.task.runner [-] Task 6fc61b2b-3aa8-4cee-9f47-4a2ffc4f2464 | ITER: 7 END: OK
2019-11-24 00:39:45.664 5113 INFO rally.task.runner [-] Task 6fc61b2b-3aa8-4cee-9f47-4a2ffc4f2464 | ITER: 9 START
2019-11-24 00:39:45.700 5117 INFO rally.task.runner [-] Task 6fc61b2b-3aa8-4cee-9f47-4a2ffc4f2464 | ITER: 8 END: OK
2019-11-24 00:39:45.703 5117 INFO rally.task.runner [-] Task 6fc61b2b-3aa8-4cee-9f47-4a2ffc4f2464 | ITER: 10 START
2019-11-24 00:39:45.706 5115 INFO rally.task.runner [-] Task 6fc61b2b-3aa8-4cee-9f47-4a2ffc4f2464 | ITER: 6 END: OK
2019-11-24 00:39:45.717 5114 INFO rally.task.runner [-] Task 6fc61b2b-3aa8-4cee-9f47-4a2ffc4f2464 | ITER: 5 END: OK
2019-11-24 00:39:46.054 5113 INFO rally.task.runner [-] Task 6fc61b2b-3aa8-4cee-9f47-4a2ffc4f2464 | ITER: 9 END: OK
2019-11-24 00:39:46.092 5117 INFO rally.task.runner [-] Task 6fc61b2b-3aa8-4cee-9f47-4a2ffc4f2464 | ITER: 10 END: OK
2019-11-24 00:39:46.123 1845 INFO rally.task.context [-] Task 6fc61b2b-3aa8-4cee-9f47-4a2ffc4f2464 | Context admin_cleanup@openstack cleanup() started
2019-11-24 00:39:46.127 1845 RALLYDEBUG rally_openstack.cleanup.manager [-] Cleaning up cinder volume_types objects
2019-11-24 00:39:46.591 1845 RALLYDEBUG rally_openstack.cleanup.manager [-] Cleaning up cinder image_volumes_cache objects
2019-11-24 00:39:47.108 1845 RALLYDEBUG rally_openstack.cleanup.manager [-] Cleaning up cinder quotas objects
2019-11-24 00:39:47.963 1845 RALLYDEBUG rally_openstack.cleanup.manager [-] Cleaning up cinder qos_specs objects
2019-11-24 00:39:48.359 1845 RALLYDEBUG rally_openstack.cleanup.manager [-] Deleting cinder.qos_specs object s_rally_a8d873a4_54nNJyuE (c26afa71-bcf2-4b6f-8da1-434b06a36be5)
2019-11-24 00:39:48.368 1845 RALLYDEBUG rally_openstack.cleanup.manager [-] Deleting cinder.qos_specs object s_rally_a8d873a4_oTmZU5og (9375629b-3e5f-4fd3-abdc-a0b5fd14a30b)
2019-11-24 00:39:48.377 1845 RALLYDEBUG rally_openstack.cleanup.manager [-] Deleting cinder.qos_specs object s_rally_a8d873a4_MqarNlmi (8d61cfe1-e32e-4916-9560-0a30e6337729)
2019-11-24 00:39:48.381 1845 RALLYDEBUG rally_openstack.cleanup.manager [-] Deleting cinder.qos_specs object s_rally_a8d873a4_kEoBpfa0 (83d439b0-a917-4e61-a0c1-74b5a94d8bb6)
2019-11-24 00:39:48.390 1845 RALLYDEBUG rally_openstack.cleanup.manager [-] Deleting cinder.qos_specs object s_rally_a8d873a4_TlTEIEPO (751d3ece-9ad7-479c-9a32-eff23ae36b36)
2019-11-24 00:39:48.417 1845 RALLYDEBUG rally_openstack.cleanup.manager [-] Deleting cinder.qos_specs object s_rally_a8d873a4_zvcNCQI3 (114d56ca-8998-4885-8b8c-be6e79231072)
2019-11-24 00:39:48.427 1845 RALLYDEBUG rally_openstack.cleanup.manager [-] Deleting cinder.qos_specs object s_rally_a8d873a4_mGtj53Ql (ccbaa916-12ff-463f-8215-1f5cb86f157c)
2019-11-24 00:39:48.445 1845 RALLYDEBUG rally_openstack.cleanup.manager [-] Deleting cinder.qos_specs object s_rally_a8d873a4_s9vcIcDO (54abe5c5-b210-485c-9fc1-ae7ba07396da)
2019-11-24 00:39:48.453 1845 RALLYDEBUG rally_openstack.cleanup.manager [-] Deleting cinder.qos_specs object s_rally_a8d873a4_qqYQh3lr (2e7d80c6-9096-4a15-95ab-21c170981c9b)
2019-11-24 00:39:48.467 1845 RALLYDEBUG rally_openstack.cleanup.manager [-] Deleting cinder.qos_specs object s_rally_a8d873a4_mMKtKrby (107c8dc7-ec10-4358-a246-d5fe5ebb1aa7)
2019-11-24 00:39:50.000 1845 INFO rally.task.context [-] Task 6fc61b2b-3aa8-4cee-9f47-4a2ffc4f2464 | Context admin_cleanup@openstack cleanup() finished in 3.88 sec
2019-11-24 00:39:50.000 1845 INFO rally.task.context [-] Task 6fc61b2b-3aa8-4cee-9f47-4a2ffc4f2464 | Context api_versions@openstack cleanup() started
2019-11-24 00:39:50.001 1845 INFO rally.task.context [-] Task 6fc61b2b-3aa8-4cee-9f47-4a2ffc4f2464 | Context api_versions@openstack cleanup() finished in 0.29 msec
2019-11-24 00:39:50.001 1845 INFO rally.task.context [-] Task 6fc61b2b-3aa8-4cee-9f47-4a2ffc4f2464 | Context users@openstack cleanup() started
2019-11-24 00:39:54.606 1845 INFO rally.task.context [-] Task 6fc61b2b-3aa8-4cee-9f47-4a2ffc4f2464 | Context users@openstack cleanup() finished in 4.60 sec
2019-11-24 00:39:56.013 1845 INFO rally.task.engine [-] Load duration is: 1.275937
2019-11-24 00:39:56.013 1845 INFO rally.task.engine [-] Full runner duration is: 1.331379
2019-11-24 00:39:56.014 1845 INFO rally.task.engine [-] Full duration is: 12.705352
