2019-11-24 00:20:23.130 727 RALLYDEBUG rally.task.runner [-] Starting the constant runner (task UUID: 26219cbc-da3d-4d4e-9b31-7b703e983311). times: 10 concurrency: 4 timeout: 0 max_cpu_used: 16 processes_to_start: 4 concurrency_per_worker: 1 concurrency_overhead: 0
2019-11-24 00:20:23.142 975 RALLYDEBUG rally.task.runner [-] Starting a worker. times: 10 duration: None concurrency: 1 timeout: 0 cls: method_name: run args: {"container_format": "bare", "disk_format": "qcow2", "image_location": "/home/opnfv/functest/images/cirros-0.4.0-x86_64-disk.img"}
2019-11-24 00:20:23.146 976 RALLYDEBUG rally.task.runner [-] Starting a worker. times: 10 duration: None concurrency: 1 timeout: 0 cls: method_name: run args: {"container_format": "bare", "disk_format": "qcow2", "image_location": "/home/opnfv/functest/images/cirros-0.4.0-x86_64-disk.img"}
2019-11-24 00:20:23.150 975 INFO rally.task.runner [-] Task 26219cbc-da3d-4d4e-9b31-7b703e983311 | ITER: 1 START
2019-11-24 00:20:23.150 977 RALLYDEBUG rally.task.runner [-] Starting a worker. times: 10 duration: None concurrency: 1 timeout: 0 cls: method_name: run args: {"container_format": "bare", "disk_format": "qcow2", "image_location": "/home/opnfv/functest/images/cirros-0.4.0-x86_64-disk.img"}
2019-11-24 00:20:23.153 976 INFO rally.task.runner [-] Task 26219cbc-da3d-4d4e-9b31-7b703e983311 | ITER: 2 START
2019-11-24 00:20:23.153 979 RALLYDEBUG rally.task.runner [-] Starting a worker. times: 10 duration: None concurrency: 1 timeout: 0 cls: method_name: run args: {"container_format": "bare", "disk_format": "qcow2", "image_location": "/home/opnfv/functest/images/cirros-0.4.0-x86_64-disk.img"}
2019-11-24 00:20:23.156 977 INFO rally.task.runner [-] Task 26219cbc-da3d-4d4e-9b31-7b703e983311 | ITER: 3 START
2019-11-24 00:20:23.159 979 INFO rally.task.runner [-] Task 26219cbc-da3d-4d4e-9b31-7b703e983311 | ITER: 4 START
2019-11-24 00:20:26.073 977 RALLYDEBUG rally.task.utils [-] Waiting for resource 'bae081e1-0e8b-4724-9ca1-8dad1ba8ccfa'. Status changed: NONE => QUEUED in 0.037944793701171875
2019-11-24 00:20:26.079 976 RALLYDEBUG rally.task.utils [-] Waiting for resource '3906ecaf-a5a1-4114-9c8d-fc34e4c263e4'. Status changed: NONE => QUEUED in 0.040291547775268555
2019-11-24 00:20:26.083 979 RALLYDEBUG rally.task.utils [-] Waiting for resource '87c53f43-72d2-4a36-9ba3-d65fdefb6b93'. Status changed: NONE => QUEUED in 0.04057645797729492
2019-11-24 00:20:26.275 977 RALLYDEBUG rally.task.utils [-] Waiting for resource s_rally_a490270d_k4L0g2rw. Status changed: QUEUED => ACTIVE in 0.019179344177246094
2019-11-24 00:20:26.303 976 RALLYDEBUG rally.task.utils [-] Waiting for resource s_rally_a490270d_M9ucRtcO. Status changed: QUEUED => ACTIVE in 0.01970839500427246
2019-11-24 00:20:26.306 979 RALLYDEBUG rally.task.utils [-] Waiting for resource s_rally_a490270d_318gjrQ9. Status changed: QUEUED => ACTIVE in 0.0218203067779541
2019-11-24 00:20:26.312 977 INFO rally.task.runner [-] Task 26219cbc-da3d-4d4e-9b31-7b703e983311 | ITER: 3 END: OK
2019-11-24 00:20:26.316 977 INFO rally.task.runner [-] Task 26219cbc-da3d-4d4e-9b31-7b703e983311 | ITER: 5 START
2019-11-24 00:20:26.329 975 RALLYDEBUG rally.task.utils [-] Waiting for resource 'f46fdb70-2db6-409c-9ad8-6a1d77a17866'. Status changed: NONE => QUEUED in 0.028333663940429688
2019-11-24 00:20:26.334 976 INFO rally.task.runner [-] Task 26219cbc-da3d-4d4e-9b31-7b703e983311 | ITER: 2 END: OK
2019-11-24 00:20:26.336 979 INFO rally.task.runner [-] Task 26219cbc-da3d-4d4e-9b31-7b703e983311 | ITER: 4 END: OK
2019-11-24 00:20:26.339 976 INFO rally.task.runner [-] Task 26219cbc-da3d-4d4e-9b31-7b703e983311 | ITER: 6 START
2019-11-24 00:20:26.340 979 INFO rally.task.runner [-] Task 26219cbc-da3d-4d4e-9b31-7b703e983311 | ITER: 7 START
2019-11-24 00:20:26.527 975 RALLYDEBUG rally.task.utils [-] Waiting for resource s_rally_a490270d_Z7OybLqU. Status changed: QUEUED => ACTIVE in 0.01880049705505371
2019-11-24 00:20:26.562 975 INFO rally.task.runner [-] Task 26219cbc-da3d-4d4e-9b31-7b703e983311 | ITER: 1 END: OK
2019-11-24 00:20:26.567 975 INFO rally.task.runner [-] Task 26219cbc-da3d-4d4e-9b31-7b703e983311 | ITER: 8 START
2019-11-24 00:20:29.128 976 RALLYDEBUG rally.task.utils [-] Waiting for resource 'fec0c755-2b14-407a-98e9-db04d2722615'. Status changed: NONE => QUEUED in 0.04159712791442871
2019-11-24 00:20:29.278 979 RALLYDEBUG rally.task.utils [-] Waiting for resource '9fa39388-98fd-4659-89a7-cf91172db26f'. Status changed: NONE => QUEUED in 0.03326296806335449
2019-11-24 00:20:29.336 975 RALLYDEBUG rally.task.utils [-] Waiting for resource '19658043-d71a-4cce-966d-084970819eaa'. Status changed: NONE => QUEUED in 0.03222489356994629
2019-11-24 00:20:29.339 976 RALLYDEBUG rally.task.utils [-] Waiting for resource s_rally_a490270d_79WnF9NN. Status changed: QUEUED => ACTIVE in 0.021361827850341797
2019-11-24 00:20:29.378 976 INFO rally.task.runner [-] Task 26219cbc-da3d-4d4e-9b31-7b703e983311 | ITER: 6 END: OK
2019-11-24 00:20:29.381 976 INFO rally.task.runner [-] Task 26219cbc-da3d-4d4e-9b31-7b703e983311 | ITER: 9 START
2019-11-24 00:20:29.427 977 RALLYDEBUG rally.task.utils [-] Waiting for resource '43b0e8b2-9b37-41c9-8246-fd1d214f192d'. Status changed: NONE => QUEUED in 0.03445935249328613
2019-11-24 00:20:29.490 979 RALLYDEBUG rally.task.utils [-] Waiting for resource s_rally_a490270d_viU28Geq. Status changed: QUEUED => ACTIVE in 0.019105195999145508
2019-11-24 00:20:29.524 979 INFO rally.task.runner [-] Task 26219cbc-da3d-4d4e-9b31-7b703e983311 | ITER: 7 END: OK
2019-11-24 00:20:29.527 979 INFO rally.task.runner [-] Task 26219cbc-da3d-4d4e-9b31-7b703e983311 | ITER: 10 START
2019-11-24 00:20:29.560 975 RALLYDEBUG rally.task.utils [-] Waiting for resource s_rally_a490270d_kT1l8Ck2. Status changed: QUEUED => ACTIVE in 0.01782679557800293
2019-11-24 00:20:29.592 975 INFO rally.task.runner [-] Task 26219cbc-da3d-4d4e-9b31-7b703e983311 | ITER: 8 END: OK
2019-11-24 00:20:29.630 977 RALLYDEBUG rally.task.utils [-] Waiting for resource s_rally_a490270d_1LHl02YM. Status changed: QUEUED => ACTIVE in 0.01905989646911621
2019-11-24 00:20:29.659 977 INFO rally.task.runner [-] Task 26219cbc-da3d-4d4e-9b31-7b703e983311 | ITER: 5 END: OK
2019-11-24 00:20:32.474 976 RALLYDEBUG rally.task.utils [-] Waiting for resource '1b3b8955-2593-495b-b1f6-740914a11edb'. Status changed: NONE => QUEUED in 0.0396723747253418
2019-11-24 00:20:32.720 976 RALLYDEBUG rally.task.utils [-] Waiting for resource s_rally_a490270d_HanX0d59. Status changed: QUEUED => ACTIVE in 0.025563955307006836
2019-11-24 00:20:32.731 979 RALLYDEBUG rally.task.utils [-] Waiting for resource '67dfa922-4b7b-4d6b-9401-8389b2dacb47'. Status changed: NONE => QUEUED in 0.03329586982727051
2019-11-24 00:20:32.758 976 INFO rally.task.runner [-] Task 26219cbc-da3d-4d4e-9b31-7b703e983311 | ITER: 9 END: OK
2019-11-24 00:20:32.943 979 RALLYDEBUG rally.task.utils [-] Waiting for resource s_rally_a490270d_0H6ac5ZY. Status changed: QUEUED => ACTIVE in 0.018804550170898438
2019-11-24 00:20:32.982 979 INFO rally.task.runner [-] Task 26219cbc-da3d-4d4e-9b31-7b703e983311 | ITER: 10 END: OK
2019-11-24 00:20:33.011 727 INFO rally.task.context [-] Task 26219cbc-da3d-4d4e-9b31-7b703e983311 | Context cleanup@openstack cleanup() started
2019-11-24 00:20:33.014 727 RALLYDEBUG rally_openstack.cleanup.manager [-] Cleaning up glance images objects
2019-11-24 00:20:34.504 727 RALLYDEBUG rally_openstack.cleanup.manager [-] Deleting glance.images object s_rally_a490270d_viU28Geq (9fa39388-98fd-4659-89a7-cf91172db26f)
2019-11-24 00:20:34.508 727 RALLYDEBUG rally_openstack.cleanup.manager [-] Deleting glance.images object s_rally_a490270d_1LHl02YM (43b0e8b2-9b37-41c9-8246-fd1d214f192d)
2019-11-24 00:20:34.523 727 RALLYDEBUG rally_openstack.cleanup.manager [-] Deleting glance.images object s_rally_a490270d_Z7OybLqU (f46fdb70-2db6-409c-9ad8-6a1d77a17866)
2019-11-24 00:20:34.531 727 RALLYDEBUG rally_openstack.cleanup.manager [-] Deleting glance.images object s_rally_a490270d_0H6ac5ZY (67dfa922-4b7b-4d6b-9401-8389b2dacb47)
2019-11-24 00:20:34.542 727 RALLYDEBUG rally_openstack.cleanup.manager [-] Deleting glance.images object s_rally_a490270d_HanX0d59 (1b3b8955-2593-495b-b1f6-740914a11edb)
2019-11-24 00:20:34.556 727 RALLYDEBUG rally_openstack.cleanup.manager [-] Deleting glance.images object s_rally_a490270d_79WnF9NN (fec0c755-2b14-407a-98e9-db04d2722615)
2019-11-24 00:20:34.564 727 RALLYDEBUG rally_openstack.cleanup.manager [-] Deleting glance.images object s_rally_a490270d_kT1l8Ck2 (19658043-d71a-4cce-966d-084970819eaa)
2019-11-24 00:20:34.572 727 RALLYDEBUG rally_openstack.cleanup.manager [-] Deleting glance.images object s_rally_a490270d_k4L0g2rw (bae081e1-0e8b-4724-9ca1-8dad1ba8ccfa)
2019-11-24 00:20:34.582 727 RALLYDEBUG rally_openstack.cleanup.manager [-] Deleting glance.images object s_rally_a490270d_318gjrQ9 (87c53f43-72d2-4a36-9ba3-d65fdefb6b93)
2019-11-24 00:20:34.601 727 RALLYDEBUG rally_openstack.cleanup.manager [-] Deleting glance.images object s_rally_a490270d_M9ucRtcO (3906ecaf-a5a1-4114-9c8d-fc34e4c263e4)
2019-11-24 00:20:35.019 727 DEBUG glanceclient.common.http [-] Request returned failure status 404. _handle_response /usr/lib/python3.6/site-packages/glanceclient/common/http.py:125
2019-11-24 00:20:35.038 727 DEBUG glanceclient.common.http [-] Request returned failure status 404. _handle_response /usr/lib/python3.6/site-packages/glanceclient/common/http.py:125
2019-11-24 00:20:35.104 727 DEBUG glanceclient.common.http [-] Request returned failure status 404. _handle_response /usr/lib/python3.6/site-packages/glanceclient/common/http.py:125
2019-11-24 00:20:35.109 727 DEBUG glanceclient.common.http [-] Request returned failure status 404. _handle_response /usr/lib/python3.6/site-packages/glanceclient/common/http.py:125
2019-11-24 00:20:35.123 727 DEBUG glanceclient.common.http [-] Request returned failure status 404. _handle_response /usr/lib/python3.6/site-packages/glanceclient/common/http.py:125
2019-11-24 00:20:35.124 727 DEBUG glanceclient.common.http [-] Request returned failure status 404. _handle_response /usr/lib/python3.6/site-packages/glanceclient/common/http.py:125
2019-11-24 00:20:35.167 727 DEBUG glanceclient.common.http [-] Request returned failure status 404. _handle_response /usr/lib/python3.6/site-packages/glanceclient/common/http.py:125
2019-11-24 00:20:35.172 727 DEBUG glanceclient.common.http [-] Request returned failure status 404. _handle_response /usr/lib/python3.6/site-packages/glanceclient/common/http.py:125
2019-11-24 00:20:35.173 727 DEBUG glanceclient.common.http [-] Request returned failure status 404. _handle_response /usr/lib/python3.6/site-packages/glanceclient/common/http.py:125
2019-11-24 00:20:35.175 727 DEBUG glanceclient.common.http [-] Request returned failure status 404. _handle_response /usr/lib/python3.6/site-packages/glanceclient/common/http.py:125
2019-11-24 00:20:35.179 727 DEBUG glanceclient.common.http [-] Request returned failure status 404. _handle_response /usr/lib/python3.6/site-packages/glanceclient/common/http.py:125
2019-11-24 00:20:35.187 727 DEBUG glanceclient.common.http [-] Request returned failure status 404. _handle_response /usr/lib/python3.6/site-packages/glanceclient/common/http.py:125
2019-11-24 00:20:35.189 727 DEBUG glanceclient.common.http [-] Request returned failure status 404. _handle_response /usr/lib/python3.6/site-packages/glanceclient/common/http.py:125
2019-11-24 00:20:35.194 727 DEBUG glanceclient.common.http [-] Request returned failure status 404. _handle_response /usr/lib/python3.6/site-packages/glanceclient/common/http.py:125
2019-11-24 00:20:35.203 727 DEBUG glanceclient.common.http [-] Request returned failure status 404. _handle_response /usr/lib/python3.6/site-packages/glanceclient/common/http.py:125
2019-11-24 00:20:35.204 727 DEBUG glanceclient.common.http [-] Request returned failure status 404. _handle_response /usr/lib/python3.6/site-packages/glanceclient/common/http.py:125
2019-11-24 00:20:35.208 727 DEBUG glanceclient.common.http [-] Request returned failure status 404. _handle_response /usr/lib/python3.6/site-packages/glanceclient/common/http.py:125
2019-11-24 00:20:35.209 727 DEBUG glanceclient.common.http [-] Request returned failure status 404. _handle_response /usr/lib/python3.6/site-packages/glanceclient/common/http.py:125
2019-11-24 00:20:35.211 727 DEBUG glanceclient.common.http [-] Request returned failure status 404. _handle_response /usr/lib/python3.6/site-packages/glanceclient/common/http.py:125
2019-11-24 00:20:35.216 727 DEBUG glanceclient.common.http [-] Request returned failure status 404. _handle_response /usr/lib/python3.6/site-packages/glanceclient/common/http.py:125
2019-11-24 00:20:36.219 727 INFO rally.task.context [-] Task 26219cbc-da3d-4d4e-9b31-7b703e983311 | Context cleanup@openstack cleanup() finished in 3.21 sec
2019-11-24 00:20:36.219 727 INFO rally.task.context [-] Task 26219cbc-da3d-4d4e-9b31-7b703e983311 | Context users@openstack cleanup() started
2019-11-24 00:20:41.209 727 INFO rally.task.context [-] Task 26219cbc-da3d-4d4e-9b31-7b703e983311 | Context users@openstack cleanup() finished in 4.99 sec
2019-11-24 00:20:42.813 727 INFO rally.task.engine [-] Load duration is: 9.144488
2019-11-24 00:20:42.813 727 INFO rally.task.engine [-] Full runner duration is: 9.88077
2019-11-24 00:20:42.814 727 INFO rally.task.engine [-] Full duration is: 20.52397
2019-11-24 00:20:43.431 727 INFO rally.task.engine [-] Running workload: position = 0 config = { "version": 2, "title": "A cropped version of a bigger task.", "description": "Auto-generated task from a single workload (uuid=1a8a3bfb-ab99-490e-97c9-9b52ca73cc01)", "subtasks": [ { "title": "GlanceImages.list_images", "description": "List all images.", "scenario": { "GlanceImages.list_images": {} }, "contexts": { "users": { "tenants": 3, "users_per_tenant": 2 } }, "runner": { "constant": { "concurrency": 4, "times": 10 } }, "hooks": [], "sla": { "failure_rate": { "max": 0 } } } ] }
2019-11-24 00:20:43.454 727 RALLYDEBUG rally_openstack.contexts.keystone.users [-] Creating 3 tenants using 20 threads
2019-11-24 00:20:44.492 727 RALLYDEBUG rally_openstack.contexts.keystone.users [-] Creating 6 users using 20 threads
2019-11-24 00:20:46.016 727 INFO rally.task.context [-] Task 26219cbc-da3d-4d4e-9b31-7b703e983311 | Context users@openstack setup() finished in 2.56 sec
2019-11-24 00:20:46.025 727 RALLYDEBUG rally.task.runner [-] Starting the constant runner (task UUID: 26219cbc-da3d-4d4e-9b31-7b703e983311). times: 10 concurrency: 4 timeout: 0 max_cpu_used: 16 processes_to_start: 4 concurrency_per_worker: 1 concurrency_overhead: 0
2019-11-24 00:20:46.036 1099 RALLYDEBUG rally.task.runner [-] Starting a worker. times: 10 duration: None concurrency: 1 timeout: 0 cls: method_name: run args: {}
2019-11-24 00:20:46.039 1100 RALLYDEBUG rally.task.runner [-] Starting a worker. times: 10 duration: None concurrency: 1 timeout: 0 cls: method_name: run args: {}
2019-11-24 00:20:46.042 1099 INFO rally.task.runner [-] Task 26219cbc-da3d-4d4e-9b31-7b703e983311 | ITER: 1 START
2019-11-24 00:20:46.043 1101 RALLYDEBUG rally.task.runner [-] Starting a worker. times: 10 duration: None concurrency: 1 timeout: 0 cls: method_name: run args: {}
2019-11-24 00:20:46.045 1100 INFO rally.task.runner [-] Task 26219cbc-da3d-4d4e-9b31-7b703e983311 | ITER: 2 START
2019-11-24 00:20:46.046 1104 RALLYDEBUG rally.task.runner [-] Starting a worker. times: 10 duration: None concurrency: 1 timeout: 0 cls: method_name: run args: {}
2019-11-24 00:20:46.049 1101 INFO rally.task.runner [-] Task 26219cbc-da3d-4d4e-9b31-7b703e983311 | ITER: 3 START
2019-11-24 00:20:46.052 1104 INFO rally.task.runner [-] Task 26219cbc-da3d-4d4e-9b31-7b703e983311 | ITER: 4 START
2019-11-24 00:20:46.918 1104 INFO rally.task.runner [-] Task 26219cbc-da3d-4d4e-9b31-7b703e983311 | ITER: 4 END: OK
2019-11-24 00:20:46.919 1100 INFO rally.task.runner [-] Task 26219cbc-da3d-4d4e-9b31-7b703e983311 | ITER: 2 END: OK
2019-11-24 00:20:46.919 1099 INFO rally.task.runner [-] Task 26219cbc-da3d-4d4e-9b31-7b703e983311 | ITER: 1 END: OK
2019-11-24 00:20:46.923 1104 INFO rally.task.runner [-] Task 26219cbc-da3d-4d4e-9b31-7b703e983311 | ITER: 5 START
2019-11-24 00:20:46.923 1100 INFO rally.task.runner [-] Task 26219cbc-da3d-4d4e-9b31-7b703e983311 | ITER: 6 START
2019-11-24 00:20:46.924 1099 INFO rally.task.runner [-] Task 26219cbc-da3d-4d4e-9b31-7b703e983311 | ITER: 7 START
2019-11-24 00:20:46.937 1101 INFO rally.task.runner [-] Task 26219cbc-da3d-4d4e-9b31-7b703e983311 | ITER: 3 END: OK
2019-11-24 00:20:46.941 1101 INFO rally.task.runner [-] Task 26219cbc-da3d-4d4e-9b31-7b703e983311 | ITER: 8 START
2019-11-24 00:20:47.599 1104 INFO rally.task.runner [-] Task 26219cbc-da3d-4d4e-9b31-7b703e983311 | ITER: 5 END: OK
2019-11-24 00:20:47.600 1099 INFO rally.task.runner [-] Task 26219cbc-da3d-4d4e-9b31-7b703e983311 | ITER: 7 END: OK
2019-11-24 00:20:47.603 1104 INFO rally.task.runner [-] Task 26219cbc-da3d-4d4e-9b31-7b703e983311 | ITER: 9 START
2019-11-24 00:20:47.604 1099 INFO rally.task.runner [-] Task 26219cbc-da3d-4d4e-9b31-7b703e983311 | ITER: 10 START
2019-11-24 00:20:47.615 1101 INFO rally.task.runner [-] Task 26219cbc-da3d-4d4e-9b31-7b703e983311 | ITER: 8 END: OK
2019-11-24 00:20:47.649 1100 INFO rally.task.runner [-] Task 26219cbc-da3d-4d4e-9b31-7b703e983311 | ITER: 6 END: OK
2019-11-24 00:20:48.300 1104 INFO rally.task.runner [-] Task 26219cbc-da3d-4d4e-9b31-7b703e983311 | ITER: 9 END: OK
2019-11-24 00:20:48.304 1099 INFO rally.task.runner [-] Task 26219cbc-da3d-4d4e-9b31-7b703e983311 | ITER: 10 END: OK
2019-11-24 00:20:48.328 727 INFO rally.task.context [-] Task 26219cbc-da3d-4d4e-9b31-7b703e983311 | Context users@openstack cleanup() started
2019-11-24 00:20:53.281 727 INFO rally.task.context [-] Task 26219cbc-da3d-4d4e-9b31-7b703e983311 | Context users@openstack cleanup() finished in 4.95 sec
2019-11-24 00:20:53.545 727 INFO rally.task.engine [-] Load duration is: 1.574739
2019-11-24 00:20:53.545 727 INFO rally.task.engine [-] Full runner duration is: 2.302912
2019-11-24 00:20:53.546 727 INFO rally.task.engine [-] Full duration is: 9.827873
2019-11-24 00:20:54.119 727 INFO rally.task.engine [-] Running workload: position = 0 config = { "version": 2, "title": "A cropped version of a bigger task.", "description": "Auto-generated task from a single workload (uuid=996c1cff-8604-4d44-9705-1ca80b384972)", "subtasks": [ { "title": "GlanceImages.create_image_and_boot_instances", "description": "Create an image and boot several instances from it.", "scenario": { "GlanceImages.create_image_and_boot_instances": { "container_format": "bare", "disk_format": "qcow2", "image_location": "/home/opnfv/functest/images/cirros-0.4.0-x86_64-disk.img", "flavor": { "name": "rally_full-flavor_2f170d48-e02c-4426-87d5-40abf8fe2368" }, "number_instances": 2, "nics": [ { "net-id": "91120f3d-1d14-4af3-8878-32cf1dc2d13f" } ] } }, "contexts": { "users": { "tenants": 3, "users_per_tenant": 2 }, "quotas": { "nova": { "cores": -1, "floating_ips": -1, "instances": -1, "ram": -1, "security_group_rules": -1, "security_groups": -1 } } }, "runner": { "constant": { "concurrency": 4, "times": 10 } }, "hooks": [], "sla": { "failure_rate": { "max": 0 } } } ] }
2019-11-24 00:20:54.146 727 RALLYDEBUG rally_openstack.contexts.keystone.users [-] Creating 3 tenants using 20 threads
2019-11-24 00:20:55.167 727 RALLYDEBUG rally_openstack.contexts.keystone.users [-] Creating 6 users using 20 threads
2019-11-24 00:20:56.667 727 INFO rally.task.context [-] Task 26219cbc-da3d-4d4e-9b31-7b703e983311 | Context users@openstack setup() finished in 2.52 sec
2019-11-24 00:20:57.756 727 INFO rally.task.context [-] Task 26219cbc-da3d-4d4e-9b31-7b703e983311 | Context quotas@openstack setup() finished in 1.09 sec
2019-11-24 00:20:57.756 727 INFO rally.task.context [-] Task 26219cbc-da3d-4d4e-9b31-7b703e983311 | Context cleanup@openstack setup() finished in 0.05 msec
2019-11-24 00:20:58.235 727 RALLYDEBUG rally.task.runner [-] Starting the constant runner (task UUID: 26219cbc-da3d-4d4e-9b31-7b703e983311). times: 10 concurrency: 4 timeout: 0 max_cpu_used: 16 processes_to_start: 4 concurrency_per_worker: 1 concurrency_overhead: 0
2019-11-24 00:20:58.247 1203 RALLYDEBUG rally.task.runner [-] Starting a worker. times: 10 duration: None concurrency: 1 timeout: 0 cls: method_name: run args: {"container_format": "bare", "disk_format": "qcow2", "image_location": "/home/opnfv/functest/images/cirros-0.4.0-x86_64-disk.img", "flavor": "b21a361e-46d7-4d11-b324-6e9761bcee23", "number_instances": 2, "nics": [{"net-id": "91120f3d-1d14-4af3-8878-32cf1dc2d13f"}]}
2019-11-24 00:20:58.251 1204 RALLYDEBUG rally.task.runner [-] Starting a worker. times: 10 duration: None concurrency: 1 timeout: 0 cls: method_name: run args: {"container_format": "bare", "disk_format": "qcow2", "image_location": "/home/opnfv/functest/images/cirros-0.4.0-x86_64-disk.img", "flavor": "b21a361e-46d7-4d11-b324-6e9761bcee23", "number_instances": 2, "nics": [{"net-id": "91120f3d-1d14-4af3-8878-32cf1dc2d13f"}]}
2019-11-24 00:20:58.254 1203 INFO rally.task.runner [-] Task 26219cbc-da3d-4d4e-9b31-7b703e983311 | ITER: 1 START
2019-11-24 00:20:58.254 1205 RALLYDEBUG rally.task.runner [-] Starting a worker. times: 10 duration: None concurrency: 1 timeout: 0 cls: method_name: run args: {"container_format": "bare", "disk_format": "qcow2", "image_location": "/home/opnfv/functest/images/cirros-0.4.0-x86_64-disk.img", "flavor": "b21a361e-46d7-4d11-b324-6e9761bcee23", "number_instances": 2, "nics": [{"net-id": "91120f3d-1d14-4af3-8878-32cf1dc2d13f"}]}
2019-11-24 00:20:58.258 1204 INFO rally.task.runner [-] Task 26219cbc-da3d-4d4e-9b31-7b703e983311 | ITER: 2 START
2019-11-24 00:20:58.259 1208 RALLYDEBUG rally.task.runner [-] Starting a worker. times: 10 duration: None concurrency: 1 timeout: 0 cls: method_name: run args: {"container_format": "bare", "disk_format": "qcow2", "image_location": "/home/opnfv/functest/images/cirros-0.4.0-x86_64-disk.img", "flavor": "b21a361e-46d7-4d11-b324-6e9761bcee23", "number_instances": 2, "nics": [{"net-id": "91120f3d-1d14-4af3-8878-32cf1dc2d13f"}]}
2019-11-24 00:20:58.261 1205 INFO rally.task.runner [-] Task 26219cbc-da3d-4d4e-9b31-7b703e983311 | ITER: 3 START
2019-11-24 00:20:58.266 1208 INFO rally.task.runner [-] Task 26219cbc-da3d-4d4e-9b31-7b703e983311 | ITER: 4 START
2019-11-24 00:20:58.958 1205 WARNING rally_openstack.scenarios.glance.images [-] 'kwargs' is deprecated in Rally v0.8.0: Use 'boot_server_kwargs' for additional parameters when booting servers.
2019-11-24 00:20:58.958 1203 WARNING rally_openstack.scenarios.glance.images [-] 'kwargs' is deprecated in Rally v0.8.0: Use 'boot_server_kwargs' for additional parameters when booting servers.
2019-11-24 00:20:58.960 1208 WARNING rally_openstack.scenarios.glance.images [-] 'kwargs' is deprecated in Rally v0.8.0: Use 'boot_server_kwargs' for additional parameters when booting servers.
2019-11-24 00:20:58.967 1204 WARNING rally_openstack.scenarios.glance.images [-] 'kwargs' is deprecated in Rally v0.8.0: Use 'boot_server_kwargs' for additional parameters when booting servers.
2019-11-24 00:21:01.198 1203 RALLYDEBUG rally.task.utils [-] Waiting for resource '0301a83b-4286-49d9-accd-6d2fdc4304fe'. Status changed: NONE => QUEUED in 0.040363311767578125
2019-11-24 00:21:01.209 1208 RALLYDEBUG rally.task.utils [-] Waiting for resource 'b38c2a68-7758-44fa-bbae-689f9f3c0640'. Status changed: NONE => QUEUED in 0.039159536361694336
2019-11-24 00:21:01.409 1203 RALLYDEBUG rally.task.utils [-] Waiting for resource s_rally_996c1cff_DyvkV5It. Status changed: QUEUED => ACTIVE in 0.021082401275634766
2019-11-24 00:21:01.434 1208 RALLYDEBUG rally.task.utils [-] Waiting for resource s_rally_996c1cff_MIuUDERk. Status changed: QUEUED => ACTIVE in 0.018970966339111328
2019-11-24 00:21:01.440 1204 RALLYDEBUG rally.task.utils [-] Waiting for resource 'd10d4550-28f5-480d-92bb-892991cb8056'. Status changed: NONE => QUEUED in 0.03106236457824707
2019-11-24 00:21:01.451 1205 RALLYDEBUG rally.task.utils [-] Waiting for resource 'fe376c90-1a9b-4a58-96b1-9229eeab2dc0'. Status changed: NONE => QUEUED in 0.02952742576599121
2019-11-24 00:21:01.641 1205 RALLYDEBUG rally.task.utils [-] Waiting for resource s_rally_996c1cff_7SoBjnsy. Status changed: QUEUED => ACTIVE in 0.016393661499023438
2019-11-24 00:21:01.643 1204 RALLYDEBUG rally.task.utils [-] Waiting for resource s_rally_996c1cff_woJWtSaw. Status changed: QUEUED => ACTIVE in 0.017742395401000977
2019-11-24 00:21:12.058 1205 RALLYDEBUG rally.task.utils [-] Waiting for resource s_rally_996c1cff_KaQKmNDg_1. Status changed: BUILD => ACTIVE in 6.895232439041138
2019-11-24 00:21:12.194 1205 RALLYDEBUG rally.task.utils [-] Waiting for resource s_rally_996c1cff_KaQKmNDg_0. Status changed: BUILD => ACTIVE in 0.1355130672454834
2019-11-24 00:21:12.195 1205 INFO rally.task.runner [-] Task 26219cbc-da3d-4d4e-9b31-7b703e983311 | ITER: 3 END: OK
2019-11-24 00:21:12.199 1205 INFO rally.task.runner [-] Task 26219cbc-da3d-4d4e-9b31-7b703e983311 | ITER: 5 START
2019-11-24 00:21:12.793 1205 WARNING rally_openstack.scenarios.glance.images [-] 'kwargs' is deprecated in Rally v0.8.0: Use 'boot_server_kwargs' for additional parameters when booting servers.
2019-11-24 00:21:13.615 1203 RALLYDEBUG rally.task.utils [-] Waiting for resource s_rally_996c1cff_rh2WZOke_1. Status changed: BUILD => ACTIVE in 9.020620107650757
2019-11-24 00:21:13.823 1203 RALLYDEBUG rally.task.utils [-] Waiting for resource s_rally_996c1cff_rh2WZOke_0. Status changed: BUILD => ACTIVE in 0.2078092098236084
2019-11-24 00:21:13.824 1203 INFO rally.task.runner [-] Task 26219cbc-da3d-4d4e-9b31-7b703e983311 | ITER: 1 END: OK
2019-11-24 00:21:13.829 1203 INFO rally.task.runner [-] Task 26219cbc-da3d-4d4e-9b31-7b703e983311 | ITER: 6 START
2019-11-24 00:21:13.862 1208 RALLYDEBUG rally.task.utils [-] Waiting for resource s_rally_996c1cff_whnCu2IM_1. Status changed: BUILD => ACTIVE in 9.023694515228271
2019-11-24 00:21:13.970 1204 RALLYDEBUG rally.task.utils [-] Waiting for resource s_rally_996c1cff_SfJg14MM_1. Status changed: BUILD => ACTIVE in 8.92023777961731
2019-11-24 00:21:14.051 1208 RALLYDEBUG rally.task.utils [-] Waiting for resource s_rally_996c1cff_whnCu2IM_0. Status changed: BUILD => ACTIVE in 0.18846940994262695
2019-11-24 00:21:14.052 1208 INFO rally.task.runner [-] Task 26219cbc-da3d-4d4e-9b31-7b703e983311 | ITER: 4 END: OK
2019-11-24 00:21:14.056 1208 INFO rally.task.runner [-] Task 26219cbc-da3d-4d4e-9b31-7b703e983311 | ITER: 7 START
2019-11-24 00:21:14.149 1204 RALLYDEBUG rally.task.utils [-] Waiting for resource s_rally_996c1cff_SfJg14MM_0. Status changed: BUILD => ACTIVE in 0.1780378818511963
2019-11-24 00:21:14.149 1204 INFO rally.task.runner [-] Task 26219cbc-da3d-4d4e-9b31-7b703e983311 | ITER: 2 END: OK
2019-11-24 00:21:14.153 1204 INFO rally.task.runner [-] Task 26219cbc-da3d-4d4e-9b31-7b703e983311 | ITER: 8 START
2019-11-24 00:21:14.434 1203 WARNING rally_openstack.scenarios.glance.images [-] 'kwargs' is deprecated in Rally v0.8.0: Use 'boot_server_kwargs' for additional parameters when booting servers.
2019-11-24 00:21:14.742 1208 WARNING rally_openstack.scenarios.glance.images [-] 'kwargs' is deprecated in Rally v0.8.0: Use 'boot_server_kwargs' for additional parameters when booting servers.
2019-11-24 00:21:14.749 1204 WARNING rally_openstack.scenarios.glance.images [-] 'kwargs' is deprecated in Rally v0.8.0: Use 'boot_server_kwargs' for additional parameters when booting servers.
2019-11-24 00:21:14.970 1205 RALLYDEBUG rally.task.utils [-] Waiting for resource '05d4a6c8-fe50-46ae-9d94-1f7b11db1f2c'. Status changed: NONE => QUEUED in 0.03242349624633789
2019-11-24 00:21:15.183 1205 RALLYDEBUG rally.task.utils [-] Waiting for resource s_rally_996c1cff_haIPUpGu. Status changed: QUEUED => ACTIVE in 0.022399187088012695
2019-11-24 00:21:16.605 1203 RALLYDEBUG rally.task.utils [-] Waiting for resource '167c7393-c234-4f05-8672-2273efe6762d'. Status changed: NONE => QUEUED in 0.0354311466217041
2019-11-24 00:21:16.893 1203 RALLYDEBUG rally.task.utils [-] Waiting for resource s_rally_996c1cff_9107ggDb. Status changed: QUEUED => ACTIVE in 0.015682697296142578
2019-11-24 00:21:16.913 1208 RALLYDEBUG rally.task.utils [-] Waiting for resource '43e07e18-8fce-470e-8ac1-b210284b4f96'. Status changed: NONE => QUEUED in 0.028463363647460938
2019-11-24 00:21:16.927 1204 RALLYDEBUG rally.task.utils [-] Waiting for resource '98fd7d62-ce4c-420b-bf54-0fc29e1a0717'. Status changed: NONE => QUEUED in 0.03295564651489258
2019-11-24 00:21:17.234 1208 RALLYDEBUG rally.task.utils [-] Waiting for resource s_rally_996c1cff_aIHP4DAo. Status changed: QUEUED => ACTIVE in 0.019002437591552734
2019-11-24 00:21:17.278 1204 RALLYDEBUG rally.task.utils [-] Waiting for resource s_rally_996c1cff_kSktteOX. Status changed: QUEUED => ACTIVE in 0.01702570915222168
2019-11-24 00:21:28.799 1203 RALLYDEBUG rally.task.utils [-] Waiting for resource s_rally_996c1cff_STrOgQW2_1. Status changed: BUILD => ACTIVE in 9.002021551132202
2019-11-24 00:21:31.254 1208 RALLYDEBUG rally.task.utils [-] Waiting for resource s_rally_996c1cff_MiVkdiA4_1. Status changed: BUILD => ACTIVE in 11.268433094024658
2019-11-24 00:21:31.387 1208 RALLYDEBUG rally.task.utils [-] Waiting for resource s_rally_996c1cff_MiVkdiA4_0. Status changed: BUILD => ACTIVE in 0.13213062286376953
2019-11-24 00:21:31.388 1208 INFO rally.task.runner [-] Task 26219cbc-da3d-4d4e-9b31-7b703e983311 | ITER: 7 END: OK
2019-11-24 00:21:31.393 1208 INFO rally.task.runner [-] Task 26219cbc-da3d-4d4e-9b31-7b703e983311 | ITER: 9 START
2019-11-24 00:21:32.007 1208 WARNING rally_openstack.scenarios.glance.images [-] 'kwargs' is deprecated in Rally v0.8.0: Use 'boot_server_kwargs' for additional parameters when booting servers.
2019-11-24 00:21:32.191 1205 RALLYDEBUG rally.task.utils [-] Waiting for resource s_rally_996c1cff_P0GWLjY9_1. Status changed: BUILD => ACTIVE in 13.283683776855469
2019-11-24 00:21:32.347 1205 RALLYDEBUG rally.task.utils [-] Waiting for resource s_rally_996c1cff_P0GWLjY9_0. Status changed: BUILD => ACTIVE in 0.1555025577545166
2019-11-24 00:21:32.348 1205 INFO rally.task.runner [-] Task 26219cbc-da3d-4d4e-9b31-7b703e983311 | ITER: 5 END: OK
2019-11-24 00:21:32.352 1205 INFO rally.task.runner [-] Task 26219cbc-da3d-4d4e-9b31-7b703e983311 | ITER: 10 START
2019-11-24 00:21:32.963 1205 WARNING rally_openstack.scenarios.glance.images [-] 'kwargs' is deprecated in Rally v0.8.0: Use 'boot_server_kwargs' for additional parameters when booting servers.
2019-11-24 00:21:33.694 1203 RALLYDEBUG rally.task.utils [-] Waiting for resource s_rally_996c1cff_STrOgQW2_0. Status changed: BUILD => ACTIVE in 4.893948316574097
2019-11-24 00:21:33.695 1203 INFO rally.task.runner [-] Task 26219cbc-da3d-4d4e-9b31-7b703e983311 | ITER: 6 END: OK
2019-11-24 00:21:33.733 1204 RALLYDEBUG rally.task.utils [-] Waiting for resource s_rally_996c1cff_jkYkm8ca_1. Status changed: BUILD => ACTIVE in 13.256898880004883
2019-11-24 00:21:33.956 1204 RALLYDEBUG rally.task.utils [-] Waiting for resource s_rally_996c1cff_jkYkm8ca_0. Status changed: BUILD => ACTIVE in 0.22146034240722656
2019-11-24 00:21:33.957 1204 INFO rally.task.runner [-] Task 26219cbc-da3d-4d4e-9b31-7b703e983311 | ITER: 8 END: OK
2019-11-24 00:21:34.179 1208 RALLYDEBUG rally.task.utils [-] Waiting for resource '17228abf-6088-40ac-979d-27350649fb88'. Status changed: NONE => QUEUED in 0.03558778762817383
2019-11-24 00:21:34.509 1208 RALLYDEBUG rally.task.utils [-] Waiting for resource s_rally_996c1cff_eiGUYiC8. Status changed: QUEUED => ACTIVE in 0.020298004150390625
2019-11-24 00:21:35.138 1205 RALLYDEBUG rally.task.utils [-] Waiting for resource 'c5163937-4082-466d-9b1b-2eab9ccd1ada'. Status changed: NONE => QUEUED in 0.029682397842407227
2019-11-24 00:21:36.314 1205 RALLYDEBUG rally.task.utils [-] Waiting for resource s_rally_996c1cff_jcOCIejQ. Status changed: QUEUED => ACTIVE in 0.015715837478637695
2019-11-24 00:21:48.906 1208 RALLYDEBUG rally.task.utils [-] Waiting for resource s_rally_996c1cff_hCCuDtIZ_1. Status changed: BUILD => ACTIVE in 11.016386032104492
2019-11-24 00:21:49.113 1208 RALLYDEBUG rally.task.utils [-] Waiting for resource s_rally_996c1cff_hCCuDtIZ_0. Status changed: BUILD => ACTIVE in 0.2054290771484375
2019-11-24 00:21:49.114 1208 INFO rally.task.runner [-] Task 26219cbc-da3d-4d4e-9b31-7b703e983311 | ITER: 9 END: OK
2019-11-24 00:21:50.325 1205 RALLYDEBUG rally.task.utils [-] Waiting for resource s_rally_996c1cff_ilm91wgE_1. Status changed: BUILD => ACTIVE in 11.179666757583618
2019-11-24 00:21:52.647 1205 RALLYDEBUG rally.task.utils [-] Waiting for resource s_rally_996c1cff_ilm91wgE_0. Status changed: BUILD => ACTIVE in 2.3208138942718506
2019-11-24 00:21:52.648 1205 INFO rally.task.runner [-] Task 26219cbc-da3d-4d4e-9b31-7b703e983311 | ITER: 10 END: OK
2019-11-24 00:21:52.674 727 INFO rally.task.context [-] Task 26219cbc-da3d-4d4e-9b31-7b703e983311 | Context cleanup@openstack cleanup() started
2019-11-24 00:21:52.678 727 RALLYDEBUG rally_openstack.cleanup.manager [-] Cleaning up nova servers objects
2019-11-24 00:21:55.058 727 RALLYDEBUG rally_openstack.cleanup.manager [-] Deleting nova.servers object s_rally_996c1cff_ilm91wgE_1 (72c7761d-d7db-4372-969b-8497b198a457)
2019-11-24 00:21:55.062 727 RALLYDEBUG rally_openstack.cleanup.manager [-] Deleting nova.servers object s_rally_996c1cff_ilm91wgE_0 (44fe4159-75b5-4673-b5a2-229ecf746d58)
2019-11-24 00:21:55.071 727 RALLYDEBUG rally_openstack.cleanup.manager [-] Deleting nova.servers object s_rally_996c1cff_jkYkm8ca_1 (f0e9f1b0-4fee-42d1-b8db-271390fbbaac)
2019-11-24 00:21:55.085 727 RALLYDEBUG rally_openstack.cleanup.manager [-] Deleting nova.servers object s_rally_996c1cff_STrOgQW2_1 (84b023e1-d9e1-4d40-82b4-de5f92fd29bc)
2019-11-24 00:21:55.095 727 RALLYDEBUG rally_openstack.cleanup.manager [-] Deleting nova.servers object s_rally_996c1cff_jkYkm8ca_0 (172e542a-3449-4e3b-975a-1673d0dc8ee1)
2019-11-24 00:21:55.099 727 RALLYDEBUG rally_openstack.cleanup.manager [-] Deleting nova.servers object s_rally_996c1cff_STrOgQW2_0 (9b4712d4-8dca-463b-ac83-6306015b4198)
2019-11-24 00:21:55.108 727 RALLYDEBUG rally_openstack.cleanup.manager [-] Deleting nova.servers object s_rally_996c1cff_whnCu2IM_1 (8da8bdba-dacf-4b32-b293-5856feb18a7a)
2019-11-24 00:21:55.134 727 RALLYDEBUG rally_openstack.cleanup.manager [-] Deleting nova.servers object s_rally_996c1cff_KaQKmNDg_1 (8e00f529-1e0f-49ae-9208-1a450a699fa4)
2019-11-24 00:21:55.143 727 RALLYDEBUG rally_openstack.cleanup.manager [-] Deleting nova.servers object s_rally_996c1cff_whnCu2IM_0 (4ecb2154-5e67-4258-8399-d90bbbaa65fd)
2019-11-24 00:21:55.168 727 RALLYDEBUG rally_openstack.cleanup.manager [-] Deleting nova.servers object s_rally_996c1cff_KaQKmNDg_0 (ce6894f7-7f40-4f42-9f85-7605dd2c0779)
2019-11-24 00:21:55.181 727 RALLYDEBUG rally_openstack.cleanup.manager [-] Deleting nova.servers object s_rally_996c1cff_P0GWLjY9_1 (360954a9-22b9-408d-acf4-78cacfd5cc26)
2019-11-24 00:21:55.199 727 RALLYDEBUG rally_openstack.cleanup.manager [-] Deleting nova.servers object s_rally_996c1cff_P0GWLjY9_0 (3dcdef1f-643c-4a27-af5f-69f5235102ff)
2019-11-24 00:21:55.212 727 RALLYDEBUG rally_openstack.cleanup.manager [-] Deleting nova.servers object s_rally_996c1cff_rh2WZOke_1 (e21dd2d1-1187-4487-a165-9e828f89309b)
2019-11-24 00:21:55.216 727 RALLYDEBUG rally_openstack.cleanup.manager [-] Deleting nova.servers object s_rally_996c1cff_SfJg14MM_1 (e7048cb2-58f9-450d-af50-5f33b5a72a61)
2019-11-24 00:21:55.224 727 RALLYDEBUG rally_openstack.cleanup.manager [-] Deleting nova.servers object s_rally_996c1cff_SfJg14MM_0 (347a7a9b-1939-4acf-a58a-f70608f53d4f)
2019-11-24 00:21:55.236 727 RALLYDEBUG rally_openstack.cleanup.manager [-] Deleting nova.servers object s_rally_996c1cff_rh2WZOke_0 (39e692ee-63af-4b4b-bc22-58a1f38e4154)
2019-11-24 00:21:55.241 727 RALLYDEBUG rally_openstack.cleanup.manager [-] Deleting nova.servers object s_rally_996c1cff_hCCuDtIZ_1 (15c9c2f2-b224-4312-9018-b23c395d47fb)
2019-11-24 00:21:55.250 727 RALLYDEBUG rally_openstack.cleanup.manager [-] Deleting nova.servers object s_rally_996c1cff_hCCuDtIZ_0 (593f2ec8-9315-4d0f-9910-6d05006c3341)
2019-11-24 00:21:55.267 727 RALLYDEBUG rally_openstack.cleanup.manager [-] Deleting nova.servers object s_rally_996c1cff_MiVkdiA4_0 (5321a4c2-5d58-4ca7-bae9-9b27b3d55ee8)
2019-11-24 00:21:55.272 727 RALLYDEBUG rally_openstack.cleanup.manager [-] Deleting nova.servers object s_rally_996c1cff_MiVkdiA4_1 (78b8e368-efb5-4dd7-962c-559a5bdaf1f2)
2019-11-24 00:22:04.792 727 RALLYDEBUG rally_openstack.cleanup.manager [-] Cleaning up nova server_groups objects
2019-11-24 00:22:05.920 727 RALLYDEBUG rally_openstack.cleanup.manager [-] Cleaning up nova keypairs objects
2019-11-24 00:22:08.450 727 RALLYDEBUG rally_openstack.cleanup.manager [-] Cleaning up glance images objects
2019-11-24 00:22:09.787 727 RALLYDEBUG rally_openstack.cleanup.manager [-] Deleting glance.images object s_rally_996c1cff_jcOCIejQ (c5163937-4082-466d-9b1b-2eab9ccd1ada)
2019-11-24 00:22:09.797 727 RALLYDEBUG rally_openstack.cleanup.manager [-] Deleting glance.images object s_rally_996c1cff_kSktteOX (98fd7d62-ce4c-420b-bf54-0fc29e1a0717)
2019-11-24 00:22:09.806 727 RALLYDEBUG rally_openstack.cleanup.manager [-] Deleting glance.images object s_rally_996c1cff_9107ggDb (167c7393-c234-4f05-8672-2273efe6762d)
2019-11-24 00:22:09.815 727 RALLYDEBUG rally_openstack.cleanup.manager [-] Deleting glance.images object s_rally_996c1cff_7SoBjnsy (fe376c90-1a9b-4a58-96b1-9229eeab2dc0)
2019-11-24 00:22:09.824 727 RALLYDEBUG rally_openstack.cleanup.manager [-] Deleting glance.images object s_rally_996c1cff_MIuUDERk (b38c2a68-7758-44fa-bbae-689f9f3c0640)
2019-11-24 00:22:09.832 727 RALLYDEBUG rally_openstack.cleanup.manager [-] Deleting glance.images object s_rally_996c1cff_haIPUpGu (05d4a6c8-fe50-46ae-9d94-1f7b11db1f2c)
2019-11-24 00:22:09.845 727 RALLYDEBUG rally_openstack.cleanup.manager [-] Deleting glance.images object s_rally_996c1cff_woJWtSaw (d10d4550-28f5-480d-92bb-892991cb8056)
2019-11-24 00:22:09.854 727 RALLYDEBUG rally_openstack.cleanup.manager [-] Deleting glance.images object s_rally_996c1cff_DyvkV5It (0301a83b-4286-49d9-accd-6d2fdc4304fe)
2019-11-24 00:22:09.879 727 RALLYDEBUG rally_openstack.cleanup.manager [-] Deleting glance.images object s_rally_996c1cff_eiGUYiC8 (17228abf-6088-40ac-979d-27350649fb88)
2019-11-24 00:22:09.891 727 RALLYDEBUG rally_openstack.cleanup.manager [-] Deleting glance.images object s_rally_996c1cff_aIHP4DAo (43e07e18-8fce-470e-8ac1-b210284b4f96)
2019-11-24 00:22:10.307 727 DEBUG glanceclient.common.http [-] Request returned failure status 404. _handle_response /usr/lib/python3.6/site-packages/glanceclient/common/http.py:125
2019-11-24 00:22:10.315 727 DEBUG glanceclient.common.http [-] Request returned failure status 404. _handle_response /usr/lib/python3.6/site-packages/glanceclient/common/http.py:125
2019-11-24 00:22:10.321 727 DEBUG glanceclient.common.http [-] Request returned failure status 404. _handle_response /usr/lib/python3.6/site-packages/glanceclient/common/http.py:125
2019-11-24 00:22:10.332 727 DEBUG glanceclient.common.http [-] Request returned failure status 404. _handle_response /usr/lib/python3.6/site-packages/glanceclient/common/http.py:125
2019-11-24 00:22:10.418 727 DEBUG glanceclient.common.http [-] Request returned failure status 404. _handle_response /usr/lib/python3.6/site-packages/glanceclient/common/http.py:125
2019-11-24 00:22:10.434 727 DEBUG glanceclient.common.http [-] Request returned failure status 404. _handle_response /usr/lib/python3.6/site-packages/glanceclient/common/http.py:125
2019-11-24 00:22:10.437 727 DEBUG glanceclient.common.http [-] Request returned failure status 404. _handle_response /usr/lib/python3.6/site-packages/glanceclient/common/http.py:125
2019-11-24 00:22:10.444 727 DEBUG glanceclient.common.http [-] Request returned failure status 404. _handle_response /usr/lib/python3.6/site-packages/glanceclient/common/http.py:125
2019-11-24 00:22:10.445 727 DEBUG glanceclient.common.http [-] Request returned failure status 404. _handle_response /usr/lib/python3.6/site-packages/glanceclient/common/http.py:125
2019-11-24 00:22:10.455 727 DEBUG glanceclient.common.http [-] Request returned failure status 404. _handle_response /usr/lib/python3.6/site-packages/glanceclient/common/http.py:125
2019-11-24 00:22:10.468 727 DEBUG glanceclient.common.http [-] Request returned failure status 404. _handle_response /usr/lib/python3.6/site-packages/glanceclient/common/http.py:125
2019-11-24 00:22:10.476 727 DEBUG glanceclient.common.http [-] Request returned failure status 404. _handle_response /usr/lib/python3.6/site-packages/glanceclient/common/http.py:125
2019-11-24 00:22:10.481 727 DEBUG glanceclient.common.http [-] Request returned failure status 404. _handle_response /usr/lib/python3.6/site-packages/glanceclient/common/http.py:125
2019-11-24 00:22:10.486 727 DEBUG glanceclient.common.http [-] Request returned failure status 404. _handle_response /usr/lib/python3.6/site-packages/glanceclient/common/http.py:125
2019-11-24 00:22:10.487 727 DEBUG glanceclient.common.http [-] Request returned failure status 404. _handle_response /usr/lib/python3.6/site-packages/glanceclient/common/http.py:125
2019-11-24 00:22:10.489 727 DEBUG glanceclient.common.http [-] Request returned failure status 404. _handle_response /usr/lib/python3.6/site-packages/glanceclient/common/http.py:125
2019-11-24 00:22:10.490 727 DEBUG glanceclient.common.http [-] Request returned failure status 404. _handle_response /usr/lib/python3.6/site-packages/glanceclient/common/http.py:125
2019-11-24 00:22:10.491 727 DEBUG glanceclient.common.http [-] Request returned failure status 404. _handle_response /usr/lib/python3.6/site-packages/glanceclient/common/http.py:125
2019-11-24 00:22:10.499 727 DEBUG glanceclient.common.http [-] Request returned failure status 404. _handle_response /usr/lib/python3.6/site-packages/glanceclient/common/http.py:125
2019-11-24 00:22:10.504 727 DEBUG glanceclient.common.http [-] Request returned failure status 404. _handle_response /usr/lib/python3.6/site-packages/glanceclient/common/http.py:125
2019-11-24 00:22:11.507 727 INFO rally.task.context [-] Task 26219cbc-da3d-4d4e-9b31-7b703e983311 | Context cleanup@openstack cleanup() finished in 18.83 sec
2019-11-24 00:22:11.507 727 INFO rally.task.context [-] Task 26219cbc-da3d-4d4e-9b31-7b703e983311 | Context quotas@openstack cleanup() started
2019-11-24 00:22:11.570 727 INFO rally.task.context [-] Task 26219cbc-da3d-4d4e-9b31-7b703e983311 | Context quotas@openstack cleanup() finished in 62.43 msec
2019-11-24 00:22:11.570 727 INFO rally.task.context [-] Task 26219cbc-da3d-4d4e-9b31-7b703e983311 | Context users@openstack cleanup() started
2019-11-24 00:22:15.600 727 INFO rally.task.context [-] Task 26219cbc-da3d-4d4e-9b31-7b703e983311 | Context users@openstack cleanup() finished in 4.03 sec
2019-11-24 00:22:16.595 727 INFO rally.task.engine [-] Load duration is: 52.689632
2019-11-24 00:22:16.596 727 INFO rally.task.engine [-] Full runner duration is: 54.43978
2019-11-24 00:22:16.596 727 INFO rally.task.engine [-] Full duration is: 81.45633
2019-11-24 00:22:17.306 727 INFO rally.task.engine [-] Running workload: position = 0 config = { "version": 2, "title": "A cropped version of a bigger task.", "description": "Auto-generated task from a single workload (uuid=1c252552-74ab-4a8e-b432-5ee7365aaa3a)", "subtasks": [ { "title": "GlanceImages.create_and_deactivate_image", "description": "Create an image, then deactivate it.", "scenario": { "GlanceImages.create_and_deactivate_image": { "container_format": "bare", "disk_format": "qcow2", "image_location": "/home/opnfv/functest/images/cirros-0.4.0-x86_64-disk.img" } }, "contexts": { "users": { "tenants": 3, "users_per_tenant": 2 } }, "runner": { "constant": { "concurrency": 4, "times": 10 } }, "hooks": [], "sla": { "failure_rate": { "max": 0 } } } ] }
2019-11-24 00:22:17.331 727 RALLYDEBUG rally_openstack.contexts.keystone.users [-] Creating 3 tenants using 20 threads
2019-11-24 00:22:18.385 727 RALLYDEBUG rally_openstack.contexts.keystone.users [-] Creating 6 users using 20 threads
2019-11-24 00:22:19.930 727 INFO rally.task.context [-] Task 26219cbc-da3d-4d4e-9b31-7b703e983311 | Context users@openstack setup() finished in 2.60 sec
2019-11-24 00:22:19.931 727 INFO rally.task.context [-] Task 26219cbc-da3d-4d4e-9b31-7b703e983311 | Context cleanup@openstack setup() finished in 0.01 msec
2019-11-24 00:22:19.941 727 RALLYDEBUG rally.task.runner [-] Starting the constant runner (task UUID: 26219cbc-da3d-4d4e-9b31-7b703e983311). times: 10 concurrency: 4 timeout: 0 max_cpu_used: 16 processes_to_start: 4 concurrency_per_worker: 1 concurrency_overhead: 0
2019-11-24 00:22:19.953 1387 RALLYDEBUG rally.task.runner [-] Starting a worker. times: 10 duration: None concurrency: 1 timeout: 0 cls: method_name: run args: {"container_format": "bare", "disk_format": "qcow2", "image_location": "/home/opnfv/functest/images/cirros-0.4.0-x86_64-disk.img"}
2019-11-24 00:22:19.956 1388 RALLYDEBUG rally.task.runner [-] Starting a worker. times: 10 duration: None concurrency: 1 timeout: 0 cls: method_name: run args: {"container_format": "bare", "disk_format": "qcow2", "image_location": "/home/opnfv/functest/images/cirros-0.4.0-x86_64-disk.img"}
2019-11-24 00:22:19.960 1387 INFO rally.task.runner [-] Task 26219cbc-da3d-4d4e-9b31-7b703e983311 | ITER: 1 START
2019-11-24 00:22:19.960 1389 RALLYDEBUG rally.task.runner [-] Starting a worker. times: 10 duration: None concurrency: 1 timeout: 0 cls: method_name: run args: {"container_format": "bare", "disk_format": "qcow2", "image_location": "/home/opnfv/functest/images/cirros-0.4.0-x86_64-disk.img"}
2019-11-24 00:22:19.963 1388 INFO rally.task.runner [-] Task 26219cbc-da3d-4d4e-9b31-7b703e983311 | ITER: 2 START
2019-11-24 00:22:19.963 1391 RALLYDEBUG rally.task.runner [-] Starting a worker. times: 10 duration: None concurrency: 1 timeout: 0 cls: method_name: run args: {"container_format": "bare", "disk_format": "qcow2", "image_location": "/home/opnfv/functest/images/cirros-0.4.0-x86_64-disk.img"}
2019-11-24 00:22:19.967 1389 INFO rally.task.runner [-] Task 26219cbc-da3d-4d4e-9b31-7b703e983311 | ITER: 3 START
2019-11-24 00:22:19.969 1391 INFO rally.task.runner [-] Task 26219cbc-da3d-4d4e-9b31-7b703e983311 | ITER: 4 START
2019-11-24 00:22:22.893 1388 RALLYDEBUG rally.task.utils [-] Waiting for resource '0531da43-e06b-4cbd-91dc-e24bc428aa6b'. Status changed: NONE => QUEUED in 0.03744077682495117
2019-11-24 00:22:22.895 1391 RALLYDEBUG rally.task.utils [-] Waiting for resource 'd3cee7e0-369e-4ff0-94a9-626735b697b1'. Status changed: NONE => QUEUED in 0.04100322723388672
2019-11-24 00:22:22.903 1389 RALLYDEBUG rally.task.utils [-] Waiting for resource '50d7d72a-b051-4266-b087-b6056193a964'. Status changed: NONE => QUEUED in 0.039347171783447266
2019-11-24 00:22:22.903 1387 RALLYDEBUG rally.task.utils [-] Waiting for resource '14724b1d-0d01-497a-815f-c06afa12a04d'. Status changed: NONE => QUEUED in 0.041808366775512695
2019-11-24 00:22:23.100 1391 RALLYDEBUG rally.task.utils [-] Waiting for resource s_rally_1c252552_qeAUwosN. Status changed: QUEUED => ACTIVE in 0.01627349853515625
2019-11-24 00:22:23.115 1389 RALLYDEBUG rally.task.utils [-] Waiting for resource s_rally_1c252552_SdLwq65i. Status changed: QUEUED => ACTIVE in 0.0181577205657959
2019-11-24 00:22:23.118 1388 RALLYDEBUG rally.task.utils [-] Waiting for resource s_rally_1c252552_XU26UtiS. Status changed: QUEUED => ACTIVE in 0.023167133331298828
2019-11-24 00:22:23.136 1387 RALLYDEBUG rally.task.utils [-] Waiting for resource s_rally_1c252552_9JxtPRKi. Status changed: QUEUED => ACTIVE in 0.015662193298339844
2019-11-24 00:22:23.162 1391 INFO rally.task.runner [-] Task 26219cbc-da3d-4d4e-9b31-7b703e983311 | ITER: 4 END: OK
2019-11-24 00:22:23.166 1391 INFO rally.task.runner [-] Task 26219cbc-da3d-4d4e-9b31-7b703e983311 | ITER: 5 START
2019-11-24 00:22:23.175 1388 INFO rally.task.runner [-] Task 26219cbc-da3d-4d4e-9b31-7b703e983311 | ITER: 2 END: OK
2019-11-24 00:22:23.176 1389 INFO rally.task.runner [-] Task 26219cbc-da3d-4d4e-9b31-7b703e983311 | ITER: 3 END: OK
2019-11-24 00:22:23.179 1388 INFO rally.task.runner [-] Task 26219cbc-da3d-4d4e-9b31-7b703e983311 | ITER: 6 START
2019-11-24 00:22:23.181 1389 INFO rally.task.runner [-] Task 26219cbc-da3d-4d4e-9b31-7b703e983311 | ITER: 7 START
2019-11-24 00:22:23.203 1387 INFO rally.task.runner [-] Task 26219cbc-da3d-4d4e-9b31-7b703e983311 | ITER: 1 END: OK
2019-11-24 00:22:23.206 1387 INFO rally.task.runner [-] Task 26219cbc-da3d-4d4e-9b31-7b703e983311 | ITER: 8 START
2019-11-24 00:22:25.927 1391 RALLYDEBUG rally.task.utils [-] Waiting for resource 'a1c58907-d89b-4c53-be2e-2024fdf0af53'. Status changed: NONE => QUEUED in 0.0371699333190918
2019-11-24 00:22:25.962 1388 RALLYDEBUG rally.task.utils [-] Waiting for resource 'd958918f-2bbc-4c61-b00e-53f0f1cce738'. Status changed: NONE => QUEUED in 0.030666112899780273
2019-11-24 00:22:25.969 1387 RALLYDEBUG rally.task.utils [-] Waiting for resource '2e4fd45d-bfcd-4d45-b616-8579e12501a8'. Status changed: NONE => QUEUED in 0.03550076484680176
2019-11-24 00:22:26.027 1389 RALLYDEBUG rally.task.utils [-] Waiting for resource 'e7e37e95-1f6b-4510-a0d6-495d0c8247a0'. Status changed: NONE => QUEUED in 0.033820152282714844
2019-11-24 00:22:26.168 1388 RALLYDEBUG rally.task.utils [-] Waiting for resource s_rally_1c252552_d9U3888u. Status changed: QUEUED => ACTIVE in 0.01716303825378418
2019-11-24 00:22:26.233 1388 INFO rally.task.runner [-] Task 26219cbc-da3d-4d4e-9b31-7b703e983311 | ITER: 6 END: OK
2019-11-24 00:22:26.236 1388 INFO rally.task.runner [-] Task 26219cbc-da3d-4d4e-9b31-7b703e983311 | ITER: 9 START
2019-11-24 00:22:26.280 1391 RALLYDEBUG rally.task.utils [-] Waiting for resource s_rally_1c252552_CpIrS4xB. Status changed: QUEUED => ACTIVE in 0.01712656021118164
