2019-11-20 06:32:17.064 27676 RALLYDEBUG rally_openstack.cleanup.manager [-] Deleting neutron.port object s_rally_9def4fe1_AOJdeWiP (d709cf04-22fb-4ee2-bdca-0213a166f1e4)
2019-11-20 06:32:17.189 27676 RALLYDEBUG rally_openstack.cleanup.manager [-] Deleting neutron.port object s_rally_9def4fe1_tNwfQY8i (d7939520-e90e-4aba-8059-ae8635a90817)
2019-11-20 06:32:17.198 27676 RALLYDEBUG rally_openstack.cleanup.manager [-] Deleting neutron.port object s_rally_9def4fe1_akpMwBE8 (d94ba220-2779-4891-af1a-1a6f9eb9a5ab)
2019-11-20 06:32:17.212 27676 RALLYDEBUG rally_openstack.cleanup.manager [-] Deleting neutron.port object s_rally_9def4fe1_NMW7w8Yf (d95c95c7-2ab0-465c-a12b-3892c5e75396)
2019-11-20 06:32:17.239 27676 RALLYDEBUG rally_openstack.cleanup.manager [-] Deleting neutron.port object s_rally_9def4fe1_e8kuqJFF (daae2212-05c7-4c9c-804a-674be64f3355)
2019-11-20 06:32:17.715 27676 RALLYDEBUG rally_openstack.cleanup.manager [-] Deleting neutron.port object s_rally_9def4fe1_ib5CQw5O (dae2c4a7-181e-42af-91a7-17fb4488580f)
2019-11-20 06:32:17.812 27676 RALLYDEBUG rally_openstack.cleanup.manager [-] Deleting neutron.port object s_rally_9def4fe1_k6IkMStb (dc64d31c-84bb-4297-a36d-47104eab24d8)
2019-11-20 06:32:17.921 27676 RALLYDEBUG rally_openstack.cleanup.manager [-] Deleting neutron.port object s_rally_9def4fe1_WxcRvHlV (dd55baa6-160d-4baf-a1e2-dbf869a3647f)
2019-11-20 06:32:18.322 27676 RALLYDEBUG rally_openstack.cleanup.manager [-] Deleting neutron.port object s_rally_9def4fe1_Tii6ZWNi (df429ff0-b01a-4f17-aa3d-9c9eeca933a1)
2019-11-20 06:32:18.418 27676 RALLYDEBUG rally_openstack.cleanup.manager [-] Deleting neutron.port object s_rally_9def4fe1_skciTdKY (dfc6655f-44e4-4aa8-b576-b0a4d0c72a99)
2019-11-20 06:32:18.422 27676 RALLYDEBUG rally_openstack.cleanup.manager [-] Deleting neutron.port object s_rally_9def4fe1_A4Yts6kt (e06a3e56-7351-46b8-b641-3756c9a746a6)
2019-11-20 06:32:18.436 27676 RALLYDEBUG rally_openstack.cleanup.manager [-] Deleting neutron.port object s_rally_9def4fe1_uQKAvrG8 (e09e1be7-7f89-44fd-97fe-2ac78ac87484)
2019-11-20 06:32:18.531 27676 RALLYDEBUG rally_openstack.cleanup.manager [-] Deleting neutron.port object s_rally_9def4fe1_WqgPVUHL (e0ce9c4d-8e2c-4b4a-8d1b-b501f0c0ad46)
2019-11-20 06:32:18.639 27676 RALLYDEBUG rally_openstack.cleanup.manager [-] Deleting neutron.port object s_rally_9def4fe1_cyFSqdOA (e12d6860-267b-4b3d-a8a4-7eeac9fb026e)
2019-11-20 06:32:18.731 27676 RALLYDEBUG rally_openstack.cleanup.manager [-] Deleting neutron.port object s_rally_9def4fe1_otYtzJgu (e2a0bb9e-b6fd-40b1-8392-32d832e9b0d0)
2019-11-20 06:32:18.744 27676 RALLYDEBUG rally_openstack.cleanup.manager [-] Deleting neutron.port object s_rally_9def4fe1_3d08pAGY (e2bfb5b0-e251-48b3-8568-94f98700810c)
2019-11-20 06:32:18.750 27676 RALLYDEBUG rally_openstack.cleanup.manager [-] Deleting neutron.port object s_rally_9def4fe1_9wbso6Iq (e38769e4-51d3-4f9c-80a9-f55f9bb514ed)
2019-11-20 06:32:18.783 27676 RALLYDEBUG rally_openstack.cleanup.manager [-] Deleting neutron.port object s_rally_9def4fe1_oEjR3mGk (e4b5d6e7-d843-4038-bf33-0a7e4574a899)
2019-11-20 06:32:18.856 27676 RALLYDEBUG rally_openstack.cleanup.manager [-] Deleting neutron.port object s_rally_9def4fe1_96kUmDc1 (e597961c-9f85-4dde-8525-e2398f9c93fd)
2019-11-20 06:32:18.880 27676 RALLYDEBUG rally_openstack.cleanup.manager [-] Deleting neutron.port object s_rally_9def4fe1_g9o8dWbc (e89bf046-185c-4c33-9f84-36716ded9843)
2019-11-20 06:32:18.908 27676 RALLYDEBUG rally_openstack.cleanup.manager [-] Deleting neutron.port object s_rally_9def4fe1_sl8TjVbq (e8b47612-625d-4dce-9d8d-3cd85add52f9)
2019-11-20 06:32:18.955 27676 RALLYDEBUG rally_openstack.cleanup.manager [-] Deleting neutron.port object s_rally_9def4fe1_gnDqlchS (e92dbcf0-47b0-4c66-8a16-215e420cdbc7)
2019-11-20 06:32:18.970 27676 RALLYDEBUG rally_openstack.cleanup.manager [-] Deleting neutron.port object s_rally_9def4fe1_RDUFcgY1 (e9427628-7338-4908-b156-58f0b5524c2e)
2019-11-20 06:32:18.973 27676 RALLYDEBUG rally_openstack.cleanup.manager [-] Deleting neutron.port object s_rally_9def4fe1_XxBO03TW (eb046d79-5478-46da-a43b-e5daa73f3684)
2019-11-20 06:32:19.334 27676 RALLYDEBUG rally_openstack.cleanup.manager [-] Deleting neutron.port object s_rally_9def4fe1_kWJidvTK (eb2c1053-63df-4ca5-86ca-7833ed569bce)
2019-11-20 06:32:19.417 27676 RALLYDEBUG rally_openstack.cleanup.manager [-] Deleting neutron.port object s_rally_9def4fe1_wWLaEQTd (ed34c9d8-0ce2-4731-a460-29ab544501a1)
2019-11-20 06:32:19.510 27676 RALLYDEBUG rally_openstack.cleanup.manager [-] Deleting neutron.port object s_rally_9def4fe1_MfOAEmNa (ee6fba43-8628-4c33-b72c-65a100f077dd)
2019-11-20 06:32:19.614 27676 RALLYDEBUG rally_openstack.cleanup.manager [-] Deleting neutron.port object s_rally_9def4fe1_SXUNkSIJ (ef2c280c-d7d2-482f-b832-368516337cb6)
2019-11-20 06:32:20.035 27676 RALLYDEBUG rally_openstack.cleanup.manager [-] Deleting neutron.port object s_rally_9def4fe1_ZE6NBI01 (efb8ba2b-d32e-4da0-b238-d37a734cea81)
2019-11-20 06:32:20.157 27676 RALLYDEBUG rally_openstack.cleanup.manager [-] Deleting neutron.port object s_rally_9def4fe1_M0vvb6j0 (f032d834-fca6-4c5d-a79d-16a1d4b93c2d)
2019-11-20 06:32:20.223 27676 RALLYDEBUG rally_openstack.cleanup.manager [-] Deleting neutron.port object s_rally_9def4fe1_QZtb0peV (f0f04e13-cd32-453b-86b6-83ddcb4108e7)
2019-11-20 06:32:20.227 27676 RALLYDEBUG rally_openstack.cleanup.manager [-] Deleting neutron.port object s_rally_9def4fe1_TPVm0O4y (f135ab21-e5cc-4188-a6b7-bfe913c5c1c9)
2019-11-20 06:32:20.405 27676 RALLYDEBUG rally_openstack.cleanup.manager [-] Deleting neutron.port object s_rally_9def4fe1_pWvtJUMO (f248a16f-7bda-4e2e-8853-78ecd7dc12e7)
2019-11-20 06:32:20.421 27676 RALLYDEBUG rally_openstack.cleanup.manager [-] Deleting neutron.port object s_rally_9def4fe1_PbcBPdrA (f27748c2-c3ea-4f10-b325-a2e413fcc92e)
2019-11-20 06:32:20.548 27676 RALLYDEBUG rally_openstack.cleanup.manager [-] Deleting neutron.port object s_rally_9def4fe1_OrcLXn8X (f2e4c82d-7b74-480a-99f3-569dd0337b2c)
2019-11-20 06:32:20.562 27676 RALLYDEBUG rally_openstack.cleanup.manager [-] Deleting neutron.port object s_rally_9def4fe1_VMdIsONX (f3bb81d9-e638-4e40-8fba-c8ab1ba079bd)
2019-11-20 06:32:20.596 27676 RALLYDEBUG rally_openstack.cleanup.manager [-] Deleting neutron.port object s_rally_9def4fe1_WhbLDpQW (f3f776af-dd7f-4ec2-bd82-a7d292f83f2b)
2019-11-20 06:32:20.652 27676 RALLYDEBUG rally_openstack.cleanup.manager [-] Deleting neutron.port object s_rally_9def4fe1_tMggqf8K (f4088d75-9237-43bc-a66b-3cb468ef731a)
2019-11-20 06:32:20.660 27676 RALLYDEBUG rally_openstack.cleanup.manager [-] Deleting neutron.port object s_rally_9def4fe1_MHKHXnrG (f4295a93-6dd2-47f1-bd14-8707154cacda)
2019-11-20 06:32:20.674 27676 RALLYDEBUG rally_openstack.cleanup.manager [-] Deleting neutron.port object s_rally_9def4fe1_AVLBtnvA (f4628556-a9d6-4f75-acbe-7aaaf255e22d)
2019-11-20 06:32:20.804 27676 RALLYDEBUG rally_openstack.cleanup.manager [-] Deleting neutron.port object s_rally_9def4fe1_qiB5QUQc (f4b3838d-eb7a-4aa8-a76f-832d5b0e7744)
2019-11-20 06:32:20.852 27676 RALLYDEBUG rally_openstack.cleanup.manager [-] Deleting neutron.port object s_rally_9def4fe1_5KunS4xr (f4e72f03-1bd7-4f10-9dad-ba55d4782311)
2019-11-20 06:32:21.026 27676 RALLYDEBUG rally_openstack.cleanup.manager [-] Deleting neutron.port object s_rally_9def4fe1_ymYZx0AI (f54c8b14-66f7-43ad-a9c6-ac21a7947106)
2019-11-20 06:32:21.060 27676 RALLYDEBUG rally_openstack.cleanup.manager [-] Deleting neutron.port object s_rally_9def4fe1_fgDv8FM9 (f6071e40-b789-49f6-bb08-df9b650bf03d)
2019-11-20 06:32:21.099 27676 RALLYDEBUG rally_openstack.cleanup.manager [-] Deleting neutron.port object s_rally_9def4fe1_9FjOW4Wx (f626e92f-6a38-4edc-9103-9fefd75ff136)
2019-11-20 06:32:21.108 27676 RALLYDEBUG rally_openstack.cleanup.manager [-] Deleting neutron.port object s_rally_9def4fe1_CyL75Ty1 (f6970aa7-3946-43db-8a17-d08bbb29d645)
2019-11-20 06:32:21.209 27676 RALLYDEBUG rally_openstack.cleanup.manager [-] Deleting neutron.port object s_rally_9def4fe1_gtpjDoBT (f6a87203-00bc-4222-9aff-6125692e7c3b)
2019-11-20 06:32:21.318 27676 RALLYDEBUG rally_openstack.cleanup.manager [-] Deleting neutron.port object s_rally_9def4fe1_vMsTDZz7 (f79e9d32-5911-4d0c-8943-84a2f9ac687b)
2019-11-20 06:32:21.751 27676 RALLYDEBUG rally_openstack.cleanup.manager [-] Deleting neutron.port object s_rally_9def4fe1_zFINlyBN (f820f4f1-c406-4b9d-9c4c-34d72e75c893)
2019-11-20 06:32:21.923 27676 RALLYDEBUG rally_openstack.cleanup.manager [-] Deleting neutron.port object s_rally_9def4fe1_nPU620lY (f8cc88e6-d416-4916-9d3d-221777f83e49)
2019-11-20 06:32:21.960 27676 RALLYDEBUG rally_openstack.cleanup.manager [-] Deleting neutron.port object s_rally_9def4fe1_BvgeRS8z (f8eb3fe3-9811-4133-b410-b493f995db9d)
2019-11-20 06:32:22.236 27676 RALLYDEBUG rally_openstack.cleanup.manager [-] Deleting neutron.port object s_rally_9def4fe1_TJk1PciO (f8ed32c6-baf7-4748-9377-261aa9ade707)
2019-11-20 06:32:22.370 27676 RALLYDEBUG rally_openstack.cleanup.manager [-] Deleting neutron.port object s_rally_9def4fe1_FiUuElYh (f9027649-ce2a-475d-b1ac-027cfe0535a4)
2019-11-20 06:32:22.416 27676 RALLYDEBUG rally_openstack.cleanup.manager [-] Deleting neutron.port object s_rally_9def4fe1_Naox5VFN (f90b9cc7-bebf-4a39-8eeb-7dab70c104a1)
2019-11-20 06:32:22.463 27676 RALLYDEBUG rally_openstack.cleanup.manager [-] Deleting neutron.port object s_rally_9def4fe1_qugeiD6b (f930806d-677e-406e-bc15-dbbce9c89633)
2019-11-20 06:32:22.471 27676 RALLYDEBUG rally_openstack.cleanup.manager [-] Deleting neutron.port object s_rally_9def4fe1_Ez6Admeq (fa224a60-f68b-4439-8b64-d5cbe9bcf4aa)
2019-11-20 06:32:22.548 27676 RALLYDEBUG rally_openstack.cleanup.manager [-] Deleting neutron.port object s_rally_9def4fe1_Lapq08gS (fa77100e-de38-4f03-b923-3bb70282c519)
2019-11-20 06:32:22.567 27676 RALLYDEBUG rally_openstack.cleanup.manager [-] Deleting neutron.port object s_rally_9def4fe1_CPbqEDmS (fb081b55-9d5c-4711-aad6-8334c0051e63)
2019-11-20 06:32:22.580 27676 RALLYDEBUG rally_openstack.cleanup.manager [-] Deleting neutron.port object s_rally_9def4fe1_7SiOxpve (fb2d17e2-a5de-45c6-b478-044347b28d0d)
2019-11-20 06:32:22.652 27676 RALLYDEBUG rally_openstack.cleanup.manager [-] Deleting neutron.port object s_rally_9def4fe1_P3m0WcNr (fc82d7e5-67b7-4b9c-a04c-54adba6cdbc3)
2019-11-20 06:32:22.745 27676 RALLYDEBUG rally_openstack.cleanup.manager [-] Deleting neutron.port object s_rally_9def4fe1_D2XuYyjI (fcb01caa-50c1-4781-b081-130eb6a35a34)
2019-11-20 06:32:22.792 27676 RALLYDEBUG rally_openstack.cleanup.manager [-] Deleting neutron.port object s_rally_9def4fe1_LrVFZipw (fcecb4b2-c4b1-4aff-93b6-4b7908630a53)
2019-11-20 06:32:22.881 27676 RALLYDEBUG rally_openstack.cleanup.manager [-] Deleting neutron.port object s_rally_9def4fe1_PmEdQXEC (fdadcc10-9986-4d77-bae8-9fbdcf572680)
2019-11-20 06:32:22.901 27676 RALLYDEBUG rally_openstack.cleanup.manager [-] Deleting neutron.port object s_rally_9def4fe1_jLFCFOn9 (fe2d6e1e-d588-4174-836b-0a7d3a07db2c)
2019-11-20 06:32:22.913 27676 RALLYDEBUG rally_openstack.cleanup.manager [-] Deleting neutron.port object s_rally_9def4fe1_5RXF1KvH (fe79a52f-5b4e-440c-9c54-565472a62ddf)
2019-11-20 06:32:22.963 27676 RALLYDEBUG rally_openstack.cleanup.manager [-] Deleting neutron.port object s_rally_9def4fe1_n0KjFGh6 (fff8d484-ce97-4353-8036-6d1f2fa570a3)
2019-11-20 06:32:25.008 27676 RALLYDEBUG rally_openstack.cleanup.manager [-] Cleaning up neutron subnet objects
2019-11-20 06:32:25.401 27676 RALLYDEBUG rally_openstack.cleanup.manager [-] Cleaning up neutron network objects
2019-11-20 06:32:25.866 27676 RALLYDEBUG rally_openstack.cleanup.manager [-] Deleting neutron.network object s_rally_9def4fe1_oieJ0dH8 (0e6361d7-7a3b-4862-a91d-a41ae34415bd)
2019-11-20 06:32:25.876 27676 RALLYDEBUG rally_openstack.cleanup.manager [-] Deleting neutron.network object s_rally_9def4fe1_j734Aacp (1fac9ae9-46dd-49d7-9653-d1fd7b9a251b)
2019-11-20 06:32:25.885 27676 RALLYDEBUG rally_openstack.cleanup.manager [-] Deleting neutron.network object s_rally_9def4fe1_TD3ALSCv (5c336273-8fd3-4582-982d-e10177da2398)
2019-11-20 06:32:25.889 27676 RALLYDEBUG rally_openstack.cleanup.manager [-] Deleting neutron.network object s_rally_9def4fe1_yioamctU (6846eac5-34a4-4b1f-a5d9-55fe834cbda9)
2019-11-20 06:32:25.903 27676 RALLYDEBUG rally_openstack.cleanup.manager [-] Deleting neutron.network object s_rally_9def4fe1_qqeNKNlO (6bf04c47-5ad1-4345-ac6c-af3dd53391ee)
2019-11-20 06:32:25.917 27676 RALLYDEBUG rally_openstack.cleanup.manager [-] Deleting neutron.network object s_rally_9def4fe1_dptlQy4D (758aeba4-ff6b-4e20-8407-c1c7d5cf935a)
2019-11-20 06:32:25.934 27676 RALLYDEBUG rally_openstack.cleanup.manager [-] Deleting neutron.network object s_rally_9def4fe1_qGCJhE6y (7ad623b1-9f72-42df-ae52-4be144217ecb)
2019-11-20 06:32:25.940 27676 RALLYDEBUG rally_openstack.cleanup.manager [-] Deleting neutron.network object s_rally_9def4fe1_RshbnkjO (fa1bc501-84e2-4e0a-85bc-781ab8676eef)
2019-11-20 06:32:28.445 27676 RALLYDEBUG rally_openstack.cleanup.manager [-] Cleaning up neutron router objects
2019-11-20 06:32:28.849 27676 RALLYDEBUG rally_openstack.cleanup.manager [-] Cleaning up neutron security_group objects
2019-11-20 06:32:29.252 27676 INFO rally.task.context [-] Task 20588eb3-f746-4482-8424-bc166fa34bc1 | Context cleanup@openstack cleanup() finished in 46.43 sec
2019-11-20 06:32:29.252 27676 INFO rally.task.context [-] Task 20588eb3-f746-4482-8424-bc166fa34bc1 | Context quotas@openstack cleanup() started
2019-11-20 06:32:29.333 27676 INFO rally.task.context [-] Task 20588eb3-f746-4482-8424-bc166fa34bc1 | Context quotas@openstack cleanup() finished in 81.11 msec
2019-11-20 06:32:29.334 27676 INFO rally.task.context [-] Task 20588eb3-f746-4482-8424-bc166fa34bc1 | Context users@openstack cleanup() started
2019-11-20 06:32:31.958 27676 INFO rally.task.context [-] Task 20588eb3-f746-4482-8424-bc166fa34bc1 | Context users@openstack cleanup() finished in 2.62 sec
2019-11-20 06:32:33.373 27676 INFO rally.task.engine [-] Load duration is: 53.226804
2019-11-20 06:32:33.373 27676 INFO rally.task.engine [-] Full runner duration is: 53.270072
2019-11-20 06:32:33.373 27676 INFO rally.task.engine [-] Full duration is: 105.190009
2019-11-20 06:32:33.609 27676 INFO rally.task.engine [-] Running workload: position = 1 config = { "version": 2, "title": "A cropped version of a bigger task.", "description": "Auto-generated task from a single workload (uuid=520176ef-e4a1-40c0-8d0a-28bfe5018515)", "subtasks": [ { "title": "NeutronNetworks.create_and_update_ports", "description": "Create and update a given number of ports.", "scenario": { "NeutronNetworks.create_and_update_ports": { "network_create_args": {}, "port_create_args": {}, "ports_per_network": 5, "port_update_args": { "admin_state_up": false, "device_id": "dummy_id", "device_owner": "dummy_owner", "name": "_port_updated" } } }, "contexts": { "users": { "tenants": 1, "users_per_tenant": 1 }, "quotas": { "neutron": { "network": -1, "port": -1 } } }, "runner": { "constant": { "times": 40, "concurrency": 20 } }, "hooks": [], "sla": { "failure_rate": { "max": 0 } } } ] }
2019-11-20 06:32:33.634 27676 RALLYDEBUG rally_openstack.contexts.keystone.users [-] Creating 1 tenants using 20 threads
2019-11-20 06:32:34.545 27676 RALLYDEBUG rally_openstack.contexts.keystone.users [-] Creating 1 users using 20 threads
2019-11-20 06:32:35.887 27676 INFO rally.task.context [-] Task 20588eb3-f746-4482-8424-bc166fa34bc1 | Context users@openstack setup() finished in 2.25 sec
2019-11-20 06:32:36.405 27676 INFO rally.task.context [-] Task 20588eb3-f746-4482-8424-bc166fa34bc1 | Context quotas@openstack setup() finished in 0.52 sec
2019-11-20 06:32:36.406 27676 INFO rally.task.context [-] Task 20588eb3-f746-4482-8424-bc166fa34bc1 | Context cleanup@openstack setup() finished in 0.01 msec
2019-11-20 06:32:36.414 27676 RALLYDEBUG rally.task.runner [-] Starting the constant runner (task UUID: 20588eb3-f746-4482-8424-bc166fa34bc1). times: 40 concurrency: 20 timeout: 0 max_cpu_used: 16 processes_to_start: 16 concurrency_per_worker: 1 concurrency_overhead: 4
2019-11-20 06:32:36.426 31752 RALLYDEBUG rally.task.runner [-] Starting a worker. times: 40 duration: None concurrency: 2 timeout: 0 cls: method_name: run args: {"network_create_args": {}, "port_create_args": {}, "ports_per_network": 5, "port_update_args": {"admin_state_up": false, "device_id": "dummy_id", "device_owner": "dummy_owner", "name": "_port_updated"}}
2019-11-20 06:32:36.429 31753 RALLYDEBUG rally.task.runner [-] Starting a worker. times: 40 duration: None concurrency: 2 timeout: 0 cls: method_name: run args: {"network_create_args": {}, "port_create_args": {}, "ports_per_network": 5, "port_update_args": {"admin_state_up": false, "device_id": "dummy_id", "device_owner": "dummy_owner", "name": "_port_updated"}}
2019-11-20 06:32:36.433 31754 RALLYDEBUG rally.task.runner [-] Starting a worker. times: 40 duration: None concurrency: 2 timeout: 0 cls: method_name: run args: {"network_create_args": {}, "port_create_args": {}, "ports_per_network": 5, "port_update_args": {"admin_state_up": false, "device_id": "dummy_id", "device_owner": "dummy_owner", "name": "_port_updated"}}
2019-11-20 06:32:36.434 31752 INFO rally.task.runner [-] Task 20588eb3-f746-4482-8424-bc166fa34bc1 | ITER: 1 START
2019-11-20 06:32:36.435 31752 WARNING rally_openstack.scenarios.neutron.utils [-] Running this scenario without either the 'network' or 'existing_network' context is deprecated
2019-11-20 06:32:36.436 31757 RALLYDEBUG rally.task.runner [-] Starting a worker. times: 40 duration: None concurrency: 2 timeout: 0 cls: method_name: run args: {"network_create_args": {}, "port_create_args": {}, "ports_per_network": 5, "port_update_args": {"admin_state_up": false, "device_id": "dummy_id", "device_owner": "dummy_owner", "name": "_port_updated"}}
2019-11-20 06:32:36.437 31753 INFO rally.task.runner [-] Task 20588eb3-f746-4482-8424-bc166fa34bc1 | ITER: 2 START
2019-11-20 06:32:36.438 31753 INFO rally.task.runner [-] Task 20588eb3-f746-4482-8424-bc166fa34bc1 | ITER: 5 START
2019-11-20 06:32:36.440 31753 WARNING rally_openstack.scenarios.neutron.utils [-] Running this scenario without either the 'network' or 'existing_network' context is deprecated
2019-11-20 06:32:36.440 31761 RALLYDEBUG rally.task.runner [-] Starting a worker. times: 40 duration: None concurrency: 1 timeout: 0 cls: method_name: run args: {"network_create_args": {}, "port_create_args": {}, "ports_per_network": 5, "port_update_args": {"admin_state_up": false, "device_id": "dummy_id", "device_owner": "dummy_owner", "name": "_port_updated"}}
2019-11-20 06:32:36.441 31754 INFO rally.task.runner [-] Task 20588eb3-f746-4482-8424-bc166fa34bc1 | ITER: 4 START
2019-11-20 06:32:36.443 31754 WARNING rally_openstack.scenarios.neutron.utils [-] Running this scenario without either the 'network' or 'existing_network' context is deprecated
2019-11-20 06:32:36.444 31765 RALLYDEBUG rally.task.runner [-] Starting a worker. times: 40 duration: None concurrency: 1 timeout: 0 cls: method_name: run args: {"network_create_args": {}, "port_create_args": {}, "ports_per_network": 5, "port_update_args": {"admin_state_up": false, "device_id": "dummy_id", "device_owner": "dummy_owner", "name": "_port_updated"}}
2019-11-20 06:32:36.445 31757 INFO rally.task.runner [-] Task 20588eb3-f746-4482-8424-bc166fa34bc1 | ITER: 7 START
2019-11-20 06:32:36.446 31761 INFO rally.task.runner [-] Task 20588eb3-f746-4482-8424-bc166fa34bc1 | ITER: 9 START
2019-11-20 06:32:36.436 31752 INFO rally.task.runner [-] Task 20588eb3-f746-4482-8424-bc166fa34bc1 | ITER: 3 START
2019-11-20 06:32:36.445 31757 INFO rally.task.runner [-] Task 20588eb3-f746-4482-8424-bc166fa34bc1 | ITER: 8 START
2019-11-20 06:32:36.448 31752 WARNING rally_openstack.scenarios.neutron.utils [-] Running this scenario without either the 'network' or 'existing_network' context is deprecated
2019-11-20 06:32:36.448 31761 WARNING rally_openstack.scenarios.neutron.utils [-] Running this scenario without either the 'network' or 'existing_network' context is deprecated
2019-11-20 06:32:36.447 31757 WARNING rally_openstack.scenarios.neutron.utils [-] Running this scenario without either the 'network' or 'existing_network' context is deprecated
2019-11-20 06:32:36.444 31754 INFO rally.task.runner [-] Task 20588eb3-f746-4482-8424-bc166fa34bc1 | ITER: 6 START
2019-11-20 06:32:36.448 31769 RALLYDEBUG rally.task.runner [-] Starting a worker. times: 40 duration: None concurrency: 1 timeout: 0 cls: method_name: run args: {"network_create_args": {}, "port_create_args": {}, "ports_per_network": 5, "port_update_args": {"admin_state_up": false, "device_id": "dummy_id", "device_owner": "dummy_owner", "name": "_port_updated"}}
2019-11-20 06:32:36.450 31765 INFO rally.task.runner [-] Task 20588eb3-f746-4482-8424-bc166fa34bc1 | ITER: 10 START
2019-11-20 06:32:36.452 31765 WARNING rally_openstack.scenarios.neutron.utils [-] Running this scenario without either the 'network' or 'existing_network' context is deprecated
2019-11-20 06:32:36.441 31753 WARNING rally_openstack.scenarios.neutron.utils [-] Running this scenario without either the 'network' or 'existing_network' context is deprecated
2019-11-20 06:32:36.452 31773 RALLYDEBUG rally.task.runner [-] Starting a worker. times: 40 duration: None concurrency: 1 timeout: 0 cls: method_name: run args: {"network_create_args": {}, "port_create_args": {}, "ports_per_network": 5, "port_update_args": {"admin_state_up": false, "device_id": "dummy_id", "device_owner": "dummy_owner", "name": "_port_updated"}}
2019-11-20 06:32:36.455 31769 INFO rally.task.runner [-] Task 20588eb3-f746-4482-8424-bc166fa34bc1 | ITER: 11 START
2019-11-20 06:32:36.457 31769 WARNING rally_openstack.scenarios.neutron.utils [-] Running this scenario without either the 'network' or 'existing_network' context is deprecated
2019-11-20 06:32:36.457 31776 RALLYDEBUG rally.task.runner [-] Starting a worker. times: 40 duration: None concurrency: 1 timeout: 0 cls: method_name: run args: {"network_create_args": {}, "port_create_args": {}, "ports_per_network": 5, "port_update_args": {"admin_state_up": false, "device_id": "dummy_id", "device_owner": "dummy_owner", "name": "_port_updated"}}
2019-11-20 06:32:36.458 31773 INFO rally.task.runner [-] Task 20588eb3-f746-4482-8424-bc166fa34bc1 | ITER: 12 START
2019-11-20 06:32:36.460 31773 WARNING rally_openstack.scenarios.neutron.utils [-] Running this scenario without either the 'network' or 'existing_network' context is deprecated
2019-11-20 06:32:36.449 31757 WARNING rally_openstack.scenarios.neutron.utils [-] Running this scenario without either the 'network' or 'existing_network' context is deprecated
2019-11-20 06:32:36.461 31754 WARNING rally_openstack.scenarios.neutron.utils [-] Running this scenario without either the 'network' or 'existing_network' context is deprecated
2019-11-20 06:32:36.461 31780 RALLYDEBUG rally.task.runner [-] Starting a worker. times: 40 duration: None concurrency: 1 timeout: 0 cls: method_name: run args: {"network_create_args": {}, "port_create_args": {}, "ports_per_network": 5, "port_update_args": {"admin_state_up": false, "device_id": "dummy_id", "device_owner": "dummy_owner", "name": "_port_updated"}}
2019-11-20 06:32:36.463 31776 INFO rally.task.runner [-] Task 20588eb3-f746-4482-8424-bc166fa34bc1 | ITER: 13 START
2019-11-20 06:32:36.465 31776 WARNING rally_openstack.scenarios.neutron.utils [-] Running this scenario without either the 'network' or 'existing_network' context is deprecated
2019-11-20 06:32:36.466 31782 RALLYDEBUG rally.task.runner [-] Starting a worker. times: 40 duration: None concurrency: 1 timeout: 0 cls: method_name: run args: {"network_create_args": {}, "port_create_args": {}, "ports_per_network": 5, "port_update_args": {"admin_state_up": false, "device_id": "dummy_id", "device_owner": "dummy_owner", "name": "_port_updated"}}
2019-11-20 06:32:36.468 31780 INFO rally.task.runner [-] Task 20588eb3-f746-4482-8424-bc166fa34bc1 | ITER: 14 START
2019-11-20 06:32:36.469 31780 WARNING rally_openstack.scenarios.neutron.utils [-] Running this scenario without either the 'network' or 'existing_network' context is deprecated
2019-11-20 06:32:36.472 31782 INFO rally.task.runner [-] Task 20588eb3-f746-4482-8424-bc166fa34bc1 | ITER: 15 START
2019-11-20 06:32:36.474 31782 WARNING rally_openstack.scenarios.neutron.utils [-] Running this scenario without either the 'network' or 'existing_network' context is deprecated
2019-11-20 06:32:36.473 31787 RALLYDEBUG rally.task.runner [-] Starting a worker. times: 40 duration: None concurrency: 1 timeout: 0 cls: method_name: run args: {"network_create_args": {}, "port_create_args": {}, "ports_per_network": 5, "port_update_args": {"admin_state_up": false, "device_id": "dummy_id", "device_owner": "dummy_owner", "name": "_port_updated"}}
2019-11-20 06:32:36.479 31787 INFO rally.task.runner [-] Task 20588eb3-f746-4482-8424-bc166fa34bc1 | ITER: 16 START
2019-11-20 06:32:36.481 31787 WARNING rally_openstack.scenarios.neutron.utils [-] Running this scenario without either the 'network' or 'existing_network' context is deprecated
2019-11-20 06:32:36.481 31790 RALLYDEBUG rally.task.runner [-] Starting a worker. times: 40 duration: None concurrency: 1 timeout: 0 cls: method_name: run args: {"network_create_args": {}, "port_create_args": {}, "ports_per_network": 5, "port_update_args": {"admin_state_up": false, "device_id": "dummy_id", "device_owner": "dummy_owner", "name": "_port_updated"}}
2019-11-20 06:32:36.487 31790 INFO rally.task.runner [-] Task 20588eb3-f746-4482-8424-bc166fa34bc1 | ITER: 17 START
2019-11-20 06:32:36.489 31790 WARNING rally_openstack.scenarios.neutron.utils [-] Running this scenario without either the 'network' or 'existing_network' context is deprecated
2019-11-20 06:32:36.488 31793 RALLYDEBUG rally.task.runner [-] Starting a worker. times: 40 duration: None concurrency: 1 timeout: 0 cls: method_name: run args: {"network_create_args": {}, "port_create_args": {}, "ports_per_network": 5, "port_update_args": {"admin_state_up": false, "device_id": "dummy_id", "device_owner": "dummy_owner", "name": "_port_updated"}}
2019-11-20 06:32:36.493 31793 INFO rally.task.runner [-] Task 20588eb3-f746-4482-8424-bc166fa34bc1 | ITER: 18 START
2019-11-20 06:32:36.494 31793 WARNING rally_openstack.scenarios.neutron.utils [-] Running this scenario without either the 'network' or 'existing_network' context is deprecated
2019-11-20 06:32:36.494 31796 RALLYDEBUG rally.task.runner [-] Starting a worker. times: 40 duration: None concurrency: 1 timeout: 0 cls: method_name: run args: {"network_create_args": {}, "port_create_args": {}, "ports_per_network": 5, "port_update_args": {"admin_state_up": false, "device_id": "dummy_id", "device_owner": "dummy_owner", "name": "_port_updated"}}
2019-11-20 06:32:36.498 31796 INFO rally.task.runner [-] Task 20588eb3-f746-4482-8424-bc166fa34bc1 | ITER: 19 START
2019-11-20 06:32:36.500 31796 WARNING rally_openstack.scenarios.neutron.utils [-] Running this scenario without either the 'network' or 'existing_network' context is deprecated
2019-11-20 06:32:36.501 31799 RALLYDEBUG rally.task.runner [-] Starting a worker. times: 40 duration: None concurrency: 1 timeout: 0 cls: method_name: run args: {"network_create_args": {}, "port_create_args": {}, "ports_per_network": 5, "port_update_args": {"admin_state_up": false, "device_id": "dummy_id", "device_owner": "dummy_owner", "name": "_port_updated"}}
2019-11-20 06:32:36.506 31799 INFO rally.task.runner [-] Task 20588eb3-f746-4482-8424-bc166fa34bc1 | ITER: 20 START
2019-11-20 06:32:36.507 31799 WARNING rally_openstack.scenarios.neutron.utils [-] Running this scenario without either the 'network' or 'existing_network' context is deprecated
2019-11-20 06:32:43.400 31752 INFO rally.task.runner [-] Task 20588eb3-f746-4482-8424-bc166fa34bc1 | ITER: 3 END: OK
2019-11-20 06:32:43.404 31752 INFO rally.task.runner [-] Task 20588eb3-f746-4482-8424-bc166fa34bc1 | ITER: 21 START
2019-11-20 06:32:43.404 31752 WARNING rally_openstack.scenarios.neutron.utils [-] Running this scenario without either the 'network' or 'existing_network' context is deprecated
2019-11-20 06:32:44.585 31757 INFO rally.task.runner [-] Task 20588eb3-f746-4482-8424-bc166fa34bc1 | ITER: 7 END: OK
2019-11-20 06:32:44.589 31757 INFO rally.task.runner [-] Task 20588eb3-f746-4482-8424-bc166fa34bc1 | ITER: 22 START
2019-11-20 06:32:44.590 31757 WARNING rally_openstack.scenarios.neutron.utils [-] Running this scenario without either the 'network' or 'existing_network' context is deprecated
2019-11-20 06:32:44.815 31753 INFO rally.task.runner [-] Task 20588eb3-f746-4482-8424-bc166fa34bc1 | ITER: 5 END: OK
2019-11-20 06:32:44.819 31753 INFO rally.task.runner [-] Task 20588eb3-f746-4482-8424-bc166fa34bc1 | ITER: 23 START
2019-11-20 06:32:44.820 31753 WARNING rally_openstack.scenarios.neutron.utils [-] Running this scenario without either the 'network' or 'existing_network' context is deprecated
2019-11-20 06:32:44.989 31753 INFO rally.task.runner [-] Task 20588eb3-f746-4482-8424-bc166fa34bc1 | ITER: 2 END: OK
2019-11-20 06:32:44.991 31753 INFO rally.task.runner [-] Task 20588eb3-f746-4482-8424-bc166fa34bc1 | ITER: 24 START
2019-11-20 06:32:44.992 31753 WARNING rally_openstack.scenarios.neutron.utils [-] Running this scenario without either the 'network' or 'existing_network' context is deprecated
2019-11-20 06:32:45.145 31757 INFO rally.task.runner [-] Task 20588eb3-f746-4482-8424-bc166fa34bc1 | ITER: 8 END: OK
2019-11-20 06:32:45.147 31757 INFO rally.task.runner [-] Task 20588eb3-f746-4482-8424-bc166fa34bc1 | ITER: 25 START
2019-11-20 06:32:45.148 31757 WARNING rally_openstack.scenarios.neutron.utils [-] Running this scenario without either the 'network' or 'existing_network' context is deprecated
2019-11-20 06:32:45.192 31752 INFO rally.task.runner [-] Task 20588eb3-f746-4482-8424-bc166fa34bc1 | ITER: 1 END: OK
2019-11-20 06:32:45.195 31752 INFO rally.task.runner [-] Task 20588eb3-f746-4482-8424-bc166fa34bc1 | ITER: 26 START
2019-11-20 06:32:45.196 31752 WARNING rally_openstack.scenarios.neutron.utils [-] Running this scenario without either the 'network' or 'existing_network' context is deprecated
2019-11-20 06:32:45.303 31780 INFO rally.task.runner [-] Task 20588eb3-f746-4482-8424-bc166fa34bc1 | ITER: 14 END: OK
2019-11-20 06:32:45.307 31780 INFO rally.task.runner [-] Task 20588eb3-f746-4482-8424-bc166fa34bc1 | ITER: 27 START
2019-11-20 06:32:45.308 31780 WARNING rally_openstack.scenarios.neutron.utils [-] Running this scenario without either the 'network' or 'existing_network' context is deprecated
2019-11-20 06:32:45.453 31773 INFO rally.task.runner [-] Task 20588eb3-f746-4482-8424-bc166fa34bc1 | ITER: 12 END: OK
2019-11-20 06:32:45.457 31773 INFO rally.task.runner [-] Task 20588eb3-f746-4482-8424-bc166fa34bc1 | ITER: 28 START
2019-11-20 06:32:45.458 31773 WARNING rally_openstack.scenarios.neutron.utils [-] Running this scenario without either the 'network' or 'existing_network' context is deprecated
2019-11-20 06:32:45.545 31754 INFO rally.task.runner [-] Task 20588eb3-f746-4482-8424-bc166fa34bc1 | ITER: 6 END: OK
2019-11-20 06:32:45.548 31754 INFO rally.task.runner [-] Task 20588eb3-f746-4482-8424-bc166fa34bc1 | ITER: 29 START
2019-11-20 06:32:45.549 31754 WARNING rally_openstack.scenarios.neutron.utils [-] Running this scenario without either the 'network' or 'existing_network' context is deprecated
2019-11-20 06:32:45.616 31754 INFO rally.task.runner [-] Task 20588eb3-f746-4482-8424-bc166fa34bc1 | ITER: 4 END: OK
2019-11-20 06:32:45.618 31754 INFO rally.task.runner [-] Task 20588eb3-f746-4482-8424-bc166fa34bc1 | ITER: 30 START
2019-11-20 06:32:45.619 31754 WARNING rally_openstack.scenarios.neutron.utils [-] Running this scenario without either the 'network' or 'existing_network' context is deprecated
2019-11-20 06:32:45.711 31782 INFO rally.task.runner [-] Task 20588eb3-f746-4482-8424-bc166fa34bc1 | ITER: 15 END: OK
2019-11-20 06:32:45.715 31782 INFO rally.task.runner [-] Task 20588eb3-f746-4482-8424-bc166fa34bc1 | ITER: 31 START
2019-11-20 06:32:45.716 31782 WARNING rally_openstack.scenarios.neutron.utils [-] Running this scenario without either the 'network' or 'existing_network' context is deprecated
2019-11-20 06:32:45.745 31796 INFO rally.task.runner [-] Task 20588eb3-f746-4482-8424-bc166fa34bc1 | ITER: 19 END: OK
2019-11-20 06:32:45.748 31796 INFO rally.task.runner [-] Task 20588eb3-f746-4482-8424-bc166fa34bc1 | ITER: 32 START
2019-11-20 06:32:45.749 31796 WARNING rally_openstack.scenarios.neutron.utils [-] Running this scenario without either the 'network' or 'existing_network' context is deprecated
2019-11-20 06:32:45.885 31790 INFO rally.task.runner [-] Task 20588eb3-f746-4482-8424-bc166fa34bc1 | ITER: 17 END: OK
2019-11-20 06:32:45.888 31790 INFO rally.task.runner [-] Task 20588eb3-f746-4482-8424-bc166fa34bc1 | ITER: 33 START
2019-11-20 06:32:45.889 31790 WARNING rally_openstack.scenarios.neutron.utils [-] Running this scenario without either the 'network' or 'existing_network' context is deprecated
2019-11-20 06:32:45.918 31769 INFO rally.task.runner [-] Task 20588eb3-f746-4482-8424-bc166fa34bc1 | ITER: 11 END: OK
2019-11-20 06:32:45.921 31769 INFO rally.task.runner [-] Task 20588eb3-f746-4482-8424-bc166fa34bc1 | ITER: 34 START
2019-11-20 06:32:45.922 31769 WARNING rally_openstack.scenarios.neutron.utils [-] Running this scenario without either the 'network' or 'existing_network' context is deprecated
2019-11-20 06:32:46.173 31799 INFO rally.task.runner [-] Task 20588eb3-f746-4482-8424-bc166fa34bc1 | ITER: 20 END: OK
2019-11-20 06:32:46.177 31799 INFO rally.task.runner [-] Task 20588eb3-f746-4482-8424-bc166fa34bc1 | ITER: 35 START
2019-11-20 06:32:46.178 31799 WARNING rally_openstack.scenarios.neutron.utils [-] Running this scenario without either the 'network' or 'existing_network' context is deprecated
2019-11-20 06:32:46.358 31776 INFO rally.task.runner [-] Task 20588eb3-f746-4482-8424-bc166fa34bc1 | ITER: 13 END: OK
2019-11-20 06:32:46.361 31776 INFO rally.task.runner [-] Task 20588eb3-f746-4482-8424-bc166fa34bc1 | ITER: 36 START
2019-11-20 06:32:46.362 31776 WARNING rally_openstack.scenarios.neutron.utils [-] Running this scenario without either the 'network' or 'existing_network' context is deprecated
2019-11-20 06:32:46.744 31761 INFO rally.task.runner [-] Task 20588eb3-f746-4482-8424-bc166fa34bc1 | ITER: 9 END: OK
2019-11-20 06:32:46.748 31761 INFO rally.task.runner [-] Task 20588eb3-f746-4482-8424-bc166fa34bc1 | ITER: 37 START
2019-11-20 06:32:46.749 31761 WARNING rally_openstack.scenarios.neutron.utils [-] Running this scenario without either the 'network' or 'existing_network' context is deprecated
2019-11-20 06:32:47.014 31793 INFO rally.task.runner [-] Task 20588eb3-f746-4482-8424-bc166fa34bc1 | ITER: 18 END: OK
2019-11-20 06:32:47.018 31793 INFO rally.task.runner [-] Task 20588eb3-f746-4482-8424-bc166fa34bc1 | ITER: 38 START
2019-11-20 06:32:47.019 31793 WARNING rally_openstack.scenarios.neutron.utils [-] Running this scenario without either the 'network' or 'existing_network' context is deprecated
2019-11-20 06:32:47.078 31787 INFO rally.task.runner [-] Task 20588eb3-f746-4482-8424-bc166fa34bc1 | ITER: 16 END: OK
2019-11-20 06:32:47.082 31787 INFO rally.task.runner [-] Task 20588eb3-f746-4482-8424-bc166fa34bc1 | ITER: 39 START
2019-11-20 06:32:47.082 31787 WARNING rally_openstack.scenarios.neutron.utils [-] Running this scenario without either the 'network' or 'existing_network' context is deprecated
2019-11-20 06:32:47.334 31765 INFO rally.task.runner [-] Task 20588eb3-f746-4482-8424-bc166fa34bc1 | ITER: 10 END: OK
2019-11-20 06:32:47.337 31765 INFO rally.task.runner [-] Task 20588eb3-f746-4482-8424-bc166fa34bc1 | ITER: 40 START
2019-11-20 06:32:47.338 31765 WARNING rally_openstack.scenarios.neutron.utils [-] Running this scenario without either the 'network' or 'existing_network' context is deprecated
2019-11-20 06:32:52.286 31753 INFO rally.task.runner [-] Task 20588eb3-f746-4482-8424-bc166fa34bc1 | ITER: 23 END: OK
2019-11-20 06:32:52.800 31752 INFO rally.task.runner [-] Task 20588eb3-f746-4482-8424-bc166fa34bc1 | ITER: 21 END: OK
2019-11-20 06:32:52.936 31757 INFO rally.task.runner [-] Task 20588eb3-f746-4482-8424-bc166fa34bc1 | ITER: 25 END: OK
2019-11-20 06:32:53.352 31757 INFO rally.task.runner [-] Task 20588eb3-f746-4482-8424-bc166fa34bc1 | ITER: 22 END: OK
2019-11-20 06:32:53.429 31754 INFO rally.task.runner [-] Task 20588eb3-f746-4482-8424-bc166fa34bc1 | ITER: 29 END: OK
2019-11-20 06:32:53.475 31790 INFO rally.task.runner [-] Task 20588eb3-f746-4482-8424-bc166fa34bc1 | ITER: 33 END: OK
2019-11-20 06:32:53.606 31773 INFO rally.task.runner [-] Task 20588eb3-f746-4482-8424-bc166fa34bc1 | ITER: 28 END: OK
2019-11-20 06:32:53.631 31752 INFO rally.task.runner [-] Task 20588eb3-f746-4482-8424-bc166fa34bc1 | ITER: 26 END: OK
2019-11-20 06:32:53.668 31799 INFO rally.task.runner [-] Task 20588eb3-f746-4482-8424-bc166fa34bc1 | ITER: 35 END: OK
2019-11-20 06:32:53.751 31780 INFO rally.task.runner [-] Task 20588eb3-f746-4482-8424-bc166fa34bc1 | ITER: 27 END: OK
2019-11-20 06:32:53.939 31754 INFO rally.task.runner [-] Task 20588eb3-f746-4482-8424-bc166fa34bc1 | ITER: 30 END: OK
2019-11-20 06:32:54.019 31761 INFO rally.task.runner [-] Task 20588eb3-f746-4482-8424-bc166fa34bc1 | ITER: 37 END: OK
2019-11-20 06:32:54.033 31796 INFO rally.task.runner [-] Task 20588eb3-f746-4482-8424-bc166fa34bc1 | ITER: 32 END: OK
2019-11-20 06:32:54.266 31782 INFO rally.task.runner [-] Task 20588eb3-f746-4482-8424-bc166fa34bc1 | ITER: 31 END: OK
2019-11-20 06:32:54.926 31753 INFO rally.task.runner [-] Task 20588eb3-f746-4482-8424-bc166fa34bc1 | ITER: 24 END: OK
2019-11-20 06:32:54.983 31776 INFO rally.task.runner [-] Task 20588eb3-f746-4482-8424-bc166fa34bc1 | ITER: 36 END: OK
2019-11-20 06:32:55.062 31793 INFO rally.task.runner [-] Task 20588eb3-f746-4482-8424-bc166fa34bc1 | ITER: 38 END: OK
2019-11-20 06:32:55.092 31769 INFO rally.task.runner [-] Task 20588eb3-f746-4482-8424-bc166fa34bc1 | ITER: 34 END: OK
2019-11-20 06:32:55.225 31765 INFO rally.task.runner [-] Task 20588eb3-f746-4482-8424-bc166fa34bc1 | ITER: 40 END: OK
2019-11-20 06:32:55.516 31787 INFO rally.task.runner [-] Task 20588eb3-f746-4482-8424-bc166fa34bc1 | ITER: 39 END: OK
2019-11-20 06:32:55.547 27676 INFO rally.task.context [-] Task 20588eb3-f746-4482-8424-bc166fa34bc1 | Context cleanup@openstack cleanup() started
2019-11-20 06:32:55.551 27676 RALLYDEBUG rally_openstack.cleanup.manager [-] Cleaning up neutron vip objects
2019-11-20 06:32:55.922 27676 RALLYDEBUG rally_openstack.cleanup.manager [-] Cleaning up neutron health_monitor objects
2019-11-20 06:32:56.292 27676 RALLYDEBUG rally_openstack.cleanup.manager [-] Cleaning up neutron pool objects
2019-11-20 06:32:56.662 27676 RALLYDEBUG rally_openstack.cleanup.manager [-] Cleaning up neutron loadbalancer objects
2019-11-20 06:32:57.031 27676 RALLYDEBUG rally_openstack.cleanup.manager [-] Cleaning up neutron floatingip objects
2019-11-20 06:32:57.427 27676 RALLYDEBUG rally_openstack.cleanup.manager [-] Cleaning up neutron trunk objects
2019-11-20 06:32:57.799 27676 RALLYDEBUG rally_openstack.cleanup.manager [-] Cleaning up neutron port objects
2019-11-20 06:32:58.739 27676 RALLYDEBUG rally_openstack.cleanup.manager [-] Deleting neutron.port object s_rally_520176ef_DxjoDuUS (00b6fa19-ba99-4ae3-b77a-2bba249929dd)
2019-11-20 06:32:58.747 27676 RALLYDEBUG rally_openstack.cleanup.manager [-] Deleting neutron.port object s_rally_520176ef_NoATPAoU (011e1b10-128d-40c2-8dd9-deaef8a1e71c)
2019-11-20 06:32:58.756 27676 RALLYDEBUG rally_openstack.cleanup.manager [-] Deleting neutron.port object s_rally_520176ef_8W0Z3shj (01a4f328-8425-4ac0-ab17-9a309b058de5)
2019-11-20 06:32:58.760 27676 RALLYDEBUG rally_openstack.cleanup.manager [-] Deleting neutron.port object s_rally_520176ef_vuaRH0dG (02236303-5918-4571-a870-d0a31e777a87)
2019-11-20 06:32:58.769 27676 RALLYDEBUG rally_openstack.cleanup.manager [-] Deleting neutron.port object s_rally_520176ef_GDB0FtJu (06f0feda-345c-44ef-abbc-2c78af34501f)
2019-11-20 06:32:58.779 27676 RALLYDEBUG rally_openstack.cleanup.manager [-] Deleting neutron.port object s_rally_520176ef_ceyp054s (0953d8e2-2d95-481d-ae56-66e0f540b444)
2019-11-20 06:32:58.789 27676 RALLYDEBUG rally_openstack.cleanup.manager [-] Deleting neutron.port object s_rally_520176ef_rcETY687 (0a24ad93-5c1d-451b-b5bb-05574c67ae56)
2019-11-20 06:32:58.793 27676 RALLYDEBUG rally_openstack.cleanup.manager [-] Deleting neutron.port object s_rally_520176ef_8UQt4KV5 (0b3ccf4b-5e7e-4d0a-b238-385623821919)
2019-11-20 06:32:58.813 27676 RALLYDEBUG rally_openstack.cleanup.manager [-] Deleting neutron.port object s_rally_520176ef_5B1JW1rb (0ca9688f-33e6-49d6-a810-30e0bf12ae3f)
2019-11-20 06:32:58.827 27676 RALLYDEBUG rally_openstack.cleanup.manager [-] Deleting neutron.port object s_rally_520176ef_fmxBlCcn (0d73ca53-14fa-4f16-9a62-680da5ce1dcf)
2019-11-20 06:32:58.836 27676 RALLYDEBUG rally_openstack.cleanup.manager [-] Deleting neutron.port object s_rally_520176ef_adKam6uh (0fb8cdc2-9c71-48bb-8aa3-523c7c3d33fa)
2019-11-20 06:32:58.844 27676 RALLYDEBUG rally_openstack.cleanup.manager [-] Deleting neutron.port object s_rally_520176ef_s8pqVAtt (1095b94a-5377-43a7-b54d-a145ad3d9550)
2019-11-20 06:32:58.861 27676 RALLYDEBUG rally_openstack.cleanup.manager [-] Deleting neutron.port object s_rally_520176ef_SeYlFCVu (12110733-589c-4088-b8ef-d8ec6bc5850e)
2019-11-20 06:32:58.870 27676 RALLYDEBUG rally_openstack.cleanup.manager [-] Deleting neutron.port object s_rally_520176ef_tE60IIZo (12a785f1-4d54-4210-9c76-d9c2917200c3)
2019-11-20 06:32:58.881 27676 RALLYDEBUG rally_openstack.cleanup.manager [-] Deleting neutron.port object s_rally_520176ef_fVBgh8f1 (1412270d-7af8-4515-9a47-76271a2748bb)
2019-11-20 06:32:58.890 27676 RALLYDEBUG rally_openstack.cleanup.manager [-] Deleting neutron.port object s_rally_520176ef_yNNueU8c (17347b04-79c7-4d4d-ba86-bc8e45151d0b)
2019-11-20 06:32:58.908 27676 RALLYDEBUG rally_openstack.cleanup.manager [-] Deleting neutron.port object s_rally_520176ef_jPfuryxA (173a9921-762b-4447-874e-af80ebf433b3)
2019-11-20 06:32:58.946 27676 RALLYDEBUG rally_openstack.cleanup.manager [-] Deleting neutron.port object s_rally_520176ef_KuGlXN0u (18f4e090-5ce3-49aa-a49d-06c37cb77843)
2019-11-20 06:32:58.955 27676 RALLYDEBUG rally_openstack.cleanup.manager [-] Deleting neutron.port object s_rally_520176ef_Tc3g8QPe (195557e0-0d72-4ef6-9889-2535588ea389)
2019-11-20 06:32:58.975 27676 RALLYDEBUG rally_openstack.cleanup.manager [-] Deleting neutron.port object s_rally_520176ef_qS2LeAen (199023a8-1388-463f-b84b-e79ebbf382db)
2019-11-20 06:33:00.624 27676 RALLYDEBUG rally_openstack.cleanup.manager [-] Deleting neutron.port object s_rally_520176ef_hpuH0pfF (19be481d-9cff-4193-bf6d-e37e096a9c13)
2019-11-20 06:33:00.729 27676 RALLYDEBUG rally_openstack.cleanup.manager [-] Deleting neutron.port object s_rally_520176ef_PymRK1Mo (1d5fe665-71d5-4588-ae03-26b6a382e163)
2019-11-20 06:33:00.858 27676 RALLYDEBUG rally_openstack.cleanup.manager [-] Deleting neutron.port object s_rally_520176ef_ayDm6Gcw (1d68076a-6cdd-4483-9d2f-9efbf536fa14)
2019-11-20 06:33:00.862 27676 RALLYDEBUG rally_openstack.cleanup.manager [-] Deleting neutron.port object s_rally_520176ef_KgBNoFhO (1d93c11f-efa5-4c91-80c9-cd81601b2081)
2019-11-20 06:33:00.916 27676 RALLYDEBUG rally_openstack.cleanup.manager [-] Deleting neutron.port object s_rally_520176ef_wZOwoEdp (1dfa80aa-a3cd-45e2-825b-c488d8dd3f34)
2019-11-20 06:33:01.004 27676 RALLYDEBUG rally_openstack.cleanup.manager [-] Deleting neutron.port object s_rally_520176ef_aXTmMesU (1eaeba49-c7a4-485b-8cd6-f52e0fe8df7b)
2019-11-20 06:33:01.038 27676 RALLYDEBUG rally_openstack.cleanup.manager [-] Deleting neutron.port object s_rally_520176ef_Lf84GOEk (1fe032bf-09b7-43ff-86dc-07b3f13577db)
2019-11-20 06:33:01.043 27676 RALLYDEBUG rally_openstack.cleanup.manager [-] Deleting neutron.port object s_rally_520176ef_2OuQwkQz (21f41c03-3e60-4cb0-9b0b-ea688e109610)
2019-11-20 06:33:01.046 27676 RALLYDEBUG rally_openstack.cleanup.manager [-] Deleting neutron.port object s_rally_520176ef_y3mFewiY (2299c4db-d941-46c4-a4a2-2245f8cd17f3)
2019-11-20 06:33:01.091 27676 RALLYDEBUG rally_openstack.cleanup.manager [-] Deleting neutron.port object s_rally_520176ef_JzBW8CMV (23d00920-8a39-4382-888d-1ff3847bd9ab)
2019-11-20 06:33:01.107 27676 RALLYDEBUG rally_openstack.cleanup.manager [-] Deleting neutron.port object s_rally_520176ef_FxyvaLQO (248956e4-48be-4d8f-82c1-f1606f4e84ef)
2019-11-20 06:33:01.114 27676 RALLYDEBUG rally_openstack.cleanup.manager [-] Deleting neutron.port object s_rally_520176ef_TYm8K3od (24fb6205-bdb2-4efd-8530-c3a6d0c475bf)
2019-11-20 06:33:01.189 27676 RALLYDEBUG rally_openstack.cleanup.manager [-] Deleting neutron.port object s_rally_520176ef_m61KU6qu (255c2001-c4bf-459c-8e0b-3991333a6d31)
2019-11-20 06:33:01.212 27676 RALLYDEBUG rally_openstack.cleanup.manager [-] Deleting neutron.port object s_rally_520176ef_S7E1GLA2 (27919846-4e77-4598-aa51-59357d36c672)
2019-11-20 06:33:01.266 27676 RALLYDEBUG rally_openstack.cleanup.manager [-] Deleting neutron.port object s_rally_520176ef_BNssYgY9 (27c0298f-e4fc-490d-958d-4b3d3fc8082c)
2019-11-20 06:33:01.270 27676 RALLYDEBUG rally_openstack.cleanup.manager [-] Deleting neutron.port object s_rally_520176ef_KI9ItoyL (28f9f7c6-6e08-484a-bc9e-9bd0e4658cde)
2019-11-20 06:33:01.289 27676 RALLYDEBUG rally_openstack.cleanup.manager [-] Deleting neutron.port object s_rally_520176ef_GTpUHl7C (28fa08da-41ad-4930-84b4-1ab24979b527)
2019-11-20 06:33:01.344 27676 RALLYDEBUG rally_openstack.cleanup.manager [-] Deleting neutron.port object s_rally_520176ef_0looAoL9 (299c627d-7f37-477f-9627-d9c2a9281afe)
2019-11-20 06:33:01.434 27676 RALLYDEBUG rally_openstack.cleanup.manager [-] Deleting neutron.port object s_rally_520176ef_VmO0AdUb (2a702125-b57e-456a-8b2a-85a0d8193430)
2019-11-20 06:33:01.453 27676 RALLYDEBUG rally_openstack.cleanup.manager [-] Deleting neutron.port object s_rally_520176ef_dLoIvWxl (2b0fc171-575f-4baf-b0b4-11cca5ac0eed)
2019-11-20 06:33:02.519 27676 RALLYDEBUG rally_openstack.cleanup.manager [-] Deleting neutron.port object s_rally_520176ef_kGnTwApd (2cc95b54-213f-43f0-b5a2-77a430bfbcaf)
2019-11-20 06:33:02.576 27676 RALLYDEBUG rally_openstack.cleanup.manager [-] Deleting neutron.port object s_rally_520176ef_1HSRtDGy (30378eda-1592-4fd3-9b2c-216aa5cfeeec)
2019-11-20 06:33:02.617 27676 RALLYDEBUG rally_openstack.cleanup.manager [-] Deleting neutron.port object s_rally_520176ef_NlssimCn (3039c4e7-47e2-4606-bb66-5af8eb0c847e)
2019-11-20 06:33:02.774 27676 RALLYDEBUG rally_openstack.cleanup.manager [-] Deleting neutron.port object s_rally_520176ef_Y3FrV1lQ (30c1ab45-ba30-47f5-a8dd-e09ea25bd08b)
2019-11-20 06:33:02.839 27676 RALLYDEBUG rally_openstack.cleanup.manager [-] Deleting neutron.port object s_rally_520176ef_rEBjwQDZ (30d728a7-6de5-4efe-a19b-17a4bebad7cb)
2019-11-20 06:33:02.965 27676 RALLYDEBUG rally_openstack.cleanup.manager [-] Deleting neutron.port object s_rally_520176ef_jPYkWhrq (30fb1387-38c7-4a4e-9330-82c22328b4a2)
2019-11-20 06:33:03.048 27676 RALLYDEBUG rally_openstack.cleanup.manager [-] Deleting neutron.port object s_rally_520176ef_HQaYM9UX (31012841-7b59-44e3-8a38-9e9c5adfb977)
2019-11-20 06:33:03.108 27676 RALLYDEBUG rally_openstack.cleanup.manager [-] Deleting neutron.port object s_rally_520176ef_UOLMwyFn (31a5d801-e7fa-453b-9b34-8199f36cb882)
2019-11-20 06:33:03.232 27676 RALLYDEBUG rally_openstack.cleanup.manager [-] Deleting neutron.port object s_rally_520176ef_niiV63ak (321a80f1-00cc-4139-947a-2cba9d15d2a9)
2019-11-20 06:33:03.236 27676 RALLYDEBUG rally_openstack.cleanup.manager [-] Deleting neutron.port object s_rally_520176ef_IOyAch3T (3272f8d4-1054-42b4-9b8b-171e77638cc1)
2019-11-20 06:33:03.249 27676 RALLYDEBUG rally_openstack.cleanup.manager [-] Deleting neutron.port object s_rally_520176ef_sqjNNdEe (330c55f6-136a-4369-bec0-6dd74fed22c0)
2019-11-20 06:33:03.258 27676 RALLYDEBUG rally_openstack.cleanup.manager [-] Deleting neutron.port object s_rally_520176ef_ESKyGiPn (330d1686-3ff1-4b19-befc-7f8f763d8e77)
2019-11-20 06:33:03.328 27676 RALLYDEBUG rally_openstack.cleanup.manager [-] Deleting neutron.port object s_rally_520176ef_aviRqnVY (331dfa5b-ea84-45f4-9c83-8b2a48fd8b70)
2019-11-20 06:33:03.413 27676 RALLYDEBUG rally_openstack.cleanup.manager [-] Deleting neutron.port object s_rally_520176ef_gGeyAcxL (34b5ca5d-3280-4e2d-bad9-2a1d6775aa9a)
2019-11-20 06:33:03.422 27676 RALLYDEBUG rally_openstack.cleanup.manager [-] Deleting neutron.port object s_rally_520176ef_InYThTyr (3566d6c3-7ab1-476f-8507-774f6a5c8d12)
2019-11-20 06:33:03.522 27676 RALLYDEBUG rally_openstack.cleanup.manager [-] Deleting neutron.port object s_rally_520176ef_ytqasjv9 (36fd0008-9d8c-495f-b033-f3e8ad3ca8aa)
2019-11-20 06:33:03.708 27676 RALLYDEBUG rally_openstack.cleanup.manager [-] Deleting neutron.port object s_rally_520176ef_7klliN8l (38e00146-dd11-48ef-a90a-b8b14afccf91)
2019-11-20 06:33:03.717 27676 RALLYDEBUG rally_openstack.cleanup.manager [-] Deleting neutron.port object s_rally_520176ef_sZUsQlz7 (3abb74f6-cabe-4308-814d-e0734324c7c3)
2019-11-20 06:33:03.722 27676 RALLYDEBUG rally_openstack.cleanup.manager [-] Deleting neutron.port object s_rally_520176ef_OqQ6kkCA (3bc07adc-d23d-4d93-b381-a88dcae255fb)
2019-11-20 06:33:03.731 27676 RALLYDEBUG rally_openstack.cleanup.manager [-] Deleting neutron.port object s_rally_520176ef_Vanjy36e (3d38eab8-4f56-4a46-ba06-9cb79cb43616)
2019-11-20 06:33:04.340 27676 RALLYDEBUG rally_openstack.cleanup.manager [-] Deleting neutron.port object s_rally_520176ef_PzMNBCDc (3d44078e-8f9f-4a7b-acc3-581fa2ba6eba)
2019-11-20 06:33:04.378 27676 RALLYDEBUG rally_openstack.cleanup.manager [-] Deleting neutron.port object s_rally_520176ef_DXUAAaBy (3da848c4-e903-4fe8-872e-24ef87e615c6)
