2019-11-20 06:33:04.642 27676 RALLYDEBUG rally_openstack.cleanup.manager [-] Deleting neutron.port object s_rally_520176ef_76ZChScu (3e558f88-7caa-47a7-b49a-8d3a732fc1cf)
2019-11-20 06:33:04.695 27676 RALLYDEBUG rally_openstack.cleanup.manager [-] Deleting neutron.port object s_rally_520176ef_IBPYaABu (41ce7c53-fb37-429a-94af-f3e31923475c)
2019-11-20 06:33:04.804 27676 RALLYDEBUG rally_openstack.cleanup.manager [-] Deleting neutron.port object s_rally_520176ef_7JNwSfnU (41d29ed8-faf3-423d-bae1-dacdb30631e2)
2019-11-20 06:33:04.866 27676 RALLYDEBUG rally_openstack.cleanup.manager [-] Deleting neutron.port object s_rally_520176ef_mcF41Rwp (4378fcf6-b440-4bce-9d11-5b02d824ad86)
2019-11-20 06:33:04.951 27676 RALLYDEBUG rally_openstack.cleanup.manager [-] Deleting neutron.port object s_rally_520176ef_8r3yxEoG (4571c03f-8096-4f4c-978c-0e2d4168178d)
2019-11-20 06:33:05.028 27676 RALLYDEBUG rally_openstack.cleanup.manager [-] Deleting neutron.port object s_rally_520176ef_pMYS1Jla (45cea266-70d0-4758-a3f4-98bbd8627896)
2019-11-20 06:33:05.032 27676 RALLYDEBUG rally_openstack.cleanup.manager [-] Deleting neutron.port object s_rally_520176ef_JpM6Nnr3 (4612e778-3771-403d-a38b-457db33ddcad)
2019-11-20 06:33:05.041 27676 RALLYDEBUG rally_openstack.cleanup.manager [-] Deleting neutron.port object s_rally_520176ef_nc1PRN8N (486d80e5-5353-4f50-9edb-6f3a8b413ecd)
2019-11-20 06:33:05.215 27676 RALLYDEBUG rally_openstack.cleanup.manager [-] Deleting neutron.port object s_rally_520176ef_QttHP9uK (4a17f109-4c2b-4c5b-988a-355da7199a71)
2019-11-20 06:33:05.246 27676 RALLYDEBUG rally_openstack.cleanup.manager [-] Deleting neutron.port object s_rally_520176ef_to52snpi (4afbe83d-1639-43c4-90f8-591e19e0e053)
2019-11-20 06:33:05.261 27676 RALLYDEBUG rally_openstack.cleanup.manager [-] Deleting neutron.port object s_rally_520176ef_bCgIMWsx (4c789239-43d7-452c-8f7f-fa83e3d2230f)
2019-11-20 06:33:05.298 27676 RALLYDEBUG rally_openstack.cleanup.manager [-] Deleting neutron.port object s_rally_520176ef_s6J6MCfB (4f02f44b-9ed7-4bd2-9193-4674b8654548)
2019-11-20 06:33:05.308 27676 RALLYDEBUG rally_openstack.cleanup.manager [-] Deleting neutron.port object s_rally_520176ef_dw5LVl13 (4f9b3533-6453-4ae5-8647-e693fca342b2)
2019-11-20 06:33:05.377 27676 RALLYDEBUG rally_openstack.cleanup.manager [-] Deleting neutron.port object s_rally_520176ef_AyogZjTH (4fac9a0c-c878-40eb-974b-95fb90b418d5)
2019-11-20 06:33:05.478 27676 RALLYDEBUG rally_openstack.cleanup.manager [-] Deleting neutron.port object s_rally_520176ef_Dl33t8VN (5204e42f-d5da-4bc5-a171-1cf61f42f269)
2019-11-20 06:33:05.486 27676 RALLYDEBUG rally_openstack.cleanup.manager [-] Deleting neutron.port object s_rally_520176ef_JNc26KjE (5342bee7-aa5e-4dd7-982c-8eb3405d5fcb)
2019-11-20 06:33:05.557 27676 RALLYDEBUG rally_openstack.cleanup.manager [-] Deleting neutron.port object s_rally_520176ef_22eGdgRs (53dc2f5b-b4e7-4d93-88ed-f23c56af30b1)
2019-11-20 06:33:05.766 27676 RALLYDEBUG rally_openstack.cleanup.manager [-] Deleting neutron.port object s_rally_520176ef_Dc2EsMCD (548ad7d5-bce0-41b4-be37-8c697e39b776)
2019-11-20 06:33:06.094 27676 RALLYDEBUG rally_openstack.cleanup.manager [-] Deleting neutron.port object s_rally_520176ef_9GRHGDM8 (54973fd3-5de8-4621-b58a-2e5f5f4690f5)
2019-11-20 06:33:06.337 27676 RALLYDEBUG rally_openstack.cleanup.manager [-] Deleting neutron.port object s_rally_520176ef_QBSBkOfw (55b74396-dc9e-450d-bbef-71bbda9b6aba)
2019-11-20 06:33:06.373 27676 RALLYDEBUG rally_openstack.cleanup.manager [-] Deleting neutron.port object s_rally_520176ef_xaQsn6Rl (5634928b-1615-4220-ab8b-6cb94a5e5ef7)
2019-11-20 06:33:06.431 27676 RALLYDEBUG rally_openstack.cleanup.manager [-] Deleting neutron.port object s_rally_520176ef_2ddhPmRZ (56457121-efa2-4c18-afdd-7113a1774c6d)
2019-11-20 06:33:06.481 27676 RALLYDEBUG rally_openstack.cleanup.manager [-] Deleting neutron.port object s_rally_520176ef_vJUTAyRz (577a33a3-9481-441e-b77e-c91f399725d3)
2019-11-20 06:33:06.755 27676 RALLYDEBUG rally_openstack.cleanup.manager [-] Deleting neutron.port object s_rally_520176ef_kz5D2Zjl (5a5177cb-a7ef-4656-a17c-dcf7ad292524)
2019-11-20 06:33:06.824 27676 RALLYDEBUG rally_openstack.cleanup.manager [-] Deleting neutron.port object s_rally_520176ef_ZwpTr29e (5c77714e-3b8e-4282-8e39-e29fffd084e0)
2019-11-20 06:33:06.915 27676 RALLYDEBUG rally_openstack.cleanup.manager [-] Deleting neutron.port object s_rally_520176ef_dDjUKTa2 (5e37a466-520a-4ede-8510-c72131d03248)
2019-11-20 06:33:07.048 27676 RALLYDEBUG rally_openstack.cleanup.manager [-] Deleting neutron.port object s_rally_520176ef_Ey47fe44 (5e6f0c45-0dd1-423b-b58c-df056fae3d5a)
2019-11-20 06:33:07.093 27676 RALLYDEBUG rally_openstack.cleanup.manager [-] Deleting neutron.port object s_rally_520176ef_51yDDOOb (5f7cf4bb-ec18-4577-84e7-25d7130ad23d)
2019-11-20 06:33:07.142 27676 RALLYDEBUG rally_openstack.cleanup.manager [-] Deleting neutron.port object s_rally_520176ef_1FYoQYsY (610172e5-79c6-4367-9afe-5dd891b01eaf)
2019-11-20 06:33:07.186 27676 RALLYDEBUG rally_openstack.cleanup.manager [-] Deleting neutron.port object s_rally_520176ef_BdEMIbUQ (622fadeb-3482-4dfb-9926-016f8b6a7f7e)
2019-11-20 06:33:07.268 27676 RALLYDEBUG rally_openstack.cleanup.manager [-] Deleting neutron.port object s_rally_520176ef_2BKt2rOB (64c86a18-9166-47db-81f9-7586bd8b049e)
2019-11-20 06:33:07.283 27676 RALLYDEBUG rally_openstack.cleanup.manager [-] Deleting neutron.port object s_rally_520176ef_0jKpLBy5 (64f34676-d663-4707-bf33-cd5a629e546f)
2019-11-20 06:33:07.474 27676 RALLYDEBUG rally_openstack.cleanup.manager [-] Deleting neutron.port object s_rally_520176ef_XZEOXRuO (65d79734-2e9a-4012-9eed-79e8143167a1)
2019-11-20 06:33:07.498 27676 RALLYDEBUG rally_openstack.cleanup.manager [-] Deleting neutron.port object s_rally_520176ef_nh5k7us2 (66f4588a-b216-4fbd-8da2-cd463ae992ae)
2019-11-20 06:33:07.661 27676 RALLYDEBUG rally_openstack.cleanup.manager [-] Deleting neutron.port object s_rally_520176ef_wJTuHbb1 (679bc3c7-e739-428b-8fb9-61c9bfa261c0)
2019-11-20 06:33:07.768 27676 RALLYDEBUG rally_openstack.cleanup.manager [-] Deleting neutron.port object s_rally_520176ef_PPxCOg5O (67d6d126-0dae-4f1e-acb4-cf919a560eac)
2019-11-20 06:33:07.805 27676 RALLYDEBUG rally_openstack.cleanup.manager [-] Deleting neutron.port object s_rally_520176ef_CMyrTxSN (681bd25a-3140-41b5-9200-e88c16e4c271)
2019-11-20 06:33:07.820 27676 RALLYDEBUG rally_openstack.cleanup.manager [-] Deleting neutron.port object s_rally_520176ef_yxsBlBcz (69c8bd9e-3941-4233-9a0f-519d595e449e)
2019-11-20 06:33:07.926 27676 RALLYDEBUG rally_openstack.cleanup.manager [-] Deleting neutron.port object s_rally_520176ef_QnbZpwBs (6dd68784-bca4-4e5e-9a59-3cf7f5f7f166)
2019-11-20 06:33:08.069 27676 RALLYDEBUG rally_openstack.cleanup.manager [-] Deleting neutron.port object s_rally_520176ef_WtFTvEUQ (6f4059a8-01d7-4c08-8f43-f5d4586314a2)
2019-11-20 06:33:08.141 27676 RALLYDEBUG rally_openstack.cleanup.manager [-] Deleting neutron.port object s_rally_520176ef_XdYDXFI4 (70d80fa7-ebbd-4ef6-9b2f-5840aa342c71)
2019-11-20 06:33:08.241 27676 RALLYDEBUG rally_openstack.cleanup.manager [-] Deleting neutron.port object s_rally_520176ef_fWBpi6DD (74c2a35c-2e57-4366-8c67-019d657566b7)
2019-11-20 06:33:08.386 27676 RALLYDEBUG rally_openstack.cleanup.manager [-] Deleting neutron.port object s_rally_520176ef_thWwV9Mc (758fb780-e2e7-4f7b-b6cc-9c98bb1f6313)
2019-11-20 06:33:08.681 27676 RALLYDEBUG rally_openstack.cleanup.manager [-] Deleting neutron.port object s_rally_520176ef_nLdtmmWe (773dfdde-bc1e-43af-80e5-ff73f386be0b)
2019-11-20 06:33:08.742 27676 RALLYDEBUG rally_openstack.cleanup.manager [-] Deleting neutron.port object s_rally_520176ef_MveEVrF8 (8028979b-55f3-423c-bad0-74d383f65159)
2019-11-20 06:33:08.792 27676 RALLYDEBUG rally_openstack.cleanup.manager [-] Deleting neutron.port object s_rally_520176ef_FQAwRDfi (807385a9-7c28-48f7-a1fd-fa17d0cd2e94)
2019-11-20 06:33:08.800 27676 RALLYDEBUG rally_openstack.cleanup.manager [-] Deleting neutron.port object s_rally_520176ef_lJkFw4EL (80903dcd-fdd4-4e54-83c5-fa18d95c48cb)
2019-11-20 06:33:08.852 27676 RALLYDEBUG rally_openstack.cleanup.manager [-] Deleting neutron.port object s_rally_520176ef_hUE8SQwj (81013db2-42b1-42bd-bf79-b4b90e173dfc)
2019-11-20 06:33:08.904 27676 RALLYDEBUG rally_openstack.cleanup.manager [-] Deleting neutron.port object s_rally_520176ef_Fi9rD8dW (853f2535-56f8-4d60-8626-5c1463dcbce5)
2019-11-20 06:33:09.011 27676 RALLYDEBUG rally_openstack.cleanup.manager [-] Deleting neutron.port object s_rally_520176ef_3DmAN98d (86dad451-f127-4bd2-b929-0e8cce532fdf)
2019-11-20 06:33:09.028 27676 RALLYDEBUG rally_openstack.cleanup.manager [-] Deleting neutron.port object s_rally_520176ef_CYcVT0CD (86e43046-a05d-4611-a4f0-c0b0a5104bee)
2019-11-20 06:33:09.225 27676 RALLYDEBUG rally_openstack.cleanup.manager [-] Deleting neutron.port object s_rally_520176ef_vJRKGTUL (88dcbf2c-77c6-44db-a0c2-77a119c5f86c)
2019-11-20 06:33:09.255 27676 RALLYDEBUG rally_openstack.cleanup.manager [-] Deleting neutron.port object s_rally_520176ef_KJRERhPz (896d0364-5f80-4386-9c92-e651796dd344)
2019-11-20 06:33:09.364 27676 RALLYDEBUG rally_openstack.cleanup.manager [-] Deleting neutron.port object s_rally_520176ef_Vw1lC4MF (89ca8d41-1363-44aa-9c19-2539cb27af29)
2019-11-20 06:33:09.373 27676 RALLYDEBUG rally_openstack.cleanup.manager [-] Deleting neutron.port object s_rally_520176ef_TuihY26I (89d62bdf-6419-49e7-a138-8d4df943f9e6)
2019-11-20 06:33:09.564 27676 RALLYDEBUG rally_openstack.cleanup.manager [-] Deleting neutron.port object s_rally_520176ef_XYrs2esI (8b539acc-e875-4f54-9939-1ca96386f7f4)
2019-11-20 06:33:09.618 27676 RALLYDEBUG rally_openstack.cleanup.manager [-] Deleting neutron.port object s_rally_520176ef_r4oINMw6 (8bd36045-6d62-4074-ac65-a66c70268990)
2019-11-20 06:33:09.722 27676 RALLYDEBUG rally_openstack.cleanup.manager [-] Deleting neutron.port object s_rally_520176ef_emCAM8xr (8c9a1ab2-4d81-4652-bb9c-b2c53669719e)
2019-11-20 06:33:09.781 27676 RALLYDEBUG rally_openstack.cleanup.manager [-] Deleting neutron.port object s_rally_520176ef_nYTXMvEX (8fe5f09a-cd56-41ad-ad11-331df80e5c8b)
2019-11-20 06:33:09.797 27676 RALLYDEBUG rally_openstack.cleanup.manager [-] Deleting neutron.port object s_rally_520176ef_HlEprqkm (90fd3a95-a1ef-44c5-aabc-a4ef348d768e)
2019-11-20 06:33:09.972 27676 RALLYDEBUG rally_openstack.cleanup.manager [-] Deleting neutron.port object s_rally_520176ef_G3fctZsM (910f5035-3ee1-4dc7-a00a-2b908fec28d7)
2019-11-20 06:33:10.182 27676 RALLYDEBUG rally_openstack.cleanup.manager [-] Deleting neutron.port object s_rally_520176ef_W9XG7bkG (92a1968e-27b4-487d-b5ff-26d4985f5378)
2019-11-20 06:33:10.434 27676 RALLYDEBUG rally_openstack.cleanup.manager [-] Deleting neutron.port object s_rally_520176ef_sQkDuywf (9391136c-5aae-4d94-93db-c6e3a8d4b71e)
2019-11-20 06:33:10.443 27676 RALLYDEBUG rally_openstack.cleanup.manager [-] Deleting neutron.port object s_rally_520176ef_8F85BgmD (94250444-6601-4c20-9110-231c4525cab6)
2019-11-20 06:33:10.514 27676 RALLYDEBUG rally_openstack.cleanup.manager [-] Deleting neutron.port object s_rally_520176ef_EXVYYPQ6 (949f7c61-b52d-4245-a0dd-a5244a0dee34)
2019-11-20 06:33:10.554 27676 RALLYDEBUG rally_openstack.cleanup.manager [-] Deleting neutron.port object s_rally_520176ef_Pxja7Es9 (960290ca-ee6d-491d-8dc7-48ec31f44251)
2019-11-20 06:33:10.582 27676 RALLYDEBUG rally_openstack.cleanup.manager [-] Deleting neutron.port object s_rally_520176ef_dzwNIV21 (98b2c59b-e1af-4e2f-83e7-eb98b1a860cf)
2019-11-20 06:33:10.662 27676 RALLYDEBUG rally_openstack.cleanup.manager [-] Deleting neutron.port object s_rally_520176ef_mgKq2FGx (98b54745-5f12-4af3-9d9b-6bab50fee86d)
2019-11-20 06:33:10.731 27676 RALLYDEBUG rally_openstack.cleanup.manager [-] Deleting neutron.port object s_rally_520176ef_FqobxZt8 (98dc0b59-cc44-4208-88fe-48b978ee3a16)
2019-11-20 06:33:10.786 27676 RALLYDEBUG rally_openstack.cleanup.manager [-] Deleting neutron.port object s_rally_520176ef_9VWvENfp (9925943d-b7c5-4870-8b62-c27490a13602)
2019-11-20 06:33:10.812 27676 RALLYDEBUG rally_openstack.cleanup.manager [-] Deleting neutron.port object s_rally_520176ef_9Oh5SB8I (9abf56ba-ede3-4ec9-b89c-e93d97797662)
2019-11-20 06:33:10.976 27676 RALLYDEBUG rally_openstack.cleanup.manager [-] Deleting neutron.port object s_rally_520176ef_rtJet5I4 (9d24e549-2770-488e-9cba-d28bb3f0e6b1)
2019-11-20 06:33:11.021 27676 RALLYDEBUG rally_openstack.cleanup.manager [-] Deleting neutron.port object s_rally_520176ef_ZV7drO8r (9df3a05b-72d6-463f-8aa6-0ceb0fdc3ecb)
2019-11-20 06:33:11.107 27676 RALLYDEBUG rally_openstack.cleanup.manager [-] Deleting neutron.port object s_rally_520176ef_OXsAvpFO (9f6e651d-e559-4e78-8f10-1c968451dbee)
2019-11-20 06:33:11.117 27676 RALLYDEBUG rally_openstack.cleanup.manager [-] Deleting neutron.port object s_rally_520176ef_ub4quEgN (9faf2424-afa1-4717-94b4-9ee8715f56cc)
2019-11-20 06:33:11.286 27676 RALLYDEBUG rally_openstack.cleanup.manager [-] Deleting neutron.port object s_rally_520176ef_NjaM7ZTm (a17fbf05-abdf-4775-a4d2-75c6d8c37f71)
2019-11-20 06:33:11.307 27676 RALLYDEBUG rally_openstack.cleanup.manager [-] Deleting neutron.port object s_rally_520176ef_c7I0G68u (a1ec595c-34fd-4dae-8404-86e9d15c4ee0)
2019-11-20 06:33:11.417 27676 RALLYDEBUG rally_openstack.cleanup.manager [-] Deleting neutron.port object s_rally_520176ef_FfmcnK4n (a2e30def-b5d6-4dcd-80a1-6786e633f76c)
2019-11-20 06:33:11.495 27676 RALLYDEBUG rally_openstack.cleanup.manager [-] Deleting neutron.port object s_rally_520176ef_kDA7Iheb (a6618271-bf81-4df1-999f-5bc88a160187)
2019-11-20 06:33:11.506 27676 RALLYDEBUG rally_openstack.cleanup.manager [-] Deleting neutron.port object s_rally_520176ef_UrvIRGTW (a6f959ff-a834-4d33-bea2-b59aa5e60480)
2019-11-20 06:33:11.682 27676 RALLYDEBUG rally_openstack.cleanup.manager [-] Deleting neutron.port object s_rally_520176ef_oV3VxOOv (a6fdf0bd-7f0e-46ea-8711-c0b5ad6093e0)
2019-11-20 06:33:12.170 27676 RALLYDEBUG rally_openstack.cleanup.manager [-] Deleting neutron.port object s_rally_520176ef_TcMCSwBC (a800c7bd-a251-40f2-bb7b-b48e3bb976f1)
2019-11-20 06:33:12.241 27676 RALLYDEBUG rally_openstack.cleanup.manager [-] Deleting neutron.port object s_rally_520176ef_knz8Fsx0 (aab7393a-d4a4-4b0b-9656-120ed2b86003)
2019-11-20 06:33:12.302 27676 RALLYDEBUG rally_openstack.cleanup.manager [-] Deleting neutron.port object s_rally_520176ef_lus6y3oZ (ab4fd0ba-79da-471b-b2b8-62acb2e1e7d8)
2019-11-20 06:33:12.410 27676 RALLYDEBUG rally_openstack.cleanup.manager [-] Deleting neutron.port object s_rally_520176ef_zrBZLiku (ae37f834-6101-480f-8524-7a41148246cb)
2019-11-20 06:33:12.487 27676 RALLYDEBUG rally_openstack.cleanup.manager [-] Deleting neutron.port object s_rally_520176ef_UXKyAZM6 (b10a20ce-0372-4539-9fd2-f729979d1192)
2019-11-20 06:33:12.569 27676 RALLYDEBUG rally_openstack.cleanup.manager [-] Deleting neutron.port object s_rally_520176ef_anpKmJH5 (b1ac64c3-de4c-4c39-b53c-6c78e10c6bec)
2019-11-20 06:33:12.653 27676 RALLYDEBUG rally_openstack.cleanup.manager [-] Deleting neutron.port object s_rally_520176ef_qCWjposk (b1df00a2-c957-45aa-a154-29464b8b5177)
2019-11-20 06:33:12.751 27676 RALLYDEBUG rally_openstack.cleanup.manager [-] Deleting neutron.port object s_rally_520176ef_mDaoOHqA (b2bb5dd3-6a44-4bd9-a6ab-ba43419b9cf7)
2019-11-20 06:33:12.780 27676 RALLYDEBUG rally_openstack.cleanup.manager [-] Deleting neutron.port object s_rally_520176ef_UwBHnpqx (b3120c09-ff2b-4136-b6d0-90ac5e5312af)
2019-11-20 06:33:12.819 27676 RALLYDEBUG rally_openstack.cleanup.manager [-] Deleting neutron.port object s_rally_520176ef_RsyCPSA3 (b3aa9077-0679-4577-b831-fa9d819f52e6)
2019-11-20 06:33:12.923 27676 RALLYDEBUG rally_openstack.cleanup.manager [-] Deleting neutron.port object s_rally_520176ef_u6L9k8pL (b602604e-94e9-4dce-b28a-dbccf82a005c)
2019-11-20 06:33:12.942 27676 RALLYDEBUG rally_openstack.cleanup.manager [-] Deleting neutron.port object s_rally_520176ef_MIqKluBO (b63403a8-7d7f-4551-99a0-608f3e4292d6)
2019-11-20 06:33:12.972 27676 RALLYDEBUG rally_openstack.cleanup.manager [-] Deleting neutron.port object s_rally_520176ef_DYLCBxVF (b7eb3dc0-615a-4bb0-ab1c-388d83820cca)
2019-11-20 06:33:12.991 27676 RALLYDEBUG rally_openstack.cleanup.manager [-] Deleting neutron.port object s_rally_520176ef_suIqwBAC (b815a207-2da6-4c7c-b42d-deba0a87a69f)
2019-11-20 06:33:13.108 27676 RALLYDEBUG rally_openstack.cleanup.manager [-] Deleting neutron.port object s_rally_520176ef_AapWGa8a (ba298b2a-c6c2-4459-bd54-3c13cfa57bd2)
2019-11-20 06:33:13.173 27676 RALLYDEBUG rally_openstack.cleanup.manager [-] Deleting neutron.port object s_rally_520176ef_sdcb6a2y (bb65ac6a-36ef-443e-8c71-35936bef5587)
2019-11-20 06:33:13.197 27676 RALLYDEBUG rally_openstack.cleanup.manager [-] Deleting neutron.port object s_rally_520176ef_seKaIKuT (bfc46118-8221-4ca5-b966-ddd6f2c0d934)
2019-11-20 06:33:13.264 27676 RALLYDEBUG rally_openstack.cleanup.manager [-] Deleting neutron.port object s_rally_520176ef_hPAHPdZt (c07d27ea-feb4-480c-8814-4d5721789224)
2019-11-20 06:33:13.314 27676 RALLYDEBUG rally_openstack.cleanup.manager [-] Deleting neutron.port object s_rally_520176ef_saIxpUcp (c1893aae-393a-41ff-9198-c2905ae061c8)
2019-11-20 06:33:13.669 27676 RALLYDEBUG rally_openstack.cleanup.manager [-] Deleting neutron.port object s_rally_520176ef_VQF51iA7 (c30c6c1c-7ba4-4d2b-9eea-442290def4a4)
2019-11-20 06:33:13.873 27676 RALLYDEBUG rally_openstack.cleanup.manager [-] Deleting neutron.port object s_rally_520176ef_Ld1SEu8r (c5b8d4f3-8a2f-46d5-87ef-927025b3cc78)
2019-11-20 06:33:13.954 27676 RALLYDEBUG rally_openstack.cleanup.manager [-] Deleting neutron.port object s_rally_520176ef_VFNVAQu2 (c6994b98-0bd1-41f7-9ced-9046733cb9ed)
2019-11-20 06:33:14.010 27676 RALLYDEBUG rally_openstack.cleanup.manager [-] Deleting neutron.port object s_rally_520176ef_nt3Z9rqJ (c6bbe991-77c2-4792-a3a8-f78430b49a3b)
2019-11-20 06:33:14.227 27676 RALLYDEBUG rally_openstack.cleanup.manager [-] Deleting neutron.port object s_rally_520176ef_Ym7ol275 (c72ecff7-6048-4355-81d6-4d90ecdfa797)
2019-11-20 06:33:14.283 27676 RALLYDEBUG rally_openstack.cleanup.manager [-] Deleting neutron.port object s_rally_520176ef_IzhjlIu6 (cc914d04-3f87-4d12-a69a-b34cee046416)
2019-11-20 06:33:14.299 27676 RALLYDEBUG rally_openstack.cleanup.manager [-] Deleting neutron.port object s_rally_520176ef_FuMC5X1Z (d05c5b64-168c-4495-af87-c095e10db81a)
2019-11-20 06:33:14.508 27676 RALLYDEBUG rally_openstack.cleanup.manager [-] Deleting neutron.port object s_rally_520176ef_AIsVRGbw (d08fca51-5946-4d47-bad7-7cabc94fa0ac)
2019-11-20 06:33:14.514 27676 RALLYDEBUG rally_openstack.cleanup.manager [-] Deleting neutron.port object s_rally_520176ef_onNXR69H (d1ec0f35-20ac-4de7-a23b-f983b90a4bb2)
2019-11-20 06:33:14.723 27676 RALLYDEBUG rally_openstack.cleanup.manager [-] Deleting neutron.port object s_rally_520176ef_RbIkwIBV (d2bf5e2a-dc7a-4677-b9ed-7e2f311494c7)
2019-11-20 06:33:14.739 27676 RALLYDEBUG rally_openstack.cleanup.manager [-] Deleting neutron.port object s_rally_520176ef_jTbPwv7W (d2e204f3-0f17-4039-a95a-c4bf4704949d)
2019-11-20 06:33:14.813 27676 RALLYDEBUG rally_openstack.cleanup.manager [-] Deleting neutron.port object s_rally_520176ef_ECfmuval (d33a0ea6-998e-40da-8d95-93837a98c5e6)
2019-11-20 06:33:14.816 27676 RALLYDEBUG rally_openstack.cleanup.manager [-] Deleting neutron.port object s_rally_520176ef_EqQAcYhr (da511b7b-0ea7-4f28-ac3b-2921680a331b)
2019-11-20 06:33:14.848 27676 RALLYDEBUG rally_openstack.cleanup.manager [-] Deleting neutron.port object s_rally_520176ef_K1Ye2bVB (dd4b5dc5-29fa-43ab-bdcd-7176ab3253a7)
2019-11-20 06:33:14.930 27676 RALLYDEBUG rally_openstack.cleanup.manager [-] Deleting neutron.port object s_rally_520176ef_v20vqORv (e48b3312-e5af-4a35-a2a9-9aa5cedc53f6)
2019-11-20 06:33:14.940 27676 RALLYDEBUG rally_openstack.cleanup.manager [-] Deleting neutron.port object s_rally_520176ef_XpPtXtz8 (e56cf14a-6fbf-4cc9-8e6b-d137592c5691)
2019-11-20 06:33:14.982 27676 RALLYDEBUG rally_openstack.cleanup.manager [-] Deleting neutron.port object s_rally_520176ef_Z0IfJGRC (e58a93a4-5523-463a-9648-48c0c094d8db)
2019-11-20 06:33:15.075 27676 RALLYDEBUG rally_openstack.cleanup.manager [-] Deleting neutron.port object s_rally_520176ef_ZhwbG4zz (e6d8988e-e1cd-49c7-a61c-5d2e10c6c7df)
2019-11-20 06:33:15.157 27676 RALLYDEBUG rally_openstack.cleanup.manager [-] Deleting neutron.port object s_rally_520176ef_E82jsDjB (e7bbc97a-004d-4f67-b677-3ecfb61abce5)
2019-11-20 06:33:15.261 27676 RALLYDEBUG rally_openstack.cleanup.manager [-] Deleting neutron.port object s_rally_520176ef_H3EpG5gw (ea2dfd57-5638-4b57-8a26-a7294249e1db)
2019-11-20 06:33:15.670 27676 RALLYDEBUG rally_openstack.cleanup.manager [-] Deleting neutron.port object s_rally_520176ef_LQ2PAFnY (eba1a54d-7ec0-436e-b403-588e0990f5d2)
2019-11-20 06:33:15.679 27676 RALLYDEBUG rally_openstack.cleanup.manager [-] Deleting neutron.port object s_rally_520176ef_E7FFU7Er (ebe1e1c9-588a-489d-9c12-47cd653799a7)
2019-11-20 06:33:15.714 27676 RALLYDEBUG rally_openstack.cleanup.manager [-] Deleting neutron.port object s_rally_520176ef_cdtUrcNn (ec6bb65c-8d2d-41f7-8dba-af04d2fb5558)
2019-11-20 06:33:15.818 27676 RALLYDEBUG rally_openstack.cleanup.manager [-] Deleting neutron.port object s_rally_520176ef_42NbYzbk (ee7ac30a-0b73-4034-bb5b-4d9be0aa3a0f)
2019-11-20 06:33:15.927 27676 RALLYDEBUG rally_openstack.cleanup.manager [-] Deleting neutron.port object s_rally_520176ef_MotxSQwv (f030f41b-d105-4a29-b8ed-9c784b8c0707)
2019-11-20 06:33:15.996 27676 RALLYDEBUG rally_openstack.cleanup.manager [-] Deleting neutron.port object s_rally_520176ef_dthyhyko (f0c0b915-f8a8-43c7-811a-ac98a6e0e69a)
2019-11-20 06:33:16.019 27676 RALLYDEBUG rally_openstack.cleanup.manager [-] Deleting neutron.port object s_rally_520176ef_ITN1YwR4 (f21f7dcb-7c05-4046-8234-8b28db503527)
2019-11-20 06:33:16.288 27676 RALLYDEBUG rally_openstack.cleanup.manager [-] Deleting neutron.port object s_rally_520176ef_BIUs5opT (f30e493d-f0b6-4326-89a9-6b50b7f99369)
2019-11-20 06:33:16.325 27676 RALLYDEBUG rally_openstack.cleanup.manager [-] Deleting neutron.port object s_rally_520176ef_zFCS9JMU (f3e84b10-ad98-475a-9925-837ec7e61f33)
2019-11-20 06:33:16.457 27676 RALLYDEBUG rally_openstack.cleanup.manager [-] Deleting neutron.port object s_rally_520176ef_ex77gFor (f658eec4-4fe2-43da-bc15-b6b02d66530c)
2019-11-20 06:33:16.718 27676 RALLYDEBUG rally_openstack.cleanup.manager [-] Deleting neutron.port object s_rally_520176ef_bgtaKfPl (f6b18486-c6dc-4126-a629-9c06d1e0ac2e)
2019-11-20 06:33:16.727 27676 RALLYDEBUG rally_openstack.cleanup.manager [-] Deleting neutron.port object s_rally_520176ef_4LIBpHOM (f74c0bf6-2439-4649-993e-80863ff008c9)
2019-11-20 06:33:16.797 27676 RALLYDEBUG rally_openstack.cleanup.manager [-] Deleting neutron.port object s_rally_520176ef_R01pTNGy (f8582c01-3fa3-4edb-9acf-2d623e858b7a)
2019-11-20 06:33:16.851 27676 RALLYDEBUG rally_openstack.cleanup.manager [-] Deleting neutron.port object s_rally_520176ef_uVgL6N4R (f8f1835c-2b65-4899-b683-95dfca0eb298)
2019-11-20 06:33:16.897 27676 RALLYDEBUG rally_openstack.cleanup.manager [-] Deleting neutron.port object s_rally_520176ef_B426md6s (f9e8a8d0-f422-49cd-9f0b-e925e933d28f)
2019-11-20 06:33:16.937 27676 RALLYDEBUG rally_openstack.cleanup.manager [-] Deleting neutron.port object s_rally_520176ef_RSAt1lsc (fadace83-b133-4323-bde4-24777755493b)
2019-11-20 06:33:16.947 27676 RALLYDEBUG rally_openstack.cleanup.manager [-] Deleting neutron.port object s_rally_520176ef_pdoh6fRy (fda0abf8-aa60-4d3a-b322-b21c0f4a9efb)
2019-11-20 06:33:16.957 27676 RALLYDEBUG rally_openstack.cleanup.manager [-] Deleting neutron.port object s_rally_520176ef_SeYNe9qV (fecf98da-35c1-4fc4-9123-8542f7890eaf)
2019-11-20 06:33:18.911 27676 RALLYDEBUG rally_openstack.cleanup.manager [-] Cleaning up neutron subnet objects
2019-11-20 06:33:19.311 27676 RALLYDEBUG rally_openstack.cleanup.manager [-] Cleaning up neutron network objects
2019-11-20 06:33:19.850 27676 RALLYDEBUG rally_openstack.cleanup.manager [-] Deleting neutron.network object s_rally_520176ef_Ih6Xo2nj (03035a06-a5eb-4992-962f-85af7f2bdadc)
2019-11-20 06:33:19.860 27676 RALLYDEBUG rally_openstack.cleanup.manager [-] Deleting neutron.network object s_rally_520176ef_I3P1grL5 (05f954f3-9100-4381-adc0-7f3360185440)
2019-11-20 06:33:19.869 27676 RALLYDEBUG rally_openstack.cleanup.manager [-] Deleting neutron.network object s_rally_520176ef_B1gAUQ7j (13a5d433-f053-48c4-b85c-9a9dca40b94e)
2019-11-20 06:33:19.873 27676 RALLYDEBUG rally_openstack.cleanup.manager [-] Deleting neutron.network object s_rally_520176ef_8hMaEEHz (17280699-b721-4656-a2c6-f80932cbf0dd)
2019-11-20 06:33:19.889 27676 RALLYDEBUG rally_openstack.cleanup.manager [-] Deleting neutron.network object s_rally_520176ef_gtn7ZEDP (1e5340a3-74ed-4bd1-9ee4-ff75bd835e2c)
2019-11-20 06:33:19.902 27676 RALLYDEBUG rally_openstack.cleanup.manager [-] Deleting neutron.network object s_rally_520176ef_h8KyaKYc (1fe118d2-fb6b-4c5b-b239-d600d4798e3d)
2019-11-20 06:33:19.921 27676 RALLYDEBUG rally_openstack.cleanup.manager [-] Deleting neutron.network object s_rally_520176ef_zO16Wvbk (1fe4c6f4-70bb-4004-8dcc-d71a4b8ecd3e)
2019-11-20 06:33:19.936 27676 RALLYDEBUG rally_openstack.cleanup.manager [-] Deleting neutron.network object s_rally_520176ef_68xwjdjd (29f44656-3acc-4e42-bb15-dd4fb81baf18)
2019-11-20 06:33:19.950 27676 RALLYDEBUG rally_openstack.cleanup.manager [-] Deleting neutron.network object s_rally_520176ef_aUt4mnv5 (3735822d-f316-4852-9fbf-30813b8fba69)
2019-11-20 06:33:19.960 27676 RALLYDEBUG rally_openstack.cleanup.manager [-] Deleting neutron.network object s_rally_520176ef_9iSTRMBP (4922422b-9abc-4d1b-b8bd-17563a450748)
2019-11-20 06:33:19.974 27676 RALLYDEBUG rally_openstack.cleanup.manager [-] Deleting neutron.network object s_rally_520176ef_zJROeure (6189f9ae-d65e-46b7-9cdd-9556a6e673e7)
2019-11-20 06:33:19.983 27676 RALLYDEBUG rally_openstack.cleanup.manager [-] Deleting neutron.network object s_rally_520176ef_gK22KFPs (65c2c3b9-2dd7-4aa1-b27b-62ea62732d90)
2019-11-20 06:33:19.990 27676 RALLYDEBUG rally_openstack.cleanup.manager [-] Deleting neutron.network object s_rally_520176ef_yJLnvg4r (6a184c6b-3a03-4914-9807-bac15d0365d4)
2019-11-20 06:33:20.012 27676 RALLYDEBUG rally_openstack.cleanup.manager [-] Deleting neutron.network object s_rally_520176ef_Vo0jJ31k (6f81c5dd-2856-4920-af30-812ef0df1860)
2019-11-20 06:33:20.043 27676 RALLYDEBUG rally_openstack.cleanup.manager [-] Deleting neutron.network object s_rally_520176ef_sFaZwbqo (704083d5-6ad9-4fac-9529-d287ec007f87)
2019-11-20 06:33:20.052 27676 RALLYDEBUG rally_openstack.cleanup.manager [-] Deleting neutron.network object s_rally_520176ef_IyHnZoVd (70e622e4-e369-42a5-ae80-1bfa52f0ead4)
2019-11-20 06:33:20.061 27676 RALLYDEBUG rally_openstack.cleanup.manager [-] Deleting neutron.network object s_rally_520176ef_xHfLv6Q6 (71a9a1a4-3ca3-401b-9479-e1660ff265f4)
2019-11-20 06:33:20.066 27676 RALLYDEBUG rally_openstack.cleanup.manager [-] Deleting neutron.network object s_rally_520176ef_k5wZ5TIX (82e1a507-994f-4273-b0ca-a7c0dc193d5c)
2019-11-20 06:33:20.077 27676 RALLYDEBUG rally_openstack.cleanup.manager [-] Deleting neutron.network object s_rally_520176ef_KwVym46F (8516fe52-da37-40c8-bd17-3817190c2099)
2019-11-20 06:33:20.088 27676 RALLYDEBUG rally_openstack.cleanup.manager [-] Deleting neutron.network object s_rally_520176ef_5f4pcpko (861ed398-8bab-48f1-b892-959e54afc18b)
2019-11-20 06:33:21.841 27676 RALLYDEBUG rally_openstack.cleanup.manager [-] Deleting neutron.network object s_rally_520176ef_e3lgPNip (86fe40ed-57bd-4d82-8610-abae2537a6e3)
2019-11-20 06:33:22.020 27676 RALLYDEBUG rally_openstack.cleanup.manager [-] Deleting neutron.network object s_rally_520176ef_BBGPYFZu (93e2398f-4abb-4c74-8748-0ac7106d4032)
2019-11-20 06:33:22.065 27676 RALLYDEBUG rally_openstack.cleanup.manager [-] Deleting neutron.network object s_rally_520176ef_3XdBqfJD (a039902f-38ad-4936-8605-44e98210f1c2)
2019-11-20 06:33:22.171 27676 RALLYDEBUG rally_openstack.cleanup.manager [-] Deleting neutron.network object s_rally_520176ef_6p3iqIM6 (b09dee4b-29c4-47c0-be8c-c2325d843cca)
2019-11-20 06:33:22.362 27676 RALLYDEBUG rally_openstack.cleanup.manager [-] Deleting neutron.network object s_rally_520176ef_R97UwYEe (b3988afc-21fd-4dbb-bb97-d08be8821fed)
2019-11-20 06:33:22.403 27676 RALLYDEBUG rally_openstack.cleanup.manager [-] Deleting neutron.network object s_rally_520176ef_bfSCiMuO (b723ee98-8281-417a-a926-78ac2b4b86d7)
2019-11-20 06:33:22.533 27676 RALLYDEBUG rally_openstack.cleanup.manager [-] Deleting neutron.network object s_rally_520176ef_a2MvMIsw (bdeeb788-505f-4465-9d75-39be0ab495db)
2019-11-20 06:33:22.583 27676 RALLYDEBUG rally_openstack.cleanup.manager [-] Deleting neutron.network object s_rally_520176ef_cg3ons6B (c462d192-3dde-4597-a177-518593e47ca9)
2019-11-20 06:33:22.607 27676 RALLYDEBUG rally_openstack.cleanup.manager [-] Deleting neutron.network object s_rally_520176ef_wrHcjlGN (c7db7e58-6c7e-4326-96b0-7200eb56e80d)
2019-11-20 06:33:22.671 27676 RALLYDEBUG rally_openstack.cleanup.manager [-] Deleting neutron.network object s_rally_520176ef_JUjkpsXI (cc4a8595-9ff3-4458-b0ac-4f5e44d74065)
2019-11-20 06:33:22.687 27676 RALLYDEBUG rally_openstack.cleanup.manager [-] Deleting neutron.network object s_rally_520176ef_KBCexNkZ (d77d3017-dfa7-40fb-a1d9-0a0223c5be7a)
2019-11-20 06:33:22.696 27676 RALLYDEBUG rally_openstack.cleanup.manager [-] Deleting neutron.network object s_rally_520176ef_QRZdqoNJ (df4acda5-1e46-4bf7-b51b-ee6efd3c34e4)
2019-11-20 06:33:22.705 27676 RALLYDEBUG rally_openstack.cleanup.manager [-] Deleting neutron.network object s_rally_520176ef_WjR0HShE (dffac7a4-67d3-4a26-b7c1-94cfa5972f7b)
2019-11-20 06:33:22.710 27676 RALLYDEBUG rally_openstack.cleanup.manager [-] Deleting neutron.network object s_rally_520176ef_iUpP6p4O (e0634f0b-cad3-4fd8-bd79-3284826d7a81)
2019-11-20 06:33:22.741 27676 RALLYDEBUG rally_openstack.cleanup.manager [-] Deleting neutron.network object s_rally_520176ef_I90Jsmcl (e60ed8cd-4f00-42fd-8504-adb8d0d17f6c)
2019-11-20 06:33:22.753 27676 RALLYDEBUG rally_openstack.cleanup.manager [-] Deleting neutron.network object s_rally_520176ef_q8lkfr2S (e72a7cde-1f54-4dec-aab8-8aa4023e7dda)
2019-11-20 06:33:22.765 27676 RALLYDEBUG rally_openstack.cleanup.manager [-] Deleting neutron.network object s_rally_520176ef_dgln1ReC (eca41e68-a4a9-4b4d-9a2a-8a4fe64ab9ed)
2019-11-20 06:33:22.768 27676 RALLYDEBUG rally_openstack.cleanup.manager [-] Deleting neutron.network object s_rally_520176ef_LqX9IzBz (ee11bf1a-7ced-4fdb-a92b-7431fcb173d4)
2019-11-20 06:33:22.845 27676 RALLYDEBUG rally_openstack.cleanup.manager [-] Deleting neutron.network object s_rally_520176ef_eCdkLeBG (f6ccef72-4f86-4a4a-92d7-fc3f4717e5f0)
2019-11-20 06:33:22.931 27676 RALLYDEBUG rally_openstack.cleanup.manager [-] Deleting neutron.network object s_rally_520176ef_ryX1Kbz5 (fa27b647-6242-42fd-8342-ed65ac168ebc)
2019-11-20 06:33:25.543 27676 RALLYDEBUG rally_openstack.cleanup.manager [-] Cleaning up neutron router objects
2019-11-20 06:33:25.964 27676 RALLYDEBUG rally_openstack.cleanup.manager [-] Cleaning up neutron security_group objects
2019-11-20 06:33:26.383 27676 INFO rally.task.context [-] Task 20588eb3-f746-4482-8424-bc166fa34bc1 | Context cleanup@openstack cleanup() finished in 30.84 sec
2019-11-20 06:33:26.383 27676 INFO rally.task.context [-] Task 20588eb3-f746-4482-8424-bc166fa34bc1 | Context quotas@openstack cleanup() started
2019-11-20 06:33:26.462 27676 INFO rally.task.context [-] Task 20588eb3-f746-4482-8424-bc166fa34bc1 | Context quotas@openstack cleanup() finished in 78.95 msec
2019-11-20 06:33:26.463 27676 INFO rally.task.context [-] Task 20588eb3-f746-4482-8424-bc166fa34bc1 | Context users@openstack cleanup() started
2019-11-20 06:33:29.076 27676 INFO rally.task.context [-] Task 20588eb3-f746-4482-8424-bc166fa34bc1 | Context users@openstack cleanup() finished in 2.61 sec
2019-11-20 06:33:30.057 27676 INFO rally.task.engine [-] Load duration is: 19.080351
2019-11-20 06:33:30.057 27676 INFO rally.task.engine [-] Full runner duration is: 19.132937
2019-11-20 06:33:30.058 27676 INFO rally.task.engine [-] Full duration is: 55.444799
2019-11-20 06:33:30.337 27676 INFO rally.task.engine [-] Running workload: position = 2 config = { "version": 2, "title": "A cropped version of a bigger task.", "description": "Auto-generated task from a single workload (uuid=9f32ccfd-c36a-4bd8-a2f9-7e4009dac101)", "subtasks": [ { "title": "NeutronNetworks.create_and_delete_ports", "description": "Create and delete a port.", "scenario": { "NeutronNetworks.create_and_delete_ports": { "network_create_args": {}, "port_create_args": {}, "ports_per_network": 5 } }, "contexts": { "users": { "tenants": 1, "users_per_tenant": 1 }, "quotas": { "neutron": { "network": -1, "port": -1 } } }, "runner": { "constant": { "times": 40, "concurrency": 20 } }, "hooks": [], "sla": { "failure_rate": { "max": 0 } } } ] }
2019-11-20 06:33:30.361 27676 RALLYDEBUG rally_openstack.contexts.keystone.users [-] Creating 1 tenants using 20 threads
2019-11-20 06:33:31.277 27676 RALLYDEBUG rally_openstack.contexts.keystone.users [-] Creating 1 users using 20 threads
2019-11-20 06:33:32.647 27676 INFO rally.task.context [-] Task 20588eb3-f746-4482-8424-bc166fa34bc1 | Context users@openstack setup() finished in 2.29 sec
2019-11-20 06:33:33.148 27676 INFO rally.task.context [-] Task 20588eb3-f746-4482-8424-bc166fa34bc1 | Context quotas@openstack setup() finished in 0.50 sec
2019-11-20 06:33:33.149 27676 INFO rally.task.context [-] Task 20588eb3-f746-4482-8424-bc166fa34bc1 | Context cleanup@openstack setup() finished in 0.01 msec
2019-11-20 06:33:33.158 27676 RALLYDEBUG rally.task.runner [-] Starting the constant runner (task UUID: 20588eb3-f746-4482-8424-bc166fa34bc1). times: 40 concurrency: 20 timeout: 0 max_cpu_used: 16 processes_to_start: 16 concurrency_per_worker: 1 concurrency_overhead: 4
2019-11-20 06:33:33.169 32142 RALLYDEBUG rally.task.runner [-] Starting a worker. times: 40 duration: None concurrency: 2 timeout: 0 cls: method_name: run args: {"network_create_args": {}, "port_create_args": {}, "ports_per_network": 5}
2019-11-20 06:33:33.173 32143 RALLYDEBUG rally.task.runner [-] Starting a worker. times: 40 duration: None concurrency: 2 timeout: 0 cls: method_name: run args: {"network_create_args": {}, "port_create_args": {}, "ports_per_network": 5}
2019-11-20 06:33:33.175 32142 INFO rally.task.runner [-] Task 20588eb3-f746-4482-8424-bc166fa34bc1 | ITER: 1 START
2019-11-20 06:33:33.177 32142 WARNING rally_openstack.scenarios.neutron.utils [-] Running this scenario without either the 'network' or 'existing_network' context is deprecated
2019-11-20 06:33:33.176 32144 RALLYDEBUG rally.task.runner [-] Starting a worker. times: 40 duration: None concurrency: 2 timeout: 0 cls: method_name: run args: {"network_create_args": {}, "port_create_args": {}, "ports_per_network": 5}
2019-11-20 06:33:33.179 32143 INFO rally.task.runner [-] Task 20588eb3-f746-4482-8424-bc166fa34bc1 | ITER: 2 START
2019-11-20 06:33:33.181 32143 WARNING rally_openstack.scenarios.neutron.utils [-] Running this scenario without either the 'network' or 'existing_network' context is deprecated
2019-11-20 06:33:33.180 32147 RALLYDEBUG rally.task.runner [-] Starting a worker. times: 40 duration: None concurrency: 2 timeout: 0 cls: method_name: run args: {"network_create_args": {}, "port_create_args": {}, "ports_per_network": 5}
2019-11-20 06:33:33.184 32150 RALLYDEBUG rally.task.runner [-] Starting a worker. times: 40 duration: None concurrency: 1 timeout: 0 cls: method_name: run args: {"network_create_args": {}, "port_create_args": {}, "ports_per_network": 5}
2019-11-20 06:33:33.187 32144 INFO rally.task.runner [-] Task 20588eb3-f746-4482-8424-bc166fa34bc1 | ITER: 4 START
2019-11-20 06:33:33.188 32151 RALLYDEBUG rally.task.runner [-] Starting a worker. times: 40 duration: None concurrency: 1 timeout: 0 cls: method_name: run args: {"network_create_args": {}, "port_create_args": {}, "ports_per_network": 5}
2019-11-20 06:33:33.188 32144 WARNING rally_openstack.scenarios.neutron.utils [-] Running this scenario without either the 'network' or 'existing_network' context is deprecated
2019-11-20 06:33:33.192 32150 INFO rally.task.runner [-] Task 20588eb3-f746-4482-8424-bc166fa34bc1 | ITER: 7 START
2019-11-20 06:33:33.192 32142 INFO rally.task.runner [-] Task 20588eb3-f746-4482-8424-bc166fa34bc1 | ITER: 3 START
2019-11-20 06:33:33.191 32155 RALLYDEBUG rally.task.runner [-] Starting a worker. times: 40 duration: None concurrency: 1 timeout: 0 cls: method_name: run args: {"network_create_args": {}, "port_create_args": {}, "ports_per_network": 5}
2019-11-20 06:33:33.193 32147 INFO rally.task.runner [-] Task 20588eb3-f746-4482-8424-bc166fa34bc1 | ITER: 6 START
2019-11-20 06:33:33.193 32151 INFO rally.task.runner [-] Task 20588eb3-f746-4482-8424-bc166fa34bc1 | ITER: 9 START
2019-11-20 06:33:33.193 32142 WARNING rally_openstack.scenarios.neutron.utils [-] Running this scenario without either the 'network' or 'existing_network' context is deprecated
2019-11-20 06:33:33.194 32150 WARNING rally_openstack.scenarios.neutron.utils [-] Running this scenario without either the 'network' or 'existing_network' context is deprecated
2019-11-20 06:33:33.195 32151 WARNING rally_openstack.scenarios.neutron.utils [-] Running this scenario without either the 'network' or 'existing_network' context is deprecated
2019-11-20 06:33:33.194 32147 WARNING rally_openstack.scenarios.neutron.utils [-] Running this scenario without either the 'network' or 'existing_network' context is deprecated
2019-11-20 06:33:33.196 32162 RALLYDEBUG rally.task.runner [-] Starting a worker. times: 40 duration: None concurrency: 1 timeout: 0 cls: method_name: run args: {"network_create_args": {}, "port_create_args": {}, "ports_per_network": 5}
2019-11-20 06:33:33.198 32155 INFO rally.task.runner [-] Task 20588eb3-f746-4482-8424-bc166fa34bc1 | ITER: 11 START
2019-11-20 06:33:33.200 32155 WARNING rally_openstack.scenarios.neutron.utils [-] Running this scenario without either the 'network' or 'existing_network' context is deprecated
2019-11-20 06:33:33.197 32143 INFO rally.task.runner [-] Task 20588eb3-f746-4482-8424-bc166fa34bc1 | ITER: 5 START
2019-11-20 06:33:33.202 32143 WARNING rally_openstack.scenarios.neutron.utils [-] Running this scenario without either the 'network' or 'existing_network' context is deprecated
2019-11-20 06:33:33.202 32162 INFO rally.task.runner [-] Task 20588eb3-f746-4482-8424-bc166fa34bc1 | ITER: 12 START
2019-11-20 06:33:33.203 32162 WARNING rally_openstack.scenarios.neutron.utils [-] Running this scenario without either the 'network' or 'existing_network' context is deprecated
2019-11-20 06:33:33.204 32144 INFO rally.task.runner [-] Task 20588eb3-f746-4482-8424-bc166fa34bc1 | ITER: 8 START
2019-11-20 06:33:33.204 32168 RALLYDEBUG rally.task.runner [-] Starting a worker. times: 40 duration: None concurrency: 1 timeout: 0 cls: method_name: run args: {"network_create_args": {}, "port_create_args": {}, "ports_per_network": 5}
2019-11-20 06:33:33.195 32147 INFO rally.task.runner [-] Task 20588eb3-f746-4482-8424-bc166fa34bc1 | ITER: 10 START
2019-11-20 06:33:33.206 32144 WARNING rally_openstack.scenarios.neutron.utils [-] Running this scenario without either the 'network' or 'existing_network' context is deprecated
2019-11-20 06:33:33.207 32147 WARNING rally_openstack.scenarios.neutron.utils [-] Running this scenario without either the 'network' or 'existing_network' context is deprecated
2019-11-20 06:33:33.211 32168 INFO rally.task.runner [-] Task 20588eb3-f746-4482-8424-bc166fa34bc1 | ITER: 13 START
2019-11-20 06:33:33.212 32168 WARNING rally_openstack.scenarios.neutron.utils [-] Running this scenario without either the 'network' or 'existing_network' context is deprecated
2019-11-20 06:33:33.212 32171 RALLYDEBUG rally.task.runner [-] Starting a worker. times: 40 duration: None concurrency: 1 timeout: 0 cls: method_name: run args: {"network_create_args": {}, "port_create_args": {}, "ports_per_network": 5}
2019-11-20 06:33:33.219 32171 INFO rally.task.runner [-] Task 20588eb3-f746-4482-8424-bc166fa34bc1 | ITER: 14 START
2019-11-20 06:33:33.220 32171 WARNING rally_openstack.scenarios.neutron.utils [-] Running this scenario without either the 'network' or 'existing_network' context is deprecated
2019-11-20 06:33:33.220 32174 RALLYDEBUG rally.task.runner [-] Starting a worker. times: 40 duration: None concurrency: 1 timeout: 0 cls: method_name: run args: {"network_create_args": {}, "port_create_args": {}, "ports_per_network": 5}
2019-11-20 06:33:33.224 32174 INFO rally.task.runner [-] Task 20588eb3-f746-4482-8424-bc166fa34bc1 | ITER: 15 START
2019-11-20 06:33:33.226 32174 WARNING rally_openstack.scenarios.neutron.utils [-] Running this scenario without either the 'network' or 'existing_network' context is deprecated
2019-11-20 06:33:33.225 32177 RALLYDEBUG rally.task.runner [-] Starting a worker. times: 40 duration: None concurrency: 1 timeout: 0 cls: method_name: run args: {"network_create_args": {}, "port_create_args": {}, "ports_per_network": 5}
2019-11-20 06:33:33.230 32177 INFO rally.task.runner [-] Task 20588eb3-f746-4482-8424-bc166fa34bc1 | ITER: 16 START
2019-11-20 06:33:33.231 32177 WARNING rally_openstack.scenarios.neutron.utils [-] Running this scenario without either the 'network' or 'existing_network' context is deprecated
2019-11-20 06:33:33.232 32180 RALLYDEBUG rally.task.runner [-] Starting a worker. times: 40 duration: None concurrency: 1 timeout: 0 cls: method_name: run args: {"network_create_args": {}, "port_create_args": {}, "ports_per_network": 5}
2019-11-20 06:33:33.236 32183 RALLYDEBUG rally.task.runner [-] Starting a worker. times: 40 duration: None concurrency: 1 timeout: 0 cls: method_name: run args: {"network_create_args": {}, "port_create_args": {}, "ports_per_network": 5}
2019-11-20 06:33:33.236 32180 INFO rally.task.runner [-] Task 20588eb3-f746-4482-8424-bc166fa34bc1 | ITER: 17 START
2019-11-20 06:33:33.238 32180 WARNING rally_openstack.scenarios.neutron.utils [-] Running this scenario without either the 'network' or 'existing_network' context is deprecated
2019-11-20 06:33:33.240 32183 INFO rally.task.runner [-] Task 20588eb3-f746-4482-8424-bc166fa34bc1 | ITER: 18 START
2019-11-20 06:33:33.240 32186 RALLYDEBUG rally.task.runner [-] Starting a worker. times: 40 duration: None concurrency: 1 timeout: 0 cls: method_name: run args: {"network_create_args": {}, "port_create_args": {}, "ports_per_network": 5}
2019-11-20 06:33:33.241 32183 WARNING rally_openstack.scenarios.neutron.utils [-] Running this scenario without either the 'network' or 'existing_network' context is deprecated
2019-11-20 06:33:33.244 32189 RALLYDEBUG rally.task.runner [-] Starting a worker. times: 40 duration: None concurrency: 1 timeout: 0 cls: method_name: run args: {"network_create_args": {}, "port_create_args": {}, "ports_per_network": 5}
2019-11-20 06:33:33.246 32186 INFO rally.task.runner [-] Task 20588eb3-f746-4482-8424-bc166fa34bc1 | ITER: 19 START
2019-11-20 06:33:33.248 32189 INFO rally.task.runner [-] Task 20588eb3-f746-4482-8424-bc166fa34bc1 | ITER: 20 START
2019-11-20 06:33:33.248 32186 WARNING rally_openstack.scenarios.neutron.utils [-] Running this scenario without either the 'network' or 'existing_network' context is deprecated
2019-11-20 06:33:33.249 32189 WARNING rally_openstack.scenarios.neutron.utils [-] Running this scenario without either the 'network' or 'existing_network' context is deprecated
2019-11-20 06:33:40.757 32143 INFO rally.task.runner [-] Task 20588eb3-f746-4482-8424-bc166fa34bc1 | ITER: 5 END: OK
2019-11-20 06:33:40.761 32143 INFO rally.task.runner [-] Task 20588eb3-f746-4482-8424-bc166fa34bc1 | ITER: 21 START
2019-11-20 06:33:40.762 32143 WARNING rally_openstack.scenarios.neutron.utils [-] Running this scenario without either the 'network' or 'existing_network' context is deprecated
2019-11-20 06:33:40.795 32144 INFO rally.task.runner [-] Task 20588eb3-f746-4482-8424-bc166fa34bc1 | ITER: 4 END: OK
2019-11-20 06:33:40.799 32144 INFO rally.task.runner [-] Task 20588eb3-f746-4482-8424-bc166fa34bc1 | ITER: 22 START
2019-11-20 06:33:40.800 32144 WARNING rally_openstack.scenarios.neutron.utils [-] Running this scenario without either the 'network' or 'existing_network' context is deprecated
2019-11-20 06:33:41.189 32144 INFO rally.task.runner [-] Task 20588eb3-f746-4482-8424-bc166fa34bc1 | ITER: 8 END: OK
2019-11-20 06:33:41.192 32144 INFO rally.task.runner [-] Task 20588eb3-f746-4482-8424-bc166fa34bc1 | ITER: 23 START
2019-11-20 06:33:41.193 32144 WARNING rally_openstack.scenarios.neutron.utils [-] Running this scenario without either the 'network' or 'existing_network' context is deprecated
2019-11-20 06:33:41.346 32168 INFO rally.task.runner [-] Task 20588eb3-f746-4482-8424-bc166fa34bc1 | ITER: 13 END: OK
2019-11-20 06:33:41.350 32168 INFO rally.task.runner [-] Task 20588eb3-f746-4482-8424-bc166fa34bc1 | ITER: 24 START
2019-11-20 06:33:41.351 32168 WARNING rally_openstack.scenarios.neutron.utils [-] Running this scenario without either the 'network' or 'existing_network' context is deprecated
2019-11-20 06:33:41.368 32150 INFO rally.task.runner [-] Task 20588eb3-f746-4482-8424-bc166fa34bc1 | ITER: 7 END: OK
2019-11-20 06:33:41.372 32150 INFO rally.task.runner [-] Task 20588eb3-f746-4482-8424-bc166fa34bc1 | ITER: 25 START
2019-11-20 06:33:41.373 32150 WARNING rally_openstack.scenarios.neutron.utils [-] Running this scenario without either the 'network' or 'existing_network' context is deprecated
2019-11-20 06:33:41.598 32143 INFO rally.task.runner [-] Task 20588eb3-f746-4482-8424-bc166fa34bc1 | ITER: 2 END: OK
2019-11-20 06:33:41.600 32143 INFO rally.task.runner [-] Task 20588eb3-f746-4482-8424-bc166fa34bc1 | ITER: 26 START
2019-11-20 06:33:41.601 32143 WARNING rally_openstack.scenarios.neutron.utils [-] Running this scenario without either the 'network' or 'existing_network' context is deprecated
2019-11-20 06:33:42.230 32142 INFO rally.task.runner [-] Task 20588eb3-f746-4482-8424-bc166fa34bc1 | ITER: 3 END: OK
2019-11-20 06:33:42.234 32142 INFO rally.task.runner [-] Task 20588eb3-f746-4482-8424-bc166fa34bc1 | ITER: 27 START
2019-11-20 06:33:42.235 32142 WARNING rally_openstack.scenarios.neutron.utils [-] Running this scenario without either the 'network' or 'existing_network' context is deprecated
2019-11-20 06:33:42.671 32183 INFO rally.task.runner [-] Task 20588eb3-f746-4482-8424-bc166fa34bc1 | ITER: 18 END: OK
2019-11-20 06:33:42.675 32183 INFO rally.task.runner [-] Task 20588eb3-f746-4482-8424-bc166fa34bc1 | ITER: 28 START
2019-11-20 06:33:42.675 32183 WARNING rally_openstack.scenarios.neutron.utils [-] Running this scenario without either the 'network' or 'existing_network' context is deprecated
2019-11-20 06:33:42.721 32162 INFO rally.task.runner [-] Task 20588eb3-f746-4482-8424-bc166fa34bc1 | ITER: 12 END: OK
2019-11-20 06:33:42.725 32162 INFO rally.task.runner [-] Task 20588eb3-f746-4482-8424-bc166fa34bc1 | ITER: 29 START
2019-11-20 06:33:42.726 32162 WARNING rally_openstack.scenarios.neutron.utils [-] Running this scenario without either the 'network' or 'existing_network' context is deprecated
2019-11-20 06:33:42.763 32142 INFO rally.task.runner [-] Task 20588eb3-f746-4482-8424-bc166fa34bc1 | ITER: 1 END: OK
2019-11-20 06:33:42.766 32142 INFO rally.task.runner [-] Task 20588eb3-f746-4482-8424-bc166fa34bc1 | ITER: 30 START
2019-11-20 06:33:42.767 32142 WARNING rally_openstack.scenarios.neutron.utils [-] Running this scenario without either the 'network' or 'existing_network' context is deprecated
2019-11-20 06:33:43.312 32147 INFO rally.task.runner [-] Task 20588eb3-f746-4482-8424-bc166fa34bc1 | ITER: 6 END: OK
2019-11-20 06:33:43.316 32147 INFO rally.task.runner [-] Task 20588eb3-f746-4482-8424-bc166fa34bc1 | ITER: 31 START
2019-11-20 06:33:43.317 32147 WARNING rally_openstack.scenarios.neutron.utils [-] Running this scenario without either the 'network' or 'existing_network' context is deprecated
2019-11-20 06:33:43.492 32189 INFO rally.task.runner [-] Task 20588eb3-f746-4482-8424-bc166fa34bc1 | ITER: 20 END: OK
2019-11-20 06:33:43.496 32189 INFO rally.task.runner [-] Task 20588eb3-f746-4482-8424-bc166fa34bc1 | ITER: 32 START
2019-11-20 06:33:43.497 32189 WARNING rally_openstack.scenarios.neutron.utils [-] Running this scenario without either the 'network' or 'existing_network' context is deprecated
2019-11-20 06:33:43.626 32177 INFO rally.task.runner [-] Task 20588eb3-f746-4482-8424-bc166fa34bc1 | ITER: 16 END: OK
2019-11-20 06:33:43.629 32177 INFO rally.task.runner [-] Task 20588eb3-f746-4482-8424-bc166fa34bc1 | ITER: 33 START
2019-11-20 06:33:43.630 32177 WARNING rally_openstack.scenarios.neutron.utils [-] Running this scenario without either the 'network' or 'existing_network' context is deprecated
2019-11-20 06:33:43.787 32180 INFO rally.task.runner [-] Task 20588eb3-f746-4482-8424-bc166fa34bc1 | ITER: 17 END: OK
2019-11-20 06:33:43.792 32180 INFO rally.task.runner [-] Task 20588eb3-f746-4482-8424-bc166fa34bc1 | ITER: 34 START
2019-11-20 06:33:43.793 32180 WARNING rally_openstack.scenarios.neutron.utils [-] Running this scenario without either the 'network' or 'existing_network' context is deprecated
2019-11-20 06:33:44.025 32155 INFO rally.task.runner [-] Task 20588eb3-f746-4482-8424-bc166fa34bc1 | ITER: 11 END: OK
2019-11-20 06:33:44.029 32155 INFO rally.task.runner [-] Task 20588eb3-f746-4482-8424-bc166fa34bc1 | ITER: 35 START
2019-11-20 06:33:44.030 32155 WARNING rally_openstack.scenarios.neutron.utils [-] Running this scenario without either the 'network' or 'existing_network' context is deprecated
2019-11-20 06:33:44.474 32186 INFO rally.task.runner [-] Task 20588eb3-f746-4482-8424-bc166fa34bc1 | ITER: 19 END: OK
2019-11-20 06:33:44.477 32186 INFO rally.task.runner [-] Task 20588eb3-f746-4482-8424-bc166fa34bc1 | ITER: 36 START
2019-11-20 06:33:44.478 32186 WARNING rally_openstack.scenarios.neutron.utils [-] Running this scenario without either the 'network' or 'existing_network' context is deprecated
