2019-11-20 06:41:09.238 27676 RALLYDEBUG rally_openstack.cleanup.manager [-] Deleting neutron.security_group object s_rally_59398eb4_W9zxDq5k (fd321c93-aaa5-4bde-9715-0b69dc69636e)
2019-11-20 06:41:10.750 27676 INFO rally.task.context [-] Task 20588eb3-f746-4482-8424-bc166fa34bc1 | Context cleanup@openstack cleanup() finished in 13.91 sec
2019-11-20 06:41:10.751 27676 INFO rally.task.context [-] Task 20588eb3-f746-4482-8424-bc166fa34bc1 | Context quotas@openstack cleanup() started
2019-11-20 06:41:10.874 27676 INFO rally.task.context [-] Task 20588eb3-f746-4482-8424-bc166fa34bc1 | Context quotas@openstack cleanup() finished in 0.12 sec
2019-11-20 06:41:10.875 27676 INFO rally.task.context [-] Task 20588eb3-f746-4482-8424-bc166fa34bc1 | Context users@openstack cleanup() started
2019-11-20 06:41:14.306 27676 INFO rally.task.context [-] Task 20588eb3-f746-4482-8424-bc166fa34bc1 | Context users@openstack cleanup() finished in 3.43 sec
2019-11-20 06:41:14.421 27676 INFO rally.task.engine [-] Load duration is: 3.340373
2019-11-20 06:41:14.422 27676 INFO rally.task.engine [-] Full runner duration is: 3.385777
2019-11-20 06:41:14.422 27676 INFO rally.task.engine [-] Full duration is: 24.024185
2019-11-20 06:41:14.682 27676 INFO rally.task.engine [-] Running workload: position = 6 config = { "version": 2, "title": "A cropped version of a bigger task.", "description": "Auto-generated task from a single workload (uuid=592c33b3-50e8-4765-a066-6bc03f30823e)", "subtasks": [ { "title": "NeutronSecurityGroup.create_and_update_security_groups", "description": "Create and update Neutron security-groups.", "scenario": { "NeutronSecurityGroup.create_and_update_security_groups": { "security_group_create_args": {}, "security_group_update_args": {} } }, "contexts": { "users": { "tenants": 2, "users_per_tenant": 3 }, "quotas": { "neutron": { "security_group": -1 } } }, "runner": { "constant": { "times": 50, "concurrency": 10 } }, "hooks": [], "sla": { "failure_rate": { "max": 0 } } } ] }
2019-11-20 06:41:14.706 27676 RALLYDEBUG rally_openstack.contexts.keystone.users [-] Creating 2 tenants using 20 threads
2019-11-20 06:41:15.688 27676 RALLYDEBUG rally_openstack.contexts.keystone.users [-] Creating 6 users using 20 threads
2019-11-20 06:41:17.203 27676 INFO rally.task.context [-] Task 20588eb3-f746-4482-8424-bc166fa34bc1 | Context users@openstack setup() finished in 2.50 sec
2019-11-20 06:41:17.828 27676 INFO rally.task.context [-] Task 20588eb3-f746-4482-8424-bc166fa34bc1 | Context quotas@openstack setup() finished in 0.63 sec
2019-11-20 06:41:17.829 27676 INFO rally.task.context [-] Task 20588eb3-f746-4482-8424-bc166fa34bc1 | Context cleanup@openstack setup() finished in 0.01 msec
2019-11-20 06:41:17.838 27676 RALLYDEBUG rally.task.runner [-] Starting the constant runner (task UUID: 20588eb3-f746-4482-8424-bc166fa34bc1). times: 50 concurrency: 10 timeout: 0 max_cpu_used: 16 processes_to_start: 10 concurrency_per_worker: 1 concurrency_overhead: 0
2019-11-20 06:41:17.850 3845 RALLYDEBUG rally.task.runner [-] Starting a worker. times: 50 duration: None concurrency: 1 timeout: 0 cls: method_name: run args: {"security_group_create_args": {}, "security_group_update_args": {}}
2019-11-20 06:41:17.854 3846 RALLYDEBUG rally.task.runner [-] Starting a worker. times: 50 duration: None concurrency: 1 timeout: 0 cls: method_name: run args: {"security_group_create_args": {}, "security_group_update_args": {}}
2019-11-20 06:41:17.856 3845 INFO rally.task.runner [-] Task 20588eb3-f746-4482-8424-bc166fa34bc1 | ITER: 1 START
2019-11-20 06:41:17.857 3847 RALLYDEBUG rally.task.runner [-] Starting a worker. times: 50 duration: None concurrency: 1 timeout: 0 cls: method_name: run args: {"security_group_create_args": {}, "security_group_update_args": {}}
2019-11-20 06:41:17.861 3846 INFO rally.task.runner [-] Task 20588eb3-f746-4482-8424-bc166fa34bc1 | ITER: 2 START
2019-11-20 06:41:17.861 3850 RALLYDEBUG rally.task.runner [-] Starting a worker. times: 50 duration: None concurrency: 1 timeout: 0 cls: method_name: run args: {"security_group_create_args": {}, "security_group_update_args": {}}
2019-11-20 06:41:17.864 3847 INFO rally.task.runner [-] Task 20588eb3-f746-4482-8424-bc166fa34bc1 | ITER: 3 START
2019-11-20 06:41:17.865 3853 RALLYDEBUG rally.task.runner [-] Starting a worker. times: 50 duration: None concurrency: 1 timeout: 0 cls: method_name: run args: {"security_group_create_args": {}, "security_group_update_args": {}}
2019-11-20 06:41:17.868 3850 INFO rally.task.runner [-] Task 20588eb3-f746-4482-8424-bc166fa34bc1 | ITER: 4 START
2019-11-20 06:41:17.869 3856 RALLYDEBUG rally.task.runner [-] Starting a worker. times: 50 duration: None concurrency: 1 timeout: 0 cls: method_name: run args: {"security_group_create_args": {}, "security_group_update_args": {}}
2019-11-20 06:41:17.872 3853 INFO rally.task.runner [-] Task 20588eb3-f746-4482-8424-bc166fa34bc1 | ITER: 5 START
2019-11-20 06:41:17.873 3859 RALLYDEBUG rally.task.runner [-] Starting a worker. times: 50 duration: None concurrency: 1 timeout: 0 cls: method_name: run args: {"security_group_create_args": {}, "security_group_update_args": {}}
2019-11-20 06:41:17.876 3856 INFO rally.task.runner [-] Task 20588eb3-f746-4482-8424-bc166fa34bc1 | ITER: 6 START
2019-11-20 06:41:17.878 3862 RALLYDEBUG rally.task.runner [-] Starting a worker. times: 50 duration: None concurrency: 1 timeout: 0 cls: method_name: run args: {"security_group_create_args": {}, "security_group_update_args": {}}
2019-11-20 06:41:17.880 3859 INFO rally.task.runner [-] Task 20588eb3-f746-4482-8424-bc166fa34bc1 | ITER: 7 START
2019-11-20 06:41:17.884 3862 INFO rally.task.runner [-] Task 20588eb3-f746-4482-8424-bc166fa34bc1 | ITER: 8 START
2019-11-20 06:41:17.885 3867 RALLYDEBUG rally.task.runner [-] Starting a worker. times: 50 duration: None concurrency: 1 timeout: 0 cls: method_name: run args: {"security_group_create_args": {}, "security_group_update_args": {}}
2019-11-20 06:41:17.892 3867 INFO rally.task.runner [-] Task 20588eb3-f746-4482-8424-bc166fa34bc1 | ITER: 9 START
2019-11-20 06:41:17.891 3870 RALLYDEBUG rally.task.runner [-] Starting a worker. times: 50 duration: None concurrency: 1 timeout: 0 cls: method_name: run args: {"security_group_create_args": {}, "security_group_update_args": {}}
2019-11-20 06:41:17.897 3870 INFO rally.task.runner [-] Task 20588eb3-f746-4482-8424-bc166fa34bc1 | ITER: 10 START
2019-11-20 06:41:18.644 3867 INFO rally.task.runner [-] Task 20588eb3-f746-4482-8424-bc166fa34bc1 | ITER: 9 END: OK
2019-11-20 06:41:18.649 3867 INFO rally.task.runner [-] Task 20588eb3-f746-4482-8424-bc166fa34bc1 | ITER: 11 START
2019-11-20 06:41:18.702 3870 INFO rally.task.runner [-] Task 20588eb3-f746-4482-8424-bc166fa34bc1 | ITER: 10 END: OK
2019-11-20 06:41:18.705 3856 INFO rally.task.runner [-] Task 20588eb3-f746-4482-8424-bc166fa34bc1 | ITER: 6 END: OK
2019-11-20 06:41:18.706 3870 INFO rally.task.runner [-] Task 20588eb3-f746-4482-8424-bc166fa34bc1 | ITER: 12 START
2019-11-20 06:41:18.710 3856 INFO rally.task.runner [-] Task 20588eb3-f746-4482-8424-bc166fa34bc1 | ITER: 13 START
2019-11-20 06:41:18.711 3846 INFO rally.task.runner [-] Task 20588eb3-f746-4482-8424-bc166fa34bc1 | ITER: 2 END: OK
2019-11-20 06:41:18.715 3846 INFO rally.task.runner [-] Task 20588eb3-f746-4482-8424-bc166fa34bc1 | ITER: 14 START
2019-11-20 06:41:19.175 3862 INFO rally.task.runner [-] Task 20588eb3-f746-4482-8424-bc166fa34bc1 | ITER: 8 END: OK
2019-11-20 06:41:19.180 3862 INFO rally.task.runner [-] Task 20588eb3-f746-4482-8424-bc166fa34bc1 | ITER: 15 START
2019-11-20 06:41:19.210 3850 INFO rally.task.runner [-] Task 20588eb3-f746-4482-8424-bc166fa34bc1 | ITER: 4 END: OK
2019-11-20 06:41:19.214 3850 INFO rally.task.runner [-] Task 20588eb3-f746-4482-8424-bc166fa34bc1 | ITER: 16 START
2019-11-20 06:41:19.221 3859 INFO rally.task.runner [-] Task 20588eb3-f746-4482-8424-bc166fa34bc1 | ITER: 7 END: OK
2019-11-20 06:41:19.225 3859 INFO rally.task.runner [-] Task 20588eb3-f746-4482-8424-bc166fa34bc1 | ITER: 17 START
2019-11-20 06:41:19.262 3856 INFO rally.task.runner [-] Task 20588eb3-f746-4482-8424-bc166fa34bc1 | ITER: 13 END: OK
2019-11-20 06:41:19.265 3856 INFO rally.task.runner [-] Task 20588eb3-f746-4482-8424-bc166fa34bc1 | ITER: 18 START
2019-11-20 06:41:19.296 3847 INFO rally.task.runner [-] Task 20588eb3-f746-4482-8424-bc166fa34bc1 | ITER: 3 END: OK
2019-11-20 06:41:19.300 3847 INFO rally.task.runner [-] Task 20588eb3-f746-4482-8424-bc166fa34bc1 | ITER: 19 START
2019-11-20 06:41:19.305 3853 INFO rally.task.runner [-] Task 20588eb3-f746-4482-8424-bc166fa34bc1 | ITER: 5 END: OK
2019-11-20 06:41:19.305 3846 INFO rally.task.runner [-] Task 20588eb3-f746-4482-8424-bc166fa34bc1 | ITER: 14 END: OK
2019-11-20 06:41:19.308 3845 INFO rally.task.runner [-] Task 20588eb3-f746-4482-8424-bc166fa34bc1 | ITER: 1 END: OK
2019-11-20 06:41:19.309 3846 INFO rally.task.runner [-] Task 20588eb3-f746-4482-8424-bc166fa34bc1 | ITER: 20 START
2019-11-20 06:41:19.310 3853 INFO rally.task.runner [-] Task 20588eb3-f746-4482-8424-bc166fa34bc1 | ITER: 21 START
2019-11-20 06:41:19.312 3845 INFO rally.task.runner [-] Task 20588eb3-f746-4482-8424-bc166fa34bc1 | ITER: 22 START
2019-11-20 06:41:19.323 3870 INFO rally.task.runner [-] Task 20588eb3-f746-4482-8424-bc166fa34bc1 | ITER: 12 END: OK
2019-11-20 06:41:19.327 3870 INFO rally.task.runner [-] Task 20588eb3-f746-4482-8424-bc166fa34bc1 | ITER: 23 START
2019-11-20 06:41:19.338 3867 INFO rally.task.runner [-] Task 20588eb3-f746-4482-8424-bc166fa34bc1 | ITER: 11 END: OK
2019-11-20 06:41:19.341 3867 INFO rally.task.runner [-] Task 20588eb3-f746-4482-8424-bc166fa34bc1 | ITER: 24 START
2019-11-20 06:41:19.751 3850 INFO rally.task.runner [-] Task 20588eb3-f746-4482-8424-bc166fa34bc1 | ITER: 16 END: OK
2019-11-20 06:41:19.755 3850 INFO rally.task.runner [-] Task 20588eb3-f746-4482-8424-bc166fa34bc1 | ITER: 25 START
2019-11-20 06:41:19.786 3862 INFO rally.task.runner [-] Task 20588eb3-f746-4482-8424-bc166fa34bc1 | ITER: 15 END: OK
2019-11-20 06:41:19.789 3862 INFO rally.task.runner [-] Task 20588eb3-f746-4482-8424-bc166fa34bc1 | ITER: 26 START
2019-11-20 06:41:19.822 3859 INFO rally.task.runner [-] Task 20588eb3-f746-4482-8424-bc166fa34bc1 | ITER: 17 END: OK
2019-11-20 06:41:19.825 3859 INFO rally.task.runner [-] Task 20588eb3-f746-4482-8424-bc166fa34bc1 | ITER: 27 START
2019-11-20 06:41:19.919 3856 INFO rally.task.runner [-] Task 20588eb3-f746-4482-8424-bc166fa34bc1 | ITER: 18 END: OK
2019-11-20 06:41:19.923 3856 INFO rally.task.runner [-] Task 20588eb3-f746-4482-8424-bc166fa34bc1 | ITER: 28 START
2019-11-20 06:41:19.924 3846 INFO rally.task.runner [-] Task 20588eb3-f746-4482-8424-bc166fa34bc1 | ITER: 20 END: OK
2019-11-20 06:41:19.928 3846 INFO rally.task.runner [-] Task 20588eb3-f746-4482-8424-bc166fa34bc1 | ITER: 29 START
2019-11-20 06:41:19.935 3853 INFO rally.task.runner [-] Task 20588eb3-f746-4482-8424-bc166fa34bc1 | ITER: 21 END: OK
2019-11-20 06:41:19.937 3847 INFO rally.task.runner [-] Task 20588eb3-f746-4482-8424-bc166fa34bc1 | ITER: 19 END: OK
2019-11-20 06:41:19.939 3853 INFO rally.task.runner [-] Task 20588eb3-f746-4482-8424-bc166fa34bc1 | ITER: 30 START
2019-11-20 06:41:19.941 3847 INFO rally.task.runner [-] Task 20588eb3-f746-4482-8424-bc166fa34bc1 | ITER: 31 START
2019-11-20 06:41:19.977 3845 INFO rally.task.runner [-] Task 20588eb3-f746-4482-8424-bc166fa34bc1 | ITER: 22 END: OK
2019-11-20 06:41:19.980 3845 INFO rally.task.runner [-] Task 20588eb3-f746-4482-8424-bc166fa34bc1 | ITER: 32 START
2019-11-20 06:41:19.992 3867 INFO rally.task.runner [-] Task 20588eb3-f746-4482-8424-bc166fa34bc1 | ITER: 24 END: OK
2019-11-20 06:41:19.996 3867 INFO rally.task.runner [-] Task 20588eb3-f746-4482-8424-bc166fa34bc1 | ITER: 33 START
2019-11-20 06:41:20.228 3870 INFO rally.task.runner [-] Task 20588eb3-f746-4482-8424-bc166fa34bc1 | ITER: 23 END: OK
2019-11-20 06:41:20.231 3870 INFO rally.task.runner [-] Task 20588eb3-f746-4482-8424-bc166fa34bc1 | ITER: 34 START
2019-11-20 06:41:20.378 3850 INFO rally.task.runner [-] Task 20588eb3-f746-4482-8424-bc166fa34bc1 | ITER: 25 END: OK
2019-11-20 06:41:20.382 3850 INFO rally.task.runner [-] Task 20588eb3-f746-4482-8424-bc166fa34bc1 | ITER: 35 START
2019-11-20 06:41:20.445 3862 INFO rally.task.runner [-] Task 20588eb3-f746-4482-8424-bc166fa34bc1 | ITER: 26 END: OK
2019-11-20 06:41:20.449 3862 INFO rally.task.runner [-] Task 20588eb3-f746-4482-8424-bc166fa34bc1 | ITER: 36 START
2019-11-20 06:41:20.501 3847 INFO rally.task.runner [-] Task 20588eb3-f746-4482-8424-bc166fa34bc1 | ITER: 31 END: OK
2019-11-20 06:41:20.506 3847 INFO rally.task.runner [-] Task 20588eb3-f746-4482-8424-bc166fa34bc1 | ITER: 37 START
2019-11-20 06:41:20.515 3853 INFO rally.task.runner [-] Task 20588eb3-f746-4482-8424-bc166fa34bc1 | ITER: 30 END: OK
2019-11-20 06:41:20.519 3853 INFO rally.task.runner [-] Task 20588eb3-f746-4482-8424-bc166fa34bc1 | ITER: 38 START
2019-11-20 06:41:20.534 3856 INFO rally.task.runner [-] Task 20588eb3-f746-4482-8424-bc166fa34bc1 | ITER: 28 END: OK
2019-11-20 06:41:20.538 3856 INFO rally.task.runner [-] Task 20588eb3-f746-4482-8424-bc166fa34bc1 | ITER: 39 START
2019-11-20 06:41:20.589 3845 INFO rally.task.runner [-] Task 20588eb3-f746-4482-8424-bc166fa34bc1 | ITER: 32 END: OK
2019-11-20 06:41:20.593 3845 INFO rally.task.runner [-] Task 20588eb3-f746-4482-8424-bc166fa34bc1 | ITER: 40 START
2019-11-20 06:41:20.634 3859 INFO rally.task.runner [-] Task 20588eb3-f746-4482-8424-bc166fa34bc1 | ITER: 27 END: OK
2019-11-20 06:41:20.638 3859 INFO rally.task.runner [-] Task 20588eb3-f746-4482-8424-bc166fa34bc1 | ITER: 41 START
2019-11-20 06:41:20.643 3867 INFO rally.task.runner [-] Task 20588eb3-f746-4482-8424-bc166fa34bc1 | ITER: 33 END: OK
2019-11-20 06:41:20.648 3867 INFO rally.task.runner [-] Task 20588eb3-f746-4482-8424-bc166fa34bc1 | ITER: 42 START
2019-11-20 06:41:20.656 3846 INFO rally.task.runner [-] Task 20588eb3-f746-4482-8424-bc166fa34bc1 | ITER: 29 END: OK
2019-11-20 06:41:20.660 3846 INFO rally.task.runner [-] Task 20588eb3-f746-4482-8424-bc166fa34bc1 | ITER: 43 START
2019-11-20 06:41:20.751 3870 INFO rally.task.runner [-] Task 20588eb3-f746-4482-8424-bc166fa34bc1 | ITER: 34 END: OK
2019-11-20 06:41:20.756 3870 INFO rally.task.runner [-] Task 20588eb3-f746-4482-8424-bc166fa34bc1 | ITER: 44 START
2019-11-20 06:41:20.908 3850 INFO rally.task.runner [-] Task 20588eb3-f746-4482-8424-bc166fa34bc1 | ITER: 35 END: OK
2019-11-20 06:41:20.913 3850 INFO rally.task.runner [-] Task 20588eb3-f746-4482-8424-bc166fa34bc1 | ITER: 45 START
2019-11-20 06:41:21.035 3862 INFO rally.task.runner [-] Task 20588eb3-f746-4482-8424-bc166fa34bc1 | ITER: 36 END: OK
2019-11-20 06:41:21.039 3862 INFO rally.task.runner [-] Task 20588eb3-f746-4482-8424-bc166fa34bc1 | ITER: 46 START
2019-11-20 06:41:21.040 3853 INFO rally.task.runner [-] Task 20588eb3-f746-4482-8424-bc166fa34bc1 | ITER: 38 END: OK
2019-11-20 06:41:21.043 3853 INFO rally.task.runner [-] Task 20588eb3-f746-4482-8424-bc166fa34bc1 | ITER: 47 START
2019-11-20 06:41:21.077 3847 INFO rally.task.runner [-] Task 20588eb3-f746-4482-8424-bc166fa34bc1 | ITER: 37 END: OK
2019-11-20 06:41:21.080 3847 INFO rally.task.runner [-] Task 20588eb3-f746-4482-8424-bc166fa34bc1 | ITER: 48 START
2019-11-20 06:41:21.121 3856 INFO rally.task.runner [-] Task 20588eb3-f746-4482-8424-bc166fa34bc1 | ITER: 39 END: OK
2019-11-20 06:41:21.124 3856 INFO rally.task.runner [-] Task 20588eb3-f746-4482-8424-bc166fa34bc1 | ITER: 49 START
2019-11-20 06:41:21.156 3845 INFO rally.task.runner [-] Task 20588eb3-f746-4482-8424-bc166fa34bc1 | ITER: 40 END: OK
2019-11-20 06:41:21.159 3845 INFO rally.task.runner [-] Task 20588eb3-f746-4482-8424-bc166fa34bc1 | ITER: 50 START
2019-11-20 06:41:21.190 3859 INFO rally.task.runner [-] Task 20588eb3-f746-4482-8424-bc166fa34bc1 | ITER: 41 END: OK
2019-11-20 06:41:21.239 3846 INFO rally.task.runner [-] Task 20588eb3-f746-4482-8424-bc166fa34bc1 | ITER: 43 END: OK
2019-11-20 06:41:21.251 3867 INFO rally.task.runner [-] Task 20588eb3-f746-4482-8424-bc166fa34bc1 | ITER: 42 END: OK
2019-11-20 06:41:21.325 3870 INFO rally.task.runner [-] Task 20588eb3-f746-4482-8424-bc166fa34bc1 | ITER: 44 END: OK
2019-11-20 06:41:21.507 3850 INFO rally.task.runner [-] Task 20588eb3-f746-4482-8424-bc166fa34bc1 | ITER: 45 END: OK
2019-11-20 06:41:21.579 3853 INFO rally.task.runner [-] Task 20588eb3-f746-4482-8424-bc166fa34bc1 | ITER: 47 END: OK
2019-11-20 06:41:21.624 3862 INFO rally.task.runner [-] Task 20588eb3-f746-4482-8424-bc166fa34bc1 | ITER: 46 END: OK
2019-11-20 06:41:21.669 3856 INFO rally.task.runner [-] Task 20588eb3-f746-4482-8424-bc166fa34bc1 | ITER: 49 END: OK
2019-11-20 06:41:21.672 3847 INFO rally.task.runner [-] Task 20588eb3-f746-4482-8424-bc166fa34bc1 | ITER: 48 END: OK
2019-11-20 06:41:21.702 3845 INFO rally.task.runner [-] Task 20588eb3-f746-4482-8424-bc166fa34bc1 | ITER: 50 END: OK
2019-11-20 06:41:21.734 27676 INFO rally.task.context [-] Task 20588eb3-f746-4482-8424-bc166fa34bc1 | Context cleanup@openstack cleanup() started
2019-11-20 06:41:21.737 27676 RALLYDEBUG rally_openstack.cleanup.manager [-] Cleaning up neutron vip objects
2019-11-20 06:41:22.463 27676 RALLYDEBUG rally_openstack.cleanup.manager [-] Cleaning up neutron health_monitor objects
2019-11-20 06:41:23.200 27676 RALLYDEBUG rally_openstack.cleanup.manager [-] Cleaning up neutron pool objects
2019-11-20 06:41:23.933 27676 RALLYDEBUG rally_openstack.cleanup.manager [-] Cleaning up neutron loadbalancer objects
2019-11-20 06:41:24.667 27676 RALLYDEBUG rally_openstack.cleanup.manager [-] Cleaning up neutron floatingip objects
2019-11-20 06:41:25.464 27676 RALLYDEBUG rally_openstack.cleanup.manager [-] Cleaning up neutron trunk objects
2019-11-20 06:41:26.244 27676 RALLYDEBUG rally_openstack.cleanup.manager [-] Cleaning up neutron port objects
2019-11-20 06:41:27.012 27676 RALLYDEBUG rally_openstack.cleanup.manager [-] Cleaning up neutron subnet objects
2019-11-20 06:41:27.789 27676 RALLYDEBUG rally_openstack.cleanup.manager [-] Cleaning up neutron network objects
2019-11-20 06:41:28.554 27676 RALLYDEBUG rally_openstack.cleanup.manager [-] Cleaning up neutron router objects
2019-11-20 06:41:29.328 27676 RALLYDEBUG rally_openstack.cleanup.manager [-] Cleaning up neutron security_group objects
2019-11-20 06:41:30.591 27676 RALLYDEBUG rally_openstack.cleanup.manager [-] Deleting neutron.security_group object s_rally_592c33b3_hGJvLHhO (0053eea4-807a-41b7-9a56-b32eb00ff326)
2019-11-20 06:41:30.600 27676 RALLYDEBUG rally_openstack.cleanup.manager [-] Deleting neutron.security_group object s_rally_592c33b3_SGIqlb4R (07d15925-8096-4bc6-80df-d49f7f4d51bc)
2019-11-20 06:41:30.609 27676 RALLYDEBUG rally_openstack.cleanup.manager [-] Deleting neutron.security_group object s_rally_592c33b3_x8dY56Jb (0b823201-1453-49a6-8b74-9bad131890e2)
2019-11-20 06:41:30.613 27676 RALLYDEBUG rally_openstack.cleanup.manager [-] Deleting neutron.security_group object s_rally_592c33b3_vc3kWDMP (1b021d95-b12f-4710-a335-98239c688a1c)
2019-11-20 06:41:30.627 27676 RALLYDEBUG rally_openstack.cleanup.manager [-] Deleting neutron.security_group object s_rally_592c33b3_NIZ4CCjn (1f20d1b1-64a0-4df6-9338-e4fbafe93e3c)
2019-11-20 06:41:30.631 27676 RALLYDEBUG rally_openstack.cleanup.manager [-] Deleting neutron.security_group object s_rally_592c33b3_GBUcIriX (266990d9-7035-4146-9ce8-10ce6f225520)
2019-11-20 06:41:30.641 27676 RALLYDEBUG rally_openstack.cleanup.manager [-] Deleting neutron.security_group object s_rally_592c33b3_oMtaFxGG (3cb48266-2b27-4349-b09b-492b7d0e3914)
2019-11-20 06:41:30.674 27676 RALLYDEBUG rally_openstack.cleanup.manager [-] Deleting neutron.security_group object s_rally_592c33b3_wlHvctMH (455544e4-6659-46af-981e-14130cf860f0)
2019-11-20 06:41:30.682 27676 RALLYDEBUG rally_openstack.cleanup.manager [-] Deleting neutron.security_group object s_rally_592c33b3_nN3QskZ6 (4c1aa27a-fcea-4b74-b80f-115ce1750aae)
2019-11-20 06:41:30.689 27676 RALLYDEBUG rally_openstack.cleanup.manager [-] Deleting neutron.security_group object s_rally_592c33b3_iR2YrlDB (4edeff60-a468-49a1-ad0f-772fd6057998)
2019-11-20 06:41:30.705 27676 RALLYDEBUG rally_openstack.cleanup.manager [-] Deleting neutron.security_group object s_rally_592c33b3_QhbMZFnf (5068e4af-109f-449e-9386-6c55553b4ec1)
2019-11-20 06:41:30.713 27676 RALLYDEBUG rally_openstack.cleanup.manager [-] Deleting neutron.security_group object s_rally_592c33b3_XC4FRpPE (508bce07-017a-4357-b46c-993dbf6c3b7a)
2019-11-20 06:41:30.728 27676 RALLYDEBUG rally_openstack.cleanup.manager [-] Deleting neutron.security_group object s_rally_592c33b3_HDk9t1gy (53f1f9df-1227-4d0a-86f3-045e5671cad3)
2019-11-20 06:41:30.745 27676 RALLYDEBUG rally_openstack.cleanup.manager [-] Deleting neutron.security_group object s_rally_592c33b3_0HSgfpoG (6e25a323-e2be-4f02-aaf5-ff01584e4705)
2019-11-20 06:41:30.754 27676 RALLYDEBUG rally_openstack.cleanup.manager [-] Deleting neutron.security_group object s_rally_592c33b3_esAX7FFi (85cbf9e8-fd61-4f3b-aa7b-a9f0a5be7bd3)
2019-11-20 06:41:30.759 27676 RALLYDEBUG rally_openstack.cleanup.manager [-] Deleting neutron.security_group object s_rally_592c33b3_9DbTNCWD (889e8840-22e7-439b-9120-f5540dbd2b61)
2019-11-20 06:41:30.777 27676 RALLYDEBUG rally_openstack.cleanup.manager [-] Deleting neutron.security_group object s_rally_592c33b3_CkR4hcZb (90d8683a-fde9-4254-a23e-6adffbec36b7)
2019-11-20 06:41:30.809 27676 RALLYDEBUG rally_openstack.cleanup.manager [-] Deleting neutron.security_group object s_rally_592c33b3_SDTkKeEk (9a46d204-4edb-413f-99a6-67c711d904c8)
2019-11-20 06:41:30.815 27676 RALLYDEBUG rally_openstack.cleanup.manager [-] Deleting neutron.security_group object s_rally_592c33b3_bQ02gogW (aa488d61-377b-4d58-b9b7-d33c87cfd4de)
2019-11-20 06:41:30.825 27676 RALLYDEBUG rally_openstack.cleanup.manager [-] Deleting neutron.security_group object s_rally_592c33b3_30aY2qwG (bdc682e8-c98f-4a46-a625-09678818fbc4)
2019-11-20 06:41:32.192 27676 RALLYDEBUG rally_openstack.cleanup.manager [-] Deleting neutron.security_group object s_rally_592c33b3_hrjPgnrw (c87b7b7d-c730-4392-8c4a-bb778202c161)
2019-11-20 06:41:32.202 27676 RALLYDEBUG rally_openstack.cleanup.manager [-] Deleting neutron.security_group object s_rally_592c33b3_IFUyUzro (dcdda8b8-b2c9-4e93-8d78-9d6fe3f4946d)
2019-11-20 06:41:32.267 27676 RALLYDEBUG rally_openstack.cleanup.manager [-] Deleting neutron.security_group object s_rally_592c33b3_C955xqTY (eb74acc2-6a04-477d-b85b-9e116b775bc8)
2019-11-20 06:41:32.285 27676 RALLYDEBUG rally_openstack.cleanup.manager [-] Deleting neutron.security_group object s_rally_592c33b3_xr5SLf9x (ef4144d2-c169-49af-8eba-4c0e2b545efd)
2019-11-20 06:41:32.322 27676 RALLYDEBUG rally_openstack.cleanup.manager [-] Deleting neutron.security_group object s_rally_592c33b3_jho2NLt5 (fb46085a-9d73-48bf-ad19-ab3d75d406ba)
2019-11-20 06:41:32.381 27676 RALLYDEBUG rally_openstack.cleanup.manager [-] Deleting neutron.security_group object s_rally_592c33b3_OJT6xNur (1b5d6a91-699a-4003-a9ef-cd4627aa20e3)
2019-11-20 06:41:32.438 27676 RALLYDEBUG rally_openstack.cleanup.manager [-] Deleting neutron.security_group object s_rally_592c33b3_cNnPNNms (1e85a204-6315-478e-9e11-f6aa6ee3d294)
2019-11-20 06:41:32.503 27676 RALLYDEBUG rally_openstack.cleanup.manager [-] Deleting neutron.security_group object s_rally_592c33b3_e7opEwoU (210ed961-ce7b-4900-ab15-d03afd0434c3)
2019-11-20 06:41:32.531 27676 RALLYDEBUG rally_openstack.cleanup.manager [-] Deleting neutron.security_group object s_rally_592c33b3_3SGmdUQr (2876915d-f44b-4ca0-aa6f-795b48007948)
2019-11-20 06:41:32.541 27676 RALLYDEBUG rally_openstack.cleanup.manager [-] Deleting neutron.security_group object s_rally_592c33b3_WVnnT3Vg (28fe3f3a-458d-4bc0-ba92-c397aa0a9bce)
2019-11-20 06:41:32.546 27676 RALLYDEBUG rally_openstack.cleanup.manager [-] Deleting neutron.security_group object s_rally_592c33b3_rgsCtllq (2975f755-6ab5-4b51-9b5b-7d9a5f37862c)
2019-11-20 06:41:32.574 27676 RALLYDEBUG rally_openstack.cleanup.manager [-] Deleting neutron.security_group object s_rally_592c33b3_dMoGI1bJ (394ad1e1-2e19-4f0b-bd9e-5b08d74efe5e)
2019-11-20 06:41:32.614 27676 RALLYDEBUG rally_openstack.cleanup.manager [-] Deleting neutron.security_group object s_rally_592c33b3_x0HoL99z (41efc35e-4316-4fd1-ac2b-02c61ecdde5d)
2019-11-20 06:41:32.658 27676 RALLYDEBUG rally_openstack.cleanup.manager [-] Deleting neutron.security_group object s_rally_592c33b3_WfsF59dl (611f4767-868d-4a26-855f-ea08f4dd820a)
2019-11-20 06:41:32.667 27676 RALLYDEBUG rally_openstack.cleanup.manager [-] Deleting neutron.security_group object s_rally_592c33b3_amLWfRrG (64f87d12-2266-4f06-a211-30b075ec8ea6)
2019-11-20 06:41:32.714 27676 RALLYDEBUG rally_openstack.cleanup.manager [-] Deleting neutron.security_group object s_rally_592c33b3_bXRm3rcS (6b5edfe0-babb-4409-991f-4176035273ce)
2019-11-20 06:41:32.746 27676 RALLYDEBUG rally_openstack.cleanup.manager [-] Deleting neutron.security_group object s_rally_592c33b3_gsE54jYU (724f2f2b-f9dc-4976-87a8-02accc4a2f46)
2019-11-20 06:41:32.767 27676 RALLYDEBUG rally_openstack.cleanup.manager [-] Deleting neutron.security_group object s_rally_592c33b3_Ai4HoE2B (7a810490-d944-49ef-a6ed-9e3b40eb18dc)
2019-11-20 06:41:32.824 27676 RALLYDEBUG rally_openstack.cleanup.manager [-] Deleting neutron.security_group object s_rally_592c33b3_x2dolU3K (825b4369-65f3-4f95-a55f-82465a9c1b47)
2019-11-20 06:41:32.867 27676 RALLYDEBUG rally_openstack.cleanup.manager [-] Deleting neutron.security_group object s_rally_592c33b3_4GvjLhfJ (8da67496-2a13-4749-8d55-41725a50e257)
2019-11-20 06:41:33.689 27676 RALLYDEBUG rally_openstack.cleanup.manager [-] Deleting neutron.security_group object s_rally_592c33b3_Yw6SNjTv (8eda2bc4-3e1c-48d4-b364-6f2562903477)
2019-11-20 06:41:33.734 27676 RALLYDEBUG rally_openstack.cleanup.manager [-] Deleting neutron.security_group object s_rally_592c33b3_VtY9lGyG (a1542ec2-0bea-4c44-8ef9-e54e07204188)
2019-11-20 06:41:33.766 27676 RALLYDEBUG rally_openstack.cleanup.manager [-] Deleting neutron.security_group object s_rally_592c33b3_uB38MXsM (b7030df7-7c4c-4f61-97e7-87eac2efd8f0)
2019-11-20 06:41:33.819 27676 RALLYDEBUG rally_openstack.cleanup.manager [-] Deleting neutron.security_group object s_rally_592c33b3_5Shvk5tT (c08895ec-3279-47f8-b535-3f7febd68d0c)
2019-11-20 06:41:33.963 27676 RALLYDEBUG rally_openstack.cleanup.manager [-] Deleting neutron.security_group object s_rally_592c33b3_ibXkkKur (c4120b6d-9a8a-4a4c-a20b-1d96aff6be52)
2019-11-20 06:41:34.000 27676 RALLYDEBUG rally_openstack.cleanup.manager [-] Deleting neutron.security_group object s_rally_592c33b3_hk8jdeln (cdc3fc90-78e3-469a-aab9-58a5e2abbdd5)
2019-11-20 06:41:34.019 27676 RALLYDEBUG rally_openstack.cleanup.manager [-] Deleting neutron.security_group object s_rally_592c33b3_hhnPhFC5 (de0493d3-fea9-4e6b-911d-8a3dda2681f4)
2019-11-20 06:41:34.108 27676 RALLYDEBUG rally_openstack.cleanup.manager [-] Deleting neutron.security_group object s_rally_592c33b3_K1JLTLT0 (e80b244c-f907-4ab0-9bca-b6a4fd024016)
2019-11-20 06:41:34.163 27676 RALLYDEBUG rally_openstack.cleanup.manager [-] Deleting neutron.security_group object s_rally_592c33b3_trMxutEy (ed59a25a-6c8a-4daf-b899-6f930f443b1f)
2019-11-20 06:41:34.212 27676 RALLYDEBUG rally_openstack.cleanup.manager [-] Deleting neutron.security_group object s_rally_592c33b3_EF5soMCZ (f69dee5c-1e1a-4494-9027-bf3d899bbad9)
2019-11-20 06:41:35.656 27676 INFO rally.task.context [-] Task 20588eb3-f746-4482-8424-bc166fa34bc1 | Context cleanup@openstack cleanup() finished in 13.92 sec
2019-11-20 06:41:35.656 27676 INFO rally.task.context [-] Task 20588eb3-f746-4482-8424-bc166fa34bc1 | Context quotas@openstack cleanup() started
2019-11-20 06:41:35.788 27676 INFO rally.task.context [-] Task 20588eb3-f746-4482-8424-bc166fa34bc1 | Context quotas@openstack cleanup() finished in 0.13 sec
2019-11-20 06:41:35.789 27676 INFO rally.task.context [-] Task 20588eb3-f746-4482-8424-bc166fa34bc1 | Context users@openstack cleanup() started
2019-11-20 06:41:39.422 27676 INFO rally.task.context [-] Task 20588eb3-f746-4482-8424-bc166fa34bc1 | Context users@openstack cleanup() finished in 3.63 sec
2019-11-20 06:41:40.889 27676 INFO rally.task.engine [-] Load duration is: 3.844399
2019-11-20 06:41:40.889 27676 INFO rally.task.engine [-] Full runner duration is: 3.895856
2019-11-20 06:41:40.890 27676 INFO rally.task.engine [-] Full duration is: 24.717524
2019-11-20 06:41:41.160 27676 INFO rally.task.engine [-] Task 20588eb3-f746-4482-8424-bc166fa34bc1 | Completed: Running task.
2019-11-20 06:41:42.957 4185 RALLYDEBUG rally.api [-] INFO logs from urllib3 and requests module are hide.
2019-11-20 06:41:42.957 4185 RALLYDEBUG rally.api [-] urllib3 insecure warnings are hidden.
2019-11-20 06:41:42.957 4185 RALLYDEBUG rally.api [-] ERROR log from boto module is hide.
2019-11-20 06:41:44.222 4186 RALLYDEBUG rally.api [-] INFO logs from urllib3 and requests module are hide.
2019-11-20 06:41:44.222 4186 RALLYDEBUG rally.api [-] urllib3 insecure warnings are hidden.
2019-11-20 06:41:44.222 4186 RALLYDEBUG rally.api [-] ERROR log from boto module is hide.
2019-11-20 06:41:45.615 4187 RALLYDEBUG rally.api [-] INFO logs from urllib3 and requests module are hide.
2019-11-20 06:41:45.615 4187 RALLYDEBUG rally.api [-] urllib3 insecure warnings are hidden.
2019-11-20 06:41:45.616 4187 RALLYDEBUG rally.api [-] ERROR log from boto module is hide.
2019-11-20 06:41:47.210 4187 INFO rally.common.plugin.discover [-] Loading plugins from directories /root/.rally/plugins/*
2019-11-20 06:41:47.211 4187 INFO rally.common.plugin.discover [-] Loaded module with plugins: /root/.rally/plugins/__init__.py
2019-11-20 06:41:47.377 4187 INFO rally.api [-] Building 'json' report for the following task(s): '20588eb3-f746-4482-8424-bc166fa34bc1'.
2019-11-20 06:41:47.562 4187 INFO rally.api [-] The report has been successfully built.
2019-11-20 06:41:49.081 4189 RALLYDEBUG rally.api [-] INFO logs from urllib3 and requests module are hide.
2019-11-20 06:41:49.081 4189 RALLYDEBUG rally.api [-] urllib3 insecure warnings are hidden.
2019-11-20 06:41:49.082 4189 RALLYDEBUG rally.api [-] ERROR log from boto module is hide.
2019-11-20 06:41:50.639 4189 INFO rally.common.plugin.discover [-] Loading plugins from directories /root/.rally/plugins/*
2019-11-20 06:41:50.640 4189 INFO rally.common.plugin.discover [-] Loaded module with plugins: /root/.rally/plugins/__init__.py
2019-11-20 06:41:50.813 4189 INFO rally.api [-] Building 'html' report for the following task(s): '20588eb3-f746-4482-8424-bc166fa34bc1'.
2019-11-20 06:41:50.996 4189 INFO rally.api [-] The report has been successfully built.
2019-11-20 06:41:52.370 4191 RALLYDEBUG rally.api [-] INFO logs from urllib3 and requests module are hide.
2019-11-20 06:41:52.371 4191 RALLYDEBUG rally.api [-] urllib3 insecure warnings are hidden.
2019-11-20 06:41:52.371 4191 RALLYDEBUG rally.api [-] ERROR log from boto module is hide.
2019-11-20 06:41:53.917 4191 INFO rally.common.plugin.discover [-] Loading plugins from directories /root/.rally/plugins/*
2019-11-20 06:41:53.918 4191 INFO rally.common.plugin.discover [-] Loaded module with plugins: /root/.rally/plugins/__init__.py
2019-11-20 06:41:54.089 4191 INFO rally.api [-] Building 'junit-xml' report for the following task(s): '20588eb3-f746-4482-8424-bc166fa34bc1'.
2019-11-20 06:41:54.093 4191 INFO rally.api [-] The report has been successfully built.