2019-11-20 06:25:08.280 29879 WARNING rally_openstack.scenarios.neutron.utils [-] Running this scenario without either the 'network' or 'existing_network' context is deprecated
2019-11-20 06:25:08.268 29870 INFO rally.task.runner [-] Task 20588eb3-f746-4482-8424-bc166fa34bc1 | ITER: 2 START
2019-11-20 06:25:08.281 29870 WARNING rally_openstack.scenarios.neutron.utils [-] Running this scenario without either the 'network' or 'existing_network' context is deprecated
2019-11-20 06:25:08.282 29884 INFO rally.task.runner [-] Task 20588eb3-f746-4482-8424-bc166fa34bc1 | ITER: 10 START
2019-11-20 06:25:08.282 29888 RALLYDEBUG rally.task.runner [-] Starting a worker. times: 40 duration: None concurrency: 1 timeout: 0 cls: method_name: run args: {"network_create_args": {}, "subnet_create_args": {}, "subnet_cidr_start": "1.1.0.0/30", "subnets_per_network": 2}
2019-11-20 06:25:08.272 29871 INFO rally.task.runner [-] Task 20588eb3-f746-4482-8424-bc166fa34bc1 | ITER: 5 START
2019-11-20 06:25:08.284 29884 WARNING rally_openstack.scenarios.neutron.utils [-] Running this scenario without either the 'network' or 'existing_network' context is deprecated
2019-11-20 06:25:08.284 29871 WARNING rally_openstack.scenarios.neutron.utils [-] Running this scenario without either the 'network' or 'existing_network' context is deprecated
2019-11-20 06:25:08.285 29891 RALLYDEBUG rally.task.runner [-] Starting a worker. times: 40 duration: None concurrency: 1 timeout: 0 cls: method_name: run args: {"network_create_args": {}, "subnet_create_args": {}, "subnet_cidr_start": "1.1.0.0/30", "subnets_per_network": 2}
2019-11-20 06:25:08.289 29888 INFO rally.task.runner [-] Task 20588eb3-f746-4482-8424-bc166fa34bc1 | ITER: 11 START
2019-11-20 06:25:08.276 29872 WARNING rally_openstack.scenarios.neutron.utils [-] Running this scenario without either the 'network' or 'existing_network' context is deprecated
2019-11-20 06:25:08.289 29894 RALLYDEBUG rally.task.runner [-] Starting a worker. times: 40 duration: None concurrency: 1 timeout: 0 cls: method_name: run args: {"network_create_args": {}, "subnet_create_args": {}, "subnet_cidr_start": "1.1.0.0/30", "subnets_per_network": 2}
2019-11-20 06:25:08.290 29891 INFO rally.task.runner [-] Task 20588eb3-f746-4482-8424-bc166fa34bc1 | ITER: 12 START
2019-11-20 06:25:08.291 29888 WARNING rally_openstack.scenarios.neutron.utils [-] Running this scenario without either the 'network' or 'existing_network' context is deprecated
2019-11-20 06:25:08.279 29875 INFO rally.task.runner [-] Task 20588eb3-f746-4482-8424-bc166fa34bc1 | ITER: 9 START
2019-11-20 06:25:08.292 29891 WARNING rally_openstack.scenarios.neutron.utils [-] Running this scenario without either the 'network' or 'existing_network' context is deprecated
2019-11-20 06:25:08.292 29875 WARNING rally_openstack.scenarios.neutron.utils [-] Running this scenario without either the 'network' or 'existing_network' context is deprecated
2019-11-20 06:25:08.294 29899 RALLYDEBUG rally.task.runner [-] Starting a worker. times: 40 duration: None concurrency: 1 timeout: 0 cls: method_name: run args: {"network_create_args": {}, "subnet_create_args": {}, "subnet_cidr_start": "1.1.0.0/30", "subnets_per_network": 2}
2019-11-20 06:25:08.297 29894 INFO rally.task.runner [-] Task 20588eb3-f746-4482-8424-bc166fa34bc1 | ITER: 13 START
2019-11-20 06:25:08.299 29894 WARNING rally_openstack.scenarios.neutron.utils [-] Running this scenario without either the 'network' or 'existing_network' context is deprecated
2019-11-20 06:25:08.300 29899 INFO rally.task.runner [-] Task 20588eb3-f746-4482-8424-bc166fa34bc1 | ITER: 14 START
2019-11-20 06:25:08.302 29899 WARNING rally_openstack.scenarios.neutron.utils [-] Running this scenario without either the 'network' or 'existing_network' context is deprecated
2019-11-20 06:25:08.304 29903 RALLYDEBUG rally.task.runner [-] Starting a worker. times: 40 duration: None concurrency: 1 timeout: 0 cls: method_name: run args: {"network_create_args": {}, "subnet_create_args": {}, "subnet_cidr_start": "1.1.0.0/30", "subnets_per_network": 2}
2019-11-20 06:25:08.309 29903 INFO rally.task.runner [-] Task 20588eb3-f746-4482-8424-bc166fa34bc1 | ITER: 15 START
2019-11-20 06:25:08.311 29903 WARNING rally_openstack.scenarios.neutron.utils [-] Running this scenario without either the 'network' or 'existing_network' context is deprecated
2019-11-20 06:25:08.314 29907 RALLYDEBUG rally.task.runner [-] Starting a worker. times: 40 duration: None concurrency: 1 timeout: 0 cls: method_name: run args: {"network_create_args": {}, "subnet_create_args": {}, "subnet_cidr_start": "1.1.0.0/30", "subnets_per_network": 2}
2019-11-20 06:25:08.319 29907 INFO rally.task.runner [-] Task 20588eb3-f746-4482-8424-bc166fa34bc1 | ITER: 16 START
2019-11-20 06:25:08.320 29907 WARNING rally_openstack.scenarios.neutron.utils [-] Running this scenario without either the 'network' or 'existing_network' context is deprecated
2019-11-20 06:25:08.320 29908 RALLYDEBUG rally.task.runner [-] Starting a worker. times: 40 duration: None concurrency: 1 timeout: 0 cls: method_name: run args: {"network_create_args": {}, "subnet_create_args": {}, "subnet_cidr_start": "1.1.0.0/30", "subnets_per_network": 2}
2019-11-20 06:25:08.325 29911 RALLYDEBUG rally.task.runner [-] Starting a worker. times: 40 duration: None concurrency: 1 timeout: 0 cls: method_name: run args: {"network_create_args": {}, "subnet_create_args": {}, "subnet_cidr_start": "1.1.0.0/30", "subnets_per_network": 2}
2019-11-20 06:25:08.326 29908 INFO rally.task.runner [-] Task 20588eb3-f746-4482-8424-bc166fa34bc1 | ITER: 17 START
2019-11-20 06:25:08.327 29908 WARNING rally_openstack.scenarios.neutron.utils [-] Running this scenario without either the 'network' or 'existing_network' context is deprecated
2019-11-20 06:25:08.329 29913 RALLYDEBUG rally.task.runner [-] Starting a worker. times: 40 duration: None concurrency: 1 timeout: 0 cls: method_name: run args: {"network_create_args": {}, "subnet_create_args": {}, "subnet_cidr_start": "1.1.0.0/30", "subnets_per_network": 2}
2019-11-20 06:25:08.329 29911 INFO rally.task.runner [-] Task 20588eb3-f746-4482-8424-bc166fa34bc1 | ITER: 18 START
2019-11-20 06:25:08.331 29911 WARNING rally_openstack.scenarios.neutron.utils [-] Running this scenario without either the 'network' or 'existing_network' context is deprecated
2019-11-20 06:25:08.333 29913 INFO rally.task.runner [-] Task 20588eb3-f746-4482-8424-bc166fa34bc1 | ITER: 19 START
2019-11-20 06:25:08.333 29917 RALLYDEBUG rally.task.runner [-] Starting a worker. times: 40 duration: None concurrency: 1 timeout: 0 cls: method_name: run args: {"network_create_args": {}, "subnet_create_args": {}, "subnet_cidr_start": "1.1.0.0/30", "subnets_per_network": 2}
2019-11-20 06:25:08.334 29913 WARNING rally_openstack.scenarios.neutron.utils [-] Running this scenario without either the 'network' or 'existing_network' context is deprecated
2019-11-20 06:25:08.337 29917 INFO rally.task.runner [-] Task 20588eb3-f746-4482-8424-bc166fa34bc1 | ITER: 20 START
2019-11-20 06:25:08.338 29917 WARNING rally_openstack.scenarios.neutron.utils [-] Running this scenario without either the 'network' or 'existing_network' context is deprecated
2019-11-20 06:25:08.980 29872 RALLYDEBUG rally_openstack.wrappers.network [-] CIDR generated: 1.1.4.96/30
2019-11-20 06:25:09.006 29871 RALLYDEBUG rally_openstack.wrappers.network [-] CIDR generated: 1.1.4.100/30
2019-11-20 06:25:09.009 29870 RALLYDEBUG rally_openstack.wrappers.network [-] CIDR generated: 1.1.4.104/30
2019-11-20 06:25:09.020 29879 RALLYDEBUG rally_openstack.wrappers.network [-] CIDR generated: 1.1.4.108/30
2019-11-20 06:25:09.044 29872 RALLYDEBUG rally_openstack.wrappers.network [-] CIDR generated: 1.1.4.112/30
2019-11-20 06:25:09.093 29875 RALLYDEBUG rally_openstack.wrappers.network [-] CIDR generated: 1.1.4.116/30
2019-11-20 06:25:09.094 29870 RALLYDEBUG rally_openstack.wrappers.network [-] CIDR generated: 1.1.4.120/30
2019-11-20 06:25:09.142 29891 RALLYDEBUG rally_openstack.wrappers.network [-] CIDR generated: 1.1.4.124/30
2019-11-20 06:25:09.144 29911 RALLYDEBUG rally_openstack.wrappers.network [-] CIDR generated: 1.1.4.128/30
2019-11-20 06:25:09.158 29888 RALLYDEBUG rally_openstack.wrappers.network [-] CIDR generated: 1.1.4.132/30
2019-11-20 06:25:09.229 29884 RALLYDEBUG rally_openstack.wrappers.network [-] CIDR generated: 1.1.4.136/30
2019-11-20 06:25:09.276 29903 RALLYDEBUG rally_openstack.wrappers.network [-] CIDR generated: 1.1.4.140/30
2019-11-20 06:25:09.288 29875 RALLYDEBUG rally_openstack.wrappers.network [-] CIDR generated: 1.1.4.144/30
2019-11-20 06:25:09.464 29907 RALLYDEBUG rally_openstack.wrappers.network [-] CIDR generated: 1.1.4.148/30
2019-11-20 06:25:09.509 29894 RALLYDEBUG rally_openstack.wrappers.network [-] CIDR generated: 1.1.4.152/30
2019-11-20 06:25:09.512 29908 RALLYDEBUG rally_openstack.wrappers.network [-] CIDR generated: 1.1.4.156/30
2019-11-20 06:25:09.544 29899 RALLYDEBUG rally_openstack.wrappers.network [-] CIDR generated: 1.1.4.160/30
2019-11-20 06:25:09.574 29913 RALLYDEBUG rally_openstack.wrappers.network [-] CIDR generated: 1.1.4.164/30
2019-11-20 06:25:09.583 29917 RALLYDEBUG rally_openstack.wrappers.network [-] CIDR generated: 1.1.4.168/30
2019-11-20 06:25:09.842 29871 RALLYDEBUG rally_openstack.wrappers.network [-] CIDR generated: 1.1.4.172/30
2019-11-20 06:25:09.875 29870 RALLYDEBUG rally_openstack.wrappers.network [-] CIDR generated: 1.1.4.176/30
2019-11-20 06:25:10.003 29872 RALLYDEBUG rally_openstack.wrappers.network [-] CIDR generated: 1.1.4.180/30
2019-11-20 06:25:10.411 29913 RALLYDEBUG rally_openstack.wrappers.network [-] CIDR generated: 1.1.4.184/30
2019-11-20 06:25:10.426 29908 RALLYDEBUG rally_openstack.wrappers.network [-] CIDR generated: 1.1.4.188/30
2019-11-20 06:25:10.474 29894 RALLYDEBUG rally_openstack.wrappers.network [-] CIDR generated: 1.1.4.192/30
2019-11-20 06:25:10.595 29870 RALLYDEBUG rally_openstack.wrappers.network [-] CIDR generated: 1.1.4.196/30
2019-11-20 06:25:10.685 29891 RALLYDEBUG rally_openstack.wrappers.network [-] CIDR generated: 1.1.4.200/30
2019-11-20 06:25:11.370 29875 RALLYDEBUG rally_openstack.wrappers.network [-] CIDR generated: 1.1.4.208/30
2019-11-20 06:25:11.370 29871 RALLYDEBUG rally_openstack.wrappers.network [-] CIDR generated: 1.1.4.204/30
2019-11-20 06:25:11.552 29875 RALLYDEBUG rally_openstack.wrappers.network [-] CIDR generated: 1.1.4.212/30
2019-11-20 06:25:11.654 29884 RALLYDEBUG rally_openstack.wrappers.network [-] CIDR generated: 1.1.4.216/30
2019-11-20 06:25:11.659 29907 RALLYDEBUG rally_openstack.wrappers.network [-] CIDR generated: 1.1.4.220/30
2019-11-20 06:25:11.667 29911 RALLYDEBUG rally_openstack.wrappers.network [-] CIDR generated: 1.1.4.224/30
2019-11-20 06:25:11.778 29871 RALLYDEBUG rally_openstack.wrappers.network [-] CIDR generated: 1.1.4.228/30
2019-11-20 06:25:11.786 29879 RALLYDEBUG rally_openstack.wrappers.network [-] CIDR generated: 1.1.4.232/30
2019-11-20 06:25:11.796 29903 RALLYDEBUG rally_openstack.wrappers.network [-] CIDR generated: 1.1.4.236/30
2019-11-20 06:25:11.809 29872 RALLYDEBUG rally_openstack.wrappers.network [-] CIDR generated: 1.1.4.240/30
2019-11-20 06:25:12.044 29888 RALLYDEBUG rally_openstack.wrappers.network [-] CIDR generated: 1.1.4.244/30
2019-11-20 06:25:12.053 29899 RALLYDEBUG rally_openstack.wrappers.network [-] CIDR generated: 1.1.4.248/30
2019-11-20 06:25:12.162 29917 RALLYDEBUG rally_openstack.wrappers.network [-] CIDR generated: 1.1.4.252/30
2019-11-20 06:25:14.020 29875 INFO rally.task.runner [-] Task 20588eb3-f746-4482-8424-bc166fa34bc1 | ITER: 7 END: OK
2019-11-20 06:25:14.024 29875 INFO rally.task.runner [-] Task 20588eb3-f746-4482-8424-bc166fa34bc1 | ITER: 21 START
2019-11-20 06:25:14.025 29875 WARNING rally_openstack.scenarios.neutron.utils [-] Running this scenario without either the 'network' or 'existing_network' context is deprecated
2019-11-20 06:25:14.570 29884 INFO rally.task.runner [-] Task 20588eb3-f746-4482-8424-bc166fa34bc1 | ITER: 10 END: OK
2019-11-20 06:25:14.574 29884 INFO rally.task.runner [-] Task 20588eb3-f746-4482-8424-bc166fa34bc1 | ITER: 22 START
2019-11-20 06:25:14.574 29884 WARNING rally_openstack.scenarios.neutron.utils [-] Running this scenario without either the 'network' or 'existing_network' context is deprecated
2019-11-20 06:25:14.796 29875 RALLYDEBUG rally_openstack.wrappers.network [-] CIDR generated: 1.1.5.0/30
2019-11-20 06:25:14.955 29871 INFO rally.task.runner [-] Task 20588eb3-f746-4482-8424-bc166fa34bc1 | ITER: 5 END: OK
2019-11-20 06:25:14.959 29871 INFO rally.task.runner [-] Task 20588eb3-f746-4482-8424-bc166fa34bc1 | ITER: 23 START
2019-11-20 06:25:14.960 29871 WARNING rally_openstack.scenarios.neutron.utils [-] Running this scenario without either the 'network' or 'existing_network' context is deprecated
2019-11-20 06:25:15.223 29884 RALLYDEBUG rally_openstack.wrappers.network [-] CIDR generated: 1.1.5.4/30
2019-11-20 06:25:15.382 29870 INFO rally.task.runner [-] Task 20588eb3-f746-4482-8424-bc166fa34bc1 | ITER: 1 END: OK
2019-11-20 06:25:15.386 29870 INFO rally.task.runner [-] Task 20588eb3-f746-4482-8424-bc166fa34bc1 | ITER: 24 START
2019-11-20 06:25:15.387 29870 WARNING rally_openstack.scenarios.neutron.utils [-] Running this scenario without either the 'network' or 'existing_network' context is deprecated
2019-11-20 06:25:15.592 29871 RALLYDEBUG rally_openstack.wrappers.network [-] CIDR generated: 1.1.5.8/30
2019-11-20 06:25:15.876 29875 INFO rally.task.runner [-] Task 20588eb3-f746-4482-8424-bc166fa34bc1 | ITER: 9 END: OK
2019-11-20 06:25:15.879 29870 RALLYDEBUG rally_openstack.wrappers.network [-] CIDR generated: 1.1.5.12/30
2019-11-20 06:25:15.880 29875 INFO rally.task.runner [-] Task 20588eb3-f746-4482-8424-bc166fa34bc1 | ITER: 25 START
2019-11-20 06:25:15.881 29875 WARNING rally_openstack.scenarios.neutron.utils [-] Running this scenario without either the 'network' or 'existing_network' context is deprecated
2019-11-20 06:25:15.985 29913 INFO rally.task.runner [-] Task 20588eb3-f746-4482-8424-bc166fa34bc1 | ITER: 19 END: OK
2019-11-20 06:25:15.989 29913 INFO rally.task.runner [-] Task 20588eb3-f746-4482-8424-bc166fa34bc1 | ITER: 26 START
2019-11-20 06:25:15.989 29913 WARNING rally_openstack.scenarios.neutron.utils [-] Running this scenario without either the 'network' or 'existing_network' context is deprecated
2019-11-20 06:25:16.049 29872 INFO rally.task.runner [-] Task 20588eb3-f746-4482-8424-bc166fa34bc1 | ITER: 6 END: OK
2019-11-20 06:25:16.051 29872 INFO rally.task.runner [-] Task 20588eb3-f746-4482-8424-bc166fa34bc1 | ITER: 4 END: OK
2019-11-20 06:25:16.055 29872 INFO rally.task.runner [-] Task 20588eb3-f746-4482-8424-bc166fa34bc1 | ITER: 27 START
2019-11-20 06:25:16.057 29872 INFO rally.task.runner [-] Task 20588eb3-f746-4482-8424-bc166fa34bc1 | ITER: 28 START
2019-11-20 06:25:16.058 29872 WARNING rally_openstack.scenarios.neutron.utils [-] Running this scenario without either the 'network' or 'existing_network' context is deprecated
2019-11-20 06:25:16.058 29872 WARNING rally_openstack.scenarios.neutron.utils [-] Running this scenario without either the 'network' or 'existing_network' context is deprecated
2019-11-20 06:25:16.362 29875 RALLYDEBUG rally_openstack.wrappers.network [-] CIDR generated: 1.1.5.16/30
2019-11-20 06:25:16.539 29870 INFO rally.task.runner [-] Task 20588eb3-f746-4482-8424-bc166fa34bc1 | ITER: 2 END: OK
2019-11-20 06:25:16.542 29870 INFO rally.task.runner [-] Task 20588eb3-f746-4482-8424-bc166fa34bc1 | ITER: 29 START
2019-11-20 06:25:16.543 29870 WARNING rally_openstack.scenarios.neutron.utils [-] Running this scenario without either the 'network' or 'existing_network' context is deprecated
2019-11-20 06:25:16.561 29913 RALLYDEBUG rally_openstack.wrappers.network [-] CIDR generated: 1.1.5.20/30
2019-11-20 06:25:16.741 29872 RALLYDEBUG rally_openstack.wrappers.network [-] CIDR generated: 1.1.5.24/30
2019-11-20 06:25:16.956 29899 INFO rally.task.runner [-] Task 20588eb3-f746-4482-8424-bc166fa34bc1 | ITER: 14 END: OK
2019-11-20 06:25:16.960 29899 INFO rally.task.runner [-] Task 20588eb3-f746-4482-8424-bc166fa34bc1 | ITER: 30 START
2019-11-20 06:25:16.961 29899 WARNING rally_openstack.scenarios.neutron.utils [-] Running this scenario without either the 'network' or 'existing_network' context is deprecated
2019-11-20 06:25:17.032 29870 RALLYDEBUG rally_openstack.wrappers.network [-] CIDR generated: 1.1.5.28/30
2019-11-20 06:25:17.107 29888 INFO rally.task.runner [-] Task 20588eb3-f746-4482-8424-bc166fa34bc1 | ITER: 11 END: OK
2019-11-20 06:25:17.111 29888 INFO rally.task.runner [-] Task 20588eb3-f746-4482-8424-bc166fa34bc1 | ITER: 31 START
2019-11-20 06:25:17.111 29888 WARNING rally_openstack.scenarios.neutron.utils [-] Running this scenario without either the 'network' or 'existing_network' context is deprecated
2019-11-20 06:25:17.578 29913 RALLYDEBUG rally_openstack.wrappers.network [-] CIDR generated: 1.1.5.32/30
2019-11-20 06:25:17.586 29888 RALLYDEBUG rally_openstack.wrappers.network [-] CIDR generated: 1.1.5.36/30
2019-11-20 06:25:17.861 29872 RALLYDEBUG rally_openstack.wrappers.network [-] CIDR generated: 1.1.5.40/30
2019-11-20 06:25:17.960 29872 RALLYDEBUG rally_openstack.wrappers.network [-] CIDR generated: 1.1.5.44/30
2019-11-20 06:25:18.010 29908 INFO rally.task.runner [-] Task 20588eb3-f746-4482-8424-bc166fa34bc1 | ITER: 17 END: OK
2019-11-20 06:25:18.014 29908 INFO rally.task.runner [-] Task 20588eb3-f746-4482-8424-bc166fa34bc1 | ITER: 32 START
2019-11-20 06:25:18.014 29908 WARNING rally_openstack.scenarios.neutron.utils [-] Running this scenario without either the 'network' or 'existing_network' context is deprecated
2019-11-20 06:25:18.113 29899 RALLYDEBUG rally_openstack.wrappers.network [-] CIDR generated: 1.1.5.48/30
2019-11-20 06:25:18.156 29875 INFO rally.task.runner [-] Task 20588eb3-f746-4482-8424-bc166fa34bc1 | ITER: 21 END: OK
2019-11-20 06:25:18.159 29875 INFO rally.task.runner [-] Task 20588eb3-f746-4482-8424-bc166fa34bc1 | ITER: 33 START
2019-11-20 06:25:18.160 29875 WARNING rally_openstack.scenarios.neutron.utils [-] Running this scenario without either the 'network' or 'existing_network' context is deprecated
2019-11-20 06:25:18.185 29888 RALLYDEBUG rally_openstack.wrappers.network [-] CIDR generated: 1.1.5.52/30
2019-11-20 06:25:18.307 29911 INFO rally.task.runner [-] Task 20588eb3-f746-4482-8424-bc166fa34bc1 | ITER: 18 END: OK
2019-11-20 06:25:18.311 29911 INFO rally.task.runner [-] Task 20588eb3-f746-4482-8424-bc166fa34bc1 | ITER: 34 START
2019-11-20 06:25:18.312 29911 WARNING rally_openstack.scenarios.neutron.utils [-] Running this scenario without either the 'network' or 'existing_network' context is deprecated
2019-11-20 06:25:18.411 29870 RALLYDEBUG rally_openstack.wrappers.network [-] CIDR generated: 1.1.5.56/30
2019-11-20 06:25:18.654 29872 RALLYDEBUG rally_openstack.wrappers.network [-] CIDR generated: 1.1.5.60/30
2019-11-20 06:25:18.665 29908 RALLYDEBUG rally_openstack.wrappers.network [-] CIDR generated: 1.1.5.64/30
2019-11-20 06:25:18.680 29875 RALLYDEBUG rally_openstack.wrappers.network [-] CIDR generated: 1.1.5.68/30
2019-11-20 06:25:18.801 29875 RALLYDEBUG rally_openstack.wrappers.network [-] CIDR generated: 1.1.5.72/30
2019-11-20 06:25:18.965 29884 RALLYDEBUG rally_openstack.wrappers.network [-] CIDR generated: 1.1.5.76/30
2019-11-20 06:25:19.227 29871 RALLYDEBUG rally_openstack.wrappers.network [-] CIDR generated: 1.1.5.80/30
2019-11-20 06:25:19.302 29894 INFO rally.task.runner [-] Task 20588eb3-f746-4482-8424-bc166fa34bc1 | ITER: 13 END: OK
2019-11-20 06:25:19.305 29894 INFO rally.task.runner [-] Task 20588eb3-f746-4482-8424-bc166fa34bc1 | ITER: 35 START
2019-11-20 06:25:19.306 29894 WARNING rally_openstack.scenarios.neutron.utils [-] Running this scenario without either the 'network' or 'existing_network' context is deprecated
2019-11-20 06:25:19.549 29908 RALLYDEBUG rally_openstack.wrappers.network [-] CIDR generated: 1.1.5.84/30
2019-11-20 06:25:19.660 29875 RALLYDEBUG rally_openstack.wrappers.network [-] CIDR generated: 1.1.5.88/30
2019-11-20 06:25:19.792 29871 INFO rally.task.runner [-] Task 20588eb3-f746-4482-8424-bc166fa34bc1 | ITER: 3 END: OK
2019-11-20 06:25:19.795 29871 INFO rally.task.runner [-] Task 20588eb3-f746-4482-8424-bc166fa34bc1 | ITER: 36 START
2019-11-20 06:25:19.795 29871 WARNING rally_openstack.scenarios.neutron.utils [-] Running this scenario without either the 'network' or 'existing_network' context is deprecated
2019-11-20 06:25:19.891 29891 INFO rally.task.runner [-] Task 20588eb3-f746-4482-8424-bc166fa34bc1 | ITER: 12 END: OK
2019-11-20 06:25:19.895 29891 INFO rally.task.runner [-] Task 20588eb3-f746-4482-8424-bc166fa34bc1 | ITER: 37 START
2019-11-20 06:25:19.895 29891 WARNING rally_openstack.scenarios.neutron.utils [-] Running this scenario without either the 'network' or 'existing_network' context is deprecated
2019-11-20 06:25:19.914 29894 RALLYDEBUG rally_openstack.wrappers.network [-] CIDR generated: 1.1.5.92/30
2019-11-20 06:25:20.201 29917 INFO rally.task.runner [-] Task 20588eb3-f746-4482-8424-bc166fa34bc1 | ITER: 20 END: OK
2019-11-20 06:25:20.205 29917 INFO rally.task.runner [-] Task 20588eb3-f746-4482-8424-bc166fa34bc1 | ITER: 38 START
2019-11-20 06:25:20.206 29917 WARNING rally_openstack.scenarios.neutron.utils [-] Running this scenario without either the 'network' or 'existing_network' context is deprecated
2019-11-20 06:25:20.664 29911 RALLYDEBUG rally_openstack.wrappers.network [-] CIDR generated: 1.1.5.96/30
2019-11-20 06:25:20.693 29891 RALLYDEBUG rally_openstack.wrappers.network [-] CIDR generated: 1.1.5.100/30
2019-11-20 06:25:20.721 29871 RALLYDEBUG rally_openstack.wrappers.network [-] CIDR generated: 1.1.5.104/30
2019-11-20 06:25:20.834 29917 RALLYDEBUG rally_openstack.wrappers.network [-] CIDR generated: 1.1.5.108/30
2019-11-20 06:25:21.343 29891 RALLYDEBUG rally_openstack.wrappers.network [-] CIDR generated: 1.1.5.112/30
2019-11-20 06:25:21.483 29917 RALLYDEBUG rally_openstack.wrappers.network [-] CIDR generated: 1.1.5.116/30
2019-11-20 06:25:21.682 29899 RALLYDEBUG rally_openstack.wrappers.network [-] CIDR generated: 1.1.5.120/30
2019-11-20 06:25:21.716 29894 RALLYDEBUG rally_openstack.wrappers.network [-] CIDR generated: 1.1.5.124/30
2019-11-20 06:25:21.772 29870 RALLYDEBUG rally_openstack.wrappers.network [-] CIDR generated: 1.1.5.128/30
2019-11-20 06:25:21.902 29875 RALLYDEBUG rally_openstack.wrappers.network [-] CIDR generated: 1.1.5.132/30
2019-11-20 06:25:21.966 29911 RALLYDEBUG rally_openstack.wrappers.network [-] CIDR generated: 1.1.5.136/30
2019-11-20 06:25:22.740 29908 INFO rally.task.runner [-] Task 20588eb3-f746-4482-8424-bc166fa34bc1 | ITER: 32 END: OK
2019-11-20 06:25:22.742 29908 INFO rally.task.runner [-] Task 20588eb3-f746-4482-8424-bc166fa34bc1 | ITER: 39 START
2019-11-20 06:25:22.744 29908 WARNING rally_openstack.scenarios.neutron.utils [-] Running this scenario without either the 'network' or 'existing_network' context is deprecated
2019-11-20 06:25:22.878 29879 INFO rally.task.runner [-] Task 20588eb3-f746-4482-8424-bc166fa34bc1 | ITER: 8 END: OK
2019-11-20 06:25:22.882 29879 INFO rally.task.runner [-] Task 20588eb3-f746-4482-8424-bc166fa34bc1 | ITER: 40 START
2019-11-20 06:25:22.883 29879 WARNING rally_openstack.scenarios.neutron.utils [-] Running this scenario without either the 'network' or 'existing_network' context is deprecated
2019-11-20 06:25:23.003 29871 INFO rally.task.runner [-] Task 20588eb3-f746-4482-8424-bc166fa34bc1 | ITER: 23 END: OK
2019-11-20 06:25:23.234 29908 RALLYDEBUG rally_openstack.wrappers.network [-] CIDR generated: 1.1.5.140/30
2019-11-20 06:25:23.402 29879 RALLYDEBUG rally_openstack.wrappers.network [-] CIDR generated: 1.1.5.144/30
2019-11-20 06:25:23.851 29891 INFO rally.task.runner [-] Task 20588eb3-f746-4482-8424-bc166fa34bc1 | ITER: 37 END: OK
2019-11-20 06:25:23.994 29908 RALLYDEBUG rally_openstack.wrappers.network [-] CIDR generated: 1.1.5.148/30
2019-11-20 06:25:24.038 29872 INFO rally.task.runner [-] Task 20588eb3-f746-4482-8424-bc166fa34bc1 | ITER: 28 END: OK
2019-11-20 06:25:24.900 29911 INFO rally.task.runner [-] Task 20588eb3-f746-4482-8424-bc166fa34bc1 | ITER: 34 END: OK
2019-11-20 06:25:25.290 29907 INFO rally.task.runner [-] Task 20588eb3-f746-4482-8424-bc166fa34bc1 | ITER: 16 END: OK
2019-11-20 06:25:25.362 29872 INFO rally.task.runner [-] Task 20588eb3-f746-4482-8424-bc166fa34bc1 | ITER: 27 END: OK
2019-11-20 06:25:25.936 29884 INFO rally.task.runner [-] Task 20588eb3-f746-4482-8424-bc166fa34bc1 | ITER: 22 END: OK
2019-11-20 06:25:26.517 29908 INFO rally.task.runner [-] Task 20588eb3-f746-4482-8424-bc166fa34bc1 | ITER: 39 END: OK
2019-11-20 06:25:26.773 29875 INFO rally.task.runner [-] Task 20588eb3-f746-4482-8424-bc166fa34bc1 | ITER: 25 END: OK
2019-11-20 06:25:26.942 29899 INFO rally.task.runner [-] Task 20588eb3-f746-4482-8424-bc166fa34bc1 | ITER: 30 END: OK
2019-11-20 06:25:27.019 29894 INFO rally.task.runner [-] Task 20588eb3-f746-4482-8424-bc166fa34bc1 | ITER: 35 END: OK
2019-11-20 06:25:27.089 29879 RALLYDEBUG rally_openstack.wrappers.network [-] CIDR generated: 1.1.5.152/30
2019-11-20 06:25:27.382 29913 INFO rally.task.runner [-] Task 20588eb3-f746-4482-8424-bc166fa34bc1 | ITER: 26 END: OK
2019-11-20 06:25:27.429 29871 RALLYDEBUG rally_openstack.wrappers.network [-] CIDR generated: 1.1.5.156/30
2019-11-20 06:25:27.541 29888 INFO rally.task.runner [-] Task 20588eb3-f746-4482-8424-bc166fa34bc1 | ITER: 31 END: OK
2019-11-20 06:25:27.604 29870 INFO rally.task.runner [-] Task 20588eb3-f746-4482-8424-bc166fa34bc1 | ITER: 24 END: OK
2019-11-20 06:25:27.856 29903 INFO rally.task.runner [-] Task 20588eb3-f746-4482-8424-bc166fa34bc1 | ITER: 15 END: OK
2019-11-20 06:25:27.997 29917 INFO rally.task.runner [-] Task 20588eb3-f746-4482-8424-bc166fa34bc1 | ITER: 38 END: OK
2019-11-20 06:25:28.309 29875 INFO rally.task.runner [-] Task 20588eb3-f746-4482-8424-bc166fa34bc1 | ITER: 33 END: OK
2019-11-20 06:25:29.062 29870 INFO rally.task.runner [-] Task 20588eb3-f746-4482-8424-bc166fa34bc1 | ITER: 29 END: OK
2019-11-20 06:25:29.899 29879 INFO rally.task.runner [-] Task 20588eb3-f746-4482-8424-bc166fa34bc1 | ITER: 40 END: OK
2019-11-20 06:25:29.942 29871 INFO rally.task.runner [-] Task 20588eb3-f746-4482-8424-bc166fa34bc1 | ITER: 36 END: OK
2019-11-20 06:25:29.968 27676 INFO rally.task.context [-] Task 20588eb3-f746-4482-8424-bc166fa34bc1 | Context cleanup@openstack cleanup() started
2019-11-20 06:25:29.971 27676 RALLYDEBUG rally_openstack.cleanup.manager [-] Cleaning up neutron vip objects
2019-11-20 06:25:30.331 27676 RALLYDEBUG rally_openstack.cleanup.manager [-] Cleaning up neutron health_monitor objects
2019-11-20 06:25:30.693 27676 RALLYDEBUG rally_openstack.cleanup.manager [-] Cleaning up neutron pool objects
2019-11-20 06:25:31.051 27676 RALLYDEBUG rally_openstack.cleanup.manager [-] Cleaning up neutron loadbalancer objects
2019-11-20 06:25:31.409 27676 RALLYDEBUG rally_openstack.cleanup.manager [-] Cleaning up neutron floatingip objects
2019-11-20 06:25:31.793 27676 RALLYDEBUG rally_openstack.cleanup.manager [-] Cleaning up neutron trunk objects
2019-11-20 06:25:32.163 27676 RALLYDEBUG rally_openstack.cleanup.manager [-] Cleaning up neutron port objects
2019-11-20 06:25:32.609 27676 RALLYDEBUG rally_openstack.cleanup.manager [-] Cleaning up neutron subnet objects
2019-11-20 06:25:33.000 27676 RALLYDEBUG rally_openstack.cleanup.manager [-] Cleaning up neutron network objects
2019-11-20 06:25:33.539 27676 RALLYDEBUG rally_openstack.cleanup.manager [-] Deleting neutron.network object s_rally_7e7a083b_GvZkRHeY (099a2397-9fc4-41ec-ae5d-ac7d156242df)
2019-11-20 06:25:33.549 27676 RALLYDEBUG rally_openstack.cleanup.manager [-] Deleting neutron.network object s_rally_7e7a083b_FfPNzqTr (0b36cd53-4369-4539-a1c1-d1e7c786634c)
2019-11-20 06:25:33.558 27676 RALLYDEBUG rally_openstack.cleanup.manager [-] Deleting neutron.network object s_rally_7e7a083b_tgxMSgQP (0cb36233-aa12-4337-9c68-8bfd11b25410)
2019-11-20 06:25:33.567 27676 RALLYDEBUG rally_openstack.cleanup.manager [-] Deleting neutron.network object s_rally_7e7a083b_uwBuE2hT (139ed152-b114-4b9d-8867-3640bd790583)
2019-11-20 06:25:33.573 27676 RALLYDEBUG rally_openstack.cleanup.manager [-] Deleting neutron.network object s_rally_7e7a083b_lCK9Lunm (1b7369f7-6da7-4ce9-a7fc-d8cfce9d15ca)
2019-11-20 06:25:33.593 27676 RALLYDEBUG rally_openstack.cleanup.manager [-] Deleting neutron.network object s_rally_7e7a083b_72zobHOU (26f5f3ef-6961-4e59-9535-230090010b32)
2019-11-20 06:25:33.599 27676 RALLYDEBUG rally_openstack.cleanup.manager [-] Deleting neutron.network object s_rally_7e7a083b_3D2fEPGr (2beff7f9-8af2-4d16-b96d-8f3f7c9ddcef)
2019-11-20 06:25:33.606 27676 RALLYDEBUG rally_openstack.cleanup.manager [-] Deleting neutron.network object s_rally_7e7a083b_qRqdQZJc (2c3194e8-800f-4cb8-a3d8-d43a8739e7ab)
2019-11-20 06:25:33.630 27676 RALLYDEBUG rally_openstack.cleanup.manager [-] Deleting neutron.network object s_rally_7e7a083b_PFOMEkg7 (2da1382a-3907-4dad-8f1a-245cb68a3df7)
2019-11-20 06:25:33.639 27676 RALLYDEBUG rally_openstack.cleanup.manager [-] Deleting neutron.network object s_rally_7e7a083b_iC6a2pzk (2e49f30b-4aaa-40d0-9cfc-b2cd91df5d7d)
2019-11-20 06:25:33.655 27676 RALLYDEBUG rally_openstack.cleanup.manager [-] Deleting neutron.network object s_rally_7e7a083b_evz22xNu (33721bf0-f823-44e0-9a2f-c79cdba919e2)
2019-11-20 06:25:33.662 27676 RALLYDEBUG rally_openstack.cleanup.manager [-] Deleting neutron.network object s_rally_7e7a083b_eAdSpPBD (39afd269-31fc-4cbc-ac70-d669530de328)
2019-11-20 06:25:33.690 27676 RALLYDEBUG rally_openstack.cleanup.manager [-] Deleting neutron.network object s_rally_7e7a083b_jpk4ex91 (3f849067-4152-4b94-8b8f-f196a1747412)
2019-11-20 06:25:33.702 27676 RALLYDEBUG rally_openstack.cleanup.manager [-] Deleting neutron.network object s_rally_7e7a083b_KeDEO8wL (47da9211-d326-4664-97b4-2470e5cd6201)
2019-11-20 06:25:33.721 27676 RALLYDEBUG rally_openstack.cleanup.manager [-] Deleting neutron.network object s_rally_7e7a083b_bedan0wy (4c757e25-a875-4c82-b92a-705b17f0abe2)
2019-11-20 06:25:33.726 27676 RALLYDEBUG rally_openstack.cleanup.manager [-] Deleting neutron.network object s_rally_7e7a083b_E85lCfQv (55b0f48e-2df0-4c58-8f5a-be1e3b3cda7c)
2019-11-20 06:25:33.734 27676 RALLYDEBUG rally_openstack.cleanup.manager [-] Deleting neutron.network object s_rally_7e7a083b_1qXz2FCy (59114bbf-cbc4-4121-8d2b-600a6dd9e9c5)
2019-11-20 06:25:33.755 27676 RALLYDEBUG rally_openstack.cleanup.manager [-] Deleting neutron.network object s_rally_7e7a083b_33Oe2KTZ (666c1d84-feac-4259-b1ce-3abfe4ed360c)
2019-11-20 06:25:33.765 27676 RALLYDEBUG rally_openstack.cleanup.manager [-] Deleting neutron.network object s_rally_7e7a083b_uy6FwMyJ (66756d03-dc2e-4e52-94af-95eed4b42832)
2019-11-20 06:25:33.791 27676 RALLYDEBUG rally_openstack.cleanup.manager [-] Deleting neutron.network object s_rally_7e7a083b_MhjFZHsD (6f054cd8-b4b9-4d88-9f20-30385a1d6a1d)
2019-11-20 06:25:35.880 27676 RALLYDEBUG rally_openstack.cleanup.manager [-] Deleting neutron.network object s_rally_7e7a083b_0nBhPyka (7ae1f53d-b7e8-47ed-b39b-77f1306bb81f)
2019-11-20 06:25:35.903 27676 RALLYDEBUG rally_openstack.cleanup.manager [-] Deleting neutron.network object s_rally_7e7a083b_9NKIjDeU (82359457-8a6c-4906-8589-a0a3f588adfa)
2019-11-20 06:25:35.919 27676 RALLYDEBUG rally_openstack.cleanup.manager [-] Deleting neutron.network object s_rally_7e7a083b_31M3g53p (8297327a-a957-4883-89c2-6df37ef82b2c)
2019-11-20 06:25:35.927 27676 RALLYDEBUG rally_openstack.cleanup.manager [-] Deleting neutron.network object s_rally_7e7a083b_QDCHMQji (95d71eae-2467-4f47-90d4-9ac04e7a959d)
2019-11-20 06:25:35.977 27676 RALLYDEBUG rally_openstack.cleanup.manager [-] Deleting neutron.network object s_rally_7e7a083b_Cwf5DQ0k (9b85e77d-6874-4b96-a0c5-eec8a6b3a939)
2019-11-20 06:25:36.127 27676 RALLYDEBUG rally_openstack.cleanup.manager [-] Deleting neutron.network object s_rally_7e7a083b_7cXtYpPZ (9fcd687a-b70b-4d97-b357-c617df24c599)
2019-11-20 06:25:36.176 27676 RALLYDEBUG rally_openstack.cleanup.manager [-] Deleting neutron.network object s_rally_7e7a083b_kNLnb8MY (b0e4a405-1560-429f-ab79-296959e1ae44)
2019-11-20 06:25:36.211 27676 RALLYDEBUG rally_openstack.cleanup.manager [-] Deleting neutron.network object s_rally_7e7a083b_DoYg4L2N (b8afbad4-9c49-4660-a6ec-24511880004e)
2019-11-20 06:25:36.245 27676 RALLYDEBUG rally_openstack.cleanup.manager [-] Deleting neutron.network object s_rally_7e7a083b_VAggckES (c19cd7d4-ac51-4aea-b7e2-c0be07c46dc9)
2019-11-20 06:25:36.275 27676 RALLYDEBUG rally_openstack.cleanup.manager [-] Deleting neutron.network object s_rally_7e7a083b_z4t9qpqd (c43f20aa-b74a-4476-a63a-1352e891dc94)
2019-11-20 06:25:36.299 27676 RALLYDEBUG rally_openstack.cleanup.manager [-] Deleting neutron.network object s_rally_7e7a083b_K4XIz9sb (c7acb9ca-8d12-4fde-aabd-385b0b26b630)
2019-11-20 06:25:36.307 27676 RALLYDEBUG rally_openstack.cleanup.manager [-] Deleting neutron.network object s_rally_7e7a083b_MzEmtvAP (ccdc294a-dbce-4e19-a6c4-9f71bd2fa20a)
2019-11-20 06:25:36.312 27676 RALLYDEBUG rally_openstack.cleanup.manager [-] Deleting neutron.network object s_rally_7e7a083b_1QWkDCHL (d0365ebf-2b92-4045-9652-5eaae5684334)
2019-11-20 06:25:36.352 27676 RALLYDEBUG rally_openstack.cleanup.manager [-] Deleting neutron.network object s_rally_7e7a083b_FcGcTNIn (d56e7fa0-5d41-4209-86c9-0e6c85147ef5)
2019-11-20 06:25:36.424 27676 RALLYDEBUG rally_openstack.cleanup.manager [-] Deleting neutron.network object s_rally_7e7a083b_n5RsMhH8 (dad947dd-cb27-4dc8-8d47-f33079ed14ac)
2019-11-20 06:25:36.618 27676 RALLYDEBUG rally_openstack.cleanup.manager [-] Deleting neutron.network object s_rally_7e7a083b_9eMkxlei (e1c34cc1-b71c-4351-bc74-88c8d4df60f9)
2019-11-20 06:25:36.779 27676 RALLYDEBUG rally_openstack.cleanup.manager [-] Deleting neutron.network object s_rally_7e7a083b_vfRC9NH5 (e52f287d-f1d4-4358-91de-25d4dac55062)
2019-11-20 06:25:36.840 27676 RALLYDEBUG rally_openstack.cleanup.manager [-] Deleting neutron.network object s_rally_7e7a083b_0zUHrTbN (eb64cb69-3a0d-4392-8acf-0c4bfecb7ceb)
2019-11-20 06:25:37.632 27676 RALLYDEBUG rally_openstack.cleanup.manager [-] Deleting neutron.network object s_rally_7e7a083b_D4gHFdWw (f7adac69-9a27-42ed-89a2-7efb46d4687b)
2019-11-20 06:25:37.676 27676 RALLYDEBUG rally_openstack.cleanup.manager [-] Deleting neutron.network object s_rally_7e7a083b_keRQJmlX (f8ab696a-2318-4328-9c4d-48edc245fef3)
2019-11-20 06:25:39.485 27676 RALLYDEBUG rally_openstack.cleanup.manager [-] Cleaning up neutron router objects
2019-11-20 06:25:39.907 27676 RALLYDEBUG rally_openstack.cleanup.manager [-] Cleaning up neutron security_group objects
2019-11-20 06:25:40.302 27676 INFO rally.task.context [-] Task 20588eb3-f746-4482-8424-bc166fa34bc1 | Context cleanup@openstack cleanup() finished in 10.33 sec
2019-11-20 06:25:40.303 27676 INFO rally.task.context [-] Task 20588eb3-f746-4482-8424-bc166fa34bc1 | Context quotas@openstack cleanup() started
2019-11-20 06:25:40.372 27676 INFO rally.task.context [-] Task 20588eb3-f746-4482-8424-bc166fa34bc1 | Context quotas@openstack cleanup() finished in 69.23 msec
2019-11-20 06:25:40.372 27676 INFO rally.task.context [-] Task 20588eb3-f746-4482-8424-bc166fa34bc1 | Context users@openstack cleanup() started
2019-11-20 06:25:42.953 27676 INFO rally.task.context [-] Task 20588eb3-f746-4482-8424-bc166fa34bc1 | Context users@openstack cleanup() finished in 2.58 sec
2019-11-20 06:25:43.839 27676 INFO rally.task.engine [-] Load duration is: 21.675159
2019-11-20 06:25:43.840 27676 INFO rally.task.engine [-] Full runner duration is: 21.722384
2019-11-20 06:25:43.840 27676 INFO rally.task.engine [-] Full duration is: 37.346719
2019-11-20 06:25:44.202 27676 INFO rally.task.engine [-] Running workload: position = 0 config = { "version": 2, "title": "A cropped version of a bigger task.", "description": "Auto-generated task from a single workload (uuid=1fa746f6-e976-4eea-8c74-398e14b42e8c)", "subtasks": [ { "title": "NeutronNetworks.create_and_list_routers", "description": "Create and a given number of routers and list all routers.", "scenario": { "NeutronNetworks.create_and_list_routers": { "network_create_args": null, "subnet_create_args": null, "subnet_cidr_start": "1.1.0.0/30", "subnets_per_network": 2, "router_create_args": null } }, "contexts": { "users": { "tenants": 1, "users_per_tenant": 1 }, "quotas": { "neutron": { "network": -1, "subnet": -1, "router": -1 } } }, "runner": { "constant": { "times": 40, "concurrency": 20 } }, "hooks": [], "sla": { "failure_rate": { "max": 0 } } } ] }
2019-11-20 06:25:44.226 27676 RALLYDEBUG rally_openstack.contexts.keystone.users [-] Creating 1 tenants using 20 threads
2019-11-20 06:25:45.132 27676 RALLYDEBUG rally_openstack.contexts.keystone.users [-] Creating 1 users using 20 threads
2019-11-20 06:25:46.470 27676 INFO rally.task.context [-] Task 20588eb3-f746-4482-8424-bc166fa34bc1 | Context users@openstack setup() finished in 2.24 sec
2019-11-20 06:25:47.013 27676 INFO rally.task.context [-] Task 20588eb3-f746-4482-8424-bc166fa34bc1 | Context quotas@openstack setup() finished in 0.54 sec
2019-11-20 06:25:47.013 27676 INFO rally.task.context [-] Task 20588eb3-f746-4482-8424-bc166fa34bc1 | Context cleanup@openstack setup() finished in 0.02 msec
2019-11-20 06:25:47.022 27676 RALLYDEBUG rally.task.runner [-] Starting the constant runner (task UUID: 20588eb3-f746-4482-8424-bc166fa34bc1). times: 40 concurrency: 20 timeout: 0 max_cpu_used: 16 processes_to_start: 16 concurrency_per_worker: 1 concurrency_overhead: 4
2019-11-20 06:25:47.034 30260 RALLYDEBUG rally.task.runner [-] Starting a worker. times: 40 duration: None concurrency: 2 timeout: 0 cls: method_name: run args: {"network_create_args": null, "subnet_create_args": null, "subnet_cidr_start": "1.1.0.0/30", "subnets_per_network": 2, "router_create_args": null}
2019-11-20 06:25:47.038 30261 RALLYDEBUG rally.task.runner [-] Starting a worker. times: 40 duration: None concurrency: 2 timeout: 0 cls: method_name: run args: {"network_create_args": null, "subnet_create_args": null, "subnet_cidr_start": "1.1.0.0/30", "subnets_per_network": 2, "router_create_args": null}
2019-11-20 06:25:47.041 30260 INFO rally.task.runner [-] Task 20588eb3-f746-4482-8424-bc166fa34bc1 | ITER: 2 START
2019-11-20 06:25:47.041 30262 RALLYDEBUG rally.task.runner [-] Starting a worker. times: 40 duration: None concurrency: 2 timeout: 0 cls: method_name: run args: {"network_create_args": null, "subnet_create_args": null, "subnet_cidr_start": "1.1.0.0/30", "subnets_per_network": 2, "router_create_args": null}
2019-11-20 06:25:47.043 30261 INFO rally.task.runner [-] Task 20588eb3-f746-4482-8424-bc166fa34bc1 | ITER: 3 START
2019-11-20 06:25:47.045 30265 RALLYDEBUG rally.task.runner [-] Starting a worker. times: 40 duration: None concurrency: 2 timeout: 0 cls: method_name: run args: {"network_create_args": null, "subnet_create_args": null, "subnet_cidr_start": "1.1.0.0/30", "subnets_per_network": 2, "router_create_args": null}
2019-11-20 06:25:47.047 30262 INFO rally.task.runner [-] Task 20588eb3-f746-4482-8424-bc166fa34bc1 | ITER: 4 START
2019-11-20 06:25:47.049 30269 RALLYDEBUG rally.task.runner [-] Starting a worker. times: 40 duration: None concurrency: 1 timeout: 0 cls: method_name: run args: {"network_create_args": null, "subnet_create_args": null, "subnet_cidr_start": "1.1.0.0/30", "subnets_per_network": 2, "router_create_args": null}
2019-11-20 06:25:47.052 30261 INFO rally.task.runner [-] Task 20588eb3-f746-4482-8424-bc166fa34bc1 | ITER: 5 START
2019-11-20 06:25:47.052 30272 RALLYDEBUG rally.task.runner [-] Starting a worker. times: 40 duration: None concurrency: 1 timeout: 0 cls: method_name: run args: {"network_create_args": null, "subnet_create_args": null, "subnet_cidr_start": "1.1.0.0/30", "subnets_per_network": 2, "router_create_args": null}
2019-11-20 06:25:47.054 30260 INFO rally.task.runner [-] Task 20588eb3-f746-4482-8424-bc166fa34bc1 | ITER: 1 START
2019-11-20 06:25:47.057 30269 INFO rally.task.runner [-] Task 20588eb3-f746-4482-8424-bc166fa34bc1 | ITER: 8 START
2019-11-20 06:25:47.058 30272 INFO rally.task.runner [-] Task 20588eb3-f746-4482-8424-bc166fa34bc1 | ITER: 9 START
2019-11-20 06:25:47.057 30274 RALLYDEBUG rally.task.runner [-] Starting a worker. times: 40 duration: None concurrency: 1 timeout: 0 cls: method_name: run args: {"network_create_args": null, "subnet_create_args": null, "subnet_cidr_start": "1.1.0.0/30", "subnets_per_network": 2, "router_create_args": null}
2019-11-20 06:25:47.060 30265 INFO rally.task.runner [-] Task 20588eb3-f746-4482-8424-bc166fa34bc1 | ITER: 7 START
2019-11-20 06:25:47.061 30278 RALLYDEBUG rally.task.runner [-] Starting a worker. times: 40 duration: None concurrency: 1 timeout: 0 cls: method_name: run args: {"network_create_args": null, "subnet_create_args": null, "subnet_cidr_start": "1.1.0.0/30", "subnets_per_network": 2, "router_create_args": null}
2019-11-20 06:25:47.062 30262 INFO rally.task.runner [-] Task 20588eb3-f746-4482-8424-bc166fa34bc1 | ITER: 6 START
2019-11-20 06:25:47.064 30274 INFO rally.task.runner [-] Task 20588eb3-f746-4482-8424-bc166fa34bc1 | ITER: 11 START
2019-11-20 06:25:47.066 30278 INFO rally.task.runner [-] Task 20588eb3-f746-4482-8424-bc166fa34bc1 | ITER: 12 START
2019-11-20 06:25:47.066 30284 RALLYDEBUG rally.task.runner [-] Starting a worker. times: 40 duration: None concurrency: 1 timeout: 0 cls: method_name: run args: {"network_create_args": null, "subnet_create_args": null, "subnet_cidr_start": "1.1.0.0/30", "subnets_per_network": 2, "router_create_args": null}
2019-11-20 06:25:47.071 30288 RALLYDEBUG rally.task.runner [-] Starting a worker. times: 40 duration: None concurrency: 1 timeout: 0 cls: method_name: run args: {"network_create_args": null, "subnet_create_args": null, "subnet_cidr_start": "1.1.0.0/30", "subnets_per_network": 2, "router_create_args": null}
2019-11-20 06:25:47.074 30284 INFO rally.task.runner [-] Task 20588eb3-f746-4482-8424-bc166fa34bc1 | ITER: 13 START
2019-11-20 06:25:47.061 30265 INFO rally.task.runner [-] Task 20588eb3-f746-4482-8424-bc166fa34bc1 | ITER: 10 START
2019-11-20 06:25:47.076 30290 RALLYDEBUG rally.task.runner [-] Starting a worker. times: 40 duration: None concurrency: 1 timeout: 0 cls: method_name: run args: {"network_create_args": null, "subnet_create_args": null, "subnet_cidr_start": "1.1.0.0/30", "subnets_per_network": 2, "router_create_args": null}
2019-11-20 06:25:47.077 30288 INFO rally.task.runner [-] Task 20588eb3-f746-4482-8424-bc166fa34bc1 | ITER: 14 START
2019-11-20 06:25:47.080 30293 RALLYDEBUG rally.task.runner [-] Starting a worker. times: 40 duration: None concurrency: 1 timeout: 0 cls: method_name: run args: {"network_create_args": null, "subnet_create_args": null, "subnet_cidr_start": "1.1.0.0/30", "subnets_per_network": 2, "router_create_args": null}
2019-11-20 06:25:47.083 30290 INFO rally.task.runner [-] Task 20588eb3-f746-4482-8424-bc166fa34bc1 | ITER: 15 START
2019-11-20 06:25:47.087 30293 INFO rally.task.runner [-] Task 20588eb3-f746-4482-8424-bc166fa34bc1 | ITER: 16 START
2019-11-20 06:25:47.089 30298 RALLYDEBUG rally.task.runner [-] Starting a worker. times: 40 duration: None concurrency: 1 timeout: 0 cls: method_name: run args: {"network_create_args": null, "subnet_create_args": null, "subnet_cidr_start": "1.1.0.0/30", "subnets_per_network": 2, "router_create_args": null}
2019-11-20 06:25:47.094 30298 INFO rally.task.runner [-] Task 20588eb3-f746-4482-8424-bc166fa34bc1 | ITER: 17 START
2019-11-20 06:25:47.096 30301 RALLYDEBUG rally.task.runner [-] Starting a worker. times: 40 duration: None concurrency: 1 timeout: 0 cls: method_name: run args: {"network_create_args": null, "subnet_create_args": null, "subnet_cidr_start": "1.1.0.0/30", "subnets_per_network": 2, "router_create_args": null}
2019-11-20 06:25:47.100 30301 INFO rally.task.runner [-] Task 20588eb3-f746-4482-8424-bc166fa34bc1 | ITER: 18 START
2019-11-20 06:25:47.102 30304 RALLYDEBUG rally.task.runner [-] Starting a worker. times: 40 duration: None concurrency: 1 timeout: 0 cls: method_name: run args: {"network_create_args": null, "subnet_create_args": null, "subnet_cidr_start": "1.1.0.0/30", "subnets_per_network": 2, "router_create_args": null}
2019-11-20 06:25:47.106 30307 RALLYDEBUG rally.task.runner [-] Starting a worker. times: 40 duration: None concurrency: 1 timeout: 0 cls: method_name: run args: {"network_create_args": null, "subnet_create_args": null, "subnet_cidr_start": "1.1.0.0/30", "subnets_per_network": 2, "router_create_args": null}
2019-11-20 06:25:47.106 30304 INFO rally.task.runner [-] Task 20588eb3-f746-4482-8424-bc166fa34bc1 | ITER: 19 START
2019-11-20 06:25:47.109 30307 INFO rally.task.runner [-] Task 20588eb3-f746-4482-8424-bc166fa34bc1 | ITER: 20 START
2019-11-20 06:25:47.764 30284 RALLYDEBUG rally_openstack.wrappers.network [-] CIDR generated: 1.1.5.160/30
2019-11-20 06:25:47.843 30269 RALLYDEBUG rally_openstack.wrappers.network [-] CIDR generated: 1.1.5.164/30
2019-11-20 06:25:47.850 30272 RALLYDEBUG rally_openstack.wrappers.network [-] CIDR generated: 1.1.5.168/30
2019-11-20 06:25:47.949 30293 RALLYDEBUG rally_openstack.wrappers.network [-] CIDR generated: 1.1.5.172/30
2019-11-20 06:25:48.000 30288 RALLYDEBUG rally_openstack.wrappers.network [-] CIDR generated: 1.1.5.176/30
2019-11-20 06:25:48.039 30304 RALLYDEBUG rally_openstack.wrappers.network [-] CIDR generated: 1.1.5.180/30
2019-11-20 06:25:48.091 30307 RALLYDEBUG rally_openstack.wrappers.network [-] CIDR generated: 1.1.5.184/30
2019-11-20 06:25:48.098 30301 RALLYDEBUG rally_openstack.wrappers.network [-] CIDR generated: 1.1.5.188/30
2019-11-20 06:25:48.164 30265 RALLYDEBUG rally_openstack.wrappers.network [-] CIDR generated: 1.1.5.192/30
2019-11-20 06:25:48.294 30298 RALLYDEBUG rally_openstack.wrappers.network [-] CIDR generated: 1.1.5.196/30
2019-11-20 06:25:48.300 30290 RALLYDEBUG rally_openstack.wrappers.network [-] CIDR generated: 1.1.5.200/30
2019-11-20 06:25:48.507 30272 RALLYDEBUG rally_openstack.wrappers.network [-] CIDR generated: 1.1.5.204/30
2019-11-20 06:25:48.693 30278 RALLYDEBUG rally_openstack.wrappers.network [-] CIDR generated: 1.1.5.208/30
2019-11-20 06:25:48.696 30261 RALLYDEBUG rally_openstack.wrappers.network [-] CIDR generated: 1.1.5.212/30
2019-11-20 06:25:48.697 30262 RALLYDEBUG rally_openstack.wrappers.network [-] CIDR generated: 1.1.5.216/30
2019-11-20 06:25:48.720 30260 RALLYDEBUG rally_openstack.wrappers.network [-] CIDR generated: 1.1.5.220/30
2019-11-20 06:25:48.720 30274 RALLYDEBUG rally_openstack.wrappers.network [-] CIDR generated: 1.1.5.224/30
2019-11-20 06:25:48.786 30262 RALLYDEBUG rally_openstack.wrappers.network [-] CIDR generated: 1.1.5.228/30
2019-11-20 06:25:48.808 30269 RALLYDEBUG rally_openstack.wrappers.network [-] CIDR generated: 1.1.5.232/30
2019-11-20 06:25:48.967 30301 RALLYDEBUG rally_openstack.wrappers.network [-] CIDR generated: 1.1.5.236/30
2019-11-20 06:25:49.032 30290 RALLYDEBUG rally_openstack.wrappers.network [-] CIDR generated: 1.1.5.240/30
2019-11-20 06:25:49.122 30260 RALLYDEBUG rally_openstack.wrappers.network [-] CIDR generated: 1.1.5.244/30
2019-11-20 06:25:49.163 30265 RALLYDEBUG rally_openstack.wrappers.network [-] CIDR generated: 1.1.5.248/30
2019-11-20 06:25:49.172 30261 RALLYDEBUG rally_openstack.wrappers.network [-] CIDR generated: 1.1.5.252/30
2019-11-20 06:25:49.356 30298 RALLYDEBUG rally_openstack.wrappers.network [-] CIDR generated: 1.1.6.0/30
2019-11-20 06:25:49.598 30304 RALLYDEBUG rally_openstack.wrappers.network [-] CIDR generated: 1.1.6.4/30
2019-11-20 06:25:49.677 30284 RALLYDEBUG rally_openstack.wrappers.network [-] CIDR generated: 1.1.6.8/30
2019-11-20 06:25:49.713 30265 RALLYDEBUG rally_openstack.wrappers.network [-] CIDR generated: 1.1.6.12/30
2019-11-20 06:25:49.763 30307 RALLYDEBUG rally_openstack.wrappers.network [-] CIDR generated: 1.1.6.16/30
2019-11-20 06:25:50.494 30265 RALLYDEBUG rally_openstack.wrappers.network [-] CIDR generated: 1.1.6.20/30
2019-11-20 06:25:50.502 30274 RALLYDEBUG rally_openstack.wrappers.network [-] CIDR generated: 1.1.6.24/30
2019-11-20 06:25:50.523 30262 RALLYDEBUG rally_openstack.wrappers.network [-] CIDR generated: 1.1.6.28/30
2019-11-20 06:25:50.530 30278 RALLYDEBUG rally_openstack.wrappers.network [-] CIDR generated: 1.1.6.32/30
2019-11-20 06:25:50.579 30293 RALLYDEBUG rally_openstack.wrappers.network [-] CIDR generated: 1.1.6.36/30
2019-11-20 06:25:50.582 30260 RALLYDEBUG rally_openstack.wrappers.network [-] CIDR generated: 1.1.6.40/30
2019-11-20 06:25:50.625 30261 RALLYDEBUG rally_openstack.wrappers.network [-] CIDR generated: 1.1.6.44/30
2019-11-20 06:25:50.743 30261 RALLYDEBUG rally_openstack.wrappers.network [-] CIDR generated: 1.1.6.48/30
2019-11-20 06:25:50.826 30288 RALLYDEBUG rally_openstack.wrappers.network [-] CIDR generated: 1.1.6.52/30
2019-11-20 06:25:50.865 30262 RALLYDEBUG rally_openstack.wrappers.network [-] CIDR generated: 1.1.6.56/30
2019-11-20 06:25:51.375 30260 RALLYDEBUG rally_openstack.wrappers.network [-] CIDR generated: 1.1.6.60/30
2019-11-20 06:25:55.333 30301 INFO rally.task.runner [-] Task 20588eb3-f746-4482-8424-bc166fa34bc1 | ITER: 18 END: OK
2019-11-20 06:25:55.336 30301 INFO rally.task.runner [-] Task 20588eb3-f746-4482-8424-bc166fa34bc1 | ITER: 21 START
2019-11-20 06:25:57.211 30301 RALLYDEBUG rally_openstack.wrappers.network [-] CIDR generated: 1.1.6.64/30
2019-11-20 06:25:58.400 30304 INFO rally.task.runner [-] Task 20588eb3-f746-4482-8424-bc166fa34bc1 | ITER: 19 END: OK
2019-11-20 06:25:58.404 30304 INFO rally.task.runner [-] Task 20588eb3-f746-4482-8424-bc166fa34bc1 | ITER: 22 START
2019-11-20 06:25:58.461 30301 RALLYDEBUG rally_openstack.wrappers.network [-] CIDR generated: 1.1.6.68/30
2019-11-20 06:25:59.578 30272 INFO rally.task.runner [-] Task 20588eb3-f746-4482-8424-bc166fa34bc1 | ITER: 9 END: OK
2019-11-20 06:25:59.581 30272 INFO rally.task.runner [-] Task 20588eb3-f746-4482-8424-bc166fa34bc1 | ITER: 23 START
