2019-11-20 06:20:33.506 27667 RALLYDEBUG rally.api [-] INFO logs from urllib3 and requests module are hide.
2019-11-20 06:20:33.506 27667 RALLYDEBUG rally.api [-] urllib3 insecure warnings are hidden.
2019-11-20 06:20:33.506 27667 RALLYDEBUG rally.api [-] ERROR log from boto module is hide.
2019-11-20 06:20:36.528 27669 RALLYDEBUG rally.api [-] INFO logs from urllib3 and requests module are hide.
2019-11-20 06:20:36.529 27669 RALLYDEBUG rally.api [-] urllib3 insecure warnings are hidden.
2019-11-20 06:20:36.529 27669 RALLYDEBUG rally.api [-] ERROR log from boto module is hide.
2019-11-20 06:20:39.905 27671 RALLYDEBUG rally.api [-] INFO logs from urllib3 and requests module are hide.
2019-11-20 06:20:39.905 27671 RALLYDEBUG rally.api [-] urllib3 insecure warnings are hidden.
2019-11-20 06:20:39.905 27671 RALLYDEBUG rally.api [-] ERROR log from boto module is hide.
2019-11-20 06:20:44.070 27674 RALLYDEBUG rally.api [-] INFO logs from urllib3 and requests module are hide.
2019-11-20 06:20:44.071 27674 RALLYDEBUG rally.api [-] urllib3 insecure warnings are hidden.
2019-11-20 06:20:44.071 27674 RALLYDEBUG rally.api [-] ERROR log from boto module is hide.
2019-11-20 06:20:45.700 27676 RALLYDEBUG rally.api [-] INFO logs from urllib3 and requests module are hide.
2019-11-20 06:20:45.700 27676 RALLYDEBUG rally.api [-] urllib3 insecure warnings are hidden.
2019-11-20 06:20:45.700 27676 RALLYDEBUG rally.api [-] ERROR log from boto module is hide.
2019-11-20 06:20:47.290 27676 INFO rally.common.plugin.discover [-] Loading plugins from directories /root/.rally/plugins/*
2019-11-20 06:20:47.290 27676 INFO rally.common.plugin.discover [-] Loaded module with plugins: /root/.rally/plugins/__init__.py
2019-11-20 06:20:47.624 27676 INFO rally.task.engine [-] Task 20588eb3-f746-4482-8424-bc166fa34bc1 | Starting: Task validation.
2019-11-20 06:20:47.678 27676 INFO rally.task.engine [-] Task 20588eb3-f746-4482-8424-bc166fa34bc1 | Starting: Task validation of syntax.
2019-11-20 06:20:48.000 27676 INFO rally.task.engine [-] Task 20588eb3-f746-4482-8424-bc166fa34bc1 | Completed: Task validation of syntax.
2019-11-20 06:20:48.000 27676 INFO rally.task.engine [-] Task 20588eb3-f746-4482-8424-bc166fa34bc1 | Starting: Task validation of required platforms.
2019-11-20 06:20:48.115 27676 INFO rally.task.engine [-] Task 20588eb3-f746-4482-8424-bc166fa34bc1 | Completed: Task validation of required platforms.
2019-11-20 06:20:48.115 27676 INFO rally.task.engine [-] Task 20588eb3-f746-4482-8424-bc166fa34bc1 | Starting: Task validation of semantic.
2019-11-20 06:20:48.115 27676 INFO rally.task.engine [-] Check health of the environment 'f90556cd-94ef-4a44-9a02-29661d88cf71'.
2019-11-20 06:20:49.025 27676 INFO rally.task.engine [-] Platform existing@openstack (available: True): OK!
2019-11-20 06:20:49.044 27676 RALLYDEBUG rally_openstack.contexts.keystone.users [-] Creating 1 tenants using 20 threads
2019-11-20 06:20:49.888 27676 RALLYDEBUG rally_openstack.contexts.keystone.users [-] Creating 1 users using 20 threads
2019-11-20 06:20:51.219 27676 INFO rally.task.context [-] Task 20588eb3-f746-4482-8424-bc166fa34bc1 | Context users@openstack setup() finished in 2.17 sec
2019-11-20 06:21:01.019 27676 INFO rally.task.context [-] Task 20588eb3-f746-4482-8424-bc166fa34bc1 | Context users@openstack cleanup() started
2019-11-20 06:21:04.277 27676 INFO rally.task.context [-] Task 20588eb3-f746-4482-8424-bc166fa34bc1 | Context users@openstack cleanup() finished in 3.26 sec
2019-11-20 06:21:04.278 27676 INFO rally.task.engine [-] Task 20588eb3-f746-4482-8424-bc166fa34bc1 | Completed: Task validation of semantic.
2019-11-20 06:21:04.278 27676 INFO rally.task.engine [-] Task 20588eb3-f746-4482-8424-bc166fa34bc1 | Completed: Task validation.
2019-11-20 06:21:04.278 27676 INFO rally.api [-] Task 20588eb3-f746-4482-8424-bc166fa34bc1 input file is valid.
2019-11-20 06:21:04.279 27676 INFO rally.api [-] Run Task 20588eb3-f746-4482-8424-bc166fa34bc1 against Deployment f90556cd-94ef-4a44-9a02-29661d88cf71
2019-11-20 06:21:04.279 27676 INFO rally.task.engine [-] Task 20588eb3-f746-4482-8424-bc166fa34bc1 | Starting: Running task.
2019-11-20 06:21:04.446 27676 INFO rally.task.engine [-] Running workload: position = 0 config = { "version": 2, "title": "A cropped version of a bigger task.", "description": "Auto-generated task from a single workload (uuid=0aab35ac-499e-40fb-99b8-68fa8acfdade)", "subtasks": [ { "title": "NeutronNetworks.create_and_list_networks", "description": "Check performance of list_networks action and ensure > network quotas are not exceeded", "scenario": { "NeutronNetworks.create_and_list_networks": {} }, "contexts": { "users": { "tenants": 1, "users_per_tenant": 1 }, "quotas": { "neutron": { "network": 119 } } }, "runner": { "constant": { "times": 100, "concurrency": 20 } }, "hooks": [], "sla": { "max_avg_duration_per_atomic": { "neutron.list_networks": 15 }, "failure_rate": { "max": 0 } } } ] }
2019-11-20 06:21:04.468 27676 RALLYDEBUG rally_openstack.contexts.keystone.users [-] Creating 1 tenants using 20 threads
2019-11-20 06:21:05.372 27676 RALLYDEBUG rally_openstack.contexts.keystone.users [-] Creating 1 users using 20 threads
2019-11-20 06:21:06.731 27676 INFO rally.task.context [-] Task 20588eb3-f746-4482-8424-bc166fa34bc1 | Context users@openstack setup() finished in 2.26 sec
2019-11-20 06:21:07.525 27676 INFO rally.task.context [-] Task 20588eb3-f746-4482-8424-bc166fa34bc1 | Context quotas@openstack setup() finished in 0.79 sec
2019-11-20 06:21:07.526 27676 INFO rally.task.context [-] Task 20588eb3-f746-4482-8424-bc166fa34bc1 | Context cleanup@openstack setup() finished in 0.01 msec
2019-11-20 06:21:07.535 27676 RALLYDEBUG rally.task.runner [-] Starting the constant runner (task UUID: 20588eb3-f746-4482-8424-bc166fa34bc1). times: 100 concurrency: 20 timeout: 0 max_cpu_used: 16 processes_to_start: 16 concurrency_per_worker: 1 concurrency_overhead: 4
2019-11-20 06:21:07.548 27800 RALLYDEBUG rally.task.runner [-] Starting a worker. times: 100 duration: None concurrency: 2 timeout: 0 cls: method_name: run args: {}
2019-11-20 06:21:07.552 27801 RALLYDEBUG rally.task.runner [-] Starting a worker. times: 100 duration: None concurrency: 2 timeout: 0 cls: method_name: run args: {}
2019-11-20 06:21:07.555 27800 INFO rally.task.runner [-] Task 20588eb3-f746-4482-8424-bc166fa34bc1 | ITER: 1 START
2019-11-20 06:21:07.555 27802 RALLYDEBUG rally.task.runner [-] Starting a worker. times: 100 duration: None concurrency: 2 timeout: 0 cls: method_name: run args: {}
2019-11-20 06:21:07.558 27801 INFO rally.task.runner [-] Task 20588eb3-f746-4482-8424-bc166fa34bc1 | ITER: 2 START
2019-11-20 06:21:07.558 27805 RALLYDEBUG rally.task.runner [-] Starting a worker. times: 100 duration: None concurrency: 2 timeout: 0 cls: method_name: run args: {}
2019-11-20 06:21:07.562 27800 INFO rally.task.runner [-] Task 20588eb3-f746-4482-8424-bc166fa34bc1 | ITER: 3 START
2019-11-20 06:21:07.562 27802 INFO rally.task.runner [-] Task 20588eb3-f746-4482-8424-bc166fa34bc1 | ITER: 5 START
2019-11-20 06:21:07.562 27809 RALLYDEBUG rally.task.runner [-] Starting a worker. times: 100 duration: None concurrency: 1 timeout: 0 cls: method_name: run args: {}
2019-11-20 06:21:07.565 27805 INFO rally.task.runner [-] Task 20588eb3-f746-4482-8424-bc166fa34bc1 | ITER: 7 START
2019-11-20 06:21:07.566 27814 RALLYDEBUG rally.task.runner [-] Starting a worker. times: 100 duration: None concurrency: 1 timeout: 0 cls: method_name: run args: {}
2019-11-20 06:21:07.566 27809 INFO rally.task.runner [-] Task 20588eb3-f746-4482-8424-bc166fa34bc1 | ITER: 9 START
2019-11-20 06:21:07.570 27819 RALLYDEBUG rally.task.runner [-] Starting a worker. times: 100 duration: None concurrency: 1 timeout: 0 cls: method_name: run args: {}
2019-11-20 06:21:07.570 27814 INFO rally.task.runner [-] Task 20588eb3-f746-4482-8424-bc166fa34bc1 | ITER: 10 START
2019-11-20 06:21:07.574 27819 INFO rally.task.runner [-] Task 20588eb3-f746-4482-8424-bc166fa34bc1 | ITER: 11 START
2019-11-20 06:21:07.575 27823 RALLYDEBUG rally.task.runner [-] Starting a worker. times: 100 duration: None concurrency: 1 timeout: 0 cls: method_name: run args: {}
2019-11-20 06:21:07.559 27801 INFO rally.task.runner [-] Task 20588eb3-f746-4482-8424-bc166fa34bc1 | ITER: 4 START
2019-11-20 06:21:07.562 27802 INFO rally.task.runner [-] Task 20588eb3-f746-4482-8424-bc166fa34bc1 | ITER: 6 START
2019-11-20 06:21:07.579 27826 RALLYDEBUG rally.task.runner [-] Starting a worker. times: 100 duration: None concurrency: 1 timeout: 0 cls: method_name: run args: {}
2019-11-20 06:21:07.580 27823 INFO rally.task.runner [-] Task 20588eb3-f746-4482-8424-bc166fa34bc1 | ITER: 12 START
2019-11-20 06:21:07.572 27805 INFO rally.task.runner [-] Task 20588eb3-f746-4482-8424-bc166fa34bc1 | ITER: 8 START
2019-11-20 06:21:07.584 27826 INFO rally.task.runner [-] Task 20588eb3-f746-4482-8424-bc166fa34bc1 | ITER: 13 START
2019-11-20 06:21:07.587 27830 RALLYDEBUG rally.task.runner [-] Starting a worker. times: 100 duration: None concurrency: 1 timeout: 0 cls: method_name: run args: {}
2019-11-20 06:21:07.592 27830 INFO rally.task.runner [-] Task 20588eb3-f746-4482-8424-bc166fa34bc1 | ITER: 14 START
2019-11-20 06:21:07.597 27834 RALLYDEBUG rally.task.runner [-] Starting a worker. times: 100 duration: None concurrency: 1 timeout: 0 cls: method_name: run args: {}
2019-11-20 06:21:07.602 27834 INFO rally.task.runner [-] Task 20588eb3-f746-4482-8424-bc166fa34bc1 | ITER: 15 START
2019-11-20 06:21:07.605 27837 RALLYDEBUG rally.task.runner [-] Starting a worker. times: 100 duration: None concurrency: 1 timeout: 0 cls: method_name: run args: {}
2019-11-20 06:21:07.610 27837 INFO rally.task.runner [-] Task 20588eb3-f746-4482-8424-bc166fa34bc1 | ITER: 16 START
2019-11-20 06:21:07.612 27838 RALLYDEBUG rally.task.runner [-] Starting a worker. times: 100 duration: None concurrency: 1 timeout: 0 cls: method_name: run args: {}
2019-11-20 06:21:07.616 27838 INFO rally.task.runner [-] Task 20588eb3-f746-4482-8424-bc166fa34bc1 | ITER: 17 START
2019-11-20 06:21:07.616 27841 RALLYDEBUG rally.task.runner [-] Starting a worker. times: 100 duration: None concurrency: 1 timeout: 0 cls: method_name: run args: {}
2019-11-20 06:21:07.619 27844 RALLYDEBUG rally.task.runner [-] Starting a worker. times: 100 duration: None concurrency: 1 timeout: 0 cls: method_name: run args: {}
2019-11-20 06:21:07.620 27841 INFO rally.task.runner [-] Task 20588eb3-f746-4482-8424-bc166fa34bc1 | ITER: 18 START
2019-11-20 06:21:07.621 27845 RALLYDEBUG rally.task.runner [-] Starting a worker. times: 100 duration: None concurrency: 1 timeout: 0 cls: method_name: run args: {}
2019-11-20 06:21:07.623 27844 INFO rally.task.runner [-] Task 20588eb3-f746-4482-8424-bc166fa34bc1 | ITER: 19 START
2019-11-20 06:21:07.625 27845 INFO rally.task.runner [-] Task 20588eb3-f746-4482-8424-bc166fa34bc1 | ITER: 20 START
2019-11-20 06:21:08.504 27814 INFO rally.task.runner [-] Task 20588eb3-f746-4482-8424-bc166fa34bc1 | ITER: 10 END: OK
2019-11-20 06:21:08.508 27814 INFO rally.task.runner [-] Task 20588eb3-f746-4482-8424-bc166fa34bc1 | ITER: 21 START
2019-11-20 06:21:08.720 27826 INFO rally.task.runner [-] Task 20588eb3-f746-4482-8424-bc166fa34bc1 | ITER: 13 END: OK
2019-11-20 06:21:08.723 27826 INFO rally.task.runner [-] Task 20588eb3-f746-4482-8424-bc166fa34bc1 | ITER: 22 START
2019-11-20 06:21:08.836 27802 INFO rally.task.runner [-] Task 20588eb3-f746-4482-8424-bc166fa34bc1 | ITER: 6 END: OK
2019-11-20 06:21:08.839 27802 INFO rally.task.runner [-] Task 20588eb3-f746-4482-8424-bc166fa34bc1 | ITER: 23 START
2019-11-20 06:21:08.865 27800 INFO rally.task.runner [-] Task 20588eb3-f746-4482-8424-bc166fa34bc1 | ITER: 3 END: OK
2019-11-20 06:21:08.868 27800 INFO rally.task.runner [-] Task 20588eb3-f746-4482-8424-bc166fa34bc1 | ITER: 24 START
2019-11-20 06:21:08.871 27837 INFO rally.task.runner [-] Task 20588eb3-f746-4482-8424-bc166fa34bc1 | ITER: 16 END: OK
2019-11-20 06:21:08.875 27837 INFO rally.task.runner [-] Task 20588eb3-f746-4482-8424-bc166fa34bc1 | ITER: 25 START
2019-11-20 06:21:08.889 27801 INFO rally.task.runner [-] Task 20588eb3-f746-4482-8424-bc166fa34bc1 | ITER: 2 END: OK
2019-11-20 06:21:08.892 27801 INFO rally.task.runner [-] Task 20588eb3-f746-4482-8424-bc166fa34bc1 | ITER: 26 START
2019-11-20 06:21:08.932 27819 INFO rally.task.runner [-] Task 20588eb3-f746-4482-8424-bc166fa34bc1 | ITER: 11 END: OK
2019-11-20 06:21:08.935 27819 INFO rally.task.runner [-] Task 20588eb3-f746-4482-8424-bc166fa34bc1 | ITER: 27 START
2019-11-20 06:21:08.956 27809 INFO rally.task.runner [-] Task 20588eb3-f746-4482-8424-bc166fa34bc1 | ITER: 9 END: OK
2019-11-20 06:21:08.959 27809 INFO rally.task.runner [-] Task 20588eb3-f746-4482-8424-bc166fa34bc1 | ITER: 28 START
2019-11-20 06:21:09.038 27802 INFO rally.task.runner [-] Task 20588eb3-f746-4482-8424-bc166fa34bc1 | ITER: 5 END: OK
2019-11-20 06:21:09.042 27802 INFO rally.task.runner [-] Task 20588eb3-f746-4482-8424-bc166fa34bc1 | ITER: 29 START
2019-11-20 06:21:09.046 27838 INFO rally.task.runner [-] Task 20588eb3-f746-4482-8424-bc166fa34bc1 | ITER: 17 END: OK
2019-11-20 06:21:09.050 27838 INFO rally.task.runner [-] Task 20588eb3-f746-4482-8424-bc166fa34bc1 | ITER: 30 START
2019-11-20 06:21:09.166 27823 INFO rally.task.runner [-] Task 20588eb3-f746-4482-8424-bc166fa34bc1 | ITER: 12 END: OK
2019-11-20 06:21:09.169 27823 INFO rally.task.runner [-] Task 20588eb3-f746-4482-8424-bc166fa34bc1 | ITER: 31 START
2019-11-20 06:21:09.402 27805 INFO rally.task.runner [-] Task 20588eb3-f746-4482-8424-bc166fa34bc1 | ITER: 7 END: OK
2019-11-20 06:21:09.405 27805 INFO rally.task.runner [-] Task 20588eb3-f746-4482-8424-bc166fa34bc1 | ITER: 32 START
2019-11-20 06:21:09.420 27800 INFO rally.task.runner [-] Task 20588eb3-f746-4482-8424-bc166fa34bc1 | ITER: 1 END: OK
2019-11-20 06:21:09.423 27800 INFO rally.task.runner [-] Task 20588eb3-f746-4482-8424-bc166fa34bc1 | ITER: 33 START
2019-11-20 06:21:09.522 27826 INFO rally.task.runner [-] Task 20588eb3-f746-4482-8424-bc166fa34bc1 | ITER: 22 END: OK
2019-11-20 06:21:09.526 27826 INFO rally.task.runner [-] Task 20588eb3-f746-4482-8424-bc166fa34bc1 | ITER: 34 START
2019-11-20 06:21:09.634 27805 INFO rally.task.runner [-] Task 20588eb3-f746-4482-8424-bc166fa34bc1 | ITER: 8 END: OK
2019-11-20 06:21:09.638 27805 INFO rally.task.runner [-] Task 20588eb3-f746-4482-8424-bc166fa34bc1 | ITER: 35 START
2019-11-20 06:21:09.709 27814 INFO rally.task.runner [-] Task 20588eb3-f746-4482-8424-bc166fa34bc1 | ITER: 21 END: OK
2019-11-20 06:21:09.712 27814 INFO rally.task.runner [-] Task 20588eb3-f746-4482-8424-bc166fa34bc1 | ITER: 36 START
2019-11-20 06:21:09.713 27845 INFO rally.task.runner [-] Task 20588eb3-f746-4482-8424-bc166fa34bc1 | ITER: 20 END: OK
2019-11-20 06:21:09.716 27845 INFO rally.task.runner [-] Task 20588eb3-f746-4482-8424-bc166fa34bc1 | ITER: 37 START
2019-11-20 06:21:09.748 27844 INFO rally.task.runner [-] Task 20588eb3-f746-4482-8424-bc166fa34bc1 | ITER: 19 END: OK
2019-11-20 06:21:09.750 27830 INFO rally.task.runner [-] Task 20588eb3-f746-4482-8424-bc166fa34bc1 | ITER: 14 END: OK
2019-11-20 06:21:09.751 27844 INFO rally.task.runner [-] Task 20588eb3-f746-4482-8424-bc166fa34bc1 | ITER: 38 START
2019-11-20 06:21:09.754 27830 INFO rally.task.runner [-] Task 20588eb3-f746-4482-8424-bc166fa34bc1 | ITER: 39 START
2019-11-20 06:21:09.769 27801 INFO rally.task.runner [-] Task 20588eb3-f746-4482-8424-bc166fa34bc1 | ITER: 4 END: OK
2019-11-20 06:21:09.772 27801 INFO rally.task.runner [-] Task 20588eb3-f746-4482-8424-bc166fa34bc1 | ITER: 40 START
2019-11-20 06:21:09.789 27801 INFO rally.task.runner [-] Task 20588eb3-f746-4482-8424-bc166fa34bc1 | ITER: 26 END: OK
2019-11-20 06:21:09.789 27834 INFO rally.task.runner [-] Task 20588eb3-f746-4482-8424-bc166fa34bc1 | ITER: 15 END: OK
2019-11-20 06:21:09.792 27801 INFO rally.task.runner [-] Task 20588eb3-f746-4482-8424-bc166fa34bc1 | ITER: 41 START
2019-11-20 06:21:09.793 27834 INFO rally.task.runner [-] Task 20588eb3-f746-4482-8424-bc166fa34bc1 | ITER: 42 START
2019-11-20 06:21:09.793 27841 INFO rally.task.runner [-] Task 20588eb3-f746-4482-8424-bc166fa34bc1 | ITER: 18 END: OK
2019-11-20 06:21:09.796 27841 INFO rally.task.runner [-] Task 20588eb3-f746-4482-8424-bc166fa34bc1 | ITER: 43 START
2019-11-20 06:21:09.854 27800 INFO rally.task.runner [-] Task 20588eb3-f746-4482-8424-bc166fa34bc1 | ITER: 24 END: OK
2019-11-20 06:21:09.857 27800 INFO rally.task.runner [-] Task 20588eb3-f746-4482-8424-bc166fa34bc1 | ITER: 44 START
2019-11-20 06:21:09.874 27802 INFO rally.task.runner [-] Task 20588eb3-f746-4482-8424-bc166fa34bc1 | ITER: 23 END: OK
2019-11-20 06:21:09.877 27802 INFO rally.task.runner [-] Task 20588eb3-f746-4482-8424-bc166fa34bc1 | ITER: 45 START
2019-11-20 06:21:10.130 27819 INFO rally.task.runner [-] Task 20588eb3-f746-4482-8424-bc166fa34bc1 | ITER: 27 END: OK
2019-11-20 06:21:10.133 27819 INFO rally.task.runner [-] Task 20588eb3-f746-4482-8424-bc166fa34bc1 | ITER: 46 START
2019-11-20 06:21:10.193 27837 INFO rally.task.runner [-] Task 20588eb3-f746-4482-8424-bc166fa34bc1 | ITER: 25 END: OK
2019-11-20 06:21:10.196 27837 INFO rally.task.runner [-] Task 20588eb3-f746-4482-8424-bc166fa34bc1 | ITER: 47 START
2019-11-20 06:21:10.261 27800 INFO rally.task.runner [-] Task 20588eb3-f746-4482-8424-bc166fa34bc1 | ITER: 33 END: OK
2019-11-20 06:21:10.264 27800 INFO rally.task.runner [-] Task 20588eb3-f746-4482-8424-bc166fa34bc1 | ITER: 48 START
2019-11-20 06:21:10.273 27823 INFO rally.task.runner [-] Task 20588eb3-f746-4482-8424-bc166fa34bc1 | ITER: 31 END: OK
2019-11-20 06:21:10.276 27823 INFO rally.task.runner [-] Task 20588eb3-f746-4482-8424-bc166fa34bc1 | ITER: 49 START
2019-11-20 06:21:10.408 27802 INFO rally.task.runner [-] Task 20588eb3-f746-4482-8424-bc166fa34bc1 | ITER: 29 END: OK
2019-11-20 06:21:10.412 27802 INFO rally.task.runner [-] Task 20588eb3-f746-4482-8424-bc166fa34bc1 | ITER: 50 START
2019-11-20 06:21:10.529 27805 INFO rally.task.runner [-] Task 20588eb3-f746-4482-8424-bc166fa34bc1 | ITER: 35 END: OK
2019-11-20 06:21:10.532 27805 INFO rally.task.runner [-] Task 20588eb3-f746-4482-8424-bc166fa34bc1 | ITER: 51 START
2019-11-20 06:21:10.662 27809 INFO rally.task.runner [-] Task 20588eb3-f746-4482-8424-bc166fa34bc1 | ITER: 28 END: OK
2019-11-20 06:21:10.665 27809 INFO rally.task.runner [-] Task 20588eb3-f746-4482-8424-bc166fa34bc1 | ITER: 52 START
2019-11-20 06:21:10.686 27826 INFO rally.task.runner [-] Task 20588eb3-f746-4482-8424-bc166fa34bc1 | ITER: 34 END: OK
2019-11-20 06:21:10.687 27805 INFO rally.task.runner [-] Task 20588eb3-f746-4482-8424-bc166fa34bc1 | ITER: 32 END: OK
2019-11-20 06:21:10.689 27826 INFO rally.task.runner [-] Task 20588eb3-f746-4482-8424-bc166fa34bc1 | ITER: 53 START
2019-11-20 06:21:10.690 27805 INFO rally.task.runner [-] Task 20588eb3-f746-4482-8424-bc166fa34bc1 | ITER: 54 START
2019-11-20 06:21:10.742 27845 INFO rally.task.runner [-] Task 20588eb3-f746-4482-8424-bc166fa34bc1 | ITER: 37 END: OK
2019-11-20 06:21:10.744 27845 INFO rally.task.runner [-] Task 20588eb3-f746-4482-8424-bc166fa34bc1 | ITER: 55 START
2019-11-20 06:21:10.761 27838 INFO rally.task.runner [-] Task 20588eb3-f746-4482-8424-bc166fa34bc1 | ITER: 30 END: OK
2019-11-20 06:21:10.763 27838 INFO rally.task.runner [-] Task 20588eb3-f746-4482-8424-bc166fa34bc1 | ITER: 56 START
2019-11-20 06:21:10.868 27814 INFO rally.task.runner [-] Task 20588eb3-f746-4482-8424-bc166fa34bc1 | ITER: 36 END: OK
2019-11-20 06:21:10.871 27814 INFO rally.task.runner [-] Task 20588eb3-f746-4482-8424-bc166fa34bc1 | ITER: 57 START
2019-11-20 06:21:10.964 27830 INFO rally.task.runner [-] Task 20588eb3-f746-4482-8424-bc166fa34bc1 | ITER: 39 END: OK
2019-11-20 06:21:10.967 27830 INFO rally.task.runner [-] Task 20588eb3-f746-4482-8424-bc166fa34bc1 | ITER: 58 START
2019-11-20 06:21:11.307 27844 INFO rally.task.runner [-] Task 20588eb3-f746-4482-8424-bc166fa34bc1 | ITER: 38 END: OK
2019-11-20 06:21:11.310 27844 INFO rally.task.runner [-] Task 20588eb3-f746-4482-8424-bc166fa34bc1 | ITER: 59 START
2019-11-20 06:21:11.343 27834 INFO rally.task.runner [-] Task 20588eb3-f746-4482-8424-bc166fa34bc1 | ITER: 42 END: OK
2019-11-20 06:21:11.347 27834 INFO rally.task.runner [-] Task 20588eb3-f746-4482-8424-bc166fa34bc1 | ITER: 60 START
2019-11-20 06:21:11.360 27801 INFO rally.task.runner [-] Task 20588eb3-f746-4482-8424-bc166fa34bc1 | ITER: 41 END: OK
2019-11-20 06:21:11.363 27801 INFO rally.task.runner [-] Task 20588eb3-f746-4482-8424-bc166fa34bc1 | ITER: 61 START
2019-11-20 06:21:11.364 27802 INFO rally.task.runner [-] Task 20588eb3-f746-4482-8424-bc166fa34bc1 | ITER: 45 END: OK
2019-11-20 06:21:11.368 27802 INFO rally.task.runner [-] Task 20588eb3-f746-4482-8424-bc166fa34bc1 | ITER: 62 START
2019-11-20 06:21:11.384 27805 INFO rally.task.runner [-] Task 20588eb3-f746-4482-8424-bc166fa34bc1 | ITER: 51 END: OK
2019-11-20 06:21:11.388 27805 INFO rally.task.runner [-] Task 20588eb3-f746-4482-8424-bc166fa34bc1 | ITER: 63 START
2019-11-20 06:21:11.423 27841 INFO rally.task.runner [-] Task 20588eb3-f746-4482-8424-bc166fa34bc1 | ITER: 43 END: OK
2019-11-20 06:21:11.425 27801 INFO rally.task.runner [-] Task 20588eb3-f746-4482-8424-bc166fa34bc1 | ITER: 40 END: OK
2019-11-20 06:21:11.427 27841 INFO rally.task.runner [-] Task 20588eb3-f746-4482-8424-bc166fa34bc1 | ITER: 64 START
2019-11-20 06:21:11.428 27801 INFO rally.task.runner [-] Task 20588eb3-f746-4482-8424-bc166fa34bc1 | ITER: 65 START
2019-11-20 06:21:11.503 27800 INFO rally.task.runner [-] Task 20588eb3-f746-4482-8424-bc166fa34bc1 | ITER: 44 END: OK
2019-11-20 06:21:11.506 27800 INFO rally.task.runner [-] Task 20588eb3-f746-4482-8424-bc166fa34bc1 | ITER: 66 START
2019-11-20 06:21:11.678 27838 INFO rally.task.runner [-] Task 20588eb3-f746-4482-8424-bc166fa34bc1 | ITER: 56 END: OK
2019-11-20 06:21:11.681 27838 INFO rally.task.runner [-] Task 20588eb3-f746-4482-8424-bc166fa34bc1 | ITER: 67 START
2019-11-20 06:21:11.753 27814 INFO rally.task.runner [-] Task 20588eb3-f746-4482-8424-bc166fa34bc1 | ITER: 57 END: OK
2019-11-20 06:21:11.756 27814 INFO rally.task.runner [-] Task 20588eb3-f746-4482-8424-bc166fa34bc1 | ITER: 68 START
2019-11-20 06:21:11.848 27826 INFO rally.task.runner [-] Task 20588eb3-f746-4482-8424-bc166fa34bc1 | ITER: 53 END: OK
2019-11-20 06:21:11.851 27826 INFO rally.task.runner [-] Task 20588eb3-f746-4482-8424-bc166fa34bc1 | ITER: 69 START
2019-11-20 06:21:11.927 27800 INFO rally.task.runner [-] Task 20588eb3-f746-4482-8424-bc166fa34bc1 | ITER: 48 END: OK
2019-11-20 06:21:11.929 27800 INFO rally.task.runner [-] Task 20588eb3-f746-4482-8424-bc166fa34bc1 | ITER: 70 START
2019-11-20 06:21:11.963 27819 INFO rally.task.runner [-] Task 20588eb3-f746-4482-8424-bc166fa34bc1 | ITER: 46 END: OK
2019-11-20 06:21:11.966 27819 INFO rally.task.runner [-] Task 20588eb3-f746-4482-8424-bc166fa34bc1 | ITER: 71 START
2019-11-20 06:21:11.978 27837 INFO rally.task.runner [-] Task 20588eb3-f746-4482-8424-bc166fa34bc1 | ITER: 47 END: OK
2019-11-20 06:21:11.981 27837 INFO rally.task.runner [-] Task 20588eb3-f746-4482-8424-bc166fa34bc1 | ITER: 72 START
2019-11-20 06:21:12.040 27805 INFO rally.task.runner [-] Task 20588eb3-f746-4482-8424-bc166fa34bc1 | ITER: 54 END: OK
2019-11-20 06:21:12.044 27805 INFO rally.task.runner [-] Task 20588eb3-f746-4482-8424-bc166fa34bc1 | ITER: 73 START
2019-11-20 06:21:12.048 27830 INFO rally.task.runner [-] Task 20588eb3-f746-4482-8424-bc166fa34bc1 | ITER: 58 END: OK
2019-11-20 06:21:12.051 27830 INFO rally.task.runner [-] Task 20588eb3-f746-4482-8424-bc166fa34bc1 | ITER: 74 START
2019-11-20 06:21:12.168 27823 INFO rally.task.runner [-] Task 20588eb3-f746-4482-8424-bc166fa34bc1 | ITER: 49 END: OK
2019-11-20 06:21:12.171 27823 INFO rally.task.runner [-] Task 20588eb3-f746-4482-8424-bc166fa34bc1 | ITER: 75 START
2019-11-20 06:21:12.256 27844 INFO rally.task.runner [-] Task 20588eb3-f746-4482-8424-bc166fa34bc1 | ITER: 59 END: OK
2019-11-20 06:21:12.259 27844 INFO rally.task.runner [-] Task 20588eb3-f746-4482-8424-bc166fa34bc1 | ITER: 76 START
2019-11-20 06:21:12.318 27845 INFO rally.task.runner [-] Task 20588eb3-f746-4482-8424-bc166fa34bc1 | ITER: 55 END: OK
2019-11-20 06:21:12.321 27845 INFO rally.task.runner [-] Task 20588eb3-f746-4482-8424-bc166fa34bc1 | ITER: 77 START
2019-11-20 06:21:12.497 27834 INFO rally.task.runner [-] Task 20588eb3-f746-4482-8424-bc166fa34bc1 | ITER: 60 END: OK
2019-11-20 06:21:12.500 27834 INFO rally.task.runner [-] Task 20588eb3-f746-4482-8424-bc166fa34bc1 | ITER: 78 START
2019-11-20 06:21:12.569 27801 INFO rally.task.runner [-] Task 20588eb3-f746-4482-8424-bc166fa34bc1 | ITER: 61 END: OK
2019-11-20 06:21:12.572 27801 INFO rally.task.runner [-] Task 20588eb3-f746-4482-8424-bc166fa34bc1 | ITER: 79 START
2019-11-20 06:21:12.592 27801 INFO rally.task.runner [-] Task 20588eb3-f746-4482-8424-bc166fa34bc1 | ITER: 65 END: OK
2019-11-20 06:21:12.595 27801 INFO rally.task.runner [-] Task 20588eb3-f746-4482-8424-bc166fa34bc1 | ITER: 80 START
2019-11-20 06:21:12.598 27809 INFO rally.task.runner [-] Task 20588eb3-f746-4482-8424-bc166fa34bc1 | ITER: 52 END: OK
2019-11-20 06:21:12.601 27809 INFO rally.task.runner [-] Task 20588eb3-f746-4482-8424-bc166fa34bc1 | ITER: 81 START
2019-11-20 06:21:12.900 27838 INFO rally.task.runner [-] Task 20588eb3-f746-4482-8424-bc166fa34bc1 | ITER: 67 END: OK
2019-11-20 06:21:12.903 27838 INFO rally.task.runner [-] Task 20588eb3-f746-4482-8424-bc166fa34bc1 | ITER: 82 START
2019-11-20 06:21:13.003 27805 INFO rally.task.runner [-] Task 20588eb3-f746-4482-8424-bc166fa34bc1 | ITER: 63 END: OK
2019-11-20 06:21:13.006 27805 INFO rally.task.runner [-] Task 20588eb3-f746-4482-8424-bc166fa34bc1 | ITER: 83 START
2019-11-20 06:21:13.020 27802 INFO rally.task.runner [-] Task 20588eb3-f746-4482-8424-bc166fa34bc1 | ITER: 62 END: OK
2019-11-20 06:21:13.023 27802 INFO rally.task.runner [-] Task 20588eb3-f746-4482-8424-bc166fa34bc1 | ITER: 84 START
2019-11-20 06:21:13.136 27841 INFO rally.task.runner [-] Task 20588eb3-f746-4482-8424-bc166fa34bc1 | ITER: 64 END: OK
2019-11-20 06:21:13.139 27841 INFO rally.task.runner [-] Task 20588eb3-f746-4482-8424-bc166fa34bc1 | ITER: 85 START
2019-11-20 06:21:13.163 27800 INFO rally.task.runner [-] Task 20588eb3-f746-4482-8424-bc166fa34bc1 | ITER: 66 END: OK
2019-11-20 06:21:13.166 27800 INFO rally.task.runner [-] Task 20588eb3-f746-4482-8424-bc166fa34bc1 | ITER: 86 START
2019-11-20 06:21:13.211 27830 INFO rally.task.runner [-] Task 20588eb3-f746-4482-8424-bc166fa34bc1 | ITER: 74 END: OK
2019-11-20 06:21:13.214 27830 INFO rally.task.runner [-] Task 20588eb3-f746-4482-8424-bc166fa34bc1 | ITER: 87 START
2019-11-20 06:21:13.266 27800 INFO rally.task.runner [-] Task 20588eb3-f746-4482-8424-bc166fa34bc1 | ITER: 70 END: OK
2019-11-20 06:21:13.269 27800 INFO rally.task.runner [-] Task 20588eb3-f746-4482-8424-bc166fa34bc1 | ITER: 88 START
2019-11-20 06:21:13.281 27844 INFO rally.task.runner [-] Task 20588eb3-f746-4482-8424-bc166fa34bc1 | ITER: 76 END: OK
2019-11-20 06:21:13.285 27844 INFO rally.task.runner [-] Task 20588eb3-f746-4482-8424-bc166fa34bc1 | ITER: 89 START
2019-11-20 06:21:13.385 27814 INFO rally.task.runner [-] Task 20588eb3-f746-4482-8424-bc166fa34bc1 | ITER: 68 END: OK
2019-11-20 06:21:13.388 27814 INFO rally.task.runner [-] Task 20588eb3-f746-4482-8424-bc166fa34bc1 | ITER: 90 START
2019-11-20 06:21:13.451 27802 INFO rally.task.runner [-] Task 20588eb3-f746-4482-8424-bc166fa34bc1 | ITER: 50 END: OK
2019-11-20 06:21:13.453 27802 INFO rally.task.runner [-] Task 20588eb3-f746-4482-8424-bc166fa34bc1 | ITER: 91 START
2019-11-20 06:21:13.465 27819 INFO rally.task.runner [-] Task 20588eb3-f746-4482-8424-bc166fa34bc1 | ITER: 71 END: OK
2019-11-20 06:21:13.467 27819 INFO rally.task.runner [-] Task 20588eb3-f746-4482-8424-bc166fa34bc1 | ITER: 92 START
2019-11-20 06:21:13.576 27801 INFO rally.task.runner [-] Task 20588eb3-f746-4482-8424-bc166fa34bc1 | ITER: 79 END: OK
2019-11-20 06:21:13.580 27801 INFO rally.task.runner [-] Task 20588eb3-f746-4482-8424-bc166fa34bc1 | ITER: 93 START
2019-11-20 06:21:13.647 27845 INFO rally.task.runner [-] Task 20588eb3-f746-4482-8424-bc166fa34bc1 | ITER: 77 END: OK
2019-11-20 06:21:13.650 27845 INFO rally.task.runner [-] Task 20588eb3-f746-4482-8424-bc166fa34bc1 | ITER: 94 START
2019-11-20 06:21:13.660 27826 INFO rally.task.runner [-] Task 20588eb3-f746-4482-8424-bc166fa34bc1 | ITER: 69 END: OK
2019-11-20 06:21:13.663 27826 INFO rally.task.runner [-] Task 20588eb3-f746-4482-8424-bc166fa34bc1 | ITER: 95 START
2019-11-20 06:21:13.808 27837 INFO rally.task.runner [-] Task 20588eb3-f746-4482-8424-bc166fa34bc1 | ITER: 72 END: OK
2019-11-20 06:21:13.811 27837 INFO rally.task.runner [-] Task 20588eb3-f746-4482-8424-bc166fa34bc1 | ITER: 96 START
2019-11-20 06:21:13.861 27838 INFO rally.task.runner [-] Task 20588eb3-f746-4482-8424-bc166fa34bc1 | ITER: 82 END: OK
2019-11-20 06:21:13.865 27838 INFO rally.task.runner [-] Task 20588eb3-f746-4482-8424-bc166fa34bc1 | ITER: 97 START
2019-11-20 06:21:13.875 27801 INFO rally.task.runner [-] Task 20588eb3-f746-4482-8424-bc166fa34bc1 | ITER: 80 END: OK
2019-11-20 06:21:13.878 27801 INFO rally.task.runner [-] Task 20588eb3-f746-4482-8424-bc166fa34bc1 | ITER: 98 START
2019-11-20 06:21:14.255 27800 INFO rally.task.runner [-] Task 20588eb3-f746-4482-8424-bc166fa34bc1 | ITER: 86 END: OK
2019-11-20 06:21:14.258 27800 INFO rally.task.runner [-] Task 20588eb3-f746-4482-8424-bc166fa34bc1 | ITER: 99 START
2019-11-20 06:21:14.297 27841 INFO rally.task.runner [-] Task 20588eb3-f746-4482-8424-bc166fa34bc1 | ITER: 85 END: OK
2019-11-20 06:21:14.300 27841 INFO rally.task.runner [-] Task 20588eb3-f746-4482-8424-bc166fa34bc1 | ITER: 100 START
2019-11-20 06:21:14.361 27834 INFO rally.task.runner [-] Task 20588eb3-f746-4482-8424-bc166fa34bc1 | ITER: 78 END: OK
2019-11-20 06:21:14.380 27823 INFO rally.task.runner [-] Task 20588eb3-f746-4482-8424-bc166fa34bc1 | ITER: 75 END: OK
2019-11-20 06:21:14.381 27809 INFO rally.task.runner [-] Task 20588eb3-f746-4482-8424-bc166fa34bc1 | ITER: 81 END: OK
2019-11-20 06:21:14.465 27830 INFO rally.task.runner [-] Task 20588eb3-f746-4482-8424-bc166fa34bc1 | ITER: 87 END: OK
2019-11-20 06:21:14.465 27844 INFO rally.task.runner [-] Task 20588eb3-f746-4482-8424-bc166fa34bc1 | ITER: 89 END: OK
2019-11-20 06:21:14.468 27802 INFO rally.task.runner [-] Task 20588eb3-f746-4482-8424-bc166fa34bc1 | ITER: 84 END: OK
2019-11-20 06:21:14.468 27805 INFO rally.task.runner [-] Task 20588eb3-f746-4482-8424-bc166fa34bc1 | ITER: 83 END: OK
2019-11-20 06:21:14.566 27802 INFO rally.task.runner [-] Task 20588eb3-f746-4482-8424-bc166fa34bc1 | ITER: 91 END: OK
2019-11-20 06:21:14.721 27805 INFO rally.task.runner [-] Task 20588eb3-f746-4482-8424-bc166fa34bc1 | ITER: 73 END: OK
2019-11-20 06:21:14.851 27800 INFO rally.task.runner [-] Task 20588eb3-f746-4482-8424-bc166fa34bc1 | ITER: 88 END: OK
2019-11-20 06:21:14.889 27819 INFO rally.task.runner [-] Task 20588eb3-f746-4482-8424-bc166fa34bc1 | ITER: 92 END: OK
2019-11-20 06:21:14.950 27801 INFO rally.task.runner [-] Task 20588eb3-f746-4482-8424-bc166fa34bc1 | ITER: 93 END: OK
2019-11-20 06:21:14.951 27845 INFO rally.task.runner [-] Task 20588eb3-f746-4482-8424-bc166fa34bc1 | ITER: 94 END: OK
2019-11-20 06:21:15.028 27837 INFO rally.task.runner [-] Task 20588eb3-f746-4482-8424-bc166fa34bc1 | ITER: 96 END: OK
2019-11-20 06:21:15.083 27801 INFO rally.task.runner [-] Task 20588eb3-f746-4482-8424-bc166fa34bc1 | ITER: 98 END: OK
2019-11-20 06:21:15.096 27800 INFO rally.task.runner [-] Task 20588eb3-f746-4482-8424-bc166fa34bc1 | ITER: 99 END: OK
2019-11-20 06:21:15.156 27826 INFO rally.task.runner [-] Task 20588eb3-f746-4482-8424-bc166fa34bc1 | ITER: 95 END: OK
2019-11-20 06:21:15.347 27814 INFO rally.task.runner [-] Task 20588eb3-f746-4482-8424-bc166fa34bc1 | ITER: 90 END: OK
2019-11-20 06:21:15.424 27841 INFO rally.task.runner [-] Task 20588eb3-f746-4482-8424-bc166fa34bc1 | ITER: 100 END: OK
2019-11-20 06:21:15.467 27838 INFO rally.task.runner [-] Task 20588eb3-f746-4482-8424-bc166fa34bc1 | ITER: 97 END: OK
2019-11-20 06:21:15.498 27676 INFO rally.task.context [-] Task 20588eb3-f746-4482-8424-bc166fa34bc1 | Context cleanup@openstack cleanup() started
2019-11-20 06:21:15.501 27676 RALLYDEBUG rally_openstack.cleanup.manager [-] Cleaning up neutron vip objects
2019-11-20 06:21:15.873 27676 RALLYDEBUG rally_openstack.cleanup.manager [-] Cleaning up neutron health_monitor objects
2019-11-20 06:21:16.235 27676 RALLYDEBUG rally_openstack.cleanup.manager [-] Cleaning up neutron pool objects
2019-11-20 06:21:16.606 27676 RALLYDEBUG rally_openstack.cleanup.manager [-] Cleaning up neutron loadbalancer objects
2019-11-20 06:21:16.984 27676 RALLYDEBUG rally_openstack.cleanup.manager [-] Cleaning up neutron floatingip objects
2019-11-20 06:21:17.384 27676 RALLYDEBUG rally_openstack.cleanup.manager [-] Cleaning up neutron trunk objects
2019-11-20 06:21:17.762 27676 RALLYDEBUG rally_openstack.cleanup.manager [-] Cleaning up neutron port objects
2019-11-20 06:21:18.154 27676 RALLYDEBUG rally_openstack.cleanup.manager [-] Cleaning up neutron subnet objects
2019-11-20 06:21:18.545 27676 RALLYDEBUG rally_openstack.cleanup.manager [-] Cleaning up neutron network objects
2019-11-20 06:21:19.254 27676 RALLYDEBUG rally_openstack.cleanup.manager [-] Deleting neutron.network object s_rally_0aab35ac_mKCvBL02 (00ba42d3-c037-431e-a295-c0ee34c64495)
2019-11-20 06:21:19.263 27676 RALLYDEBUG rally_openstack.cleanup.manager [-] Deleting neutron.network object s_rally_0aab35ac_fzlJFxw0 (08fe0708-6d31-4548-ab79-fcfbb1eb63af)
2019-11-20 06:21:19.272 27676 RALLYDEBUG rally_openstack.cleanup.manager [-] Deleting neutron.network object s_rally_0aab35ac_YAYtz14T (0bab9856-77e2-4735-9121-592ef601a0cd)
2019-11-20 06:21:19.276 27676 RALLYDEBUG rally_openstack.cleanup.manager [-] Deleting neutron.network object s_rally_0aab35ac_MKDgjwDg (0d15457a-0aae-4052-8498-ea7d3b80cc50)
2019-11-20 06:21:19.292 27676 RALLYDEBUG rally_openstack.cleanup.manager [-] Deleting neutron.network object s_rally_0aab35ac_julN4snQ (0ec9218d-d1aa-4ff0-92c3-c8b2c7e85380)
2019-11-20 06:21:19.300 27676 RALLYDEBUG rally_openstack.cleanup.manager [-] Deleting neutron.network object s_rally_0aab35ac_bTNVW2xS (14766a71-6d1f-46ea-8960-a5028a33e769)
2019-11-20 06:21:19.317 27676 RALLYDEBUG rally_openstack.cleanup.manager [-] Deleting neutron.network object s_rally_0aab35ac_SEPL5M9f (19667f8b-f616-463e-8cd7-34aa56517320)
2019-11-20 06:21:19.328 27676 RALLYDEBUG rally_openstack.cleanup.manager [-] Deleting neutron.network object s_rally_0aab35ac_b1r7TbB1 (1b10bfda-4f2c-4e4c-8510-20e72e3cbcfc)
2019-11-20 06:21:19.339 27676 RALLYDEBUG rally_openstack.cleanup.manager [-] Deleting neutron.network object s_rally_0aab35ac_hGCOuUs4 (2512b527-6d87-4706-8e0d-85b95257c66c)
2019-11-20 06:21:19.345 27676 RALLYDEBUG rally_openstack.cleanup.manager [-] Deleting neutron.network object s_rally_0aab35ac_dr8zzN1R (25461c88-3f11-419c-a98f-62d0221c74d6)
2019-11-20 06:21:19.369 27676 RALLYDEBUG rally_openstack.cleanup.manager [-] Deleting neutron.network object s_rally_0aab35ac_u8EbiwXf (272acdd9-544f-480c-8c3e-f9931708850a)
2019-11-20 06:21:19.400 27676 RALLYDEBUG rally_openstack.cleanup.manager [-] Deleting neutron.network object s_rally_0aab35ac_dGxqOIJf (2bbd0c50-abb8-4d23-b216-b25c9e518e82)
2019-11-20 06:21:19.408 27676 RALLYDEBUG rally_openstack.cleanup.manager [-] Deleting neutron.network object s_rally_0aab35ac_Nb3LIsg4 (2d19374b-1c5b-4b9c-824b-175e809c03cb)
2019-11-20 06:21:19.415 27676 RALLYDEBUG rally_openstack.cleanup.manager [-] Deleting neutron.network object s_rally_0aab35ac_E9W2lHD0 (315870d2-e362-48af-b4a0-ff0b87ae7408)
2019-11-20 06:21:19.420 27676 RALLYDEBUG rally_openstack.cleanup.manager [-] Deleting neutron.network object s_rally_0aab35ac_knU3DFPf (31bed6e7-7b72-4816-b5b5-8c4f4f686994)
2019-11-20 06:21:19.437 27676 RALLYDEBUG rally_openstack.cleanup.manager [-] Deleting neutron.network object s_rally_0aab35ac_NnHG7DFC (37f57796-99c7-4710-b60d-84b998e730db)
2019-11-20 06:21:19.445 27676 RALLYDEBUG rally_openstack.cleanup.manager [-] Deleting neutron.network object s_rally_0aab35ac_7hUHe8q1 (39bf8970-dd4c-4a3b-ac29-03adb312c7db)
2019-11-20 06:21:19.454 27676 RALLYDEBUG rally_openstack.cleanup.manager [-] Deleting neutron.network object s_rally_0aab35ac_T0ZBzYvN (3c41220d-6787-4b7f-944d-10694d580628)
2019-11-20 06:21:19.468 27676 RALLYDEBUG rally_openstack.cleanup.manager [-] Deleting neutron.network object s_rally_0aab35ac_iOYW3dd7 (3f9ba088-02d2-4fcb-9c13-189542b52d0c)
2019-11-20 06:21:19.476 27676 RALLYDEBUG rally_openstack.cleanup.manager [-] Deleting neutron.network object s_rally_0aab35ac_M4dHdNeO (464680eb-0c22-4783-8ad0-53b38bddc262)
2019-11-20 06:21:21.397 27676 RALLYDEBUG rally_openstack.cleanup.manager [-] Deleting neutron.network object s_rally_0aab35ac_D9ywUa2G (4681cb8f-e901-47c7-96bf-8075d9fc5d8c)
2019-11-20 06:21:21.430 27676 RALLYDEBUG rally_openstack.cleanup.manager [-] Deleting neutron.network object s_rally_0aab35ac_XgG9STYg (488565a8-028b-4567-a717-2972d2163073)
2019-11-20 06:21:21.601 27676 RALLYDEBUG rally_openstack.cleanup.manager [-] Deleting neutron.network object s_rally_0aab35ac_yfbEuPPi (4b8839f9-d216-4842-a45a-2617fab9885a)
2019-11-20 06:21:21.639 27676 RALLYDEBUG rally_openstack.cleanup.manager [-] Deleting neutron.network object s_rally_0aab35ac_ohkVjzAU (4c30a95f-4dfc-4a79-b7c2-2d23851db113)
2019-11-20 06:21:21.820 27676 RALLYDEBUG rally_openstack.cleanup.manager [-] Deleting neutron.network object s_rally_0aab35ac_ZS1YWknT (5262a2f0-4e06-47b2-acf1-0ff7d48dac41)
2019-11-20 06:21:21.884 27676 RALLYDEBUG rally_openstack.cleanup.manager [-] Deleting neutron.network object s_rally_0aab35ac_kLYyQUMI (5319b911-784d-49c7-b282-f51189601fe1)
2019-11-20 06:21:21.888 27676 RALLYDEBUG rally_openstack.cleanup.manager [-] Deleting neutron.network object s_rally_0aab35ac_h6QPIEmn (583e31bb-f9a8-4e1e-b5d3-77d8c3c00211)
2019-11-20 06:21:21.963 27676 RALLYDEBUG rally_openstack.cleanup.manager [-] Deleting neutron.network object s_rally_0aab35ac_5G58K62q (5a9ba1ae-6b3f-4a6d-aeb6-436f1f0f19e7)
2019-11-20 06:21:21.982 27676 RALLYDEBUG rally_openstack.cleanup.manager [-] Deleting neutron.network object s_rally_0aab35ac_JcVuNpru (60e6d7f7-fb96-4b8a-b32d-381d065c7106)
2019-11-20 06:21:22.003 27676 RALLYDEBUG rally_openstack.cleanup.manager [-] Deleting neutron.network object s_rally_0aab35ac_hIP4lexU (61cb3e17-7fb5-4b72-84ad-92207f9926c5)
2019-11-20 06:21:22.011 27676 RALLYDEBUG rally_openstack.cleanup.manager [-] Deleting neutron.network object s_rally_0aab35ac_NwHOAHDk (623801dc-01f2-4b2e-af1f-021efbe05bb4)
2019-11-20 06:21:22.015 27676 RALLYDEBUG rally_openstack.cleanup.manager [-] Deleting neutron.network object s_rally_0aab35ac_OTVGGUrW (62f135cf-131a-4d1b-aa3e-b91b937386e1)
2019-11-20 06:21:22.123 27676 RALLYDEBUG rally_openstack.cleanup.manager [-] Deleting neutron.network object s_rally_0aab35ac_sumORw1x (631370e8-7d67-4a62-a4f3-4ea43f340c2c)
2019-11-20 06:21:22.167 27676 RALLYDEBUG rally_openstack.cleanup.manager [-] Deleting neutron.network object s_rally_0aab35ac_13YoOsah (6587068b-b7e1-4ae4-b93a-ffb31e7c5c34)
2019-11-20 06:21:22.275 27676 RALLYDEBUG rally_openstack.cleanup.manager [-] Deleting neutron.network object s_rally_0aab35ac_OGBP4ecO (66958f7b-113f-4bb9-9380-1b7e1e7340f8)
2019-11-20 06:21:22.286 27676 RALLYDEBUG rally_openstack.cleanup.manager [-] Deleting neutron.network object s_rally_0aab35ac_JSAVHQOr (67a5090c-ca4d-42ca-ab9d-650d8018b08d)
2019-11-20 06:21:22.308 27676 RALLYDEBUG rally_openstack.cleanup.manager [-] Deleting neutron.network object s_rally_0aab35ac_pqJsZ0gC (6ecb9174-e539-4482-ab61-3ea186f54ef7)
2019-11-20 06:21:22.322 27676 RALLYDEBUG rally_openstack.cleanup.manager [-] Deleting neutron.network object s_rally_0aab35ac_8g0VRlJW (74f9427a-8262-4e2d-9cad-c167e02322cd)
2019-11-20 06:21:22.444 27676 RALLYDEBUG rally_openstack.cleanup.manager [-] Deleting neutron.network object s_rally_0aab35ac_SP4s6hAa (771ca44c-de0e-4c69-9ae2-422c2a3aa6d9)
2019-11-20 06:21:22.521 27676 RALLYDEBUG rally_openstack.cleanup.manager [-] Deleting neutron.network object s_rally_0aab35ac_5v384hvg (79762aec-78c9-45e9-9c8f-5c6e47aeb12f)
2019-11-20 06:21:23.285 27676 RALLYDEBUG rally_openstack.cleanup.manager [-] Deleting neutron.network object s_rally_0aab35ac_AxsT5o4B (7aeb83a8-b2f3-4fdf-becb-d17b32b4fd2f)
2019-11-20 06:21:23.385 27676 RALLYDEBUG rally_openstack.cleanup.manager [-] Deleting neutron.network object s_rally_0aab35ac_I08KpxXC (7c772e2a-214f-4be4-aeb4-f391ab4f5a96)
2019-11-20 06:21:23.747 27676 RALLYDEBUG rally_openstack.cleanup.manager [-] Deleting neutron.network object s_rally_0aab35ac_Lsm0Ez9w (7ca810bd-4253-4e9d-9095-111b2b3f865e)
2019-11-20 06:21:23.796 27676 RALLYDEBUG rally_openstack.cleanup.manager [-] Deleting neutron.network object s_rally_0aab35ac_6AolqH5c (82544bbe-2dfe-446b-a3ce-c315100db861)
2019-11-20 06:21:23.945 27676 RALLYDEBUG rally_openstack.cleanup.manager [-] Deleting neutron.network object s_rally_0aab35ac_LoWQyjWH (854ca152-1bd6-46e8-b9f5-43273de37afb)
2019-11-20 06:21:24.148 27676 RALLYDEBUG rally_openstack.cleanup.manager [-] Deleting neutron.network object s_rally_0aab35ac_A5kNF6xb (8e4d2858-953c-4016-a509-85806044d1b8)
2019-11-20 06:21:24.152 27676 RALLYDEBUG rally_openstack.cleanup.manager [-] Deleting neutron.network object s_rally_0aab35ac_0SOpQ4vN (8eb59a02-c818-4117-a06d-533fb902aa09)
2019-11-20 06:21:24.214 27676 RALLYDEBUG rally_openstack.cleanup.manager [-] Deleting neutron.network object s_rally_0aab35ac_aqvtELlL (9059be8b-d7a5-44b3-bb96-ab6bbd583b07)
2019-11-20 06:21:24.308 27676 RALLYDEBUG rally_openstack.cleanup.manager [-] Deleting neutron.network object s_rally_0aab35ac_SJCgKBhc (91d454dd-d5d4-4cf2-bc45-d7b64d66b95f)
2019-11-20 06:21:24.417 27676 RALLYDEBUG rally_openstack.cleanup.manager [-] Deleting neutron.network object s_rally_0aab35ac_vv0PlQWx (91fb125e-57e2-4a9a-b5a1-6a1767d31416)
2019-11-20 06:21:24.461 27676 RALLYDEBUG rally_openstack.cleanup.manager [-] Deleting neutron.network object s_rally_0aab35ac_9jRKfCHP (92bfc73f-162c-487a-899f-97d82f814f6b)
2019-11-20 06:21:24.565 27676 RALLYDEBUG rally_openstack.cleanup.manager [-] Deleting neutron.network object s_rally_0aab35ac_MeYeezfq (973abb26-d123-4195-a3e6-d330c81fa603)
2019-11-20 06:21:24.574 27676 RALLYDEBUG rally_openstack.cleanup.manager [-] Deleting neutron.network object s_rally_0aab35ac_OWTpl8XK (993a7c78-bed0-401e-a8c4-0ef19a994080)
2019-11-20 06:21:24.666 27676 RALLYDEBUG rally_openstack.cleanup.manager [-] Deleting neutron.network object s_rally_0aab35ac_MEBtT2xI (9a08bba0-27e6-4d50-bb58-55df895dd9a8)
2019-11-20 06:21:24.729 27676 RALLYDEBUG rally_openstack.cleanup.manager [-] Deleting neutron.network object s_rally_0aab35ac_4eqHGLVm (9c621790-2839-4a83-93ad-e083321d3e6f)
2019-11-20 06:21:24.732 27676 RALLYDEBUG rally_openstack.cleanup.manager [-] Deleting neutron.network object s_rally_0aab35ac_Y3FxJyIJ (9d7d45ab-4dea-40a9-bbbe-7352bc5063a7)
2019-11-20 06:21:25.014 27676 RALLYDEBUG rally_openstack.cleanup.manager [-] Deleting neutron.network object s_rally_0aab35ac_Fpxxx8PZ (a05f7c26-016e-46aa-a730-da02330acee0)
2019-11-20 06:21:25.130 27676 RALLYDEBUG rally_openstack.cleanup.manager [-] Deleting neutron.network object s_rally_0aab35ac_5qbkdpPW (a2b80f55-fcc6-4c35-98da-d8976f1eb4b1)
2019-11-20 06:21:25.376 27676 RALLYDEBUG rally_openstack.cleanup.manager [-] Deleting neutron.network object s_rally_0aab35ac_YOXRrxSK (a33a4ae1-0270-4173-9051-529a8cde5db5)
2019-11-20 06:21:25.384 27676 RALLYDEBUG rally_openstack.cleanup.manager [-] Deleting neutron.network object s_rally_0aab35ac_6KTP4Tbv (a55cad36-b4f4-4402-8bf3-ebc91325792c)
2019-11-20 06:21:25.434 27676 RALLYDEBUG rally_openstack.cleanup.manager [-] Deleting neutron.network object s_rally_0aab35ac_hCSLI69b (ad2f7642-91d1-4d7f-90c6-7d85bb8a995f)
2019-11-20 06:21:25.438 27676 RALLYDEBUG rally_openstack.cleanup.manager [-] Deleting neutron.network object s_rally_0aab35ac_zqBHJEHS (b3cd6d59-e8bf-412d-a32e-bdbaadd483ef)
2019-11-20 06:21:25.614 27676 RALLYDEBUG rally_openstack.cleanup.manager [-] Deleting neutron.network object s_rally_0aab35ac_cyBNgwRq (b440e845-1256-4b65-b15d-3abae0a84751)
2019-11-20 06:21:25.775 27676 RALLYDEBUG rally_openstack.cleanup.manager [-] Deleting neutron.network object s_rally_0aab35ac_cGnutEFf (b53362f3-20b4-4bc0-9ebb-f50fdd98afc2)
2019-11-20 06:21:25.915 27676 RALLYDEBUG rally_openstack.cleanup.manager [-] Deleting neutron.network object s_rally_0aab35ac_cvRx3dTU (b5356f55-5388-408d-b924-761954a6fa35)
2019-11-20 06:21:26.056 27676 RALLYDEBUG rally_openstack.cleanup.manager [-] Deleting neutron.network object s_rally_0aab35ac_Yn5xwdmm (b60f0a11-4d8d-47c2-9e51-d3f79be23e18)
2019-11-20 06:21:26.064 27676 RALLYDEBUG rally_openstack.cleanup.manager [-] Deleting neutron.network object s_rally_0aab35ac_qwggE0bY (b7807be7-4cad-40ce-8fca-e40b91f86ddf)
2019-11-20 06:21:26.268 27676 RALLYDEBUG rally_openstack.cleanup.manager [-] Deleting neutron.network object s_rally_0aab35ac_1p5EN3r4 (b8ee2c8c-ff6d-4d8f-abac-d0d22b69ff9f)
2019-11-20 06:21:26.331 27676 RALLYDEBUG rally_openstack.cleanup.manager [-] Deleting neutron.network object s_rally_0aab35ac_R2YvRa3X (baf284b7-003b-4e11-b30f-64d24ee610a8)
2019-11-20 06:21:26.335 27676 RALLYDEBUG rally_openstack.cleanup.manager [-] Deleting neutron.network object s_rally_0aab35ac_eCIFbBEz (bd1e60ad-492e-4dd1-93c2-4da2663f088d)
2019-11-20 06:21:26.544 27676 RALLYDEBUG rally_openstack.cleanup.manager [-] Deleting neutron.network object s_rally_0aab35ac_CPHXH8Ma (be46132a-a702-487f-86de-907e6a51fe96)
2019-11-20 06:21:26.593 27676 RALLYDEBUG rally_openstack.cleanup.manager [-] Deleting neutron.network object s_rally_0aab35ac_1yklG1Xo (c2e7b0c7-f270-4852-b2b0-ea76b4b57e42)
2019-11-20 06:21:26.610 27676 RALLYDEBUG rally_openstack.cleanup.manager [-] Deleting neutron.network object s_rally_0aab35ac_jhYj5uN3 (c587f548-b999-45d9-af1c-cbe02f08ccd6)
2019-11-20 06:21:26.783 27676 RALLYDEBUG rally_openstack.cleanup.manager [-] Deleting neutron.network object s_rally_0aab35ac_9xTXP7pd (d165f9ee-8d7b-48b4-af7c-a143aa510c45)
2019-11-20 06:21:26.962 27676 RALLYDEBUG rally_openstack.cleanup.manager [-] Deleting neutron.network object s_rally_0aab35ac_S34LUYYN (d51e767e-340c-4565-b9dc-8ca293cc68bb)
2019-11-20 06:21:27.026 27676 RALLYDEBUG rally_openstack.cleanup.manager [-] Deleting neutron.network object s_rally_0aab35ac_9U423gp4 (d84f03bc-72ee-4d75-952d-907eafc07af6)
2019-11-20 06:21:27.099 27676 RALLYDEBUG rally_openstack.cleanup.manager [-] Deleting neutron.network object s_rally_0aab35ac_HxW6W74O (d8c88e41-7607-44ec-9a3c-9ede5f7973c9)
2019-11-20 06:21:27.194 27676 RALLYDEBUG rally_openstack.cleanup.manager [-] Deleting neutron.network object s_rally_0aab35ac_jumeoozR (d92d38fd-829d-49b3-8c29-55de52a7bd35)
2019-11-20 06:21:27.226 27676 RALLYDEBUG rally_openstack.cleanup.manager [-] Deleting neutron.network object s_rally_0aab35ac_xKdenUbA (d965d75e-61a4-4903-acb9-59ccf140fe89)
2019-11-20 06:21:27.268 27676 RALLYDEBUG rally_openstack.cleanup.manager [-] Deleting neutron.network object s_rally_0aab35ac_LfryMFrp (d9ab26d4-7948-48f0-96ce-d9a5fcd865be)
2019-11-20 06:21:27.292 27676 RALLYDEBUG rally_openstack.cleanup.manager [-] Deleting neutron.network object s_rally_0aab35ac_K6Jsg5XU (dbdfc456-d250-47ad-8493-2f2f24bb0c7c)
2019-11-20 06:21:27.298 27676 RALLYDEBUG rally_openstack.cleanup.manager [-] Deleting neutron.network object s_rally_0aab35ac_9r1cikmZ (dcc36e93-1ee9-4c31-ba0e-d4e2d1cb7277)
2019-11-20 06:21:27.437 27676 RALLYDEBUG rally_openstack.cleanup.manager [-] Deleting neutron.network object s_rally_0aab35ac_FSVFfcJt (dd48b53d-0662-4594-9475-11a16af43be7)
2019-11-20 06:21:27.748 27676 RALLYDEBUG rally_openstack.cleanup.manager [-] Deleting neutron.network object s_rally_0aab35ac_F3jVMhQA (e18472a5-99b1-419b-ba09-b2a535cdaa37)
2019-11-20 06:21:27.984 27676 RALLYDEBUG rally_openstack.cleanup.manager [-] Deleting neutron.network object s_rally_0aab35ac_PQXgyuAZ (e22ae4d9-8443-4e4b-88b5-eac8b6d4d301)
2019-11-20 06:21:28.093 27676 RALLYDEBUG rally_openstack.cleanup.manager [-] Deleting neutron.network object s_rally_0aab35ac_MehUi6YS (e4cc3e57-9c1e-4d45-90c5-41604dbc8f79)
2019-11-20 06:21:28.247 27676 RALLYDEBUG rally_openstack.cleanup.manager [-] Deleting neutron.network object s_rally_0aab35ac_fomiRMLI (e60a4e87-0b22-47e2-946d-b6c10e1235a2)
2019-11-20 06:21:28.257 27676 RALLYDEBUG rally_openstack.cleanup.manager [-] Deleting neutron.network object s_rally_0aab35ac_wCl13nYA (e7cf1006-2cc8-40e6-a88d-fa380ac1f5d7)
2019-11-20 06:21:28.367 27676 RALLYDEBUG rally_openstack.cleanup.manager [-] Deleting neutron.network object s_rally_0aab35ac_nY2jBieY (eb0059d7-fb31-47e2-b7ee-a0e1bd36f253)
2019-11-20 06:21:28.404 27676 RALLYDEBUG rally_openstack.cleanup.manager [-] Deleting neutron.network object s_rally_0aab35ac_5dCjwIwN (ef86fd15-9ef4-4b25-8a67-f801e77332c1)
2019-11-20 06:21:28.578 27676 RALLYDEBUG rally_openstack.cleanup.manager [-] Deleting neutron.network object s_rally_0aab35ac_T6saV4lW (f245acb8-e2f1-4f71-b4f3-28dc7e13e084)
2019-11-20 06:21:28.695 27676 RALLYDEBUG rally_openstack.cleanup.manager [-] Deleting neutron.network object s_rally_0aab35ac_j1QMteJd (f435a57b-1edb-437a-8181-cab31009b49d)
2019-11-20 06:21:28.903 27676 RALLYDEBUG rally_openstack.cleanup.manager [-] Deleting neutron.network object s_rally_0aab35ac_H6ueeTJG (f6a25458-964b-46cc-9bd5-ec75ce1b6fd7)
2019-11-20 06:21:28.916 27676 RALLYDEBUG rally_openstack.cleanup.manager [-] Deleting neutron.network object s_rally_0aab35ac_3omoSkwX (f75e0b7b-e997-4f6c-be80-a97d21bbc48f)
2019-11-20 06:21:28.936 27676 RALLYDEBUG rally_openstack.cleanup.manager [-] Deleting neutron.network object s_rally_0aab35ac_pxxIcGfI (fa570ed3-78e6-4d9c-8e8f-1b8ec79ca13c)
2019-11-20 06:21:29.147 27676 RALLYDEBUG rally_openstack.cleanup.manager [-] Deleting neutron.network object s_rally_0aab35ac_Y1go1q8P (fc5cf6f2-0cd1-49c6-8bbe-5393432175d6)
2019-11-20 06:21:29.175 27676 RALLYDEBUG rally_openstack.cleanup.manager [-] Deleting neutron.network object s_rally_0aab35ac_JmdnaQrZ (fd54f93f-8150-4162-892c-44d6c0edfb01)
