2019-11-20 06:33:44.591 32174 INFO rally.task.runner [-] Task 20588eb3-f746-4482-8424-bc166fa34bc1 | ITER: 15 END: OK
2019-11-20 06:33:44.594 32174 INFO rally.task.runner [-] Task 20588eb3-f746-4482-8424-bc166fa34bc1 | ITER: 37 START
2019-11-20 06:33:44.595 32174 WARNING rally_openstack.scenarios.neutron.utils [-] Running this scenario without either the 'network' or 'existing_network' context is deprecated
2019-11-20 06:33:44.716 32171 INFO rally.task.runner [-] Task 20588eb3-f746-4482-8424-bc166fa34bc1 | ITER: 14 END: OK
2019-11-20 06:33:44.720 32171 INFO rally.task.runner [-] Task 20588eb3-f746-4482-8424-bc166fa34bc1 | ITER: 38 START
2019-11-20 06:33:44.721 32171 WARNING rally_openstack.scenarios.neutron.utils [-] Running this scenario without either the 'network' or 'existing_network' context is deprecated
2019-11-20 06:33:44.968 32151 INFO rally.task.runner [-] Task 20588eb3-f746-4482-8424-bc166fa34bc1 | ITER: 9 END: OK
2019-11-20 06:33:44.972 32151 INFO rally.task.runner [-] Task 20588eb3-f746-4482-8424-bc166fa34bc1 | ITER: 39 START
2019-11-20 06:33:44.973 32151 WARNING rally_openstack.scenarios.neutron.utils [-] Running this scenario without either the 'network' or 'existing_network' context is deprecated
2019-11-20 06:33:45.060 32147 INFO rally.task.runner [-] Task 20588eb3-f746-4482-8424-bc166fa34bc1 | ITER: 10 END: OK
2019-11-20 06:33:45.063 32147 INFO rally.task.runner [-] Task 20588eb3-f746-4482-8424-bc166fa34bc1 | ITER: 40 START
2019-11-20 06:33:45.065 32147 WARNING rally_openstack.scenarios.neutron.utils [-] Running this scenario without either the 'network' or 'existing_network' context is deprecated
2019-11-20 06:33:49.628 32144 INFO rally.task.runner [-] Task 20588eb3-f746-4482-8424-bc166fa34bc1 | ITER: 22 END: OK
2019-11-20 06:33:49.734 32144 INFO rally.task.runner [-] Task 20588eb3-f746-4482-8424-bc166fa34bc1 | ITER: 23 END: OK
2019-11-20 06:33:50.355 32168 INFO rally.task.runner [-] Task 20588eb3-f746-4482-8424-bc166fa34bc1 | ITER: 24 END: OK
2019-11-20 06:33:50.598 32143 INFO rally.task.runner [-] Task 20588eb3-f746-4482-8424-bc166fa34bc1 | ITER: 26 END: OK
2019-11-20 06:33:50.628 32150 INFO rally.task.runner [-] Task 20588eb3-f746-4482-8424-bc166fa34bc1 | ITER: 25 END: OK
2019-11-20 06:33:50.629 32143 INFO rally.task.runner [-] Task 20588eb3-f746-4482-8424-bc166fa34bc1 | ITER: 21 END: OK
2019-11-20 06:33:50.965 32147 INFO rally.task.runner [-] Task 20588eb3-f746-4482-8424-bc166fa34bc1 | ITER: 31 END: OK
2019-11-20 06:33:51.295 32180 INFO rally.task.runner [-] Task 20588eb3-f746-4482-8424-bc166fa34bc1 | ITER: 34 END: OK
2019-11-20 06:33:51.312 32189 INFO rally.task.runner [-] Task 20588eb3-f746-4482-8424-bc166fa34bc1 | ITER: 32 END: OK
2019-11-20 06:33:51.456 32142 INFO rally.task.runner [-] Task 20588eb3-f746-4482-8424-bc166fa34bc1 | ITER: 27 END: OK
2019-11-20 06:33:51.982 32142 INFO rally.task.runner [-] Task 20588eb3-f746-4482-8424-bc166fa34bc1 | ITER: 30 END: OK
2019-11-20 06:33:52.042 32186 INFO rally.task.runner [-] Task 20588eb3-f746-4482-8424-bc166fa34bc1 | ITER: 36 END: OK
2019-11-20 06:33:52.091 32151 INFO rally.task.runner [-] Task 20588eb3-f746-4482-8424-bc166fa34bc1 | ITER: 39 END: OK
2019-11-20 06:33:52.194 32155 INFO rally.task.runner [-] Task 20588eb3-f746-4482-8424-bc166fa34bc1 | ITER: 35 END: OK
2019-11-20 06:33:52.411 32183 INFO rally.task.runner [-] Task 20588eb3-f746-4482-8424-bc166fa34bc1 | ITER: 28 END: OK
2019-11-20 06:33:52.418 32177 INFO rally.task.runner [-] Task 20588eb3-f746-4482-8424-bc166fa34bc1 | ITER: 33 END: OK
2019-11-20 06:33:52.455 32174 INFO rally.task.runner [-] Task 20588eb3-f746-4482-8424-bc166fa34bc1 | ITER: 37 END: OK
2019-11-20 06:33:52.677 32162 INFO rally.task.runner [-] Task 20588eb3-f746-4482-8424-bc166fa34bc1 | ITER: 29 END: OK
2019-11-20 06:33:53.232 32147 INFO rally.task.runner [-] Task 20588eb3-f746-4482-8424-bc166fa34bc1 | ITER: 40 END: OK
2019-11-20 06:33:53.244 32171 INFO rally.task.runner [-] Task 20588eb3-f746-4482-8424-bc166fa34bc1 | ITER: 38 END: OK
2019-11-20 06:33:53.276 27676 INFO rally.task.context [-] Task 20588eb3-f746-4482-8424-bc166fa34bc1 | Context cleanup@openstack cleanup() started
2019-11-20 06:33:53.280 27676 RALLYDEBUG rally_openstack.cleanup.manager [-] Cleaning up neutron vip objects
2019-11-20 06:33:53.650 27676 RALLYDEBUG rally_openstack.cleanup.manager [-] Cleaning up neutron health_monitor objects
2019-11-20 06:33:54.018 27676 RALLYDEBUG rally_openstack.cleanup.manager [-] Cleaning up neutron pool objects
2019-11-20 06:33:54.391 27676 RALLYDEBUG rally_openstack.cleanup.manager [-] Cleaning up neutron loadbalancer objects
2019-11-20 06:33:54.750 27676 RALLYDEBUG rally_openstack.cleanup.manager [-] Cleaning up neutron floatingip objects
2019-11-20 06:33:55.152 27676 RALLYDEBUG rally_openstack.cleanup.manager [-] Cleaning up neutron trunk objects
2019-11-20 06:33:55.536 27676 RALLYDEBUG rally_openstack.cleanup.manager [-] Cleaning up neutron port objects
2019-11-20 06:33:55.942 27676 RALLYDEBUG rally_openstack.cleanup.manager [-] Cleaning up neutron subnet objects
2019-11-20 06:33:56.335 27676 RALLYDEBUG rally_openstack.cleanup.manager [-] Cleaning up neutron network objects
2019-11-20 06:33:56.893 27676 RALLYDEBUG rally_openstack.cleanup.manager [-] Deleting neutron.network object s_rally_9f32ccfd_ErWLLp8Y (0d5ac783-0f23-4064-b615-d1d302284314)
2019-11-20 06:33:56.903 27676 RALLYDEBUG rally_openstack.cleanup.manager [-] Deleting neutron.network object s_rally_9f32ccfd_hZS8oQbY (1c43ff61-202c-4b85-87da-3e703fd94042)
2019-11-20 06:33:56.907 27676 RALLYDEBUG rally_openstack.cleanup.manager [-] Deleting neutron.network object s_rally_9f32ccfd_zleuseen (234d0033-1682-4092-b391-09fae7f35860)
2019-11-20 06:33:56.920 27676 RALLYDEBUG rally_openstack.cleanup.manager [-] Deleting neutron.network object s_rally_9f32ccfd_26UPUkZc (27cdf836-e308-4677-84cb-7a432c8f6d9f)
2019-11-20 06:33:56.926 27676 RALLYDEBUG rally_openstack.cleanup.manager [-] Deleting neutron.network object s_rally_9f32ccfd_q9mjGzPt (29861b61-9c74-4e90-abd7-e3425b8a46f8)
2019-11-20 06:33:56.931 27676 RALLYDEBUG rally_openstack.cleanup.manager [-] Deleting neutron.network object s_rally_9f32ccfd_vlC6koaG (2a544c31-4df4-49c9-b860-89180db1e65d)
2019-11-20 06:33:56.947 27676 RALLYDEBUG rally_openstack.cleanup.manager [-] Deleting neutron.network object s_rally_9f32ccfd_WcrddycN (2bc37d01-e206-4201-97bd-a2c60f7318cd)
2019-11-20 06:33:56.954 27676 RALLYDEBUG rally_openstack.cleanup.manager [-] Deleting neutron.network object s_rally_9f32ccfd_KrTzB5DD (3937af0e-e9b2-4af7-b8c1-bd7d3c61444f)
2019-11-20 06:33:56.983 27676 RALLYDEBUG rally_openstack.cleanup.manager [-] Deleting neutron.network object s_rally_9f32ccfd_5ZZuYL86 (3b62910f-95e4-450f-8b00-b280b41c2db1)
2019-11-20 06:33:56.991 27676 RALLYDEBUG rally_openstack.cleanup.manager [-] Deleting neutron.network object s_rally_9f32ccfd_O2456EUQ (3cbefb6a-b542-4e4f-9c90-66c19112c213)
2019-11-20 06:33:56.999 27676 RALLYDEBUG rally_openstack.cleanup.manager [-] Deleting neutron.network object s_rally_9f32ccfd_Gkgl45zR (4287bb2b-7362-467f-8907-9335876393e3)
2019-11-20 06:33:57.010 27676 RALLYDEBUG rally_openstack.cleanup.manager [-] Deleting neutron.network object s_rally_9f32ccfd_JMaKXF3j (43091d34-283c-435d-99b6-dc3a33226c99)
2019-11-20 06:33:57.025 27676 RALLYDEBUG rally_openstack.cleanup.manager [-] Deleting neutron.network object s_rally_9f32ccfd_guLtgOb5 (4319ff62-7a73-4d67-867a-4958a4894dc8)
2019-11-20 06:33:57.036 27676 RALLYDEBUG rally_openstack.cleanup.manager [-] Deleting neutron.network object s_rally_9f32ccfd_WKqphgA0 (4c03302f-b8b2-4772-8dee-4b6d3e289062)
2019-11-20 06:33:57.047 27676 RALLYDEBUG rally_openstack.cleanup.manager [-] Deleting neutron.network object s_rally_9f32ccfd_uxjARI2W (54c3d461-6fef-49b6-aaea-73f650b5b3f4)
2019-11-20 06:33:57.051 27676 RALLYDEBUG rally_openstack.cleanup.manager [-] Deleting neutron.network object s_rally_9f32ccfd_ckLBQPAm (58c357ab-3b72-4223-8d3c-1a6d4cdc0618)
2019-11-20 06:33:57.059 27676 RALLYDEBUG rally_openstack.cleanup.manager [-] Deleting neutron.network object s_rally_9f32ccfd_DD7v9PDe (5b93a2e1-ef32-4c30-b439-d2191d747916)
2019-11-20 06:33:57.062 27676 RALLYDEBUG rally_openstack.cleanup.manager [-] Deleting neutron.network object s_rally_9f32ccfd_gMppdh2m (64a871bf-3a50-49c5-8c63-66fd3ab6db81)
2019-11-20 06:33:57.081 27676 RALLYDEBUG rally_openstack.cleanup.manager [-] Deleting neutron.network object s_rally_9f32ccfd_sb7xoDI2 (68d50cca-92bd-4d8a-884e-55dc4bbff027)
2019-11-20 06:33:57.091 27676 RALLYDEBUG rally_openstack.cleanup.manager [-] Deleting neutron.network object s_rally_9f32ccfd_um3dGETj (6e251267-4d83-40fd-bbca-d707203c15a0)
2019-11-20 06:33:58.872 27676 RALLYDEBUG rally_openstack.cleanup.manager [-] Deleting neutron.network object s_rally_9f32ccfd_UHAjnTVI (7ae7f980-b81b-4e2b-b433-1eeff8b59787)
2019-11-20 06:33:59.010 27676 RALLYDEBUG rally_openstack.cleanup.manager [-] Deleting neutron.network object s_rally_9f32ccfd_Nl89Fs8S (86f3faf8-94b6-4b5a-8e20-fb79719ebce6)
2019-11-20 06:33:59.037 27676 RALLYDEBUG rally_openstack.cleanup.manager [-] Deleting neutron.network object s_rally_9f32ccfd_wlmbo1uj (95a12584-daa4-4670-ab53-6d4744f2c628)
2019-11-20 06:33:59.361 27676 RALLYDEBUG rally_openstack.cleanup.manager [-] Deleting neutron.network object s_rally_9f32ccfd_gpFSyTPj (97098f20-9836-426d-851c-cd604875ac89)
2019-11-20 06:33:59.380 27676 RALLYDEBUG rally_openstack.cleanup.manager [-] Deleting neutron.network object s_rally_9f32ccfd_Ibvsmwlp (9a51dca5-c324-42bd-b34e-4644469d15a8)
2019-11-20 06:33:59.395 27676 RALLYDEBUG rally_openstack.cleanup.manager [-] Deleting neutron.network object s_rally_9f32ccfd_ssWHuQpE (a6ca4c26-0b8e-45a9-a3b2-22892fda20e3)
2019-11-20 06:33:59.542 27676 RALLYDEBUG rally_openstack.cleanup.manager [-] Deleting neutron.network object s_rally_9f32ccfd_kWAEJ5Xe (a73e9c2f-73e5-42d1-bd51-6c66556f94bb)
2019-11-20 06:33:59.570 27676 RALLYDEBUG rally_openstack.cleanup.manager [-] Deleting neutron.network object s_rally_9f32ccfd_NSwOqQa2 (af5689e7-e3c2-470c-95a7-9420a90c0f6c)
2019-11-20 06:33:59.632 27676 RALLYDEBUG rally_openstack.cleanup.manager [-] Deleting neutron.network object s_rally_9f32ccfd_VfyxXlwz (b6df804a-9928-4250-8563-5875327fdb1c)
2019-11-20 06:33:59.685 27676 RALLYDEBUG rally_openstack.cleanup.manager [-] Deleting neutron.network object s_rally_9f32ccfd_u6rQpiqJ (b797e3e2-66f1-4348-bb03-7260afb58944)
2019-11-20 06:33:59.751 27676 RALLYDEBUG rally_openstack.cleanup.manager [-] Deleting neutron.network object s_rally_9f32ccfd_MFTKHZdg (b9140b1b-037d-4191-8fb3-4f64f40910ff)
2019-11-20 06:33:59.860 27676 RALLYDEBUG rally_openstack.cleanup.manager [-] Deleting neutron.network object s_rally_9f32ccfd_Q52bd0FE (bb3e43d4-fe29-4029-892d-eb9e3b0211d3)
2019-11-20 06:33:59.889 27676 RALLYDEBUG rally_openstack.cleanup.manager [-] Deleting neutron.network object s_rally_9f32ccfd_8zlLO6WS (bb97a096-afb6-4043-a96e-dc6ab8961e00)
2019-11-20 06:33:59.916 27676 RALLYDEBUG rally_openstack.cleanup.manager [-] Deleting neutron.network object s_rally_9f32ccfd_E6rxrRnm (bdbdaa1b-5e5b-49a0-80b0-af577ef98bc0)
2019-11-20 06:34:00.213 27676 RALLYDEBUG rally_openstack.cleanup.manager [-] Deleting neutron.network object s_rally_9f32ccfd_UkEHHClU (bdc5e51d-9ab9-4c42-8299-699e7329acbd)
2019-11-20 06:34:00.225 27676 RALLYDEBUG rally_openstack.cleanup.manager [-] Deleting neutron.network object s_rally_9f32ccfd_nfUQOv1A (bfabf063-1d2c-4b5c-96d6-5bc22f3909bd)
2019-11-20 06:34:00.423 27676 RALLYDEBUG rally_openstack.cleanup.manager [-] Deleting neutron.network object s_rally_9f32ccfd_xUwSuNth (e617384c-aee6-4ba8-8f7d-d406a2ece237)
2019-11-20 06:34:00.622 27676 RALLYDEBUG rally_openstack.cleanup.manager [-] Deleting neutron.network object s_rally_9f32ccfd_9DmeHKQE (eb35658a-8c6d-4945-97c5-af8ffbd72f59)
2019-11-20 06:34:00.649 27676 RALLYDEBUG rally_openstack.cleanup.manager [-] Deleting neutron.network object s_rally_9f32ccfd_A8PF9Pn0 (f9bee161-7032-4a6e-9a11-fc3758e19b5a)
2019-11-20 06:34:00.679 27676 RALLYDEBUG rally_openstack.cleanup.manager [-] Deleting neutron.network object s_rally_9f32ccfd_xCRTNrNI (fc5a59c8-59eb-4590-91e6-78d26a515e44)
2019-11-20 06:34:02.781 27676 RALLYDEBUG rally_openstack.cleanup.manager [-] Cleaning up neutron router objects
2019-11-20 06:34:03.181 27676 RALLYDEBUG rally_openstack.cleanup.manager [-] Cleaning up neutron security_group objects
2019-11-20 06:34:03.604 27676 INFO rally.task.context [-] Task 20588eb3-f746-4482-8424-bc166fa34bc1 | Context cleanup@openstack cleanup() finished in 10.33 sec
2019-11-20 06:34:03.604 27676 INFO rally.task.context [-] Task 20588eb3-f746-4482-8424-bc166fa34bc1 | Context quotas@openstack cleanup() started
2019-11-20 06:34:03.678 27676 INFO rally.task.context [-] Task 20588eb3-f746-4482-8424-bc166fa34bc1 | Context quotas@openstack cleanup() finished in 73.92 msec
2019-11-20 06:34:03.679 27676 INFO rally.task.context [-] Task 20588eb3-f746-4482-8424-bc166fa34bc1 | Context users@openstack cleanup() started
2019-11-20 06:34:06.305 27676 INFO rally.task.context [-] Task 20588eb3-f746-4482-8424-bc166fa34bc1 | Context users@openstack cleanup() finished in 2.63 sec
2019-11-20 06:34:06.520 27676 INFO rally.task.engine [-] Load duration is: 20.067457
2019-11-20 06:34:06.520 27676 INFO rally.task.engine [-] Full runner duration is: 20.118925
2019-11-20 06:34:06.520 27676 INFO rally.task.engine [-] Full duration is: 35.946917
2019-11-20 06:34:06.897 27676 INFO rally.task.engine [-] Running workload: position = 0 config = { "version": 2, "title": "A cropped version of a bigger task.", "description": "Auto-generated task from a single workload (uuid=798b2b98-a74e-479f-880d-330018a5b961)", "subtasks": [ { "title": "Quotas.neutron_update", "description": "Update quotas for neutron.", "scenario": { "Quotas.neutron_update": { "max_quota": 1024 } }, "contexts": { "users": { "tenants": 20, "users_per_tenant": 1 } }, "runner": { "constant": { "times": 40, "concurrency": 20 } }, "hooks": [], "sla": { "failure_rate": { "max": 0 } } } ] }
2019-11-20 06:34:06.921 27676 RALLYDEBUG rally_openstack.contexts.keystone.users [-] Creating 20 tenants using 20 threads
2019-11-20 06:34:08.827 27676 RALLYDEBUG rally_openstack.contexts.keystone.users [-] Creating 20 users using 20 threads
2019-11-20 06:34:11.314 27676 INFO rally.task.context [-] Task 20588eb3-f746-4482-8424-bc166fa34bc1 | Context users@openstack setup() finished in 4.39 sec
2019-11-20 06:34:11.315 27676 INFO rally.task.context [-] Task 20588eb3-f746-4482-8424-bc166fa34bc1 | Context admin_cleanup@openstack setup() finished in 0.01 msec
2019-11-20 06:34:11.324 27676 RALLYDEBUG rally.task.runner [-] Starting the constant runner (task UUID: 20588eb3-f746-4482-8424-bc166fa34bc1). times: 40 concurrency: 20 timeout: 0 max_cpu_used: 16 processes_to_start: 16 concurrency_per_worker: 1 concurrency_overhead: 4
2019-11-20 06:34:11.335 32532 RALLYDEBUG rally.task.runner [-] Starting a worker. times: 40 duration: None concurrency: 2 timeout: 0 cls: method_name: run args: {"max_quota": 1024}
2019-11-20 06:34:11.338 32533 RALLYDEBUG rally.task.runner [-] Starting a worker. times: 40 duration: None concurrency: 2 timeout: 0 cls: method_name: run args: {"max_quota": 1024}
2019-11-20 06:34:11.342 32534 RALLYDEBUG rally.task.runner [-] Starting a worker. times: 40 duration: None concurrency: 2 timeout: 0 cls: method_name: run args: {"max_quota": 1024}
2019-11-20 06:34:11.345 32535 RALLYDEBUG rally.task.runner [-] Starting a worker. times: 40 duration: None concurrency: 2 timeout: 0 cls: method_name: run args: {"max_quota": 1024}
2019-11-20 06:34:11.349 32537 RALLYDEBUG rally.task.runner [-] Starting a worker. times: 40 duration: None concurrency: 1 timeout: 0 cls: method_name: run args: {"max_quota": 1024}
2019-11-20 06:34:11.351 32532 INFO rally.task.runner [-] Task 20588eb3-f746-4482-8424-bc166fa34bc1 | ITER: 1 START
2019-11-20 06:34:11.351 32533 INFO rally.task.runner [-] Task 20588eb3-f746-4482-8424-bc166fa34bc1 | ITER: 5 START
2019-11-20 06:34:11.353 32539 RALLYDEBUG rally.task.runner [-] Starting a worker. times: 40 duration: None concurrency: 1 timeout: 0 cls: method_name: run args: {"max_quota": 1024}
2019-11-20 06:34:11.357 32545 RALLYDEBUG rally.task.runner [-] Starting a worker. times: 40 duration: None concurrency: 1 timeout: 0 cls: method_name: run args: {"max_quota": 1024}
2019-11-20 06:34:11.359 32537 INFO rally.task.runner [-] Task 20588eb3-f746-4482-8424-bc166fa34bc1 | ITER: 7 START
2019-11-20 06:34:11.352 32533 INFO rally.task.runner [-] Task 20588eb3-f746-4482-8424-bc166fa34bc1 | ITER: 2 START
2019-11-20 06:34:11.359 32549 RALLYDEBUG rally.task.runner [-] Starting a worker. times: 40 duration: None concurrency: 1 timeout: 0 cls: method_name: run args: {"max_quota": 1024}
2019-11-20 06:34:11.360 32535 INFO rally.task.runner [-] Task 20588eb3-f746-4482-8424-bc166fa34bc1 | ITER: 6 START
2019-11-20 06:34:11.361 32534 INFO rally.task.runner [-] Task 20588eb3-f746-4482-8424-bc166fa34bc1 | ITER: 3 START
2019-11-20 06:34:11.353 32532 INFO rally.task.runner [-] Task 20588eb3-f746-4482-8424-bc166fa34bc1 | ITER: 4 START
2019-11-20 06:34:11.364 32552 RALLYDEBUG rally.task.runner [-] Starting a worker. times: 40 duration: None concurrency: 1 timeout: 0 cls: method_name: run args: {"max_quota": 1024}
2019-11-20 06:34:11.367 32545 INFO rally.task.runner [-] Task 20588eb3-f746-4482-8424-bc166fa34bc1 | ITER: 11 START
2019-11-20 06:34:11.367 32539 INFO rally.task.runner [-] Task 20588eb3-f746-4482-8424-bc166fa34bc1 | ITER: 9 START
2019-11-20 06:34:11.370 32549 INFO rally.task.runner [-] Task 20588eb3-f746-4482-8424-bc166fa34bc1 | ITER: 12 START
2019-11-20 06:34:11.372 32535 INFO rally.task.runner [-] Task 20588eb3-f746-4482-8424-bc166fa34bc1 | ITER: 10 START
2019-11-20 06:34:11.373 32552 INFO rally.task.runner [-] Task 20588eb3-f746-4482-8424-bc166fa34bc1 | ITER: 13 START
2019-11-20 06:34:11.367 32534 INFO rally.task.runner [-] Task 20588eb3-f746-4482-8424-bc166fa34bc1 | ITER: 8 START
2019-11-20 06:34:11.373 32559 RALLYDEBUG rally.task.runner [-] Starting a worker. times: 40 duration: None concurrency: 1 timeout: 0 cls: method_name: run args: {"max_quota": 1024}
2019-11-20 06:34:11.379 32564 RALLYDEBUG rally.task.runner [-] Starting a worker. times: 40 duration: None concurrency: 1 timeout: 0 cls: method_name: run args: {"max_quota": 1024}
2019-11-20 06:34:11.385 32565 RALLYDEBUG rally.task.runner [-] Starting a worker. times: 40 duration: None concurrency: 1 timeout: 0 cls: method_name: run args: {"max_quota": 1024}
2019-11-20 06:34:11.390 32559 INFO rally.task.runner [-] Task 20588eb3-f746-4482-8424-bc166fa34bc1 | ITER: 14 START
2019-11-20 06:34:11.390 32564 INFO rally.task.runner [-] Task 20588eb3-f746-4482-8424-bc166fa34bc1 | ITER: 15 START
2019-11-20 06:34:11.390 32566 RALLYDEBUG rally.task.runner [-] Starting a worker. times: 40 duration: None concurrency: 1 timeout: 0 cls: method_name: run args: {"max_quota": 1024}
2019-11-20 06:34:11.395 32567 RALLYDEBUG rally.task.runner [-] Starting a worker. times: 40 duration: None concurrency: 1 timeout: 0 cls: method_name: run args: {"max_quota": 1024}
2019-11-20 06:34:11.396 32572 RALLYDEBUG rally.task.runner [-] Starting a worker. times: 40 duration: None concurrency: 1 timeout: 0 cls: method_name: run args: {"max_quota": 1024}
2019-11-20 06:34:11.397 32565 INFO rally.task.runner [-] Task 20588eb3-f746-4482-8424-bc166fa34bc1 | ITER: 16 START
2019-11-20 06:34:11.402 32566 INFO rally.task.runner [-] Task 20588eb3-f746-4482-8424-bc166fa34bc1 | ITER: 17 START
2019-11-20 06:34:11.404 32567 INFO rally.task.runner [-] Task 20588eb3-f746-4482-8424-bc166fa34bc1 | ITER: 18 START
2019-11-20 06:34:11.403 32575 RALLYDEBUG rally.task.runner [-] Starting a worker. times: 40 duration: None concurrency: 1 timeout: 0 cls: method_name: run args: {"max_quota": 1024}
2019-11-20 06:34:11.405 32572 INFO rally.task.runner [-] Task 20588eb3-f746-4482-8424-bc166fa34bc1 | ITER: 19 START
2019-11-20 06:34:11.412 32575 INFO rally.task.runner [-] Task 20588eb3-f746-4482-8424-bc166fa34bc1 | ITER: 20 START
2019-11-20 06:34:11.883 32533 INFO rally.task.runner [-] Task 20588eb3-f746-4482-8424-bc166fa34bc1 | ITER: 5 END: OK
2019-11-20 06:34:11.890 32533 INFO rally.task.runner [-] Task 20588eb3-f746-4482-8424-bc166fa34bc1 | ITER: 21 START
2019-11-20 06:34:11.894 32535 INFO rally.task.runner [-] Task 20588eb3-f746-4482-8424-bc166fa34bc1 | ITER: 6 END: OK
2019-11-20 06:34:11.896 32532 INFO rally.task.runner [-] Task 20588eb3-f746-4482-8424-bc166fa34bc1 | ITER: 1 END: OK
2019-11-20 06:34:11.904 32537 INFO rally.task.runner [-] Task 20588eb3-f746-4482-8424-bc166fa34bc1 | ITER: 7 END: OK
2019-11-20 06:34:11.904 32535 INFO rally.task.runner [-] Task 20588eb3-f746-4482-8424-bc166fa34bc1 | ITER: 22 START
2019-11-20 06:34:11.906 32532 INFO rally.task.runner [-] Task 20588eb3-f746-4482-8424-bc166fa34bc1 | ITER: 23 START
2019-11-20 06:34:11.910 32537 INFO rally.task.runner [-] Task 20588eb3-f746-4482-8424-bc166fa34bc1 | ITER: 24 START
2019-11-20 06:34:11.919 32545 INFO rally.task.runner [-] Task 20588eb3-f746-4482-8424-bc166fa34bc1 | ITER: 11 END: OK
2019-11-20 06:34:11.926 32545 INFO rally.task.runner [-] Task 20588eb3-f746-4482-8424-bc166fa34bc1 | ITER: 25 START
2019-11-20 06:34:11.928 32532 INFO rally.task.runner [-] Task 20588eb3-f746-4482-8424-bc166fa34bc1 | ITER: 4 END: OK
2019-11-20 06:34:11.933 32549 INFO rally.task.runner [-] Task 20588eb3-f746-4482-8424-bc166fa34bc1 | ITER: 12 END: OK
2019-11-20 06:34:11.933 32532 INFO rally.task.runner [-] Task 20588eb3-f746-4482-8424-bc166fa34bc1 | ITER: 26 START
2019-11-20 06:34:11.939 32549 INFO rally.task.runner [-] Task 20588eb3-f746-4482-8424-bc166fa34bc1 | ITER: 27 START
2019-11-20 06:34:11.944 32535 INFO rally.task.runner [-] Task 20588eb3-f746-4482-8424-bc166fa34bc1 | ITER: 10 END: OK
2019-11-20 06:34:11.950 32535 INFO rally.task.runner [-] Task 20588eb3-f746-4482-8424-bc166fa34bc1 | ITER: 28 START
2019-11-20 06:34:11.955 32552 INFO rally.task.runner [-] Task 20588eb3-f746-4482-8424-bc166fa34bc1 | ITER: 13 END: OK
2019-11-20 06:34:11.958 32534 INFO rally.task.runner [-] Task 20588eb3-f746-4482-8424-bc166fa34bc1 | ITER: 3 END: OK
2019-11-20 06:34:11.963 32552 INFO rally.task.runner [-] Task 20588eb3-f746-4482-8424-bc166fa34bc1 | ITER: 29 START
2019-11-20 06:34:11.965 32534 INFO rally.task.runner [-] Task 20588eb3-f746-4482-8424-bc166fa34bc1 | ITER: 30 START
2019-11-20 06:34:12.045 32533 INFO rally.task.runner [-] Task 20588eb3-f746-4482-8424-bc166fa34bc1 | ITER: 2 END: OK
2019-11-20 06:34:12.045 32539 INFO rally.task.runner [-] Task 20588eb3-f746-4482-8424-bc166fa34bc1 | ITER: 9 END: OK
2019-11-20 06:34:12.051 32533 INFO rally.task.runner [-] Task 20588eb3-f746-4482-8424-bc166fa34bc1 | ITER: 31 START
2019-11-20 06:34:12.052 32539 INFO rally.task.runner [-] Task 20588eb3-f746-4482-8424-bc166fa34bc1 | ITER: 32 START
2019-11-20 06:34:12.113 32566 INFO rally.task.runner [-] Task 20588eb3-f746-4482-8424-bc166fa34bc1 | ITER: 17 END: OK
2019-11-20 06:34:12.120 32566 INFO rally.task.runner [-] Task 20588eb3-f746-4482-8424-bc166fa34bc1 | ITER: 33 START
2019-11-20 06:34:12.122 32559 INFO rally.task.runner [-] Task 20588eb3-f746-4482-8424-bc166fa34bc1 | ITER: 14 END: OK
2019-11-20 06:34:12.128 32564 INFO rally.task.runner [-] Task 20588eb3-f746-4482-8424-bc166fa34bc1 | ITER: 15 END: OK
2019-11-20 06:34:12.128 32559 INFO rally.task.runner [-] Task 20588eb3-f746-4482-8424-bc166fa34bc1 | ITER: 34 START
2019-11-20 06:34:12.135 32564 INFO rally.task.runner [-] Task 20588eb3-f746-4482-8424-bc166fa34bc1 | ITER: 35 START
2019-11-20 06:34:12.210 32575 INFO rally.task.runner [-] Task 20588eb3-f746-4482-8424-bc166fa34bc1 | ITER: 20 END: OK
2019-11-20 06:34:12.210 32572 INFO rally.task.runner [-] Task 20588eb3-f746-4482-8424-bc166fa34bc1 | ITER: 19 END: OK
2019-11-20 06:34:12.216 32575 INFO rally.task.runner [-] Task 20588eb3-f746-4482-8424-bc166fa34bc1 | ITER: 36 START
2019-11-20 06:34:12.216 32572 INFO rally.task.runner [-] Task 20588eb3-f746-4482-8424-bc166fa34bc1 | ITER: 37 START
2019-11-20 06:34:12.283 32534 INFO rally.task.runner [-] Task 20588eb3-f746-4482-8424-bc166fa34bc1 | ITER: 8 END: OK
2019-11-20 06:34:12.284 32565 INFO rally.task.runner [-] Task 20588eb3-f746-4482-8424-bc166fa34bc1 | ITER: 16 END: OK
2019-11-20 06:34:12.288 32567 INFO rally.task.runner [-] Task 20588eb3-f746-4482-8424-bc166fa34bc1 | ITER: 18 END: OK
2019-11-20 06:34:12.289 32534 INFO rally.task.runner [-] Task 20588eb3-f746-4482-8424-bc166fa34bc1 | ITER: 38 START
2019-11-20 06:34:12.291 32565 INFO rally.task.runner [-] Task 20588eb3-f746-4482-8424-bc166fa34bc1 | ITER: 39 START
2019-11-20 06:34:12.295 32567 INFO rally.task.runner [-] Task 20588eb3-f746-4482-8424-bc166fa34bc1 | ITER: 40 START
2019-11-20 06:34:12.381 32533 INFO rally.task.runner [-] Task 20588eb3-f746-4482-8424-bc166fa34bc1 | ITER: 21 END: OK
2019-11-20 06:34:12.394 32537 INFO rally.task.runner [-] Task 20588eb3-f746-4482-8424-bc166fa34bc1 | ITER: 24 END: OK
2019-11-20 06:34:12.445 32549 INFO rally.task.runner [-] Task 20588eb3-f746-4482-8424-bc166fa34bc1 | ITER: 27 END: OK
2019-11-20 06:34:12.452 32552 INFO rally.task.runner [-] Task 20588eb3-f746-4482-8424-bc166fa34bc1 | ITER: 29 END: OK
2019-11-20 06:34:12.506 32533 INFO rally.task.runner [-] Task 20588eb3-f746-4482-8424-bc166fa34bc1 | ITER: 31 END: OK
2019-11-20 06:34:12.518 32532 INFO rally.task.runner [-] Task 20588eb3-f746-4482-8424-bc166fa34bc1 | ITER: 23 END: OK
2019-11-20 06:34:12.612 32535 INFO rally.task.runner [-] Task 20588eb3-f746-4482-8424-bc166fa34bc1 | ITER: 22 END: OK
2019-11-20 06:34:12.643 32545 INFO rally.task.runner [-] Task 20588eb3-f746-4482-8424-bc166fa34bc1 | ITER: 25 END: OK
2019-11-20 06:34:12.648 32532 INFO rally.task.runner [-] Task 20588eb3-f746-4482-8424-bc166fa34bc1 | ITER: 26 END: OK
2019-11-20 06:34:12.684 32575 INFO rally.task.runner [-] Task 20588eb3-f746-4482-8424-bc166fa34bc1 | ITER: 36 END: OK
2019-11-20 06:34:12.715 32535 INFO rally.task.runner [-] Task 20588eb3-f746-4482-8424-bc166fa34bc1 | ITER: 28 END: OK
2019-11-20 06:34:12.731 32565 INFO rally.task.runner [-] Task 20588eb3-f746-4482-8424-bc166fa34bc1 | ITER: 39 END: OK
2019-11-20 06:34:12.757 32559 INFO rally.task.runner [-] Task 20588eb3-f746-4482-8424-bc166fa34bc1 | ITER: 34 END: OK
2019-11-20 06:34:12.848 32534 INFO rally.task.runner [-] Task 20588eb3-f746-4482-8424-bc166fa34bc1 | ITER: 30 END: OK
2019-11-20 06:34:12.909 32539 INFO rally.task.runner [-] Task 20588eb3-f746-4482-8424-bc166fa34bc1 | ITER: 32 END: OK
2019-11-20 06:34:12.951 32564 INFO rally.task.runner [-] Task 20588eb3-f746-4482-8424-bc166fa34bc1 | ITER: 35 END: OK
2019-11-20 06:34:13.003 32534 INFO rally.task.runner [-] Task 20588eb3-f746-4482-8424-bc166fa34bc1 | ITER: 38 END: OK
2019-11-20 06:34:13.058 32567 INFO rally.task.runner [-] Task 20588eb3-f746-4482-8424-bc166fa34bc1 | ITER: 40 END: OK
2019-11-20 06:34:13.061 32572 INFO rally.task.runner [-] Task 20588eb3-f746-4482-8424-bc166fa34bc1 | ITER: 37 END: OK
2019-11-20 06:34:13.077 32566 INFO rally.task.runner [-] Task 20588eb3-f746-4482-8424-bc166fa34bc1 | ITER: 33 END: OK
2019-11-20 06:34:13.100 27676 INFO rally.task.context [-] Task 20588eb3-f746-4482-8424-bc166fa34bc1 | Context admin_cleanup@openstack cleanup() started
2019-11-20 06:34:13.103 27676 RALLYDEBUG rally_openstack.cleanup.manager [-] Cleaning up neutron quota objects
2019-11-20 06:34:14.595 27676 INFO rally.task.context [-] Task 20588eb3-f746-4482-8424-bc166fa34bc1 | Context admin_cleanup@openstack cleanup() finished in 1.49 sec
2019-11-20 06:34:14.595 27676 INFO rally.task.context [-] Task 20588eb3-f746-4482-8424-bc166fa34bc1 | Context users@openstack cleanup() started
2019-11-20 06:34:33.747 27676 INFO rally.task.context [-] Task 20588eb3-f746-4482-8424-bc166fa34bc1 | Context users@openstack cleanup() finished in 19.15 sec
2019-11-20 06:34:35.151 27676 INFO rally.task.engine [-] Load duration is: 1.723878
2019-11-20 06:34:35.151 27676 INFO rally.task.engine [-] Full runner duration is: 1.776819
2019-11-20 06:34:35.152 27676 INFO rally.task.engine [-] Full duration is: 26.828116
2019-11-20 06:34:35.455 27676 INFO rally.task.engine [-] Running workload: position = 0 config = { "version": 2, "title": "A cropped version of a bigger task.", "description": "Auto-generated task from a single workload (uuid=de3ffbf7-c24c-430a-b198-9bfa41435ec4)", "subtasks": [ { "title": "NeutronTrunks.create_and_list_trunks", "description": "Create and a given number of trunks with subports and list all trunks", "scenario": { "NeutronTrunks.create_and_list_trunks": { "subport_count": 125 } }, "contexts": { "users": { "tenants": 1, "users_per_tenant": 1 }, "quotas": { "neutron": { "network": -1, "port": 1000 } } }, "runner": { "constant": { "times": 4, "concurrency": 4 } }, "hooks": [], "sla": { "failure_rate": { "max": 0 } } } ] }
2019-11-20 06:34:35.478 27676 RALLYDEBUG rally_openstack.contexts.keystone.users [-] Creating 1 tenants using 20 threads
2019-11-20 06:34:36.507 27676 RALLYDEBUG rally_openstack.contexts.keystone.users [-] Creating 1 users using 20 threads
2019-11-20 06:34:38.100 27676 INFO rally.task.context [-] Task 20588eb3-f746-4482-8424-bc166fa34bc1 | Context users@openstack setup() finished in 2.62 sec
2019-11-20 06:34:38.593 27676 INFO rally.task.context [-] Task 20588eb3-f746-4482-8424-bc166fa34bc1 | Context quotas@openstack setup() finished in 0.49 sec
2019-11-20 06:34:38.594 27676 INFO rally.task.context [-] Task 20588eb3-f746-4482-8424-bc166fa34bc1 | Context cleanup@openstack setup() finished in 0.01 msec
2019-11-20 06:34:38.603 27676 RALLYDEBUG rally.task.runner [-] Starting the constant runner (task UUID: 20588eb3-f746-4482-8424-bc166fa34bc1). times: 4 concurrency: 4 timeout: 0 max_cpu_used: 16 processes_to_start: 4 concurrency_per_worker: 1 concurrency_overhead: 0
2019-11-20 06:34:38.614 32722 RALLYDEBUG rally.task.runner [-] Starting a worker. times: 4 duration: None concurrency: 1 timeout: 0 cls: method_name: run args: {"subport_count": 125}
2019-11-20 06:34:38.618 32723 RALLYDEBUG rally.task.runner [-] Starting a worker. times: 4 duration: None concurrency: 1 timeout: 0 cls: method_name: run args: {"subport_count": 125}
2019-11-20 06:34:38.620 32722 INFO rally.task.runner [-] Task 20588eb3-f746-4482-8424-bc166fa34bc1 | ITER: 1 START
2019-11-20 06:34:38.622 32724 RALLYDEBUG rally.task.runner [-] Starting a worker. times: 4 duration: None concurrency: 1 timeout: 0 cls: method_name: run args: {"subport_count": 125}
2019-11-20 06:34:38.623 32723 INFO rally.task.runner [-] Task 20588eb3-f746-4482-8424-bc166fa34bc1 | ITER: 2 START
2019-11-20 06:34:38.625 32727 RALLYDEBUG rally.task.runner [-] Starting a worker. times: 4 duration: None concurrency: 1 timeout: 0 cls: method_name: run args: {"subport_count": 125}
2019-11-20 06:34:38.627 32724 INFO rally.task.runner [-] Task 20588eb3-f746-4482-8424-bc166fa34bc1 | ITER: 3 START
2019-11-20 06:34:38.630 32727 INFO rally.task.runner [-] Task 20588eb3-f746-4482-8424-bc166fa34bc1 | ITER: 4 START
2019-11-20 06:35:48.520 32724 INFO rally.task.runner [-] Task 20588eb3-f746-4482-8424-bc166fa34bc1 | ITER: 3 END: OK
2019-11-20 06:35:49.107 32723 INFO rally.task.runner [-] Task 20588eb3-f746-4482-8424-bc166fa34bc1 | ITER: 2 END: OK
2019-11-20 06:35:49.449 32727 INFO rally.task.runner [-] Task 20588eb3-f746-4482-8424-bc166fa34bc1 | ITER: 4 END: OK
2019-11-20 06:35:51.337 32722 INFO rally.task.runner [-] Task 20588eb3-f746-4482-8424-bc166fa34bc1 | ITER: 1 END: OK
2019-11-20 06:35:51.364 27676 INFO rally.task.context [-] Task 20588eb3-f746-4482-8424-bc166fa34bc1 | Context cleanup@openstack cleanup() started
2019-11-20 06:35:51.367 27676 RALLYDEBUG rally_openstack.cleanup.manager [-] Cleaning up neutron vip objects
2019-11-20 06:35:51.760 27676 RALLYDEBUG rally_openstack.cleanup.manager [-] Cleaning up neutron health_monitor objects
2019-11-20 06:35:52.154 27676 RALLYDEBUG rally_openstack.cleanup.manager [-] Cleaning up neutron pool objects
2019-11-20 06:35:52.538 27676 RALLYDEBUG rally_openstack.cleanup.manager [-] Cleaning up neutron loadbalancer objects
2019-11-20 06:35:52.919 27676 RALLYDEBUG rally_openstack.cleanup.manager [-] Cleaning up neutron floatingip objects
2019-11-20 06:35:53.348 27676 RALLYDEBUG rally_openstack.cleanup.manager [-] Cleaning up neutron trunk objects
2019-11-20 06:35:53.795 27676 RALLYDEBUG rally_openstack.cleanup.manager [-] Deleting neutron.trunk object s_rally_de3ffbf7_wTXdGyak (701929f3-d155-445f-98b3-bd15e88f3666)
2019-11-20 06:35:53.797 27676 RALLYDEBUG rally_openstack.cleanup.manager [-] Deleting neutron.trunk object s_rally_de3ffbf7_oSpI35bf (9d012993-0720-4219-8214-b2608d359770)
2019-11-20 06:35:53.812 27676 RALLYDEBUG rally_openstack.cleanup.manager [-] Deleting neutron.trunk object s_rally_de3ffbf7_ZDRDoI8n (dea39943-445e-4ecc-a1c0-adf8983d8e6d)
2019-11-20 06:35:53.819 27676 RALLYDEBUG rally_openstack.cleanup.manager [-] Deleting neutron.trunk object s_rally_de3ffbf7_KFkTI874 (ee5c11e7-03e3-4c0e-9de7-a533ef7101ce)
2019-11-20 06:35:55.668 27676 RALLYDEBUG rally_openstack.cleanup.manager [-] Cleaning up neutron port objects
2019-11-20 06:35:57.613 27676 RALLYDEBUG rally_openstack.cleanup.manager [-] Deleting neutron.port object s_rally_de3ffbf7_aKFym0li (003628a6-1bed-44ce-98c8-7ee8885b2953)
2019-11-20 06:35:57.623 27676 RALLYDEBUG rally_openstack.cleanup.manager [-] Deleting neutron.port object s_rally_de3ffbf7_CuRizECP (0038ec8c-a5a5-4db4-97b6-e9f3fc7e34be)
2019-11-20 06:35:57.632 27676 RALLYDEBUG rally_openstack.cleanup.manager [-] Deleting neutron.port object s_rally_de3ffbf7_dWnLabWP (00cbb340-8ba7-4e17-bbcf-d5f8cebf924a)
2019-11-20 06:35:57.636 27676 RALLYDEBUG rally_openstack.cleanup.manager [-] Deleting neutron.port object s_rally_de3ffbf7_4WkMnG8k (00e14c8a-6fca-4f22-8c03-d72bb69d0b71)
2019-11-20 06:35:57.650 27676 RALLYDEBUG rally_openstack.cleanup.manager [-] Deleting neutron.port object s_rally_de3ffbf7_60Hfbo11 (01152dc5-6267-4a43-941a-9743fd5203a5)
2019-11-20 06:35:57.655 27676 RALLYDEBUG rally_openstack.cleanup.manager [-] Deleting neutron.port object s_rally_de3ffbf7_TI4c5jR2 (01fce98c-1365-42e9-a5eb-fc40ac08e373)
2019-11-20 06:35:57.670 27676 RALLYDEBUG rally_openstack.cleanup.manager [-] Deleting neutron.port object s_rally_de3ffbf7_3iQPRdLb (02961f91-239f-4884-8fbc-7d272b94c1a2)
2019-11-20 06:35:57.687 27676 RALLYDEBUG rally_openstack.cleanup.manager [-] Deleting neutron.port object s_rally_de3ffbf7_cYALMqhK (035e8838-a9b2-4985-9e43-035e3d3c41b4)
2019-11-20 06:35:57.694 27676 RALLYDEBUG rally_openstack.cleanup.manager [-] Deleting neutron.port object s_rally_de3ffbf7_BjVcx4dn (03fe9a05-8531-4ae6-bc14-c38973e8c496)
2019-11-20 06:35:57.703 27676 RALLYDEBUG rally_openstack.cleanup.manager [-] Deleting neutron.port object s_rally_de3ffbf7_73v2rHtJ (042dc0e4-e19d-4436-b9f5-de8dc2179f38)
2019-11-20 06:35:57.723 27676 RALLYDEBUG rally_openstack.cleanup.manager [-] Deleting neutron.port object s_rally_de3ffbf7_rUXrYUnw (04445318-38d7-4c8d-ab43-fd27b492b2f0)
2019-11-20 06:35:57.734 27676 RALLYDEBUG rally_openstack.cleanup.manager [-] Deleting neutron.port object s_rally_de3ffbf7_rYWtUkzf (05576900-04a8-46de-a8aa-4f7b2f80f681)
2019-11-20 06:35:57.742 27676 RALLYDEBUG rally_openstack.cleanup.manager [-] Deleting neutron.port object s_rally_de3ffbf7_SpI8QIiB (056dd925-0ab8-420b-a071-f39e5e3c0c16)
2019-11-20 06:35:57.747 27676 RALLYDEBUG rally_openstack.cleanup.manager [-] Deleting neutron.port object s_rally_de3ffbf7_CUqIfPRq (05910ee4-c0b9-4cdd-aab4-05122daeee87)
2019-11-20 06:35:57.751 27676 RALLYDEBUG rally_openstack.cleanup.manager [-] Deleting neutron.port object s_rally_de3ffbf7_QPPQMzW7 (05d85b62-4c66-48fe-ba24-07a08c0550f6)
2019-11-20 06:35:57.759 27676 RALLYDEBUG rally_openstack.cleanup.manager [-] Deleting neutron.port object s_rally_de3ffbf7_7QkTpqoj (06001a53-7b06-4b40-940b-7b6e7b05ff85)
2019-11-20 06:35:57.762 27676 RALLYDEBUG rally_openstack.cleanup.manager [-] Deleting neutron.port object s_rally_de3ffbf7_hiNml0Ue (06674246-8a29-4e76-84e4-8d3b5f2316b7)
2019-11-20 06:35:57.782 27676 RALLYDEBUG rally_openstack.cleanup.manager [-] Deleting neutron.port object s_rally_de3ffbf7_kJ2ES53e (066ec4c7-2561-495d-85dd-3baa83f54fcc)
2019-11-20 06:35:57.794 27676 RALLYDEBUG rally_openstack.cleanup.manager [-] Deleting neutron.port object s_rally_de3ffbf7_l1fslkAQ (06732cdd-da30-447a-a247-b3afee5cc0c1)
2019-11-20 06:35:57.806 27676 RALLYDEBUG rally_openstack.cleanup.manager [-] Deleting neutron.port object s_rally_de3ffbf7_21SCGYft (06d9e3da-a5f9-4cc8-a759-ff301eb2e6f9)
2019-11-20 06:35:59.449 27676 RALLYDEBUG rally_openstack.cleanup.manager [-] Deleting neutron.port object s_rally_de3ffbf7_vlMjDQ2I (0718bb49-ac73-4b79-984c-fe38204ae8e4)
2019-11-20 06:35:59.668 27676 RALLYDEBUG rally_openstack.cleanup.manager [-] Deleting neutron.port object s_rally_de3ffbf7_LMcF0Us8 (0765438f-3d60-402d-9d53-ce1a5cc1c8ad)
2019-11-20 06:35:59.682 27676 RALLYDEBUG rally_openstack.cleanup.manager [-] Deleting neutron.port object s_rally_de3ffbf7_1Fb3xqlu (0783cd7c-51d9-418e-b595-444e53eed874)
2019-11-20 06:35:59.685 27676 RALLYDEBUG rally_openstack.cleanup.manager [-] Deleting neutron.port object s_rally_de3ffbf7_g3CVlg4L (08ad9d5b-2cd7-49af-9ab9-077c266a57c4)
2019-11-20 06:35:59.763 27676 RALLYDEBUG rally_openstack.cleanup.manager [-] Deleting neutron.port object s_rally_de3ffbf7_6OBaf9NM (097df50f-c950-4be5-aaf9-665eb87954e9)
2019-11-20 06:35:59.766 27676 RALLYDEBUG rally_openstack.cleanup.manager [-] Deleting neutron.port object s_rally_de3ffbf7_2DoLOzrX (098fbd5e-a14f-4fb3-8250-a14eb7e1284a)
2019-11-20 06:35:59.779 27676 RALLYDEBUG rally_openstack.cleanup.manager [-] Deleting neutron.port object s_rally_de3ffbf7_guklxWOP (09a5dfe5-b6a6-47b5-af21-657b36992fcf)
2019-11-20 06:35:59.883 27676 RALLYDEBUG rally_openstack.cleanup.manager [-] Deleting neutron.port object s_rally_de3ffbf7_wzH706ZS (09def067-1356-403c-9632-c99c6f079a10)
2019-11-20 06:35:59.917 27676 RALLYDEBUG rally_openstack.cleanup.manager [-] Deleting neutron.port object s_rally_de3ffbf7_fbEmslQ2 (0a08b2c2-86cd-48e3-9055-729cb7cd5b19)
2019-11-20 06:35:59.934 27676 RALLYDEBUG rally_openstack.cleanup.manager [-] Deleting neutron.port object s_rally_de3ffbf7_wZAG7Vql (0aa98307-f477-4b7f-b472-25379a523d74)
2019-11-20 06:35:59.955 27676 RALLYDEBUG rally_openstack.cleanup.manager [-] Deleting neutron.port object s_rally_de3ffbf7_wGFEqYN6 (0b10b8a6-2b1b-4889-ae2f-d70a1ce0a8d0)
2019-11-20 06:36:00.019 27676 RALLYDEBUG rally_openstack.cleanup.manager [-] Deleting neutron.port object s_rally_de3ffbf7_L8u0dRzc (0b49c3ed-d29d-4eac-a79f-ef5d205a288c)
2019-11-20 06:36:00.080 27676 RALLYDEBUG rally_openstack.cleanup.manager [-] Deleting neutron.port object s_rally_de3ffbf7_Hs6vUN1l (0c11c3b6-0810-4c78-b3c4-da8456ba8755)
2019-11-20 06:36:00.144 27676 RALLYDEBUG rally_openstack.cleanup.manager [-] Deleting neutron.port object s_rally_de3ffbf7_CuMCggwl (0c33d817-97ae-4ead-b5e1-e7854b60ec4e)
2019-11-20 06:36:00.161 27676 RALLYDEBUG rally_openstack.cleanup.manager [-] Deleting neutron.port object s_rally_de3ffbf7_0gRIS7Oo (0ca25874-e25f-4b7a-b768-5933776a6b56)
2019-11-20 06:36:00.213 27676 RALLYDEBUG rally_openstack.cleanup.manager [-] Deleting neutron.port object s_rally_de3ffbf7_tVGot44s (0cb30191-7bae-4b76-afe1-583d7d0a6a72)
2019-11-20 06:36:00.222 27676 RALLYDEBUG rally_openstack.cleanup.manager [-] Deleting neutron.port object s_rally_de3ffbf7_kdVcWz4a (0ce16666-6455-4b55-8a5e-703b6561670f)
2019-11-20 06:36:00.378 27676 RALLYDEBUG rally_openstack.cleanup.manager [-] Deleting neutron.port object s_rally_de3ffbf7_31FgMxFj (0da1bf5d-2340-4eca-9320-e81adb823110)
2019-11-20 06:36:00.390 27676 RALLYDEBUG rally_openstack.cleanup.manager [-] Deleting neutron.port object s_rally_de3ffbf7_4KNBu4fX (0e2e793e-cfc2-4bdb-842c-bfa8204498be)
2019-11-20 06:36:00.485 27676 RALLYDEBUG rally_openstack.cleanup.manager [-] Deleting neutron.port object s_rally_de3ffbf7_Q6EMdzAD (0ea2e5a5-5006-4091-b0a7-ed7def17b586)
2019-11-20 06:36:01.208 27676 RALLYDEBUG rally_openstack.cleanup.manager [-] Deleting neutron.port object s_rally_de3ffbf7_d3yEG3uq (0ed95965-4b15-4c9b-b7ca-e00c1f2e0b8f)
2019-11-20 06:36:01.500 27676 RALLYDEBUG rally_openstack.cleanup.manager [-] Deleting neutron.port object s_rally_de3ffbf7_hJ5q5z6Z (0fa8c87d-d8cf-4f34-ac3d-b8561e3c70e8)
2019-11-20 06:36:01.516 27676 RALLYDEBUG rally_openstack.cleanup.manager [-] Deleting neutron.port object s_rally_de3ffbf7_DkmgweAR (112af0b4-fd7e-4d6e-b883-37575ef5a8d2)
2019-11-20 06:36:01.727 27676 RALLYDEBUG rally_openstack.cleanup.manager [-] Deleting neutron.port object s_rally_de3ffbf7_zJuj5Rod (1159b0f1-8e46-4a56-a828-3ebcefd5d15f)
2019-11-20 06:36:01.735 27676 RALLYDEBUG rally_openstack.cleanup.manager [-] Deleting neutron.port object s_rally_de3ffbf7_0oIDiE2Q (117a912a-b267-4185-bab1-98cfa37b13a2)
2019-11-20 06:36:01.767 27676 RALLYDEBUG rally_openstack.cleanup.manager [-] Deleting neutron.port object s_rally_de3ffbf7_gO6GdJWv (119ce332-8eca-4fef-b22a-67c4267a51f1)
2019-11-20 06:36:01.785 27676 RALLYDEBUG rally_openstack.cleanup.manager [-] Deleting neutron.port object s_rally_de3ffbf7_7CsUTveY (13310258-5597-4b5d-b1b3-35697ba15de9)
2019-11-20 06:36:01.826 27676 RALLYDEBUG rally_openstack.cleanup.manager [-] Deleting neutron.port object s_rally_de3ffbf7_HIMNdM8G (1377e564-203b-4eb1-ab33-5ba670835472)
2019-11-20 06:36:01.889 27676 RALLYDEBUG rally_openstack.cleanup.manager [-] Deleting neutron.port object s_rally_de3ffbf7_98U5AZ8J (13a77df2-ec5c-4ef5-8cd5-92802d6dc2fd)
2019-11-20 06:36:01.944 27676 RALLYDEBUG rally_openstack.cleanup.manager [-] Deleting neutron.port object s_rally_de3ffbf7_yUc9GfeZ (14081897-6053-44df-8670-c84056f97324)
2019-11-20 06:36:01.953 27676 RALLYDEBUG rally_openstack.cleanup.manager [-] Deleting neutron.port object s_rally_de3ffbf7_1lAKsfTn (14a9747f-58ab-4a03-974d-c5e28be81162)
2019-11-20 06:36:01.993 27676 RALLYDEBUG rally_openstack.cleanup.manager [-] Deleting neutron.port object s_rally_de3ffbf7_tJdX6C2Y (14cb8fa6-1f57-480e-a840-764a2ddb6c6a)
2019-11-20 06:36:02.017 27676 RALLYDEBUG rally_openstack.cleanup.manager [-] Deleting neutron.port object s_rally_de3ffbf7_LkFYAjaw (15884c30-61b2-4215-9edc-9fd801f0ec44)
2019-11-20 06:36:02.188 27676 RALLYDEBUG rally_openstack.cleanup.manager [-] Deleting neutron.port object s_rally_de3ffbf7_z3SFJ9RO (15b34f1f-c9cf-46b2-b5bc-789fa58b2f1b)
2019-11-20 06:36:02.229 27676 RALLYDEBUG rally_openstack.cleanup.manager [-] Deleting neutron.port object s_rally_de3ffbf7_Q98A6ViS (161be9c7-5a91-47e4-92f2-1199af20903e)
2019-11-20 06:36:02.264 27676 RALLYDEBUG rally_openstack.cleanup.manager [-] Deleting neutron.port object s_rally_de3ffbf7_nxynXj1u (171bbcdc-74fd-4f2e-8922-234a05cf2bca)
2019-11-20 06:36:02.444 27676 RALLYDEBUG rally_openstack.cleanup.manager [-] Deleting neutron.port object s_rally_de3ffbf7_n8wOVcie (1864c87f-e3d8-40bb-8835-ec60c1769bb8)
2019-11-20 06:36:02.539 27676 RALLYDEBUG rally_openstack.cleanup.manager [-] Deleting neutron.port object s_rally_de3ffbf7_GMi3riwr (18ba83e6-d4a7-4e1f-95eb-0ad33799b31d)
2019-11-20 06:36:02.575 27676 RALLYDEBUG rally_openstack.cleanup.manager [-] Deleting neutron.port object s_rally_de3ffbf7_bBLgjFaJ (1950b8bf-ce4f-4cbd-beb3-a7855f4f8946)
2019-11-20 06:36:02.611 27676 RALLYDEBUG rally_openstack.cleanup.manager [-] Deleting neutron.port object s_rally_de3ffbf7_ErIWdGnO (19c9b93e-bae4-4567-b037-e10fa256883f)
2019-11-20 06:36:02.956 27676 RALLYDEBUG rally_openstack.cleanup.manager [-] Deleting neutron.port object s_rally_de3ffbf7_SKCWg06Y (1a0c009e-b8fc-4d3f-915f-c786a4b4b34b)
2019-11-20 06:36:03.204 27676 RALLYDEBUG rally_openstack.cleanup.manager [-] Deleting neutron.port object s_rally_de3ffbf7_GxF02Kbx (1a51aa19-e9e4-4c8b-91f9-fd5d0dc913ea)
2019-11-20 06:36:03.494 27676 RALLYDEBUG rally_openstack.cleanup.manager [-] Deleting neutron.port object s_rally_de3ffbf7_sUlvtbIu (1a5a04de-740c-4421-a5a8-69d6be118649)
2019-11-20 06:36:03.523 27676 RALLYDEBUG rally_openstack.cleanup.manager [-] Deleting neutron.port object s_rally_de3ffbf7_WbTMKzXJ (1b924b88-83e2-40d8-a0b0-d42d5a13ced6)
2019-11-20 06:36:03.540 27676 RALLYDEBUG rally_openstack.cleanup.manager [-] Deleting neutron.port object s_rally_de3ffbf7_pdikjNty (1bbcfff6-416a-4502-a730-036df230bd73)
2019-11-20 06:36:03.644 27676 RALLYDEBUG rally_openstack.cleanup.manager [-] Deleting neutron.port object s_rally_de3ffbf7_xGV73sfG (1bc6d4b6-5b43-4b95-b715-e140aca97e0d)
2019-11-20 06:36:03.692 27676 RALLYDEBUG rally_openstack.cleanup.manager [-] Deleting neutron.port object s_rally_de3ffbf7_strXzxfq (1df76a58-63bf-4f0f-95bf-18be0ce5e14c)
2019-11-20 06:36:03.768 27676 RALLYDEBUG rally_openstack.cleanup.manager [-] Deleting neutron.port object s_rally_de3ffbf7_cXbN2T5X (1e487bad-9773-41b1-8456-f43baa274163)
2019-11-20 06:36:03.772 27676 RALLYDEBUG rally_openstack.cleanup.manager [-] Deleting neutron.port object s_rally_de3ffbf7_t0cjNCjT (1e5bbd8a-00e9-4515-98cc-8d14d56d38d5)
2019-11-20 06:36:03.800 27676 RALLYDEBUG rally_openstack.cleanup.manager [-] Deleting neutron.port object s_rally_de3ffbf7_CiRm7GKU (1eeaa5e3-d36e-4eed-9c66-9a33dbadf151)
2019-11-20 06:36:03.816 27676 RALLYDEBUG rally_openstack.cleanup.manager [-] Deleting neutron.port object s_rally_de3ffbf7_6vdiAxJZ (1ef62e1d-084a-472f-a444-e21174a1ec43)
2019-11-20 06:36:03.826 27676 RALLYDEBUG rally_openstack.cleanup.manager [-] Deleting neutron.port object s_rally_de3ffbf7_lqt3Cvdi (20914e53-8289-4170-b908-5b0626b8d47c)
2019-11-20 06:36:03.982 27676 RALLYDEBUG rally_openstack.cleanup.manager [-] Deleting neutron.port object s_rally_de3ffbf7_K7uHy676 (20923cc1-ded4-41a1-b62a-77be6b31c547)
2019-11-20 06:36:04.020 27676 RALLYDEBUG rally_openstack.cleanup.manager [-] Deleting neutron.port object s_rally_de3ffbf7_qumihU08 (21138ed9-357b-4113-bf19-5bdb2b7eb43f)
2019-11-20 06:36:04.140 27676 RALLYDEBUG rally_openstack.cleanup.manager [-] Deleting neutron.port object s_rally_de3ffbf7_sKVmHki8 (21b207bd-062f-49a4-b68b-ae0d1fea47b9)
2019-11-20 06:36:04.172 27676 RALLYDEBUG rally_openstack.cleanup.manager [-] Deleting neutron.port object s_rally_de3ffbf7_0uy9brD4 (21f1a5e8-8055-4306-9d54-776c3898290c)
2019-11-20 06:36:04.240 27676 RALLYDEBUG rally_openstack.cleanup.manager [-] Deleting neutron.port object s_rally_de3ffbf7_lopRq4cH (223a005e-3e02-44db-afb2-4a2ceb4d43b7)
2019-11-20 06:36:04.332 27676 RALLYDEBUG rally_openstack.cleanup.manager [-] Deleting neutron.port object s_rally_de3ffbf7_O3c4n1I9 (22d17f08-574a-46b1-94cc-ede24bfc0b91)
2019-11-20 06:36:04.381 27676 RALLYDEBUG rally_openstack.cleanup.manager [-] Deleting neutron.port object s_rally_de3ffbf7_DVZTLWmD (232533d9-f75a-4dfa-8b39-d946bd952031)
2019-11-20 06:36:04.603 27676 RALLYDEBUG rally_openstack.cleanup.manager [-] Deleting neutron.port object s_rally_de3ffbf7_dciuSFsg (234d9526-f9e7-439b-b058-117eb544bdf5)
2019-11-20 06:36:04.673 27676 RALLYDEBUG rally_openstack.cleanup.manager [-] Deleting neutron.port object s_rally_de3ffbf7_8CI4FEuD (240a8d2e-2f4a-4266-87fc-1b21ed0e3d5a)
2019-11-20 06:36:05.193 27676 RALLYDEBUG rally_openstack.cleanup.manager [-] Deleting neutron.port object s_rally_de3ffbf7_7mCFk8xr (24633544-832a-4836-8314-5bbb4912382c)
2019-11-20 06:36:05.246 27676 RALLYDEBUG rally_openstack.cleanup.manager [-] Deleting neutron.port object s_rally_de3ffbf7_aedyF21U (248c05db-580b-4b91-a4ca-86b5200176c7)
2019-11-20 06:36:05.318 27676 RALLYDEBUG rally_openstack.cleanup.manager [-] Deleting neutron.port object s_rally_de3ffbf7_MlWL9qEZ (2572961f-7953-4010-a869-dad7a2b88d29)
2019-11-20 06:36:05.408 27676 RALLYDEBUG rally_openstack.cleanup.manager [-] Deleting neutron.port object s_rally_de3ffbf7_1gnzMu9g (25d05429-2799-4c84-bc9a-7d7b97633302)
2019-11-20 06:36:05.450 27676 RALLYDEBUG rally_openstack.cleanup.manager [-] Deleting neutron.port object s_rally_de3ffbf7_DQIMYwPi (2715a2bc-f53b-4029-b1b9-6af72de9c954)
2019-11-20 06:36:05.503 27676 RALLYDEBUG rally_openstack.cleanup.manager [-] Deleting neutron.port object s_rally_de3ffbf7_KRyrgCrg (2771ee8d-58c8-4aaa-b515-248c2e61fe7e)
2019-11-20 06:36:05.603 27676 RALLYDEBUG rally_openstack.cleanup.manager [-] Deleting neutron.port object s_rally_de3ffbf7_bdXbi3X9 (28ff208b-8ca1-4fd6-878f-598a44ba2087)
2019-11-20 06:36:05.629 27676 RALLYDEBUG rally_openstack.cleanup.manager [-] Deleting neutron.port object s_rally_de3ffbf7_GpV7A31z (290ab7ac-ddb9-4551-ab1a-7a2ab36a77a2)
2019-11-20 06:36:05.686 27676 RALLYDEBUG rally_openstack.cleanup.manager [-] Deleting neutron.port object s_rally_de3ffbf7_AApgxGnY (295e25ef-117b-4e74-88b3-777212713b77)
2019-11-20 06:36:05.690 27676 RALLYDEBUG rally_openstack.cleanup.manager [-] Deleting neutron.port object s_rally_de3ffbf7_XxyreqyB (2b82a66d-a35f-469a-bdd4-2cc9980d6001)
2019-11-20 06:36:05.769 27676 RALLYDEBUG rally_openstack.cleanup.manager [-] Deleting neutron.port object s_rally_de3ffbf7_zgNJRwuB (2c2aedb8-69a7-4e28-be2e-70b05b488f0a)
2019-11-20 06:36:05.808 27676 RALLYDEBUG rally_openstack.cleanup.manager [-] Deleting neutron.port object s_rally_de3ffbf7_qjPkrAAO (2c33acc3-0a46-4076-b8e6-5d1453233989)
2019-11-20 06:36:05.946 27676 RALLYDEBUG rally_openstack.cleanup.manager [-] Deleting neutron.port object s_rally_de3ffbf7_VsCVr3Kr (2c504362-df38-44b7-b204-be4915ffd746)
2019-11-20 06:36:06.030 27676 RALLYDEBUG rally_openstack.cleanup.manager [-] Deleting neutron.port object s_rally_de3ffbf7_BSM8TCbY (2c82b2de-b6bc-4cb5-9cc9-6a38f548c13e)
2019-11-20 06:36:06.048 27676 RALLYDEBUG rally_openstack.cleanup.manager [-] Deleting neutron.port object s_rally_de3ffbf7_8v1Xy5Fi (2cf83dfb-d0a4-4b6a-acbd-584771eedac9)
2019-11-20 06:36:06.117 27676 RALLYDEBUG rally_openstack.cleanup.manager [-] Deleting neutron.port object s_rally_de3ffbf7_d5PUkx38 (2e54f88a-90dc-4567-bff7-2aa0a865980c)
2019-11-20 06:36:06.121 27676 RALLYDEBUG rally_openstack.cleanup.manager [-] Deleting neutron.port object s_rally_de3ffbf7_UFpxKGjP (2e6d43c2-de31-4606-a33f-630f9fce4992)
2019-11-20 06:36:06.171 27676 RALLYDEBUG rally_openstack.cleanup.manager [-] Deleting neutron.port object s_rally_de3ffbf7_tszcPQaF (2f65bf21-6a70-4448-8c45-bfbec6366bb4)
