2019-11-20 04:32:41.859 727 RALLYDEBUG rally.task.runner [-] Starting the constant runner (task UUID: e1476edc-279a-4183-9f1c-3536488b01c7). times: 10 concurrency: 4 timeout: 0 max_cpu_used: 16 processes_to_start: 4 concurrency_per_worker: 1 concurrency_overhead: 0
2019-11-20 04:32:41.870 975 RALLYDEBUG rally.task.runner [-] Starting a worker. times: 10 duration: None concurrency: 1 timeout: 0 cls: method_name: run args: {"container_format": "bare", "disk_format": "qcow2", "image_location": "/home/opnfv/functest/images/cirros-0.4.0-x86_64-disk.img"}
2019-11-20 04:32:41.874 976 RALLYDEBUG rally.task.runner [-] Starting a worker. times: 10 duration: None concurrency: 1 timeout: 0 cls: method_name: run args: {"container_format": "bare", "disk_format": "qcow2", "image_location": "/home/opnfv/functest/images/cirros-0.4.0-x86_64-disk.img"}
2019-11-20 04:32:41.877 975 INFO rally.task.runner [-] Task e1476edc-279a-4183-9f1c-3536488b01c7 | ITER: 1 START
2019-11-20 04:32:41.876 977 RALLYDEBUG rally.task.runner [-] Starting a worker. times: 10 duration: None concurrency: 1 timeout: 0 cls: method_name: run args: {"container_format": "bare", "disk_format": "qcow2", "image_location": "/home/opnfv/functest/images/cirros-0.4.0-x86_64-disk.img"}
2019-11-20 04:32:41.879 978 RALLYDEBUG rally.task.runner [-] Starting a worker. times: 10 duration: None concurrency: 1 timeout: 0 cls: method_name: run args: {"container_format": "bare", "disk_format": "qcow2", "image_location": "/home/opnfv/functest/images/cirros-0.4.0-x86_64-disk.img"}
2019-11-20 04:32:41.880 976 INFO rally.task.runner [-] Task e1476edc-279a-4183-9f1c-3536488b01c7 | ITER: 2 START
2019-11-20 04:32:41.883 977 INFO rally.task.runner [-] Task e1476edc-279a-4183-9f1c-3536488b01c7 | ITER: 3 START
2019-11-20 04:32:41.885 978 INFO rally.task.runner [-] Task e1476edc-279a-4183-9f1c-3536488b01c7 | ITER: 4 START
2019-11-20 04:32:44.850 975 RALLYDEBUG rally.task.utils [-] Waiting for resource '189f3901-435e-44a1-83aa-8ffc935828ea'. Status changed: NONE => QUEUED in 0.04079103469848633
2019-11-20 04:32:44.854 976 RALLYDEBUG rally.task.utils [-] Waiting for resource '3adf8d5c-8426-47ae-abd4-d4950a48522e'. Status changed: NONE => QUEUED in 0.03846263885498047
2019-11-20 04:32:45.072 978 RALLYDEBUG rally.task.utils [-] Waiting for resource 'f08d0311-1605-4718-b84e-807d4cb42593'. Status changed: NONE => QUEUED in 0.03418087959289551
2019-11-20 04:32:45.074 977 RALLYDEBUG rally.task.utils [-] Waiting for resource '2a5fc70a-b764-423d-9a5a-346b37061b1c'. Status changed: NONE => QUEUED in 0.03159451484680176
2019-11-20 04:32:45.077 975 RALLYDEBUG rally.task.utils [-] Waiting for resource s_rally_b7b7bac0_zfLD5nX8. Status changed: QUEUED => ACTIVE in 0.016677141189575195
2019-11-20 04:32:45.083 976 RALLYDEBUG rally.task.utils [-] Waiting for resource s_rally_b7b7bac0_WvukoHM4. Status changed: QUEUED => ACTIVE in 0.020823240280151367
2019-11-20 04:32:45.107 975 INFO rally.task.runner [-] Task e1476edc-279a-4183-9f1c-3536488b01c7 | ITER: 1 END: OK
2019-11-20 04:32:45.110 975 INFO rally.task.runner [-] Task e1476edc-279a-4183-9f1c-3536488b01c7 | ITER: 5 START
2019-11-20 04:32:45.122 976 INFO rally.task.runner [-] Task e1476edc-279a-4183-9f1c-3536488b01c7 | ITER: 2 END: OK
2019-11-20 04:32:45.126 976 INFO rally.task.runner [-] Task e1476edc-279a-4183-9f1c-3536488b01c7 | ITER: 6 START
2019-11-20 04:32:45.272 978 RALLYDEBUG rally.task.utils [-] Waiting for resource s_rally_b7b7bac0_IlDal8eq. Status changed: QUEUED => ACTIVE in 0.0179595947265625
2019-11-20 04:32:45.275 977 RALLYDEBUG rally.task.utils [-] Waiting for resource s_rally_b7b7bac0_sGiZVTpf. Status changed: QUEUED => ACTIVE in 0.018215656280517578
2019-11-20 04:32:45.302 978 INFO rally.task.runner [-] Task e1476edc-279a-4183-9f1c-3536488b01c7 | ITER: 4 END: OK
2019-11-20 04:32:45.305 977 INFO rally.task.runner [-] Task e1476edc-279a-4183-9f1c-3536488b01c7 | ITER: 3 END: OK
2019-11-20 04:32:45.306 978 INFO rally.task.runner [-] Task e1476edc-279a-4183-9f1c-3536488b01c7 | ITER: 7 START
2019-11-20 04:32:45.309 977 INFO rally.task.runner [-] Task e1476edc-279a-4183-9f1c-3536488b01c7 | ITER: 8 START
2019-11-20 04:32:47.949 976 RALLYDEBUG rally.task.utils [-] Waiting for resource '2da569c9-f982-408a-8975-e0f09fcf4067'. Status changed: NONE => QUEUED in 0.03958559036254883
2019-11-20 04:32:48.164 978 RALLYDEBUG rally.task.utils [-] Waiting for resource '8ecf76d0-c88e-49bd-810b-f9a10b6a9a96'. Status changed: NONE => QUEUED in 0.033554792404174805
2019-11-20 04:32:48.165 977 RALLYDEBUG rally.task.utils [-] Waiting for resource '4633e09d-14e6-4992-9de6-fe3f0e0a791f'. Status changed: NONE => QUEUED in 0.03352952003479004
2019-11-20 04:32:48.171 976 RALLYDEBUG rally.task.utils [-] Waiting for resource s_rally_b7b7bac0_TpoIOfOI. Status changed: QUEUED => ACTIVE in 0.016912221908569336
2019-11-20 04:32:48.172 975 RALLYDEBUG rally.task.utils [-] Waiting for resource 'd6c662e6-12b0-420d-80fb-17529822026f'. Status changed: NONE => QUEUED in 0.03693413734436035
2019-11-20 04:32:48.205 976 INFO rally.task.runner [-] Task e1476edc-279a-4183-9f1c-3536488b01c7 | ITER: 6 END: OK
2019-11-20 04:32:48.209 976 INFO rally.task.runner [-] Task e1476edc-279a-4183-9f1c-3536488b01c7 | ITER: 9 START
2019-11-20 04:32:48.349 977 RALLYDEBUG rally.task.utils [-] Waiting for resource s_rally_b7b7bac0_djVEq1NG. Status changed: QUEUED => ACTIVE in 0.017903804779052734
2019-11-20 04:32:48.384 977 INFO rally.task.runner [-] Task e1476edc-279a-4183-9f1c-3536488b01c7 | ITER: 8 END: OK
2019-11-20 04:32:48.384 975 RALLYDEBUG rally.task.utils [-] Waiting for resource s_rally_b7b7bac0_kyeMC0c3. Status changed: QUEUED => ACTIVE in 0.017348051071166992
2019-11-20 04:32:48.387 977 INFO rally.task.runner [-] Task e1476edc-279a-4183-9f1c-3536488b01c7 | ITER: 10 START
2019-11-20 04:32:48.394 978 RALLYDEBUG rally.task.utils [-] Waiting for resource s_rally_b7b7bac0_ht0H5ESi. Status changed: QUEUED => ACTIVE in 0.018973588943481445
2019-11-20 04:32:48.418 975 INFO rally.task.runner [-] Task e1476edc-279a-4183-9f1c-3536488b01c7 | ITER: 5 END: OK
2019-11-20 04:32:48.425 978 INFO rally.task.runner [-] Task e1476edc-279a-4183-9f1c-3536488b01c7 | ITER: 7 END: OK
2019-11-20 04:32:51.096 976 RALLYDEBUG rally.task.utils [-] Waiting for resource 'b64af825-24dc-437c-b1e9-36ebf7a920da'. Status changed: NONE => QUEUED in 0.040366411209106445
2019-11-20 04:32:51.269 977 RALLYDEBUG rally.task.utils [-] Waiting for resource '496e5748-7d22-4475-8057-f24aae51ec3b'. Status changed: NONE => QUEUED in 0.03534865379333496
2019-11-20 04:32:51.327 976 RALLYDEBUG rally.task.utils [-] Waiting for resource s_rally_b7b7bac0_RFcVtxdM. Status changed: QUEUED => ACTIVE in 0.020499467849731445
2019-11-20 04:32:51.365 976 INFO rally.task.runner [-] Task e1476edc-279a-4183-9f1c-3536488b01c7 | ITER: 9 END: OK
2019-11-20 04:32:51.468 977 RALLYDEBUG rally.task.utils [-] Waiting for resource s_rally_b7b7bac0_dl8CtorS. Status changed: QUEUED => ACTIVE in 0.019091129302978516
2019-11-20 04:32:51.508 977 INFO rally.task.runner [-] Task e1476edc-279a-4183-9f1c-3536488b01c7 | ITER: 10 END: OK
2019-11-20 04:32:51.535 727 INFO rally.task.context [-] Task e1476edc-279a-4183-9f1c-3536488b01c7 | Context cleanup@openstack cleanup() started
2019-11-20 04:32:51.539 727 RALLYDEBUG rally_openstack.cleanup.manager [-] Cleaning up glance images objects
2019-11-20 04:32:52.930 727 RALLYDEBUG rally_openstack.cleanup.manager [-] Deleting glance.images object s_rally_b7b7bac0_dl8CtorS (496e5748-7d22-4475-8057-f24aae51ec3b)
2019-11-20 04:32:52.939 727 RALLYDEBUG rally_openstack.cleanup.manager [-] Deleting glance.images object s_rally_b7b7bac0_ht0H5ESi (8ecf76d0-c88e-49bd-810b-f9a10b6a9a96)
2019-11-20 04:32:52.948 727 RALLYDEBUG rally_openstack.cleanup.manager [-] Deleting glance.images object s_rally_b7b7bac0_djVEq1NG (4633e09d-14e6-4992-9de6-fe3f0e0a791f)
2019-11-20 04:32:52.957 727 RALLYDEBUG rally_openstack.cleanup.manager [-] Deleting glance.images object s_rally_b7b7bac0_TpoIOfOI (2da569c9-f982-408a-8975-e0f09fcf4067)
2019-11-20 04:32:52.963 727 RALLYDEBUG rally_openstack.cleanup.manager [-] Deleting glance.images object s_rally_b7b7bac0_WvukoHM4 (3adf8d5c-8426-47ae-abd4-d4950a48522e)
2019-11-20 04:32:52.975 727 RALLYDEBUG rally_openstack.cleanup.manager [-] Deleting glance.images object s_rally_b7b7bac0_sGiZVTpf (2a5fc70a-b764-423d-9a5a-346b37061b1c)
2019-11-20 04:32:52.978 727 RALLYDEBUG rally_openstack.cleanup.manager [-] Deleting glance.images object s_rally_b7b7bac0_RFcVtxdM (b64af825-24dc-437c-b1e9-36ebf7a920da)
2019-11-20 04:32:52.987 727 RALLYDEBUG rally_openstack.cleanup.manager [-] Deleting glance.images object s_rally_b7b7bac0_kyeMC0c3 (d6c662e6-12b0-420d-80fb-17529822026f)
2019-11-20 04:32:53.010 727 RALLYDEBUG rally_openstack.cleanup.manager [-] Deleting glance.images object s_rally_b7b7bac0_IlDal8eq (f08d0311-1605-4718-b84e-807d4cb42593)
2019-11-20 04:32:53.036 727 RALLYDEBUG rally_openstack.cleanup.manager [-] Deleting glance.images object s_rally_b7b7bac0_zfLD5nX8 (189f3901-435e-44a1-83aa-8ffc935828ea)
2019-11-20 04:32:53.434 727 DEBUG glanceclient.common.http [-] Request returned failure status 404. _handle_response /usr/lib/python3.6/site-packages/glanceclient/common/http.py:125
2019-11-20 04:32:53.446 727 DEBUG glanceclient.common.http [-] Request returned failure status 404. _handle_response /usr/lib/python3.6/site-packages/glanceclient/common/http.py:125
2019-11-20 04:32:53.454 727 DEBUG glanceclient.common.http [-] Request returned failure status 404. _handle_response /usr/lib/python3.6/site-packages/glanceclient/common/http.py:125
2019-11-20 04:32:53.459 727 DEBUG glanceclient.common.http [-] Request returned failure status 404. _handle_response /usr/lib/python3.6/site-packages/glanceclient/common/http.py:125
2019-11-20 04:32:53.465 727 DEBUG glanceclient.common.http [-] Request returned failure status 404. _handle_response /usr/lib/python3.6/site-packages/glanceclient/common/http.py:125
2019-11-20 04:32:53.470 727 DEBUG glanceclient.common.http [-] Request returned failure status 404. _handle_response /usr/lib/python3.6/site-packages/glanceclient/common/http.py:125
2019-11-20 04:32:53.475 727 DEBUG glanceclient.common.http [-] Request returned failure status 404. _handle_response /usr/lib/python3.6/site-packages/glanceclient/common/http.py:125
2019-11-20 04:32:53.490 727 DEBUG glanceclient.common.http [-] Request returned failure status 404. _handle_response /usr/lib/python3.6/site-packages/glanceclient/common/http.py:125
2019-11-20 04:32:53.534 727 DEBUG glanceclient.common.http [-] Request returned failure status 404. _handle_response /usr/lib/python3.6/site-packages/glanceclient/common/http.py:125
2019-11-20 04:32:53.535 727 DEBUG glanceclient.common.http [-] Request returned failure status 404. _handle_response /usr/lib/python3.6/site-packages/glanceclient/common/http.py:125
2019-11-20 04:32:53.543 727 DEBUG glanceclient.common.http [-] Request returned failure status 404. _handle_response /usr/lib/python3.6/site-packages/glanceclient/common/http.py:125
2019-11-20 04:32:53.554 727 DEBUG glanceclient.common.http [-] Request returned failure status 404. _handle_response /usr/lib/python3.6/site-packages/glanceclient/common/http.py:125
2019-11-20 04:32:53.555 727 DEBUG glanceclient.common.http [-] Request returned failure status 404. _handle_response /usr/lib/python3.6/site-packages/glanceclient/common/http.py:125
2019-11-20 04:32:53.557 727 DEBUG glanceclient.common.http [-] Request returned failure status 404. _handle_response /usr/lib/python3.6/site-packages/glanceclient/common/http.py:125
2019-11-20 04:32:53.562 727 DEBUG glanceclient.common.http [-] Request returned failure status 404. _handle_response /usr/lib/python3.6/site-packages/glanceclient/common/http.py:125
2019-11-20 04:32:53.572 727 DEBUG glanceclient.common.http [-] Request returned failure status 404. _handle_response /usr/lib/python3.6/site-packages/glanceclient/common/http.py:125
2019-11-20 04:32:53.719 727 DEBUG glanceclient.common.http [-] Request returned failure status 404. _handle_response /usr/lib/python3.6/site-packages/glanceclient/common/http.py:125
2019-11-20 04:32:53.734 727 DEBUG glanceclient.common.http [-] Request returned failure status 404. _handle_response /usr/lib/python3.6/site-packages/glanceclient/common/http.py:125
2019-11-20 04:32:53.805 727 DEBUG glanceclient.common.http [-] Request returned failure status 404. _handle_response /usr/lib/python3.6/site-packages/glanceclient/common/http.py:125
2019-11-20 04:32:53.821 727 DEBUG glanceclient.common.http [-] Request returned failure status 404. _handle_response /usr/lib/python3.6/site-packages/glanceclient/common/http.py:125
2019-11-20 04:32:54.824 727 INFO rally.task.context [-] Task e1476edc-279a-4183-9f1c-3536488b01c7 | Context cleanup@openstack cleanup() finished in 3.29 sec
2019-11-20 04:32:54.825 727 INFO rally.task.context [-] Task e1476edc-279a-4183-9f1c-3536488b01c7 | Context users@openstack cleanup() started
2019-11-20 04:32:59.421 727 INFO rally.task.context [-] Task e1476edc-279a-4183-9f1c-3536488b01c7 | Context users@openstack cleanup() finished in 4.60 sec
2019-11-20 04:33:01.318 727 INFO rally.task.engine [-] Load duration is: 8.944735
2019-11-20 04:33:01.319 727 INFO rally.task.engine [-] Full runner duration is: 9.676051
2019-11-20 04:33:01.319 727 INFO rally.task.engine [-] Full duration is: 20.284205
2019-11-20 04:33:01.872 727 INFO rally.task.engine [-] Running workload: position = 0 config = { "version": 2, "title": "A cropped version of a bigger task.", "description": "Auto-generated task from a single workload (uuid=5cdb1c9d-f83c-4643-a4c7-aa53391146a4)", "subtasks": [ { "title": "GlanceImages.list_images", "description": "List all images.", "scenario": { "GlanceImages.list_images": {} }, "contexts": { "users": { "tenants": 3, "users_per_tenant": 2 } }, "runner": { "constant": { "concurrency": 4, "times": 10 } }, "hooks": [], "sla": { "failure_rate": { "max": 0 } } } ] }
2019-11-20 04:33:01.895 727 RALLYDEBUG rally_openstack.contexts.keystone.users [-] Creating 3 tenants using 20 threads
2019-11-20 04:33:03.034 727 RALLYDEBUG rally_openstack.contexts.keystone.users [-] Creating 6 users using 20 threads
2019-11-20 04:33:04.594 727 INFO rally.task.context [-] Task e1476edc-279a-4183-9f1c-3536488b01c7 | Context users@openstack setup() finished in 2.70 sec
2019-11-20 04:33:04.603 727 RALLYDEBUG rally.task.runner [-] Starting the constant runner (task UUID: e1476edc-279a-4183-9f1c-3536488b01c7). times: 10 concurrency: 4 timeout: 0 max_cpu_used: 16 processes_to_start: 4 concurrency_per_worker: 1 concurrency_overhead: 0
2019-11-20 04:33:04.615 1099 RALLYDEBUG rally.task.runner [-] Starting a worker. times: 10 duration: None concurrency: 1 timeout: 0 cls: method_name: run args: {}
2019-11-20 04:33:04.622 1099 INFO rally.task.runner [-] Task e1476edc-279a-4183-9f1c-3536488b01c7 | ITER: 1 START
2019-11-20 04:33:04.621 1100 RALLYDEBUG rally.task.runner [-] Starting a worker. times: 10 duration: None concurrency: 1 timeout: 0 cls: method_name: run args: {}
2019-11-20 04:33:04.624 1101 RALLYDEBUG rally.task.runner [-] Starting a worker. times: 10 duration: None concurrency: 1 timeout: 0 cls: method_name: run args: {}
2019-11-20 04:33:04.629 1100 INFO rally.task.runner [-] Task e1476edc-279a-4183-9f1c-3536488b01c7 | ITER: 2 START
2019-11-20 04:33:04.632 1101 INFO rally.task.runner [-] Task e1476edc-279a-4183-9f1c-3536488b01c7 | ITER: 3 START
2019-11-20 04:33:04.633 1104 RALLYDEBUG rally.task.runner [-] Starting a worker. times: 10 duration: None concurrency: 1 timeout: 0 cls: method_name: run args: {}
2019-11-20 04:33:04.647 1104 INFO rally.task.runner [-] Task e1476edc-279a-4183-9f1c-3536488b01c7 | ITER: 4 START
2019-11-20 04:33:05.458 1099 INFO rally.task.runner [-] Task e1476edc-279a-4183-9f1c-3536488b01c7 | ITER: 1 END: OK
2019-11-20 04:33:05.462 1099 INFO rally.task.runner [-] Task e1476edc-279a-4183-9f1c-3536488b01c7 | ITER: 5 START
2019-11-20 04:33:05.464 1104 INFO rally.task.runner [-] Task e1476edc-279a-4183-9f1c-3536488b01c7 | ITER: 4 END: OK
2019-11-20 04:33:05.468 1104 INFO rally.task.runner [-] Task e1476edc-279a-4183-9f1c-3536488b01c7 | ITER: 6 START
2019-11-20 04:33:05.470 1100 INFO rally.task.runner [-] Task e1476edc-279a-4183-9f1c-3536488b01c7 | ITER: 2 END: OK
2019-11-20 04:33:05.470 1101 INFO rally.task.runner [-] Task e1476edc-279a-4183-9f1c-3536488b01c7 | ITER: 3 END: OK
2019-11-20 04:33:05.474 1100 INFO rally.task.runner [-] Task e1476edc-279a-4183-9f1c-3536488b01c7 | ITER: 7 START
2019-11-20 04:33:05.475 1101 INFO rally.task.runner [-] Task e1476edc-279a-4183-9f1c-3536488b01c7 | ITER: 8 START
2019-11-20 04:33:06.141 1099 INFO rally.task.runner [-] Task e1476edc-279a-4183-9f1c-3536488b01c7 | ITER: 5 END: OK
2019-11-20 04:33:06.144 1099 INFO rally.task.runner [-] Task e1476edc-279a-4183-9f1c-3536488b01c7 | ITER: 9 START
2019-11-20 04:33:06.233 1104 INFO rally.task.runner [-] Task e1476edc-279a-4183-9f1c-3536488b01c7 | ITER: 6 END: OK
2019-11-20 04:33:06.235 1100 INFO rally.task.runner [-] Task e1476edc-279a-4183-9f1c-3536488b01c7 | ITER: 7 END: OK
2019-11-20 04:33:06.237 1104 INFO rally.task.runner [-] Task e1476edc-279a-4183-9f1c-3536488b01c7 | ITER: 10 START
2019-11-20 04:33:06.243 1101 INFO rally.task.runner [-] Task e1476edc-279a-4183-9f1c-3536488b01c7 | ITER: 8 END: OK
2019-11-20 04:33:06.833 1099 INFO rally.task.runner [-] Task e1476edc-279a-4183-9f1c-3536488b01c7 | ITER: 9 END: OK
2019-11-20 04:33:06.927 1104 INFO rally.task.runner [-] Task e1476edc-279a-4183-9f1c-3536488b01c7 | ITER: 10 END: OK
2019-11-20 04:33:06.956 727 INFO rally.task.context [-] Task e1476edc-279a-4183-9f1c-3536488b01c7 | Context users@openstack cleanup() started
2019-11-20 04:33:11.511 727 INFO rally.task.context [-] Task e1476edc-279a-4183-9f1c-3536488b01c7 | Context users@openstack cleanup() finished in 4.55 sec
2019-11-20 04:33:12.004 727 INFO rally.task.engine [-] Load duration is: 1.607967
2019-11-20 04:33:12.005 727 INFO rally.task.engine [-] Full runner duration is: 2.353522
2019-11-20 04:33:12.005 727 INFO rally.task.engine [-] Full duration is: 9.618031
2019-11-20 04:33:12.624 727 INFO rally.task.engine [-] Running workload: position = 0 config = { "version": 2, "title": "A cropped version of a bigger task.", "description": "Auto-generated task from a single workload (uuid=209395b3-eb92-4852-8868-8b65015513e0)", "subtasks": [ { "title": "GlanceImages.create_image_and_boot_instances", "description": "Create an image and boot several instances from it.", "scenario": { "GlanceImages.create_image_and_boot_instances": { "container_format": "bare", "disk_format": "qcow2", "image_location": "/home/opnfv/functest/images/cirros-0.4.0-x86_64-disk.img", "flavor": { "name": "rally_full-flavor_7c3785c0-1203-4471-b106-35e78a08fc6a" }, "number_instances": 2, "nics": [ { "net-id": "0fe1c3e1-d88f-4d85-b194-264580ed00cf" } ] } }, "contexts": { "users": { "tenants": 3, "users_per_tenant": 2 }, "quotas": { "nova": { "cores": -1, "floating_ips": -1, "instances": -1, "ram": -1, "security_group_rules": -1, "security_groups": -1 } } }, "runner": { "constant": { "concurrency": 4, "times": 10 } }, "hooks": [], "sla": { "failure_rate": { "max": 0 } } } ] }
2019-11-20 04:33:12.654 727 RALLYDEBUG rally_openstack.contexts.keystone.users [-] Creating 3 tenants using 20 threads
2019-11-20 04:33:13.656 727 RALLYDEBUG rally_openstack.contexts.keystone.users [-] Creating 6 users using 20 threads
2019-11-20 04:33:15.237 727 INFO rally.task.context [-] Task e1476edc-279a-4183-9f1c-3536488b01c7 | Context users@openstack setup() finished in 2.58 sec
2019-11-20 04:33:16.254 727 INFO rally.task.context [-] Task e1476edc-279a-4183-9f1c-3536488b01c7 | Context quotas@openstack setup() finished in 1.02 sec
2019-11-20 04:33:16.255 727 INFO rally.task.context [-] Task e1476edc-279a-4183-9f1c-3536488b01c7 | Context cleanup@openstack setup() finished in 0.02 msec
2019-11-20 04:33:16.658 727 RALLYDEBUG rally.task.runner [-] Starting the constant runner (task UUID: e1476edc-279a-4183-9f1c-3536488b01c7). times: 10 concurrency: 4 timeout: 0 max_cpu_used: 16 processes_to_start: 4 concurrency_per_worker: 1 concurrency_overhead: 0
2019-11-20 04:33:16.670 1203 RALLYDEBUG rally.task.runner [-] Starting a worker. times: 10 duration: None concurrency: 1 timeout: 0 cls: method_name: run args: {"container_format": "bare", "disk_format": "qcow2", "image_location": "/home/opnfv/functest/images/cirros-0.4.0-x86_64-disk.img", "flavor": "a07fb885-fbe6-45e6-b952-7a60dc9e803d", "number_instances": 2, "nics": [{"net-id": "0fe1c3e1-d88f-4d85-b194-264580ed00cf"}]}
2019-11-20 04:33:16.674 1204 RALLYDEBUG rally.task.runner [-] Starting a worker. times: 10 duration: None concurrency: 1 timeout: 0 cls: method_name: run args: {"container_format": "bare", "disk_format": "qcow2", "image_location": "/home/opnfv/functest/images/cirros-0.4.0-x86_64-disk.img", "flavor": "a07fb885-fbe6-45e6-b952-7a60dc9e803d", "number_instances": 2, "nics": [{"net-id": "0fe1c3e1-d88f-4d85-b194-264580ed00cf"}]}
2019-11-20 04:33:16.678 1205 RALLYDEBUG rally.task.runner [-] Starting a worker. times: 10 duration: None concurrency: 1 timeout: 0 cls: method_name: run args: {"container_format": "bare", "disk_format": "qcow2", "image_location": "/home/opnfv/functest/images/cirros-0.4.0-x86_64-disk.img", "flavor": "a07fb885-fbe6-45e6-b952-7a60dc9e803d", "number_instances": 2, "nics": [{"net-id": "0fe1c3e1-d88f-4d85-b194-264580ed00cf"}]}
2019-11-20 04:33:16.677 1203 INFO rally.task.runner [-] Task e1476edc-279a-4183-9f1c-3536488b01c7 | ITER: 1 START
2019-11-20 04:33:16.682 1204 INFO rally.task.runner [-] Task e1476edc-279a-4183-9f1c-3536488b01c7 | ITER: 2 START
2019-11-20 04:33:16.681 1207 RALLYDEBUG rally.task.runner [-] Starting a worker. times: 10 duration: None concurrency: 1 timeout: 0 cls: method_name: run args: {"container_format": "bare", "disk_format": "qcow2", "image_location": "/home/opnfv/functest/images/cirros-0.4.0-x86_64-disk.img", "flavor": "a07fb885-fbe6-45e6-b952-7a60dc9e803d", "number_instances": 2, "nics": [{"net-id": "0fe1c3e1-d88f-4d85-b194-264580ed00cf"}]}
2019-11-20 04:33:16.686 1205 INFO rally.task.runner [-] Task e1476edc-279a-4183-9f1c-3536488b01c7 | ITER: 3 START
2019-11-20 04:33:16.689 1207 INFO rally.task.runner [-] Task e1476edc-279a-4183-9f1c-3536488b01c7 | ITER: 4 START
2019-11-20 04:33:17.373 1203 WARNING rally_openstack.scenarios.glance.images [-] 'kwargs' is deprecated in Rally v0.8.0: Use 'boot_server_kwargs' for additional parameters when booting servers.
2019-11-20 04:33:17.383 1204 WARNING rally_openstack.scenarios.glance.images [-] 'kwargs' is deprecated in Rally v0.8.0: Use 'boot_server_kwargs' for additional parameters when booting servers.
2019-11-20 04:33:17.385 1205 WARNING rally_openstack.scenarios.glance.images [-] 'kwargs' is deprecated in Rally v0.8.0: Use 'boot_server_kwargs' for additional parameters when booting servers.
2019-11-20 04:33:17.388 1207 WARNING rally_openstack.scenarios.glance.images [-] 'kwargs' is deprecated in Rally v0.8.0: Use 'boot_server_kwargs' for additional parameters when booting servers.
2019-11-20 04:33:19.603 1203 RALLYDEBUG rally.task.utils [-] Waiting for resource '6a8cb173-5cd2-4aee-9f00-7635e4b6114c'. Status changed: NONE => QUEUED in 0.04065275192260742
2019-11-20 04:33:19.613 1205 RALLYDEBUG rally.task.utils [-] Waiting for resource 'd313d18b-bbdd-4e74-ad35-56aef4bd0756'. Status changed: NONE => QUEUED in 0.040753841400146484
2019-11-20 04:33:19.644 1207 RALLYDEBUG rally.task.utils [-] Waiting for resource '1eb03d30-d6ea-4fe3-a04b-7635a0ae5bc8'. Status changed: NONE => QUEUED in 0.03378152847290039
2019-11-20 04:33:19.647 1204 RALLYDEBUG rally.task.utils [-] Waiting for resource '0c452ca3-d917-4166-96fc-c7753d301ac9'. Status changed: NONE => QUEUED in 0.030557632446289062
2019-11-20 04:33:19.842 1203 RALLYDEBUG rally.task.utils [-] Waiting for resource s_rally_209395b3_2hDlungQ. Status changed: QUEUED => ACTIVE in 0.01691889762878418
2019-11-20 04:33:19.846 1204 RALLYDEBUG rally.task.utils [-] Waiting for resource s_rally_209395b3_o98nN3p5. Status changed: QUEUED => ACTIVE in 0.016604900360107422
2019-11-20 04:33:20.041 1205 RALLYDEBUG rally.task.utils [-] Waiting for resource s_rally_209395b3_RHxGAgkq. Status changed: QUEUED => ACTIVE in 0.01924610137939453
2019-11-20 04:33:20.049 1207 RALLYDEBUG rally.task.utils [-] Waiting for resource s_rally_209395b3_mjiGm81a. Status changed: QUEUED => ACTIVE in 0.017156362533569336
2019-11-20 04:33:29.451 1204 RALLYDEBUG rally.task.utils [-] Waiting for resource s_rally_209395b3_v9l9CxWK_1. Status changed: BUILD => ACTIVE in 6.7234885692596436
2019-11-20 04:33:30.269 1205 RALLYDEBUG rally.task.utils [-] Waiting for resource s_rally_209395b3_uOGeJhfL_1. Status changed: BUILD => ACTIVE in 6.9082746505737305
2019-11-20 04:33:30.530 1205 RALLYDEBUG rally.task.utils [-] Waiting for resource s_rally_209395b3_uOGeJhfL_0. Status changed: BUILD => ACTIVE in 0.26076173782348633
2019-11-20 04:33:30.531 1205 INFO rally.task.runner [-] Task e1476edc-279a-4183-9f1c-3536488b01c7 | ITER: 3 END: OK
2019-11-20 04:33:30.535 1205 INFO rally.task.runner [-] Task e1476edc-279a-4183-9f1c-3536488b01c7 | ITER: 5 START
2019-11-20 04:33:31.132 1205 WARNING rally_openstack.scenarios.glance.images [-] 'kwargs' is deprecated in Rally v0.8.0: Use 'boot_server_kwargs' for additional parameters when booting servers.
2019-11-20 04:33:31.855 1203 RALLYDEBUG rally.task.utils [-] Waiting for resource s_rally_209395b3_4lLOzSw0_1. Status changed: BUILD => ACTIVE in 9.077715635299683
2019-11-20 04:33:33.298 1205 RALLYDEBUG rally.task.utils [-] Waiting for resource 'a6b7cff1-c46b-4624-8aa0-e63fc6c63517'. Status changed: NONE => QUEUED in 0.030500411987304688
2019-11-20 04:33:33.529 1205 RALLYDEBUG rally.task.utils [-] Waiting for resource s_rally_209395b3_ncLnhcvA. Status changed: QUEUED => ACTIVE in 0.01678466796875
2019-11-20 04:33:34.039 1204 RALLYDEBUG rally.task.utils [-] Waiting for resource s_rally_209395b3_v9l9CxWK_0. Status changed: BUILD => ACTIVE in 4.587093114852905
2019-11-20 04:33:34.039 1204 INFO rally.task.runner [-] Task e1476edc-279a-4183-9f1c-3536488b01c7 | ITER: 2 END: OK
2019-11-20 04:33:34.042 1204 INFO rally.task.runner [-] Task e1476edc-279a-4183-9f1c-3536488b01c7 | ITER: 6 START
2019-11-20 04:33:34.182 1207 RALLYDEBUG rally.task.utils [-] Waiting for resource s_rally_209395b3_hVoYBayw_1. Status changed: BUILD => ACTIVE in 11.241138219833374
2019-11-20 04:33:34.264 1203 RALLYDEBUG rally.task.utils [-] Waiting for resource s_rally_209395b3_4lLOzSw0_0. Status changed: BUILD => ACTIVE in 2.4086954593658447
2019-11-20 04:33:34.265 1203 INFO rally.task.runner [-] Task e1476edc-279a-4183-9f1c-3536488b01c7 | ITER: 1 END: OK
2019-11-20 04:33:34.268 1203 INFO rally.task.runner [-] Task e1476edc-279a-4183-9f1c-3536488b01c7 | ITER: 7 START
2019-11-20 04:33:34.338 1207 RALLYDEBUG rally.task.utils [-] Waiting for resource s_rally_209395b3_hVoYBayw_0. Status changed: BUILD => ACTIVE in 0.15505242347717285
2019-11-20 04:33:34.338 1207 INFO rally.task.runner [-] Task e1476edc-279a-4183-9f1c-3536488b01c7 | ITER: 4 END: OK
2019-11-20 04:33:34.341 1207 INFO rally.task.runner [-] Task e1476edc-279a-4183-9f1c-3536488b01c7 | ITER: 8 START
2019-11-20 04:33:34.633 1204 WARNING rally_openstack.scenarios.glance.images [-] 'kwargs' is deprecated in Rally v0.8.0: Use 'boot_server_kwargs' for additional parameters when booting servers.
2019-11-20 04:33:34.960 1203 WARNING rally_openstack.scenarios.glance.images [-] 'kwargs' is deprecated in Rally v0.8.0: Use 'boot_server_kwargs' for additional parameters when booting servers.
2019-11-20 04:33:34.970 1207 WARNING rally_openstack.scenarios.glance.images [-] 'kwargs' is deprecated in Rally v0.8.0: Use 'boot_server_kwargs' for additional parameters when booting servers.
2019-11-20 04:33:36.800 1204 RALLYDEBUG rally.task.utils [-] Waiting for resource 'c674b1b0-270b-4f3d-abc4-71a4e154f6b2'. Status changed: NONE => QUEUED in 0.030736684799194336
2019-11-20 04:33:37.103 1204 RALLYDEBUG rally.task.utils [-] Waiting for resource s_rally_209395b3_ah1nekih. Status changed: QUEUED => ACTIVE in 0.023048877716064453
2019-11-20 04:33:37.138 1203 RALLYDEBUG rally.task.utils [-] Waiting for resource '92230a07-0b53-4838-8423-2ad5b3d06c17'. Status changed: NONE => QUEUED in 0.04176831245422363
2019-11-20 04:33:37.154 1207 RALLYDEBUG rally.task.utils [-] Waiting for resource 'e282ec08-0aa9-41e5-9f15-1c259002a9ab'. Status changed: NONE => QUEUED in 0.039640188217163086
2019-11-20 04:33:37.454 1203 RALLYDEBUG rally.task.utils [-] Waiting for resource s_rally_209395b3_I6g5QgUy. Status changed: QUEUED => ACTIVE in 0.020302295684814453
2019-11-20 04:33:37.490 1207 RALLYDEBUG rally.task.utils [-] Waiting for resource s_rally_209395b3_mKJQkoJc. Status changed: QUEUED => ACTIVE in 0.016903162002563477
2019-11-20 04:33:47.043 1205 RALLYDEBUG rally.task.utils [-] Waiting for resource s_rally_209395b3_1QzkTdw9_1. Status changed: BUILD => ACTIVE in 10.984883546829224
2019-11-20 04:33:49.417 1205 RALLYDEBUG rally.task.utils [-] Waiting for resource s_rally_209395b3_1QzkTdw9_0. Status changed: BUILD => ACTIVE in 2.3717122077941895
2019-11-20 04:33:49.418 1205 INFO rally.task.runner [-] Task e1476edc-279a-4183-9f1c-3536488b01c7 | ITER: 5 END: OK
2019-11-20 04:33:49.424 1205 INFO rally.task.runner [-] Task e1476edc-279a-4183-9f1c-3536488b01c7 | ITER: 9 START
2019-11-20 04:33:49.426 1204 RALLYDEBUG rally.task.utils [-] Waiting for resource s_rally_209395b3_5gTXY6fv_1. Status changed: BUILD => ACTIVE in 9.29038119316101
2019-11-20 04:33:49.593 1204 RALLYDEBUG rally.task.utils [-] Waiting for resource s_rally_209395b3_5gTXY6fv_0. Status changed: BUILD => ACTIVE in 0.16617989540100098
2019-11-20 04:33:49.594 1204 INFO rally.task.runner [-] Task e1476edc-279a-4183-9f1c-3536488b01c7 | ITER: 6 END: OK
2019-11-20 04:33:49.599 1204 INFO rally.task.runner [-] Task e1476edc-279a-4183-9f1c-3536488b01c7 | ITER: 10 START
2019-11-20 04:33:49.998 1207 RALLYDEBUG rally.task.utils [-] Waiting for resource s_rally_209395b3_V6TWDwxO_1. Status changed: BUILD => ACTIVE in 8.91312313079834
2019-11-20 04:33:50.062 1205 WARNING rally_openstack.scenarios.glance.images [-] 'kwargs' is deprecated in Rally v0.8.0: Use 'boot_server_kwargs' for additional parameters when booting servers.
2019-11-20 04:33:50.132 1207 RALLYDEBUG rally.task.utils [-] Waiting for resource s_rally_209395b3_V6TWDwxO_0. Status changed: BUILD => ACTIVE in 0.1337571144104004
2019-11-20 04:33:50.133 1207 INFO rally.task.runner [-] Task e1476edc-279a-4183-9f1c-3536488b01c7 | ITER: 8 END: OK
2019-11-20 04:33:50.208 1204 WARNING rally_openstack.scenarios.glance.images [-] 'kwargs' is deprecated in Rally v0.8.0: Use 'boot_server_kwargs' for additional parameters when booting servers.
2019-11-20 04:33:51.089 1203 RALLYDEBUG rally.task.utils [-] Waiting for resource s_rally_209395b3_wIr02RAW_1. Status changed: BUILD => ACTIVE in 11.102328538894653
2019-11-20 04:33:52.228 1205 RALLYDEBUG rally.task.utils [-] Waiting for resource 'a4ff7d33-6524-4634-a5d9-30fc55dd1e45'. Status changed: NONE => QUEUED in 0.03081989288330078
2019-11-20 04:33:52.382 1204 RALLYDEBUG rally.task.utils [-] Waiting for resource '667cfe6e-2199-4b89-aa43-c8107130f01c'. Status changed: NONE => QUEUED in 0.03073740005493164
2019-11-20 04:33:52.640 1205 RALLYDEBUG rally.task.utils [-] Waiting for resource s_rally_209395b3_N7r1b3ti. Status changed: QUEUED => ACTIVE in 0.018962621688842773
2019-11-20 04:33:52.753 1204 RALLYDEBUG rally.task.utils [-] Waiting for resource s_rally_209395b3_X1JPmmXp. Status changed: QUEUED => ACTIVE in 0.018883228302001953
2019-11-20 04:33:53.441 1203 RALLYDEBUG rally.task.utils [-] Waiting for resource s_rally_209395b3_wIr02RAW_0. Status changed: BUILD => ACTIVE in 2.351400852203369
2019-11-20 04:33:53.442 1203 INFO rally.task.runner [-] Task e1476edc-279a-4183-9f1c-3536488b01c7 | ITER: 7 END: OK
2019-11-20 04:34:13.331 1205 RALLYDEBUG rally.task.utils [-] Waiting for resource s_rally_209395b3_7HIlVc5o_1. Status changed: BUILD => ACTIVE in 17.95818281173706
2019-11-20 04:34:13.419 1204 RALLYDEBUG rally.task.utils [-] Waiting for resource s_rally_209395b3_uXnF0H8Q_1. Status changed: BUILD => ACTIVE in 17.722742795944214
2019-11-20 04:34:13.518 1205 RALLYDEBUG rally.task.utils [-] Waiting for resource s_rally_209395b3_7HIlVc5o_0. Status changed: BUILD => ACTIVE in 0.1863555908203125
2019-11-20 04:34:13.519 1205 INFO rally.task.runner [-] Task e1476edc-279a-4183-9f1c-3536488b01c7 | ITER: 9 END: OK
2019-11-20 04:34:13.617 1204 RALLYDEBUG rally.task.utils [-] Waiting for resource s_rally_209395b3_uXnF0H8Q_0. Status changed: BUILD => ACTIVE in 0.19791388511657715
2019-11-20 04:34:13.618 1204 INFO rally.task.runner [-] Task e1476edc-279a-4183-9f1c-3536488b01c7 | ITER: 10 END: OK
2019-11-20 04:34:13.641 727 INFO rally.task.context [-] Task e1476edc-279a-4183-9f1c-3536488b01c7 | Context cleanup@openstack cleanup() started
2019-11-20 04:34:13.645 727 RALLYDEBUG rally_openstack.cleanup.manager [-] Cleaning up nova servers objects
2019-11-20 04:34:15.942 727 RALLYDEBUG rally_openstack.cleanup.manager [-] Deleting nova.servers object s_rally_209395b3_7HIlVc5o_1 (472b4824-6ff2-4456-a818-0a723d3206c3)
2019-11-20 04:34:15.946 727 RALLYDEBUG rally_openstack.cleanup.manager [-] Deleting nova.servers object s_rally_209395b3_7HIlVc5o_0 (e034df3f-aec1-4d3b-88b4-c30a5bf4b34c)
2019-11-20 04:34:15.955 727 RALLYDEBUG rally_openstack.cleanup.manager [-] Deleting nova.servers object s_rally_209395b3_V6TWDwxO_1 (cd3c2c74-4448-4272-b96f-db24078b4958)
2019-11-20 04:34:15.969 727 RALLYDEBUG rally_openstack.cleanup.manager [-] Deleting nova.servers object s_rally_209395b3_V6TWDwxO_0 (798ca69c-6b17-4f9c-b33f-13cfca578234)
2019-11-20 04:34:15.974 727 RALLYDEBUG rally_openstack.cleanup.manager [-] Deleting nova.servers object s_rally_209395b3_1QzkTdw9_1 (0908ea5e-fbaa-40b6-9df5-c6cefb1a7d51)
2019-11-20 04:34:15.978 727 RALLYDEBUG rally_openstack.cleanup.manager [-] Deleting nova.servers object s_rally_209395b3_1QzkTdw9_0 (b8e494d9-469e-4ad2-a2ee-6503ad4861d7)
2019-11-20 04:34:15.998 727 RALLYDEBUG rally_openstack.cleanup.manager [-] Deleting nova.servers object s_rally_209395b3_uOGeJhfL_1 (4b9237b1-d393-48de-86a8-e0f0eba8d6b8)
2019-11-20 04:34:16.009 727 RALLYDEBUG rally_openstack.cleanup.manager [-] Deleting nova.servers object s_rally_209395b3_4lLOzSw0_1 (34d3ee36-1360-4723-92e6-54d068bde1d1)
2019-11-20 04:34:16.026 727 RALLYDEBUG rally_openstack.cleanup.manager [-] Deleting nova.servers object s_rally_209395b3_hVoYBayw_1 (5995d670-8e90-4387-bb83-61358ae6bd9b)
2019-11-20 04:34:16.036 727 RALLYDEBUG rally_openstack.cleanup.manager [-] Deleting nova.servers object s_rally_209395b3_uOGeJhfL_0 (8943472b-c38d-4911-85ed-c8cbbf1c698a)
2019-11-20 04:34:16.045 727 RALLYDEBUG rally_openstack.cleanup.manager [-] Deleting nova.servers object s_rally_209395b3_hVoYBayw_0 (8acd9cab-3756-442c-a7c3-42eb61ceeb5b)
2019-11-20 04:34:16.077 727 RALLYDEBUG rally_openstack.cleanup.manager [-] Deleting nova.servers object s_rally_209395b3_4lLOzSw0_0 (ab6f7984-63d4-4cd5-b613-fff61e42df6b)
2019-11-20 04:34:16.089 727 RALLYDEBUG rally_openstack.cleanup.manager [-] Deleting nova.servers object s_rally_209395b3_5gTXY6fv_1 (c3ee7350-ba2c-4501-9378-06b1dfe2fcdb)
2019-11-20 04:34:16.095 727 RALLYDEBUG rally_openstack.cleanup.manager [-] Deleting nova.servers object s_rally_209395b3_5gTXY6fv_0 (5f3d2e18-9597-48af-8480-5b562837e6bd)
2019-11-20 04:34:16.112 727 RALLYDEBUG rally_openstack.cleanup.manager [-] Deleting nova.servers object s_rally_209395b3_v9l9CxWK_1 (b2e854d3-cb40-4c6d-a67a-922518f6d3d1)
2019-11-20 04:34:16.117 727 RALLYDEBUG rally_openstack.cleanup.manager [-] Deleting nova.servers object s_rally_209395b3_v9l9CxWK_0 (32b74bc2-b415-4f77-ad2e-a98857a0ab8c)
2019-11-20 04:34:16.125 727 RALLYDEBUG rally_openstack.cleanup.manager [-] Deleting nova.servers object s_rally_209395b3_uXnF0H8Q_1 (960cfba9-a8d0-4912-9dc6-d61ceea2eccc)
2019-11-20 04:34:16.142 727 RALLYDEBUG rally_openstack.cleanup.manager [-] Deleting nova.servers object s_rally_209395b3_uXnF0H8Q_0 (7eb694a5-61be-412a-88cb-04f2d7a71339)
2019-11-20 04:34:16.145 727 RALLYDEBUG rally_openstack.cleanup.manager [-] Deleting nova.servers object s_rally_209395b3_wIr02RAW_1 (4bd9ad49-d572-41cc-b6be-2acdcdba9a7f)
2019-11-20 04:34:16.154 727 RALLYDEBUG rally_openstack.cleanup.manager [-] Deleting nova.servers object s_rally_209395b3_wIr02RAW_0 (81a4da75-153f-4daf-ba5d-448ea7d702ff)
2019-11-20 04:34:25.103 727 RALLYDEBUG rally_openstack.cleanup.manager [-] Cleaning up nova server_groups objects
2019-11-20 04:34:26.207 727 RALLYDEBUG rally_openstack.cleanup.manager [-] Cleaning up nova keypairs objects
2019-11-20 04:34:28.760 727 RALLYDEBUG rally_openstack.cleanup.manager [-] Cleaning up glance images objects
2019-11-20 04:34:30.089 727 RALLYDEBUG rally_openstack.cleanup.manager [-] Deleting glance.images object s_rally_209395b3_N7r1b3ti (a4ff7d33-6524-4634-a5d9-30fc55dd1e45)
2019-11-20 04:34:30.099 727 RALLYDEBUG rally_openstack.cleanup.manager [-] Deleting glance.images object s_rally_209395b3_mKJQkoJc (e282ec08-0aa9-41e5-9f15-1c259002a9ab)
2019-11-20 04:34:30.108 727 RALLYDEBUG rally_openstack.cleanup.manager [-] Deleting glance.images object s_rally_209395b3_ncLnhcvA (a6b7cff1-c46b-4624-8aa0-e63fc6c63517)
2019-11-20 04:34:30.112 727 RALLYDEBUG rally_openstack.cleanup.manager [-] Deleting glance.images object s_rally_209395b3_RHxGAgkq (d313d18b-bbdd-4e74-ad35-56aef4bd0756)
2019-11-20 04:34:30.121 727 RALLYDEBUG rally_openstack.cleanup.manager [-] Deleting glance.images object s_rally_209395b3_2hDlungQ (6a8cb173-5cd2-4aee-9f00-7635e4b6114c)
2019-11-20 04:34:30.131 727 RALLYDEBUG rally_openstack.cleanup.manager [-] Deleting glance.images object s_rally_209395b3_mjiGm81a (1eb03d30-d6ea-4fe3-a04b-7635a0ae5bc8)
2019-11-20 04:34:30.173 727 RALLYDEBUG rally_openstack.cleanup.manager [-] Deleting glance.images object s_rally_209395b3_ah1nekih (c674b1b0-270b-4f3d-abc4-71a4e154f6b2)
2019-11-20 04:34:30.186 727 RALLYDEBUG rally_openstack.cleanup.manager [-] Deleting glance.images object s_rally_209395b3_o98nN3p5 (0c452ca3-d917-4166-96fc-c7753d301ac9)
2019-11-20 04:34:30.192 727 RALLYDEBUG rally_openstack.cleanup.manager [-] Deleting glance.images object s_rally_209395b3_X1JPmmXp (667cfe6e-2199-4b89-aa43-c8107130f01c)
2019-11-20 04:34:30.203 727 RALLYDEBUG rally_openstack.cleanup.manager [-] Deleting glance.images object s_rally_209395b3_I6g5QgUy (92230a07-0b53-4838-8423-2ad5b3d06c17)
2019-11-20 04:34:30.603 727 DEBUG glanceclient.common.http [-] Request returned failure status 404. _handle_response /usr/lib/python3.6/site-packages/glanceclient/common/http.py:125
2019-11-20 04:34:30.624 727 DEBUG glanceclient.common.http [-] Request returned failure status 404. _handle_response /usr/lib/python3.6/site-packages/glanceclient/common/http.py:125
2019-11-20 04:34:30.692 727 DEBUG glanceclient.common.http [-] Request returned failure status 404. _handle_response /usr/lib/python3.6/site-packages/glanceclient/common/http.py:125
2019-11-20 04:34:30.693 727 DEBUG glanceclient.common.http [-] Request returned failure status 404. _handle_response /usr/lib/python3.6/site-packages/glanceclient/common/http.py:125
2019-11-20 04:34:30.700 727 DEBUG glanceclient.common.http [-] Request returned failure status 404. _handle_response /usr/lib/python3.6/site-packages/glanceclient/common/http.py:125
2019-11-20 04:34:30.709 727 DEBUG glanceclient.common.http [-] Request returned failure status 404. _handle_response /usr/lib/python3.6/site-packages/glanceclient/common/http.py:125
2019-11-20 04:34:30.740 727 DEBUG glanceclient.common.http [-] Request returned failure status 404. _handle_response /usr/lib/python3.6/site-packages/glanceclient/common/http.py:125
2019-11-20 04:34:30.742 727 DEBUG glanceclient.common.http [-] Request returned failure status 404. _handle_response /usr/lib/python3.6/site-packages/glanceclient/common/http.py:125
2019-11-20 04:34:30.743 727 DEBUG glanceclient.common.http [-] Request returned failure status 404. _handle_response /usr/lib/python3.6/site-packages/glanceclient/common/http.py:125
2019-11-20 04:34:30.748 727 DEBUG glanceclient.common.http [-] Request returned failure status 404. _handle_response /usr/lib/python3.6/site-packages/glanceclient/common/http.py:125
2019-11-20 04:34:30.750 727 DEBUG glanceclient.common.http [-] Request returned failure status 404. _handle_response /usr/lib/python3.6/site-packages/glanceclient/common/http.py:125
2019-11-20 04:34:30.752 727 DEBUG glanceclient.common.http [-] Request returned failure status 404. _handle_response /usr/lib/python3.6/site-packages/glanceclient/common/http.py:125
2019-11-20 04:34:30.754 727 DEBUG glanceclient.common.http [-] Request returned failure status 404. _handle_response /usr/lib/python3.6/site-packages/glanceclient/common/http.py:125
2019-11-20 04:34:30.760 727 DEBUG glanceclient.common.http [-] Request returned failure status 404. _handle_response /usr/lib/python3.6/site-packages/glanceclient/common/http.py:125
2019-11-20 04:34:30.769 727 DEBUG glanceclient.common.http [-] Request returned failure status 404. _handle_response /usr/lib/python3.6/site-packages/glanceclient/common/http.py:125
2019-11-20 04:34:30.777 727 DEBUG glanceclient.common.http [-] Request returned failure status 404. _handle_response /usr/lib/python3.6/site-packages/glanceclient/common/http.py:125
2019-11-20 04:34:30.779 727 DEBUG glanceclient.common.http [-] Request returned failure status 404. _handle_response /usr/lib/python3.6/site-packages/glanceclient/common/http.py:125
2019-11-20 04:34:30.780 727 DEBUG glanceclient.common.http [-] Request returned failure status 404. _handle_response /usr/lib/python3.6/site-packages/glanceclient/common/http.py:125
2019-11-20 04:34:30.913 727 DEBUG glanceclient.common.http [-] Request returned failure status 404. _handle_response /usr/lib/python3.6/site-packages/glanceclient/common/http.py:125
2019-11-20 04:34:30.931 727 DEBUG glanceclient.common.http [-] Request returned failure status 404. _handle_response /usr/lib/python3.6/site-packages/glanceclient/common/http.py:125
2019-11-20 04:34:31.935 727 INFO rally.task.context [-] Task e1476edc-279a-4183-9f1c-3536488b01c7 | Context cleanup@openstack cleanup() finished in 18.29 sec
2019-11-20 04:34:31.936 727 INFO rally.task.context [-] Task e1476edc-279a-4183-9f1c-3536488b01c7 | Context quotas@openstack cleanup() started
2019-11-20 04:34:32.002 727 INFO rally.task.context [-] Task e1476edc-279a-4183-9f1c-3536488b01c7 | Context quotas@openstack cleanup() finished in 66.51 msec
2019-11-20 04:34:32.003 727 INFO rally.task.context [-] Task e1476edc-279a-4183-9f1c-3536488b01c7 | Context users@openstack cleanup() started
2019-11-20 04:34:35.925 727 INFO rally.task.context [-] Task e1476edc-279a-4183-9f1c-3536488b01c7 | Context users@openstack cleanup() finished in 3.92 sec
2019-11-20 04:34:37.034 727 INFO rally.task.engine [-] Load duration is: 55.244634
2019-11-20 04:34:37.035 727 INFO rally.task.engine [-] Full runner duration is: 56.98334
2019-11-20 04:34:37.035 727 INFO rally.task.engine [-] Full duration is: 83.273556
2019-11-20 04:34:37.606 727 INFO rally.task.engine [-] Running workload: position = 0 config = { "version": 2, "title": "A cropped version of a bigger task.", "description": "Auto-generated task from a single workload (uuid=66ca2c86-cf28-49ed-a513-4564280d2ba7)", "subtasks": [ { "title": "GlanceImages.create_and_deactivate_image", "description": "Create an image, then deactivate it.", "scenario": { "GlanceImages.create_and_deactivate_image": { "container_format": "bare", "disk_format": "qcow2", "image_location": "/home/opnfv/functest/images/cirros-0.4.0-x86_64-disk.img" } }, "contexts": { "users": { "tenants": 3, "users_per_tenant": 2 } }, "runner": { "constant": { "concurrency": 4, "times": 10 } }, "hooks": [], "sla": { "failure_rate": { "max": 0 } } } ] }
2019-11-20 04:34:37.633 727 RALLYDEBUG rally_openstack.contexts.keystone.users [-] Creating 3 tenants using 20 threads
2019-11-20 04:34:38.631 727 RALLYDEBUG rally_openstack.contexts.keystone.users [-] Creating 6 users using 20 threads
2019-11-20 04:34:40.138 727 INFO rally.task.context [-] Task e1476edc-279a-4183-9f1c-3536488b01c7 | Context users@openstack setup() finished in 2.51 sec
2019-11-20 04:34:40.139 727 INFO rally.task.context [-] Task e1476edc-279a-4183-9f1c-3536488b01c7 | Context cleanup@openstack setup() finished in 0.02 msec
2019-11-20 04:34:40.148 727 RALLYDEBUG rally.task.runner [-] Starting the constant runner (task UUID: e1476edc-279a-4183-9f1c-3536488b01c7). times: 10 concurrency: 4 timeout: 0 max_cpu_used: 16 processes_to_start: 4 concurrency_per_worker: 1 concurrency_overhead: 0
2019-11-20 04:34:40.160 1387 RALLYDEBUG rally.task.runner [-] Starting a worker. times: 10 duration: None concurrency: 1 timeout: 0 cls: method_name: run args: {"container_format": "bare", "disk_format": "qcow2", "image_location": "/home/opnfv/functest/images/cirros-0.4.0-x86_64-disk.img"}
2019-11-20 04:34:40.163 1388 RALLYDEBUG rally.task.runner [-] Starting a worker. times: 10 duration: None concurrency: 1 timeout: 0 cls: method_name: run args: {"container_format": "bare", "disk_format": "qcow2", "image_location": "/home/opnfv/functest/images/cirros-0.4.0-x86_64-disk.img"}
2019-11-20 04:34:40.167 1387 INFO rally.task.runner [-] Task e1476edc-279a-4183-9f1c-3536488b01c7 | ITER: 1 START
2019-11-20 04:34:40.167 1389 RALLYDEBUG rally.task.runner [-] Starting a worker. times: 10 duration: None concurrency: 1 timeout: 0 cls: method_name: run args: {"container_format": "bare", "disk_format": "qcow2", "image_location": "/home/opnfv/functest/images/cirros-0.4.0-x86_64-disk.img"}
2019-11-20 04:34:40.169 1388 INFO rally.task.runner [-] Task e1476edc-279a-4183-9f1c-3536488b01c7 | ITER: 2 START
2019-11-20 04:34:40.171 1391 RALLYDEBUG rally.task.runner [-] Starting a worker. times: 10 duration: None concurrency: 1 timeout: 0 cls: method_name: run args: {"container_format": "bare", "disk_format": "qcow2", "image_location": "/home/opnfv/functest/images/cirros-0.4.0-x86_64-disk.img"}
2019-11-20 04:34:40.174 1389 INFO rally.task.runner [-] Task e1476edc-279a-4183-9f1c-3536488b01c7 | ITER: 3 START
2019-11-20 04:34:40.178 1391 INFO rally.task.runner [-] Task e1476edc-279a-4183-9f1c-3536488b01c7 | ITER: 4 START
2019-11-20 04:34:43.117 1387 RALLYDEBUG rally.task.utils [-] Waiting for resource '5a2ede90-d453-4e93-97ef-b0383cd9c94b'. Status changed: NONE => QUEUED in 0.04081106185913086
2019-11-20 04:34:43.122 1388 RALLYDEBUG rally.task.utils [-] Waiting for resource '7b27c218-d95f-4e8b-8747-56a1aa99b018'. Status changed: NONE => QUEUED in 0.04063129425048828
2019-11-20 04:34:43.125 1391 RALLYDEBUG rally.task.utils [-] Waiting for resource '6d038c7b-b4a6-4ce1-979f-0bf7179de76c'. Status changed: NONE => QUEUED in 0.03875470161437988
2019-11-20 04:34:43.146 1389 RALLYDEBUG rally.task.utils [-] Waiting for resource '005dce05-ac3f-4695-af80-9e06cf3fe9c7'. Status changed: NONE => QUEUED in 0.03819155693054199
2019-11-20 04:34:43.338 1388 RALLYDEBUG rally.task.utils [-] Waiting for resource s_rally_66ca2c86_U64CzYcn. Status changed: QUEUED => ACTIVE in 0.01788949966430664
2019-11-20 04:34:43.367 1389 RALLYDEBUG rally.task.utils [-] Waiting for resource s_rally_66ca2c86_P6v9gQdJ. Status changed: QUEUED => ACTIVE in 0.018249034881591797
2019-11-20 04:34:43.396 1387 RALLYDEBUG rally.task.utils [-] Waiting for resource s_rally_66ca2c86_CDFkxlFZ. Status changed: QUEUED => ACTIVE in 0.0178985595703125
2019-11-20 04:34:43.401 1391 RALLYDEBUG rally.task.utils [-] Waiting for resource s_rally_66ca2c86_C0PVdiyA. Status changed: QUEUED => ACTIVE in 0.01562952995300293
2019-11-20 04:34:43.423 1388 INFO rally.task.runner [-] Task e1476edc-279a-4183-9f1c-3536488b01c7 | ITER: 2 END: OK
2019-11-20 04:34:43.426 1389 INFO rally.task.runner [-] Task e1476edc-279a-4183-9f1c-3536488b01c7 | ITER: 3 END: OK
2019-11-20 04:34:43.426 1388 INFO rally.task.runner [-] Task e1476edc-279a-4183-9f1c-3536488b01c7 | ITER: 5 START
2019-11-20 04:34:43.430 1389 INFO rally.task.runner [-] Task e1476edc-279a-4183-9f1c-3536488b01c7 | ITER: 6 START
2019-11-20 04:34:43.446 1391 INFO rally.task.runner [-] Task e1476edc-279a-4183-9f1c-3536488b01c7 | ITER: 4 END: OK
2019-11-20 04:34:43.451 1391 INFO rally.task.runner [-] Task e1476edc-279a-4183-9f1c-3536488b01c7 | ITER: 7 START
2019-11-20 04:34:43.451 1387 INFO rally.task.runner [-] Task e1476edc-279a-4183-9f1c-3536488b01c7 | ITER: 1 END: OK
2019-11-20 04:34:43.455 1387 INFO rally.task.runner [-] Task e1476edc-279a-4183-9f1c-3536488b01c7 | ITER: 8 START
2019-11-20 04:34:46.272 1388 RALLYDEBUG rally.task.utils [-] Waiting for resource '554bd9d3-2e2e-4d3c-a5ff-e175a674d9fa'. Status changed: NONE => QUEUED in 0.03717207908630371
2019-11-20 04:34:46.276 1389 RALLYDEBUG rally.task.utils [-] Waiting for resource '03b6f8a1-63e0-4427-bcd4-f5ef1361ea2d'. Status changed: NONE => QUEUED in 0.0343317985534668
2019-11-20 04:34:46.276 1391 RALLYDEBUG rally.task.utils [-] Waiting for resource '67644f2d-593e-43ec-b794-c41270639115'. Status changed: NONE => QUEUED in 0.03817629814147949
2019-11-20 04:34:46.278 1387 RALLYDEBUG rally.task.utils [-] Waiting for resource 'e34827b2-e0e7-42f1-9ba6-6bfe4f014bee'. Status changed: NONE => QUEUED in 0.036264657974243164
2019-11-20 04:34:46.492 1387 RALLYDEBUG rally.task.utils [-] Waiting for resource s_rally_66ca2c86_sWkF4sni. Status changed: QUEUED => ACTIVE in 0.021674633026123047
2019-11-20 04:34:46.497 1391 RALLYDEBUG rally.task.utils [-] Waiting for resource s_rally_66ca2c86_gsHK8jxU. Status changed: QUEUED => ACTIVE in 0.018007516860961914
2019-11-20 04:34:46.501 1389 RALLYDEBUG rally.task.utils [-] Waiting for resource s_rally_66ca2c86_5c9aeRWb. Status changed: QUEUED => ACTIVE in 0.016381502151489258
