2019-11-20 05:06:12.617 11213 INFO rally.task.runner [-] Task b98bcef4-6761-45c9-94f7-edddd15a89e2 | ITER: 10 START
2019-11-20 05:06:12.626 11214 INFO rally.task.runner [-] Task b98bcef4-6761-45c9-94f7-edddd15a89e2 | ITER: 6 END: OK
2019-11-20 05:06:13.742 11212 INFO rally.task.runner [-] Task b98bcef4-6761-45c9-94f7-edddd15a89e2 | ITER: 8 END: OK
2019-11-20 05:06:15.054 11211 RALLYDEBUG rally.task.utils [-] Waiting for resource . Status changed: CREATE_IN_PROGRESS => CREATE_COMPLETE in 0.07078719139099121
2019-11-20 05:06:15.217 11211 RALLYDEBUG rally.task.utils [-] Waiting for resource . Status changed: CREATE_COMPLETE => CHECK_IN_PROGRESS in 0.0673515796661377
2019-11-20 05:06:16.194 11213 RALLYDEBUG rally.task.utils [-] Waiting for resource . Status changed: CREATE_IN_PROGRESS => CREATE_COMPLETE in 0.07013869285583496
2019-11-20 05:06:16.282 11211 RALLYDEBUG rally.task.utils [-] Waiting for resource . Status changed: CHECK_IN_PROGRESS => CHECK_COMPLETE in 1.0645666122436523
2019-11-20 05:06:16.358 11213 RALLYDEBUG rally.task.utils [-] Waiting for resource . Status changed: CREATE_COMPLETE => CHECK_COMPLETE in 0.06322932243347168
2019-11-20 05:06:16.401 11211 RALLYDEBUG rally.task.utils [-] Waiting for resource . Status changed: CREATE_COMPLETE => DELETE_IN_PROGRESS in 0.05462217330932617
2019-11-20 05:06:16.459 11213 RALLYDEBUG rally.task.utils [-] Waiting for resource . Status changed: CREATE_COMPLETE => DELETE_IN_PROGRESS in 0.05257081985473633
2019-11-20 05:06:18.521 11211 INFO rally.task.runner [-] Task b98bcef4-6761-45c9-94f7-edddd15a89e2 | ITER: 9 END: OK
2019-11-20 05:06:18.576 11213 INFO rally.task.runner [-] Task b98bcef4-6761-45c9-94f7-edddd15a89e2 | ITER: 10 END: OK
2019-11-20 05:06:18.602 8497 INFO rally.task.context [-] Task b98bcef4-6761-45c9-94f7-edddd15a89e2 | Context cleanup@openstack cleanup() started
2019-11-20 05:06:18.605 8497 RALLYDEBUG rally_openstack.cleanup.manager [-] Cleaning up heat stacks objects
2019-11-20 05:06:20.103 8497 INFO rally.task.context [-] Task b98bcef4-6761-45c9-94f7-edddd15a89e2 | Context cleanup@openstack cleanup() finished in 1.50 sec
2019-11-20 05:06:20.103 8497 INFO rally.task.context [-] Task b98bcef4-6761-45c9-94f7-edddd15a89e2 | Context roles@openstack cleanup() started
2019-11-20 05:06:20.104 8497 RALLYDEBUG rally_openstack.contexts.keystone.roles [-] Removing assigned role 8125a30a894441a98f58eac43db46610 from all users
2019-11-20 05:06:21.178 8497 INFO rally.task.context [-] Task b98bcef4-6761-45c9-94f7-edddd15a89e2 | Context roles@openstack cleanup() finished in 1.07 sec
2019-11-20 05:06:21.178 8497 INFO rally.task.context [-] Task b98bcef4-6761-45c9-94f7-edddd15a89e2 | Context users@openstack cleanup() started
2019-11-20 05:06:25.764 8497 INFO rally.task.context [-] Task b98bcef4-6761-45c9-94f7-edddd15a89e2 | Context users@openstack cleanup() finished in 4.59 sec
2019-11-20 05:06:27.774 8497 INFO rally.task.engine [-] Load duration is: 14.513688
2019-11-20 05:06:27.775 8497 INFO rally.task.engine [-] Full runner duration is: 16.559327
2019-11-20 05:06:27.775 8497 INFO rally.task.engine [-] Full duration is: 32.208863
2019-11-20 05:06:28.092 8497 INFO rally.task.engine [-] Running workload: position = 0 config = { "version": 2, "title": "A cropped version of a bigger task.", "description": "Auto-generated task from a single workload (uuid=34ab9025-a553-4d2b-b3ce-bca5771bc22b)", "subtasks": [ { "title": "HeatStacks.create_suspend_resume_delete_stack", "description": "Create, suspend-resume and then delete a stack.", "scenario": { "HeatStacks.create_suspend_resume_delete_stack": { "template_path": "/usr/lib/python3.6/site-packages/functest/opnfv_tests/openstack/rally/scenario/templates/random_strings.yaml.template" } }, "contexts": { "users": { "tenants": 3, "users_per_tenant": 2 }, "roles": [ "heat_stack_owner" ] }, "runner": { "constant": { "concurrency": 4, "times": 10 } }, "hooks": [], "sla": { "failure_rate": { "max": 0 } } } ] }
2019-11-20 05:06:28.117 8497 RALLYDEBUG rally_openstack.contexts.keystone.users [-] Creating 3 tenants using 20 threads
2019-11-20 05:06:29.179 8497 RALLYDEBUG rally_openstack.contexts.keystone.users [-] Creating 6 users using 20 threads
2019-11-20 05:06:30.692 8497 INFO rally.task.context [-] Task b98bcef4-6761-45c9-94f7-edddd15a89e2 | Context users@openstack setup() finished in 2.58 sec
2019-11-20 05:06:31.390 8497 RALLYDEBUG rally_openstack.contexts.keystone.roles [-] Adding role heat_stack_owner having ID 8125a30a894441a98f58eac43db46610 to all users using 30 threads
2019-11-20 05:06:36.546 8497 INFO rally.task.context [-] Task b98bcef4-6761-45c9-94f7-edddd15a89e2 | Context roles@openstack setup() finished in 5.85 sec
2019-11-20 05:06:36.547 8497 INFO rally.task.context [-] Task b98bcef4-6761-45c9-94f7-edddd15a89e2 | Context cleanup@openstack setup() finished in 0.01 msec
2019-11-20 05:06:36.556 8497 RALLYDEBUG rally.task.runner [-] Starting the constant runner (task UUID: b98bcef4-6761-45c9-94f7-edddd15a89e2). times: 10 concurrency: 4 timeout: 0 max_cpu_used: 16 processes_to_start: 4 concurrency_per_worker: 1 concurrency_overhead: 0
2019-11-20 05:06:36.568 11395 RALLYDEBUG rally.task.runner [-] Starting a worker. times: 10 duration: None concurrency: 1 timeout: 0 cls: method_name: run args: {"template_path": "heat_template_version: 2014-10-16\n\ndescription: Test template for rally create-update-delete scenario\n\nresources:\n test_string_one:\n type: OS::Heat::RandomString\n properties:\n length: 20\n test_string_two:\n type: OS::Heat::RandomString\n properties:\n length: 20"}
2019-11-20 05:06:36.571 11396 RALLYDEBUG rally.task.runner [-] Starting a worker. times: 10 duration: None concurrency: 1 timeout: 0 cls: method_name: run args: {"template_path": "heat_template_version: 2014-10-16\n\ndescription: Test template for rally create-update-delete scenario\n\nresources:\n test_string_one:\n type: OS::Heat::RandomString\n properties:\n length: 20\n test_string_two:\n type: OS::Heat::RandomString\n properties:\n length: 20"}
2019-11-20 05:06:36.575 11395 INFO rally.task.runner [-] Task b98bcef4-6761-45c9-94f7-edddd15a89e2 | ITER: 1 START
2019-11-20 05:06:36.575 11397 RALLYDEBUG rally.task.runner [-] Starting a worker. times: 10 duration: None concurrency: 1 timeout: 0 cls: method_name: run args: {"template_path": "heat_template_version: 2014-10-16\n\ndescription: Test template for rally create-update-delete scenario\n\nresources:\n test_string_one:\n type: OS::Heat::RandomString\n properties:\n length: 20\n test_string_two:\n type: OS::Heat::RandomString\n properties:\n length: 20"}
2019-11-20 05:06:36.578 11396 INFO rally.task.runner [-] Task b98bcef4-6761-45c9-94f7-edddd15a89e2 | ITER: 2 START
2019-11-20 05:06:36.578 11399 RALLYDEBUG rally.task.runner [-] Starting a worker. times: 10 duration: None concurrency: 1 timeout: 0 cls: method_name: run args: {"template_path": "heat_template_version: 2014-10-16\n\ndescription: Test template for rally create-update-delete scenario\n\nresources:\n test_string_one:\n type: OS::Heat::RandomString\n properties:\n length: 20\n test_string_two:\n type: OS::Heat::RandomString\n properties:\n length: 20"}
2019-11-20 05:06:36.582 11397 INFO rally.task.runner [-] Task b98bcef4-6761-45c9-94f7-edddd15a89e2 | ITER: 3 START
2019-11-20 05:06:36.585 11399 INFO rally.task.runner [-] Task b98bcef4-6761-45c9-94f7-edddd15a89e2 | ITER: 4 START
2019-11-20 05:06:39.972 11397 RALLYDEBUG rally.task.utils [-] Waiting for resource . Status changed: CREATE_IN_PROGRESS => CREATE_COMPLETE in 0.07352638244628906
2019-11-20 05:06:39.980 11396 RALLYDEBUG rally.task.utils [-] Waiting for resource . Status changed: CREATE_IN_PROGRESS => CREATE_COMPLETE in 0.06956911087036133
2019-11-20 05:06:40.074 11395 RALLYDEBUG rally.task.utils [-] Waiting for resource . Status changed: CREATE_IN_PROGRESS => CREATE_COMPLETE in 0.06879401206970215
2019-11-20 05:06:40.090 11399 RALLYDEBUG rally.task.utils [-] Waiting for resource . Status changed: CREATE_IN_PROGRESS => CREATE_COMPLETE in 0.05877542495727539
2019-11-20 05:06:40.122 11397 RALLYDEBUG rally.task.utils [-] Waiting for resource . Status changed: CREATE_COMPLETE => SUSPEND_IN_PROGRESS in 0.059403419494628906
2019-11-20 05:06:40.143 11396 RALLYDEBUG rally.task.utils [-] Waiting for resource . Status changed: CREATE_COMPLETE => SUSPEND_IN_PROGRESS in 0.06923961639404297
2019-11-20 05:06:40.225 11395 RALLYDEBUG rally.task.utils [-] Waiting for resource . Status changed: CREATE_COMPLETE => SUSPEND_IN_PROGRESS in 0.0546262264251709
2019-11-20 05:06:40.231 11399 RALLYDEBUG rally.task.utils [-] Waiting for resource . Status changed: CREATE_COMPLETE => SUSPEND_IN_PROGRESS in 0.0559391975402832
2019-11-20 05:06:41.199 11397 RALLYDEBUG rally.task.utils [-] Waiting for resource . Status changed: SUSPEND_IN_PROGRESS => SUSPEND_COMPLETE in 1.0775041580200195
2019-11-20 05:06:41.212 11396 RALLYDEBUG rally.task.utils [-] Waiting for resource . Status changed: SUSPEND_IN_PROGRESS => SUSPEND_COMPLETE in 1.069676160812378
2019-11-20 05:06:41.296 11395 RALLYDEBUG rally.task.utils [-] Waiting for resource . Status changed: SUSPEND_IN_PROGRESS => SUSPEND_COMPLETE in 1.071007251739502
2019-11-20 05:06:41.299 11399 RALLYDEBUG rally.task.utils [-] Waiting for resource . Status changed: SUSPEND_IN_PROGRESS => SUSPEND_COMPLETE in 1.0678927898406982
2019-11-20 05:06:41.357 11397 RALLYDEBUG rally.task.utils [-] Waiting for resource . Status changed: CREATE_COMPLETE => RESUME_IN_PROGRESS in 0.06090235710144043
2019-11-20 05:06:41.371 11396 RALLYDEBUG rally.task.utils [-] Waiting for resource . Status changed: CREATE_COMPLETE => RESUME_COMPLETE in 0.06219172477722168
2019-11-20 05:06:41.472 11399 RALLYDEBUG rally.task.utils [-] Waiting for resource . Status changed: CREATE_COMPLETE => RESUME_COMPLETE in 0.0621337890625
2019-11-20 05:06:41.472 11395 RALLYDEBUG rally.task.utils [-] Waiting for resource . Status changed: CREATE_COMPLETE => RESUME_COMPLETE in 0.06295347213745117
2019-11-20 05:06:41.477 11396 RALLYDEBUG rally.task.utils [-] Waiting for resource . Status changed: CREATE_COMPLETE => DELETE_IN_PROGRESS in 0.05289578437805176
2019-11-20 05:06:41.566 11399 RALLYDEBUG rally.task.utils [-] Waiting for resource . Status changed: CREATE_COMPLETE => DELETE_IN_PROGRESS in 0.04631471633911133
2019-11-20 05:06:41.575 11395 RALLYDEBUG rally.task.utils [-] Waiting for resource . Status changed: CREATE_COMPLETE => DELETE_IN_PROGRESS in 0.04877305030822754
2019-11-20 05:06:42.421 11397 RALLYDEBUG rally.task.utils [-] Waiting for resource . Status changed: RESUME_IN_PROGRESS => RESUME_COMPLETE in 1.0648772716522217
2019-11-20 05:06:42.538 11397 RALLYDEBUG rally.task.utils [-] Waiting for resource . Status changed: CREATE_COMPLETE => DELETE_IN_PROGRESS in 0.05651688575744629
2019-11-20 05:06:43.592 11396 INFO rally.task.runner [-] Task b98bcef4-6761-45c9-94f7-edddd15a89e2 | ITER: 2 END: OK
2019-11-20 05:06:43.596 11397 INFO rally.task.runner [-] Task b98bcef4-6761-45c9-94f7-edddd15a89e2 | ITER: 3 END: OK
2019-11-20 05:06:43.597 11396 INFO rally.task.runner [-] Task b98bcef4-6761-45c9-94f7-edddd15a89e2 | ITER: 5 START
2019-11-20 05:06:43.600 11397 INFO rally.task.runner [-] Task b98bcef4-6761-45c9-94f7-edddd15a89e2 | ITER: 6 START
2019-11-20 05:06:43.674 11399 INFO rally.task.runner [-] Task b98bcef4-6761-45c9-94f7-edddd15a89e2 | ITER: 4 END: OK
2019-11-20 05:06:43.677 11399 INFO rally.task.runner [-] Task b98bcef4-6761-45c9-94f7-edddd15a89e2 | ITER: 7 START
2019-11-20 05:06:43.679 11395 INFO rally.task.runner [-] Task b98bcef4-6761-45c9-94f7-edddd15a89e2 | ITER: 1 END: OK
2019-11-20 05:06:43.683 11395 INFO rally.task.runner [-] Task b98bcef4-6761-45c9-94f7-edddd15a89e2 | ITER: 8 START
2019-11-20 05:06:47.067 11396 RALLYDEBUG rally.task.utils [-] Waiting for resource . Status changed: CREATE_IN_PROGRESS => CREATE_COMPLETE in 0.06865859031677246
2019-11-20 05:06:47.077 11399 RALLYDEBUG rally.task.utils [-] Waiting for resource . Status changed: CREATE_IN_PROGRESS => CREATE_COMPLETE in 0.06923580169677734
2019-11-20 05:06:47.151 11397 RALLYDEBUG rally.task.utils [-] Waiting for resource . Status changed: CREATE_IN_PROGRESS => CREATE_COMPLETE in 0.06727790832519531
2019-11-20 05:06:47.226 11399 RALLYDEBUG rally.task.utils [-] Waiting for resource . Status changed: CREATE_COMPLETE => SUSPEND_IN_PROGRESS in 0.05604100227355957
2019-11-20 05:06:47.227 11396 RALLYDEBUG rally.task.utils [-] Waiting for resource . Status changed: CREATE_COMPLETE => SUSPEND_IN_PROGRESS in 0.06609869003295898
2019-11-20 05:06:47.246 11395 RALLYDEBUG rally.task.utils [-] Waiting for resource . Status changed: CREATE_IN_PROGRESS => CREATE_COMPLETE in 0.05907297134399414
2019-11-20 05:06:47.300 11397 RALLYDEBUG rally.task.utils [-] Waiting for resource . Status changed: CREATE_COMPLETE => SUSPEND_IN_PROGRESS in 0.053308963775634766
2019-11-20 05:06:47.380 11395 RALLYDEBUG rally.task.utils [-] Waiting for resource . Status changed: CREATE_COMPLETE => SUSPEND_IN_PROGRESS in 0.051673173904418945
2019-11-20 05:06:48.294 11396 RALLYDEBUG rally.task.utils [-] Waiting for resource . Status changed: SUSPEND_IN_PROGRESS => SUSPEND_COMPLETE in 1.0672798156738281
2019-11-20 05:06:48.294 11399 RALLYDEBUG rally.task.utils [-] Waiting for resource . Status changed: SUSPEND_IN_PROGRESS => SUSPEND_COMPLETE in 1.0683369636535645
2019-11-20 05:06:48.362 11397 RALLYDEBUG rally.task.utils [-] Waiting for resource . Status changed: SUSPEND_IN_PROGRESS => SUSPEND_COMPLETE in 1.0617749691009521
2019-11-20 05:06:48.447 11395 RALLYDEBUG rally.task.utils [-] Waiting for resource . Status changed: SUSPEND_IN_PROGRESS => SUSPEND_COMPLETE in 1.0668420791625977
2019-11-20 05:06:48.455 11396 RALLYDEBUG rally.task.utils [-] Waiting for resource . Status changed: CREATE_COMPLETE => RESUME_IN_PROGRESS in 0.059810638427734375
2019-11-20 05:06:48.460 11399 RALLYDEBUG rally.task.utils [-] Waiting for resource . Status changed: CREATE_COMPLETE => RESUME_COMPLETE in 0.07195711135864258
2019-11-20 05:06:48.502 11397 RALLYDEBUG rally.task.utils [-] Waiting for resource . Status changed: CREATE_COMPLETE => RESUME_IN_PROGRESS in 0.05336403846740723
2019-11-20 05:06:48.553 11399 RALLYDEBUG rally.task.utils [-] Waiting for resource . Status changed: CREATE_COMPLETE => DELETE_IN_PROGRESS in 0.04639077186584473
2019-11-20 05:06:48.576 11395 RALLYDEBUG rally.task.utils [-] Waiting for resource . Status changed: CREATE_COMPLETE => RESUME_IN_PROGRESS in 0.05440378189086914
2019-11-20 05:06:49.525 11396 RALLYDEBUG rally.task.utils [-] Waiting for resource . Status changed: RESUME_IN_PROGRESS => RESUME_COMPLETE in 1.0700805187225342
2019-11-20 05:06:49.571 11397 RALLYDEBUG rally.task.utils [-] Waiting for resource . Status changed: RESUME_IN_PROGRESS => RESUME_COMPLETE in 1.069307565689087
2019-11-20 05:06:49.640 11395 RALLYDEBUG rally.task.utils [-] Waiting for resource . Status changed: RESUME_IN_PROGRESS => RESUME_COMPLETE in 1.0638632774353027
2019-11-20 05:06:49.653 11396 RALLYDEBUG rally.task.utils [-] Waiting for resource . Status changed: CREATE_COMPLETE => DELETE_IN_PROGRESS in 0.059040069580078125
2019-11-20 05:06:49.675 11397 RALLYDEBUG rally.task.utils [-] Waiting for resource . Status changed: CREATE_COMPLETE => DELETE_IN_PROGRESS in 0.05086565017700195
2019-11-20 05:06:49.745 11395 RALLYDEBUG rally.task.utils [-] Waiting for resource . Status changed: CREATE_COMPLETE => DELETE_IN_PROGRESS in 0.04671072959899902
2019-11-20 05:06:50.681 11399 INFO rally.task.runner [-] Task b98bcef4-6761-45c9-94f7-edddd15a89e2 | ITER: 7 END: OK
2019-11-20 05:06:50.686 11399 INFO rally.task.runner [-] Task b98bcef4-6761-45c9-94f7-edddd15a89e2 | ITER: 9 START
2019-11-20 05:06:50.732 11397 INFO rally.task.runner [-] Task b98bcef4-6761-45c9-94f7-edddd15a89e2 | ITER: 6 END: OK
2019-11-20 05:06:50.736 11397 INFO rally.task.runner [-] Task b98bcef4-6761-45c9-94f7-edddd15a89e2 | ITER: 10 START
2019-11-20 05:06:50.807 11395 INFO rally.task.runner [-] Task b98bcef4-6761-45c9-94f7-edddd15a89e2 | ITER: 8 END: OK
2019-11-20 05:06:51.769 11396 INFO rally.task.runner [-] Task b98bcef4-6761-45c9-94f7-edddd15a89e2 | ITER: 5 END: OK
2019-11-20 05:06:54.067 11397 RALLYDEBUG rally.task.utils [-] Waiting for resource . Status changed: CREATE_IN_PROGRESS => CREATE_COMPLETE in 0.07005071640014648
2019-11-20 05:06:54.076 11399 RALLYDEBUG rally.task.utils [-] Waiting for resource . Status changed: CREATE_IN_PROGRESS => CREATE_COMPLETE in 0.07695937156677246
2019-11-20 05:06:54.222 11397 RALLYDEBUG rally.task.utils [-] Waiting for resource . Status changed: CREATE_COMPLETE => SUSPEND_IN_PROGRESS in 0.06241106986999512
2019-11-20 05:06:54.234 11399 RALLYDEBUG rally.task.utils [-] Waiting for resource . Status changed: CREATE_COMPLETE => SUSPEND_IN_PROGRESS in 0.06341242790222168
2019-11-20 05:06:55.292 11397 RALLYDEBUG rally.task.utils [-] Waiting for resource . Status changed: SUSPEND_IN_PROGRESS => SUSPEND_COMPLETE in 1.0703773498535156
2019-11-20 05:06:55.300 11399 RALLYDEBUG rally.task.utils [-] Waiting for resource . Status changed: SUSPEND_IN_PROGRESS => SUSPEND_COMPLETE in 1.0661017894744873
2019-11-20 05:06:55.454 11399 RALLYDEBUG rally.task.utils [-] Waiting for resource . Status changed: CREATE_COMPLETE => RESUME_IN_PROGRESS in 0.05935239791870117
2019-11-20 05:06:55.457 11397 RALLYDEBUG rally.task.utils [-] Waiting for resource . Status changed: CREATE_COMPLETE => RESUME_COMPLETE in 0.06616830825805664
2019-11-20 05:06:55.584 11397 RALLYDEBUG rally.task.utils [-] Waiting for resource . Status changed: CREATE_COMPLETE => DELETE_IN_PROGRESS in 0.056784868240356445
2019-11-20 05:06:56.519 11399 RALLYDEBUG rally.task.utils [-] Waiting for resource . Status changed: RESUME_IN_PROGRESS => RESUME_COMPLETE in 1.06425142288208
2019-11-20 05:06:56.636 11399 RALLYDEBUG rally.task.utils [-] Waiting for resource . Status changed: CREATE_COMPLETE => DELETE_IN_PROGRESS in 0.05883169174194336
2019-11-20 05:06:57.695 11397 INFO rally.task.runner [-] Task b98bcef4-6761-45c9-94f7-edddd15a89e2 | ITER: 10 END: OK
2019-11-20 05:06:58.767 11399 INFO rally.task.runner [-] Task b98bcef4-6761-45c9-94f7-edddd15a89e2 | ITER: 9 END: OK
2019-11-20 05:06:58.796 8497 INFO rally.task.context [-] Task b98bcef4-6761-45c9-94f7-edddd15a89e2 | Context cleanup@openstack cleanup() started
2019-11-20 05:06:58.799 8497 RALLYDEBUG rally_openstack.cleanup.manager [-] Cleaning up heat stacks objects
2019-11-20 05:07:00.343 8497 INFO rally.task.context [-] Task b98bcef4-6761-45c9-94f7-edddd15a89e2 | Context cleanup@openstack cleanup() finished in 1.55 sec
2019-11-20 05:07:00.344 8497 INFO rally.task.context [-] Task b98bcef4-6761-45c9-94f7-edddd15a89e2 | Context roles@openstack cleanup() started
2019-11-20 05:07:00.344 8497 RALLYDEBUG rally_openstack.contexts.keystone.roles [-] Removing assigned role 8125a30a894441a98f58eac43db46610 from all users
2019-11-20 05:07:01.260 8497 INFO rally.task.context [-] Task b98bcef4-6761-45c9-94f7-edddd15a89e2 | Context roles@openstack cleanup() finished in 0.92 sec
2019-11-20 05:07:01.261 8497 INFO rally.task.context [-] Task b98bcef4-6761-45c9-94f7-edddd15a89e2 | Context users@openstack cleanup() started
2019-11-20 05:07:06.027 8497 INFO rally.task.context [-] Task b98bcef4-6761-45c9-94f7-edddd15a89e2 | Context users@openstack cleanup() finished in 4.77 sec
2019-11-20 05:07:06.331 8497 INFO rally.task.engine [-] Load duration is: 20.190497
2019-11-20 05:07:06.332 8497 INFO rally.task.engine [-] Full runner duration is: 22.239742
2019-11-20 05:07:06.332 8497 INFO rally.task.engine [-] Full duration is: 37.912056
2019-11-20 05:07:06.625 8497 INFO rally.task.engine [-] Running workload: position = 0 config = { "version": 2, "title": "A cropped version of a bigger task.", "description": "Auto-generated task from a single workload (uuid=2cd91335-487f-454c-a892-3467c406ba56)", "subtasks": [ { "title": "HeatStacks.list_stacks_and_resources", "description": "List all resources from tenant stacks.", "scenario": { "HeatStacks.list_stacks_and_resources": {} }, "contexts": { "users": { "tenants": 3, "users_per_tenant": 2 }, "roles": [ "heat_stack_owner" ] }, "runner": { "constant": { "concurrency": 4, "times": 10 } }, "hooks": [], "sla": { "failure_rate": { "max": 0 } } } ] }
2019-11-20 05:07:06.649 8497 RALLYDEBUG rally_openstack.contexts.keystone.users [-] Creating 3 tenants using 20 threads
2019-11-20 05:07:07.677 8497 RALLYDEBUG rally_openstack.contexts.keystone.users [-] Creating 6 users using 20 threads
2019-11-20 05:07:09.172 8497 INFO rally.task.context [-] Task b98bcef4-6761-45c9-94f7-edddd15a89e2 | Context users@openstack setup() finished in 2.52 sec
2019-11-20 05:07:09.858 8497 RALLYDEBUG rally_openstack.contexts.keystone.roles [-] Adding role heat_stack_owner having ID 8125a30a894441a98f58eac43db46610 to all users using 30 threads
2019-11-20 05:07:15.035 8497 INFO rally.task.context [-] Task b98bcef4-6761-45c9-94f7-edddd15a89e2 | Context roles@openstack setup() finished in 5.86 sec
2019-11-20 05:07:15.045 8497 RALLYDEBUG rally.task.runner [-] Starting the constant runner (task UUID: b98bcef4-6761-45c9-94f7-edddd15a89e2). times: 10 concurrency: 4 timeout: 0 max_cpu_used: 16 processes_to_start: 4 concurrency_per_worker: 1 concurrency_overhead: 0
2019-11-20 05:07:15.056 11579 RALLYDEBUG rally.task.runner [-] Starting a worker. times: 10 duration: None concurrency: 1 timeout: 0 cls: method_name: run args: {}
2019-11-20 05:07:15.060 11580 RALLYDEBUG rally.task.runner [-] Starting a worker. times: 10 duration: None concurrency: 1 timeout: 0 cls: method_name: run args: {}
2019-11-20 05:07:15.063 11579 INFO rally.task.runner [-] Task b98bcef4-6761-45c9-94f7-edddd15a89e2 | ITER: 1 START
2019-11-20 05:07:15.063 11581 RALLYDEBUG rally.task.runner [-] Starting a worker. times: 10 duration: None concurrency: 1 timeout: 0 cls: method_name: run args: {}
2019-11-20 05:07:15.066 11583 RALLYDEBUG rally.task.runner [-] Starting a worker. times: 10 duration: None concurrency: 1 timeout: 0 cls: method_name: run args: {}
2019-11-20 05:07:15.067 11580 INFO rally.task.runner [-] Task b98bcef4-6761-45c9-94f7-edddd15a89e2 | ITER: 2 START
2019-11-20 05:07:15.070 11581 INFO rally.task.runner [-] Task b98bcef4-6761-45c9-94f7-edddd15a89e2 | ITER: 3 START
2019-11-20 05:07:15.072 11583 INFO rally.task.runner [-] Task b98bcef4-6761-45c9-94f7-edddd15a89e2 | ITER: 4 START
2019-11-20 05:07:15.572 11580 INFO rally.task.runner [-] Task b98bcef4-6761-45c9-94f7-edddd15a89e2 | ITER: 2 END: OK
2019-11-20 05:07:15.576 11580 INFO rally.task.runner [-] Task b98bcef4-6761-45c9-94f7-edddd15a89e2 | ITER: 5 START
2019-11-20 05:07:15.578 11579 INFO rally.task.runner [-] Task b98bcef4-6761-45c9-94f7-edddd15a89e2 | ITER: 1 END: OK
2019-11-20 05:07:15.579 11583 INFO rally.task.runner [-] Task b98bcef4-6761-45c9-94f7-edddd15a89e2 | ITER: 4 END: OK
2019-11-20 05:07:15.583 11579 INFO rally.task.runner [-] Task b98bcef4-6761-45c9-94f7-edddd15a89e2 | ITER: 6 START
2019-11-20 05:07:15.585 11583 INFO rally.task.runner [-] Task b98bcef4-6761-45c9-94f7-edddd15a89e2 | ITER: 7 START
2019-11-20 05:07:15.590 11581 INFO rally.task.runner [-] Task b98bcef4-6761-45c9-94f7-edddd15a89e2 | ITER: 3 END: OK
2019-11-20 05:07:15.595 11581 INFO rally.task.runner [-] Task b98bcef4-6761-45c9-94f7-edddd15a89e2 | ITER: 8 START
2019-11-20 05:07:15.948 11579 INFO rally.task.runner [-] Task b98bcef4-6761-45c9-94f7-edddd15a89e2 | ITER: 6 END: OK
2019-11-20 05:07:15.951 11579 INFO rally.task.runner [-] Task b98bcef4-6761-45c9-94f7-edddd15a89e2 | ITER: 9 START
2019-11-20 05:07:15.965 11581 INFO rally.task.runner [-] Task b98bcef4-6761-45c9-94f7-edddd15a89e2 | ITER: 8 END: OK
2019-11-20 05:07:15.968 11581 INFO rally.task.runner [-] Task b98bcef4-6761-45c9-94f7-edddd15a89e2 | ITER: 10 START
2019-11-20 05:07:15.995 11580 INFO rally.task.runner [-] Task b98bcef4-6761-45c9-94f7-edddd15a89e2 | ITER: 5 END: OK
2019-11-20 05:07:15.998 11583 INFO rally.task.runner [-] Task b98bcef4-6761-45c9-94f7-edddd15a89e2 | ITER: 7 END: OK
2019-11-20 05:07:16.336 11581 INFO rally.task.runner [-] Task b98bcef4-6761-45c9-94f7-edddd15a89e2 | ITER: 10 END: OK
2019-11-20 05:07:16.430 11579 INFO rally.task.runner [-] Task b98bcef4-6761-45c9-94f7-edddd15a89e2 | ITER: 9 END: OK
2019-11-20 05:07:16.459 8497 INFO rally.task.context [-] Task b98bcef4-6761-45c9-94f7-edddd15a89e2 | Context roles@openstack cleanup() started
2019-11-20 05:07:16.460 8497 RALLYDEBUG rally_openstack.contexts.keystone.roles [-] Removing assigned role 8125a30a894441a98f58eac43db46610 from all users
2019-11-20 05:07:17.439 8497 INFO rally.task.context [-] Task b98bcef4-6761-45c9-94f7-edddd15a89e2 | Context roles@openstack cleanup() finished in 0.98 sec
2019-11-20 05:07:17.439 8497 INFO rally.task.context [-] Task b98bcef4-6761-45c9-94f7-edddd15a89e2 | Context users@openstack cleanup() started
2019-11-20 05:07:22.513 8497 INFO rally.task.context [-] Task b98bcef4-6761-45c9-94f7-edddd15a89e2 | Context users@openstack cleanup() finished in 5.07 sec
2019-11-20 05:07:22.750 8497 INFO rally.task.engine [-] Load duration is: 1.365079
2019-11-20 05:07:22.751 8497 INFO rally.task.engine [-] Full runner duration is: 1.414828
2019-11-20 05:07:22.751 8497 INFO rally.task.engine [-] Full duration is: 15.865427
2019-11-20 05:07:22.982 8497 INFO rally.task.engine [-] Task b98bcef4-6761-45c9-94f7-edddd15a89e2 | Completed: Running task.
2019-11-20 05:07:24.571 11671 RALLYDEBUG rally.api [-] INFO logs from urllib3 and requests module are hide.
2019-11-20 05:07:24.571 11671 RALLYDEBUG rally.api [-] urllib3 insecure warnings are hidden.
2019-11-20 05:07:24.571 11671 RALLYDEBUG rally.api [-] ERROR log from boto module is hide.
2019-11-20 05:07:25.635 11672 RALLYDEBUG rally.api [-] INFO logs from urllib3 and requests module are hide.
2019-11-20 05:07:25.635 11672 RALLYDEBUG rally.api [-] urllib3 insecure warnings are hidden.
2019-11-20 05:07:25.635 11672 RALLYDEBUG rally.api [-] ERROR log from boto module is hide.
2019-11-20 05:07:26.744 11673 RALLYDEBUG rally.api [-] INFO logs from urllib3 and requests module are hide.
2019-11-20 05:07:26.745 11673 RALLYDEBUG rally.api [-] urllib3 insecure warnings are hidden.
2019-11-20 05:07:26.745 11673 RALLYDEBUG rally.api [-] ERROR log from boto module is hide.
2019-11-20 05:07:28.430 11673 INFO rally.api [-] Building 'json' report for the following task(s): 'b98bcef4-6761-45c9-94f7-edddd15a89e2'.
2019-11-20 05:07:28.452 11673 INFO rally.api [-] The report has been successfully built.
2019-11-20 05:07:29.748 11675 RALLYDEBUG rally.api [-] INFO logs from urllib3 and requests module are hide.
2019-11-20 05:07:29.749 11675 RALLYDEBUG rally.api [-] urllib3 insecure warnings are hidden.
2019-11-20 05:07:29.749 11675 RALLYDEBUG rally.api [-] ERROR log from boto module is hide.
2019-11-20 05:07:31.755 11675 INFO rally.task.engine [-] Task edec17d1-d13f-4bee-8df2-3bc2a2fcd5d6 | Starting: Task validation.
2019-11-20 05:07:31.827 11675 INFO rally.task.engine [-] Task edec17d1-d13f-4bee-8df2-3bc2a2fcd5d6 | Starting: Task validation of syntax.
2019-11-20 05:07:31.957 11675 INFO rally.task.engine [-] Task edec17d1-d13f-4bee-8df2-3bc2a2fcd5d6 | Completed: Task validation of syntax.
2019-11-20 05:07:31.957 11675 INFO rally.task.engine [-] Task edec17d1-d13f-4bee-8df2-3bc2a2fcd5d6 | Starting: Task validation of required platforms.
2019-11-20 05:07:32.014 11675 INFO rally.task.engine [-] Task edec17d1-d13f-4bee-8df2-3bc2a2fcd5d6 | Completed: Task validation of required platforms.
2019-11-20 05:07:32.014 11675 INFO rally.task.engine [-] Task edec17d1-d13f-4bee-8df2-3bc2a2fcd5d6 | Starting: Task validation of semantic.
2019-11-20 05:07:32.014 11675 INFO rally.task.engine [-] Check health of the environment '19a54fcb-828a-4af8-8bd2-de837f947f35'.
2019-11-20 05:07:32.974 11675 INFO rally.task.engine [-] Platform existing@openstack (available: True): OK!
2019-11-20 05:07:32.993 11675 RALLYDEBUG rally_openstack.contexts.keystone.users [-] Creating 1 tenants using 20 threads
2019-11-20 05:07:33.825 11675 RALLYDEBUG rally_openstack.contexts.keystone.users [-] Creating 1 users using 20 threads
2019-11-20 05:07:35.147 11675 INFO rally.task.context [-] Task edec17d1-d13f-4bee-8df2-3bc2a2fcd5d6 | Context users@openstack setup() finished in 2.15 sec
2019-11-20 05:07:35.239 11675 INFO rally.task.context [-] Task edec17d1-d13f-4bee-8df2-3bc2a2fcd5d6 | Context users@openstack cleanup() started
2019-11-20 05:07:38.277 11675 INFO rally.task.context [-] Task edec17d1-d13f-4bee-8df2-3bc2a2fcd5d6 | Context users@openstack cleanup() finished in 3.04 sec
2019-11-20 05:07:38.277 11675 INFO rally.task.engine [-] Task edec17d1-d13f-4bee-8df2-3bc2a2fcd5d6 | Completed: Task validation of semantic.
2019-11-20 05:07:38.278 11675 INFO rally.task.engine [-] Task edec17d1-d13f-4bee-8df2-3bc2a2fcd5d6 | Completed: Task validation.
2019-11-20 05:07:38.278 11675 INFO rally.api [-] Task edec17d1-d13f-4bee-8df2-3bc2a2fcd5d6 input file is valid.
2019-11-20 05:07:38.279 11675 INFO rally.api [-] Run Task edec17d1-d13f-4bee-8df2-3bc2a2fcd5d6 against Deployment 19a54fcb-828a-4af8-8bd2-de837f947f35
2019-11-20 05:07:38.279 11675 INFO rally.task.engine [-] Task edec17d1-d13f-4bee-8df2-3bc2a2fcd5d6 | Starting: Running task.
2019-11-20 05:07:38.427 11675 INFO rally.task.engine [-] Running workload: position = 0 config = { "version": 2, "title": "A cropped version of a bigger task.", "description": "Auto-generated task from a single workload (uuid=caa02ae8-ea1c-4e09-93a4-a90df77b167e)", "subtasks": [ { "title": "KeystoneBasic.add_and_remove_user_role", "description": "Create a user role add to a user and disassociate.", "scenario": { "KeystoneBasic.add_and_remove_user_role": {} }, "contexts": { "users": { "tenants": 3, "users_per_tenant": 2 } }, "runner": { "constant": { "concurrency": 4, "times": 10 } }, "hooks": [], "sla": { "failure_rate": { "max": 0 } } } ] }
2019-11-20 05:07:38.451 11675 RALLYDEBUG rally_openstack.contexts.keystone.users [-] Creating 3 tenants using 20 threads
2019-11-20 05:07:39.379 11675 RALLYDEBUG rally_openstack.contexts.keystone.users [-] Creating 6 users using 20 threads
2019-11-20 05:07:40.877 11675 INFO rally.task.context [-] Task edec17d1-d13f-4bee-8df2-3bc2a2fcd5d6 | Context users@openstack setup() finished in 2.43 sec
2019-11-20 05:07:40.878 11675 INFO rally.task.context [-] Task edec17d1-d13f-4bee-8df2-3bc2a2fcd5d6 | Context admin_cleanup@openstack setup() finished in 0.01 msec
2019-11-20 05:07:40.886 11675 RALLYDEBUG rally.task.runner [-] Starting the constant runner (task UUID: edec17d1-d13f-4bee-8df2-3bc2a2fcd5d6). times: 10 concurrency: 4 timeout: 0 max_cpu_used: 16 processes_to_start: 4 concurrency_per_worker: 1 concurrency_overhead: 0
2019-11-20 05:07:40.899 11799 RALLYDEBUG rally.task.runner [-] Starting a worker. times: 10 duration: None concurrency: 1 timeout: 0 cls: method_name: run args: {}
2019-11-20 05:07:40.903 11800 RALLYDEBUG rally.task.runner [-] Starting a worker. times: 10 duration: None concurrency: 1 timeout: 0 cls: method_name: run args: {}
2019-11-20 05:07:40.906 11799 INFO rally.task.runner [-] Task edec17d1-d13f-4bee-8df2-3bc2a2fcd5d6 | ITER: 1 START
2019-11-20 05:07:40.906 11801 RALLYDEBUG rally.task.runner [-] Starting a worker. times: 10 duration: None concurrency: 1 timeout: 0 cls: method_name: run args: {}
2019-11-20 05:07:40.909 11800 INFO rally.task.runner [-] Task edec17d1-d13f-4bee-8df2-3bc2a2fcd5d6 | ITER: 2 START
2019-11-20 05:07:40.909 11803 RALLYDEBUG rally.task.runner [-] Starting a worker. times: 10 duration: None concurrency: 1 timeout: 0 cls: method_name: run args: {}
2019-11-20 05:07:40.912 11801 INFO rally.task.runner [-] Task edec17d1-d13f-4bee-8df2-3bc2a2fcd5d6 | ITER: 3 START
2019-11-20 05:07:40.915 11803 INFO rally.task.runner [-] Task edec17d1-d13f-4bee-8df2-3bc2a2fcd5d6 | ITER: 4 START
2019-11-20 05:07:42.392 11800 INFO rally.task.runner [-] Task edec17d1-d13f-4bee-8df2-3bc2a2fcd5d6 | ITER: 2 END: OK
2019-11-20 05:07:42.397 11800 INFO rally.task.runner [-] Task edec17d1-d13f-4bee-8df2-3bc2a2fcd5d6 | ITER: 5 START
2019-11-20 05:07:42.404 11801 INFO rally.task.runner [-] Task edec17d1-d13f-4bee-8df2-3bc2a2fcd5d6 | ITER: 3 END: OK
2019-11-20 05:07:42.409 11801 INFO rally.task.runner [-] Task edec17d1-d13f-4bee-8df2-3bc2a2fcd5d6 | ITER: 6 START
2019-11-20 05:07:42.471 11803 INFO rally.task.runner [-] Task edec17d1-d13f-4bee-8df2-3bc2a2fcd5d6 | ITER: 4 END: OK
2019-11-20 05:07:42.476 11803 INFO rally.task.runner [-] Task edec17d1-d13f-4bee-8df2-3bc2a2fcd5d6 | ITER: 7 START
2019-11-20 05:07:42.478 11799 INFO rally.task.runner [-] Task edec17d1-d13f-4bee-8df2-3bc2a2fcd5d6 | ITER: 1 END: OK
2019-11-20 05:07:42.482 11799 INFO rally.task.runner [-] Task edec17d1-d13f-4bee-8df2-3bc2a2fcd5d6 | ITER: 8 START
2019-11-20 05:07:43.986 11799 INFO rally.task.runner [-] Task edec17d1-d13f-4bee-8df2-3bc2a2fcd5d6 | ITER: 8 END: OK
2019-11-20 05:07:43.989 11799 INFO rally.task.runner [-] Task edec17d1-d13f-4bee-8df2-3bc2a2fcd5d6 | ITER: 9 START
2019-11-20 05:07:44.035 11803 INFO rally.task.runner [-] Task edec17d1-d13f-4bee-8df2-3bc2a2fcd5d6 | ITER: 7 END: OK
2019-11-20 05:07:44.039 11803 INFO rally.task.runner [-] Task edec17d1-d13f-4bee-8df2-3bc2a2fcd5d6 | ITER: 10 START
2019-11-20 05:07:44.055 11800 INFO rally.task.runner [-] Task edec17d1-d13f-4bee-8df2-3bc2a2fcd5d6 | ITER: 5 END: OK
2019-11-20 05:07:44.120 11801 INFO rally.task.runner [-] Task edec17d1-d13f-4bee-8df2-3bc2a2fcd5d6 | ITER: 6 END: OK
2019-11-20 05:07:45.549 11803 INFO rally.task.runner [-] Task edec17d1-d13f-4bee-8df2-3bc2a2fcd5d6 | ITER: 10 END: OK
2019-11-20 05:07:45.671 11799 INFO rally.task.runner [-] Task edec17d1-d13f-4bee-8df2-3bc2a2fcd5d6 | ITER: 9 END: OK
2019-11-20 05:07:45.692 11675 INFO rally.task.context [-] Task edec17d1-d13f-4bee-8df2-3bc2a2fcd5d6 | Context admin_cleanup@openstack cleanup() started
2019-11-20 05:07:45.694 11675 RALLYDEBUG rally_openstack.cleanup.manager [-] Cleaning up keystone user objects
2019-11-20 05:07:46.543 11675 RALLYDEBUG rally_openstack.cleanup.manager [-] Cleaning up keystone project objects
2019-11-20 05:07:47.373 11675 RALLYDEBUG rally_openstack.cleanup.manager [-] Cleaning up keystone service objects
2019-11-20 05:07:48.117 11675 RALLYDEBUG rally_openstack.cleanup.manager [-] Cleaning up keystone role objects
2019-11-20 05:07:48.855 11675 RALLYDEBUG rally_openstack.cleanup.manager [-] Deleting keystone.role object s_rally_caa02ae8_4ETnqHit (0b7a71afe74f43d09d04fe2c97936617)
2019-11-20 05:07:48.871 11675 RALLYDEBUG rally_openstack.cleanup.manager [-] Deleting keystone.role object s_rally_caa02ae8_E4LQ4Xor (213cf4a5013c45a2b73c98bd85f61bbb)
2019-11-20 05:07:48.884 11675 RALLYDEBUG rally_openstack.cleanup.manager [-] Deleting keystone.role object s_rally_caa02ae8_7LrPJm07 (29df552f6a9a44dca521e79609b054bd)
2019-11-20 05:07:48.881 11675 RALLYDEBUG rally_openstack.cleanup.manager [-] Deleting keystone.role object s_rally_caa02ae8_RhnuAi3Y (26b784ac7f554d27860db795f6576505)
2019-11-20 05:07:48.899 11675 RALLYDEBUG rally_openstack.cleanup.manager [-] Deleting keystone.role object s_rally_caa02ae8_MOaWCegP (36f582d3459c42048525b1a4d0fb9d49)
2019-11-20 05:07:48.930 11675 RALLYDEBUG rally_openstack.cleanup.manager [-] Deleting keystone.role object s_rally_caa02ae8_0CUg4KxF (7ed68b152a744ec68750ef660fee3d31)
2019-11-20 05:07:48.944 11675 RALLYDEBUG rally_openstack.cleanup.manager [-] Deleting keystone.role object s_rally_caa02ae8_C5Qf2xZW (51f5325c072c429ebb1621d748935926)
2019-11-20 05:07:48.952 11675 RALLYDEBUG rally_openstack.cleanup.manager [-] Deleting keystone.role object s_rally_caa02ae8_xwxkpDSq (b1947bf6d8a44f589545bf7ff6b395e7)
2019-11-20 05:07:48.956 11675 RALLYDEBUG rally_openstack.cleanup.manager [-] Deleting keystone.role object s_rally_caa02ae8_nwJFeyAg (9bc8288ec9c642069c6034ae3e679ee6)
2019-11-20 05:07:48.963 11675 RALLYDEBUG rally_openstack.cleanup.manager [-] Deleting keystone.role object s_rally_caa02ae8_rFPnzL1p (b52849c8e4ec497a9ec2a97c3a375881)
2019-11-20 05:07:51.059 11675 INFO rally.task.context [-] Task edec17d1-d13f-4bee-8df2-3bc2a2fcd5d6 | Context admin_cleanup@openstack cleanup() finished in 5.37 sec
2019-11-20 05:07:51.060 11675 INFO rally.task.context [-] Task edec17d1-d13f-4bee-8df2-3bc2a2fcd5d6 | Context users@openstack cleanup() started
2019-11-20 05:07:55.797 11675 INFO rally.task.context [-] Task edec17d1-d13f-4bee-8df2-3bc2a2fcd5d6 | Context users@openstack cleanup() finished in 4.74 sec
2019-11-20 05:07:56.584 11675 INFO rally.task.engine [-] Load duration is: 3.468558
2019-11-20 05:07:56.585 11675 INFO rally.task.engine [-] Full runner duration is: 4.805894
2019-11-20 05:07:56.585 11675 INFO rally.task.engine [-] Full duration is: 17.348314
2019-11-20 05:07:56.883 11675 INFO rally.task.engine [-] Running workload: position = 0 config = { "version": 2, "title": "A cropped version of a bigger task.", "description": "Auto-generated task from a single workload (uuid=ff06baa0-9883-49d9-a3f2-ec50f65e266b)", "subtasks": [ { "title": "KeystoneBasic.create_add_and_list_user_roles", "description": "Create user role, add it and list user roles for given user.", "scenario": { "KeystoneBasic.create_add_and_list_user_roles": {} }, "contexts": { "users": { "tenants": 3, "users_per_tenant": 2 } }, "runner": { "constant": { "concurrency": 4, "times": 10 } }, "hooks": [], "sla": { "failure_rate": { "max": 0 } } } ] }
2019-11-20 05:07:56.909 11675 RALLYDEBUG rally_openstack.contexts.keystone.users [-] Creating 3 tenants using 20 threads
2019-11-20 05:07:57.936 11675 RALLYDEBUG rally_openstack.contexts.keystone.users [-] Creating 6 users using 20 threads
2019-11-20 05:07:59.395 11675 INFO rally.task.context [-] Task edec17d1-d13f-4bee-8df2-3bc2a2fcd5d6 | Context users@openstack setup() finished in 2.49 sec
2019-11-20 05:07:59.395 11675 INFO rally.task.context [-] Task edec17d1-d13f-4bee-8df2-3bc2a2fcd5d6 | Context admin_cleanup@openstack setup() finished in 0.02 msec
2019-11-20 05:07:59.404 11675 RALLYDEBUG rally.task.runner [-] Starting the constant runner (task UUID: edec17d1-d13f-4bee-8df2-3bc2a2fcd5d6). times: 10 concurrency: 4 timeout: 0 max_cpu_used: 16 processes_to_start: 4 concurrency_per_worker: 1 concurrency_overhead: 0
2019-11-20 05:07:59.416 11983 RALLYDEBUG rally.task.runner [-] Starting a worker. times: 10 duration: None concurrency: 1 timeout: 0 cls: method_name: run args: {}
2019-11-20 05:07:59.419 11984 RALLYDEBUG rally.task.runner [-] Starting a worker. times: 10 duration: None concurrency: 1 timeout: 0 cls: method_name: run args: {}
2019-11-20 05:07:59.423 11983 INFO rally.task.runner [-] Task edec17d1-d13f-4bee-8df2-3bc2a2fcd5d6 | ITER: 1 START
2019-11-20 05:07:59.423 11985 RALLYDEBUG rally.task.runner [-] Starting a worker. times: 10 duration: None concurrency: 1 timeout: 0 cls: method_name: run args: {}
2019-11-20 05:07:59.426 11984 INFO rally.task.runner [-] Task edec17d1-d13f-4bee-8df2-3bc2a2fcd5d6 | ITER: 2 START
2019-11-20 05:07:59.426 11987 RALLYDEBUG rally.task.runner [-] Starting a worker. times: 10 duration: None concurrency: 1 timeout: 0 cls: method_name: run args: {}
2019-11-20 05:07:59.429 11985 INFO rally.task.runner [-] Task edec17d1-d13f-4bee-8df2-3bc2a2fcd5d6 | ITER: 3 START
2019-11-20 05:07:59.432 11987 INFO rally.task.runner [-] Task edec17d1-d13f-4bee-8df2-3bc2a2fcd5d6 | ITER: 4 START
2019-11-20 05:08:00.903 11985 INFO rally.task.runner [-] Task edec17d1-d13f-4bee-8df2-3bc2a2fcd5d6 | ITER: 3 END: OK
2019-11-20 05:08:00.907 11985 INFO rally.task.runner [-] Task edec17d1-d13f-4bee-8df2-3bc2a2fcd5d6 | ITER: 5 START
2019-11-20 05:08:00.911 11984 INFO rally.task.runner [-] Task edec17d1-d13f-4bee-8df2-3bc2a2fcd5d6 | ITER: 2 END: OK
2019-11-20 05:08:00.912 11987 INFO rally.task.runner [-] Task edec17d1-d13f-4bee-8df2-3bc2a2fcd5d6 | ITER: 4 END: OK
2019-11-20 05:08:00.913 11983 INFO rally.task.runner [-] Task edec17d1-d13f-4bee-8df2-3bc2a2fcd5d6 | ITER: 1 END: OK
2019-11-20 05:08:00.916 11987 INFO rally.task.runner [-] Task edec17d1-d13f-4bee-8df2-3bc2a2fcd5d6 | ITER: 7 START
2019-11-20 05:08:00.916 11984 INFO rally.task.runner [-] Task edec17d1-d13f-4bee-8df2-3bc2a2fcd5d6 | ITER: 6 START
2019-11-20 05:08:00.917 11983 INFO rally.task.runner [-] Task edec17d1-d13f-4bee-8df2-3bc2a2fcd5d6 | ITER: 8 START
2019-11-20 05:08:02.316 11984 INFO rally.task.runner [-] Task edec17d1-d13f-4bee-8df2-3bc2a2fcd5d6 | ITER: 6 END: OK
2019-11-20 05:08:02.319 11984 INFO rally.task.runner [-] Task edec17d1-d13f-4bee-8df2-3bc2a2fcd5d6 | ITER: 9 START
2019-11-20 05:08:02.328 11983 INFO rally.task.runner [-] Task edec17d1-d13f-4bee-8df2-3bc2a2fcd5d6 | ITER: 8 END: OK
2019-11-20 05:08:02.331 11983 INFO rally.task.runner [-] Task edec17d1-d13f-4bee-8df2-3bc2a2fcd5d6 | ITER: 10 START
2019-11-20 05:08:02.404 11987 INFO rally.task.runner [-] Task edec17d1-d13f-4bee-8df2-3bc2a2fcd5d6 | ITER: 7 END: OK
2019-11-20 05:08:02.409 11985 INFO rally.task.runner [-] Task edec17d1-d13f-4bee-8df2-3bc2a2fcd5d6 | ITER: 5 END: OK
2019-11-20 05:08:03.784 11984 INFO rally.task.runner [-] Task edec17d1-d13f-4bee-8df2-3bc2a2fcd5d6 | ITER: 9 END: OK
2019-11-20 05:08:03.926 11983 INFO rally.task.runner [-] Task edec17d1-d13f-4bee-8df2-3bc2a2fcd5d6 | ITER: 10 END: OK
2019-11-20 05:08:03.953 11675 INFO rally.task.context [-] Task edec17d1-d13f-4bee-8df2-3bc2a2fcd5d6 | Context admin_cleanup@openstack cleanup() started
2019-11-20 05:08:03.957 11675 RALLYDEBUG rally_openstack.cleanup.manager [-] Cleaning up keystone user objects
2019-11-20 05:08:04.757 11675 RALLYDEBUG rally_openstack.cleanup.manager [-] Cleaning up keystone project objects
2019-11-20 05:08:05.489 11675 RALLYDEBUG rally_openstack.cleanup.manager [-] Cleaning up keystone service objects
2019-11-20 05:08:06.246 11675 RALLYDEBUG rally_openstack.cleanup.manager [-] Cleaning up keystone role objects
2019-11-20 05:08:06.944 11675 RALLYDEBUG rally_openstack.cleanup.manager [-] Deleting keystone.role object s_rally_ff06baa0_WfquK3Mw (0fad201a3e43429da0ac964dc9d8028d)
2019-11-20 05:08:06.954 11675 RALLYDEBUG rally_openstack.cleanup.manager [-] Deleting keystone.role object s_rally_ff06baa0_M1z1eGMx (14edd7c420e84425b9d7a3847ccd78a0)
2019-11-20 05:08:06.963 11675 RALLYDEBUG rally_openstack.cleanup.manager [-] Deleting keystone.role object s_rally_ff06baa0_jCdtZew9 (1a38787dd7884965865b614994549ae7)
2019-11-20 05:08:06.977 11675 RALLYDEBUG rally_openstack.cleanup.manager [-] Deleting keystone.role object s_rally_ff06baa0_rZ8MYd9b (1ff37d6497f34e8d8336a7fbdd57e665)
2019-11-20 05:08:06.992 11675 RALLYDEBUG rally_openstack.cleanup.manager [-] Deleting keystone.role object s_rally_ff06baa0_F1S2s9oZ (6c829c4a72654a5a8e1a0b1926562068)
2019-11-20 05:08:06.997 11675 RALLYDEBUG rally_openstack.cleanup.manager [-] Deleting keystone.role object s_rally_ff06baa0_kjt1MgV8 (4e7d6fff764540359f7c017b78c20032)
2019-11-20 05:08:07.025 11675 RALLYDEBUG rally_openstack.cleanup.manager [-] Deleting keystone.role object s_rally_ff06baa0_YmRT34ok (7ed9226cd86f4b02a25ef3f4689ba34b)
2019-11-20 05:08:07.033 11675 RALLYDEBUG rally_openstack.cleanup.manager [-] Deleting keystone.role object s_rally_ff06baa0_mU5nepQE (7e40c33c377e4b5cbc434a03ccbaf858)
2019-11-20 05:08:07.047 11675 RALLYDEBUG rally_openstack.cleanup.manager [-] Deleting keystone.role object s_rally_ff06baa0_qT08j1FG (d06d5bd053ab4e9681221640ef9520ee)
2019-11-20 05:08:07.051 11675 RALLYDEBUG rally_openstack.cleanup.manager [-] Deleting keystone.role object s_rally_ff06baa0_maif3eJG (df550df1dcc4484ca57052976724db13)
2019-11-20 05:08:09.229 11675 INFO rally.task.context [-] Task edec17d1-d13f-4bee-8df2-3bc2a2fcd5d6 | Context admin_cleanup@openstack cleanup() finished in 5.28 sec
2019-11-20 05:08:09.229 11675 INFO rally.task.context [-] Task edec17d1-d13f-4bee-8df2-3bc2a2fcd5d6 | Context users@openstack cleanup() started
2019-11-20 05:08:14.153 11675 INFO rally.task.context [-] Task edec17d1-d13f-4bee-8df2-3bc2a2fcd5d6 | Context users@openstack cleanup() finished in 4.92 sec
2019-11-20 05:08:15.131 11675 INFO rally.task.engine [-] Load duration is: 3.205371
2019-11-20 05:08:15.131 11675 INFO rally.task.engine [-] Full runner duration is: 4.549082
2019-11-20 05:08:15.132 11675 INFO rally.task.engine [-] Full duration is: 17.246165
2019-11-20 05:08:15.446 11675 INFO rally.task.engine [-] Running workload: position = 0 config = { "version": 2, "title": "A cropped version of a bigger task.", "description": "Auto-generated task from a single workload (uuid=0aa74920-d4c1-4e68-a332-63b83d0d7004)", "subtasks": [ { "title": "KeystoneBasic.create_and_list_tenants", "description": "Create a keystone tenant with random name and list all tenants.", "scenario": { "KeystoneBasic.create_and_list_tenants": {} }, "contexts": { "users": { "tenants": 3, "users_per_tenant": 2 } }, "runner": { "constant": { "concurrency": 4, "times": 10 } }, "hooks": [], "sla": { "failure_rate": { "max": 0 } } } ] }
2019-11-20 05:08:15.470 11675 RALLYDEBUG rally_openstack.contexts.keystone.users [-] Creating 3 tenants using 20 threads
2019-11-20 05:08:16.460 11675 RALLYDEBUG rally_openstack.contexts.keystone.users [-] Creating 6 users using 20 threads
2019-11-20 05:08:17.934 11675 INFO rally.task.context [-] Task edec17d1-d13f-4bee-8df2-3bc2a2fcd5d6 | Context users@openstack setup() finished in 2.46 sec
2019-11-20 05:08:17.935 11675 INFO rally.task.context [-] Task edec17d1-d13f-4bee-8df2-3bc2a2fcd5d6 | Context admin_cleanup@openstack setup() finished in 0.01 msec
2019-11-20 05:08:17.944 11675 RALLYDEBUG rally.task.runner [-] Starting the constant runner (task UUID: edec17d1-d13f-4bee-8df2-3bc2a2fcd5d6). times: 10 concurrency: 4 timeout: 0 max_cpu_used: 16 processes_to_start: 4 concurrency_per_worker: 1 concurrency_overhead: 0
2019-11-20 05:08:17.955 12167 RALLYDEBUG rally.task.runner [-] Starting a worker. times: 10 duration: None concurrency: 1 timeout: 0 cls: method_name: run args: {}
2019-11-20 05:08:17.959 12168 RALLYDEBUG rally.task.runner [-] Starting a worker. times: 10 duration: None concurrency: 1 timeout: 0 cls: method_name: run args: {}
2019-11-20 05:08:17.962 12167 INFO rally.task.runner [-] Task edec17d1-d13f-4bee-8df2-3bc2a2fcd5d6 | ITER: 1 START
2019-11-20 05:08:17.962 12169 RALLYDEBUG rally.task.runner [-] Starting a worker. times: 10 duration: None concurrency: 1 timeout: 0 cls: method_name: run args: {}
2019-11-20 05:08:17.965 12168 INFO rally.task.runner [-] Task edec17d1-d13f-4bee-8df2-3bc2a2fcd5d6 | ITER: 2 START
2019-11-20 05:08:17.966 12171 RALLYDEBUG rally.task.runner [-] Starting a worker. times: 10 duration: None concurrency: 1 timeout: 0 cls: method_name: run args: {}
2019-11-20 05:08:17.969 12169 INFO rally.task.runner [-] Task edec17d1-d13f-4bee-8df2-3bc2a2fcd5d6 | ITER: 3 START
2019-11-20 05:08:17.973 12171 INFO rally.task.runner [-] Task edec17d1-d13f-4bee-8df2-3bc2a2fcd5d6 | ITER: 4 START
2019-11-20 05:08:19.505 12171 INFO rally.task.runner [-] Task edec17d1-d13f-4bee-8df2-3bc2a2fcd5d6 | ITER: 4 END: OK
2019-11-20 05:08:19.508 12167 INFO rally.task.runner [-] Task edec17d1-d13f-4bee-8df2-3bc2a2fcd5d6 | ITER: 1 END: OK
2019-11-20 05:08:19.509 12171 INFO rally.task.runner [-] Task edec17d1-d13f-4bee-8df2-3bc2a2fcd5d6 | ITER: 5 START
2019-11-20 05:08:19.512 12167 INFO rally.task.runner [-] Task edec17d1-d13f-4bee-8df2-3bc2a2fcd5d6 | ITER: 6 START
2019-11-20 05:08:19.515 12168 INFO rally.task.runner [-] Task edec17d1-d13f-4bee-8df2-3bc2a2fcd5d6 | ITER: 2 END: OK
2019-11-20 05:08:19.519 12168 INFO rally.task.runner [-] Task edec17d1-d13f-4bee-8df2-3bc2a2fcd5d6 | ITER: 7 START
2019-11-20 05:08:19.759 12169 INFO rally.task.runner [-] Task edec17d1-d13f-4bee-8df2-3bc2a2fcd5d6 | ITER: 3 END: OK
2019-11-20 05:08:19.763 12169 INFO rally.task.runner [-] Task edec17d1-d13f-4bee-8df2-3bc2a2fcd5d6 | ITER: 8 START
2019-11-20 05:08:20.998 12167 INFO rally.task.runner [-] Task edec17d1-d13f-4bee-8df2-3bc2a2fcd5d6 | ITER: 6 END: OK
2019-11-20 05:08:21.002 12167 INFO rally.task.runner [-] Task edec17d1-d13f-4bee-8df2-3bc2a2fcd5d6 | ITER: 9 START
2019-11-20 05:08:21.003 12171 INFO rally.task.runner [-] Task edec17d1-d13f-4bee-8df2-3bc2a2fcd5d6 | ITER: 5 END: OK
2019-11-20 05:08:21.007 12171 INFO rally.task.runner [-] Task edec17d1-d13f-4bee-8df2-3bc2a2fcd5d6 | ITER: 10 START
2019-11-20 05:08:21.115 12168 INFO rally.task.runner [-] Task edec17d1-d13f-4bee-8df2-3bc2a2fcd5d6 | ITER: 7 END: OK
2019-11-20 05:08:21.368 12169 INFO rally.task.runner [-] Task edec17d1-d13f-4bee-8df2-3bc2a2fcd5d6 | ITER: 8 END: OK
2019-11-20 05:08:22.582 12171 INFO rally.task.runner [-] Task edec17d1-d13f-4bee-8df2-3bc2a2fcd5d6 | ITER: 10 END: OK
2019-11-20 05:08:22.583 12167 INFO rally.task.runner [-] Task edec17d1-d13f-4bee-8df2-3bc2a2fcd5d6 | ITER: 9 END: OK
2019-11-20 05:08:22.615 11675 INFO rally.task.context [-] Task edec17d1-d13f-4bee-8df2-3bc2a2fcd5d6 | Context admin_cleanup@openstack cleanup() started
2019-11-20 05:08:22.619 11675 RALLYDEBUG rally_openstack.cleanup.manager [-] Cleaning up keystone user objects
2019-11-20 05:08:23.418 11675 RALLYDEBUG rally_openstack.cleanup.manager [-] Cleaning up keystone project objects
2019-11-20 05:08:24.210 11675 RALLYDEBUG rally_openstack.cleanup.manager [-] Deleting keystone.project object s_rally_0aa74920_zHto0fPk (1605abbf282349969b46fdb037b6481e)
2019-11-20 05:08:24.226 11675 RALLYDEBUG rally_openstack.cleanup.manager [-] Deleting keystone.project object s_rally_0aa74920_AvGyz35i (319cb0e6457143eaa49d89d67b1d85a4)
2019-11-20 05:08:24.252 11675 RALLYDEBUG rally_openstack.cleanup.manager [-] Deleting keystone.project object s_rally_0aa74920_JZjtsdBa (a0e24de5b7ca4803960ea62e6f7fc91a)
2019-11-20 05:08:24.253 11675 RALLYDEBUG rally_openstack.cleanup.manager [-] Deleting keystone.project object s_rally_0aa74920_r0iT5RxO (53c49c0e7b17418fad240ca3f5562b87)
2019-11-20 05:08:24.255 11675 RALLYDEBUG rally_openstack.cleanup.manager [-] Deleting keystone.project object s_rally_0aa74920_q7Yikfd8 (37465b8d42cf4923bee5527fd6e444ec)
