2019-11-20 05:21:22.474 19125 INFO rally.task.runner [-] Task 038a406c-f7e9-46c3-8faa-692345260bf4 | ITER: 10 END: OK
2019-11-20 05:21:23.532 19126 INFO rally.task.runner [-] Task 038a406c-f7e9-46c3-8faa-692345260bf4 | ITER: 9 END: OK
2019-11-20 05:21:23.558 13785 INFO rally.task.context [-] Task 038a406c-f7e9-46c3-8faa-692345260bf4 | Context cleanup@openstack cleanup() started
2019-11-20 05:21:23.561 13785 RALLYDEBUG rally_openstack.cleanup.manager [-] Cleaning up neutron vip objects
2019-11-20 05:21:24.678 13785 RALLYDEBUG rally_openstack.cleanup.manager [-] Cleaning up neutron health_monitor objects
2019-11-20 05:21:25.781 13785 RALLYDEBUG rally_openstack.cleanup.manager [-] Cleaning up neutron pool objects
2019-11-20 05:21:26.869 13785 RALLYDEBUG rally_openstack.cleanup.manager [-] Cleaning up neutron loadbalancer objects
2019-11-20 05:21:27.979 13785 RALLYDEBUG rally_openstack.cleanup.manager [-] Cleaning up neutron floatingip objects
2019-11-20 05:21:29.194 13785 RALLYDEBUG rally_openstack.cleanup.manager [-] Cleaning up neutron trunk objects
2019-11-20 05:21:30.614 13785 RALLYDEBUG rally_openstack.cleanup.manager [-] Cleaning up neutron port objects
2019-11-20 05:21:31.882 13785 RALLYDEBUG rally_openstack.cleanup.manager [-] Cleaning up neutron subnet objects
2019-11-20 05:21:33.055 13785 RALLYDEBUG rally_openstack.cleanup.manager [-] Cleaning up neutron network objects
2019-11-20 05:21:34.613 13785 RALLYDEBUG rally_openstack.cleanup.manager [-] Deleting neutron.network object s_rally_2e0e623d_D7lLqbBX (045a2fb3-7203-47ed-a491-de1dc9eb327a)
2019-11-20 05:21:34.622 13785 RALLYDEBUG rally_openstack.cleanup.manager [-] Deleting neutron.network object s_rally_2e0e623d_EK8ljLVy (0e7d689b-7dd2-4793-bfa3-4fc20c7d3b69)
2019-11-20 05:21:34.630 13785 RALLYDEBUG rally_openstack.cleanup.manager [-] Deleting neutron.network object s_rally_2e0e623d_GMg96Yzn (2f561a38-5f9d-4d43-9255-eaf6360544c9)
2019-11-20 05:21:34.634 13785 RALLYDEBUG rally_openstack.cleanup.manager [-] Deleting neutron.network object s_rally_2e0e623d_PAelYvbH (31bc1727-ad51-40b8-a673-1424f9987633)
2019-11-20 05:21:34.648 13785 RALLYDEBUG rally_openstack.cleanup.manager [-] Deleting neutron.network object s_rally_2e0e623d_5FGhyYtG (d7e4c676-4aff-4a93-8f62-e6678e861c13)
2019-11-20 05:21:34.653 13785 RALLYDEBUG rally_openstack.cleanup.manager [-] Deleting neutron.network object s_rally_2e0e623d_icI2tgmc (39d0694b-4bab-40a0-8e3c-50c22868e6ac)
2019-11-20 05:21:34.671 13785 RALLYDEBUG rally_openstack.cleanup.manager [-] Deleting neutron.network object s_rally_2e0e623d_0V6gjGbO (f1dc1057-173a-46da-ad45-593919072b94)
2019-11-20 05:21:34.680 13785 RALLYDEBUG rally_openstack.cleanup.manager [-] Deleting neutron.network object s_rally_2e0e623d_tbLhYA02 (03f2f4a0-75dd-4719-aa3b-645c3a1ab2da)
2019-11-20 05:21:34.701 13785 RALLYDEBUG rally_openstack.cleanup.manager [-] Deleting neutron.network object s_rally_2e0e623d_7DdPuJcm (53e6d8e0-cb38-4695-be38-0c8842776e65)
2019-11-20 05:21:34.704 13785 RALLYDEBUG rally_openstack.cleanup.manager [-] Deleting neutron.network object s_rally_2e0e623d_LUpUXaOX (92fa70bb-bb23-4901-bd10-0fc6ec14657c)
2019-11-20 05:21:37.202 13785 RALLYDEBUG rally_openstack.cleanup.manager [-] Cleaning up neutron router objects
2019-11-20 05:21:38.566 13785 RALLYDEBUG rally_openstack.cleanup.manager [-] Deleting neutron.router object s_rally_2e0e623d_yLFnEd56 (1c1d0987-e928-4a4a-9601-a21e526fc5bd)
2019-11-20 05:21:38.575 13785 RALLYDEBUG rally_openstack.cleanup.manager [-] Deleting neutron.router object s_rally_2e0e623d_JAoBt4vG (4c0c6ef9-2a78-4f1d-933e-5ea08276e4f9)
2019-11-20 05:21:38.583 13785 RALLYDEBUG rally_openstack.cleanup.manager [-] Deleting neutron.router object s_rally_2e0e623d_OS2M5iVT (9a61cd34-fc38-4125-a240-e72023554361)
2019-11-20 05:21:38.587 13785 RALLYDEBUG rally_openstack.cleanup.manager [-] Deleting neutron.router object s_rally_2e0e623d_1SCJCH2R (9b319917-1392-41d3-9066-709dba4423da)
2019-11-20 05:21:38.602 13785 RALLYDEBUG rally_openstack.cleanup.manager [-] Deleting neutron.router object s_rally_2e0e623d_vzT1S1hG (a1d1604b-c7ff-4cfb-a7bb-d82ab64fe2b3)
2019-11-20 05:21:38.618 13785 RALLYDEBUG rally_openstack.cleanup.manager [-] Deleting neutron.router object s_rally_2e0e623d_x3kWGu7Z (5f92addb-7a85-4bd8-85d3-eb5b85c3265c)
2019-11-20 05:21:38.628 13785 RALLYDEBUG rally_openstack.cleanup.manager [-] Deleting neutron.router object s_rally_2e0e623d_RWfy9hdI (62d5ff9f-32d9-496d-8dfb-4fbba3460ac6)
2019-11-20 05:21:38.637 13785 RALLYDEBUG rally_openstack.cleanup.manager [-] Deleting neutron.router object s_rally_2e0e623d_Xu9IXGOn (33310977-1205-4d87-830e-bb072bcf39d1)
2019-11-20 05:21:38.641 13785 RALLYDEBUG rally_openstack.cleanup.manager [-] Deleting neutron.router object s_rally_2e0e623d_blleASCw (aca1b049-b6b2-4ae4-a625-6a7f09dad5a5)
2019-11-20 05:21:38.650 13785 RALLYDEBUG rally_openstack.cleanup.manager [-] Deleting neutron.router object s_rally_2e0e623d_oeh36ZmH (e856b824-2b02-4fad-a241-52fd2d581105)
2019-11-20 05:21:41.015 13785 RALLYDEBUG rally_openstack.cleanup.manager [-] Cleaning up neutron security_group objects
2019-11-20 05:21:42.281 13785 INFO rally.task.context [-] Task 038a406c-f7e9-46c3-8faa-692345260bf4 | Context cleanup@openstack cleanup() finished in 18.72 sec
2019-11-20 05:21:42.281 13785 INFO rally.task.context [-] Task 038a406c-f7e9-46c3-8faa-692345260bf4 | Context roles@openstack cleanup() started
2019-11-20 05:21:42.282 13785 RALLYDEBUG rally_openstack.contexts.keystone.roles [-] Removing assigned role 42ab3095b2fb430ea90e78615e6b4146 from all users
2019-11-20 05:21:43.359 13785 INFO rally.task.context [-] Task 038a406c-f7e9-46c3-8faa-692345260bf4 | Context roles@openstack cleanup() finished in 1.08 sec
2019-11-20 05:21:43.359 13785 INFO rally.task.context [-] Task 038a406c-f7e9-46c3-8faa-692345260bf4 | Context quotas@openstack cleanup() started
2019-11-20 05:21:43.638 13785 INFO rally.task.context [-] Task 038a406c-f7e9-46c3-8faa-692345260bf4 | Context quotas@openstack cleanup() finished in 0.28 sec
2019-11-20 05:21:43.639 13785 INFO rally.task.context [-] Task 038a406c-f7e9-46c3-8faa-692345260bf4 | Context users@openstack cleanup() started
2019-11-20 05:21:47.976 13785 INFO rally.task.context [-] Task 038a406c-f7e9-46c3-8faa-692345260bf4 | Context users@openstack cleanup() finished in 4.34 sec
2019-11-20 05:21:49.200 13785 INFO rally.task.engine [-] Load duration is: 13.360125
2019-11-20 05:21:49.201 13785 INFO rally.task.engine [-] Full runner duration is: 13.406801
2019-11-20 05:21:49.201 13785 INFO rally.task.engine [-] Full duration is: 47.004466
2019-11-20 05:21:49.558 13785 INFO rally.task.engine [-] Running workload: position = 0 config = { "version": 2, "title": "A cropped version of a bigger task.", "description": "Auto-generated task from a single workload (uuid=b1142ec2-25fe-4150-bef1-3851482c8ea7)", "subtasks": [ { "title": "NeutronNetworks.create_and_show_ports", "description": "Create a given number of ports and show created ports in trun.", "scenario": { "NeutronNetworks.create_and_show_ports": { "ports_per_network": 2 } }, "contexts": { "users": { "tenants": 3, "users_per_tenant": 2 }, "network": { "router": {} }, "quotas": { "neutron": { "network": -1, "router": -1 } } }, "runner": { "constant": { "concurrency": 4, "times": 10 } }, "hooks": [], "sla": { "failure_rate": { "max": 0 } } } ] }
2019-11-20 05:21:49.584 13785 RALLYDEBUG rally_openstack.contexts.keystone.users [-] Creating 3 tenants using 20 threads
2019-11-20 05:21:50.555 13785 RALLYDEBUG rally_openstack.contexts.keystone.users [-] Creating 6 users using 20 threads
2019-11-20 05:21:52.097 13785 INFO rally.task.context [-] Task 038a406c-f7e9-46c3-8faa-692345260bf4 | Context users@openstack setup() finished in 2.51 sec
2019-11-20 05:21:52.878 13785 INFO rally.task.context [-] Task 038a406c-f7e9-46c3-8faa-692345260bf4 | Context quotas@openstack setup() finished in 0.78 sec
2019-11-20 05:21:53.533 13785 RALLYDEBUG rally_openstack.wrappers.network [-] CIDR generated: 10.2.72.0/24
2019-11-20 05:21:54.366 13785 RALLYDEBUG rally_openstack.wrappers.network [-] CIDR generated: 10.2.73.0/24
2019-11-20 05:21:55.064 13785 RALLYDEBUG rally_openstack.wrappers.network [-] CIDR generated: 10.2.74.0/24
2019-11-20 05:21:55.589 13785 INFO rally.task.context [-] Task 038a406c-f7e9-46c3-8faa-692345260bf4 | Context network@openstack setup() finished in 2.71 sec
2019-11-20 05:21:55.589 13785 INFO rally.task.context [-] Task 038a406c-f7e9-46c3-8faa-692345260bf4 | Context cleanup@openstack setup() finished in 0.01 msec
2019-11-20 05:21:55.598 13785 RALLYDEBUG rally.task.runner [-] Starting the constant runner (task UUID: 038a406c-f7e9-46c3-8faa-692345260bf4). times: 10 concurrency: 4 timeout: 0 max_cpu_used: 16 processes_to_start: 4 concurrency_per_worker: 1 concurrency_overhead: 0
2019-11-20 05:21:55.609 19477 RALLYDEBUG rally.task.runner [-] Starting a worker. times: 10 duration: None concurrency: 1 timeout: 0 cls: method_name: run args: {"ports_per_network": 2}
2019-11-20 05:21:55.612 19478 RALLYDEBUG rally.task.runner [-] Starting a worker. times: 10 duration: None concurrency: 1 timeout: 0 cls: method_name: run args: {"ports_per_network": 2}
2019-11-20 05:21:55.616 19477 INFO rally.task.runner [-] Task 038a406c-f7e9-46c3-8faa-692345260bf4 | ITER: 1 START
2019-11-20 05:21:55.615 19479 RALLYDEBUG rally.task.runner [-] Starting a worker. times: 10 duration: None concurrency: 1 timeout: 0 cls: method_name: run args: {"ports_per_network": 2}
2019-11-20 05:21:55.619 19478 INFO rally.task.runner [-] Task 038a406c-f7e9-46c3-8faa-692345260bf4 | ITER: 2 START
2019-11-20 05:21:55.619 19480 RALLYDEBUG rally.task.runner [-] Starting a worker. times: 10 duration: None concurrency: 1 timeout: 0 cls: method_name: run args: {"ports_per_network": 2}
2019-11-20 05:21:55.622 19479 INFO rally.task.runner [-] Task 038a406c-f7e9-46c3-8faa-692345260bf4 | ITER: 3 START
2019-11-20 05:21:55.626 19480 INFO rally.task.runner [-] Task 038a406c-f7e9-46c3-8faa-692345260bf4 | ITER: 4 START
2019-11-20 05:21:57.350 19477 INFO rally.task.runner [-] Task 038a406c-f7e9-46c3-8faa-692345260bf4 | ITER: 1 END: OK
2019-11-20 05:21:57.355 19477 INFO rally.task.runner [-] Task 038a406c-f7e9-46c3-8faa-692345260bf4 | ITER: 5 START
2019-11-20 05:21:57.636 19480 INFO rally.task.runner [-] Task 038a406c-f7e9-46c3-8faa-692345260bf4 | ITER: 4 END: OK
2019-11-20 05:21:57.641 19480 INFO rally.task.runner [-] Task 038a406c-f7e9-46c3-8faa-692345260bf4 | ITER: 6 START
2019-11-20 05:21:57.666 19479 INFO rally.task.runner [-] Task 038a406c-f7e9-46c3-8faa-692345260bf4 | ITER: 3 END: OK
2019-11-20 05:21:57.671 19479 INFO rally.task.runner [-] Task 038a406c-f7e9-46c3-8faa-692345260bf4 | ITER: 7 START
2019-11-20 05:21:57.922 19478 INFO rally.task.runner [-] Task 038a406c-f7e9-46c3-8faa-692345260bf4 | ITER: 2 END: OK
2019-11-20 05:21:57.927 19478 INFO rally.task.runner [-] Task 038a406c-f7e9-46c3-8faa-692345260bf4 | ITER: 8 START
2019-11-20 05:21:59.219 19477 INFO rally.task.runner [-] Task 038a406c-f7e9-46c3-8faa-692345260bf4 | ITER: 5 END: OK
2019-11-20 05:21:59.224 19477 INFO rally.task.runner [-] Task 038a406c-f7e9-46c3-8faa-692345260bf4 | ITER: 9 START
2019-11-20 05:21:59.640 19478 INFO rally.task.runner [-] Task 038a406c-f7e9-46c3-8faa-692345260bf4 | ITER: 8 END: OK
2019-11-20 05:21:59.643 19478 INFO rally.task.runner [-] Task 038a406c-f7e9-46c3-8faa-692345260bf4 | ITER: 10 START
2019-11-20 05:21:59.655 19480 INFO rally.task.runner [-] Task 038a406c-f7e9-46c3-8faa-692345260bf4 | ITER: 6 END: OK
2019-11-20 05:21:59.761 19479 INFO rally.task.runner [-] Task 038a406c-f7e9-46c3-8faa-692345260bf4 | ITER: 7 END: OK
2019-11-20 05:22:00.933 19477 INFO rally.task.runner [-] Task 038a406c-f7e9-46c3-8faa-692345260bf4 | ITER: 9 END: OK
2019-11-20 05:22:01.497 19478 INFO rally.task.runner [-] Task 038a406c-f7e9-46c3-8faa-692345260bf4 | ITER: 10 END: OK
2019-11-20 05:22:01.520 13785 INFO rally.task.context [-] Task 038a406c-f7e9-46c3-8faa-692345260bf4 | Context cleanup@openstack cleanup() started
2019-11-20 05:22:01.524 13785 RALLYDEBUG rally_openstack.cleanup.manager [-] Cleaning up neutron vip objects
2019-11-20 05:22:02.716 13785 RALLYDEBUG rally_openstack.cleanup.manager [-] Cleaning up neutron health_monitor objects
2019-11-20 05:22:04.014 13785 RALLYDEBUG rally_openstack.cleanup.manager [-] Cleaning up neutron pool objects
2019-11-20 05:22:05.128 13785 RALLYDEBUG rally_openstack.cleanup.manager [-] Cleaning up neutron loadbalancer objects
2019-11-20 05:22:06.265 13785 RALLYDEBUG rally_openstack.cleanup.manager [-] Cleaning up neutron floatingip objects
2019-11-20 05:22:07.509 13785 RALLYDEBUG rally_openstack.cleanup.manager [-] Cleaning up neutron trunk objects
2019-11-20 05:22:08.638 13785 RALLYDEBUG rally_openstack.cleanup.manager [-] Cleaning up neutron port objects
2019-11-20 05:22:10.005 13785 RALLYDEBUG rally_openstack.cleanup.manager [-] Deleting neutron.port object s_rally_b1142ec2_IIIwlxvJ (2a179ee2-90e9-45d1-b40d-baa799ca5eec)
2019-11-20 05:22:10.014 13785 RALLYDEBUG rally_openstack.cleanup.manager [-] Deleting neutron.port object s_rally_b1142ec2_FKhX6keQ (38b5e66b-4162-4537-989d-e1e0de8395d8)
2019-11-20 05:22:10.034 13785 RALLYDEBUG rally_openstack.cleanup.manager [-] Deleting neutron.port object s_rally_b1142ec2_2vqeG26L (874bbb92-cfe3-4b92-a45b-49091723ee9e)
2019-11-20 05:22:10.037 13785 RALLYDEBUG rally_openstack.cleanup.manager [-] Deleting neutron.port object s_rally_b1142ec2_BlHM56Aq (2e528aab-6456-4a37-af6f-81082b74e3f9)
2019-11-20 05:22:10.038 13785 RALLYDEBUG rally_openstack.cleanup.manager [-] Deleting neutron.port object s_rally_b1142ec2_u8P25Qls (ffb73287-4ec9-4d41-9d36-bc611be3bb61)
2019-11-20 05:22:10.046 13785 RALLYDEBUG rally_openstack.cleanup.manager [-] Deleting neutron.port object s_rally_b1142ec2_6jIMoJun (4a7db1d6-a2d4-492e-bf2d-c99c3f19b4ed)
2019-11-20 05:22:10.067 13785 RALLYDEBUG rally_openstack.cleanup.manager [-] Deleting neutron.port object s_rally_b1142ec2_J5OyoSTC (71a2c5fb-349e-493f-9706-85fa2834b1f0)
2019-11-20 05:22:10.079 13785 RALLYDEBUG rally_openstack.cleanup.manager [-] Deleting neutron.port object s_rally_b1142ec2_N0hC8Mch (b0c39ac5-5e1a-46aa-b553-052e81ca7635)
2019-11-20 05:22:10.098 13785 RALLYDEBUG rally_openstack.cleanup.manager [-] Deleting neutron.port object s_rally_b1142ec2_qAT8AB6s (ccfd9073-1b3f-496e-be4a-f4765ecaae96)
2019-11-20 05:22:10.103 13785 RALLYDEBUG rally_openstack.cleanup.manager [-] Deleting neutron.port object s_rally_b1142ec2_sk0mB9x3 (e12e9566-6034-408f-9a48-8487c11d602d)
2019-11-20 05:22:10.122 13785 RALLYDEBUG rally_openstack.cleanup.manager [-] Deleting neutron.port object s_rally_b1142ec2_NTdMuYCG (02ab0ec7-de4e-44ba-979f-33fc5c64172e)
2019-11-20 05:22:10.127 13785 RALLYDEBUG rally_openstack.cleanup.manager [-] Deleting neutron.port object s_rally_b1142ec2_U9IX50Ca (13b6b817-787f-43b0-94a6-4ab531f309ae)
2019-11-20 05:22:10.155 13785 RALLYDEBUG rally_openstack.cleanup.manager [-] Deleting neutron.port object s_rally_b1142ec2_DmQxSus2 (157c52ae-a139-4eb8-91bd-a6246c971cd3)
2019-11-20 05:22:10.173 13785 RALLYDEBUG rally_openstack.cleanup.manager [-] Deleting neutron.port object s_rally_b1142ec2_J7oRgUIU (1ea6b8eb-ced9-431a-a932-e3577f99d6a3)
2019-11-20 05:22:10.180 13785 RALLYDEBUG rally_openstack.cleanup.manager [-] Deleting neutron.port object s_rally_b1142ec2_07vr7h2w (5216d817-6768-4b8e-b8ec-6c3f6160efe3)
2019-11-20 05:22:10.211 13785 RALLYDEBUG rally_openstack.cleanup.manager [-] Deleting neutron.port object s_rally_b1142ec2_plBvM4Rv (5aa8f3df-1c59-4577-a260-29108fc31639)
2019-11-20 05:22:10.242 13785 RALLYDEBUG rally_openstack.cleanup.manager [-] Deleting neutron.port object s_rally_b1142ec2_TclArzn6 (626c23f6-cebc-47d8-b08f-437c094b8707)
2019-11-20 05:22:10.245 13785 RALLYDEBUG rally_openstack.cleanup.manager [-] Deleting neutron.port object s_rally_b1142ec2_XAfuLTG6 (664e8e0a-7e93-4bc0-a8df-67dfdab6fa63)
2019-11-20 05:22:10.256 13785 RALLYDEBUG rally_openstack.cleanup.manager [-] Deleting neutron.port object s_rally_b1142ec2_ZRrXRXqx (7a71cdd5-8bcc-498e-ae2c-6e3d2fa054e5)
2019-11-20 05:22:10.272 13785 RALLYDEBUG rally_openstack.cleanup.manager [-] Deleting neutron.port object s_rally_b1142ec2_4yQkMhfM (ee9f0b6e-63e8-4038-8b35-8076ecc2dc5e)
2019-11-20 05:22:12.930 13785 RALLYDEBUG rally_openstack.cleanup.manager [-] Cleaning up neutron subnet objects
2019-11-20 05:22:14.563 13785 RALLYDEBUG rally_openstack.cleanup.manager [-] Cleaning up neutron network objects
2019-11-20 05:22:16.147 13785 RALLYDEBUG rally_openstack.cleanup.manager [-] Cleaning up neutron router objects
2019-11-20 05:22:17.378 13785 RALLYDEBUG rally_openstack.cleanup.manager [-] Cleaning up neutron security_group objects
2019-11-20 05:22:18.609 13785 INFO rally.task.context [-] Task 038a406c-f7e9-46c3-8faa-692345260bf4 | Context cleanup@openstack cleanup() finished in 17.09 sec
2019-11-20 05:22:18.610 13785 INFO rally.task.context [-] Task 038a406c-f7e9-46c3-8faa-692345260bf4 | Context network@openstack cleanup() started
2019-11-20 05:22:29.031 13785 INFO rally.task.context [-] Task 038a406c-f7e9-46c3-8faa-692345260bf4 | Context network@openstack cleanup() finished in 10.42 sec
2019-11-20 05:22:29.031 13785 INFO rally.task.context [-] Task 038a406c-f7e9-46c3-8faa-692345260bf4 | Context quotas@openstack cleanup() started
2019-11-20 05:22:29.258 13785 INFO rally.task.context [-] Task 038a406c-f7e9-46c3-8faa-692345260bf4 | Context quotas@openstack cleanup() finished in 0.23 sec
2019-11-20 05:22:29.259 13785 INFO rally.task.context [-] Task 038a406c-f7e9-46c3-8faa-692345260bf4 | Context users@openstack cleanup() started
2019-11-20 05:22:33.736 13785 INFO rally.task.context [-] Task 038a406c-f7e9-46c3-8faa-692345260bf4 | Context users@openstack cleanup() finished in 4.48 sec
2019-11-20 05:22:33.806 13785 INFO rally.task.engine [-] Load duration is: 5.879322
2019-11-20 05:22:33.807 13785 INFO rally.task.engine [-] Full runner duration is: 5.922694
2019-11-20 05:22:33.807 13785 INFO rally.task.engine [-] Full duration is: 44.154429
2019-11-20 05:22:34.151 13785 INFO rally.task.engine [-] Running workload: position = 0 config = { "version": 2, "title": "A cropped version of a bigger task.", "description": "Auto-generated task from a single workload (uuid=d87ecd55-a438-4501-9d36-1028989dc6ea)", "subtasks": [ { "title": "NeutronNetworks.create_and_show_routers", "description": "Create and show a given number of routers.", "scenario": { "NeutronNetworks.create_and_show_routers": { "subnets_per_network": 2 } }, "contexts": { "users": { "tenants": 3, "users_per_tenant": 2 }, "quotas": { "neutron": { "network": -1, "subnet": -1, "router": -1 } } }, "runner": { "constant": { "concurrency": 4, "times": 10 } }, "hooks": [], "sla": { "failure_rate": { "max": 0 } } } ] }
2019-11-20 05:22:34.175 13785 RALLYDEBUG rally_openstack.contexts.keystone.users [-] Creating 3 tenants using 20 threads
2019-11-20 05:22:35.159 13785 RALLYDEBUG rally_openstack.contexts.keystone.users [-] Creating 6 users using 20 threads
2019-11-20 05:22:36.757 13785 INFO rally.task.context [-] Task 038a406c-f7e9-46c3-8faa-692345260bf4 | Context users@openstack setup() finished in 2.58 sec
2019-11-20 05:22:37.497 13785 INFO rally.task.context [-] Task 038a406c-f7e9-46c3-8faa-692345260bf4 | Context quotas@openstack setup() finished in 0.74 sec
2019-11-20 05:22:37.497 13785 INFO rally.task.context [-] Task 038a406c-f7e9-46c3-8faa-692345260bf4 | Context cleanup@openstack setup() finished in 0.01 msec
2019-11-20 05:22:37.506 13785 RALLYDEBUG rally.task.runner [-] Starting the constant runner (task UUID: 038a406c-f7e9-46c3-8faa-692345260bf4). times: 10 concurrency: 4 timeout: 0 max_cpu_used: 16 processes_to_start: 4 concurrency_per_worker: 1 concurrency_overhead: 0
2019-11-20 05:22:37.517 19801 RALLYDEBUG rally.task.runner [-] Starting a worker. times: 10 duration: None concurrency: 1 timeout: 0 cls: method_name: run args: {"subnets_per_network": 2}
2019-11-20 05:22:37.521 19802 RALLYDEBUG rally.task.runner [-] Starting a worker. times: 10 duration: None concurrency: 1 timeout: 0 cls: method_name: run args: {"subnets_per_network": 2}
2019-11-20 05:22:37.524 19801 INFO rally.task.runner [-] Task 038a406c-f7e9-46c3-8faa-692345260bf4 | ITER: 1 START
2019-11-20 05:22:37.524 19803 RALLYDEBUG rally.task.runner [-] Starting a worker. times: 10 duration: None concurrency: 1 timeout: 0 cls: method_name: run args: {"subnets_per_network": 2}
2019-11-20 05:22:37.528 19802 INFO rally.task.runner [-] Task 038a406c-f7e9-46c3-8faa-692345260bf4 | ITER: 2 START
2019-11-20 05:22:37.528 19805 RALLYDEBUG rally.task.runner [-] Starting a worker. times: 10 duration: None concurrency: 1 timeout: 0 cls: method_name: run args: {"subnets_per_network": 2}
2019-11-20 05:22:37.530 19803 INFO rally.task.runner [-] Task 038a406c-f7e9-46c3-8faa-692345260bf4 | ITER: 3 START
2019-11-20 05:22:37.534 19805 INFO rally.task.runner [-] Task 038a406c-f7e9-46c3-8faa-692345260bf4 | ITER: 4 START
2019-11-20 05:22:38.163 19802 RALLYDEBUG rally_openstack.wrappers.network [-] CIDR generated: 10.2.75.0/24
2019-11-20 05:22:38.179 19801 RALLYDEBUG rally_openstack.wrappers.network [-] CIDR generated: 10.2.76.0/24
2019-11-20 05:22:38.704 19803 RALLYDEBUG rally_openstack.wrappers.network [-] CIDR generated: 10.2.77.0/24
2019-11-20 05:22:38.768 19802 RALLYDEBUG rally_openstack.wrappers.network [-] CIDR generated: 10.2.78.0/24
2019-11-20 05:22:38.778 19801 RALLYDEBUG rally_openstack.wrappers.network [-] CIDR generated: 10.2.79.0/24
2019-11-20 05:22:38.948 19805 RALLYDEBUG rally_openstack.wrappers.network [-] CIDR generated: 10.2.80.0/24
2019-11-20 05:22:39.690 19803 RALLYDEBUG rally_openstack.wrappers.network [-] CIDR generated: 10.2.81.0/24
2019-11-20 05:22:39.774 19805 RALLYDEBUG rally_openstack.wrappers.network [-] CIDR generated: 10.2.82.0/24
2019-11-20 05:22:43.678 19802 INFO rally.task.runner [-] Task 038a406c-f7e9-46c3-8faa-692345260bf4 | ITER: 2 END: OK
2019-11-20 05:22:43.682 19802 INFO rally.task.runner [-] Task 038a406c-f7e9-46c3-8faa-692345260bf4 | ITER: 5 START
2019-11-20 05:22:43.687 19801 INFO rally.task.runner [-] Task 038a406c-f7e9-46c3-8faa-692345260bf4 | ITER: 1 END: OK
2019-11-20 05:22:43.692 19801 INFO rally.task.runner [-] Task 038a406c-f7e9-46c3-8faa-692345260bf4 | ITER: 6 START
2019-11-20 05:22:44.174 19801 RALLYDEBUG rally_openstack.wrappers.network [-] CIDR generated: 10.2.83.0/24
2019-11-20 05:22:44.392 19802 RALLYDEBUG rally_openstack.wrappers.network [-] CIDR generated: 10.2.84.0/24
2019-11-20 05:22:44.412 19805 INFO rally.task.runner [-] Task 038a406c-f7e9-46c3-8faa-692345260bf4 | ITER: 4 END: OK
2019-11-20 05:22:44.416 19805 INFO rally.task.runner [-] Task 038a406c-f7e9-46c3-8faa-692345260bf4 | ITER: 7 START
2019-11-20 05:22:44.847 19803 INFO rally.task.runner [-] Task 038a406c-f7e9-46c3-8faa-692345260bf4 | ITER: 3 END: OK
2019-11-20 05:22:44.850 19803 INFO rally.task.runner [-] Task 038a406c-f7e9-46c3-8faa-692345260bf4 | ITER: 8 START
2019-11-20 05:22:44.991 19802 RALLYDEBUG rally_openstack.wrappers.network [-] CIDR generated: 10.2.85.0/24
2019-11-20 05:22:45.047 19805 RALLYDEBUG rally_openstack.wrappers.network [-] CIDR generated: 10.2.86.0/24
2019-11-20 05:22:45.055 19801 RALLYDEBUG rally_openstack.wrappers.network [-] CIDR generated: 10.2.87.0/24
2019-11-20 05:22:45.555 19803 RALLYDEBUG rally_openstack.wrappers.network [-] CIDR generated: 10.2.88.0/24
2019-11-20 05:22:45.706 19805 RALLYDEBUG rally_openstack.wrappers.network [-] CIDR generated: 10.2.89.0/24
2019-11-20 05:22:46.255 19803 RALLYDEBUG rally_openstack.wrappers.network [-] CIDR generated: 10.2.90.0/24
2019-11-20 05:22:49.719 19801 INFO rally.task.runner [-] Task 038a406c-f7e9-46c3-8faa-692345260bf4 | ITER: 6 END: OK
2019-11-20 05:22:49.724 19801 INFO rally.task.runner [-] Task 038a406c-f7e9-46c3-8faa-692345260bf4 | ITER: 9 START
2019-11-20 05:22:50.266 19801 RALLYDEBUG rally_openstack.wrappers.network [-] CIDR generated: 10.2.91.0/24
2019-11-20 05:22:50.285 19802 INFO rally.task.runner [-] Task 038a406c-f7e9-46c3-8faa-692345260bf4 | ITER: 5 END: OK
2019-11-20 05:22:50.288 19802 INFO rally.task.runner [-] Task 038a406c-f7e9-46c3-8faa-692345260bf4 | ITER: 10 START
2019-11-20 05:22:50.789 19802 RALLYDEBUG rally_openstack.wrappers.network [-] CIDR generated: 10.2.92.0/24
2019-11-20 05:22:50.808 19803 INFO rally.task.runner [-] Task 038a406c-f7e9-46c3-8faa-692345260bf4 | ITER: 8 END: OK
2019-11-20 05:22:51.031 19801 RALLYDEBUG rally_openstack.wrappers.network [-] CIDR generated: 10.2.93.0/24
2019-11-20 05:22:51.518 19805 INFO rally.task.runner [-] Task 038a406c-f7e9-46c3-8faa-692345260bf4 | ITER: 7 END: OK
2019-11-20 05:22:51.885 19802 RALLYDEBUG rally_openstack.wrappers.network [-] CIDR generated: 10.2.94.0/24
2019-11-20 05:22:55.588 19801 INFO rally.task.runner [-] Task 038a406c-f7e9-46c3-8faa-692345260bf4 | ITER: 9 END: OK
2019-11-20 05:22:56.575 19802 INFO rally.task.runner [-] Task 038a406c-f7e9-46c3-8faa-692345260bf4 | ITER: 10 END: OK
2019-11-20 05:22:56.602 13785 INFO rally.task.context [-] Task 038a406c-f7e9-46c3-8faa-692345260bf4 | Context cleanup@openstack cleanup() started
2019-11-20 05:22:56.605 13785 RALLYDEBUG rally_openstack.cleanup.manager [-] Cleaning up neutron vip objects
2019-11-20 05:22:58.054 13785 RALLYDEBUG rally_openstack.cleanup.manager [-] Cleaning up neutron health_monitor objects
2019-11-20 05:22:59.392 13785 RALLYDEBUG rally_openstack.cleanup.manager [-] Cleaning up neutron pool objects
2019-11-20 05:23:00.739 13785 RALLYDEBUG rally_openstack.cleanup.manager [-] Cleaning up neutron loadbalancer objects
2019-11-20 05:23:01.782 13785 RALLYDEBUG rally_openstack.cleanup.manager [-] Cleaning up neutron floatingip objects
2019-11-20 05:23:02.949 13785 RALLYDEBUG rally_openstack.cleanup.manager [-] Cleaning up neutron trunk objects
2019-11-20 05:23:04.511 13785 RALLYDEBUG rally_openstack.cleanup.manager [-] Cleaning up neutron port objects
2019-11-20 05:23:06.275 13785 RALLYDEBUG rally_openstack.cleanup.manager [-] Deleting neutron.port object s_rally_d87ecd55_JJGC9VHa (42a45fbd-7c8d-470f-af2d-57d6ba464953)
2019-11-20 05:23:06.290 13785 RALLYDEBUG rally_openstack.cleanup.manager [-] Deleting neutron.port object s_rally_d87ecd55_NSdEjNB3 (a8a2d3e5-ff90-42bc-b0d9-db2fe41203e6)
2019-11-20 05:23:06.293 13785 RALLYDEBUG rally_openstack.cleanup.manager [-] Deleting neutron.port object s_rally_d87ecd55_nFgUjw9q (af2ab6f1-0de7-486d-9e74-edd04571128a)
2019-11-20 05:23:06.302 13785 RALLYDEBUG rally_openstack.cleanup.manager [-] Deleting neutron.port object s_rally_d87ecd55_7HDGH8aq (e13c67d5-d8ed-4fad-b986-31d9ad78b056)
2019-11-20 05:23:06.322 13785 RALLYDEBUG rally_openstack.cleanup.manager [-] Deleting neutron.port object s_rally_d87ecd55_r3W9EBs1 (3615d21c-e89b-4bca-b470-5b1f4587cb3e)
2019-11-20 05:23:06.350 13785 RALLYDEBUG rally_openstack.cleanup.manager [-] Deleting neutron.port object s_rally_d87ecd55_lf2Z2Hcd (46080329-c60f-4d84-ab25-e102277899d8)
2019-11-20 05:23:06.375 13785 RALLYDEBUG rally_openstack.cleanup.manager [-] Deleting neutron.port object s_rally_d87ecd55_OIXdKHX8 (a37fd233-38c0-475e-898f-02a6ce47fcf1)
2019-11-20 05:23:06.382 13785 RALLYDEBUG rally_openstack.cleanup.manager [-] Deleting neutron.port object s_rally_d87ecd55_4KsqQXz1 (5e2a4c20-e54a-4c94-8c52-8d1fb9b67f64)
2019-11-20 05:23:06.397 13785 RALLYDEBUG rally_openstack.cleanup.manager [-] Deleting neutron.port object s_rally_d87ecd55_6lv6CvOg (d6c7b7c8-97a7-4231-a4a6-e1c770cbb9f8)
2019-11-20 05:23:06.407 13785 RALLYDEBUG rally_openstack.cleanup.manager [-] Deleting neutron.port object s_rally_d87ecd55_9lunTsHS (e4373f82-aa86-4ea8-9e92-ea55a5201f60)
2019-11-20 05:23:06.445 13785 RALLYDEBUG rally_openstack.cleanup.manager [-] Deleting neutron.port object s_rally_d87ecd55_k0zxasUe (15aea221-d276-4ee8-8ea0-29c6cc3a97bc)
2019-11-20 05:23:06.452 13785 RALLYDEBUG rally_openstack.cleanup.manager [-] Deleting neutron.port object s_rally_d87ecd55_cgmPJN1i (0a36883f-c536-429b-9be3-91e2b30a72f9)
2019-11-20 05:23:06.469 13785 RALLYDEBUG rally_openstack.cleanup.manager [-] Deleting neutron.port object s_rally_d87ecd55_RLXF3al5 (15da35e3-afd1-4af3-a256-932d6bb20b83)
2019-11-20 05:23:06.493 13785 RALLYDEBUG rally_openstack.cleanup.manager [-] Deleting neutron.port object s_rally_d87ecd55_u9ibMA1F (5457c6ef-fc6b-4fb0-8e58-0c0ceefe0a16)
2019-11-20 05:23:06.518 13785 RALLYDEBUG rally_openstack.cleanup.manager [-] Deleting neutron.port object s_rally_d87ecd55_SwTsyiLo (8919a836-4a58-4692-abcc-20a7bc78b25d)
2019-11-20 05:23:06.530 13785 RALLYDEBUG rally_openstack.cleanup.manager [-] Deleting neutron.port object s_rally_d87ecd55_3L5Yuq7G (b0dc5c61-a025-4bc5-9e70-c67e2211649b)
2019-11-20 05:23:06.541 13785 RALLYDEBUG rally_openstack.cleanup.manager [-] Deleting neutron.port object s_rally_d87ecd55_2bnXoP91 (c3128797-c38a-4c4b-a7d4-ae17118fdf0e)
2019-11-20 05:23:06.549 13785 RALLYDEBUG rally_openstack.cleanup.manager [-] Deleting neutron.port object s_rally_d87ecd55_lLo5Lnys (eb6080b5-2297-405b-bf86-0891b767edda)
2019-11-20 05:23:06.553 13785 RALLYDEBUG rally_openstack.cleanup.manager [-] Deleting neutron.port object s_rally_d87ecd55_FrG3TYbz (fc9170a1-9b8d-4467-80c7-63bb11248312)
2019-11-20 05:23:06.560 13785 RALLYDEBUG rally_openstack.cleanup.manager [-] Deleting neutron.port object s_rally_d87ecd55_CuLWXzVX (fcca04c5-f580-476b-9d84-8226922af00b)
2019-11-20 05:23:12.824 13785 RALLYDEBUG rally_openstack.cleanup.manager [-] Cleaning up neutron subnet objects
2019-11-20 05:23:14.052 13785 RALLYDEBUG rally_openstack.cleanup.manager [-] Deleting neutron.subnet object s_rally_d87ecd55_6PH8bPSQ (0ffde3fb-b180-4097-b781-a009126a8b61)
2019-11-20 05:23:14.061 13785 RALLYDEBUG rally_openstack.cleanup.manager [-] Deleting neutron.subnet object s_rally_d87ecd55_OjQviYQJ (3c796c9c-dde9-44b2-84fe-539244553bf7)
2019-11-20 05:23:14.070 13785 RALLYDEBUG rally_openstack.cleanup.manager [-] Deleting neutron.subnet object s_rally_d87ecd55_wDtAQgR0 (8675d9af-8ea3-41d3-bbd0-fbd6f845acd4)
2019-11-20 05:23:14.079 13785 RALLYDEBUG rally_openstack.cleanup.manager [-] Deleting neutron.subnet object s_rally_d87ecd55_xVX6ljBZ (c485e2f9-95bc-4b09-986f-3284fcf5cc18)
2019-11-20 05:23:14.084 13785 RALLYDEBUG rally_openstack.cleanup.manager [-] Deleting neutron.subnet object s_rally_d87ecd55_s5MR8mF9 (021f3410-6859-4c01-86db-e2c78bb9386c)
2019-11-20 05:23:14.092 13785 RALLYDEBUG rally_openstack.cleanup.manager [-] Deleting neutron.subnet object s_rally_d87ecd55_2wVwuVex (8d06df8f-ce51-4483-8277-14f4b9cfc2c7)
2019-11-20 05:23:14.102 13785 RALLYDEBUG rally_openstack.cleanup.manager [-] Deleting neutron.subnet object s_rally_d87ecd55_2LdTXVae (c53c91a1-7e8b-4877-ba71-99250978342d)
2019-11-20 05:23:14.117 13785 RALLYDEBUG rally_openstack.cleanup.manager [-] Deleting neutron.subnet object s_rally_d87ecd55_Usgf9zBs (d006fcab-b0ad-480b-885a-4627a29d75c0)
2019-11-20 05:23:14.122 13785 RALLYDEBUG rally_openstack.cleanup.manager [-] Deleting neutron.subnet object s_rally_d87ecd55_RbihKpsE (df15ea19-7169-4ef4-b263-0e92c61fd54d)
2019-11-20 05:23:14.130 13785 RALLYDEBUG rally_openstack.cleanup.manager [-] Deleting neutron.subnet object s_rally_d87ecd55_RvZoen2V (e33a4829-8fbe-462c-a00a-dd893972d6b4)
2019-11-20 05:23:14.155 13785 RALLYDEBUG rally_openstack.cleanup.manager [-] Deleting neutron.subnet object s_rally_d87ecd55_kC3ppi3W (1118866a-7cfb-4544-be20-89b78f87e402)
2019-11-20 05:23:14.168 13785 RALLYDEBUG rally_openstack.cleanup.manager [-] Deleting neutron.subnet object s_rally_d87ecd55_XluI7IgD (1bf0215e-2c26-4c0d-97af-6e0f670e2735)
2019-11-20 05:23:14.194 13785 RALLYDEBUG rally_openstack.cleanup.manager [-] Deleting neutron.subnet object s_rally_d87ecd55_WaYJZITD (2e0d9d33-0568-4c13-a4c0-7895e17025c3)
2019-11-20 05:23:14.204 13785 RALLYDEBUG rally_openstack.cleanup.manager [-] Deleting neutron.subnet object s_rally_d87ecd55_EHkJ7m5n (3f6ea224-b4a1-442f-ae5f-aac809475e9f)
2019-11-20 05:23:14.217 13785 RALLYDEBUG rally_openstack.cleanup.manager [-] Deleting neutron.subnet object s_rally_d87ecd55_LbIliH8J (68831a00-38e2-4fc7-9164-923abed52072)
2019-11-20 05:23:14.226 13785 RALLYDEBUG rally_openstack.cleanup.manager [-] Deleting neutron.subnet object s_rally_d87ecd55_hMRXmPIP (6ad69d35-6c35-4ed2-a2a3-f5a88f896c59)
2019-11-20 05:23:14.232 13785 RALLYDEBUG rally_openstack.cleanup.manager [-] Deleting neutron.subnet object s_rally_d87ecd55_EQP8mjOJ (d34518f4-a1b6-4ac5-9212-6c5e3b34470f)
2019-11-20 05:23:14.245 13785 RALLYDEBUG rally_openstack.cleanup.manager [-] Deleting neutron.subnet object s_rally_d87ecd55_pzPFC1DS (d480a66b-47ae-4ace-a3d9-8059745bfbca)
2019-11-20 05:23:14.257 13785 RALLYDEBUG rally_openstack.cleanup.manager [-] Deleting neutron.subnet object s_rally_d87ecd55_3dJKTNLb (eb5ba96a-73e5-4886-9bb3-bbc3e795e250)
2019-11-20 05:23:14.271 13785 RALLYDEBUG rally_openstack.cleanup.manager [-] Deleting neutron.subnet object s_rally_d87ecd55_OwxmjkVP (f930e4b6-edf7-469a-b330-d0616c56b787)
2019-11-20 05:23:20.606 13785 RALLYDEBUG rally_openstack.cleanup.manager [-] Cleaning up neutron network objects
2019-11-20 05:23:21.895 13785 RALLYDEBUG rally_openstack.cleanup.manager [-] Deleting neutron.network object s_rally_d87ecd55_2JNbyGUD (56b23ccc-0544-458e-b30b-66d883f6e362)
2019-11-20 05:23:21.904 13785 RALLYDEBUG rally_openstack.cleanup.manager [-] Deleting neutron.network object s_rally_d87ecd55_YHeL9DaA (af935fd3-555c-4994-bcbd-7d24218dce8e)
2019-11-20 05:23:21.913 13785 RALLYDEBUG rally_openstack.cleanup.manager [-] Deleting neutron.network object s_rally_d87ecd55_rdBBq67X (10c0164f-444f-47e4-8129-bc45bdef1c72)
2019-11-20 05:23:21.921 13785 RALLYDEBUG rally_openstack.cleanup.manager [-] Deleting neutron.network object s_rally_d87ecd55_M1If7h38 (83f14f88-615a-44f1-8672-261a868e6571)
2019-11-20 05:23:21.926 13785 RALLYDEBUG rally_openstack.cleanup.manager [-] Deleting neutron.network object s_rally_d87ecd55_mVV88gVG (aa6e3df4-3feb-482e-b1b0-e49a2a4814cc)
2019-11-20 05:23:21.943 13785 RALLYDEBUG rally_openstack.cleanup.manager [-] Deleting neutron.network object s_rally_d87ecd55_QP6diVh9 (2c14e2c1-1123-4c60-96eb-146dec469d2c)
2019-11-20 05:23:21.951 13785 RALLYDEBUG rally_openstack.cleanup.manager [-] Deleting neutron.network object s_rally_d87ecd55_e4xTHwc3 (5d949d75-1280-4ff0-9288-fe596fe876ad)
2019-11-20 05:23:21.960 13785 RALLYDEBUG rally_openstack.cleanup.manager [-] Deleting neutron.network object s_rally_d87ecd55_JxdiXPE7 (72e092e7-3018-4d61-aaaa-dc849bc81a5c)
2019-11-20 05:23:21.965 13785 RALLYDEBUG rally_openstack.cleanup.manager [-] Deleting neutron.network object s_rally_d87ecd55_5gE8hGgR (7cc4809a-9591-4e96-905c-8ed531621d35)
2019-11-20 05:23:21.972 13785 RALLYDEBUG rally_openstack.cleanup.manager [-] Deleting neutron.network object s_rally_d87ecd55_4Tv4IPdU (e32dd117-4d5d-42a9-9750-8d91a70fb023)
2019-11-20 05:23:24.890 13785 RALLYDEBUG rally_openstack.cleanup.manager [-] Cleaning up neutron router objects
2019-11-20 05:23:26.236 13785 RALLYDEBUG rally_openstack.cleanup.manager [-] Deleting neutron.router object s_rally_d87ecd55_JJGC9VHa (383771eb-f0a5-4dea-bcc0-f8ad105bc06d)
2019-11-20 05:23:26.246 13785 RALLYDEBUG rally_openstack.cleanup.manager [-] Deleting neutron.router object s_rally_d87ecd55_7HDGH8aq (39f15ee3-8ed9-4f06-b012-5117d58ccb45)
2019-11-20 05:23:26.255 13785 RALLYDEBUG rally_openstack.cleanup.manager [-] Deleting neutron.router object s_rally_d87ecd55_nFgUjw9q (768efa94-f5ac-4a37-b1bf-c45b9544e39e)
2019-11-20 05:23:26.259 13785 RALLYDEBUG rally_openstack.cleanup.manager [-] Deleting neutron.router object s_rally_d87ecd55_NSdEjNB3 (cb6f36d4-7f14-42a0-8c49-512a2dd8f5d4)
2019-11-20 05:23:26.279 13785 RALLYDEBUG rally_openstack.cleanup.manager [-] Deleting neutron.router object s_rally_d87ecd55_r3W9EBs1 (5c35bb7c-f1a1-446b-8fdf-0fefbf6df57d)
2019-11-20 05:23:26.289 13785 RALLYDEBUG rally_openstack.cleanup.manager [-] Deleting neutron.router object s_rally_d87ecd55_9lunTsHS (5fd26771-1225-4580-a665-642f83f9b083)
2019-11-20 05:23:26.303 13785 RALLYDEBUG rally_openstack.cleanup.manager [-] Deleting neutron.router object s_rally_d87ecd55_6lv6CvOg (94f29789-25f7-4886-b0c8-0f7b467e9503)
2019-11-20 05:23:26.310 13785 RALLYDEBUG rally_openstack.cleanup.manager [-] Deleting neutron.router object s_rally_d87ecd55_OIXdKHX8 (e9cfa7ad-0196-451a-938f-cb1e867f42ef)
2019-11-20 05:23:26.332 13785 RALLYDEBUG rally_openstack.cleanup.manager [-] Deleting neutron.router object s_rally_d87ecd55_lf2Z2Hcd (f841e5fc-73e2-4353-a1d2-cd78dd556fc8)
2019-11-20 05:23:26.339 13785 RALLYDEBUG rally_openstack.cleanup.manager [-] Deleting neutron.router object s_rally_d87ecd55_4KsqQXz1 (f8563d5e-a2b5-465e-8fa4-4c16b0cd7c54)
2019-11-20 05:23:26.352 13785 RALLYDEBUG rally_openstack.cleanup.manager [-] Deleting neutron.router object s_rally_d87ecd55_2bnXoP91 (00cb3c2d-c337-4335-ac1d-d36ce574b519)
2019-11-20 05:23:26.366 13785 RALLYDEBUG rally_openstack.cleanup.manager [-] Deleting neutron.router object s_rally_d87ecd55_u9ibMA1F (307abe40-600b-46c5-ad94-c9b18fc6b365)
2019-11-20 05:23:26.384 13785 RALLYDEBUG rally_openstack.cleanup.manager [-] Deleting neutron.router object s_rally_d87ecd55_cgmPJN1i (406e9521-0adc-45b7-8300-a7fafd06efe6)
2019-11-20 05:23:26.394 13785 RALLYDEBUG rally_openstack.cleanup.manager [-] Deleting neutron.router object s_rally_d87ecd55_FrG3TYbz (55082bdb-18fd-48de-b7a5-7fa1b456ca6e)
2019-11-20 05:23:26.404 13785 RALLYDEBUG rally_openstack.cleanup.manager [-] Deleting neutron.router object s_rally_d87ecd55_lLo5Lnys (6e4cae06-5c6e-4dc2-bd42-be9108dc5ca2)
2019-11-20 05:23:26.413 13785 RALLYDEBUG rally_openstack.cleanup.manager [-] Deleting neutron.router object s_rally_d87ecd55_3L5Yuq7G (79be005a-0362-453a-83b0-1cceceda0092)
2019-11-20 05:23:26.433 13785 RALLYDEBUG rally_openstack.cleanup.manager [-] Deleting neutron.router object s_rally_d87ecd55_RLXF3al5 (8cc0509a-5d09-4109-b7df-9c4e99a02fb9)
2019-11-20 05:23:26.438 13785 RALLYDEBUG rally_openstack.cleanup.manager [-] Deleting neutron.router object s_rally_d87ecd55_CuLWXzVX (baf1af83-7414-49a0-90b1-09b56e8af379)
2019-11-20 05:23:26.467 13785 RALLYDEBUG rally_openstack.cleanup.manager [-] Deleting neutron.router object s_rally_d87ecd55_SwTsyiLo (efa9b5f9-6212-4b67-bc57-20689a5ebd0c)
2019-11-20 05:23:26.481 13785 RALLYDEBUG rally_openstack.cleanup.manager [-] Deleting neutron.router object s_rally_d87ecd55_k0zxasUe (f4df23cd-9408-4162-9360-fe5eec024a99)
2019-11-20 05:23:29.270 13785 RALLYDEBUG rally_openstack.cleanup.manager [-] Cleaning up neutron security_group objects
2019-11-20 05:23:30.438 13785 INFO rally.task.context [-] Task 038a406c-f7e9-46c3-8faa-692345260bf4 | Context cleanup@openstack cleanup() finished in 33.84 sec
2019-11-20 05:23:30.438 13785 INFO rally.task.context [-] Task 038a406c-f7e9-46c3-8faa-692345260bf4 | Context quotas@openstack cleanup() started
2019-11-20 05:23:30.606 13785 INFO rally.task.context [-] Task 038a406c-f7e9-46c3-8faa-692345260bf4 | Context quotas@openstack cleanup() finished in 0.17 sec
2019-11-20 05:23:30.607 13785 INFO rally.task.context [-] Task 038a406c-f7e9-46c3-8faa-692345260bf4 | Context users@openstack cleanup() started
2019-11-20 05:23:34.592 13785 INFO rally.task.context [-] Task 038a406c-f7e9-46c3-8faa-692345260bf4 | Context users@openstack cleanup() finished in 3.98 sec
2019-11-20 05:23:36.601 13785 INFO rally.task.engine [-] Load duration is: 19.049588
2019-11-20 05:23:36.602 13785 INFO rally.task.engine [-] Full runner duration is: 19.095838
2019-11-20 05:23:36.602 13785 INFO rally.task.engine [-] Full duration is: 60.418925
2019-11-20 05:23:36.946 13785 INFO rally.task.engine [-] Running workload: position = 0 config = { "version": 2, "title": "A cropped version of a bigger task.", "description": "Auto-generated task from a single workload (uuid=afc7703b-5550-4a6e-ae9c-e8a5eddb5dd1)", "subtasks": [ { "title": "NeutronNetworks.create_and_show_subnets", "description": "Create and show a subnet details.", "scenario": { "NeutronNetworks.create_and_show_subnets": { "subnets_per_network": 2 } }, "contexts": { "users": { "tenants": 3, "users_per_tenant": 2 }, "network": { "router": {} }, "quotas": { "neutron": { "network": -1, "subnet": -1 } } }, "runner": { "constant": { "concurrency": 4, "times": 10 } }, "hooks": [], "sla": { "failure_rate": { "max": 0 } } } ] }
2019-11-20 05:23:36.973 13785 RALLYDEBUG rally_openstack.contexts.keystone.users [-] Creating 3 tenants using 20 threads
2019-11-20 05:23:37.979 13785 RALLYDEBUG rally_openstack.contexts.keystone.users [-] Creating 6 users using 20 threads
2019-11-20 05:23:39.511 13785 INFO rally.task.context [-] Task 038a406c-f7e9-46c3-8faa-692345260bf4 | Context users@openstack setup() finished in 2.54 sec
2019-11-20 05:23:40.241 13785 INFO rally.task.context [-] Task 038a406c-f7e9-46c3-8faa-692345260bf4 | Context quotas@openstack setup() finished in 0.73 sec
2019-11-20 05:23:40.906 13785 RALLYDEBUG rally_openstack.wrappers.network [-] CIDR generated: 10.2.95.0/24
2019-11-20 05:23:41.967 13785 RALLYDEBUG rally_openstack.wrappers.network [-] CIDR generated: 10.2.96.0/24
2019-11-20 05:23:42.946 13785 RALLYDEBUG rally_openstack.wrappers.network [-] CIDR generated: 10.2.97.0/24
2019-11-20 05:23:43.439 13785 INFO rally.task.context [-] Task 038a406c-f7e9-46c3-8faa-692345260bf4 | Context network@openstack setup() finished in 3.20 sec
2019-11-20 05:23:43.440 13785 INFO rally.task.context [-] Task 038a406c-f7e9-46c3-8faa-692345260bf4 | Context cleanup@openstack setup() finished in 0.01 msec
2019-11-20 05:23:43.449 13785 RALLYDEBUG rally.task.runner [-] Starting the constant runner (task UUID: 038a406c-f7e9-46c3-8faa-692345260bf4). times: 10 concurrency: 4 timeout: 0 max_cpu_used: 16 processes_to_start: 4 concurrency_per_worker: 1 concurrency_overhead: 0
2019-11-20 05:23:43.461 20125 RALLYDEBUG rally.task.runner [-] Starting a worker. times: 10 duration: None concurrency: 1 timeout: 0 cls: method_name: run args: {"subnets_per_network": 2}
2019-11-20 05:23:43.465 20126 RALLYDEBUG rally.task.runner [-] Starting a worker. times: 10 duration: None concurrency: 1 timeout: 0 cls: method_name: run args: {"subnets_per_network": 2}
2019-11-20 05:23:43.468 20125 INFO rally.task.runner [-] Task 038a406c-f7e9-46c3-8faa-692345260bf4 | ITER: 1 START
2019-11-20 05:23:43.468 20127 RALLYDEBUG rally.task.runner [-] Starting a worker. times: 10 duration: None concurrency: 1 timeout: 0 cls: method_name: run args: {"subnets_per_network": 2}
2019-11-20 05:23:43.471 20125 RALLYDEBUG rally_openstack.wrappers.network [-] CIDR generated: 10.2.98.0/24
2019-11-20 05:23:43.471 20126 INFO rally.task.runner [-] Task 038a406c-f7e9-46c3-8faa-692345260bf4 | ITER: 2 START
2019-11-20 05:23:43.472 20129 RALLYDEBUG rally.task.runner [-] Starting a worker. times: 10 duration: None concurrency: 1 timeout: 0 cls: method_name: run args: {"subnets_per_network": 2}
2019-11-20 05:23:43.474 20126 RALLYDEBUG rally_openstack.wrappers.network [-] CIDR generated: 10.2.99.0/24
2019-11-20 05:23:43.475 20127 INFO rally.task.runner [-] Task 038a406c-f7e9-46c3-8faa-692345260bf4 | ITER: 3 START
2019-11-20 05:23:43.478 20129 INFO rally.task.runner [-] Task 038a406c-f7e9-46c3-8faa-692345260bf4 | ITER: 4 START
2019-11-20 05:23:43.478 20127 RALLYDEBUG rally_openstack.wrappers.network [-] CIDR generated: 10.2.100.0/24
2019-11-20 05:23:43.481 20129 RALLYDEBUG rally_openstack.wrappers.network [-] CIDR generated: 10.2.101.0/24
2019-11-20 05:23:44.438 20127 RALLYDEBUG rally_openstack.wrappers.network [-] CIDR generated: 10.2.102.0/24
2019-11-20 05:23:44.448 20126 RALLYDEBUG rally_openstack.wrappers.network [-] CIDR generated: 10.2.103.0/24
2019-11-20 05:23:44.488 20129 RALLYDEBUG rally_openstack.wrappers.network [-] CIDR generated: 10.2.104.0/24
2019-11-20 05:23:44.839 20125 RALLYDEBUG rally_openstack.wrappers.network [-] CIDR generated: 10.2.105.0/24
2019-11-20 05:23:45.179 20127 INFO rally.task.runner [-] Task 038a406c-f7e9-46c3-8faa-692345260bf4 | ITER: 3 END: OK
2019-11-20 05:23:45.184 20127 INFO rally.task.runner [-] Task 038a406c-f7e9-46c3-8faa-692345260bf4 | ITER: 5 START
2019-11-20 05:23:45.185 20127 RALLYDEBUG rally_openstack.wrappers.network [-] CIDR generated: 10.2.106.0/24
2019-11-20 05:23:45.256 20129 INFO rally.task.runner [-] Task 038a406c-f7e9-46c3-8faa-692345260bf4 | ITER: 4 END: OK
2019-11-20 05:23:45.261 20129 INFO rally.task.runner [-] Task 038a406c-f7e9-46c3-8faa-692345260bf4 | ITER: 6 START
2019-11-20 05:23:45.263 20129 RALLYDEBUG rally_openstack.wrappers.network [-] CIDR generated: 10.2.107.0/24
2019-11-20 05:23:45.376 20126 INFO rally.task.runner [-] Task 038a406c-f7e9-46c3-8faa-692345260bf4 | ITER: 2 END: OK
2019-11-20 05:23:45.381 20126 INFO rally.task.runner [-] Task 038a406c-f7e9-46c3-8faa-692345260bf4 | ITER: 7 START
2019-11-20 05:23:45.382 20126 RALLYDEBUG rally_openstack.wrappers.network [-] CIDR generated: 10.2.108.0/24
2019-11-20 05:23:45.842 20125 INFO rally.task.runner [-] Task 038a406c-f7e9-46c3-8faa-692345260bf4 | ITER: 1 END: OK
2019-11-20 05:23:45.847 20125 INFO rally.task.runner [-] Task 038a406c-f7e9-46c3-8faa-692345260bf4 | ITER: 8 START
2019-11-20 05:23:45.849 20125 RALLYDEBUG rally_openstack.wrappers.network [-] CIDR generated: 10.2.109.0/24
2019-11-20 05:23:46.406 20127 RALLYDEBUG rally_openstack.wrappers.network [-] CIDR generated: 10.2.110.0/24
2019-11-20 05:23:46.409 20129 RALLYDEBUG rally_openstack.wrappers.network [-] CIDR generated: 10.2.111.0/24
2019-11-20 05:23:46.477 20126 RALLYDEBUG rally_openstack.wrappers.network [-] CIDR generated: 10.2.112.0/24
2019-11-20 05:23:46.727 20125 RALLYDEBUG rally_openstack.wrappers.network [-] CIDR generated: 10.2.113.0/24
2019-11-20 05:23:47.097 20127 INFO rally.task.runner [-] Task 038a406c-f7e9-46c3-8faa-692345260bf4 | ITER: 5 END: OK
2019-11-20 05:23:47.100 20127 INFO rally.task.runner [-] Task 038a406c-f7e9-46c3-8faa-692345260bf4 | ITER: 9 START
2019-11-20 05:23:47.101 20127 RALLYDEBUG rally_openstack.wrappers.network [-] CIDR generated: 10.2.114.0/24
2019-11-20 05:23:47.128 20129 INFO rally.task.runner [-] Task 038a406c-f7e9-46c3-8faa-692345260bf4 | ITER: 6 END: OK
2019-11-20 05:23:47.132 20129 INFO rally.task.runner [-] Task 038a406c-f7e9-46c3-8faa-692345260bf4 | ITER: 10 START
2019-11-20 05:23:47.133 20129 RALLYDEBUG rally_openstack.wrappers.network [-] CIDR generated: 10.2.115.0/24
2019-11-20 05:23:47.433 20126 INFO rally.task.runner [-] Task 038a406c-f7e9-46c3-8faa-692345260bf4 | ITER: 7 END: OK
2019-11-20 05:23:47.468 20125 INFO rally.task.runner [-] Task 038a406c-f7e9-46c3-8faa-692345260bf4 | ITER: 8 END: OK
2019-11-20 05:23:48.036 20129 RALLYDEBUG rally_openstack.wrappers.network [-] CIDR generated: 10.2.116.0/24
2019-11-20 05:23:48.105 20127 RALLYDEBUG rally_openstack.wrappers.network [-] CIDR generated: 10.2.117.0/24
2019-11-20 05:23:48.821 20127 INFO rally.task.runner [-] Task 038a406c-f7e9-46c3-8faa-692345260bf4 | ITER: 9 END: OK
2019-11-20 05:23:48.947 20129 INFO rally.task.runner [-] Task 038a406c-f7e9-46c3-8faa-692345260bf4 | ITER: 10 END: OK
2019-11-20 05:23:48.972 13785 INFO rally.task.context [-] Task 038a406c-f7e9-46c3-8faa-692345260bf4 | Context cleanup@openstack cleanup() started
2019-11-20 05:23:48.975 13785 RALLYDEBUG rally_openstack.cleanup.manager [-] Cleaning up neutron vip objects
2019-11-20 05:23:50.120 13785 RALLYDEBUG rally_openstack.cleanup.manager [-] Cleaning up neutron health_monitor objects
2019-11-20 05:23:51.187 13785 RALLYDEBUG rally_openstack.cleanup.manager [-] Cleaning up neutron pool objects
2019-11-20 05:23:52.252 13785 RALLYDEBUG rally_openstack.cleanup.manager [-] Cleaning up neutron loadbalancer objects
2019-11-20 05:23:53.325 13785 RALLYDEBUG rally_openstack.cleanup.manager [-] Cleaning up neutron floatingip objects
2019-11-20 05:23:54.515 13785 RALLYDEBUG rally_openstack.cleanup.manager [-] Cleaning up neutron trunk objects
2019-11-20 05:23:55.597 13785 RALLYDEBUG rally_openstack.cleanup.manager [-] Cleaning up neutron port objects
2019-11-20 05:23:56.858 13785 RALLYDEBUG rally_openstack.cleanup.manager [-] Cleaning up neutron subnet objects
2019-11-20 05:23:58.078 13785 RALLYDEBUG rally_openstack.cleanup.manager [-] Deleting neutron.subnet object s_rally_afc7703b_fFsaSt6W (1dd2f843-16ef-4e47-bfc8-6c25ec6b689d)
2019-11-20 05:23:58.088 13785 RALLYDEBUG rally_openstack.cleanup.manager [-] Deleting neutron.subnet object s_rally_afc7703b_I3p5pPCx (2e5fbea8-e78d-4f4a-a28e-d2f50265d114)
2019-11-20 05:23:58.096 13785 RALLYDEBUG rally_openstack.cleanup.manager [-] Deleting neutron.subnet object s_rally_afc7703b_HG92NRNH (4576efee-ddf3-4268-b8cb-b074697de36f)
2019-11-20 05:23:58.105 13785 RALLYDEBUG rally_openstack.cleanup.manager [-] Deleting neutron.subnet object s_rally_afc7703b_gvYH2kid (49a0334d-767a-4cda-878e-b0220965dc4e)
2019-11-20 05:23:58.110 13785 RALLYDEBUG rally_openstack.cleanup.manager [-] Deleting neutron.subnet object s_rally_afc7703b_n6akaZKm (576fbecc-1bc5-4289-a50c-5978b32be668)
2019-11-20 05:23:58.128 13785 RALLYDEBUG rally_openstack.cleanup.manager [-] Deleting neutron.subnet object s_rally_afc7703b_BK2uYWof (5e1deeed-b947-4406-ae55-a5e9a0d6d091)
2019-11-20 05:23:58.137 13785 RALLYDEBUG rally_openstack.cleanup.manager [-] Deleting neutron.subnet object s_rally_afc7703b_pr50otkT (ca50ede4-dd55-4671-8764-f328b92ab39c)
2019-11-20 05:23:58.163 13785 RALLYDEBUG rally_openstack.cleanup.manager [-] Deleting neutron.subnet object s_rally_afc7703b_ByNgtu6h (0e58d95d-991c-4697-8e16-179a7c0259ec)
2019-11-20 05:23:58.173 13785 RALLYDEBUG rally_openstack.cleanup.manager [-] Deleting neutron.subnet object s_rally_afc7703b_3LpBv24P (ec74b820-be5e-43f3-9efa-1f8cbbbcca05)
2019-11-20 05:23:58.181 13785 RALLYDEBUG rally_openstack.cleanup.manager [-] Deleting neutron.subnet object s_rally_afc7703b_QoHhv9J7 (3f4625d3-e9b4-498d-b49d-25ee36c3e5dd)
2019-11-20 05:23:58.200 13785 RALLYDEBUG rally_openstack.cleanup.manager [-] Deleting neutron.subnet object s_rally_afc7703b_LeUaYvwb (06b1ee9e-8126-4056-a221-23cb4a483e91)
