2019-11-20 04:51:51.331 1845 INFO rally.task.context [-] Task 879ed185-2a54-4ecc-a04e-49128aac8d60 | Context admin_cleanup@openstack cleanup() finished in 3.84 sec
2019-11-20 04:51:51.332 1845 INFO rally.task.context [-] Task 879ed185-2a54-4ecc-a04e-49128aac8d60 | Context api_versions@openstack cleanup() started
2019-11-20 04:51:51.332 1845 INFO rally.task.context [-] Task 879ed185-2a54-4ecc-a04e-49128aac8d60 | Context api_versions@openstack cleanup() finished in 0.36 msec
2019-11-20 04:51:51.332 1845 INFO rally.task.context [-] Task 879ed185-2a54-4ecc-a04e-49128aac8d60 | Context users@openstack cleanup() started
2019-11-20 04:51:55.771 1845 INFO rally.task.context [-] Task 879ed185-2a54-4ecc-a04e-49128aac8d60 | Context users@openstack cleanup() finished in 4.44 sec
2019-11-20 04:51:57.431 1845 INFO rally.task.engine [-] Load duration is: 1.345735
2019-11-20 04:51:57.432 1845 INFO rally.task.engine [-] Full runner duration is: 1.391332
2019-11-20 04:51:57.432 1845 INFO rally.task.engine [-] Full duration is: 12.437876
2019-11-20 04:51:57.719 1845 INFO rally.task.engine [-] Running workload: position = 0 config = { "version": 2, "title": "A cropped version of a bigger task.", "description": "Auto-generated task from a single workload (uuid=a645f13d-2700-4f96-9c40-2d4646fb3847)", "subtasks": [ { "title": "CinderQos.create_and_list_qos", "description": "Create a qos, then list all qos.", "scenario": { "CinderQos.create_and_list_qos": { "consumer": "both", "write_iops_sec": "10", "read_iops_sec": "1000" } }, "contexts": { "users": { "tenants": 3, "users_per_tenant": 2 }, "api_versions": { "cinder": { "version": 3, "service_type": "volumev3" } } }, "runner": { "constant": { "concurrency": 4, "times": 10 } }, "hooks": [], "sla": { "failure_rate": { "max": 0 } } } ] }
2019-11-20 04:51:57.743 1845 RALLYDEBUG rally_openstack.contexts.keystone.users [-] Creating 3 tenants using 20 threads
2019-11-20 04:51:58.832 1845 RALLYDEBUG rally_openstack.contexts.keystone.users [-] Creating 6 users using 20 threads
2019-11-20 04:52:00.314 1845 INFO rally.task.context [-] Task 879ed185-2a54-4ecc-a04e-49128aac8d60 | Context users@openstack setup() finished in 2.57 sec
2019-11-20 04:52:00.704 1845 INFO rally.task.context [-] Task 879ed185-2a54-4ecc-a04e-49128aac8d60 | Context api_versions@openstack setup() finished in 0.39 sec
2019-11-20 04:52:00.705 1845 INFO rally.task.context [-] Task 879ed185-2a54-4ecc-a04e-49128aac8d60 | Context admin_cleanup@openstack setup() finished in 0.01 msec
2019-11-20 04:52:00.714 1845 RALLYDEBUG rally.task.runner [-] Starting the constant runner (task UUID: 879ed185-2a54-4ecc-a04e-49128aac8d60). times: 10 concurrency: 4 timeout: 0 max_cpu_used: 16 processes_to_start: 4 concurrency_per_worker: 1 concurrency_overhead: 0
2019-11-20 04:52:00.725 5297 RALLYDEBUG rally.task.runner [-] Starting a worker. times: 10 duration: None concurrency: 1 timeout: 0 cls: method_name: run args: {"consumer": "both", "write_iops_sec": "10", "read_iops_sec": "1000"}
2019-11-20 04:52:00.729 5298 RALLYDEBUG rally.task.runner [-] Starting a worker. times: 10 duration: None concurrency: 1 timeout: 0 cls: method_name: run args: {"consumer": "both", "write_iops_sec": "10", "read_iops_sec": "1000"}
2019-11-20 04:52:00.732 5297 INFO rally.task.runner [-] Task 879ed185-2a54-4ecc-a04e-49128aac8d60 | ITER: 1 START
2019-11-20 04:52:00.732 5299 RALLYDEBUG rally.task.runner [-] Starting a worker. times: 10 duration: None concurrency: 1 timeout: 0 cls: method_name: run args: {"consumer": "both", "write_iops_sec": "10", "read_iops_sec": "1000"}
2019-11-20 04:52:00.736 5298 INFO rally.task.runner [-] Task 879ed185-2a54-4ecc-a04e-49128aac8d60 | ITER: 2 START
2019-11-20 04:52:00.736 5300 RALLYDEBUG rally.task.runner [-] Starting a worker. times: 10 duration: None concurrency: 1 timeout: 0 cls: method_name: run args: {"consumer": "both", "write_iops_sec": "10", "read_iops_sec": "1000"}
2019-11-20 04:52:00.739 5299 INFO rally.task.runner [-] Task 879ed185-2a54-4ecc-a04e-49128aac8d60 | ITER: 3 START
2019-11-20 04:52:00.743 5300 INFO rally.task.runner [-] Task 879ed185-2a54-4ecc-a04e-49128aac8d60 | ITER: 4 START
2019-11-20 04:52:01.231 5298 INFO rally.task.runner [-] Task 879ed185-2a54-4ecc-a04e-49128aac8d60 | ITER: 2 END: OK
2019-11-20 04:52:01.232 5297 INFO rally.task.runner [-] Task 879ed185-2a54-4ecc-a04e-49128aac8d60 | ITER: 1 END: OK
2019-11-20 04:52:01.232 5299 INFO rally.task.runner [-] Task 879ed185-2a54-4ecc-a04e-49128aac8d60 | ITER: 3 END: OK
2019-11-20 04:52:01.236 5298 INFO rally.task.runner [-] Task 879ed185-2a54-4ecc-a04e-49128aac8d60 | ITER: 5 START
2019-11-20 04:52:01.236 5300 INFO rally.task.runner [-] Task 879ed185-2a54-4ecc-a04e-49128aac8d60 | ITER: 4 END: OK
2019-11-20 04:52:01.237 5299 INFO rally.task.runner [-] Task 879ed185-2a54-4ecc-a04e-49128aac8d60 | ITER: 6 START
2019-11-20 04:52:01.237 5297 INFO rally.task.runner [-] Task 879ed185-2a54-4ecc-a04e-49128aac8d60 | ITER: 7 START
2019-11-20 04:52:01.240 5300 INFO rally.task.runner [-] Task 879ed185-2a54-4ecc-a04e-49128aac8d60 | ITER: 8 START
2019-11-20 04:52:01.627 5299 INFO rally.task.runner [-] Task 879ed185-2a54-4ecc-a04e-49128aac8d60 | ITER: 6 END: OK
2019-11-20 04:52:01.630 5299 INFO rally.task.runner [-] Task 879ed185-2a54-4ecc-a04e-49128aac8d60 | ITER: 9 START
2019-11-20 04:52:01.636 5297 INFO rally.task.runner [-] Task 879ed185-2a54-4ecc-a04e-49128aac8d60 | ITER: 7 END: OK
2019-11-20 04:52:01.639 5297 INFO rally.task.runner [-] Task 879ed185-2a54-4ecc-a04e-49128aac8d60 | ITER: 10 START
2019-11-20 04:52:01.642 5300 INFO rally.task.runner [-] Task 879ed185-2a54-4ecc-a04e-49128aac8d60 | ITER: 8 END: OK
2019-11-20 04:52:01.679 5298 INFO rally.task.runner [-] Task 879ed185-2a54-4ecc-a04e-49128aac8d60 | ITER: 5 END: OK
2019-11-20 04:52:02.045 5297 INFO rally.task.runner [-] Task 879ed185-2a54-4ecc-a04e-49128aac8d60 | ITER: 10 END: OK
2019-11-20 04:52:02.315 5299 INFO rally.task.runner [-] Task 879ed185-2a54-4ecc-a04e-49128aac8d60 | ITER: 9 END: OK
2019-11-20 04:52:02.345 1845 INFO rally.task.context [-] Task 879ed185-2a54-4ecc-a04e-49128aac8d60 | Context admin_cleanup@openstack cleanup() started
2019-11-20 04:52:02.348 1845 RALLYDEBUG rally_openstack.cleanup.manager [-] Cleaning up cinder volume_types objects
2019-11-20 04:52:02.829 1845 RALLYDEBUG rally_openstack.cleanup.manager [-] Cleaning up cinder image_volumes_cache objects
2019-11-20 04:52:03.624 1845 RALLYDEBUG rally_openstack.cleanup.manager [-] Cleaning up cinder quotas objects
2019-11-20 04:52:04.423 1845 RALLYDEBUG rally_openstack.cleanup.manager [-] Cleaning up cinder qos_specs objects
2019-11-20 04:52:04.803 1845 RALLYDEBUG rally_openstack.cleanup.manager [-] Deleting cinder.qos_specs object s_rally_a645f13d_qhEJrmiz (bcfaaa61-c36e-4ce0-883c-cb22bfb6bc6a)
2019-11-20 04:52:04.812 1845 RALLYDEBUG rally_openstack.cleanup.manager [-] Deleting cinder.qos_specs object s_rally_a645f13d_HxJmrNQB (85c1cf6b-f45c-44ec-9e7c-b06219d607bd)
2019-11-20 04:52:04.821 1845 RALLYDEBUG rally_openstack.cleanup.manager [-] Deleting cinder.qos_specs object s_rally_a645f13d_JEDFYvw1 (7d4d9e3b-11f9-4755-b9c7-f929064454c5)
2019-11-20 04:52:04.831 1845 RALLYDEBUG rally_openstack.cleanup.manager [-] Deleting cinder.qos_specs object s_rally_a645f13d_FWXBNE0p (687e5060-11c1-4896-9aeb-074eaa022e6b)
2019-11-20 04:52:04.836 1845 RALLYDEBUG rally_openstack.cleanup.manager [-] Deleting cinder.qos_specs object s_rally_a645f13d_jkei070c (0e0ac658-a644-4998-bd93-a0da4fb8dc07)
2019-11-20 04:52:04.842 1845 RALLYDEBUG rally_openstack.cleanup.manager [-] Deleting cinder.qos_specs object s_rally_a645f13d_SXBT5deK (06af5eb9-37ca-43af-b5fc-529b9ae11d4a)
2019-11-20 04:52:04.856 1845 RALLYDEBUG rally_openstack.cleanup.manager [-] Deleting cinder.qos_specs object s_rally_a645f13d_wHOQvEmV (a4408e82-c2c9-49e6-a29b-6edd327ecee3)
2019-11-20 04:52:04.860 1845 RALLYDEBUG rally_openstack.cleanup.manager [-] Deleting cinder.qos_specs object s_rally_a645f13d_jwQ8GwKq (65e4365b-b244-4bf9-9524-ff5cbfec2671)
2019-11-20 04:52:04.899 1845 RALLYDEBUG rally_openstack.cleanup.manager [-] Deleting cinder.qos_specs object s_rally_a645f13d_Z7o1XqCJ (4cc8af91-1651-42e4-8087-954d1ccd079e)
2019-11-20 04:52:04.903 1845 RALLYDEBUG rally_openstack.cleanup.manager [-] Deleting cinder.qos_specs object s_rally_a645f13d_s2Enx83M (445e444c-d15c-4c28-8135-dfd03d646aad)
2019-11-20 04:52:06.424 1845 INFO rally.task.context [-] Task 879ed185-2a54-4ecc-a04e-49128aac8d60 | Context admin_cleanup@openstack cleanup() finished in 4.08 sec
2019-11-20 04:52:06.424 1845 INFO rally.task.context [-] Task 879ed185-2a54-4ecc-a04e-49128aac8d60 | Context api_versions@openstack cleanup() started
2019-11-20 04:52:06.425 1845 INFO rally.task.context [-] Task 879ed185-2a54-4ecc-a04e-49128aac8d60 | Context api_versions@openstack cleanup() finished in 0.26 msec
2019-11-20 04:52:06.425 1845 INFO rally.task.context [-] Task 879ed185-2a54-4ecc-a04e-49128aac8d60 | Context users@openstack cleanup() started
2019-11-20 04:52:10.840 1845 INFO rally.task.context [-] Task 879ed185-2a54-4ecc-a04e-49128aac8d60 | Context users@openstack cleanup() finished in 4.41 sec
2019-11-20 04:52:11.869 1845 INFO rally.task.engine [-] Load duration is: 1.578107
2019-11-20 04:52:11.869 1845 INFO rally.task.engine [-] Full runner duration is: 1.631467
2019-11-20 04:52:11.870 1845 INFO rally.task.engine [-] Full duration is: 13.099184
2019-11-20 04:52:12.172 1845 INFO rally.task.engine [-] Running workload: position = 0 config = { "version": 2, "title": "A cropped version of a bigger task.", "description": "Auto-generated task from a single workload (uuid=eba2b0d6-f114-4be4-87c2-14e3a7391722)", "subtasks": [ { "title": "CinderQos.create_and_set_qos", "description": "Create a qos, then Add/Update keys in qos specs.", "scenario": { "CinderQos.create_and_set_qos": { "consumer": "back-end", "write_iops_sec": "10", "read_iops_sec": "1000", "set_consumer": "both", "set_write_iops_sec": "11", "set_read_iops_sec": "1001" } }, "contexts": { "users": { "tenants": 3, "users_per_tenant": 2 }, "api_versions": { "cinder": { "version": 3, "service_type": "volumev3" } } }, "runner": { "constant": { "concurrency": 4, "times": 10 } }, "hooks": [], "sla": { "failure_rate": { "max": 0 } } } ] }
2019-11-20 04:52:12.197 1845 RALLYDEBUG rally_openstack.contexts.keystone.users [-] Creating 3 tenants using 20 threads
2019-11-20 04:52:13.124 1845 RALLYDEBUG rally_openstack.contexts.keystone.users [-] Creating 6 users using 20 threads
2019-11-20 04:52:14.652 1845 INFO rally.task.context [-] Task 879ed185-2a54-4ecc-a04e-49128aac8d60 | Context users@openstack setup() finished in 2.46 sec
2019-11-20 04:52:15.048 1845 INFO rally.task.context [-] Task 879ed185-2a54-4ecc-a04e-49128aac8d60 | Context api_versions@openstack setup() finished in 0.40 sec
2019-11-20 04:52:15.048 1845 INFO rally.task.context [-] Task 879ed185-2a54-4ecc-a04e-49128aac8d60 | Context admin_cleanup@openstack setup() finished in 0.01 msec
2019-11-20 04:52:15.057 1845 RALLYDEBUG rally.task.runner [-] Starting the constant runner (task UUID: 879ed185-2a54-4ecc-a04e-49128aac8d60). times: 10 concurrency: 4 timeout: 0 max_cpu_used: 16 processes_to_start: 4 concurrency_per_worker: 1 concurrency_overhead: 0
2019-11-20 04:52:15.069 5481 RALLYDEBUG rally.task.runner [-] Starting a worker. times: 10 duration: None concurrency: 1 timeout: 0 cls: method_name: run args: {"consumer": "back-end", "write_iops_sec": "10", "read_iops_sec": "1000", "set_consumer": "both", "set_write_iops_sec": "11", "set_read_iops_sec": "1001"}
2019-11-20 04:52:15.072 5482 RALLYDEBUG rally.task.runner [-] Starting a worker. times: 10 duration: None concurrency: 1 timeout: 0 cls: method_name: run args: {"consumer": "back-end", "write_iops_sec": "10", "read_iops_sec": "1000", "set_consumer": "both", "set_write_iops_sec": "11", "set_read_iops_sec": "1001"}
2019-11-20 04:52:15.076 5481 INFO rally.task.runner [-] Task 879ed185-2a54-4ecc-a04e-49128aac8d60 | ITER: 1 START
2019-11-20 04:52:15.076 5483 RALLYDEBUG rally.task.runner [-] Starting a worker. times: 10 duration: None concurrency: 1 timeout: 0 cls: method_name: run args: {"consumer": "back-end", "write_iops_sec": "10", "read_iops_sec": "1000", "set_consumer": "both", "set_write_iops_sec": "11", "set_read_iops_sec": "1001"}
2019-11-20 04:52:15.079 5482 INFO rally.task.runner [-] Task 879ed185-2a54-4ecc-a04e-49128aac8d60 | ITER: 2 START
2019-11-20 04:52:15.079 5484 RALLYDEBUG rally.task.runner [-] Starting a worker. times: 10 duration: None concurrency: 1 timeout: 0 cls: method_name: run args: {"consumer": "back-end", "write_iops_sec": "10", "read_iops_sec": "1000", "set_consumer": "both", "set_write_iops_sec": "11", "set_read_iops_sec": "1001"}
2019-11-20 04:52:15.083 5483 INFO rally.task.runner [-] Task 879ed185-2a54-4ecc-a04e-49128aac8d60 | ITER: 3 START
2019-11-20 04:52:15.086 5484 INFO rally.task.runner [-] Task 879ed185-2a54-4ecc-a04e-49128aac8d60 | ITER: 4 START
2019-11-20 04:52:15.580 5483 INFO rally.task.runner [-] Task 879ed185-2a54-4ecc-a04e-49128aac8d60 | ITER: 3 END: OK
2019-11-20 04:52:15.585 5482 INFO rally.task.runner [-] Task 879ed185-2a54-4ecc-a04e-49128aac8d60 | ITER: 2 END: OK
2019-11-20 04:52:15.585 5484 INFO rally.task.runner [-] Task 879ed185-2a54-4ecc-a04e-49128aac8d60 | ITER: 4 END: OK
2019-11-20 04:52:15.585 5483 INFO rally.task.runner [-] Task 879ed185-2a54-4ecc-a04e-49128aac8d60 | ITER: 5 START
2019-11-20 04:52:15.589 5484 INFO rally.task.runner [-] Task 879ed185-2a54-4ecc-a04e-49128aac8d60 | ITER: 6 START
2019-11-20 04:52:15.590 5482 INFO rally.task.runner [-] Task 879ed185-2a54-4ecc-a04e-49128aac8d60 | ITER: 7 START
2019-11-20 04:52:15.599 5481 INFO rally.task.runner [-] Task 879ed185-2a54-4ecc-a04e-49128aac8d60 | ITER: 1 END: OK
2019-11-20 04:52:15.604 5481 INFO rally.task.runner [-] Task 879ed185-2a54-4ecc-a04e-49128aac8d60 | ITER: 8 START
2019-11-20 04:52:15.996 5484 INFO rally.task.runner [-] Task 879ed185-2a54-4ecc-a04e-49128aac8d60 | ITER: 6 END: OK
2019-11-20 04:52:15.998 5482 INFO rally.task.runner [-] Task 879ed185-2a54-4ecc-a04e-49128aac8d60 | ITER: 7 END: OK
2019-11-20 04:52:16.001 5484 INFO rally.task.runner [-] Task 879ed185-2a54-4ecc-a04e-49128aac8d60 | ITER: 9 START
2019-11-20 04:52:16.001 5483 INFO rally.task.runner [-] Task 879ed185-2a54-4ecc-a04e-49128aac8d60 | ITER: 5 END: OK
2019-11-20 04:52:16.002 5482 INFO rally.task.runner [-] Task 879ed185-2a54-4ecc-a04e-49128aac8d60 | ITER: 10 START
2019-11-20 04:52:16.013 5481 INFO rally.task.runner [-] Task 879ed185-2a54-4ecc-a04e-49128aac8d60 | ITER: 8 END: OK
2019-11-20 04:52:16.407 5482 INFO rally.task.runner [-] Task 879ed185-2a54-4ecc-a04e-49128aac8d60 | ITER: 10 END: OK
2019-11-20 04:52:16.413 5484 INFO rally.task.runner [-] Task 879ed185-2a54-4ecc-a04e-49128aac8d60 | ITER: 9 END: OK
2019-11-20 04:52:16.439 1845 INFO rally.task.context [-] Task 879ed185-2a54-4ecc-a04e-49128aac8d60 | Context admin_cleanup@openstack cleanup() started
2019-11-20 04:52:16.443 1845 RALLYDEBUG rally_openstack.cleanup.manager [-] Cleaning up cinder volume_types objects
2019-11-20 04:52:16.890 1845 RALLYDEBUG rally_openstack.cleanup.manager [-] Cleaning up cinder image_volumes_cache objects
2019-11-20 04:52:17.416 1845 RALLYDEBUG rally_openstack.cleanup.manager [-] Cleaning up cinder quotas objects
2019-11-20 04:52:18.189 1845 RALLYDEBUG rally_openstack.cleanup.manager [-] Cleaning up cinder qos_specs objects
2019-11-20 04:52:18.580 1845 RALLYDEBUG rally_openstack.cleanup.manager [-] Deleting cinder.qos_specs object s_rally_eba2b0d6_H22o6OoR (edbe142d-e2c6-407e-9fe6-a75cd659d1ce)
2019-11-20 04:52:18.590 1845 RALLYDEBUG rally_openstack.cleanup.manager [-] Deleting cinder.qos_specs object s_rally_eba2b0d6_KbeWSxbA (8b7b3a4f-461a-453f-8c6e-8cf1c1670910)
2019-11-20 04:52:18.599 1845 RALLYDEBUG rally_openstack.cleanup.manager [-] Deleting cinder.qos_specs object s_rally_eba2b0d6_6nJUFBW9 (65f9bac3-2ee3-4c81-80cd-86547fd7c9b7)
2019-11-20 04:52:18.603 1845 RALLYDEBUG rally_openstack.cleanup.manager [-] Deleting cinder.qos_specs object s_rally_eba2b0d6_RkC6o84n (63146252-928f-434b-9759-27e20b01bad1)
2019-11-20 04:52:18.612 1845 RALLYDEBUG rally_openstack.cleanup.manager [-] Deleting cinder.qos_specs object s_rally_eba2b0d6_EsS0VN6M (4c0ebd58-423a-41d6-8637-b2a36267d10d)
2019-11-20 04:52:18.621 1845 RALLYDEBUG rally_openstack.cleanup.manager [-] Deleting cinder.qos_specs object s_rally_eba2b0d6_LFAm4ewH (468d4c02-923c-48b7-ab63-46efd224da83)
2019-11-20 04:52:18.656 1845 RALLYDEBUG rally_openstack.cleanup.manager [-] Deleting cinder.qos_specs object s_rally_eba2b0d6_Lw3diZJP (4543e88e-dbaa-462b-8237-09c065be444c)
2019-11-20 04:52:18.661 1845 RALLYDEBUG rally_openstack.cleanup.manager [-] Deleting cinder.qos_specs object s_rally_eba2b0d6_at70cCZs (3c8103b1-9c33-402e-a5c6-94df02c94882)
2019-11-20 04:52:18.668 1845 RALLYDEBUG rally_openstack.cleanup.manager [-] Deleting cinder.qos_specs object s_rally_eba2b0d6_rJ4HrZDJ (296949b9-2cd9-49bf-b2d3-37195f1989d0)
2019-11-20 04:52:18.681 1845 RALLYDEBUG rally_openstack.cleanup.manager [-] Deleting cinder.qos_specs object s_rally_eba2b0d6_vMiFUuXQ (0ddd11c4-4138-4854-acb4-10811b328ce5)
2019-11-20 04:52:20.380 1845 INFO rally.task.context [-] Task 879ed185-2a54-4ecc-a04e-49128aac8d60 | Context admin_cleanup@openstack cleanup() finished in 3.94 sec
2019-11-20 04:52:20.381 1845 INFO rally.task.context [-] Task 879ed185-2a54-4ecc-a04e-49128aac8d60 | Context api_versions@openstack cleanup() started
2019-11-20 04:52:20.381 1845 INFO rally.task.context [-] Task 879ed185-2a54-4ecc-a04e-49128aac8d60 | Context api_versions@openstack cleanup() finished in 0.43 msec
2019-11-20 04:52:20.382 1845 INFO rally.task.context [-] Task 879ed185-2a54-4ecc-a04e-49128aac8d60 | Context users@openstack cleanup() started
2019-11-20 04:52:24.959 1845 INFO rally.task.context [-] Task 879ed185-2a54-4ecc-a04e-49128aac8d60 | Context users@openstack cleanup() finished in 4.58 sec
2019-11-20 04:52:26.285 1845 INFO rally.task.engine [-] Load duration is: 1.332208
2019-11-20 04:52:26.285 1845 INFO rally.task.engine [-] Full runner duration is: 1.382482
2019-11-20 04:52:26.285 1845 INFO rally.task.engine [-] Full duration is: 12.764123
2019-11-20 04:52:26.598 1845 INFO rally.task.engine [-] Running workload: position = 0 config = { "version": 2, "title": "A cropped version of a bigger task.", "description": "Auto-generated task from a single workload (uuid=8ab62116-3028-453c-b1e6-a6f671c82fa5)", "subtasks": [ { "title": "CinderVolumeTypes.create_and_get_volume_type", "description": "Create a volume Type, then get the details of the type.", "scenario": { "CinderVolumeTypes.create_and_get_volume_type": { "description": "rally tests creating types" } }, "contexts": { "users": { "tenants": 3, "users_per_tenant": 2 }, "api_versions": { "cinder": { "version": 3, "service_type": "volumev3" } } }, "runner": { "constant": { "concurrency": 4, "times": 10 } }, "hooks": [], "sla": { "failure_rate": { "max": 0 } } } ] }
2019-11-20 04:52:26.623 1845 RALLYDEBUG rally_openstack.contexts.keystone.users [-] Creating 3 tenants using 20 threads
2019-11-20 04:52:27.648 1845 RALLYDEBUG rally_openstack.contexts.keystone.users [-] Creating 6 users using 20 threads
2019-11-20 04:52:29.166 1845 INFO rally.task.context [-] Task 879ed185-2a54-4ecc-a04e-49128aac8d60 | Context users@openstack setup() finished in 2.54 sec
2019-11-20 04:52:29.565 1845 INFO rally.task.context [-] Task 879ed185-2a54-4ecc-a04e-49128aac8d60 | Context api_versions@openstack setup() finished in 0.40 sec
2019-11-20 04:52:29.566 1845 INFO rally.task.context [-] Task 879ed185-2a54-4ecc-a04e-49128aac8d60 | Context admin_cleanup@openstack setup() finished in 0.01 msec
2019-11-20 04:52:29.573 1845 RALLYDEBUG rally.task.runner [-] Starting the constant runner (task UUID: 879ed185-2a54-4ecc-a04e-49128aac8d60). times: 10 concurrency: 4 timeout: 0 max_cpu_used: 16 processes_to_start: 4 concurrency_per_worker: 1 concurrency_overhead: 0
2019-11-20 04:52:29.585 5665 RALLYDEBUG rally.task.runner [-] Starting a worker. times: 10 duration: None concurrency: 1 timeout: 0 cls: method_name: run args: {"description": "rally tests creating types"}
2019-11-20 04:52:29.588 5666 RALLYDEBUG rally.task.runner [-] Starting a worker. times: 10 duration: None concurrency: 1 timeout: 0 cls: method_name: run args: {"description": "rally tests creating types"}
2019-11-20 04:52:29.592 5665 INFO rally.task.runner [-] Task 879ed185-2a54-4ecc-a04e-49128aac8d60 | ITER: 1 START
2019-11-20 04:52:29.591 5667 RALLYDEBUG rally.task.runner [-] Starting a worker. times: 10 duration: None concurrency: 1 timeout: 0 cls: method_name: run args: {"description": "rally tests creating types"}
2019-11-20 04:52:29.595 5666 INFO rally.task.runner [-] Task 879ed185-2a54-4ecc-a04e-49128aac8d60 | ITER: 2 START
2019-11-20 04:52:29.595 5668 RALLYDEBUG rally.task.runner [-] Starting a worker. times: 10 duration: None concurrency: 1 timeout: 0 cls: method_name: run args: {"description": "rally tests creating types"}
2019-11-20 04:52:29.598 5667 INFO rally.task.runner [-] Task 879ed185-2a54-4ecc-a04e-49128aac8d60 | ITER: 3 START
2019-11-20 04:52:29.602 5668 INFO rally.task.runner [-] Task 879ed185-2a54-4ecc-a04e-49128aac8d60 | ITER: 4 START
2019-11-20 04:52:30.047 5666 INFO rally.task.runner [-] Task 879ed185-2a54-4ecc-a04e-49128aac8d60 | ITER: 2 END: OK
2019-11-20 04:52:30.049 5667 INFO rally.task.runner [-] Task 879ed185-2a54-4ecc-a04e-49128aac8d60 | ITER: 3 END: OK
2019-11-20 04:52:30.051 5666 INFO rally.task.runner [-] Task 879ed185-2a54-4ecc-a04e-49128aac8d60 | ITER: 5 START
2019-11-20 04:52:30.053 5667 INFO rally.task.runner [-] Task 879ed185-2a54-4ecc-a04e-49128aac8d60 | ITER: 6 START
2019-11-20 04:52:30.058 5665 INFO rally.task.runner [-] Task 879ed185-2a54-4ecc-a04e-49128aac8d60 | ITER: 1 END: OK
2019-11-20 04:52:30.063 5665 INFO rally.task.runner [-] Task 879ed185-2a54-4ecc-a04e-49128aac8d60 | ITER: 7 START
2019-11-20 04:52:30.147 5668 INFO rally.task.runner [-] Task 879ed185-2a54-4ecc-a04e-49128aac8d60 | ITER: 4 END: OK
2019-11-20 04:52:30.152 5668 INFO rally.task.runner [-] Task 879ed185-2a54-4ecc-a04e-49128aac8d60 | ITER: 8 START
2019-11-20 04:52:30.459 5667 INFO rally.task.runner [-] Task 879ed185-2a54-4ecc-a04e-49128aac8d60 | ITER: 6 END: OK
2019-11-20 04:52:30.459 5666 INFO rally.task.runner [-] Task 879ed185-2a54-4ecc-a04e-49128aac8d60 | ITER: 5 END: OK
2019-11-20 04:52:30.461 5665 INFO rally.task.runner [-] Task 879ed185-2a54-4ecc-a04e-49128aac8d60 | ITER: 7 END: OK
2019-11-20 04:52:30.462 5666 INFO rally.task.runner [-] Task 879ed185-2a54-4ecc-a04e-49128aac8d60 | ITER: 9 START
2019-11-20 04:52:30.462 5667 INFO rally.task.runner [-] Task 879ed185-2a54-4ecc-a04e-49128aac8d60 | ITER: 10 START
2019-11-20 04:52:30.618 5668 INFO rally.task.runner [-] Task 879ed185-2a54-4ecc-a04e-49128aac8d60 | ITER: 8 END: OK
2019-11-20 04:52:30.864 5667 INFO rally.task.runner [-] Task 879ed185-2a54-4ecc-a04e-49128aac8d60 | ITER: 10 END: OK
2019-11-20 04:52:30.866 5666 INFO rally.task.runner [-] Task 879ed185-2a54-4ecc-a04e-49128aac8d60 | ITER: 9 END: OK
2019-11-20 04:52:30.893 1845 INFO rally.task.context [-] Task 879ed185-2a54-4ecc-a04e-49128aac8d60 | Context admin_cleanup@openstack cleanup() started
2019-11-20 04:52:30.897 1845 RALLYDEBUG rally_openstack.cleanup.manager [-] Cleaning up cinder volume_types objects
2019-11-20 04:52:31.301 1845 RALLYDEBUG rally_openstack.cleanup.manager [-] Deleting cinder.volume_types object s_rally_8ab62116_XET7ujjk (1d46faed-657d-4c7e-be8c-15a48d31df69)
2019-11-20 04:52:31.307 1845 RALLYDEBUG rally_openstack.cleanup.manager [-] Deleting cinder.volume_types object s_rally_8ab62116_IzVRjc2t (42fd04e2-71fb-4269-831d-8b8dba6e47aa)
2019-11-20 04:52:31.317 1845 RALLYDEBUG rally_openstack.cleanup.manager [-] Deleting cinder.volume_types object s_rally_8ab62116_HgLBWnoD (1805b806-ca25-4010-a4cc-b7b48ad39d15)
2019-11-20 04:52:31.325 1845 RALLYDEBUG rally_openstack.cleanup.manager [-] Deleting cinder.volume_types object s_rally_8ab62116_Ehw9nlXV (ed21f5b3-07be-4a3a-9ed6-af4ae8a9081b)
2019-11-20 04:52:31.335 1845 RALLYDEBUG rally_openstack.cleanup.manager [-] Deleting cinder.volume_types object s_rally_8ab62116_h7BH2v2K (bb5e5302-45dd-447a-b9d5-754c4e37ebe1)
2019-11-20 04:52:31.343 1845 RALLYDEBUG rally_openstack.cleanup.manager [-] Deleting cinder.volume_types object s_rally_8ab62116_aSmTlNNt (65d63c03-15d5-40ba-a386-4bf6a19b5f33)
2019-11-20 04:52:31.352 1845 RALLYDEBUG rally_openstack.cleanup.manager [-] Deleting cinder.volume_types object s_rally_8ab62116_nKcZzd6M (5815542f-748a-4082-8b23-44b5593d64c6)
2019-11-20 04:52:31.366 1845 RALLYDEBUG rally_openstack.cleanup.manager [-] Deleting cinder.volume_types object s_rally_8ab62116_qWr3mSAd (4daff334-8ca9-44d7-8249-74128efa9e09)
2019-11-20 04:52:31.384 1845 RALLYDEBUG rally_openstack.cleanup.manager [-] Deleting cinder.volume_types object s_rally_8ab62116_mitIeclx (4384b04b-5344-4c3c-b777-885cc6be9ef9)
2019-11-20 04:52:31.387 1845 RALLYDEBUG rally_openstack.cleanup.manager [-] Deleting cinder.volume_types object s_rally_8ab62116_tlveeOmk (32285dbf-77df-48da-b259-c124efbc2ffb)
2019-11-20 04:52:33.155 1845 RALLYDEBUG rally_openstack.cleanup.manager [-] Cleaning up cinder image_volumes_cache objects
2019-11-20 04:52:33.982 1845 RALLYDEBUG rally_openstack.cleanup.manager [-] Cleaning up cinder quotas objects
2019-11-20 04:52:34.804 1845 RALLYDEBUG rally_openstack.cleanup.manager [-] Cleaning up cinder qos_specs objects
2019-11-20 04:52:35.194 1845 INFO rally.task.context [-] Task 879ed185-2a54-4ecc-a04e-49128aac8d60 | Context admin_cleanup@openstack cleanup() finished in 4.30 sec
2019-11-20 04:52:35.194 1845 INFO rally.task.context [-] Task 879ed185-2a54-4ecc-a04e-49128aac8d60 | Context api_versions@openstack cleanup() started
2019-11-20 04:52:35.194 1845 INFO rally.task.context [-] Task 879ed185-2a54-4ecc-a04e-49128aac8d60 | Context api_versions@openstack cleanup() finished in 0.37 msec
2019-11-20 04:52:35.195 1845 INFO rally.task.context [-] Task 879ed185-2a54-4ecc-a04e-49128aac8d60 | Context users@openstack cleanup() started
2019-11-20 04:52:39.894 1845 INFO rally.task.context [-] Task 879ed185-2a54-4ecc-a04e-49128aac8d60 | Context users@openstack cleanup() finished in 4.70 sec
2019-11-20 04:52:40.722 1845 INFO rally.task.engine [-] Load duration is: 1.269888
2019-11-20 04:52:40.722 1845 INFO rally.task.engine [-] Full runner duration is: 1.320398
2019-11-20 04:52:40.723 1845 INFO rally.task.engine [-] Full duration is: 13.273449
2019-11-20 04:52:40.982 1845 INFO rally.task.engine [-] Running workload: position = 0 config = { "version": 2, "title": "A cropped version of a bigger task.", "description": "Auto-generated task from a single workload (uuid=14b42ceb-9c27-4be2-b19c-0292a3ec3c9c)", "subtasks": [ { "title": "CinderVolumeTypes.create_and_list_volume_types", "description": "Create a volume Type, then list all types.", "scenario": { "CinderVolumeTypes.create_and_list_volume_types": { "description": "rally tests creating types" } }, "contexts": { "users": { "tenants": 3, "users_per_tenant": 2 }, "api_versions": { "cinder": { "version": 3, "service_type": "volumev3" } } }, "runner": { "constant": { "concurrency": 4, "times": 10 } }, "hooks": [], "sla": { "failure_rate": { "max": 0 } } } ] }
2019-11-20 04:52:41.006 1845 RALLYDEBUG rally_openstack.contexts.keystone.users [-] Creating 3 tenants using 20 threads
2019-11-20 04:52:41.971 1845 RALLYDEBUG rally_openstack.contexts.keystone.users [-] Creating 6 users using 20 threads
2019-11-20 04:52:43.555 1845 INFO rally.task.context [-] Task 879ed185-2a54-4ecc-a04e-49128aac8d60 | Context users@openstack setup() finished in 2.55 sec
2019-11-20 04:52:43.947 1845 INFO rally.task.context [-] Task 879ed185-2a54-4ecc-a04e-49128aac8d60 | Context api_versions@openstack setup() finished in 0.39 sec
2019-11-20 04:52:43.948 1845 INFO rally.task.context [-] Task 879ed185-2a54-4ecc-a04e-49128aac8d60 | Context admin_cleanup@openstack setup() finished in 0.01 msec
2019-11-20 04:52:43.957 1845 RALLYDEBUG rally.task.runner [-] Starting the constant runner (task UUID: 879ed185-2a54-4ecc-a04e-49128aac8d60). times: 10 concurrency: 4 timeout: 0 max_cpu_used: 16 processes_to_start: 4 concurrency_per_worker: 1 concurrency_overhead: 0
2019-11-20 04:52:43.968 5849 RALLYDEBUG rally.task.runner [-] Starting a worker. times: 10 duration: None concurrency: 1 timeout: 0 cls: method_name: run args: {"description": "rally tests creating types"}
2019-11-20 04:52:43.972 5850 RALLYDEBUG rally.task.runner [-] Starting a worker. times: 10 duration: None concurrency: 1 timeout: 0 cls: method_name: run args: {"description": "rally tests creating types"}
2019-11-20 04:52:43.976 5849 INFO rally.task.runner [-] Task 879ed185-2a54-4ecc-a04e-49128aac8d60 | ITER: 1 START
2019-11-20 04:52:43.976 5851 RALLYDEBUG rally.task.runner [-] Starting a worker. times: 10 duration: None concurrency: 1 timeout: 0 cls: method_name: run args: {"description": "rally tests creating types"}
2019-11-20 04:52:43.979 5850 INFO rally.task.runner [-] Task 879ed185-2a54-4ecc-a04e-49128aac8d60 | ITER: 2 START
2019-11-20 04:52:43.979 5852 RALLYDEBUG rally.task.runner [-] Starting a worker. times: 10 duration: None concurrency: 1 timeout: 0 cls: method_name: run args: {"description": "rally tests creating types"}
2019-11-20 04:52:43.982 5851 INFO rally.task.runner [-] Task 879ed185-2a54-4ecc-a04e-49128aac8d60 | ITER: 3 START
2019-11-20 04:52:43.986 5852 INFO rally.task.runner [-] Task 879ed185-2a54-4ecc-a04e-49128aac8d60 | ITER: 4 START
2019-11-20 04:52:44.435 5850 INFO rally.task.runner [-] Task 879ed185-2a54-4ecc-a04e-49128aac8d60 | ITER: 2 END: OK
2019-11-20 04:52:44.440 5850 INFO rally.task.runner [-] Task 879ed185-2a54-4ecc-a04e-49128aac8d60 | ITER: 5 START
2019-11-20 04:52:44.440 5851 INFO rally.task.runner [-] Task 879ed185-2a54-4ecc-a04e-49128aac8d60 | ITER: 3 END: OK
2019-11-20 04:52:44.445 5851 INFO rally.task.runner [-] Task 879ed185-2a54-4ecc-a04e-49128aac8d60 | ITER: 6 START
2019-11-20 04:52:44.477 5849 INFO rally.task.runner [-] Task 879ed185-2a54-4ecc-a04e-49128aac8d60 | ITER: 1 END: OK
2019-11-20 04:52:44.482 5849 INFO rally.task.runner [-] Task 879ed185-2a54-4ecc-a04e-49128aac8d60 | ITER: 7 START
2019-11-20 04:52:44.706 5852 INFO rally.task.runner [-] Task 879ed185-2a54-4ecc-a04e-49128aac8d60 | ITER: 4 END: OK
2019-11-20 04:52:44.711 5852 INFO rally.task.runner [-] Task 879ed185-2a54-4ecc-a04e-49128aac8d60 | ITER: 8 START
2019-11-20 04:52:44.861 5850 INFO rally.task.runner [-] Task 879ed185-2a54-4ecc-a04e-49128aac8d60 | ITER: 5 END: OK
2019-11-20 04:52:44.865 5850 INFO rally.task.runner [-] Task 879ed185-2a54-4ecc-a04e-49128aac8d60 | ITER: 9 START
2019-11-20 04:52:44.887 5849 INFO rally.task.runner [-] Task 879ed185-2a54-4ecc-a04e-49128aac8d60 | ITER: 7 END: OK
2019-11-20 04:52:44.890 5849 INFO rally.task.runner [-] Task 879ed185-2a54-4ecc-a04e-49128aac8d60 | ITER: 10 START
2019-11-20 04:52:45.130 5852 INFO rally.task.runner [-] Task 879ed185-2a54-4ecc-a04e-49128aac8d60 | ITER: 8 END: OK
2019-11-20 04:52:45.166 5851 INFO rally.task.runner [-] Task 879ed185-2a54-4ecc-a04e-49128aac8d60 | ITER: 6 END: OK
2019-11-20 04:52:45.273 5850 INFO rally.task.runner [-] Task 879ed185-2a54-4ecc-a04e-49128aac8d60 | ITER: 9 END: OK
2019-11-20 04:52:45.292 5849 INFO rally.task.runner [-] Task 879ed185-2a54-4ecc-a04e-49128aac8d60 | ITER: 10 END: OK
2019-11-20 04:52:45.318 1845 INFO rally.task.context [-] Task 879ed185-2a54-4ecc-a04e-49128aac8d60 | Context admin_cleanup@openstack cleanup() started
2019-11-20 04:52:45.322 1845 RALLYDEBUG rally_openstack.cleanup.manager [-] Cleaning up cinder volume_types objects
2019-11-20 04:52:45.716 1845 RALLYDEBUG rally_openstack.cleanup.manager [-] Deleting cinder.volume_types object s_rally_14b42ceb_BOas7GFG (fd6edeb8-746e-40b9-97c5-22057ad67c05)
2019-11-20 04:52:45.725 1845 RALLYDEBUG rally_openstack.cleanup.manager [-] Deleting cinder.volume_types object s_rally_14b42ceb_c1huA6uE (f34f35d7-8ebe-4164-8a34-c152e743727a)
2019-11-20 04:52:45.735 1845 RALLYDEBUG rally_openstack.cleanup.manager [-] Deleting cinder.volume_types object s_rally_14b42ceb_x4bp1G0a (a8085fe8-db77-4409-84e7-3d4d540fd21b)
2019-11-20 04:52:45.745 1845 RALLYDEBUG rally_openstack.cleanup.manager [-] Deleting cinder.volume_types object s_rally_14b42ceb_TbXLQ2Is (8f1da752-7e75-474e-87aa-67bba3efeb45)
2019-11-20 04:52:45.754 1845 RALLYDEBUG rally_openstack.cleanup.manager [-] Deleting cinder.volume_types object s_rally_14b42ceb_0DPn9cw3 (581868cd-c8ab-45ee-a5ed-780eef0736b7)
2019-11-20 04:52:45.758 1845 RALLYDEBUG rally_openstack.cleanup.manager [-] Deleting cinder.volume_types object s_rally_14b42ceb_A9Zym8tF (178772e6-dbd9-4c1e-85b8-c0e36dd5c469)
2019-11-20 04:52:45.769 1845 RALLYDEBUG rally_openstack.cleanup.manager [-] Deleting cinder.volume_types object s_rally_14b42ceb_LghXFdvy (0eaf8960-3bb1-4be7-a9b4-0030c9a66789)
2019-11-20 04:52:45.787 1845 RALLYDEBUG rally_openstack.cleanup.manager [-] Deleting cinder.volume_types object s_rally_14b42ceb_12qlEhx7 (a0061d3a-ac55-4835-9a1e-5b223ae5dbf3)
2019-11-20 04:52:45.801 1845 RALLYDEBUG rally_openstack.cleanup.manager [-] Deleting cinder.volume_types object s_rally_14b42ceb_DLofRvYZ (2c3ccbbc-a5fd-4bfb-a671-9dce8cab6b4d)
2019-11-20 04:52:45.804 1845 RALLYDEBUG rally_openstack.cleanup.manager [-] Deleting cinder.volume_types object s_rally_14b42ceb_hCQdsNZL (1fc7193c-7641-4b36-ba99-88b76d8ee0c2)
2019-11-20 04:52:47.495 1845 RALLYDEBUG rally_openstack.cleanup.manager [-] Cleaning up cinder image_volumes_cache objects
2019-11-20 04:52:47.992 1845 RALLYDEBUG rally_openstack.cleanup.manager [-] Cleaning up cinder quotas objects
2019-11-20 04:52:48.761 1845 RALLYDEBUG rally_openstack.cleanup.manager [-] Cleaning up cinder qos_specs objects
2019-11-20 04:52:49.148 1845 INFO rally.task.context [-] Task 879ed185-2a54-4ecc-a04e-49128aac8d60 | Context admin_cleanup@openstack cleanup() finished in 3.83 sec
2019-11-20 04:52:49.149 1845 INFO rally.task.context [-] Task 879ed185-2a54-4ecc-a04e-49128aac8d60 | Context api_versions@openstack cleanup() started
2019-11-20 04:52:49.149 1845 INFO rally.task.context [-] Task 879ed185-2a54-4ecc-a04e-49128aac8d60 | Context api_versions@openstack cleanup() finished in 0.40 msec
2019-11-20 04:52:49.150 1845 INFO rally.task.context [-] Task 879ed185-2a54-4ecc-a04e-49128aac8d60 | Context users@openstack cleanup() started
2019-11-20 04:52:53.504 1845 INFO rally.task.context [-] Task 879ed185-2a54-4ecc-a04e-49128aac8d60 | Context users@openstack cleanup() finished in 4.35 sec
2019-11-20 04:52:55.096 1845 INFO rally.task.engine [-] Load duration is: 1.312566
2019-11-20 04:52:55.097 1845 INFO rally.task.engine [-] Full runner duration is: 1.361911
2019-11-20 04:52:55.097 1845 INFO rally.task.engine [-] Full duration is: 12.500062
2019-11-20 04:52:55.372 1845 INFO rally.task.engine [-] Running workload: position = 0 config = { "version": 2, "title": "A cropped version of a bigger task.", "description": "Auto-generated task from a single workload (uuid=163be108-9835-4b48-a1b8-c4115d1cc5ca)", "subtasks": [ { "title": "CinderVolumeTypes.create_and_update_volume_type", "description": "create a volume type, then update the type.", "scenario": { "CinderVolumeTypes.create_and_update_volume_type": { "description": "test", "update_description": "test update" } }, "contexts": { "users": { "tenants": 3, "users_per_tenant": 2 }, "api_versions": { "cinder": { "version": 3, "service_type": "volumev3" } } }, "runner": { "constant": { "concurrency": 4, "times": 10 } }, "hooks": [], "sla": { "failure_rate": { "max": 0 } } } ] }
2019-11-20 04:52:55.398 1845 RALLYDEBUG rally_openstack.contexts.keystone.users [-] Creating 3 tenants using 20 threads
2019-11-20 04:52:56.398 1845 RALLYDEBUG rally_openstack.contexts.keystone.users [-] Creating 6 users using 20 threads
2019-11-20 04:52:57.807 1845 INFO rally.task.context [-] Task 879ed185-2a54-4ecc-a04e-49128aac8d60 | Context users@openstack setup() finished in 2.41 sec
2019-11-20 04:52:58.196 1845 INFO rally.task.context [-] Task 879ed185-2a54-4ecc-a04e-49128aac8d60 | Context api_versions@openstack setup() finished in 0.39 sec
2019-11-20 04:52:58.197 1845 INFO rally.task.context [-] Task 879ed185-2a54-4ecc-a04e-49128aac8d60 | Context admin_cleanup@openstack setup() finished in 0.01 msec
2019-11-20 04:52:58.206 1845 RALLYDEBUG rally.task.runner [-] Starting the constant runner (task UUID: 879ed185-2a54-4ecc-a04e-49128aac8d60). times: 10 concurrency: 4 timeout: 0 max_cpu_used: 16 processes_to_start: 4 concurrency_per_worker: 1 concurrency_overhead: 0
2019-11-20 04:52:58.218 6033 RALLYDEBUG rally.task.runner [-] Starting a worker. times: 10 duration: None concurrency: 1 timeout: 0 cls: method_name: run args: {"description": "test", "update_description": "test update"}
2019-11-20 04:52:58.221 6034 RALLYDEBUG rally.task.runner [-] Starting a worker. times: 10 duration: None concurrency: 1 timeout: 0 cls: method_name: run args: {"description": "test", "update_description": "test update"}
2019-11-20 04:52:58.225 6033 INFO rally.task.runner [-] Task 879ed185-2a54-4ecc-a04e-49128aac8d60 | ITER: 1 START
2019-11-20 04:52:58.225 6035 RALLYDEBUG rally.task.runner [-] Starting a worker. times: 10 duration: None concurrency: 1 timeout: 0 cls: method_name: run args: {"description": "test", "update_description": "test update"}
2019-11-20 04:52:58.228 6034 INFO rally.task.runner [-] Task 879ed185-2a54-4ecc-a04e-49128aac8d60 | ITER: 2 START
2019-11-20 04:52:58.228 6036 RALLYDEBUG rally.task.runner [-] Starting a worker. times: 10 duration: None concurrency: 1 timeout: 0 cls: method_name: run args: {"description": "test", "update_description": "test update"}
2019-11-20 04:52:58.232 6035 INFO rally.task.runner [-] Task 879ed185-2a54-4ecc-a04e-49128aac8d60 | ITER: 3 START
2019-11-20 04:52:58.235 6036 INFO rally.task.runner [-] Task 879ed185-2a54-4ecc-a04e-49128aac8d60 | ITER: 4 START
2019-11-20 04:52:58.535 6034 DEBUG cinderclient.v2.client [-] REQ: curl -g -i --cacert "/etc/ssl/certs/mcp_os_cacert" -X POST http://10.167.4.35:8776/v3/bcb4d877d9194a8c9557ad4f81716d72/types -H "Accept: application/json" -H "Content-Type: application/json" -H "User-Agent: python-cinderclient" -H "X-Auth-Token: {SHA256}ac052a4884fc66b3edd82de366ec992769e63004c829be8dc2fc58b7bf0e7ab0" -d '{"volume_type": {"name": "s_rally_163be108_jCNyYHcL", "description": "test", "os-volume-type-access:is_public": true}}' _http_log_request /usr/lib/python3.6/site-packages/keystoneauth1/session.py:464
2019-11-20 04:52:58.538 6033 DEBUG cinderclient.v2.client [-] REQ: curl -g -i --cacert "/etc/ssl/certs/mcp_os_cacert" -X POST http://10.167.4.35:8776/v3/bcb4d877d9194a8c9557ad4f81716d72/types -H "Accept: application/json" -H "Content-Type: application/json" -H "User-Agent: python-cinderclient" -H "X-Auth-Token: {SHA256}19427c4d6fcce5502de2596c9d77252f2f2fe62ad42ee24f4ce7bb300fd10284" -d '{"volume_type": {"name": "s_rally_163be108_NihTiuTh", "description": "test", "os-volume-type-access:is_public": true}}' _http_log_request /usr/lib/python3.6/site-packages/keystoneauth1/session.py:464
2019-11-20 04:52:58.548 6035 DEBUG cinderclient.v2.client [-] REQ: curl -g -i --cacert "/etc/ssl/certs/mcp_os_cacert" -X POST http://10.167.4.35:8776/v3/bcb4d877d9194a8c9557ad4f81716d72/types -H "Accept: application/json" -H "Content-Type: application/json" -H "User-Agent: python-cinderclient" -H "X-Auth-Token: {SHA256}1d9e1db7a0217bdeb0cdacbb7e475454fc308e071c26dbdc09063a34047688e7" -d '{"volume_type": {"name": "s_rally_163be108_etskovpm", "description": "test", "os-volume-type-access:is_public": true}}' _http_log_request /usr/lib/python3.6/site-packages/keystoneauth1/session.py:464
2019-11-20 04:52:58.552 6036 DEBUG cinderclient.v2.client [-] REQ: curl -g -i --cacert "/etc/ssl/certs/mcp_os_cacert" -X POST http://10.167.4.35:8776/v3/bcb4d877d9194a8c9557ad4f81716d72/types -H "Accept: application/json" -H "Content-Type: application/json" -H "User-Agent: python-cinderclient" -H "X-Auth-Token: {SHA256}458662a8aece204727b0ed6a431e57bcc55e50a9e270103fede8ac907ef5e86a" -d '{"volume_type": {"name": "s_rally_163be108_vGQw4DFt", "description": "test", "os-volume-type-access:is_public": true}}' _http_log_request /usr/lib/python3.6/site-packages/keystoneauth1/session.py:464
2019-11-20 04:52:58.669 6036 DEBUG cinderclient.v2.client [-] RESP: [200] Connection: close Content-Length: 202 Content-Type: application/json Date: Wed, 20 Nov 2019 04:52:58 GMT OpenStack-API-Version: volume 3.0 Server: Apache Vary: OpenStack-API-Version x-compute-request-id: req-fc575116-d8a3-4601-a463-79cef01179c2 x-openstack-request-id: req-fc575116-d8a3-4601-a463-79cef01179c2 _http_log_response /usr/lib/python3.6/site-packages/keystoneauth1/session.py:495
2019-11-20 04:52:58.670 6036 DEBUG cinderclient.v2.client [-] RESP BODY: {"volume_type": {"id": "4a992ed8-57b5-4b5a-b297-a1361aa007bd", "name": "s_rally_163be108_vGQw4DFt", "is_public": true, "extra_specs": {}, "description": "test", "os-volume-type-access:is_public": true}} _http_log_response /usr/lib/python3.6/site-packages/keystoneauth1/session.py:527
2019-11-20 04:52:58.670 6036 DEBUG cinderclient.v2.client [-] POST call to volumev2 for http://10.167.4.35:8776/v3/bcb4d877d9194a8c9557ad4f81716d72/types used request id req-fc575116-d8a3-4601-a463-79cef01179c2 request /usr/lib/python3.6/site-packages/keystoneauth1/session.py:865
2019-11-20 04:52:58.673 6036 DEBUG cinderclient.v2.client [-] REQ: curl -g -i --cacert "/etc/ssl/certs/mcp_os_cacert" -X PUT http://10.167.4.35:8776/v3/bcb4d877d9194a8c9557ad4f81716d72/types/4a992ed8-57b5-4b5a-b297-a1361aa007bd -H "Accept: application/json" -H "Content-Type: application/json" -H "User-Agent: python-cinderclient" -H "X-Auth-Token: {SHA256}458662a8aece204727b0ed6a431e57bcc55e50a9e270103fede8ac907ef5e86a" -H "X-OpenStack-Request-ID: req-fc575116-d8a3-4601-a463-79cef01179c2" -d '{"volume_type": {"name": "s_rally_163be108_vGQw4DFt", "description": "test update"}}' _http_log_request /usr/lib/python3.6/site-packages/keystoneauth1/session.py:464
2019-11-20 04:52:58.674 6035 DEBUG cinderclient.v2.client [-] RESP: [200] Connection: close Content-Length: 202 Content-Type: application/json Date: Wed, 20 Nov 2019 04:52:58 GMT OpenStack-API-Version: volume 3.0 Server: Apache Vary: OpenStack-API-Version x-compute-request-id: req-17a3a3e4-38a2-410e-aca0-1f200af4e1b4 x-openstack-request-id: req-17a3a3e4-38a2-410e-aca0-1f200af4e1b4 _http_log_response /usr/lib/python3.6/site-packages/keystoneauth1/session.py:495
2019-11-20 04:52:58.675 6035 DEBUG cinderclient.v2.client [-] RESP BODY: {"volume_type": {"id": "a8e7d521-6d74-4948-90e8-af182a66b903", "name": "s_rally_163be108_etskovpm", "is_public": true, "extra_specs": {}, "description": "test", "os-volume-type-access:is_public": true}} _http_log_response /usr/lib/python3.6/site-packages/keystoneauth1/session.py:527
2019-11-20 04:52:58.676 6035 DEBUG cinderclient.v2.client [-] POST call to volumev2 for http://10.167.4.35:8776/v3/bcb4d877d9194a8c9557ad4f81716d72/types used request id req-17a3a3e4-38a2-410e-aca0-1f200af4e1b4 request /usr/lib/python3.6/site-packages/keystoneauth1/session.py:865
2019-11-20 04:52:58.678 6035 DEBUG cinderclient.v2.client [-] REQ: curl -g -i --cacert "/etc/ssl/certs/mcp_os_cacert" -X PUT http://10.167.4.35:8776/v3/bcb4d877d9194a8c9557ad4f81716d72/types/a8e7d521-6d74-4948-90e8-af182a66b903 -H "Accept: application/json" -H "Content-Type: application/json" -H "User-Agent: python-cinderclient" -H "X-Auth-Token: {SHA256}1d9e1db7a0217bdeb0cdacbb7e475454fc308e071c26dbdc09063a34047688e7" -H "X-OpenStack-Request-ID: req-17a3a3e4-38a2-410e-aca0-1f200af4e1b4" -d '{"volume_type": {"name": "s_rally_163be108_etskovpm", "description": "test update"}}' _http_log_request /usr/lib/python3.6/site-packages/keystoneauth1/session.py:464
2019-11-20 04:52:58.697 6033 DEBUG cinderclient.v2.client [-] RESP: [200] Connection: close Content-Length: 202 Content-Type: application/json Date: Wed, 20 Nov 2019 04:52:58 GMT OpenStack-API-Version: volume 3.0 Server: Apache Vary: OpenStack-API-Version x-compute-request-id: req-eda28094-9296-4634-a40c-65e0591f73fd x-openstack-request-id: req-eda28094-9296-4634-a40c-65e0591f73fd _http_log_response /usr/lib/python3.6/site-packages/keystoneauth1/session.py:495
2019-11-20 04:52:58.698 6033 DEBUG cinderclient.v2.client [-] RESP BODY: {"volume_type": {"id": "dd164c13-7e9b-47a0-8d42-9cd02ce99b02", "name": "s_rally_163be108_NihTiuTh", "is_public": true, "extra_specs": {}, "description": "test", "os-volume-type-access:is_public": true}} _http_log_response /usr/lib/python3.6/site-packages/keystoneauth1/session.py:527
2019-11-20 04:52:58.699 6033 DEBUG cinderclient.v2.client [-] POST call to volumev2 for http://10.167.4.35:8776/v3/bcb4d877d9194a8c9557ad4f81716d72/types used request id req-eda28094-9296-4634-a40c-65e0591f73fd request /usr/lib/python3.6/site-packages/keystoneauth1/session.py:865
2019-11-20 04:52:58.702 6034 DEBUG cinderclient.v2.client [-] RESP: [200] Connection: close Content-Length: 202 Content-Type: application/json Date: Wed, 20 Nov 2019 04:52:58 GMT OpenStack-API-Version: volume 3.0 Server: Apache Vary: OpenStack-API-Version x-compute-request-id: req-11a71764-7f75-4a56-aa69-169f174ae99b x-openstack-request-id: req-11a71764-7f75-4a56-aa69-169f174ae99b _http_log_response /usr/lib/python3.6/site-packages/keystoneauth1/session.py:495
2019-11-20 04:52:58.702 6033 DEBUG cinderclient.v2.client [-] REQ: curl -g -i --cacert "/etc/ssl/certs/mcp_os_cacert" -X PUT http://10.167.4.35:8776/v3/bcb4d877d9194a8c9557ad4f81716d72/types/dd164c13-7e9b-47a0-8d42-9cd02ce99b02 -H "Accept: application/json" -H "Content-Type: application/json" -H "User-Agent: python-cinderclient" -H "X-Auth-Token: {SHA256}19427c4d6fcce5502de2596c9d77252f2f2fe62ad42ee24f4ce7bb300fd10284" -H "X-OpenStack-Request-ID: req-eda28094-9296-4634-a40c-65e0591f73fd" -d '{"volume_type": {"name": "s_rally_163be108_NihTiuTh", "description": "test update"}}' _http_log_request /usr/lib/python3.6/site-packages/keystoneauth1/session.py:464
2019-11-20 04:52:58.703 6034 DEBUG cinderclient.v2.client [-] RESP BODY: {"volume_type": {"id": "d3fc218f-065b-4506-92ca-cf9cfadb78eb", "name": "s_rally_163be108_jCNyYHcL", "is_public": true, "extra_specs": {}, "description": "test", "os-volume-type-access:is_public": true}} _http_log_response /usr/lib/python3.6/site-packages/keystoneauth1/session.py:527
2019-11-20 04:52:58.704 6034 DEBUG cinderclient.v2.client [-] POST call to volumev2 for http://10.167.4.35:8776/v3/bcb4d877d9194a8c9557ad4f81716d72/types used request id req-11a71764-7f75-4a56-aa69-169f174ae99b request /usr/lib/python3.6/site-packages/keystoneauth1/session.py:865
2019-11-20 04:52:58.704 6036 DEBUG cinderclient.v2.client [-] RESP: [200] Connection: close Content-Length: 168 Content-Type: application/json Date: Wed, 20 Nov 2019 04:52:58 GMT OpenStack-API-Version: volume 3.0 Server: Apache Vary: OpenStack-API-Version x-compute-request-id: req-8ac8a3f9-970c-4bbb-a063-38b44a3d5c8c x-openstack-request-id: req-8ac8a3f9-970c-4bbb-a063-38b44a3d5c8c _http_log_response /usr/lib/python3.6/site-packages/keystoneauth1/session.py:495
2019-11-20 04:52:58.705 6036 DEBUG cinderclient.v2.client [-] RESP BODY: {"volume_type": {"id": "4a992ed8-57b5-4b5a-b297-a1361aa007bd", "name": "s_rally_163be108_vGQw4DFt", "is_public": true, "extra_specs": {}, "description": "test update"}} _http_log_response /usr/lib/python3.6/site-packages/keystoneauth1/session.py:527
2019-11-20 04:52:58.705 6036 DEBUG cinderclient.v2.client [-] PUT call to volumev2 for http://10.167.4.35:8776/v3/bcb4d877d9194a8c9557ad4f81716d72/types/4a992ed8-57b5-4b5a-b297-a1361aa007bd used request id req-8ac8a3f9-970c-4bbb-a063-38b44a3d5c8c request /usr/lib/python3.6/site-packages/keystoneauth1/session.py:865
2019-11-20 04:52:58.706 6036 INFO rally.task.runner [-] Task 879ed185-2a54-4ecc-a04e-49128aac8d60 | ITER: 4 END: OK
2019-11-20 04:52:58.707 6034 DEBUG cinderclient.v2.client [-] REQ: curl -g -i --cacert "/etc/ssl/certs/mcp_os_cacert" -X PUT http://10.167.4.35:8776/v3/bcb4d877d9194a8c9557ad4f81716d72/types/d3fc218f-065b-4506-92ca-cf9cfadb78eb -H "Accept: application/json" -H "Content-Type: application/json" -H "User-Agent: python-cinderclient" -H "X-Auth-Token: {SHA256}ac052a4884fc66b3edd82de366ec992769e63004c829be8dc2fc58b7bf0e7ab0" -H "X-OpenStack-Request-ID: req-11a71764-7f75-4a56-aa69-169f174ae99b" -d '{"volume_type": {"name": "s_rally_163be108_jCNyYHcL", "description": "test update"}}' _http_log_request /usr/lib/python3.6/site-packages/keystoneauth1/session.py:464
2019-11-20 04:52:58.710 6036 INFO rally.task.runner [-] Task 879ed185-2a54-4ecc-a04e-49128aac8d60 | ITER: 5 START
2019-11-20 04:52:58.712 6035 DEBUG cinderclient.v2.client [-] RESP: [200] Connection: close Content-Length: 168 Content-Type: application/json Date: Wed, 20 Nov 2019 04:52:58 GMT OpenStack-API-Version: volume 3.0 Server: Apache Vary: OpenStack-API-Version x-compute-request-id: req-77c27dda-93fa-4e39-8c20-04a8631a5ffe x-openstack-request-id: req-77c27dda-93fa-4e39-8c20-04a8631a5ffe _http_log_response /usr/lib/python3.6/site-packages/keystoneauth1/session.py:495
2019-11-20 04:52:58.713 6035 DEBUG cinderclient.v2.client [-] RESP BODY: {"volume_type": {"id": "a8e7d521-6d74-4948-90e8-af182a66b903", "name": "s_rally_163be108_etskovpm", "is_public": true, "extra_specs": {}, "description": "test update"}} _http_log_response /usr/lib/python3.6/site-packages/keystoneauth1/session.py:527
2019-11-20 04:52:58.713 6035 DEBUG cinderclient.v2.client [-] PUT call to volumev2 for http://10.167.4.35:8776/v3/bcb4d877d9194a8c9557ad4f81716d72/types/a8e7d521-6d74-4948-90e8-af182a66b903 used request id req-77c27dda-93fa-4e39-8c20-04a8631a5ffe request /usr/lib/python3.6/site-packages/keystoneauth1/session.py:865
2019-11-20 04:52:58.714 6035 INFO rally.task.runner [-] Task 879ed185-2a54-4ecc-a04e-49128aac8d60 | ITER: 3 END: OK
