2019-11-20 04:35:54.035 727 DEBUG glanceclient.common.http [-] Request returned failure status 404. _handle_response /usr/lib/python3.6/site-packages/glanceclient/common/http.py:125
2019-11-20 04:35:54.039 727 DEBUG glanceclient.common.http [-] Request returned failure status 404. _handle_response /usr/lib/python3.6/site-packages/glanceclient/common/http.py:125
2019-11-20 04:35:54.040 727 DEBUG glanceclient.common.http [-] Request returned failure status 404. _handle_response /usr/lib/python3.6/site-packages/glanceclient/common/http.py:125
2019-11-20 04:35:54.042 727 DEBUG glanceclient.common.http [-] Request returned failure status 404. _handle_response /usr/lib/python3.6/site-packages/glanceclient/common/http.py:125
2019-11-20 04:35:54.052 727 DEBUG glanceclient.common.http [-] Request returned failure status 404. _handle_response /usr/lib/python3.6/site-packages/glanceclient/common/http.py:125
2019-11-20 04:35:54.054 727 DEBUG glanceclient.common.http [-] Request returned failure status 404. _handle_response /usr/lib/python3.6/site-packages/glanceclient/common/http.py:125
2019-11-20 04:35:54.129 727 DEBUG glanceclient.common.http [-] Request returned failure status 404. _handle_response /usr/lib/python3.6/site-packages/glanceclient/common/http.py:125
2019-11-20 04:35:54.145 727 DEBUG glanceclient.common.http [-] Request returned failure status 404. _handle_response /usr/lib/python3.6/site-packages/glanceclient/common/http.py:125
2019-11-20 04:35:54.225 727 DEBUG glanceclient.common.http [-] Request returned failure status 404. _handle_response /usr/lib/python3.6/site-packages/glanceclient/common/http.py:125
2019-11-20 04:35:54.242 727 DEBUG glanceclient.common.http [-] Request returned failure status 404. _handle_response /usr/lib/python3.6/site-packages/glanceclient/common/http.py:125
2019-11-20 04:35:55.245 727 INFO rally.task.context [-] Task e1476edc-279a-4183-9f1c-3536488b01c7 | Context cleanup@openstack cleanup() finished in 3.32 sec
2019-11-20 04:35:55.245 727 INFO rally.task.context [-] Task e1476edc-279a-4183-9f1c-3536488b01c7 | Context users@openstack cleanup() started
2019-11-20 04:35:59.504 727 INFO rally.task.context [-] Task e1476edc-279a-4183-9f1c-3536488b01c7 | Context users@openstack cleanup() finished in 4.26 sec
2019-11-20 04:35:59.900 727 INFO rally.task.engine [-] Load duration is: 8.782957
2019-11-20 04:35:59.900 727 INFO rally.task.engine [-] Full runner duration is: 9.518929
2019-11-20 04:35:59.901 727 INFO rally.task.engine [-] Full duration is: 19.714664
2019-11-20 04:36:00.390 727 INFO rally.task.engine [-] Task e1476edc-279a-4183-9f1c-3536488b01c7 | Completed: Running task.
2019-11-20 04:36:01.877 1841 RALLYDEBUG rally.api [-] INFO logs from urllib3 and requests module are hide.
2019-11-20 04:36:01.877 1841 RALLYDEBUG rally.api [-] urllib3 insecure warnings are hidden.
2019-11-20 04:36:01.877 1841 RALLYDEBUG rally.api [-] ERROR log from boto module is hide.
2019-11-20 04:36:03.104 1842 RALLYDEBUG rally.api [-] INFO logs from urllib3 and requests module are hide.
2019-11-20 04:36:03.105 1842 RALLYDEBUG rally.api [-] urllib3 insecure warnings are hidden.
2019-11-20 04:36:03.105 1842 RALLYDEBUG rally.api [-] ERROR log from boto module is hide.
2019-11-20 04:36:04.213 1843 RALLYDEBUG rally.api [-] INFO logs from urllib3 and requests module are hide.
2019-11-20 04:36:04.213 1843 RALLYDEBUG rally.api [-] urllib3 insecure warnings are hidden.
2019-11-20 04:36:04.213 1843 RALLYDEBUG rally.api [-] ERROR log from boto module is hide.
2019-11-20 04:36:05.865 1843 INFO rally.api [-] Building 'json' report for the following task(s): 'e1476edc-279a-4183-9f1c-3536488b01c7'.
2019-11-20 04:36:05.884 1843 INFO rally.api [-] The report has been successfully built.
2019-11-20 04:36:07.341 1845 RALLYDEBUG rally.api [-] INFO logs from urllib3 and requests module are hide.
2019-11-20 04:36:07.342 1845 RALLYDEBUG rally.api [-] urllib3 insecure warnings are hidden.
2019-11-20 04:36:07.342 1845 RALLYDEBUG rally.api [-] ERROR log from boto module is hide.
2019-11-20 04:36:09.455 1845 INFO rally.task.engine [-] Task 879ed185-2a54-4ecc-a04e-49128aac8d60 | Starting: Task validation.
2019-11-20 04:36:09.546 1845 INFO rally.task.engine [-] Task 879ed185-2a54-4ecc-a04e-49128aac8d60 | Starting: Task validation of syntax.
2019-11-20 04:36:09.917 1845 INFO rally.task.engine [-] Task 879ed185-2a54-4ecc-a04e-49128aac8d60 | Completed: Task validation of syntax.
2019-11-20 04:36:09.919 1845 INFO rally.task.engine [-] Task 879ed185-2a54-4ecc-a04e-49128aac8d60 | Starting: Task validation of required platforms.
2019-11-20 04:36:10.051 1845 INFO rally.task.engine [-] Task 879ed185-2a54-4ecc-a04e-49128aac8d60 | Completed: Task validation of required platforms.
2019-11-20 04:36:10.051 1845 INFO rally.task.engine [-] Task 879ed185-2a54-4ecc-a04e-49128aac8d60 | Starting: Task validation of semantic.
2019-11-20 04:36:10.052 1845 INFO rally.task.engine [-] Check health of the environment '19a54fcb-828a-4af8-8bd2-de837f947f35'.
2019-11-20 04:36:11.022 1845 INFO rally.task.engine [-] Platform existing@openstack (available: True): OK!
2019-11-20 04:36:11.043 1845 RALLYDEBUG rally_openstack.contexts.keystone.users [-] Creating 1 tenants using 20 threads
2019-11-20 04:36:11.854 1845 RALLYDEBUG rally_openstack.contexts.keystone.users [-] Creating 1 users using 20 threads
2019-11-20 04:36:13.287 1845 INFO rally.task.context [-] Task 879ed185-2a54-4ecc-a04e-49128aac8d60 | Context users@openstack setup() finished in 2.24 sec
2019-11-20 04:36:26.507 1845 INFO rally.task.context [-] Task 879ed185-2a54-4ecc-a04e-49128aac8d60 | Context users@openstack cleanup() started
2019-11-20 04:36:29.101 1845 INFO rally.task.context [-] Task 879ed185-2a54-4ecc-a04e-49128aac8d60 | Context users@openstack cleanup() finished in 2.59 sec
2019-11-20 04:36:29.102 1845 INFO rally.task.engine [-] Task 879ed185-2a54-4ecc-a04e-49128aac8d60 | Completed: Task validation of semantic.
2019-11-20 04:36:29.102 1845 INFO rally.task.engine [-] Task 879ed185-2a54-4ecc-a04e-49128aac8d60 | Completed: Task validation.
2019-11-20 04:36:29.103 1845 INFO rally.api [-] Task 879ed185-2a54-4ecc-a04e-49128aac8d60 input file is valid.
2019-11-20 04:36:29.103 1845 INFO rally.api [-] Run Task 879ed185-2a54-4ecc-a04e-49128aac8d60 against Deployment 19a54fcb-828a-4af8-8bd2-de837f947f35
2019-11-20 04:36:29.104 1845 INFO rally.task.engine [-] Task 879ed185-2a54-4ecc-a04e-49128aac8d60 | Starting: Running task.
2019-11-20 04:36:29.372 1845 INFO rally.task.engine [-] Running workload: position = 0 config = { "version": 2, "title": "A cropped version of a bigger task.", "description": "Auto-generated task from a single workload (uuid=fdb9ecd0-ba32-43da-b4ca-c7cb53be08bc)", "subtasks": [ { "title": "CinderVolumes.create_and_attach_volume", "description": "Create a VM and attach a volume to it.", "scenario": { "CinderVolumes.create_and_attach_volume": { "flavor": { "name": "rally_full-flavor_7c3785c0-1203-4471-b106-35e78a08fc6a" }, "image": { "name": "rally_full-img_7c3785c0-1203-4471-b106-35e78a08fc6a" }, "size": 1, "nics": [ { "net-id": "0fe1c3e1-d88f-4d85-b194-264580ed00cf" } ] } }, "contexts": { "users": { "tenants": 3, "users_per_tenant": 2 }, "quotas": { "cinder": { "gigabytes": -1, "snapshots": -1, "volumes": -1 } }, "api_versions": { "cinder": { "version": 3, "service_type": "volumev3" } } }, "runner": { "constant": { "concurrency": 4, "times": 10 } }, "hooks": [], "sla": { "failure_rate": { "max": 0 } } } ] }
2019-11-20 04:36:29.405 1845 RALLYDEBUG rally_openstack.contexts.keystone.users [-] Creating 3 tenants using 20 threads
2019-11-20 04:36:30.350 1845 RALLYDEBUG rally_openstack.contexts.keystone.users [-] Creating 6 users using 20 threads
2019-11-20 04:36:31.844 1845 INFO rally.task.context [-] Task 879ed185-2a54-4ecc-a04e-49128aac8d60 | Context users@openstack setup() finished in 2.44 sec
2019-11-20 04:36:32.242 1845 INFO rally.task.context [-] Task 879ed185-2a54-4ecc-a04e-49128aac8d60 | Context api_versions@openstack setup() finished in 0.40 sec
2019-11-20 04:36:33.136 1845 INFO rally.task.context [-] Task 879ed185-2a54-4ecc-a04e-49128aac8d60 | Context quotas@openstack setup() finished in 0.89 sec
2019-11-20 04:36:33.137 1845 INFO rally.task.context [-] Task 879ed185-2a54-4ecc-a04e-49128aac8d60 | Context cleanup@openstack setup() finished in 0.02 msec
2019-11-20 04:36:34.205 1845 RALLYDEBUG rally.task.runner [-] Starting the constant runner (task UUID: 879ed185-2a54-4ecc-a04e-49128aac8d60). times: 10 concurrency: 4 timeout: 0 max_cpu_used: 16 processes_to_start: 4 concurrency_per_worker: 1 concurrency_overhead: 0
2019-11-20 04:36:34.219 1969 RALLYDEBUG rally.task.runner [-] Starting a worker. times: 10 duration: None concurrency: 1 timeout: 0 cls: method_name: run args: {"flavor": "a07fb885-fbe6-45e6-b952-7a60dc9e803d", "image": "02d7d2af-9e24-4e53-9730-a3e0913f2d95", "size": 1, "nics": [{"net-id": "0fe1c3e1-d88f-4d85-b194-264580ed00cf"}]}
2019-11-20 04:36:34.222 1970 RALLYDEBUG rally.task.runner [-] Starting a worker. times: 10 duration: None concurrency: 1 timeout: 0 cls: method_name: run args: {"flavor": "a07fb885-fbe6-45e6-b952-7a60dc9e803d", "image": "02d7d2af-9e24-4e53-9730-a3e0913f2d95", "size": 1, "nics": [{"net-id": "0fe1c3e1-d88f-4d85-b194-264580ed00cf"}]}
2019-11-20 04:36:34.226 1969 INFO rally.task.runner [-] Task 879ed185-2a54-4ecc-a04e-49128aac8d60 | ITER: 1 START
2019-11-20 04:36:34.226 1971 RALLYDEBUG rally.task.runner [-] Starting a worker. times: 10 duration: None concurrency: 1 timeout: 0 cls: method_name: run args: {"flavor": "a07fb885-fbe6-45e6-b952-7a60dc9e803d", "image": "02d7d2af-9e24-4e53-9730-a3e0913f2d95", "size": 1, "nics": [{"net-id": "0fe1c3e1-d88f-4d85-b194-264580ed00cf"}]}
2019-11-20 04:36:34.228 1970 INFO rally.task.runner [-] Task 879ed185-2a54-4ecc-a04e-49128aac8d60 | ITER: 2 START
2019-11-20 04:36:34.229 1973 RALLYDEBUG rally.task.runner [-] Starting a worker. times: 10 duration: None concurrency: 1 timeout: 0 cls: method_name: run args: {"flavor": "a07fb885-fbe6-45e6-b952-7a60dc9e803d", "image": "02d7d2af-9e24-4e53-9730-a3e0913f2d95", "size": 1, "nics": [{"net-id": "0fe1c3e1-d88f-4d85-b194-264580ed00cf"}]}
2019-11-20 04:36:34.233 1971 INFO rally.task.runner [-] Task 879ed185-2a54-4ecc-a04e-49128aac8d60 | ITER: 3 START
2019-11-20 04:36:34.236 1973 INFO rally.task.runner [-] Task 879ed185-2a54-4ecc-a04e-49128aac8d60 | ITER: 4 START
2019-11-20 04:36:41.815 1970 RALLYDEBUG rally.task.utils [-] Waiting for resource s_rally_fdb9ecd0_Mr7m5jiX. Status changed: BUILD => ACTIVE in 4.6855809688568115
2019-11-20 04:36:43.487 1973 RALLYDEBUG rally.task.utils [-] Waiting for resource s_rally_fdb9ecd0_mJcuU30w. Status changed: BUILD => ACTIVE in 6.768348932266235
2019-11-20 04:36:43.535 1969 RALLYDEBUG rally.task.utils [-] Waiting for resource s_rally_fdb9ecd0_OdzQktEF. Status changed: BUILD => ACTIVE in 6.682760000228882
2019-11-20 04:36:43.732 1971 RALLYDEBUG rally.task.utils [-] Waiting for resource s_rally_fdb9ecd0_FOGAUC3Q. Status changed: BUILD => ACTIVE in 6.868573427200317
2019-11-20 04:36:44.809 1970 RALLYDEBUG rally.task.utils [-] Waiting for resource s_rally_fdb9ecd0_zV4Bc1og. Status changed: AVAILABLE => RESERVED in 0.41246724128723145
2019-11-20 04:36:46.651 1969 RALLYDEBUG rally.task.utils [-] Waiting for resource s_rally_fdb9ecd0_1AD3eYnz. Status changed: AVAILABLE => RESERVED in 0.42911481857299805
2019-11-20 04:36:46.695 1971 RALLYDEBUG rally.task.utils [-] Waiting for resource s_rally_fdb9ecd0_IbbJnR4a. Status changed: AVAILABLE => RESERVED in 0.39323949813842773
2019-11-20 04:36:47.047 1973 RALLYDEBUG rally.task.utils [-] Waiting for resource s_rally_fdb9ecd0_HNNA43CY. Status changed: AVAILABLE => ATTACHING in 0.831733226776123
2019-11-20 04:36:47.216 1970 RALLYDEBUG rally.task.utils [-] Waiting for resource s_rally_fdb9ecd0_zV4Bc1og. Status changed: RESERVED => IN-USE in 2.4071171283721924
2019-11-20 04:36:47.812 1970 RALLYDEBUG rally.task.utils [-] Waiting for resource s_rally_fdb9ecd0_zV4Bc1og. Status changed: AVAILABLE => DETACHING in 0.43826770782470703
2019-11-20 04:36:49.065 1969 RALLYDEBUG rally.task.utils [-] Waiting for resource s_rally_fdb9ecd0_1AD3eYnz. Status changed: RESERVED => IN-USE in 2.414600133895874
2019-11-20 04:36:49.098 1971 RALLYDEBUG rally.task.utils [-] Waiting for resource s_rally_fdb9ecd0_IbbJnR4a. Status changed: RESERVED => IN-USE in 2.4033210277557373
2019-11-20 04:36:49.448 1973 RALLYDEBUG rally.task.utils [-] Waiting for resource s_rally_fdb9ecd0_HNNA43CY. Status changed: ATTACHING => IN-USE in 2.400184154510498
2019-11-20 04:36:49.629 1969 RALLYDEBUG rally.task.utils [-] Waiting for resource s_rally_fdb9ecd0_1AD3eYnz. Status changed: AVAILABLE => DETACHING in 0.4098970890045166
2019-11-20 04:36:49.637 1971 RALLYDEBUG rally.task.utils [-] Waiting for resource s_rally_fdb9ecd0_IbbJnR4a. Status changed: AVAILABLE => DETACHING in 0.38686060905456543
2019-11-20 04:36:49.996 1973 RALLYDEBUG rally.task.utils [-] Waiting for resource s_rally_fdb9ecd0_HNNA43CY. Status changed: AVAILABLE => DETACHING in 0.4053070545196533
2019-11-20 04:36:50.220 1970 RALLYDEBUG rally.task.utils [-] Waiting for resource s_rally_fdb9ecd0_zV4Bc1og. Status changed: DETACHING => AVAILABLE in 2.40755558013916
2019-11-20 04:36:50.336 1970 RALLYDEBUG rally.task.utils [-] Waiting for resource s_rally_fdb9ecd0_zV4Bc1og. Status changed: AVAILABLE => DELETING in 0.05404543876647949
2019-11-20 04:36:52.047 1969 RALLYDEBUG rally.task.utils [-] Waiting for resource s_rally_fdb9ecd0_1AD3eYnz. Status changed: DETACHING => AVAILABLE in 2.4177181720733643
2019-11-20 04:36:52.056 1971 RALLYDEBUG rally.task.utils [-] Waiting for resource s_rally_fdb9ecd0_IbbJnR4a. Status changed: DETACHING => AVAILABLE in 2.4192655086517334
2019-11-20 04:36:52.159 1969 RALLYDEBUG rally.task.utils [-] Waiting for resource s_rally_fdb9ecd0_1AD3eYnz. Status changed: AVAILABLE => DELETING in 0.05751633644104004
2019-11-20 04:36:52.161 1971 RALLYDEBUG rally.task.utils [-] Waiting for resource s_rally_fdb9ecd0_IbbJnR4a. Status changed: AVAILABLE => DELETING in 0.05094265937805176
2019-11-20 04:36:52.412 1973 RALLYDEBUG rally.task.utils [-] Waiting for resource s_rally_fdb9ecd0_HNNA43CY. Status changed: DETACHING => AVAILABLE in 2.416080951690674
2019-11-20 04:36:52.522 1973 RALLYDEBUG rally.task.utils [-] Waiting for resource s_rally_fdb9ecd0_HNNA43CY. Status changed: AVAILABLE => DELETING in 0.05222821235656738
2019-11-20 04:36:54.797 1970 INFO rally.task.runner [-] Task 879ed185-2a54-4ecc-a04e-49128aac8d60 | ITER: 2 END: OK
2019-11-20 04:36:54.804 1970 INFO rally.task.runner [-] Task 879ed185-2a54-4ecc-a04e-49128aac8d60 | ITER: 5 START
2019-11-20 04:36:56.651 1969 INFO rally.task.runner [-] Task 879ed185-2a54-4ecc-a04e-49128aac8d60 | ITER: 1 END: OK
2019-11-20 04:36:56.659 1969 INFO rally.task.runner [-] Task 879ed185-2a54-4ecc-a04e-49128aac8d60 | ITER: 6 START
2019-11-20 04:36:56.703 1971 INFO rally.task.runner [-] Task 879ed185-2a54-4ecc-a04e-49128aac8d60 | ITER: 3 END: OK
2019-11-20 04:36:56.710 1971 INFO rally.task.runner [-] Task 879ed185-2a54-4ecc-a04e-49128aac8d60 | ITER: 7 START
2019-11-20 04:36:56.900 1973 INFO rally.task.runner [-] Task 879ed185-2a54-4ecc-a04e-49128aac8d60 | ITER: 4 END: OK
2019-11-20 04:36:56.907 1973 INFO rally.task.runner [-] Task 879ed185-2a54-4ecc-a04e-49128aac8d60 | ITER: 8 START
2019-11-20 04:37:01.608 1970 RALLYDEBUG rally.task.utils [-] Waiting for resource s_rally_fdb9ecd0_Da8s062a. Status changed: BUILD => ACTIVE in 4.486210346221924
2019-11-20 04:37:01.721 1969 RALLYDEBUG rally.task.utils [-] Waiting for resource s_rally_fdb9ecd0_2fG3jF7l. Status changed: BUILD => ACTIVE in 2.567526340484619
2019-11-20 04:37:03.658 1973 RALLYDEBUG rally.task.utils [-] Waiting for resource s_rally_fdb9ecd0_U2MbUInJ. Status changed: BUILD => ACTIVE in 4.638609409332275
2019-11-20 04:37:04.591 1970 RALLYDEBUG rally.task.utils [-] Waiting for resource s_rally_fdb9ecd0_JPPj05gh. Status changed: AVAILABLE => RESERVED in 0.418170690536499
2019-11-20 04:37:04.683 1969 RALLYDEBUG rally.task.utils [-] Waiting for resource s_rally_fdb9ecd0_WWPaa8Jb. Status changed: AVAILABLE => RESERVED in 0.40116047859191895
2019-11-20 04:37:05.619 1971 RALLYDEBUG rally.task.utils [-] Waiting for resource s_rally_fdb9ecd0_eiZGPXbR. Status changed: BUILD => ACTIVE in 6.757181167602539
2019-11-20 04:37:06.703 1973 RALLYDEBUG rally.task.utils [-] Waiting for resource s_rally_fdb9ecd0_3nZ0za5U. Status changed: AVAILABLE => RESERVED in 0.42253947257995605
2019-11-20 04:37:06.992 1970 RALLYDEBUG rally.task.utils [-] Waiting for resource s_rally_fdb9ecd0_JPPj05gh. Status changed: RESERVED => IN-USE in 2.401062488555908
2019-11-20 04:37:07.088 1969 RALLYDEBUG rally.task.utils [-] Waiting for resource s_rally_fdb9ecd0_WWPaa8Jb. Status changed: RESERVED => IN-USE in 2.4057278633117676
2019-11-20 04:37:07.547 1970 RALLYDEBUG rally.task.utils [-] Waiting for resource s_rally_fdb9ecd0_JPPj05gh. Status changed: AVAILABLE => DETACHING in 0.40421104431152344
2019-11-20 04:37:07.640 1969 RALLYDEBUG rally.task.utils [-] Waiting for resource s_rally_fdb9ecd0_WWPaa8Jb. Status changed: AVAILABLE => DETACHING in 0.4060206413269043
2019-11-20 04:37:08.715 1971 RALLYDEBUG rally.task.utils [-] Waiting for resource s_rally_fdb9ecd0_1BQsWOTA. Status changed: AVAILABLE => RESERVED in 0.3948955535888672
2019-11-20 04:37:09.115 1973 RALLYDEBUG rally.task.utils [-] Waiting for resource s_rally_fdb9ecd0_3nZ0za5U. Status changed: RESERVED => IN-USE in 2.4118473529815674
2019-11-20 04:37:09.681 1973 RALLYDEBUG rally.task.utils [-] Waiting for resource s_rally_fdb9ecd0_3nZ0za5U. Status changed: AVAILABLE => DETACHING in 0.4187026023864746
2019-11-20 04:37:09.952 1970 RALLYDEBUG rally.task.utils [-] Waiting for resource s_rally_fdb9ecd0_JPPj05gh. Status changed: DETACHING => AVAILABLE in 2.4053902626037598
2019-11-20 04:37:10.049 1969 RALLYDEBUG rally.task.utils [-] Waiting for resource s_rally_fdb9ecd0_WWPaa8Jb. Status changed: DETACHING => AVAILABLE in 2.4088785648345947
2019-11-20 04:37:10.064 1970 RALLYDEBUG rally.task.utils [-] Waiting for resource s_rally_fdb9ecd0_JPPj05gh. Status changed: AVAILABLE => DELETING in 0.05532693862915039
2019-11-20 04:37:10.164 1969 RALLYDEBUG rally.task.utils [-] Waiting for resource s_rally_fdb9ecd0_WWPaa8Jb. Status changed: AVAILABLE => DELETING in 0.055459022521972656
2019-11-20 04:37:11.142 1971 RALLYDEBUG rally.task.utils [-] Waiting for resource s_rally_fdb9ecd0_1BQsWOTA. Status changed: RESERVED => IN-USE in 2.427690029144287
2019-11-20 04:37:11.764 1971 RALLYDEBUG rally.task.utils [-] Waiting for resource s_rally_fdb9ecd0_1BQsWOTA. Status changed: AVAILABLE => DETACHING in 0.4260728359222412
2019-11-20 04:37:12.112 1973 RALLYDEBUG rally.task.utils [-] Waiting for resource s_rally_fdb9ecd0_3nZ0za5U. Status changed: DETACHING => AVAILABLE in 2.430572509765625
2019-11-20 04:37:12.227 1973 RALLYDEBUG rally.task.utils [-] Waiting for resource s_rally_fdb9ecd0_3nZ0za5U. Status changed: AVAILABLE => DELETING in 0.06002998352050781
2019-11-20 04:37:14.195 1971 RALLYDEBUG rally.task.utils [-] Waiting for resource s_rally_fdb9ecd0_1BQsWOTA. Status changed: DETACHING => AVAILABLE in 2.430142641067505
2019-11-20 04:37:14.323 1971 RALLYDEBUG rally.task.utils [-] Waiting for resource s_rally_fdb9ecd0_1BQsWOTA. Status changed: AVAILABLE => DELETING in 0.06102323532104492
2019-11-20 04:37:14.512 1970 INFO rally.task.runner [-] Task 879ed185-2a54-4ecc-a04e-49128aac8d60 | ITER: 5 END: OK
2019-11-20 04:37:14.515 1970 INFO rally.task.runner [-] Task 879ed185-2a54-4ecc-a04e-49128aac8d60 | ITER: 9 START
2019-11-20 04:37:14.537 1969 INFO rally.task.runner [-] Task 879ed185-2a54-4ecc-a04e-49128aac8d60 | ITER: 6 END: OK
2019-11-20 04:37:14.540 1969 INFO rally.task.runner [-] Task 879ed185-2a54-4ecc-a04e-49128aac8d60 | ITER: 10 START
2019-11-20 04:37:16.721 1973 INFO rally.task.runner [-] Task 879ed185-2a54-4ecc-a04e-49128aac8d60 | ITER: 8 END: OK
2019-11-20 04:37:18.658 1971 INFO rally.task.runner [-] Task 879ed185-2a54-4ecc-a04e-49128aac8d60 | ITER: 7 END: OK
2019-11-20 04:37:21.608 1970 RALLYDEBUG rally.task.utils [-] Waiting for resource s_rally_fdb9ecd0_Lf0m9D4I. Status changed: BUILD => ACTIVE in 4.668302774429321
2019-11-20 04:37:21.946 1969 RALLYDEBUG rally.task.utils [-] Waiting for resource s_rally_fdb9ecd0_VjbW9FM4. Status changed: BUILD => ACTIVE in 4.65004301071167
2019-11-20 04:37:24.968 1969 RALLYDEBUG rally.task.utils [-] Waiting for resource s_rally_fdb9ecd0_sxoK7X0H. Status changed: AVAILABLE => RESERVED in 0.4243595600128174
2019-11-20 04:37:24.984 1970 RALLYDEBUG rally.task.utils [-] Waiting for resource s_rally_fdb9ecd0_FYBxfjtM. Status changed: AVAILABLE => RESERVED in 0.6930816173553467
2019-11-20 04:37:27.394 1970 RALLYDEBUG rally.task.utils [-] Waiting for resource s_rally_fdb9ecd0_FYBxfjtM. Status changed: RESERVED => IN-USE in 2.410623550415039
2019-11-20 04:37:27.399 1969 RALLYDEBUG rally.task.utils [-] Waiting for resource s_rally_fdb9ecd0_sxoK7X0H. Status changed: RESERVED => IN-USE in 2.431203842163086
2019-11-20 04:37:27.978 1969 RALLYDEBUG rally.task.utils [-] Waiting for resource s_rally_fdb9ecd0_sxoK7X0H. Status changed: AVAILABLE => DETACHING in 0.4000418186187744
2019-11-20 04:37:27.983 1970 RALLYDEBUG rally.task.utils [-] Waiting for resource s_rally_fdb9ecd0_FYBxfjtM. Status changed: AVAILABLE => DETACHING in 0.40575718879699707
2019-11-20 04:37:30.381 1969 RALLYDEBUG rally.task.utils [-] Waiting for resource s_rally_fdb9ecd0_sxoK7X0H. Status changed: DETACHING => AVAILABLE in 2.403033971786499
2019-11-20 04:37:30.403 1970 RALLYDEBUG rally.task.utils [-] Waiting for resource s_rally_fdb9ecd0_FYBxfjtM. Status changed: DETACHING => AVAILABLE in 2.4202699661254883
2019-11-20 04:37:30.499 1969 RALLYDEBUG rally.task.utils [-] Waiting for resource s_rally_fdb9ecd0_sxoK7X0H. Status changed: AVAILABLE => DELETING in 0.05150103569030762
2019-11-20 04:37:30.515 1970 RALLYDEBUG rally.task.utils [-] Waiting for resource s_rally_fdb9ecd0_FYBxfjtM. Status changed: AVAILABLE => DELETING in 0.056082963943481445
2019-11-20 04:37:34.886 1970 INFO rally.task.runner [-] Task 879ed185-2a54-4ecc-a04e-49128aac8d60 | ITER: 9 END: OK
2019-11-20 04:37:34.917 1969 INFO rally.task.runner [-] Task 879ed185-2a54-4ecc-a04e-49128aac8d60 | ITER: 10 END: OK
2019-11-20 04:37:34.951 1845 INFO rally.task.context [-] Task 879ed185-2a54-4ecc-a04e-49128aac8d60 | Context cleanup@openstack cleanup() started
2019-11-20 04:37:34.955 1845 RALLYDEBUG rally_openstack.cleanup.manager [-] Cleaning up nova servers objects
2019-11-20 04:37:36.344 1845 RALLYDEBUG rally_openstack.cleanup.manager [-] Cleaning up nova server_groups objects
2019-11-20 04:37:37.467 1845 RALLYDEBUG rally_openstack.cleanup.manager [-] Cleaning up nova keypairs objects
2019-11-20 04:37:39.707 1845 RALLYDEBUG rally_openstack.cleanup.manager [-] Cleaning up cinder backups objects
2019-11-20 04:37:40.837 1845 RALLYDEBUG rally_openstack.cleanup.manager [-] Cleaning up cinder volume_snapshots objects
2019-11-20 04:37:42.244 1845 RALLYDEBUG rally_openstack.cleanup.manager [-] Cleaning up cinder transfers objects
2019-11-20 04:37:43.374 1845 RALLYDEBUG rally_openstack.cleanup.manager [-] Cleaning up cinder volumes objects
2019-11-20 04:37:44.580 1845 INFO rally.task.context [-] Task 879ed185-2a54-4ecc-a04e-49128aac8d60 | Context cleanup@openstack cleanup() finished in 9.63 sec
2019-11-20 04:37:44.580 1845 INFO rally.task.context [-] Task 879ed185-2a54-4ecc-a04e-49128aac8d60 | Context quotas@openstack cleanup() started
2019-11-20 04:37:44.655 1845 INFO rally.task.context [-] Task 879ed185-2a54-4ecc-a04e-49128aac8d60 | Context quotas@openstack cleanup() finished in 74.29 msec
2019-11-20 04:37:44.655 1845 INFO rally.task.context [-] Task 879ed185-2a54-4ecc-a04e-49128aac8d60 | Context api_versions@openstack cleanup() started
2019-11-20 04:37:44.656 1845 INFO rally.task.context [-] Task 879ed185-2a54-4ecc-a04e-49128aac8d60 | Context api_versions@openstack cleanup() finished in 0.33 msec
2019-11-20 04:37:44.656 1845 INFO rally.task.context [-] Task 879ed185-2a54-4ecc-a04e-49128aac8d60 | Context users@openstack cleanup() started
2019-11-20 04:37:48.653 1845 INFO rally.task.context [-] Task 879ed185-2a54-4ecc-a04e-49128aac8d60 | Context users@openstack cleanup() finished in 4.00 sec
2019-11-20 04:37:49.787 1845 INFO rally.task.engine [-] Load duration is: 59.686778
2019-11-20 04:37:49.788 1845 INFO rally.task.engine [-] Full runner duration is: 60.747538
2019-11-20 04:37:49.788 1845 INFO rally.task.engine [-] Full duration is: 79.251479
2019-11-20 04:37:50.453 1845 INFO rally.task.engine [-] Running workload: position = 0 config = { "version": 2, "title": "A cropped version of a bigger task.", "description": "Auto-generated task from a single workload (uuid=034daa96-b0e6-43bc-af40-2ef5569f2b71)", "subtasks": [ { "title": "CinderVolumes.create_and_list_snapshots", "description": "Create and then list a volume-snapshot.", "scenario": { "CinderVolumes.create_and_list_snapshots": { "detailed": true, "force": false } }, "contexts": { "users": { "tenants": 3, "users_per_tenant": 2 }, "quotas": { "cinder": { "gigabytes": -1, "snapshots": -1, "volumes": -1 } }, "api_versions": { "cinder": { "version": 3, "service_type": "volumev3" } }, "volumes": { "size": 1, "volumes_per_tenant": 1 } }, "runner": { "constant": { "concurrency": 4, "times": 10 } }, "hooks": [], "sla": { "failure_rate": { "max": 0 } } } ] }
2019-11-20 04:37:50.475 1845 RALLYDEBUG rally_openstack.contexts.keystone.users [-] Creating 3 tenants using 20 threads
2019-11-20 04:37:51.490 1845 RALLYDEBUG rally_openstack.contexts.keystone.users [-] Creating 6 users using 20 threads
2019-11-20 04:37:53.150 1845 INFO rally.task.context [-] Task 879ed185-2a54-4ecc-a04e-49128aac8d60 | Context users@openstack setup() finished in 2.67 sec
2019-11-20 04:37:53.537 1845 INFO rally.task.context [-] Task 879ed185-2a54-4ecc-a04e-49128aac8d60 | Context api_versions@openstack setup() finished in 0.39 sec
2019-11-20 04:37:54.363 1845 INFO rally.task.context [-] Task 879ed185-2a54-4ecc-a04e-49128aac8d60 | Context quotas@openstack setup() finished in 0.83 sec
2019-11-20 04:38:03.001 1845 INFO rally.task.context [-] Task 879ed185-2a54-4ecc-a04e-49128aac8d60 | Context volumes@openstack setup() finished in 8.64 sec
2019-11-20 04:38:03.002 1845 INFO rally.task.context [-] Task 879ed185-2a54-4ecc-a04e-49128aac8d60 | Context cleanup@openstack setup() finished in 0.01 msec
2019-11-20 04:38:03.011 1845 RALLYDEBUG rally.task.runner [-] Starting the constant runner (task UUID: 879ed185-2a54-4ecc-a04e-49128aac8d60). times: 10 concurrency: 4 timeout: 0 max_cpu_used: 16 processes_to_start: 4 concurrency_per_worker: 1 concurrency_overhead: 0
2019-11-20 04:38:03.022 2213 RALLYDEBUG rally.task.runner [-] Starting a worker. times: 10 duration: None concurrency: 1 timeout: 0 cls: method_name: run args: {"detailed": true, "force": false}
2019-11-20 04:38:03.026 2214 RALLYDEBUG rally.task.runner [-] Starting a worker. times: 10 duration: None concurrency: 1 timeout: 0 cls: method_name: run args: {"detailed": true, "force": false}
2019-11-20 04:38:03.030 2213 INFO rally.task.runner [-] Task 879ed185-2a54-4ecc-a04e-49128aac8d60 | ITER: 1 START
2019-11-20 04:38:03.029 2215 RALLYDEBUG rally.task.runner [-] Starting a worker. times: 10 duration: None concurrency: 1 timeout: 0 cls: method_name: run args: {"detailed": true, "force": false}
2019-11-20 04:38:03.033 2214 INFO rally.task.runner [-] Task 879ed185-2a54-4ecc-a04e-49128aac8d60 | ITER: 2 START
2019-11-20 04:38:03.033 2216 RALLYDEBUG rally.task.runner [-] Starting a worker. times: 10 duration: None concurrency: 1 timeout: 0 cls: method_name: run args: {"detailed": true, "force": false}
2019-11-20 04:38:03.036 2215 INFO rally.task.runner [-] Task 879ed185-2a54-4ecc-a04e-49128aac8d60 | ITER: 3 START
2019-11-20 04:38:03.040 2216 INFO rally.task.runner [-] Task 879ed185-2a54-4ecc-a04e-49128aac8d60 | ITER: 4 START
2019-11-20 04:38:05.623 2215 INFO rally.task.runner [-] Task 879ed185-2a54-4ecc-a04e-49128aac8d60 | ITER: 3 END: OK
2019-11-20 04:38:05.628 2215 INFO rally.task.runner [-] Task 879ed185-2a54-4ecc-a04e-49128aac8d60 | ITER: 5 START
2019-11-20 04:38:05.643 2213 INFO rally.task.runner [-] Task 879ed185-2a54-4ecc-a04e-49128aac8d60 | ITER: 1 END: OK
2019-11-20 04:38:05.648 2213 INFO rally.task.runner [-] Task 879ed185-2a54-4ecc-a04e-49128aac8d60 | ITER: 6 START
2019-11-20 04:38:05.710 2216 INFO rally.task.runner [-] Task 879ed185-2a54-4ecc-a04e-49128aac8d60 | ITER: 4 END: OK
2019-11-20 04:38:05.713 2216 INFO rally.task.runner [-] Task 879ed185-2a54-4ecc-a04e-49128aac8d60 | ITER: 7 START
2019-11-20 04:38:05.724 2214 INFO rally.task.runner [-] Task 879ed185-2a54-4ecc-a04e-49128aac8d60 | ITER: 2 END: OK
2019-11-20 04:38:05.729 2214 INFO rally.task.runner [-] Task 879ed185-2a54-4ecc-a04e-49128aac8d60 | ITER: 8 START
2019-11-20 04:38:08.216 2215 INFO rally.task.runner [-] Task 879ed185-2a54-4ecc-a04e-49128aac8d60 | ITER: 5 END: OK
2019-11-20 04:38:08.221 2215 INFO rally.task.runner [-] Task 879ed185-2a54-4ecc-a04e-49128aac8d60 | ITER: 9 START
2019-11-20 04:38:08.224 2213 INFO rally.task.runner [-] Task 879ed185-2a54-4ecc-a04e-49128aac8d60 | ITER: 6 END: OK
2019-11-20 04:38:08.229 2213 INFO rally.task.runner [-] Task 879ed185-2a54-4ecc-a04e-49128aac8d60 | ITER: 10 START
2019-11-20 04:38:08.281 2216 INFO rally.task.runner [-] Task 879ed185-2a54-4ecc-a04e-49128aac8d60 | ITER: 7 END: OK
2019-11-20 04:38:08.418 2214 INFO rally.task.runner [-] Task 879ed185-2a54-4ecc-a04e-49128aac8d60 | ITER: 8 END: OK
2019-11-20 04:38:10.805 2215 INFO rally.task.runner [-] Task 879ed185-2a54-4ecc-a04e-49128aac8d60 | ITER: 9 END: OK
2019-11-20 04:38:10.807 2213 INFO rally.task.runner [-] Task 879ed185-2a54-4ecc-a04e-49128aac8d60 | ITER: 10 END: OK
2019-11-20 04:38:10.832 1845 INFO rally.task.context [-] Task 879ed185-2a54-4ecc-a04e-49128aac8d60 | Context cleanup@openstack cleanup() started
2019-11-20 04:38:10.838 1845 RALLYDEBUG rally_openstack.cleanup.manager [-] Cleaning up cinder backups objects
2019-11-20 04:38:12.021 1845 RALLYDEBUG rally_openstack.cleanup.manager [-] Cleaning up cinder volume_snapshots objects
2019-11-20 04:38:13.174 1845 RALLYDEBUG rally_openstack.cleanup.manager [-] Deleting cinder.volume_snapshots object s_rally_034daa96_X2PRYoA3 (5eb3ea2f-329e-4b72-bbad-37134bee4141)
2019-11-20 04:38:13.183 1845 RALLYDEBUG rally_openstack.cleanup.manager [-] Deleting cinder.volume_snapshots object s_rally_034daa96_LEkJYb2i (5b16bf02-b0ff-4778-9302-5c7229faaafb)
2019-11-20 04:38:13.192 1845 RALLYDEBUG rally_openstack.cleanup.manager [-] Deleting cinder.volume_snapshots object s_rally_034daa96_Vy1hMBNE (4d4b9dd2-6162-4ff3-8104-cfa8b5d60416)
2019-11-20 04:38:13.196 1845 RALLYDEBUG rally_openstack.cleanup.manager [-] Deleting cinder.volume_snapshots object s_rally_034daa96_W41bfve5 (4bea5a64-578e-480c-bb66-117ad3d183e9)
2019-11-20 04:38:13.205 1845 RALLYDEBUG rally_openstack.cleanup.manager [-] Deleting cinder.volume_snapshots object s_rally_034daa96_AdIvC53n (71150666-dbd2-4264-8ef8-bd04111f1a11)
2019-11-20 04:38:13.211 1845 RALLYDEBUG rally_openstack.cleanup.manager [-] Deleting cinder.volume_snapshots object s_rally_034daa96_uqfq2FQy (763fa325-dc0e-41a7-bfd3-1276e99b80bf)
2019-11-20 04:38:13.218 1845 RALLYDEBUG rally_openstack.cleanup.manager [-] Deleting cinder.volume_snapshots object s_rally_034daa96_y0fy7Pfo (60782987-fed5-443a-aad9-f3d94c836b4f)
2019-11-20 04:38:13.237 1845 RALLYDEBUG rally_openstack.cleanup.manager [-] Deleting cinder.volume_snapshots object s_rally_034daa96_YBHzLS6p (b0b51b1b-d504-49c2-bf99-f2cbd0978850)
2019-11-20 04:38:13.242 1845 RALLYDEBUG rally_openstack.cleanup.manager [-] Deleting cinder.volume_snapshots object s_rally_034daa96_SpF34aXx (b6a3dba4-3f39-49a8-ae56-cc73a8dff311)
2019-11-20 04:38:13.251 1845 RALLYDEBUG rally_openstack.cleanup.manager [-] Deleting cinder.volume_snapshots object s_rally_034daa96_lKMPMVZ9 (537af9f8-2edb-45e4-ad74-3a94a8ef9bf9)
2019-11-20 04:38:16.879 1845 RALLYDEBUG rally_openstack.cleanup.manager [-] Cleaning up cinder transfers objects
2019-11-20 04:38:17.997 1845 RALLYDEBUG rally_openstack.cleanup.manager [-] Cleaning up cinder volumes objects
2019-11-20 04:38:19.218 1845 INFO rally.task.context [-] Task 879ed185-2a54-4ecc-a04e-49128aac8d60 | Context cleanup@openstack cleanup() finished in 8.39 sec
2019-11-20 04:38:19.219 1845 INFO rally.task.context [-] Task 879ed185-2a54-4ecc-a04e-49128aac8d60 | Context volumes@openstack cleanup() started
2019-11-20 04:38:19.220 1845 RALLYDEBUG rally_openstack.cleanup.manager [-] Cleaning up cinder volumes objects
2019-11-20 04:38:20.423 1845 RALLYDEBUG rally_openstack.cleanup.manager [-] Deleting cinder.volumes object c_rally_034daa96_T3cmoTlr (3e53f480-121e-484d-9034-e3bb65cabf66)
2019-11-20 04:38:20.429 1845 RALLYDEBUG rally_openstack.cleanup.manager [-] Deleting cinder.volumes object c_rally_034daa96_nyUonvfi (f40bc88c-93d9-4f7d-8a99-2473f9b7aa92)
2019-11-20 04:38:20.437 1845 RALLYDEBUG rally_openstack.cleanup.manager [-] Deleting cinder.volumes object c_rally_034daa96_vAccuyRd (30eef437-22ea-4a26-9a5a-22547fb9e505)
2019-11-20 04:38:23.068 1845 INFO rally.task.context [-] Task 879ed185-2a54-4ecc-a04e-49128aac8d60 | Context volumes@openstack cleanup() finished in 3.85 sec
2019-11-20 04:38:23.069 1845 INFO rally.task.context [-] Task 879ed185-2a54-4ecc-a04e-49128aac8d60 | Context quotas@openstack cleanup() started
2019-11-20 04:38:23.146 1845 INFO rally.task.context [-] Task 879ed185-2a54-4ecc-a04e-49128aac8d60 | Context quotas@openstack cleanup() finished in 77.32 msec
2019-11-20 04:38:23.146 1845 INFO rally.task.context [-] Task 879ed185-2a54-4ecc-a04e-49128aac8d60 | Context api_versions@openstack cleanup() started
2019-11-20 04:38:23.147 1845 INFO rally.task.context [-] Task 879ed185-2a54-4ecc-a04e-49128aac8d60 | Context api_versions@openstack cleanup() finished in 0.34 msec
2019-11-20 04:38:23.147 1845 INFO rally.task.context [-] Task 879ed185-2a54-4ecc-a04e-49128aac8d60 | Context users@openstack cleanup() started
2019-11-20 04:38:27.407 1845 INFO rally.task.context [-] Task 879ed185-2a54-4ecc-a04e-49128aac8d60 | Context users@openstack cleanup() finished in 4.26 sec
2019-11-20 04:38:28.662 1845 INFO rally.task.engine [-] Load duration is: 7.772918
2019-11-20 04:38:28.663 1845 INFO rally.task.engine [-] Full runner duration is: 7.821472
2019-11-20 04:38:28.663 1845 INFO rally.task.engine [-] Full duration is: 36.934131
2019-11-20 04:38:28.933 1845 INFO rally.task.engine [-] Running workload: position = 0 config = { "version": 2, "title": "A cropped version of a bigger task.", "description": "Auto-generated task from a single workload (uuid=92722166-3924-4c76-b4a3-2b3d70380ebe)", "subtasks": [ { "title": "CinderVolumes.create_and_list_volume", "description": "Create a volume and list all volumes.", "scenario": { "CinderVolumes.create_and_list_volume": { "detailed": true, "image": { "name": "rally_full-img_7c3785c0-1203-4471-b106-35e78a08fc6a" }, "size": 1 } }, "contexts": { "users": { "tenants": 3, "users_per_tenant": 2 }, "quotas": { "cinder": { "gigabytes": -1, "snapshots": -1, "volumes": -1 } }, "api_versions": { "cinder": { "version": 3, "service_type": "volumev3" } } }, "runner": { "constant": { "concurrency": 4, "times": 10 } }, "hooks": [], "sla": { "failure_rate": { "max": 0 } } } ] }
2019-11-20 04:38:28.960 1845 RALLYDEBUG rally_openstack.contexts.keystone.users [-] Creating 3 tenants using 20 threads
2019-11-20 04:38:29.942 1845 RALLYDEBUG rally_openstack.contexts.keystone.users [-] Creating 6 users using 20 threads
2019-11-20 04:38:31.425 1845 INFO rally.task.context [-] Task 879ed185-2a54-4ecc-a04e-49128aac8d60 | Context users@openstack setup() finished in 2.47 sec
2019-11-20 04:38:31.817 1845 INFO rally.task.context [-] Task 879ed185-2a54-4ecc-a04e-49128aac8d60 | Context api_versions@openstack setup() finished in 0.39 sec
2019-11-20 04:38:32.636 1845 INFO rally.task.context [-] Task 879ed185-2a54-4ecc-a04e-49128aac8d60 | Context quotas@openstack setup() finished in 0.82 sec
2019-11-20 04:38:32.637 1845 INFO rally.task.context [-] Task 879ed185-2a54-4ecc-a04e-49128aac8d60 | Context cleanup@openstack setup() finished in 0.02 msec
2019-11-20 04:38:33.425 1845 RALLYDEBUG rally.task.runner [-] Starting the constant runner (task UUID: 879ed185-2a54-4ecc-a04e-49128aac8d60). times: 10 concurrency: 4 timeout: 0 max_cpu_used: 16 processes_to_start: 4 concurrency_per_worker: 1 concurrency_overhead: 0
2019-11-20 04:38:33.437 2417 RALLYDEBUG rally.task.runner [-] Starting a worker. times: 10 duration: None concurrency: 1 timeout: 0 cls: method_name: run args: {"detailed": true, "image": "02d7d2af-9e24-4e53-9730-a3e0913f2d95", "size": 1}
2019-11-20 04:38:33.440 2418 RALLYDEBUG rally.task.runner [-] Starting a worker. times: 10 duration: None concurrency: 1 timeout: 0 cls: method_name: run args: {"detailed": true, "image": "02d7d2af-9e24-4e53-9730-a3e0913f2d95", "size": 1}
2019-11-20 04:38:33.444 2417 INFO rally.task.runner [-] Task 879ed185-2a54-4ecc-a04e-49128aac8d60 | ITER: 1 START
2019-11-20 04:38:33.444 2419 RALLYDEBUG rally.task.runner [-] Starting a worker. times: 10 duration: None concurrency: 1 timeout: 0 cls: method_name: run args: {"detailed": true, "image": "02d7d2af-9e24-4e53-9730-a3e0913f2d95", "size": 1}
2019-11-20 04:38:33.448 2418 INFO rally.task.runner [-] Task 879ed185-2a54-4ecc-a04e-49128aac8d60 | ITER: 2 START
2019-11-20 04:38:33.447 2420 RALLYDEBUG rally.task.runner [-] Starting a worker. times: 10 duration: None concurrency: 1 timeout: 0 cls: method_name: run args: {"detailed": true, "image": "02d7d2af-9e24-4e53-9730-a3e0913f2d95", "size": 1}
2019-11-20 04:38:33.451 2419 INFO rally.task.runner [-] Task 879ed185-2a54-4ecc-a04e-49128aac8d60 | ITER: 3 START
2019-11-20 04:38:33.454 2420 INFO rally.task.runner [-] Task 879ed185-2a54-4ecc-a04e-49128aac8d60 | ITER: 4 START
2019-11-20 04:38:49.079 2418 RALLYDEBUG rally.task.utils [-] Waiting for resource s_rally_92722166_QdUkfNbJ. Status changed: DOWNLOADING => AVAILABLE in 12.524544715881348
2019-11-20 04:38:49.137 2418 INFO rally.task.runner [-] Task 879ed185-2a54-4ecc-a04e-49128aac8d60 | ITER: 2 END: OK
2019-11-20 04:38:49.142 2418 INFO rally.task.runner [-] Task 879ed185-2a54-4ecc-a04e-49128aac8d60 | ITER: 5 START
2019-11-20 04:38:54.112 2418 RALLYDEBUG rally.task.utils [-] Waiting for resource s_rally_92722166_jQATD1Qk. Status changed: CREATING => DOWNLOADING in 2.202155113220215
2019-11-20 04:38:57.082 2420 RALLYDEBUG rally.task.utils [-] Waiting for resource s_rally_92722166_UI3O7xFn. Status changed: DOWNLOADING => AVAILABLE in 20.80186414718628
2019-11-20 04:38:57.142 2420 INFO rally.task.runner [-] Task 879ed185-2a54-4ecc-a04e-49128aac8d60 | ITER: 4 END: OK
2019-11-20 04:38:57.149 2420 INFO rally.task.runner [-] Task 879ed185-2a54-4ecc-a04e-49128aac8d60 | ITER: 6 START
2019-11-20 04:39:30.439 2419 RALLYDEBUG rally.task.utils [-] Waiting for resource s_rally_92722166_oaBLpYo6. Status changed: DOWNLOADING => AVAILABLE in 53.895954847335815
2019-11-20 04:39:30.500 2419 INFO rally.task.runner [-] Task 879ed185-2a54-4ecc-a04e-49128aac8d60 | ITER: 3 END: OK
2019-11-20 04:39:30.507 2419 INFO rally.task.runner [-] Task 879ed185-2a54-4ecc-a04e-49128aac8d60 | ITER: 7 START
2019-11-20 04:39:32.249 2417 RALLYDEBUG rally.task.utils [-] Waiting for resource s_rally_92722166_nkizPgHt. Status changed: DOWNLOADING => AVAILABLE in 55.97753691673279
2019-11-20 04:39:32.313 2417 INFO rally.task.runner [-] Task 879ed185-2a54-4ecc-a04e-49128aac8d60 | ITER: 1 END: OK
2019-11-20 04:39:32.319 2417 INFO rally.task.runner [-] Task 879ed185-2a54-4ecc-a04e-49128aac8d60 | ITER: 8 START
2019-11-20 04:39:47.767 2419 RALLYDEBUG rally.task.utils [-] Waiting for resource s_rally_92722166_H8ps4dVB. Status changed: DOWNLOADING => AVAILABLE in 14.583527088165283
2019-11-20 04:39:47.826 2419 INFO rally.task.runner [-] Task 879ed185-2a54-4ecc-a04e-49128aac8d60 | ITER: 7 END: OK
2019-11-20 04:39:47.830 2419 INFO rally.task.runner [-] Task 879ed185-2a54-4ecc-a04e-49128aac8d60 | ITER: 9 START
2019-11-20 04:39:56.832 2419 RALLYDEBUG rally.task.utils [-] Waiting for resource s_rally_92722166_vvoN4JSx. Status changed: CREATING => DOWNLOADING in 6.334039211273193
2019-11-20 04:39:57.954 2417 RALLYDEBUG rally.task.utils [-] Waiting for resource s_rally_92722166_NKrwyY0l. Status changed: DOWNLOADING => AVAILABLE in 22.884066104888916
2019-11-20 04:39:58.012 2417 INFO rally.task.runner [-] Task 879ed185-2a54-4ecc-a04e-49128aac8d60 | ITER: 8 END: OK
2019-11-20 04:39:58.015 2417 INFO rally.task.runner [-] Task 879ed185-2a54-4ecc-a04e-49128aac8d60 | ITER: 10 START
2019-11-20 04:40:02.908 2417 RALLYDEBUG rally.task.utils [-] Waiting for resource s_rally_92722166_ivC8ftVh. Status changed: CREATING => DOWNLOADING in 2.1966161727905273
2019-11-20 04:40:04.337 2418 RALLYDEBUG rally.task.utils [-] Waiting for resource s_rally_92722166_jQATD1Qk. Status changed: DOWNLOADING => AVAILABLE in 70.22459387779236
2019-11-20 04:40:04.399 2418 INFO rally.task.runner [-] Task 879ed185-2a54-4ecc-a04e-49128aac8d60 | ITER: 5 END: OK
2019-11-20 04:40:06.446 2420 RALLYDEBUG rally.task.utils [-] Waiting for resource s_rally_92722166_c1sb5BDb. Status changed: DOWNLOADING => AVAILABLE in 66.26780247688293
2019-11-20 04:40:06.511 2420 INFO rally.task.runner [-] Task 879ed185-2a54-4ecc-a04e-49128aac8d60 | ITER: 6 END: OK
2019-11-20 04:40:11.294 2419 RALLYDEBUG rally.task.utils [-] Waiting for resource s_rally_92722166_vvoN4JSx. Status changed: DOWNLOADING => AVAILABLE in 14.462803602218628
2019-11-20 04:40:11.350 2419 INFO rally.task.runner [-] Task 879ed185-2a54-4ecc-a04e-49128aac8d60 | ITER: 9 END: OK
2019-11-20 04:40:21.541 2417 RALLYDEBUG rally.task.utils [-] Waiting for resource s_rally_92722166_ivC8ftVh. Status changed: DOWNLOADING => AVAILABLE in 18.633700370788574
2019-11-20 04:40:21.606 2417 INFO rally.task.runner [-] Task 879ed185-2a54-4ecc-a04e-49128aac8d60 | ITER: 10 END: OK
2019-11-20 04:40:21.632 1845 INFO rally.task.context [-] Task 879ed185-2a54-4ecc-a04e-49128aac8d60 | Context cleanup@openstack cleanup() started
2019-11-20 04:40:21.635 1845 RALLYDEBUG rally_openstack.cleanup.manager [-] Cleaning up cinder backups objects
2019-11-20 04:40:22.900 1845 RALLYDEBUG rally_openstack.cleanup.manager [-] Cleaning up cinder volume_snapshots objects
2019-11-20 04:40:24.039 1845 RALLYDEBUG rally_openstack.cleanup.manager [-] Cleaning up cinder transfers objects
2019-11-20 04:40:25.174 1845 RALLYDEBUG rally_openstack.cleanup.manager [-] Cleaning up cinder volumes objects
2019-11-20 04:40:26.414 1845 RALLYDEBUG rally_openstack.cleanup.manager [-] Deleting cinder.volumes object s_rally_92722166_H8ps4dVB (3f55ab25-34bc-413f-b788-437193eb263a)
2019-11-20 04:40:26.420 1845 RALLYDEBUG rally_openstack.cleanup.manager [-] Deleting cinder.volumes object s_rally_92722166_ivC8ftVh (e64a0867-39a5-4c85-86b8-2c52f29efa87)
2019-11-20 04:40:26.424 1845 RALLYDEBUG rally_openstack.cleanup.manager [-] Deleting cinder.volumes object s_rally_92722166_c1sb5BDb (3f277240-eaa9-444c-930a-0baa1386e121)
2019-11-20 04:40:26.432 1845 RALLYDEBUG rally_openstack.cleanup.manager [-] Deleting cinder.volumes object s_rally_92722166_jQATD1Qk (e34e11e9-7896-46c6-8d04-3e7e732614a3)
2019-11-20 04:40:26.436 1845 RALLYDEBUG rally_openstack.cleanup.manager [-] Deleting cinder.volumes object s_rally_92722166_QdUkfNbJ (e2d026d1-9dd8-47b5-8d82-cc9b2ca1da73)
2019-11-20 04:40:26.440 1845 RALLYDEBUG rally_openstack.cleanup.manager [-] Deleting cinder.volumes object s_rally_92722166_vvoN4JSx (f11b85da-1097-4571-b748-0ed7c8976980)
2019-11-20 04:40:26.451 1845 RALLYDEBUG rally_openstack.cleanup.manager [-] Deleting cinder.volumes object s_rally_92722166_NKrwyY0l (23f168d7-328c-4b58-9db0-dbad5c981488)
2019-11-20 04:40:26.459 1845 RALLYDEBUG rally_openstack.cleanup.manager [-] Deleting cinder.volumes object s_rally_92722166_oaBLpYo6 (ad9a1397-82ff-47fc-a4c9-8fbfd472108b)
2019-11-20 04:40:26.470 1845 RALLYDEBUG rally_openstack.cleanup.manager [-] Deleting cinder.volumes object s_rally_92722166_nkizPgHt (ad329b78-1e96-43d0-954f-a0c8523253a1)
2019-11-20 04:40:26.478 1845 RALLYDEBUG rally_openstack.cleanup.manager [-] Deleting cinder.volumes object s_rally_92722166_UI3O7xFn (688f33ec-d2a5-4efe-8d2d-30f2006a7d61)
2019-11-20 04:40:30.305 1845 INFO rally.task.context [-] Task 879ed185-2a54-4ecc-a04e-49128aac8d60 | Context cleanup@openstack cleanup() finished in 8.67 sec
2019-11-20 04:40:30.306 1845 INFO rally.task.context [-] Task 879ed185-2a54-4ecc-a04e-49128aac8d60 | Context quotas@openstack cleanup() started
2019-11-20 04:40:30.384 1845 INFO rally.task.context [-] Task 879ed185-2a54-4ecc-a04e-49128aac8d60 | Context quotas@openstack cleanup() finished in 77.69 msec
2019-11-20 04:40:30.384 1845 INFO rally.task.context [-] Task 879ed185-2a54-4ecc-a04e-49128aac8d60 | Context api_versions@openstack cleanup() started
2019-11-20 04:40:30.385 1845 INFO rally.task.context [-] Task 879ed185-2a54-4ecc-a04e-49128aac8d60 | Context api_versions@openstack cleanup() finished in 0.34 msec
2019-11-20 04:40:30.385 1845 INFO rally.task.context [-] Task 879ed185-2a54-4ecc-a04e-49128aac8d60 | Context users@openstack cleanup() started
2019-11-20 04:40:34.632 1845 INFO rally.task.context [-] Task 879ed185-2a54-4ecc-a04e-49128aac8d60 | Context users@openstack cleanup() finished in 4.25 sec
2019-11-20 04:40:35.518 1845 INFO rally.task.engine [-] Load duration is: 108.157434
2019-11-20 04:40:35.519 1845 INFO rally.task.engine [-] Full runner duration is: 108.207539
2019-11-20 04:40:35.519 1845 INFO rally.task.engine [-] Full duration is: 125.674535
2019-11-20 04:40:35.759 1845 INFO rally.task.engine [-] Running workload: position = 1 config = { "version": 2, "title": "A cropped version of a bigger task.", "description": "Auto-generated task from a single workload (uuid=928fc706-2d2b-4168-8329-1ea9acb8bbf7)", "subtasks": [ { "title": "CinderVolumes.create_and_list_volume", "description": "Create a volume and list all volumes.", "scenario": { "CinderVolumes.create_and_list_volume": { "detailed": true, "size": 1 } }, "contexts": { "users": { "tenants": 3, "users_per_tenant": 2 }, "quotas": { "cinder": { "gigabytes": -1, "snapshots": -1, "volumes": -1 } }, "api_versions": { "cinder": { "version": 3, "service_type": "volumev3" } } }, "runner": { "constant": { "concurrency": 4, "times": 10 } }, "hooks": [], "sla": { "failure_rate": { "max": 0 } } } ] }
2019-11-20 04:40:35.784 1845 RALLYDEBUG rally_openstack.contexts.keystone.users [-] Creating 3 tenants using 20 threads
2019-11-20 04:40:36.870 1845 RALLYDEBUG rally_openstack.contexts.keystone.users [-] Creating 6 users using 20 threads
2019-11-20 04:40:38.460 1845 INFO rally.task.context [-] Task 879ed185-2a54-4ecc-a04e-49128aac8d60 | Context users@openstack setup() finished in 2.68 sec
2019-11-20 04:40:38.854 1845 INFO rally.task.context [-] Task 879ed185-2a54-4ecc-a04e-49128aac8d60 | Context api_versions@openstack setup() finished in 0.39 sec
2019-11-20 04:40:39.821 1845 INFO rally.task.context [-] Task 879ed185-2a54-4ecc-a04e-49128aac8d60 | Context quotas@openstack setup() finished in 0.97 sec
2019-11-20 04:40:39.822 1845 INFO rally.task.context [-] Task 879ed185-2a54-4ecc-a04e-49128aac8d60 | Context cleanup@openstack setup() finished in 0.01 msec
2019-11-20 04:40:39.831 1845 RALLYDEBUG rally.task.runner [-] Starting the constant runner (task UUID: 879ed185-2a54-4ecc-a04e-49128aac8d60). times: 10 concurrency: 4 timeout: 0 max_cpu_used: 16 processes_to_start: 4 concurrency_per_worker: 1 concurrency_overhead: 0
2019-11-20 04:40:39.843 2601 RALLYDEBUG rally.task.runner [-] Starting a worker. times: 10 duration: None concurrency: 1 timeout: 0 cls: method_name: run args: {"detailed": true, "size": 1}
2019-11-20 04:40:39.847 2602 RALLYDEBUG rally.task.runner [-] Starting a worker. times: 10 duration: None concurrency: 1 timeout: 0 cls: method_name: run args: {"detailed": true, "size": 1}
2019-11-20 04:40:39.851 2601 INFO rally.task.runner [-] Task 879ed185-2a54-4ecc-a04e-49128aac8d60 | ITER: 1 START
2019-11-20 04:40:39.850 2603 RALLYDEBUG rally.task.runner [-] Starting a worker. times: 10 duration: None concurrency: 1 timeout: 0 cls: method_name: run args: {"detailed": true, "size": 1}
2019-11-20 04:40:39.854 2602 INFO rally.task.runner [-] Task 879ed185-2a54-4ecc-a04e-49128aac8d60 | ITER: 2 START
2019-11-20 04:40:39.857 2603 INFO rally.task.runner [-] Task 879ed185-2a54-4ecc-a04e-49128aac8d60 | ITER: 3 START
2019-11-20 04:40:39.861 2610 RALLYDEBUG rally.task.runner [-] Starting a worker. times: 10 duration: None concurrency: 1 timeout: 0 cls: method_name: run args: {"detailed": true, "size": 1}
2019-11-20 04:40:39.867 2610 INFO rally.task.runner [-] Task 879ed185-2a54-4ecc-a04e-49128aac8d60 | ITER: 4 START
2019-11-20 04:40:42.705 2610 INFO rally.task.runner [-] Task 879ed185-2a54-4ecc-a04e-49128aac8d60 | ITER: 4 END: OK
2019-11-20 04:40:42.710 2610 INFO rally.task.runner [-] Task 879ed185-2a54-4ecc-a04e-49128aac8d60 | ITER: 5 START
2019-11-20 04:40:42.711 2601 INFO rally.task.runner [-] Task 879ed185-2a54-4ecc-a04e-49128aac8d60 | ITER: 1 END: OK
2019-11-20 04:40:42.715 2602 INFO rally.task.runner [-] Task 879ed185-2a54-4ecc-a04e-49128aac8d60 | ITER: 2 END: OK
2019-11-20 04:40:42.715 2601 INFO rally.task.runner [-] Task 879ed185-2a54-4ecc-a04e-49128aac8d60 | ITER: 6 START
2019-11-20 04:40:42.720 2602 INFO rally.task.runner [-] Task 879ed185-2a54-4ecc-a04e-49128aac8d60 | ITER: 7 START
2019-11-20 04:40:42.859 2603 INFO rally.task.runner [-] Task 879ed185-2a54-4ecc-a04e-49128aac8d60 | ITER: 3 END: OK
2019-11-20 04:40:42.864 2603 INFO rally.task.runner [-] Task 879ed185-2a54-4ecc-a04e-49128aac8d60 | ITER: 8 START
2019-11-20 04:40:45.471 2610 INFO rally.task.runner [-] Task 879ed185-2a54-4ecc-a04e-49128aac8d60 | ITER: 5 END: OK
2019-11-20 04:40:45.472 2601 INFO rally.task.runner [-] Task 879ed185-2a54-4ecc-a04e-49128aac8d60 | ITER: 6 END: OK
