2019-11-20 04:44:33.068 3236 RALLYDEBUG rally.task.utils [-] Waiting for resource s_rally_9d9c5a4a_0k1dJjA6. Status changed: AVAILABLE => DELETING in 0.02365899085998535
2019-11-20 04:44:33.261 3235 RALLYDEBUG rally.task.utils [-] Waiting for resource s_rally_9d9c5a4a_dOBks8cv. Status changed: AVAILABLE => DETACHING in 0.41036248207092285
2019-11-20 04:44:35.057 3233 RALLYDEBUG rally.task.utils [-] Waiting for resource s_rally_9d9c5a4a_hynKhA2K. Status changed: AVAILABLE => DELETING in 0.0609440803527832
2019-11-20 04:44:35.221 3236 RALLYDEBUG rally.task.utils [-] Waiting for resource s_rally_9d9c5a4a_GBN4fUMu. Status changed: AVAILABLE => DELETING in 0.06217670440673828
2019-11-20 04:44:35.307 3234 RALLYDEBUG rally.task.utils [-] Waiting for resource s_rally_9d9c5a4a_wpfOjFS2. Status changed: DETACHING => AVAILABLE in 2.4194259643554688
2019-11-20 04:44:35.405 3234 RALLYDEBUG rally.task.utils [-] Waiting for resource s_rally_9d9c5a4a_LsXGl9fo. Status changed: AVAILABLE => DELETING in 0.02712249755859375
2019-11-20 04:44:35.679 3235 RALLYDEBUG rally.task.utils [-] Waiting for resource s_rally_9d9c5a4a_dOBks8cv. Status changed: DETACHING => AVAILABLE in 2.417577028274536
2019-11-20 04:44:35.775 3235 RALLYDEBUG rally.task.utils [-] Waiting for resource s_rally_9d9c5a4a_74pNMjNL. Status changed: AVAILABLE => DELETING in 0.027222156524658203
2019-11-20 04:44:37.544 3234 RALLYDEBUG rally.task.utils [-] Waiting for resource s_rally_9d9c5a4a_wpfOjFS2. Status changed: AVAILABLE => DELETING in 0.058969736099243164
2019-11-20 04:44:37.931 3235 RALLYDEBUG rally.task.utils [-] Waiting for resource s_rally_9d9c5a4a_dOBks8cv. Status changed: AVAILABLE => DELETING in 0.07494163513183594
2019-11-20 04:44:39.493 3233 INFO rally.task.runner [-] Task 879ed185-2a54-4ecc-a04e-49128aac8d60 | ITER: 6 END: OK
2019-11-20 04:44:39.497 3233 INFO rally.task.runner [-] Task 879ed185-2a54-4ecc-a04e-49128aac8d60 | ITER: 9 START
2019-11-20 04:44:39.589 3236 INFO rally.task.runner [-] Task 879ed185-2a54-4ecc-a04e-49128aac8d60 | ITER: 5 END: OK
2019-11-20 04:44:39.593 3236 INFO rally.task.runner [-] Task 879ed185-2a54-4ecc-a04e-49128aac8d60 | ITER: 10 START
2019-11-20 04:44:42.163 3234 INFO rally.task.runner [-] Task 879ed185-2a54-4ecc-a04e-49128aac8d60 | ITER: 7 END: OK
2019-11-20 04:44:42.502 3235 INFO rally.task.runner [-] Task 879ed185-2a54-4ecc-a04e-49128aac8d60 | ITER: 8 END: OK
2019-11-20 04:44:51.088 3233 RALLYDEBUG rally.task.utils [-] Waiting for resource s_rally_9d9c5a4a_6XTJAwcp. Status changed: BUILD => ACTIVE in 4.47942590713501
2019-11-20 04:44:51.194 3236 RALLYDEBUG rally.task.utils [-] Waiting for resource s_rally_9d9c5a4a_dcwdA008. Status changed: BUILD => ACTIVE in 4.5977959632873535
2019-11-20 04:44:51.754 3233 RALLYDEBUG rally.task.utils [-] Waiting for resource s_rally_9d9c5a4a_OF65pVFP. Status changed: AVAILABLE => RESERVED in 0.40371179580688477
2019-11-20 04:44:51.858 3236 RALLYDEBUG rally.task.utils [-] Waiting for resource s_rally_9d9c5a4a_lWrXlyGx. Status changed: AVAILABLE => RESERVED in 0.39486193656921387
2019-11-20 04:44:54.178 3233 RALLYDEBUG rally.task.utils [-] Waiting for resource s_rally_9d9c5a4a_OF65pVFP. Status changed: RESERVED => IN-USE in 2.424642324447632
2019-11-20 04:44:54.270 3236 RALLYDEBUG rally.task.utils [-] Waiting for resource s_rally_9d9c5a4a_lWrXlyGx. Status changed: RESERVED => IN-USE in 2.411311149597168
2019-11-20 04:44:54.749 3233 RALLYDEBUG rally.task.utils [-] Waiting for resource s_rally_9d9c5a4a_OF65pVFP. Status changed: AVAILABLE => DETACHING in 0.40781712532043457
2019-11-20 04:44:54.842 3236 RALLYDEBUG rally.task.utils [-] Waiting for resource s_rally_9d9c5a4a_lWrXlyGx. Status changed: AVAILABLE => DETACHING in 0.4097161293029785
2019-11-20 04:44:57.163 3233 RALLYDEBUG rally.task.utils [-] Waiting for resource s_rally_9d9c5a4a_OF65pVFP. Status changed: DETACHING => AVAILABLE in 2.4139130115509033
2019-11-20 04:44:57.257 3236 RALLYDEBUG rally.task.utils [-] Waiting for resource s_rally_9d9c5a4a_lWrXlyGx. Status changed: DETACHING => AVAILABLE in 2.414219379425049
2019-11-20 04:44:57.264 3233 RALLYDEBUG rally.task.utils [-] Waiting for resource s_rally_9d9c5a4a_eMTorxPo. Status changed: AVAILABLE => DELETING in 0.02642059326171875
2019-11-20 04:44:57.342 3236 RALLYDEBUG rally.task.utils [-] Waiting for resource s_rally_9d9c5a4a_3jzzVJ7G. Status changed: AVAILABLE => DELETING in 0.02545309066772461
2019-11-20 04:44:59.434 3233 RALLYDEBUG rally.task.utils [-] Waiting for resource s_rally_9d9c5a4a_OF65pVFP. Status changed: AVAILABLE => DELETING in 0.06659770011901855
2019-11-20 04:44:59.495 3236 RALLYDEBUG rally.task.utils [-] Waiting for resource s_rally_9d9c5a4a_lWrXlyGx. Status changed: AVAILABLE => DELETING in 0.06250643730163574
2019-11-20 04:45:03.901 3233 INFO rally.task.runner [-] Task 879ed185-2a54-4ecc-a04e-49128aac8d60 | ITER: 9 END: OK
2019-11-20 04:45:04.017 3236 INFO rally.task.runner [-] Task 879ed185-2a54-4ecc-a04e-49128aac8d60 | ITER: 10 END: OK
2019-11-20 04:45:04.047 1845 INFO rally.task.context [-] Task 879ed185-2a54-4ecc-a04e-49128aac8d60 | Context cleanup@openstack cleanup() started
2019-11-20 04:45:04.051 1845 RALLYDEBUG rally_openstack.cleanup.manager [-] Cleaning up nova servers objects
2019-11-20 04:45:05.321 1845 RALLYDEBUG rally_openstack.cleanup.manager [-] Cleaning up nova server_groups objects
2019-11-20 04:45:06.437 1845 RALLYDEBUG rally_openstack.cleanup.manager [-] Cleaning up nova keypairs objects
2019-11-20 04:45:08.972 1845 RALLYDEBUG rally_openstack.cleanup.manager [-] Cleaning up cinder backups objects
2019-11-20 04:45:10.097 1845 RALLYDEBUG rally_openstack.cleanup.manager [-] Cleaning up cinder volume_snapshots objects
2019-11-20 04:45:11.223 1845 RALLYDEBUG rally_openstack.cleanup.manager [-] Cleaning up cinder transfers objects
2019-11-20 04:45:12.329 1845 RALLYDEBUG rally_openstack.cleanup.manager [-] Cleaning up cinder volumes objects
2019-11-20 04:45:13.511 1845 INFO rally.task.context [-] Task 879ed185-2a54-4ecc-a04e-49128aac8d60 | Context cleanup@openstack cleanup() finished in 9.46 sec
2019-11-20 04:45:13.511 1845 INFO rally.task.context [-] Task 879ed185-2a54-4ecc-a04e-49128aac8d60 | Context quotas@openstack cleanup() started
2019-11-20 04:45:13.650 1845 INFO rally.task.context [-] Task 879ed185-2a54-4ecc-a04e-49128aac8d60 | Context quotas@openstack cleanup() finished in 0.14 sec
2019-11-20 04:45:13.651 1845 INFO rally.task.context [-] Task 879ed185-2a54-4ecc-a04e-49128aac8d60 | Context api_versions@openstack cleanup() started
2019-11-20 04:45:13.651 1845 INFO rally.task.context [-] Task 879ed185-2a54-4ecc-a04e-49128aac8d60 | Context api_versions@openstack cleanup() finished in 0.39 msec
2019-11-20 04:45:13.652 1845 INFO rally.task.context [-] Task 879ed185-2a54-4ecc-a04e-49128aac8d60 | Context users@openstack cleanup() started
2019-11-20 04:45:17.582 1845 INFO rally.task.context [-] Task 879ed185-2a54-4ecc-a04e-49128aac8d60 | Context users@openstack cleanup() finished in 3.93 sec
2019-11-20 04:45:18.184 1845 INFO rally.task.engine [-] Load duration is: 72.434764
2019-11-20 04:45:18.184 1845 INFO rally.task.engine [-] Full runner duration is: 73.490072
2019-11-20 04:45:18.185 1845 INFO rally.task.engine [-] Full duration is: 91.797493
2019-11-20 04:45:18.516 1845 INFO rally.task.engine [-] Running workload: position = 0 config = { "version": 2, "title": "A cropped version of a bigger task.", "description": "Auto-generated task from a single workload (uuid=0c0c0cbe-0a2a-4f0a-b9e7-87f78ca9537f)", "subtasks": [ { "title": "CinderVolumes.create_volume", "description": "Create a volume.", "scenario": { "CinderVolumes.create_volume": { "size": 1 } }, "contexts": { "users": { "tenants": 3, "users_per_tenant": 2 }, "api_versions": { "cinder": { "version": 3, "service_type": "volumev3" } } }, "runner": { "constant": { "concurrency": 4, "times": 10 } }, "hooks": [], "sla": { "failure_rate": { "max": 0 } } } ] }
2019-11-20 04:45:18.539 1845 RALLYDEBUG rally_openstack.contexts.keystone.users [-] Creating 3 tenants using 20 threads
2019-11-20 04:45:19.533 1845 RALLYDEBUG rally_openstack.contexts.keystone.users [-] Creating 6 users using 20 threads
2019-11-20 04:45:21.127 1845 INFO rally.task.context [-] Task 879ed185-2a54-4ecc-a04e-49128aac8d60 | Context users@openstack setup() finished in 2.59 sec
2019-11-20 04:45:21.513 1845 INFO rally.task.context [-] Task 879ed185-2a54-4ecc-a04e-49128aac8d60 | Context api_versions@openstack setup() finished in 0.38 sec
2019-11-20 04:45:21.513 1845 INFO rally.task.context [-] Task 879ed185-2a54-4ecc-a04e-49128aac8d60 | Context cleanup@openstack setup() finished in 0.01 msec
2019-11-20 04:45:21.521 1845 RALLYDEBUG rally.task.runner [-] Starting the constant runner (task UUID: 879ed185-2a54-4ecc-a04e-49128aac8d60). times: 10 concurrency: 4 timeout: 0 max_cpu_used: 16 processes_to_start: 4 concurrency_per_worker: 1 concurrency_overhead: 0
2019-11-20 04:45:21.533 3477 RALLYDEBUG rally.task.runner [-] Starting a worker. times: 10 duration: None concurrency: 1 timeout: 0 cls: method_name: run args: {"size": 1}
2019-11-20 04:45:21.536 3478 RALLYDEBUG rally.task.runner [-] Starting a worker. times: 10 duration: None concurrency: 1 timeout: 0 cls: method_name: run args: {"size": 1}
2019-11-20 04:45:21.539 3479 RALLYDEBUG rally.task.runner [-] Starting a worker. times: 10 duration: None concurrency: 1 timeout: 0 cls: method_name: run args: {"size": 1}
2019-11-20 04:45:21.540 3477 INFO rally.task.runner [-] Task 879ed185-2a54-4ecc-a04e-49128aac8d60 | ITER: 1 START
2019-11-20 04:45:21.543 3478 INFO rally.task.runner [-] Task 879ed185-2a54-4ecc-a04e-49128aac8d60 | ITER: 2 START
2019-11-20 04:45:21.544 3480 RALLYDEBUG rally.task.runner [-] Starting a worker. times: 10 duration: None concurrency: 1 timeout: 0 cls: method_name: run args: {"size": 1}
2019-11-20 04:45:21.546 3479 INFO rally.task.runner [-] Task 879ed185-2a54-4ecc-a04e-49128aac8d60 | ITER: 3 START
2019-11-20 04:45:21.550 3480 INFO rally.task.runner [-] Task 879ed185-2a54-4ecc-a04e-49128aac8d60 | ITER: 4 START
2019-11-20 04:45:24.379 3477 INFO rally.task.runner [-] Task 879ed185-2a54-4ecc-a04e-49128aac8d60 | ITER: 1 END: OK
2019-11-20 04:45:24.384 3477 INFO rally.task.runner [-] Task 879ed185-2a54-4ecc-a04e-49128aac8d60 | ITER: 5 START
2019-11-20 04:45:24.399 3480 INFO rally.task.runner [-] Task 879ed185-2a54-4ecc-a04e-49128aac8d60 | ITER: 4 END: OK
2019-11-20 04:45:24.402 3478 INFO rally.task.runner [-] Task 879ed185-2a54-4ecc-a04e-49128aac8d60 | ITER: 2 END: OK
2019-11-20 04:45:24.405 3480 INFO rally.task.runner [-] Task 879ed185-2a54-4ecc-a04e-49128aac8d60 | ITER: 6 START
2019-11-20 04:45:24.405 3478 INFO rally.task.runner [-] Task 879ed185-2a54-4ecc-a04e-49128aac8d60 | ITER: 7 START
2019-11-20 04:45:24.410 3479 INFO rally.task.runner [-] Task 879ed185-2a54-4ecc-a04e-49128aac8d60 | ITER: 3 END: OK
2019-11-20 04:45:24.414 3479 INFO rally.task.runner [-] Task 879ed185-2a54-4ecc-a04e-49128aac8d60 | ITER: 8 START
2019-11-20 04:45:27.106 3479 INFO rally.task.runner [-] Task 879ed185-2a54-4ecc-a04e-49128aac8d60 | ITER: 8 END: OK
2019-11-20 04:45:27.110 3479 INFO rally.task.runner [-] Task 879ed185-2a54-4ecc-a04e-49128aac8d60 | ITER: 9 START
2019-11-20 04:45:27.150 3477 INFO rally.task.runner [-] Task 879ed185-2a54-4ecc-a04e-49128aac8d60 | ITER: 5 END: OK
2019-11-20 04:45:27.153 3477 INFO rally.task.runner [-] Task 879ed185-2a54-4ecc-a04e-49128aac8d60 | ITER: 10 START
2019-11-20 04:45:27.205 3480 INFO rally.task.runner [-] Task 879ed185-2a54-4ecc-a04e-49128aac8d60 | ITER: 6 END: OK
2019-11-20 04:45:27.293 3478 INFO rally.task.runner [-] Task 879ed185-2a54-4ecc-a04e-49128aac8d60 | ITER: 7 END: OK
2019-11-20 04:45:29.808 3479 INFO rally.task.runner [-] Task 879ed185-2a54-4ecc-a04e-49128aac8d60 | ITER: 9 END: OK
2019-11-20 04:45:29.836 3477 INFO rally.task.runner [-] Task 879ed185-2a54-4ecc-a04e-49128aac8d60 | ITER: 10 END: OK
2019-11-20 04:45:29.867 1845 INFO rally.task.context [-] Task 879ed185-2a54-4ecc-a04e-49128aac8d60 | Context cleanup@openstack cleanup() started
2019-11-20 04:45:29.870 1845 RALLYDEBUG rally_openstack.cleanup.manager [-] Cleaning up cinder backups objects
2019-11-20 04:45:31.041 1845 RALLYDEBUG rally_openstack.cleanup.manager [-] Cleaning up cinder volume_snapshots objects
2019-11-20 04:45:32.193 1845 RALLYDEBUG rally_openstack.cleanup.manager [-] Cleaning up cinder transfers objects
2019-11-20 04:45:33.314 1845 RALLYDEBUG rally_openstack.cleanup.manager [-] Cleaning up cinder volumes objects
2019-11-20 04:45:34.541 1845 RALLYDEBUG rally_openstack.cleanup.manager [-] Deleting cinder.volumes object s_rally_0c0c0cbe_OnYcYdP2 (72076117-2464-48b4-9f82-a5e2fd209104)
2019-11-20 04:45:34.547 1845 RALLYDEBUG rally_openstack.cleanup.manager [-] Deleting cinder.volumes object s_rally_0c0c0cbe_drPlmZ8U (678954dd-6b6c-4977-98b8-a7a30ea79419)
2019-11-20 04:45:34.556 1845 RALLYDEBUG rally_openstack.cleanup.manager [-] Deleting cinder.volumes object s_rally_0c0c0cbe_nCgySReJ (c23f8f46-9ac3-4756-98ce-61bd11a9bac2)
2019-11-20 04:45:34.562 1845 RALLYDEBUG rally_openstack.cleanup.manager [-] Deleting cinder.volumes object s_rally_0c0c0cbe_BZ5mIIRF (4f6de8d7-dd00-475b-a239-e619f8bcd153)
2019-11-20 04:45:34.573 1845 RALLYDEBUG rally_openstack.cleanup.manager [-] Deleting cinder.volumes object s_rally_0c0c0cbe_lHGT3bOH (d2444f21-1df5-42b3-8ea2-0704d4c1717c)
2019-11-20 04:45:34.586 1845 RALLYDEBUG rally_openstack.cleanup.manager [-] Deleting cinder.volumes object s_rally_0c0c0cbe_zoNFZvvk (b1499358-46ba-4647-807b-7332d11f8557)
2019-11-20 04:45:34.601 1845 RALLYDEBUG rally_openstack.cleanup.manager [-] Deleting cinder.volumes object s_rally_0c0c0cbe_2AYRvpP5 (51f6dccc-fb71-4232-b25d-8c3ad205df4c)
2019-11-20 04:45:34.606 1845 RALLYDEBUG rally_openstack.cleanup.manager [-] Deleting cinder.volumes object s_rally_0c0c0cbe_fwpNlQjr (aa85dc23-31b4-4cc4-9563-0c829e92927d)
2019-11-20 04:45:34.613 1845 RALLYDEBUG rally_openstack.cleanup.manager [-] Deleting cinder.volumes object s_rally_0c0c0cbe_15p6U5Sw (85946e2b-265c-4b22-a2a3-a598f9fbfb40)
2019-11-20 04:45:34.657 1845 RALLYDEBUG rally_openstack.cleanup.manager [-] Deleting cinder.volumes object s_rally_0c0c0cbe_RXaFuAQU (f343e5c9-a5e8-4ce1-9bf7-c5c073f68872)
2019-11-20 04:45:38.342 1845 INFO rally.task.context [-] Task 879ed185-2a54-4ecc-a04e-49128aac8d60 | Context cleanup@openstack cleanup() finished in 8.48 sec
2019-11-20 04:45:38.343 1845 INFO rally.task.context [-] Task 879ed185-2a54-4ecc-a04e-49128aac8d60 | Context api_versions@openstack cleanup() started
2019-11-20 04:45:38.343 1845 INFO rally.task.context [-] Task 879ed185-2a54-4ecc-a04e-49128aac8d60 | Context api_versions@openstack cleanup() finished in 0.36 msec
2019-11-20 04:45:38.343 1845 INFO rally.task.context [-] Task 879ed185-2a54-4ecc-a04e-49128aac8d60 | Context users@openstack cleanup() started
2019-11-20 04:45:42.590 1845 INFO rally.task.context [-] Task 879ed185-2a54-4ecc-a04e-49128aac8d60 | Context users@openstack cleanup() finished in 4.25 sec
2019-11-20 04:45:42.760 1845 INFO rally.task.engine [-] Load duration is: 8.291418
2019-11-20 04:45:42.760 1845 INFO rally.task.engine [-] Full runner duration is: 8.345647
2019-11-20 04:45:42.761 1845 INFO rally.task.engine [-] Full duration is: 24.053153
2019-11-20 04:45:42.966 1845 INFO rally.task.engine [-] Running workload: position = 1 config = { "version": 2, "title": "A cropped version of a bigger task.", "description": "Auto-generated task from a single workload (uuid=a0d3f49f-a937-4158-a872-73b15a1844b8)", "subtasks": [ { "title": "CinderVolumes.create_volume", "description": "Create a volume.", "scenario": { "CinderVolumes.create_volume": { "size": { "min": 1, "max": 1 } } }, "contexts": { "users": { "tenants": 3, "users_per_tenant": 2 }, "quotas": { "cinder": { "gigabytes": -1, "snapshots": -1, "volumes": -1 } }, "api_versions": { "cinder": { "version": 3, "service_type": "volumev3" } } }, "runner": { "constant": { "concurrency": 4, "times": 10 } }, "hooks": [], "sla": { "failure_rate": { "max": 0 } } } ] }
2019-11-20 04:45:42.990 1845 RALLYDEBUG rally_openstack.contexts.keystone.users [-] Creating 3 tenants using 20 threads
2019-11-20 04:45:44.011 1845 RALLYDEBUG rally_openstack.contexts.keystone.users [-] Creating 6 users using 20 threads
2019-11-20 04:45:45.619 1845 INFO rally.task.context [-] Task 879ed185-2a54-4ecc-a04e-49128aac8d60 | Context users@openstack setup() finished in 2.63 sec
2019-11-20 04:45:46.010 1845 INFO rally.task.context [-] Task 879ed185-2a54-4ecc-a04e-49128aac8d60 | Context api_versions@openstack setup() finished in 0.39 sec
2019-11-20 04:45:46.821 1845 INFO rally.task.context [-] Task 879ed185-2a54-4ecc-a04e-49128aac8d60 | Context quotas@openstack setup() finished in 0.81 sec
2019-11-20 04:45:46.821 1845 INFO rally.task.context [-] Task 879ed185-2a54-4ecc-a04e-49128aac8d60 | Context cleanup@openstack setup() finished in 0.01 msec
2019-11-20 04:45:46.831 1845 RALLYDEBUG rally.task.runner [-] Starting the constant runner (task UUID: 879ed185-2a54-4ecc-a04e-49128aac8d60). times: 10 concurrency: 4 timeout: 0 max_cpu_used: 16 processes_to_start: 4 concurrency_per_worker: 1 concurrency_overhead: 0
2019-11-20 04:45:46.842 3661 RALLYDEBUG rally.task.runner [-] Starting a worker. times: 10 duration: None concurrency: 1 timeout: 0 cls: method_name: run args: {"size": {"min": 1, "max": 1}}
2019-11-20 04:45:46.846 3662 RALLYDEBUG rally.task.runner [-] Starting a worker. times: 10 duration: None concurrency: 1 timeout: 0 cls: method_name: run args: {"size": {"min": 1, "max": 1}}
2019-11-20 04:45:46.849 3661 INFO rally.task.runner [-] Task 879ed185-2a54-4ecc-a04e-49128aac8d60 | ITER: 1 START
2019-11-20 04:45:46.850 3663 RALLYDEBUG rally.task.runner [-] Starting a worker. times: 10 duration: None concurrency: 1 timeout: 0 cls: method_name: run args: {"size": {"min": 1, "max": 1}}
2019-11-20 04:45:46.853 3662 INFO rally.task.runner [-] Task 879ed185-2a54-4ecc-a04e-49128aac8d60 | ITER: 2 START
2019-11-20 04:45:46.853 3666 RALLYDEBUG rally.task.runner [-] Starting a worker. times: 10 duration: None concurrency: 1 timeout: 0 cls: method_name: run args: {"size": {"min": 1, "max": 1}}
2019-11-20 04:45:46.857 3663 INFO rally.task.runner [-] Task 879ed185-2a54-4ecc-a04e-49128aac8d60 | ITER: 3 START
2019-11-20 04:45:46.860 3666 INFO rally.task.runner [-] Task 879ed185-2a54-4ecc-a04e-49128aac8d60 | ITER: 4 START
2019-11-20 04:45:49.609 3662 INFO rally.task.runner [-] Task 879ed185-2a54-4ecc-a04e-49128aac8d60 | ITER: 2 END: OK
2019-11-20 04:45:49.614 3662 INFO rally.task.runner [-] Task 879ed185-2a54-4ecc-a04e-49128aac8d60 | ITER: 5 START
2019-11-20 04:45:49.622 3666 INFO rally.task.runner [-] Task 879ed185-2a54-4ecc-a04e-49128aac8d60 | ITER: 4 END: OK
2019-11-20 04:45:49.626 3666 INFO rally.task.runner [-] Task 879ed185-2a54-4ecc-a04e-49128aac8d60 | ITER: 6 START
2019-11-20 04:45:49.638 3661 INFO rally.task.runner [-] Task 879ed185-2a54-4ecc-a04e-49128aac8d60 | ITER: 1 END: OK
2019-11-20 04:45:49.643 3661 INFO rally.task.runner [-] Task 879ed185-2a54-4ecc-a04e-49128aac8d60 | ITER: 7 START
2019-11-20 04:45:49.848 3663 INFO rally.task.runner [-] Task 879ed185-2a54-4ecc-a04e-49128aac8d60 | ITER: 3 END: OK
2019-11-20 04:45:49.852 3663 INFO rally.task.runner [-] Task 879ed185-2a54-4ecc-a04e-49128aac8d60 | ITER: 8 START
2019-11-20 04:45:52.280 3662 INFO rally.task.runner [-] Task 879ed185-2a54-4ecc-a04e-49128aac8d60 | ITER: 5 END: OK
2019-11-20 04:45:52.284 3662 INFO rally.task.runner [-] Task 879ed185-2a54-4ecc-a04e-49128aac8d60 | ITER: 9 START
2019-11-20 04:45:52.383 3661 INFO rally.task.runner [-] Task 879ed185-2a54-4ecc-a04e-49128aac8d60 | ITER: 7 END: OK
2019-11-20 04:45:52.387 3661 INFO rally.task.runner [-] Task 879ed185-2a54-4ecc-a04e-49128aac8d60 | ITER: 10 START
2019-11-20 04:45:52.582 3666 INFO rally.task.runner [-] Task 879ed185-2a54-4ecc-a04e-49128aac8d60 | ITER: 6 END: OK
2019-11-20 04:45:52.591 3663 INFO rally.task.runner [-] Task 879ed185-2a54-4ecc-a04e-49128aac8d60 | ITER: 8 END: OK
2019-11-20 04:45:55.080 3662 INFO rally.task.runner [-] Task 879ed185-2a54-4ecc-a04e-49128aac8d60 | ITER: 9 END: OK
2019-11-20 04:45:55.091 3661 INFO rally.task.runner [-] Task 879ed185-2a54-4ecc-a04e-49128aac8d60 | ITER: 10 END: OK
2019-11-20 04:45:55.120 1845 INFO rally.task.context [-] Task 879ed185-2a54-4ecc-a04e-49128aac8d60 | Context cleanup@openstack cleanup() started
2019-11-20 04:45:55.124 1845 RALLYDEBUG rally_openstack.cleanup.manager [-] Cleaning up cinder backups objects
2019-11-20 04:45:56.295 1845 RALLYDEBUG rally_openstack.cleanup.manager [-] Cleaning up cinder volume_snapshots objects
2019-11-20 04:45:57.450 1845 RALLYDEBUG rally_openstack.cleanup.manager [-] Cleaning up cinder transfers objects
2019-11-20 04:45:58.584 1845 RALLYDEBUG rally_openstack.cleanup.manager [-] Cleaning up cinder volumes objects
2019-11-20 04:45:59.816 1845 RALLYDEBUG rally_openstack.cleanup.manager [-] Deleting cinder.volumes object s_rally_a0d3f49f_cFQnY9Iv (f652ad24-c75b-4073-b5f6-0047718a2c68)
2019-11-20 04:45:59.826 1845 RALLYDEBUG rally_openstack.cleanup.manager [-] Deleting cinder.volumes object s_rally_a0d3f49f_dEXxYVa7 (4b214787-2841-4048-b641-ac2443c22774)
2019-11-20 04:45:59.834 1845 RALLYDEBUG rally_openstack.cleanup.manager [-] Deleting cinder.volumes object s_rally_a0d3f49f_SnA4RllT (8009ea6a-17d6-4c11-b5f2-01f68b97b94e)
2019-11-20 04:45:59.838 1845 RALLYDEBUG rally_openstack.cleanup.manager [-] Deleting cinder.volumes object s_rally_a0d3f49f_RUQV2Oip (6eb14af2-e6d2-4324-ab2d-76d8a686bc81)
2019-11-20 04:45:59.847 1845 RALLYDEBUG rally_openstack.cleanup.manager [-] Deleting cinder.volumes object s_rally_a0d3f49f_JVAtlSKP (fe3b0892-f38d-473f-b867-ead6f944b40c)
2019-11-20 04:45:59.861 1845 RALLYDEBUG rally_openstack.cleanup.manager [-] Deleting cinder.volumes object s_rally_a0d3f49f_zveqNP6V (f5c7a6b1-3833-45d6-ba66-4e66bbbbfd87)
2019-11-20 04:45:59.870 1845 RALLYDEBUG rally_openstack.cleanup.manager [-] Deleting cinder.volumes object s_rally_a0d3f49f_CjhLTiHy (7198169e-18cd-4d11-adc7-51d29e6427b5)
2019-11-20 04:45:59.881 1845 RALLYDEBUG rally_openstack.cleanup.manager [-] Deleting cinder.volumes object s_rally_a0d3f49f_7jxWjgUp (cec44254-90a0-44e2-92d9-18c9a34b8726)
2019-11-20 04:45:59.903 1845 RALLYDEBUG rally_openstack.cleanup.manager [-] Deleting cinder.volumes object s_rally_a0d3f49f_TQosd3Ap (6d69bfeb-7389-474a-aee9-7e8259035ceb)
2019-11-20 04:45:59.916 1845 RALLYDEBUG rally_openstack.cleanup.manager [-] Deleting cinder.volumes object s_rally_a0d3f49f_SCONiqIo (3575cab0-0587-4cf2-9fa9-0aaada324fd0)
2019-11-20 04:46:03.618 1845 INFO rally.task.context [-] Task 879ed185-2a54-4ecc-a04e-49128aac8d60 | Context cleanup@openstack cleanup() finished in 8.50 sec
2019-11-20 04:46:03.618 1845 INFO rally.task.context [-] Task 879ed185-2a54-4ecc-a04e-49128aac8d60 | Context quotas@openstack cleanup() started
2019-11-20 04:46:03.696 1845 INFO rally.task.context [-] Task 879ed185-2a54-4ecc-a04e-49128aac8d60 | Context quotas@openstack cleanup() finished in 77.69 msec
2019-11-20 04:46:03.697 1845 INFO rally.task.context [-] Task 879ed185-2a54-4ecc-a04e-49128aac8d60 | Context api_versions@openstack cleanup() started
2019-11-20 04:46:03.697 1845 INFO rally.task.context [-] Task 879ed185-2a54-4ecc-a04e-49128aac8d60 | Context api_versions@openstack cleanup() finished in 0.37 msec
2019-11-20 04:46:03.697 1845 INFO rally.task.context [-] Task 879ed185-2a54-4ecc-a04e-49128aac8d60 | Context users@openstack cleanup() started
2019-11-20 04:46:07.793 1845 INFO rally.task.context [-] Task 879ed185-2a54-4ecc-a04e-49128aac8d60 | Context users@openstack cleanup() finished in 4.10 sec
2019-11-20 04:46:09.143 1845 INFO rally.task.engine [-] Load duration is: 8.238112
2019-11-20 04:46:09.143 1845 INFO rally.task.engine [-] Full runner duration is: 8.289917
2019-11-20 04:46:09.143 1845 INFO rally.task.engine [-] Full duration is: 24.805698
2019-11-20 04:46:09.439 1845 INFO rally.task.engine [-] Running workload: position = 0 config = { "version": 2, "title": "A cropped version of a bigger task.", "description": "Auto-generated task from a single workload (uuid=888e40d4-c6d9-4e56-919a-795ebc5a13a2)", "subtasks": [ { "title": "CinderVolumes.list_volumes", "description": "List all volumes.", "scenario": { "CinderVolumes.list_volumes": { "detailed": true } }, "contexts": { "users": { "tenants": 3, "users_per_tenant": 2 }, "quotas": { "cinder": { "gigabytes": -1, "snapshots": -1, "volumes": -1 } }, "api_versions": { "cinder": { "version": 3, "service_type": "volumev3" } }, "volumes": { "size": 1, "volumes_per_tenant": 4 } }, "runner": { "constant": { "concurrency": 4, "times": 10 } }, "hooks": [], "sla": { "failure_rate": { "max": 0 } } } ] }
2019-11-20 04:46:09.464 1845 RALLYDEBUG rally_openstack.contexts.keystone.users [-] Creating 3 tenants using 20 threads
2019-11-20 04:46:10.471 1845 RALLYDEBUG rally_openstack.contexts.keystone.users [-] Creating 6 users using 20 threads
2019-11-20 04:46:12.083 1845 INFO rally.task.context [-] Task 879ed185-2a54-4ecc-a04e-49128aac8d60 | Context users@openstack setup() finished in 2.62 sec
2019-11-20 04:46:12.481 1845 INFO rally.task.context [-] Task 879ed185-2a54-4ecc-a04e-49128aac8d60 | Context api_versions@openstack setup() finished in 0.40 sec
2019-11-20 04:46:13.285 1845 INFO rally.task.context [-] Task 879ed185-2a54-4ecc-a04e-49128aac8d60 | Context quotas@openstack setup() finished in 0.80 sec
2019-11-20 04:46:43.009 1845 INFO rally.task.context [-] Task 879ed185-2a54-4ecc-a04e-49128aac8d60 | Context volumes@openstack setup() finished in 29.72 sec
2019-11-20 04:46:43.019 1845 RALLYDEBUG rally.task.runner [-] Starting the constant runner (task UUID: 879ed185-2a54-4ecc-a04e-49128aac8d60). times: 10 concurrency: 4 timeout: 0 max_cpu_used: 16 processes_to_start: 4 concurrency_per_worker: 1 concurrency_overhead: 0
2019-11-20 04:46:43.030 3845 RALLYDEBUG rally.task.runner [-] Starting a worker. times: 10 duration: None concurrency: 1 timeout: 0 cls: method_name: run args: {"detailed": true}
2019-11-20 04:46:43.034 3846 RALLYDEBUG rally.task.runner [-] Starting a worker. times: 10 duration: None concurrency: 1 timeout: 0 cls: method_name: run args: {"detailed": true}
2019-11-20 04:46:43.038 3845 INFO rally.task.runner [-] Task 879ed185-2a54-4ecc-a04e-49128aac8d60 | ITER: 1 START
2019-11-20 04:46:43.038 3847 RALLYDEBUG rally.task.runner [-] Starting a worker. times: 10 duration: None concurrency: 1 timeout: 0 cls: method_name: run args: {"detailed": true}
2019-11-20 04:46:43.042 3846 INFO rally.task.runner [-] Task 879ed185-2a54-4ecc-a04e-49128aac8d60 | ITER: 2 START
2019-11-20 04:46:43.041 3848 RALLYDEBUG rally.task.runner [-] Starting a worker. times: 10 duration: None concurrency: 1 timeout: 0 cls: method_name: run args: {"detailed": true}
2019-11-20 04:46:43.045 3847 INFO rally.task.runner [-] Task 879ed185-2a54-4ecc-a04e-49128aac8d60 | ITER: 3 START
2019-11-20 04:46:43.049 3848 INFO rally.task.runner [-] Task 879ed185-2a54-4ecc-a04e-49128aac8d60 | ITER: 4 START
2019-11-20 04:46:43.448 3846 INFO rally.task.runner [-] Task 879ed185-2a54-4ecc-a04e-49128aac8d60 | ITER: 2 END: OK
2019-11-20 04:46:43.457 3846 INFO rally.task.runner [-] Task 879ed185-2a54-4ecc-a04e-49128aac8d60 | ITER: 5 START
2019-11-20 04:46:43.537 3845 INFO rally.task.runner [-] Task 879ed185-2a54-4ecc-a04e-49128aac8d60 | ITER: 1 END: OK
2019-11-20 04:46:43.545 3845 INFO rally.task.runner [-] Task 879ed185-2a54-4ecc-a04e-49128aac8d60 | ITER: 6 START
2019-11-20 04:46:43.555 3848 INFO rally.task.runner [-] Task 879ed185-2a54-4ecc-a04e-49128aac8d60 | ITER: 4 END: OK
2019-11-20 04:46:43.560 3848 INFO rally.task.runner [-] Task 879ed185-2a54-4ecc-a04e-49128aac8d60 | ITER: 7 START
2019-11-20 04:46:43.566 3847 INFO rally.task.runner [-] Task 879ed185-2a54-4ecc-a04e-49128aac8d60 | ITER: 3 END: OK
2019-11-20 04:46:43.571 3847 INFO rally.task.runner [-] Task 879ed185-2a54-4ecc-a04e-49128aac8d60 | ITER: 8 START
2019-11-20 04:46:43.851 3846 INFO rally.task.runner [-] Task 879ed185-2a54-4ecc-a04e-49128aac8d60 | ITER: 5 END: OK
2019-11-20 04:46:43.856 3846 INFO rally.task.runner [-] Task 879ed185-2a54-4ecc-a04e-49128aac8d60 | ITER: 9 START
2019-11-20 04:46:43.930 3845 INFO rally.task.runner [-] Task 879ed185-2a54-4ecc-a04e-49128aac8d60 | ITER: 6 END: OK
2019-11-20 04:46:43.934 3845 INFO rally.task.runner [-] Task 879ed185-2a54-4ecc-a04e-49128aac8d60 | ITER: 10 START
2019-11-20 04:46:43.960 3848 INFO rally.task.runner [-] Task 879ed185-2a54-4ecc-a04e-49128aac8d60 | ITER: 7 END: OK
2019-11-20 04:46:44.083 3847 INFO rally.task.runner [-] Task 879ed185-2a54-4ecc-a04e-49128aac8d60 | ITER: 8 END: OK
2019-11-20 04:46:44.314 3846 INFO rally.task.runner [-] Task 879ed185-2a54-4ecc-a04e-49128aac8d60 | ITER: 9 END: OK
2019-11-20 04:46:44.324 3845 INFO rally.task.runner [-] Task 879ed185-2a54-4ecc-a04e-49128aac8d60 | ITER: 10 END: OK
2019-11-20 04:46:44.351 1845 INFO rally.task.context [-] Task 879ed185-2a54-4ecc-a04e-49128aac8d60 | Context volumes@openstack cleanup() started
2019-11-20 04:46:44.352 1845 RALLYDEBUG rally_openstack.cleanup.manager [-] Cleaning up cinder volumes objects
2019-11-20 04:46:45.571 1845 RALLYDEBUG rally_openstack.cleanup.manager [-] Deleting cinder.volumes object c_rally_888e40d4_5HGyRZRG (ec4d78a2-450c-44c2-904a-081d4c224a1c)
2019-11-20 04:46:45.578 1845 RALLYDEBUG rally_openstack.cleanup.manager [-] Deleting cinder.volumes object c_rally_888e40d4_NVG8V0I8 (04ffa1f5-cf86-44e2-800a-83676f3444a2)
2019-11-20 04:46:45.584 1845 RALLYDEBUG rally_openstack.cleanup.manager [-] Deleting cinder.volumes object c_rally_888e40d4_eXWSQ8k2 (1d8bfc53-17a8-47a9-8de9-bb845e22ef18)
2019-11-20 04:46:45.590 1845 RALLYDEBUG rally_openstack.cleanup.manager [-] Deleting cinder.volumes object c_rally_888e40d4_AMK8gscQ (3543b164-6e7a-4f06-8018-694029ceba7c)
2019-11-20 04:46:45.598 1845 RALLYDEBUG rally_openstack.cleanup.manager [-] Deleting cinder.volumes object c_rally_888e40d4_3K5TPQi0 (7c3c905e-1ab1-4030-a5c5-f2b273ac76b1)
2019-11-20 04:46:45.610 1845 RALLYDEBUG rally_openstack.cleanup.manager [-] Deleting cinder.volumes object c_rally_888e40d4_TnvEzRJf (dbac1f7b-ea2d-44ca-ab8c-83e34c319150)
2019-11-20 04:46:45.613 1845 RALLYDEBUG rally_openstack.cleanup.manager [-] Deleting cinder.volumes object c_rally_888e40d4_5Nzr7osc (ce3f06df-18b8-49d6-9467-e6ce77bba05a)
2019-11-20 04:46:45.624 1845 RALLYDEBUG rally_openstack.cleanup.manager [-] Deleting cinder.volumes object c_rally_888e40d4_Pa3fj7il (a5342a02-9aeb-495e-b24c-f16513b1deb7)
2019-11-20 04:46:45.646 1845 RALLYDEBUG rally_openstack.cleanup.manager [-] Deleting cinder.volumes object c_rally_888e40d4_EIEJGu1w (8a710ca4-3377-43b9-a513-5301ae4aa90d)
2019-11-20 04:46:45.660 1845 RALLYDEBUG rally_openstack.cleanup.manager [-] Deleting cinder.volumes object c_rally_888e40d4_9gZjomF7 (70961f8a-117d-40b8-b663-964cd668fe14)
2019-11-20 04:46:45.672 1845 RALLYDEBUG rally_openstack.cleanup.manager [-] Deleting cinder.volumes object c_rally_888e40d4_qAchCB7R (7d403a54-dd89-47d4-a864-129c72e0abaf)
2019-11-20 04:46:45.682 1845 RALLYDEBUG rally_openstack.cleanup.manager [-] Deleting cinder.volumes object c_rally_888e40d4_O1dh3u2I (1f64ab2a-5c9a-488e-a3bd-04c2893508bd)
2019-11-20 04:46:49.488 1845 INFO rally.task.context [-] Task 879ed185-2a54-4ecc-a04e-49128aac8d60 | Context volumes@openstack cleanup() finished in 5.14 sec
2019-11-20 04:46:49.489 1845 INFO rally.task.context [-] Task 879ed185-2a54-4ecc-a04e-49128aac8d60 | Context quotas@openstack cleanup() started
2019-11-20 04:46:49.564 1845 INFO rally.task.context [-] Task 879ed185-2a54-4ecc-a04e-49128aac8d60 | Context quotas@openstack cleanup() finished in 75.60 msec
2019-11-20 04:46:49.565 1845 INFO rally.task.context [-] Task 879ed185-2a54-4ecc-a04e-49128aac8d60 | Context api_versions@openstack cleanup() started
2019-11-20 04:46:49.565 1845 INFO rally.task.context [-] Task 879ed185-2a54-4ecc-a04e-49128aac8d60 | Context api_versions@openstack cleanup() finished in 0.38 msec
2019-11-20 04:46:49.566 1845 INFO rally.task.context [-] Task 879ed185-2a54-4ecc-a04e-49128aac8d60 | Context users@openstack cleanup() started
2019-11-20 04:46:53.690 1845 INFO rally.task.context [-] Task 879ed185-2a54-4ecc-a04e-49128aac8d60 | Context users@openstack cleanup() finished in 4.12 sec
2019-11-20 04:46:53.754 1845 INFO rally.task.engine [-] Load duration is: 1.281281
2019-11-20 04:46:53.754 1845 INFO rally.task.engine [-] Full runner duration is: 1.332342
2019-11-20 04:46:53.755 1845 INFO rally.task.engine [-] Full duration is: 44.228767
2019-11-20 04:46:54.117 1845 INFO rally.task.engine [-] Running workload: position = 0 config = { "version": 2, "title": "A cropped version of a bigger task.", "description": "Auto-generated task from a single workload (uuid=7ad147f6-0341-4dfc-93a1-7d8f90563be3)", "subtasks": [ { "title": "CinderVolumes.create_and_delete_snapshot", "description": "Create and then delete a volume-snapshot.", "scenario": { "CinderVolumes.create_and_delete_snapshot": { "force": false } }, "contexts": { "users": { "tenants": 3, "users_per_tenant": 2 }, "quotas": { "cinder": { "gigabytes": -1, "snapshots": -1, "volumes": -1 } }, "api_versions": { "cinder": { "version": 3, "service_type": "volumev3" } }, "volumes": { "size": 1, "volumes_per_tenant": 1 } }, "runner": { "constant": { "concurrency": 4, "times": 10 } }, "hooks": [], "sla": { "failure_rate": { "max": 0 } } } ] }
2019-11-20 04:46:54.144 1845 RALLYDEBUG rally_openstack.contexts.keystone.users [-] Creating 3 tenants using 20 threads
2019-11-20 04:46:55.163 1845 RALLYDEBUG rally_openstack.contexts.keystone.users [-] Creating 6 users using 20 threads
2019-11-20 04:46:56.680 1845 INFO rally.task.context [-] Task 879ed185-2a54-4ecc-a04e-49128aac8d60 | Context users@openstack setup() finished in 2.54 sec
2019-11-20 04:46:57.074 1845 INFO rally.task.context [-] Task 879ed185-2a54-4ecc-a04e-49128aac8d60 | Context api_versions@openstack setup() finished in 0.39 sec
2019-11-20 04:46:57.886 1845 INFO rally.task.context [-] Task 879ed185-2a54-4ecc-a04e-49128aac8d60 | Context quotas@openstack setup() finished in 0.81 sec
2019-11-20 04:47:06.540 1845 INFO rally.task.context [-] Task 879ed185-2a54-4ecc-a04e-49128aac8d60 | Context volumes@openstack setup() finished in 8.65 sec
2019-11-20 04:47:06.541 1845 INFO rally.task.context [-] Task 879ed185-2a54-4ecc-a04e-49128aac8d60 | Context cleanup@openstack setup() finished in 0.01 msec
2019-11-20 04:47:06.550 1845 RALLYDEBUG rally.task.runner [-] Starting the constant runner (task UUID: 879ed185-2a54-4ecc-a04e-49128aac8d60). times: 10 concurrency: 4 timeout: 0 max_cpu_used: 16 processes_to_start: 4 concurrency_per_worker: 1 concurrency_overhead: 0
2019-11-20 04:47:06.562 3969 RALLYDEBUG rally.task.runner [-] Starting a worker. times: 10 duration: None concurrency: 1 timeout: 0 cls: method_name: run args: {"force": false}
2019-11-20 04:47:06.566 3970 RALLYDEBUG rally.task.runner [-] Starting a worker. times: 10 duration: None concurrency: 1 timeout: 0 cls: method_name: run args: {"force": false}
2019-11-20 04:47:06.570 3969 INFO rally.task.runner [-] Task 879ed185-2a54-4ecc-a04e-49128aac8d60 | ITER: 1 START
2019-11-20 04:47:06.569 3971 RALLYDEBUG rally.task.runner [-] Starting a worker. times: 10 duration: None concurrency: 1 timeout: 0 cls: method_name: run args: {"force": false}
2019-11-20 04:47:06.573 3970 INFO rally.task.runner [-] Task 879ed185-2a54-4ecc-a04e-49128aac8d60 | ITER: 2 START
2019-11-20 04:47:06.573 3972 RALLYDEBUG rally.task.runner [-] Starting a worker. times: 10 duration: None concurrency: 1 timeout: 0 cls: method_name: run args: {"force": false}
2019-11-20 04:47:06.576 3971 INFO rally.task.runner [-] Task 879ed185-2a54-4ecc-a04e-49128aac8d60 | ITER: 3 START
2019-11-20 04:47:06.580 3972 INFO rally.task.runner [-] Task 879ed185-2a54-4ecc-a04e-49128aac8d60 | ITER: 4 START
2019-11-20 04:47:09.237 3970 RALLYDEBUG rally.task.utils [-] Waiting for resource s_rally_7ad147f6_rLQOyYz8. Status changed: AVAILABLE => DELETING in 0.037682533264160156
2019-11-20 04:47:09.241 3972 RALLYDEBUG rally.task.utils [-] Waiting for resource s_rally_7ad147f6_utyYahb1. Status changed: AVAILABLE => DELETING in 0.025668859481811523
2019-11-20 04:47:09.246 3969 RALLYDEBUG rally.task.utils [-] Waiting for resource s_rally_7ad147f6_pehtwAxV. Status changed: AVAILABLE => DELETING in 0.02779102325439453
2019-11-20 04:47:09.331 3971 RALLYDEBUG rally.task.utils [-] Waiting for resource s_rally_7ad147f6_6wFDdm9L. Status changed: AVAILABLE => DELETING in 0.027901411056518555
2019-11-20 04:47:11.267 3970 INFO rally.task.runner [-] Task 879ed185-2a54-4ecc-a04e-49128aac8d60 | ITER: 2 END: OK
2019-11-20 04:47:11.271 3970 INFO rally.task.runner [-] Task 879ed185-2a54-4ecc-a04e-49128aac8d60 | ITER: 5 START
2019-11-20 04:47:11.276 3972 INFO rally.task.runner [-] Task 879ed185-2a54-4ecc-a04e-49128aac8d60 | ITER: 4 END: OK
2019-11-20 04:47:11.276 3969 INFO rally.task.runner [-] Task 879ed185-2a54-4ecc-a04e-49128aac8d60 | ITER: 1 END: OK
2019-11-20 04:47:11.280 3972 INFO rally.task.runner [-] Task 879ed185-2a54-4ecc-a04e-49128aac8d60 | ITER: 6 START
2019-11-20 04:47:11.281 3969 INFO rally.task.runner [-] Task 879ed185-2a54-4ecc-a04e-49128aac8d60 | ITER: 7 START
2019-11-20 04:47:11.358 3971 INFO rally.task.runner [-] Task 879ed185-2a54-4ecc-a04e-49128aac8d60 | ITER: 3 END: OK
2019-11-20 04:47:11.364 3971 INFO rally.task.runner [-] Task 879ed185-2a54-4ecc-a04e-49128aac8d60 | ITER: 8 START
2019-11-20 04:47:13.989 3972 RALLYDEBUG rally.task.utils [-] Waiting for resource s_rally_7ad147f6_JrYoNeik. Status changed: AVAILABLE => DELETING in 0.02575826644897461
2019-11-20 04:47:14.002 3970 RALLYDEBUG rally.task.utils [-] Waiting for resource s_rally_7ad147f6_wD8gavOK. Status changed: AVAILABLE => DELETING in 0.030195951461791992
2019-11-20 04:47:14.010 3971 RALLYDEBUG rally.task.utils [-] Waiting for resource s_rally_7ad147f6_auhMMUUs. Status changed: AVAILABLE => DELETING in 0.029444456100463867
2019-11-20 04:47:14.025 3969 RALLYDEBUG rally.task.utils [-] Waiting for resource s_rally_7ad147f6_Hye8BPqJ. Status changed: AVAILABLE => DELETING in 0.026819229125976562
2019-11-20 04:47:16.020 3972 INFO rally.task.runner [-] Task 879ed185-2a54-4ecc-a04e-49128aac8d60 | ITER: 6 END: OK
2019-11-20 04:47:16.023 3972 INFO rally.task.runner [-] Task 879ed185-2a54-4ecc-a04e-49128aac8d60 | ITER: 9 START
2019-11-20 04:47:16.035 3970 INFO rally.task.runner [-] Task 879ed185-2a54-4ecc-a04e-49128aac8d60 | ITER: 5 END: OK
2019-11-20 04:47:16.039 3970 INFO rally.task.runner [-] Task 879ed185-2a54-4ecc-a04e-49128aac8d60 | ITER: 10 START
2019-11-20 04:47:16.039 3971 INFO rally.task.runner [-] Task 879ed185-2a54-4ecc-a04e-49128aac8d60 | ITER: 8 END: OK
2019-11-20 04:47:16.056 3969 INFO rally.task.runner [-] Task 879ed185-2a54-4ecc-a04e-49128aac8d60 | ITER: 7 END: OK
2019-11-20 04:47:18.674 3972 RALLYDEBUG rally.task.utils [-] Waiting for resource s_rally_7ad147f6_sO8t13ZO. Status changed: AVAILABLE => DELETING in 0.027394771575927734
2019-11-20 04:47:18.712 3970 RALLYDEBUG rally.task.utils [-] Waiting for resource s_rally_7ad147f6_2OvzTmjY. Status changed: AVAILABLE => DELETING in 0.031249523162841797
2019-11-20 04:47:20.706 3972 INFO rally.task.runner [-] Task 879ed185-2a54-4ecc-a04e-49128aac8d60 | ITER: 9 END: OK
2019-11-20 04:47:20.741 3970 INFO rally.task.runner [-] Task 879ed185-2a54-4ecc-a04e-49128aac8d60 | ITER: 10 END: OK
2019-11-20 04:47:20.769 1845 INFO rally.task.context [-] Task 879ed185-2a54-4ecc-a04e-49128aac8d60 | Context cleanup@openstack cleanup() started
2019-11-20 04:47:20.773 1845 RALLYDEBUG rally_openstack.cleanup.manager [-] Cleaning up cinder backups objects
2019-11-20 04:47:22.030 1845 RALLYDEBUG rally_openstack.cleanup.manager [-] Cleaning up cinder volume_snapshots objects
2019-11-20 04:47:23.174 1845 RALLYDEBUG rally_openstack.cleanup.manager [-] Cleaning up cinder transfers objects
2019-11-20 04:47:24.313 1845 RALLYDEBUG rally_openstack.cleanup.manager [-] Cleaning up cinder volumes objects
2019-11-20 04:47:25.551 1845 INFO rally.task.context [-] Task 879ed185-2a54-4ecc-a04e-49128aac8d60 | Context cleanup@openstack cleanup() finished in 4.78 sec
2019-11-20 04:47:25.552 1845 INFO rally.task.context [-] Task 879ed185-2a54-4ecc-a04e-49128aac8d60 | Context volumes@openstack cleanup() started
2019-11-20 04:47:25.553 1845 RALLYDEBUG rally_openstack.cleanup.manager [-] Cleaning up cinder volumes objects
2019-11-20 04:47:26.763 1845 RALLYDEBUG rally_openstack.cleanup.manager [-] Deleting cinder.volumes object c_rally_7ad147f6_OmjbN4JO (1820566a-fe43-47f8-901e-b47c7677525f)
2019-11-20 04:47:26.764 1845 RALLYDEBUG rally_openstack.cleanup.manager [-] Deleting cinder.volumes object c_rally_7ad147f6_Rh3GOFvx (ee27c01d-b86b-443b-8701-ad3e074d683d)
2019-11-20 04:47:26.776 1845 RALLYDEBUG rally_openstack.cleanup.manager [-] Deleting cinder.volumes object c_rally_7ad147f6_vpI6GCtY (24d2b290-be57-4dd3-aa5a-78c3a1adb8e3)
2019-11-20 04:47:29.316 1845 INFO rally.task.context [-] Task 879ed185-2a54-4ecc-a04e-49128aac8d60 | Context volumes@openstack cleanup() finished in 3.76 sec
2019-11-20 04:47:29.317 1845 INFO rally.task.context [-] Task 879ed185-2a54-4ecc-a04e-49128aac8d60 | Context quotas@openstack cleanup() started
2019-11-20 04:47:29.389 1845 INFO rally.task.context [-] Task 879ed185-2a54-4ecc-a04e-49128aac8d60 | Context quotas@openstack cleanup() finished in 72.01 msec
2019-11-20 04:47:29.389 1845 INFO rally.task.context [-] Task 879ed185-2a54-4ecc-a04e-49128aac8d60 | Context api_versions@openstack cleanup() started
2019-11-20 04:47:29.389 1845 INFO rally.task.context [-] Task 879ed185-2a54-4ecc-a04e-49128aac8d60 | Context api_versions@openstack cleanup() finished in 0.31 msec
2019-11-20 04:47:29.390 1845 INFO rally.task.context [-] Task 879ed185-2a54-4ecc-a04e-49128aac8d60 | Context users@openstack cleanup() started
2019-11-20 04:47:33.712 1845 INFO rally.task.context [-] Task 879ed185-2a54-4ecc-a04e-49128aac8d60 | Context users@openstack cleanup() finished in 4.32 sec
2019-11-20 04:47:34.352 1845 INFO rally.task.engine [-] Load duration is: 14.167099
2019-11-20 04:47:34.353 1845 INFO rally.task.engine [-] Full runner duration is: 14.219389
2019-11-20 04:47:34.353 1845 INFO rally.task.engine [-] Full duration is: 39.570989
2019-11-20 04:47:34.703 1845 INFO rally.task.engine [-] Running workload: position = 0 config = { "version": 2, "title": "A cropped version of a bigger task.", "description": "Auto-generated task from a single workload (uuid=a7885082-e6fd-43e0-ad0f-72ca8a70ab15)", "subtasks": [ { "title": "CinderVolumes.create_and_delete_volume", "description": "Create and then delete a volume.", "scenario": { "CinderVolumes.create_and_delete_volume": { "size": { "max": 1, "min": 1 } } }, "contexts": { "users": { "tenants": 3, "users_per_tenant": 2 }, "quotas": { "cinder": { "gigabytes": -1, "snapshots": -1, "volumes": -1 } }, "api_versions": { "cinder": { "version": 3, "service_type": "volumev3" } } }, "runner": { "constant": { "concurrency": 4, "times": 10 } }, "hooks": [], "sla": { "failure_rate": { "max": 0 } } } ] }
2019-11-20 04:47:34.729 1845 RALLYDEBUG rally_openstack.contexts.keystone.users [-] Creating 3 tenants using 20 threads
2019-11-20 04:47:35.723 1845 RALLYDEBUG rally_openstack.contexts.keystone.users [-] Creating 6 users using 20 threads
2019-11-20 04:47:37.410 1845 INFO rally.task.context [-] Task 879ed185-2a54-4ecc-a04e-49128aac8d60 | Context users@openstack setup() finished in 2.68 sec
2019-11-20 04:47:37.826 1845 INFO rally.task.context [-] Task 879ed185-2a54-4ecc-a04e-49128aac8d60 | Context api_versions@openstack setup() finished in 0.42 sec
2019-11-20 04:47:38.657 1845 INFO rally.task.context [-] Task 879ed185-2a54-4ecc-a04e-49128aac8d60 | Context quotas@openstack setup() finished in 0.83 sec
2019-11-20 04:47:38.658 1845 INFO rally.task.context [-] Task 879ed185-2a54-4ecc-a04e-49128aac8d60 | Context cleanup@openstack setup() finished in 0.00 msec
2019-11-20 04:47:38.667 1845 RALLYDEBUG rally.task.runner [-] Starting the constant runner (task UUID: 879ed185-2a54-4ecc-a04e-49128aac8d60). times: 10 concurrency: 4 timeout: 0 max_cpu_used: 16 processes_to_start: 4 concurrency_per_worker: 1 concurrency_overhead: 0
2019-11-20 04:47:38.678 4173 RALLYDEBUG rally.task.runner [-] Starting a worker. times: 10 duration: None concurrency: 1 timeout: 0 cls: method_name: run args: {"size": {"max": 1, "min": 1}}
2019-11-20 04:47:38.682 4174 RALLYDEBUG rally.task.runner [-] Starting a worker. times: 10 duration: None concurrency: 1 timeout: 0 cls: method_name: run args: {"size": {"max": 1, "min": 1}}
2019-11-20 04:47:38.686 4173 INFO rally.task.runner [-] Task 879ed185-2a54-4ecc-a04e-49128aac8d60 | ITER: 1 START
2019-11-20 04:47:38.685 4175 RALLYDEBUG rally.task.runner [-] Starting a worker. times: 10 duration: None concurrency: 1 timeout: 0 cls: method_name: run args: {"size": {"max": 1, "min": 1}}
2019-11-20 04:47:38.689 4174 INFO rally.task.runner [-] Task 879ed185-2a54-4ecc-a04e-49128aac8d60 | ITER: 2 START
2019-11-20 04:47:38.689 4176 RALLYDEBUG rally.task.runner [-] Starting a worker. times: 10 duration: None concurrency: 1 timeout: 0 cls: method_name: run args: {"size": {"max": 1, "min": 1}}
2019-11-20 04:47:38.692 4175 INFO rally.task.runner [-] Task 879ed185-2a54-4ecc-a04e-49128aac8d60 | ITER: 3 START
2019-11-20 04:47:38.696 4176 INFO rally.task.runner [-] Task 879ed185-2a54-4ecc-a04e-49128aac8d60 | ITER: 4 START
2019-11-20 04:47:41.593 4175 RALLYDEBUG rally.task.utils [-] Waiting for resource s_rally_a7885082_k0qheD5i. Status changed: AVAILABLE => DELETING in 0.05051589012145996
2019-11-20 04:47:41.603 4173 RALLYDEBUG rally.task.utils [-] Waiting for resource s_rally_a7885082_Jtlm32Lj. Status changed: AVAILABLE => DELETING in 0.05025792121887207
2019-11-20 04:47:41.603 4176 RALLYDEBUG rally.task.utils [-] Waiting for resource s_rally_a7885082_4Kb7l0b1. Status changed: AVAILABLE => DELETING in 0.051918745040893555
2019-11-20 04:47:41.738 4174 RALLYDEBUG rally.task.utils [-] Waiting for resource s_rally_a7885082_Hy1PS71G. Status changed: AVAILABLE => DELETING in 0.18663477897644043
2019-11-20 04:47:43.645 4173 INFO rally.task.runner [-] Task 879ed185-2a54-4ecc-a04e-49128aac8d60 | ITER: 1 END: OK
2019-11-20 04:47:43.647 4176 INFO rally.task.runner [-] Task 879ed185-2a54-4ecc-a04e-49128aac8d60 | ITER: 4 END: OK
2019-11-20 04:47:43.650 4173 INFO rally.task.runner [-] Task 879ed185-2a54-4ecc-a04e-49128aac8d60 | ITER: 5 START
2019-11-20 04:47:43.651 4176 INFO rally.task.runner [-] Task 879ed185-2a54-4ecc-a04e-49128aac8d60 | ITER: 6 START
2019-11-20 04:47:43.655 4175 INFO rally.task.runner [-] Task 879ed185-2a54-4ecc-a04e-49128aac8d60 | ITER: 3 END: OK
2019-11-20 04:47:43.660 4175 INFO rally.task.runner [-] Task 879ed185-2a54-4ecc-a04e-49128aac8d60 | ITER: 7 START
2019-11-20 04:47:43.774 4174 INFO rally.task.runner [-] Task 879ed185-2a54-4ecc-a04e-49128aac8d60 | ITER: 2 END: OK
2019-11-20 04:47:43.779 4174 INFO rally.task.runner [-] Task 879ed185-2a54-4ecc-a04e-49128aac8d60 | ITER: 8 START
2019-11-20 04:47:46.468 4173 RALLYDEBUG rally.task.utils [-] Waiting for resource s_rally_a7885082_c9KZPSpw. Status changed: AVAILABLE => DELETING in 0.049054622650146484
2019-11-20 04:47:46.509 4175 RALLYDEBUG rally.task.utils [-] Waiting for resource s_rally_a7885082_VjLtUT8z. Status changed: AVAILABLE => DELETING in 0.053436994552612305
2019-11-20 04:47:46.523 4174 RALLYDEBUG rally.task.utils [-] Waiting for resource s_rally_a7885082_SiY5AtPP. Status changed: AVAILABLE => DELETING in 0.06148648262023926
2019-11-20 04:47:46.530 4176 RALLYDEBUG rally.task.utils [-] Waiting for resource s_rally_a7885082_WuLdG3q7. Status changed: AVAILABLE => DELETING in 0.05260896682739258
2019-11-20 04:47:48.508 4173 INFO rally.task.runner [-] Task 879ed185-2a54-4ecc-a04e-49128aac8d60 | ITER: 5 END: OK
2019-11-20 04:47:48.512 4173 INFO rally.task.runner [-] Task 879ed185-2a54-4ecc-a04e-49128aac8d60 | ITER: 9 START
2019-11-20 04:47:48.555 4175 INFO rally.task.runner [-] Task 879ed185-2a54-4ecc-a04e-49128aac8d60 | ITER: 7 END: OK
2019-11-20 04:47:48.558 4175 INFO rally.task.runner [-] Task 879ed185-2a54-4ecc-a04e-49128aac8d60 | ITER: 10 START
2019-11-20 04:47:48.566 4174 INFO rally.task.runner [-] Task 879ed185-2a54-4ecc-a04e-49128aac8d60 | ITER: 8 END: OK
2019-11-20 04:47:48.571 4176 INFO rally.task.runner [-] Task 879ed185-2a54-4ecc-a04e-49128aac8d60 | ITER: 6 END: OK
2019-11-20 04:47:51.334 4173 RALLYDEBUG rally.task.utils [-] Waiting for resource s_rally_a7885082_Djole2sT. Status changed: AVAILABLE => DELETING in 0.053781986236572266
2019-11-20 04:47:51.342 4175 RALLYDEBUG rally.task.utils [-] Waiting for resource s_rally_a7885082_yDzreHlN. Status changed: AVAILABLE => DELETING in 0.06159067153930664
2019-11-20 04:47:53.376 4173 INFO rally.task.runner [-] Task 879ed185-2a54-4ecc-a04e-49128aac8d60 | ITER: 9 END: OK
2019-11-20 04:47:53.386 4175 INFO rally.task.runner [-] Task 879ed185-2a54-4ecc-a04e-49128aac8d60 | ITER: 10 END: OK
2019-11-20 04:47:53.414 1845 INFO rally.task.context [-] Task 879ed185-2a54-4ecc-a04e-49128aac8d60 | Context cleanup@openstack cleanup() started
2019-11-20 04:47:53.418 1845 RALLYDEBUG rally_openstack.cleanup.manager [-] Cleaning up cinder backups objects
2019-11-20 04:47:54.585 1845 RALLYDEBUG rally_openstack.cleanup.manager [-] Cleaning up cinder volume_snapshots objects
2019-11-20 04:47:55.702 1845 RALLYDEBUG rally_openstack.cleanup.manager [-] Cleaning up cinder transfers objects
2019-11-20 04:47:56.801 1845 RALLYDEBUG rally_openstack.cleanup.manager [-] Cleaning up cinder volumes objects
2019-11-20 04:47:57.986 1845 INFO rally.task.context [-] Task 879ed185-2a54-4ecc-a04e-49128aac8d60 | Context cleanup@openstack cleanup() finished in 4.57 sec
2019-11-20 04:47:57.987 1845 INFO rally.task.context [-] Task 879ed185-2a54-4ecc-a04e-49128aac8d60 | Context quotas@openstack cleanup() started
2019-11-20 04:47:58.059 1845 INFO rally.task.context [-] Task 879ed185-2a54-4ecc-a04e-49128aac8d60 | Context quotas@openstack cleanup() finished in 72.54 msec
