2019-11-20 04:30:37.493 8 RALLYDEBUG rally.api [-] INFO logs from urllib3 and requests module are hide.
2019-11-20 04:30:37.493 8 RALLYDEBUG rally.api [-] urllib3 insecure warnings are hidden.
2019-11-20 04:30:37.494 8 RALLYDEBUG rally.api [-] ERROR log from boto module is hide.
2019-11-20 04:30:39.326 8 ERROR rally.cli.cliutils [-] Unexpected exception in CLI: rally.exceptions.DBRecordNotFound: Record for uuid or name is opnfv-rally not found in table envs
2019-11-20 04:30:39.326 8 ERROR rally.cli.cliutils
Traceback (most recent call last):
2019-11-20 04:30:39.326 8 ERROR rally.cli.cliutils
File "/usr/lib/python3.6/site-packages/rally/cli/cliutils.py", line 674, in run
2019-11-20 04:30:39.326 8 ERROR rally.cli.cliutils ret = fn(*fn_args, **fn_kwargs)
2019-11-20 04:30:39.326 8 ERROR rally.cli.cliutils File "", line 2, in destroy
2019-11-20 04:30:39.326 8 ERROR rally.cli.cliutils
File "/usr/lib/python3.6/site-packages/rally/cli/envutils.py", line 68, in default_from_global
2019-11-20 04:30:39.326 8 ERROR rally.cli.cliutils return f(*args, **kwargs)
2019-11-20 04:30:39.326 8 ERROR rally.cli.cliutils File "", line 2, in destroy
2019-11-20 04:30:39.326 8 ERROR rally.cli.cliutils
File "/usr/lib/python3.6/site-packages/rally/plugins/__init__.py", line 51, in ensure_plugins_are_loaded
2019-11-20 04:30:39.326 8 ERROR rally.cli.cliutils return f(*args, **kwargs)
2019-11-20 04:30:39.326 8 ERROR rally.cli.cliutils
File "/usr/lib/python3.6/site-packages/rally/cli/commands/deployment.py", line 157, in destroy
2019-11-20 04:30:39.326 8 ERROR rally.cli.cliutils api.deployment.destroy(deployment=deployment)
2019-11-20 04:30:39.326 8 ERROR rally.cli.cliutils
File "/usr/lib/python3.6/site-packages/rally/api.py", line 115, in destroy
2019-11-20 04:30:39.326 8 ERROR rally.cli.cliutils deploy = objects.Deployment.get(deployment)
2019-11-20 04:30:39.326 8 ERROR rally.cli.cliutils
File "/usr/lib/python3.6/site-packages/rally/common/objects/deploy.py", line 124, in get
2019-11-20 04:30:39.326 8 ERROR rally.cli.cliutils return Deployment(env_mgr.EnvManager.get(deploy))
2019-11-20 04:30:39.326 8 ERROR rally.cli.cliutils
File "/usr/lib/python3.6/site-packages/rally/env/env_mgr.py", line 212, in get
2019-11-20 04:30:39.326 8 ERROR rally.cli.cliutils return cls(db.env_get(uuid_or_name))
2019-11-20 04:30:39.326 8 ERROR rally.cli.cliutils
File "/usr/lib/python3.6/site-packages/rally/common/db/api.py", line 135, in wrapper
2019-11-20 04:30:39.326 8 ERROR rally.cli.cliutils result = f(session, *args, **kwargs)
2019-11-20 04:30:39.326 8 ERROR rally.cli.cliutils
File "/usr/lib/python3.6/site-packages/rally/common/db/api.py", line 521, in env_get
2019-11-20 04:30:39.326 8 ERROR rally.cli.cliutils criteria="uuid or name is %s" % uuid_or_name, table="envs")
2019-11-20 04:30:39.326 8 ERROR rally.cli.cliutils rally.exceptions.DBRecordNotFound: Record for uuid or name is opnfv-rally not found in table envs
2019-11-20 04:30:39.326 8 ERROR rally.cli.cliutils
2019-11-20 04:30:40.700 10 RALLYDEBUG rally.api [-] INFO logs from urllib3 and requests module are hide.
2019-11-20 04:30:40.700 10 RALLYDEBUG rally.api [-] urllib3 insecure warnings are hidden.
2019-11-20 04:30:40.700 10 RALLYDEBUG rally.api [-] ERROR log from boto module is hide.
2019-11-20 04:30:44.393 12 RALLYDEBUG rally.api [-] INFO logs from urllib3 and requests module are hide.
2019-11-20 04:30:44.393 12 RALLYDEBUG rally.api [-] urllib3 insecure warnings are hidden.
2019-11-20 04:30:44.393 12 RALLYDEBUG rally.api [-] ERROR log from boto module is hide.
2019-11-20 04:30:48.552 15 RALLYDEBUG rally.api [-] INFO logs from urllib3 and requests module are hide.
2019-11-20 04:30:48.553 15 RALLYDEBUG rally.api [-] urllib3 insecure warnings are hidden.
2019-11-20 04:30:48.553 15 RALLYDEBUG rally.api [-] ERROR log from boto module is hide.
2019-11-20 04:30:49.736 17 RALLYDEBUG rally.api [-] INFO logs from urllib3 and requests module are hide.
2019-11-20 04:30:49.736 17 RALLYDEBUG rally.api [-] urllib3 insecure warnings are hidden.
2019-11-20 04:30:49.736 17 RALLYDEBUG rally.api [-] ERROR log from boto module is hide.
2019-11-20 04:30:51.672 17 INFO rally.task.engine [-] Task 006d9330-1a23-40c8-bfa6-c0cd08e44e26 | Starting: Task validation.
2019-11-20 04:30:51.724 17 INFO rally.task.engine [-] Task 006d9330-1a23-40c8-bfa6-c0cd08e44e26 | Starting: Task validation of syntax.
2019-11-20 04:30:51.811 17 INFO rally.task.engine [-] Task 006d9330-1a23-40c8-bfa6-c0cd08e44e26 | Completed: Task validation of syntax.
2019-11-20 04:30:51.812 17 INFO rally.task.engine [-] Task 006d9330-1a23-40c8-bfa6-c0cd08e44e26 | Starting: Task validation of required platforms.
2019-11-20 04:30:51.855 17 INFO rally.task.engine [-] Task 006d9330-1a23-40c8-bfa6-c0cd08e44e26 | Completed: Task validation of required platforms.
2019-11-20 04:30:51.855 17 INFO rally.task.engine [-] Task 006d9330-1a23-40c8-bfa6-c0cd08e44e26 | Starting: Task validation of semantic.
2019-11-20 04:30:51.855 17 INFO rally.task.engine [-] Check health of the environment '19a54fcb-828a-4af8-8bd2-de837f947f35'.
2019-11-20 04:30:52.805 17 INFO rally.task.engine [-] Platform existing@openstack (available: True): OK!
2019-11-20 04:30:52.831 17 RALLYDEBUG rally_openstack.contexts.keystone.users [-] Creating 1 tenants using 20 threads
2019-11-20 04:30:53.671 17 RALLYDEBUG rally_openstack.contexts.keystone.users [-] Creating 1 users using 20 threads
2019-11-20 04:30:54.988 17 INFO rally.task.context [-] Task 006d9330-1a23-40c8-bfa6-c0cd08e44e26 | Context users@openstack setup() finished in 2.16 sec
2019-11-20 04:30:55.048 17 INFO rally.task.context [-] Task 006d9330-1a23-40c8-bfa6-c0cd08e44e26 | Context users@openstack cleanup() started
2019-11-20 04:30:57.884 17 INFO rally.task.context [-] Task 006d9330-1a23-40c8-bfa6-c0cd08e44e26 | Context users@openstack cleanup() finished in 2.84 sec
2019-11-20 04:30:57.884 17 INFO rally.task.engine [-] Task 006d9330-1a23-40c8-bfa6-c0cd08e44e26 | Completed: Task validation of semantic.
2019-11-20 04:30:57.885 17 INFO rally.task.engine [-] Task 006d9330-1a23-40c8-bfa6-c0cd08e44e26 | Completed: Task validation.
2019-11-20 04:30:57.885 17 INFO rally.api [-] Task 006d9330-1a23-40c8-bfa6-c0cd08e44e26 input file is valid.
2019-11-20 04:30:57.885 17 INFO rally.api [-] Run Task 006d9330-1a23-40c8-bfa6-c0cd08e44e26 against Deployment 19a54fcb-828a-4af8-8bd2-de837f947f35
2019-11-20 04:30:57.886 17 INFO rally.task.engine [-] Task 006d9330-1a23-40c8-bfa6-c0cd08e44e26 | Starting: Running task.
2019-11-20 04:30:58.195 17 INFO rally.task.engine [-] Running workload: position = 0 config = { "version": 2, "title": "A cropped version of a bigger task.", "description": "Auto-generated task from a single workload (uuid=4406de8b-8b9a-4ac5-8183-e2577066daa0)", "subtasks": [ { "title": "Authenticate.keystone", "description": "Check Keystone Client.", "scenario": { "Authenticate.keystone": {} }, "contexts": { "users": { "tenants": 3, "users_per_tenant": 2 } }, "runner": { "constant": { "concurrency": 4, "times": 10 } }, "hooks": [], "sla": { "failure_rate": { "max": 0 } } } ] }
2019-11-20 04:30:58.218 17 RALLYDEBUG rally_openstack.contexts.keystone.users [-] Creating 3 tenants using 20 threads
2019-11-20 04:30:59.309 17 RALLYDEBUG rally_openstack.contexts.keystone.users [-] Creating 6 users using 20 threads
2019-11-20 04:31:00.847 17 INFO rally.task.context [-] Task 006d9330-1a23-40c8-bfa6-c0cd08e44e26 | Context users@openstack setup() finished in 2.63 sec
2019-11-20 04:31:00.856 17 RALLYDEBUG rally.task.runner [-] Starting the constant runner (task UUID: 006d9330-1a23-40c8-bfa6-c0cd08e44e26). times: 10 concurrency: 4 timeout: 0 max_cpu_used: 16 processes_to_start: 4 concurrency_per_worker: 1 concurrency_overhead: 0
2019-11-20 04:31:00.870 141 RALLYDEBUG rally.task.runner [-] Starting a worker. times: 10 duration: None concurrency: 1 timeout: 0 cls: method_name: run args: {}
2019-11-20 04:31:00.873 142 RALLYDEBUG rally.task.runner [-] Starting a worker. times: 10 duration: None concurrency: 1 timeout: 0 cls: method_name: run args: {}
2019-11-20 04:31:00.876 141 INFO rally.task.runner [-] Task 006d9330-1a23-40c8-bfa6-c0cd08e44e26 | ITER: 1 START
2019-11-20 04:31:00.876 143 RALLYDEBUG rally.task.runner [-] Starting a worker. times: 10 duration: None concurrency: 1 timeout: 0 cls: method_name: run args: {}
2019-11-20 04:31:00.879 142 INFO rally.task.runner [-] Task 006d9330-1a23-40c8-bfa6-c0cd08e44e26 | ITER: 2 START
2019-11-20 04:31:00.879 144 RALLYDEBUG rally.task.runner [-] Starting a worker. times: 10 duration: None concurrency: 1 timeout: 0 cls: method_name: run args: {}
2019-11-20 04:31:00.882 143 INFO rally.task.runner [-] Task 006d9330-1a23-40c8-bfa6-c0cd08e44e26 | ITER: 3 START
2019-11-20 04:31:00.885 144 INFO rally.task.runner [-] Task 006d9330-1a23-40c8-bfa6-c0cd08e44e26 | ITER: 4 START
2019-11-20 04:31:01.557 142 INFO rally.task.runner [-] Task 006d9330-1a23-40c8-bfa6-c0cd08e44e26 | ITER: 2 END: OK
2019-11-20 04:31:01.561 142 INFO rally.task.runner [-] Task 006d9330-1a23-40c8-bfa6-c0cd08e44e26 | ITER: 5 START
2019-11-20 04:31:01.570 144 INFO rally.task.runner [-] Task 006d9330-1a23-40c8-bfa6-c0cd08e44e26 | ITER: 4 END: OK
2019-11-20 04:31:01.575 144 INFO rally.task.runner [-] Task 006d9330-1a23-40c8-bfa6-c0cd08e44e26 | ITER: 6 START
2019-11-20 04:31:01.576 143 INFO rally.task.runner [-] Task 006d9330-1a23-40c8-bfa6-c0cd08e44e26 | ITER: 3 END: OK
2019-11-20 04:31:01.580 143 INFO rally.task.runner [-] Task 006d9330-1a23-40c8-bfa6-c0cd08e44e26 | ITER: 7 START
2019-11-20 04:31:01.595 141 INFO rally.task.runner [-] Task 006d9330-1a23-40c8-bfa6-c0cd08e44e26 | ITER: 1 END: OK
2019-11-20 04:31:01.600 141 INFO rally.task.runner [-] Task 006d9330-1a23-40c8-bfa6-c0cd08e44e26 | ITER: 8 START
2019-11-20 04:31:02.164 142 INFO rally.task.runner [-] Task 006d9330-1a23-40c8-bfa6-c0cd08e44e26 | ITER: 5 END: OK
2019-11-20 04:31:02.168 142 INFO rally.task.runner [-] Task 006d9330-1a23-40c8-bfa6-c0cd08e44e26 | ITER: 9 START
2019-11-20 04:31:02.267 143 INFO rally.task.runner [-] Task 006d9330-1a23-40c8-bfa6-c0cd08e44e26 | ITER: 7 END: OK
2019-11-20 04:31:02.271 143 INFO rally.task.runner [-] Task 006d9330-1a23-40c8-bfa6-c0cd08e44e26 | ITER: 10 START
2019-11-20 04:31:02.284 141 INFO rally.task.runner [-] Task 006d9330-1a23-40c8-bfa6-c0cd08e44e26 | ITER: 8 END: OK
2019-11-20 04:31:02.291 144 INFO rally.task.runner [-] Task 006d9330-1a23-40c8-bfa6-c0cd08e44e26 | ITER: 6 END: OK
2019-11-20 04:31:02.784 142 INFO rally.task.runner [-] Task 006d9330-1a23-40c8-bfa6-c0cd08e44e26 | ITER: 9 END: OK
2019-11-20 04:31:02.874 143 INFO rally.task.runner [-] Task 006d9330-1a23-40c8-bfa6-c0cd08e44e26 | ITER: 10 END: OK
2019-11-20 04:31:02.897 17 INFO rally.task.context [-] Task 006d9330-1a23-40c8-bfa6-c0cd08e44e26 | Context users@openstack cleanup() started
2019-11-20 04:31:07.314 17 INFO rally.task.context [-] Task 006d9330-1a23-40c8-bfa6-c0cd08e44e26 | Context users@openstack cleanup() finished in 4.42 sec
2019-11-20 04:31:08.306 17 INFO rally.task.engine [-] Load duration is: 1.996749
2019-11-20 04:31:08.307 17 INFO rally.task.engine [-] Full runner duration is: 2.041794
2019-11-20 04:31:08.307 17 INFO rally.task.engine [-] Full duration is: 9.09782
2019-11-20 04:31:08.600 17 INFO rally.task.engine [-] Running workload: position = 0 config = { "version": 2, "title": "A cropped version of a bigger task.", "description": "Auto-generated task from a single workload (uuid=8d5459fc-db41-44b9-a1dc-6aec53b03a67)", "subtasks": [ { "title": "Authenticate.validate_cinder", "description": "Check Cinder Client to ensure validation of token.", "scenario": { "Authenticate.validate_cinder": { "repetitions": 2 } }, "contexts": { "users": { "tenants": 3, "users_per_tenant": 2 } }, "runner": { "constant": { "concurrency": 4, "times": 10 } }, "hooks": [], "sla": { "failure_rate": { "max": 0 } } } ] }
2019-11-20 04:31:08.623 17 RALLYDEBUG rally_openstack.contexts.keystone.users [-] Creating 3 tenants using 20 threads
2019-11-20 04:31:09.647 17 RALLYDEBUG rally_openstack.contexts.keystone.users [-] Creating 6 users using 20 threads
2019-11-20 04:31:11.209 17 INFO rally.task.context [-] Task 006d9330-1a23-40c8-bfa6-c0cd08e44e26 | Context users@openstack setup() finished in 2.59 sec
2019-11-20 04:31:11.217 17 RALLYDEBUG rally.task.runner [-] Starting the constant runner (task UUID: 006d9330-1a23-40c8-bfa6-c0cd08e44e26). times: 10 concurrency: 4 timeout: 0 max_cpu_used: 16 processes_to_start: 4 concurrency_per_worker: 1 concurrency_overhead: 0
2019-11-20 04:31:11.229 245 RALLYDEBUG rally.task.runner [-] Starting a worker. times: 10 duration: None concurrency: 1 timeout: 0 cls: method_name: run args: {"repetitions": 2}
2019-11-20 04:31:11.232 246 RALLYDEBUG rally.task.runner [-] Starting a worker. times: 10 duration: None concurrency: 1 timeout: 0 cls: method_name: run args: {"repetitions": 2}
2019-11-20 04:31:11.235 245 INFO rally.task.runner [-] Task 006d9330-1a23-40c8-bfa6-c0cd08e44e26 | ITER: 1 START
2019-11-20 04:31:11.236 247 RALLYDEBUG rally.task.runner [-] Starting a worker. times: 10 duration: None concurrency: 1 timeout: 0 cls: method_name: run args: {"repetitions": 2}
2019-11-20 04:31:11.239 246 INFO rally.task.runner [-] Task 006d9330-1a23-40c8-bfa6-c0cd08e44e26 | ITER: 2 START
2019-11-20 04:31:11.240 250 RALLYDEBUG rally.task.runner [-] Starting a worker. times: 10 duration: None concurrency: 1 timeout: 0 cls: method_name: run args: {"repetitions": 2}
2019-11-20 04:31:11.242 247 INFO rally.task.runner [-] Task 006d9330-1a23-40c8-bfa6-c0cd08e44e26 | ITER: 3 START
2019-11-20 04:31:11.246 250 INFO rally.task.runner [-] Task 006d9330-1a23-40c8-bfa6-c0cd08e44e26 | ITER: 4 START
2019-11-20 04:31:11.889 246 INFO rally.task.runner [-] Task 006d9330-1a23-40c8-bfa6-c0cd08e44e26 | ITER: 2 END: OK
2019-11-20 04:31:11.890 250 INFO rally.task.runner [-] Task 006d9330-1a23-40c8-bfa6-c0cd08e44e26 | ITER: 4 END: OK
2019-11-20 04:31:11.894 246 INFO rally.task.runner [-] Task 006d9330-1a23-40c8-bfa6-c0cd08e44e26 | ITER: 5 START
2019-11-20 04:31:11.894 245 INFO rally.task.runner [-] Task 006d9330-1a23-40c8-bfa6-c0cd08e44e26 | ITER: 1 END: OK
2019-11-20 04:31:11.895 250 INFO rally.task.runner [-] Task 006d9330-1a23-40c8-bfa6-c0cd08e44e26 | ITER: 6 START
2019-11-20 04:31:11.896 247 INFO rally.task.runner [-] Task 006d9330-1a23-40c8-bfa6-c0cd08e44e26 | ITER: 3 END: OK
2019-11-20 04:31:11.898 245 INFO rally.task.runner [-] Task 006d9330-1a23-40c8-bfa6-c0cd08e44e26 | ITER: 7 START
2019-11-20 04:31:11.899 247 INFO rally.task.runner [-] Task 006d9330-1a23-40c8-bfa6-c0cd08e44e26 | ITER: 8 START
2019-11-20 04:31:12.278 246 INFO rally.task.runner [-] Task 006d9330-1a23-40c8-bfa6-c0cd08e44e26 | ITER: 5 END: OK
2019-11-20 04:31:12.279 250 INFO rally.task.runner [-] Task 006d9330-1a23-40c8-bfa6-c0cd08e44e26 | ITER: 6 END: OK
2019-11-20 04:31:12.280 245 INFO rally.task.runner [-] Task 006d9330-1a23-40c8-bfa6-c0cd08e44e26 | ITER: 7 END: OK
2019-11-20 04:31:12.281 246 INFO rally.task.runner [-] Task 006d9330-1a23-40c8-bfa6-c0cd08e44e26 | ITER: 9 START
2019-11-20 04:31:12.283 250 INFO rally.task.runner [-] Task 006d9330-1a23-40c8-bfa6-c0cd08e44e26 | ITER: 10 START
2019-11-20 04:31:12.370 247 INFO rally.task.runner [-] Task 006d9330-1a23-40c8-bfa6-c0cd08e44e26 | ITER: 8 END: OK
2019-11-20 04:31:12.671 246 INFO rally.task.runner [-] Task 006d9330-1a23-40c8-bfa6-c0cd08e44e26 | ITER: 9 END: OK
2019-11-20 04:31:12.683 250 INFO rally.task.runner [-] Task 006d9330-1a23-40c8-bfa6-c0cd08e44e26 | ITER: 10 END: OK
2019-11-20 04:31:12.712 17 INFO rally.task.context [-] Task 006d9330-1a23-40c8-bfa6-c0cd08e44e26 | Context users@openstack cleanup() started
2019-11-20 04:31:17.166 17 INFO rally.task.context [-] Task 006d9330-1a23-40c8-bfa6-c0cd08e44e26 | Context users@openstack cleanup() finished in 4.45 sec
2019-11-20 04:31:18.712 17 INFO rally.task.engine [-] Load duration is: 1.446382
2019-11-20 04:31:18.713 17 INFO rally.task.engine [-] Full runner duration is: 1.495147
2019-11-20 04:31:18.713 17 INFO rally.task.engine [-] Full duration is: 8.544696
2019-11-20 04:31:19.201 17 INFO rally.task.engine [-] Running workload: position = 0 config = { "version": 2, "title": "A cropped version of a bigger task.", "description": "Auto-generated task from a single workload (uuid=9e3216cd-7695-4931-b2f4-ab45044d2d5e)", "subtasks": [ { "title": "Authenticate.validate_glance", "description": "Check Glance Client to ensure validation of token.", "scenario": { "Authenticate.validate_glance": { "repetitions": 2 } }, "contexts": { "users": { "tenants": 3, "users_per_tenant": 2 } }, "runner": { "constant": { "concurrency": 4, "times": 10 } }, "hooks": [], "sla": { "failure_rate": { "max": 0 } } } ] }
2019-11-20 04:31:19.225 17 RALLYDEBUG rally_openstack.contexts.keystone.users [-] Creating 3 tenants using 20 threads
2019-11-20 04:31:20.244 17 RALLYDEBUG rally_openstack.contexts.keystone.users [-] Creating 6 users using 20 threads
2019-11-20 04:31:21.757 17 INFO rally.task.context [-] Task 006d9330-1a23-40c8-bfa6-c0cd08e44e26 | Context users@openstack setup() finished in 2.53 sec
2019-11-20 04:31:21.766 17 RALLYDEBUG rally.task.runner [-] Starting the constant runner (task UUID: 006d9330-1a23-40c8-bfa6-c0cd08e44e26). times: 10 concurrency: 4 timeout: 0 max_cpu_used: 16 processes_to_start: 4 concurrency_per_worker: 1 concurrency_overhead: 0
2019-11-20 04:31:21.778 349 RALLYDEBUG rally.task.runner [-] Starting a worker. times: 10 duration: None concurrency: 1 timeout: 0 cls: method_name: run args: {"repetitions": 2}
2019-11-20 04:31:21.784 349 INFO rally.task.runner [-] Task 006d9330-1a23-40c8-bfa6-c0cd08e44e26 | ITER: 1 START
2019-11-20 04:31:21.786 350 RALLYDEBUG rally.task.runner [-] Starting a worker. times: 10 duration: None concurrency: 1 timeout: 0 cls: method_name: run args: {"repetitions": 2}
2019-11-20 04:31:21.787 351 RALLYDEBUG rally.task.runner [-] Starting a worker. times: 10 duration: None concurrency: 1 timeout: 0 cls: method_name: run args: {"repetitions": 2}
2019-11-20 04:31:21.798 351 INFO rally.task.runner [-] Task 006d9330-1a23-40c8-bfa6-c0cd08e44e26 | ITER: 2 START
2019-11-20 04:31:21.795 354 RALLYDEBUG rally.task.runner [-] Starting a worker. times: 10 duration: None concurrency: 1 timeout: 0 cls: method_name: run args: {"repetitions": 2}
2019-11-20 04:31:21.798 350 INFO rally.task.runner [-] Task 006d9330-1a23-40c8-bfa6-c0cd08e44e26 | ITER: 3 START
2019-11-20 04:31:21.805 354 INFO rally.task.runner [-] Task 006d9330-1a23-40c8-bfa6-c0cd08e44e26 | ITER: 4 START
2019-11-20 04:31:22.662 351 INFO rally.task.runner [-] Task 006d9330-1a23-40c8-bfa6-c0cd08e44e26 | ITER: 2 END: OK
2019-11-20 04:31:22.667 351 INFO rally.task.runner [-] Task 006d9330-1a23-40c8-bfa6-c0cd08e44e26 | ITER: 5 START
2019-11-20 04:31:22.789 350 INFO rally.task.runner [-] Task 006d9330-1a23-40c8-bfa6-c0cd08e44e26 | ITER: 3 END: OK
2019-11-20 04:31:22.792 350 INFO rally.task.runner [-] Task 006d9330-1a23-40c8-bfa6-c0cd08e44e26 | ITER: 6 START
2019-11-20 04:31:22.845 349 INFO rally.task.runner [-] Task 006d9330-1a23-40c8-bfa6-c0cd08e44e26 | ITER: 1 END: OK
2019-11-20 04:31:22.850 349 INFO rally.task.runner [-] Task 006d9330-1a23-40c8-bfa6-c0cd08e44e26 | ITER: 7 START
2019-11-20 04:31:22.879 354 INFO rally.task.runner [-] Task 006d9330-1a23-40c8-bfa6-c0cd08e44e26 | ITER: 4 END: OK
2019-11-20 04:31:22.883 354 INFO rally.task.runner [-] Task 006d9330-1a23-40c8-bfa6-c0cd08e44e26 | ITER: 8 START
2019-11-20 04:31:23.074 351 INFO rally.task.runner [-] Task 006d9330-1a23-40c8-bfa6-c0cd08e44e26 | ITER: 5 END: OK
2019-11-20 04:31:23.076 351 INFO rally.task.runner [-] Task 006d9330-1a23-40c8-bfa6-c0cd08e44e26 | ITER: 9 START
2019-11-20 04:31:23.297 350 INFO rally.task.runner [-] Task 006d9330-1a23-40c8-bfa6-c0cd08e44e26 | ITER: 6 END: OK
2019-11-20 04:31:23.300 350 INFO rally.task.runner [-] Task 006d9330-1a23-40c8-bfa6-c0cd08e44e26 | ITER: 10 START
2019-11-20 04:31:23.392 349 INFO rally.task.runner [-] Task 006d9330-1a23-40c8-bfa6-c0cd08e44e26 | ITER: 7 END: OK
2019-11-20 04:31:23.482 351 INFO rally.task.runner [-] Task 006d9330-1a23-40c8-bfa6-c0cd08e44e26 | ITER: 9 END: OK
2019-11-20 04:31:23.587 354 INFO rally.task.runner [-] Task 006d9330-1a23-40c8-bfa6-c0cd08e44e26 | ITER: 8 END: OK
2019-11-20 04:31:23.709 350 INFO rally.task.runner [-] Task 006d9330-1a23-40c8-bfa6-c0cd08e44e26 | ITER: 10 END: OK
2019-11-20 04:31:23.733 17 INFO rally.task.context [-] Task 006d9330-1a23-40c8-bfa6-c0cd08e44e26 | Context users@openstack cleanup() started
2019-11-20 04:31:27.955 17 INFO rally.task.context [-] Task 006d9330-1a23-40c8-bfa6-c0cd08e44e26 | Context users@openstack cleanup() finished in 4.22 sec
2019-11-20 04:31:29.313 17 INFO rally.task.engine [-] Load duration is: 1.923798
2019-11-20 04:31:29.313 17 INFO rally.task.engine [-] Full runner duration is: 1.967575
2019-11-20 04:31:29.314 17 INFO rally.task.engine [-] Full duration is: 8.73127
2019-11-20 04:31:29.876 17 INFO rally.task.engine [-] Running workload: position = 0 config = { "version": 2, "title": "A cropped version of a bigger task.", "description": "Auto-generated task from a single workload (uuid=b338236a-9275-484f-9528-e1113c7be7b1)", "subtasks": [ { "title": "Authenticate.validate_heat", "description": "Check Heat Client to ensure validation of token.", "scenario": { "Authenticate.validate_heat": { "repetitions": 2 } }, "contexts": { "users": { "tenants": 3, "users_per_tenant": 2 } }, "runner": { "constant": { "concurrency": 4, "times": 10 } }, "hooks": [], "sla": { "failure_rate": { "max": 0 } } } ] }
2019-11-20 04:31:29.898 17 RALLYDEBUG rally_openstack.contexts.keystone.users [-] Creating 3 tenants using 20 threads
2019-11-20 04:31:30.968 17 RALLYDEBUG rally_openstack.contexts.keystone.users [-] Creating 6 users using 20 threads
2019-11-20 04:31:32.517 17 INFO rally.task.context [-] Task 006d9330-1a23-40c8-bfa6-c0cd08e44e26 | Context users@openstack setup() finished in 2.62 sec
2019-11-20 04:31:32.526 17 RALLYDEBUG rally.task.runner [-] Starting the constant runner (task UUID: 006d9330-1a23-40c8-bfa6-c0cd08e44e26). times: 10 concurrency: 4 timeout: 0 max_cpu_used: 16 processes_to_start: 4 concurrency_per_worker: 1 concurrency_overhead: 0
2019-11-20 04:31:32.538 453 RALLYDEBUG rally.task.runner [-] Starting a worker. times: 10 duration: None concurrency: 1 timeout: 0 cls: method_name: run args: {"repetitions": 2}
2019-11-20 04:31:32.541 454 RALLYDEBUG rally.task.runner [-] Starting a worker. times: 10 duration: None concurrency: 1 timeout: 0 cls: method_name: run args: {"repetitions": 2}
2019-11-20 04:31:32.544 453 INFO rally.task.runner [-] Task 006d9330-1a23-40c8-bfa6-c0cd08e44e26 | ITER: 1 START
2019-11-20 04:31:32.545 455 RALLYDEBUG rally.task.runner [-] Starting a worker. times: 10 duration: None concurrency: 1 timeout: 0 cls: method_name: run args: {"repetitions": 2}
2019-11-20 04:31:32.548 454 INFO rally.task.runner [-] Task 006d9330-1a23-40c8-bfa6-c0cd08e44e26 | ITER: 2 START
2019-11-20 04:31:32.548 456 RALLYDEBUG rally.task.runner [-] Starting a worker. times: 10 duration: None concurrency: 1 timeout: 0 cls: method_name: run args: {"repetitions": 2}
2019-11-20 04:31:32.551 455 INFO rally.task.runner [-] Task 006d9330-1a23-40c8-bfa6-c0cd08e44e26 | ITER: 3 START
2019-11-20 04:31:32.555 456 INFO rally.task.runner [-] Task 006d9330-1a23-40c8-bfa6-c0cd08e44e26 | ITER: 4 START
2019-11-20 04:31:33.504 455 INFO rally.task.runner [-] Task 006d9330-1a23-40c8-bfa6-c0cd08e44e26 | ITER: 3 END: OK
2019-11-20 04:31:33.504 454 INFO rally.task.runner [-] Task 006d9330-1a23-40c8-bfa6-c0cd08e44e26 | ITER: 2 END: OK
2019-11-20 04:31:33.508 455 INFO rally.task.runner [-] Task 006d9330-1a23-40c8-bfa6-c0cd08e44e26 | ITER: 5 START
2019-11-20 04:31:33.509 454 INFO rally.task.runner [-] Task 006d9330-1a23-40c8-bfa6-c0cd08e44e26 | ITER: 6 START
2019-11-20 04:31:33.513 456 INFO rally.task.runner [-] Task 006d9330-1a23-40c8-bfa6-c0cd08e44e26 | ITER: 4 END: OK
2019-11-20 04:31:33.515 453 INFO rally.task.runner [-] Task 006d9330-1a23-40c8-bfa6-c0cd08e44e26 | ITER: 1 END: OK
2019-11-20 04:31:33.518 456 INFO rally.task.runner [-] Task 006d9330-1a23-40c8-bfa6-c0cd08e44e26 | ITER: 7 START
2019-11-20 04:31:33.519 453 INFO rally.task.runner [-] Task 006d9330-1a23-40c8-bfa6-c0cd08e44e26 | ITER: 8 START
2019-11-20 04:31:33.886 456 INFO rally.task.runner [-] Task 006d9330-1a23-40c8-bfa6-c0cd08e44e26 | ITER: 7 END: OK
2019-11-20 04:31:33.889 456 INFO rally.task.runner [-] Task 006d9330-1a23-40c8-bfa6-c0cd08e44e26 | ITER: 9 START
2019-11-20 04:31:34.169 453 INFO rally.task.runner [-] Task 006d9330-1a23-40c8-bfa6-c0cd08e44e26 | ITER: 8 END: OK
2019-11-20 04:31:34.173 453 INFO rally.task.runner [-] Task 006d9330-1a23-40c8-bfa6-c0cd08e44e26 | ITER: 10 START
2019-11-20 04:31:34.181 455 INFO rally.task.runner [-] Task 006d9330-1a23-40c8-bfa6-c0cd08e44e26 | ITER: 5 END: OK
2019-11-20 04:31:34.253 454 INFO rally.task.runner [-] Task 006d9330-1a23-40c8-bfa6-c0cd08e44e26 | ITER: 6 END: OK
2019-11-20 04:31:34.366 456 INFO rally.task.runner [-] Task 006d9330-1a23-40c8-bfa6-c0cd08e44e26 | ITER: 9 END: OK
2019-11-20 04:31:34.565 453 INFO rally.task.runner [-] Task 006d9330-1a23-40c8-bfa6-c0cd08e44e26 | ITER: 10 END: OK
2019-11-20 04:31:34.596 17 INFO rally.task.context [-] Task 006d9330-1a23-40c8-bfa6-c0cd08e44e26 | Context users@openstack cleanup() started
2019-11-20 04:31:38.928 17 INFO rally.task.context [-] Task 006d9330-1a23-40c8-bfa6-c0cd08e44e26 | Context users@openstack cleanup() finished in 4.33 sec
2019-11-20 04:31:39.994 17 INFO rally.task.engine [-] Load duration is: 2.018612
2019-11-20 04:31:39.994 17 INFO rally.task.engine [-] Full runner duration is: 2.069713
2019-11-20 04:31:39.995 17 INFO rally.task.engine [-] Full duration is: 9.031715
2019-11-20 04:31:40.562 17 INFO rally.task.engine [-] Running workload: position = 0 config = { "version": 2, "title": "A cropped version of a bigger task.", "description": "Auto-generated task from a single workload (uuid=98060180-89d3-4042-9377-4de07ad3dfbc)", "subtasks": [ { "title": "Authenticate.validate_neutron", "description": "Check Neutron Client to ensure validation of token.", "scenario": { "Authenticate.validate_neutron": { "repetitions": 2 } }, "contexts": { "users": { "tenants": 3, "users_per_tenant": 2 } }, "runner": { "constant": { "concurrency": 4, "times": 10 } }, "hooks": [], "sla": { "failure_rate": { "max": 0 } } } ] }
2019-11-20 04:31:40.585 17 RALLYDEBUG rally_openstack.contexts.keystone.users [-] Creating 3 tenants using 20 threads
2019-11-20 04:31:41.599 17 RALLYDEBUG rally_openstack.contexts.keystone.users [-] Creating 6 users using 20 threads
2019-11-20 04:31:43.112 17 INFO rally.task.context [-] Task 006d9330-1a23-40c8-bfa6-c0cd08e44e26 | Context users@openstack setup() finished in 2.53 sec
2019-11-20 04:31:43.121 17 RALLYDEBUG rally.task.runner [-] Starting the constant runner (task UUID: 006d9330-1a23-40c8-bfa6-c0cd08e44e26). times: 10 concurrency: 4 timeout: 0 max_cpu_used: 16 processes_to_start: 4 concurrency_per_worker: 1 concurrency_overhead: 0
2019-11-20 04:31:43.133 557 RALLYDEBUG rally.task.runner [-] Starting a worker. times: 10 duration: None concurrency: 1 timeout: 0 cls: method_name: run args: {"repetitions": 2}
2019-11-20 04:31:43.137 558 RALLYDEBUG rally.task.runner [-] Starting a worker. times: 10 duration: None concurrency: 1 timeout: 0 cls: method_name: run args: {"repetitions": 2}
2019-11-20 04:31:43.140 557 INFO rally.task.runner [-] Task 006d9330-1a23-40c8-bfa6-c0cd08e44e26 | ITER: 1 START
2019-11-20 04:31:43.140 559 RALLYDEBUG rally.task.runner [-] Starting a worker. times: 10 duration: None concurrency: 1 timeout: 0 cls: method_name: run args: {"repetitions": 2}
2019-11-20 04:31:43.143 558 INFO rally.task.runner [-] Task 006d9330-1a23-40c8-bfa6-c0cd08e44e26 | ITER: 2 START
2019-11-20 04:31:43.144 562 RALLYDEBUG rally.task.runner [-] Starting a worker. times: 10 duration: None concurrency: 1 timeout: 0 cls: method_name: run args: {"repetitions": 2}
2019-11-20 04:31:43.147 559 INFO rally.task.runner [-] Task 006d9330-1a23-40c8-bfa6-c0cd08e44e26 | ITER: 3 START
2019-11-20 04:31:43.150 562 INFO rally.task.runner [-] Task 006d9330-1a23-40c8-bfa6-c0cd08e44e26 | ITER: 4 START
2019-11-20 04:31:43.783 559 INFO rally.task.runner [-] Task 006d9330-1a23-40c8-bfa6-c0cd08e44e26 | ITER: 3 END: OK
2019-11-20 04:31:43.783 562 INFO rally.task.runner [-] Task 006d9330-1a23-40c8-bfa6-c0cd08e44e26 | ITER: 4 END: OK
2019-11-20 04:31:43.783 557 INFO rally.task.runner [-] Task 006d9330-1a23-40c8-bfa6-c0cd08e44e26 | ITER: 1 END: OK
2019-11-20 04:31:43.787 559 INFO rally.task.runner [-] Task 006d9330-1a23-40c8-bfa6-c0cd08e44e26 | ITER: 5 START
2019-11-20 04:31:43.788 562 INFO rally.task.runner [-] Task 006d9330-1a23-40c8-bfa6-c0cd08e44e26 | ITER: 6 START
2019-11-20 04:31:43.789 557 INFO rally.task.runner [-] Task 006d9330-1a23-40c8-bfa6-c0cd08e44e26 | ITER: 7 START
2019-11-20 04:31:43.880 558 INFO rally.task.runner [-] Task 006d9330-1a23-40c8-bfa6-c0cd08e44e26 | ITER: 2 END: OK
2019-11-20 04:31:43.885 558 INFO rally.task.runner [-] Task 006d9330-1a23-40c8-bfa6-c0cd08e44e26 | ITER: 8 START
2019-11-20 04:31:44.462 562 INFO rally.task.runner [-] Task 006d9330-1a23-40c8-bfa6-c0cd08e44e26 | ITER: 6 END: OK
2019-11-20 04:31:44.462 558 INFO rally.task.runner [-] Task 006d9330-1a23-40c8-bfa6-c0cd08e44e26 | ITER: 8 END: OK
2019-11-20 04:31:44.466 562 INFO rally.task.runner [-] Task 006d9330-1a23-40c8-bfa6-c0cd08e44e26 | ITER: 9 START
2019-11-20 04:31:44.467 558 INFO rally.task.runner [-] Task 006d9330-1a23-40c8-bfa6-c0cd08e44e26 | ITER: 10 START
2019-11-20 04:31:44.593 557 INFO rally.task.runner [-] Task 006d9330-1a23-40c8-bfa6-c0cd08e44e26 | ITER: 7 END: OK
2019-11-20 04:31:44.731 559 INFO rally.task.runner [-] Task 006d9330-1a23-40c8-bfa6-c0cd08e44e26 | ITER: 5 END: OK
2019-11-20 04:31:45.121 558 INFO rally.task.runner [-] Task 006d9330-1a23-40c8-bfa6-c0cd08e44e26 | ITER: 10 END: OK
2019-11-20 04:31:45.152 562 INFO rally.task.runner [-] Task 006d9330-1a23-40c8-bfa6-c0cd08e44e26 | ITER: 9 END: OK
2019-11-20 04:31:45.175 17 INFO rally.task.context [-] Task 006d9330-1a23-40c8-bfa6-c0cd08e44e26 | Context users@openstack cleanup() started
2019-11-20 04:31:49.349 17 INFO rally.task.context [-] Task 006d9330-1a23-40c8-bfa6-c0cd08e44e26 | Context users@openstack cleanup() finished in 4.17 sec
2019-11-20 04:31:50.657 17 INFO rally.task.engine [-] Load duration is: 2.009773
2019-11-20 04:31:50.658 17 INFO rally.task.engine [-] Full runner duration is: 2.054106
2019-11-20 04:31:50.658 17 INFO rally.task.engine [-] Full duration is: 8.765774
2019-11-20 04:31:51.176 17 INFO rally.task.engine [-] Running workload: position = 0 config = { "version": 2, "title": "A cropped version of a bigger task.", "description": "Auto-generated task from a single workload (uuid=daea2c9b-bdb9-4ff7-b76e-6748451fd60b)", "subtasks": [ { "title": "Authenticate.validate_nova", "description": "Check Nova Client to ensure validation of token.", "scenario": { "Authenticate.validate_nova": { "repetitions": 2 } }, "contexts": { "users": { "tenants": 3, "users_per_tenant": 2 } }, "runner": { "constant": { "concurrency": 4, "times": 10 } }, "hooks": [], "sla": { "failure_rate": { "max": 0 } } } ] }
2019-11-20 04:31:51.200 17 RALLYDEBUG rally_openstack.contexts.keystone.users [-] Creating 3 tenants using 20 threads
2019-11-20 04:31:52.204 17 RALLYDEBUG rally_openstack.contexts.keystone.users [-] Creating 6 users using 20 threads
2019-11-20 04:31:53.768 17 INFO rally.task.context [-] Task 006d9330-1a23-40c8-bfa6-c0cd08e44e26 | Context users@openstack setup() finished in 2.57 sec
2019-11-20 04:31:53.777 17 RALLYDEBUG rally.task.runner [-] Starting the constant runner (task UUID: 006d9330-1a23-40c8-bfa6-c0cd08e44e26). times: 10 concurrency: 4 timeout: 0 max_cpu_used: 16 processes_to_start: 4 concurrency_per_worker: 1 concurrency_overhead: 0
2019-11-20 04:31:53.788 661 RALLYDEBUG rally.task.runner [-] Starting a worker. times: 10 duration: None concurrency: 1 timeout: 0 cls: method_name: run args: {"repetitions": 2}
2019-11-20 04:31:53.791 662 RALLYDEBUG rally.task.runner [-] Starting a worker. times: 10 duration: None concurrency: 1 timeout: 0 cls: method_name: run args: {"repetitions": 2}
2019-11-20 04:31:53.795 661 INFO rally.task.runner [-] Task 006d9330-1a23-40c8-bfa6-c0cd08e44e26 | ITER: 1 START
2019-11-20 04:31:53.795 663 RALLYDEBUG rally.task.runner [-] Starting a worker. times: 10 duration: None concurrency: 1 timeout: 0 cls: method_name: run args: {"repetitions": 2}
2019-11-20 04:31:53.797 662 INFO rally.task.runner [-] Task 006d9330-1a23-40c8-bfa6-c0cd08e44e26 | ITER: 2 START
2019-11-20 04:31:53.798 664 RALLYDEBUG rally.task.runner [-] Starting a worker. times: 10 duration: None concurrency: 1 timeout: 0 cls: method_name: run args: {"repetitions": 2}
2019-11-20 04:31:53.801 663 INFO rally.task.runner [-] Task 006d9330-1a23-40c8-bfa6-c0cd08e44e26 | ITER: 3 START
2019-11-20 04:31:53.805 664 INFO rally.task.runner [-] Task 006d9330-1a23-40c8-bfa6-c0cd08e44e26 | ITER: 4 START
2019-11-20 04:31:54.421 663 INFO rally.task.runner [-] Task 006d9330-1a23-40c8-bfa6-c0cd08e44e26 | ITER: 3 END: OK
2019-11-20 04:31:54.424 663 INFO rally.task.runner [-] Task 006d9330-1a23-40c8-bfa6-c0cd08e44e26 | ITER: 5 START
2019-11-20 04:31:54.426 662 INFO rally.task.runner [-] Task 006d9330-1a23-40c8-bfa6-c0cd08e44e26 | ITER: 2 END: OK
2019-11-20 04:31:54.427 664 INFO rally.task.runner [-] Task 006d9330-1a23-40c8-bfa6-c0cd08e44e26 | ITER: 4 END: OK
2019-11-20 04:31:54.428 661 INFO rally.task.runner [-] Task 006d9330-1a23-40c8-bfa6-c0cd08e44e26 | ITER: 1 END: OK
2019-11-20 04:31:54.431 662 INFO rally.task.runner [-] Task 006d9330-1a23-40c8-bfa6-c0cd08e44e26 | ITER: 6 START
2019-11-20 04:31:54.431 664 INFO rally.task.runner [-] Task 006d9330-1a23-40c8-bfa6-c0cd08e44e26 | ITER: 7 START
2019-11-20 04:31:54.432 661 INFO rally.task.runner [-] Task 006d9330-1a23-40c8-bfa6-c0cd08e44e26 | ITER: 8 START
2019-11-20 04:31:54.890 662 INFO rally.task.runner [-] Task 006d9330-1a23-40c8-bfa6-c0cd08e44e26 | ITER: 6 END: OK
2019-11-20 04:31:54.891 661 INFO rally.task.runner [-] Task 006d9330-1a23-40c8-bfa6-c0cd08e44e26 | ITER: 8 END: OK
2019-11-20 04:31:54.893 662 INFO rally.task.runner [-] Task 006d9330-1a23-40c8-bfa6-c0cd08e44e26 | ITER: 9 START
2019-11-20 04:31:54.895 661 INFO rally.task.runner [-] Task 006d9330-1a23-40c8-bfa6-c0cd08e44e26 | ITER: 10 START
2019-11-20 04:31:54.898 663 INFO rally.task.runner [-] Task 006d9330-1a23-40c8-bfa6-c0cd08e44e26 | ITER: 5 END: OK
2019-11-20 04:31:54.933 664 INFO rally.task.runner [-] Task 006d9330-1a23-40c8-bfa6-c0cd08e44e26 | ITER: 7 END: OK
2019-11-20 04:31:55.283 662 INFO rally.task.runner [-] Task 006d9330-1a23-40c8-bfa6-c0cd08e44e26 | ITER: 9 END: OK
2019-11-20 04:31:55.331 661 INFO rally.task.runner [-] Task 006d9330-1a23-40c8-bfa6-c0cd08e44e26 | ITER: 10 END: OK
2019-11-20 04:31:55.353 17 INFO rally.task.context [-] Task 006d9330-1a23-40c8-bfa6-c0cd08e44e26 | Context users@openstack cleanup() started
2019-11-20 04:31:59.496 17 INFO rally.task.context [-] Task 006d9330-1a23-40c8-bfa6-c0cd08e44e26 | Context users@openstack cleanup() finished in 4.14 sec
2019-11-20 04:32:01.308 17 INFO rally.task.engine [-] Load duration is: 1.534821
2019-11-20 04:32:01.308 17 INFO rally.task.engine [-] Full runner duration is: 1.576828
2019-11-20 04:32:01.309 17 INFO rally.task.engine [-] Full duration is: 8.297588
2019-11-20 04:32:01.741 17 INFO rally.task.engine [-] Task 006d9330-1a23-40c8-bfa6-c0cd08e44e26 | Completed: Running task.
2019-11-20 04:32:03.257 723 RALLYDEBUG rally.api [-] INFO logs from urllib3 and requests module are hide.
2019-11-20 04:32:03.257 723 RALLYDEBUG rally.api [-] urllib3 insecure warnings are hidden.
2019-11-20 04:32:03.257 723 RALLYDEBUG rally.api [-] ERROR log from boto module is hide.
2019-11-20 04:32:04.314 724 RALLYDEBUG rally.api [-] INFO logs from urllib3 and requests module are hide.
2019-11-20 04:32:04.314 724 RALLYDEBUG rally.api [-] urllib3 insecure warnings are hidden.
2019-11-20 04:32:04.315 724 RALLYDEBUG rally.api [-] ERROR log from boto module is hide.
2019-11-20 04:32:05.390 725 RALLYDEBUG rally.api [-] INFO logs from urllib3 and requests module are hide.
2019-11-20 04:32:05.390 725 RALLYDEBUG rally.api [-] urllib3 insecure warnings are hidden.
2019-11-20 04:32:05.391 725 RALLYDEBUG rally.api [-] ERROR log from boto module is hide.
2019-11-20 04:32:07.050 725 INFO rally.api [-] Building 'json' report for the following task(s): '006d9330-1a23-40c8-bfa6-c0cd08e44e26'.
2019-11-20 04:32:07.058 725 INFO rally.api [-] The report has been successfully built.
2019-11-20 04:32:08.367 727 RALLYDEBUG rally.api [-] INFO logs from urllib3 and requests module are hide.
2019-11-20 04:32:08.367 727 RALLYDEBUG rally.api [-] urllib3 insecure warnings are hidden.
2019-11-20 04:32:08.368 727 RALLYDEBUG rally.api [-] ERROR log from boto module is hide.
2019-11-20 04:32:10.303 727 INFO rally.task.engine [-] Task e1476edc-279a-4183-9f1c-3536488b01c7 | Starting: Task validation.
2019-11-20 04:32:10.388 727 INFO rally.task.engine [-] Task e1476edc-279a-4183-9f1c-3536488b01c7 | Starting: Task validation of syntax.
2019-11-20 04:32:10.514 727 INFO rally.task.engine [-] Task e1476edc-279a-4183-9f1c-3536488b01c7 | Completed: Task validation of syntax.
2019-11-20 04:32:10.515 727 INFO rally.task.engine [-] Task e1476edc-279a-4183-9f1c-3536488b01c7 | Starting: Task validation of required platforms.
2019-11-20 04:32:10.568 727 INFO rally.task.engine [-] Task e1476edc-279a-4183-9f1c-3536488b01c7 | Completed: Task validation of required platforms.
2019-11-20 04:32:10.568 727 INFO rally.task.engine [-] Task e1476edc-279a-4183-9f1c-3536488b01c7 | Starting: Task validation of semantic.
2019-11-20 04:32:10.568 727 INFO rally.task.engine [-] Check health of the environment '19a54fcb-828a-4af8-8bd2-de837f947f35'.
2019-11-20 04:32:11.544 727 INFO rally.task.engine [-] Platform existing@openstack (available: True): OK!
2019-11-20 04:32:11.568 727 RALLYDEBUG rally_openstack.contexts.keystone.users [-] Creating 1 tenants using 20 threads
2019-11-20 04:32:12.414 727 RALLYDEBUG rally_openstack.contexts.keystone.users [-] Creating 1 users using 20 threads
2019-11-20 04:32:13.723 727 INFO rally.task.context [-] Task e1476edc-279a-4183-9f1c-3536488b01c7 | Context users@openstack setup() finished in 2.16 sec
2019-11-20 04:32:17.427 727 INFO rally.task.context [-] Task e1476edc-279a-4183-9f1c-3536488b01c7 | Context users@openstack cleanup() started
2019-11-20 04:32:20.182 727 INFO rally.task.context [-] Task e1476edc-279a-4183-9f1c-3536488b01c7 | Context users@openstack cleanup() finished in 2.75 sec
2019-11-20 04:32:20.183 727 INFO rally.task.engine [-] Task e1476edc-279a-4183-9f1c-3536488b01c7 | Completed: Task validation of semantic.
2019-11-20 04:32:20.183 727 INFO rally.task.engine [-] Task e1476edc-279a-4183-9f1c-3536488b01c7 | Completed: Task validation.
2019-11-20 04:32:20.184 727 INFO rally.api [-] Task e1476edc-279a-4183-9f1c-3536488b01c7 input file is valid.
2019-11-20 04:32:20.184 727 INFO rally.api [-] Run Task e1476edc-279a-4183-9f1c-3536488b01c7 against Deployment 19a54fcb-828a-4af8-8bd2-de837f947f35
2019-11-20 04:32:20.184 727 INFO rally.task.engine [-] Task e1476edc-279a-4183-9f1c-3536488b01c7 | Starting: Running task.
2019-11-20 04:32:20.482 727 INFO rally.task.engine [-] Running workload: position = 0 config = { "version": 2, "title": "A cropped version of a bigger task.", "description": "Auto-generated task from a single workload (uuid=3031a1c9-6c91-444b-8ac8-4f6211b4476f)", "subtasks": [ { "title": "GlanceImages.create_and_delete_image", "description": "Create and then delete an image.", "scenario": { "GlanceImages.create_and_delete_image": { "container_format": "bare", "disk_format": "qcow2", "image_location": "/home/opnfv/functest/images/cirros-0.4.0-x86_64-disk.img" } }, "contexts": { "users": { "tenants": 3, "users_per_tenant": 2 } }, "runner": { "constant": { "concurrency": 4, "times": 10 } }, "hooks": [], "sla": { "failure_rate": { "max": 0 } } } ] }
2019-11-20 04:32:20.505 727 RALLYDEBUG rally_openstack.contexts.keystone.users [-] Creating 3 tenants using 20 threads
2019-11-20 04:32:21.449 727 RALLYDEBUG rally_openstack.contexts.keystone.users [-] Creating 6 users using 20 threads
2019-11-20 04:32:23.027 727 INFO rally.task.context [-] Task e1476edc-279a-4183-9f1c-3536488b01c7 | Context users@openstack setup() finished in 2.52 sec
2019-11-20 04:32:23.028 727 INFO rally.task.context [-] Task e1476edc-279a-4183-9f1c-3536488b01c7 | Context cleanup@openstack setup() finished in 0.02 msec
2019-11-20 04:32:23.038 727 RALLYDEBUG rally.task.runner [-] Starting the constant runner (task UUID: e1476edc-279a-4183-9f1c-3536488b01c7). times: 10 concurrency: 4 timeout: 0 max_cpu_used: 16 processes_to_start: 4 concurrency_per_worker: 1 concurrency_overhead: 0
2019-11-20 04:32:23.051 851 RALLYDEBUG rally.task.runner [-] Starting a worker. times: 10 duration: None concurrency: 1 timeout: 0 cls: method_name: run args: {"container_format": "bare", "disk_format": "qcow2", "image_location": "/home/opnfv/functest/images/cirros-0.4.0-x86_64-disk.img"}
2019-11-20 04:32:23.055 852 RALLYDEBUG rally.task.runner [-] Starting a worker. times: 10 duration: None concurrency: 1 timeout: 0 cls: method_name: run args: {"container_format": "bare", "disk_format": "qcow2", "image_location": "/home/opnfv/functest/images/cirros-0.4.0-x86_64-disk.img"}
2019-11-20 04:32:23.058 851 INFO rally.task.runner [-] Task e1476edc-279a-4183-9f1c-3536488b01c7 | ITER: 1 START
2019-11-20 04:32:23.058 853 RALLYDEBUG rally.task.runner [-] Starting a worker. times: 10 duration: None concurrency: 1 timeout: 0 cls: method_name: run args: {"container_format": "bare", "disk_format": "qcow2", "image_location": "/home/opnfv/functest/images/cirros-0.4.0-x86_64-disk.img"}
2019-11-20 04:32:23.061 852 INFO rally.task.runner [-] Task e1476edc-279a-4183-9f1c-3536488b01c7 | ITER: 2 START
2019-11-20 04:32:23.061 854 RALLYDEBUG rally.task.runner [-] Starting a worker. times: 10 duration: None concurrency: 1 timeout: 0 cls: method_name: run args: {"container_format": "bare", "disk_format": "qcow2", "image_location": "/home/opnfv/functest/images/cirros-0.4.0-x86_64-disk.img"}
2019-11-20 04:32:23.064 853 INFO rally.task.runner [-] Task e1476edc-279a-4183-9f1c-3536488b01c7 | ITER: 3 START
2019-11-20 04:32:23.067 854 INFO rally.task.runner [-] Task e1476edc-279a-4183-9f1c-3536488b01c7 | ITER: 4 START
2019-11-20 04:32:26.060 853 RALLYDEBUG rally.task.utils [-] Waiting for resource '474b7250-cca9-4d37-afd5-3414fd71a07d'. Status changed: NONE => QUEUED in 0.0416417121887207
2019-11-20 04:32:26.060 852 RALLYDEBUG rally.task.utils [-] Waiting for resource '51483099-704f-4aab-82a5-75fb7ad5d938'. Status changed: NONE => QUEUED in 0.04222393035888672
2019-11-20 04:32:26.063 851 RALLYDEBUG rally.task.utils [-] Waiting for resource '95a184b6-6f3c-4187-bb72-e6e7e1fd0f46'. Status changed: NONE => QUEUED in 0.03777289390563965
2019-11-20 04:32:26.064 854 RALLYDEBUG rally.task.utils [-] Waiting for resource '56b29ff9-1fc2-44f6-b4fe-df11836d02d8'. Status changed: NONE => QUEUED in 0.038037776947021484
2019-11-20 04:32:26.270 852 RALLYDEBUG rally.task.utils [-] Waiting for resource s_rally_3031a1c9_SSD1ATwE. Status changed: QUEUED => ACTIVE in 0.018741846084594727
2019-11-20 04:32:26.285 851 RALLYDEBUG rally.task.utils [-] Waiting for resource s_rally_3031a1c9_y7f9gD91. Status changed: QUEUED => ACTIVE in 0.019095182418823242
2019-11-20 04:32:26.311 853 RALLYDEBUG rally.task.utils [-] Waiting for resource s_rally_3031a1c9_vOTORUMk. Status changed: QUEUED => ACTIVE in 0.016114473342895508
2019-11-20 04:32:26.353 854 RALLYDEBUG rally.task.utils [-] Waiting for resource s_rally_3031a1c9_B5tJX4a8. Status changed: QUEUED => ACTIVE in 0.02784419059753418
2019-11-20 04:32:26.354 851 INFO rally.task.runner [-] Task e1476edc-279a-4183-9f1c-3536488b01c7 | ITER: 1 END: OK
2019-11-20 04:32:26.359 851 INFO rally.task.runner [-] Task e1476edc-279a-4183-9f1c-3536488b01c7 | ITER: 5 START
2019-11-20 04:32:26.377 853 INFO rally.task.runner [-] Task e1476edc-279a-4183-9f1c-3536488b01c7 | ITER: 3 END: OK
2019-11-20 04:32:26.380 852 INFO rally.task.runner [-] Task e1476edc-279a-4183-9f1c-3536488b01c7 | ITER: 2 END: OK
2019-11-20 04:32:26.381 853 INFO rally.task.runner [-] Task e1476edc-279a-4183-9f1c-3536488b01c7 | ITER: 6 START
2019-11-20 04:32:26.385 852 INFO rally.task.runner [-] Task e1476edc-279a-4183-9f1c-3536488b01c7 | ITER: 7 START
2019-11-20 04:32:26.408 854 INFO rally.task.runner [-] Task e1476edc-279a-4183-9f1c-3536488b01c7 | ITER: 4 END: OK
2019-11-20 04:32:26.411 854 INFO rally.task.runner [-] Task e1476edc-279a-4183-9f1c-3536488b01c7 | ITER: 8 START
2019-11-20 04:32:29.147 852 RALLYDEBUG rally.task.utils [-] Waiting for resource '413a1075-26a3-4d28-b021-5757138afb3f'. Status changed: NONE => QUEUED in 0.03707289695739746
2019-11-20 04:32:29.181 851 RALLYDEBUG rally.task.utils [-] Waiting for resource '5c35d952-7ef0-4678-81c8-3b00018b4786'. Status changed: NONE => QUEUED in 0.039887189865112305
2019-11-20 04:32:29.239 853 RALLYDEBUG rally.task.utils [-] Waiting for resource 'b67c7add-18d0-4de9-848f-7fb2427346b8'. Status changed: NONE => QUEUED in 0.04593968391418457
2019-11-20 04:32:29.347 852 RALLYDEBUG rally.task.utils [-] Waiting for resource s_rally_3031a1c9_5Nmtxg5Y. Status changed: QUEUED => ACTIVE in 0.015432119369506836
2019-11-20 04:32:29.401 852 INFO rally.task.runner [-] Task e1476edc-279a-4183-9f1c-3536488b01c7 | ITER: 7 END: OK
2019-11-20 04:32:29.404 852 INFO rally.task.runner [-] Task e1476edc-279a-4183-9f1c-3536488b01c7 | ITER: 9 START
2019-11-20 04:32:29.405 851 RALLYDEBUG rally.task.utils [-] Waiting for resource s_rally_3031a1c9_Ot11EHAY. Status changed: QUEUED => ACTIVE in 0.014969587326049805
2019-11-20 04:32:29.443 853 RALLYDEBUG rally.task.utils [-] Waiting for resource s_rally_3031a1c9_uSCbDVjU. Status changed: QUEUED => ACTIVE in 0.016628742218017578
2019-11-20 04:32:29.458 851 INFO rally.task.runner [-] Task e1476edc-279a-4183-9f1c-3536488b01c7 | ITER: 5 END: OK
2019-11-20 04:32:29.458 854 RALLYDEBUG rally.task.utils [-] Waiting for resource '52101d64-7d69-447b-a4e7-306470792c85'. Status changed: NONE => QUEUED in 0.03319549560546875
2019-11-20 04:32:29.460 851 INFO rally.task.runner [-] Task e1476edc-279a-4183-9f1c-3536488b01c7 | ITER: 10 START
2019-11-20 04:32:29.502 853 INFO rally.task.runner [-] Task e1476edc-279a-4183-9f1c-3536488b01c7 | ITER: 6 END: OK
2019-11-20 04:32:29.645 854 RALLYDEBUG rally.task.utils [-] Waiting for resource s_rally_3031a1c9_fSV3Qagy. Status changed: QUEUED => ACTIVE in 0.019406557083129883
2019-11-20 04:32:29.702 854 INFO rally.task.runner [-] Task e1476edc-279a-4183-9f1c-3536488b01c7 | ITER: 8 END: OK
2019-11-20 04:32:32.230 851 RALLYDEBUG rally.task.utils [-] Waiting for resource '4ce24113-01d9-4eb6-9c5d-0f40d2a6e7e4'. Status changed: NONE => QUEUED in 0.04031777381896973
2019-11-20 04:32:32.446 851 RALLYDEBUG rally.task.utils [-] Waiting for resource s_rally_3031a1c9_03Av6cKF. Status changed: QUEUED => ACTIVE in 0.01918649673461914
2019-11-20 04:32:32.457 852 RALLYDEBUG rally.task.utils [-] Waiting for resource 'f1ab1cac-5574-47d3-8ddf-91fed56e7b4f'. Status changed: NONE => QUEUED in 0.03489351272583008
2019-11-20 04:32:32.512 851 INFO rally.task.runner [-] Task e1476edc-279a-4183-9f1c-3536488b01c7 | ITER: 10 END: OK
2019-11-20 04:32:32.664 852 RALLYDEBUG rally.task.utils [-] Waiting for resource s_rally_3031a1c9_c0Jz14KS. Status changed: QUEUED => ACTIVE in 0.020578622817993164
2019-11-20 04:32:32.732 852 INFO rally.task.runner [-] Task e1476edc-279a-4183-9f1c-3536488b01c7 | ITER: 9 END: OK
2019-11-20 04:32:32.758 727 INFO rally.task.context [-] Task e1476edc-279a-4183-9f1c-3536488b01c7 | Context cleanup@openstack cleanup() started
2019-11-20 04:32:32.762 727 RALLYDEBUG rally_openstack.cleanup.manager [-] Cleaning up glance images objects
2019-11-20 04:32:34.146 727 INFO rally.task.context [-] Task e1476edc-279a-4183-9f1c-3536488b01c7 | Context cleanup@openstack cleanup() finished in 1.39 sec
2019-11-20 04:32:34.146 727 INFO rally.task.context [-] Task e1476edc-279a-4183-9f1c-3536488b01c7 | Context users@openstack cleanup() started
2019-11-20 04:32:38.296 727 INFO rally.task.context [-] Task e1476edc-279a-4183-9f1c-3536488b01c7 | Context users@openstack cleanup() finished in 4.15 sec
2019-11-20 04:32:38.619 727 INFO rally.task.engine [-] Load duration is: 8.952245
2019-11-20 04:32:38.619 727 INFO rally.task.engine [-] Full runner duration is: 9.721757
2019-11-20 04:32:38.620 727 INFO rally.task.engine [-] Full duration is: 17.792327
2019-11-20 04:32:39.114 727 INFO rally.task.engine [-] Running workload: position = 0 config = { "version": 2, "title": "A cropped version of a bigger task.", "description": "Auto-generated task from a single workload (uuid=b7b7bac0-5841-4167-adf6-811184d55c67)", "subtasks": [ { "title": "GlanceImages.create_and_list_image", "description": "Create an image and then list all images.", "scenario": { "GlanceImages.create_and_list_image": { "container_format": "bare", "disk_format": "qcow2", "image_location": "/home/opnfv/functest/images/cirros-0.4.0-x86_64-disk.img" } }, "contexts": { "users": { "tenants": 3, "users_per_tenant": 2 } }, "runner": { "constant": { "concurrency": 4, "times": 10 } }, "hooks": [], "sla": { "failure_rate": { "max": 0 } } } ] }
2019-11-20 04:32:39.138 727 RALLYDEBUG rally_openstack.contexts.keystone.users [-] Creating 3 tenants using 20 threads
2019-11-20 04:32:40.346 727 RALLYDEBUG rally_openstack.contexts.keystone.users [-] Creating 6 users using 20 threads
2019-11-20 04:32:41.851 727 INFO rally.task.context [-] Task e1476edc-279a-4183-9f1c-3536488b01c7 | Context users@openstack setup() finished in 2.71 sec
2019-11-20 04:32:41.852 727 INFO rally.task.context [-] Task e1476edc-279a-4183-9f1c-3536488b01c7 | Context cleanup@openstack setup() finished in 0.01 msec
