2019-11-20 06:06:13.535 23792 RALLYDEBUG rally.task.utils [-] Waiting for resource s_rally_a3283eb2_vwnyEn3h. Status changed: BUILD => ACTIVE in 6.705125570297241
2019-11-20 06:06:13.688 23792 INFO rally.task.runner [-] Task 66dd91e3-ee29-4381-8d8c-f34572533156 | ITER: 7 END: OK
2019-11-20 06:06:16.098 23789 RALLYDEBUG rally.task.utils [-] Waiting for resource s_rally_a3283eb2_B837b6G1. Status changed: BUILD => ACTIVE in 6.9993577003479
2019-11-20 06:06:16.202 23789 INFO rally.task.runner [-] Task 66dd91e3-ee29-4381-8d8c-f34572533156 | ITER: 8 END: OK
2019-11-20 06:06:19.133 23787 RALLYDEBUG rally.task.utils [-] Waiting for resource s_rally_a3283eb2_n3NSJnBl. Status changed: BUILD => ACTIVE in 6.886552810668945
2019-11-20 06:06:19.287 23787 INFO rally.task.runner [-] Task 66dd91e3-ee29-4381-8d8c-f34572533156 | ITER: 9 END: OK
2019-11-20 06:06:22.902 23788 RALLYDEBUG rally.task.utils [-] Waiting for resource s_rally_a3283eb2_Q4ZMyJAd. Status changed: BUILD => ACTIVE in 9.074171543121338
2019-11-20 06:06:23.012 23788 INFO rally.task.runner [-] Task 66dd91e3-ee29-4381-8d8c-f34572533156 | ITER: 10 END: OK
2019-11-20 06:06:23.037 20411 INFO rally.task.context [-] Task 66dd91e3-ee29-4381-8d8c-f34572533156 | Context cleanup@openstack cleanup() started
2019-11-20 06:06:23.041 20411 RALLYDEBUG rally_openstack.cleanup.manager [-] Cleaning up nova servers objects
2019-11-20 06:06:25.528 20411 RALLYDEBUG rally_openstack.cleanup.manager [-] Deleting nova.servers object s_rally_a3283eb2_Q4ZMyJAd (9618c4f8-2a99-4613-956a-7349763e3392)
2019-11-20 06:06:25.531 20411 RALLYDEBUG rally_openstack.cleanup.manager [-] Deleting nova.servers object s_rally_a3283eb2_B7FAE3WZ (ea3ac0d3-a969-4a35-9d0d-86fdb2f01008)
2019-11-20 06:06:25.540 20411 RALLYDEBUG rally_openstack.cleanup.manager [-] Deleting nova.servers object s_rally_a3283eb2_B837b6G1 (f8d4ee46-79d1-4929-a8f5-cb04957f7204)
2019-11-20 06:06:25.548 20411 RALLYDEBUG rally_openstack.cleanup.manager [-] Deleting nova.servers object s_rally_a3283eb2_cj1tiqvK (356c6c05-991d-44a7-89c6-b0870c539efa)
2019-11-20 06:06:25.559 20411 RALLYDEBUG rally_openstack.cleanup.manager [-] Deleting nova.servers object s_rally_a3283eb2_34Eoc5Zm (b109f2c5-4720-42bf-9d4e-e9cb3d05a486)
2019-11-20 06:06:25.565 20411 RALLYDEBUG rally_openstack.cleanup.manager [-] Deleting nova.servers object s_rally_a3283eb2_iGivGvAy (128d3889-7245-4040-9a4b-8735357ac076)
2019-11-20 06:06:25.578 20411 RALLYDEBUG rally_openstack.cleanup.manager [-] Deleting nova.servers object s_rally_a3283eb2_Ax54RQon (42d6e3d9-871a-42e0-8670-d795243b57f5)
2019-11-20 06:06:25.591 20411 RALLYDEBUG rally_openstack.cleanup.manager [-] Deleting nova.servers object s_rally_a3283eb2_5qXTwIYR (fd15d1c1-1336-4fc9-ba9c-4bbefe3bee85)
2019-11-20 06:06:25.602 20411 RALLYDEBUG rally_openstack.cleanup.manager [-] Deleting nova.servers object s_rally_a3283eb2_n3NSJnBl (78b8e37a-bf02-4ee2-86a4-65f1b11c2053)
2019-11-20 06:06:25.611 20411 RALLYDEBUG rally_openstack.cleanup.manager [-] Deleting nova.servers object s_rally_a3283eb2_vwnyEn3h (b0bbd16d-2a48-4b36-a860-97b960a26b0e)
2019-11-20 06:06:31.022 20411 RALLYDEBUG rally_openstack.cleanup.manager [-] Cleaning up nova server_groups objects
2019-11-20 06:06:32.164 20411 RALLYDEBUG rally_openstack.cleanup.manager [-] Cleaning up nova keypairs objects
2019-11-20 06:06:34.637 20411 INFO rally.task.context [-] Task 66dd91e3-ee29-4381-8d8c-f34572533156 | Context cleanup@openstack cleanup() finished in 11.60 sec
2019-11-20 06:06:34.638 20411 INFO rally.task.context [-] Task 66dd91e3-ee29-4381-8d8c-f34572533156 | Context network@openstack cleanup() started
2019-11-20 06:06:57.547 20411 INFO rally.task.context [-] Task 66dd91e3-ee29-4381-8d8c-f34572533156 | Context network@openstack cleanup() finished in 22.91 sec
2019-11-20 06:06:57.548 20411 INFO rally.task.context [-] Task 66dd91e3-ee29-4381-8d8c-f34572533156 | Context users@openstack cleanup() started
2019-11-20 06:07:01.516 20411 INFO rally.task.context [-] Task 66dd91e3-ee29-4381-8d8c-f34572533156 | Context users@openstack cleanup() finished in 3.97 sec
2019-11-20 06:07:01.774 20411 INFO rally.task.engine [-] Load duration is: 26.548671
2019-11-20 06:07:01.774 20411 INFO rally.task.engine [-] Full runner duration is: 27.596038
2019-11-20 06:07:01.775 20411 INFO rally.task.engine [-] Full duration is: 82.215037
2019-11-20 06:07:02.036 20411 INFO rally.task.engine [-] Running workload: position = 0 config = { "version": 2, "title": "A cropped version of a bigger task.", "description": "Auto-generated task from a single workload (uuid=a82a2f4d-fde3-4eb0-81b9-445b734f99aa)", "subtasks": [ { "title": "NovaServers.boot_and_get_console_url", "description": "Retrieve a console url of a server.", "scenario": { "NovaServers.boot_and_get_console_url": { "flavor": { "name": "rally_full-flavor_7c3785c0-1203-4471-b106-35e78a08fc6a" }, "image": { "name": "rally_full-img_7c3785c0-1203-4471-b106-35e78a08fc6a" }, "console_type": "novnc", "auto_assign_nic": true } }, "contexts": { "users": { "tenants": 3, "users_per_tenant": 2 }, "network": {} }, "runner": { "constant": { "concurrency": 4, "times": 10 } }, "hooks": [], "sla": { "failure_rate": { "max": 0 } } } ] }
2019-11-20 06:07:02.061 20411 RALLYDEBUG rally_openstack.contexts.keystone.users [-] Creating 3 tenants using 20 threads
2019-11-20 06:07:03.061 20411 RALLYDEBUG rally_openstack.contexts.keystone.users [-] Creating 6 users using 20 threads
2019-11-20 06:07:04.569 20411 INFO rally.task.context [-] Task 66dd91e3-ee29-4381-8d8c-f34572533156 | Context users@openstack setup() finished in 2.51 sec
2019-11-20 06:07:06.951 20411 RALLYDEBUG rally_openstack.wrappers.network [-] CIDR generated: 10.2.30.0/24
2019-11-20 06:07:10.932 20411 RALLYDEBUG rally_openstack.wrappers.network [-] CIDR generated: 10.2.31.0/24
2019-11-20 06:07:14.702 20411 RALLYDEBUG rally_openstack.wrappers.network [-] CIDR generated: 10.2.32.0/24
2019-11-20 06:07:16.918 20411 INFO rally.task.context [-] Task 66dd91e3-ee29-4381-8d8c-f34572533156 | Context network@openstack setup() finished in 12.35 sec
2019-11-20 06:07:16.919 20411 INFO rally.task.context [-] Task 66dd91e3-ee29-4381-8d8c-f34572533156 | Context cleanup@openstack setup() finished in 0.01 msec
2019-11-20 06:07:17.777 20411 RALLYDEBUG rally.task.runner [-] Starting the constant runner (task UUID: 66dd91e3-ee29-4381-8d8c-f34572533156). times: 10 concurrency: 4 timeout: 0 max_cpu_used: 16 processes_to_start: 4 concurrency_per_worker: 1 concurrency_overhead: 0
2019-11-20 06:07:17.789 23951 RALLYDEBUG rally.task.runner [-] Starting a worker. times: 10 duration: None concurrency: 1 timeout: 0 cls: method_name: run args: {"flavor": "a07fb885-fbe6-45e6-b952-7a60dc9e803d", "image": "02d7d2af-9e24-4e53-9730-a3e0913f2d95", "console_type": "novnc", "auto_assign_nic": true}
2019-11-20 06:07:17.792 23952 RALLYDEBUG rally.task.runner [-] Starting a worker. times: 10 duration: None concurrency: 1 timeout: 0 cls: method_name: run args: {"flavor": "a07fb885-fbe6-45e6-b952-7a60dc9e803d", "image": "02d7d2af-9e24-4e53-9730-a3e0913f2d95", "console_type": "novnc", "auto_assign_nic": true}
2019-11-20 06:07:17.796 23951 INFO rally.task.runner [-] Task 66dd91e3-ee29-4381-8d8c-f34572533156 | ITER: 1 START
2019-11-20 06:07:17.796 23953 RALLYDEBUG rally.task.runner [-] Starting a worker. times: 10 duration: None concurrency: 1 timeout: 0 cls: method_name: run args: {"flavor": "a07fb885-fbe6-45e6-b952-7a60dc9e803d", "image": "02d7d2af-9e24-4e53-9730-a3e0913f2d95", "console_type": "novnc", "auto_assign_nic": true}
2019-11-20 06:07:17.799 23952 INFO rally.task.runner [-] Task 66dd91e3-ee29-4381-8d8c-f34572533156 | ITER: 2 START
2019-11-20 06:07:17.800 23955 RALLYDEBUG rally.task.runner [-] Starting a worker. times: 10 duration: None concurrency: 1 timeout: 0 cls: method_name: run args: {"flavor": "a07fb885-fbe6-45e6-b952-7a60dc9e803d", "image": "02d7d2af-9e24-4e53-9730-a3e0913f2d95", "console_type": "novnc", "auto_assign_nic": true}
2019-11-20 06:07:17.804 23953 INFO rally.task.runner [-] Task 66dd91e3-ee29-4381-8d8c-f34572533156 | ITER: 3 START
2019-11-20 06:07:17.807 23955 INFO rally.task.runner [-] Task 66dd91e3-ee29-4381-8d8c-f34572533156 | ITER: 4 START
2019-11-20 06:07:24.604 23951 RALLYDEBUG rally.task.utils [-] Waiting for resource s_rally_a82a2f4d_hhUcrknd. Status changed: BUILD => ACTIVE in 4.642897844314575
2019-11-20 06:07:24.676 23951 INFO rally.task.runner [-] Task 66dd91e3-ee29-4381-8d8c-f34572533156 | ITER: 1 END: OK
2019-11-20 06:07:24.681 23951 INFO rally.task.runner [-] Task 66dd91e3-ee29-4381-8d8c-f34572533156 | ITER: 5 START
2019-11-20 06:07:24.913 23952 RALLYDEBUG rally.task.utils [-] Waiting for resource s_rally_a82a2f4d_sp4F6CPl. Status changed: BUILD => ACTIVE in 4.449338912963867
2019-11-20 06:07:24.986 23952 INFO rally.task.runner [-] Task 66dd91e3-ee29-4381-8d8c-f34572533156 | ITER: 2 END: OK
2019-11-20 06:07:24.990 23952 INFO rally.task.runner [-] Task 66dd91e3-ee29-4381-8d8c-f34572533156 | ITER: 6 START
2019-11-20 06:07:27.158 23953 RALLYDEBUG rally.task.utils [-] Waiting for resource s_rally_a82a2f4d_gTNXAqYq. Status changed: BUILD => ACTIVE in 6.894017696380615
2019-11-20 06:07:27.260 23953 INFO rally.task.runner [-] Task 66dd91e3-ee29-4381-8d8c-f34572533156 | ITER: 3 END: OK
2019-11-20 06:07:27.265 23953 INFO rally.task.runner [-] Task 66dd91e3-ee29-4381-8d8c-f34572533156 | ITER: 7 START
2019-11-20 06:07:27.422 23955 RALLYDEBUG rally.task.utils [-] Waiting for resource s_rally_a82a2f4d_0P4XSeVU. Status changed: BUILD => ACTIVE in 7.036693572998047
2019-11-20 06:07:27.488 23955 INFO rally.task.runner [-] Task 66dd91e3-ee29-4381-8d8c-f34572533156 | ITER: 4 END: OK
2019-11-20 06:07:27.493 23955 INFO rally.task.runner [-] Task 66dd91e3-ee29-4381-8d8c-f34572533156 | ITER: 8 START
2019-11-20 06:07:33.721 23952 RALLYDEBUG rally.task.utils [-] Waiting for resource s_rally_a82a2f4d_DxiMpi8G. Status changed: BUILD => ACTIVE in 6.610379457473755
2019-11-20 06:07:33.791 23952 INFO rally.task.runner [-] Task 66dd91e3-ee29-4381-8d8c-f34572533156 | ITER: 6 END: OK
2019-11-20 06:07:33.795 23952 INFO rally.task.runner [-] Task 66dd91e3-ee29-4381-8d8c-f34572533156 | ITER: 9 START
2019-11-20 06:07:34.007 23953 RALLYDEBUG rally.task.utils [-] Waiting for resource s_rally_a82a2f4d_Q7KCpcUQ. Status changed: BUILD => ACTIVE in 4.547930479049683
2019-11-20 06:07:34.072 23953 INFO rally.task.runner [-] Task 66dd91e3-ee29-4381-8d8c-f34572533156 | ITER: 7 END: OK
2019-11-20 06:07:34.076 23953 INFO rally.task.runner [-] Task 66dd91e3-ee29-4381-8d8c-f34572533156 | ITER: 10 START
2019-11-20 06:07:35.768 23951 RALLYDEBUG rally.task.utils [-] Waiting for resource s_rally_a82a2f4d_ITnh9Vc0. Status changed: BUILD => ACTIVE in 8.770634174346924
2019-11-20 06:07:35.837 23951 INFO rally.task.runner [-] Task 66dd91e3-ee29-4381-8d8c-f34572533156 | ITER: 5 END: OK
2019-11-20 06:07:36.792 23955 RALLYDEBUG rally.task.utils [-] Waiting for resource s_rally_a82a2f4d_zoGGsA1y. Status changed: BUILD => ACTIVE in 6.939821720123291
2019-11-20 06:07:36.867 23955 INFO rally.task.runner [-] Task 66dd91e3-ee29-4381-8d8c-f34572533156 | ITER: 8 END: OK
2019-11-20 06:07:40.562 23952 RALLYDEBUG rally.task.utils [-] Waiting for resource s_rally_a82a2f4d_tnFBOJTq. Status changed: BUILD => ACTIVE in 4.638354301452637
2019-11-20 06:07:40.629 23952 INFO rally.task.runner [-] Task 66dd91e3-ee29-4381-8d8c-f34572533156 | ITER: 9 END: OK
2019-11-20 06:07:40.855 23953 RALLYDEBUG rally.task.utils [-] Waiting for resource s_rally_a82a2f4d_mYBspRQW. Status changed: BUILD => ACTIVE in 4.551710844039917
2019-11-20 06:07:40.960 23953 INFO rally.task.runner [-] Task 66dd91e3-ee29-4381-8d8c-f34572533156 | ITER: 10 END: OK
2019-11-20 06:07:40.988 20411 INFO rally.task.context [-] Task 66dd91e3-ee29-4381-8d8c-f34572533156 | Context cleanup@openstack cleanup() started
2019-11-20 06:07:40.992 20411 RALLYDEBUG rally_openstack.cleanup.manager [-] Cleaning up nova servers objects
2019-11-20 06:07:43.690 20411 RALLYDEBUG rally_openstack.cleanup.manager [-] Deleting nova.servers object s_rally_a82a2f4d_ITnh9Vc0 (846be92f-822a-49b3-bccc-374e8a35dc87)
2019-11-20 06:07:43.697 20411 RALLYDEBUG rally_openstack.cleanup.manager [-] Deleting nova.servers object s_rally_a82a2f4d_tnFBOJTq (c6ac2574-afe1-46e7-bde6-8f7ec6c7f869)
2019-11-20 06:07:43.700 20411 RALLYDEBUG rally_openstack.cleanup.manager [-] Deleting nova.servers object s_rally_a82a2f4d_gTNXAqYq (e507ee37-aeea-407c-b77f-74a42733fdcf)
2019-11-20 06:07:43.706 20411 RALLYDEBUG rally_openstack.cleanup.manager [-] Deleting nova.servers object s_rally_a82a2f4d_mYBspRQW (1ff2b0f8-3ab8-45a5-993d-e01632d3de60)
2019-11-20 06:07:43.724 20411 RALLYDEBUG rally_openstack.cleanup.manager [-] Deleting nova.servers object s_rally_a82a2f4d_Q7KCpcUQ (882202be-6899-47b4-a7b4-158abb8e2159)
2019-11-20 06:07:43.738 20411 RALLYDEBUG rally_openstack.cleanup.manager [-] Deleting nova.servers object s_rally_a82a2f4d_zoGGsA1y (9687da4d-5a47-441b-9613-00d4cc2597cd)
2019-11-20 06:07:43.743 20411 RALLYDEBUG rally_openstack.cleanup.manager [-] Deleting nova.servers object s_rally_a82a2f4d_DxiMpi8G (fbdc13b1-8839-4694-8c41-3b50eb4ea9d3)
2019-11-20 06:07:43.759 20411 RALLYDEBUG rally_openstack.cleanup.manager [-] Deleting nova.servers object s_rally_a82a2f4d_sp4F6CPl (04c476cc-c99a-4ec7-a350-c930d5d1ec09)
2019-11-20 06:07:43.772 20411 RALLYDEBUG rally_openstack.cleanup.manager [-] Deleting nova.servers object s_rally_a82a2f4d_0P4XSeVU (4d337950-43b6-491a-ad2c-ab877a6ebbcd)
2019-11-20 06:07:43.781 20411 RALLYDEBUG rally_openstack.cleanup.manager [-] Deleting nova.servers object s_rally_a82a2f4d_hhUcrknd (c370b9c9-e53c-4171-a750-8848da8c3fa8)
2019-11-20 06:07:49.289 20411 RALLYDEBUG rally_openstack.cleanup.manager [-] Cleaning up nova server_groups objects
2019-11-20 06:07:50.393 20411 RALLYDEBUG rally_openstack.cleanup.manager [-] Cleaning up nova keypairs objects
2019-11-20 06:07:52.639 20411 INFO rally.task.context [-] Task 66dd91e3-ee29-4381-8d8c-f34572533156 | Context cleanup@openstack cleanup() finished in 11.65 sec
2019-11-20 06:07:52.640 20411 INFO rally.task.context [-] Task 66dd91e3-ee29-4381-8d8c-f34572533156 | Context network@openstack cleanup() started
2019-11-20 06:08:13.510 20411 INFO rally.task.context [-] Task 66dd91e3-ee29-4381-8d8c-f34572533156 | Context network@openstack cleanup() finished in 20.87 sec
2019-11-20 06:08:13.510 20411 INFO rally.task.context [-] Task 66dd91e3-ee29-4381-8d8c-f34572533156 | Context users@openstack cleanup() started
2019-11-20 06:08:17.350 20411 INFO rally.task.context [-] Task 66dd91e3-ee29-4381-8d8c-f34572533156 | Context users@openstack cleanup() finished in 3.84 sec
2019-11-20 06:08:18.437 20411 INFO rally.task.engine [-] Load duration is: 22.16273
2019-11-20 06:08:18.437 20411 INFO rally.task.engine [-] Full runner duration is: 23.21223
2019-11-20 06:08:18.438 20411 INFO rally.task.engine [-] Full duration is: 75.291595
2019-11-20 06:08:18.730 20411 INFO rally.task.engine [-] Running workload: position = 0 config = { "version": 2, "title": "A cropped version of a bigger task.", "description": "Auto-generated task from a single workload (uuid=36a96c3c-c44a-4ad2-a089-4798a902ea39)", "subtasks": [ { "title": "NovaServers.boot_server_and_attach_interface", "description": "Create server and subnet, then attach the interface to it.", "scenario": { "NovaServers.boot_server_and_attach_interface": { "flavor": { "name": "rally_full-flavor_7c3785c0-1203-4471-b106-35e78a08fc6a" }, "image": { "name": "rally_full-img_7c3785c0-1203-4471-b106-35e78a08fc6a" }, "network_create_args": {}, "subnet_create_args": {}, "boot_server_args": { "auto_assign_nic": true } } }, "contexts": { "users": { "tenants": 3, "users_per_tenant": 2 }, "network": {} }, "runner": { "constant": { "concurrency": 4, "times": 10 } }, "hooks": [], "sla": { "failure_rate": { "max": 0 } } } ] }
2019-11-20 06:08:18.755 20411 RALLYDEBUG rally_openstack.contexts.keystone.users [-] Creating 3 tenants using 20 threads
2019-11-20 06:08:19.774 20411 RALLYDEBUG rally_openstack.contexts.keystone.users [-] Creating 6 users using 20 threads
2019-11-20 06:08:21.312 20411 INFO rally.task.context [-] Task 66dd91e3-ee29-4381-8d8c-f34572533156 | Context users@openstack setup() finished in 2.56 sec
2019-11-20 06:08:23.644 20411 RALLYDEBUG rally_openstack.wrappers.network [-] CIDR generated: 10.2.33.0/24
2019-11-20 06:08:27.388 20411 RALLYDEBUG rally_openstack.wrappers.network [-] CIDR generated: 10.2.34.0/24
2019-11-20 06:08:31.472 20411 RALLYDEBUG rally_openstack.wrappers.network [-] CIDR generated: 10.2.35.0/24
2019-11-20 06:08:33.699 20411 INFO rally.task.context [-] Task 66dd91e3-ee29-4381-8d8c-f34572533156 | Context network@openstack setup() finished in 12.39 sec
2019-11-20 06:08:33.700 20411 INFO rally.task.context [-] Task 66dd91e3-ee29-4381-8d8c-f34572533156 | Context cleanup@openstack setup() finished in 0.02 msec
2019-11-20 06:08:34.591 20411 RALLYDEBUG rally.task.runner [-] Starting the constant runner (task UUID: 66dd91e3-ee29-4381-8d8c-f34572533156). times: 10 concurrency: 4 timeout: 0 max_cpu_used: 16 processes_to_start: 4 concurrency_per_worker: 1 concurrency_overhead: 0
2019-11-20 06:08:34.604 24115 RALLYDEBUG rally.task.runner [-] Starting a worker. times: 10 duration: None concurrency: 1 timeout: 0 cls: method_name: run args: {"flavor": "a07fb885-fbe6-45e6-b952-7a60dc9e803d", "image": "02d7d2af-9e24-4e53-9730-a3e0913f2d95", "network_create_args": {}, "subnet_create_args": {}, "boot_server_args": {"auto_assign_nic": true}}
2019-11-20 06:08:34.607 24116 RALLYDEBUG rally.task.runner [-] Starting a worker. times: 10 duration: None concurrency: 1 timeout: 0 cls: method_name: run args: {"flavor": "a07fb885-fbe6-45e6-b952-7a60dc9e803d", "image": "02d7d2af-9e24-4e53-9730-a3e0913f2d95", "network_create_args": {}, "subnet_create_args": {}, "boot_server_args": {"auto_assign_nic": true}}
2019-11-20 06:08:34.611 24115 INFO rally.task.runner [-] Task 66dd91e3-ee29-4381-8d8c-f34572533156 | ITER: 1 START
2019-11-20 06:08:34.611 24117 RALLYDEBUG rally.task.runner [-] Starting a worker. times: 10 duration: None concurrency: 1 timeout: 0 cls: method_name: run args: {"flavor": "a07fb885-fbe6-45e6-b952-7a60dc9e803d", "image": "02d7d2af-9e24-4e53-9730-a3e0913f2d95", "network_create_args": {}, "subnet_create_args": {}, "boot_server_args": {"auto_assign_nic": true}}
2019-11-20 06:08:34.614 24115 RALLYDEBUG rally_openstack.wrappers.network [-] CIDR generated: 10.2.36.0/24
2019-11-20 06:08:34.614 24116 INFO rally.task.runner [-] Task 66dd91e3-ee29-4381-8d8c-f34572533156 | ITER: 2 START
2019-11-20 06:08:34.615 24119 RALLYDEBUG rally.task.runner [-] Starting a worker. times: 10 duration: None concurrency: 1 timeout: 0 cls: method_name: run args: {"flavor": "a07fb885-fbe6-45e6-b952-7a60dc9e803d", "image": "02d7d2af-9e24-4e53-9730-a3e0913f2d95", "network_create_args": {}, "subnet_create_args": {}, "boot_server_args": {"auto_assign_nic": true}}
2019-11-20 06:08:34.617 24116 RALLYDEBUG rally_openstack.wrappers.network [-] CIDR generated: 10.2.37.0/24
2019-11-20 06:08:34.619 24117 INFO rally.task.runner [-] Task 66dd91e3-ee29-4381-8d8c-f34572533156 | ITER: 3 START
2019-11-20 06:08:34.621 24117 RALLYDEBUG rally_openstack.wrappers.network [-] CIDR generated: 10.2.38.0/24
2019-11-20 06:08:34.622 24119 INFO rally.task.runner [-] Task 66dd91e3-ee29-4381-8d8c-f34572533156 | ITER: 4 START
2019-11-20 06:08:34.624 24119 RALLYDEBUG rally_openstack.wrappers.network [-] CIDR generated: 10.2.39.0/24
2019-11-20 06:08:43.092 24115 RALLYDEBUG rally.task.utils [-] Waiting for resource s_rally_36a96c3c_6YYNfNrh. Status changed: BUILD => ACTIVE in 4.631388187408447
2019-11-20 06:08:44.948 24117 RALLYDEBUG rally.task.utils [-] Waiting for resource s_rally_36a96c3c_EQl4fei5. Status changed: BUILD => ACTIVE in 6.805073022842407
2019-11-20 06:08:44.997 24119 RALLYDEBUG rally.task.utils [-] Waiting for resource s_rally_36a96c3c_SfGP4WMr. Status changed: BUILD => ACTIVE in 6.894108295440674
2019-11-20 06:08:45.863 24115 INFO rally.task.runner [-] Task 66dd91e3-ee29-4381-8d8c-f34572533156 | ITER: 1 END: OK
2019-11-20 06:08:45.866 24115 INFO rally.task.runner [-] Task 66dd91e3-ee29-4381-8d8c-f34572533156 | ITER: 5 START
2019-11-20 06:08:45.868 24115 RALLYDEBUG rally_openstack.wrappers.network [-] CIDR generated: 10.2.40.0/24
2019-11-20 06:08:46.634 24116 RALLYDEBUG rally.task.utils [-] Waiting for resource s_rally_36a96c3c_H3oh1opv. Status changed: BUILD => ACTIVE in 9.090645551681519
2019-11-20 06:08:47.707 24119 INFO rally.task.runner [-] Task 66dd91e3-ee29-4381-8d8c-f34572533156 | ITER: 4 END: OK
2019-11-20 06:08:47.712 24119 INFO rally.task.runner [-] Task 66dd91e3-ee29-4381-8d8c-f34572533156 | ITER: 6 START
2019-11-20 06:08:47.713 24119 RALLYDEBUG rally_openstack.wrappers.network [-] CIDR generated: 10.2.41.0/24
2019-11-20 06:08:48.012 24117 INFO rally.task.runner [-] Task 66dd91e3-ee29-4381-8d8c-f34572533156 | ITER: 3 END: OK
2019-11-20 06:08:48.017 24117 INFO rally.task.runner [-] Task 66dd91e3-ee29-4381-8d8c-f34572533156 | ITER: 7 START
2019-11-20 06:08:48.018 24117 RALLYDEBUG rally_openstack.wrappers.network [-] CIDR generated: 10.2.42.0/24
2019-11-20 06:08:49.239 24116 INFO rally.task.runner [-] Task 66dd91e3-ee29-4381-8d8c-f34572533156 | ITER: 2 END: OK
2019-11-20 06:08:49.242 24116 INFO rally.task.runner [-] Task 66dd91e3-ee29-4381-8d8c-f34572533156 | ITER: 8 START
2019-11-20 06:08:49.244 24116 RALLYDEBUG rally_openstack.wrappers.network [-] CIDR generated: 10.2.43.0/24
2019-11-20 06:08:56.996 24116 RALLYDEBUG rally.task.utils [-] Waiting for resource s_rally_36a96c3c_GvtcxLjU. Status changed: BUILD => ACTIVE in 4.769796371459961
2019-11-20 06:08:59.765 24116 INFO rally.task.runner [-] Task 66dd91e3-ee29-4381-8d8c-f34572533156 | ITER: 8 END: OK
2019-11-20 06:08:59.770 24116 INFO rally.task.runner [-] Task 66dd91e3-ee29-4381-8d8c-f34572533156 | ITER: 9 START
2019-11-20 06:08:59.773 24116 RALLYDEBUG rally_openstack.wrappers.network [-] CIDR generated: 10.2.44.0/24
2019-11-20 06:09:06.625 24117 RALLYDEBUG rally.task.utils [-] Waiting for resource s_rally_36a96c3c_WemOnYXq. Status changed: BUILD => ACTIVE in 15.669366598129272
2019-11-20 06:09:07.423 24116 RALLYDEBUG rally.task.utils [-] Waiting for resource s_rally_36a96c3c_cht8mzQ8. Status changed: BUILD => ACTIVE in 4.526130437850952
2019-11-20 06:09:08.035 24119 RALLYDEBUG rally.task.utils [-] Waiting for resource s_rally_36a96c3c_dYOb6fy2. Status changed: BUILD => ACTIVE in 17.545574188232422
2019-11-20 06:09:09.154 24117 INFO rally.task.runner [-] Task 66dd91e3-ee29-4381-8d8c-f34572533156 | ITER: 7 END: OK
2019-11-20 06:09:09.160 24117 INFO rally.task.runner [-] Task 66dd91e3-ee29-4381-8d8c-f34572533156 | ITER: 10 START
2019-11-20 06:09:09.162 24117 RALLYDEBUG rally_openstack.wrappers.network [-] CIDR generated: 10.2.45.0/24
2019-11-20 06:09:09.703 24116 INFO rally.task.runner [-] Task 66dd91e3-ee29-4381-8d8c-f34572533156 | ITER: 9 END: OK
2019-11-20 06:09:10.899 24119 INFO rally.task.runner [-] Task 66dd91e3-ee29-4381-8d8c-f34572533156 | ITER: 6 END: OK
2019-11-20 06:09:10.976 24115 RALLYDEBUG rally.task.utils [-] Waiting for resource s_rally_36a96c3c_Iz6jaHZb. Status changed: BUILD => ACTIVE in 22.25776195526123
2019-11-20 06:09:13.727 24115 INFO rally.task.runner [-] Task 66dd91e3-ee29-4381-8d8c-f34572533156 | ITER: 5 END: OK
2019-11-20 06:09:21.251 24117 RALLYDEBUG rally.task.utils [-] Waiting for resource s_rally_36a96c3c_ujqEoe9W. Status changed: BUILD => ACTIVE in 9.35013484954834
2019-11-20 06:09:24.291 24117 INFO rally.task.runner [-] Task 66dd91e3-ee29-4381-8d8c-f34572533156 | ITER: 10 END: OK
2019-11-20 06:09:24.321 20411 INFO rally.task.context [-] Task 66dd91e3-ee29-4381-8d8c-f34572533156 | Context cleanup@openstack cleanup() started
2019-11-20 06:09:24.325 20411 RALLYDEBUG rally_openstack.cleanup.manager [-] Cleaning up nova servers objects
2019-11-20 06:09:26.583 20411 RALLYDEBUG rally_openstack.cleanup.manager [-] Deleting nova.servers object s_rally_36a96c3c_ujqEoe9W (d256c4cc-bd37-4fd7-afe5-10fdae6f39d5)
2019-11-20 06:09:26.593 20411 RALLYDEBUG rally_openstack.cleanup.manager [-] Deleting nova.servers object s_rally_36a96c3c_WemOnYXq (0259d2ef-aaee-4a80-83bb-3b4d56d06914)
2019-11-20 06:09:26.601 20411 RALLYDEBUG rally_openstack.cleanup.manager [-] Deleting nova.servers object s_rally_36a96c3c_6YYNfNrh (7fb6a035-02ff-49f4-a785-a72cf3d94ac8)
2019-11-20 06:09:26.605 20411 RALLYDEBUG rally_openstack.cleanup.manager [-] Deleting nova.servers object s_rally_36a96c3c_SfGP4WMr (d7eb4658-5124-4ec3-baa4-f2c850e3c0c9)
2019-11-20 06:09:26.614 20411 RALLYDEBUG rally_openstack.cleanup.manager [-] Deleting nova.servers object s_rally_36a96c3c_cht8mzQ8 (056187c9-b54c-462e-bc9b-3b2a1a90e806)
2019-11-20 06:09:26.623 20411 RALLYDEBUG rally_openstack.cleanup.manager [-] Deleting nova.servers object s_rally_36a96c3c_GvtcxLjU (4bcfdb63-1c52-4af5-9897-7a50a7c943a8)
2019-11-20 06:09:26.633 20411 RALLYDEBUG rally_openstack.cleanup.manager [-] Deleting nova.servers object s_rally_36a96c3c_dYOb6fy2 (7bab63b0-9189-4be1-bc58-cb9e714f9584)
2019-11-20 06:09:26.656 20411 RALLYDEBUG rally_openstack.cleanup.manager [-] Deleting nova.servers object s_rally_36a96c3c_Iz6jaHZb (fe08c6d0-3320-4d64-b713-18fe2d2180e8)
2019-11-20 06:09:26.668 20411 RALLYDEBUG rally_openstack.cleanup.manager [-] Deleting nova.servers object s_rally_36a96c3c_EQl4fei5 (95b6e40a-e4c3-4aa3-abac-53e08122b3e0)
2019-11-20 06:09:26.681 20411 RALLYDEBUG rally_openstack.cleanup.manager [-] Deleting nova.servers object s_rally_36a96c3c_H3oh1opv (8d617585-98b3-47bd-a5fc-ecff921ee0d6)
2019-11-20 06:09:33.454 20411 RALLYDEBUG rally_openstack.cleanup.manager [-] Cleaning up nova server_groups objects
2019-11-20 06:09:34.619 20411 RALLYDEBUG rally_openstack.cleanup.manager [-] Cleaning up nova keypairs objects
2019-11-20 06:09:36.980 20411 RALLYDEBUG rally_openstack.cleanup.manager [-] Cleaning up neutron vip objects
2019-11-20 06:09:38.082 20411 RALLYDEBUG rally_openstack.cleanup.manager [-] Cleaning up neutron health_monitor objects
2019-11-20 06:09:39.183 20411 RALLYDEBUG rally_openstack.cleanup.manager [-] Cleaning up neutron pool objects
2019-11-20 06:09:40.316 20411 RALLYDEBUG rally_openstack.cleanup.manager [-] Cleaning up neutron loadbalancer objects
2019-11-20 06:09:41.430 20411 RALLYDEBUG rally_openstack.cleanup.manager [-] Cleaning up neutron floatingip objects
2019-11-20 06:09:42.668 20411 RALLYDEBUG rally_openstack.cleanup.manager [-] Cleaning up neutron trunk objects
2019-11-20 06:09:43.805 20411 RALLYDEBUG rally_openstack.cleanup.manager [-] Cleaning up neutron port objects
2019-11-20 06:09:45.715 20411 RALLYDEBUG rally_openstack.cleanup.manager [-] Cleaning up neutron subnet objects
2019-11-20 06:09:46.979 20411 RALLYDEBUG rally_openstack.cleanup.manager [-] Deleting neutron.subnet object s_rally_36a96c3c_Zut9XuUu (591c300e-a112-4a1c-ae07-9a3039d5775f)
2019-11-20 06:09:46.988 20411 RALLYDEBUG rally_openstack.cleanup.manager [-] Deleting neutron.subnet object s_rally_36a96c3c_yiGTWHJh (7a7f8a30-6655-46db-84f4-c95139351fd1)
2019-11-20 06:09:47.001 20411 RALLYDEBUG rally_openstack.cleanup.manager [-] Deleting neutron.subnet object s_rally_36a96c3c_w2ARC2RS (c04548c7-870e-49d4-aa20-ea823755b5b8)
2019-11-20 06:09:47.013 20411 RALLYDEBUG rally_openstack.cleanup.manager [-] Deleting neutron.subnet object s_rally_36a96c3c_PJKOXFef (f6c29d50-f088-4b9c-b582-6a93aba08420)
2019-11-20 06:09:47.019 20411 RALLYDEBUG rally_openstack.cleanup.manager [-] Deleting neutron.subnet object s_rally_36a96c3c_mGDjV23I (0450389c-fb2f-4dd3-bfba-a858a3a0a527)
2019-11-20 06:09:47.029 20411 RALLYDEBUG rally_openstack.cleanup.manager [-] Deleting neutron.subnet object s_rally_36a96c3c_Triu9Vqr (4253879a-c41c-428d-8603-80f68e36fad2)
2019-11-20 06:09:47.046 20411 RALLYDEBUG rally_openstack.cleanup.manager [-] Deleting neutron.subnet object s_rally_36a96c3c_JP2w8jCN (993defd5-5050-46ec-ae68-fe38a07383cc)
2019-11-20 06:09:47.055 20411 RALLYDEBUG rally_openstack.cleanup.manager [-] Deleting neutron.subnet object s_rally_36a96c3c_7ntR6HHB (a9e1115e-1b4c-411b-a489-99992d8e98df)
2019-11-20 06:09:47.067 20411 RALLYDEBUG rally_openstack.cleanup.manager [-] Deleting neutron.subnet object s_rally_36a96c3c_iGMsAFaV (bb01ecda-63b8-40e0-b4a7-0a7f0e2b6b36)
2019-11-20 06:09:47.078 20411 RALLYDEBUG rally_openstack.cleanup.manager [-] Deleting neutron.subnet object s_rally_36a96c3c_QJfl7ytD (ca1d364e-d3ed-4d51-9fdf-1f9ab7c873d9)
2019-11-20 06:09:53.223 20411 RALLYDEBUG rally_openstack.cleanup.manager [-] Cleaning up neutron network objects
2019-11-20 06:09:54.567 20411 RALLYDEBUG rally_openstack.cleanup.manager [-] Cleaning up neutron router objects
2019-11-20 06:09:56.033 20411 RALLYDEBUG rally_openstack.cleanup.manager [-] Cleaning up neutron security_group objects
2019-11-20 06:09:57.249 20411 INFO rally.task.context [-] Task 66dd91e3-ee29-4381-8d8c-f34572533156 | Context cleanup@openstack cleanup() finished in 32.93 sec
2019-11-20 06:09:57.250 20411 INFO rally.task.context [-] Task 66dd91e3-ee29-4381-8d8c-f34572533156 | Context network@openstack cleanup() started
2019-11-20 06:10:18.283 20411 INFO rally.task.context [-] Task 66dd91e3-ee29-4381-8d8c-f34572533156 | Context network@openstack cleanup() finished in 21.03 sec
2019-11-20 06:10:18.283 20411 INFO rally.task.context [-] Task 66dd91e3-ee29-4381-8d8c-f34572533156 | Context users@openstack cleanup() started
2019-11-20 06:10:22.262 20411 INFO rally.task.context [-] Task 66dd91e3-ee29-4381-8d8c-f34572533156 | Context users@openstack cleanup() finished in 3.98 sec
2019-11-20 06:10:23.306 20411 INFO rally.task.engine [-] Load duration is: 48.678348
2019-11-20 06:10:23.307 20411 INFO rally.task.engine [-] Full runner duration is: 49.730659
2019-11-20 06:10:23.307 20411 INFO rally.task.engine [-] Full duration is: 123.509244
2019-11-20 06:10:23.619 20411 INFO rally.task.engine [-] Running workload: position = 0 config = { "version": 2, "title": "A cropped version of a bigger task.", "description": "Auto-generated task from a single workload (uuid=ccd92e0b-0b86-4dbb-bcca-eb26e89e7b2e)", "subtasks": [ { "title": "NovaServers.boot_server_attach_volume_and_list_attachments", "description": "Create a VM, attach N volume to it and list server's attachemnt.", "scenario": { "NovaServers.boot_server_attach_volume_and_list_attachments": { "flavor": { "name": "rally_full-flavor_7c3785c0-1203-4471-b106-35e78a08fc6a" }, "image": { "name": "rally_full-img_7c3785c0-1203-4471-b106-35e78a08fc6a" }, "volume_size": 1, "volume_num": 1, "create_volume_kwargs": {}, "boot_server_kwargs": { "auto_assign_nic": true } } }, "contexts": { "users": { "tenants": 3, "users_per_tenant": 2 }, "network": {}, "api_versions": { "cinder": { "version": 3, "service_type": "volumev3" } } }, "runner": { "constant": { "concurrency": 4, "times": 10 } }, "hooks": [], "sla": { "failure_rate": { "max": 0 } } } ] }
2019-11-20 06:10:23.646 20411 RALLYDEBUG rally_openstack.contexts.keystone.users [-] Creating 3 tenants using 20 threads
2019-11-20 06:10:24.664 20411 RALLYDEBUG rally_openstack.contexts.keystone.users [-] Creating 6 users using 20 threads
2019-11-20 06:10:26.159 20411 INFO rally.task.context [-] Task 66dd91e3-ee29-4381-8d8c-f34572533156 | Context users@openstack setup() finished in 2.51 sec
2019-11-20 06:10:26.562 20411 INFO rally.task.context [-] Task 66dd91e3-ee29-4381-8d8c-f34572533156 | Context api_versions@openstack setup() finished in 0.40 sec
2019-11-20 06:10:28.998 20411 RALLYDEBUG rally_openstack.wrappers.network [-] CIDR generated: 10.2.46.0/24
2019-11-20 06:10:32.836 20411 RALLYDEBUG rally_openstack.wrappers.network [-] CIDR generated: 10.2.47.0/24
2019-11-20 06:10:36.578 20411 RALLYDEBUG rally_openstack.wrappers.network [-] CIDR generated: 10.2.48.0/24
2019-11-20 06:10:38.744 20411 INFO rally.task.context [-] Task 66dd91e3-ee29-4381-8d8c-f34572533156 | Context network@openstack setup() finished in 12.18 sec
2019-11-20 06:10:38.745 20411 INFO rally.task.context [-] Task 66dd91e3-ee29-4381-8d8c-f34572533156 | Context cleanup@openstack setup() finished in 0.02 msec
2019-11-20 06:10:39.678 20411 RALLYDEBUG rally.task.runner [-] Starting the constant runner (task UUID: 66dd91e3-ee29-4381-8d8c-f34572533156). times: 10 concurrency: 4 timeout: 0 max_cpu_used: 16 processes_to_start: 4 concurrency_per_worker: 1 concurrency_overhead: 0
2019-11-20 06:10:39.690 24499 RALLYDEBUG rally.task.runner [-] Starting a worker. times: 10 duration: None concurrency: 1 timeout: 0 cls: method_name: run args: {"flavor": "a07fb885-fbe6-45e6-b952-7a60dc9e803d", "image": "02d7d2af-9e24-4e53-9730-a3e0913f2d95", "volume_size": 1, "volume_num": 1, "create_volume_kwargs": {}, "boot_server_kwargs": {"auto_assign_nic": true}}
2019-11-20 06:10:39.694 24500 RALLYDEBUG rally.task.runner [-] Starting a worker. times: 10 duration: None concurrency: 1 timeout: 0 cls: method_name: run args: {"flavor": "a07fb885-fbe6-45e6-b952-7a60dc9e803d", "image": "02d7d2af-9e24-4e53-9730-a3e0913f2d95", "volume_size": 1, "volume_num": 1, "create_volume_kwargs": {}, "boot_server_kwargs": {"auto_assign_nic": true}}
2019-11-20 06:10:39.698 24499 INFO rally.task.runner [-] Task 66dd91e3-ee29-4381-8d8c-f34572533156 | ITER: 1 START
2019-11-20 06:10:39.697 24501 RALLYDEBUG rally.task.runner [-] Starting a worker. times: 10 duration: None concurrency: 1 timeout: 0 cls: method_name: run args: {"flavor": "a07fb885-fbe6-45e6-b952-7a60dc9e803d", "image": "02d7d2af-9e24-4e53-9730-a3e0913f2d95", "volume_size": 1, "volume_num": 1, "create_volume_kwargs": {}, "boot_server_kwargs": {"auto_assign_nic": true}}
2019-11-20 06:10:39.701 24500 INFO rally.task.runner [-] Task 66dd91e3-ee29-4381-8d8c-f34572533156 | ITER: 2 START
2019-11-20 06:10:39.701 24502 RALLYDEBUG rally.task.runner [-] Starting a worker. times: 10 duration: None concurrency: 1 timeout: 0 cls: method_name: run args: {"flavor": "a07fb885-fbe6-45e6-b952-7a60dc9e803d", "image": "02d7d2af-9e24-4e53-9730-a3e0913f2d95", "volume_size": 1, "volume_num": 1, "create_volume_kwargs": {}, "boot_server_kwargs": {"auto_assign_nic": true}}
2019-11-20 06:10:39.705 24501 INFO rally.task.runner [-] Task 66dd91e3-ee29-4381-8d8c-f34572533156 | ITER: 3 START
2019-11-20 06:10:39.709 24502 INFO rally.task.runner [-] Task 66dd91e3-ee29-4381-8d8c-f34572533156 | ITER: 4 START
2019-11-20 06:10:49.003 24501 RALLYDEBUG rally.task.utils [-] Waiting for resource s_rally_ccd92e0b_2LxOSx3L. Status changed: BUILD => ACTIVE in 7.083984613418579
2019-11-20 06:10:49.006 24502 RALLYDEBUG rally.task.utils [-] Waiting for resource s_rally_ccd92e0b_WqLJiLcS. Status changed: BUILD => ACTIVE in 6.838078022003174
2019-11-20 06:10:51.006 24499 RALLYDEBUG rally.task.utils [-] Waiting for resource s_rally_ccd92e0b_Hsh2w1fy. Status changed: BUILD => ACTIVE in 8.947974681854248
2019-11-20 06:10:51.017 24500 RALLYDEBUG rally.task.utils [-] Waiting for resource s_rally_ccd92e0b_nZkY3Znk. Status changed: BUILD => ACTIVE in 9.19464635848999
2019-11-20 06:10:51.972 24502 RALLYDEBUG rally.task.utils [-] Waiting for resource s_rally_ccd92e0b_5BWZeolc. Status changed: AVAILABLE => RESERVED in 0.4037787914276123
2019-11-20 06:10:52.149 24501 RALLYDEBUG rally.task.utils [-] Waiting for resource s_rally_ccd92e0b_QslI34Bv. Status changed: AVAILABLE => RESERVED in 0.3971555233001709
2019-11-20 06:10:54.019 24499 RALLYDEBUG rally.task.utils [-] Waiting for resource s_rally_ccd92e0b_RnwRm2I1. Status changed: AVAILABLE => RESERVED in 0.40418410301208496
2019-11-20 06:10:54.234 24500 RALLYDEBUG rally.task.utils [-] Waiting for resource s_rally_ccd92e0b_va06LpPF. Status changed: AVAILABLE => RESERVED in 0.38847899436950684
2019-11-20 06:10:54.366 24502 RALLYDEBUG rally.task.utils [-] Waiting for resource s_rally_ccd92e0b_5BWZeolc. Status changed: RESERVED => IN-USE in 2.393880605697632
2019-11-20 06:10:54.409 24502 INFO rally.task.runner [-] Task 66dd91e3-ee29-4381-8d8c-f34572533156 | ITER: 4 END: OK
2019-11-20 06:10:54.414 24502 INFO rally.task.runner [-] Task 66dd91e3-ee29-4381-8d8c-f34572533156 | ITER: 5 START
2019-11-20 06:10:54.539 24501 RALLYDEBUG rally.task.utils [-] Waiting for resource s_rally_ccd92e0b_QslI34Bv. Status changed: RESERVED => IN-USE in 2.389793872833252
2019-11-20 06:10:54.584 24501 INFO rally.task.runner [-] Task 66dd91e3-ee29-4381-8d8c-f34572533156 | ITER: 3 END: OK
2019-11-20 06:10:54.589 24501 INFO rally.task.runner [-] Task 66dd91e3-ee29-4381-8d8c-f34572533156 | ITER: 6 START
2019-11-20 06:10:56.424 24499 RALLYDEBUG rally.task.utils [-] Waiting for resource s_rally_ccd92e0b_RnwRm2I1. Status changed: RESERVED => IN-USE in 2.404294967651367
2019-11-20 06:10:56.474 24499 INFO rally.task.runner [-] Task 66dd91e3-ee29-4381-8d8c-f34572533156 | ITER: 1 END: OK
2019-11-20 06:10:56.479 24499 INFO rally.task.runner [-] Task 66dd91e3-ee29-4381-8d8c-f34572533156 | ITER: 7 START
2019-11-20 06:10:56.624 24500 RALLYDEBUG rally.task.utils [-] Waiting for resource s_rally_ccd92e0b_va06LpPF. Status changed: RESERVED => IN-USE in 2.3896255493164062
2019-11-20 06:10:56.670 24500 INFO rally.task.runner [-] Task 66dd91e3-ee29-4381-8d8c-f34572533156 | ITER: 2 END: OK
2019-11-20 06:10:56.675 24500 INFO rally.task.runner [-] Task 66dd91e3-ee29-4381-8d8c-f34572533156 | ITER: 8 START
2019-11-20 06:11:03.320 24502 RALLYDEBUG rally.task.utils [-] Waiting for resource s_rally_ccd92e0b_RGoHjHwQ. Status changed: BUILD => ACTIVE in 6.8224194049835205
2019-11-20 06:11:03.832 24501 RALLYDEBUG rally.task.utils [-] Waiting for resource s_rally_ccd92e0b_wGKQuiha. Status changed: BUILD => ACTIVE in 6.914403438568115
2019-11-20 06:11:04.088 24499 RALLYDEBUG rally.task.utils [-] Waiting for resource s_rally_ccd92e0b_6rWOCm3o. Status changed: BUILD => ACTIVE in 4.853162050247192
2019-11-20 06:11:06.414 24502 RALLYDEBUG rally.task.utils [-] Waiting for resource s_rally_ccd92e0b_FZ3vbDAV. Status changed: AVAILABLE => RESERVED in 0.41029858589172363
2019-11-20 06:11:06.795 24501 RALLYDEBUG rally.task.utils [-] Waiting for resource s_rally_ccd92e0b_iIOdeMJP. Status changed: AVAILABLE => RESERVED in 0.4220578670501709
2019-11-20 06:11:07.047 24499 RALLYDEBUG rally.task.utils [-] Waiting for resource s_rally_ccd92e0b_SFkScddW. Status changed: AVAILABLE => RESERVED in 0.4012126922607422
2019-11-20 06:11:07.858 24500 RALLYDEBUG rally.task.utils [-] Waiting for resource s_rally_ccd92e0b_lMkEdFye. Status changed: BUILD => ACTIVE in 9.067960262298584
2019-11-20 06:11:08.826 24502 RALLYDEBUG rally.task.utils [-] Waiting for resource s_rally_ccd92e0b_FZ3vbDAV. Status changed: RESERVED => IN-USE in 2.4121127128601074
2019-11-20 06:11:08.877 24502 INFO rally.task.runner [-] Task 66dd91e3-ee29-4381-8d8c-f34572533156 | ITER: 5 END: OK
2019-11-20 06:11:08.882 24502 INFO rally.task.runner [-] Task 66dd91e3-ee29-4381-8d8c-f34572533156 | ITER: 9 START
2019-11-20 06:11:09.202 24501 RALLYDEBUG rally.task.utils [-] Waiting for resource s_rally_ccd92e0b_iIOdeMJP. Status changed: RESERVED => IN-USE in 2.407402515411377
2019-11-20 06:11:09.249 24501 INFO rally.task.runner [-] Task 66dd91e3-ee29-4381-8d8c-f34572533156 | ITER: 6 END: OK
2019-11-20 06:11:09.255 24501 INFO rally.task.runner [-] Task 66dd91e3-ee29-4381-8d8c-f34572533156 | ITER: 10 START
2019-11-20 06:11:09.563 24499 RALLYDEBUG rally.task.utils [-] Waiting for resource s_rally_ccd92e0b_SFkScddW. Status changed: RESERVED => IN-USE in 2.51580810546875
2019-11-20 06:11:09.750 24499 INFO rally.task.runner [-] Task 66dd91e3-ee29-4381-8d8c-f34572533156 | ITER: 7 END: OK
2019-11-20 06:11:10.866 24500 RALLYDEBUG rally.task.utils [-] Waiting for resource s_rally_ccd92e0b_8MysvPGn. Status changed: AVAILABLE => RESERVED in 0.40576672554016113
2019-11-20 06:11:13.271 24500 RALLYDEBUG rally.task.utils [-] Waiting for resource s_rally_ccd92e0b_8MysvPGn. Status changed: RESERVED => IN-USE in 2.4043822288513184
2019-11-20 06:11:13.318 24500 INFO rally.task.runner [-] Task 66dd91e3-ee29-4381-8d8c-f34572533156 | ITER: 8 END: OK
2019-11-20 06:11:15.645 24502 RALLYDEBUG rally.task.utils [-] Waiting for resource s_rally_ccd92e0b_hgMiX4Vh. Status changed: BUILD => ACTIVE in 4.544533014297485
2019-11-20 06:11:18.224 24501 RALLYDEBUG rally.task.utils [-] Waiting for resource s_rally_ccd92e0b_LgyVQxO6. Status changed: BUILD => ACTIVE in 6.919631004333496
2019-11-20 06:11:18.759 24502 RALLYDEBUG rally.task.utils [-] Waiting for resource s_rally_ccd92e0b_UjhgHCbE. Status changed: AVAILABLE => RESERVED in 0.42920851707458496
2019-11-20 06:11:21.173 24502 RALLYDEBUG rally.task.utils [-] Waiting for resource s_rally_ccd92e0b_UjhgHCbE. Status changed: RESERVED => IN-USE in 2.4139609336853027
2019-11-20 06:11:21.219 24502 INFO rally.task.runner [-] Task 66dd91e3-ee29-4381-8d8c-f34572533156 | ITER: 9 END: OK
2019-11-20 06:11:21.322 24501 RALLYDEBUG rally.task.utils [-] Waiting for resource s_rally_ccd92e0b_vX2CGrGt. Status changed: AVAILABLE => RESERVED in 0.4095273017883301
2019-11-20 06:11:23.774 24501 RALLYDEBUG rally.task.utils [-] Waiting for resource s_rally_ccd92e0b_vX2CGrGt. Status changed: RESERVED => IN-USE in 2.451533794403076
2019-11-20 06:11:23.831 24501 INFO rally.task.runner [-] Task 66dd91e3-ee29-4381-8d8c-f34572533156 | ITER: 10 END: OK
2019-11-20 06:11:23.861 20411 INFO rally.task.context [-] Task 66dd91e3-ee29-4381-8d8c-f34572533156 | Context cleanup@openstack cleanup() started
2019-11-20 06:11:23.867 20411 RALLYDEBUG rally_openstack.cleanup.manager [-] Cleaning up nova servers objects
2019-11-20 06:11:26.661 20411 RALLYDEBUG rally_openstack.cleanup.manager [-] Deleting nova.servers object s_rally_ccd92e0b_6rWOCm3o (9e432b69-c446-4f36-ad8f-fb6087898851)
2019-11-20 06:11:26.671 20411 RALLYDEBUG rally_openstack.cleanup.manager [-] Deleting nova.servers object s_rally_ccd92e0b_Hsh2w1fy (7fffa330-b773-44b0-b6d5-035ec6dc67b0)
2019-11-20 06:11:26.679 20411 RALLYDEBUG rally_openstack.cleanup.manager [-] Deleting nova.servers object s_rally_ccd92e0b_wGKQuiha (e6fe9ab8-4611-4a8b-b335-0e6ab02b9493)
2019-11-20 06:11:26.689 20411 RALLYDEBUG rally_openstack.cleanup.manager [-] Deleting nova.servers object s_rally_ccd92e0b_nZkY3Znk (086a7cea-9282-4068-960d-2384f58e4941)
2019-11-20 06:11:26.694 20411 RALLYDEBUG rally_openstack.cleanup.manager [-] Deleting nova.servers object s_rally_ccd92e0b_LgyVQxO6 (b0db3cbd-a548-468d-9115-5a3013c5480d)
2019-11-20 06:11:26.703 20411 RALLYDEBUG rally_openstack.cleanup.manager [-] Deleting nova.servers object s_rally_ccd92e0b_hgMiX4Vh (288df610-4f2d-478a-89a3-17fb35132043)
2019-11-20 06:11:26.711 20411 RALLYDEBUG rally_openstack.cleanup.manager [-] Deleting nova.servers object s_rally_ccd92e0b_lMkEdFye (a687d028-d46a-4286-b9b3-eb020009fb33)
2019-11-20 06:11:26.729 20411 RALLYDEBUG rally_openstack.cleanup.manager [-] Deleting nova.servers object s_rally_ccd92e0b_RGoHjHwQ (3a8c6e70-cf62-4f2e-90cf-d543dacda149)
2019-11-20 06:11:26.746 20411 RALLYDEBUG rally_openstack.cleanup.manager [-] Deleting nova.servers object s_rally_ccd92e0b_WqLJiLcS (3e22b9ee-45d4-4b35-88b0-bd944a63cd2b)
2019-11-20 06:11:26.753 20411 RALLYDEBUG rally_openstack.cleanup.manager [-] Deleting nova.servers object s_rally_ccd92e0b_2LxOSx3L (8cd8dda1-5f09-4143-bd16-43514992796e)
2019-11-20 06:11:33.230 20411 RALLYDEBUG rally_openstack.cleanup.manager [-] Cleaning up nova server_groups objects
2019-11-20 06:11:34.317 20411 RALLYDEBUG rally_openstack.cleanup.manager [-] Cleaning up nova keypairs objects
2019-11-20 06:11:36.624 20411 RALLYDEBUG rally_openstack.cleanup.manager [-] Cleaning up cinder backups objects
2019-11-20 06:11:37.763 20411 RALLYDEBUG rally_openstack.cleanup.manager [-] Cleaning up cinder volume_snapshots objects
2019-11-20 06:11:38.907 20411 RALLYDEBUG rally_openstack.cleanup.manager [-] Cleaning up cinder transfers objects
2019-11-20 06:11:40.123 20411 RALLYDEBUG rally_openstack.cleanup.manager [-] Cleaning up cinder volumes objects
2019-11-20 06:11:41.333 20411 RALLYDEBUG rally_openstack.cleanup.manager [-] Deleting cinder.volumes object s_rally_ccd92e0b_SFkScddW (9b0cf8ec-3fc2-4960-9cda-429ab6c5c0e8)
2019-11-20 06:11:41.343 20411 RALLYDEBUG rally_openstack.cleanup.manager [-] Deleting cinder.volumes object s_rally_ccd92e0b_RnwRm2I1 (b21ab62d-6020-4436-ba0d-e6946cea96ab)
2019-11-20 06:11:41.352 20411 RALLYDEBUG rally_openstack.cleanup.manager [-] Deleting cinder.volumes object s_rally_ccd92e0b_iIOdeMJP (778a0aab-5f9e-433e-9ac8-59d162a82699)
2019-11-20 06:11:41.362 20411 RALLYDEBUG rally_openstack.cleanup.manager [-] Deleting cinder.volumes object s_rally_ccd92e0b_va06LpPF (eae5183d-bf38-4f14-8325-96c02df4c596)
2019-11-20 06:11:41.383 20411 RALLYDEBUG rally_openstack.cleanup.manager [-] Deleting cinder.volumes object s_rally_ccd92e0b_vX2CGrGt (1f801b03-329c-41b9-b008-0545768ef9ab)
2019-11-20 06:11:41.392 20411 RALLYDEBUG rally_openstack.cleanup.manager [-] Deleting cinder.volumes object s_rally_ccd92e0b_UjhgHCbE (9d493f21-a409-4bc3-9a1d-6f39cb6352c6)
2019-11-20 06:11:41.407 20411 RALLYDEBUG rally_openstack.cleanup.manager [-] Deleting cinder.volumes object s_rally_ccd92e0b_8MysvPGn (9f867632-e75d-4981-9ade-8046a3551b85)
2019-11-20 06:11:41.420 20411 RALLYDEBUG rally_openstack.cleanup.manager [-] Deleting cinder.volumes object s_rally_ccd92e0b_FZ3vbDAV (f257c3d9-fdb9-4b69-aba9-668ca9897fa3)
2019-11-20 06:11:41.425 20411 RALLYDEBUG rally_openstack.cleanup.manager [-] Deleting cinder.volumes object s_rally_ccd92e0b_QslI34Bv (c9c8a4a2-d776-457b-96ef-795265afe9cf)
2019-11-20 06:11:41.434 20411 RALLYDEBUG rally_openstack.cleanup.manager [-] Deleting cinder.volumes object s_rally_ccd92e0b_5BWZeolc (c637a53a-32b7-43d5-86f7-bb1b295d2070)
2019-11-20 06:11:45.244 20411 INFO rally.task.context [-] Task 66dd91e3-ee29-4381-8d8c-f34572533156 | Context cleanup@openstack cleanup() finished in 21.38 sec
2019-11-20 06:11:45.244 20411 INFO rally.task.context [-] Task 66dd91e3-ee29-4381-8d8c-f34572533156 | Context network@openstack cleanup() started
2019-11-20 06:12:06.333 20411 INFO rally.task.context [-] Task 66dd91e3-ee29-4381-8d8c-f34572533156 | Context network@openstack cleanup() finished in 21.09 sec
2019-11-20 06:12:06.334 20411 INFO rally.task.context [-] Task 66dd91e3-ee29-4381-8d8c-f34572533156 | Context api_versions@openstack cleanup() started
2019-11-20 06:12:06.335 20411 INFO rally.task.context [-] Task 66dd91e3-ee29-4381-8d8c-f34572533156 | Context api_versions@openstack cleanup() finished in 0.40 msec
2019-11-20 06:12:06.335 20411 INFO rally.task.context [-] Task 66dd91e3-ee29-4381-8d8c-f34572533156 | Context users@openstack cleanup() started
2019-11-20 06:12:10.379 20411 INFO rally.task.context [-] Task 66dd91e3-ee29-4381-8d8c-f34572533156 | Context users@openstack cleanup() finished in 4.04 sec
2019-11-20 06:12:12.131 20411 INFO rally.task.engine [-] Load duration is: 43.129102
2019-11-20 06:12:12.132 20411 INFO rally.task.engine [-] Full runner duration is: 44.183688
2019-11-20 06:12:12.132 20411 INFO rally.task.engine [-] Full duration is: 106.735809
2019-11-20 06:12:12.398 20411 INFO rally.task.engine [-] Running workload: position = 0 config = { "version": 2, "title": "A cropped version of a bigger task.", "description": "Auto-generated task from a single workload (uuid=de3b38b2-73d4-4eeb-8d23-c5c9d2095bed)", "subtasks": [ { "title": "NovaServers.boot_server_associate_and_dissociate_floating_ip", "description": "Boot a server associate and dissociate a floating IP from it.", "scenario": { "NovaServers.boot_server_associate_and_dissociate_floating_ip": { "flavor": { "name": "rally_full-flavor_7c3785c0-1203-4471-b106-35e78a08fc6a" }, "image": { "name": "rally_full-img_7c3785c0-1203-4471-b106-35e78a08fc6a" }, "create_floating_ip_args": { "ext_network": "floating_net" }, "nics": [ { "net-id": "0fe1c3e1-d88f-4d85-b194-264580ed00cf" } ] } }, "contexts": { "users": { "tenants": 3, "users_per_tenant": 2 }, "network": {} }, "runner": { "constant": { "concurrency": 4, "times": 10 } }, "hooks": [], "sla": { "failure_rate": { "max": 0 } } } ] }
2019-11-20 06:12:12.424 20411 RALLYDEBUG rally_openstack.contexts.keystone.users [-] Creating 3 tenants using 20 threads
2019-11-20 06:12:13.465 20411 RALLYDEBUG rally_openstack.contexts.keystone.users [-] Creating 6 users using 20 threads
2019-11-20 06:12:14.994 20411 INFO rally.task.context [-] Task 66dd91e3-ee29-4381-8d8c-f34572533156 | Context users@openstack setup() finished in 2.57 sec
2019-11-20 06:12:17.253 20411 RALLYDEBUG rally_openstack.wrappers.network [-] CIDR generated: 10.2.49.0/24
2019-11-20 06:12:21.303 20411 RALLYDEBUG rally_openstack.wrappers.network [-] CIDR generated: 10.2.50.0/24
2019-11-20 06:12:25.084 20411 RALLYDEBUG rally_openstack.wrappers.network [-] CIDR generated: 10.2.51.0/24
2019-11-20 06:12:27.480 20411 INFO rally.task.context [-] Task 66dd91e3-ee29-4381-8d8c-f34572533156 | Context network@openstack setup() finished in 12.48 sec
2019-11-20 06:12:27.480 20411 INFO rally.task.context [-] Task 66dd91e3-ee29-4381-8d8c-f34572533156 | Context cleanup@openstack setup() finished in 0.02 msec
2019-11-20 06:12:28.403 20411 RALLYDEBUG rally.task.runner [-] Starting the constant runner (task UUID: 66dd91e3-ee29-4381-8d8c-f34572533156). times: 10 concurrency: 4 timeout: 0 max_cpu_used: 16 processes_to_start: 4 concurrency_per_worker: 1 concurrency_overhead: 0
2019-11-20 06:12:28.416 24743 RALLYDEBUG rally.task.runner [-] Starting a worker. times: 10 duration: None concurrency: 1 timeout: 0 cls: method_name: run args: {"flavor": "a07fb885-fbe6-45e6-b952-7a60dc9e803d", "image": "02d7d2af-9e24-4e53-9730-a3e0913f2d95", "create_floating_ip_args": {"ext_network": "floating_net"}, "nics": [{"net-id": "0fe1c3e1-d88f-4d85-b194-264580ed00cf"}]}
2019-11-20 06:12:28.419 24744 RALLYDEBUG rally.task.runner [-] Starting a worker. times: 10 duration: None concurrency: 1 timeout: 0 cls: method_name: run args: {"flavor": "a07fb885-fbe6-45e6-b952-7a60dc9e803d", "image": "02d7d2af-9e24-4e53-9730-a3e0913f2d95", "create_floating_ip_args": {"ext_network": "floating_net"}, "nics": [{"net-id": "0fe1c3e1-d88f-4d85-b194-264580ed00cf"}]}
