2019-11-20 04:40:45.475 2610 INFO rally.task.runner [-] Task 879ed185-2a54-4ecc-a04e-49128aac8d60 | ITER: 9 START
2019-11-20 04:40:45.476 2601 INFO rally.task.runner [-] Task 879ed185-2a54-4ecc-a04e-49128aac8d60 | ITER: 10 START
2019-11-20 04:40:45.517 2602 INFO rally.task.runner [-] Task 879ed185-2a54-4ecc-a04e-49128aac8d60 | ITER: 7 END: OK
2019-11-20 04:40:45.667 2603 INFO rally.task.runner [-] Task 879ed185-2a54-4ecc-a04e-49128aac8d60 | ITER: 8 END: OK
2019-11-20 04:40:48.200 2610 INFO rally.task.runner [-] Task 879ed185-2a54-4ecc-a04e-49128aac8d60 | ITER: 9 END: OK
2019-11-20 04:40:48.201 2601 INFO rally.task.runner [-] Task 879ed185-2a54-4ecc-a04e-49128aac8d60 | ITER: 10 END: OK
2019-11-20 04:40:48.231 1845 INFO rally.task.context [-] Task 879ed185-2a54-4ecc-a04e-49128aac8d60 | Context cleanup@openstack cleanup() started
2019-11-20 04:40:48.235 1845 RALLYDEBUG rally_openstack.cleanup.manager [-] Cleaning up cinder backups objects
2019-11-20 04:40:49.591 1845 RALLYDEBUG rally_openstack.cleanup.manager [-] Cleaning up cinder volume_snapshots objects
2019-11-20 04:40:50.741 1845 RALLYDEBUG rally_openstack.cleanup.manager [-] Cleaning up cinder transfers objects
2019-11-20 04:40:51.879 1845 RALLYDEBUG rally_openstack.cleanup.manager [-] Cleaning up cinder volumes objects
2019-11-20 04:40:53.090 1845 RALLYDEBUG rally_openstack.cleanup.manager [-] Deleting cinder.volumes object s_rally_928fc706_oRYAwSUR (f95baae6-aa53-45b9-bbbf-57f784bcf580)
2019-11-20 04:40:53.093 1845 RALLYDEBUG rally_openstack.cleanup.manager [-] Deleting cinder.volumes object s_rally_928fc706_UROHGmeM (5895e0fa-b73a-4f36-84a5-3377c921698b)
2019-11-20 04:40:53.108 1845 RALLYDEBUG rally_openstack.cleanup.manager [-] Deleting cinder.volumes object s_rally_928fc706_Tqo2x6hF (ff9d6a3b-a754-44ca-a686-7dde38ab5dcc)
2019-11-20 04:40:53.114 1845 RALLYDEBUG rally_openstack.cleanup.manager [-] Deleting cinder.volumes object s_rally_928fc706_wnlDWPjb (6d97c738-88fe-451d-8571-9375c94f5d4e)
2019-11-20 04:40:53.122 1845 RALLYDEBUG rally_openstack.cleanup.manager [-] Deleting cinder.volumes object s_rally_928fc706_kb4Vv4na (450e8d6e-74a6-479e-bc6a-607a0c9854ac)
2019-11-20 04:40:53.128 1845 RALLYDEBUG rally_openstack.cleanup.manager [-] Deleting cinder.volumes object s_rally_928fc706_0JU84XHH (2db1092c-6164-4cfa-897b-b9f7ea4fe33b)
2019-11-20 04:40:53.144 1845 RALLYDEBUG rally_openstack.cleanup.manager [-] Deleting cinder.volumes object s_rally_928fc706_NA6ncalb (5c268cd6-5580-4f5d-8712-facfdf68f822)
2019-11-20 04:40:53.148 1845 RALLYDEBUG rally_openstack.cleanup.manager [-] Deleting cinder.volumes object s_rally_928fc706_to13nnnb (3c7d5fae-16ba-4a6b-ae1f-9a42298b3ef1)
2019-11-20 04:40:53.174 1845 RALLYDEBUG rally_openstack.cleanup.manager [-] Deleting cinder.volumes object s_rally_928fc706_x8rKCxFw (e98b3c2f-d40b-46aa-86bf-ee3c633605d2)
2019-11-20 04:40:53.195 1845 RALLYDEBUG rally_openstack.cleanup.manager [-] Deleting cinder.volumes object s_rally_928fc706_2R3g0FcN (5e7c1806-5878-4fff-82e8-bdc78190f994)
2019-11-20 04:40:56.995 1845 INFO rally.task.context [-] Task 879ed185-2a54-4ecc-a04e-49128aac8d60 | Context cleanup@openstack cleanup() finished in 8.76 sec
2019-11-20 04:40:56.995 1845 INFO rally.task.context [-] Task 879ed185-2a54-4ecc-a04e-49128aac8d60 | Context quotas@openstack cleanup() started
2019-11-20 04:40:57.072 1845 INFO rally.task.context [-] Task 879ed185-2a54-4ecc-a04e-49128aac8d60 | Context quotas@openstack cleanup() finished in 76.41 msec
2019-11-20 04:40:57.072 1845 INFO rally.task.context [-] Task 879ed185-2a54-4ecc-a04e-49128aac8d60 | Context api_versions@openstack cleanup() started
2019-11-20 04:40:57.072 1845 INFO rally.task.context [-] Task 879ed185-2a54-4ecc-a04e-49128aac8d60 | Context api_versions@openstack cleanup() finished in 0.35 msec
2019-11-20 04:40:57.073 1845 INFO rally.task.context [-] Task 879ed185-2a54-4ecc-a04e-49128aac8d60 | Context users@openstack cleanup() started
2019-11-20 04:41:01.368 1845 INFO rally.task.context [-] Task 879ed185-2a54-4ecc-a04e-49128aac8d60 | Context users@openstack cleanup() finished in 4.30 sec
2019-11-20 04:41:01.966 1845 INFO rally.task.engine [-] Load duration is: 8.346442
2019-11-20 04:41:01.966 1845 INFO rally.task.engine [-] Full runner duration is: 8.400435
2019-11-20 04:41:01.966 1845 INFO rally.task.engine [-] Full duration is: 25.586864
2019-11-20 04:41:02.269 1845 INFO rally.task.engine [-] Running workload: position = 0 config = { "version": 2, "title": "A cropped version of a bigger task.", "description": "Auto-generated task from a single workload (uuid=bef13a7c-8fee-4b4a-844d-744096b98a75)", "subtasks": [ { "title": "CinderVolumes.create_and_upload_volume_to_image", "description": "Create and upload a volume to image.", "scenario": { "CinderVolumes.create_and_upload_volume_to_image": { "container_format": "bare", "disk_format": "raw", "do_delete": true, "force": false, "size": 1 } }, "contexts": { "users": { "tenants": 3, "users_per_tenant": 2 }, "quotas": { "cinder": { "gigabytes": -1, "snapshots": -1, "volumes": -1 } }, "api_versions": { "cinder": { "version": 3, "service_type": "volumev3" } } }, "runner": { "constant": { "concurrency": 4, "times": 10 } }, "hooks": [], "sla": { "failure_rate": { "max": 0 } } } ] }
2019-11-20 04:41:02.295 1845 RALLYDEBUG rally_openstack.contexts.keystone.users [-] Creating 3 tenants using 20 threads
2019-11-20 04:41:03.226 1845 RALLYDEBUG rally_openstack.contexts.keystone.users [-] Creating 6 users using 20 threads
2019-11-20 04:41:04.696 1845 INFO rally.task.context [-] Task 879ed185-2a54-4ecc-a04e-49128aac8d60 | Context users@openstack setup() finished in 2.40 sec
2019-11-20 04:41:05.087 1845 INFO rally.task.context [-] Task 879ed185-2a54-4ecc-a04e-49128aac8d60 | Context api_versions@openstack setup() finished in 0.39 sec
2019-11-20 04:41:05.912 1845 INFO rally.task.context [-] Task 879ed185-2a54-4ecc-a04e-49128aac8d60 | Context quotas@openstack setup() finished in 0.82 sec
2019-11-20 04:41:05.913 1845 INFO rally.task.context [-] Task 879ed185-2a54-4ecc-a04e-49128aac8d60 | Context cleanup@openstack setup() finished in 0.01 msec
2019-11-20 04:41:05.922 1845 RALLYDEBUG rally.task.runner [-] Starting the constant runner (task UUID: 879ed185-2a54-4ecc-a04e-49128aac8d60). times: 10 concurrency: 4 timeout: 0 max_cpu_used: 16 processes_to_start: 4 concurrency_per_worker: 1 concurrency_overhead: 0
2019-11-20 04:41:05.934 2785 RALLYDEBUG rally.task.runner [-] Starting a worker. times: 10 duration: None concurrency: 1 timeout: 0 cls: method_name: run args: {"container_format": "bare", "disk_format": "raw", "do_delete": true, "force": false, "size": 1}
2019-11-20 04:41:05.938 2786 RALLYDEBUG rally.task.runner [-] Starting a worker. times: 10 duration: None concurrency: 1 timeout: 0 cls: method_name: run args: {"container_format": "bare", "disk_format": "raw", "do_delete": true, "force": false, "size": 1}
2019-11-20 04:41:05.942 2785 INFO rally.task.runner [-] Task 879ed185-2a54-4ecc-a04e-49128aac8d60 | ITER: 1 START
2019-11-20 04:41:05.942 2787 RALLYDEBUG rally.task.runner [-] Starting a worker. times: 10 duration: None concurrency: 1 timeout: 0 cls: method_name: run args: {"container_format": "bare", "disk_format": "raw", "do_delete": true, "force": false, "size": 1}
2019-11-20 04:41:05.945 2786 INFO rally.task.runner [-] Task 879ed185-2a54-4ecc-a04e-49128aac8d60 | ITER: 2 START
2019-11-20 04:41:05.945 2789 RALLYDEBUG rally.task.runner [-] Starting a worker. times: 10 duration: None concurrency: 1 timeout: 0 cls: method_name: run args: {"container_format": "bare", "disk_format": "raw", "do_delete": true, "force": false, "size": 1}
2019-11-20 04:41:05.949 2787 INFO rally.task.runner [-] Task 879ed185-2a54-4ecc-a04e-49128aac8d60 | ITER: 3 START
2019-11-20 04:41:05.952 2789 INFO rally.task.runner [-] Task 879ed185-2a54-4ecc-a04e-49128aac8d60 | ITER: 4 START
2019-11-20 04:41:09.238 2787 RALLYDEBUG rally.task.utils [-] Waiting for resource s_rally_bef13a7c_y7ACIC5i. Status changed: AVAILABLE => UPLOADING in 0.05106353759765625
2019-11-20 04:41:09.246 2789 RALLYDEBUG rally.task.utils [-] Waiting for resource s_rally_bef13a7c_vdMJuQuK. Status changed: AVAILABLE => UPLOADING in 0.0569453239440918
2019-11-20 04:41:09.360 2786 RALLYDEBUG rally.task.utils [-] Waiting for resource s_rally_bef13a7c_m7IC9tWA. Status changed: AVAILABLE => UPLOADING in 0.05382800102233887
2019-11-20 04:41:09.395 2785 RALLYDEBUG rally.task.utils [-] Waiting for resource s_rally_bef13a7c_hexcdD4C. Status changed: AVAILABLE => UPLOADING in 0.05536365509033203
2019-11-20 04:41:19.639 2787 RALLYDEBUG rally.task.utils [-] Waiting for resource s_rally_bef13a7c_y7ACIC5i. Status changed: UPLOADING => AVAILABLE in 10.401139974594116
2019-11-20 04:41:19.849 2787 RALLYDEBUG rally.task.utils [-] Waiting for resource s_rally_bef13a7c_y7ACIC5i. Status changed: AVAILABLE => DELETING in 0.06285262107849121
2019-11-20 04:41:19.880 2785 RALLYDEBUG rally.task.utils [-] Waiting for resource s_rally_bef13a7c_hexcdD4C. Status changed: UPLOADING => AVAILABLE in 10.485321760177612
2019-11-20 04:41:19.888 2789 RALLYDEBUG rally.task.utils [-] Waiting for resource s_rally_bef13a7c_vdMJuQuK. Status changed: UPLOADING => AVAILABLE in 10.642061233520508
2019-11-20 04:41:20.056 2785 RALLYDEBUG rally.task.utils [-] Waiting for resource s_rally_bef13a7c_hexcdD4C. Status changed: AVAILABLE => DELETING in 0.055315256118774414
2019-11-20 04:41:20.073 2789 RALLYDEBUG rally.task.utils [-] Waiting for resource s_rally_bef13a7c_vdMJuQuK. Status changed: AVAILABLE => DELETING in 0.057535409927368164
2019-11-20 04:41:21.799 2786 RALLYDEBUG rally.task.utils [-] Waiting for resource s_rally_bef13a7c_m7IC9tWA. Status changed: UPLOADING => AVAILABLE in 12.438877582550049
2019-11-20 04:41:22.011 2786 RALLYDEBUG rally.task.utils [-] Waiting for resource s_rally_bef13a7c_m7IC9tWA. Status changed: AVAILABLE => DELETING in 0.06158709526062012
2019-11-20 04:41:22.263 2787 INFO rally.task.runner [-] Task 879ed185-2a54-4ecc-a04e-49128aac8d60 | ITER: 3 END: OK
2019-11-20 04:41:22.268 2787 INFO rally.task.runner [-] Task 879ed185-2a54-4ecc-a04e-49128aac8d60 | ITER: 5 START
2019-11-20 04:41:22.457 2789 INFO rally.task.runner [-] Task 879ed185-2a54-4ecc-a04e-49128aac8d60 | ITER: 4 END: OK
2019-11-20 04:41:22.462 2789 INFO rally.task.runner [-] Task 879ed185-2a54-4ecc-a04e-49128aac8d60 | ITER: 6 START
2019-11-20 04:41:22.472 2785 INFO rally.task.runner [-] Task 879ed185-2a54-4ecc-a04e-49128aac8d60 | ITER: 1 END: OK
2019-11-20 04:41:22.478 2785 INFO rally.task.runner [-] Task 879ed185-2a54-4ecc-a04e-49128aac8d60 | ITER: 7 START
2019-11-20 04:41:24.256 2786 INFO rally.task.runner [-] Task 879ed185-2a54-4ecc-a04e-49128aac8d60 | ITER: 2 END: OK
2019-11-20 04:41:24.261 2786 INFO rally.task.runner [-] Task 879ed185-2a54-4ecc-a04e-49128aac8d60 | ITER: 8 START
2019-11-20 04:41:25.555 2787 RALLYDEBUG rally.task.utils [-] Waiting for resource s_rally_bef13a7c_yxJGkT29. Status changed: AVAILABLE => UPLOADING in 0.05441904067993164
2019-11-20 04:41:25.610 2785 RALLYDEBUG rally.task.utils [-] Waiting for resource s_rally_bef13a7c_ck5wBoOi. Status changed: AVAILABLE => UPLOADING in 0.05924868583679199
2019-11-20 04:41:25.742 2789 RALLYDEBUG rally.task.utils [-] Waiting for resource s_rally_bef13a7c_2qjuvMFe. Status changed: AVAILABLE => UPLOADING in 0.060399770736694336
2019-11-20 04:41:27.705 2786 RALLYDEBUG rally.task.utils [-] Waiting for resource s_rally_bef13a7c_D8osYKIM. Status changed: AVAILABLE => UPLOADING in 0.09134459495544434
2019-11-20 04:41:36.094 2787 RALLYDEBUG rally.task.utils [-] Waiting for resource s_rally_bef13a7c_yxJGkT29. Status changed: UPLOADING => AVAILABLE in 10.538840532302856
2019-11-20 04:41:36.323 2787 RALLYDEBUG rally.task.utils [-] Waiting for resource s_rally_bef13a7c_yxJGkT29. Status changed: AVAILABLE => DELETING in 0.05166506767272949
2019-11-20 04:41:38.624 2787 INFO rally.task.runner [-] Task 879ed185-2a54-4ecc-a04e-49128aac8d60 | ITER: 5 END: OK
2019-11-20 04:41:38.630 2787 INFO rally.task.runner [-] Task 879ed185-2a54-4ecc-a04e-49128aac8d60 | ITER: 9 START
2019-11-20 04:41:40.161 2785 RALLYDEBUG rally.task.utils [-] Waiting for resource s_rally_bef13a7c_ck5wBoOi. Status changed: UPLOADING => AVAILABLE in 14.551164627075195
2019-11-20 04:41:40.380 2785 RALLYDEBUG rally.task.utils [-] Waiting for resource s_rally_bef13a7c_ck5wBoOi. Status changed: AVAILABLE => DELETING in 0.06263017654418945
2019-11-20 04:41:40.448 2786 RALLYDEBUG rally.task.utils [-] Waiting for resource s_rally_bef13a7c_D8osYKIM. Status changed: UPLOADING => AVAILABLE in 12.743006229400635
2019-11-20 04:41:40.634 2786 RALLYDEBUG rally.task.utils [-] Waiting for resource s_rally_bef13a7c_D8osYKIM. Status changed: AVAILABLE => DELETING in 0.05879020690917969
2019-11-20 04:41:42.127 2787 RALLYDEBUG rally.task.utils [-] Waiting for resource s_rally_bef13a7c_TKwokzG9. Status changed: AVAILABLE => UPLOADING in 0.06615972518920898
2019-11-20 04:41:42.844 2785 INFO rally.task.runner [-] Task 879ed185-2a54-4ecc-a04e-49128aac8d60 | ITER: 7 END: OK
2019-11-20 04:41:42.850 2785 INFO rally.task.runner [-] Task 879ed185-2a54-4ecc-a04e-49128aac8d60 | ITER: 10 START
2019-11-20 04:41:43.268 2786 INFO rally.task.runner [-] Task 879ed185-2a54-4ecc-a04e-49128aac8d60 | ITER: 8 END: OK
2019-11-20 04:41:44.308 2789 RALLYDEBUG rally.task.utils [-] Waiting for resource s_rally_bef13a7c_2qjuvMFe. Status changed: UPLOADING => AVAILABLE in 18.56678867340088
2019-11-20 04:41:44.488 2789 RALLYDEBUG rally.task.utils [-] Waiting for resource s_rally_bef13a7c_2qjuvMFe. Status changed: AVAILABLE => DELETING in 0.056508541107177734
2019-11-20 04:41:46.060 2785 RALLYDEBUG rally.task.utils [-] Waiting for resource s_rally_bef13a7c_PGDHGn3M. Status changed: AVAILABLE => UPLOADING in 0.05556035041809082
2019-11-20 04:41:46.700 2789 INFO rally.task.runner [-] Task 879ed185-2a54-4ecc-a04e-49128aac8d60 | ITER: 6 END: OK
2019-11-20 04:41:50.372 2787 RALLYDEBUG rally.task.utils [-] Waiting for resource s_rally_bef13a7c_TKwokzG9. Status changed: UPLOADING => AVAILABLE in 8.245224952697754
2019-11-20 04:41:50.570 2787 RALLYDEBUG rally.task.utils [-] Waiting for resource s_rally_bef13a7c_TKwokzG9. Status changed: AVAILABLE => DELETING in 0.06594443321228027
2019-11-20 04:41:53.040 2787 INFO rally.task.runner [-] Task 879ed185-2a54-4ecc-a04e-49128aac8d60 | ITER: 9 END: OK
2019-11-20 04:41:54.338 2785 RALLYDEBUG rally.task.utils [-] Waiting for resource s_rally_bef13a7c_PGDHGn3M. Status changed: UPLOADING => AVAILABLE in 8.277791738510132
2019-11-20 04:41:54.533 2785 RALLYDEBUG rally.task.utils [-] Waiting for resource s_rally_bef13a7c_PGDHGn3M. Status changed: AVAILABLE => DELETING in 0.06354451179504395
2019-11-20 04:41:56.855 2785 INFO rally.task.runner [-] Task 879ed185-2a54-4ecc-a04e-49128aac8d60 | ITER: 10 END: OK
2019-11-20 04:41:56.884 1845 INFO rally.task.context [-] Task 879ed185-2a54-4ecc-a04e-49128aac8d60 | Context cleanup@openstack cleanup() started
2019-11-20 04:41:56.888 1845 RALLYDEBUG rally_openstack.cleanup.manager [-] Cleaning up cinder backups objects
2019-11-20 04:41:58.155 1845 RALLYDEBUG rally_openstack.cleanup.manager [-] Cleaning up cinder volume_snapshots objects
2019-11-20 04:41:59.321 1845 RALLYDEBUG rally_openstack.cleanup.manager [-] Cleaning up cinder transfers objects
2019-11-20 04:42:00.453 1845 RALLYDEBUG rally_openstack.cleanup.manager [-] Cleaning up cinder volumes objects
2019-11-20 04:42:01.659 1845 RALLYDEBUG rally_openstack.cleanup.manager [-] Cleaning up glance images objects
2019-11-20 04:42:02.946 1845 INFO rally.task.context [-] Task 879ed185-2a54-4ecc-a04e-49128aac8d60 | Context cleanup@openstack cleanup() finished in 6.06 sec
2019-11-20 04:42:02.947 1845 INFO rally.task.context [-] Task 879ed185-2a54-4ecc-a04e-49128aac8d60 | Context quotas@openstack cleanup() started
2019-11-20 04:42:03.021 1845 INFO rally.task.context [-] Task 879ed185-2a54-4ecc-a04e-49128aac8d60 | Context quotas@openstack cleanup() finished in 73.72 msec
2019-11-20 04:42:03.021 1845 INFO rally.task.context [-] Task 879ed185-2a54-4ecc-a04e-49128aac8d60 | Context api_versions@openstack cleanup() started
2019-11-20 04:42:03.022 1845 INFO rally.task.context [-] Task 879ed185-2a54-4ecc-a04e-49128aac8d60 | Context api_versions@openstack cleanup() finished in 0.34 msec
2019-11-20 04:42:03.022 1845 INFO rally.task.context [-] Task 879ed185-2a54-4ecc-a04e-49128aac8d60 | Context users@openstack cleanup() started
2019-11-20 04:42:07.116 1845 INFO rally.task.context [-] Task 879ed185-2a54-4ecc-a04e-49128aac8d60 | Context users@openstack cleanup() finished in 4.09 sec
2019-11-20 04:42:08.602 1845 INFO rally.task.engine [-] Load duration is: 50.310708
2019-11-20 04:42:08.603 1845 INFO rally.task.engine [-] Full runner duration is: 50.962818
2019-11-20 04:42:08.603 1845 INFO rally.task.engine [-] Full duration is: 64.82332
2019-11-20 04:42:08.916 1845 INFO rally.task.engine [-] Running workload: position = 0 config = { "version": 2, "title": "A cropped version of a bigger task.", "description": "Auto-generated task from a single workload (uuid=474f1e80-4de0-4044-a3d3-f6cc0b6b6003)", "subtasks": [ { "title": "CinderVolumes.create_nested_snapshots_and_attach_volume", "description": "Create a volume from snapshot and attach/detach the volume", "scenario": { "CinderVolumes.create_nested_snapshots_and_attach_volume": { "flavor": { "name": "rally_full-flavor_7c3785c0-1203-4471-b106-35e78a08fc6a" }, "image": { "name": "rally_full-img_7c3785c0-1203-4471-b106-35e78a08fc6a" }, "nested_level": 1, "size": { "max": 1, "min": 1 }, "create_vm_params": { "nics": [ { "net-id": "0fe1c3e1-d88f-4d85-b194-264580ed00cf" } ] } } }, "contexts": { "users": { "tenants": 3, "users_per_tenant": 2 }, "quotas": { "cinder": { "gigabytes": -1, "snapshots": -1, "volumes": -1 } }, "api_versions": { "cinder": { "version": 3, "service_type": "volumev3" } } }, "runner": { "constant": { "concurrency": 4, "times": 10 } }, "hooks": [], "sla": { "failure_rate": { "max": 0 } } } ] }
2019-11-20 04:42:08.942 1845 RALLYDEBUG rally_openstack.contexts.keystone.users [-] Creating 3 tenants using 20 threads
2019-11-20 04:42:09.893 1845 RALLYDEBUG rally_openstack.contexts.keystone.users [-] Creating 6 users using 20 threads
2019-11-20 04:42:11.402 1845 INFO rally.task.context [-] Task 879ed185-2a54-4ecc-a04e-49128aac8d60 | Context users@openstack setup() finished in 2.46 sec
2019-11-20 04:42:11.801 1845 INFO rally.task.context [-] Task 879ed185-2a54-4ecc-a04e-49128aac8d60 | Context api_versions@openstack setup() finished in 0.40 sec
2019-11-20 04:42:12.645 1845 INFO rally.task.context [-] Task 879ed185-2a54-4ecc-a04e-49128aac8d60 | Context quotas@openstack setup() finished in 0.84 sec
2019-11-20 04:42:12.645 1845 INFO rally.task.context [-] Task 879ed185-2a54-4ecc-a04e-49128aac8d60 | Context cleanup@openstack setup() finished in 0.01 msec
2019-11-20 04:42:13.608 1845 RALLYDEBUG rally.task.runner [-] Starting the constant runner (task UUID: 879ed185-2a54-4ecc-a04e-49128aac8d60). times: 10 concurrency: 4 timeout: 0 max_cpu_used: 16 processes_to_start: 4 concurrency_per_worker: 1 concurrency_overhead: 0
2019-11-20 04:42:13.621 2989 RALLYDEBUG rally.task.runner [-] Starting a worker. times: 10 duration: None concurrency: 1 timeout: 0 cls: method_name: run args: {"flavor": "a07fb885-fbe6-45e6-b952-7a60dc9e803d", "image": "02d7d2af-9e24-4e53-9730-a3e0913f2d95", "nested_level": 1, "size": {"max": 1, "min": 1}, "create_vm_params": {"nics": [{"net-id": "0fe1c3e1-d88f-4d85-b194-264580ed00cf"}]}}
2019-11-20 04:42:13.624 2990 RALLYDEBUG rally.task.runner [-] Starting a worker. times: 10 duration: None concurrency: 1 timeout: 0 cls: method_name: run args: {"flavor": "a07fb885-fbe6-45e6-b952-7a60dc9e803d", "image": "02d7d2af-9e24-4e53-9730-a3e0913f2d95", "nested_level": 1, "size": {"max": 1, "min": 1}, "create_vm_params": {"nics": [{"net-id": "0fe1c3e1-d88f-4d85-b194-264580ed00cf"}]}}
2019-11-20 04:42:13.628 2989 INFO rally.task.runner [-] Task 879ed185-2a54-4ecc-a04e-49128aac8d60 | ITER: 1 START
2019-11-20 04:42:13.628 2991 RALLYDEBUG rally.task.runner [-] Starting a worker. times: 10 duration: None concurrency: 1 timeout: 0 cls: method_name: run args: {"flavor": "a07fb885-fbe6-45e6-b952-7a60dc9e803d", "image": "02d7d2af-9e24-4e53-9730-a3e0913f2d95", "nested_level": 1, "size": {"max": 1, "min": 1}, "create_vm_params": {"nics": [{"net-id": "0fe1c3e1-d88f-4d85-b194-264580ed00cf"}]}}
2019-11-20 04:42:13.631 2990 INFO rally.task.runner [-] Task 879ed185-2a54-4ecc-a04e-49128aac8d60 | ITER: 2 START
2019-11-20 04:42:13.632 2993 RALLYDEBUG rally.task.runner [-] Starting a worker. times: 10 duration: None concurrency: 1 timeout: 0 cls: method_name: run args: {"flavor": "a07fb885-fbe6-45e6-b952-7a60dc9e803d", "image": "02d7d2af-9e24-4e53-9730-a3e0913f2d95", "nested_level": 1, "size": {"max": 1, "min": 1}, "create_vm_params": {"nics": [{"net-id": "0fe1c3e1-d88f-4d85-b194-264580ed00cf"}]}}
2019-11-20 04:42:13.635 2991 INFO rally.task.runner [-] Task 879ed185-2a54-4ecc-a04e-49128aac8d60 | ITER: 3 START
2019-11-20 04:42:13.639 2993 INFO rally.task.runner [-] Task 879ed185-2a54-4ecc-a04e-49128aac8d60 | ITER: 4 START
2019-11-20 04:42:21.011 2989 RALLYDEBUG rally.task.utils [-] Waiting for resource s_rally_474f1e80_fGUQRf2T. Status changed: BUILD => ACTIVE in 4.686558723449707
2019-11-20 04:42:21.274 2993 RALLYDEBUG rally.task.utils [-] Waiting for resource s_rally_474f1e80_kL875q9s. Status changed: BUILD => ACTIVE in 4.9759180545806885
2019-11-20 04:42:23.277 2991 RALLYDEBUG rally.task.utils [-] Waiting for resource s_rally_474f1e80_275McbQi. Status changed: BUILD => ACTIVE in 7.127899646759033
2019-11-20 04:42:25.767 2990 RALLYDEBUG rally.task.utils [-] Waiting for resource s_rally_474f1e80_14YxZwrA. Status changed: BUILD => ACTIVE in 9.709916830062866
2019-11-20 04:42:26.261 2989 RALLYDEBUG rally.task.utils [-] Waiting for resource s_rally_474f1e80_5YBO5ZG8. Status changed: AVAILABLE => RESERVED in 0.399399995803833
2019-11-20 04:42:26.597 2993 RALLYDEBUG rally.task.utils [-] Waiting for resource s_rally_474f1e80_9VQfNjaL. Status changed: AVAILABLE => RESERVED in 0.3966531753540039
2019-11-20 04:42:28.620 2991 RALLYDEBUG rally.task.utils [-] Waiting for resource s_rally_474f1e80_BTES9V7A. Status changed: AVAILABLE => RESERVED in 0.4887211322784424
2019-11-20 04:42:28.657 2989 RALLYDEBUG rally.task.utils [-] Waiting for resource s_rally_474f1e80_5YBO5ZG8. Status changed: RESERVED => IN-USE in 2.396090507507324
2019-11-20 04:42:28.999 2993 RALLYDEBUG rally.task.utils [-] Waiting for resource s_rally_474f1e80_9VQfNjaL. Status changed: RESERVED => IN-USE in 2.40164852142334
2019-11-20 04:42:29.274 2989 RALLYDEBUG rally.task.utils [-] Waiting for resource s_rally_474f1e80_5YBO5ZG8. Status changed: AVAILABLE => DETACHING in 0.41536569595336914
2019-11-20 04:42:29.634 2993 RALLYDEBUG rally.task.utils [-] Waiting for resource s_rally_474f1e80_9VQfNjaL. Status changed: AVAILABLE => DETACHING in 0.41779494285583496
2019-11-20 04:42:30.958 2990 RALLYDEBUG rally.task.utils [-] Waiting for resource s_rally_474f1e80_vMt1lIZZ. Status changed: AVAILABLE => RESERVED in 0.41039395332336426
2019-11-20 04:42:31.031 2991 RALLYDEBUG rally.task.utils [-] Waiting for resource s_rally_474f1e80_BTES9V7A. Status changed: RESERVED => IN-USE in 2.4114720821380615
2019-11-20 04:42:31.579 2991 RALLYDEBUG rally.task.utils [-] Waiting for resource s_rally_474f1e80_BTES9V7A. Status changed: AVAILABLE => DETACHING in 0.3982384204864502
2019-11-20 04:42:31.662 2989 RALLYDEBUG rally.task.utils [-] Waiting for resource s_rally_474f1e80_5YBO5ZG8. Status changed: DETACHING => AVAILABLE in 2.3883180618286133
2019-11-20 04:42:31.742 2989 RALLYDEBUG rally.task.utils [-] Waiting for resource s_rally_474f1e80_8zdN8mzl. Status changed: AVAILABLE => DELETING in 0.025411605834960938
2019-11-20 04:42:32.038 2993 RALLYDEBUG rally.task.utils [-] Waiting for resource s_rally_474f1e80_9VQfNjaL. Status changed: DETACHING => AVAILABLE in 2.403942346572876
2019-11-20 04:42:32.133 2993 RALLYDEBUG rally.task.utils [-] Waiting for resource s_rally_474f1e80_6batDqLC. Status changed: AVAILABLE => DELETING in 0.026714801788330078
2019-11-20 04:42:33.375 2990 RALLYDEBUG rally.task.utils [-] Waiting for resource s_rally_474f1e80_vMt1lIZZ. Status changed: RESERVED => IN-USE in 2.416835069656372
2019-11-20 04:42:33.896 2989 RALLYDEBUG rally.task.utils [-] Waiting for resource s_rally_474f1e80_5YBO5ZG8. Status changed: AVAILABLE => DELETING in 0.06199979782104492
2019-11-20 04:42:33.954 2990 RALLYDEBUG rally.task.utils [-] Waiting for resource s_rally_474f1e80_vMt1lIZZ. Status changed: AVAILABLE => DETACHING in 0.4283919334411621
2019-11-20 04:42:34.008 2991 RALLYDEBUG rally.task.utils [-] Waiting for resource s_rally_474f1e80_BTES9V7A. Status changed: DETACHING => AVAILABLE in 2.4289801120758057
2019-11-20 04:42:34.100 2991 RALLYDEBUG rally.task.utils [-] Waiting for resource s_rally_474f1e80_lAscM5Nq. Status changed: AVAILABLE => DELETING in 0.03189420700073242
2019-11-20 04:42:34.309 2993 RALLYDEBUG rally.task.utils [-] Waiting for resource s_rally_474f1e80_9VQfNjaL. Status changed: AVAILABLE => DELETING in 0.06797599792480469
2019-11-20 04:42:36.245 2991 RALLYDEBUG rally.task.utils [-] Waiting for resource s_rally_474f1e80_BTES9V7A. Status changed: AVAILABLE => DELETING in 0.05207705497741699
2019-11-20 04:42:36.370 2990 RALLYDEBUG rally.task.utils [-] Waiting for resource s_rally_474f1e80_vMt1lIZZ. Status changed: DETACHING => AVAILABLE in 2.4166529178619385
2019-11-20 04:42:36.457 2990 RALLYDEBUG rally.task.utils [-] Waiting for resource s_rally_474f1e80_XSEwUnGZ. Status changed: AVAILABLE => DELETING in 0.024790048599243164
2019-11-20 04:42:38.389 2989 INFO rally.task.runner [-] Task 879ed185-2a54-4ecc-a04e-49128aac8d60 | ITER: 1 END: OK
2019-11-20 04:42:38.396 2989 INFO rally.task.runner [-] Task 879ed185-2a54-4ecc-a04e-49128aac8d60 | ITER: 5 START
2019-11-20 04:42:38.601 2990 RALLYDEBUG rally.task.utils [-] Waiting for resource s_rally_474f1e80_vMt1lIZZ. Status changed: AVAILABLE => DELETING in 0.055707693099975586
2019-11-20 04:42:38.873 2993 INFO rally.task.runner [-] Task 879ed185-2a54-4ecc-a04e-49128aac8d60 | ITER: 4 END: OK
2019-11-20 04:42:38.881 2993 INFO rally.task.runner [-] Task 879ed185-2a54-4ecc-a04e-49128aac8d60 | ITER: 6 START
2019-11-20 04:42:40.916 2991 INFO rally.task.runner [-] Task 879ed185-2a54-4ecc-a04e-49128aac8d60 | ITER: 3 END: OK
2019-11-20 04:42:40.922 2991 INFO rally.task.runner [-] Task 879ed185-2a54-4ecc-a04e-49128aac8d60 | ITER: 7 START
2019-11-20 04:42:42.981 2990 INFO rally.task.runner [-] Task 879ed185-2a54-4ecc-a04e-49128aac8d60 | ITER: 2 END: OK
2019-11-20 04:42:42.988 2990 INFO rally.task.runner [-] Task 879ed185-2a54-4ecc-a04e-49128aac8d60 | ITER: 8 START
2019-11-20 04:42:45.447 2989 RALLYDEBUG rally.task.utils [-] Waiting for resource s_rally_474f1e80_aJKyrygo. Status changed: BUILD => ACTIVE in 4.670650482177734
2019-11-20 04:42:48.240 2993 RALLYDEBUG rally.task.utils [-] Waiting for resource s_rally_474f1e80_5WvzkNGg. Status changed: BUILD => ACTIVE in 6.79238486289978
2019-11-20 04:42:50.116 2990 RALLYDEBUG rally.task.utils [-] Waiting for resource s_rally_474f1e80_n5prAQFU. Status changed: BUILD => ACTIVE in 4.977785110473633
2019-11-20 04:42:50.278 2991 RALLYDEBUG rally.task.utils [-] Waiting for resource s_rally_474f1e80_Y8bE9Muq. Status changed: BUILD => ACTIVE in 7.022000789642334
2019-11-20 04:42:50.695 2989 RALLYDEBUG rally.task.utils [-] Waiting for resource s_rally_474f1e80_Mt8d8stB. Status changed: AVAILABLE => RESERVED in 0.40066003799438477
2019-11-20 04:42:53.094 2989 RALLYDEBUG rally.task.utils [-] Waiting for resource s_rally_474f1e80_Mt8d8stB. Status changed: RESERVED => IN-USE in 2.3989014625549316
2019-11-20 04:42:53.660 2989 RALLYDEBUG rally.task.utils [-] Waiting for resource s_rally_474f1e80_Mt8d8stB. Status changed: AVAILABLE => DETACHING in 0.40523457527160645
2019-11-20 04:42:53.908 2993 RALLYDEBUG rally.task.utils [-] Waiting for resource s_rally_474f1e80_D1hhmUR6. Status changed: AVAILABLE => RESERVED in 0.41028761863708496
2019-11-20 04:42:55.385 2990 RALLYDEBUG rally.task.utils [-] Waiting for resource s_rally_474f1e80_Ubm6PjKw. Status changed: AVAILABLE => RESERVED in 0.4058241844177246
2019-11-20 04:42:55.695 2991 RALLYDEBUG rally.task.utils [-] Waiting for resource s_rally_474f1e80_QsgrxeUS. Status changed: AVAILABLE => RESERVED in 0.3968486785888672
2019-11-20 04:42:56.059 2989 RALLYDEBUG rally.task.utils [-] Waiting for resource s_rally_474f1e80_Mt8d8stB. Status changed: DETACHING => AVAILABLE in 2.3999719619750977
2019-11-20 04:42:56.142 2989 RALLYDEBUG rally.task.utils [-] Waiting for resource s_rally_474f1e80_6DopIVP1. Status changed: AVAILABLE => DELETING in 0.0256650447845459
2019-11-20 04:42:56.311 2993 RALLYDEBUG rally.task.utils [-] Waiting for resource s_rally_474f1e80_D1hhmUR6. Status changed: RESERVED => IN-USE in 2.4036741256713867
2019-11-20 04:42:56.925 2993 RALLYDEBUG rally.task.utils [-] Waiting for resource s_rally_474f1e80_D1hhmUR6. Status changed: AVAILABLE => DETACHING in 0.39902710914611816
2019-11-20 04:42:57.801 2990 RALLYDEBUG rally.task.utils [-] Waiting for resource s_rally_474f1e80_Ubm6PjKw. Status changed: RESERVED => IN-USE in 2.4167160987854004
2019-11-20 04:42:58.110 2991 RALLYDEBUG rally.task.utils [-] Waiting for resource s_rally_474f1e80_QsgrxeUS. Status changed: RESERVED => IN-USE in 2.414716958999634
2019-11-20 04:42:58.276 2989 RALLYDEBUG rally.task.utils [-] Waiting for resource s_rally_474f1e80_Mt8d8stB. Status changed: AVAILABLE => DELETING in 0.052336931228637695
2019-11-20 04:42:58.539 2990 RALLYDEBUG rally.task.utils [-] Waiting for resource s_rally_474f1e80_Ubm6PjKw. Status changed: AVAILABLE => DETACHING in 0.5586361885070801
2019-11-20 04:42:58.727 2991 RALLYDEBUG rally.task.utils [-] Waiting for resource s_rally_474f1e80_QsgrxeUS. Status changed: AVAILABLE => DETACHING in 0.40335583686828613
2019-11-20 04:42:59.344 2993 RALLYDEBUG rally.task.utils [-] Waiting for resource s_rally_474f1e80_D1hhmUR6. Status changed: DETACHING => AVAILABLE in 2.418726682662964
2019-11-20 04:42:59.433 2993 RALLYDEBUG rally.task.utils [-] Waiting for resource s_rally_474f1e80_ACtYrjEy. Status changed: AVAILABLE => DELETING in 0.026978015899658203
2019-11-20 04:43:00.971 2990 RALLYDEBUG rally.task.utils [-] Waiting for resource s_rally_474f1e80_Ubm6PjKw. Status changed: DETACHING => AVAILABLE in 2.432055950164795
2019-11-20 04:43:01.067 2990 RALLYDEBUG rally.task.utils [-] Waiting for resource s_rally_474f1e80_Mu4yXMPw. Status changed: AVAILABLE => DELETING in 0.03616762161254883
2019-11-20 04:43:01.146 2991 RALLYDEBUG rally.task.utils [-] Waiting for resource s_rally_474f1e80_QsgrxeUS. Status changed: DETACHING => AVAILABLE in 2.4192957878112793
2019-11-20 04:43:01.249 2991 RALLYDEBUG rally.task.utils [-] Waiting for resource s_rally_474f1e80_a2JL4V0W. Status changed: AVAILABLE => DELETING in 0.033620595932006836
2019-11-20 04:43:01.577 2993 RALLYDEBUG rally.task.utils [-] Waiting for resource s_rally_474f1e80_D1hhmUR6. Status changed: AVAILABLE => DELETING in 0.055135250091552734
2019-11-20 04:43:02.750 2989 INFO rally.task.runner [-] Task 879ed185-2a54-4ecc-a04e-49128aac8d60 | ITER: 5 END: OK
2019-11-20 04:43:02.755 2989 INFO rally.task.runner [-] Task 879ed185-2a54-4ecc-a04e-49128aac8d60 | ITER: 9 START
2019-11-20 04:43:03.225 2990 RALLYDEBUG rally.task.utils [-] Waiting for resource s_rally_474f1e80_Ubm6PjKw. Status changed: AVAILABLE => DELETING in 0.06981801986694336
2019-11-20 04:43:03.403 2991 RALLYDEBUG rally.task.utils [-] Waiting for resource s_rally_474f1e80_QsgrxeUS. Status changed: AVAILABLE => DELETING in 0.0706174373626709
2019-11-20 04:43:06.050 2993 INFO rally.task.runner [-] Task 879ed185-2a54-4ecc-a04e-49128aac8d60 | ITER: 6 END: OK
2019-11-20 04:43:06.054 2993 INFO rally.task.runner [-] Task 879ed185-2a54-4ecc-a04e-49128aac8d60 | ITER: 10 START
2019-11-20 04:43:07.574 2990 INFO rally.task.runner [-] Task 879ed185-2a54-4ecc-a04e-49128aac8d60 | ITER: 8 END: OK
2019-11-20 04:43:07.885 2991 INFO rally.task.runner [-] Task 879ed185-2a54-4ecc-a04e-49128aac8d60 | ITER: 7 END: OK
2019-11-20 04:43:09.558 2989 RALLYDEBUG rally.task.utils [-] Waiting for resource s_rally_474f1e80_DHqsOGla. Status changed: BUILD => ACTIVE in 4.4990785121917725
2019-11-20 04:43:13.104 2993 RALLYDEBUG rally.task.utils [-] Waiting for resource s_rally_474f1e80_6KMzEVSH. Status changed: BUILD => ACTIVE in 4.8088061809539795
2019-11-20 04:43:14.821 2989 RALLYDEBUG rally.task.utils [-] Waiting for resource s_rally_474f1e80_1Qg3QjSt. Status changed: AVAILABLE => RESERVED in 0.4370710849761963
2019-11-20 04:43:17.256 2989 RALLYDEBUG rally.task.utils [-] Waiting for resource s_rally_474f1e80_1Qg3QjSt. Status changed: RESERVED => IN-USE in 2.4346354007720947
2019-11-20 04:43:17.854 2989 RALLYDEBUG rally.task.utils [-] Waiting for resource s_rally_474f1e80_1Qg3QjSt. Status changed: AVAILABLE => DETACHING in 0.4178957939147949
2019-11-20 04:43:18.350 2993 RALLYDEBUG rally.task.utils [-] Waiting for resource s_rally_474f1e80_0etoLlfp. Status changed: AVAILABLE => RESERVED in 0.4316534996032715
2019-11-20 04:43:20.269 2989 RALLYDEBUG rally.task.utils [-] Waiting for resource s_rally_474f1e80_1Qg3QjSt. Status changed: DETACHING => AVAILABLE in 2.415364980697632
2019-11-20 04:43:20.381 2989 RALLYDEBUG rally.task.utils [-] Waiting for resource s_rally_474f1e80_yd2wyZsL. Status changed: AVAILABLE => DELETING in 0.03630518913269043
2019-11-20 04:43:20.785 2993 RALLYDEBUG rally.task.utils [-] Waiting for resource s_rally_474f1e80_0etoLlfp. Status changed: RESERVED => IN-USE in 2.435044527053833
2019-11-20 04:43:21.554 2993 RALLYDEBUG rally.task.utils [-] Waiting for resource s_rally_474f1e80_0etoLlfp. Status changed: AVAILABLE => DETACHING in 0.42559099197387695
2019-11-20 04:43:22.543 2989 RALLYDEBUG rally.task.utils [-] Waiting for resource s_rally_474f1e80_1Qg3QjSt. Status changed: AVAILABLE => DELETING in 0.06302213668823242
2019-11-20 04:43:23.974 2993 RALLYDEBUG rally.task.utils [-] Waiting for resource s_rally_474f1e80_0etoLlfp. Status changed: DETACHING => AVAILABLE in 2.4202146530151367
2019-11-20 04:43:24.063 2993 RALLYDEBUG rally.task.utils [-] Waiting for resource s_rally_474f1e80_yWxX59kZ. Status changed: AVAILABLE => DELETING in 0.028981685638427734
2019-11-20 04:43:26.214 2993 RALLYDEBUG rally.task.utils [-] Waiting for resource s_rally_474f1e80_0etoLlfp. Status changed: AVAILABLE => DELETING in 0.05628776550292969
2019-11-20 04:43:26.948 2989 INFO rally.task.runner [-] Task 879ed185-2a54-4ecc-a04e-49128aac8d60 | ITER: 9 END: OK
2019-11-20 04:43:30.761 2993 INFO rally.task.runner [-] Task 879ed185-2a54-4ecc-a04e-49128aac8d60 | ITER: 10 END: OK
2019-11-20 04:43:30.793 1845 INFO rally.task.context [-] Task 879ed185-2a54-4ecc-a04e-49128aac8d60 | Context cleanup@openstack cleanup() started
2019-11-20 04:43:30.798 1845 RALLYDEBUG rally_openstack.cleanup.manager [-] Cleaning up nova servers objects
2019-11-20 04:43:32.101 1845 RALLYDEBUG rally_openstack.cleanup.manager [-] Cleaning up nova server_groups objects
2019-11-20 04:43:33.229 1845 RALLYDEBUG rally_openstack.cleanup.manager [-] Cleaning up nova keypairs objects
2019-11-20 04:43:35.517 1845 RALLYDEBUG rally_openstack.cleanup.manager [-] Cleaning up cinder backups objects
2019-11-20 04:43:36.666 1845 RALLYDEBUG rally_openstack.cleanup.manager [-] Cleaning up cinder volume_snapshots objects
2019-11-20 04:43:37.822 1845 RALLYDEBUG rally_openstack.cleanup.manager [-] Cleaning up cinder transfers objects
2019-11-20 04:43:38.944 1845 RALLYDEBUG rally_openstack.cleanup.manager [-] Cleaning up cinder volumes objects
2019-11-20 04:43:40.147 1845 INFO rally.task.context [-] Task 879ed185-2a54-4ecc-a04e-49128aac8d60 | Context cleanup@openstack cleanup() finished in 9.35 sec
2019-11-20 04:43:40.148 1845 INFO rally.task.context [-] Task 879ed185-2a54-4ecc-a04e-49128aac8d60 | Context quotas@openstack cleanup() started
2019-11-20 04:43:40.219 1845 INFO rally.task.context [-] Task 879ed185-2a54-4ecc-a04e-49128aac8d60 | Context quotas@openstack cleanup() finished in 71.13 msec
2019-11-20 04:43:40.220 1845 INFO rally.task.context [-] Task 879ed185-2a54-4ecc-a04e-49128aac8d60 | Context api_versions@openstack cleanup() started
2019-11-20 04:43:40.220 1845 INFO rally.task.context [-] Task 879ed185-2a54-4ecc-a04e-49128aac8d60 | Context api_versions@openstack cleanup() finished in 0.34 msec
2019-11-20 04:43:40.220 1845 INFO rally.task.context [-] Task 879ed185-2a54-4ecc-a04e-49128aac8d60 | Context users@openstack cleanup() started
2019-11-20 04:43:44.139 1845 INFO rally.task.context [-] Task 879ed185-2a54-4ecc-a04e-49128aac8d60 | Context users@openstack cleanup() finished in 3.92 sec
2019-11-20 04:43:45.378 1845 INFO rally.task.engine [-] Load duration is: 76.12745
2019-11-20 04:43:45.378 1845 INFO rally.task.engine [-] Full runner duration is: 77.184801
2019-11-20 04:43:45.379 1845 INFO rally.task.engine [-] Full duration is: 95.199579
2019-11-20 04:43:45.761 1845 INFO rally.task.engine [-] Running workload: position = 0 config = { "version": 2, "title": "A cropped version of a bigger task.", "description": "Auto-generated task from a single workload (uuid=9d9c5a4a-5663-451b-b3e0-374fe89dbd85)", "subtasks": [ { "title": "CinderVolumes.create_snapshot_and_attach_volume", "description": "Create vm, volume, snapshot and attach/detach volume.", "scenario": { "CinderVolumes.create_snapshot_and_attach_volume": { "flavor": { "name": "rally_full-flavor_7c3785c0-1203-4471-b106-35e78a08fc6a" }, "image": { "name": "rally_full-img_7c3785c0-1203-4471-b106-35e78a08fc6a" }, "size": { "min": 1, "max": 1 }, "create_vm_params": { "nics": [ { "net-id": "0fe1c3e1-d88f-4d85-b194-264580ed00cf" } ] } } }, "contexts": { "users": { "tenants": 3, "users_per_tenant": 2 }, "quotas": { "cinder": { "gigabytes": -1, "snapshots": -1, "volumes": -1 } }, "api_versions": { "cinder": { "version": 3, "service_type": "volumev3" } } }, "runner": { "constant": { "concurrency": 4, "times": 10 } }, "hooks": [], "sla": { "failure_rate": { "max": 0 } } } ] }
2019-11-20 04:43:45.788 1845 RALLYDEBUG rally_openstack.contexts.keystone.users [-] Creating 3 tenants using 20 threads
2019-11-20 04:43:46.789 1845 RALLYDEBUG rally_openstack.contexts.keystone.users [-] Creating 6 users using 20 threads
2019-11-20 04:43:48.368 1845 INFO rally.task.context [-] Task 879ed185-2a54-4ecc-a04e-49128aac8d60 | Context users@openstack setup() finished in 2.58 sec
2019-11-20 04:43:48.760 1845 INFO rally.task.context [-] Task 879ed185-2a54-4ecc-a04e-49128aac8d60 | Context api_versions@openstack setup() finished in 0.39 sec
2019-11-20 04:43:49.588 1845 INFO rally.task.context [-] Task 879ed185-2a54-4ecc-a04e-49128aac8d60 | Context quotas@openstack setup() finished in 0.83 sec
2019-11-20 04:43:49.589 1845 INFO rally.task.context [-] Task 879ed185-2a54-4ecc-a04e-49128aac8d60 | Context cleanup@openstack setup() finished in 0.02 msec
2019-11-20 04:43:50.558 1845 RALLYDEBUG rally.task.runner [-] Starting the constant runner (task UUID: 879ed185-2a54-4ecc-a04e-49128aac8d60). times: 10 concurrency: 4 timeout: 0 max_cpu_used: 16 processes_to_start: 4 concurrency_per_worker: 1 concurrency_overhead: 0
2019-11-20 04:43:50.570 3233 RALLYDEBUG rally.task.runner [-] Starting a worker. times: 10 duration: None concurrency: 1 timeout: 0 cls: method_name: run args: {"flavor": "a07fb885-fbe6-45e6-b952-7a60dc9e803d", "image": "02d7d2af-9e24-4e53-9730-a3e0913f2d95", "size": {"min": 1, "max": 1}, "create_vm_params": {"nics": [{"net-id": "0fe1c3e1-d88f-4d85-b194-264580ed00cf"}]}}
2019-11-20 04:43:50.574 3234 RALLYDEBUG rally.task.runner [-] Starting a worker. times: 10 duration: None concurrency: 1 timeout: 0 cls: method_name: run args: {"flavor": "a07fb885-fbe6-45e6-b952-7a60dc9e803d", "image": "02d7d2af-9e24-4e53-9730-a3e0913f2d95", "size": {"min": 1, "max": 1}, "create_vm_params": {"nics": [{"net-id": "0fe1c3e1-d88f-4d85-b194-264580ed00cf"}]}}
2019-11-20 04:43:50.578 3233 INFO rally.task.runner [-] Task 879ed185-2a54-4ecc-a04e-49128aac8d60 | ITER: 1 START
2019-11-20 04:43:50.577 3235 RALLYDEBUG rally.task.runner [-] Starting a worker. times: 10 duration: None concurrency: 1 timeout: 0 cls: method_name: run args: {"flavor": "a07fb885-fbe6-45e6-b952-7a60dc9e803d", "image": "02d7d2af-9e24-4e53-9730-a3e0913f2d95", "size": {"min": 1, "max": 1}, "create_vm_params": {"nics": [{"net-id": "0fe1c3e1-d88f-4d85-b194-264580ed00cf"}]}}
2019-11-20 04:43:50.581 3234 INFO rally.task.runner [-] Task 879ed185-2a54-4ecc-a04e-49128aac8d60 | ITER: 2 START
2019-11-20 04:43:50.581 3236 RALLYDEBUG rally.task.runner [-] Starting a worker. times: 10 duration: None concurrency: 1 timeout: 0 cls: method_name: run args: {"flavor": "a07fb885-fbe6-45e6-b952-7a60dc9e803d", "image": "02d7d2af-9e24-4e53-9730-a3e0913f2d95", "size": {"min": 1, "max": 1}, "create_vm_params": {"nics": [{"net-id": "0fe1c3e1-d88f-4d85-b194-264580ed00cf"}]}}
2019-11-20 04:43:50.584 3235 INFO rally.task.runner [-] Task 879ed185-2a54-4ecc-a04e-49128aac8d60 | ITER: 3 START
2019-11-20 04:43:50.588 3236 INFO rally.task.runner [-] Task 879ed185-2a54-4ecc-a04e-49128aac8d60 | ITER: 4 START
2019-11-20 04:44:02.341 3236 RALLYDEBUG rally.task.utils [-] Waiting for resource s_rally_9d9c5a4a_bRmTa1d2. Status changed: BUILD => ACTIVE in 4.785346984863281
2019-11-20 04:44:02.586 3233 RALLYDEBUG rally.task.utils [-] Waiting for resource s_rally_9d9c5a4a_1sSDxuLX. Status changed: BUILD => ACTIVE in 4.966283082962036
2019-11-20 04:44:03.011 3236 RALLYDEBUG rally.task.utils [-] Waiting for resource s_rally_9d9c5a4a_S23qxnP2. Status changed: AVAILABLE => RESERVED in 0.4115018844604492
2019-11-20 04:44:03.238 3233 RALLYDEBUG rally.task.utils [-] Waiting for resource s_rally_9d9c5a4a_fDjXIUBe. Status changed: AVAILABLE => RESERVED in 0.39730024337768555
2019-11-20 04:44:04.449 3234 RALLYDEBUG rally.task.utils [-] Waiting for resource s_rally_9d9c5a4a_HGKlDFRf. Status changed: BUILD => ACTIVE in 6.849446058273315
2019-11-20 04:44:04.659 3235 RALLYDEBUG rally.task.utils [-] Waiting for resource s_rally_9d9c5a4a_QCrRTIYP. Status changed: BUILD => ACTIVE in 7.1111109256744385
2019-11-20 04:44:05.112 3234 RALLYDEBUG rally.task.utils [-] Waiting for resource s_rally_9d9c5a4a_YR6P7Z7A. Status changed: AVAILABLE => RESERVED in 0.3971424102783203
2019-11-20 04:44:05.411 3236 RALLYDEBUG rally.task.utils [-] Waiting for resource s_rally_9d9c5a4a_S23qxnP2. Status changed: RESERVED => IN-USE in 2.399810314178467
2019-11-20 04:44:05.644 3233 RALLYDEBUG rally.task.utils [-] Waiting for resource s_rally_9d9c5a4a_fDjXIUBe. Status changed: RESERVED => IN-USE in 2.4053537845611572
2019-11-20 04:44:05.681 3235 RALLYDEBUG rally.task.utils [-] Waiting for resource s_rally_9d9c5a4a_OPGk18fD. Status changed: AVAILABLE => RESERVED in 0.40937280654907227
2019-11-20 04:44:05.965 3236 RALLYDEBUG rally.task.utils [-] Waiting for resource s_rally_9d9c5a4a_S23qxnP2. Status changed: AVAILABLE => DETACHING in 0.4056110382080078
2019-11-20 04:44:06.189 3233 RALLYDEBUG rally.task.utils [-] Waiting for resource s_rally_9d9c5a4a_fDjXIUBe. Status changed: AVAILABLE => DETACHING in 0.4026157855987549
2019-11-20 04:44:07.525 3234 RALLYDEBUG rally.task.utils [-] Waiting for resource s_rally_9d9c5a4a_YR6P7Z7A. Status changed: RESERVED => IN-USE in 2.4125611782073975
2019-11-20 04:44:08.080 3234 RALLYDEBUG rally.task.utils [-] Waiting for resource s_rally_9d9c5a4a_YR6P7Z7A. Status changed: AVAILABLE => DETACHING in 0.3992187976837158
2019-11-20 04:44:08.088 3235 RALLYDEBUG rally.task.utils [-] Waiting for resource s_rally_9d9c5a4a_OPGk18fD. Status changed: RESERVED => IN-USE in 2.40616774559021
2019-11-20 04:44:08.364 3236 RALLYDEBUG rally.task.utils [-] Waiting for resource s_rally_9d9c5a4a_S23qxnP2. Status changed: DETACHING => AVAILABLE in 2.398557662963867
2019-11-20 04:44:08.447 3236 RALLYDEBUG rally.task.utils [-] Waiting for resource s_rally_9d9c5a4a_jAAfMDMP. Status changed: AVAILABLE => DELETING in 0.025987863540649414
2019-11-20 04:44:08.604 3233 RALLYDEBUG rally.task.utils [-] Waiting for resource s_rally_9d9c5a4a_fDjXIUBe. Status changed: DETACHING => AVAILABLE in 2.4149491786956787
2019-11-20 04:44:08.631 3235 RALLYDEBUG rally.task.utils [-] Waiting for resource s_rally_9d9c5a4a_OPGk18fD. Status changed: AVAILABLE => DETACHING in 0.39002108573913574
2019-11-20 04:44:08.684 3233 RALLYDEBUG rally.task.utils [-] Waiting for resource s_rally_9d9c5a4a_Jdy8dVdk. Status changed: AVAILABLE => DELETING in 0.024745941162109375
2019-11-20 04:44:10.497 3234 RALLYDEBUG rally.task.utils [-] Waiting for resource s_rally_9d9c5a4a_YR6P7Z7A. Status changed: DETACHING => AVAILABLE in 2.4169750213623047
2019-11-20 04:44:10.674 3234 RALLYDEBUG rally.task.utils [-] Waiting for resource s_rally_9d9c5a4a_e8IQKIoZ. Status changed: AVAILABLE => DELETING in 0.030847787857055664
2019-11-20 04:44:10.706 3236 RALLYDEBUG rally.task.utils [-] Waiting for resource s_rally_9d9c5a4a_S23qxnP2. Status changed: AVAILABLE => DELETING in 0.05721759796142578
2019-11-20 04:44:10.846 3233 RALLYDEBUG rally.task.utils [-] Waiting for resource s_rally_9d9c5a4a_fDjXIUBe. Status changed: AVAILABLE => DELETING in 0.054383039474487305
2019-11-20 04:44:11.335 3235 RALLYDEBUG rally.task.utils [-] Waiting for resource s_rally_9d9c5a4a_OPGk18fD. Status changed: DETACHING => AVAILABLE in 2.703348159790039
2019-11-20 04:44:11.424 3235 RALLYDEBUG rally.task.utils [-] Waiting for resource s_rally_9d9c5a4a_mxaUQLFn. Status changed: AVAILABLE => DELETING in 0.026102304458618164
2019-11-20 04:44:12.837 3234 RALLYDEBUG rally.task.utils [-] Waiting for resource s_rally_9d9c5a4a_YR6P7Z7A. Status changed: AVAILABLE => DELETING in 0.06358742713928223
2019-11-20 04:44:13.580 3235 RALLYDEBUG rally.task.utils [-] Waiting for resource s_rally_9d9c5a4a_OPGk18fD. Status changed: AVAILABLE => DELETING in 0.061188459396362305
2019-11-20 04:44:15.136 3236 INFO rally.task.runner [-] Task 879ed185-2a54-4ecc-a04e-49128aac8d60 | ITER: 4 END: OK
2019-11-20 04:44:15.141 3236 INFO rally.task.runner [-] Task 879ed185-2a54-4ecc-a04e-49128aac8d60 | ITER: 5 START
2019-11-20 04:44:15.304 3233 INFO rally.task.runner [-] Task 879ed185-2a54-4ecc-a04e-49128aac8d60 | ITER: 1 END: OK
2019-11-20 04:44:15.310 3233 INFO rally.task.runner [-] Task 879ed185-2a54-4ecc-a04e-49128aac8d60 | ITER: 6 START
2019-11-20 04:44:17.495 3234 INFO rally.task.runner [-] Task 879ed185-2a54-4ecc-a04e-49128aac8d60 | ITER: 2 END: OK
2019-11-20 04:44:17.501 3234 INFO rally.task.runner [-] Task 879ed185-2a54-4ecc-a04e-49128aac8d60 | ITER: 7 START
2019-11-20 04:44:18.185 3235 INFO rally.task.runner [-] Task 879ed185-2a54-4ecc-a04e-49128aac8d60 | ITER: 3 END: OK
2019-11-20 04:44:18.191 3235 INFO rally.task.runner [-] Task 879ed185-2a54-4ecc-a04e-49128aac8d60 | ITER: 8 START
2019-11-20 04:44:26.707 3233 RALLYDEBUG rally.task.utils [-] Waiting for resource s_rally_9d9c5a4a_pOqPDC2U. Status changed: BUILD => ACTIVE in 4.465047836303711
2019-11-20 04:44:26.889 3236 RALLYDEBUG rally.task.utils [-] Waiting for resource s_rally_9d9c5a4a_KCy1NDzV. Status changed: BUILD => ACTIVE in 4.813087701797485
2019-11-20 04:44:27.345 3233 RALLYDEBUG rally.task.utils [-] Waiting for resource s_rally_9d9c5a4a_hynKhA2K. Status changed: AVAILABLE => RESERVED in 0.393965482711792
2019-11-20 04:44:27.563 3236 RALLYDEBUG rally.task.utils [-] Waiting for resource s_rally_9d9c5a4a_GBN4fUMu. Status changed: AVAILABLE => RESERVED in 0.4081144332885742
2019-11-20 04:44:29.125 3234 RALLYDEBUG rally.task.utils [-] Waiting for resource s_rally_9d9c5a4a_AgJH3cN8. Status changed: BUILD => ACTIVE in 4.665032863616943
2019-11-20 04:44:29.600 3235 RALLYDEBUG rally.task.utils [-] Waiting for resource s_rally_9d9c5a4a_Uex4uKcG. Status changed: BUILD => ACTIVE in 4.655000686645508
2019-11-20 04:44:29.756 3233 RALLYDEBUG rally.task.utils [-] Waiting for resource s_rally_9d9c5a4a_hynKhA2K. Status changed: RESERVED => IN-USE in 2.4109487533569336
2019-11-20 04:44:29.770 3234 RALLYDEBUG rally.task.utils [-] Waiting for resource s_rally_9d9c5a4a_wpfOjFS2. Status changed: AVAILABLE => RESERVED in 0.3969156742095947
2019-11-20 04:44:29.967 3236 RALLYDEBUG rally.task.utils [-] Waiting for resource s_rally_9d9c5a4a_GBN4fUMu. Status changed: RESERVED => IN-USE in 2.403818368911743
2019-11-20 04:44:30.253 3235 RALLYDEBUG rally.task.utils [-] Waiting for resource s_rally_9d9c5a4a_dOBks8cv. Status changed: AVAILABLE => RESERVED in 0.3952651023864746
2019-11-20 04:44:30.309 3233 RALLYDEBUG rally.task.utils [-] Waiting for resource s_rally_9d9c5a4a_hynKhA2K. Status changed: AVAILABLE => DETACHING in 0.4019148349761963
2019-11-20 04:44:30.536 3236 RALLYDEBUG rally.task.utils [-] Waiting for resource s_rally_9d9c5a4a_GBN4fUMu. Status changed: AVAILABLE => DETACHING in 0.41292238235473633
2019-11-20 04:44:32.197 3234 RALLYDEBUG rally.task.utils [-] Waiting for resource s_rally_9d9c5a4a_wpfOjFS2. Status changed: RESERVED => IN-USE in 2.4268124103546143
2019-11-20 04:44:32.692 3235 RALLYDEBUG rally.task.utils [-] Waiting for resource s_rally_9d9c5a4a_dOBks8cv. Status changed: RESERVED => IN-USE in 2.439124345779419
2019-11-20 04:44:32.702 3233 RALLYDEBUG rally.task.utils [-] Waiting for resource s_rally_9d9c5a4a_hynKhA2K. Status changed: DETACHING => AVAILABLE in 2.393188953399658
2019-11-20 04:44:32.887 3234 RALLYDEBUG rally.task.utils [-] Waiting for resource s_rally_9d9c5a4a_wpfOjFS2. Status changed: AVAILABLE => DETACHING in 0.4006376266479492
2019-11-20 04:44:32.901 3233 RALLYDEBUG rally.task.utils [-] Waiting for resource s_rally_9d9c5a4a_5Ge43zH9. Status changed: AVAILABLE => DELETING in 0.027494192123413086
2019-11-20 04:44:32.982 3236 RALLYDEBUG rally.task.utils [-] Waiting for resource s_rally_9d9c5a4a_GBN4fUMu. Status changed: DETACHING => AVAILABLE in 2.4460136890411377
