2019-11-20 05:58:17.071 23051 RALLYDEBUG rally.task.utils [-] Waiting for resource s_rally_d0b14862_O2pmmfxp. Status changed: BUILD => ACTIVE in 6.761660814285278
2019-11-20 05:58:17.340 23055 INFO rally.task.runner [-] Task 66dd91e3-ee29-4381-8d8c-f34572533156 | ITER: 6 END: OK
2019-11-20 05:58:17.348 23055 INFO rally.task.runner [-] Task 66dd91e3-ee29-4381-8d8c-f34572533156 | ITER: 10 START
2019-11-20 05:58:19.403 23051 INFO rally.task.runner [-] Task 66dd91e3-ee29-4381-8d8c-f34572533156 | ITER: 8 END: OK
2019-11-20 05:58:19.425 23053 INFO rally.task.runner [-] Task 66dd91e3-ee29-4381-8d8c-f34572533156 | ITER: 7 END: OK
2019-11-20 05:58:21.814 23052 RALLYDEBUG rally.task.utils [-] Waiting for resource s_rally_d0b14862_yzxj2Zwb. Status changed: BUILD => ACTIVE in 4.643302917480469
2019-11-20 05:58:24.237 23052 INFO rally.task.runner [-] Task 66dd91e3-ee29-4381-8d8c-f34572533156 | ITER: 9 END: OK
2019-11-20 05:58:24.730 23055 RALLYDEBUG rally.task.utils [-] Waiting for resource s_rally_d0b14862_0QFYdej1. Status changed: BUILD => ACTIVE in 4.650813102722168
2019-11-20 05:58:27.151 23055 INFO rally.task.runner [-] Task 66dd91e3-ee29-4381-8d8c-f34572533156 | ITER: 10 END: OK
2019-11-20 05:58:27.176 20411 INFO rally.task.context [-] Task 66dd91e3-ee29-4381-8d8c-f34572533156 | Context cleanup@openstack cleanup() started
2019-11-20 05:58:27.180 20411 RALLYDEBUG rally_openstack.cleanup.manager [-] Cleaning up nova servers objects
2019-11-20 05:58:28.466 20411 RALLYDEBUG rally_openstack.cleanup.manager [-] Cleaning up nova server_groups objects
2019-11-20 05:58:29.615 20411 RALLYDEBUG rally_openstack.cleanup.manager [-] Cleaning up nova keypairs objects
2019-11-20 05:58:32.003 20411 INFO rally.task.context [-] Task 66dd91e3-ee29-4381-8d8c-f34572533156 | Context cleanup@openstack cleanup() finished in 4.83 sec
2019-11-20 05:58:32.004 20411 INFO rally.task.context [-] Task 66dd91e3-ee29-4381-8d8c-f34572533156 | Context network@openstack cleanup() started
2019-11-20 05:58:52.099 20411 INFO rally.task.context [-] Task 66dd91e3-ee29-4381-8d8c-f34572533156 | Context network@openstack cleanup() finished in 20.09 sec
2019-11-20 05:58:52.100 20411 INFO rally.task.context [-] Task 66dd91e3-ee29-4381-8d8c-f34572533156 | Context quotas@openstack cleanup() started
2019-11-20 05:58:52.329 20411 INFO rally.task.context [-] Task 66dd91e3-ee29-4381-8d8c-f34572533156 | Context quotas@openstack cleanup() finished in 0.23 sec
2019-11-20 05:58:52.330 20411 INFO rally.task.context [-] Task 66dd91e3-ee29-4381-8d8c-f34572533156 | Context users@openstack cleanup() started
2019-11-20 05:58:56.515 20411 INFO rally.task.context [-] Task 66dd91e3-ee29-4381-8d8c-f34572533156 | Context users@openstack cleanup() finished in 4.18 sec
2019-11-20 05:58:57.994 20411 INFO rally.task.engine [-] Load duration is: 30.069949
2019-11-20 05:58:57.995 20411 INFO rally.task.engine [-] Full runner duration is: 31.117655
2019-11-20 05:58:57.995 20411 INFO rally.task.engine [-] Full duration is: 76.863247
2019-11-20 05:58:58.285 20411 INFO rally.task.engine [-] Running workload: position = 0 config = { "version": 2, "title": "A cropped version of a bigger task.", "description": "Auto-generated task from a single workload (uuid=d658a8fb-d1e4-4b99-a27e-c9b334882365)", "subtasks": [ { "title": "NovaServers.boot_server_from_volume_and_delete", "description": "Boot a server from volume and then delete it.", "scenario": { "NovaServers.boot_server_from_volume_and_delete": { "flavor": { "name": "rally_full-flavor_7c3785c0-1203-4471-b106-35e78a08fc6a" }, "image": { "name": "rally_full-img_7c3785c0-1203-4471-b106-35e78a08fc6a" }, "volume_size": 1, "nics": [ { "net-id": "0fe1c3e1-d88f-4d85-b194-264580ed00cf" } ] } }, "contexts": { "users": { "tenants": 3, "users_per_tenant": 2 }, "network": { "networks_per_tenant": 1, "start_cidr": "100.1.0.0/25" }, "quotas": { "cinder": { "gigabytes": -1, "snapshots": -1, "volumes": -1 }, "neutron": { "network": -1, "port": -1, "subnet": -1 }, "nova": { "cores": -1, "floating_ips": -1, "instances": -1, "ram": -1, "security_group_rules": -1, "security_groups": -1 } }, "api_versions": { "cinder": { "version": 3, "service_type": "volumev3" } } }, "runner": { "constant": { "concurrency": 4, "times": 10 } }, "hooks": [], "sla": { "failure_rate": { "max": 0 } } } ] }
2019-11-20 05:58:58.312 20411 RALLYDEBUG rally_openstack.contexts.keystone.users [-] Creating 3 tenants using 20 threads
2019-11-20 05:58:59.243 20411 RALLYDEBUG rally_openstack.contexts.keystone.users [-] Creating 6 users using 20 threads
2019-11-20 05:59:00.797 20411 INFO rally.task.context [-] Task 66dd91e3-ee29-4381-8d8c-f34572533156 | Context users@openstack setup() finished in 2.48 sec
2019-11-20 05:59:01.187 20411 INFO rally.task.context [-] Task 66dd91e3-ee29-4381-8d8c-f34572533156 | Context api_versions@openstack setup() finished in 0.39 sec
2019-11-20 05:59:03.019 20411 INFO rally.task.context [-] Task 66dd91e3-ee29-4381-8d8c-f34572533156 | Context quotas@openstack setup() finished in 1.83 sec
2019-11-20 05:59:05.047 20411 RALLYDEBUG rally_openstack.wrappers.network [-] CIDR generated: 100.1.10.128/25
2019-11-20 05:59:09.067 20411 RALLYDEBUG rally_openstack.wrappers.network [-] CIDR generated: 100.1.11.0/25
2019-11-20 05:59:12.716 20411 RALLYDEBUG rally_openstack.wrappers.network [-] CIDR generated: 100.1.11.128/25
2019-11-20 05:59:15.451 20411 INFO rally.task.context [-] Task 66dd91e3-ee29-4381-8d8c-f34572533156 | Context network@openstack setup() finished in 12.43 sec
2019-11-20 05:59:15.452 20411 INFO rally.task.context [-] Task 66dd91e3-ee29-4381-8d8c-f34572533156 | Context cleanup@openstack setup() finished in 0.02 msec
2019-11-20 05:59:16.286 20411 RALLYDEBUG rally.task.runner [-] Starting the constant runner (task UUID: 66dd91e3-ee29-4381-8d8c-f34572533156). times: 10 concurrency: 4 timeout: 0 max_cpu_used: 16 processes_to_start: 4 concurrency_per_worker: 1 concurrency_overhead: 0
2019-11-20 05:59:16.298 23215 RALLYDEBUG rally.task.runner [-] Starting a worker. times: 10 duration: None concurrency: 1 timeout: 0 cls: method_name: run args: {"flavor": "a07fb885-fbe6-45e6-b952-7a60dc9e803d", "image": "02d7d2af-9e24-4e53-9730-a3e0913f2d95", "volume_size": 1, "nics": [{"net-id": "0fe1c3e1-d88f-4d85-b194-264580ed00cf"}]}
2019-11-20 05:59:16.302 23216 RALLYDEBUG rally.task.runner [-] Starting a worker. times: 10 duration: None concurrency: 1 timeout: 0 cls: method_name: run args: {"flavor": "a07fb885-fbe6-45e6-b952-7a60dc9e803d", "image": "02d7d2af-9e24-4e53-9730-a3e0913f2d95", "volume_size": 1, "nics": [{"net-id": "0fe1c3e1-d88f-4d85-b194-264580ed00cf"}]}
2019-11-20 05:59:16.306 23215 INFO rally.task.runner [-] Task 66dd91e3-ee29-4381-8d8c-f34572533156 | ITER: 1 START
2019-11-20 05:59:16.306 23217 RALLYDEBUG rally.task.runner [-] Starting a worker. times: 10 duration: None concurrency: 1 timeout: 0 cls: method_name: run args: {"flavor": "a07fb885-fbe6-45e6-b952-7a60dc9e803d", "image": "02d7d2af-9e24-4e53-9730-a3e0913f2d95", "volume_size": 1, "nics": [{"net-id": "0fe1c3e1-d88f-4d85-b194-264580ed00cf"}]}
2019-11-20 05:59:16.310 23216 INFO rally.task.runner [-] Task 66dd91e3-ee29-4381-8d8c-f34572533156 | ITER: 2 START
2019-11-20 05:59:16.310 23218 RALLYDEBUG rally.task.runner [-] Starting a worker. times: 10 duration: None concurrency: 1 timeout: 0 cls: method_name: run args: {"flavor": "a07fb885-fbe6-45e6-b952-7a60dc9e803d", "image": "02d7d2af-9e24-4e53-9730-a3e0913f2d95", "volume_size": 1, "nics": [{"net-id": "0fe1c3e1-d88f-4d85-b194-264580ed00cf"}]}
2019-11-20 05:59:16.314 23217 INFO rally.task.runner [-] Task 66dd91e3-ee29-4381-8d8c-f34572533156 | ITER: 3 START
2019-11-20 05:59:16.317 23218 INFO rally.task.runner [-] Task 66dd91e3-ee29-4381-8d8c-f34572533156 | ITER: 4 START
2019-11-20 05:59:32.012 23217 RALLYDEBUG rally.task.utils [-] Waiting for resource s_rally_d658a8fb_1325uyee. Status changed: DOWNLOADING => AVAILABLE in 12.550512790679932
2019-11-20 05:59:41.516 23217 RALLYDEBUG rally.task.utils [-] Waiting for resource s_rally_d658a8fb_rm90Oldt. Status changed: BUILD => ACTIVE in 7.075155258178711
2019-11-20 05:59:41.946 23216 RALLYDEBUG rally.task.utils [-] Waiting for resource s_rally_d658a8fb_bxwauVSt. Status changed: DOWNLOADING => AVAILABLE in 22.842191696166992
2019-11-20 05:59:43.942 23217 INFO rally.task.runner [-] Task 66dd91e3-ee29-4381-8d8c-f34572533156 | ITER: 3 END: OK
2019-11-20 05:59:43.950 23217 INFO rally.task.runner [-] Task 66dd91e3-ee29-4381-8d8c-f34572533156 | ITER: 5 START
2019-11-20 05:59:50.976 23216 RALLYDEBUG rally.task.utils [-] Waiting for resource s_rally_d658a8fb_QS0RAqb1. Status changed: BUILD => ACTIVE in 6.991675138473511
2019-11-20 05:59:53.378 23216 INFO rally.task.runner [-] Task 66dd91e3-ee29-4381-8d8c-f34572533156 | ITER: 2 END: OK
2019-11-20 05:59:53.384 23216 INFO rally.task.runner [-] Task 66dd91e3-ee29-4381-8d8c-f34572533156 | ITER: 6 START
2019-11-20 06:00:17.275 23215 RALLYDEBUG rally.task.utils [-] Waiting for resource s_rally_d658a8fb_M76JB0sQ. Status changed: DOWNLOADING => AVAILABLE in 58.16940975189209
2019-11-20 06:00:19.129 23218 RALLYDEBUG rally.task.utils [-] Waiting for resource s_rally_d658a8fb_5ptG6m5a. Status changed: DOWNLOADING => AVAILABLE in 60.00923562049866
2019-11-20 06:00:24.051 23215 RALLYDEBUG rally.task.utils [-] Waiting for resource s_rally_d658a8fb_cxXjskGp. Status changed: BUILD => ACTIVE in 4.578064441680908
2019-11-20 06:00:25.557 23218 RALLYDEBUG rally.task.utils [-] Waiting for resource s_rally_d658a8fb_C7zNZAyH. Status changed: BUILD => ACTIVE in 4.599985837936401
2019-11-20 06:00:26.438 23215 INFO rally.task.runner [-] Task 66dd91e3-ee29-4381-8d8c-f34572533156 | ITER: 1 END: OK
2019-11-20 06:00:26.445 23215 INFO rally.task.runner [-] Task 66dd91e3-ee29-4381-8d8c-f34572533156 | ITER: 7 START
2019-11-20 06:00:28.143 23218 INFO rally.task.runner [-] Task 66dd91e3-ee29-4381-8d8c-f34572533156 | ITER: 4 END: OK
2019-11-20 06:00:28.149 23218 INFO rally.task.runner [-] Task 66dd91e3-ee29-4381-8d8c-f34572533156 | ITER: 8 START
2019-11-20 06:00:44.244 23215 RALLYDEBUG rally.task.utils [-] Waiting for resource s_rally_d658a8fb_aeQf25YS. Status changed: DOWNLOADING => AVAILABLE in 14.609992504119873
2019-11-20 06:00:53.295 23217 RALLYDEBUG rally.task.utils [-] Waiting for resource s_rally_d658a8fb_suVIfcAK. Status changed: DOWNLOADING => AVAILABLE in 66.37632751464844
2019-11-20 06:00:54.311 23216 RALLYDEBUG rally.task.utils [-] Waiting for resource s_rally_d658a8fb_e3cvfdFN. Status changed: DOWNLOADING => AVAILABLE in 58.04964280128479
2019-11-20 06:00:55.803 23218 RALLYDEBUG rally.task.utils [-] Waiting for resource s_rally_d658a8fb_nQgPFmXK. Status changed: DOWNLOADING => AVAILABLE in 24.913428783416748
2019-11-20 06:00:58.079 23215 RALLYDEBUG rally.task.utils [-] Waiting for resource s_rally_d658a8fb_2eJ3R9Yr. Status changed: BUILD => ACTIVE in 11.368903636932373
2019-11-20 06:01:00.438 23215 INFO rally.task.runner [-] Task 66dd91e3-ee29-4381-8d8c-f34572533156 | ITER: 7 END: OK
2019-11-20 06:01:00.442 23215 INFO rally.task.runner [-] Task 66dd91e3-ee29-4381-8d8c-f34572533156 | ITER: 9 START
2019-11-20 06:01:01.132 23216 RALLYDEBUG rally.task.utils [-] Waiting for resource s_rally_d658a8fb_szHpPmZB. Status changed: BUILD => ACTIVE in 4.808354616165161
2019-11-20 06:01:02.175 23217 RALLYDEBUG rally.task.utils [-] Waiting for resource s_rally_d658a8fb_lcstLqFX. Status changed: BUILD => ACTIVE in 6.787139654159546
2019-11-20 06:01:02.354 23218 RALLYDEBUG rally.task.utils [-] Waiting for resource s_rally_d658a8fb_OcfG5bif. Status changed: BUILD => ACTIVE in 4.5532965660095215
2019-11-20 06:01:04.574 23217 INFO rally.task.runner [-] Task 66dd91e3-ee29-4381-8d8c-f34572533156 | ITER: 5 END: OK
2019-11-20 06:01:04.579 23217 INFO rally.task.runner [-] Task 66dd91e3-ee29-4381-8d8c-f34572533156 | ITER: 10 START
2019-11-20 06:01:04.811 23218 INFO rally.task.runner [-] Task 66dd91e3-ee29-4381-8d8c-f34572533156 | ITER: 8 END: OK
2019-11-20 06:01:05.581 23216 INFO rally.task.runner [-] Task 66dd91e3-ee29-4381-8d8c-f34572533156 | ITER: 6 END: OK
2019-11-20 06:01:15.615 23215 RALLYDEBUG rally.task.utils [-] Waiting for resource s_rally_d658a8fb_Y7H7ZeOd. Status changed: DOWNLOADING => AVAILABLE in 12.524950504302979
2019-11-20 06:01:15.641 23217 RALLYDEBUG rally.task.utils [-] Waiting for resource s_rally_d658a8fb_1YCadUhC. Status changed: CREATING => DOWNLOADING in 8.389376163482666
2019-11-20 06:01:24.937 23215 RALLYDEBUG rally.task.utils [-] Waiting for resource s_rally_d658a8fb_yEVEpT3l. Status changed: BUILD => ACTIVE in 7.106703758239746
2019-11-20 06:01:27.485 23215 INFO rally.task.runner [-] Task 66dd91e3-ee29-4381-8d8c-f34572533156 | ITER: 9 END: OK
2019-11-20 06:01:28.074 23217 RALLYDEBUG rally.task.utils [-] Waiting for resource s_rally_d658a8fb_1YCadUhC. Status changed: DOWNLOADING => AVAILABLE in 12.433055400848389
2019-11-20 06:01:37.120 23217 RALLYDEBUG rally.task.utils [-] Waiting for resource s_rally_d658a8fb_oPbXnrLA. Status changed: BUILD => ACTIVE in 6.936126708984375
2019-11-20 06:01:39.597 23217 INFO rally.task.runner [-] Task 66dd91e3-ee29-4381-8d8c-f34572533156 | ITER: 10 END: OK
2019-11-20 06:01:39.624 20411 INFO rally.task.context [-] Task 66dd91e3-ee29-4381-8d8c-f34572533156 | Context cleanup@openstack cleanup() started
2019-11-20 06:01:39.627 20411 RALLYDEBUG rally_openstack.cleanup.manager [-] Cleaning up nova servers objects
2019-11-20 06:01:40.911 20411 RALLYDEBUG rally_openstack.cleanup.manager [-] Cleaning up nova server_groups objects
2019-11-20 06:01:42.037 20411 RALLYDEBUG rally_openstack.cleanup.manager [-] Cleaning up nova keypairs objects
2019-11-20 06:01:44.305 20411 RALLYDEBUG rally_openstack.cleanup.manager [-] Cleaning up cinder backups objects
2019-11-20 06:01:45.460 20411 RALLYDEBUG rally_openstack.cleanup.manager [-] Cleaning up cinder volume_snapshots objects
2019-11-20 06:01:46.597 20411 RALLYDEBUG rally_openstack.cleanup.manager [-] Cleaning up cinder transfers objects
2019-11-20 06:01:47.732 20411 RALLYDEBUG rally_openstack.cleanup.manager [-] Cleaning up cinder volumes objects
2019-11-20 06:01:48.972 20411 RALLYDEBUG rally_openstack.cleanup.manager [-] Deleting cinder.volumes object s_rally_d658a8fb_e3cvfdFN (1fea0ede-9f5e-426b-953f-5b98c46d1b6d)
2019-11-20 06:01:48.981 20411 RALLYDEBUG rally_openstack.cleanup.manager [-] Deleting cinder.volumes object s_rally_d658a8fb_M76JB0sQ (a325b85a-b1f2-41fb-9f7a-889316120900)
2019-11-20 06:01:48.990 20411 RALLYDEBUG rally_openstack.cleanup.manager [-] Deleting cinder.volumes object s_rally_d658a8fb_5ptG6m5a (6cda0863-6c53-4404-923b-7772c95a7a74)
2019-11-20 06:01:48.993 20411 RALLYDEBUG rally_openstack.cleanup.manager [-] Deleting cinder.volumes object s_rally_d658a8fb_1YCadUhC (4c3ab58d-4f56-4b16-9938-cfbc87e040a1)
2019-11-20 06:01:49.010 20411 RALLYDEBUG rally_openstack.cleanup.manager [-] Deleting cinder.volumes object s_rally_d658a8fb_Y7H7ZeOd (f1a03611-adb9-4cde-bf98-95b6104a9b15)
2019-11-20 06:01:49.030 20411 RALLYDEBUG rally_openstack.cleanup.manager [-] Deleting cinder.volumes object s_rally_d658a8fb_nQgPFmXK (da1af2af-7197-479f-adce-b73dfeae60b4)
2019-11-20 06:01:49.036 20411 RALLYDEBUG rally_openstack.cleanup.manager [-] Deleting cinder.volumes object s_rally_d658a8fb_aeQf25YS (20073773-6378-4b50-bd79-edd5b8cb6b97)
2019-11-20 06:01:49.059 20411 RALLYDEBUG rally_openstack.cleanup.manager [-] Deleting cinder.volumes object s_rally_d658a8fb_suVIfcAK (ab6c4897-048c-4ffb-844f-87ad8222e03f)
2019-11-20 06:01:49.063 20411 RALLYDEBUG rally_openstack.cleanup.manager [-] Deleting cinder.volumes object s_rally_d658a8fb_1325uyee (fb7b3fdd-f57a-4561-85aa-e58754b16597)
2019-11-20 06:01:49.087 20411 RALLYDEBUG rally_openstack.cleanup.manager [-] Deleting cinder.volumes object s_rally_d658a8fb_bxwauVSt (807c134e-4776-4032-98ed-c5a9c5b2c98c)
2019-11-20 06:01:52.759 20411 INFO rally.task.context [-] Task 66dd91e3-ee29-4381-8d8c-f34572533156 | Context cleanup@openstack cleanup() finished in 13.13 sec
2019-11-20 06:01:52.759 20411 INFO rally.task.context [-] Task 66dd91e3-ee29-4381-8d8c-f34572533156 | Context network@openstack cleanup() started
2019-11-20 06:02:14.263 20411 INFO rally.task.context [-] Task 66dd91e3-ee29-4381-8d8c-f34572533156 | Context network@openstack cleanup() finished in 21.50 sec
2019-11-20 06:02:14.263 20411 INFO rally.task.context [-] Task 66dd91e3-ee29-4381-8d8c-f34572533156 | Context quotas@openstack cleanup() started
2019-11-20 06:02:14.622 20411 INFO rally.task.context [-] Task 66dd91e3-ee29-4381-8d8c-f34572533156 | Context quotas@openstack cleanup() finished in 0.36 sec
2019-11-20 06:02:14.623 20411 INFO rally.task.context [-] Task 66dd91e3-ee29-4381-8d8c-f34572533156 | Context api_versions@openstack cleanup() started
2019-11-20 06:02:14.623 20411 INFO rally.task.context [-] Task 66dd91e3-ee29-4381-8d8c-f34572533156 | Context api_versions@openstack cleanup() finished in 0.39 msec
2019-11-20 06:02:14.623 20411 INFO rally.task.context [-] Task 66dd91e3-ee29-4381-8d8c-f34572533156 | Context users@openstack cleanup() started
2019-11-20 06:02:18.606 20411 INFO rally.task.context [-] Task 66dd91e3-ee29-4381-8d8c-f34572533156 | Context users@openstack cleanup() finished in 3.98 sec
2019-11-20 06:02:19.234 20411 INFO rally.task.engine [-] Load duration is: 142.286419
2019-11-20 06:02:19.235 20411 INFO rally.task.engine [-] Full runner duration is: 143.338578
2019-11-20 06:02:19.235 20411 INFO rally.task.engine [-] Full duration is: 200.297154
2019-11-20 06:02:19.555 20411 INFO rally.task.engine [-] Running workload: position = 0 config = { "version": 2, "title": "A cropped version of a bigger task.", "description": "Auto-generated task from a single workload (uuid=c87a2a55-3c68-4fd5-8a47-670f8cc7abdb)", "subtasks": [ { "title": "NovaServers.pause_and_unpause_server", "description": "Create a server, pause, unpause and then delete it", "scenario": { "NovaServers.pause_and_unpause_server": { "flavor": { "name": "rally_full-flavor_7c3785c0-1203-4471-b106-35e78a08fc6a" }, "image": { "name": "rally_full-img_7c3785c0-1203-4471-b106-35e78a08fc6a" }, "force_delete": false, "nics": [ { "net-id": "0fe1c3e1-d88f-4d85-b194-264580ed00cf" } ] } }, "contexts": { "users": { "tenants": 3, "users_per_tenant": 2 }, "network": { "networks_per_tenant": 1, "start_cidr": "100.1.0.0/25" }, "quotas": { "neutron": { "network": -1, "port": -1, "subnet": -1 }, "nova": { "cores": -1, "floating_ips": -1, "instances": -1, "ram": -1, "security_group_rules": -1, "security_groups": -1 } } }, "runner": { "constant": { "concurrency": 4, "times": 10 } }, "hooks": [], "sla": { "failure_rate": { "max": 0 } } } ] }
2019-11-20 06:02:19.579 20411 RALLYDEBUG rally_openstack.contexts.keystone.users [-] Creating 3 tenants using 20 threads
2019-11-20 06:02:20.542 20411 RALLYDEBUG rally_openstack.contexts.keystone.users [-] Creating 6 users using 20 threads
2019-11-20 06:02:21.943 20411 INFO rally.task.context [-] Task 66dd91e3-ee29-4381-8d8c-f34572533156 | Context users@openstack setup() finished in 2.36 sec
2019-11-20 06:02:23.616 20411 INFO rally.task.context [-] Task 66dd91e3-ee29-4381-8d8c-f34572533156 | Context quotas@openstack setup() finished in 1.67 sec
2019-11-20 06:02:25.767 20411 RALLYDEBUG rally_openstack.wrappers.network [-] CIDR generated: 100.1.12.0/25
2019-11-20 06:02:29.390 20411 RALLYDEBUG rally_openstack.wrappers.network [-] CIDR generated: 100.1.12.128/25
2019-11-20 06:02:33.391 20411 RALLYDEBUG rally_openstack.wrappers.network [-] CIDR generated: 100.1.13.0/25
2019-11-20 06:02:35.477 20411 INFO rally.task.context [-] Task 66dd91e3-ee29-4381-8d8c-f34572533156 | Context network@openstack setup() finished in 11.86 sec
2019-11-20 06:02:35.477 20411 INFO rally.task.context [-] Task 66dd91e3-ee29-4381-8d8c-f34572533156 | Context cleanup@openstack setup() finished in 0.02 msec
2019-11-20 06:02:36.299 20411 RALLYDEBUG rally.task.runner [-] Starting the constant runner (task UUID: 66dd91e3-ee29-4381-8d8c-f34572533156). times: 10 concurrency: 4 timeout: 0 max_cpu_used: 16 processes_to_start: 4 concurrency_per_worker: 1 concurrency_overhead: 0
2019-11-20 06:02:36.310 23459 RALLYDEBUG rally.task.runner [-] Starting a worker. times: 10 duration: None concurrency: 1 timeout: 0 cls: method_name: run args: {"flavor": "a07fb885-fbe6-45e6-b952-7a60dc9e803d", "image": "02d7d2af-9e24-4e53-9730-a3e0913f2d95", "force_delete": false, "nics": [{"net-id": "0fe1c3e1-d88f-4d85-b194-264580ed00cf"}]}
2019-11-20 06:02:36.314 23460 RALLYDEBUG rally.task.runner [-] Starting a worker. times: 10 duration: None concurrency: 1 timeout: 0 cls: method_name: run args: {"flavor": "a07fb885-fbe6-45e6-b952-7a60dc9e803d", "image": "02d7d2af-9e24-4e53-9730-a3e0913f2d95", "force_delete": false, "nics": [{"net-id": "0fe1c3e1-d88f-4d85-b194-264580ed00cf"}]}
2019-11-20 06:02:36.319 23459 INFO rally.task.runner [-] Task 66dd91e3-ee29-4381-8d8c-f34572533156 | ITER: 1 START
2019-11-20 06:02:36.318 23461 RALLYDEBUG rally.task.runner [-] Starting a worker. times: 10 duration: None concurrency: 1 timeout: 0 cls: method_name: run args: {"flavor": "a07fb885-fbe6-45e6-b952-7a60dc9e803d", "image": "02d7d2af-9e24-4e53-9730-a3e0913f2d95", "force_delete": false, "nics": [{"net-id": "0fe1c3e1-d88f-4d85-b194-264580ed00cf"}]}
2019-11-20 06:02:36.321 23460 INFO rally.task.runner [-] Task 66dd91e3-ee29-4381-8d8c-f34572533156 | ITER: 2 START
2019-11-20 06:02:36.322 23463 RALLYDEBUG rally.task.runner [-] Starting a worker. times: 10 duration: None concurrency: 1 timeout: 0 cls: method_name: run args: {"flavor": "a07fb885-fbe6-45e6-b952-7a60dc9e803d", "image": "02d7d2af-9e24-4e53-9730-a3e0913f2d95", "force_delete": false, "nics": [{"net-id": "0fe1c3e1-d88f-4d85-b194-264580ed00cf"}]}
2019-11-20 06:02:36.326 23461 INFO rally.task.runner [-] Task 66dd91e3-ee29-4381-8d8c-f34572533156 | ITER: 3 START
2019-11-20 06:02:36.329 23463 INFO rally.task.runner [-] Task 66dd91e3-ee29-4381-8d8c-f34572533156 | ITER: 4 START
2019-11-20 06:02:45.323 23463 RALLYDEBUG rally.task.utils [-] Waiting for resource s_rally_c87a2a55_TcK7xMRv. Status changed: BUILD => ACTIVE in 6.840620517730713
2019-11-20 06:02:45.717 23459 RALLYDEBUG rally.task.utils [-] Waiting for resource s_rally_c87a2a55_JvVs64uK. Status changed: BUILD => ACTIVE in 6.9978063106536865
2019-11-20 06:02:45.800 23461 RALLYDEBUG rally.task.utils [-] Waiting for resource s_rally_c87a2a55_2sS0BqXi. Status changed: BUILD => ACTIVE in 7.400096654891968
2019-11-20 06:02:47.612 23463 RALLYDEBUG rally.task.utils [-] Waiting for resource s_rally_c87a2a55_TcK7xMRv. Status changed: ACTIVE => PAUSED in 0.1716310977935791
2019-11-20 06:02:47.959 23460 RALLYDEBUG rally.task.utils [-] Waiting for resource s_rally_c87a2a55_BzgZ4eBj. Status changed: BUILD => ACTIVE in 9.294389724731445
2019-11-20 06:02:48.117 23459 RALLYDEBUG rally.task.utils [-] Waiting for resource s_rally_c87a2a55_JvVs64uK. Status changed: ACTIVE => PAUSED in 0.2868931293487549
2019-11-20 06:02:48.162 23461 RALLYDEBUG rally.task.utils [-] Waiting for resource s_rally_c87a2a55_2sS0BqXi. Status changed: ACTIVE => PAUSED in 0.24565577507019043
2019-11-20 06:02:50.523 23460 RALLYDEBUG rally.task.utils [-] Waiting for resource s_rally_c87a2a55_BzgZ4eBj. Status changed: ACTIVE => PAUSED in 0.28517651557922363
2019-11-20 06:02:52.325 23463 INFO rally.task.runner [-] Task 66dd91e3-ee29-4381-8d8c-f34572533156 | ITER: 4 END: OK
2019-11-20 06:02:52.330 23463 INFO rally.task.runner [-] Task 66dd91e3-ee29-4381-8d8c-f34572533156 | ITER: 5 START
2019-11-20 06:02:52.792 23459 INFO rally.task.runner [-] Task 66dd91e3-ee29-4381-8d8c-f34572533156 | ITER: 1 END: OK
2019-11-20 06:02:52.796 23459 INFO rally.task.runner [-] Task 66dd91e3-ee29-4381-8d8c-f34572533156 | ITER: 6 START
2019-11-20 06:02:53.006 23461 INFO rally.task.runner [-] Task 66dd91e3-ee29-4381-8d8c-f34572533156 | ITER: 3 END: OK
2019-11-20 06:02:53.011 23461 INFO rally.task.runner [-] Task 66dd91e3-ee29-4381-8d8c-f34572533156 | ITER: 7 START
2019-11-20 06:02:55.256 23460 INFO rally.task.runner [-] Task 66dd91e3-ee29-4381-8d8c-f34572533156 | ITER: 2 END: OK
2019-11-20 06:02:55.260 23460 INFO rally.task.runner [-] Task 66dd91e3-ee29-4381-8d8c-f34572533156 | ITER: 8 START
2019-11-20 06:02:58.921 23463 RALLYDEBUG rally.task.utils [-] Waiting for resource s_rally_c87a2a55_r6ILLH7t. Status changed: BUILD => ACTIVE in 4.497154951095581
2019-11-20 06:03:00.205 23461 RALLYDEBUG rally.task.utils [-] Waiting for resource s_rally_c87a2a55_EuMpNw2i. Status changed: BUILD => ACTIVE in 4.673485994338989
2019-11-20 06:03:01.202 23463 RALLYDEBUG rally.task.utils [-] Waiting for resource s_rally_c87a2a55_r6ILLH7t. Status changed: ACTIVE => PAUSED in 0.16544866561889648
2019-11-20 06:03:02.603 23461 RALLYDEBUG rally.task.utils [-] Waiting for resource s_rally_c87a2a55_EuMpNw2i. Status changed: ACTIVE => PAUSED in 0.2854893207550049
2019-11-20 06:03:02.739 23460 RALLYDEBUG rally.task.utils [-] Waiting for resource s_rally_c87a2a55_CnShr8cr. Status changed: BUILD => ACTIVE in 4.9615583419799805
2019-11-20 06:03:03.779 23459 RALLYDEBUG rally.task.utils [-] Waiting for resource s_rally_c87a2a55_pADnZMfQ. Status changed: BUILD => ACTIVE in 9.038845539093018
2019-11-20 06:03:05.038 23460 RALLYDEBUG rally.task.utils [-] Waiting for resource s_rally_c87a2a55_CnShr8cr. Status changed: ACTIVE => PAUSED in 0.19137048721313477
2019-11-20 06:03:05.899 23463 INFO rally.task.runner [-] Task 66dd91e3-ee29-4381-8d8c-f34572533156 | ITER: 5 END: OK
2019-11-20 06:03:05.906 23463 INFO rally.task.runner [-] Task 66dd91e3-ee29-4381-8d8c-f34572533156 | ITER: 9 START
2019-11-20 06:03:06.107 23459 RALLYDEBUG rally.task.utils [-] Waiting for resource s_rally_c87a2a55_pADnZMfQ. Status changed: ACTIVE => PAUSED in 0.20103955268859863
2019-11-20 06:03:07.351 23461 INFO rally.task.runner [-] Task 66dd91e3-ee29-4381-8d8c-f34572533156 | ITER: 7 END: OK
2019-11-20 06:03:07.357 23461 INFO rally.task.runner [-] Task 66dd91e3-ee29-4381-8d8c-f34572533156 | ITER: 10 START
2019-11-20 06:03:09.829 23460 INFO rally.task.runner [-] Task 66dd91e3-ee29-4381-8d8c-f34572533156 | ITER: 8 END: OK
2019-11-20 06:03:10.922 23459 INFO rally.task.runner [-] Task 66dd91e3-ee29-4381-8d8c-f34572533156 | ITER: 6 END: OK
2019-11-20 06:03:12.622 23463 RALLYDEBUG rally.task.utils [-] Waiting for resource s_rally_c87a2a55_ydkyOJhj. Status changed: BUILD => ACTIVE in 4.5250678062438965
2019-11-20 06:03:14.970 23463 RALLYDEBUG rally.task.utils [-] Waiting for resource s_rally_c87a2a55_ydkyOJhj. Status changed: ACTIVE => PAUSED in 0.21898698806762695
2019-11-20 06:03:16.471 23461 RALLYDEBUG rally.task.utils [-] Waiting for resource s_rally_c87a2a55_46o5jfyy. Status changed: BUILD => ACTIVE in 6.9450623989105225
2019-11-20 06:03:18.765 23461 RALLYDEBUG rally.task.utils [-] Waiting for resource s_rally_c87a2a55_46o5jfyy. Status changed: ACTIVE => PAUSED in 0.1810619831085205
2019-11-20 06:03:19.753 23463 INFO rally.task.runner [-] Task 66dd91e3-ee29-4381-8d8c-f34572533156 | ITER: 9 END: OK
2019-11-20 06:03:23.511 23461 INFO rally.task.runner [-] Task 66dd91e3-ee29-4381-8d8c-f34572533156 | ITER: 10 END: OK
2019-11-20 06:03:23.538 20411 INFO rally.task.context [-] Task 66dd91e3-ee29-4381-8d8c-f34572533156 | Context cleanup@openstack cleanup() started
2019-11-20 06:03:23.542 20411 RALLYDEBUG rally_openstack.cleanup.manager [-] Cleaning up nova servers objects
2019-11-20 06:03:24.822 20411 RALLYDEBUG rally_openstack.cleanup.manager [-] Cleaning up nova server_groups objects
2019-11-20 06:03:25.943 20411 RALLYDEBUG rally_openstack.cleanup.manager [-] Cleaning up nova keypairs objects
2019-11-20 06:03:28.399 20411 INFO rally.task.context [-] Task 66dd91e3-ee29-4381-8d8c-f34572533156 | Context cleanup@openstack cleanup() finished in 4.86 sec
2019-11-20 06:03:28.400 20411 INFO rally.task.context [-] Task 66dd91e3-ee29-4381-8d8c-f34572533156 | Context network@openstack cleanup() started
2019-11-20 06:03:50.396 20411 INFO rally.task.context [-] Task 66dd91e3-ee29-4381-8d8c-f34572533156 | Context network@openstack cleanup() finished in 22.00 sec
2019-11-20 06:03:50.396 20411 INFO rally.task.context [-] Task 66dd91e3-ee29-4381-8d8c-f34572533156 | Context quotas@openstack cleanup() started
2019-11-20 06:03:50.588 20411 INFO rally.task.context [-] Task 66dd91e3-ee29-4381-8d8c-f34572533156 | Context quotas@openstack cleanup() finished in 0.19 sec
2019-11-20 06:03:50.589 20411 INFO rally.task.context [-] Task 66dd91e3-ee29-4381-8d8c-f34572533156 | Context users@openstack cleanup() started
2019-11-20 06:03:54.604 20411 INFO rally.task.context [-] Task 66dd91e3-ee29-4381-8d8c-f34572533156 | Context users@openstack cleanup() finished in 4.01 sec
2019-11-20 06:03:55.994 20411 INFO rally.task.engine [-] Load duration is: 42.190225
2019-11-20 06:03:55.994 20411 INFO rally.task.engine [-] Full runner duration is: 47.24013
2019-11-20 06:03:55.995 20411 INFO rally.task.engine [-] Full duration is: 95.026726
2019-11-20 06:03:56.281 20411 INFO rally.task.engine [-] Running workload: position = 0 config = { "version": 2, "title": "A cropped version of a bigger task.", "description": "Auto-generated task from a single workload (uuid=beead00f-1451-45ae-816e-9295a204779a)", "subtasks": [ { "title": "NovaServers.boot_and_migrate_server", "description": "Migrate a server.", "scenario": { "NovaServers.boot_and_migrate_server": { "flavor": { "name": "rally_full-flavor_7c3785c0-1203-4471-b106-35e78a08fc6a" }, "image": { "name": "rally_full-img_7c3785c0-1203-4471-b106-35e78a08fc6a" }, "nics": [ { "net-id": "0fe1c3e1-d88f-4d85-b194-264580ed00cf" } ] } }, "contexts": { "users": { "tenants": 3, "users_per_tenant": 2 } }, "runner": { "constant": { "concurrency": 4, "times": 10 } }, "hooks": [], "sla": { "failure_rate": { "max": 0 } } } ] }
2019-11-20 06:03:56.303 20411 RALLYDEBUG rally_openstack.contexts.keystone.users [-] Creating 3 tenants using 20 threads
2019-11-20 06:03:57.311 20411 RALLYDEBUG rally_openstack.contexts.keystone.users [-] Creating 6 users using 20 threads
2019-11-20 06:03:58.858 20411 INFO rally.task.context [-] Task 66dd91e3-ee29-4381-8d8c-f34572533156 | Context users@openstack setup() finished in 2.55 sec
2019-11-20 06:03:58.859 20411 INFO rally.task.context [-] Task 66dd91e3-ee29-4381-8d8c-f34572533156 | Context cleanup@openstack setup() finished in 0.01 msec
2019-11-20 06:03:59.961 20411 RALLYDEBUG rally.task.runner [-] Starting the constant runner (task UUID: 66dd91e3-ee29-4381-8d8c-f34572533156). times: 10 concurrency: 4 timeout: 0 max_cpu_used: 16 processes_to_start: 4 concurrency_per_worker: 1 concurrency_overhead: 0
2019-11-20 06:03:59.974 23623 RALLYDEBUG rally.task.runner [-] Starting a worker. times: 10 duration: None concurrency: 1 timeout: 0 cls: method_name: run args: {"flavor": "a07fb885-fbe6-45e6-b952-7a60dc9e803d", "image": "02d7d2af-9e24-4e53-9730-a3e0913f2d95", "nics": [{"net-id": "0fe1c3e1-d88f-4d85-b194-264580ed00cf"}]}
2019-11-20 06:03:59.977 23624 RALLYDEBUG rally.task.runner [-] Starting a worker. times: 10 duration: None concurrency: 1 timeout: 0 cls: method_name: run args: {"flavor": "a07fb885-fbe6-45e6-b952-7a60dc9e803d", "image": "02d7d2af-9e24-4e53-9730-a3e0913f2d95", "nics": [{"net-id": "0fe1c3e1-d88f-4d85-b194-264580ed00cf"}]}
2019-11-20 06:03:59.981 23623 INFO rally.task.runner [-] Task 66dd91e3-ee29-4381-8d8c-f34572533156 | ITER: 1 START
2019-11-20 06:03:59.981 23625 RALLYDEBUG rally.task.runner [-] Starting a worker. times: 10 duration: None concurrency: 1 timeout: 0 cls: method_name: run args: {"flavor": "a07fb885-fbe6-45e6-b952-7a60dc9e803d", "image": "02d7d2af-9e24-4e53-9730-a3e0913f2d95", "nics": [{"net-id": "0fe1c3e1-d88f-4d85-b194-264580ed00cf"}]}
2019-11-20 06:03:59.984 23624 INFO rally.task.runner [-] Task 66dd91e3-ee29-4381-8d8c-f34572533156 | ITER: 2 START
2019-11-20 06:03:59.985 23627 RALLYDEBUG rally.task.runner [-] Starting a worker. times: 10 duration: None concurrency: 1 timeout: 0 cls: method_name: run args: {"flavor": "a07fb885-fbe6-45e6-b952-7a60dc9e803d", "image": "02d7d2af-9e24-4e53-9730-a3e0913f2d95", "nics": [{"net-id": "0fe1c3e1-d88f-4d85-b194-264580ed00cf"}]}
2019-11-20 06:03:59.988 23625 INFO rally.task.runner [-] Task 66dd91e3-ee29-4381-8d8c-f34572533156 | ITER: 3 START
2019-11-20 06:03:59.991 23627 INFO rally.task.runner [-] Task 66dd91e3-ee29-4381-8d8c-f34572533156 | ITER: 4 START
2019-11-20 06:04:07.045 23624 RALLYDEBUG rally.task.utils [-] Waiting for resource s_rally_beead00f_3kaIRO13. Status changed: BUILD => ACTIVE in 4.4471588134765625
2019-11-20 06:04:07.216 23627 RALLYDEBUG rally.task.utils [-] Waiting for resource s_rally_beead00f_ZQ5gbAi6. Status changed: BUILD => ACTIVE in 4.87677264213562
2019-11-20 06:04:08.857 23627 RALLYDEBUG rally.task.utils [-] Waiting for resource s_rally_beead00f_ZQ5gbAi6. Status changed: ACTIVE => RESIZE in 0.18022918701171875
2019-11-20 06:04:08.942 23624 RALLYDEBUG rally.task.utils [-] Waiting for resource s_rally_beead00f_3kaIRO13. Status changed: ACTIVE => RESIZE in 0.43453049659729004
2019-11-20 06:04:09.188 23623 RALLYDEBUG rally.task.utils [-] Waiting for resource s_rally_beead00f_EAFHxe6l. Status changed: BUILD => ACTIVE in 6.706058740615845
2019-11-20 06:04:10.110 23625 RALLYDEBUG rally.task.utils [-] Waiting for resource s_rally_beead00f_QyikLxhS. Status changed: BUILD => ACTIVE in 7.235566139221191
2019-11-20 06:04:10.820 23623 RALLYDEBUG rally.task.utils [-] Waiting for resource s_rally_beead00f_EAFHxe6l. Status changed: ACTIVE => RESIZE in 0.18985986709594727
2019-11-20 06:04:11.745 23625 RALLYDEBUG rally.task.utils [-] Waiting for resource s_rally_beead00f_QyikLxhS. Status changed: ACTIVE => RESIZE in 0.1868734359741211
2019-11-20 06:04:22.855 23625 RALLYDEBUG rally.task.utils [-] Waiting for resource s_rally_beead00f_QyikLxhS. Status changed: RESIZE => VERIFY_RESIZE in 11.110311508178711
2019-11-20 06:04:23.593 23625 RALLYDEBUG rally.task.utils [-] Waiting for resource s_rally_beead00f_QyikLxhS. Status changed: ACTIVE => VERIFY_RESIZE in 0.18380355834960938
2019-11-20 06:04:25.796 23625 RALLYDEBUG rally.task.utils [-] Waiting for resource s_rally_beead00f_QyikLxhS. Status changed: VERIFY_RESIZE => ACTIVE in 2.203495740890503
2019-11-20 06:04:26.261 23627 RALLYDEBUG rally.task.utils [-] Waiting for resource s_rally_beead00f_ZQ5gbAi6. Status changed: RESIZE => VERIFY_RESIZE in 17.40371298789978
2019-11-20 06:04:26.390 23624 RALLYDEBUG rally.task.utils [-] Waiting for resource s_rally_beead00f_3kaIRO13. Status changed: RESIZE => VERIFY_RESIZE in 17.448644876480103
2019-11-20 06:04:26.684 23627 RALLYDEBUG rally.task.utils [-] Waiting for resource s_rally_beead00f_ZQ5gbAi6. Status changed: ACTIVE => VERIFY_RESIZE in 0.16798877716064453
2019-11-20 06:04:26.833 23624 RALLYDEBUG rally.task.utils [-] Waiting for resource s_rally_beead00f_3kaIRO13. Status changed: ACTIVE => VERIFY_RESIZE in 0.19161462783813477
2019-11-20 06:04:28.118 23625 INFO rally.task.runner [-] Task 66dd91e3-ee29-4381-8d8c-f34572533156 | ITER: 3 END: OK
2019-11-20 06:04:28.125 23625 INFO rally.task.runner [-] Task 66dd91e3-ee29-4381-8d8c-f34572533156 | ITER: 5 START
2019-11-20 06:04:28.851 23627 RALLYDEBUG rally.task.utils [-] Waiting for resource s_rally_beead00f_ZQ5gbAi6. Status changed: VERIFY_RESIZE => ACTIVE in 2.167661190032959
2019-11-20 06:04:29.009 23624 RALLYDEBUG rally.task.utils [-] Waiting for resource s_rally_beead00f_3kaIRO13. Status changed: VERIFY_RESIZE => ACTIVE in 2.1753880977630615
2019-11-20 06:04:31.175 23627 INFO rally.task.runner [-] Task 66dd91e3-ee29-4381-8d8c-f34572533156 | ITER: 4 END: OK
2019-11-20 06:04:31.182 23627 INFO rally.task.runner [-] Task 66dd91e3-ee29-4381-8d8c-f34572533156 | ITER: 6 START
2019-11-20 06:04:31.323 23624 INFO rally.task.runner [-] Task 66dd91e3-ee29-4381-8d8c-f34572533156 | ITER: 2 END: OK
2019-11-20 06:04:31.329 23624 INFO rally.task.runner [-] Task 66dd91e3-ee29-4381-8d8c-f34572533156 | ITER: 7 START
2019-11-20 06:04:35.057 23625 RALLYDEBUG rally.task.utils [-] Waiting for resource s_rally_beead00f_ZwI3Ji1t. Status changed: BUILD => ACTIVE in 4.69013786315918
2019-11-20 06:04:36.720 23625 RALLYDEBUG rally.task.utils [-] Waiting for resource s_rally_beead00f_ZwI3Ji1t. Status changed: ACTIVE => RESIZE in 0.1842029094696045
2019-11-20 06:04:40.365 23624 RALLYDEBUG rally.task.utils [-] Waiting for resource s_rally_beead00f_KQFRYMYx. Status changed: BUILD => ACTIVE in 6.898261070251465
2019-11-20 06:04:41.009 23627 RALLYDEBUG rally.task.utils [-] Waiting for resource s_rally_beead00f_HGgVbB0D. Status changed: BUILD => ACTIVE in 7.0193750858306885
2019-11-20 06:04:41.995 23624 RALLYDEBUG rally.task.utils [-] Waiting for resource s_rally_beead00f_KQFRYMYx. Status changed: ACTIVE => RESIZE in 0.13728952407836914
2019-11-20 06:04:42.871 23627 RALLYDEBUG rally.task.utils [-] Waiting for resource s_rally_beead00f_HGgVbB0D. Status changed: ACTIVE => RESIZE in 0.18137359619140625
2019-11-20 06:04:47.681 23625 RALLYDEBUG rally.task.utils [-] Waiting for resource s_rally_beead00f_ZwI3Ji1t. Status changed: RESIZE => VERIFY_RESIZE in 10.960415840148926
2019-11-20 06:04:48.279 23625 RALLYDEBUG rally.task.utils [-] Waiting for resource s_rally_beead00f_ZwI3Ji1t. Status changed: ACTIVE => VERIFY_RESIZE in 0.1515519618988037
2019-11-20 06:04:50.002 23623 RALLYDEBUG rally.task.utils [-] Waiting for resource s_rally_beead00f_EAFHxe6l. Status changed: RESIZE => VERIFY_RESIZE in 39.180851221084595
2019-11-20 06:04:50.429 23625 RALLYDEBUG rally.task.utils [-] Waiting for resource s_rally_beead00f_ZwI3Ji1t. Status changed: VERIFY_RESIZE => ACTIVE in 2.1495981216430664
2019-11-20 06:04:50.479 23623 RALLYDEBUG rally.task.utils [-] Waiting for resource s_rally_beead00f_EAFHxe6l. Status changed: ACTIVE => VERIFY_RESIZE in 0.15841150283813477
2019-11-20 06:04:52.659 23623 RALLYDEBUG rally.task.utils [-] Waiting for resource s_rally_beead00f_EAFHxe6l. Status changed: VERIFY_RESIZE => ACTIVE in 2.1802525520324707
2019-11-20 06:04:52.728 23625 INFO rally.task.runner [-] Task 66dd91e3-ee29-4381-8d8c-f34572533156 | ITER: 5 END: OK
2019-11-20 06:04:52.731 23625 INFO rally.task.runner [-] Task 66dd91e3-ee29-4381-8d8c-f34572533156 | ITER: 8 START
2019-11-20 06:04:55.148 23623 INFO rally.task.runner [-] Task 66dd91e3-ee29-4381-8d8c-f34572533156 | ITER: 1 END: OK
2019-11-20 06:04:55.155 23623 INFO rally.task.runner [-] Task 66dd91e3-ee29-4381-8d8c-f34572533156 | ITER: 9 START
2019-11-20 06:04:59.270 23624 RALLYDEBUG rally.task.utils [-] Waiting for resource s_rally_beead00f_KQFRYMYx. Status changed: RESIZE => VERIFY_RESIZE in 17.27474546432495
2019-11-20 06:04:59.449 23625 RALLYDEBUG rally.task.utils [-] Waiting for resource s_rally_beead00f_ed0WTSpd. Status changed: BUILD => ACTIVE in 4.547806262969971
2019-11-20 06:04:59.887 23624 RALLYDEBUG rally.task.utils [-] Waiting for resource s_rally_beead00f_KQFRYMYx. Status changed: ACTIVE => VERIFY_RESIZE in 0.15067267417907715
2019-11-20 06:05:00.234 23627 RALLYDEBUG rally.task.utils [-] Waiting for resource s_rally_beead00f_HGgVbB0D. Status changed: RESIZE => VERIFY_RESIZE in 17.363171815872192
2019-11-20 06:05:00.667 23627 RALLYDEBUG rally.task.utils [-] Waiting for resource s_rally_beead00f_HGgVbB0D. Status changed: ACTIVE => VERIFY_RESIZE in 0.14563393592834473
2019-11-20 06:05:01.241 23625 RALLYDEBUG rally.task.utils [-] Waiting for resource s_rally_beead00f_ed0WTSpd. Status changed: ACTIVE => RESIZE in 0.18847870826721191
2019-11-20 06:05:02.024 23624 RALLYDEBUG rally.task.utils [-] Waiting for resource s_rally_beead00f_KQFRYMYx. Status changed: VERIFY_RESIZE => ACTIVE in 2.1368048191070557
2019-11-20 06:05:02.081 23623 RALLYDEBUG rally.task.utils [-] Waiting for resource s_rally_beead00f_yAtbYSoK. Status changed: BUILD => ACTIVE in 4.584888458251953
2019-11-20 06:05:02.818 23627 RALLYDEBUG rally.task.utils [-] Waiting for resource s_rally_beead00f_HGgVbB0D. Status changed: VERIFY_RESIZE => ACTIVE in 2.1517605781555176
2019-11-20 06:05:03.879 23623 RALLYDEBUG rally.task.utils [-] Waiting for resource s_rally_beead00f_yAtbYSoK. Status changed: ACTIVE => RESIZE in 0.2205805778503418
2019-11-20 06:05:04.308 23624 INFO rally.task.runner [-] Task 66dd91e3-ee29-4381-8d8c-f34572533156 | ITER: 7 END: OK
2019-11-20 06:05:04.313 23624 INFO rally.task.runner [-] Task 66dd91e3-ee29-4381-8d8c-f34572533156 | ITER: 10 START
2019-11-20 06:05:05.117 23627 INFO rally.task.runner [-] Task 66dd91e3-ee29-4381-8d8c-f34572533156 | ITER: 6 END: OK
2019-11-20 06:05:10.008 23625 RALLYDEBUG rally.task.utils [-] Waiting for resource s_rally_beead00f_ed0WTSpd. Status changed: RESIZE => VERIFY_RESIZE in 8.76638150215149
2019-11-20 06:05:10.633 23625 RALLYDEBUG rally.task.utils [-] Waiting for resource s_rally_beead00f_ed0WTSpd. Status changed: ACTIVE => VERIFY_RESIZE in 0.3336331844329834
2019-11-20 06:05:11.102 23624 RALLYDEBUG rally.task.utils [-] Waiting for resource s_rally_beead00f_cZMv7UiX. Status changed: BUILD => ACTIVE in 4.4576475620269775
2019-11-20 06:05:12.789 23625 RALLYDEBUG rally.task.utils [-] Waiting for resource s_rally_beead00f_ed0WTSpd. Status changed: VERIFY_RESIZE => ACTIVE in 2.1554059982299805
2019-11-20 06:05:12.801 23624 RALLYDEBUG rally.task.utils [-] Waiting for resource s_rally_beead00f_cZMv7UiX. Status changed: ACTIVE => RESIZE in 0.13902664184570312
2019-11-20 06:05:15.099 23625 INFO rally.task.runner [-] Task 66dd91e3-ee29-4381-8d8c-f34572533156 | ITER: 8 END: OK
2019-11-20 06:05:21.421 23623 RALLYDEBUG rally.task.utils [-] Waiting for resource s_rally_beead00f_yAtbYSoK. Status changed: RESIZE => VERIFY_RESIZE in 17.542230129241943
2019-11-20 06:05:21.834 23623 RALLYDEBUG rally.task.utils [-] Waiting for resource s_rally_beead00f_yAtbYSoK. Status changed: ACTIVE => VERIFY_RESIZE in 0.1592416763305664
2019-11-20 06:05:23.676 23624 RALLYDEBUG rally.task.utils [-] Waiting for resource s_rally_beead00f_cZMv7UiX. Status changed: RESIZE => VERIFY_RESIZE in 10.874205589294434
2019-11-20 06:05:23.994 23623 RALLYDEBUG rally.task.utils [-] Waiting for resource s_rally_beead00f_yAtbYSoK. Status changed: VERIFY_RESIZE => ACTIVE in 2.159777879714966
2019-11-20 06:05:24.127 23624 RALLYDEBUG rally.task.utils [-] Waiting for resource s_rally_beead00f_cZMv7UiX. Status changed: ACTIVE => VERIFY_RESIZE in 0.1402285099029541
2019-11-20 06:05:26.356 23624 RALLYDEBUG rally.task.utils [-] Waiting for resource s_rally_beead00f_cZMv7UiX. Status changed: VERIFY_RESIZE => ACTIVE in 2.2283411026000977
2019-11-20 06:05:26.505 23623 INFO rally.task.runner [-] Task 66dd91e3-ee29-4381-8d8c-f34572533156 | ITER: 9 END: OK
2019-11-20 06:05:28.722 23624 INFO rally.task.runner [-] Task 66dd91e3-ee29-4381-8d8c-f34572533156 | ITER: 10 END: OK
2019-11-20 06:05:28.746 20411 INFO rally.task.context [-] Task 66dd91e3-ee29-4381-8d8c-f34572533156 | Context cleanup@openstack cleanup() started
2019-11-20 06:05:28.750 20411 RALLYDEBUG rally_openstack.cleanup.manager [-] Cleaning up nova servers objects
2019-11-20 06:05:30.048 20411 RALLYDEBUG rally_openstack.cleanup.manager [-] Cleaning up nova server_groups objects
2019-11-20 06:05:31.176 20411 RALLYDEBUG rally_openstack.cleanup.manager [-] Cleaning up nova keypairs objects
2019-11-20 06:05:33.423 20411 INFO rally.task.context [-] Task 66dd91e3-ee29-4381-8d8c-f34572533156 | Context cleanup@openstack cleanup() finished in 4.68 sec
2019-11-20 06:05:33.424 20411 INFO rally.task.context [-] Task 66dd91e3-ee29-4381-8d8c-f34572533156 | Context users@openstack cleanup() started
2019-11-20 06:05:37.605 20411 INFO rally.task.context [-] Task 66dd91e3-ee29-4381-8d8c-f34572533156 | Context users@openstack cleanup() finished in 4.18 sec
2019-11-20 06:05:38.741 20411 INFO rally.task.engine [-] Load duration is: 87.738671
2019-11-20 06:05:38.741 20411 INFO rally.task.engine [-] Full runner duration is: 88.785259
2019-11-20 06:05:38.741 20411 INFO rally.task.engine [-] Full duration is: 101.303595
2019-11-20 06:05:39.279 20411 INFO rally.task.engine [-] Running workload: position = 0 config = { "version": 2, "title": "A cropped version of a bigger task.", "description": "Auto-generated task from a single workload (uuid=a3283eb2-1820-4917-ad68-f3eae1df49ce)", "subtasks": [ { "title": "NovaServers.boot_server_and_list_interfaces", "description": "Boot a server and list interfaces attached to it.", "scenario": { "NovaServers.boot_server_and_list_interfaces": { "flavor": { "name": "rally_full-flavor_7c3785c0-1203-4471-b106-35e78a08fc6a" }, "image": { "name": "rally_full-img_7c3785c0-1203-4471-b106-35e78a08fc6a" }, "auto_assign_nic": true } }, "contexts": { "users": { "tenants": 3, "users_per_tenant": 2 }, "network": {} }, "runner": { "constant": { "concurrency": 4, "times": 10 } }, "hooks": [], "sla": { "failure_rate": { "max": 0 } } } ] }
2019-11-20 06:05:39.303 20411 RALLYDEBUG rally_openstack.contexts.keystone.users [-] Creating 3 tenants using 20 threads
2019-11-20 06:05:40.330 20411 RALLYDEBUG rally_openstack.contexts.keystone.users [-] Creating 6 users using 20 threads
2019-11-20 06:05:41.849 20411 INFO rally.task.context [-] Task 66dd91e3-ee29-4381-8d8c-f34572533156 | Context users@openstack setup() finished in 2.55 sec
2019-11-20 06:05:43.949 20411 RALLYDEBUG rally_openstack.wrappers.network [-] CIDR generated: 10.2.27.0/24
2019-11-20 06:05:48.452 20411 RALLYDEBUG rally_openstack.wrappers.network [-] CIDR generated: 10.2.28.0/24
2019-11-20 06:05:52.428 20411 RALLYDEBUG rally_openstack.wrappers.network [-] CIDR generated: 10.2.29.0/24
2019-11-20 06:05:54.579 20411 INFO rally.task.context [-] Task 66dd91e3-ee29-4381-8d8c-f34572533156 | Context network@openstack setup() finished in 12.73 sec
2019-11-20 06:05:54.580 20411 INFO rally.task.context [-] Task 66dd91e3-ee29-4381-8d8c-f34572533156 | Context cleanup@openstack setup() finished in 0.01 msec
2019-11-20 06:05:55.441 20411 RALLYDEBUG rally.task.runner [-] Starting the constant runner (task UUID: 66dd91e3-ee29-4381-8d8c-f34572533156). times: 10 concurrency: 4 timeout: 0 max_cpu_used: 16 processes_to_start: 4 concurrency_per_worker: 1 concurrency_overhead: 0
2019-11-20 06:05:55.454 23787 RALLYDEBUG rally.task.runner [-] Starting a worker. times: 10 duration: None concurrency: 1 timeout: 0 cls: method_name: run args: {"flavor": "a07fb885-fbe6-45e6-b952-7a60dc9e803d", "image": "02d7d2af-9e24-4e53-9730-a3e0913f2d95", "auto_assign_nic": true}
2019-11-20 06:05:55.457 23788 RALLYDEBUG rally.task.runner [-] Starting a worker. times: 10 duration: None concurrency: 1 timeout: 0 cls: method_name: run args: {"flavor": "a07fb885-fbe6-45e6-b952-7a60dc9e803d", "image": "02d7d2af-9e24-4e53-9730-a3e0913f2d95", "auto_assign_nic": true}
2019-11-20 06:05:55.461 23787 INFO rally.task.runner [-] Task 66dd91e3-ee29-4381-8d8c-f34572533156 | ITER: 1 START
2019-11-20 06:05:55.461 23789 RALLYDEBUG rally.task.runner [-] Starting a worker. times: 10 duration: None concurrency: 1 timeout: 0 cls: method_name: run args: {"flavor": "a07fb885-fbe6-45e6-b952-7a60dc9e803d", "image": "02d7d2af-9e24-4e53-9730-a3e0913f2d95", "auto_assign_nic": true}
2019-11-20 06:05:55.464 23788 INFO rally.task.runner [-] Task 66dd91e3-ee29-4381-8d8c-f34572533156 | ITER: 2 START
2019-11-20 06:05:55.465 23792 RALLYDEBUG rally.task.runner [-] Starting a worker. times: 10 duration: None concurrency: 1 timeout: 0 cls: method_name: run args: {"flavor": "a07fb885-fbe6-45e6-b952-7a60dc9e803d", "image": "02d7d2af-9e24-4e53-9730-a3e0913f2d95", "auto_assign_nic": true}
2019-11-20 06:05:55.468 23789 INFO rally.task.runner [-] Task 66dd91e3-ee29-4381-8d8c-f34572533156 | ITER: 3 START
2019-11-20 06:05:55.471 23792 INFO rally.task.runner [-] Task 66dd91e3-ee29-4381-8d8c-f34572533156 | ITER: 4 START
2019-11-20 06:06:02.394 23788 RALLYDEBUG rally.task.utils [-] Waiting for resource s_rally_a3283eb2_B7FAE3WZ. Status changed: BUILD => ACTIVE in 4.526811361312866
2019-11-20 06:06:02.522 23788 INFO rally.task.runner [-] Task 66dd91e3-ee29-4381-8d8c-f34572533156 | ITER: 2 END: OK
2019-11-20 06:06:02.527 23788 INFO rally.task.runner [-] Task 66dd91e3-ee29-4381-8d8c-f34572533156 | ITER: 5 START
2019-11-20 06:06:02.647 23787 RALLYDEBUG rally.task.utils [-] Waiting for resource s_rally_a3283eb2_5qXTwIYR. Status changed: BUILD => ACTIVE in 4.8564958572387695
2019-11-20 06:06:02.749 23787 INFO rally.task.runner [-] Task 66dd91e3-ee29-4381-8d8c-f34572533156 | ITER: 1 END: OK
2019-11-20 06:06:02.754 23787 INFO rally.task.runner [-] Task 66dd91e3-ee29-4381-8d8c-f34572533156 | ITER: 6 START
2019-11-20 06:06:04.421 23792 RALLYDEBUG rally.task.utils [-] Waiting for resource s_rally_a3283eb2_iGivGvAy. Status changed: BUILD => ACTIVE in 6.723501205444336
2019-11-20 06:06:04.525 23792 INFO rally.task.runner [-] Task 66dd91e3-ee29-4381-8d8c-f34572533156 | ITER: 4 END: OK
2019-11-20 06:06:04.530 23792 INFO rally.task.runner [-] Task 66dd91e3-ee29-4381-8d8c-f34572533156 | ITER: 7 START
2019-11-20 06:06:06.758 23789 RALLYDEBUG rally.task.utils [-] Waiting for resource s_rally_a3283eb2_Ax54RQon. Status changed: BUILD => ACTIVE in 8.783026933670044
2019-11-20 06:06:06.886 23789 INFO rally.task.runner [-] Task 66dd91e3-ee29-4381-8d8c-f34572533156 | ITER: 3 END: OK
2019-11-20 06:06:06.890 23789 INFO rally.task.runner [-] Task 66dd91e3-ee29-4381-8d8c-f34572533156 | ITER: 8 START
2019-11-20 06:06:09.739 23787 RALLYDEBUG rally.task.utils [-] Waiting for resource s_rally_a3283eb2_cj1tiqvK. Status changed: BUILD => ACTIVE in 4.57329797744751
2019-11-20 06:06:09.934 23787 INFO rally.task.runner [-] Task 66dd91e3-ee29-4381-8d8c-f34572533156 | ITER: 6 END: OK
2019-11-20 06:06:09.938 23787 INFO rally.task.runner [-] Task 66dd91e3-ee29-4381-8d8c-f34572533156 | ITER: 9 START
2019-11-20 06:06:11.407 23788 RALLYDEBUG rally.task.utils [-] Waiting for resource s_rally_a3283eb2_34Eoc5Zm. Status changed: BUILD => ACTIVE in 6.736996650695801
2019-11-20 06:06:11.592 23788 INFO rally.task.runner [-] Task 66dd91e3-ee29-4381-8d8c-f34572533156 | ITER: 5 END: OK
2019-11-20 06:06:11.596 23788 INFO rally.task.runner [-] Task 66dd91e3-ee29-4381-8d8c-f34572533156 | ITER: 10 START
