2019-11-20 05:46:43.977 21703 RALLYDEBUG rally.task.utils [-] Waiting for resource s_rally_a98b409c_cP9M1q3T. Status changed: CREATING => DOWNLOADING in 2.187296152114868
2019-11-20 05:46:46.553 21707 RALLYDEBUG rally.task.utils [-] Waiting for resource s_rally_a98b409c_aPkenyRl. Status changed: DOWNLOADING => AVAILABLE in 45.48504114151001
2019-11-20 05:46:51.784 21704 RALLYDEBUG rally.task.utils [-] Waiting for resource s_rally_a98b409c_yVyAf1RX. Status changed: BUILD => ACTIVE in 6.7996766567230225
2019-11-20 05:46:51.785 21704 INFO rally.task.runner [-] Task 66dd91e3-ee29-4381-8d8c-f34572533156 | ITER: 7 END: OK
2019-11-20 05:46:51.790 21704 INFO rally.task.runner [-] Task 66dd91e3-ee29-4381-8d8c-f34572533156 | ITER: 10 START
2019-11-20 05:46:55.518 21707 RALLYDEBUG rally.task.utils [-] Waiting for resource s_rally_a98b409c_3b6HGqf1. Status changed: BUILD => ACTIVE in 6.899101734161377
2019-11-20 05:46:55.519 21707 INFO rally.task.runner [-] Task 66dd91e3-ee29-4381-8d8c-f34572533156 | ITER: 5 END: OK
2019-11-20 05:46:56.308 21705 RALLYDEBUG rally.task.utils [-] Waiting for resource s_rally_a98b409c_SMCJXjbT. Status changed: DOWNLOADING => AVAILABLE in 14.462738513946533
2019-11-20 05:47:06.719 21703 RALLYDEBUG rally.task.utils [-] Waiting for resource s_rally_a98b409c_cP9M1q3T. Status changed: DOWNLOADING => AVAILABLE in 22.742457628250122
2019-11-20 05:47:09.894 21705 RALLYDEBUG rally.task.utils [-] Waiting for resource s_rally_a98b409c_iDKpjna6. Status changed: BUILD => ACTIVE in 11.435832023620605
2019-11-20 05:47:09.895 21705 INFO rally.task.runner [-] Task 66dd91e3-ee29-4381-8d8c-f34572533156 | ITER: 8 END: OK
2019-11-20 05:47:13.858 21703 RALLYDEBUG rally.task.utils [-] Waiting for resource s_rally_a98b409c_pme3CHtL. Status changed: BUILD => ACTIVE in 4.793386220932007
2019-11-20 05:47:13.859 21703 INFO rally.task.runner [-] Task 66dd91e3-ee29-4381-8d8c-f34572533156 | ITER: 9 END: OK
2019-11-20 05:47:15.330 21704 RALLYDEBUG rally.task.utils [-] Waiting for resource s_rally_a98b409c_00ElavCo. Status changed: DOWNLOADING => AVAILABLE in 20.792540788650513
2019-11-20 05:47:22.677 21704 RALLYDEBUG rally.task.utils [-] Waiting for resource s_rally_a98b409c_SakrmKvt. Status changed: BUILD => ACTIVE in 4.863860607147217
2019-11-20 05:47:22.677 21704 INFO rally.task.runner [-] Task 66dd91e3-ee29-4381-8d8c-f34572533156 | ITER: 10 END: OK
2019-11-20 05:47:22.700 20411 INFO rally.task.context [-] Task 66dd91e3-ee29-4381-8d8c-f34572533156 | Context cleanup@openstack cleanup() started
2019-11-20 05:47:22.702 20411 RALLYDEBUG rally_openstack.cleanup.manager [-] Cleaning up nova servers objects
2019-11-20 05:47:25.034 20411 RALLYDEBUG rally_openstack.cleanup.manager [-] Deleting nova.servers object s_rally_a98b409c_pme3CHtL (5e16c6b0-2c8c-4f2a-8e6c-123f43230a45)
2019-11-20 05:47:25.040 20411 RALLYDEBUG rally_openstack.cleanup.manager [-] Deleting nova.servers object s_rally_a98b409c_89Qa9WDr (3c6ff159-7dcf-4daf-af29-827d3b604fe7)
2019-11-20 05:47:25.049 20411 RALLYDEBUG rally_openstack.cleanup.manager [-] Deleting nova.servers object s_rally_a98b409c_RzMy0y4w (a9c1f854-b6ee-457b-b6e4-219772ffbb7b)
2019-11-20 05:47:25.054 20411 RALLYDEBUG rally_openstack.cleanup.manager [-] Deleting nova.servers object s_rally_a98b409c_0bwb92HT (5890fd60-3023-44f1-b5b4-50552da51ac4)
2019-11-20 05:47:25.069 20411 RALLYDEBUG rally_openstack.cleanup.manager [-] Deleting nova.servers object s_rally_a98b409c_f6d69jDT (33d0a299-ba69-4060-a2f0-e03dfb95593a)
2019-11-20 05:47:25.072 20411 RALLYDEBUG rally_openstack.cleanup.manager [-] Deleting nova.servers object s_rally_a98b409c_9xVh0kPb (47bd7718-87fe-4037-ac48-20fd4b4531ea)
2019-11-20 05:47:25.076 20411 RALLYDEBUG rally_openstack.cleanup.manager [-] Deleting nova.servers object s_rally_a98b409c_SakrmKvt (d0ba0089-7eba-4e47-b674-a32a03760b3d)
2019-11-20 05:47:25.088 20411 RALLYDEBUG rally_openstack.cleanup.manager [-] Deleting nova.servers object s_rally_a98b409c_iDKpjna6 (d5745ba0-93f8-416d-ac0d-a1f9d10bd829)
2019-11-20 05:47:25.102 20411 RALLYDEBUG rally_openstack.cleanup.manager [-] Deleting nova.servers object s_rally_a98b409c_3b6HGqf1 (6489ed76-6d59-44e6-98c0-880703ff3a39)
2019-11-20 05:47:25.105 20411 RALLYDEBUG rally_openstack.cleanup.manager [-] Deleting nova.servers object s_rally_a98b409c_yVyAf1RX (f7af2c85-0aab-4490-a729-c8528280afea)
2019-11-20 05:47:31.574 20411 RALLYDEBUG rally_openstack.cleanup.manager [-] Cleaning up nova server_groups objects
2019-11-20 05:47:32.703 20411 RALLYDEBUG rally_openstack.cleanup.manager [-] Cleaning up nova keypairs objects
2019-11-20 05:47:35.001 20411 RALLYDEBUG rally_openstack.cleanup.manager [-] Cleaning up cinder backups objects
2019-11-20 05:47:36.767 20411 RALLYDEBUG rally_openstack.cleanup.manager [-] Cleaning up cinder volume_snapshots objects
2019-11-20 05:47:37.907 20411 RALLYDEBUG rally_openstack.cleanup.manager [-] Cleaning up cinder transfers objects
2019-11-20 05:47:39.316 20411 RALLYDEBUG rally_openstack.cleanup.manager [-] Cleaning up cinder volumes objects
2019-11-20 05:47:40.561 20411 RALLYDEBUG rally_openstack.cleanup.manager [-] Deleting cinder.volumes object s_rally_a98b409c_cP9M1q3T (f6138f3b-a696-416e-bf9e-f117ebf106a9)
2019-11-20 05:47:40.571 20411 RALLYDEBUG rally_openstack.cleanup.manager [-] Deleting cinder.volumes object s_rally_a98b409c_kYrFIzGP (da60d943-63c3-46e7-b0d7-7952da25cef0)
2019-11-20 05:47:40.580 20411 RALLYDEBUG rally_openstack.cleanup.manager [-] Deleting cinder.volumes object s_rally_a98b409c_OgfYLbxG (4e6b79f8-a3db-4b81-ae64-d31b86f38ab0)
2019-11-20 05:47:40.588 20411 RALLYDEBUG rally_openstack.cleanup.manager [-] Deleting cinder.volumes object s_rally_a98b409c_AzFQgywP (37a51e66-dd6d-4eaa-aadb-990e4fe2388d)
2019-11-20 05:47:40.593 20411 RALLYDEBUG rally_openstack.cleanup.manager [-] Deleting cinder.volumes object s_rally_a98b409c_Zu4MK8gg (653df4c0-8d71-4576-816c-8f6b50788663)
2019-11-20 05:47:40.598 20411 RALLYDEBUG rally_openstack.cleanup.manager [-] Deleting cinder.volumes object s_rally_a98b409c_qaVkpja4 (ee36d344-8f06-43a4-b260-fd9e4432b7a5)
2019-11-20 05:47:40.605 20411 RALLYDEBUG rally_openstack.cleanup.manager [-] Deleting cinder.volumes object s_rally_a98b409c_00ElavCo (c8ebb173-2523-40d9-ab9a-ad41d06fbff5)
2019-11-20 05:47:40.615 20411 RALLYDEBUG rally_openstack.cleanup.manager [-] Deleting cinder.volumes object s_rally_a98b409c_SMCJXjbT (c48e7ab0-c118-4833-ba25-ea4dc5f76819)
2019-11-20 05:47:40.627 20411 RALLYDEBUG rally_openstack.cleanup.manager [-] Deleting cinder.volumes object s_rally_a98b409c_fx5ATKHV (c8abc524-33a8-4290-b74d-36a306ef4626)
2019-11-20 05:47:40.640 20411 RALLYDEBUG rally_openstack.cleanup.manager [-] Deleting cinder.volumes object s_rally_a98b409c_aPkenyRl (47598280-6833-4fa0-8b9a-38490c645656)
2019-11-20 05:47:44.351 20411 INFO rally.task.context [-] Task 66dd91e3-ee29-4381-8d8c-f34572533156 | Context cleanup@openstack cleanup() finished in 21.65 sec
2019-11-20 05:47:44.352 20411 INFO rally.task.context [-] Task 66dd91e3-ee29-4381-8d8c-f34572533156 | Context api_versions@openstack cleanup() started
2019-11-20 05:47:44.352 20411 INFO rally.task.context [-] Task 66dd91e3-ee29-4381-8d8c-f34572533156 | Context api_versions@openstack cleanup() finished in 0.39 msec
2019-11-20 05:47:44.352 20411 INFO rally.task.context [-] Task 66dd91e3-ee29-4381-8d8c-f34572533156 | Context users@openstack cleanup() started
2019-11-20 05:47:48.388 20411 INFO rally.task.context [-] Task 66dd91e3-ee29-4381-8d8c-f34572533156 | Context users@openstack cleanup() finished in 4.04 sec
2019-11-20 05:47:48.584 20411 INFO rally.task.engine [-] Load duration is: 109.662966
2019-11-20 05:47:48.585 20411 INFO rally.task.engine [-] Full runner duration is: 110.712912
2019-11-20 05:47:48.585 20411 INFO rally.task.engine [-] Full duration is: 140.367055
2019-11-20 05:47:48.897 20411 INFO rally.task.engine [-] Running workload: position = 0 config = { "version": 2, "title": "A cropped version of a bigger task.", "description": "Auto-generated task from a single workload (uuid=f5a43f73-1c87-4ae3-8284-f54e12424680)", "subtasks": [ { "title": "NovaServers.boot_server", "description": "Boot a server.", "scenario": { "NovaServers.boot_server": { "flavor": { "name": "rally_full-flavor_7c3785c0-1203-4471-b106-35e78a08fc6a" }, "image": { "name": "rally_full-img_7c3785c0-1203-4471-b106-35e78a08fc6a" }, "nics": [ { "net-id": "0fe1c3e1-d88f-4d85-b194-264580ed00cf" } ] } }, "contexts": { "users": { "tenants": 3, "users_per_tenant": 2 } }, "runner": { "constant": { "concurrency": 4, "times": 10 } }, "hooks": [], "sla": { "failure_rate": { "max": 0 } } } ] }
2019-11-20 05:47:48.922 20411 RALLYDEBUG rally_openstack.contexts.keystone.users [-] Creating 3 tenants using 20 threads
2019-11-20 05:47:50.035 20411 RALLYDEBUG rally_openstack.contexts.keystone.users [-] Creating 6 users using 20 threads
2019-11-20 05:47:51.659 20411 INFO rally.task.context [-] Task 66dd91e3-ee29-4381-8d8c-f34572533156 | Context users@openstack setup() finished in 2.74 sec
2019-11-20 05:47:51.660 20411 INFO rally.task.context [-] Task 66dd91e3-ee29-4381-8d8c-f34572533156 | Context cleanup@openstack setup() finished in 0.01 msec
2019-11-20 05:47:52.606 20411 RALLYDEBUG rally.task.runner [-] Starting the constant runner (task UUID: 66dd91e3-ee29-4381-8d8c-f34572533156). times: 10 concurrency: 4 timeout: 0 max_cpu_used: 16 processes_to_start: 4 concurrency_per_worker: 1 concurrency_overhead: 0
2019-11-20 05:47:52.618 21947 RALLYDEBUG rally.task.runner [-] Starting a worker. times: 10 duration: None concurrency: 1 timeout: 0 cls: method_name: run args: {"flavor": "a07fb885-fbe6-45e6-b952-7a60dc9e803d", "image": "02d7d2af-9e24-4e53-9730-a3e0913f2d95", "nics": [{"net-id": "0fe1c3e1-d88f-4d85-b194-264580ed00cf"}]}
2019-11-20 05:47:52.622 21948 RALLYDEBUG rally.task.runner [-] Starting a worker. times: 10 duration: None concurrency: 1 timeout: 0 cls: method_name: run args: {"flavor": "a07fb885-fbe6-45e6-b952-7a60dc9e803d", "image": "02d7d2af-9e24-4e53-9730-a3e0913f2d95", "nics": [{"net-id": "0fe1c3e1-d88f-4d85-b194-264580ed00cf"}]}
2019-11-20 05:47:52.625 21947 INFO rally.task.runner [-] Task 66dd91e3-ee29-4381-8d8c-f34572533156 | ITER: 1 START
2019-11-20 05:47:52.625 21949 RALLYDEBUG rally.task.runner [-] Starting a worker. times: 10 duration: None concurrency: 1 timeout: 0 cls: method_name: run args: {"flavor": "a07fb885-fbe6-45e6-b952-7a60dc9e803d", "image": "02d7d2af-9e24-4e53-9730-a3e0913f2d95", "nics": [{"net-id": "0fe1c3e1-d88f-4d85-b194-264580ed00cf"}]}
2019-11-20 05:47:52.629 21948 INFO rally.task.runner [-] Task 66dd91e3-ee29-4381-8d8c-f34572533156 | ITER: 2 START
2019-11-20 05:47:52.629 21951 RALLYDEBUG rally.task.runner [-] Starting a worker. times: 10 duration: None concurrency: 1 timeout: 0 cls: method_name: run args: {"flavor": "a07fb885-fbe6-45e6-b952-7a60dc9e803d", "image": "02d7d2af-9e24-4e53-9730-a3e0913f2d95", "nics": [{"net-id": "0fe1c3e1-d88f-4d85-b194-264580ed00cf"}]}
2019-11-20 05:47:52.632 21949 INFO rally.task.runner [-] Task 66dd91e3-ee29-4381-8d8c-f34572533156 | ITER: 3 START
2019-11-20 05:47:52.635 21951 INFO rally.task.runner [-] Task 66dd91e3-ee29-4381-8d8c-f34572533156 | ITER: 4 START
2019-11-20 05:47:59.527 21948 RALLYDEBUG rally.task.utils [-] Waiting for resource s_rally_f5a43f73_kriH5icd. Status changed: BUILD => ACTIVE in 4.661914348602295
2019-11-20 05:47:59.527 21948 INFO rally.task.runner [-] Task 66dd91e3-ee29-4381-8d8c-f34572533156 | ITER: 2 END: OK
2019-11-20 05:47:59.531 21948 INFO rally.task.runner [-] Task 66dd91e3-ee29-4381-8d8c-f34572533156 | ITER: 5 START
2019-11-20 05:47:59.626 21951 RALLYDEBUG rally.task.utils [-] Waiting for resource s_rally_f5a43f73_VsxvfHma. Status changed: BUILD => ACTIVE in 4.548487424850464
2019-11-20 05:47:59.627 21951 INFO rally.task.runner [-] Task 66dd91e3-ee29-4381-8d8c-f34572533156 | ITER: 4 END: OK
2019-11-20 05:47:59.631 21951 INFO rally.task.runner [-] Task 66dd91e3-ee29-4381-8d8c-f34572533156 | ITER: 6 START
2019-11-20 05:48:01.814 21947 RALLYDEBUG rally.task.utils [-] Waiting for resource s_rally_f5a43f73_RDtxRUHI. Status changed: BUILD => ACTIVE in 6.848962306976318
2019-11-20 05:48:01.815 21947 INFO rally.task.runner [-] Task 66dd91e3-ee29-4381-8d8c-f34572533156 | ITER: 1 END: OK
2019-11-20 05:48:01.819 21947 INFO rally.task.runner [-] Task 66dd91e3-ee29-4381-8d8c-f34572533156 | ITER: 7 START
2019-11-20 05:48:02.295 21949 RALLYDEBUG rally.task.utils [-] Waiting for resource s_rally_f5a43f73_Ix0NyQPS. Status changed: BUILD => ACTIVE in 7.031587600708008
2019-11-20 05:48:02.296 21949 INFO rally.task.runner [-] Task 66dd91e3-ee29-4381-8d8c-f34572533156 | ITER: 3 END: OK
2019-11-20 05:48:02.300 21949 INFO rally.task.runner [-] Task 66dd91e3-ee29-4381-8d8c-f34572533156 | ITER: 8 START
2019-11-20 05:48:06.468 21951 RALLYDEBUG rally.task.utils [-] Waiting for resource s_rally_f5a43f73_AFq45P3I. Status changed: BUILD => ACTIVE in 4.640778064727783
2019-11-20 05:48:06.468 21951 INFO rally.task.runner [-] Task 66dd91e3-ee29-4381-8d8c-f34572533156 | ITER: 6 END: OK
2019-11-20 05:48:06.472 21951 INFO rally.task.runner [-] Task 66dd91e3-ee29-4381-8d8c-f34572533156 | ITER: 9 START
2019-11-20 05:48:08.631 21948 RALLYDEBUG rally.task.utils [-] Waiting for resource s_rally_f5a43f73_q7ndKJGd. Status changed: BUILD => ACTIVE in 6.850451707839966
2019-11-20 05:48:08.632 21948 INFO rally.task.runner [-] Task 66dd91e3-ee29-4381-8d8c-f34572533156 | ITER: 5 END: OK
2019-11-20 05:48:08.635 21948 INFO rally.task.runner [-] Task 66dd91e3-ee29-4381-8d8c-f34572533156 | ITER: 10 START
2019-11-20 05:48:10.920 21947 RALLYDEBUG rally.task.utils [-] Waiting for resource s_rally_f5a43f73_q0fTZ2Cb. Status changed: BUILD => ACTIVE in 6.76043963432312
2019-11-20 05:48:10.921 21947 INFO rally.task.runner [-] Task 66dd91e3-ee29-4381-8d8c-f34572533156 | ITER: 7 END: OK
2019-11-20 05:48:11.465 21949 RALLYDEBUG rally.task.utils [-] Waiting for resource s_rally_f5a43f73_q1QxTqJz. Status changed: BUILD => ACTIVE in 6.822332859039307
2019-11-20 05:48:11.466 21949 INFO rally.task.runner [-] Task 66dd91e3-ee29-4381-8d8c-f34572533156 | ITER: 8 END: OK
2019-11-20 05:48:15.332 21951 RALLYDEBUG rally.task.utils [-] Waiting for resource s_rally_f5a43f73_6J0cnmBh. Status changed: BUILD => ACTIVE in 6.922509670257568
2019-11-20 05:48:15.335 21951 INFO rally.task.runner [-] Task 66dd91e3-ee29-4381-8d8c-f34572533156 | ITER: 9 END: OK
2019-11-20 05:48:17.694 21948 RALLYDEBUG rally.task.utils [-] Waiting for resource s_rally_f5a43f73_l7XzWCWx. Status changed: BUILD => ACTIVE in 6.761280536651611
2019-11-20 05:48:17.696 21948 INFO rally.task.runner [-] Task 66dd91e3-ee29-4381-8d8c-f34572533156 | ITER: 10 END: OK
2019-11-20 05:48:17.720 20411 INFO rally.task.context [-] Task 66dd91e3-ee29-4381-8d8c-f34572533156 | Context cleanup@openstack cleanup() started
2019-11-20 05:48:17.723 20411 RALLYDEBUG rally_openstack.cleanup.manager [-] Cleaning up nova servers objects
2019-11-20 05:48:20.091 20411 RALLYDEBUG rally_openstack.cleanup.manager [-] Deleting nova.servers object s_rally_f5a43f73_q1QxTqJz (802ff3b8-a3fe-415d-99d7-a72852d947ee)
2019-11-20 05:48:20.100 20411 RALLYDEBUG rally_openstack.cleanup.manager [-] Deleting nova.servers object s_rally_f5a43f73_q0fTZ2Cb (60dbb38a-6e60-41a5-8afe-31a3025f69da)
2019-11-20 05:48:20.109 20411 RALLYDEBUG rally_openstack.cleanup.manager [-] Deleting nova.servers object s_rally_f5a43f73_AFq45P3I (77fb4eb8-25e1-492a-aa1f-9b0b378a299e)
2019-11-20 05:48:20.114 20411 RALLYDEBUG rally_openstack.cleanup.manager [-] Deleting nova.servers object s_rally_f5a43f73_VsxvfHma (90798964-8944-48e7-b55b-82f679fd6406)
2019-11-20 05:48:20.126 20411 RALLYDEBUG rally_openstack.cleanup.manager [-] Deleting nova.servers object s_rally_f5a43f73_l7XzWCWx (a4f16413-613c-4574-ad3a-c101185cbd89)
2019-11-20 05:48:20.132 20411 RALLYDEBUG rally_openstack.cleanup.manager [-] Deleting nova.servers object s_rally_f5a43f73_kriH5icd (2d9e6845-8821-4856-a762-3b3dd9b9b08c)
2019-11-20 05:48:20.145 20411 RALLYDEBUG rally_openstack.cleanup.manager [-] Deleting nova.servers object s_rally_f5a43f73_6J0cnmBh (ba7d3417-ff18-403f-bb13-f5a12cfc22e9)
2019-11-20 05:48:20.159 20411 RALLYDEBUG rally_openstack.cleanup.manager [-] Deleting nova.servers object s_rally_f5a43f73_q7ndKJGd (35213fd3-b249-4189-91d0-d34e7936fb6d)
2019-11-20 05:48:20.169 20411 RALLYDEBUG rally_openstack.cleanup.manager [-] Deleting nova.servers object s_rally_f5a43f73_RDtxRUHI (53b838c1-96f7-455f-971d-3b68476f7b19)
2019-11-20 05:48:20.179 20411 RALLYDEBUG rally_openstack.cleanup.manager [-] Deleting nova.servers object s_rally_f5a43f73_Ix0NyQPS (a3add66c-fc7f-4eba-856a-1845fcf74efc)
2019-11-20 05:48:26.991 20411 RALLYDEBUG rally_openstack.cleanup.manager [-] Cleaning up nova server_groups objects
2019-11-20 05:48:28.113 20411 RALLYDEBUG rally_openstack.cleanup.manager [-] Cleaning up nova keypairs objects
2019-11-20 05:48:30.394 20411 INFO rally.task.context [-] Task 66dd91e3-ee29-4381-8d8c-f34572533156 | Context cleanup@openstack cleanup() finished in 12.67 sec
2019-11-20 05:48:30.395 20411 INFO rally.task.context [-] Task 66dd91e3-ee29-4381-8d8c-f34572533156 | Context users@openstack cleanup() started
2019-11-20 05:48:34.375 20411 INFO rally.task.context [-] Task 66dd91e3-ee29-4381-8d8c-f34572533156 | Context users@openstack cleanup() finished in 3.98 sec
2019-11-20 05:48:35.143 20411 INFO rally.task.engine [-] Load duration is: 24.069135
2019-11-20 05:48:35.143 20411 INFO rally.task.engine [-] Full runner duration is: 25.114118
2019-11-20 05:48:35.144 20411 INFO rally.task.engine [-] Full duration is: 45.455285
2019-11-20 05:48:35.478 20411 INFO rally.task.engine [-] Running workload: position = 0 config = { "version": 2, "title": "A cropped version of a bigger task.", "description": "Auto-generated task from a single workload (uuid=ebca6e1d-d028-4890-823d-3d21e50a74f0)", "subtasks": [ { "title": "NovaServers.list_servers", "description": "List all servers.", "scenario": { "NovaServers.list_servers": { "detailed": true } }, "contexts": { "users": { "tenants": 3, "users_per_tenant": 2 }, "servers": { "flavor": { "name": "rally_full-flavor_7c3785c0-1203-4471-b106-35e78a08fc6a" }, "image": { "name": "rally_full-img_7c3785c0-1203-4471-b106-35e78a08fc6a" }, "servers_per_tenant": 2, "auto_assign_nic": true }, "network": {} }, "runner": { "constant": { "concurrency": 4, "times": 10 } }, "hooks": [], "sla": { "failure_rate": { "max": 0 } } } ] }
2019-11-20 05:48:35.504 20411 RALLYDEBUG rally_openstack.contexts.keystone.users [-] Creating 3 tenants using 20 threads
2019-11-20 05:48:36.516 20411 RALLYDEBUG rally_openstack.contexts.keystone.users [-] Creating 6 users using 20 threads
2019-11-20 05:48:38.006 20411 INFO rally.task.context [-] Task 66dd91e3-ee29-4381-8d8c-f34572533156 | Context users@openstack setup() finished in 2.50 sec
2019-11-20 05:48:40.235 20411 RALLYDEBUG rally_openstack.wrappers.network [-] CIDR generated: 10.2.15.0/24
2019-11-20 05:48:44.623 20411 RALLYDEBUG rally_openstack.wrappers.network [-] CIDR generated: 10.2.16.0/24
2019-11-20 05:48:48.545 20411 RALLYDEBUG rally_openstack.wrappers.network [-] CIDR generated: 10.2.17.0/24
2019-11-20 05:48:50.790 20411 INFO rally.task.context [-] Task 66dd91e3-ee29-4381-8d8c-f34572533156 | Context network@openstack setup() finished in 12.78 sec
2019-11-20 05:48:51.939 20411 RALLYDEBUG rally_openstack.contexts.nova.servers [-] Booting servers for user tenant f4a8ff5ffa6c405d8a668e6904988d9b
2019-11-20 05:48:51.940 20411 RALLYDEBUG rally_openstack.contexts.nova.servers [-] Calling _boot_servers with image_id=02d7d2af-9e24-4e53-9730-a3e0913f2d95 flavor_id=a07fb885-fbe6-45e6-b952-7a60dc9e803d servers_per_tenant=2
2019-11-20 05:48:59.667 20411 RALLYDEBUG rally.task.utils [-] Waiting for resource s_rally_ebca6e1d_mppwGrgT_1. Status changed: BUILD => ACTIVE in 4.60657262802124
2019-11-20 05:48:59.817 20411 RALLYDEBUG rally.task.utils [-] Waiting for resource s_rally_ebca6e1d_mppwGrgT_0. Status changed: BUILD => ACTIVE in 0.14916110038757324
2019-11-20 05:48:59.818 20411 RALLYDEBUG rally_openstack.contexts.nova.servers [-] Adding booted servers ['61acc152-2630-41bc-ae64-d3c0cd2e7bfb', 'dd981c25-0038-4422-9251-8fe760ae2d9f'] to context
2019-11-20 05:48:59.818 20411 RALLYDEBUG rally_openstack.contexts.nova.servers [-] Booting servers for user tenant 336a8f06b939496798e0fc62f42182f4
2019-11-20 05:48:59.819 20411 RALLYDEBUG rally_openstack.contexts.nova.servers [-] Calling _boot_servers with image_id=02d7d2af-9e24-4e53-9730-a3e0913f2d95 flavor_id=a07fb885-fbe6-45e6-b952-7a60dc9e803d servers_per_tenant=2
2019-11-20 05:49:07.557 20411 RALLYDEBUG rally.task.utils [-] Waiting for resource s_rally_ebca6e1d_E1gHac1u_1. Status changed: BUILD => ACTIVE in 4.424546718597412
2019-11-20 05:49:07.759 20411 RALLYDEBUG rally.task.utils [-] Waiting for resource s_rally_ebca6e1d_E1gHac1u_0. Status changed: BUILD => ACTIVE in 0.20219898223876953
2019-11-20 05:49:07.760 20411 RALLYDEBUG rally_openstack.contexts.nova.servers [-] Adding booted servers ['ebc5168c-57ce-4fad-a7f4-95aafcfa2fca', '14fbccdf-83e9-4722-9108-d2e3aa606a8d'] to context
2019-11-20 05:49:07.760 20411 RALLYDEBUG rally_openstack.contexts.nova.servers [-] Booting servers for user tenant 3f60171b0de246d8ac70c0d9cba00ae9
2019-11-20 05:49:07.761 20411 RALLYDEBUG rally_openstack.contexts.nova.servers [-] Calling _boot_servers with image_id=02d7d2af-9e24-4e53-9730-a3e0913f2d95 flavor_id=a07fb885-fbe6-45e6-b952-7a60dc9e803d servers_per_tenant=2
2019-11-20 05:49:17.898 20411 RALLYDEBUG rally.task.utils [-] Waiting for resource s_rally_ebca6e1d_vrg65plo_1. Status changed: BUILD => ACTIVE in 6.7709643840789795
2019-11-20 05:49:18.056 20411 RALLYDEBUG rally.task.utils [-] Waiting for resource s_rally_ebca6e1d_vrg65plo_0. Status changed: BUILD => ACTIVE in 0.15690088272094727
2019-11-20 05:49:18.056 20411 RALLYDEBUG rally_openstack.contexts.nova.servers [-] Adding booted servers ['04f779bc-a4f9-4b5d-bf07-df26aec9a79b', '53ca588e-c718-46d1-a8cb-cb978a726c0c'] to context
2019-11-20 05:49:18.057 20411 INFO rally.task.context [-] Task 66dd91e3-ee29-4381-8d8c-f34572533156 | Context servers@openstack setup() finished in 27.27 sec
2019-11-20 05:49:18.065 20411 RALLYDEBUG rally.task.runner [-] Starting the constant runner (task UUID: 66dd91e3-ee29-4381-8d8c-f34572533156). times: 10 concurrency: 4 timeout: 0 max_cpu_used: 16 processes_to_start: 4 concurrency_per_worker: 1 concurrency_overhead: 0
2019-11-20 05:49:18.077 22111 RALLYDEBUG rally.task.runner [-] Starting a worker. times: 10 duration: None concurrency: 1 timeout: 0 cls: method_name: run args: {"detailed": true}
2019-11-20 05:49:18.080 22112 RALLYDEBUG rally.task.runner [-] Starting a worker. times: 10 duration: None concurrency: 1 timeout: 0 cls: method_name: run args: {"detailed": true}
2019-11-20 05:49:18.084 22111 INFO rally.task.runner [-] Task 66dd91e3-ee29-4381-8d8c-f34572533156 | ITER: 1 START
2019-11-20 05:49:18.084 22113 RALLYDEBUG rally.task.runner [-] Starting a worker. times: 10 duration: None concurrency: 1 timeout: 0 cls: method_name: run args: {"detailed": true}
2019-11-20 05:49:18.088 22112 INFO rally.task.runner [-] Task 66dd91e3-ee29-4381-8d8c-f34572533156 | ITER: 2 START
2019-11-20 05:49:18.087 22114 RALLYDEBUG rally.task.runner [-] Starting a worker. times: 10 duration: None concurrency: 1 timeout: 0 cls: method_name: run args: {"detailed": true}
2019-11-20 05:49:18.091 22113 INFO rally.task.runner [-] Task 66dd91e3-ee29-4381-8d8c-f34572533156 | ITER: 3 START
2019-11-20 05:49:18.094 22114 INFO rally.task.runner [-] Task 66dd91e3-ee29-4381-8d8c-f34572533156 | ITER: 4 START
2019-11-20 05:49:18.832 22113 INFO rally.task.runner [-] Task 66dd91e3-ee29-4381-8d8c-f34572533156 | ITER: 3 END: OK
2019-11-20 05:49:18.836 22113 INFO rally.task.runner [-] Task 66dd91e3-ee29-4381-8d8c-f34572533156 | ITER: 5 START
2019-11-20 05:49:18.839 22114 INFO rally.task.runner [-] Task 66dd91e3-ee29-4381-8d8c-f34572533156 | ITER: 4 END: OK
2019-11-20 05:49:18.843 22114 INFO rally.task.runner [-] Task 66dd91e3-ee29-4381-8d8c-f34572533156 | ITER: 6 START
2019-11-20 05:49:18.928 22111 INFO rally.task.runner [-] Task 66dd91e3-ee29-4381-8d8c-f34572533156 | ITER: 1 END: OK
2019-11-20 05:49:18.933 22111 INFO rally.task.runner [-] Task 66dd91e3-ee29-4381-8d8c-f34572533156 | ITER: 7 START
2019-11-20 05:49:18.954 22112 INFO rally.task.runner [-] Task 66dd91e3-ee29-4381-8d8c-f34572533156 | ITER: 2 END: OK
2019-11-20 05:49:18.959 22112 INFO rally.task.runner [-] Task 66dd91e3-ee29-4381-8d8c-f34572533156 | ITER: 8 START
2019-11-20 05:49:19.468 22113 INFO rally.task.runner [-] Task 66dd91e3-ee29-4381-8d8c-f34572533156 | ITER: 5 END: OK
2019-11-20 05:49:19.471 22113 INFO rally.task.runner [-] Task 66dd91e3-ee29-4381-8d8c-f34572533156 | ITER: 9 START
2019-11-20 05:49:19.563 22111 INFO rally.task.runner [-] Task 66dd91e3-ee29-4381-8d8c-f34572533156 | ITER: 7 END: OK
2019-11-20 05:49:19.567 22111 INFO rally.task.runner [-] Task 66dd91e3-ee29-4381-8d8c-f34572533156 | ITER: 10 START
2019-11-20 05:49:19.655 22112 INFO rally.task.runner [-] Task 66dd91e3-ee29-4381-8d8c-f34572533156 | ITER: 8 END: OK
2019-11-20 05:49:19.689 22114 INFO rally.task.runner [-] Task 66dd91e3-ee29-4381-8d8c-f34572533156 | ITER: 6 END: OK
2019-11-20 05:49:20.080 22113 INFO rally.task.runner [-] Task 66dd91e3-ee29-4381-8d8c-f34572533156 | ITER: 9 END: OK
2019-11-20 05:49:20.188 22111 INFO rally.task.runner [-] Task 66dd91e3-ee29-4381-8d8c-f34572533156 | ITER: 10 END: OK
2019-11-20 05:49:20.217 20411 INFO rally.task.context [-] Task 66dd91e3-ee29-4381-8d8c-f34572533156 | Context servers@openstack cleanup() started
2019-11-20 05:49:20.219 20411 RALLYDEBUG rally_openstack.cleanup.manager [-] Cleaning up nova servers objects
2019-11-20 05:49:22.613 20411 RALLYDEBUG rally_openstack.cleanup.manager [-] Deleting nova.servers object s_rally_ebca6e1d_mppwGrgT_1 (61acc152-2630-41bc-ae64-d3c0cd2e7bfb)
2019-11-20 05:49:22.621 20411 RALLYDEBUG rally_openstack.cleanup.manager [-] Deleting nova.servers object s_rally_ebca6e1d_mppwGrgT_0 (dd981c25-0038-4422-9251-8fe760ae2d9f)
2019-11-20 05:49:22.628 20411 RALLYDEBUG rally_openstack.cleanup.manager [-] Deleting nova.servers object s_rally_ebca6e1d_E1gHac1u_0 (14fbccdf-83e9-4722-9108-d2e3aa606a8d)
2019-11-20 05:49:22.630 20411 RALLYDEBUG rally_openstack.cleanup.manager [-] Deleting nova.servers object s_rally_ebca6e1d_E1gHac1u_1 (ebc5168c-57ce-4fad-a7f4-95aafcfa2fca)
2019-11-20 05:49:22.631 20411 RALLYDEBUG rally_openstack.cleanup.manager [-] Deleting nova.servers object s_rally_ebca6e1d_vrg65plo_1 (04f779bc-a4f9-4b5d-bf07-df26aec9a79b)
2019-11-20 05:49:22.633 20411 RALLYDEBUG rally_openstack.cleanup.manager [-] Deleting nova.servers object s_rally_ebca6e1d_vrg65plo_0 (53ca588e-c718-46d1-a8cb-cb978a726c0c)
2019-11-20 05:49:26.865 20411 INFO rally.task.context [-] Task 66dd91e3-ee29-4381-8d8c-f34572533156 | Context servers@openstack cleanup() finished in 6.65 sec
2019-11-20 05:49:26.866 20411 INFO rally.task.context [-] Task 66dd91e3-ee29-4381-8d8c-f34572533156 | Context network@openstack cleanup() started
2019-11-20 05:49:49.028 20411 INFO rally.task.context [-] Task 66dd91e3-ee29-4381-8d8c-f34572533156 | Context network@openstack cleanup() finished in 22.16 sec
2019-11-20 05:49:49.029 20411 INFO rally.task.context [-] Task 66dd91e3-ee29-4381-8d8c-f34572533156 | Context users@openstack cleanup() started
2019-11-20 05:49:53.121 20411 INFO rally.task.context [-] Task 66dd91e3-ee29-4381-8d8c-f34572533156 | Context users@openstack cleanup() finished in 4.09 sec
2019-11-20 05:49:53.842 20411 INFO rally.task.engine [-] Load duration is: 2.102697
2019-11-20 05:49:53.843 20411 INFO rally.task.engine [-] Full runner duration is: 2.152371
2019-11-20 05:49:53.843 20411 INFO rally.task.engine [-] Full duration is: 77.618631
2019-11-20 05:49:54.191 20411 INFO rally.task.engine [-] Running workload: position = 0 config = { "version": 2, "title": "A cropped version of a bigger task.", "description": "Auto-generated task from a single workload (uuid=7ccbade3-cc5e-48cf-b785-ceada2149d7d)", "subtasks": [ { "title": "NovaServers.resize_server", "description": "Boot a server, then resize and delete it.", "scenario": { "NovaServers.resize_server": { "flavor": { "name": "rally_full-flavor_7c3785c0-1203-4471-b106-35e78a08fc6a" }, "image": { "name": "rally_full-img_7c3785c0-1203-4471-b106-35e78a08fc6a" }, "to_flavor": { "name": "rally_full-flavor_alt_7c3785c0-1203-4471-b106-35e78a08fc6a" }, "confirm": true, "force_delete": false, "nics": [ { "net-id": "0fe1c3e1-d88f-4d85-b194-264580ed00cf" } ] } }, "contexts": { "users": { "tenants": 3, "users_per_tenant": 2 } }, "runner": { "constant": { "concurrency": 4, "times": 10 } }, "hooks": [], "sla": { "failure_rate": { "max": 0 } } } ] }
2019-11-20 05:49:54.215 20411 RALLYDEBUG rally_openstack.contexts.keystone.users [-] Creating 3 tenants using 20 threads
2019-11-20 05:49:55.293 20411 RALLYDEBUG rally_openstack.contexts.keystone.users [-] Creating 6 users using 20 threads
2019-11-20 05:49:56.746 20411 INFO rally.task.context [-] Task 66dd91e3-ee29-4381-8d8c-f34572533156 | Context users@openstack setup() finished in 2.53 sec
2019-11-20 05:49:56.747 20411 INFO rally.task.context [-] Task 66dd91e3-ee29-4381-8d8c-f34572533156 | Context cleanup@openstack setup() finished in 0.01 msec
2019-11-20 05:49:57.769 20411 RALLYDEBUG rally.task.runner [-] Starting the constant runner (task UUID: 66dd91e3-ee29-4381-8d8c-f34572533156). times: 10 concurrency: 4 timeout: 0 max_cpu_used: 16 processes_to_start: 4 concurrency_per_worker: 1 concurrency_overhead: 0
2019-11-20 05:49:57.781 22235 RALLYDEBUG rally.task.runner [-] Starting a worker. times: 10 duration: None concurrency: 1 timeout: 0 cls: method_name: run args: {"flavor": "a07fb885-fbe6-45e6-b952-7a60dc9e803d", "image": "02d7d2af-9e24-4e53-9730-a3e0913f2d95", "to_flavor": "f95a5b67-9f57-470a-9861-a337f478152b", "confirm": true, "force_delete": false, "nics": [{"net-id": "0fe1c3e1-d88f-4d85-b194-264580ed00cf"}]}
2019-11-20 05:49:57.785 22236 RALLYDEBUG rally.task.runner [-] Starting a worker. times: 10 duration: None concurrency: 1 timeout: 0 cls: method_name: run args: {"flavor": "a07fb885-fbe6-45e6-b952-7a60dc9e803d", "image": "02d7d2af-9e24-4e53-9730-a3e0913f2d95", "to_flavor": "f95a5b67-9f57-470a-9861-a337f478152b", "confirm": true, "force_delete": false, "nics": [{"net-id": "0fe1c3e1-d88f-4d85-b194-264580ed00cf"}]}
2019-11-20 05:49:57.789 22235 INFO rally.task.runner [-] Task 66dd91e3-ee29-4381-8d8c-f34572533156 | ITER: 1 START
2019-11-20 05:49:57.788 22237 RALLYDEBUG rally.task.runner [-] Starting a worker. times: 10 duration: None concurrency: 1 timeout: 0 cls: method_name: run args: {"flavor": "a07fb885-fbe6-45e6-b952-7a60dc9e803d", "image": "02d7d2af-9e24-4e53-9730-a3e0913f2d95", "to_flavor": "f95a5b67-9f57-470a-9861-a337f478152b", "confirm": true, "force_delete": false, "nics": [{"net-id": "0fe1c3e1-d88f-4d85-b194-264580ed00cf"}]}
2019-11-20 05:49:57.792 22236 INFO rally.task.runner [-] Task 66dd91e3-ee29-4381-8d8c-f34572533156 | ITER: 2 START
2019-11-20 05:49:57.792 22239 RALLYDEBUG rally.task.runner [-] Starting a worker. times: 10 duration: None concurrency: 1 timeout: 0 cls: method_name: run args: {"flavor": "a07fb885-fbe6-45e6-b952-7a60dc9e803d", "image": "02d7d2af-9e24-4e53-9730-a3e0913f2d95", "to_flavor": "f95a5b67-9f57-470a-9861-a337f478152b", "confirm": true, "force_delete": false, "nics": [{"net-id": "0fe1c3e1-d88f-4d85-b194-264580ed00cf"}]}
2019-11-20 05:49:57.795 22237 INFO rally.task.runner [-] Task 66dd91e3-ee29-4381-8d8c-f34572533156 | ITER: 3 START
2019-11-20 05:49:57.798 22239 INFO rally.task.runner [-] Task 66dd91e3-ee29-4381-8d8c-f34572533156 | ITER: 4 START
2019-11-20 05:50:04.553 22239 RALLYDEBUG rally.task.utils [-] Waiting for resource s_rally_7ccbade3_ygg2O16E. Status changed: BUILD => ACTIVE in 4.490417957305908
2019-11-20 05:50:04.903 22236 RALLYDEBUG rally.task.utils [-] Waiting for resource s_rally_7ccbade3_efzXu8fD. Status changed: BUILD => ACTIVE in 4.5073230266571045
2019-11-20 05:50:05.733 22239 RALLYDEBUG rally.task.utils [-] Waiting for resource s_rally_7ccbade3_ygg2O16E. Status changed: ACTIVE => RESIZE in 0.15697717666625977
2019-11-20 05:50:06.337 22236 RALLYDEBUG rally.task.utils [-] Waiting for resource s_rally_7ccbade3_efzXu8fD. Status changed: ACTIVE => RESIZE in 0.17077898979187012
2019-11-20 05:50:06.892 22237 RALLYDEBUG rally.task.utils [-] Waiting for resource s_rally_7ccbade3_mPJRmFzY. Status changed: BUILD => ACTIVE in 6.638020992279053
2019-11-20 05:50:06.939 22235 RALLYDEBUG rally.task.utils [-] Waiting for resource s_rally_7ccbade3_4SIHDa3S. Status changed: BUILD => ACTIVE in 6.82089376449585
2019-11-20 05:50:07.982 22237 RALLYDEBUG rally.task.utils [-] Waiting for resource s_rally_7ccbade3_mPJRmFzY. Status changed: ACTIVE => RESIZE in 0.2482755184173584
2019-11-20 05:50:08.020 22235 RALLYDEBUG rally.task.utils [-] Waiting for resource s_rally_7ccbade3_4SIHDa3S. Status changed: ACTIVE => RESIZE in 0.2573857307434082
2019-11-20 05:50:16.128 22239 RALLYDEBUG rally.task.utils [-] Waiting for resource s_rally_7ccbade3_ygg2O16E. Status changed: RESIZE => VERIFY_RESIZE in 10.395705461502075
2019-11-20 05:50:16.432 22239 RALLYDEBUG rally.task.utils [-] Waiting for resource s_rally_7ccbade3_ygg2O16E. Status changed: ACTIVE => VERIFY_RESIZE in 0.23569703102111816
2019-11-20 05:50:18.670 22239 RALLYDEBUG rally.task.utils [-] Waiting for resource s_rally_7ccbade3_ygg2O16E. Status changed: VERIFY_RESIZE => ACTIVE in 2.2373785972595215
2019-11-20 05:50:21.025 22239 INFO rally.task.runner [-] Task 66dd91e3-ee29-4381-8d8c-f34572533156 | ITER: 4 END: OK
2019-11-20 05:50:21.032 22239 INFO rally.task.runner [-] Task 66dd91e3-ee29-4381-8d8c-f34572533156 | ITER: 5 START
2019-11-20 05:50:23.571 22237 RALLYDEBUG rally.task.utils [-] Waiting for resource s_rally_7ccbade3_mPJRmFzY. Status changed: RESIZE => VERIFY_RESIZE in 15.58905029296875
2019-11-20 05:50:23.875 22237 RALLYDEBUG rally.task.utils [-] Waiting for resource s_rally_7ccbade3_mPJRmFzY. Status changed: ACTIVE => VERIFY_RESIZE in 0.23841094970703125
2019-11-20 05:50:26.021 22237 RALLYDEBUG rally.task.utils [-] Waiting for resource s_rally_7ccbade3_mPJRmFzY. Status changed: VERIFY_RESIZE => ACTIVE in 2.1454896926879883
2019-11-20 05:50:27.180 22236 RALLYDEBUG rally.task.utils [-] Waiting for resource s_rally_7ccbade3_efzXu8fD. Status changed: RESIZE => VERIFY_RESIZE in 20.843647003173828
2019-11-20 05:50:27.591 22236 RALLYDEBUG rally.task.utils [-] Waiting for resource s_rally_7ccbade3_efzXu8fD. Status changed: ACTIVE => VERIFY_RESIZE in 0.1584920883178711
2019-11-20 05:50:28.204 22239 RALLYDEBUG rally.task.utils [-] Waiting for resource s_rally_7ccbade3_JNDXU8W7. Status changed: BUILD => ACTIVE in 4.610704660415649
2019-11-20 05:50:28.402 22237 INFO rally.task.runner [-] Task 66dd91e3-ee29-4381-8d8c-f34572533156 | ITER: 3 END: OK
2019-11-20 05:50:28.409 22237 INFO rally.task.runner [-] Task 66dd91e3-ee29-4381-8d8c-f34572533156 | ITER: 6 START
2019-11-20 05:50:28.766 22235 RALLYDEBUG rally.task.utils [-] Waiting for resource s_rally_7ccbade3_4SIHDa3S. Status changed: RESIZE => VERIFY_RESIZE in 20.745732307434082
2019-11-20 05:50:29.144 22235 RALLYDEBUG rally.task.utils [-] Waiting for resource s_rally_7ccbade3_4SIHDa3S. Status changed: ACTIVE => VERIFY_RESIZE in 0.3199450969696045
2019-11-20 05:50:29.173 22239 RALLYDEBUG rally.task.utils [-] Waiting for resource s_rally_7ccbade3_JNDXU8W7. Status changed: ACTIVE => RESIZE in 0.13226890563964844
2019-11-20 05:50:29.769 22236 RALLYDEBUG rally.task.utils [-] Waiting for resource s_rally_7ccbade3_efzXu8fD. Status changed: VERIFY_RESIZE => ACTIVE in 2.177394151687622
2019-11-20 05:50:31.290 22235 RALLYDEBUG rally.task.utils [-] Waiting for resource s_rally_7ccbade3_4SIHDa3S. Status changed: VERIFY_RESIZE => ACTIVE in 2.145610809326172
2019-11-20 05:50:32.069 22236 INFO rally.task.runner [-] Task 66dd91e3-ee29-4381-8d8c-f34572533156 | ITER: 2 END: OK
2019-11-20 05:50:32.076 22236 INFO rally.task.runner [-] Task 66dd91e3-ee29-4381-8d8c-f34572533156 | ITER: 7 START
2019-11-20 05:50:33.691 22235 INFO rally.task.runner [-] Task 66dd91e3-ee29-4381-8d8c-f34572533156 | ITER: 1 END: OK
2019-11-20 05:50:33.698 22235 INFO rally.task.runner [-] Task 66dd91e3-ee29-4381-8d8c-f34572533156 | ITER: 8 START
2019-11-20 05:50:35.102 22237 RALLYDEBUG rally.task.utils [-] Waiting for resource s_rally_7ccbade3_iJEFjK1T. Status changed: BUILD => ACTIVE in 4.545503377914429
2019-11-20 05:50:36.182 22237 RALLYDEBUG rally.task.utils [-] Waiting for resource s_rally_7ccbade3_iJEFjK1T. Status changed: ACTIVE => RESIZE in 0.20234012603759766
2019-11-20 05:50:38.691 22236 RALLYDEBUG rally.task.utils [-] Waiting for resource s_rally_7ccbade3_ZcrhcHwu. Status changed: BUILD => ACTIVE in 4.57719087600708
2019-11-20 05:50:39.700 22236 RALLYDEBUG rally.task.utils [-] Waiting for resource s_rally_7ccbade3_ZcrhcHwu. Status changed: ACTIVE => RESIZE in 0.1362628936767578
2019-11-20 05:50:40.921 22235 RALLYDEBUG rally.task.utils [-] Waiting for resource s_rally_7ccbade3_OznnsQq6. Status changed: BUILD => ACTIVE in 4.826233148574829
2019-11-20 05:50:41.941 22235 RALLYDEBUG rally.task.utils [-] Waiting for resource s_rally_7ccbade3_OznnsQq6. Status changed: ACTIVE => RESIZE in 0.14670228958129883
2019-11-20 05:50:49.899 22239 RALLYDEBUG rally.task.utils [-] Waiting for resource s_rally_7ccbade3_JNDXU8W7. Status changed: RESIZE => VERIFY_RESIZE in 20.726762533187866
2019-11-20 05:50:50.133 22239 RALLYDEBUG rally.task.utils [-] Waiting for resource s_rally_7ccbade3_JNDXU8W7. Status changed: ACTIVE => VERIFY_RESIZE in 0.16238188743591309
2019-11-20 05:50:52.292 22239 RALLYDEBUG rally.task.utils [-] Waiting for resource s_rally_7ccbade3_JNDXU8W7. Status changed: VERIFY_RESIZE => ACTIVE in 2.159104585647583
2019-11-20 05:50:54.840 22239 INFO rally.task.runner [-] Task 66dd91e3-ee29-4381-8d8c-f34572533156 | ITER: 5 END: OK
2019-11-20 05:50:54.844 22239 INFO rally.task.runner [-] Task 66dd91e3-ee29-4381-8d8c-f34572533156 | ITER: 9 START
2019-11-20 05:50:57.014 22237 RALLYDEBUG rally.task.utils [-] Waiting for resource s_rally_7ccbade3_iJEFjK1T. Status changed: RESIZE => VERIFY_RESIZE in 20.83103656768799
2019-11-20 05:50:57.263 22237 RALLYDEBUG rally.task.utils [-] Waiting for resource s_rally_7ccbade3_iJEFjK1T. Status changed: ACTIVE => VERIFY_RESIZE in 0.1909775733947754
2019-11-20 05:50:59.568 22237 RALLYDEBUG rally.task.utils [-] Waiting for resource s_rally_7ccbade3_iJEFjK1T. Status changed: VERIFY_RESIZE => ACTIVE in 2.3055191040039062
2019-11-20 05:51:00.392 22236 RALLYDEBUG rally.task.utils [-] Waiting for resource s_rally_7ccbade3_ZcrhcHwu. Status changed: RESIZE => VERIFY_RESIZE in 20.69213891029358
2019-11-20 05:51:00.610 22236 RALLYDEBUG rally.task.utils [-] Waiting for resource s_rally_7ccbade3_ZcrhcHwu. Status changed: ACTIVE => VERIFY_RESIZE in 0.15094351768493652
2019-11-20 05:51:01.646 22239 RALLYDEBUG rally.task.utils [-] Waiting for resource s_rally_7ccbade3_U3McEmmB. Status changed: BUILD => ACTIVE in 4.658267021179199
2019-11-20 05:51:01.866 22237 INFO rally.task.runner [-] Task 66dd91e3-ee29-4381-8d8c-f34572533156 | ITER: 6 END: OK
2019-11-20 05:51:01.871 22237 INFO rally.task.runner [-] Task 66dd91e3-ee29-4381-8d8c-f34572533156 | ITER: 10 START
2019-11-20 05:51:02.636 22235 RALLYDEBUG rally.task.utils [-] Waiting for resource s_rally_7ccbade3_OznnsQq6. Status changed: RESIZE => VERIFY_RESIZE in 20.694294929504395
2019-11-20 05:51:02.687 22239 RALLYDEBUG rally.task.utils [-] Waiting for resource s_rally_7ccbade3_U3McEmmB. Status changed: ACTIVE => RESIZE in 0.15946030616760254
2019-11-20 05:51:02.830 22236 RALLYDEBUG rally.task.utils [-] Waiting for resource s_rally_7ccbade3_ZcrhcHwu. Status changed: VERIFY_RESIZE => ACTIVE in 2.219879388809204
2019-11-20 05:51:02.835 22235 RALLYDEBUG rally.task.utils [-] Waiting for resource s_rally_7ccbade3_OznnsQq6. Status changed: ACTIVE => VERIFY_RESIZE in 0.14189887046813965
2019-11-20 05:51:05.032 22235 RALLYDEBUG rally.task.utils [-] Waiting for resource s_rally_7ccbade3_OznnsQq6. Status changed: VERIFY_RESIZE => ACTIVE in 2.1971864700317383
2019-11-20 05:51:05.190 22236 INFO rally.task.runner [-] Task 66dd91e3-ee29-4381-8d8c-f34572533156 | ITER: 7 END: OK
2019-11-20 05:51:07.423 22235 INFO rally.task.runner [-] Task 66dd91e3-ee29-4381-8d8c-f34572533156 | ITER: 8 END: OK
2019-11-20 05:51:08.565 22237 RALLYDEBUG rally.task.utils [-] Waiting for resource s_rally_7ccbade3_P1YmwsGT. Status changed: BUILD => ACTIVE in 4.512342214584351
2019-11-20 05:51:09.774 22237 RALLYDEBUG rally.task.utils [-] Waiting for resource s_rally_7ccbade3_P1YmwsGT. Status changed: ACTIVE => RESIZE in 0.19773125648498535
2019-11-20 05:51:23.477 22239 RALLYDEBUG rally.task.utils [-] Waiting for resource s_rally_7ccbade3_U3McEmmB. Status changed: RESIZE => VERIFY_RESIZE in 20.789944648742676
2019-11-20 05:51:23.698 22239 RALLYDEBUG rally.task.utils [-] Waiting for resource s_rally_7ccbade3_U3McEmmB. Status changed: ACTIVE => VERIFY_RESIZE in 0.1525886058807373
2019-11-20 05:51:25.646 22237 RALLYDEBUG rally.task.utils [-] Waiting for resource s_rally_7ccbade3_P1YmwsGT. Status changed: RESIZE => VERIFY_RESIZE in 15.87154769897461
2019-11-20 05:51:25.852 22237 RALLYDEBUG rally.task.utils [-] Waiting for resource s_rally_7ccbade3_P1YmwsGT. Status changed: ACTIVE => VERIFY_RESIZE in 0.14145255088806152
2019-11-20 05:51:25.853 22239 RALLYDEBUG rally.task.utils [-] Waiting for resource s_rally_7ccbade3_U3McEmmB. Status changed: VERIFY_RESIZE => ACTIVE in 2.154787302017212
2019-11-20 05:51:28.161 22239 INFO rally.task.runner [-] Task 66dd91e3-ee29-4381-8d8c-f34572533156 | ITER: 9 END: OK
2019-11-20 05:51:28.192 22237 RALLYDEBUG rally.task.utils [-] Waiting for resource s_rally_7ccbade3_P1YmwsGT. Status changed: VERIFY_RESIZE => ACTIVE in 2.3404464721679688
2019-11-20 05:51:30.543 22237 INFO rally.task.runner [-] Task 66dd91e3-ee29-4381-8d8c-f34572533156 | ITER: 10 END: OK
2019-11-20 05:51:30.574 20411 INFO rally.task.context [-] Task 66dd91e3-ee29-4381-8d8c-f34572533156 | Context cleanup@openstack cleanup() started
2019-11-20 05:51:30.580 20411 RALLYDEBUG rally_openstack.cleanup.manager [-] Cleaning up nova servers objects
2019-11-20 05:51:31.876 20411 RALLYDEBUG rally_openstack.cleanup.manager [-] Cleaning up nova server_groups objects
2019-11-20 05:51:32.989 20411 RALLYDEBUG rally_openstack.cleanup.manager [-] Cleaning up nova keypairs objects
2019-11-20 05:51:35.436 20411 INFO rally.task.context [-] Task 66dd91e3-ee29-4381-8d8c-f34572533156 | Context cleanup@openstack cleanup() finished in 4.86 sec
2019-11-20 05:51:35.437 20411 INFO rally.task.context [-] Task 66dd91e3-ee29-4381-8d8c-f34572533156 | Context users@openstack cleanup() started
2019-11-20 05:51:39.297 20411 INFO rally.task.context [-] Task 66dd91e3-ee29-4381-8d8c-f34572533156 | Context users@openstack cleanup() finished in 3.86 sec
2019-11-20 05:51:40.691 20411 INFO rally.task.engine [-] Load duration is: 91.752742
2019-11-20 05:51:40.692 20411 INFO rally.task.engine [-] Full runner duration is: 92.805302
2019-11-20 05:51:40.692 20411 INFO rally.task.engine [-] Full duration is: 105.083641
2019-11-20 05:51:41.013 20411 INFO rally.task.engine [-] Running workload: position = 0 config = { "version": 2, "title": "A cropped version of a bigger task.", "description": "Auto-generated task from a single workload (uuid=6068b9cc-4c85-43f3-8b09-47d0799ff060)", "subtasks": [ { "title": "NovaServers.boot_and_live_migrate_server", "description": "Live Migrate a server.", "scenario": { "NovaServers.boot_and_live_migrate_server": { "flavor": { "name": "rally_full-flavor_7c3785c0-1203-4471-b106-35e78a08fc6a" }, "image": { "name": "rally_full-img_7c3785c0-1203-4471-b106-35e78a08fc6a" }, "block_migration": false, "nics": [ { "net-id": "0fe1c3e1-d88f-4d85-b194-264580ed00cf" } ] } }, "contexts": { "users": { "tenants": 3, "users_per_tenant": 2 } }, "runner": { "constant": { "concurrency": 4, "times": 10 } }, "hooks": [], "sla": { "failure_rate": { "max": 0 } } } ] }
2019-11-20 05:51:41.038 20411 RALLYDEBUG rally_openstack.contexts.keystone.users [-] Creating 3 tenants using 20 threads
2019-11-20 05:51:42.051 20411 RALLYDEBUG rally_openstack.contexts.keystone.users [-] Creating 6 users using 20 threads
2019-11-20 05:51:43.521 20411 INFO rally.task.context [-] Task 66dd91e3-ee29-4381-8d8c-f34572533156 | Context users@openstack setup() finished in 2.48 sec
2019-11-20 05:51:43.522 20411 INFO rally.task.context [-] Task 66dd91e3-ee29-4381-8d8c-f34572533156 | Context cleanup@openstack setup() finished in 0.02 msec
2019-11-20 05:51:44.522 20411 RALLYDEBUG rally.task.runner [-] Starting the constant runner (task UUID: 66dd91e3-ee29-4381-8d8c-f34572533156). times: 10 concurrency: 4 timeout: 0 max_cpu_used: 16 processes_to_start: 4 concurrency_per_worker: 1 concurrency_overhead: 0
2019-11-20 05:51:44.535 22399 RALLYDEBUG rally.task.runner [-] Starting a worker. times: 10 duration: None concurrency: 1 timeout: 0 cls: method_name: run args: {"flavor": "a07fb885-fbe6-45e6-b952-7a60dc9e803d", "image": "02d7d2af-9e24-4e53-9730-a3e0913f2d95", "block_migration": false, "nics": [{"net-id": "0fe1c3e1-d88f-4d85-b194-264580ed00cf"}]}
2019-11-20 05:51:44.538 22400 RALLYDEBUG rally.task.runner [-] Starting a worker. times: 10 duration: None concurrency: 1 timeout: 0 cls: method_name: run args: {"flavor": "a07fb885-fbe6-45e6-b952-7a60dc9e803d", "image": "02d7d2af-9e24-4e53-9730-a3e0913f2d95", "block_migration": false, "nics": [{"net-id": "0fe1c3e1-d88f-4d85-b194-264580ed00cf"}]}
2019-11-20 05:51:44.542 22399 INFO rally.task.runner [-] Task 66dd91e3-ee29-4381-8d8c-f34572533156 | ITER: 1 START
2019-11-20 05:51:44.542 22401 RALLYDEBUG rally.task.runner [-] Starting a worker. times: 10 duration: None concurrency: 1 timeout: 0 cls: method_name: run args: {"flavor": "a07fb885-fbe6-45e6-b952-7a60dc9e803d", "image": "02d7d2af-9e24-4e53-9730-a3e0913f2d95", "block_migration": false, "nics": [{"net-id": "0fe1c3e1-d88f-4d85-b194-264580ed00cf"}]}
2019-11-20 05:51:44.545 22400 INFO rally.task.runner [-] Task 66dd91e3-ee29-4381-8d8c-f34572533156 | ITER: 2 START
2019-11-20 05:51:44.546 22403 RALLYDEBUG rally.task.runner [-] Starting a worker. times: 10 duration: None concurrency: 1 timeout: 0 cls: method_name: run args: {"flavor": "a07fb885-fbe6-45e6-b952-7a60dc9e803d", "image": "02d7d2af-9e24-4e53-9730-a3e0913f2d95", "block_migration": false, "nics": [{"net-id": "0fe1c3e1-d88f-4d85-b194-264580ed00cf"}]}
2019-11-20 05:51:44.549 22401 INFO rally.task.runner [-] Task 66dd91e3-ee29-4381-8d8c-f34572533156 | ITER: 3 START
2019-11-20 05:51:44.552 22403 INFO rally.task.runner [-] Task 66dd91e3-ee29-4381-8d8c-f34572533156 | ITER: 4 START
2019-11-20 05:51:51.592 22399 RALLYDEBUG rally.task.utils [-] Waiting for resource s_rally_6068b9cc_zJJhaJbB. Status changed: BUILD => ACTIVE in 4.7627949714660645
2019-11-20 05:51:51.849 22401 RALLYDEBUG rally.task.utils [-] Waiting for resource s_rally_6068b9cc_vXylIaqc. Status changed: BUILD => ACTIVE in 4.868353605270386
2019-11-20 05:51:54.186 22403 RALLYDEBUG rally.task.utils [-] Waiting for resource s_rally_6068b9cc_eISVS5BP. Status changed: BUILD => ACTIVE in 7.1962456703186035
2019-11-20 05:51:54.448 22401 RALLYDEBUG rally.task.utils [-] Waiting for resource s_rally_6068b9cc_vXylIaqc. Status changed: ACTIVE => MIGRATING in 0.14508390426635742
2019-11-20 05:51:54.500 22399 RALLYDEBUG rally.task.utils [-] Waiting for resource s_rally_6068b9cc_zJJhaJbB. Status changed: ACTIVE => MIGRATING in 0.17444181442260742
2019-11-20 05:51:55.804 22400 RALLYDEBUG rally.task.utils [-] Waiting for resource s_rally_6068b9cc_wRAqggCg. Status changed: BUILD => ACTIVE in 8.78441333770752
2019-11-20 05:51:56.961 22403 RALLYDEBUG rally.task.utils [-] Waiting for resource s_rally_6068b9cc_eISVS5BP. Status changed: ACTIVE => MIGRATING in 0.13519549369812012
2019-11-20 05:51:58.556 22400 RALLYDEBUG rally.task.utils [-] Waiting for resource s_rally_6068b9cc_wRAqggCg. Status changed: ACTIVE => MIGRATING in 0.269270658493042
2019-11-20 05:51:58.789 22399 RALLYDEBUG rally.task.utils [-] Waiting for resource s_rally_6068b9cc_zJJhaJbB. Status changed: MIGRATING => ACTIVE in 4.289409160614014
2019-11-20 05:52:00.936 22401 RALLYDEBUG rally.task.utils [-] Waiting for resource s_rally_6068b9cc_vXylIaqc. Status changed: MIGRATING => ACTIVE in 6.487565040588379
2019-11-20 05:52:01.306 22399 INFO rally.task.runner [-] Task 66dd91e3-ee29-4381-8d8c-f34572533156 | ITER: 1 END: OK
2019-11-20 05:52:01.310 22399 INFO rally.task.runner [-] Task 66dd91e3-ee29-4381-8d8c-f34572533156 | ITER: 5 START
2019-11-20 05:52:03.452 22401 INFO rally.task.runner [-] Task 66dd91e3-ee29-4381-8d8c-f34572533156 | ITER: 3 END: OK
2019-11-20 05:52:03.457 22401 INFO rally.task.runner [-] Task 66dd91e3-ee29-4381-8d8c-f34572533156 | ITER: 6 START
2019-11-20 05:52:05.921 22403 RALLYDEBUG rally.task.utils [-] Waiting for resource s_rally_6068b9cc_eISVS5BP. Status changed: MIGRATING => ACTIVE in 8.95988416671753
2019-11-20 05:52:08.451 22399 RALLYDEBUG rally.task.utils [-] Waiting for resource s_rally_6068b9cc_mWmSxULj. Status changed: BUILD => ACTIVE in 4.824048280715942
2019-11-20 05:52:08.490 22403 INFO rally.task.runner [-] Task 66dd91e3-ee29-4381-8d8c-f34572533156 | ITER: 4 END: OK
2019-11-20 05:52:08.497 22403 INFO rally.task.runner [-] Task 66dd91e3-ee29-4381-8d8c-f34572533156 | ITER: 7 START
2019-11-20 05:52:09.968 22401 RALLYDEBUG rally.task.utils [-] Waiting for resource s_rally_6068b9cc_esOxv8vw. Status changed: BUILD => ACTIVE in 4.487121820449829
2019-11-20 05:52:11.182 22399 RALLYDEBUG rally.task.utils [-] Waiting for resource s_rally_6068b9cc_mWmSxULj. Status changed: ACTIVE => MIGRATING in 0.20161914825439453
2019-11-20 05:52:12.599 22401 RALLYDEBUG rally.task.utils [-] Waiting for resource s_rally_6068b9cc_esOxv8vw. Status changed: ACTIVE => MIGRATING in 0.13593053817749023
