2019-11-20 04:47:58.060 1845 INFO rally.task.context [-] Task 879ed185-2a54-4ecc-a04e-49128aac8d60 | Context api_versions@openstack cleanup() started
2019-11-20 04:47:58.060 1845 INFO rally.task.context [-] Task 879ed185-2a54-4ecc-a04e-49128aac8d60 | Context api_versions@openstack cleanup() finished in 0.36 msec
2019-11-20 04:47:58.061 1845 INFO rally.task.context [-] Task 879ed185-2a54-4ecc-a04e-49128aac8d60 | Context users@openstack cleanup() started
2019-11-20 04:48:02.269 1845 INFO rally.task.context [-] Task 879ed185-2a54-4ecc-a04e-49128aac8d60 | Context users@openstack cleanup() finished in 4.21 sec
2019-11-20 04:48:02.907 1845 INFO rally.task.engine [-] Load duration is: 14.695919
2019-11-20 04:48:02.907 1845 INFO rally.task.engine [-] Full runner duration is: 14.747916
2019-11-20 04:48:02.908 1845 INFO rally.task.engine [-] Full duration is: 27.543411
2019-11-20 04:48:03.123 1845 INFO rally.task.engine [-] Running workload: position = 1 config = { "version": 2, "title": "A cropped version of a bigger task.", "description": "Auto-generated task from a single workload (uuid=45788c13-d3a4-4d01-80b2-c564435681dc)", "subtasks": [ { "title": "CinderVolumes.create_and_delete_volume", "description": "Create and then delete a volume.", "scenario": { "CinderVolumes.create_and_delete_volume": { "image": { "name": "rally_full-img_7c3785c0-1203-4471-b106-35e78a08fc6a" }, "size": 1 } }, "contexts": { "users": { "tenants": 3, "users_per_tenant": 2 }, "quotas": { "cinder": { "gigabytes": -1, "snapshots": -1, "volumes": -1 } }, "api_versions": { "cinder": { "version": 3, "service_type": "volumev3" } } }, "runner": { "constant": { "concurrency": 4, "times": 10 } }, "hooks": [], "sla": { "failure_rate": { "max": 0 } } } ] }
2019-11-20 04:48:03.146 1845 RALLYDEBUG rally_openstack.contexts.keystone.users [-] Creating 3 tenants using 20 threads
2019-11-20 04:48:04.208 1845 RALLYDEBUG rally_openstack.contexts.keystone.users [-] Creating 6 users using 20 threads
2019-11-20 04:48:05.786 1845 INFO rally.task.context [-] Task 879ed185-2a54-4ecc-a04e-49128aac8d60 | Context users@openstack setup() finished in 2.64 sec
2019-11-20 04:48:06.176 1845 INFO rally.task.context [-] Task 879ed185-2a54-4ecc-a04e-49128aac8d60 | Context api_versions@openstack setup() finished in 0.39 sec
2019-11-20 04:48:06.937 1845 INFO rally.task.context [-] Task 879ed185-2a54-4ecc-a04e-49128aac8d60 | Context quotas@openstack setup() finished in 0.76 sec
2019-11-20 04:48:06.938 1845 INFO rally.task.context [-] Task 879ed185-2a54-4ecc-a04e-49128aac8d60 | Context cleanup@openstack setup() finished in 0.01 msec
2019-11-20 04:48:07.472 1845 RALLYDEBUG rally.task.runner [-] Starting the constant runner (task UUID: 879ed185-2a54-4ecc-a04e-49128aac8d60). times: 10 concurrency: 4 timeout: 0 max_cpu_used: 16 processes_to_start: 4 concurrency_per_worker: 1 concurrency_overhead: 0
2019-11-20 04:48:07.484 4357 RALLYDEBUG rally.task.runner [-] Starting a worker. times: 10 duration: None concurrency: 1 timeout: 0 cls: method_name: run args: {"image": "02d7d2af-9e24-4e53-9730-a3e0913f2d95", "size": 1}
2019-11-20 04:48:07.487 4358 RALLYDEBUG rally.task.runner [-] Starting a worker. times: 10 duration: None concurrency: 1 timeout: 0 cls: method_name: run args: {"image": "02d7d2af-9e24-4e53-9730-a3e0913f2d95", "size": 1}
2019-11-20 04:48:07.491 4357 INFO rally.task.runner [-] Task 879ed185-2a54-4ecc-a04e-49128aac8d60 | ITER: 1 START
2019-11-20 04:48:07.491 4359 RALLYDEBUG rally.task.runner [-] Starting a worker. times: 10 duration: None concurrency: 1 timeout: 0 cls: method_name: run args: {"image": "02d7d2af-9e24-4e53-9730-a3e0913f2d95", "size": 1}
2019-11-20 04:48:07.494 4358 INFO rally.task.runner [-] Task 879ed185-2a54-4ecc-a04e-49128aac8d60 | ITER: 2 START
2019-11-20 04:48:07.494 4361 RALLYDEBUG rally.task.runner [-] Starting a worker. times: 10 duration: None concurrency: 1 timeout: 0 cls: method_name: run args: {"image": "02d7d2af-9e24-4e53-9730-a3e0913f2d95", "size": 1}
2019-11-20 04:48:07.498 4359 INFO rally.task.runner [-] Task 879ed185-2a54-4ecc-a04e-49128aac8d60 | ITER: 3 START
2019-11-20 04:48:07.501 4361 INFO rally.task.runner [-] Task 879ed185-2a54-4ecc-a04e-49128aac8d60 | ITER: 4 START
2019-11-20 04:48:23.152 4357 RALLYDEBUG rally.task.utils [-] Waiting for resource s_rally_45788c13_kWax7Wrs. Status changed: DOWNLOADING => AVAILABLE in 12.514834642410278
2019-11-20 04:48:23.284 4357 RALLYDEBUG rally.task.utils [-] Waiting for resource s_rally_45788c13_kWax7Wrs. Status changed: AVAILABLE => DELETING in 0.06374073028564453
2019-11-20 04:48:25.322 4357 INFO rally.task.runner [-] Task 879ed185-2a54-4ecc-a04e-49128aac8d60 | ITER: 1 END: OK
2019-11-20 04:48:25.327 4357 INFO rally.task.runner [-] Task 879ed185-2a54-4ecc-a04e-49128aac8d60 | ITER: 5 START
2019-11-20 04:48:31.241 4358 RALLYDEBUG rally.task.utils [-] Waiting for resource s_rally_45788c13_TIKBRb1W. Status changed: DOWNLOADING => AVAILABLE in 20.944660902023315
2019-11-20 04:48:31.378 4358 RALLYDEBUG rally.task.utils [-] Waiting for resource s_rally_45788c13_TIKBRb1W. Status changed: AVAILABLE => DELETING in 0.06892180442810059
2019-11-20 04:48:33.421 4358 INFO rally.task.runner [-] Task 879ed185-2a54-4ecc-a04e-49128aac8d60 | ITER: 2 END: OK
2019-11-20 04:48:33.427 4358 INFO rally.task.runner [-] Task 879ed185-2a54-4ecc-a04e-49128aac8d60 | ITER: 6 START
2019-11-20 04:48:40.367 4358 RALLYDEBUG rally.task.utils [-] Waiting for resource s_rally_45788c13_RAufqg3Z. Status changed: CREATING => DOWNLOADING in 4.259326219558716
2019-11-20 04:48:40.625 4357 RALLYDEBUG rally.task.utils [-] Waiting for resource s_rally_45788c13_xe9BuI4f. Status changed: DOWNLOADING => AVAILABLE in 12.52678918838501
2019-11-20 04:48:40.763 4357 RALLYDEBUG rally.task.utils [-] Waiting for resource s_rally_45788c13_xe9BuI4f. Status changed: AVAILABLE => DELETING in 0.06317806243896484
2019-11-20 04:48:46.942 4357 INFO rally.task.runner [-] Task 879ed185-2a54-4ecc-a04e-49128aac8d60 | ITER: 5 END: OK
2019-11-20 04:48:46.948 4357 INFO rally.task.runner [-] Task 879ed185-2a54-4ecc-a04e-49128aac8d60 | ITER: 7 START
2019-11-20 04:48:51.988 4357 RALLYDEBUG rally.task.utils [-] Waiting for resource s_rally_45788c13_X9j1uSva. Status changed: CREATING => DOWNLOADING in 2.2003090381622314
2019-11-20 04:48:52.784 4358 RALLYDEBUG rally.task.utils [-] Waiting for resource s_rally_45788c13_RAufqg3Z. Status changed: DOWNLOADING => AVAILABLE in 12.417824983596802
2019-11-20 04:48:52.921 4358 RALLYDEBUG rally.task.utils [-] Waiting for resource s_rally_45788c13_RAufqg3Z. Status changed: AVAILABLE => DELETING in 0.06814455986022949
2019-11-20 04:48:57.182 4358 INFO rally.task.runner [-] Task 879ed185-2a54-4ecc-a04e-49128aac8d60 | ITER: 6 END: OK
2019-11-20 04:48:57.186 4358 INFO rally.task.runner [-] Task 879ed185-2a54-4ecc-a04e-49128aac8d60 | ITER: 8 START
2019-11-20 04:49:02.481 4358 RALLYDEBUG rally.task.utils [-] Waiting for resource s_rally_45788c13_qmP8JEkA. Status changed: CREATING => DOWNLOADING in 2.1933107376098633
2019-11-20 04:49:04.400 4357 RALLYDEBUG rally.task.utils [-] Waiting for resource s_rally_45788c13_X9j1uSva. Status changed: DOWNLOADING => AVAILABLE in 12.412657260894775
2019-11-20 04:49:04.469 4359 RALLYDEBUG rally.task.utils [-] Waiting for resource s_rally_45788c13_vjNeRR2s. Status changed: DOWNLOADING => AVAILABLE in 53.876198530197144
2019-11-20 04:49:04.532 4357 RALLYDEBUG rally.task.utils [-] Waiting for resource s_rally_45788c13_X9j1uSva. Status changed: AVAILABLE => DELETING in 0.06466794013977051
2019-11-20 04:49:04.581 4361 RALLYDEBUG rally.task.utils [-] Waiting for resource s_rally_45788c13_NLEgZL2X. Status changed: DOWNLOADING => AVAILABLE in 53.96305704116821
2019-11-20 04:49:04.596 4359 RALLYDEBUG rally.task.utils [-] Waiting for resource s_rally_45788c13_vjNeRR2s. Status changed: AVAILABLE => DELETING in 0.05916476249694824
2019-11-20 04:49:04.705 4361 RALLYDEBUG rally.task.utils [-] Waiting for resource s_rally_45788c13_NLEgZL2X. Status changed: AVAILABLE => DELETING in 0.05878257751464844
2019-11-20 04:49:06.637 4359 INFO rally.task.runner [-] Task 879ed185-2a54-4ecc-a04e-49128aac8d60 | ITER: 3 END: OK
2019-11-20 04:49:06.643 4359 INFO rally.task.runner [-] Task 879ed185-2a54-4ecc-a04e-49128aac8d60 | ITER: 9 START
2019-11-20 04:49:06.740 4361 INFO rally.task.runner [-] Task 879ed185-2a54-4ecc-a04e-49128aac8d60 | ITER: 4 END: OK
2019-11-20 04:49:06.747 4361 INFO rally.task.runner [-] Task 879ed185-2a54-4ecc-a04e-49128aac8d60 | ITER: 10 START
2019-11-20 04:49:08.639 4357 INFO rally.task.runner [-] Task 879ed185-2a54-4ecc-a04e-49128aac8d60 | ITER: 7 END: OK
2019-11-20 04:49:16.932 4358 RALLYDEBUG rally.task.utils [-] Waiting for resource s_rally_45788c13_qmP8JEkA. Status changed: DOWNLOADING => AVAILABLE in 14.450901985168457
2019-11-20 04:49:17.058 4358 RALLYDEBUG rally.task.utils [-] Waiting for resource s_rally_45788c13_qmP8JEkA. Status changed: AVAILABLE => DELETING in 0.06061601638793945
2019-11-20 04:49:19.101 4358 INFO rally.task.runner [-] Task 879ed185-2a54-4ecc-a04e-49128aac8d60 | ITER: 8 END: OK
2019-11-20 04:49:30.314 4361 RALLYDEBUG rally.task.utils [-] Waiting for resource s_rally_45788c13_FGqRnSXb. Status changed: DOWNLOADING => AVAILABLE in 20.834916353225708
2019-11-20 04:49:30.452 4361 RALLYDEBUG rally.task.utils [-] Waiting for resource s_rally_45788c13_FGqRnSXb. Status changed: AVAILABLE => DELETING in 0.06355714797973633
2019-11-20 04:49:32.495 4361 INFO rally.task.runner [-] Task 879ed185-2a54-4ecc-a04e-49128aac8d60 | ITER: 10 END: OK
2019-11-20 04:49:45.304 4359 RALLYDEBUG rally.task.utils [-] Waiting for resource s_rally_45788c13_shesD2Zx. Status changed: DOWNLOADING => AVAILABLE in 35.41675305366516
2019-11-20 04:49:45.444 4359 RALLYDEBUG rally.task.utils [-] Waiting for resource s_rally_45788c13_shesD2Zx. Status changed: AVAILABLE => DELETING in 0.06688284873962402
2019-11-20 04:49:47.486 4359 INFO rally.task.runner [-] Task 879ed185-2a54-4ecc-a04e-49128aac8d60 | ITER: 9 END: OK
2019-11-20 04:49:47.511 1845 INFO rally.task.context [-] Task 879ed185-2a54-4ecc-a04e-49128aac8d60 | Context cleanup@openstack cleanup() started
2019-11-20 04:49:47.515 1845 RALLYDEBUG rally_openstack.cleanup.manager [-] Cleaning up cinder backups objects
2019-11-20 04:49:49.070 1845 RALLYDEBUG rally_openstack.cleanup.manager [-] Cleaning up cinder volume_snapshots objects
2019-11-20 04:49:50.231 1845 RALLYDEBUG rally_openstack.cleanup.manager [-] Cleaning up cinder transfers objects
2019-11-20 04:49:51.349 1845 RALLYDEBUG rally_openstack.cleanup.manager [-] Cleaning up cinder volumes objects
2019-11-20 04:49:52.546 1845 INFO rally.task.context [-] Task 879ed185-2a54-4ecc-a04e-49128aac8d60 | Context cleanup@openstack cleanup() finished in 5.03 sec
2019-11-20 04:49:52.547 1845 INFO rally.task.context [-] Task 879ed185-2a54-4ecc-a04e-49128aac8d60 | Context quotas@openstack cleanup() started
2019-11-20 04:49:52.628 1845 INFO rally.task.context [-] Task 879ed185-2a54-4ecc-a04e-49128aac8d60 | Context quotas@openstack cleanup() finished in 81.09 msec
2019-11-20 04:49:52.628 1845 INFO rally.task.context [-] Task 879ed185-2a54-4ecc-a04e-49128aac8d60 | Context api_versions@openstack cleanup() started
2019-11-20 04:49:52.629 1845 INFO rally.task.context [-] Task 879ed185-2a54-4ecc-a04e-49128aac8d60 | Context api_versions@openstack cleanup() finished in 0.36 msec
2019-11-20 04:49:52.629 1845 INFO rally.task.context [-] Task 879ed185-2a54-4ecc-a04e-49128aac8d60 | Context users@openstack cleanup() started
2019-11-20 04:49:56.941 1845 INFO rally.task.context [-] Task 879ed185-2a54-4ecc-a04e-49128aac8d60 | Context users@openstack cleanup() finished in 4.31 sec
2019-11-20 04:49:57.619 1845 INFO rally.task.engine [-] Load duration is: 99.990169
2019-11-20 04:49:57.619 1845 INFO rally.task.engine [-] Full runner duration is: 100.039897
2019-11-20 04:49:57.620 1845 INFO rally.task.engine [-] Full duration is: 113.796993
2019-11-20 04:49:57.819 1845 INFO rally.task.engine [-] Running workload: position = 2 config = { "version": 2, "title": "A cropped version of a bigger task.", "description": "Auto-generated task from a single workload (uuid=83d70dfc-0456-4755-ac3e-986475151841)", "subtasks": [ { "title": "CinderVolumes.create_and_delete_volume", "description": "Create and then delete a volume.", "scenario": { "CinderVolumes.create_and_delete_volume": { "size": 1 } }, "contexts": { "users": { "tenants": 3, "users_per_tenant": 2 }, "quotas": { "cinder": { "gigabytes": -1, "snapshots": -1, "volumes": -1 } }, "api_versions": { "cinder": { "version": 3, "service_type": "volumev3" } } }, "runner": { "constant": { "concurrency": 4, "times": 10 } }, "hooks": [], "sla": { "failure_rate": { "max": 0 } } } ] }
2019-11-20 04:49:57.844 1845 RALLYDEBUG rally_openstack.contexts.keystone.users [-] Creating 3 tenants using 20 threads
2019-11-20 04:49:58.870 1845 RALLYDEBUG rally_openstack.contexts.keystone.users [-] Creating 6 users using 20 threads
2019-11-20 04:50:00.352 1845 INFO rally.task.context [-] Task 879ed185-2a54-4ecc-a04e-49128aac8d60 | Context users@openstack setup() finished in 2.51 sec
2019-11-20 04:50:00.746 1845 INFO rally.task.context [-] Task 879ed185-2a54-4ecc-a04e-49128aac8d60 | Context api_versions@openstack setup() finished in 0.39 sec
2019-11-20 04:50:01.565 1845 INFO rally.task.context [-] Task 879ed185-2a54-4ecc-a04e-49128aac8d60 | Context quotas@openstack setup() finished in 0.82 sec
2019-11-20 04:50:01.566 1845 INFO rally.task.context [-] Task 879ed185-2a54-4ecc-a04e-49128aac8d60 | Context cleanup@openstack setup() finished in 0.02 msec
2019-11-20 04:50:01.575 1845 RALLYDEBUG rally.task.runner [-] Starting the constant runner (task UUID: 879ed185-2a54-4ecc-a04e-49128aac8d60). times: 10 concurrency: 4 timeout: 0 max_cpu_used: 16 processes_to_start: 4 concurrency_per_worker: 1 concurrency_overhead: 0
2019-11-20 04:50:01.587 4541 RALLYDEBUG rally.task.runner [-] Starting a worker. times: 10 duration: None concurrency: 1 timeout: 0 cls: method_name: run args: {"size": 1}
2019-11-20 04:50:01.591 4542 RALLYDEBUG rally.task.runner [-] Starting a worker. times: 10 duration: None concurrency: 1 timeout: 0 cls: method_name: run args: {"size": 1}
2019-11-20 04:50:01.594 4541 INFO rally.task.runner [-] Task 879ed185-2a54-4ecc-a04e-49128aac8d60 | ITER: 1 START
2019-11-20 04:50:01.594 4543 RALLYDEBUG rally.task.runner [-] Starting a worker. times: 10 duration: None concurrency: 1 timeout: 0 cls: method_name: run args: {"size": 1}
2019-11-20 04:50:01.598 4542 INFO rally.task.runner [-] Task 879ed185-2a54-4ecc-a04e-49128aac8d60 | ITER: 2 START
2019-11-20 04:50:01.598 4545 RALLYDEBUG rally.task.runner [-] Starting a worker. times: 10 duration: None concurrency: 1 timeout: 0 cls: method_name: run args: {"size": 1}
2019-11-20 04:50:01.601 4543 INFO rally.task.runner [-] Task 879ed185-2a54-4ecc-a04e-49128aac8d60 | ITER: 3 START
2019-11-20 04:50:01.603 4545 INFO rally.task.runner [-] Task 879ed185-2a54-4ecc-a04e-49128aac8d60 | ITER: 4 START
2019-11-20 04:50:04.486 4543 RALLYDEBUG rally.task.utils [-] Waiting for resource s_rally_83d70dfc_1NfhYyaI. Status changed: AVAILABLE => DELETING in 0.05500340461730957
2019-11-20 04:50:04.494 4545 RALLYDEBUG rally.task.utils [-] Waiting for resource s_rally_83d70dfc_wTLOQOEO. Status changed: AVAILABLE => DELETING in 0.05255866050720215
2019-11-20 04:50:04.503 4542 RALLYDEBUG rally.task.utils [-] Waiting for resource s_rally_83d70dfc_bSXJFXFk. Status changed: AVAILABLE => DELETING in 0.052275657653808594
2019-11-20 04:50:04.562 4541 RALLYDEBUG rally.task.utils [-] Waiting for resource s_rally_83d70dfc_Zv2zx8P1. Status changed: AVAILABLE => DELETING in 0.0548248291015625
2019-11-20 04:50:06.528 4543 INFO rally.task.runner [-] Task 879ed185-2a54-4ecc-a04e-49128aac8d60 | ITER: 3 END: OK
2019-11-20 04:50:06.532 4543 INFO rally.task.runner [-] Task 879ed185-2a54-4ecc-a04e-49128aac8d60 | ITER: 5 START
2019-11-20 04:50:06.538 4545 INFO rally.task.runner [-] Task 879ed185-2a54-4ecc-a04e-49128aac8d60 | ITER: 4 END: OK
2019-11-20 04:50:06.543 4545 INFO rally.task.runner [-] Task 879ed185-2a54-4ecc-a04e-49128aac8d60 | ITER: 6 START
2019-11-20 04:50:06.543 4542 INFO rally.task.runner [-] Task 879ed185-2a54-4ecc-a04e-49128aac8d60 | ITER: 2 END: OK
2019-11-20 04:50:06.550 4542 INFO rally.task.runner [-] Task 879ed185-2a54-4ecc-a04e-49128aac8d60 | ITER: 7 START
2019-11-20 04:50:06.615 4541 INFO rally.task.runner [-] Task 879ed185-2a54-4ecc-a04e-49128aac8d60 | ITER: 1 END: OK
2019-11-20 04:50:06.620 4541 INFO rally.task.runner [-] Task 879ed185-2a54-4ecc-a04e-49128aac8d60 | ITER: 8 START
2019-11-20 04:50:09.320 4545 RALLYDEBUG rally.task.utils [-] Waiting for resource s_rally_83d70dfc_WPktYtUB. Status changed: AVAILABLE => DELETING in 0.05800318717956543
2019-11-20 04:50:09.325 4542 RALLYDEBUG rally.task.utils [-] Waiting for resource s_rally_83d70dfc_7lP0hfeK. Status changed: AVAILABLE => DELETING in 0.05245256423950195
2019-11-20 04:50:09.379 4541 RALLYDEBUG rally.task.utils [-] Waiting for resource s_rally_83d70dfc_YOX7fKQC. Status changed: AVAILABLE => DELETING in 0.054212331771850586
2019-11-20 04:50:09.393 4543 RALLYDEBUG rally.task.utils [-] Waiting for resource s_rally_83d70dfc_91Xf8koG. Status changed: AVAILABLE => DELETING in 0.05549931526184082
2019-11-20 04:50:11.362 4545 INFO rally.task.runner [-] Task 879ed185-2a54-4ecc-a04e-49128aac8d60 | ITER: 6 END: OK
2019-11-20 04:50:11.365 4542 INFO rally.task.runner [-] Task 879ed185-2a54-4ecc-a04e-49128aac8d60 | ITER: 7 END: OK
2019-11-20 04:50:11.365 4545 INFO rally.task.runner [-] Task 879ed185-2a54-4ecc-a04e-49128aac8d60 | ITER: 9 START
2019-11-20 04:50:11.369 4542 INFO rally.task.runner [-] Task 879ed185-2a54-4ecc-a04e-49128aac8d60 | ITER: 10 START
2019-11-20 04:50:11.430 4541 INFO rally.task.runner [-] Task 879ed185-2a54-4ecc-a04e-49128aac8d60 | ITER: 8 END: OK
2019-11-20 04:50:11.434 4543 INFO rally.task.runner [-] Task 879ed185-2a54-4ecc-a04e-49128aac8d60 | ITER: 5 END: OK
2019-11-20 04:50:14.283 4542 RALLYDEBUG rally.task.utils [-] Waiting for resource s_rally_83d70dfc_NO2Flj6w. Status changed: AVAILABLE => DELETING in 0.05997753143310547
2019-11-20 04:50:14.297 4545 RALLYDEBUG rally.task.utils [-] Waiting for resource s_rally_83d70dfc_HqaH8Pix. Status changed: AVAILABLE => DELETING in 0.05260872840881348
2019-11-20 04:50:16.324 4542 INFO rally.task.runner [-] Task 879ed185-2a54-4ecc-a04e-49128aac8d60 | ITER: 10 END: OK
2019-11-20 04:50:16.339 4545 INFO rally.task.runner [-] Task 879ed185-2a54-4ecc-a04e-49128aac8d60 | ITER: 9 END: OK
2019-11-20 04:50:16.367 1845 INFO rally.task.context [-] Task 879ed185-2a54-4ecc-a04e-49128aac8d60 | Context cleanup@openstack cleanup() started
2019-11-20 04:50:16.370 1845 RALLYDEBUG rally_openstack.cleanup.manager [-] Cleaning up cinder backups objects
2019-11-20 04:50:17.639 1845 RALLYDEBUG rally_openstack.cleanup.manager [-] Cleaning up cinder volume_snapshots objects
2019-11-20 04:50:18.793 1845 RALLYDEBUG rally_openstack.cleanup.manager [-] Cleaning up cinder transfers objects
2019-11-20 04:50:19.919 1845 RALLYDEBUG rally_openstack.cleanup.manager [-] Cleaning up cinder volumes objects
2019-11-20 04:50:21.220 1845 INFO rally.task.context [-] Task 879ed185-2a54-4ecc-a04e-49128aac8d60 | Context cleanup@openstack cleanup() finished in 4.85 sec
2019-11-20 04:50:21.221 1845 INFO rally.task.context [-] Task 879ed185-2a54-4ecc-a04e-49128aac8d60 | Context quotas@openstack cleanup() started
2019-11-20 04:50:21.295 1845 INFO rally.task.context [-] Task 879ed185-2a54-4ecc-a04e-49128aac8d60 | Context quotas@openstack cleanup() finished in 74.64 msec
2019-11-20 04:50:21.296 1845 INFO rally.task.context [-] Task 879ed185-2a54-4ecc-a04e-49128aac8d60 | Context api_versions@openstack cleanup() started
2019-11-20 04:50:21.296 1845 INFO rally.task.context [-] Task 879ed185-2a54-4ecc-a04e-49128aac8d60 | Context api_versions@openstack cleanup() finished in 0.37 msec
2019-11-20 04:50:21.297 1845 INFO rally.task.context [-] Task 879ed185-2a54-4ecc-a04e-49128aac8d60 | Context users@openstack cleanup() started
2019-11-20 04:50:25.527 1845 INFO rally.task.context [-] Task 879ed185-2a54-4ecc-a04e-49128aac8d60 | Context users@openstack cleanup() finished in 4.23 sec
2019-11-20 04:50:26.004 1845 INFO rally.task.engine [-] Load duration is: 14.741033
2019-11-20 04:50:26.005 1845 INFO rally.task.engine [-] Full runner duration is: 14.791915
2019-11-20 04:50:26.005 1845 INFO rally.task.engine [-] Full duration is: 27.686055
2019-11-20 04:50:26.292 1845 INFO rally.task.engine [-] Running workload: position = 0 config = { "version": 2, "title": "A cropped version of a bigger task.", "description": "Auto-generated task from a single workload (uuid=d42b75be-1394-4125-8ba1-dfb8427f9f92)", "subtasks": [ { "title": "CinderVolumes.create_and_extend_volume", "description": "Create and extend a volume and then delete it.", "scenario": { "CinderVolumes.create_and_extend_volume": { "new_size": 2, "size": 1 } }, "contexts": { "users": { "tenants": 3, "users_per_tenant": 2 }, "quotas": { "cinder": { "gigabytes": -1, "snapshots": -1, "volumes": -1 } }, "api_versions": { "cinder": { "version": 3, "service_type": "volumev3" } } }, "runner": { "constant": { "concurrency": 4, "times": 10 } }, "hooks": [], "sla": { "failure_rate": { "max": 0 } } } ] }
2019-11-20 04:50:26.317 1845 RALLYDEBUG rally_openstack.contexts.keystone.users [-] Creating 3 tenants using 20 threads
2019-11-20 04:50:27.346 1845 RALLYDEBUG rally_openstack.contexts.keystone.users [-] Creating 6 users using 20 threads
2019-11-20 04:50:28.856 1845 INFO rally.task.context [-] Task 879ed185-2a54-4ecc-a04e-49128aac8d60 | Context users@openstack setup() finished in 2.54 sec
2019-11-20 04:50:29.244 1845 INFO rally.task.context [-] Task 879ed185-2a54-4ecc-a04e-49128aac8d60 | Context api_versions@openstack setup() finished in 0.39 sec
2019-11-20 04:50:30.007 1845 INFO rally.task.context [-] Task 879ed185-2a54-4ecc-a04e-49128aac8d60 | Context quotas@openstack setup() finished in 0.76 sec
2019-11-20 04:50:30.008 1845 INFO rally.task.context [-] Task 879ed185-2a54-4ecc-a04e-49128aac8d60 | Context cleanup@openstack setup() finished in 0.01 msec
2019-11-20 04:50:30.017 1845 RALLYDEBUG rally.task.runner [-] Starting the constant runner (task UUID: 879ed185-2a54-4ecc-a04e-49128aac8d60). times: 10 concurrency: 4 timeout: 0 max_cpu_used: 16 processes_to_start: 4 concurrency_per_worker: 1 concurrency_overhead: 0
2019-11-20 04:50:30.029 4725 RALLYDEBUG rally.task.runner [-] Starting a worker. times: 10 duration: None concurrency: 1 timeout: 0 cls: method_name: run args: {"new_size": 2, "size": 1}
2019-11-20 04:50:30.033 4726 RALLYDEBUG rally.task.runner [-] Starting a worker. times: 10 duration: None concurrency: 1 timeout: 0 cls: method_name: run args: {"new_size": 2, "size": 1}
2019-11-20 04:50:30.036 4725 INFO rally.task.runner [-] Task 879ed185-2a54-4ecc-a04e-49128aac8d60 | ITER: 1 START
2019-11-20 04:50:30.036 4727 RALLYDEBUG rally.task.runner [-] Starting a worker. times: 10 duration: None concurrency: 1 timeout: 0 cls: method_name: run args: {"new_size": 2, "size": 1}
2019-11-20 04:50:30.040 4726 INFO rally.task.runner [-] Task 879ed185-2a54-4ecc-a04e-49128aac8d60 | ITER: 2 START
2019-11-20 04:50:30.040 4729 RALLYDEBUG rally.task.runner [-] Starting a worker. times: 10 duration: None concurrency: 1 timeout: 0 cls: method_name: run args: {"new_size": 2, "size": 1}
2019-11-20 04:50:30.043 4727 INFO rally.task.runner [-] Task 879ed185-2a54-4ecc-a04e-49128aac8d60 | ITER: 3 START
2019-11-20 04:50:30.046 4729 INFO rally.task.runner [-] Task 879ed185-2a54-4ecc-a04e-49128aac8d60 | ITER: 4 START
2019-11-20 04:50:32.968 4726 RALLYDEBUG rally.task.utils [-] Waiting for resource s_rally_d42b75be_BUdGyYNQ. Status changed: AVAILABLE => EXTENDING in 0.060193538665771484
2019-11-20 04:50:33.001 4725 RALLYDEBUG rally.task.utils [-] Waiting for resource s_rally_d42b75be_JwNIVRxG. Status changed: AVAILABLE => EXTENDING in 0.05490684509277344
2019-11-20 04:50:33.089 4727 RALLYDEBUG rally.task.utils [-] Waiting for resource s_rally_d42b75be_bSO9Ygvh. Status changed: AVAILABLE => EXTENDING in 0.05173802375793457
2019-11-20 04:50:33.105 4729 RALLYDEBUG rally.task.utils [-] Waiting for resource s_rally_d42b75be_qXIScNzI. Status changed: AVAILABLE => EXTENDING in 0.06128287315368652
2019-11-20 04:50:35.035 4726 RALLYDEBUG rally.task.utils [-] Waiting for resource s_rally_d42b75be_BUdGyYNQ. Status changed: EXTENDING => AVAILABLE in 2.0668177604675293
2019-11-20 04:50:35.069 4725 RALLYDEBUG rally.task.utils [-] Waiting for resource s_rally_d42b75be_JwNIVRxG. Status changed: EXTENDING => AVAILABLE in 2.0687930583953857
2019-11-20 04:50:35.150 4727 RALLYDEBUG rally.task.utils [-] Waiting for resource s_rally_d42b75be_bSO9Ygvh. Status changed: EXTENDING => AVAILABLE in 2.061232805252075
2019-11-20 04:50:35.164 4726 RALLYDEBUG rally.task.utils [-] Waiting for resource s_rally_d42b75be_BUdGyYNQ. Status changed: AVAILABLE => DELETING in 0.05822610855102539
2019-11-20 04:50:35.174 4729 RALLYDEBUG rally.task.utils [-] Waiting for resource s_rally_d42b75be_qXIScNzI. Status changed: EXTENDING => AVAILABLE in 2.0692410469055176
2019-11-20 04:50:35.198 4725 RALLYDEBUG rally.task.utils [-] Waiting for resource s_rally_d42b75be_JwNIVRxG. Status changed: AVAILABLE => DELETING in 0.05736517906188965
2019-11-20 04:50:35.263 4727 RALLYDEBUG rally.task.utils [-] Waiting for resource s_rally_d42b75be_bSO9Ygvh. Status changed: AVAILABLE => DELETING in 0.053864240646362305
2019-11-20 04:50:35.293 4729 RALLYDEBUG rally.task.utils [-] Waiting for resource s_rally_d42b75be_qXIScNzI. Status changed: AVAILABLE => DELETING in 0.05833292007446289
2019-11-20 04:50:37.206 4726 INFO rally.task.runner [-] Task 879ed185-2a54-4ecc-a04e-49128aac8d60 | ITER: 2 END: OK
2019-11-20 04:50:37.211 4726 INFO rally.task.runner [-] Task 879ed185-2a54-4ecc-a04e-49128aac8d60 | ITER: 5 START
2019-11-20 04:50:37.239 4725 INFO rally.task.runner [-] Task 879ed185-2a54-4ecc-a04e-49128aac8d60 | ITER: 1 END: OK
2019-11-20 04:50:37.244 4725 INFO rally.task.runner [-] Task 879ed185-2a54-4ecc-a04e-49128aac8d60 | ITER: 6 START
2019-11-20 04:50:37.305 4727 INFO rally.task.runner [-] Task 879ed185-2a54-4ecc-a04e-49128aac8d60 | ITER: 3 END: OK
2019-11-20 04:50:37.310 4727 INFO rally.task.runner [-] Task 879ed185-2a54-4ecc-a04e-49128aac8d60 | ITER: 7 START
2019-11-20 04:50:37.332 4729 INFO rally.task.runner [-] Task 879ed185-2a54-4ecc-a04e-49128aac8d60 | ITER: 4 END: OK
2019-11-20 04:50:37.337 4729 INFO rally.task.runner [-] Task 879ed185-2a54-4ecc-a04e-49128aac8d60 | ITER: 8 START
2019-11-20 04:50:40.135 4727 RALLYDEBUG rally.task.utils [-] Waiting for resource s_rally_d42b75be_pVO6AE8V. Status changed: AVAILABLE => EXTENDING in 0.048075199127197266
2019-11-20 04:50:40.153 4726 RALLYDEBUG rally.task.utils [-] Waiting for resource s_rally_d42b75be_dSNKvICd. Status changed: AVAILABLE => EXTENDING in 0.056363821029663086
2019-11-20 04:50:40.236 4729 RALLYDEBUG rally.task.utils [-] Waiting for resource s_rally_d42b75be_QwhPbgV2. Status changed: AVAILABLE => EXTENDING in 0.05679798126220703
2019-11-20 04:50:40.281 4725 RALLYDEBUG rally.task.utils [-] Waiting for resource s_rally_d42b75be_tUNJzOzR. Status changed: AVAILABLE => EXTENDING in 0.16856050491333008
2019-11-20 04:50:42.222 4726 RALLYDEBUG rally.task.utils [-] Waiting for resource s_rally_d42b75be_dSNKvICd. Status changed: EXTENDING => AVAILABLE in 2.0688090324401855
2019-11-20 04:50:42.296 4729 RALLYDEBUG rally.task.utils [-] Waiting for resource s_rally_d42b75be_QwhPbgV2. Status changed: EXTENDING => AVAILABLE in 2.0601398944854736
2019-11-20 04:50:42.327 4727 RALLYDEBUG rally.task.utils [-] Waiting for resource s_rally_d42b75be_pVO6AE8V. Status changed: EXTENDING => AVAILABLE in 2.191925048828125
2019-11-20 04:50:42.346 4726 RALLYDEBUG rally.task.utils [-] Waiting for resource s_rally_d42b75be_dSNKvICd. Status changed: AVAILABLE => DELETING in 0.05928802490234375
2019-11-20 04:50:42.349 4725 RALLYDEBUG rally.task.utils [-] Waiting for resource s_rally_d42b75be_tUNJzOzR. Status changed: EXTENDING => AVAILABLE in 2.0684432983398438
2019-11-20 04:50:42.405 4729 RALLYDEBUG rally.task.utils [-] Waiting for resource s_rally_d42b75be_QwhPbgV2. Status changed: AVAILABLE => DELETING in 0.0523989200592041
2019-11-20 04:50:42.448 4727 RALLYDEBUG rally.task.utils [-] Waiting for resource s_rally_d42b75be_pVO6AE8V. Status changed: AVAILABLE => DELETING in 0.05416464805603027
2019-11-20 04:50:42.469 4725 RALLYDEBUG rally.task.utils [-] Waiting for resource s_rally_d42b75be_tUNJzOzR. Status changed: AVAILABLE => DELETING in 0.05731010437011719
2019-11-20 04:50:44.446 4729 INFO rally.task.runner [-] Task 879ed185-2a54-4ecc-a04e-49128aac8d60 | ITER: 8 END: OK
2019-11-20 04:50:44.450 4729 INFO rally.task.runner [-] Task 879ed185-2a54-4ecc-a04e-49128aac8d60 | ITER: 9 START
2019-11-20 04:50:44.489 4727 INFO rally.task.runner [-] Task 879ed185-2a54-4ecc-a04e-49128aac8d60 | ITER: 7 END: OK
2019-11-20 04:50:44.493 4727 INFO rally.task.runner [-] Task 879ed185-2a54-4ecc-a04e-49128aac8d60 | ITER: 10 START
2019-11-20 04:50:44.504 4725 INFO rally.task.runner [-] Task 879ed185-2a54-4ecc-a04e-49128aac8d60 | ITER: 6 END: OK
2019-11-20 04:50:44.546 4726 INFO rally.task.runner [-] Task 879ed185-2a54-4ecc-a04e-49128aac8d60 | ITER: 5 END: OK
2019-11-20 04:50:47.319 4727 RALLYDEBUG rally.task.utils [-] Waiting for resource s_rally_d42b75be_iiZla6qI. Status changed: AVAILABLE => EXTENDING in 0.0645606517791748
2019-11-20 04:50:47.321 4729 RALLYDEBUG rally.task.utils [-] Waiting for resource s_rally_d42b75be_9BK0F0Xq. Status changed: AVAILABLE => EXTENDING in 0.056241512298583984
2019-11-20 04:50:49.384 4729 RALLYDEBUG rally.task.utils [-] Waiting for resource s_rally_d42b75be_9BK0F0Xq. Status changed: EXTENDING => AVAILABLE in 2.0638949871063232
2019-11-20 04:50:49.387 4727 RALLYDEBUG rally.task.utils [-] Waiting for resource s_rally_d42b75be_iiZla6qI. Status changed: EXTENDING => AVAILABLE in 2.0684754848480225
2019-11-20 04:50:49.503 4727 RALLYDEBUG rally.task.utils [-] Waiting for resource s_rally_d42b75be_iiZla6qI. Status changed: AVAILABLE => DELETING in 0.05253458023071289
2019-11-20 04:50:49.504 4729 RALLYDEBUG rally.task.utils [-] Waiting for resource s_rally_d42b75be_9BK0F0Xq. Status changed: AVAILABLE => DELETING in 0.06094098091125488
2019-11-20 04:50:51.559 4729 INFO rally.task.runner [-] Task 879ed185-2a54-4ecc-a04e-49128aac8d60 | ITER: 9 END: OK
2019-11-20 04:50:51.564 4727 INFO rally.task.runner [-] Task 879ed185-2a54-4ecc-a04e-49128aac8d60 | ITER: 10 END: OK
2019-11-20 04:50:51.595 1845 INFO rally.task.context [-] Task 879ed185-2a54-4ecc-a04e-49128aac8d60 | Context cleanup@openstack cleanup() started
2019-11-20 04:50:51.599 1845 RALLYDEBUG rally_openstack.cleanup.manager [-] Cleaning up cinder backups objects
2019-11-20 04:50:52.784 1845 RALLYDEBUG rally_openstack.cleanup.manager [-] Cleaning up cinder volume_snapshots objects
2019-11-20 04:50:53.957 1845 RALLYDEBUG rally_openstack.cleanup.manager [-] Cleaning up cinder transfers objects
2019-11-20 04:50:55.100 1845 RALLYDEBUG rally_openstack.cleanup.manager [-] Cleaning up cinder volumes objects
2019-11-20 04:50:56.302 1845 INFO rally.task.context [-] Task 879ed185-2a54-4ecc-a04e-49128aac8d60 | Context cleanup@openstack cleanup() finished in 4.71 sec
2019-11-20 04:50:56.302 1845 INFO rally.task.context [-] Task 879ed185-2a54-4ecc-a04e-49128aac8d60 | Context quotas@openstack cleanup() started
2019-11-20 04:50:56.374 1845 INFO rally.task.context [-] Task 879ed185-2a54-4ecc-a04e-49128aac8d60 | Context quotas@openstack cleanup() finished in 72.36 msec
2019-11-20 04:50:56.375 1845 INFO rally.task.context [-] Task 879ed185-2a54-4ecc-a04e-49128aac8d60 | Context api_versions@openstack cleanup() started
2019-11-20 04:50:56.375 1845 INFO rally.task.context [-] Task 879ed185-2a54-4ecc-a04e-49128aac8d60 | Context api_versions@openstack cleanup() finished in 0.38 msec
2019-11-20 04:50:56.376 1845 INFO rally.task.context [-] Task 879ed185-2a54-4ecc-a04e-49128aac8d60 | Context users@openstack cleanup() started
2019-11-20 04:51:00.684 1845 INFO rally.task.context [-] Task 879ed185-2a54-4ecc-a04e-49128aac8d60 | Context users@openstack cleanup() finished in 4.31 sec
2019-11-20 04:51:02.527 1845 INFO rally.task.engine [-] Load duration is: 21.52282
2019-11-20 04:51:02.527 1845 INFO rally.task.engine [-] Full runner duration is: 21.578529
2019-11-20 04:51:02.528 1845 INFO rally.task.engine [-] Full duration is: 34.369877
2019-11-20 04:51:02.813 1845 INFO rally.task.engine [-] Running workload: position = 0 config = { "version": 2, "title": "A cropped version of a bigger task.", "description": "Auto-generated task from a single workload (uuid=285ad1b4-4ddd-4428-bb16-ae22c8e9e6a9)", "subtasks": [ { "title": "CinderVolumes.create_from_volume_and_delete_volume", "description": "Create volume from volume and then delete it.", "scenario": { "CinderVolumes.create_from_volume_and_delete_volume": { "size": 1 } }, "contexts": { "users": { "tenants": 3, "users_per_tenant": 2 }, "quotas": { "cinder": { "gigabytes": -1, "snapshots": -1, "volumes": -1 } }, "api_versions": { "cinder": { "version": 3, "service_type": "volumev3" } }, "volumes": { "size": 1, "volumes_per_tenant": 1 } }, "runner": { "constant": { "concurrency": 4, "times": 10 } }, "hooks": [], "sla": { "failure_rate": { "max": 0 } } } ] }
2019-11-20 04:51:02.840 1845 RALLYDEBUG rally_openstack.contexts.keystone.users [-] Creating 3 tenants using 20 threads
2019-11-20 04:51:03.856 1845 RALLYDEBUG rally_openstack.contexts.keystone.users [-] Creating 6 users using 20 threads
2019-11-20 04:51:05.380 1845 INFO rally.task.context [-] Task 879ed185-2a54-4ecc-a04e-49128aac8d60 | Context users@openstack setup() finished in 2.54 sec
2019-11-20 04:51:05.773 1845 INFO rally.task.context [-] Task 879ed185-2a54-4ecc-a04e-49128aac8d60 | Context api_versions@openstack setup() finished in 0.39 sec
2019-11-20 04:51:06.659 1845 INFO rally.task.context [-] Task 879ed185-2a54-4ecc-a04e-49128aac8d60 | Context quotas@openstack setup() finished in 0.89 sec
2019-11-20 04:51:15.135 1845 INFO rally.task.context [-] Task 879ed185-2a54-4ecc-a04e-49128aac8d60 | Context volumes@openstack setup() finished in 8.48 sec
2019-11-20 04:51:15.136 1845 INFO rally.task.context [-] Task 879ed185-2a54-4ecc-a04e-49128aac8d60 | Context cleanup@openstack setup() finished in 0.01 msec
2019-11-20 04:51:15.145 1845 RALLYDEBUG rally.task.runner [-] Starting the constant runner (task UUID: 879ed185-2a54-4ecc-a04e-49128aac8d60). times: 10 concurrency: 4 timeout: 0 max_cpu_used: 16 processes_to_start: 4 concurrency_per_worker: 1 concurrency_overhead: 0
2019-11-20 04:51:15.157 4909 RALLYDEBUG rally.task.runner [-] Starting a worker. times: 10 duration: None concurrency: 1 timeout: 0 cls: method_name: run args: {"size": 1}
2019-11-20 04:51:15.161 4910 RALLYDEBUG rally.task.runner [-] Starting a worker. times: 10 duration: None concurrency: 1 timeout: 0 cls: method_name: run args: {"size": 1}
2019-11-20 04:51:15.164 4909 INFO rally.task.runner [-] Task 879ed185-2a54-4ecc-a04e-49128aac8d60 | ITER: 1 START
2019-11-20 04:51:15.164 4911 RALLYDEBUG rally.task.runner [-] Starting a worker. times: 10 duration: None concurrency: 1 timeout: 0 cls: method_name: run args: {"size": 1}
2019-11-20 04:51:15.167 4910 INFO rally.task.runner [-] Task 879ed185-2a54-4ecc-a04e-49128aac8d60 | ITER: 2 START
2019-11-20 04:51:15.168 4913 RALLYDEBUG rally.task.runner [-] Starting a worker. times: 10 duration: None concurrency: 1 timeout: 0 cls: method_name: run args: {"size": 1}
2019-11-20 04:51:15.171 4911 INFO rally.task.runner [-] Task 879ed185-2a54-4ecc-a04e-49128aac8d60 | ITER: 3 START
2019-11-20 04:51:15.175 4913 INFO rally.task.runner [-] Task 879ed185-2a54-4ecc-a04e-49128aac8d60 | ITER: 4 START
2019-11-20 04:51:18.027 4913 RALLYDEBUG rally.task.utils [-] Waiting for resource s_rally_285ad1b4_kWHGSqH6. Status changed: AVAILABLE => DELETING in 0.05434846878051758
2019-11-20 04:51:18.060 4911 RALLYDEBUG rally.task.utils [-] Waiting for resource s_rally_285ad1b4_2ZVjW5c2. Status changed: AVAILABLE => DELETING in 0.055762529373168945
2019-11-20 04:51:20.053 4910 RALLYDEBUG rally.task.utils [-] Waiting for resource s_rally_285ad1b4_6ADBxXJ2. Status changed: CREATING => AVAILABLE in 2.186213970184326
2019-11-20 04:51:20.071 4913 INFO rally.task.runner [-] Task 879ed185-2a54-4ecc-a04e-49128aac8d60 | ITER: 4 END: OK
2019-11-20 04:51:20.076 4913 INFO rally.task.runner [-] Task 879ed185-2a54-4ecc-a04e-49128aac8d60 | ITER: 5 START
2019-11-20 04:51:20.079 4909 RALLYDEBUG rally.task.utils [-] Waiting for resource s_rally_285ad1b4_DjALUEcW. Status changed: CREATING => AVAILABLE in 2.18660569190979
2019-11-20 04:51:20.106 4911 INFO rally.task.runner [-] Task 879ed185-2a54-4ecc-a04e-49128aac8d60 | ITER: 3 END: OK
2019-11-20 04:51:20.111 4911 INFO rally.task.runner [-] Task 879ed185-2a54-4ecc-a04e-49128aac8d60 | ITER: 6 START
2019-11-20 04:51:20.178 4910 RALLYDEBUG rally.task.utils [-] Waiting for resource s_rally_285ad1b4_6ADBxXJ2. Status changed: AVAILABLE => DELETING in 0.06228971481323242
2019-11-20 04:51:20.197 4909 RALLYDEBUG rally.task.utils [-] Waiting for resource s_rally_285ad1b4_DjALUEcW. Status changed: AVAILABLE => DELETING in 0.056470394134521484
2019-11-20 04:51:22.219 4910 INFO rally.task.runner [-] Task 879ed185-2a54-4ecc-a04e-49128aac8d60 | ITER: 2 END: OK
2019-11-20 04:51:22.224 4910 INFO rally.task.runner [-] Task 879ed185-2a54-4ecc-a04e-49128aac8d60 | ITER: 7 START
2019-11-20 04:51:22.237 4909 INFO rally.task.runner [-] Task 879ed185-2a54-4ecc-a04e-49128aac8d60 | ITER: 1 END: OK
2019-11-20 04:51:22.242 4909 INFO rally.task.runner [-] Task 879ed185-2a54-4ecc-a04e-49128aac8d60 | ITER: 8 START
2019-11-20 04:51:22.902 4913 RALLYDEBUG rally.task.utils [-] Waiting for resource s_rally_285ad1b4_ZDIwqhPO. Status changed: AVAILABLE => DELETING in 0.05463123321533203
2019-11-20 04:51:23.087 4911 RALLYDEBUG rally.task.utils [-] Waiting for resource s_rally_285ad1b4_i2H1SR5e. Status changed: AVAILABLE => DELETING in 0.059950828552246094
2019-11-20 04:51:24.944 4913 INFO rally.task.runner [-] Task 879ed185-2a54-4ecc-a04e-49128aac8d60 | ITER: 5 END: OK
2019-11-20 04:51:24.948 4913 INFO rally.task.runner [-] Task 879ed185-2a54-4ecc-a04e-49128aac8d60 | ITER: 9 START
2019-11-20 04:51:25.100 4909 RALLYDEBUG rally.task.utils [-] Waiting for resource s_rally_285ad1b4_eG6h13SD. Status changed: AVAILABLE => DELETING in 0.05617928504943848
2019-11-20 04:51:25.125 4911 INFO rally.task.runner [-] Task 879ed185-2a54-4ecc-a04e-49128aac8d60 | ITER: 6 END: OK
2019-11-20 04:51:25.128 4911 INFO rally.task.runner [-] Task 879ed185-2a54-4ecc-a04e-49128aac8d60 | ITER: 10 START
2019-11-20 04:51:25.176 4910 RALLYDEBUG rally.task.utils [-] Waiting for resource s_rally_285ad1b4_HsLkTyeb. Status changed: AVAILABLE => DELETING in 0.050126075744628906
2019-11-20 04:51:27.143 4909 INFO rally.task.runner [-] Task 879ed185-2a54-4ecc-a04e-49128aac8d60 | ITER: 8 END: OK
2019-11-20 04:51:27.219 4910 INFO rally.task.runner [-] Task 879ed185-2a54-4ecc-a04e-49128aac8d60 | ITER: 7 END: OK
2019-11-20 04:51:27.859 4913 RALLYDEBUG rally.task.utils [-] Waiting for resource s_rally_285ad1b4_YMKYBX5C. Status changed: AVAILABLE => DELETING in 0.06169915199279785
2019-11-20 04:51:27.981 4911 RALLYDEBUG rally.task.utils [-] Waiting for resource s_rally_285ad1b4_s8dbBp9w. Status changed: AVAILABLE => DELETING in 0.05359935760498047
2019-11-20 04:51:29.899 4913 INFO rally.task.runner [-] Task 879ed185-2a54-4ecc-a04e-49128aac8d60 | ITER: 9 END: OK
2019-11-20 04:51:30.024 4911 INFO rally.task.runner [-] Task 879ed185-2a54-4ecc-a04e-49128aac8d60 | ITER: 10 END: OK
2019-11-20 04:51:30.051 1845 INFO rally.task.context [-] Task 879ed185-2a54-4ecc-a04e-49128aac8d60 | Context cleanup@openstack cleanup() started
2019-11-20 04:51:30.055 1845 RALLYDEBUG rally_openstack.cleanup.manager [-] Cleaning up cinder backups objects
2019-11-20 04:51:31.229 1845 RALLYDEBUG rally_openstack.cleanup.manager [-] Cleaning up cinder volume_snapshots objects
2019-11-20 04:51:32.386 1845 RALLYDEBUG rally_openstack.cleanup.manager [-] Cleaning up cinder transfers objects
2019-11-20 04:51:33.528 1845 RALLYDEBUG rally_openstack.cleanup.manager [-] Cleaning up cinder volumes objects
2019-11-20 04:51:34.773 1845 INFO rally.task.context [-] Task 879ed185-2a54-4ecc-a04e-49128aac8d60 | Context cleanup@openstack cleanup() finished in 4.72 sec
2019-11-20 04:51:34.773 1845 INFO rally.task.context [-] Task 879ed185-2a54-4ecc-a04e-49128aac8d60 | Context volumes@openstack cleanup() started
2019-11-20 04:51:34.774 1845 RALLYDEBUG rally_openstack.cleanup.manager [-] Cleaning up cinder volumes objects
2019-11-20 04:51:36.013 1845 RALLYDEBUG rally_openstack.cleanup.manager [-] Deleting cinder.volumes object c_rally_285ad1b4_U91OTD4K (d9b9cc13-46fd-4a18-81cb-be093f7bf881)
2019-11-20 04:51:36.020 1845 RALLYDEBUG rally_openstack.cleanup.manager [-] Deleting cinder.volumes object c_rally_285ad1b4_0IxzMlC2 (93a68bfd-a30a-43b5-9a3b-00548b6d54ba)
2019-11-20 04:51:36.026 1845 RALLYDEBUG rally_openstack.cleanup.manager [-] Deleting cinder.volumes object c_rally_285ad1b4_tvJiSZFr (62c59690-e828-4358-9fe8-b61fe1e4ab9e)
2019-11-20 04:51:38.560 1845 INFO rally.task.context [-] Task 879ed185-2a54-4ecc-a04e-49128aac8d60 | Context volumes@openstack cleanup() finished in 3.79 sec
2019-11-20 04:51:38.560 1845 INFO rally.task.context [-] Task 879ed185-2a54-4ecc-a04e-49128aac8d60 | Context quotas@openstack cleanup() started
2019-11-20 04:51:38.639 1845 INFO rally.task.context [-] Task 879ed185-2a54-4ecc-a04e-49128aac8d60 | Context quotas@openstack cleanup() finished in 78.48 msec
2019-11-20 04:51:38.639 1845 INFO rally.task.context [-] Task 879ed185-2a54-4ecc-a04e-49128aac8d60 | Context api_versions@openstack cleanup() started
2019-11-20 04:51:38.640 1845 INFO rally.task.context [-] Task 879ed185-2a54-4ecc-a04e-49128aac8d60 | Context api_versions@openstack cleanup() finished in 0.34 msec
2019-11-20 04:51:38.640 1845 INFO rally.task.context [-] Task 879ed185-2a54-4ecc-a04e-49128aac8d60 | Context users@openstack cleanup() started
2019-11-20 04:51:42.910 1845 INFO rally.task.context [-] Task 879ed185-2a54-4ecc-a04e-49128aac8d60 | Context users@openstack cleanup() finished in 4.27 sec
2019-11-20 04:51:43.029 1845 INFO rally.task.engine [-] Load duration is: 14.855278
2019-11-20 04:51:43.029 1845 INFO rally.task.engine [-] Full runner duration is: 14.906912
2019-11-20 04:51:43.030 1845 INFO rally.task.engine [-] Full duration is: 40.07261
2019-11-20 04:51:43.316 1845 INFO rally.task.engine [-] Running workload: position = 0 config = { "version": 2, "title": "A cropped version of a bigger task.", "description": "Auto-generated task from a single workload (uuid=b1970d81-9750-410d-9a7b-c7414bec01d1)", "subtasks": [ { "title": "CinderQos.create_and_get_qos", "description": "Create a qos, then get details of the qos.", "scenario": { "CinderQos.create_and_get_qos": { "consumer": "both", "write_iops_sec": "10", "read_iops_sec": "1000" } }, "contexts": { "users": { "tenants": 3, "users_per_tenant": 2 }, "api_versions": { "cinder": { "version": 3, "service_type": "volumev3" } } }, "runner": { "constant": { "concurrency": 4, "times": 10 } }, "hooks": [], "sla": { "failure_rate": { "max": 0 } } } ] }
2019-11-20 04:51:43.335 1845 RALLYDEBUG rally_openstack.contexts.keystone.users [-] Creating 3 tenants using 20 threads
2019-11-20 04:51:44.233 1845 RALLYDEBUG rally_openstack.contexts.keystone.users [-] Creating 6 users using 20 threads
2019-11-20 04:51:45.703 1845 INFO rally.task.context [-] Task 879ed185-2a54-4ecc-a04e-49128aac8d60 | Context users@openstack setup() finished in 2.37 sec
2019-11-20 04:51:46.085 1845 INFO rally.task.context [-] Task 879ed185-2a54-4ecc-a04e-49128aac8d60 | Context api_versions@openstack setup() finished in 0.38 sec
2019-11-20 04:51:46.086 1845 INFO rally.task.context [-] Task 879ed185-2a54-4ecc-a04e-49128aac8d60 | Context admin_cleanup@openstack setup() finished in 0.00 msec
2019-11-20 04:51:46.095 1845 RALLYDEBUG rally.task.runner [-] Starting the constant runner (task UUID: 879ed185-2a54-4ecc-a04e-49128aac8d60). times: 10 concurrency: 4 timeout: 0 max_cpu_used: 16 processes_to_start: 4 concurrency_per_worker: 1 concurrency_overhead: 0
2019-11-20 04:51:46.106 5113 RALLYDEBUG rally.task.runner [-] Starting a worker. times: 10 duration: None concurrency: 1 timeout: 0 cls: method_name: run args: {"consumer": "both", "write_iops_sec": "10", "read_iops_sec": "1000"}
2019-11-20 04:51:46.109 5114 RALLYDEBUG rally.task.runner [-] Starting a worker. times: 10 duration: None concurrency: 1 timeout: 0 cls: method_name: run args: {"consumer": "both", "write_iops_sec": "10", "read_iops_sec": "1000"}
2019-11-20 04:51:46.112 5115 RALLYDEBUG rally.task.runner [-] Starting a worker. times: 10 duration: None concurrency: 1 timeout: 0 cls: method_name: run args: {"consumer": "both", "write_iops_sec": "10", "read_iops_sec": "1000"}
2019-11-20 04:51:46.113 5113 INFO rally.task.runner [-] Task 879ed185-2a54-4ecc-a04e-49128aac8d60 | ITER: 1 START
2019-11-20 04:51:46.116 5114 INFO rally.task.runner [-] Task 879ed185-2a54-4ecc-a04e-49128aac8d60 | ITER: 2 START
2019-11-20 04:51:46.116 5116 RALLYDEBUG rally.task.runner [-] Starting a worker. times: 10 duration: None concurrency: 1 timeout: 0 cls: method_name: run args: {"consumer": "both", "write_iops_sec": "10", "read_iops_sec": "1000"}
2019-11-20 04:51:46.119 5115 INFO rally.task.runner [-] Task 879ed185-2a54-4ecc-a04e-49128aac8d60 | ITER: 3 START
2019-11-20 04:51:46.122 5116 INFO rally.task.runner [-] Task 879ed185-2a54-4ecc-a04e-49128aac8d60 | ITER: 4 START
2019-11-20 04:51:46.562 5115 INFO rally.task.runner [-] Task 879ed185-2a54-4ecc-a04e-49128aac8d60 | ITER: 3 END: OK
2019-11-20 04:51:46.562 5113 INFO rally.task.runner [-] Task 879ed185-2a54-4ecc-a04e-49128aac8d60 | ITER: 1 END: OK
2019-11-20 04:51:46.565 5116 INFO rally.task.runner [-] Task 879ed185-2a54-4ecc-a04e-49128aac8d60 | ITER: 4 END: OK
2019-11-20 04:51:46.567 5115 INFO rally.task.runner [-] Task 879ed185-2a54-4ecc-a04e-49128aac8d60 | ITER: 5 START
2019-11-20 04:51:46.567 5113 INFO rally.task.runner [-] Task 879ed185-2a54-4ecc-a04e-49128aac8d60 | ITER: 6 START
2019-11-20 04:51:46.570 5116 INFO rally.task.runner [-] Task 879ed185-2a54-4ecc-a04e-49128aac8d60 | ITER: 7 START
2019-11-20 04:51:46.812 5114 INFO rally.task.runner [-] Task 879ed185-2a54-4ecc-a04e-49128aac8d60 | ITER: 2 END: OK
2019-11-20 04:51:46.817 5114 INFO rally.task.runner [-] Task 879ed185-2a54-4ecc-a04e-49128aac8d60 | ITER: 8 START
2019-11-20 04:51:46.956 5113 INFO rally.task.runner [-] Task 879ed185-2a54-4ecc-a04e-49128aac8d60 | ITER: 6 END: OK
2019-11-20 04:51:46.959 5116 INFO rally.task.runner [-] Task 879ed185-2a54-4ecc-a04e-49128aac8d60 | ITER: 7 END: OK
2019-11-20 04:51:46.959 5113 INFO rally.task.runner [-] Task 879ed185-2a54-4ecc-a04e-49128aac8d60 | ITER: 9 START
2019-11-20 04:51:46.963 5116 INFO rally.task.runner [-] Task 879ed185-2a54-4ecc-a04e-49128aac8d60 | ITER: 10 START
2019-11-20 04:51:47.017 5115 INFO rally.task.runner [-] Task 879ed185-2a54-4ecc-a04e-49128aac8d60 | ITER: 5 END: OK
2019-11-20 04:51:47.215 5114 INFO rally.task.runner [-] Task 879ed185-2a54-4ecc-a04e-49128aac8d60 | ITER: 8 END: OK
2019-11-20 04:51:47.350 5113 INFO rally.task.runner [-] Task 879ed185-2a54-4ecc-a04e-49128aac8d60 | ITER: 9 END: OK
2019-11-20 04:51:47.463 5116 INFO rally.task.runner [-] Task 879ed185-2a54-4ecc-a04e-49128aac8d60 | ITER: 10 END: OK
2019-11-20 04:51:47.486 1845 INFO rally.task.context [-] Task 879ed185-2a54-4ecc-a04e-49128aac8d60 | Context admin_cleanup@openstack cleanup() started
2019-11-20 04:51:47.490 1845 RALLYDEBUG rally_openstack.cleanup.manager [-] Cleaning up cinder volume_types objects
2019-11-20 04:51:47.887 1845 RALLYDEBUG rally_openstack.cleanup.manager [-] Cleaning up cinder image_volumes_cache objects
2019-11-20 04:51:48.435 1845 RALLYDEBUG rally_openstack.cleanup.manager [-] Cleaning up cinder quotas objects
2019-11-20 04:51:49.301 1845 RALLYDEBUG rally_openstack.cleanup.manager [-] Cleaning up cinder qos_specs objects
2019-11-20 04:51:49.703 1845 RALLYDEBUG rally_openstack.cleanup.manager [-] Deleting cinder.qos_specs object s_rally_b1970d81_JrGmjH2T (e765595b-f5f6-468a-b8fa-695aece82478)
2019-11-20 04:51:49.713 1845 RALLYDEBUG rally_openstack.cleanup.manager [-] Deleting cinder.qos_specs object s_rally_b1970d81_956una4N (9e3e369a-b73b-420f-af1b-77290416f8e4)
2019-11-20 04:51:49.722 1845 RALLYDEBUG rally_openstack.cleanup.manager [-] Deleting cinder.qos_specs object s_rally_b1970d81_WaECilav (846d001b-c2e4-4ead-9bb8-f96f54dd544b)
2019-11-20 04:51:49.731 1845 RALLYDEBUG rally_openstack.cleanup.manager [-] Deleting cinder.qos_specs object s_rally_b1970d81_mutLCTZ6 (845130b2-1421-442c-be7e-ed0d1b36b2c0)
2019-11-20 04:51:49.739 1845 RALLYDEBUG rally_openstack.cleanup.manager [-] Deleting cinder.qos_specs object s_rally_b1970d81_4xScnc2q (732c1e22-4aef-482e-97b4-4d10d9c6bf49)
2019-11-20 04:51:49.758 1845 RALLYDEBUG rally_openstack.cleanup.manager [-] Deleting cinder.qos_specs object s_rally_b1970d81_EwQfsIfM (6d515001-fa87-4fff-91a8-d8f5b426ed65)
2019-11-20 04:51:49.761 1845 RALLYDEBUG rally_openstack.cleanup.manager [-] Deleting cinder.qos_specs object s_rally_b1970d81_jwMTlxmO (41604bcd-e6f7-4e27-adae-58f6c2543770)
2019-11-20 04:51:49.776 1845 RALLYDEBUG rally_openstack.cleanup.manager [-] Deleting cinder.qos_specs object s_rally_b1970d81_n1Qz2O1V (2f05cdd7-96cf-4a13-b90d-cfc35f4475de)
2019-11-20 04:51:49.794 1845 RALLYDEBUG rally_openstack.cleanup.manager [-] Deleting cinder.qos_specs object s_rally_b1970d81_uNBwN6A4 (2dfb2288-85b5-4826-a4e3-2fb7d3be14f3)
2019-11-20 04:51:49.801 1845 RALLYDEBUG rally_openstack.cleanup.manager [-] Deleting cinder.qos_specs object s_rally_b1970d81_Neco584L (043a4e1b-3a0e-4403-ae8a-2bd085f2fe3e)
