2019-11-20 05:52:13.741 22400 RALLYDEBUG rally.task.utils [-] Waiting for resource s_rally_6068b9cc_wRAqggCg. Status changed: MIGRATING => ACTIVE in 15.184895277023315
2019-11-20 05:52:16.274 22400 INFO rally.task.runner [-] Task 66dd91e3-ee29-4381-8d8c-f34572533156 | ITER: 2 END: OK
2019-11-20 05:52:16.279 22400 INFO rally.task.runner [-] Task 66dd91e3-ee29-4381-8d8c-f34572533156 | ITER: 8 START
2019-11-20 05:52:17.090 22401 RALLYDEBUG rally.task.utils [-] Waiting for resource s_rally_6068b9cc_esOxv8vw. Status changed: MIGRATING => ACTIVE in 4.490715742111206
2019-11-20 05:52:17.379 22403 RALLYDEBUG rally.task.utils [-] Waiting for resource s_rally_6068b9cc_vAYtUmRI. Status changed: BUILD => ACTIVE in 6.73951530456543
2019-11-20 05:52:19.641 22403 RALLYDEBUG rally.task.utils [-] Waiting for resource s_rally_6068b9cc_vAYtUmRI. Status changed: ACTIVE => MIGRATING in 0.18420958518981934
2019-11-20 05:52:19.894 22399 RALLYDEBUG rally.task.utils [-] Waiting for resource s_rally_6068b9cc_mWmSxULj. Status changed: MIGRATING => ACTIVE in 8.711920976638794
2019-11-20 05:52:20.172 22401 INFO rally.task.runner [-] Task 66dd91e3-ee29-4381-8d8c-f34572533156 | ITER: 6 END: OK
2019-11-20 05:52:20.177 22401 INFO rally.task.runner [-] Task 66dd91e3-ee29-4381-8d8c-f34572533156 | ITER: 9 START
2019-11-20 05:52:22.417 22399 INFO rally.task.runner [-] Task 66dd91e3-ee29-4381-8d8c-f34572533156 | ITER: 5 END: OK
2019-11-20 05:52:22.421 22399 INFO rally.task.runner [-] Task 66dd91e3-ee29-4381-8d8c-f34572533156 | ITER: 10 START
2019-11-20 05:52:25.396 22400 RALLYDEBUG rally.task.utils [-] Waiting for resource s_rally_6068b9cc_wFo63PIv. Status changed: BUILD => ACTIVE in 6.899714708328247
2019-11-20 05:52:26.235 22403 RALLYDEBUG rally.task.utils [-] Waiting for resource s_rally_6068b9cc_vAYtUmRI. Status changed: MIGRATING => ACTIVE in 6.593860626220703
2019-11-20 05:52:26.815 22401 RALLYDEBUG rally.task.utils [-] Waiting for resource s_rally_6068b9cc_BdJ48Fcn. Status changed: BUILD => ACTIVE in 4.604447364807129
2019-11-20 05:52:28.219 22400 RALLYDEBUG rally.task.utils [-] Waiting for resource s_rally_6068b9cc_wFo63PIv. Status changed: ACTIVE => MIGRATING in 0.23432111740112305
2019-11-20 05:52:28.726 22403 INFO rally.task.runner [-] Task 66dd91e3-ee29-4381-8d8c-f34572533156 | ITER: 7 END: OK
2019-11-20 05:52:28.969 22399 RALLYDEBUG rally.task.utils [-] Waiting for resource s_rally_6068b9cc_OpDZYZ9p. Status changed: BUILD => ACTIVE in 4.494307041168213
2019-11-20 05:52:29.451 22401 RALLYDEBUG rally.task.utils [-] Waiting for resource s_rally_6068b9cc_BdJ48Fcn. Status changed: ACTIVE => MIGRATING in 0.17689776420593262
2019-11-20 05:52:31.665 22399 RALLYDEBUG rally.task.utils [-] Waiting for resource s_rally_6068b9cc_OpDZYZ9p. Status changed: ACTIVE => MIGRATING in 0.14631342887878418
2019-11-20 05:52:34.747 22400 RALLYDEBUG rally.task.utils [-] Waiting for resource s_rally_6068b9cc_wFo63PIv. Status changed: MIGRATING => ACTIVE in 6.527602910995483
2019-11-20 05:52:36.070 22401 RALLYDEBUG rally.task.utils [-] Waiting for resource s_rally_6068b9cc_BdJ48Fcn. Status changed: MIGRATING => ACTIVE in 6.619250535964966
2019-11-20 05:52:37.354 22400 INFO rally.task.runner [-] Task 66dd91e3-ee29-4381-8d8c-f34572533156 | ITER: 8 END: OK
2019-11-20 05:52:38.609 22401 INFO rally.task.runner [-] Task 66dd91e3-ee29-4381-8d8c-f34572533156 | ITER: 9 END: OK
2019-11-20 05:52:42.661 22399 RALLYDEBUG rally.task.utils [-] Waiting for resource s_rally_6068b9cc_OpDZYZ9p. Status changed: MIGRATING => ACTIVE in 10.995572328567505
2019-11-20 05:52:45.312 22399 INFO rally.task.runner [-] Task 66dd91e3-ee29-4381-8d8c-f34572533156 | ITER: 10 END: OK
2019-11-20 05:52:45.334 20411 INFO rally.task.context [-] Task 66dd91e3-ee29-4381-8d8c-f34572533156 | Context cleanup@openstack cleanup() started
2019-11-20 05:52:45.338 20411 RALLYDEBUG rally_openstack.cleanup.manager [-] Cleaning up nova servers objects
2019-11-20 05:52:46.776 20411 RALLYDEBUG rally_openstack.cleanup.manager [-] Cleaning up nova server_groups objects
2019-11-20 05:52:47.910 20411 RALLYDEBUG rally_openstack.cleanup.manager [-] Cleaning up nova keypairs objects
2019-11-20 05:52:50.382 20411 INFO rally.task.context [-] Task 66dd91e3-ee29-4381-8d8c-f34572533156 | Context cleanup@openstack cleanup() finished in 5.05 sec
2019-11-20 05:52:50.383 20411 INFO rally.task.context [-] Task 66dd91e3-ee29-4381-8d8c-f34572533156 | Context users@openstack cleanup() started
2019-11-20 05:52:54.337 20411 INFO rally.task.context [-] Task 66dd91e3-ee29-4381-8d8c-f34572533156 | Context users@openstack cleanup() finished in 3.95 sec
2019-11-20 05:52:55.353 20411 INFO rally.task.engine [-] Load duration is: 59.768556
2019-11-20 05:52:55.353 20411 INFO rally.task.engine [-] Full runner duration is: 60.813051
2019-11-20 05:52:55.353 20411 INFO rally.task.engine [-] Full duration is: 73.301013
2019-11-20 05:52:55.768 20411 INFO rally.task.engine [-] Running workload: position = 0 config = { "version": 2, "title": "A cropped version of a bigger task.", "description": "Auto-generated task from a single workload (uuid=3e7bfaff-0647-4b95-bead-105e10595f68)", "subtasks": [ { "title": "NovaServers.boot_server_attach_created_volume_and_live_migrate", "description": "Create a VM, attach a volume to it and live migrate.", "scenario": { "NovaServers.boot_server_attach_created_volume_and_live_migrate": { "flavor": { "name": "rally_full-flavor_7c3785c0-1203-4471-b106-35e78a08fc6a" }, "image": { "name": "rally_full-img_7c3785c0-1203-4471-b106-35e78a08fc6a" }, "size": 10, "block_migration": false, "boot_server_kwargs": { "nics": [ { "net-id": "0fe1c3e1-d88f-4d85-b194-264580ed00cf" } ] } } }, "contexts": { "users": { "tenants": 3, "users_per_tenant": 2 }, "api_versions": { "cinder": { "version": 3, "service_type": "volumev3" } } }, "runner": { "constant": { "concurrency": 4, "times": 10 } }, "hooks": [], "sla": { "failure_rate": { "max": 0 } } } ] }
2019-11-20 05:52:55.792 20411 RALLYDEBUG rally_openstack.contexts.keystone.users [-] Creating 3 tenants using 20 threads
2019-11-20 05:52:56.839 20411 RALLYDEBUG rally_openstack.contexts.keystone.users [-] Creating 6 users using 20 threads
2019-11-20 05:52:58.345 20411 INFO rally.task.context [-] Task 66dd91e3-ee29-4381-8d8c-f34572533156 | Context users@openstack setup() finished in 2.55 sec
2019-11-20 05:52:58.741 20411 INFO rally.task.context [-] Task 66dd91e3-ee29-4381-8d8c-f34572533156 | Context api_versions@openstack setup() finished in 0.39 sec
2019-11-20 05:52:58.741 20411 INFO rally.task.context [-] Task 66dd91e3-ee29-4381-8d8c-f34572533156 | Context cleanup@openstack setup() finished in 0.01 msec
2019-11-20 05:52:59.740 20411 RALLYDEBUG rally.task.runner [-] Starting the constant runner (task UUID: 66dd91e3-ee29-4381-8d8c-f34572533156). times: 10 concurrency: 4 timeout: 0 max_cpu_used: 16 processes_to_start: 4 concurrency_per_worker: 1 concurrency_overhead: 0
2019-11-20 05:52:59.752 22563 RALLYDEBUG rally.task.runner [-] Starting a worker. times: 10 duration: None concurrency: 1 timeout: 0 cls: method_name: run args: {"flavor": "a07fb885-fbe6-45e6-b952-7a60dc9e803d", "image": "02d7d2af-9e24-4e53-9730-a3e0913f2d95", "size": 10, "block_migration": false, "boot_server_kwargs": {"nics": [{"net-id": "0fe1c3e1-d88f-4d85-b194-264580ed00cf"}]}}
2019-11-20 05:52:59.756 22564 RALLYDEBUG rally.task.runner [-] Starting a worker. times: 10 duration: None concurrency: 1 timeout: 0 cls: method_name: run args: {"flavor": "a07fb885-fbe6-45e6-b952-7a60dc9e803d", "image": "02d7d2af-9e24-4e53-9730-a3e0913f2d95", "size": 10, "block_migration": false, "boot_server_kwargs": {"nics": [{"net-id": "0fe1c3e1-d88f-4d85-b194-264580ed00cf"}]}}
2019-11-20 05:52:59.759 22563 INFO rally.task.runner [-] Task 66dd91e3-ee29-4381-8d8c-f34572533156 | ITER: 1 START
2019-11-20 05:52:59.759 22565 RALLYDEBUG rally.task.runner [-] Starting a worker. times: 10 duration: None concurrency: 1 timeout: 0 cls: method_name: run args: {"flavor": "a07fb885-fbe6-45e6-b952-7a60dc9e803d", "image": "02d7d2af-9e24-4e53-9730-a3e0913f2d95", "size": 10, "block_migration": false, "boot_server_kwargs": {"nics": [{"net-id": "0fe1c3e1-d88f-4d85-b194-264580ed00cf"}]}}
2019-11-20 05:52:59.763 22564 INFO rally.task.runner [-] Task 66dd91e3-ee29-4381-8d8c-f34572533156 | ITER: 2 START
2019-11-20 05:52:59.763 22567 RALLYDEBUG rally.task.runner [-] Starting a worker. times: 10 duration: None concurrency: 1 timeout: 0 cls: method_name: run args: {"flavor": "a07fb885-fbe6-45e6-b952-7a60dc9e803d", "image": "02d7d2af-9e24-4e53-9730-a3e0913f2d95", "size": 10, "block_migration": false, "boot_server_kwargs": {"nics": [{"net-id": "0fe1c3e1-d88f-4d85-b194-264580ed00cf"}]}}
2019-11-20 05:52:59.766 22565 INFO rally.task.runner [-] Task 66dd91e3-ee29-4381-8d8c-f34572533156 | ITER: 3 START
2019-11-20 05:52:59.769 22567 INFO rally.task.runner [-] Task 66dd91e3-ee29-4381-8d8c-f34572533156 | ITER: 4 START
2019-11-20 05:53:04.450 22565 RALLYDEBUG rally.task.utils [-] Waiting for resource s_rally_3e7bfaff_MdUrbnQQ. Status changed: BUILD => ACTIVE in 2.5032618045806885
2019-11-20 05:53:06.578 22564 RALLYDEBUG rally.task.utils [-] Waiting for resource s_rally_3e7bfaff_VkZf5fef. Status changed: BUILD => ACTIVE in 4.521678924560547
2019-11-20 05:53:07.772 22565 RALLYDEBUG rally.task.utils [-] Waiting for resource s_rally_3e7bfaff_gUYHas7g. Status changed: AVAILABLE => RESERVED in 0.6829605102539062
2019-11-20 05:53:08.925 22563 RALLYDEBUG rally.task.utils [-] Waiting for resource s_rally_3e7bfaff_sC72tLmk. Status changed: BUILD => ACTIVE in 6.852339029312134
2019-11-20 05:53:08.972 22567 RALLYDEBUG rally.task.utils [-] Waiting for resource s_rally_3e7bfaff_CsowBOg6. Status changed: BUILD => ACTIVE in 6.927891731262207
2019-11-20 05:53:09.687 22564 RALLYDEBUG rally.task.utils [-] Waiting for resource s_rally_3e7bfaff_I6GmlDhC. Status changed: AVAILABLE => RESERVED in 0.4043419361114502
2019-11-20 05:53:10.185 22565 RALLYDEBUG rally.task.utils [-] Waiting for resource s_rally_3e7bfaff_gUYHas7g. Status changed: RESERVED => IN-USE in 2.41316819190979
2019-11-20 05:53:11.999 22563 RALLYDEBUG rally.task.utils [-] Waiting for resource s_rally_3e7bfaff_8rUY1Jpj. Status changed: AVAILABLE => RESERVED in 0.41784214973449707
2019-11-20 05:53:12.084 22564 RALLYDEBUG rally.task.utils [-] Waiting for resource s_rally_3e7bfaff_I6GmlDhC. Status changed: RESERVED => IN-USE in 2.396584987640381
2019-11-20 05:53:12.300 22567 RALLYDEBUG rally.task.utils [-] Waiting for resource s_rally_3e7bfaff_qoYLCD67. Status changed: AVAILABLE => RESERVED in 0.6676297187805176
2019-11-20 05:53:13.091 22565 RALLYDEBUG rally.task.utils [-] Waiting for resource s_rally_3e7bfaff_MdUrbnQQ. Status changed: ACTIVE => MIGRATING in 0.18083953857421875
2019-11-20 05:53:14.302 22564 RALLYDEBUG rally.task.utils [-] Waiting for resource s_rally_3e7bfaff_VkZf5fef. Status changed: ACTIVE => MIGRATING in 0.23076963424682617
2019-11-20 05:53:14.690 22563 RALLYDEBUG rally.task.utils [-] Waiting for resource s_rally_3e7bfaff_8rUY1Jpj. Status changed: RESERVED => IN-USE in 2.6902740001678467
2019-11-20 05:53:15.076 22567 RALLYDEBUG rally.task.utils [-] Waiting for resource s_rally_3e7bfaff_qoYLCD67. Status changed: RESERVED => IN-USE in 2.7759838104248047
2019-11-20 05:53:17.444 22563 RALLYDEBUG rally.task.utils [-] Waiting for resource s_rally_3e7bfaff_sC72tLmk. Status changed: ACTIVE => MIGRATING in 0.2962832450866699
2019-11-20 05:53:17.621 22567 RALLYDEBUG rally.task.utils [-] Waiting for resource s_rally_3e7bfaff_CsowBOg6. Status changed: ACTIVE => MIGRATING in 0.1923990249633789
2019-11-20 05:53:19.658 22565 RALLYDEBUG rally.task.utils [-] Waiting for resource s_rally_3e7bfaff_MdUrbnQQ. Status changed: MIGRATING => ACTIVE in 6.5674333572387695
2019-11-20 05:53:20.347 22565 RALLYDEBUG rally.task.utils [-] Waiting for resource s_rally_3e7bfaff_gUYHas7g. Status changed: AVAILABLE => DETACHING in 0.4050476551055908
2019-11-20 05:53:20.891 22564 RALLYDEBUG rally.task.utils [-] Waiting for resource s_rally_3e7bfaff_VkZf5fef. Status changed: MIGRATING => ACTIVE in 6.589204788208008
2019-11-20 05:53:21.691 22564 RALLYDEBUG rally.task.utils [-] Waiting for resource s_rally_3e7bfaff_I6GmlDhC. Status changed: AVAILABLE => DETACHING in 0.398040771484375
2019-11-20 05:53:22.734 22565 RALLYDEBUG rally.task.utils [-] Waiting for resource s_rally_3e7bfaff_gUYHas7g. Status changed: DETACHING => AVAILABLE in 2.3877410888671875
2019-11-20 05:53:22.850 22565 RALLYDEBUG rally.task.utils [-] Waiting for resource s_rally_3e7bfaff_gUYHas7g. Status changed: AVAILABLE => DELETING in 0.05573582649230957
2019-11-20 05:53:24.092 22564 RALLYDEBUG rally.task.utils [-] Waiting for resource s_rally_3e7bfaff_I6GmlDhC. Status changed: DETACHING => AVAILABLE in 2.40061616897583
2019-11-20 05:53:24.218 22564 RALLYDEBUG rally.task.utils [-] Waiting for resource s_rally_3e7bfaff_I6GmlDhC. Status changed: AVAILABLE => DELETING in 0.07045793533325195
2019-11-20 05:53:24.232 22563 RALLYDEBUG rally.task.utils [-] Waiting for resource s_rally_3e7bfaff_sC72tLmk. Status changed: MIGRATING => ACTIVE in 6.787568092346191
2019-11-20 05:53:25.351 22563 RALLYDEBUG rally.task.utils [-] Waiting for resource s_rally_3e7bfaff_8rUY1Jpj. Status changed: AVAILABLE => DELETING in 0.052422523498535156
2019-11-20 05:53:27.187 22565 INFO rally.task.runner [-] Task 66dd91e3-ee29-4381-8d8c-f34572533156 | ITER: 3 END: OK
2019-11-20 05:53:27.193 22565 INFO rally.task.runner [-] Task 66dd91e3-ee29-4381-8d8c-f34572533156 | ITER: 5 START
2019-11-20 05:53:28.595 22564 INFO rally.task.runner [-] Task 66dd91e3-ee29-4381-8d8c-f34572533156 | ITER: 2 END: OK
2019-11-20 05:53:28.600 22564 INFO rally.task.runner [-] Task 66dd91e3-ee29-4381-8d8c-f34572533156 | ITER: 6 START
2019-11-20 05:53:28.770 22567 RALLYDEBUG rally.task.utils [-] Waiting for resource s_rally_3e7bfaff_CsowBOg6. Status changed: MIGRATING => ACTIVE in 11.148975610733032
2019-11-20 05:53:29.556 22567 RALLYDEBUG rally.task.utils [-] Waiting for resource s_rally_3e7bfaff_qoYLCD67. Status changed: AVAILABLE => DETACHING in 0.40986084938049316
2019-11-20 05:53:29.773 22563 INFO rally.task.runner [-] Task 66dd91e3-ee29-4381-8d8c-f34572533156 | ITER: 1 END: OK
2019-11-20 05:53:29.779 22563 INFO rally.task.runner [-] Task 66dd91e3-ee29-4381-8d8c-f34572533156 | ITER: 7 START
2019-11-20 05:53:31.965 22567 RALLYDEBUG rally.task.utils [-] Waiting for resource s_rally_3e7bfaff_qoYLCD67. Status changed: DETACHING => AVAILABLE in 2.409430980682373
2019-11-20 05:53:32.076 22567 RALLYDEBUG rally.task.utils [-] Waiting for resource s_rally_3e7bfaff_qoYLCD67. Status changed: AVAILABLE => DELETING in 0.054334163665771484
2019-11-20 05:53:34.039 22565 RALLYDEBUG rally.task.utils [-] Waiting for resource s_rally_3e7bfaff_tcFrriJJ. Status changed: BUILD => ACTIVE in 4.546010494232178
2019-11-20 05:53:35.280 22564 RALLYDEBUG rally.task.utils [-] Waiting for resource s_rally_3e7bfaff_ZdvtkKiM. Status changed: BUILD => ACTIVE in 4.4923810958862305
2019-11-20 05:53:36.443 22567 INFO rally.task.runner [-] Task 66dd91e3-ee29-4381-8d8c-f34572533156 | ITER: 4 END: OK
2019-11-20 05:53:36.448 22567 INFO rally.task.runner [-] Task 66dd91e3-ee29-4381-8d8c-f34572533156 | ITER: 8 START
2019-11-20 05:53:37.168 22565 RALLYDEBUG rally.task.utils [-] Waiting for resource s_rally_3e7bfaff_JNiO4hSD. Status changed: AVAILABLE => RESERVED in 0.3992042541503906
2019-11-20 05:53:38.230 22564 RALLYDEBUG rally.task.utils [-] Waiting for resource s_rally_3e7bfaff_YzxY9hnH. Status changed: AVAILABLE => RESERVED in 0.3955996036529541
2019-11-20 05:53:38.831 22563 RALLYDEBUG rally.task.utils [-] Waiting for resource s_rally_3e7bfaff_T3MLeTZA. Status changed: BUILD => ACTIVE in 6.857430458068848
2019-11-20 05:53:39.703 22565 RALLYDEBUG rally.task.utils [-] Waiting for resource s_rally_3e7bfaff_JNiO4hSD. Status changed: RESERVED => IN-USE in 2.5347139835357666
2019-11-20 05:53:40.624 22564 RALLYDEBUG rally.task.utils [-] Waiting for resource s_rally_3e7bfaff_YzxY9hnH. Status changed: RESERVED => IN-USE in 2.3938329219818115
2019-11-20 05:53:41.885 22563 RALLYDEBUG rally.task.utils [-] Waiting for resource s_rally_3e7bfaff_U8aT3zRh. Status changed: AVAILABLE => RESERVED in 0.41106390953063965
2019-11-20 05:53:42.668 22565 RALLYDEBUG rally.task.utils [-] Waiting for resource s_rally_3e7bfaff_tcFrriJJ. Status changed: ACTIVE => MIGRATING in 0.3734900951385498
2019-11-20 05:53:42.799 22564 RALLYDEBUG rally.task.utils [-] Waiting for resource s_rally_3e7bfaff_ZdvtkKiM. Status changed: ACTIVE => MIGRATING in 0.16665863990783691
2019-11-20 05:53:43.111 22567 RALLYDEBUG rally.task.utils [-] Waiting for resource s_rally_3e7bfaff_Knfq3GPT. Status changed: BUILD => ACTIVE in 4.542134046554565
2019-11-20 05:53:44.283 22563 RALLYDEBUG rally.task.utils [-] Waiting for resource s_rally_3e7bfaff_U8aT3zRh. Status changed: RESERVED => IN-USE in 2.3976352214813232
2019-11-20 05:53:46.225 22567 RALLYDEBUG rally.task.utils [-] Waiting for resource s_rally_3e7bfaff_xHPPHaOu. Status changed: AVAILABLE => RESERVED in 0.40778088569641113
2019-11-20 05:53:46.534 22563 RALLYDEBUG rally.task.utils [-] Waiting for resource s_rally_3e7bfaff_T3MLeTZA. Status changed: ACTIVE => MIGRATING in 0.13125085830688477
2019-11-20 05:53:48.628 22567 RALLYDEBUG rally.task.utils [-] Waiting for resource s_rally_3e7bfaff_xHPPHaOu. Status changed: RESERVED => IN-USE in 2.403057336807251
2019-11-20 05:53:49.254 22565 RALLYDEBUG rally.task.utils [-] Waiting for resource s_rally_3e7bfaff_tcFrriJJ. Status changed: MIGRATING => ACTIVE in 6.586434841156006
2019-11-20 05:53:50.030 22565 RALLYDEBUG rally.task.utils [-] Waiting for resource s_rally_3e7bfaff_JNiO4hSD. Status changed: AVAILABLE => DETACHING in 0.3928394317626953
2019-11-20 05:53:51.383 22567 RALLYDEBUG rally.task.utils [-] Waiting for resource s_rally_3e7bfaff_Knfq3GPT. Status changed: ACTIVE => MIGRATING in 0.21785974502563477
2019-11-20 05:53:52.452 22565 RALLYDEBUG rally.task.utils [-] Waiting for resource s_rally_3e7bfaff_JNiO4hSD. Status changed: DETACHING => AVAILABLE in 2.4221744537353516
2019-11-20 05:53:52.564 22565 RALLYDEBUG rally.task.utils [-] Waiting for resource s_rally_3e7bfaff_JNiO4hSD. Status changed: AVAILABLE => DELETING in 0.05106401443481445
2019-11-20 05:53:55.891 22564 RALLYDEBUG rally.task.utils [-] Waiting for resource s_rally_3e7bfaff_ZdvtkKiM. Status changed: MIGRATING => ACTIVE in 13.092061996459961
2019-11-20 05:53:56.610 22564 RALLYDEBUG rally.task.utils [-] Waiting for resource s_rally_3e7bfaff_YzxY9hnH. Status changed: AVAILABLE => DETACHING in 0.4042398929595947
2019-11-20 05:53:56.935 22565 INFO rally.task.runner [-] Task 66dd91e3-ee29-4381-8d8c-f34572533156 | ITER: 5 END: OK
2019-11-20 05:53:56.941 22565 INFO rally.task.runner [-] Task 66dd91e3-ee29-4381-8d8c-f34572533156 | ITER: 9 START
2019-11-20 05:53:57.981 22567 RALLYDEBUG rally.task.utils [-] Waiting for resource s_rally_3e7bfaff_Knfq3GPT. Status changed: MIGRATING => ACTIVE in 6.598385334014893
2019-11-20 05:53:58.717 22567 RALLYDEBUG rally.task.utils [-] Waiting for resource s_rally_3e7bfaff_xHPPHaOu. Status changed: AVAILABLE => DETACHING in 0.41317176818847656
2019-11-20 05:53:58.997 22564 RALLYDEBUG rally.task.utils [-] Waiting for resource s_rally_3e7bfaff_YzxY9hnH. Status changed: DETACHING => AVAILABLE in 2.3875491619110107
2019-11-20 05:53:59.103 22564 RALLYDEBUG rally.task.utils [-] Waiting for resource s_rally_3e7bfaff_YzxY9hnH. Status changed: AVAILABLE => DELETING in 0.05410432815551758
2019-11-20 05:54:01.146 22567 RALLYDEBUG rally.task.utils [-] Waiting for resource s_rally_3e7bfaff_xHPPHaOu. Status changed: DETACHING => AVAILABLE in 2.429474115371704
2019-11-20 05:54:01.249 22567 RALLYDEBUG rally.task.utils [-] Waiting for resource s_rally_3e7bfaff_xHPPHaOu. Status changed: AVAILABLE => DELETING in 0.048325538635253906
2019-11-20 05:54:01.629 22563 RALLYDEBUG rally.task.utils [-] Waiting for resource s_rally_3e7bfaff_T3MLeTZA. Status changed: MIGRATING => ACTIVE in 15.094505786895752
2019-11-20 05:54:02.485 22563 RALLYDEBUG rally.task.utils [-] Waiting for resource s_rally_3e7bfaff_U8aT3zRh. Status changed: AVAILABLE => DETACHING in 0.4081120491027832
2019-11-20 05:54:03.445 22564 INFO rally.task.runner [-] Task 66dd91e3-ee29-4381-8d8c-f34572533156 | ITER: 6 END: OK
2019-11-20 05:54:03.450 22564 INFO rally.task.runner [-] Task 66dd91e3-ee29-4381-8d8c-f34572533156 | ITER: 10 START
2019-11-20 05:54:04.098 22565 RALLYDEBUG rally.task.utils [-] Waiting for resource s_rally_3e7bfaff_3AcHZWZD. Status changed: BUILD => ACTIVE in 4.659479379653931
2019-11-20 05:54:04.888 22563 RALLYDEBUG rally.task.utils [-] Waiting for resource s_rally_3e7bfaff_U8aT3zRh. Status changed: DETACHING => AVAILABLE in 2.4023866653442383
2019-11-20 05:54:05.134 22563 RALLYDEBUG rally.task.utils [-] Waiting for resource s_rally_3e7bfaff_U8aT3zRh. Status changed: AVAILABLE => DELETING in 0.19109487533569336
2019-11-20 05:54:05.621 22567 INFO rally.task.runner [-] Task 66dd91e3-ee29-4381-8d8c-f34572533156 | ITER: 8 END: OK
2019-11-20 05:54:07.075 22565 RALLYDEBUG rally.task.utils [-] Waiting for resource s_rally_3e7bfaff_J5xrbxCa. Status changed: AVAILABLE => RESERVED in 0.3986334800720215
2019-11-20 05:54:09.486 22565 RALLYDEBUG rally.task.utils [-] Waiting for resource s_rally_3e7bfaff_J5xrbxCa. Status changed: RESERVED => IN-USE in 2.410123586654663
2019-11-20 05:54:09.516 22563 INFO rally.task.runner [-] Task 66dd91e3-ee29-4381-8d8c-f34572533156 | ITER: 7 END: OK
2019-11-20 05:54:10.038 22564 RALLYDEBUG rally.task.utils [-] Waiting for resource s_rally_3e7bfaff_7Jz5jjON. Status changed: BUILD => ACTIVE in 4.566365718841553
2019-11-20 05:54:12.414 22565 RALLYDEBUG rally.task.utils [-] Waiting for resource s_rally_3e7bfaff_3AcHZWZD. Status changed: ACTIVE => MIGRATING in 0.1580493450164795
2019-11-20 05:54:13.047 22564 RALLYDEBUG rally.task.utils [-] Waiting for resource s_rally_3e7bfaff_eBqmmeWM. Status changed: AVAILABLE => RESERVED in 0.400188684463501
2019-11-20 05:54:15.454 22564 RALLYDEBUG rally.task.utils [-] Waiting for resource s_rally_3e7bfaff_eBqmmeWM. Status changed: RESERVED => IN-USE in 2.4076666831970215
2019-11-20 05:54:17.789 22564 RALLYDEBUG rally.task.utils [-] Waiting for resource s_rally_3e7bfaff_7Jz5jjON. Status changed: ACTIVE => MIGRATING in 0.18938374519348145
2019-11-20 05:54:19.109 22565 RALLYDEBUG rally.task.utils [-] Waiting for resource s_rally_3e7bfaff_3AcHZWZD. Status changed: MIGRATING => ACTIVE in 6.695839881896973
2019-11-20 05:54:19.912 22565 RALLYDEBUG rally.task.utils [-] Waiting for resource s_rally_3e7bfaff_J5xrbxCa. Status changed: AVAILABLE => DETACHING in 0.4175264835357666
2019-11-20 05:54:22.339 22565 RALLYDEBUG rally.task.utils [-] Waiting for resource s_rally_3e7bfaff_J5xrbxCa. Status changed: DETACHING => AVAILABLE in 2.4270222187042236
2019-11-20 05:54:22.454 22565 RALLYDEBUG rally.task.utils [-] Waiting for resource s_rally_3e7bfaff_J5xrbxCa. Status changed: AVAILABLE => DELETING in 0.057912588119506836
2019-11-20 05:54:26.575 22564 RALLYDEBUG rally.task.utils [-] Waiting for resource s_rally_3e7bfaff_7Jz5jjON. Status changed: MIGRATING => ACTIVE in 8.785366773605347
2019-11-20 05:54:26.785 22565 INFO rally.task.runner [-] Task 66dd91e3-ee29-4381-8d8c-f34572533156 | ITER: 9 END: OK
2019-11-20 05:54:27.575 22564 RALLYDEBUG rally.task.utils [-] Waiting for resource s_rally_3e7bfaff_eBqmmeWM. Status changed: AVAILABLE => DETACHING in 0.413646936416626
2019-11-20 05:54:29.998 22564 RALLYDEBUG rally.task.utils [-] Waiting for resource s_rally_3e7bfaff_eBqmmeWM. Status changed: DETACHING => AVAILABLE in 2.423617362976074
2019-11-20 05:54:30.125 22564 RALLYDEBUG rally.task.utils [-] Waiting for resource s_rally_3e7bfaff_eBqmmeWM. Status changed: AVAILABLE => DELETING in 0.0652151107788086
2019-11-20 05:54:34.545 22564 INFO rally.task.runner [-] Task 66dd91e3-ee29-4381-8d8c-f34572533156 | ITER: 10 END: OK
2019-11-20 05:54:34.576 20411 INFO rally.task.context [-] Task 66dd91e3-ee29-4381-8d8c-f34572533156 | Context cleanup@openstack cleanup() started
2019-11-20 05:54:34.579 20411 RALLYDEBUG rally_openstack.cleanup.manager [-] Cleaning up nova servers objects
2019-11-20 05:54:35.948 20411 RALLYDEBUG rally_openstack.cleanup.manager [-] Cleaning up nova server_groups objects
2019-11-20 05:54:37.078 20411 RALLYDEBUG rally_openstack.cleanup.manager [-] Cleaning up nova keypairs objects
2019-11-20 05:54:39.433 20411 RALLYDEBUG rally_openstack.cleanup.manager [-] Cleaning up cinder backups objects
2019-11-20 05:54:40.852 20411 RALLYDEBUG rally_openstack.cleanup.manager [-] Cleaning up cinder volume_snapshots objects
2019-11-20 05:54:41.991 20411 RALLYDEBUG rally_openstack.cleanup.manager [-] Cleaning up cinder transfers objects
2019-11-20 05:54:43.130 20411 RALLYDEBUG rally_openstack.cleanup.manager [-] Cleaning up cinder volumes objects
2019-11-20 05:54:44.336 20411 INFO rally.task.context [-] Task 66dd91e3-ee29-4381-8d8c-f34572533156 | Context cleanup@openstack cleanup() finished in 9.76 sec
2019-11-20 05:54:44.337 20411 INFO rally.task.context [-] Task 66dd91e3-ee29-4381-8d8c-f34572533156 | Context api_versions@openstack cleanup() started
2019-11-20 05:54:44.337 20411 INFO rally.task.context [-] Task 66dd91e3-ee29-4381-8d8c-f34572533156 | Context api_versions@openstack cleanup() finished in 0.42 msec
2019-11-20 05:54:44.338 20411 INFO rally.task.context [-] Task 66dd91e3-ee29-4381-8d8c-f34572533156 | Context users@openstack cleanup() started
2019-11-20 05:54:48.331 20411 INFO rally.task.context [-] Task 66dd91e3-ee29-4381-8d8c-f34572533156 | Context users@openstack cleanup() finished in 3.99 sec
2019-11-20 05:54:50.293 20411 INFO rally.task.engine [-] Load duration is: 93.781542
2019-11-20 05:54:50.294 20411 INFO rally.task.engine [-] Full runner duration is: 94.835787
2019-11-20 05:54:50.294 20411 INFO rally.task.engine [-] Full duration is: 112.541135
2019-11-20 05:54:50.589 20411 INFO rally.task.engine [-] Running workload: position = 0 config = { "version": 2, "title": "A cropped version of a bigger task.", "description": "Auto-generated task from a single workload (uuid=76ede704-dab2-4d0e-bf7a-61bc9bb2bd33)", "subtasks": [ { "title": "NovaServers.boot_server_from_volume_and_live_migrate", "description": "Boot a server from volume and then migrate it.", "scenario": { "NovaServers.boot_server_from_volume_and_live_migrate": { "flavor": { "name": "rally_full-flavor_7c3785c0-1203-4471-b106-35e78a08fc6a" }, "image": { "name": "rally_full-img_7c3785c0-1203-4471-b106-35e78a08fc6a" }, "block_migration": false, "volume_size": 1, "force_delete": false, "nics": [ { "net-id": "0fe1c3e1-d88f-4d85-b194-264580ed00cf" } ] } }, "contexts": { "users": { "tenants": 3, "users_per_tenant": 2 }, "api_versions": { "cinder": { "version": 3, "service_type": "volumev3" } } }, "runner": { "constant": { "concurrency": 4, "times": 10 } }, "hooks": [], "sla": { "failure_rate": { "max": 0 } } } ] }
2019-11-20 05:54:50.614 20411 RALLYDEBUG rally_openstack.contexts.keystone.users [-] Creating 3 tenants using 20 threads
2019-11-20 05:54:51.572 20411 RALLYDEBUG rally_openstack.contexts.keystone.users [-] Creating 6 users using 20 threads
2019-11-20 05:54:53.163 20411 INFO rally.task.context [-] Task 66dd91e3-ee29-4381-8d8c-f34572533156 | Context users@openstack setup() finished in 2.55 sec
2019-11-20 05:54:53.558 20411 INFO rally.task.context [-] Task 66dd91e3-ee29-4381-8d8c-f34572533156 | Context api_versions@openstack setup() finished in 0.39 sec
2019-11-20 05:54:53.558 20411 INFO rally.task.context [-] Task 66dd91e3-ee29-4381-8d8c-f34572533156 | Context cleanup@openstack setup() finished in 0.01 msec
2019-11-20 05:54:54.582 20411 RALLYDEBUG rally.task.runner [-] Starting the constant runner (task UUID: 66dd91e3-ee29-4381-8d8c-f34572533156). times: 10 concurrency: 4 timeout: 0 max_cpu_used: 16 processes_to_start: 4 concurrency_per_worker: 1 concurrency_overhead: 0
2019-11-20 05:54:54.591 22807 RALLYDEBUG rally.task.runner [-] Starting a worker. times: 10 duration: None concurrency: 1 timeout: 0 cls: method_name: run args: {"flavor": "a07fb885-fbe6-45e6-b952-7a60dc9e803d", "image": "02d7d2af-9e24-4e53-9730-a3e0913f2d95", "block_migration": false, "volume_size": 1, "force_delete": false, "nics": [{"net-id": "0fe1c3e1-d88f-4d85-b194-264580ed00cf"}]}
2019-11-20 05:54:54.595 22807 INFO rally.task.runner [-] Task 66dd91e3-ee29-4381-8d8c-f34572533156 | ITER: 1 START
2019-11-20 05:54:54.597 22808 RALLYDEBUG rally.task.runner [-] Starting a worker. times: 10 duration: None concurrency: 1 timeout: 0 cls: method_name: run args: {"flavor": "a07fb885-fbe6-45e6-b952-7a60dc9e803d", "image": "02d7d2af-9e24-4e53-9730-a3e0913f2d95", "block_migration": false, "volume_size": 1, "force_delete": false, "nics": [{"net-id": "0fe1c3e1-d88f-4d85-b194-264580ed00cf"}]}
2019-11-20 05:54:54.601 22811 RALLYDEBUG rally.task.runner [-] Starting a worker. times: 10 duration: None concurrency: 1 timeout: 0 cls: method_name: run args: {"flavor": "a07fb885-fbe6-45e6-b952-7a60dc9e803d", "image": "02d7d2af-9e24-4e53-9730-a3e0913f2d95", "block_migration": false, "volume_size": 1, "force_delete": false, "nics": [{"net-id": "0fe1c3e1-d88f-4d85-b194-264580ed00cf"}]}
2019-11-20 05:54:54.604 22808 INFO rally.task.runner [-] Task 66dd91e3-ee29-4381-8d8c-f34572533156 | ITER: 2 START
2019-11-20 05:54:54.606 22812 RALLYDEBUG rally.task.runner [-] Starting a worker. times: 10 duration: None concurrency: 1 timeout: 0 cls: method_name: run args: {"flavor": "a07fb885-fbe6-45e6-b952-7a60dc9e803d", "image": "02d7d2af-9e24-4e53-9730-a3e0913f2d95", "block_migration": false, "volume_size": 1, "force_delete": false, "nics": [{"net-id": "0fe1c3e1-d88f-4d85-b194-264580ed00cf"}]}
2019-11-20 05:54:54.608 22811 INFO rally.task.runner [-] Task 66dd91e3-ee29-4381-8d8c-f34572533156 | ITER: 3 START
2019-11-20 05:54:54.612 22812 INFO rally.task.runner [-] Task 66dd91e3-ee29-4381-8d8c-f34572533156 | ITER: 4 START
2019-11-20 05:55:10.558 22807 RALLYDEBUG rally.task.utils [-] Waiting for resource s_rally_76ede704_tghHcsUl. Status changed: DOWNLOADING => AVAILABLE in 12.532599210739136
2019-11-20 05:55:18.276 22808 RALLYDEBUG rally.task.utils [-] Waiting for resource s_rally_76ede704_rczM32I6. Status changed: DOWNLOADING => AVAILABLE in 20.78881812095642
2019-11-20 05:55:19.871 22807 RALLYDEBUG rally.task.utils [-] Waiting for resource s_rally_76ede704_CyjF40bo. Status changed: BUILD => ACTIVE in 7.1194562911987305
2019-11-20 05:55:22.952 22807 RALLYDEBUG rally.task.utils [-] Waiting for resource s_rally_76ede704_CyjF40bo. Status changed: ACTIVE => MIGRATING in 0.20151972770690918
2019-11-20 05:55:24.897 22808 RALLYDEBUG rally.task.utils [-] Waiting for resource s_rally_76ede704_px3tPheN. Status changed: BUILD => ACTIVE in 4.565939903259277
2019-11-20 05:55:27.898 22808 RALLYDEBUG rally.task.utils [-] Waiting for resource s_rally_76ede704_px3tPheN. Status changed: ACTIVE => MIGRATING in 0.17864322662353516
2019-11-20 05:55:29.762 22807 RALLYDEBUG rally.task.utils [-] Waiting for resource s_rally_76ede704_CyjF40bo. Status changed: MIGRATING => ACTIVE in 6.809932708740234
2019-11-20 05:55:32.365 22807 INFO rally.task.runner [-] Task 66dd91e3-ee29-4381-8d8c-f34572533156 | ITER: 1 END: OK
2019-11-20 05:55:32.372 22807 INFO rally.task.runner [-] Task 66dd91e3-ee29-4381-8d8c-f34572533156 | ITER: 5 START
2019-11-20 05:55:38.974 22808 RALLYDEBUG rally.task.utils [-] Waiting for resource s_rally_76ede704_px3tPheN. Status changed: MIGRATING => ACTIVE in 11.075382709503174
2019-11-20 05:55:41.737 22808 INFO rally.task.runner [-] Task 66dd91e3-ee29-4381-8d8c-f34572533156 | ITER: 2 END: OK
2019-11-20 05:55:41.744 22808 INFO rally.task.runner [-] Task 66dd91e3-ee29-4381-8d8c-f34572533156 | ITER: 6 START
2019-11-20 05:55:46.986 22808 RALLYDEBUG rally.task.utils [-] Waiting for resource s_rally_76ede704_D8iuUPca. Status changed: CREATING => DOWNLOADING in 2.183770179748535
2019-11-20 05:55:47.793 22807 RALLYDEBUG rally.task.utils [-] Waiting for resource s_rally_76ede704_qbsZqcl3. Status changed: DOWNLOADING => AVAILABLE in 12.665596008300781
2019-11-20 05:55:51.638 22812 RALLYDEBUG rally.task.utils [-] Waiting for resource s_rally_76ede704_CW35yG1S. Status changed: DOWNLOADING => AVAILABLE in 53.8014190196991
2019-11-20 05:55:53.371 22811 RALLYDEBUG rally.task.utils [-] Waiting for resource s_rally_76ede704_eYLDyVcq. Status changed: DOWNLOADING => AVAILABLE in 55.86081337928772
2019-11-20 05:55:59.003 22807 RALLYDEBUG rally.task.utils [-] Waiting for resource s_rally_76ede704_WAj9lNyc. Status changed: BUILD => ACTIVE in 8.984230756759644
2019-11-20 05:55:59.392 22808 RALLYDEBUG rally.task.utils [-] Waiting for resource s_rally_76ede704_D8iuUPca. Status changed: DOWNLOADING => AVAILABLE in 12.4058096408844
2019-11-20 05:56:00.424 22812 RALLYDEBUG rally.task.utils [-] Waiting for resource s_rally_76ede704_yNv2oIJ2. Status changed: BUILD => ACTIVE in 6.739864110946655
2019-11-20 05:56:01.839 22807 RALLYDEBUG rally.task.utils [-] Waiting for resource s_rally_76ede704_WAj9lNyc. Status changed: ACTIVE => MIGRATING in 0.19311952590942383
2019-11-20 05:56:02.110 22811 RALLYDEBUG rally.task.utils [-] Waiting for resource s_rally_76ede704_8GarKzFB. Status changed: BUILD => ACTIVE in 6.803706884384155
2019-11-20 05:56:03.053 22812 RALLYDEBUG rally.task.utils [-] Waiting for resource s_rally_76ede704_yNv2oIJ2. Status changed: ACTIVE => MIGRATING in 0.13908886909484863
2019-11-20 05:56:04.144 22811 RALLYDEBUG rally.task.utils [-] Waiting for resource s_rally_76ede704_8GarKzFB. Status changed: ACTIVE => MIGRATING in 0.17587804794311523
2019-11-20 05:56:08.617 22808 RALLYDEBUG rally.task.utils [-] Waiting for resource s_rally_76ede704_HCfqFmGB. Status changed: BUILD => ACTIVE in 7.186580181121826
2019-11-20 05:56:10.669 22807 RALLYDEBUG rally.task.utils [-] Waiting for resource s_rally_76ede704_WAj9lNyc. Status changed: MIGRATING => ACTIVE in 8.8302321434021
2019-11-20 05:56:11.289 22808 RALLYDEBUG rally.task.utils [-] Waiting for resource s_rally_76ede704_HCfqFmGB. Status changed: ACTIVE => MIGRATING in 0.13801813125610352
2019-11-20 05:56:12.230 22812 RALLYDEBUG rally.task.utils [-] Waiting for resource s_rally_76ede704_yNv2oIJ2. Status changed: MIGRATING => ACTIVE in 9.177536964416504
2019-11-20 05:56:13.138 22807 INFO rally.task.runner [-] Task 66dd91e3-ee29-4381-8d8c-f34572533156 | ITER: 5 END: OK
2019-11-20 05:56:13.143 22807 INFO rally.task.runner [-] Task 66dd91e3-ee29-4381-8d8c-f34572533156 | ITER: 7 START
2019-11-20 05:56:14.825 22812 INFO rally.task.runner [-] Task 66dd91e3-ee29-4381-8d8c-f34572533156 | ITER: 4 END: OK
2019-11-20 05:56:14.831 22812 INFO rally.task.runner [-] Task 66dd91e3-ee29-4381-8d8c-f34572533156 | ITER: 8 START
2019-11-20 05:56:17.193 22811 RALLYDEBUG rally.task.utils [-] Waiting for resource s_rally_76ede704_8GarKzFB. Status changed: MIGRATING => ACTIVE in 13.049200534820557
2019-11-20 05:56:17.807 22808 RALLYDEBUG rally.task.utils [-] Waiting for resource s_rally_76ede704_HCfqFmGB. Status changed: MIGRATING => ACTIVE in 6.517631530761719
2019-11-20 05:56:19.998 22811 INFO rally.task.runner [-] Task 66dd91e3-ee29-4381-8d8c-f34572533156 | ITER: 3 END: OK
2019-11-20 05:56:20.004 22811 INFO rally.task.runner [-] Task 66dd91e3-ee29-4381-8d8c-f34572533156 | ITER: 9 START
2019-11-20 05:56:22.615 22808 INFO rally.task.runner [-] Task 66dd91e3-ee29-4381-8d8c-f34572533156 | ITER: 6 END: OK
2019-11-20 05:56:22.621 22808 INFO rally.task.runner [-] Task 66dd91e3-ee29-4381-8d8c-f34572533156 | ITER: 10 START
2019-11-20 05:56:32.875 22807 RALLYDEBUG rally.task.utils [-] Waiting for resource s_rally_76ede704_4UJVtc1v. Status changed: DOWNLOADING => AVAILABLE in 16.75415539741516
2019-11-20 05:56:41.880 22807 RALLYDEBUG rally.task.utils [-] Waiting for resource s_rally_76ede704_nG7rSutz. Status changed: BUILD => ACTIVE in 6.846282005310059
2019-11-20 05:56:44.422 22807 RALLYDEBUG rally.task.utils [-] Waiting for resource s_rally_76ede704_nG7rSutz. Status changed: ACTIVE => MIGRATING in 0.40268874168395996
2019-11-20 05:56:46.704 22808 RALLYDEBUG rally.task.utils [-] Waiting for resource s_rally_76ede704_y7UPkuAE. Status changed: DOWNLOADING => AVAILABLE in 20.784284830093384
2019-11-20 05:56:52.834 22812 RALLYDEBUG rally.task.utils [-] Waiting for resource s_rally_76ede704_ojdfTnIm. Status changed: DOWNLOADING => AVAILABLE in 35.371548891067505
2019-11-20 05:56:53.221 22807 RALLYDEBUG rally.task.utils [-] Waiting for resource s_rally_76ede704_nG7rSutz. Status changed: MIGRATING => ACTIVE in 8.798219919204712
2019-11-20 05:56:53.858 22811 RALLYDEBUG rally.task.utils [-] Waiting for resource s_rally_76ede704_HH2qzzCT. Status changed: DOWNLOADING => AVAILABLE in 31.10586142539978
2019-11-20 05:56:55.694 22807 INFO rally.task.runner [-] Task 66dd91e3-ee29-4381-8d8c-f34572533156 | ITER: 7 END: OK
2019-11-20 05:56:55.720 22808 RALLYDEBUG rally.task.utils [-] Waiting for resource s_rally_76ede704_R52UCOMH. Status changed: BUILD => ACTIVE in 6.810746908187866
2019-11-20 05:56:57.803 22808 RALLYDEBUG rally.task.utils [-] Waiting for resource s_rally_76ede704_R52UCOMH. Status changed: ACTIVE => MIGRATING in 0.20333623886108398
2019-11-20 05:56:59.322 22812 RALLYDEBUG rally.task.utils [-] Waiting for resource s_rally_76ede704_mJmNg7T6. Status changed: BUILD => ACTIVE in 4.5834245681762695
2019-11-20 05:57:01.400 22812 RALLYDEBUG rally.task.utils [-] Waiting for resource s_rally_76ede704_mJmNg7T6. Status changed: ACTIVE => MIGRATING in 0.15975308418273926
2019-11-20 05:57:03.123 22811 RALLYDEBUG rally.task.utils [-] Waiting for resource s_rally_76ede704_jbkadQuu. Status changed: BUILD => ACTIVE in 6.855522394180298
2019-11-20 05:57:04.391 22808 RALLYDEBUG rally.task.utils [-] Waiting for resource s_rally_76ede704_R52UCOMH. Status changed: MIGRATING => ACTIVE in 6.587863206863403
2019-11-20 05:57:05.547 22811 RALLYDEBUG rally.task.utils [-] Waiting for resource s_rally_76ede704_jbkadQuu. Status changed: ACTIVE => MIGRATING in 0.18861842155456543
2019-11-20 05:57:06.938 22808 INFO rally.task.runner [-] Task 66dd91e3-ee29-4381-8d8c-f34572533156 | ITER: 10 END: OK
2019-11-20 05:57:10.225 22812 RALLYDEBUG rally.task.utils [-] Waiting for resource s_rally_76ede704_mJmNg7T6. Status changed: MIGRATING => ACTIVE in 8.825188636779785
2019-11-20 05:57:12.744 22812 INFO rally.task.runner [-] Task 66dd91e3-ee29-4381-8d8c-f34572533156 | ITER: 8 END: OK
2019-11-20 05:57:19.031 22811 RALLYDEBUG rally.task.utils [-] Waiting for resource s_rally_76ede704_jbkadQuu. Status changed: MIGRATING => ACTIVE in 13.483656883239746
2019-11-20 05:57:21.658 22811 INFO rally.task.runner [-] Task 66dd91e3-ee29-4381-8d8c-f34572533156 | ITER: 9 END: OK
2019-11-20 05:57:21.684 20411 INFO rally.task.context [-] Task 66dd91e3-ee29-4381-8d8c-f34572533156 | Context cleanup@openstack cleanup() started
2019-11-20 05:57:21.688 20411 RALLYDEBUG rally_openstack.cleanup.manager [-] Cleaning up nova servers objects
2019-11-20 05:57:23.046 20411 RALLYDEBUG rally_openstack.cleanup.manager [-] Cleaning up nova server_groups objects
2019-11-20 05:57:24.168 20411 RALLYDEBUG rally_openstack.cleanup.manager [-] Cleaning up nova keypairs objects
2019-11-20 05:57:26.436 20411 RALLYDEBUG rally_openstack.cleanup.manager [-] Cleaning up cinder backups objects
2019-11-20 05:57:27.598 20411 RALLYDEBUG rally_openstack.cleanup.manager [-] Cleaning up cinder volume_snapshots objects
2019-11-20 05:57:28.734 20411 RALLYDEBUG rally_openstack.cleanup.manager [-] Cleaning up cinder transfers objects
2019-11-20 05:57:29.879 20411 RALLYDEBUG rally_openstack.cleanup.manager [-] Cleaning up cinder volumes objects
2019-11-20 05:57:31.112 20411 RALLYDEBUG rally_openstack.cleanup.manager [-] Deleting cinder.volumes object s_rally_76ede704_eYLDyVcq (a9292aa5-5d7d-4e3e-a284-b20b1a0df2ca)
2019-11-20 05:57:31.122 20411 RALLYDEBUG rally_openstack.cleanup.manager [-] Deleting cinder.volumes object s_rally_76ede704_y7UPkuAE (cc734687-a1d0-4be2-b700-1825ff494f63)
2019-11-20 05:57:31.131 20411 RALLYDEBUG rally_openstack.cleanup.manager [-] Deleting cinder.volumes object s_rally_76ede704_HH2qzzCT (23701dc6-5283-44ef-9d6d-db9459a7c238)
2019-11-20 05:57:31.140 20411 RALLYDEBUG rally_openstack.cleanup.manager [-] Deleting cinder.volumes object s_rally_76ede704_D8iuUPca (43c04356-b54b-4ccb-9dbd-497838e1b232)
2019-11-20 05:57:31.151 20411 RALLYDEBUG rally_openstack.cleanup.manager [-] Deleting cinder.volumes object s_rally_76ede704_rczM32I6 (f51b885a-6a01-4f77-b0e1-d353c285334f)
2019-11-20 05:57:31.163 20411 RALLYDEBUG rally_openstack.cleanup.manager [-] Deleting cinder.volumes object s_rally_76ede704_ojdfTnIm (fe535ee5-6019-442b-b041-dededc1bf063)
2019-11-20 05:57:31.168 20411 RALLYDEBUG rally_openstack.cleanup.manager [-] Deleting cinder.volumes object s_rally_76ede704_4UJVtc1v (efe3828a-0f20-4e4d-a178-ce6aa6564e43)
2019-11-20 05:57:31.191 20411 RALLYDEBUG rally_openstack.cleanup.manager [-] Deleting cinder.volumes object s_rally_76ede704_qbsZqcl3 (c785149b-1818-4b72-a31d-b968543cc213)
2019-11-20 05:57:31.206 20411 RALLYDEBUG rally_openstack.cleanup.manager [-] Deleting cinder.volumes object s_rally_76ede704_CW35yG1S (a2590330-ce8d-4b9d-a54e-e807c54b8b09)
2019-11-20 05:57:31.215 20411 RALLYDEBUG rally_openstack.cleanup.manager [-] Deleting cinder.volumes object s_rally_76ede704_tghHcsUl (015f2d9e-c3a7-46d7-8661-bbc30e5acedf)
2019-11-20 05:57:34.852 20411 INFO rally.task.context [-] Task 66dd91e3-ee29-4381-8d8c-f34572533156 | Context cleanup@openstack cleanup() finished in 13.17 sec
2019-11-20 05:57:34.853 20411 INFO rally.task.context [-] Task 66dd91e3-ee29-4381-8d8c-f34572533156 | Context api_versions@openstack cleanup() started
2019-11-20 05:57:34.853 20411 INFO rally.task.context [-] Task 66dd91e3-ee29-4381-8d8c-f34572533156 | Context api_versions@openstack cleanup() finished in 0.39 msec
2019-11-20 05:57:34.854 20411 INFO rally.task.context [-] Task 66dd91e3-ee29-4381-8d8c-f34572533156 | Context users@openstack cleanup() started
2019-11-20 05:57:38.725 20411 INFO rally.task.context [-] Task 66dd91e3-ee29-4381-8d8c-f34572533156 | Context users@openstack cleanup() finished in 3.87 sec
2019-11-20 05:57:39.295 20411 INFO rally.task.engine [-] Load duration is: 146.058427
2019-11-20 05:57:39.296 20411 INFO rally.task.engine [-] Full runner duration is: 147.103141
2019-11-20 05:57:39.296 20411 INFO rally.task.engine [-] Full duration is: 168.113737
2019-11-20 05:57:39.629 20411 INFO rally.task.engine [-] Running workload: position = 0 config = { "version": 2, "title": "A cropped version of a bigger task.", "description": "Auto-generated task from a single workload (uuid=d0b14862-9562-47b8-b50b-99f42cbf33a5)", "subtasks": [ { "title": "NovaKeypair.boot_and_delete_server_with_keypair", "description": "Boot and delete server with keypair.", "scenario": { "NovaKeypair.boot_and_delete_server_with_keypair": { "flavor": { "name": "rally_full-flavor_7c3785c0-1203-4471-b106-35e78a08fc6a" }, "image": { "name": "rally_full-img_7c3785c0-1203-4471-b106-35e78a08fc6a" }, "server_kwargs": { "nics": [ { "net-id": "0fe1c3e1-d88f-4d85-b194-264580ed00cf" } ] } } }, "contexts": { "users": { "tenants": 3, "users_per_tenant": 2 }, "network": { "networks_per_tenant": 1, "start_cidr": "100.1.0.0/25" }, "quotas": { "neutron": { "network": -1, "port": -1, "subnet": -1 }, "nova": { "cores": -1, "floating_ips": -1, "instances": -1, "key_pairs": -1, "ram": -1, "security_group_rules": -1, "security_groups": -1 } } }, "runner": { "constant": { "concurrency": 4, "times": 10 } }, "hooks": [], "sla": { "failure_rate": { "max": 0 } } } ] }
2019-11-20 05:57:39.654 20411 RALLYDEBUG rally_openstack.contexts.keystone.users [-] Creating 3 tenants using 20 threads
2019-11-20 05:57:40.669 20411 RALLYDEBUG rally_openstack.contexts.keystone.users [-] Creating 6 users using 20 threads
2019-11-20 05:57:42.277 20411 INFO rally.task.context [-] Task 66dd91e3-ee29-4381-8d8c-f34572533156 | Context users@openstack setup() finished in 2.62 sec
2019-11-20 05:57:43.870 20411 INFO rally.task.context [-] Task 66dd91e3-ee29-4381-8d8c-f34572533156 | Context quotas@openstack setup() finished in 1.59 sec
2019-11-20 05:57:45.657 20411 RALLYDEBUG rally_openstack.wrappers.network [-] CIDR generated: 100.1.9.0/25
2019-11-20 05:57:49.470 20411 RALLYDEBUG rally_openstack.wrappers.network [-] CIDR generated: 100.1.9.128/25
2019-11-20 05:57:53.165 20411 RALLYDEBUG rally_openstack.wrappers.network [-] CIDR generated: 100.1.10.0/25
2019-11-20 05:57:55.166 20411 INFO rally.task.context [-] Task 66dd91e3-ee29-4381-8d8c-f34572533156 | Context network@openstack setup() finished in 11.29 sec
2019-11-20 05:57:55.167 20411 INFO rally.task.context [-] Task 66dd91e3-ee29-4381-8d8c-f34572533156 | Context cleanup@openstack setup() finished in 0.01 msec
2019-11-20 05:57:56.059 20411 RALLYDEBUG rally.task.runner [-] Starting the constant runner (task UUID: 66dd91e3-ee29-4381-8d8c-f34572533156). times: 10 concurrency: 4 timeout: 0 max_cpu_used: 16 processes_to_start: 4 concurrency_per_worker: 1 concurrency_overhead: 0
2019-11-20 05:57:56.071 23051 RALLYDEBUG rally.task.runner [-] Starting a worker. times: 10 duration: None concurrency: 1 timeout: 0 cls: method_name: run args: {"flavor": "a07fb885-fbe6-45e6-b952-7a60dc9e803d", "image": "02d7d2af-9e24-4e53-9730-a3e0913f2d95", "server_kwargs": {"nics": [{"net-id": "0fe1c3e1-d88f-4d85-b194-264580ed00cf"}]}}
2019-11-20 05:57:56.075 23052 RALLYDEBUG rally.task.runner [-] Starting a worker. times: 10 duration: None concurrency: 1 timeout: 0 cls: method_name: run args: {"flavor": "a07fb885-fbe6-45e6-b952-7a60dc9e803d", "image": "02d7d2af-9e24-4e53-9730-a3e0913f2d95", "server_kwargs": {"nics": [{"net-id": "0fe1c3e1-d88f-4d85-b194-264580ed00cf"}]}}
2019-11-20 05:57:56.079 23051 INFO rally.task.runner [-] Task 66dd91e3-ee29-4381-8d8c-f34572533156 | ITER: 1 START
2019-11-20 05:57:56.079 23053 RALLYDEBUG rally.task.runner [-] Starting a worker. times: 10 duration: None concurrency: 1 timeout: 0 cls: method_name: run args: {"flavor": "a07fb885-fbe6-45e6-b952-7a60dc9e803d", "image": "02d7d2af-9e24-4e53-9730-a3e0913f2d95", "server_kwargs": {"nics": [{"net-id": "0fe1c3e1-d88f-4d85-b194-264580ed00cf"}]}}
2019-11-20 05:57:56.083 23052 INFO rally.task.runner [-] Task 66dd91e3-ee29-4381-8d8c-f34572533156 | ITER: 2 START
2019-11-20 05:57:56.083 23055 RALLYDEBUG rally.task.runner [-] Starting a worker. times: 10 duration: None concurrency: 1 timeout: 0 cls: method_name: run args: {"flavor": "a07fb885-fbe6-45e6-b952-7a60dc9e803d", "image": "02d7d2af-9e24-4e53-9730-a3e0913f2d95", "server_kwargs": {"nics": [{"net-id": "0fe1c3e1-d88f-4d85-b194-264580ed00cf"}]}}
2019-11-20 05:57:56.085 23051 WARNING rally.common.logging [-] Argument(s): `server_kwargs' of `run()' are deprecated in v0.3.2: 'server_kwargs' has been renamed 'boot_server_kwargs'. Used at
2019-11-20 05:57:56.087 23052 WARNING rally.common.logging [-] Argument(s): `server_kwargs' of `run()' are deprecated in v0.3.2: 'server_kwargs' has been renamed 'boot_server_kwargs'. Used at
2019-11-20 05:57:56.087 23053 INFO rally.task.runner [-] Task 66dd91e3-ee29-4381-8d8c-f34572533156 | ITER: 3 START
2019-11-20 05:57:56.090 23055 INFO rally.task.runner [-] Task 66dd91e3-ee29-4381-8d8c-f34572533156 | ITER: 4 START
2019-11-20 05:57:56.092 23053 WARNING rally.common.logging [-] Argument(s): `server_kwargs' of `run()' are deprecated in v0.3.2: 'server_kwargs' has been renamed 'boot_server_kwargs'. Used at
2019-11-20 05:57:56.096 23055 WARNING rally.common.logging [-] Argument(s): `server_kwargs' of `run()' are deprecated in v0.3.2: 'server_kwargs' has been renamed 'boot_server_kwargs'. Used at
2019-11-20 05:58:03.222 23052 RALLYDEBUG rally.task.utils [-] Waiting for resource s_rally_d0b14862_l8yplxFT. Status changed: BUILD => ACTIVE in 4.479210138320923
2019-11-20 05:58:05.206 23055 RALLYDEBUG rally.task.utils [-] Waiting for resource s_rally_d0b14862_pGDwAEal. Status changed: BUILD => ACTIVE in 6.756662130355835
2019-11-20 05:58:05.240 23053 RALLYDEBUG rally.task.utils [-] Waiting for resource s_rally_d0b14862_MV1NxLDY. Status changed: BUILD => ACTIVE in 6.692882299423218
2019-11-20 05:58:05.466 23051 RALLYDEBUG rally.task.utils [-] Waiting for resource s_rally_d0b14862_Bl7FYNZu. Status changed: BUILD => ACTIVE in 6.799219608306885
2019-11-20 05:58:05.625 23052 INFO rally.task.runner [-] Task 66dd91e3-ee29-4381-8d8c-f34572533156 | ITER: 2 END: OK
2019-11-20 05:58:05.630 23052 INFO rally.task.runner [-] Task 66dd91e3-ee29-4381-8d8c-f34572533156 | ITER: 5 START
2019-11-20 05:58:07.565 23055 INFO rally.task.runner [-] Task 66dd91e3-ee29-4381-8d8c-f34572533156 | ITER: 4 END: OK
2019-11-20 05:58:07.569 23055 INFO rally.task.runner [-] Task 66dd91e3-ee29-4381-8d8c-f34572533156 | ITER: 6 START
2019-11-20 05:58:07.654 23053 INFO rally.task.runner [-] Task 66dd91e3-ee29-4381-8d8c-f34572533156 | ITER: 3 END: OK
2019-11-20 05:58:07.659 23053 INFO rally.task.runner [-] Task 66dd91e3-ee29-4381-8d8c-f34572533156 | ITER: 7 START
2019-11-20 05:58:07.864 23051 INFO rally.task.runner [-] Task 66dd91e3-ee29-4381-8d8c-f34572533156 | ITER: 1 END: OK
2019-11-20 05:58:07.869 23051 INFO rally.task.runner [-] Task 66dd91e3-ee29-4381-8d8c-f34572533156 | ITER: 8 START
2019-11-20 05:58:12.578 23052 RALLYDEBUG rally.task.utils [-] Waiting for resource s_rally_d0b14862_JdleF6GV. Status changed: BUILD => ACTIVE in 4.594810247421265
2019-11-20 05:58:14.891 23052 INFO rally.task.runner [-] Task 66dd91e3-ee29-4381-8d8c-f34572533156 | ITER: 5 END: OK
2019-11-20 05:58:14.895 23052 INFO rally.task.runner [-] Task 66dd91e3-ee29-4381-8d8c-f34572533156 | ITER: 9 START
2019-11-20 05:58:14.977 23055 RALLYDEBUG rally.task.utils [-] Waiting for resource s_rally_d0b14862_lJY7ZJ70. Status changed: BUILD => ACTIVE in 4.555171489715576
2019-11-20 05:58:17.069 23053 RALLYDEBUG rally.task.utils [-] Waiting for resource s_rally_d0b14862_Sohcca5A. Status changed: BUILD => ACTIVE in 7.03522801399231
