2019-11-20 05:12:48.407 13785 INFO rally.task.engine [-] Load duration is: 4.596068
2019-11-20 05:12:48.408 13785 INFO rally.task.engine [-] Full runner duration is: 4.639641
2019-11-20 05:12:48.408 13785 INFO rally.task.engine [-] Full duration is: 41.715762
2019-11-20 05:12:48.731 13785 INFO rally.task.engine [-] Running workload: position = 0 config = { "version": 2, "title": "A cropped version of a bigger task.", "description": "Auto-generated task from a single workload (uuid=3281a9ae-623f-406d-b50b-8558787f552b)", "subtasks": [ { "title": "NeutronNetworks.create_and_update_routers", "description": "Create and update a given number of routers.", "scenario": { "NeutronNetworks.create_and_update_routers": { "network_create_args": {}, "router_create_args": {}, "router_update_args": { "admin_state_up": false }, "subnet_cidr_start": "1.1.0.0/30", "subnet_create_args": {}, "subnets_per_network": 1 } }, "contexts": { "users": { "tenants": 3, "users_per_tenant": 2 }, "quotas": { "neutron": { "network": -1, "subnet": -1, "port": -1, "router": -1 } } }, "runner": { "constant": { "concurrency": 4, "times": 10 } }, "hooks": [], "sla": { "failure_rate": { "max": 0 } } } ] }
2019-11-20 05:12:48.757 13785 RALLYDEBUG rally_openstack.contexts.keystone.users [-] Creating 3 tenants using 20 threads
2019-11-20 05:12:49.746 13785 RALLYDEBUG rally_openstack.contexts.keystone.users [-] Creating 6 users using 20 threads
2019-11-20 05:12:51.262 13785 INFO rally.task.context [-] Task 038a406c-f7e9-46c3-8faa-692345260bf4 | Context users@openstack setup() finished in 2.50 sec
2019-11-20 05:12:52.160 13785 INFO rally.task.context [-] Task 038a406c-f7e9-46c3-8faa-692345260bf4 | Context quotas@openstack setup() finished in 0.90 sec
2019-11-20 05:12:52.161 13785 INFO rally.task.context [-] Task 038a406c-f7e9-46c3-8faa-692345260bf4 | Context cleanup@openstack setup() finished in 0.00 msec
2019-11-20 05:12:52.170 13785 RALLYDEBUG rally.task.runner [-] Starting the constant runner (task UUID: 038a406c-f7e9-46c3-8faa-692345260bf4). times: 10 concurrency: 4 timeout: 0 max_cpu_used: 16 processes_to_start: 4 concurrency_per_worker: 1 concurrency_overhead: 0
2019-11-20 05:12:52.181 14557 RALLYDEBUG rally.task.runner [-] Starting a worker. times: 10 duration: None concurrency: 1 timeout: 0 cls: method_name: run args: {"network_create_args": {}, "router_create_args": {}, "router_update_args": {"admin_state_up": false}, "subnet_cidr_start": "1.1.0.0/30", "subnet_create_args": {}, "subnets_per_network": 1}
2019-11-20 05:12:52.185 14558 RALLYDEBUG rally.task.runner [-] Starting a worker. times: 10 duration: None concurrency: 1 timeout: 0 cls: method_name: run args: {"network_create_args": {}, "router_create_args": {}, "router_update_args": {"admin_state_up": false}, "subnet_cidr_start": "1.1.0.0/30", "subnet_create_args": {}, "subnets_per_network": 1}
2019-11-20 05:12:52.188 14557 INFO rally.task.runner [-] Task 038a406c-f7e9-46c3-8faa-692345260bf4 | ITER: 1 START
2019-11-20 05:12:52.188 14559 RALLYDEBUG rally.task.runner [-] Starting a worker. times: 10 duration: None concurrency: 1 timeout: 0 cls: method_name: run args: {"network_create_args": {}, "router_create_args": {}, "router_update_args": {"admin_state_up": false}, "subnet_cidr_start": "1.1.0.0/30", "subnet_create_args": {}, "subnets_per_network": 1}
2019-11-20 05:12:52.191 14558 INFO rally.task.runner [-] Task 038a406c-f7e9-46c3-8faa-692345260bf4 | ITER: 2 START
2019-11-20 05:12:52.192 14561 RALLYDEBUG rally.task.runner [-] Starting a worker. times: 10 duration: None concurrency: 1 timeout: 0 cls: method_name: run args: {"network_create_args": {}, "router_create_args": {}, "router_update_args": {"admin_state_up": false}, "subnet_cidr_start": "1.1.0.0/30", "subnet_create_args": {}, "subnets_per_network": 1}
2019-11-20 05:12:52.194 14559 INFO rally.task.runner [-] Task 038a406c-f7e9-46c3-8faa-692345260bf4 | ITER: 3 START
2019-11-20 05:12:52.198 14561 INFO rally.task.runner [-] Task 038a406c-f7e9-46c3-8faa-692345260bf4 | ITER: 4 START
2019-11-20 05:12:52.854 14561 RALLYDEBUG rally_openstack.wrappers.network [-] CIDR generated: 1.1.0.12/30
2019-11-20 05:12:52.879 14557 RALLYDEBUG rally_openstack.wrappers.network [-] CIDR generated: 1.1.0.16/30
2019-11-20 05:12:52.893 14559 RALLYDEBUG rally_openstack.wrappers.network [-] CIDR generated: 1.1.0.20/30
2019-11-20 05:12:53.458 14558 RALLYDEBUG rally_openstack.wrappers.network [-] CIDR generated: 1.1.0.24/30
2019-11-20 05:12:55.957 14557 INFO rally.task.runner [-] Task 038a406c-f7e9-46c3-8faa-692345260bf4 | ITER: 1 END: OK
2019-11-20 05:12:55.961 14557 INFO rally.task.runner [-] Task 038a406c-f7e9-46c3-8faa-692345260bf4 | ITER: 5 START
2019-11-20 05:12:56.081 14561 INFO rally.task.runner [-] Task 038a406c-f7e9-46c3-8faa-692345260bf4 | ITER: 4 END: OK
2019-11-20 05:12:56.086 14561 INFO rally.task.runner [-] Task 038a406c-f7e9-46c3-8faa-692345260bf4 | ITER: 6 START
2019-11-20 05:12:56.173 14559 INFO rally.task.runner [-] Task 038a406c-f7e9-46c3-8faa-692345260bf4 | ITER: 3 END: OK
2019-11-20 05:12:56.178 14559 INFO rally.task.runner [-] Task 038a406c-f7e9-46c3-8faa-692345260bf4 | ITER: 7 START
2019-11-20 05:12:56.437 14557 RALLYDEBUG rally_openstack.wrappers.network [-] CIDR generated: 1.1.0.28/30
2019-11-20 05:12:56.650 14561 RALLYDEBUG rally_openstack.wrappers.network [-] CIDR generated: 1.1.0.32/30
2019-11-20 05:12:56.661 14559 RALLYDEBUG rally_openstack.wrappers.network [-] CIDR generated: 1.1.0.36/30
2019-11-20 05:12:56.966 14558 INFO rally.task.runner [-] Task 038a406c-f7e9-46c3-8faa-692345260bf4 | ITER: 2 END: OK
2019-11-20 05:12:56.970 14558 INFO rally.task.runner [-] Task 038a406c-f7e9-46c3-8faa-692345260bf4 | ITER: 8 START
2019-11-20 05:12:57.452 14558 RALLYDEBUG rally_openstack.wrappers.network [-] CIDR generated: 1.1.0.40/30
2019-11-20 05:12:59.929 14557 INFO rally.task.runner [-] Task 038a406c-f7e9-46c3-8faa-692345260bf4 | ITER: 5 END: OK
2019-11-20 05:12:59.933 14557 INFO rally.task.runner [-] Task 038a406c-f7e9-46c3-8faa-692345260bf4 | ITER: 9 START
2019-11-20 05:13:00.004 14561 INFO rally.task.runner [-] Task 038a406c-f7e9-46c3-8faa-692345260bf4 | ITER: 6 END: OK
2019-11-20 05:13:00.007 14561 INFO rally.task.runner [-] Task 038a406c-f7e9-46c3-8faa-692345260bf4 | ITER: 10 START
2019-11-20 05:13:00.045 14559 INFO rally.task.runner [-] Task 038a406c-f7e9-46c3-8faa-692345260bf4 | ITER: 7 END: OK
2019-11-20 05:13:00.402 14557 RALLYDEBUG rally_openstack.wrappers.network [-] CIDR generated: 1.1.0.44/30
2019-11-20 05:13:00.475 14561 RALLYDEBUG rally_openstack.wrappers.network [-] CIDR generated: 1.1.0.48/30
2019-11-20 05:13:00.742 14558 INFO rally.task.runner [-] Task 038a406c-f7e9-46c3-8faa-692345260bf4 | ITER: 8 END: OK
2019-11-20 05:13:03.534 14557 INFO rally.task.runner [-] Task 038a406c-f7e9-46c3-8faa-692345260bf4 | ITER: 9 END: OK
2019-11-20 05:13:03.567 14561 INFO rally.task.runner [-] Task 038a406c-f7e9-46c3-8faa-692345260bf4 | ITER: 10 END: OK
2019-11-20 05:13:03.591 13785 INFO rally.task.context [-] Task 038a406c-f7e9-46c3-8faa-692345260bf4 | Context cleanup@openstack cleanup() started
2019-11-20 05:13:03.595 13785 RALLYDEBUG rally_openstack.cleanup.manager [-] Cleaning up neutron vip objects
2019-11-20 05:13:04.785 13785 RALLYDEBUG rally_openstack.cleanup.manager [-] Cleaning up neutron health_monitor objects
2019-11-20 05:13:05.894 13785 RALLYDEBUG rally_openstack.cleanup.manager [-] Cleaning up neutron pool objects
2019-11-20 05:13:07.002 13785 RALLYDEBUG rally_openstack.cleanup.manager [-] Cleaning up neutron loadbalancer objects
2019-11-20 05:13:08.101 13785 RALLYDEBUG rally_openstack.cleanup.manager [-] Cleaning up neutron floatingip objects
2019-11-20 05:13:09.773 13785 RALLYDEBUG rally_openstack.cleanup.manager [-] Cleaning up neutron trunk objects
2019-11-20 05:13:10.962 13785 RALLYDEBUG rally_openstack.cleanup.manager [-] Cleaning up neutron port objects
2019-11-20 05:13:12.836 13785 RALLYDEBUG rally_openstack.cleanup.manager [-] Deleting neutron.port object s_rally_3281a9ae_GzNcKzza (9521e4a1-7418-4f0d-a0a9-892076264633)
2019-11-20 05:13:12.851 13785 RALLYDEBUG rally_openstack.cleanup.manager [-] Deleting neutron.port object s_rally_3281a9ae_QXSKMZY5 (23051ba3-c63e-44ac-8f46-e33c7bb615a9)
2019-11-20 05:13:12.852 13785 RALLYDEBUG rally_openstack.cleanup.manager [-] Deleting neutron.port object s_rally_3281a9ae_2qgZyncH (d257bcda-0c83-41e2-840a-476dd16312ac)
2019-11-20 05:13:12.833 13785 RALLYDEBUG rally_openstack.cleanup.manager [-] Deleting neutron.port object s_rally_3281a9ae_diZk2CIg (6261a7cb-1f89-48c7-9b07-10f68056509c)
2019-11-20 05:13:12.855 13785 RALLYDEBUG rally_openstack.cleanup.manager [-] Deleting neutron.port object s_rally_3281a9ae_dzAkwmhd (2e21311d-a3f7-4c28-8a75-07fb4f69c6c1)
2019-11-20 05:13:12.864 13785 RALLYDEBUG rally_openstack.cleanup.manager [-] Deleting neutron.port object s_rally_3281a9ae_62mlzoMY (510970ed-ffc2-4ae0-9877-fa74b8401331)
2019-11-20 05:13:12.872 13785 RALLYDEBUG rally_openstack.cleanup.manager [-] Deleting neutron.port object s_rally_3281a9ae_ezF7yWYF (66c430a7-549d-4c0a-a2e1-caa4e05f30cb)
2019-11-20 05:13:12.904 13785 RALLYDEBUG rally_openstack.cleanup.manager [-] Deleting neutron.port object s_rally_3281a9ae_9nz1pqrS (da07d872-a081-48f5-ba71-d29808b0a21c)
2019-11-20 05:13:12.907 13785 RALLYDEBUG rally_openstack.cleanup.manager [-] Deleting neutron.port object s_rally_3281a9ae_RmCkv2DJ (05b2e098-101a-4b7b-9e39-dc0720eaf872)
2019-11-20 05:13:12.909 13785 RALLYDEBUG rally_openstack.cleanup.manager [-] Deleting neutron.port object s_rally_3281a9ae_ogvrh79b (874559fc-a913-4bbb-86c9-f2640c9fda09)
2019-11-20 05:13:17.282 13785 RALLYDEBUG rally_openstack.cleanup.manager [-] Cleaning up neutron subnet objects
2019-11-20 05:13:18.562 13785 RALLYDEBUG rally_openstack.cleanup.manager [-] Deleting neutron.subnet object s_rally_3281a9ae_lFFZ04Gp (44fbc913-1ee9-43e6-b200-93666382bb46)
2019-11-20 05:13:18.572 13785 RALLYDEBUG rally_openstack.cleanup.manager [-] Deleting neutron.subnet object s_rally_3281a9ae_F8nqEGUv (5096c36a-72c5-4c0e-a4fa-a5e2023e8d70)
2019-11-20 05:13:18.580 13785 RALLYDEBUG rally_openstack.cleanup.manager [-] Deleting neutron.subnet object s_rally_3281a9ae_Iv4V9BZF (e465defc-1ee9-4764-b853-3ffc0b0b7e58)
2019-11-20 05:13:18.584 13785 RALLYDEBUG rally_openstack.cleanup.manager [-] Deleting neutron.subnet object s_rally_3281a9ae_5DhC7i8N (19dff7b5-1e59-485b-af7f-3b6e4cc4904a)
2019-11-20 05:13:18.593 13785 RALLYDEBUG rally_openstack.cleanup.manager [-] Deleting neutron.subnet object s_rally_3281a9ae_hMxEQdW6 (2b1d9a33-62e0-41ca-adc5-60965618e06a)
2019-11-20 05:13:18.596 13785 RALLYDEBUG rally_openstack.cleanup.manager [-] Deleting neutron.subnet object s_rally_3281a9ae_7YG4XLfj (3db2793e-4842-4bd7-8e48-3ba249b359b7)
2019-11-20 05:13:18.615 13785 RALLYDEBUG rally_openstack.cleanup.manager [-] Deleting neutron.subnet object s_rally_3281a9ae_5ncPo3CP (c0ac7aa5-cde1-40ac-988a-e99799ac2b63)
2019-11-20 05:13:18.628 13785 RALLYDEBUG rally_openstack.cleanup.manager [-] Deleting neutron.subnet object s_rally_3281a9ae_5vOrsH3t (22ee2f3c-6ea2-4560-ad03-747b19cb3589)
2019-11-20 05:13:18.647 13785 RALLYDEBUG rally_openstack.cleanup.manager [-] Deleting neutron.subnet object s_rally_3281a9ae_ssorrbqJ (d1861f8f-3168-41d6-ba44-49787dfbe2ec)
2019-11-20 05:13:18.655 13785 RALLYDEBUG rally_openstack.cleanup.manager [-] Deleting neutron.subnet object s_rally_3281a9ae_43bJIH6d (e0ec6d3b-1b73-45a9-892e-2aad4bd4af81)
2019-11-20 05:13:22.423 13785 RALLYDEBUG rally_openstack.cleanup.manager [-] Cleaning up neutron network objects
2019-11-20 05:13:23.963 13785 RALLYDEBUG rally_openstack.cleanup.manager [-] Deleting neutron.network object s_rally_3281a9ae_muSYL38T (0758d1c8-41a8-4bf5-9493-aaf0dfc56bab)
2019-11-20 05:13:23.973 13785 RALLYDEBUG rally_openstack.cleanup.manager [-] Deleting neutron.network object s_rally_3281a9ae_GWFnh1oV (099f91f5-d1f4-44ad-ae0c-1427d3734c32)
2019-11-20 05:13:23.982 13785 RALLYDEBUG rally_openstack.cleanup.manager [-] Deleting neutron.network object s_rally_3281a9ae_6hqLuduf (28d9d1bc-9e51-4ef0-8ae2-87c654358e89)
2019-11-20 05:13:23.986 13785 RALLYDEBUG rally_openstack.cleanup.manager [-] Deleting neutron.network object s_rally_3281a9ae_GgNAkhUG (53ef7853-138a-489c-b2e5-6c2ff4152aa3)
2019-11-20 05:13:23.997 13785 RALLYDEBUG rally_openstack.cleanup.manager [-] Deleting neutron.network object s_rally_3281a9ae_3YucPjxX (6cd86b56-301c-4045-9096-d9f93705d73b)
2019-11-20 05:13:24.004 13785 RALLYDEBUG rally_openstack.cleanup.manager [-] Deleting neutron.network object s_rally_3281a9ae_e2b5iavg (a06caff6-4da3-4a5d-a8fd-8a45e5c3cf05)
2019-11-20 05:13:24.013 13785 RALLYDEBUG rally_openstack.cleanup.manager [-] Deleting neutron.network object s_rally_3281a9ae_5iVYgHCN (d2d514eb-9ca9-403d-8d1d-87fbc85ebbea)
2019-11-20 05:13:24.017 13785 RALLYDEBUG rally_openstack.cleanup.manager [-] Deleting neutron.network object s_rally_3281a9ae_XfltPdNU (4557260e-b5e6-4152-9e7f-712c2380e82b)
2019-11-20 05:13:24.021 13785 RALLYDEBUG rally_openstack.cleanup.manager [-] Deleting neutron.network object s_rally_3281a9ae_6O5ikYwA (8901d443-6491-4311-bc47-e9e865c347a3)
2019-11-20 05:13:24.025 13785 RALLYDEBUG rally_openstack.cleanup.manager [-] Deleting neutron.network object s_rally_3281a9ae_BmpbLAiy (d93e9973-bf85-4c43-a301-5be5628f21d5)
2019-11-20 05:13:27.219 13785 RALLYDEBUG rally_openstack.cleanup.manager [-] Cleaning up neutron router objects
2019-11-20 05:13:28.607 13785 RALLYDEBUG rally_openstack.cleanup.manager [-] Deleting neutron.router object s_rally_3281a9ae_2qgZyncH (913a3bb1-003a-48a0-8f27-c6001354bc82)
2019-11-20 05:13:28.616 13785 RALLYDEBUG rally_openstack.cleanup.manager [-] Deleting neutron.router object s_rally_3281a9ae_GzNcKzza (c667bfc1-b8b3-4f62-a2f4-48d50ee14682)
2019-11-20 05:13:28.625 13785 RALLYDEBUG rally_openstack.cleanup.manager [-] Deleting neutron.router object s_rally_3281a9ae_diZk2CIg (ef221509-f4f9-4a8f-ac07-66b3cd686e8e)
2019-11-20 05:13:28.634 13785 RALLYDEBUG rally_openstack.cleanup.manager [-] Deleting neutron.router object s_rally_3281a9ae_ezF7yWYF (31d9c513-d928-4a4a-b3a9-e7f49fbe8356)
2019-11-20 05:13:28.640 13785 RALLYDEBUG rally_openstack.cleanup.manager [-] Deleting neutron.router object s_rally_3281a9ae_QXSKMZY5 (84a036b2-dc62-4bf0-8c97-333cb215c594)
2019-11-20 05:13:28.645 13785 RALLYDEBUG rally_openstack.cleanup.manager [-] Deleting neutron.router object s_rally_3281a9ae_dzAkwmhd (b63e5045-8f6b-4d3e-b6aa-5f88e0483dbb)
2019-11-20 05:13:28.653 13785 RALLYDEBUG rally_openstack.cleanup.manager [-] Deleting neutron.router object s_rally_3281a9ae_62mlzoMY (efa3e060-850f-4845-86bd-0b88bb6f1338)
2019-11-20 05:13:28.657 13785 RALLYDEBUG rally_openstack.cleanup.manager [-] Deleting neutron.router object s_rally_3281a9ae_RmCkv2DJ (346bf9e3-c211-4fbe-a847-3f6917e0eb96)
2019-11-20 05:13:28.676 13785 RALLYDEBUG rally_openstack.cleanup.manager [-] Deleting neutron.router object s_rally_3281a9ae_9nz1pqrS (6509d583-6168-41bf-9b43-da72b5d12634)
2019-11-20 05:13:28.691 13785 RALLYDEBUG rally_openstack.cleanup.manager [-] Deleting neutron.router object s_rally_3281a9ae_ogvrh79b (db246e1b-122f-41f6-8387-f45b7148d14b)
2019-11-20 05:13:30.841 13785 RALLYDEBUG rally_openstack.cleanup.manager [-] Cleaning up neutron security_group objects
2019-11-20 05:13:32.100 13785 INFO rally.task.context [-] Task 038a406c-f7e9-46c3-8faa-692345260bf4 | Context cleanup@openstack cleanup() finished in 28.51 sec
2019-11-20 05:13:32.100 13785 INFO rally.task.context [-] Task 038a406c-f7e9-46c3-8faa-692345260bf4 | Context quotas@openstack cleanup() started
2019-11-20 05:13:32.290 13785 INFO rally.task.context [-] Task 038a406c-f7e9-46c3-8faa-692345260bf4 | Context quotas@openstack cleanup() finished in 0.19 sec
2019-11-20 05:13:32.291 13785 INFO rally.task.context [-] Task 038a406c-f7e9-46c3-8faa-692345260bf4 | Context users@openstack cleanup() started
2019-11-20 05:13:36.299 13785 INFO rally.task.context [-] Task 038a406c-f7e9-46c3-8faa-692345260bf4 | Context users@openstack cleanup() finished in 4.01 sec
2019-11-20 05:13:37.108 13785 INFO rally.task.engine [-] Load duration is: 11.377926
2019-11-20 05:13:37.109 13785 INFO rally.task.engine [-] Full runner duration is: 11.422163
2019-11-20 05:13:37.109 13785 INFO rally.task.engine [-] Full duration is: 47.544153
2019-11-20 05:13:37.456 13785 INFO rally.task.engine [-] Running workload: position = 0 config = { "version": 2, "title": "A cropped version of a bigger task.", "description": "Auto-generated task from a single workload (uuid=be8d0aec-0f95-42a7-a0d0-725fa4c8f305)", "subtasks": [ { "title": "NeutronNetworks.create_and_update_subnets", "description": "Create and update a subnet.", "scenario": { "NeutronNetworks.create_and_update_subnets": { "network_create_args": {}, "subnet_cidr_start": "1.4.0.0/16", "subnet_create_args": {}, "subnet_update_args": { "enable_dhcp": false }, "subnets_per_network": 1 } }, "contexts": { "users": { "tenants": 3, "users_per_tenant": 2 }, "quotas": { "neutron": { "network": -1, "subnet": -1 } } }, "runner": { "constant": { "concurrency": 4, "times": 10 } }, "hooks": [], "sla": { "failure_rate": { "max": 0 } } } ] }
2019-11-20 05:13:37.484 13785 RALLYDEBUG rally_openstack.contexts.keystone.users [-] Creating 3 tenants using 20 threads
2019-11-20 05:13:38.524 13785 RALLYDEBUG rally_openstack.contexts.keystone.users [-] Creating 6 users using 20 threads
2019-11-20 05:13:39.978 13785 INFO rally.task.context [-] Task 038a406c-f7e9-46c3-8faa-692345260bf4 | Context users@openstack setup() finished in 2.49 sec
2019-11-20 05:13:40.777 13785 INFO rally.task.context [-] Task 038a406c-f7e9-46c3-8faa-692345260bf4 | Context quotas@openstack setup() finished in 0.80 sec
2019-11-20 05:13:40.777 13785 INFO rally.task.context [-] Task 038a406c-f7e9-46c3-8faa-692345260bf4 | Context cleanup@openstack setup() finished in 0.04 msec
2019-11-20 05:13:40.787 13785 RALLYDEBUG rally.task.runner [-] Starting the constant runner (task UUID: 038a406c-f7e9-46c3-8faa-692345260bf4). times: 10 concurrency: 4 timeout: 0 max_cpu_used: 16 processes_to_start: 4 concurrency_per_worker: 1 concurrency_overhead: 0
2019-11-20 05:13:40.799 14881 RALLYDEBUG rally.task.runner [-] Starting a worker. times: 10 duration: None concurrency: 1 timeout: 0 cls: method_name: run args: {"network_create_args": {}, "subnet_cidr_start": "1.4.0.0/16", "subnet_create_args": {}, "subnet_update_args": {"enable_dhcp": false}, "subnets_per_network": 1}
2019-11-20 05:13:40.803 14882 RALLYDEBUG rally.task.runner [-] Starting a worker. times: 10 duration: None concurrency: 1 timeout: 0 cls: method_name: run args: {"network_create_args": {}, "subnet_cidr_start": "1.4.0.0/16", "subnet_create_args": {}, "subnet_update_args": {"enable_dhcp": false}, "subnets_per_network": 1}
2019-11-20 05:13:40.806 14881 INFO rally.task.runner [-] Task 038a406c-f7e9-46c3-8faa-692345260bf4 | ITER: 1 START
2019-11-20 05:13:40.806 14883 RALLYDEBUG rally.task.runner [-] Starting a worker. times: 10 duration: None concurrency: 1 timeout: 0 cls: method_name: run args: {"network_create_args": {}, "subnet_cidr_start": "1.4.0.0/16", "subnet_create_args": {}, "subnet_update_args": {"enable_dhcp": false}, "subnets_per_network": 1}
2019-11-20 05:13:40.809 14885 RALLYDEBUG rally.task.runner [-] Starting a worker. times: 10 duration: None concurrency: 1 timeout: 0 cls: method_name: run args: {"network_create_args": {}, "subnet_cidr_start": "1.4.0.0/16", "subnet_create_args": {}, "subnet_update_args": {"enable_dhcp": false}, "subnets_per_network": 1}
2019-11-20 05:13:40.810 14882 INFO rally.task.runner [-] Task 038a406c-f7e9-46c3-8faa-692345260bf4 | ITER: 2 START
2019-11-20 05:13:40.813 14883 INFO rally.task.runner [-] Task 038a406c-f7e9-46c3-8faa-692345260bf4 | ITER: 3 START
2019-11-20 05:13:40.815 14885 INFO rally.task.runner [-] Task 038a406c-f7e9-46c3-8faa-692345260bf4 | ITER: 4 START
2019-11-20 05:13:41.444 14881 RALLYDEBUG rally_openstack.wrappers.network [-] CIDR generated: 1.17.0.0/16
2019-11-20 05:13:41.444 14885 RALLYDEBUG rally_openstack.wrappers.network [-] CIDR generated: 1.18.0.0/16
2019-11-20 05:13:41.679 14883 RALLYDEBUG rally_openstack.wrappers.network [-] CIDR generated: 1.19.0.0/16
2019-11-20 05:13:42.211 14882 RALLYDEBUG rally_openstack.wrappers.network [-] CIDR generated: 1.20.0.0/16
2019-11-20 05:13:42.623 14881 INFO rally.task.runner [-] Task 038a406c-f7e9-46c3-8faa-692345260bf4 | ITER: 1 END: OK
2019-11-20 05:13:42.629 14881 INFO rally.task.runner [-] Task 038a406c-f7e9-46c3-8faa-692345260bf4 | ITER: 5 START
2019-11-20 05:13:42.828 14883 INFO rally.task.runner [-] Task 038a406c-f7e9-46c3-8faa-692345260bf4 | ITER: 3 END: OK
2019-11-20 05:13:42.833 14883 INFO rally.task.runner [-] Task 038a406c-f7e9-46c3-8faa-692345260bf4 | ITER: 6 START
2019-11-20 05:13:43.116 14881 RALLYDEBUG rally_openstack.wrappers.network [-] CIDR generated: 1.21.0.0/16
2019-11-20 05:13:43.145 14885 INFO rally.task.runner [-] Task 038a406c-f7e9-46c3-8faa-692345260bf4 | ITER: 4 END: OK
2019-11-20 05:13:43.150 14885 INFO rally.task.runner [-] Task 038a406c-f7e9-46c3-8faa-692345260bf4 | ITER: 7 START
2019-11-20 05:13:43.331 14883 RALLYDEBUG rally_openstack.wrappers.network [-] CIDR generated: 1.22.0.0/16
2019-11-20 05:13:43.520 14882 INFO rally.task.runner [-] Task 038a406c-f7e9-46c3-8faa-692345260bf4 | ITER: 2 END: OK
2019-11-20 05:13:43.524 14882 INFO rally.task.runner [-] Task 038a406c-f7e9-46c3-8faa-692345260bf4 | ITER: 8 START
2019-11-20 05:13:43.714 14885 RALLYDEBUG rally_openstack.wrappers.network [-] CIDR generated: 1.23.0.0/16
2019-11-20 05:13:43.986 14882 RALLYDEBUG rally_openstack.wrappers.network [-] CIDR generated: 1.24.0.0/16
2019-11-20 05:13:44.600 14881 INFO rally.task.runner [-] Task 038a406c-f7e9-46c3-8faa-692345260bf4 | ITER: 5 END: OK
2019-11-20 05:13:44.604 14881 INFO rally.task.runner [-] Task 038a406c-f7e9-46c3-8faa-692345260bf4 | ITER: 9 START
2019-11-20 05:13:44.840 14883 INFO rally.task.runner [-] Task 038a406c-f7e9-46c3-8faa-692345260bf4 | ITER: 6 END: OK
2019-11-20 05:13:44.843 14883 INFO rally.task.runner [-] Task 038a406c-f7e9-46c3-8faa-692345260bf4 | ITER: 10 START
2019-11-20 05:13:45.089 14885 INFO rally.task.runner [-] Task 038a406c-f7e9-46c3-8faa-692345260bf4 | ITER: 7 END: OK
2019-11-20 05:13:45.097 14882 INFO rally.task.runner [-] Task 038a406c-f7e9-46c3-8faa-692345260bf4 | ITER: 8 END: OK
2019-11-20 05:13:45.281 14881 RALLYDEBUG rally_openstack.wrappers.network [-] CIDR generated: 1.25.0.0/16
2019-11-20 05:13:45.393 14883 RALLYDEBUG rally_openstack.wrappers.network [-] CIDR generated: 1.26.0.0/16
2019-11-20 05:13:46.374 14883 INFO rally.task.runner [-] Task 038a406c-f7e9-46c3-8faa-692345260bf4 | ITER: 10 END: OK
2019-11-20 05:13:46.514 14881 INFO rally.task.runner [-] Task 038a406c-f7e9-46c3-8faa-692345260bf4 | ITER: 9 END: OK
2019-11-20 05:13:46.539 13785 INFO rally.task.context [-] Task 038a406c-f7e9-46c3-8faa-692345260bf4 | Context cleanup@openstack cleanup() started
2019-11-20 05:13:46.543 13785 RALLYDEBUG rally_openstack.cleanup.manager [-] Cleaning up neutron vip objects
2019-11-20 05:13:47.700 13785 RALLYDEBUG rally_openstack.cleanup.manager [-] Cleaning up neutron health_monitor objects
2019-11-20 05:13:48.777 13785 RALLYDEBUG rally_openstack.cleanup.manager [-] Cleaning up neutron pool objects
2019-11-20 05:13:49.881 13785 RALLYDEBUG rally_openstack.cleanup.manager [-] Cleaning up neutron loadbalancer objects
2019-11-20 05:13:51.042 13785 RALLYDEBUG rally_openstack.cleanup.manager [-] Cleaning up neutron floatingip objects
2019-11-20 05:13:52.229 13785 RALLYDEBUG rally_openstack.cleanup.manager [-] Cleaning up neutron trunk objects
2019-11-20 05:13:53.379 13785 RALLYDEBUG rally_openstack.cleanup.manager [-] Cleaning up neutron port objects
2019-11-20 05:13:54.563 13785 RALLYDEBUG rally_openstack.cleanup.manager [-] Cleaning up neutron subnet objects
2019-11-20 05:13:56.039 13785 RALLYDEBUG rally_openstack.cleanup.manager [-] Deleting neutron.subnet object s_rally_be8d0aec_zsqsXwoA (f6bf6cd0-bf47-4db4-ac1d-61e8dfbac966)
2019-11-20 05:13:56.049 13785 RALLYDEBUG rally_openstack.cleanup.manager [-] Deleting neutron.subnet object s_rally_be8d0aec_xImDPNIE (2bb42b19-f284-416f-8721-692376c39417)
2019-11-20 05:13:56.058 13785 RALLYDEBUG rally_openstack.cleanup.manager [-] Deleting neutron.subnet object s_rally_be8d0aec_F77iM0Ho (3f12db54-54f7-41da-a8f3-82c2a56cdb78)
2019-11-20 05:13:56.072 13785 RALLYDEBUG rally_openstack.cleanup.manager [-] Deleting neutron.subnet object s_rally_be8d0aec_5dDo74MY (5f1fa0ab-f347-4953-b918-100cd62b9378)
2019-11-20 05:13:56.076 13785 RALLYDEBUG rally_openstack.cleanup.manager [-] Deleting neutron.subnet object s_rally_be8d0aec_9f5FP30p (66f15631-c627-4233-a77f-952b11b30ef1)
2019-11-20 05:13:56.085 13785 RALLYDEBUG rally_openstack.cleanup.manager [-] Deleting neutron.subnet object s_rally_be8d0aec_eWQlITW0 (001efd2d-b9f2-458b-9616-83fa7dc372a1)
2019-11-20 05:13:56.104 13785 RALLYDEBUG rally_openstack.cleanup.manager [-] Deleting neutron.subnet object s_rally_be8d0aec_99zPIzDa (48746767-378b-423b-b796-df821941f42f)
2019-11-20 05:13:56.119 13785 RALLYDEBUG rally_openstack.cleanup.manager [-] Deleting neutron.subnet object s_rally_be8d0aec_mtw4iQot (7190c505-30b7-41f9-b9f3-512bb2240bc9)
2019-11-20 05:13:56.124 13785 RALLYDEBUG rally_openstack.cleanup.manager [-] Deleting neutron.subnet object s_rally_be8d0aec_ceebvqDy (7a7cc2bc-7a0e-4fef-a8c5-48815fc83b20)
2019-11-20 05:13:56.129 13785 RALLYDEBUG rally_openstack.cleanup.manager [-] Deleting neutron.subnet object s_rally_be8d0aec_5dW57hpF (7d0e7bfc-e331-46f5-9ddf-752d3639844c)
2019-11-20 05:13:58.954 13785 RALLYDEBUG rally_openstack.cleanup.manager [-] Cleaning up neutron network objects
2019-11-20 05:14:00.295 13785 RALLYDEBUG rally_openstack.cleanup.manager [-] Deleting neutron.network object s_rally_be8d0aec_HMtD6GM1 (b5d49387-2092-45e0-af49-6ba364c58f1e)
2019-11-20 05:14:00.304 13785 RALLYDEBUG rally_openstack.cleanup.manager [-] Deleting neutron.network object s_rally_be8d0aec_Ea43z8QC (04ce51c4-c9e7-4bea-a9b4-1360923f5d28)
2019-11-20 05:14:00.313 13785 RALLYDEBUG rally_openstack.cleanup.manager [-] Deleting neutron.network object s_rally_be8d0aec_j4uAyjYh (4fc4e8d3-d745-4598-8d01-7fcedf507980)
2019-11-20 05:14:00.317 13785 RALLYDEBUG rally_openstack.cleanup.manager [-] Deleting neutron.network object s_rally_be8d0aec_UY8rLkdJ (692f748a-f703-416c-8ec6-0543dff7b869)
2019-11-20 05:14:00.331 13785 RALLYDEBUG rally_openstack.cleanup.manager [-] Deleting neutron.network object s_rally_be8d0aec_qxmZaF5x (e7398401-5660-4ac4-9069-d4526f0e153b)
2019-11-20 05:14:00.341 13785 RALLYDEBUG rally_openstack.cleanup.manager [-] Deleting neutron.network object s_rally_be8d0aec_PMwAu44e (07fc0747-b6b5-4c2e-af31-baf942bde430)
2019-11-20 05:14:00.360 13785 RALLYDEBUG rally_openstack.cleanup.manager [-] Deleting neutron.network object s_rally_be8d0aec_fsy0Z1vt (0927a3b0-a2aa-4035-8269-f1b2cc8322bd)
2019-11-20 05:14:00.369 13785 RALLYDEBUG rally_openstack.cleanup.manager [-] Deleting neutron.network object s_rally_be8d0aec_x69m1xOr (51b905e8-4121-4c92-84ea-de50222ad607)
2019-11-20 05:14:00.377 13785 RALLYDEBUG rally_openstack.cleanup.manager [-] Deleting neutron.network object s_rally_be8d0aec_JWLcWHFT (8e73f8e8-6d21-4e4a-adb9-6991e0588205)
2019-11-20 05:14:00.389 13785 RALLYDEBUG rally_openstack.cleanup.manager [-] Deleting neutron.network object s_rally_be8d0aec_wlcTIEah (a5711025-bd51-4fc3-9cf9-ccd7acce156a)
2019-11-20 05:14:02.886 13785 RALLYDEBUG rally_openstack.cleanup.manager [-] Cleaning up neutron router objects
2019-11-20 05:14:04.090 13785 RALLYDEBUG rally_openstack.cleanup.manager [-] Cleaning up neutron security_group objects
2019-11-20 05:14:05.299 13785 INFO rally.task.context [-] Task 038a406c-f7e9-46c3-8faa-692345260bf4 | Context cleanup@openstack cleanup() finished in 18.76 sec
2019-11-20 05:14:05.299 13785 INFO rally.task.context [-] Task 038a406c-f7e9-46c3-8faa-692345260bf4 | Context quotas@openstack cleanup() started
2019-11-20 05:14:05.486 13785 INFO rally.task.context [-] Task 038a406c-f7e9-46c3-8faa-692345260bf4 | Context quotas@openstack cleanup() finished in 0.19 sec
2019-11-20 05:14:05.486 13785 INFO rally.task.context [-] Task 038a406c-f7e9-46c3-8faa-692345260bf4 | Context users@openstack cleanup() started
2019-11-20 05:14:09.654 13785 INFO rally.task.context [-] Task 038a406c-f7e9-46c3-8faa-692345260bf4 | Context users@openstack cleanup() finished in 4.17 sec
2019-11-20 05:14:09.748 13785 INFO rally.task.engine [-] Load duration is: 5.706688
2019-11-20 05:14:09.748 13785 INFO rally.task.engine [-] Full runner duration is: 5.753296
2019-11-20 05:14:09.749 13785 INFO rally.task.engine [-] Full duration is: 32.172133
2019-11-20 05:14:10.037 13785 INFO rally.task.engine [-] Running workload: position = 0 config = { "version": 2, "title": "A cropped version of a bigger task.", "description": "Auto-generated task from a single workload (uuid=74c01c62-b4f7-47a3-8d2f-a38de2cc3fdf)", "subtasks": [ { "title": "NeutronNetworks.create_and_delete_networks", "description": "Create and delete a network.", "scenario": { "NeutronNetworks.create_and_delete_networks": { "network_create_args": {} } }, "contexts": { "users": { "tenants": 3, "users_per_tenant": 2 }, "quotas": { "neutron": { "network": -1 } } }, "runner": { "constant": { "concurrency": 4, "times": 10 } }, "hooks": [], "sla": { "failure_rate": { "max": 0 } } } ] }
2019-11-20 05:14:10.065 13785 RALLYDEBUG rally_openstack.contexts.keystone.users [-] Creating 3 tenants using 20 threads
2019-11-20 05:14:11.056 13785 RALLYDEBUG rally_openstack.contexts.keystone.users [-] Creating 6 users using 20 threads
2019-11-20 05:14:12.547 13785 INFO rally.task.context [-] Task 038a406c-f7e9-46c3-8faa-692345260bf4 | Context users@openstack setup() finished in 2.48 sec
2019-11-20 05:14:13.274 13785 INFO rally.task.context [-] Task 038a406c-f7e9-46c3-8faa-692345260bf4 | Context quotas@openstack setup() finished in 0.73 sec
2019-11-20 05:14:13.274 13785 INFO rally.task.context [-] Task 038a406c-f7e9-46c3-8faa-692345260bf4 | Context cleanup@openstack setup() finished in 0.02 msec
2019-11-20 05:14:13.284 13785 RALLYDEBUG rally.task.runner [-] Starting the constant runner (task UUID: 038a406c-f7e9-46c3-8faa-692345260bf4). times: 10 concurrency: 4 timeout: 0 max_cpu_used: 16 processes_to_start: 4 concurrency_per_worker: 1 concurrency_overhead: 0
2019-11-20 05:14:13.295 15205 RALLYDEBUG rally.task.runner [-] Starting a worker. times: 10 duration: None concurrency: 1 timeout: 0 cls: method_name: run args: {"network_create_args": {}}
2019-11-20 05:14:13.299 15206 RALLYDEBUG rally.task.runner [-] Starting a worker. times: 10 duration: None concurrency: 1 timeout: 0 cls: method_name: run args: {"network_create_args": {}}
2019-11-20 05:14:13.301 15205 INFO rally.task.runner [-] Task 038a406c-f7e9-46c3-8faa-692345260bf4 | ITER: 1 START
2019-11-20 05:14:13.302 15207 RALLYDEBUG rally.task.runner [-] Starting a worker. times: 10 duration: None concurrency: 1 timeout: 0 cls: method_name: run args: {"network_create_args": {}}
2019-11-20 05:14:13.306 15206 INFO rally.task.runner [-] Task 038a406c-f7e9-46c3-8faa-692345260bf4 | ITER: 2 START
2019-11-20 05:14:13.308 15207 INFO rally.task.runner [-] Task 038a406c-f7e9-46c3-8faa-692345260bf4 | ITER: 3 START
2019-11-20 05:14:13.309 15210 RALLYDEBUG rally.task.runner [-] Starting a worker. times: 10 duration: None concurrency: 1 timeout: 0 cls: method_name: run args: {"network_create_args": {}}
2019-11-20 05:14:13.314 15210 INFO rally.task.runner [-] Task 038a406c-f7e9-46c3-8faa-692345260bf4 | ITER: 4 START
2019-11-20 05:14:14.407 15205 INFO rally.task.runner [-] Task 038a406c-f7e9-46c3-8faa-692345260bf4 | ITER: 1 END: OK
2019-11-20 05:14:14.412 15205 INFO rally.task.runner [-] Task 038a406c-f7e9-46c3-8faa-692345260bf4 | ITER: 5 START
2019-11-20 05:14:14.442 15206 INFO rally.task.runner [-] Task 038a406c-f7e9-46c3-8faa-692345260bf4 | ITER: 2 END: OK
2019-11-20 05:14:14.446 15206 INFO rally.task.runner [-] Task 038a406c-f7e9-46c3-8faa-692345260bf4 | ITER: 6 START
2019-11-20 05:14:14.569 15207 INFO rally.task.runner [-] Task 038a406c-f7e9-46c3-8faa-692345260bf4 | ITER: 3 END: OK
2019-11-20 05:14:14.574 15207 INFO rally.task.runner [-] Task 038a406c-f7e9-46c3-8faa-692345260bf4 | ITER: 7 START
2019-11-20 05:14:14.721 15210 INFO rally.task.runner [-] Task 038a406c-f7e9-46c3-8faa-692345260bf4 | ITER: 4 END: OK
2019-11-20 05:14:14.726 15210 INFO rally.task.runner [-] Task 038a406c-f7e9-46c3-8faa-692345260bf4 | ITER: 8 START
2019-11-20 05:14:15.375 15205 INFO rally.task.runner [-] Task 038a406c-f7e9-46c3-8faa-692345260bf4 | ITER: 5 END: OK
2019-11-20 05:14:15.379 15205 INFO rally.task.runner [-] Task 038a406c-f7e9-46c3-8faa-692345260bf4 | ITER: 9 START
2019-11-20 05:14:15.472 15206 INFO rally.task.runner [-] Task 038a406c-f7e9-46c3-8faa-692345260bf4 | ITER: 6 END: OK
2019-11-20 05:14:15.475 15206 INFO rally.task.runner [-] Task 038a406c-f7e9-46c3-8faa-692345260bf4 | ITER: 10 START
2019-11-20 05:14:15.724 15207 INFO rally.task.runner [-] Task 038a406c-f7e9-46c3-8faa-692345260bf4 | ITER: 7 END: OK
2019-11-20 05:14:16.632 15210 INFO rally.task.runner [-] Task 038a406c-f7e9-46c3-8faa-692345260bf4 | ITER: 8 END: OK
2019-11-20 05:14:16.656 15205 INFO rally.task.runner [-] Task 038a406c-f7e9-46c3-8faa-692345260bf4 | ITER: 9 END: OK
2019-11-20 05:14:16.729 15206 INFO rally.task.runner [-] Task 038a406c-f7e9-46c3-8faa-692345260bf4 | ITER: 10 END: OK
2019-11-20 05:14:16.752 13785 INFO rally.task.context [-] Task 038a406c-f7e9-46c3-8faa-692345260bf4 | Context cleanup@openstack cleanup() started
2019-11-20 05:14:16.759 13785 RALLYDEBUG rally_openstack.cleanup.manager [-] Cleaning up neutron vip objects
2019-11-20 05:14:17.985 13785 RALLYDEBUG rally_openstack.cleanup.manager [-] Cleaning up neutron health_monitor objects
2019-11-20 05:14:19.096 13785 RALLYDEBUG rally_openstack.cleanup.manager [-] Cleaning up neutron pool objects
2019-11-20 05:14:20.239 13785 RALLYDEBUG rally_openstack.cleanup.manager [-] Cleaning up neutron loadbalancer objects
2019-11-20 05:14:21.351 13785 RALLYDEBUG rally_openstack.cleanup.manager [-] Cleaning up neutron floatingip objects
2019-11-20 05:14:23.142 13785 RALLYDEBUG rally_openstack.cleanup.manager [-] Cleaning up neutron trunk objects
2019-11-20 05:14:24.296 13785 RALLYDEBUG rally_openstack.cleanup.manager [-] Cleaning up neutron port objects
2019-11-20 05:14:25.506 13785 RALLYDEBUG rally_openstack.cleanup.manager [-] Cleaning up neutron subnet objects
2019-11-20 05:14:26.699 13785 RALLYDEBUG rally_openstack.cleanup.manager [-] Cleaning up neutron network objects
2019-11-20 05:14:27.928 13785 RALLYDEBUG rally_openstack.cleanup.manager [-] Cleaning up neutron router objects
2019-11-20 05:14:29.171 13785 RALLYDEBUG rally_openstack.cleanup.manager [-] Cleaning up neutron security_group objects
2019-11-20 05:14:30.409 13785 INFO rally.task.context [-] Task 038a406c-f7e9-46c3-8faa-692345260bf4 | Context cleanup@openstack cleanup() finished in 13.66 sec
2019-11-20 05:14:30.409 13785 INFO rally.task.context [-] Task 038a406c-f7e9-46c3-8faa-692345260bf4 | Context quotas@openstack cleanup() started
2019-11-20 05:14:30.641 13785 INFO rally.task.context [-] Task 038a406c-f7e9-46c3-8faa-692345260bf4 | Context quotas@openstack cleanup() finished in 0.23 sec
2019-11-20 05:14:30.642 13785 INFO rally.task.context [-] Task 038a406c-f7e9-46c3-8faa-692345260bf4 | Context users@openstack cleanup() started
2019-11-20 05:14:34.653 13785 INFO rally.task.context [-] Task 038a406c-f7e9-46c3-8faa-692345260bf4 | Context users@openstack cleanup() finished in 4.01 sec
2019-11-20 05:14:36.231 13785 INFO rally.task.engine [-] Load duration is: 3.425423
2019-11-20 05:14:36.231 13785 INFO rally.task.engine [-] Full runner duration is: 3.468955
2019-11-20 05:14:36.231 13785 INFO rally.task.engine [-] Full duration is: 24.590711
2019-11-20 05:14:36.564 13785 INFO rally.task.engine [-] Running workload: position = 0 config = { "version": 2, "title": "A cropped version of a bigger task.", "description": "Auto-generated task from a single workload (uuid=3da01685-e04b-4043-ae0c-6e3a375c99d2)", "subtasks": [ { "title": "NeutronNetworks.create_and_delete_ports", "description": "Create and delete a port.", "scenario": { "NeutronNetworks.create_and_delete_ports": { "network_create_args": {}, "port_create_args": {}, "ports_per_network": 1 } }, "contexts": { "users": { "tenants": 3, "users_per_tenant": 2 }, "network": { "router": {} }, "quotas": { "neutron": { "network": -1, "port": -1 } } }, "runner": { "constant": { "concurrency": 4, "times": 10 } }, "hooks": [], "sla": { "failure_rate": { "max": 0 } } } ] }
2019-11-20 05:14:36.591 13785 RALLYDEBUG rally_openstack.contexts.keystone.users [-] Creating 3 tenants using 20 threads
2019-11-20 05:14:37.696 13785 RALLYDEBUG rally_openstack.contexts.keystone.users [-] Creating 6 users using 20 threads
2019-11-20 05:14:39.222 13785 INFO rally.task.context [-] Task 038a406c-f7e9-46c3-8faa-692345260bf4 | Context users@openstack setup() finished in 2.63 sec
2019-11-20 05:14:40.067 13785 INFO rally.task.context [-] Task 038a406c-f7e9-46c3-8faa-692345260bf4 | Context quotas@openstack setup() finished in 0.84 sec
2019-11-20 05:14:40.648 13785 RALLYDEBUG rally_openstack.wrappers.network [-] CIDR generated: 10.2.23.0/24
2019-11-20 05:14:41.465 13785 RALLYDEBUG rally_openstack.wrappers.network [-] CIDR generated: 10.2.24.0/24
2019-11-20 05:14:42.214 13785 RALLYDEBUG rally_openstack.wrappers.network [-] CIDR generated: 10.2.25.0/24
2019-11-20 05:14:42.691 13785 INFO rally.task.context [-] Task 038a406c-f7e9-46c3-8faa-692345260bf4 | Context network@openstack setup() finished in 2.62 sec
2019-11-20 05:14:42.692 13785 INFO rally.task.context [-] Task 038a406c-f7e9-46c3-8faa-692345260bf4 | Context cleanup@openstack setup() finished in 0.02 msec
2019-11-20 05:14:42.701 13785 RALLYDEBUG rally.task.runner [-] Starting the constant runner (task UUID: 038a406c-f7e9-46c3-8faa-692345260bf4). times: 10 concurrency: 4 timeout: 0 max_cpu_used: 16 processes_to_start: 4 concurrency_per_worker: 1 concurrency_overhead: 0
2019-11-20 05:14:42.713 15529 RALLYDEBUG rally.task.runner [-] Starting a worker. times: 10 duration: None concurrency: 1 timeout: 0 cls: method_name: run args: {"network_create_args": {}, "port_create_args": {}, "ports_per_network": 1}
2019-11-20 05:14:42.717 15530 RALLYDEBUG rally.task.runner [-] Starting a worker. times: 10 duration: None concurrency: 1 timeout: 0 cls: method_name: run args: {"network_create_args": {}, "port_create_args": {}, "ports_per_network": 1}
2019-11-20 05:14:42.721 15529 INFO rally.task.runner [-] Task 038a406c-f7e9-46c3-8faa-692345260bf4 | ITER: 1 START
2019-11-20 05:14:42.720 15531 RALLYDEBUG rally.task.runner [-] Starting a worker. times: 10 duration: None concurrency: 1 timeout: 0 cls: method_name: run args: {"network_create_args": {}, "port_create_args": {}, "ports_per_network": 1}
2019-11-20 05:14:42.724 15530 INFO rally.task.runner [-] Task 038a406c-f7e9-46c3-8faa-692345260bf4 | ITER: 2 START
2019-11-20 05:14:42.724 15532 RALLYDEBUG rally.task.runner [-] Starting a worker. times: 10 duration: None concurrency: 1 timeout: 0 cls: method_name: run args: {"network_create_args": {}, "port_create_args": {}, "ports_per_network": 1}
2019-11-20 05:14:42.727 15531 INFO rally.task.runner [-] Task 038a406c-f7e9-46c3-8faa-692345260bf4 | ITER: 3 START
2019-11-20 05:14:42.731 15532 INFO rally.task.runner [-] Task 038a406c-f7e9-46c3-8faa-692345260bf4 | ITER: 4 START
2019-11-20 05:14:44.095 15531 INFO rally.task.runner [-] Task 038a406c-f7e9-46c3-8faa-692345260bf4 | ITER: 3 END: OK
2019-11-20 05:14:44.100 15531 INFO rally.task.runner [-] Task 038a406c-f7e9-46c3-8faa-692345260bf4 | ITER: 5 START
2019-11-20 05:14:44.121 15532 INFO rally.task.runner [-] Task 038a406c-f7e9-46c3-8faa-692345260bf4 | ITER: 4 END: OK
2019-11-20 05:14:44.126 15532 INFO rally.task.runner [-] Task 038a406c-f7e9-46c3-8faa-692345260bf4 | ITER: 6 START
2019-11-20 05:14:44.158 15530 INFO rally.task.runner [-] Task 038a406c-f7e9-46c3-8faa-692345260bf4 | ITER: 2 END: OK
2019-11-20 05:14:44.162 15530 INFO rally.task.runner [-] Task 038a406c-f7e9-46c3-8faa-692345260bf4 | ITER: 7 START
2019-11-20 05:14:44.374 15529 INFO rally.task.runner [-] Task 038a406c-f7e9-46c3-8faa-692345260bf4 | ITER: 1 END: OK
2019-11-20 05:14:44.379 15529 INFO rally.task.runner [-] Task 038a406c-f7e9-46c3-8faa-692345260bf4 | ITER: 8 START
2019-11-20 05:14:45.649 15531 INFO rally.task.runner [-] Task 038a406c-f7e9-46c3-8faa-692345260bf4 | ITER: 5 END: OK
2019-11-20 05:14:45.653 15531 INFO rally.task.runner [-] Task 038a406c-f7e9-46c3-8faa-692345260bf4 | ITER: 9 START
2019-11-20 05:14:45.800 15532 INFO rally.task.runner [-] Task 038a406c-f7e9-46c3-8faa-692345260bf4 | ITER: 6 END: OK
2019-11-20 05:14:45.803 15532 INFO rally.task.runner [-] Task 038a406c-f7e9-46c3-8faa-692345260bf4 | ITER: 10 START
2019-11-20 05:14:45.829 15530 INFO rally.task.runner [-] Task 038a406c-f7e9-46c3-8faa-692345260bf4 | ITER: 7 END: OK
2019-11-20 05:14:46.202 15529 INFO rally.task.runner [-] Task 038a406c-f7e9-46c3-8faa-692345260bf4 | ITER: 8 END: OK
2019-11-20 05:14:47.017 15531 INFO rally.task.runner [-] Task 038a406c-f7e9-46c3-8faa-692345260bf4 | ITER: 9 END: OK
2019-11-20 05:14:47.189 15532 INFO rally.task.runner [-] Task 038a406c-f7e9-46c3-8faa-692345260bf4 | ITER: 10 END: OK
2019-11-20 05:14:47.215 13785 INFO rally.task.context [-] Task 038a406c-f7e9-46c3-8faa-692345260bf4 | Context cleanup@openstack cleanup() started
2019-11-20 05:14:47.218 13785 RALLYDEBUG rally_openstack.cleanup.manager [-] Cleaning up neutron vip objects
2019-11-20 05:14:48.309 13785 RALLYDEBUG rally_openstack.cleanup.manager [-] Cleaning up neutron health_monitor objects
2019-11-20 05:14:49.417 13785 RALLYDEBUG rally_openstack.cleanup.manager [-] Cleaning up neutron pool objects
2019-11-20 05:14:50.514 13785 RALLYDEBUG rally_openstack.cleanup.manager [-] Cleaning up neutron loadbalancer objects
2019-11-20 05:14:51.647 13785 RALLYDEBUG rally_openstack.cleanup.manager [-] Cleaning up neutron floatingip objects
2019-11-20 05:14:52.887 13785 RALLYDEBUG rally_openstack.cleanup.manager [-] Cleaning up neutron trunk objects
2019-11-20 05:14:54.036 13785 RALLYDEBUG rally_openstack.cleanup.manager [-] Cleaning up neutron port objects
2019-11-20 05:14:55.372 13785 RALLYDEBUG rally_openstack.cleanup.manager [-] Cleaning up neutron subnet objects
2019-11-20 05:14:56.903 13785 RALLYDEBUG rally_openstack.cleanup.manager [-] Cleaning up neutron network objects
2019-11-20 05:14:58.311 13785 RALLYDEBUG rally_openstack.cleanup.manager [-] Cleaning up neutron router objects
2019-11-20 05:14:59.559 13785 RALLYDEBUG rally_openstack.cleanup.manager [-] Cleaning up neutron security_group objects
2019-11-20 05:15:00.804 13785 INFO rally.task.context [-] Task 038a406c-f7e9-46c3-8faa-692345260bf4 | Context cleanup@openstack cleanup() finished in 13.59 sec
2019-11-20 05:15:00.805 13785 INFO rally.task.context [-] Task 038a406c-f7e9-46c3-8faa-692345260bf4 | Context network@openstack cleanup() started
2019-11-20 05:15:11.375 13785 INFO rally.task.context [-] Task 038a406c-f7e9-46c3-8faa-692345260bf4 | Context network@openstack cleanup() finished in 10.57 sec
2019-11-20 05:15:11.376 13785 INFO rally.task.context [-] Task 038a406c-f7e9-46c3-8faa-692345260bf4 | Context quotas@openstack cleanup() started
2019-11-20 05:15:11.564 13785 INFO rally.task.context [-] Task 038a406c-f7e9-46c3-8faa-692345260bf4 | Context quotas@openstack cleanup() finished in 0.19 sec
2019-11-20 05:15:11.565 13785 INFO rally.task.context [-] Task 038a406c-f7e9-46c3-8faa-692345260bf4 | Context users@openstack cleanup() started
2019-11-20 05:15:15.519 13785 INFO rally.task.context [-] Task 038a406c-f7e9-46c3-8faa-692345260bf4 | Context users@openstack cleanup() finished in 3.95 sec
2019-11-20 05:15:16.798 13785 INFO rally.task.engine [-] Load duration is: 4.467155
2019-11-20 05:15:16.798 13785 INFO rally.task.engine [-] Full runner duration is: 4.514015
2019-11-20 05:15:16.799 13785 INFO rally.task.engine [-] Full duration is: 38.930252
2019-11-20 05:15:17.152 13785 INFO rally.task.engine [-] Running workload: position = 0 config = { "version": 2, "title": "A cropped version of a bigger task.", "description": "Auto-generated task from a single workload (uuid=8c582200-53a3-4f80-84a2-afa7f7a866f3)", "subtasks": [ { "title": "NeutronNetworks.create_and_delete_routers", "description": "Create and delete a given number of routers.", "scenario": { "NeutronNetworks.create_and_delete_routers": { "network_create_args": {}, "router_create_args": {}, "subnet_cidr_start": "1.1.0.0/30", "subnet_create_args": {}, "subnets_per_network": 1 } }, "contexts": { "users": { "tenants": 3, "users_per_tenant": 2 }, "quotas": { "neutron": { "network": -1, "subnet": -1, "port": -1, "router": -1 } } }, "runner": { "constant": { "concurrency": 4, "times": 10 } }, "hooks": [], "sla": { "failure_rate": { "max": 0 } } } ] }
2019-11-20 05:15:17.180 13785 RALLYDEBUG rally_openstack.contexts.keystone.users [-] Creating 3 tenants using 20 threads
2019-11-20 05:15:18.303 13785 RALLYDEBUG rally_openstack.contexts.keystone.users [-] Creating 6 users using 20 threads
2019-11-20 05:15:19.874 13785 INFO rally.task.context [-] Task 038a406c-f7e9-46c3-8faa-692345260bf4 | Context users@openstack setup() finished in 2.69 sec
2019-11-20 05:15:20.798 13785 INFO rally.task.context [-] Task 038a406c-f7e9-46c3-8faa-692345260bf4 | Context quotas@openstack setup() finished in 0.92 sec
2019-11-20 05:15:20.798 13785 INFO rally.task.context [-] Task 038a406c-f7e9-46c3-8faa-692345260bf4 | Context cleanup@openstack setup() finished in 0.02 msec
2019-11-20 05:15:20.807 13785 RALLYDEBUG rally.task.runner [-] Starting the constant runner (task UUID: 038a406c-f7e9-46c3-8faa-692345260bf4). times: 10 concurrency: 4 timeout: 0 max_cpu_used: 16 processes_to_start: 4 concurrency_per_worker: 1 concurrency_overhead: 0
2019-11-20 05:15:20.818 15853 RALLYDEBUG rally.task.runner [-] Starting a worker. times: 10 duration: None concurrency: 1 timeout: 0 cls: method_name: run args: {"network_create_args": {}, "router_create_args": {}, "subnet_cidr_start": "1.1.0.0/30", "subnet_create_args": {}, "subnets_per_network": 1}
2019-11-20 05:15:20.822 15854 RALLYDEBUG rally.task.runner [-] Starting a worker. times: 10 duration: None concurrency: 1 timeout: 0 cls: method_name: run args: {"network_create_args": {}, "router_create_args": {}, "subnet_cidr_start": "1.1.0.0/30", "subnet_create_args": {}, "subnets_per_network": 1}
2019-11-20 05:15:20.826 15853 INFO rally.task.runner [-] Task 038a406c-f7e9-46c3-8faa-692345260bf4 | ITER: 1 START
2019-11-20 05:15:20.825 15855 RALLYDEBUG rally.task.runner [-] Starting a worker. times: 10 duration: None concurrency: 1 timeout: 0 cls: method_name: run args: {"network_create_args": {}, "router_create_args": {}, "subnet_cidr_start": "1.1.0.0/30", "subnet_create_args": {}, "subnets_per_network": 1}
2019-11-20 05:15:20.828 15854 INFO rally.task.runner [-] Task 038a406c-f7e9-46c3-8faa-692345260bf4 | ITER: 2 START
2019-11-20 05:15:20.828 15856 RALLYDEBUG rally.task.runner [-] Starting a worker. times: 10 duration: None concurrency: 1 timeout: 0 cls: method_name: run args: {"network_create_args": {}, "router_create_args": {}, "subnet_cidr_start": "1.1.0.0/30", "subnet_create_args": {}, "subnets_per_network": 1}
2019-11-20 05:15:20.832 15855 INFO rally.task.runner [-] Task 038a406c-f7e9-46c3-8faa-692345260bf4 | ITER: 3 START
2019-11-20 05:15:20.834 15856 INFO rally.task.runner [-] Task 038a406c-f7e9-46c3-8faa-692345260bf4 | ITER: 4 START
2019-11-20 05:15:21.473 15854 RALLYDEBUG rally_openstack.wrappers.network [-] CIDR generated: 1.1.0.104/30
2019-11-20 05:15:21.566 15855 RALLYDEBUG rally_openstack.wrappers.network [-] CIDR generated: 1.1.0.108/30
2019-11-20 05:15:21.613 15856 RALLYDEBUG rally_openstack.wrappers.network [-] CIDR generated: 1.1.0.112/30
2019-11-20 05:15:22.038 15853 RALLYDEBUG rally_openstack.wrappers.network [-] CIDR generated: 1.1.0.116/30
2019-11-20 05:15:26.773 15855 INFO rally.task.runner [-] Task 038a406c-f7e9-46c3-8faa-692345260bf4 | ITER: 3 END: OK
2019-11-20 05:15:26.778 15855 INFO rally.task.runner [-] Task 038a406c-f7e9-46c3-8faa-692345260bf4 | ITER: 5 START
2019-11-20 05:15:26.998 15856 INFO rally.task.runner [-] Task 038a406c-f7e9-46c3-8faa-692345260bf4 | ITER: 4 END: OK
2019-11-20 05:15:27.002 15856 INFO rally.task.runner [-] Task 038a406c-f7e9-46c3-8faa-692345260bf4 | ITER: 6 START
2019-11-20 05:15:27.230 15854 INFO rally.task.runner [-] Task 038a406c-f7e9-46c3-8faa-692345260bf4 | ITER: 2 END: OK
2019-11-20 05:15:27.235 15854 INFO rally.task.runner [-] Task 038a406c-f7e9-46c3-8faa-692345260bf4 | ITER: 7 START
2019-11-20 05:15:27.273 15855 RALLYDEBUG rally_openstack.wrappers.network [-] CIDR generated: 1.1.0.120/30
2019-11-20 05:15:27.521 15856 RALLYDEBUG rally_openstack.wrappers.network [-] CIDR generated: 1.1.0.124/30
2019-11-20 05:15:27.528 15853 INFO rally.task.runner [-] Task 038a406c-f7e9-46c3-8faa-692345260bf4 | ITER: 1 END: OK
2019-11-20 05:15:27.533 15853 INFO rally.task.runner [-] Task 038a406c-f7e9-46c3-8faa-692345260bf4 | ITER: 8 START
2019-11-20 05:15:27.701 15854 RALLYDEBUG rally_openstack.wrappers.network [-] CIDR generated: 1.1.0.128/30
2019-11-20 05:15:28.037 15853 RALLYDEBUG rally_openstack.wrappers.network [-] CIDR generated: 1.1.0.132/30
2019-11-20 05:15:32.848 15854 INFO rally.task.runner [-] Task 038a406c-f7e9-46c3-8faa-692345260bf4 | ITER: 7 END: OK
2019-11-20 05:15:32.852 15854 INFO rally.task.runner [-] Task 038a406c-f7e9-46c3-8faa-692345260bf4 | ITER: 9 START
2019-11-20 05:15:33.037 15855 INFO rally.task.runner [-] Task 038a406c-f7e9-46c3-8faa-692345260bf4 | ITER: 5 END: OK
2019-11-20 05:15:33.041 15855 INFO rally.task.runner [-] Task 038a406c-f7e9-46c3-8faa-692345260bf4 | ITER: 10 START
2019-11-20 05:15:33.047 15856 INFO rally.task.runner [-] Task 038a406c-f7e9-46c3-8faa-692345260bf4 | ITER: 6 END: OK
