2019-11-20 05:39:30.557 20411 INFO rally.task.context [-] Task 66dd91e3-ee29-4381-8d8c-f34572533156 | Context network@openstack cleanup() finished in 20.95 sec
2019-11-20 05:39:30.557 20411 INFO rally.task.context [-] Task 66dd91e3-ee29-4381-8d8c-f34572533156 | Context quotas@openstack cleanup() started
2019-11-20 05:39:30.823 20411 INFO rally.task.context [-] Task 66dd91e3-ee29-4381-8d8c-f34572533156 | Context quotas@openstack cleanup() finished in 0.27 sec
2019-11-20 05:39:30.823 20411 INFO rally.task.context [-] Task 66dd91e3-ee29-4381-8d8c-f34572533156 | Context users@openstack cleanup() started
2019-11-20 05:39:34.871 20411 INFO rally.task.context [-] Task 66dd91e3-ee29-4381-8d8c-f34572533156 | Context users@openstack cleanup() finished in 4.05 sec
2019-11-20 05:39:35.127 20411 INFO rally.task.engine [-] Load duration is: 32.319937
2019-11-20 05:39:35.128 20411 INFO rally.task.engine [-] Full runner duration is: 33.378928
2019-11-20 05:39:35.128 20411 INFO rally.task.engine [-] Full duration is: 80.12759
2019-11-20 05:39:35.438 20411 INFO rally.task.engine [-] Running workload: position = 0 config = { "version": 2, "title": "A cropped version of a bigger task.", "description": "Auto-generated task from a single workload (uuid=b367af8b-4632-4910-8440-4de2a1652f84)", "subtasks": [ { "title": "NovaServers.boot_and_list_server", "description": "Boot a server from an image and then list all servers.", "scenario": { "NovaServers.boot_and_list_server": { "detailed": true, "flavor": { "name": "rally_full-flavor_7c3785c0-1203-4471-b106-35e78a08fc6a" }, "image": { "name": "rally_full-img_7c3785c0-1203-4471-b106-35e78a08fc6a" }, "nics": [ { "net-id": "0fe1c3e1-d88f-4d85-b194-264580ed00cf" } ] } }, "contexts": { "users": { "tenants": 3, "users_per_tenant": 2 }, "network": { "networks_per_tenant": 1, "start_cidr": "100.1.0.0/25" }, "quotas": { "neutron": { "network": -1, "port": -1, "subnet": -1 }, "nova": { "cores": -1, "floating_ips": -1, "instances": -1, "ram": -1, "security_group_rules": -1, "security_groups": -1 } } }, "runner": { "constant": { "concurrency": 4, "times": 10 } }, "hooks": [], "sla": { "failure_rate": { "max": 0 } } } ] }
2019-11-20 05:39:35.464 20411 RALLYDEBUG rally_openstack.contexts.keystone.users [-] Creating 3 tenants using 20 threads
2019-11-20 05:39:36.369 20411 RALLYDEBUG rally_openstack.contexts.keystone.users [-] Creating 6 users using 20 threads
2019-11-20 05:39:37.929 20411 INFO rally.task.context [-] Task 66dd91e3-ee29-4381-8d8c-f34572533156 | Context users@openstack setup() finished in 2.47 sec
2019-11-20 05:39:39.561 20411 INFO rally.task.context [-] Task 66dd91e3-ee29-4381-8d8c-f34572533156 | Context quotas@openstack setup() finished in 1.63 sec
2019-11-20 05:39:41.643 20411 RALLYDEBUG rally_openstack.wrappers.network [-] CIDR generated: 100.1.3.0/25
2019-11-20 05:39:45.490 20411 RALLYDEBUG rally_openstack.wrappers.network [-] CIDR generated: 100.1.3.128/25
2019-11-20 05:39:49.193 20411 RALLYDEBUG rally_openstack.wrappers.network [-] CIDR generated: 100.1.4.0/25
2019-11-20 05:39:51.314 20411 INFO rally.task.context [-] Task 66dd91e3-ee29-4381-8d8c-f34572533156 | Context network@openstack setup() finished in 11.75 sec
2019-11-20 05:39:51.315 20411 INFO rally.task.context [-] Task 66dd91e3-ee29-4381-8d8c-f34572533156 | Context cleanup@openstack setup() finished in 0.02 msec
2019-11-20 05:39:52.159 20411 RALLYDEBUG rally.task.runner [-] Starting the constant runner (task UUID: 66dd91e3-ee29-4381-8d8c-f34572533156). times: 10 concurrency: 4 timeout: 0 max_cpu_used: 16 processes_to_start: 4 concurrency_per_worker: 1 concurrency_overhead: 0
2019-11-20 05:39:52.171 21191 RALLYDEBUG rally.task.runner [-] Starting a worker. times: 10 duration: None concurrency: 1 timeout: 0 cls: method_name: run args: {"detailed": true, "flavor": "a07fb885-fbe6-45e6-b952-7a60dc9e803d", "image": "02d7d2af-9e24-4e53-9730-a3e0913f2d95", "nics": [{"net-id": "0fe1c3e1-d88f-4d85-b194-264580ed00cf"}]}
2019-11-20 05:39:52.175 21192 RALLYDEBUG rally.task.runner [-] Starting a worker. times: 10 duration: None concurrency: 1 timeout: 0 cls: method_name: run args: {"detailed": true, "flavor": "a07fb885-fbe6-45e6-b952-7a60dc9e803d", "image": "02d7d2af-9e24-4e53-9730-a3e0913f2d95", "nics": [{"net-id": "0fe1c3e1-d88f-4d85-b194-264580ed00cf"}]}
2019-11-20 05:39:52.179 21191 INFO rally.task.runner [-] Task 66dd91e3-ee29-4381-8d8c-f34572533156 | ITER: 1 START
2019-11-20 05:39:52.178 21193 RALLYDEBUG rally.task.runner [-] Starting a worker. times: 10 duration: None concurrency: 1 timeout: 0 cls: method_name: run args: {"detailed": true, "flavor": "a07fb885-fbe6-45e6-b952-7a60dc9e803d", "image": "02d7d2af-9e24-4e53-9730-a3e0913f2d95", "nics": [{"net-id": "0fe1c3e1-d88f-4d85-b194-264580ed00cf"}]}
2019-11-20 05:39:52.182 21192 INFO rally.task.runner [-] Task 66dd91e3-ee29-4381-8d8c-f34572533156 | ITER: 2 START
2019-11-20 05:39:52.182 21195 RALLYDEBUG rally.task.runner [-] Starting a worker. times: 10 duration: None concurrency: 1 timeout: 0 cls: method_name: run args: {"detailed": true, "flavor": "a07fb885-fbe6-45e6-b952-7a60dc9e803d", "image": "02d7d2af-9e24-4e53-9730-a3e0913f2d95", "nics": [{"net-id": "0fe1c3e1-d88f-4d85-b194-264580ed00cf"}]}
2019-11-20 05:39:52.186 21193 INFO rally.task.runner [-] Task 66dd91e3-ee29-4381-8d8c-f34572533156 | ITER: 3 START
2019-11-20 05:39:52.188 21195 INFO rally.task.runner [-] Task 66dd91e3-ee29-4381-8d8c-f34572533156 | ITER: 4 START
2019-11-20 05:39:59.031 21191 RALLYDEBUG rally.task.utils [-] Waiting for resource s_rally_b367af8b_E0FuRla6. Status changed: BUILD => ACTIVE in 4.62239146232605
2019-11-20 05:39:59.287 21193 RALLYDEBUG rally.task.utils [-] Waiting for resource s_rally_b367af8b_ZCQzXKoz. Status changed: BUILD => ACTIVE in 4.608811616897583
2019-11-20 05:39:59.298 21191 INFO rally.task.runner [-] Task 66dd91e3-ee29-4381-8d8c-f34572533156 | ITER: 1 END: OK
2019-11-20 05:39:59.303 21191 INFO rally.task.runner [-] Task 66dd91e3-ee29-4381-8d8c-f34572533156 | ITER: 5 START
2019-11-20 05:39:59.704 21193 INFO rally.task.runner [-] Task 66dd91e3-ee29-4381-8d8c-f34572533156 | ITER: 3 END: OK
2019-11-20 05:39:59.709 21193 INFO rally.task.runner [-] Task 66dd91e3-ee29-4381-8d8c-f34572533156 | ITER: 6 START
2019-11-20 05:40:01.423 21195 RALLYDEBUG rally.task.utils [-] Waiting for resource s_rally_b367af8b_oVvf2ptx. Status changed: BUILD => ACTIVE in 6.820921421051025
2019-11-20 05:40:01.713 21195 INFO rally.task.runner [-] Task 66dd91e3-ee29-4381-8d8c-f34572533156 | ITER: 4 END: OK
2019-11-20 05:40:01.718 21195 INFO rally.task.runner [-] Task 66dd91e3-ee29-4381-8d8c-f34572533156 | ITER: 7 START
2019-11-20 05:40:01.941 21192 RALLYDEBUG rally.task.utils [-] Waiting for resource s_rally_b367af8b_yEXiakGG. Status changed: BUILD => ACTIVE in 7.371083974838257
2019-11-20 05:40:02.219 21192 INFO rally.task.runner [-] Task 66dd91e3-ee29-4381-8d8c-f34572533156 | ITER: 2 END: OK
2019-11-20 05:40:02.224 21192 INFO rally.task.runner [-] Task 66dd91e3-ee29-4381-8d8c-f34572533156 | ITER: 8 START
2019-11-20 05:40:06.832 21193 RALLYDEBUG rally.task.utils [-] Waiting for resource s_rally_b367af8b_ZC0DCluT. Status changed: BUILD => ACTIVE in 4.682930946350098
2019-11-20 05:40:07.043 21193 INFO rally.task.runner [-] Task 66dd91e3-ee29-4381-8d8c-f34572533156 | ITER: 6 END: OK
2019-11-20 05:40:07.047 21193 INFO rally.task.runner [-] Task 66dd91e3-ee29-4381-8d8c-f34572533156 | ITER: 9 START
2019-11-20 05:40:08.832 21192 RALLYDEBUG rally.task.utils [-] Waiting for resource s_rally_b367af8b_556MbVr5. Status changed: BUILD => ACTIVE in 4.5587317943573
2019-11-20 05:40:09.053 21192 INFO rally.task.runner [-] Task 66dd91e3-ee29-4381-8d8c-f34572533156 | ITER: 8 END: OK
2019-11-20 05:40:09.056 21192 INFO rally.task.runner [-] Task 66dd91e3-ee29-4381-8d8c-f34572533156 | ITER: 10 START
2019-11-20 05:40:10.273 21191 RALLYDEBUG rally.task.utils [-] Waiting for resource s_rally_b367af8b_qG5EBLfy. Status changed: BUILD => ACTIVE in 8.936289548873901
2019-11-20 05:40:10.539 21191 INFO rally.task.runner [-] Task 66dd91e3-ee29-4381-8d8c-f34572533156 | ITER: 5 END: OK
2019-11-20 05:40:11.207 21195 RALLYDEBUG rally.task.utils [-] Waiting for resource s_rally_b367af8b_uoTU40rb. Status changed: BUILD => ACTIVE in 6.799529314041138
2019-11-20 05:40:11.522 21195 INFO rally.task.runner [-] Task 66dd91e3-ee29-4381-8d8c-f34572533156 | ITER: 7 END: OK
2019-11-20 05:40:15.712 21193 RALLYDEBUG rally.task.utils [-] Waiting for resource s_rally_b367af8b_3Q9KIcyQ. Status changed: BUILD => ACTIVE in 6.640125036239624
2019-11-20 05:40:15.988 21193 INFO rally.task.runner [-] Task 66dd91e3-ee29-4381-8d8c-f34572533156 | ITER: 9 END: OK
2019-11-20 05:40:18.029 21192 RALLYDEBUG rally.task.utils [-] Waiting for resource s_rally_b367af8b_VqqKJcP7. Status changed: BUILD => ACTIVE in 6.8445518016815186
2019-11-20 05:40:18.325 21192 INFO rally.task.runner [-] Task 66dd91e3-ee29-4381-8d8c-f34572533156 | ITER: 10 END: OK
2019-11-20 05:40:18.358 20411 INFO rally.task.context [-] Task 66dd91e3-ee29-4381-8d8c-f34572533156 | Context cleanup@openstack cleanup() started
2019-11-20 05:40:18.362 20411 RALLYDEBUG rally_openstack.cleanup.manager [-] Cleaning up nova servers objects
2019-11-20 05:40:20.737 20411 RALLYDEBUG rally_openstack.cleanup.manager [-] Deleting nova.servers object s_rally_b367af8b_3Q9KIcyQ (2869f339-5a25-498c-bcf6-e955c01852a2)
2019-11-20 05:40:20.741 20411 RALLYDEBUG rally_openstack.cleanup.manager [-] Deleting nova.servers object s_rally_b367af8b_556MbVr5 (9bb91aed-92b4-46ca-b8b2-1b819a36c13b)
2019-11-20 05:40:20.751 20411 RALLYDEBUG rally_openstack.cleanup.manager [-] Deleting nova.servers object s_rally_b367af8b_ZC0DCluT (fce6d17b-d29c-4925-b881-134b3c817bbd)
2019-11-20 05:40:20.762 20411 RALLYDEBUG rally_openstack.cleanup.manager [-] Deleting nova.servers object s_rally_b367af8b_oVvf2ptx (b36e7a26-a36d-4cd4-9c6f-b470c4b158bd)
2019-11-20 05:40:20.775 20411 RALLYDEBUG rally_openstack.cleanup.manager [-] Deleting nova.servers object s_rally_b367af8b_ZCQzXKoz (2d59ff46-3464-497e-b6df-a81b702b736c)
2019-11-20 05:40:20.788 20411 RALLYDEBUG rally_openstack.cleanup.manager [-] Deleting nova.servers object s_rally_b367af8b_VqqKJcP7 (1877d672-b984-48e4-81bb-ea98ce14f8cf)
2019-11-20 05:40:20.806 20411 RALLYDEBUG rally_openstack.cleanup.manager [-] Deleting nova.servers object s_rally_b367af8b_uoTU40rb (5b5440cb-8282-4e84-a62a-aa2d90ee7ff1)
2019-11-20 05:40:20.823 20411 RALLYDEBUG rally_openstack.cleanup.manager [-] Deleting nova.servers object s_rally_b367af8b_qG5EBLfy (64725383-1884-4464-9e96-cd98ac251a7a)
2019-11-20 05:40:20.833 20411 RALLYDEBUG rally_openstack.cleanup.manager [-] Deleting nova.servers object s_rally_b367af8b_E0FuRla6 (45e78e97-60a8-4a66-af4a-b99af7193ded)
2019-11-20 05:40:20.837 20411 RALLYDEBUG rally_openstack.cleanup.manager [-] Deleting nova.servers object s_rally_b367af8b_yEXiakGG (7fabb404-280d-4188-9c12-e2df2c39b85f)
2019-11-20 05:40:26.501 20411 RALLYDEBUG rally_openstack.cleanup.manager [-] Cleaning up nova server_groups objects
2019-11-20 05:40:27.627 20411 RALLYDEBUG rally_openstack.cleanup.manager [-] Cleaning up nova keypairs objects
2019-11-20 05:40:30.119 20411 INFO rally.task.context [-] Task 66dd91e3-ee29-4381-8d8c-f34572533156 | Context cleanup@openstack cleanup() finished in 11.76 sec
2019-11-20 05:40:30.120 20411 INFO rally.task.context [-] Task 66dd91e3-ee29-4381-8d8c-f34572533156 | Context network@openstack cleanup() started
2019-11-20 05:40:51.975 20411 INFO rally.task.context [-] Task 66dd91e3-ee29-4381-8d8c-f34572533156 | Context network@openstack cleanup() finished in 21.86 sec
2019-11-20 05:40:51.976 20411 INFO rally.task.context [-] Task 66dd91e3-ee29-4381-8d8c-f34572533156 | Context quotas@openstack cleanup() started
2019-11-20 05:40:52.217 20411 INFO rally.task.context [-] Task 66dd91e3-ee29-4381-8d8c-f34572533156 | Context quotas@openstack cleanup() finished in 0.24 sec
2019-11-20 05:40:52.217 20411 INFO rally.task.context [-] Task 66dd91e3-ee29-4381-8d8c-f34572533156 | Context users@openstack cleanup() started
2019-11-20 05:40:56.109 20411 INFO rally.task.context [-] Task 66dd91e3-ee29-4381-8d8c-f34572533156 | Context users@openstack cleanup() finished in 3.89 sec
2019-11-20 05:40:57.840 20411 INFO rally.task.engine [-] Load duration is: 25.145451
2019-11-20 05:40:57.840 20411 INFO rally.task.engine [-] Full runner duration is: 26.200032
2019-11-20 05:40:57.841 20411 INFO rally.task.engine [-] Full duration is: 80.647889
2019-11-20 05:40:58.163 20411 INFO rally.task.engine [-] Running workload: position = 0 config = { "version": 2, "title": "A cropped version of a bigger task.", "description": "Auto-generated task from a single workload (uuid=3d5bc408-1179-4775-972b-94de4b5cd0ce)", "subtasks": [ { "title": "NovaServers.boot_and_rebuild_server", "description": "Rebuild a server.", "scenario": { "NovaServers.boot_and_rebuild_server": { "flavor": { "name": "rally_full-flavor_7c3785c0-1203-4471-b106-35e78a08fc6a" }, "from_image": { "name": "rally_full-img_7c3785c0-1203-4471-b106-35e78a08fc6a" }, "to_image": { "name": "rally_full-img_7c3785c0-1203-4471-b106-35e78a08fc6a" }, "nics": [ { "net-id": "0fe1c3e1-d88f-4d85-b194-264580ed00cf" } ] } }, "contexts": { "users": { "tenants": 3, "users_per_tenant": 2 }, "network": { "networks_per_tenant": 1, "start_cidr": "100.1.0.0/25" }, "quotas": { "neutron": { "network": -1, "port": -1, "subnet": -1 }, "nova": { "cores": -1, "floating_ips": -1, "instances": -1, "ram": -1, "security_group_rules": -1, "security_groups": -1 } } }, "runner": { "constant": { "concurrency": 4, "times": 10 } }, "hooks": [], "sla": { "failure_rate": { "max": 0 } } } ] }
2019-11-20 05:40:58.190 20411 RALLYDEBUG rally_openstack.contexts.keystone.users [-] Creating 3 tenants using 20 threads
2019-11-20 05:40:59.097 20411 RALLYDEBUG rally_openstack.contexts.keystone.users [-] Creating 6 users using 20 threads
2019-11-20 05:41:00.612 20411 INFO rally.task.context [-] Task 66dd91e3-ee29-4381-8d8c-f34572533156 | Context users@openstack setup() finished in 2.42 sec
2019-11-20 05:41:02.089 20411 INFO rally.task.context [-] Task 66dd91e3-ee29-4381-8d8c-f34572533156 | Context quotas@openstack setup() finished in 1.48 sec
2019-11-20 05:41:03.982 20411 RALLYDEBUG rally_openstack.wrappers.network [-] CIDR generated: 100.1.4.128/25
2019-11-20 05:41:07.905 20411 RALLYDEBUG rally_openstack.wrappers.network [-] CIDR generated: 100.1.5.0/25
2019-11-20 05:41:11.567 20411 RALLYDEBUG rally_openstack.wrappers.network [-] CIDR generated: 100.1.5.128/25
2019-11-20 05:41:13.616 20411 INFO rally.task.context [-] Task 66dd91e3-ee29-4381-8d8c-f34572533156 | Context network@openstack setup() finished in 11.53 sec
2019-11-20 05:41:13.617 20411 INFO rally.task.context [-] Task 66dd91e3-ee29-4381-8d8c-f34572533156 | Context cleanup@openstack setup() finished in 0.02 msec
2019-11-20 05:41:14.723 20411 RALLYDEBUG rally.task.runner [-] Starting the constant runner (task UUID: 66dd91e3-ee29-4381-8d8c-f34572533156). times: 10 concurrency: 4 timeout: 0 max_cpu_used: 16 processes_to_start: 4 concurrency_per_worker: 1 concurrency_overhead: 0
2019-11-20 05:41:14.735 21355 RALLYDEBUG rally.task.runner [-] Starting a worker. times: 10 duration: None concurrency: 1 timeout: 0 cls: method_name: run args: {"flavor": "a07fb885-fbe6-45e6-b952-7a60dc9e803d", "from_image": "02d7d2af-9e24-4e53-9730-a3e0913f2d95", "to_image": "02d7d2af-9e24-4e53-9730-a3e0913f2d95", "nics": [{"net-id": "0fe1c3e1-d88f-4d85-b194-264580ed00cf"}]}
2019-11-20 05:41:14.739 21356 RALLYDEBUG rally.task.runner [-] Starting a worker. times: 10 duration: None concurrency: 1 timeout: 0 cls: method_name: run args: {"flavor": "a07fb885-fbe6-45e6-b952-7a60dc9e803d", "from_image": "02d7d2af-9e24-4e53-9730-a3e0913f2d95", "to_image": "02d7d2af-9e24-4e53-9730-a3e0913f2d95", "nics": [{"net-id": "0fe1c3e1-d88f-4d85-b194-264580ed00cf"}]}
2019-11-20 05:41:14.743 21355 INFO rally.task.runner [-] Task 66dd91e3-ee29-4381-8d8c-f34572533156 | ITER: 1 START
2019-11-20 05:41:14.742 21357 RALLYDEBUG rally.task.runner [-] Starting a worker. times: 10 duration: None concurrency: 1 timeout: 0 cls: method_name: run args: {"flavor": "a07fb885-fbe6-45e6-b952-7a60dc9e803d", "from_image": "02d7d2af-9e24-4e53-9730-a3e0913f2d95", "to_image": "02d7d2af-9e24-4e53-9730-a3e0913f2d95", "nics": [{"net-id": "0fe1c3e1-d88f-4d85-b194-264580ed00cf"}]}
2019-11-20 05:41:14.746 21356 INFO rally.task.runner [-] Task 66dd91e3-ee29-4381-8d8c-f34572533156 | ITER: 2 START
2019-11-20 05:41:14.746 21358 RALLYDEBUG rally.task.runner [-] Starting a worker. times: 10 duration: None concurrency: 1 timeout: 0 cls: method_name: run args: {"flavor": "a07fb885-fbe6-45e6-b952-7a60dc9e803d", "from_image": "02d7d2af-9e24-4e53-9730-a3e0913f2d95", "to_image": "02d7d2af-9e24-4e53-9730-a3e0913f2d95", "nics": [{"net-id": "0fe1c3e1-d88f-4d85-b194-264580ed00cf"}]}
2019-11-20 05:41:14.749 21357 INFO rally.task.runner [-] Task 66dd91e3-ee29-4381-8d8c-f34572533156 | ITER: 3 START
2019-11-20 05:41:14.753 21358 INFO rally.task.runner [-] Task 66dd91e3-ee29-4381-8d8c-f34572533156 | ITER: 4 START
2019-11-20 05:41:21.526 21355 RALLYDEBUG rally.task.utils [-] Waiting for resource s_rally_3d5bc408_SteAwyz2. Status changed: BUILD => ACTIVE in 4.657342195510864
2019-11-20 05:41:23.008 21355 RALLYDEBUG rally.task.utils [-] Waiting for resource s_rally_3d5bc408_SteAwyz2. Status changed: ACTIVE => REBUILD in 0.22101116180419922
2019-11-20 05:41:23.863 21357 RALLYDEBUG rally.task.utils [-] Waiting for resource s_rally_3d5bc408_2wM01MVN. Status changed: BUILD => ACTIVE in 6.946932554244995
2019-11-20 05:41:24.764 21356 RALLYDEBUG rally.task.utils [-] Waiting for resource s_rally_3d5bc408_Ke9N1IfH. Status changed: BUILD => ACTIVE in 7.313770294189453
2019-11-20 05:41:25.314 21357 RALLYDEBUG rally.task.utils [-] Waiting for resource s_rally_3d5bc408_2wM01MVN. Status changed: ACTIVE => REBUILD in 0.1702289581298828
2019-11-20 05:41:25.853 21358 RALLYDEBUG rally.task.utils [-] Waiting for resource s_rally_3d5bc408_pMIHFIqG. Status changed: BUILD => ACTIVE in 9.0536470413208
2019-11-20 05:41:26.258 21356 RALLYDEBUG rally.task.utils [-] Waiting for resource s_rally_3d5bc408_Ke9N1IfH. Status changed: ACTIVE => REBUILD in 0.2070600986480713
2019-11-20 05:41:27.335 21358 RALLYDEBUG rally.task.utils [-] Waiting for resource s_rally_3d5bc408_pMIHFIqG. Status changed: ACTIVE => REBUILD in 0.2197253704071045
2019-11-20 05:41:37.629 21355 RALLYDEBUG rally.task.utils [-] Waiting for resource s_rally_3d5bc408_SteAwyz2. Status changed: REBUILD => ACTIVE in 14.62107253074646
2019-11-20 05:41:39.675 21357 RALLYDEBUG rally.task.utils [-] Waiting for resource s_rally_3d5bc408_2wM01MVN. Status changed: REBUILD => ACTIVE in 14.36060380935669
2019-11-20 05:41:39.956 21355 INFO rally.task.runner [-] Task 66dd91e3-ee29-4381-8d8c-f34572533156 | ITER: 1 END: OK
2019-11-20 05:41:39.963 21355 INFO rally.task.runner [-] Task 66dd91e3-ee29-4381-8d8c-f34572533156 | ITER: 5 START
2019-11-20 05:41:42.058 21357 INFO rally.task.runner [-] Task 66dd91e3-ee29-4381-8d8c-f34572533156 | ITER: 3 END: OK
2019-11-20 05:41:42.065 21357 INFO rally.task.runner [-] Task 66dd91e3-ee29-4381-8d8c-f34572533156 | ITER: 6 START
2019-11-20 05:41:43.007 21356 RALLYDEBUG rally.task.utils [-] Waiting for resource s_rally_3d5bc408_Ke9N1IfH. Status changed: REBUILD => ACTIVE in 16.74875521659851
2019-11-20 05:41:45.012 21358 RALLYDEBUG rally.task.utils [-] Waiting for resource s_rally_3d5bc408_pMIHFIqG. Status changed: REBUILD => ACTIVE in 17.67625141143799
2019-11-20 05:41:45.348 21356 INFO rally.task.runner [-] Task 66dd91e3-ee29-4381-8d8c-f34572533156 | ITER: 2 END: OK
2019-11-20 05:41:45.354 21356 INFO rally.task.runner [-] Task 66dd91e3-ee29-4381-8d8c-f34572533156 | ITER: 7 START
2019-11-20 05:41:47.090 21355 RALLYDEBUG rally.task.utils [-] Waiting for resource s_rally_3d5bc408_UlOhznXZ. Status changed: BUILD => ACTIVE in 4.6041600704193115
2019-11-20 05:41:47.328 21358 INFO rally.task.runner [-] Task 66dd91e3-ee29-4381-8d8c-f34572533156 | ITER: 4 END: OK
2019-11-20 05:41:47.333 21358 INFO rally.task.runner [-] Task 66dd91e3-ee29-4381-8d8c-f34572533156 | ITER: 8 START
2019-11-20 05:41:48.564 21355 RALLYDEBUG rally.task.utils [-] Waiting for resource s_rally_3d5bc408_UlOhznXZ. Status changed: ACTIVE => REBUILD in 0.22870707511901855
2019-11-20 05:41:51.024 21357 RALLYDEBUG rally.task.utils [-] Waiting for resource s_rally_3d5bc408_PVORT90v. Status changed: BUILD => ACTIVE in 6.596898555755615
2019-11-20 05:41:52.485 21357 RALLYDEBUG rally.task.utils [-] Waiting for resource s_rally_3d5bc408_PVORT90v. Status changed: ACTIVE => REBUILD in 0.1939258575439453
2019-11-20 05:41:54.295 21356 RALLYDEBUG rally.task.utils [-] Waiting for resource s_rally_3d5bc408_lcII4GfC. Status changed: BUILD => ACTIVE in 6.7914533615112305
2019-11-20 05:41:54.374 21358 RALLYDEBUG rally.task.utils [-] Waiting for resource s_rally_3d5bc408_hkXXb3lI. Status changed: BUILD => ACTIVE in 4.628513813018799
2019-11-20 05:41:55.816 21356 RALLYDEBUG rally.task.utils [-] Waiting for resource s_rally_3d5bc408_lcII4GfC. Status changed: ACTIVE => REBUILD in 0.24769282341003418
2019-11-20 05:41:55.821 21358 RALLYDEBUG rally.task.utils [-] Waiting for resource s_rally_3d5bc408_hkXXb3lI. Status changed: ACTIVE => REBUILD in 0.1797022819519043
2019-11-20 05:42:08.940 21357 RALLYDEBUG rally.task.utils [-] Waiting for resource s_rally_3d5bc408_PVORT90v. Status changed: REBUILD => ACTIVE in 16.45415449142456
2019-11-20 05:42:11.264 21357 INFO rally.task.runner [-] Task 66dd91e3-ee29-4381-8d8c-f34572533156 | ITER: 6 END: OK
2019-11-20 05:42:11.269 21357 INFO rally.task.runner [-] Task 66dd91e3-ee29-4381-8d8c-f34572533156 | ITER: 9 START
2019-11-20 05:42:12.451 21358 RALLYDEBUG rally.task.utils [-] Waiting for resource s_rally_3d5bc408_hkXXb3lI. Status changed: REBUILD => ACTIVE in 16.630939722061157
2019-11-20 05:42:14.118 21356 RALLYDEBUG rally.task.utils [-] Waiting for resource s_rally_3d5bc408_lcII4GfC. Status changed: REBUILD => ACTIVE in 18.301724195480347
2019-11-20 05:42:14.901 21358 INFO rally.task.runner [-] Task 66dd91e3-ee29-4381-8d8c-f34572533156 | ITER: 8 END: OK
2019-11-20 05:42:14.906 21358 INFO rally.task.runner [-] Task 66dd91e3-ee29-4381-8d8c-f34572533156 | ITER: 10 START
2019-11-20 05:42:16.435 21356 INFO rally.task.runner [-] Task 66dd91e3-ee29-4381-8d8c-f34572533156 | ITER: 7 END: OK
2019-11-20 05:42:18.004 21357 RALLYDEBUG rally.task.utils [-] Waiting for resource s_rally_3d5bc408_DUDjYMVF. Status changed: BUILD => ACTIVE in 4.567028999328613
2019-11-20 05:42:19.487 21357 RALLYDEBUG rally.task.utils [-] Waiting for resource s_rally_3d5bc408_DUDjYMVF. Status changed: ACTIVE => REBUILD in 0.21303558349609375
2019-11-20 05:42:21.608 21358 RALLYDEBUG rally.task.utils [-] Waiting for resource s_rally_3d5bc408_9fmVMY4b. Status changed: BUILD => ACTIVE in 4.658426761627197
2019-11-20 05:42:23.089 21358 RALLYDEBUG rally.task.utils [-] Waiting for resource s_rally_3d5bc408_9fmVMY4b. Status changed: ACTIVE => REBUILD in 0.15812468528747559
2019-11-20 05:42:26.506 21355 RALLYDEBUG rally.task.utils [-] Waiting for resource s_rally_3d5bc408_UlOhznXZ. Status changed: REBUILD => ACTIVE in 37.941410779953
2019-11-20 05:42:28.810 21355 INFO rally.task.runner [-] Task 66dd91e3-ee29-4381-8d8c-f34572533156 | ITER: 5 END: OK
2019-11-20 05:42:33.765 21357 RALLYDEBUG rally.task.utils [-] Waiting for resource s_rally_3d5bc408_DUDjYMVF. Status changed: REBUILD => ACTIVE in 14.277507543563843
2019-11-20 05:42:36.102 21357 INFO rally.task.runner [-] Task 66dd91e3-ee29-4381-8d8c-f34572533156 | ITER: 9 END: OK
2019-11-20 05:42:49.449 21358 RALLYDEBUG rally.task.utils [-] Waiting for resource s_rally_3d5bc408_9fmVMY4b. Status changed: REBUILD => ACTIVE in 26.36028528213501
2019-11-20 05:42:51.868 21358 INFO rally.task.runner [-] Task 66dd91e3-ee29-4381-8d8c-f34572533156 | ITER: 10 END: OK
2019-11-20 05:42:51.896 20411 INFO rally.task.context [-] Task 66dd91e3-ee29-4381-8d8c-f34572533156 | Context cleanup@openstack cleanup() started
2019-11-20 05:42:51.900 20411 RALLYDEBUG rally_openstack.cleanup.manager [-] Cleaning up nova servers objects
2019-11-20 05:42:53.201 20411 RALLYDEBUG rally_openstack.cleanup.manager [-] Cleaning up nova server_groups objects
2019-11-20 05:42:54.346 20411 RALLYDEBUG rally_openstack.cleanup.manager [-] Cleaning up nova keypairs objects
2019-11-20 05:42:56.867 20411 INFO rally.task.context [-] Task 66dd91e3-ee29-4381-8d8c-f34572533156 | Context cleanup@openstack cleanup() finished in 4.97 sec
2019-11-20 05:42:56.867 20411 INFO rally.task.context [-] Task 66dd91e3-ee29-4381-8d8c-f34572533156 | Context network@openstack cleanup() started
2019-11-20 05:43:18.670 20411 INFO rally.task.context [-] Task 66dd91e3-ee29-4381-8d8c-f34572533156 | Context network@openstack cleanup() finished in 21.80 sec
2019-11-20 05:43:18.671 20411 INFO rally.task.context [-] Task 66dd91e3-ee29-4381-8d8c-f34572533156 | Context quotas@openstack cleanup() started
2019-11-20 05:43:18.948 20411 INFO rally.task.context [-] Task 66dd91e3-ee29-4381-8d8c-f34572533156 | Context quotas@openstack cleanup() finished in 0.28 sec
2019-11-20 05:43:18.949 20411 INFO rally.task.context [-] Task 66dd91e3-ee29-4381-8d8c-f34572533156 | Context users@openstack cleanup() started
2019-11-20 05:43:22.902 20411 INFO rally.task.context [-] Task 66dd91e3-ee29-4381-8d8c-f34572533156 | Context users@openstack cleanup() finished in 3.95 sec
2019-11-20 05:43:24.789 20411 INFO rally.task.engine [-] Load duration is: 95.123789
2019-11-20 05:43:24.789 20411 INFO rally.task.engine [-] Full runner duration is: 97.174307
2019-11-20 05:43:24.790 20411 INFO rally.task.engine [-] Full duration is: 144.714963
2019-11-20 05:43:25.093 20411 INFO rally.task.engine [-] Running workload: position = 0 config = { "version": 2, "title": "A cropped version of a bigger task.", "description": "Auto-generated task from a single workload (uuid=eda7f1ad-3a9d-46a2-bff3-96fbb7359e7e)", "subtasks": [ { "title": "NovaServers.snapshot_server", "description": "Boot a server, make its snapshot and delete both.", "scenario": { "NovaServers.snapshot_server": { "flavor": { "name": "rally_full-flavor_7c3785c0-1203-4471-b106-35e78a08fc6a" }, "image": { "name": "rally_full-img_7c3785c0-1203-4471-b106-35e78a08fc6a" }, "nics": [ { "net-id": "0fe1c3e1-d88f-4d85-b194-264580ed00cf" } ] } }, "contexts": { "users": { "tenants": 3, "users_per_tenant": 2 }, "network": { "networks_per_tenant": 1, "start_cidr": "100.1.0.0/25" }, "quotas": { "neutron": { "network": -1, "port": -1, "subnet": -1 }, "nova": { "cores": -1, "floating_ips": -1, "instances": -1, "ram": -1, "security_group_rules": -1, "security_groups": -1 } } }, "runner": { "constant": { "concurrency": 4, "times": 10 } }, "hooks": [], "sla": { "failure_rate": { "max": 0 } } } ] }
2019-11-20 05:43:25.119 20411 RALLYDEBUG rally_openstack.contexts.keystone.users [-] Creating 3 tenants using 20 threads
2019-11-20 05:43:26.148 20411 RALLYDEBUG rally_openstack.contexts.keystone.users [-] Creating 6 users using 20 threads
2019-11-20 05:43:27.669 20411 INFO rally.task.context [-] Task 66dd91e3-ee29-4381-8d8c-f34572533156 | Context users@openstack setup() finished in 2.55 sec
2019-11-20 05:43:29.359 20411 INFO rally.task.context [-] Task 66dd91e3-ee29-4381-8d8c-f34572533156 | Context quotas@openstack setup() finished in 1.69 sec
2019-11-20 05:43:31.422 20411 RALLYDEBUG rally_openstack.wrappers.network [-] CIDR generated: 100.1.6.0/25
2019-11-20 05:43:35.234 20411 RALLYDEBUG rally_openstack.wrappers.network [-] CIDR generated: 100.1.6.128/25
2019-11-20 05:43:39.179 20411 RALLYDEBUG rally_openstack.wrappers.network [-] CIDR generated: 100.1.7.0/25
2019-11-20 05:43:41.259 20411 INFO rally.task.context [-] Task 66dd91e3-ee29-4381-8d8c-f34572533156 | Context network@openstack setup() finished in 11.90 sec
2019-11-20 05:43:41.259 20411 INFO rally.task.context [-] Task 66dd91e3-ee29-4381-8d8c-f34572533156 | Context cleanup@openstack setup() finished in 0.01 msec
2019-11-20 05:43:42.074 20411 RALLYDEBUG rally.task.runner [-] Starting the constant runner (task UUID: 66dd91e3-ee29-4381-8d8c-f34572533156). times: 10 concurrency: 4 timeout: 0 max_cpu_used: 16 processes_to_start: 4 concurrency_per_worker: 1 concurrency_overhead: 0
2019-11-20 05:43:42.086 21519 RALLYDEBUG rally.task.runner [-] Starting a worker. times: 10 duration: None concurrency: 1 timeout: 0 cls: method_name: run args: {"flavor": "a07fb885-fbe6-45e6-b952-7a60dc9e803d", "image": "02d7d2af-9e24-4e53-9730-a3e0913f2d95", "nics": [{"net-id": "0fe1c3e1-d88f-4d85-b194-264580ed00cf"}]}
2019-11-20 05:43:42.089 21520 RALLYDEBUG rally.task.runner [-] Starting a worker. times: 10 duration: None concurrency: 1 timeout: 0 cls: method_name: run args: {"flavor": "a07fb885-fbe6-45e6-b952-7a60dc9e803d", "image": "02d7d2af-9e24-4e53-9730-a3e0913f2d95", "nics": [{"net-id": "0fe1c3e1-d88f-4d85-b194-264580ed00cf"}]}
2019-11-20 05:43:42.093 21519 INFO rally.task.runner [-] Task 66dd91e3-ee29-4381-8d8c-f34572533156 | ITER: 1 START
2019-11-20 05:43:42.093 21521 RALLYDEBUG rally.task.runner [-] Starting a worker. times: 10 duration: None concurrency: 1 timeout: 0 cls: method_name: run args: {"flavor": "a07fb885-fbe6-45e6-b952-7a60dc9e803d", "image": "02d7d2af-9e24-4e53-9730-a3e0913f2d95", "nics": [{"net-id": "0fe1c3e1-d88f-4d85-b194-264580ed00cf"}]}
2019-11-20 05:43:42.096 21520 INFO rally.task.runner [-] Task 66dd91e3-ee29-4381-8d8c-f34572533156 | ITER: 2 START
2019-11-20 05:43:42.097 21522 RALLYDEBUG rally.task.runner [-] Starting a worker. times: 10 duration: None concurrency: 1 timeout: 0 cls: method_name: run args: {"flavor": "a07fb885-fbe6-45e6-b952-7a60dc9e803d", "image": "02d7d2af-9e24-4e53-9730-a3e0913f2d95", "nics": [{"net-id": "0fe1c3e1-d88f-4d85-b194-264580ed00cf"}]}
2019-11-20 05:43:42.100 21521 INFO rally.task.runner [-] Task 66dd91e3-ee29-4381-8d8c-f34572533156 | ITER: 3 START
2019-11-20 05:43:42.104 21522 INFO rally.task.runner [-] Task 66dd91e3-ee29-4381-8d8c-f34572533156 | ITER: 4 START
2019-11-20 05:43:49.121 21520 RALLYDEBUG rally.task.utils [-] Waiting for resource s_rally_eda7f1ad_p6EefkKJ. Status changed: BUILD => ACTIVE in 4.802456617355347
2019-11-20 05:43:49.165 21522 RALLYDEBUG rally.task.utils [-] Waiting for resource s_rally_eda7f1ad_cPqy3GNZ. Status changed: BUILD => ACTIVE in 4.6142497062683105
2019-11-20 05:43:51.059 21519 RALLYDEBUG rally.task.utils [-] Waiting for resource s_rally_eda7f1ad_I8KCVZdz. Status changed: BUILD => ACTIVE in 6.84419846534729
2019-11-20 05:43:51.633 21521 RALLYDEBUG rally.task.utils [-] Waiting for resource s_rally_eda7f1ad_UwPFvsCH. Status changed: BUILD => ACTIVE in 6.682384729385376
2019-11-20 05:43:53.439 21520 RALLYDEBUG rally.task.utils [-] Waiting for resource s_rally_eda7f1ad_p6EefkKJ. Status changed: QUEUED => ACTIVE in 4.078211545944214
2019-11-20 05:43:53.453 21522 RALLYDEBUG rally.task.utils [-] Waiting for resource s_rally_eda7f1ad_cPqy3GNZ. Status changed: QUEUED => ACTIVE in 4.071312665939331
2019-11-20 05:43:55.751 21519 RALLYDEBUG rally.task.utils [-] Waiting for resource s_rally_eda7f1ad_I8KCVZdz. Status changed: QUEUED => ACTIVE in 4.0795300006866455
2019-11-20 05:43:55.990 21521 RALLYDEBUG rally.task.utils [-] Waiting for resource s_rally_eda7f1ad_UwPFvsCH. Status changed: QUEUED => ACTIVE in 4.068897247314453
2019-11-20 05:44:01.982 21522 RALLYDEBUG rally.task.utils [-] Waiting for resource s_rally_eda7f1ad_o8bvDtQP. Status changed: BUILD => ACTIVE in 4.535290718078613
2019-11-20 05:44:02.232 21520 RALLYDEBUG rally.task.utils [-] Waiting for resource s_rally_eda7f1ad_KOUnuBYV. Status changed: BUILD => ACTIVE in 4.800709247589111
2019-11-20 05:44:04.320 21522 WARNING /usr/lib/python3.6/site-packages/rally_openstack/scenarios/nova/utils.py [-] Method '_delete_image' of NovaScenario class is deprecated since Rally 0.10.0. Use GlanceUtils instead.
2019-11-20 05:44:04.467 21522 DEBUG glanceclient.common.http [-] Request returned failure status 404. _handle_response /usr/lib/python3.6/site-packages/glanceclient/common/http.py:125
2019-11-20 05:44:04.475 21522 INFO rally.task.runner [-] Task 66dd91e3-ee29-4381-8d8c-f34572533156 | ITER: 4 END: OK
2019-11-20 05:44:04.481 21522 INFO rally.task.runner [-] Task 66dd91e3-ee29-4381-8d8c-f34572533156 | ITER: 5 START
2019-11-20 05:44:04.569 21520 WARNING /usr/lib/python3.6/site-packages/rally_openstack/scenarios/nova/utils.py [-] Method '_delete_image' of NovaScenario class is deprecated since Rally 0.10.0. Use GlanceUtils instead.
2019-11-20 05:44:04.674 21521 RALLYDEBUG rally.task.utils [-] Waiting for resource s_rally_eda7f1ad_SwNWBdBP. Status changed: BUILD => ACTIVE in 4.540609359741211
2019-11-20 05:44:04.690 21520 DEBUG glanceclient.common.http [-] Request returned failure status 404. _handle_response /usr/lib/python3.6/site-packages/glanceclient/common/http.py:125
2019-11-20 05:44:04.696 21520 INFO rally.task.runner [-] Task 66dd91e3-ee29-4381-8d8c-f34572533156 | ITER: 2 END: OK
2019-11-20 05:44:04.701 21520 INFO rally.task.runner [-] Task 66dd91e3-ee29-4381-8d8c-f34572533156 | ITER: 6 START
2019-11-20 05:44:06.991 21519 RALLYDEBUG rally.task.utils [-] Waiting for resource s_rally_eda7f1ad_u8PoFJ2K. Status changed: BUILD => ACTIVE in 6.580545425415039
2019-11-20 05:44:07.089 21521 WARNING /usr/lib/python3.6/site-packages/rally_openstack/scenarios/nova/utils.py [-] Method '_delete_image' of NovaScenario class is deprecated since Rally 0.10.0. Use GlanceUtils instead.
2019-11-20 05:44:07.206 21521 DEBUG glanceclient.common.http [-] Request returned failure status 404. _handle_response /usr/lib/python3.6/site-packages/glanceclient/common/http.py:125
2019-11-20 05:44:07.212 21521 INFO rally.task.runner [-] Task 66dd91e3-ee29-4381-8d8c-f34572533156 | ITER: 3 END: OK
2019-11-20 05:44:07.219 21521 INFO rally.task.runner [-] Task 66dd91e3-ee29-4381-8d8c-f34572533156 | ITER: 7 START
2019-11-20 05:44:09.279 21519 WARNING /usr/lib/python3.6/site-packages/rally_openstack/scenarios/nova/utils.py [-] Method '_delete_image' of NovaScenario class is deprecated since Rally 0.10.0. Use GlanceUtils instead.
2019-11-20 05:44:09.389 21519 DEBUG glanceclient.common.http [-] Request returned failure status 404. _handle_response /usr/lib/python3.6/site-packages/glanceclient/common/http.py:125
2019-11-20 05:44:09.395 21519 INFO rally.task.runner [-] Task 66dd91e3-ee29-4381-8d8c-f34572533156 | ITER: 1 END: OK
2019-11-20 05:44:09.400 21519 INFO rally.task.runner [-] Task 66dd91e3-ee29-4381-8d8c-f34572533156 | ITER: 8 START
2019-11-20 05:44:11.406 21520 RALLYDEBUG rally.task.utils [-] Waiting for resource s_rally_eda7f1ad_9S7EYbPw. Status changed: BUILD => ACTIVE in 4.544543504714966
2019-11-20 05:44:13.575 21522 RALLYDEBUG rally.task.utils [-] Waiting for resource s_rally_eda7f1ad_SN4yLhD7. Status changed: BUILD => ACTIVE in 6.894755125045776
2019-11-20 05:44:13.695 21520 RALLYDEBUG rally.task.utils [-] Waiting for resource s_rally_eda7f1ad_9S7EYbPw. Status changed: QUEUED => ACTIVE in 2.0389044284820557
2019-11-20 05:44:13.866 21521 RALLYDEBUG rally.task.utils [-] Waiting for resource s_rally_eda7f1ad_UDgj1ZRi. Status changed: BUILD => ACTIVE in 4.584972381591797
2019-11-20 05:44:17.866 21522 RALLYDEBUG rally.task.utils [-] Waiting for resource s_rally_eda7f1ad_SN4yLhD7. Status changed: QUEUED => ACTIVE in 4.063048362731934
2019-11-20 05:44:18.202 21521 RALLYDEBUG rally.task.utils [-] Waiting for resource s_rally_eda7f1ad_UDgj1ZRi. Status changed: QUEUED => ACTIVE in 4.077852964401245
2019-11-20 05:44:18.266 21519 RALLYDEBUG rally.task.utils [-] Waiting for resource s_rally_eda7f1ad_VZx6IXyJ. Status changed: BUILD => ACTIVE in 6.7160491943359375
2019-11-20 05:44:22.170 21520 RALLYDEBUG rally.task.utils [-] Waiting for resource s_rally_eda7f1ad_BKO3yJ9Q. Status changed: BUILD => ACTIVE in 4.521573305130005
2019-11-20 05:44:22.550 21519 RALLYDEBUG rally.task.utils [-] Waiting for resource s_rally_eda7f1ad_VZx6IXyJ. Status changed: QUEUED => ACTIVE in 4.069642782211304
2019-11-20 05:44:24.521 21520 WARNING /usr/lib/python3.6/site-packages/rally_openstack/scenarios/nova/utils.py [-] Method '_delete_image' of NovaScenario class is deprecated since Rally 0.10.0. Use GlanceUtils instead.
2019-11-20 05:44:24.639 21520 DEBUG glanceclient.common.http [-] Request returned failure status 404. _handle_response /usr/lib/python3.6/site-packages/glanceclient/common/http.py:125
2019-11-20 05:44:24.640 21520 INFO rally.task.runner [-] Task 66dd91e3-ee29-4381-8d8c-f34572533156 | ITER: 6 END: OK
2019-11-20 05:44:24.646 21520 INFO rally.task.runner [-] Task 66dd91e3-ee29-4381-8d8c-f34572533156 | ITER: 9 START
2019-11-20 05:44:26.394 21522 RALLYDEBUG rally.task.utils [-] Waiting for resource s_rally_eda7f1ad_FjhnZnmk. Status changed: BUILD => ACTIVE in 4.436692953109741
2019-11-20 05:44:28.679 21522 WARNING /usr/lib/python3.6/site-packages/rally_openstack/scenarios/nova/utils.py [-] Method '_delete_image' of NovaScenario class is deprecated since Rally 0.10.0. Use GlanceUtils instead.
2019-11-20 05:44:28.802 21522 DEBUG glanceclient.common.http [-] Request returned failure status 404. _handle_response /usr/lib/python3.6/site-packages/glanceclient/common/http.py:125
2019-11-20 05:44:28.803 21522 INFO rally.task.runner [-] Task 66dd91e3-ee29-4381-8d8c-f34572533156 | ITER: 5 END: OK
2019-11-20 05:44:28.808 21522 INFO rally.task.runner [-] Task 66dd91e3-ee29-4381-8d8c-f34572533156 | ITER: 10 START
2019-11-20 05:44:29.277 21521 RALLYDEBUG rally.task.utils [-] Waiting for resource s_rally_eda7f1ad_IEfnucMY. Status changed: BUILD => ACTIVE in 4.975977659225464
2019-11-20 05:44:31.045 21519 RALLYDEBUG rally.task.utils [-] Waiting for resource s_rally_eda7f1ad_AmtMhRZ6. Status changed: BUILD => ACTIVE in 4.517610549926758
2019-11-20 05:44:31.584 21521 WARNING /usr/lib/python3.6/site-packages/rally_openstack/scenarios/nova/utils.py [-] Method '_delete_image' of NovaScenario class is deprecated since Rally 0.10.0. Use GlanceUtils instead.
2019-11-20 05:44:31.629 21520 RALLYDEBUG rally.task.utils [-] Waiting for resource s_rally_eda7f1ad_AXi4YqB9. Status changed: BUILD => ACTIVE in 4.889951944351196
2019-11-20 05:44:31.707 21521 DEBUG glanceclient.common.http [-] Request returned failure status 404. _handle_response /usr/lib/python3.6/site-packages/glanceclient/common/http.py:125
2019-11-20 05:44:31.709 21521 INFO rally.task.runner [-] Task 66dd91e3-ee29-4381-8d8c-f34572533156 | ITER: 7 END: OK
2019-11-20 05:44:33.395 21519 WARNING /usr/lib/python3.6/site-packages/rally_openstack/scenarios/nova/utils.py [-] Method '_delete_image' of NovaScenario class is deprecated since Rally 0.10.0. Use GlanceUtils instead.
2019-11-20 05:44:33.538 21519 DEBUG glanceclient.common.http [-] Request returned failure status 404. _handle_response /usr/lib/python3.6/site-packages/glanceclient/common/http.py:125
2019-11-20 05:44:33.540 21519 INFO rally.task.runner [-] Task 66dd91e3-ee29-4381-8d8c-f34572533156 | ITER: 8 END: OK
2019-11-20 05:44:33.937 21520 RALLYDEBUG rally.task.utils [-] Waiting for resource s_rally_eda7f1ad_AXi4YqB9. Status changed: QUEUED => ACTIVE in 2.0455780029296875
2019-11-20 05:44:35.325 21522 RALLYDEBUG rally.task.utils [-] Waiting for resource s_rally_eda7f1ad_kdxb8Sei. Status changed: BUILD => ACTIVE in 4.481369495391846
2019-11-20 05:44:39.633 21522 RALLYDEBUG rally.task.utils [-] Waiting for resource s_rally_eda7f1ad_kdxb8Sei. Status changed: QUEUED => ACTIVE in 4.066940784454346
2019-11-20 05:44:42.669 21520 RALLYDEBUG rally.task.utils [-] Waiting for resource s_rally_eda7f1ad_tMh39Rxo. Status changed: BUILD => ACTIVE in 4.625386714935303
2019-11-20 05:44:45.000 21520 WARNING /usr/lib/python3.6/site-packages/rally_openstack/scenarios/nova/utils.py [-] Method '_delete_image' of NovaScenario class is deprecated since Rally 0.10.0. Use GlanceUtils instead.
2019-11-20 05:44:45.136 21520 DEBUG glanceclient.common.http [-] Request returned failure status 404. _handle_response /usr/lib/python3.6/site-packages/glanceclient/common/http.py:125
2019-11-20 05:44:45.137 21520 INFO rally.task.runner [-] Task 66dd91e3-ee29-4381-8d8c-f34572533156 | ITER: 9 END: OK
2019-11-20 05:44:50.683 21522 RALLYDEBUG rally.task.utils [-] Waiting for resource s_rally_eda7f1ad_o5d9WLCn. Status changed: BUILD => ACTIVE in 6.84075927734375
2019-11-20 05:44:53.226 21522 WARNING /usr/lib/python3.6/site-packages/rally_openstack/scenarios/nova/utils.py [-] Method '_delete_image' of NovaScenario class is deprecated since Rally 0.10.0. Use GlanceUtils instead.
2019-11-20 05:44:53.375 21522 DEBUG glanceclient.common.http [-] Request returned failure status 404. _handle_response /usr/lib/python3.6/site-packages/glanceclient/common/http.py:125
2019-11-20 05:44:53.376 21522 INFO rally.task.runner [-] Task 66dd91e3-ee29-4381-8d8c-f34572533156 | ITER: 10 END: OK
2019-11-20 05:44:53.405 20411 INFO rally.task.context [-] Task 66dd91e3-ee29-4381-8d8c-f34572533156 | Context cleanup@openstack cleanup() started
2019-11-20 05:44:53.408 20411 RALLYDEBUG rally_openstack.cleanup.manager [-] Cleaning up nova servers objects
2019-11-20 05:44:54.719 20411 RALLYDEBUG rally_openstack.cleanup.manager [-] Cleaning up nova server_groups objects
2019-11-20 05:44:55.878 20411 RALLYDEBUG rally_openstack.cleanup.manager [-] Cleaning up nova keypairs objects
2019-11-20 05:44:58.161 20411 RALLYDEBUG rally_openstack.cleanup.manager [-] Cleaning up glance images objects
2019-11-20 05:44:59.448 20411 INFO rally.task.context [-] Task 66dd91e3-ee29-4381-8d8c-f34572533156 | Context cleanup@openstack cleanup() finished in 6.04 sec
2019-11-20 05:44:59.449 20411 INFO rally.task.context [-] Task 66dd91e3-ee29-4381-8d8c-f34572533156 | Context network@openstack cleanup() started
2019-11-20 05:45:21.367 20411 INFO rally.task.context [-] Task 66dd91e3-ee29-4381-8d8c-f34572533156 | Context network@openstack cleanup() finished in 21.92 sec
2019-11-20 05:45:21.368 20411 INFO rally.task.context [-] Task 66dd91e3-ee29-4381-8d8c-f34572533156 | Context quotas@openstack cleanup() started
2019-11-20 05:45:21.565 20411 INFO rally.task.context [-] Task 66dd91e3-ee29-4381-8d8c-f34572533156 | Context quotas@openstack cleanup() finished in 0.20 sec
2019-11-20 05:45:21.566 20411 INFO rally.task.context [-] Task 66dd91e3-ee29-4381-8d8c-f34572533156 | Context users@openstack cleanup() started
2019-11-20 05:45:26.361 20411 INFO rally.task.context [-] Task 66dd91e3-ee29-4381-8d8c-f34572533156 | Context users@openstack cleanup() finished in 4.80 sec
2019-11-20 05:45:27.645 20411 INFO rally.task.engine [-] Load duration is: 69.281648
2019-11-20 05:45:27.645 20411 INFO rally.task.engine [-] Full runner duration is: 71.330877
2019-11-20 05:45:27.646 20411 INFO rally.task.engine [-] Full duration is: 121.244797
2019-11-20 05:45:27.997 20411 INFO rally.task.engine [-] Running workload: position = 0 config = { "version": 2, "title": "A cropped version of a bigger task.", "description": "Auto-generated task from a single workload (uuid=a98b409c-b832-45fc-9c6b-2637933c6bde)", "subtasks": [ { "title": "NovaServers.boot_server_from_volume", "description": "Boot a server from volume.", "scenario": { "NovaServers.boot_server_from_volume": { "flavor": { "name": "rally_full-flavor_7c3785c0-1203-4471-b106-35e78a08fc6a" }, "image": { "name": "rally_full-img_7c3785c0-1203-4471-b106-35e78a08fc6a" }, "volume_size": 1, "nics": [ { "net-id": "0fe1c3e1-d88f-4d85-b194-264580ed00cf" } ] } }, "contexts": { "users": { "tenants": 3, "users_per_tenant": 2 }, "api_versions": { "cinder": { "version": 3, "service_type": "volumev3" } } }, "runner": { "constant": { "concurrency": 4, "times": 10 } }, "hooks": [], "sla": { "failure_rate": { "max": 0 } } } ] }
2019-11-20 05:45:28.023 20411 RALLYDEBUG rally_openstack.contexts.keystone.users [-] Creating 3 tenants using 20 threads
2019-11-20 05:45:29.065 20411 RALLYDEBUG rally_openstack.contexts.keystone.users [-] Creating 6 users using 20 threads
2019-11-20 05:45:30.642 20411 INFO rally.task.context [-] Task 66dd91e3-ee29-4381-8d8c-f34572533156 | Context users@openstack setup() finished in 2.62 sec
2019-11-20 05:45:31.038 20411 INFO rally.task.context [-] Task 66dd91e3-ee29-4381-8d8c-f34572533156 | Context api_versions@openstack setup() finished in 0.40 sec
2019-11-20 05:45:31.039 20411 INFO rally.task.context [-] Task 66dd91e3-ee29-4381-8d8c-f34572533156 | Context cleanup@openstack setup() finished in 0.01 msec
2019-11-20 05:45:31.988 20411 RALLYDEBUG rally.task.runner [-] Starting the constant runner (task UUID: 66dd91e3-ee29-4381-8d8c-f34572533156). times: 10 concurrency: 4 timeout: 0 max_cpu_used: 16 processes_to_start: 4 concurrency_per_worker: 1 concurrency_overhead: 0
2019-11-20 05:45:32.000 21703 RALLYDEBUG rally.task.runner [-] Starting a worker. times: 10 duration: None concurrency: 1 timeout: 0 cls: method_name: run args: {"flavor": "a07fb885-fbe6-45e6-b952-7a60dc9e803d", "image": "02d7d2af-9e24-4e53-9730-a3e0913f2d95", "volume_size": 1, "nics": [{"net-id": "0fe1c3e1-d88f-4d85-b194-264580ed00cf"}]}
2019-11-20 05:45:32.003 21704 RALLYDEBUG rally.task.runner [-] Starting a worker. times: 10 duration: None concurrency: 1 timeout: 0 cls: method_name: run args: {"flavor": "a07fb885-fbe6-45e6-b952-7a60dc9e803d", "image": "02d7d2af-9e24-4e53-9730-a3e0913f2d95", "volume_size": 1, "nics": [{"net-id": "0fe1c3e1-d88f-4d85-b194-264580ed00cf"}]}
2019-11-20 05:45:32.007 21705 RALLYDEBUG rally.task.runner [-] Starting a worker. times: 10 duration: None concurrency: 1 timeout: 0 cls: method_name: run args: {"flavor": "a07fb885-fbe6-45e6-b952-7a60dc9e803d", "image": "02d7d2af-9e24-4e53-9730-a3e0913f2d95", "volume_size": 1, "nics": [{"net-id": "0fe1c3e1-d88f-4d85-b194-264580ed00cf"}]}
2019-11-20 05:45:32.007 21703 INFO rally.task.runner [-] Task 66dd91e3-ee29-4381-8d8c-f34572533156 | ITER: 1 START
2019-11-20 05:45:32.010 21704 INFO rally.task.runner [-] Task 66dd91e3-ee29-4381-8d8c-f34572533156 | ITER: 2 START
2019-11-20 05:45:32.010 21707 RALLYDEBUG rally.task.runner [-] Starting a worker. times: 10 duration: None concurrency: 1 timeout: 0 cls: method_name: run args: {"flavor": "a07fb885-fbe6-45e6-b952-7a60dc9e803d", "image": "02d7d2af-9e24-4e53-9730-a3e0913f2d95", "volume_size": 1, "nics": [{"net-id": "0fe1c3e1-d88f-4d85-b194-264580ed00cf"}]}
2019-11-20 05:45:32.014 21705 INFO rally.task.runner [-] Task 66dd91e3-ee29-4381-8d8c-f34572533156 | ITER: 3 START
2019-11-20 05:45:32.017 21707 INFO rally.task.runner [-] Task 66dd91e3-ee29-4381-8d8c-f34572533156 | ITER: 4 START
2019-11-20 05:45:48.147 21707 RALLYDEBUG rally.task.utils [-] Waiting for resource s_rally_a98b409c_AzFQgywP. Status changed: DOWNLOADING => AVAILABLE in 12.547667741775513
2019-11-20 05:45:55.842 21704 RALLYDEBUG rally.task.utils [-] Waiting for resource s_rally_a98b409c_kYrFIzGP. Status changed: DOWNLOADING => AVAILABLE in 20.76774787902832
2019-11-20 05:45:55.870 21707 RALLYDEBUG rally.task.utils [-] Waiting for resource s_rally_a98b409c_0bwb92HT. Status changed: BUILD => ACTIVE in 5.035706520080566
2019-11-20 05:45:55.872 21707 INFO rally.task.runner [-] Task 66dd91e3-ee29-4381-8d8c-f34572533156 | ITER: 4 END: OK
2019-11-20 05:45:55.880 21707 INFO rally.task.runner [-] Task 66dd91e3-ee29-4381-8d8c-f34572533156 | ITER: 5 START
2019-11-20 05:46:01.068 21707 RALLYDEBUG rally.task.utils [-] Waiting for resource s_rally_a98b409c_aPkenyRl. Status changed: CREATING => DOWNLOADING in 2.1894097328186035
2019-11-20 05:46:05.087 21704 RALLYDEBUG rally.task.utils [-] Waiting for resource s_rally_a98b409c_RzMy0y4w. Status changed: BUILD => ACTIVE in 6.904553651809692
2019-11-20 05:46:05.088 21704 INFO rally.task.runner [-] Task 66dd91e3-ee29-4381-8d8c-f34572533156 | ITER: 2 END: OK
2019-11-20 05:46:05.093 21704 INFO rally.task.runner [-] Task 66dd91e3-ee29-4381-8d8c-f34572533156 | ITER: 6 START
2019-11-20 05:46:20.865 21704 RALLYDEBUG rally.task.utils [-] Waiting for resource s_rally_a98b409c_Zu4MK8gg. Status changed: DOWNLOADING => AVAILABLE in 12.54248046875
2019-11-20 05:46:27.111 21705 RALLYDEBUG rally.task.utils [-] Waiting for resource s_rally_a98b409c_qaVkpja4. Status changed: DOWNLOADING => AVAILABLE in 51.91022205352783
2019-11-20 05:46:27.662 21704 RALLYDEBUG rally.task.utils [-] Waiting for resource s_rally_a98b409c_9xVh0kPb. Status changed: BUILD => ACTIVE in 4.594079494476318
2019-11-20 05:46:27.662 21704 INFO rally.task.runner [-] Task 66dd91e3-ee29-4381-8d8c-f34572533156 | ITER: 6 END: OK
2019-11-20 05:46:27.667 21704 INFO rally.task.runner [-] Task 66dd91e3-ee29-4381-8d8c-f34572533156 | ITER: 7 START
2019-11-20 05:46:29.284 21703 RALLYDEBUG rally.task.utils [-] Waiting for resource s_rally_a98b409c_OgfYLbxG. Status changed: DOWNLOADING => AVAILABLE in 53.82721972465515
2019-11-20 05:46:36.237 21705 RALLYDEBUG rally.task.utils [-] Waiting for resource s_rally_a98b409c_f6d69jDT. Status changed: BUILD => ACTIVE in 7.073663234710693
2019-11-20 05:46:36.238 21705 INFO rally.task.runner [-] Task 66dd91e3-ee29-4381-8d8c-f34572533156 | ITER: 3 END: OK
2019-11-20 05:46:36.244 21705 INFO rally.task.runner [-] Task 66dd91e3-ee29-4381-8d8c-f34572533156 | ITER: 8 START
2019-11-20 05:46:38.738 21703 RALLYDEBUG rally.task.utils [-] Waiting for resource s_rally_a98b409c_89Qa9WDr. Status changed: BUILD => ACTIVE in 7.025059461593628
2019-11-20 05:46:38.739 21703 INFO rally.task.runner [-] Task 66dd91e3-ee29-4381-8d8c-f34572533156 | ITER: 1 END: OK
2019-11-20 05:46:38.745 21703 INFO rally.task.runner [-] Task 66dd91e3-ee29-4381-8d8c-f34572533156 | ITER: 9 START
2019-11-20 05:46:41.845 21705 RALLYDEBUG rally.task.utils [-] Waiting for resource s_rally_a98b409c_SMCJXjbT. Status changed: CREATING => DOWNLOADING in 2.1979188919067383
2019-11-20 05:46:42.806 21704 RALLYDEBUG rally.task.utils [-] Waiting for resource s_rally_a98b409c_fx5ATKHV. Status changed: DOWNLOADING => AVAILABLE in 12.517983436584473
