2019-11-20 05:18:39.311 13785 INFO rally.task.context [-] Task 038a406c-f7e9-46c3-8faa-692345260bf4 | Context quotas@openstack cleanup() finished in 0.18 sec
2019-11-20 05:18:39.311 13785 INFO rally.task.context [-] Task 038a406c-f7e9-46c3-8faa-692345260bf4 | Context users@openstack cleanup() started
2019-11-20 05:18:43.294 13785 INFO rally.task.context [-] Task 038a406c-f7e9-46c3-8faa-692345260bf4 | Context users@openstack cleanup() finished in 3.98 sec
2019-11-20 05:18:43.924 13785 INFO rally.task.engine [-] Load duration is: 10.319169
2019-11-20 05:18:43.924 13785 INFO rally.task.engine [-] Full runner duration is: 10.363863
2019-11-20 05:18:43.925 13785 INFO rally.task.engine [-] Full duration is: 47.78461
2019-11-20 05:18:44.249 13785 INFO rally.task.engine [-] Running workload: position = 0 config = { "version": 2, "title": "A cropped version of a bigger task.", "description": "Auto-generated task from a single workload (uuid=10de5837-25ff-43a6-837d-4fc204cbd5ce)", "subtasks": [ { "title": "NeutronNetworks.create_and_list_subnets", "description": "Create and a given number of subnets and list all subnets.", "scenario": { "NeutronNetworks.create_and_list_subnets": { "network_create_args": {}, "subnet_cidr_start": "1.1.0.0/30", "subnet_create_args": {}, "subnets_per_network": 1 } }, "contexts": { "users": { "tenants": 3, "users_per_tenant": 2 }, "quotas": { "neutron": { "network": -1, "subnet": -1 } } }, "runner": { "constant": { "concurrency": 4, "times": 10 } }, "hooks": [], "sla": { "failure_rate": { "max": 0 } } } ] }
2019-11-20 05:18:44.274 13785 RALLYDEBUG rally_openstack.contexts.keystone.users [-] Creating 3 tenants using 20 threads
2019-11-20 05:18:45.227 13785 RALLYDEBUG rally_openstack.contexts.keystone.users [-] Creating 6 users using 20 threads
2019-11-20 05:18:46.682 13785 INFO rally.task.context [-] Task 038a406c-f7e9-46c3-8faa-692345260bf4 | Context users@openstack setup() finished in 2.41 sec
2019-11-20 05:18:47.460 13785 INFO rally.task.context [-] Task 038a406c-f7e9-46c3-8faa-692345260bf4 | Context quotas@openstack setup() finished in 0.78 sec
2019-11-20 05:18:47.461 13785 INFO rally.task.context [-] Task 038a406c-f7e9-46c3-8faa-692345260bf4 | Context cleanup@openstack setup() finished in 0.01 msec
2019-11-20 05:18:47.470 13785 RALLYDEBUG rally.task.runner [-] Starting the constant runner (task UUID: 038a406c-f7e9-46c3-8faa-692345260bf4). times: 10 concurrency: 4 timeout: 0 max_cpu_used: 16 processes_to_start: 4 concurrency_per_worker: 1 concurrency_overhead: 0
2019-11-20 05:18:47.482 17473 RALLYDEBUG rally.task.runner [-] Starting a worker. times: 10 duration: None concurrency: 1 timeout: 0 cls: method_name: run args: {"network_create_args": {}, "subnet_cidr_start": "1.1.0.0/30", "subnet_create_args": {}, "subnets_per_network": 1}
2019-11-20 05:18:47.486 17474 RALLYDEBUG rally.task.runner [-] Starting a worker. times: 10 duration: None concurrency: 1 timeout: 0 cls: method_name: run args: {"network_create_args": {}, "subnet_cidr_start": "1.1.0.0/30", "subnet_create_args": {}, "subnets_per_network": 1}
2019-11-20 05:18:47.489 17473 INFO rally.task.runner [-] Task 038a406c-f7e9-46c3-8faa-692345260bf4 | ITER: 1 START
2019-11-20 05:18:47.489 17475 RALLYDEBUG rally.task.runner [-] Starting a worker. times: 10 duration: None concurrency: 1 timeout: 0 cls: method_name: run args: {"network_create_args": {}, "subnet_cidr_start": "1.1.0.0/30", "subnet_create_args": {}, "subnets_per_network": 1}
2019-11-20 05:18:47.492 17474 INFO rally.task.runner [-] Task 038a406c-f7e9-46c3-8faa-692345260bf4 | ITER: 2 START
2019-11-20 05:18:47.493 17476 RALLYDEBUG rally.task.runner [-] Starting a worker. times: 10 duration: None concurrency: 1 timeout: 0 cls: method_name: run args: {"network_create_args": {}, "subnet_cidr_start": "1.1.0.0/30", "subnet_create_args": {}, "subnets_per_network": 1}
2019-11-20 05:18:47.496 17475 INFO rally.task.runner [-] Task 038a406c-f7e9-46c3-8faa-692345260bf4 | ITER: 3 START
2019-11-20 05:18:47.499 17476 INFO rally.task.runner [-] Task 038a406c-f7e9-46c3-8faa-692345260bf4 | ITER: 4 START
2019-11-20 05:18:48.160 17473 RALLYDEBUG rally_openstack.wrappers.network [-] CIDR generated: 1.1.0.248/30
2019-11-20 05:18:48.161 17476 RALLYDEBUG rally_openstack.wrappers.network [-] CIDR generated: 1.1.0.252/30
2019-11-20 05:18:48.369 17474 RALLYDEBUG rally_openstack.wrappers.network [-] CIDR generated: 1.1.1.0/30
2019-11-20 05:18:48.802 17475 RALLYDEBUG rally_openstack.wrappers.network [-] CIDR generated: 1.1.1.4/30
2019-11-20 05:18:48.906 17473 INFO rally.task.runner [-] Task 038a406c-f7e9-46c3-8faa-692345260bf4 | ITER: 1 END: OK
2019-11-20 05:18:48.911 17473 INFO rally.task.runner [-] Task 038a406c-f7e9-46c3-8faa-692345260bf4 | ITER: 5 START
2019-11-20 05:18:48.988 17476 INFO rally.task.runner [-] Task 038a406c-f7e9-46c3-8faa-692345260bf4 | ITER: 4 END: OK
2019-11-20 05:18:48.992 17476 INFO rally.task.runner [-] Task 038a406c-f7e9-46c3-8faa-692345260bf4 | ITER: 6 START
2019-11-20 05:18:49.235 17474 INFO rally.task.runner [-] Task 038a406c-f7e9-46c3-8faa-692345260bf4 | ITER: 2 END: OK
2019-11-20 05:18:49.239 17474 INFO rally.task.runner [-] Task 038a406c-f7e9-46c3-8faa-692345260bf4 | ITER: 7 START
2019-11-20 05:18:49.484 17473 RALLYDEBUG rally_openstack.wrappers.network [-] CIDR generated: 1.1.1.8/30
2019-11-20 05:18:49.501 17476 RALLYDEBUG rally_openstack.wrappers.network [-] CIDR generated: 1.1.1.12/30
2019-11-20 05:18:49.541 17475 INFO rally.task.runner [-] Task 038a406c-f7e9-46c3-8faa-692345260bf4 | ITER: 3 END: OK
2019-11-20 05:18:49.545 17475 INFO rally.task.runner [-] Task 038a406c-f7e9-46c3-8faa-692345260bf4 | ITER: 8 START
2019-11-20 05:18:49.729 17474 RALLYDEBUG rally_openstack.wrappers.network [-] CIDR generated: 1.1.1.16/30
2019-11-20 05:18:50.029 17475 RALLYDEBUG rally_openstack.wrappers.network [-] CIDR generated: 1.1.1.20/30
2019-11-20 05:18:50.247 17476 INFO rally.task.runner [-] Task 038a406c-f7e9-46c3-8faa-692345260bf4 | ITER: 6 END: OK
2019-11-20 05:18:50.251 17476 INFO rally.task.runner [-] Task 038a406c-f7e9-46c3-8faa-692345260bf4 | ITER: 9 START
2019-11-20 05:18:50.498 17474 INFO rally.task.runner [-] Task 038a406c-f7e9-46c3-8faa-692345260bf4 | ITER: 7 END: OK
2019-11-20 05:18:50.503 17474 INFO rally.task.runner [-] Task 038a406c-f7e9-46c3-8faa-692345260bf4 | ITER: 10 START
2019-11-20 05:18:50.514 17473 INFO rally.task.runner [-] Task 038a406c-f7e9-46c3-8faa-692345260bf4 | ITER: 5 END: OK
2019-11-20 05:18:50.816 17476 RALLYDEBUG rally_openstack.wrappers.network [-] CIDR generated: 1.1.1.24/30
2019-11-20 05:18:50.997 17475 INFO rally.task.runner [-] Task 038a406c-f7e9-46c3-8faa-692345260bf4 | ITER: 8 END: OK
2019-11-20 05:18:51.274 17474 RALLYDEBUG rally_openstack.wrappers.network [-] CIDR generated: 1.1.1.28/30
2019-11-20 05:18:51.697 17476 INFO rally.task.runner [-] Task 038a406c-f7e9-46c3-8faa-692345260bf4 | ITER: 9 END: OK
2019-11-20 05:18:51.941 17474 INFO rally.task.runner [-] Task 038a406c-f7e9-46c3-8faa-692345260bf4 | ITER: 10 END: OK
2019-11-20 05:18:51.969 13785 INFO rally.task.context [-] Task 038a406c-f7e9-46c3-8faa-692345260bf4 | Context cleanup@openstack cleanup() started
2019-11-20 05:18:51.972 13785 RALLYDEBUG rally_openstack.cleanup.manager [-] Cleaning up neutron vip objects
2019-11-20 05:18:53.170 13785 RALLYDEBUG rally_openstack.cleanup.manager [-] Cleaning up neutron health_monitor objects
2019-11-20 05:18:54.272 13785 RALLYDEBUG rally_openstack.cleanup.manager [-] Cleaning up neutron pool objects
2019-11-20 05:18:55.383 13785 RALLYDEBUG rally_openstack.cleanup.manager [-] Cleaning up neutron loadbalancer objects
2019-11-20 05:18:56.477 13785 RALLYDEBUG rally_openstack.cleanup.manager [-] Cleaning up neutron floatingip objects
2019-11-20 05:18:57.676 13785 RALLYDEBUG rally_openstack.cleanup.manager [-] Cleaning up neutron trunk objects
2019-11-20 05:18:58.821 13785 RALLYDEBUG rally_openstack.cleanup.manager [-] Cleaning up neutron port objects
2019-11-20 05:19:00.154 13785 RALLYDEBUG rally_openstack.cleanup.manager [-] Cleaning up neutron subnet objects
2019-11-20 05:19:01.441 13785 RALLYDEBUG rally_openstack.cleanup.manager [-] Deleting neutron.subnet object s_rally_10de5837_T1EE9NQ0 (0ed9ed5f-f135-460d-b024-ebde43825978)
2019-11-20 05:19:01.448 13785 RALLYDEBUG rally_openstack.cleanup.manager [-] Deleting neutron.subnet object s_rally_10de5837_eWSkwAKg (315ccd1b-6c2e-4af8-bf58-49f67545908d)
2019-11-20 05:19:01.460 13785 RALLYDEBUG rally_openstack.cleanup.manager [-] Deleting neutron.subnet object s_rally_10de5837_ll0groW9 (648ce67d-22d3-46dd-b967-360f96913b40)
2019-11-20 05:19:01.470 13785 RALLYDEBUG rally_openstack.cleanup.manager [-] Deleting neutron.subnet object s_rally_10de5837_XpVJ3hf5 (f3278832-35b7-4fd7-8e0c-315674095fad)
2019-11-20 05:19:01.475 13785 RALLYDEBUG rally_openstack.cleanup.manager [-] Deleting neutron.subnet object s_rally_10de5837_TfygvOcb (1ef83680-bbac-4d94-a27d-6b155af6c0ee)
2019-11-20 05:19:01.485 13785 RALLYDEBUG rally_openstack.cleanup.manager [-] Deleting neutron.subnet object s_rally_10de5837_Gx0jFL2z (90569127-f35c-4883-b535-038daf89ed9b)
2019-11-20 05:19:01.493 13785 RALLYDEBUG rally_openstack.cleanup.manager [-] Deleting neutron.subnet object s_rally_10de5837_vV7LvljJ (2024cc02-b2d8-4fa5-9ca5-8dced06e02a5)
2019-11-20 05:19:01.503 13785 RALLYDEBUG rally_openstack.cleanup.manager [-] Deleting neutron.subnet object s_rally_10de5837_YFROKnPI (72de6af4-9c0e-4fa0-92d6-87a61f4dd50b)
2019-11-20 05:19:01.527 13785 RALLYDEBUG rally_openstack.cleanup.manager [-] Deleting neutron.subnet object s_rally_10de5837_FtPc7Du2 (b6d47709-ec60-44f2-b763-8aa2ada2dc29)
2019-11-20 05:19:01.541 13785 RALLYDEBUG rally_openstack.cleanup.manager [-] Deleting neutron.subnet object s_rally_10de5837_4T7sGSO3 (ed997965-b9d9-41b7-8da0-70ccafd9a4c5)
2019-11-20 05:19:05.506 13785 RALLYDEBUG rally_openstack.cleanup.manager [-] Cleaning up neutron network objects
2019-11-20 05:19:07.061 13785 RALLYDEBUG rally_openstack.cleanup.manager [-] Deleting neutron.network object s_rally_10de5837_OAnTPfcW (1cf35941-3eeb-4d0e-81a6-a41d767c2eef)
2019-11-20 05:19:07.070 13785 RALLYDEBUG rally_openstack.cleanup.manager [-] Deleting neutron.network object s_rally_10de5837_Wbcq6Gvw (2c065f37-8e5a-470d-87a8-c2415567f0a3)
2019-11-20 05:19:07.079 13785 RALLYDEBUG rally_openstack.cleanup.manager [-] Deleting neutron.network object s_rally_10de5837_rqt1nk0h (8dc9b383-7ca9-4d7f-97e7-8040939f9d31)
2019-11-20 05:19:07.082 13785 RALLYDEBUG rally_openstack.cleanup.manager [-] Deleting neutron.network object s_rally_10de5837_vqEG7oUL (fc10b271-0200-4b57-93f4-88e11ad73f51)
2019-11-20 05:19:07.102 13785 RALLYDEBUG rally_openstack.cleanup.manager [-] Deleting neutron.network object s_rally_10de5837_aGUEksHS (9d7a5a13-ef7c-4b9c-aa57-ed59aafe4809)
2019-11-20 05:19:07.110 13785 RALLYDEBUG rally_openstack.cleanup.manager [-] Deleting neutron.network object s_rally_10de5837_0ZTf1xf5 (b95e245f-e1f7-4326-bc55-d3c1d7a0cc2b)
2019-11-20 05:19:07.122 13785 RALLYDEBUG rally_openstack.cleanup.manager [-] Deleting neutron.network object s_rally_10de5837_J0pvbTUt (17cdc702-139e-4c0b-ac76-f6481e5087ce)
2019-11-20 05:19:07.143 13785 RALLYDEBUG rally_openstack.cleanup.manager [-] Deleting neutron.network object s_rally_10de5837_9HgCukic (7820fd4d-13a8-4c68-a1e8-8f6674e042a0)
2019-11-20 05:19:07.155 13785 RALLYDEBUG rally_openstack.cleanup.manager [-] Deleting neutron.network object s_rally_10de5837_wBSsPAL2 (c8edd73e-df68-41cf-ae97-a0fa14b7f52c)
2019-11-20 05:19:07.165 13785 RALLYDEBUG rally_openstack.cleanup.manager [-] Deleting neutron.network object s_rally_10de5837_6z6Kflx5 (fb1b35eb-e7b7-4ca0-bd68-bfef9e922176)
2019-11-20 05:19:10.180 13785 RALLYDEBUG rally_openstack.cleanup.manager [-] Cleaning up neutron router objects
2019-11-20 05:19:11.401 13785 RALLYDEBUG rally_openstack.cleanup.manager [-] Cleaning up neutron security_group objects
2019-11-20 05:19:12.665 13785 INFO rally.task.context [-] Task 038a406c-f7e9-46c3-8faa-692345260bf4 | Context cleanup@openstack cleanup() finished in 20.70 sec
2019-11-20 05:19:12.665 13785 INFO rally.task.context [-] Task 038a406c-f7e9-46c3-8faa-692345260bf4 | Context quotas@openstack cleanup() started
2019-11-20 05:19:12.852 13785 INFO rally.task.context [-] Task 038a406c-f7e9-46c3-8faa-692345260bf4 | Context quotas@openstack cleanup() finished in 0.19 sec
2019-11-20 05:19:12.853 13785 INFO rally.task.context [-] Task 038a406c-f7e9-46c3-8faa-692345260bf4 | Context users@openstack cleanup() started
2019-11-20 05:19:16.768 13785 INFO rally.task.context [-] Task 038a406c-f7e9-46c3-8faa-692345260bf4 | Context users@openstack cleanup() finished in 3.92 sec
2019-11-20 05:19:18.449 13785 INFO rally.task.engine [-] Load duration is: 4.450464
2019-11-20 05:19:18.450 13785 INFO rally.task.engine [-] Full runner duration is: 4.499042
2019-11-20 05:19:18.450 13785 INFO rally.task.engine [-] Full duration is: 32.497041
2019-11-20 05:19:18.789 13785 INFO rally.task.engine [-] Running workload: position = 0 config = { "version": 2, "title": "A cropped version of a bigger task.", "description": "Auto-generated task from a single workload (uuid=5f56a450-a22d-45f5-ba98-fed2aa5022df)", "subtasks": [ { "title": "NeutronSecurityGroup.create_and_delete_security_groups", "description": "Create and delete Neutron security-groups.", "scenario": { "NeutronSecurityGroup.create_and_delete_security_groups": {} }, "contexts": { "users": { "tenants": 3, "users_per_tenant": 2 }, "quotas": { "neutron": { "security_group": -1 } } }, "runner": { "constant": { "concurrency": 4, "times": 10 } }, "hooks": [], "sla": { "failure_rate": { "max": 0 } } } ] }
2019-11-20 05:19:18.814 13785 RALLYDEBUG rally_openstack.contexts.keystone.users [-] Creating 3 tenants using 20 threads
2019-11-20 05:19:19.833 13785 RALLYDEBUG rally_openstack.contexts.keystone.users [-] Creating 6 users using 20 threads
2019-11-20 05:19:21.385 13785 INFO rally.task.context [-] Task 038a406c-f7e9-46c3-8faa-692345260bf4 | Context users@openstack setup() finished in 2.57 sec
2019-11-20 05:19:22.131 13785 INFO rally.task.context [-] Task 038a406c-f7e9-46c3-8faa-692345260bf4 | Context quotas@openstack setup() finished in 0.74 sec
2019-11-20 05:19:22.131 13785 INFO rally.task.context [-] Task 038a406c-f7e9-46c3-8faa-692345260bf4 | Context cleanup@openstack setup() finished in 0.01 msec
2019-11-20 05:19:22.140 13785 RALLYDEBUG rally.task.runner [-] Starting the constant runner (task UUID: 038a406c-f7e9-46c3-8faa-692345260bf4). times: 10 concurrency: 4 timeout: 0 max_cpu_used: 16 processes_to_start: 4 concurrency_per_worker: 1 concurrency_overhead: 0
2019-11-20 05:19:22.152 17797 RALLYDEBUG rally.task.runner [-] Starting a worker. times: 10 duration: None concurrency: 1 timeout: 0 cls: method_name: run args: {}
2019-11-20 05:19:22.156 17798 RALLYDEBUG rally.task.runner [-] Starting a worker. times: 10 duration: None concurrency: 1 timeout: 0 cls: method_name: run args: {}
2019-11-20 05:19:22.159 17797 INFO rally.task.runner [-] Task 038a406c-f7e9-46c3-8faa-692345260bf4 | ITER: 1 START
2019-11-20 05:19:22.159 17799 RALLYDEBUG rally.task.runner [-] Starting a worker. times: 10 duration: None concurrency: 1 timeout: 0 cls: method_name: run args: {}
2019-11-20 05:19:22.162 17798 INFO rally.task.runner [-] Task 038a406c-f7e9-46c3-8faa-692345260bf4 | ITER: 2 START
2019-11-20 05:19:22.163 17801 RALLYDEBUG rally.task.runner [-] Starting a worker. times: 10 duration: None concurrency: 1 timeout: 0 cls: method_name: run args: {}
2019-11-20 05:19:22.166 17799 INFO rally.task.runner [-] Task 038a406c-f7e9-46c3-8faa-692345260bf4 | ITER: 3 START
2019-11-20 05:19:22.170 17801 INFO rally.task.runner [-] Task 038a406c-f7e9-46c3-8faa-692345260bf4 | ITER: 4 START
2019-11-20 05:19:22.942 17798 INFO rally.task.runner [-] Task 038a406c-f7e9-46c3-8faa-692345260bf4 | ITER: 2 END: OK
2019-11-20 05:19:22.946 17798 INFO rally.task.runner [-] Task 038a406c-f7e9-46c3-8faa-692345260bf4 | ITER: 5 START
2019-11-20 05:19:23.210 17799 INFO rally.task.runner [-] Task 038a406c-f7e9-46c3-8faa-692345260bf4 | ITER: 3 END: OK
2019-11-20 05:19:23.215 17799 INFO rally.task.runner [-] Task 038a406c-f7e9-46c3-8faa-692345260bf4 | ITER: 6 START
2019-11-20 05:19:23.709 17798 INFO rally.task.runner [-] Task 038a406c-f7e9-46c3-8faa-692345260bf4 | ITER: 5 END: OK
2019-11-20 05:19:23.712 17798 INFO rally.task.runner [-] Task 038a406c-f7e9-46c3-8faa-692345260bf4 | ITER: 7 START
2019-11-20 05:19:23.799 17797 INFO rally.task.runner [-] Task 038a406c-f7e9-46c3-8faa-692345260bf4 | ITER: 1 END: OK
2019-11-20 05:19:23.804 17797 INFO rally.task.runner [-] Task 038a406c-f7e9-46c3-8faa-692345260bf4 | ITER: 8 START
2019-11-20 05:19:23.856 17801 INFO rally.task.runner [-] Task 038a406c-f7e9-46c3-8faa-692345260bf4 | ITER: 4 END: OK
2019-11-20 05:19:23.861 17801 INFO rally.task.runner [-] Task 038a406c-f7e9-46c3-8faa-692345260bf4 | ITER: 9 START
2019-11-20 05:19:23.928 17799 INFO rally.task.runner [-] Task 038a406c-f7e9-46c3-8faa-692345260bf4 | ITER: 6 END: OK
2019-11-20 05:19:23.932 17799 INFO rally.task.runner [-] Task 038a406c-f7e9-46c3-8faa-692345260bf4 | ITER: 10 START
2019-11-20 05:19:24.331 17798 INFO rally.task.runner [-] Task 038a406c-f7e9-46c3-8faa-692345260bf4 | ITER: 7 END: OK
2019-11-20 05:19:24.481 17801 INFO rally.task.runner [-] Task 038a406c-f7e9-46c3-8faa-692345260bf4 | ITER: 9 END: OK
2019-11-20 05:19:24.510 17797 INFO rally.task.runner [-] Task 038a406c-f7e9-46c3-8faa-692345260bf4 | ITER: 8 END: OK
2019-11-20 05:19:24.550 17799 INFO rally.task.runner [-] Task 038a406c-f7e9-46c3-8faa-692345260bf4 | ITER: 10 END: OK
2019-11-20 05:19:24.576 13785 INFO rally.task.context [-] Task 038a406c-f7e9-46c3-8faa-692345260bf4 | Context cleanup@openstack cleanup() started
2019-11-20 05:19:24.579 13785 RALLYDEBUG rally_openstack.cleanup.manager [-] Cleaning up neutron vip objects
2019-11-20 05:19:25.681 13785 RALLYDEBUG rally_openstack.cleanup.manager [-] Cleaning up neutron health_monitor objects
2019-11-20 05:19:26.797 13785 RALLYDEBUG rally_openstack.cleanup.manager [-] Cleaning up neutron pool objects
2019-11-20 05:19:27.904 13785 RALLYDEBUG rally_openstack.cleanup.manager [-] Cleaning up neutron loadbalancer objects
2019-11-20 05:19:29.005 13785 RALLYDEBUG rally_openstack.cleanup.manager [-] Cleaning up neutron floatingip objects
2019-11-20 05:19:30.204 13785 RALLYDEBUG rally_openstack.cleanup.manager [-] Cleaning up neutron trunk objects
2019-11-20 05:19:31.361 13785 RALLYDEBUG rally_openstack.cleanup.manager [-] Cleaning up neutron port objects
2019-11-20 05:19:32.571 13785 RALLYDEBUG rally_openstack.cleanup.manager [-] Cleaning up neutron subnet objects
2019-11-20 05:19:33.757 13785 RALLYDEBUG rally_openstack.cleanup.manager [-] Cleaning up neutron network objects
2019-11-20 05:19:34.938 13785 RALLYDEBUG rally_openstack.cleanup.manager [-] Cleaning up neutron router objects
2019-11-20 05:19:36.365 13785 RALLYDEBUG rally_openstack.cleanup.manager [-] Cleaning up neutron security_group objects
2019-11-20 05:19:37.598 13785 INFO rally.task.context [-] Task 038a406c-f7e9-46c3-8faa-692345260bf4 | Context cleanup@openstack cleanup() finished in 13.02 sec
2019-11-20 05:19:37.598 13785 INFO rally.task.context [-] Task 038a406c-f7e9-46c3-8faa-692345260bf4 | Context quotas@openstack cleanup() started
2019-11-20 05:19:37.776 13785 INFO rally.task.context [-] Task 038a406c-f7e9-46c3-8faa-692345260bf4 | Context quotas@openstack cleanup() finished in 0.18 sec
2019-11-20 05:19:37.777 13785 INFO rally.task.context [-] Task 038a406c-f7e9-46c3-8faa-692345260bf4 | Context users@openstack cleanup() started
2019-11-20 05:19:41.840 13785 INFO rally.task.context [-] Task 038a406c-f7e9-46c3-8faa-692345260bf4 | Context users@openstack cleanup() finished in 4.06 sec
2019-11-20 05:19:42.963 13785 INFO rally.task.engine [-] Load duration is: 2.389282
2019-11-20 05:19:42.964 13785 INFO rally.task.engine [-] Full runner duration is: 2.435435
2019-11-20 05:19:42.964 13785 INFO rally.task.engine [-] Full duration is: 23.028054
2019-11-20 05:19:43.352 13785 INFO rally.task.engine [-] Running workload: position = 0 config = { "version": 2, "title": "A cropped version of a bigger task.", "description": "Auto-generated task from a single workload (uuid=2102dc00-00f2-4b78-9222-2c12bd14b96c)", "subtasks": [ { "title": "NeutronSecurityGroup.create_and_delete_security_group_rule", "description": "Create and delete Neutron security-group-rule.", "scenario": { "NeutronSecurityGroup.create_and_delete_security_group_rule": {} }, "contexts": { "users": { "tenants": 3, "users_per_tenant": 2 }, "quotas": { "neutron": { "security_group": -1 } } }, "runner": { "constant": { "concurrency": 4, "times": 10 } }, "hooks": [], "sla": { "failure_rate": { "max": 0 } } } ] }
2019-11-20 05:19:43.378 13785 RALLYDEBUG rally_openstack.contexts.keystone.users [-] Creating 3 tenants using 20 threads
2019-11-20 05:19:44.410 13785 RALLYDEBUG rally_openstack.contexts.keystone.users [-] Creating 6 users using 20 threads
2019-11-20 05:19:45.922 13785 INFO rally.task.context [-] Task 038a406c-f7e9-46c3-8faa-692345260bf4 | Context users@openstack setup() finished in 2.54 sec
2019-11-20 05:19:46.667 13785 INFO rally.task.context [-] Task 038a406c-f7e9-46c3-8faa-692345260bf4 | Context quotas@openstack setup() finished in 0.74 sec
2019-11-20 05:19:46.668 13785 INFO rally.task.context [-] Task 038a406c-f7e9-46c3-8faa-692345260bf4 | Context cleanup@openstack setup() finished in 0.01 msec
2019-11-20 05:19:46.677 13785 RALLYDEBUG rally.task.runner [-] Starting the constant runner (task UUID: 038a406c-f7e9-46c3-8faa-692345260bf4). times: 10 concurrency: 4 timeout: 0 max_cpu_used: 16 processes_to_start: 4 concurrency_per_worker: 1 concurrency_overhead: 0
2019-11-20 05:19:46.688 18121 RALLYDEBUG rally.task.runner [-] Starting a worker. times: 10 duration: None concurrency: 1 timeout: 0 cls: method_name: run args: {}
2019-11-20 05:19:46.692 18122 RALLYDEBUG rally.task.runner [-] Starting a worker. times: 10 duration: None concurrency: 1 timeout: 0 cls: method_name: run args: {}
2019-11-20 05:19:46.695 18121 INFO rally.task.runner [-] Task 038a406c-f7e9-46c3-8faa-692345260bf4 | ITER: 1 START
2019-11-20 05:19:46.696 18123 RALLYDEBUG rally.task.runner [-] Starting a worker. times: 10 duration: None concurrency: 1 timeout: 0 cls: method_name: run args: {}
2019-11-20 05:19:46.698 18122 INFO rally.task.runner [-] Task 038a406c-f7e9-46c3-8faa-692345260bf4 | ITER: 2 START
2019-11-20 05:19:46.699 18126 RALLYDEBUG rally.task.runner [-] Starting a worker. times: 10 duration: None concurrency: 1 timeout: 0 cls: method_name: run args: {}
2019-11-20 05:19:46.702 18123 INFO rally.task.runner [-] Task 038a406c-f7e9-46c3-8faa-692345260bf4 | ITER: 3 START
2019-11-20 05:19:46.706 18126 INFO rally.task.runner [-] Task 038a406c-f7e9-46c3-8faa-692345260bf4 | ITER: 4 START
2019-11-20 05:19:47.617 18126 INFO rally.task.runner [-] Task 038a406c-f7e9-46c3-8faa-692345260bf4 | ITER: 4 END: OK
2019-11-20 05:19:47.621 18126 INFO rally.task.runner [-] Task 038a406c-f7e9-46c3-8faa-692345260bf4 | ITER: 5 START
2019-11-20 05:19:47.659 18122 INFO rally.task.runner [-] Task 038a406c-f7e9-46c3-8faa-692345260bf4 | ITER: 2 END: OK
2019-11-20 05:19:47.664 18122 INFO rally.task.runner [-] Task 038a406c-f7e9-46c3-8faa-692345260bf4 | ITER: 6 START
2019-11-20 05:19:47.678 18121 INFO rally.task.runner [-] Task 038a406c-f7e9-46c3-8faa-692345260bf4 | ITER: 1 END: OK
2019-11-20 05:19:47.683 18121 INFO rally.task.runner [-] Task 038a406c-f7e9-46c3-8faa-692345260bf4 | ITER: 7 START
2019-11-20 05:19:47.699 18123 INFO rally.task.runner [-] Task 038a406c-f7e9-46c3-8faa-692345260bf4 | ITER: 3 END: OK
2019-11-20 05:19:47.704 18123 INFO rally.task.runner [-] Task 038a406c-f7e9-46c3-8faa-692345260bf4 | ITER: 8 START
2019-11-20 05:19:48.413 18122 INFO rally.task.runner [-] Task 038a406c-f7e9-46c3-8faa-692345260bf4 | ITER: 6 END: OK
2019-11-20 05:19:48.417 18122 INFO rally.task.runner [-] Task 038a406c-f7e9-46c3-8faa-692345260bf4 | ITER: 9 START
2019-11-20 05:19:48.485 18126 INFO rally.task.runner [-] Task 038a406c-f7e9-46c3-8faa-692345260bf4 | ITER: 5 END: OK
2019-11-20 05:19:48.488 18126 INFO rally.task.runner [-] Task 038a406c-f7e9-46c3-8faa-692345260bf4 | ITER: 10 START
2019-11-20 05:19:48.682 18121 INFO rally.task.runner [-] Task 038a406c-f7e9-46c3-8faa-692345260bf4 | ITER: 7 END: OK
2019-11-20 05:19:48.897 18123 INFO rally.task.runner [-] Task 038a406c-f7e9-46c3-8faa-692345260bf4 | ITER: 8 END: OK
2019-11-20 05:19:49.301 18122 INFO rally.task.runner [-] Task 038a406c-f7e9-46c3-8faa-692345260bf4 | ITER: 9 END: OK
2019-11-20 05:19:49.447 18126 INFO rally.task.runner [-] Task 038a406c-f7e9-46c3-8faa-692345260bf4 | ITER: 10 END: OK
2019-11-20 05:19:49.472 13785 INFO rally.task.context [-] Task 038a406c-f7e9-46c3-8faa-692345260bf4 | Context cleanup@openstack cleanup() started
2019-11-20 05:19:49.475 13785 RALLYDEBUG rally_openstack.cleanup.manager [-] Cleaning up neutron vip objects
2019-11-20 05:19:50.687 13785 RALLYDEBUG rally_openstack.cleanup.manager [-] Cleaning up neutron health_monitor objects
2019-11-20 05:19:51.808 13785 RALLYDEBUG rally_openstack.cleanup.manager [-] Cleaning up neutron pool objects
2019-11-20 05:19:52.937 13785 RALLYDEBUG rally_openstack.cleanup.manager [-] Cleaning up neutron loadbalancer objects
2019-11-20 05:19:54.048 13785 RALLYDEBUG rally_openstack.cleanup.manager [-] Cleaning up neutron floatingip objects
2019-11-20 05:19:55.274 13785 RALLYDEBUG rally_openstack.cleanup.manager [-] Cleaning up neutron trunk objects
2019-11-20 05:19:56.413 13785 RALLYDEBUG rally_openstack.cleanup.manager [-] Cleaning up neutron port objects
2019-11-20 05:19:57.611 13785 RALLYDEBUG rally_openstack.cleanup.manager [-] Cleaning up neutron subnet objects
2019-11-20 05:19:59.025 13785 RALLYDEBUG rally_openstack.cleanup.manager [-] Cleaning up neutron network objects
2019-11-20 05:20:00.208 13785 RALLYDEBUG rally_openstack.cleanup.manager [-] Cleaning up neutron router objects
2019-11-20 05:20:01.455 13785 RALLYDEBUG rally_openstack.cleanup.manager [-] Cleaning up neutron security_group objects
2019-11-20 05:20:02.708 13785 INFO rally.task.context [-] Task 038a406c-f7e9-46c3-8faa-692345260bf4 | Context cleanup@openstack cleanup() finished in 13.24 sec
2019-11-20 05:20:02.709 13785 INFO rally.task.context [-] Task 038a406c-f7e9-46c3-8faa-692345260bf4 | Context quotas@openstack cleanup() started
2019-11-20 05:20:02.960 13785 INFO rally.task.context [-] Task 038a406c-f7e9-46c3-8faa-692345260bf4 | Context quotas@openstack cleanup() finished in 0.25 sec
2019-11-20 05:20:02.960 13785 INFO rally.task.context [-] Task 038a406c-f7e9-46c3-8faa-692345260bf4 | Context users@openstack cleanup() started
2019-11-20 05:20:07.061 13785 INFO rally.task.context [-] Task 038a406c-f7e9-46c3-8faa-692345260bf4 | Context users@openstack cleanup() finished in 4.10 sec
2019-11-20 05:20:07.558 13785 INFO rally.task.engine [-] Load duration is: 2.75
2019-11-20 05:20:07.559 13785 INFO rally.task.engine [-] Full runner duration is: 2.795562
2019-11-20 05:20:07.559 13785 INFO rally.task.engine [-] Full duration is: 23.685753
2019-11-20 05:20:07.886 13785 INFO rally.task.engine [-] Running workload: position = 0 config = { "version": 2, "title": "A cropped version of a bigger task.", "description": "Auto-generated task from a single workload (uuid=09c620d5-fd77-4d6d-92dd-35060833d12e)", "subtasks": [ { "title": "NeutronSecurityGroup.create_and_list_security_group_rules", "description": "Create and list Neutron security-group-rules.", "scenario": { "NeutronSecurityGroup.create_and_list_security_group_rules": {} }, "contexts": { "users": { "tenants": 3, "users_per_tenant": 2 }, "quotas": { "neutron": { "security_group": -1 } } }, "runner": { "constant": { "concurrency": 4, "times": 10 } }, "hooks": [], "sla": { "failure_rate": { "max": 0 } } } ] }
2019-11-20 05:20:07.910 13785 RALLYDEBUG rally_openstack.contexts.keystone.users [-] Creating 3 tenants using 20 threads
2019-11-20 05:20:08.908 13785 RALLYDEBUG rally_openstack.contexts.keystone.users [-] Creating 6 users using 20 threads
2019-11-20 05:20:10.451 13785 INFO rally.task.context [-] Task 038a406c-f7e9-46c3-8faa-692345260bf4 | Context users@openstack setup() finished in 2.54 sec
2019-11-20 05:20:11.120 13785 INFO rally.task.context [-] Task 038a406c-f7e9-46c3-8faa-692345260bf4 | Context quotas@openstack setup() finished in 0.67 sec
2019-11-20 05:20:11.121 13785 INFO rally.task.context [-] Task 038a406c-f7e9-46c3-8faa-692345260bf4 | Context cleanup@openstack setup() finished in 0.01 msec
2019-11-20 05:20:11.129 13785 RALLYDEBUG rally.task.runner [-] Starting the constant runner (task UUID: 038a406c-f7e9-46c3-8faa-692345260bf4). times: 10 concurrency: 4 timeout: 0 max_cpu_used: 16 processes_to_start: 4 concurrency_per_worker: 1 concurrency_overhead: 0
2019-11-20 05:20:11.141 18445 RALLYDEBUG rally.task.runner [-] Starting a worker. times: 10 duration: None concurrency: 1 timeout: 0 cls: method_name: run args: {}
2019-11-20 05:20:11.144 18446 RALLYDEBUG rally.task.runner [-] Starting a worker. times: 10 duration: None concurrency: 1 timeout: 0 cls: method_name: run args: {}
2019-11-20 05:20:11.147 18445 INFO rally.task.runner [-] Task 038a406c-f7e9-46c3-8faa-692345260bf4 | ITER: 1 START
2019-11-20 05:20:11.147 18447 RALLYDEBUG rally.task.runner [-] Starting a worker. times: 10 duration: None concurrency: 1 timeout: 0 cls: method_name: run args: {}
2019-11-20 05:20:11.150 18446 INFO rally.task.runner [-] Task 038a406c-f7e9-46c3-8faa-692345260bf4 | ITER: 2 START
2019-11-20 05:20:11.151 18448 RALLYDEBUG rally.task.runner [-] Starting a worker. times: 10 duration: None concurrency: 1 timeout: 0 cls: method_name: run args: {}
2019-11-20 05:20:11.154 18447 INFO rally.task.runner [-] Task 038a406c-f7e9-46c3-8faa-692345260bf4 | ITER: 3 START
2019-11-20 05:20:11.157 18448 INFO rally.task.runner [-] Task 038a406c-f7e9-46c3-8faa-692345260bf4 | ITER: 4 START
2019-11-20 05:20:11.939 18447 INFO rally.task.runner [-] Task 038a406c-f7e9-46c3-8faa-692345260bf4 | ITER: 3 END: OK
2019-11-20 05:20:11.943 18447 INFO rally.task.runner [-] Task 038a406c-f7e9-46c3-8faa-692345260bf4 | ITER: 5 START
2019-11-20 05:20:12.010 18445 INFO rally.task.runner [-] Task 038a406c-f7e9-46c3-8faa-692345260bf4 | ITER: 1 END: OK
2019-11-20 05:20:12.015 18445 INFO rally.task.runner [-] Task 038a406c-f7e9-46c3-8faa-692345260bf4 | ITER: 6 START
2019-11-20 05:20:12.018 18448 INFO rally.task.runner [-] Task 038a406c-f7e9-46c3-8faa-692345260bf4 | ITER: 4 END: OK
2019-11-20 05:20:12.022 18448 INFO rally.task.runner [-] Task 038a406c-f7e9-46c3-8faa-692345260bf4 | ITER: 7 START
2019-11-20 05:20:12.556 18446 INFO rally.task.runner [-] Task 038a406c-f7e9-46c3-8faa-692345260bf4 | ITER: 2 END: OK
2019-11-20 05:20:12.560 18446 INFO rally.task.runner [-] Task 038a406c-f7e9-46c3-8faa-692345260bf4 | ITER: 8 START
2019-11-20 05:20:12.564 18447 INFO rally.task.runner [-] Task 038a406c-f7e9-46c3-8faa-692345260bf4 | ITER: 5 END: OK
2019-11-20 05:20:12.568 18447 INFO rally.task.runner [-] Task 038a406c-f7e9-46c3-8faa-692345260bf4 | ITER: 9 START
2019-11-20 05:20:12.721 18445 INFO rally.task.runner [-] Task 038a406c-f7e9-46c3-8faa-692345260bf4 | ITER: 6 END: OK
2019-11-20 05:20:12.725 18445 INFO rally.task.runner [-] Task 038a406c-f7e9-46c3-8faa-692345260bf4 | ITER: 10 START
2019-11-20 05:20:12.766 18448 INFO rally.task.runner [-] Task 038a406c-f7e9-46c3-8faa-692345260bf4 | ITER: 7 END: OK
2019-11-20 05:20:13.223 18447 INFO rally.task.runner [-] Task 038a406c-f7e9-46c3-8faa-692345260bf4 | ITER: 9 END: OK
2019-11-20 05:20:13.237 18446 INFO rally.task.runner [-] Task 038a406c-f7e9-46c3-8faa-692345260bf4 | ITER: 8 END: OK
2019-11-20 05:20:13.334 18445 INFO rally.task.runner [-] Task 038a406c-f7e9-46c3-8faa-692345260bf4 | ITER: 10 END: OK
2019-11-20 05:20:13.365 13785 INFO rally.task.context [-] Task 038a406c-f7e9-46c3-8faa-692345260bf4 | Context cleanup@openstack cleanup() started
2019-11-20 05:20:13.369 13785 RALLYDEBUG rally_openstack.cleanup.manager [-] Cleaning up neutron vip objects
2019-11-20 05:20:14.587 13785 RALLYDEBUG rally_openstack.cleanup.manager [-] Cleaning up neutron health_monitor objects
2019-11-20 05:20:15.716 13785 RALLYDEBUG rally_openstack.cleanup.manager [-] Cleaning up neutron pool objects
2019-11-20 05:20:16.849 13785 RALLYDEBUG rally_openstack.cleanup.manager [-] Cleaning up neutron loadbalancer objects
2019-11-20 05:20:17.980 13785 RALLYDEBUG rally_openstack.cleanup.manager [-] Cleaning up neutron floatingip objects
2019-11-20 05:20:19.208 13785 RALLYDEBUG rally_openstack.cleanup.manager [-] Cleaning up neutron trunk objects
2019-11-20 05:20:20.358 13785 RALLYDEBUG rally_openstack.cleanup.manager [-] Cleaning up neutron port objects
2019-11-20 05:20:21.544 13785 RALLYDEBUG rally_openstack.cleanup.manager [-] Cleaning up neutron subnet objects
2019-11-20 05:20:22.721 13785 RALLYDEBUG rally_openstack.cleanup.manager [-] Cleaning up neutron network objects
2019-11-20 05:20:23.902 13785 RALLYDEBUG rally_openstack.cleanup.manager [-] Cleaning up neutron router objects
2019-11-20 05:20:25.138 13785 RALLYDEBUG rally_openstack.cleanup.manager [-] Cleaning up neutron security_group objects
2019-11-20 05:20:26.524 13785 RALLYDEBUG rally_openstack.cleanup.manager [-] Deleting neutron.security_group object s_rally_09c620d5_eHNh8Ewe (156f12d8-2c9d-4b3c-8077-311d71839a35)
2019-11-20 05:20:26.533 13785 RALLYDEBUG rally_openstack.cleanup.manager [-] Deleting neutron.security_group object s_rally_09c620d5_ZjwOjpxn (56afd7a8-9d3b-4559-80d8-e005e6281bbe)
2019-11-20 05:20:26.541 13785 RALLYDEBUG rally_openstack.cleanup.manager [-] Deleting neutron.security_group object s_rally_09c620d5_ZX54MRDQ (a20af45b-c5ea-4928-a983-77a618ebc3ca)
2019-11-20 05:20:26.545 13785 RALLYDEBUG rally_openstack.cleanup.manager [-] Deleting neutron.security_group object s_rally_09c620d5_UA7LUJ5f (aa14a86b-c676-4dd3-9091-51170cb9fb0d)
2019-11-20 05:20:26.561 13785 RALLYDEBUG rally_openstack.cleanup.manager [-] Deleting neutron.security_group object s_rally_09c620d5_vBxquUc3 (929df772-9445-40c5-831f-e7935472b43b)
2019-11-20 05:20:26.567 13785 RALLYDEBUG rally_openstack.cleanup.manager [-] Deleting neutron.security_group object s_rally_09c620d5_ebfJmDQi (a88ce7f6-a3bb-4d32-ac59-b14907792cb9)
2019-11-20 05:20:26.584 13785 RALLYDEBUG rally_openstack.cleanup.manager [-] Deleting neutron.security_group object s_rally_09c620d5_67ab2tFg (d6375e26-fcef-4004-a597-77ec3313d693)
2019-11-20 05:20:26.610 13785 RALLYDEBUG rally_openstack.cleanup.manager [-] Deleting neutron.security_group object s_rally_09c620d5_hu2Our5Q (ecaa9150-b939-4b1b-b702-6ebd40171bff)
2019-11-20 05:20:26.625 13785 RALLYDEBUG rally_openstack.cleanup.manager [-] Deleting neutron.security_group object s_rally_09c620d5_IdpNcJLW (51613d2b-4feb-446b-84d8-679ff8e20bcd)
2019-11-20 05:20:26.644 13785 RALLYDEBUG rally_openstack.cleanup.manager [-] Deleting neutron.security_group object s_rally_09c620d5_tx8WG4F2 (60192508-3e71-4e75-be35-0b990b2663ed)
2019-11-20 05:20:28.370 13785 INFO rally.task.context [-] Task 038a406c-f7e9-46c3-8faa-692345260bf4 | Context cleanup@openstack cleanup() finished in 15.00 sec
2019-11-20 05:20:28.371 13785 INFO rally.task.context [-] Task 038a406c-f7e9-46c3-8faa-692345260bf4 | Context quotas@openstack cleanup() started
2019-11-20 05:20:28.554 13785 INFO rally.task.context [-] Task 038a406c-f7e9-46c3-8faa-692345260bf4 | Context quotas@openstack cleanup() finished in 0.18 sec
2019-11-20 05:20:28.555 13785 INFO rally.task.context [-] Task 038a406c-f7e9-46c3-8faa-692345260bf4 | Context users@openstack cleanup() started
2019-11-20 05:20:32.617 13785 INFO rally.task.context [-] Task 038a406c-f7e9-46c3-8faa-692345260bf4 | Context users@openstack cleanup() finished in 4.06 sec
2019-11-20 05:20:34.084 13785 INFO rally.task.engine [-] Load duration is: 2.184599
2019-11-20 05:20:34.085 13785 INFO rally.task.engine [-] Full runner duration is: 2.236094
2019-11-20 05:20:34.085 13785 INFO rally.task.engine [-] Full duration is: 24.7091
2019-11-20 05:20:34.400 13785 INFO rally.task.engine [-] Running workload: position = 0 config = { "version": 2, "title": "A cropped version of a bigger task.", "description": "Auto-generated task from a single workload (uuid=8deea4d1-6ad0-4eb8-84ed-b7ea8b73d1c7)", "subtasks": [ { "title": "NeutronSecurityGroup.create_and_show_security_group", "description": "Create and show Neutron security-group.", "scenario": { "NeutronSecurityGroup.create_and_show_security_group": {} }, "contexts": { "users": { "tenants": 3, "users_per_tenant": 2 }, "quotas": { "neutron": { "security_group": -1 } } }, "runner": { "constant": { "concurrency": 4, "times": 10 } }, "hooks": [], "sla": { "failure_rate": { "max": 0 } } } ] }
2019-11-20 05:20:34.425 13785 RALLYDEBUG rally_openstack.contexts.keystone.users [-] Creating 3 tenants using 20 threads
2019-11-20 05:20:35.443 13785 RALLYDEBUG rally_openstack.contexts.keystone.users [-] Creating 6 users using 20 threads
2019-11-20 05:20:36.979 13785 INFO rally.task.context [-] Task 038a406c-f7e9-46c3-8faa-692345260bf4 | Context users@openstack setup() finished in 2.55 sec
2019-11-20 05:20:37.672 13785 INFO rally.task.context [-] Task 038a406c-f7e9-46c3-8faa-692345260bf4 | Context quotas@openstack setup() finished in 0.69 sec
2019-11-20 05:20:37.672 13785 INFO rally.task.context [-] Task 038a406c-f7e9-46c3-8faa-692345260bf4 | Context cleanup@openstack setup() finished in 0.01 msec
2019-11-20 05:20:37.681 13785 RALLYDEBUG rally.task.runner [-] Starting the constant runner (task UUID: 038a406c-f7e9-46c3-8faa-692345260bf4). times: 10 concurrency: 4 timeout: 0 max_cpu_used: 16 processes_to_start: 4 concurrency_per_worker: 1 concurrency_overhead: 0
2019-11-20 05:20:37.692 18769 RALLYDEBUG rally.task.runner [-] Starting a worker. times: 10 duration: None concurrency: 1 timeout: 0 cls: method_name: run args: {}
2019-11-20 05:20:37.695 18770 RALLYDEBUG rally.task.runner [-] Starting a worker. times: 10 duration: None concurrency: 1 timeout: 0 cls: method_name: run args: {}
2019-11-20 05:20:37.698 18769 INFO rally.task.runner [-] Task 038a406c-f7e9-46c3-8faa-692345260bf4 | ITER: 1 START
2019-11-20 05:20:37.699 18771 RALLYDEBUG rally.task.runner [-] Starting a worker. times: 10 duration: None concurrency: 1 timeout: 0 cls: method_name: run args: {}
2019-11-20 05:20:37.702 18770 INFO rally.task.runner [-] Task 038a406c-f7e9-46c3-8faa-692345260bf4 | ITER: 2 START
2019-11-20 05:20:37.704 18774 RALLYDEBUG rally.task.runner [-] Starting a worker. times: 10 duration: None concurrency: 1 timeout: 0 cls: method_name: run args: {}
2019-11-20 05:20:37.705 18771 INFO rally.task.runner [-] Task 038a406c-f7e9-46c3-8faa-692345260bf4 | ITER: 3 START
2019-11-20 05:20:37.709 18774 INFO rally.task.runner [-] Task 038a406c-f7e9-46c3-8faa-692345260bf4 | ITER: 4 START
2019-11-20 05:20:38.341 18769 INFO rally.task.runner [-] Task 038a406c-f7e9-46c3-8faa-692345260bf4 | ITER: 1 END: OK
2019-11-20 05:20:38.343 18769 INFO rally.task.runner [-] Task 038a406c-f7e9-46c3-8faa-692345260bf4 | ITER: 5 START
2019-11-20 05:20:38.417 18770 INFO rally.task.runner [-] Task 038a406c-f7e9-46c3-8faa-692345260bf4 | ITER: 2 END: OK
2019-11-20 05:20:38.419 18770 INFO rally.task.runner [-] Task 038a406c-f7e9-46c3-8faa-692345260bf4 | ITER: 6 START
2019-11-20 05:20:38.442 18774 INFO rally.task.runner [-] Task 038a406c-f7e9-46c3-8faa-692345260bf4 | ITER: 4 END: OK
2019-11-20 05:20:38.444 18774 INFO rally.task.runner [-] Task 038a406c-f7e9-46c3-8faa-692345260bf4 | ITER: 7 START
2019-11-20 05:20:38.939 18771 INFO rally.task.runner [-] Task 038a406c-f7e9-46c3-8faa-692345260bf4 | ITER: 3 END: OK
2019-11-20 05:20:38.939 18769 INFO rally.task.runner [-] Task 038a406c-f7e9-46c3-8faa-692345260bf4 | ITER: 5 END: OK
2019-11-20 05:20:38.941 18769 INFO rally.task.runner [-] Task 038a406c-f7e9-46c3-8faa-692345260bf4 | ITER: 8 START
2019-11-20 05:20:38.941 18771 INFO rally.task.runner [-] Task 038a406c-f7e9-46c3-8faa-692345260bf4 | ITER: 9 START
2019-11-20 05:20:39.036 18770 INFO rally.task.runner [-] Task 038a406c-f7e9-46c3-8faa-692345260bf4 | ITER: 6 END: OK
2019-11-20 05:20:39.038 18770 INFO rally.task.runner [-] Task 038a406c-f7e9-46c3-8faa-692345260bf4 | ITER: 10 START
2019-11-20 05:20:39.069 18774 INFO rally.task.runner [-] Task 038a406c-f7e9-46c3-8faa-692345260bf4 | ITER: 7 END: OK
2019-11-20 05:20:39.416 18769 INFO rally.task.runner [-] Task 038a406c-f7e9-46c3-8faa-692345260bf4 | ITER: 8 END: OK
2019-11-20 05:20:39.562 18770 INFO rally.task.runner [-] Task 038a406c-f7e9-46c3-8faa-692345260bf4 | ITER: 10 END: OK
2019-11-20 05:20:39.630 18771 INFO rally.task.runner [-] Task 038a406c-f7e9-46c3-8faa-692345260bf4 | ITER: 9 END: OK
2019-11-20 05:20:39.650 13785 INFO rally.task.context [-] Task 038a406c-f7e9-46c3-8faa-692345260bf4 | Context cleanup@openstack cleanup() started
2019-11-20 05:20:39.654 13785 RALLYDEBUG rally_openstack.cleanup.manager [-] Cleaning up neutron vip objects
2019-11-20 05:20:40.879 13785 RALLYDEBUG rally_openstack.cleanup.manager [-] Cleaning up neutron health_monitor objects
2019-11-20 05:20:42.004 13785 RALLYDEBUG rally_openstack.cleanup.manager [-] Cleaning up neutron pool objects
2019-11-20 05:20:43.131 13785 RALLYDEBUG rally_openstack.cleanup.manager [-] Cleaning up neutron loadbalancer objects
2019-11-20 05:20:44.252 13785 RALLYDEBUG rally_openstack.cleanup.manager [-] Cleaning up neutron floatingip objects
2019-11-20 05:20:45.491 13785 RALLYDEBUG rally_openstack.cleanup.manager [-] Cleaning up neutron trunk objects
2019-11-20 05:20:46.638 13785 RALLYDEBUG rally_openstack.cleanup.manager [-] Cleaning up neutron port objects
2019-11-20 05:20:47.842 13785 RALLYDEBUG rally_openstack.cleanup.manager [-] Cleaning up neutron subnet objects
2019-11-20 05:20:49.116 13785 RALLYDEBUG rally_openstack.cleanup.manager [-] Cleaning up neutron network objects
2019-11-20 05:20:50.305 13785 RALLYDEBUG rally_openstack.cleanup.manager [-] Cleaning up neutron router objects
2019-11-20 05:20:51.556 13785 RALLYDEBUG rally_openstack.cleanup.manager [-] Cleaning up neutron security_group objects
2019-11-20 05:20:52.867 13785 RALLYDEBUG rally_openstack.cleanup.manager [-] Deleting neutron.security_group object s_rally_8deea4d1_FJLEFF8O (11eeeb9f-de73-45ac-bc25-e2c5ce216da2)
2019-11-20 05:20:52.876 13785 RALLYDEBUG rally_openstack.cleanup.manager [-] Deleting neutron.security_group object s_rally_8deea4d1_aNtZkfiS (5dba10ec-875e-4d66-b3e1-86c46e363043)
2019-11-20 05:20:52.886 13785 RALLYDEBUG rally_openstack.cleanup.manager [-] Deleting neutron.security_group object s_rally_8deea4d1_vyyM1p6v (6fc70c77-3cc7-4ab7-98fb-3af59fe302b7)
2019-11-20 05:20:52.896 13785 RALLYDEBUG rally_openstack.cleanup.manager [-] Deleting neutron.security_group object s_rally_8deea4d1_nKnq1Pes (6479778a-0ca1-4117-8086-e0717c5d728a)
2019-11-20 05:20:52.906 13785 RALLYDEBUG rally_openstack.cleanup.manager [-] Deleting neutron.security_group object s_rally_8deea4d1_msDOF8Jx (92f21a90-e603-4428-9697-8d0cf416a6b4)
2019-11-20 05:20:52.912 13785 RALLYDEBUG rally_openstack.cleanup.manager [-] Deleting neutron.security_group object s_rally_8deea4d1_C4eeM5EL (977aa9d3-1298-46eb-99ee-ad606fa43d89)
2019-11-20 05:20:52.927 13785 RALLYDEBUG rally_openstack.cleanup.manager [-] Deleting neutron.security_group object s_rally_8deea4d1_D9MTiqAb (a47a2fe5-dea7-4b89-a81d-92d270dbf5cc)
2019-11-20 05:20:52.938 13785 RALLYDEBUG rally_openstack.cleanup.manager [-] Deleting neutron.security_group object s_rally_8deea4d1_cw1YYWDm (ddaae85d-9f71-4198-ac5a-3cd28ec5389d)
2019-11-20 05:20:52.945 13785 RALLYDEBUG rally_openstack.cleanup.manager [-] Deleting neutron.security_group object s_rally_8deea4d1_vUwRg6yF (485dee3d-352e-4d30-8d61-641825041125)
2019-11-20 05:20:52.955 13785 RALLYDEBUG rally_openstack.cleanup.manager [-] Deleting neutron.security_group object s_rally_8deea4d1_DsD4bYdL (96dd8665-5521-4d4e-8ad8-55a95cba8fd9)
2019-11-20 05:20:54.776 13785 INFO rally.task.context [-] Task 038a406c-f7e9-46c3-8faa-692345260bf4 | Context cleanup@openstack cleanup() finished in 15.13 sec
2019-11-20 05:20:54.777 13785 INFO rally.task.context [-] Task 038a406c-f7e9-46c3-8faa-692345260bf4 | Context quotas@openstack cleanup() started
2019-11-20 05:20:54.967 13785 INFO rally.task.context [-] Task 038a406c-f7e9-46c3-8faa-692345260bf4 | Context quotas@openstack cleanup() finished in 0.19 sec
2019-11-20 05:20:54.967 13785 INFO rally.task.context [-] Task 038a406c-f7e9-46c3-8faa-692345260bf4 | Context users@openstack cleanup() started
2019-11-20 05:20:59.036 13785 INFO rally.task.context [-] Task 038a406c-f7e9-46c3-8faa-692345260bf4 | Context users@openstack cleanup() finished in 4.07 sec
2019-11-20 05:21:00.567 13785 INFO rally.task.engine [-] Load duration is: 1.930639
2019-11-20 05:21:00.567 13785 INFO rally.task.engine [-] Full runner duration is: 1.969594
2019-11-20 05:21:00.567 13785 INFO rally.task.engine [-] Full duration is: 24.612771
2019-11-20 05:21:00.951 13785 INFO rally.task.engine [-] Running workload: position = 0 config = { "version": 2, "title": "A cropped version of a bigger task.", "description": "Auto-generated task from a single workload (uuid=2e0e623d-f2e0-4717-b385-d90d80a61360)", "subtasks": [ { "title": "NeutronNetworks.set_and_clear_router_gateway", "description": "Set and Remove the external network gateway from a router.", "scenario": { "NeutronNetworks.set_and_clear_router_gateway": { "network_create_args": { "router:external": true } } }, "contexts": { "users": { "tenants": 3, "users_per_tenant": 2 }, "quotas": { "neutron": { "network": -1, "router": -1 } }, "roles": [ "admin" ] }, "runner": { "constant": { "concurrency": 4, "times": 10 } }, "hooks": [], "sla": { "failure_rate": { "max": 0 } } } ] }
2019-11-20 05:21:00.975 13785 RALLYDEBUG rally_openstack.contexts.keystone.users [-] Creating 3 tenants using 20 threads
2019-11-20 05:21:01.946 13785 RALLYDEBUG rally_openstack.contexts.keystone.users [-] Creating 6 users using 20 threads
2019-11-20 05:21:03.479 13785 INFO rally.task.context [-] Task 038a406c-f7e9-46c3-8faa-692345260bf4 | Context users@openstack setup() finished in 2.50 sec
2019-11-20 05:21:04.252 13785 INFO rally.task.context [-] Task 038a406c-f7e9-46c3-8faa-692345260bf4 | Context quotas@openstack setup() finished in 0.77 sec
2019-11-20 05:21:04.959 13785 RALLYDEBUG rally_openstack.contexts.keystone.roles [-] Adding role admin having ID 42ab3095b2fb430ea90e78615e6b4146 to all users using 30 threads
2019-11-20 05:21:10.142 13785 INFO rally.task.context [-] Task 038a406c-f7e9-46c3-8faa-692345260bf4 | Context roles@openstack setup() finished in 5.89 sec
2019-11-20 05:21:10.142 13785 INFO rally.task.context [-] Task 038a406c-f7e9-46c3-8faa-692345260bf4 | Context cleanup@openstack setup() finished in 0.01 msec
2019-11-20 05:21:10.152 13785 RALLYDEBUG rally.task.runner [-] Starting the constant runner (task UUID: 038a406c-f7e9-46c3-8faa-692345260bf4). times: 10 concurrency: 4 timeout: 0 max_cpu_used: 16 processes_to_start: 4 concurrency_per_worker: 1 concurrency_overhead: 0
2019-11-20 05:21:10.163 19123 RALLYDEBUG rally.task.runner [-] Starting a worker. times: 10 duration: None concurrency: 1 timeout: 0 cls: method_name: run args: {"network_create_args": {"router:external": true}}
2019-11-20 05:21:10.167 19124 RALLYDEBUG rally.task.runner [-] Starting a worker. times: 10 duration: None concurrency: 1 timeout: 0 cls: method_name: run args: {"network_create_args": {"router:external": true}}
2019-11-20 05:21:10.170 19123 INFO rally.task.runner [-] Task 038a406c-f7e9-46c3-8faa-692345260bf4 | ITER: 1 START
2019-11-20 05:21:10.170 19125 RALLYDEBUG rally.task.runner [-] Starting a worker. times: 10 duration: None concurrency: 1 timeout: 0 cls: method_name: run args: {"network_create_args": {"router:external": true}}
2019-11-20 05:21:10.173 19124 INFO rally.task.runner [-] Task 038a406c-f7e9-46c3-8faa-692345260bf4 | ITER: 2 START
2019-11-20 05:21:10.173 19126 RALLYDEBUG rally.task.runner [-] Starting a worker. times: 10 duration: None concurrency: 1 timeout: 0 cls: method_name: run args: {"network_create_args": {"router:external": true}}
2019-11-20 05:21:10.177 19125 INFO rally.task.runner [-] Task 038a406c-f7e9-46c3-8faa-692345260bf4 | ITER: 3 START
2019-11-20 05:21:10.180 19126 INFO rally.task.runner [-] Task 038a406c-f7e9-46c3-8faa-692345260bf4 | ITER: 4 START
2019-11-20 05:21:14.356 19126 INFO rally.task.runner [-] Task 038a406c-f7e9-46c3-8faa-692345260bf4 | ITER: 4 END: OK
2019-11-20 05:21:14.361 19126 INFO rally.task.runner [-] Task 038a406c-f7e9-46c3-8faa-692345260bf4 | ITER: 5 START
2019-11-20 05:21:14.668 19125 INFO rally.task.runner [-] Task 038a406c-f7e9-46c3-8faa-692345260bf4 | ITER: 3 END: OK
2019-11-20 05:21:14.673 19125 INFO rally.task.runner [-] Task 038a406c-f7e9-46c3-8faa-692345260bf4 | ITER: 6 START
2019-11-20 05:21:15.285 19124 INFO rally.task.runner [-] Task 038a406c-f7e9-46c3-8faa-692345260bf4 | ITER: 2 END: OK
2019-11-20 05:21:15.289 19124 INFO rally.task.runner [-] Task 038a406c-f7e9-46c3-8faa-692345260bf4 | ITER: 7 START
2019-11-20 05:21:15.304 19123 INFO rally.task.runner [-] Task 038a406c-f7e9-46c3-8faa-692345260bf4 | ITER: 1 END: OK
2019-11-20 05:21:15.309 19123 INFO rally.task.runner [-] Task 038a406c-f7e9-46c3-8faa-692345260bf4 | ITER: 8 START
2019-11-20 05:21:18.515 19126 INFO rally.task.runner [-] Task 038a406c-f7e9-46c3-8faa-692345260bf4 | ITER: 5 END: OK
2019-11-20 05:21:18.519 19126 INFO rally.task.runner [-] Task 038a406c-f7e9-46c3-8faa-692345260bf4 | ITER: 9 START
2019-11-20 05:21:18.807 19125 INFO rally.task.runner [-] Task 038a406c-f7e9-46c3-8faa-692345260bf4 | ITER: 6 END: OK
2019-11-20 05:21:18.812 19125 INFO rally.task.runner [-] Task 038a406c-f7e9-46c3-8faa-692345260bf4 | ITER: 10 START
2019-11-20 05:21:18.994 19123 INFO rally.task.runner [-] Task 038a406c-f7e9-46c3-8faa-692345260bf4 | ITER: 8 END: OK
2019-11-20 05:21:19.837 19124 INFO rally.task.runner [-] Task 038a406c-f7e9-46c3-8faa-692345260bf4 | ITER: 7 END: OK
