2019-11-20 05:15:33.363 15853 INFO rally.task.runner [-] Task 038a406c-f7e9-46c3-8faa-692345260bf4 | ITER: 8 END: OK
2019-11-20 05:15:33.581 15854 RALLYDEBUG rally_openstack.wrappers.network [-] CIDR generated: 1.1.0.136/30
2019-11-20 05:15:33.743 15855 RALLYDEBUG rally_openstack.wrappers.network [-] CIDR generated: 1.1.0.140/30
2019-11-20 05:15:39.193 15854 INFO rally.task.runner [-] Task 038a406c-f7e9-46c3-8faa-692345260bf4 | ITER: 9 END: OK
2019-11-20 05:15:39.286 15855 INFO rally.task.runner [-] Task 038a406c-f7e9-46c3-8faa-692345260bf4 | ITER: 10 END: OK
2019-11-20 05:15:39.311 13785 INFO rally.task.context [-] Task 038a406c-f7e9-46c3-8faa-692345260bf4 | Context cleanup@openstack cleanup() started
2019-11-20 05:15:39.315 13785 RALLYDEBUG rally_openstack.cleanup.manager [-] Cleaning up neutron vip objects
2019-11-20 05:15:40.522 13785 RALLYDEBUG rally_openstack.cleanup.manager [-] Cleaning up neutron health_monitor objects
2019-11-20 05:15:41.641 13785 RALLYDEBUG rally_openstack.cleanup.manager [-] Cleaning up neutron pool objects
2019-11-20 05:15:42.754 13785 RALLYDEBUG rally_openstack.cleanup.manager [-] Cleaning up neutron loadbalancer objects
2019-11-20 05:15:43.875 13785 RALLYDEBUG rally_openstack.cleanup.manager [-] Cleaning up neutron floatingip objects
2019-11-20 05:15:45.092 13785 RALLYDEBUG rally_openstack.cleanup.manager [-] Cleaning up neutron trunk objects
2019-11-20 05:15:46.333 13785 RALLYDEBUG rally_openstack.cleanup.manager [-] Cleaning up neutron port objects
2019-11-20 05:15:47.717 13785 RALLYDEBUG rally_openstack.cleanup.manager [-] Cleaning up neutron subnet objects
2019-11-20 05:15:49.011 13785 RALLYDEBUG rally_openstack.cleanup.manager [-] Deleting neutron.subnet object s_rally_8c582200_0kD0tbjK (413bfe43-d19a-4d88-87d5-e09666cf518d)
2019-11-20 05:15:49.017 13785 RALLYDEBUG rally_openstack.cleanup.manager [-] Deleting neutron.subnet object s_rally_8c582200_xOMz3HDh (60c708d9-c162-4f19-bd1c-2b23618b0cd2)
2019-11-20 05:15:49.026 13785 RALLYDEBUG rally_openstack.cleanup.manager [-] Deleting neutron.subnet object s_rally_8c582200_1jdB0hzp (f2f6638d-db92-47bc-aa1b-d6933b613506)
2019-11-20 05:15:49.037 13785 RALLYDEBUG rally_openstack.cleanup.manager [-] Deleting neutron.subnet object s_rally_8c582200_vYaA6vIq (4ee5e85f-0842-4fc0-aafe-a32d4e36809d)
2019-11-20 05:15:49.047 13785 RALLYDEBUG rally_openstack.cleanup.manager [-] Deleting neutron.subnet object s_rally_8c582200_IsqEUyhC (b628d9db-a7f3-461b-845b-fffa75e24b3c)
2019-11-20 05:15:49.058 13785 RALLYDEBUG rally_openstack.cleanup.manager [-] Deleting neutron.subnet object s_rally_8c582200_YhX16jWW (becf84ad-7d70-49e6-a6e6-f92d47e53114)
2019-11-20 05:15:49.082 13785 RALLYDEBUG rally_openstack.cleanup.manager [-] Deleting neutron.subnet object s_rally_8c582200_0iu3SsAT (1d15a079-df82-43b1-af1b-a36da9298a2f)
2019-11-20 05:15:49.092 13785 RALLYDEBUG rally_openstack.cleanup.manager [-] Deleting neutron.subnet object s_rally_8c582200_6ZuE2tEx (234af2ae-9849-4f7e-aeec-3641f1ee3667)
2019-11-20 05:15:49.108 13785 RALLYDEBUG rally_openstack.cleanup.manager [-] Deleting neutron.subnet object s_rally_8c582200_eu6SXzDg (b5f62d7d-aa09-4445-b1c4-c802eaef5db1)
2019-11-20 05:15:49.117 13785 RALLYDEBUG rally_openstack.cleanup.manager [-] Deleting neutron.subnet object s_rally_8c582200_pO1J2q6l (c4481c69-ba7c-4cf5-b3f7-d333b874f7af)
2019-11-20 05:15:52.246 13785 RALLYDEBUG rally_openstack.cleanup.manager [-] Cleaning up neutron network objects
2019-11-20 05:15:53.577 13785 RALLYDEBUG rally_openstack.cleanup.manager [-] Deleting neutron.network object s_rally_8c582200_0SkqNVtA (2049cf83-f54f-459d-8697-aa81bf5e0fe5)
2019-11-20 05:15:53.586 13785 RALLYDEBUG rally_openstack.cleanup.manager [-] Deleting neutron.network object s_rally_8c582200_UuaJUhSQ (5dd71c45-af4b-452b-aba7-44b770c2dce7)
2019-11-20 05:15:53.595 13785 RALLYDEBUG rally_openstack.cleanup.manager [-] Deleting neutron.network object s_rally_8c582200_qlYs4L3R (eb54dcf1-835d-477c-8036-32c0bb5ce987)
2019-11-20 05:15:53.603 13785 RALLYDEBUG rally_openstack.cleanup.manager [-] Deleting neutron.network object s_rally_8c582200_AT05bsaS (77410bf3-524f-497f-945b-ab2c59a7918f)
2019-11-20 05:15:53.610 13785 RALLYDEBUG rally_openstack.cleanup.manager [-] Deleting neutron.network object s_rally_8c582200_QxICAMb2 (af4fdcd6-8bd0-4c2e-910c-17e52c01e0a8)
2019-11-20 05:15:53.622 13785 RALLYDEBUG rally_openstack.cleanup.manager [-] Deleting neutron.network object s_rally_8c582200_VoqhjxE0 (d905468c-6c85-4371-8c8a-42a2bed03127)
2019-11-20 05:15:53.641 13785 RALLYDEBUG rally_openstack.cleanup.manager [-] Deleting neutron.network object s_rally_8c582200_ZyxR8PNI (48d7d7c9-c947-4e72-8d4c-2c3bc634df90)
2019-11-20 05:15:53.659 13785 RALLYDEBUG rally_openstack.cleanup.manager [-] Deleting neutron.network object s_rally_8c582200_TC0zQSFP (9e1698d4-2f41-4ee1-82e4-6d0f14d4c9ec)
2019-11-20 05:15:53.672 13785 RALLYDEBUG rally_openstack.cleanup.manager [-] Deleting neutron.network object s_rally_8c582200_FDYCc0em (d21aacfc-cb51-4d9e-bc40-4e0e2d96f895)
2019-11-20 05:15:53.683 13785 RALLYDEBUG rally_openstack.cleanup.manager [-] Deleting neutron.network object s_rally_8c582200_u32BQBVz (eefc6fe4-0f91-49b0-960d-927758e6dd26)
2019-11-20 05:15:56.557 13785 RALLYDEBUG rally_openstack.cleanup.manager [-] Cleaning up neutron router objects
2019-11-20 05:15:57.817 13785 RALLYDEBUG rally_openstack.cleanup.manager [-] Cleaning up neutron security_group objects
2019-11-20 05:15:59.070 13785 INFO rally.task.context [-] Task 038a406c-f7e9-46c3-8faa-692345260bf4 | Context cleanup@openstack cleanup() finished in 19.76 sec
2019-11-20 05:15:59.070 13785 INFO rally.task.context [-] Task 038a406c-f7e9-46c3-8faa-692345260bf4 | Context quotas@openstack cleanup() started
2019-11-20 05:15:59.319 13785 INFO rally.task.context [-] Task 038a406c-f7e9-46c3-8faa-692345260bf4 | Context quotas@openstack cleanup() finished in 0.25 sec
2019-11-20 05:15:59.319 13785 INFO rally.task.context [-] Task 038a406c-f7e9-46c3-8faa-692345260bf4 | Context users@openstack cleanup() started
2019-11-20 05:16:03.280 13785 INFO rally.task.context [-] Task 038a406c-f7e9-46c3-8faa-692345260bf4 | Context users@openstack cleanup() finished in 3.96 sec
2019-11-20 05:16:03.432 13785 INFO rally.task.engine [-] Load duration is: 18.458773
2019-11-20 05:16:03.433 13785 INFO rally.task.engine [-] Full runner duration is: 18.50494
2019-11-20 05:16:03.433 13785 INFO rally.task.engine [-] Full duration is: 46.102192
2019-11-20 05:16:03.817 13785 INFO rally.task.engine [-] Running workload: position = 0 config = { "version": 2, "title": "A cropped version of a bigger task.", "description": "Auto-generated task from a single workload (uuid=a90cee04-546a-4a8e-9748-6c4469e52527)", "subtasks": [ { "title": "NeutronNetworks.create_and_delete_subnets", "description": "Create and delete a given number of subnets.", "scenario": { "NeutronNetworks.create_and_delete_subnets": { "network_create_args": {}, "subnet_cidr_start": "1.1.0.0/30", "subnet_create_args": {}, "subnets_per_network": 1 } }, "contexts": { "users": { "tenants": 3, "users_per_tenant": 2 }, "network": { "router": {} }, "quotas": { "neutron": { "network": -1, "subnet": -1 } } }, "runner": { "constant": { "concurrency": 4, "times": 10 } }, "hooks": [], "sla": { "failure_rate": { "max": 0 } } } ] }
2019-11-20 05:16:03.842 13785 RALLYDEBUG rally_openstack.contexts.keystone.users [-] Creating 3 tenants using 20 threads
2019-11-20 05:16:04.827 13785 RALLYDEBUG rally_openstack.contexts.keystone.users [-] Creating 6 users using 20 threads
2019-11-20 05:16:06.341 13785 INFO rally.task.context [-] Task 038a406c-f7e9-46c3-8faa-692345260bf4 | Context users@openstack setup() finished in 2.50 sec
2019-11-20 05:16:07.124 13785 INFO rally.task.context [-] Task 038a406c-f7e9-46c3-8faa-692345260bf4 | Context quotas@openstack setup() finished in 0.78 sec
2019-11-20 05:16:07.716 13785 RALLYDEBUG rally_openstack.wrappers.network [-] CIDR generated: 10.2.36.0/24
2019-11-20 05:16:08.525 13785 RALLYDEBUG rally_openstack.wrappers.network [-] CIDR generated: 10.2.37.0/24
2019-11-20 05:16:09.595 13785 RALLYDEBUG rally_openstack.wrappers.network [-] CIDR generated: 10.2.38.0/24
2019-11-20 05:16:10.030 13785 INFO rally.task.context [-] Task 038a406c-f7e9-46c3-8faa-692345260bf4 | Context network@openstack setup() finished in 2.91 sec
2019-11-20 05:16:10.031 13785 INFO rally.task.context [-] Task 038a406c-f7e9-46c3-8faa-692345260bf4 | Context cleanup@openstack setup() finished in 0.01 msec
2019-11-20 05:16:10.039 13785 RALLYDEBUG rally.task.runner [-] Starting the constant runner (task UUID: 038a406c-f7e9-46c3-8faa-692345260bf4). times: 10 concurrency: 4 timeout: 0 max_cpu_used: 16 processes_to_start: 4 concurrency_per_worker: 1 concurrency_overhead: 0
2019-11-20 05:16:10.050 16177 RALLYDEBUG rally.task.runner [-] Starting a worker. times: 10 duration: None concurrency: 1 timeout: 0 cls: method_name: run args: {"network_create_args": {}, "subnet_cidr_start": "1.1.0.0/30", "subnet_create_args": {}, "subnets_per_network": 1}
2019-11-20 05:16:10.054 16178 RALLYDEBUG rally.task.runner [-] Starting a worker. times: 10 duration: None concurrency: 1 timeout: 0 cls: method_name: run args: {"network_create_args": {}, "subnet_cidr_start": "1.1.0.0/30", "subnet_create_args": {}, "subnets_per_network": 1}
2019-11-20 05:16:10.057 16179 RALLYDEBUG rally.task.runner [-] Starting a worker. times: 10 duration: None concurrency: 1 timeout: 0 cls: method_name: run args: {"network_create_args": {}, "subnet_cidr_start": "1.1.0.0/30", "subnet_create_args": {}, "subnets_per_network": 1}
2019-11-20 05:16:10.058 16177 INFO rally.task.runner [-] Task 038a406c-f7e9-46c3-8faa-692345260bf4 | ITER: 1 START
2019-11-20 05:16:10.061 16177 RALLYDEBUG rally_openstack.wrappers.network [-] CIDR generated: 1.1.0.156/30
2019-11-20 05:16:10.060 16180 RALLYDEBUG rally.task.runner [-] Starting a worker. times: 10 duration: None concurrency: 1 timeout: 0 cls: method_name: run args: {"network_create_args": {}, "subnet_cidr_start": "1.1.0.0/30", "subnet_create_args": {}, "subnets_per_network": 1}
2019-11-20 05:16:10.061 16178 INFO rally.task.runner [-] Task 038a406c-f7e9-46c3-8faa-692345260bf4 | ITER: 2 START
2019-11-20 05:16:10.064 16178 RALLYDEBUG rally_openstack.wrappers.network [-] CIDR generated: 1.1.0.160/30
2019-11-20 05:16:10.064 16179 INFO rally.task.runner [-] Task 038a406c-f7e9-46c3-8faa-692345260bf4 | ITER: 3 START
2019-11-20 05:16:10.067 16179 RALLYDEBUG rally_openstack.wrappers.network [-] CIDR generated: 1.1.0.164/30
2019-11-20 05:16:10.067 16180 INFO rally.task.runner [-] Task 038a406c-f7e9-46c3-8faa-692345260bf4 | ITER: 4 START
2019-11-20 05:16:10.070 16180 RALLYDEBUG rally_openstack.wrappers.network [-] CIDR generated: 1.1.0.168/30
2019-11-20 05:16:11.485 16177 INFO rally.task.runner [-] Task 038a406c-f7e9-46c3-8faa-692345260bf4 | ITER: 1 END: OK
2019-11-20 05:16:11.490 16177 INFO rally.task.runner [-] Task 038a406c-f7e9-46c3-8faa-692345260bf4 | ITER: 5 START
2019-11-20 05:16:11.491 16177 RALLYDEBUG rally_openstack.wrappers.network [-] CIDR generated: 1.1.0.172/30
2019-11-20 05:16:11.567 16178 INFO rally.task.runner [-] Task 038a406c-f7e9-46c3-8faa-692345260bf4 | ITER: 2 END: OK
2019-11-20 05:16:11.571 16178 INFO rally.task.runner [-] Task 038a406c-f7e9-46c3-8faa-692345260bf4 | ITER: 6 START
2019-11-20 05:16:11.572 16178 RALLYDEBUG rally_openstack.wrappers.network [-] CIDR generated: 1.1.0.176/30
2019-11-20 05:16:11.667 16179 INFO rally.task.runner [-] Task 038a406c-f7e9-46c3-8faa-692345260bf4 | ITER: 3 END: OK
2019-11-20 05:16:11.672 16179 INFO rally.task.runner [-] Task 038a406c-f7e9-46c3-8faa-692345260bf4 | ITER: 7 START
2019-11-20 05:16:11.673 16179 RALLYDEBUG rally_openstack.wrappers.network [-] CIDR generated: 1.1.0.180/30
2019-11-20 05:16:11.866 16180 INFO rally.task.runner [-] Task 038a406c-f7e9-46c3-8faa-692345260bf4 | ITER: 4 END: OK
2019-11-20 05:16:11.871 16180 INFO rally.task.runner [-] Task 038a406c-f7e9-46c3-8faa-692345260bf4 | ITER: 8 START
2019-11-20 05:16:11.872 16180 RALLYDEBUG rally_openstack.wrappers.network [-] CIDR generated: 1.1.0.184/30
2019-11-20 05:16:12.820 16177 INFO rally.task.runner [-] Task 038a406c-f7e9-46c3-8faa-692345260bf4 | ITER: 5 END: OK
2019-11-20 05:16:12.824 16177 INFO rally.task.runner [-] Task 038a406c-f7e9-46c3-8faa-692345260bf4 | ITER: 9 START
2019-11-20 05:16:12.825 16177 RALLYDEBUG rally_openstack.wrappers.network [-] CIDR generated: 1.1.0.188/30
2019-11-20 05:16:13.273 16180 INFO rally.task.runner [-] Task 038a406c-f7e9-46c3-8faa-692345260bf4 | ITER: 8 END: OK
2019-11-20 05:16:13.276 16178 INFO rally.task.runner [-] Task 038a406c-f7e9-46c3-8faa-692345260bf4 | ITER: 6 END: OK
2019-11-20 05:16:13.277 16180 INFO rally.task.runner [-] Task 038a406c-f7e9-46c3-8faa-692345260bf4 | ITER: 10 START
2019-11-20 05:16:13.279 16180 RALLYDEBUG rally_openstack.wrappers.network [-] CIDR generated: 1.1.0.192/30
2019-11-20 05:16:13.971 16179 INFO rally.task.runner [-] Task 038a406c-f7e9-46c3-8faa-692345260bf4 | ITER: 7 END: OK
2019-11-20 05:16:14.385 16177 INFO rally.task.runner [-] Task 038a406c-f7e9-46c3-8faa-692345260bf4 | ITER: 9 END: OK
2019-11-20 05:16:14.532 16180 INFO rally.task.runner [-] Task 038a406c-f7e9-46c3-8faa-692345260bf4 | ITER: 10 END: OK
2019-11-20 05:16:14.555 13785 INFO rally.task.context [-] Task 038a406c-f7e9-46c3-8faa-692345260bf4 | Context cleanup@openstack cleanup() started
2019-11-20 05:16:14.558 13785 RALLYDEBUG rally_openstack.cleanup.manager [-] Cleaning up neutron vip objects
2019-11-20 05:16:15.637 13785 RALLYDEBUG rally_openstack.cleanup.manager [-] Cleaning up neutron health_monitor objects
2019-11-20 05:16:16.721 13785 RALLYDEBUG rally_openstack.cleanup.manager [-] Cleaning up neutron pool objects
2019-11-20 05:16:17.824 13785 RALLYDEBUG rally_openstack.cleanup.manager [-] Cleaning up neutron loadbalancer objects
2019-11-20 05:16:18.956 13785 RALLYDEBUG rally_openstack.cleanup.manager [-] Cleaning up neutron floatingip objects
2019-11-20 05:16:20.649 13785 RALLYDEBUG rally_openstack.cleanup.manager [-] Cleaning up neutron trunk objects
2019-11-20 05:16:21.808 13785 RALLYDEBUG rally_openstack.cleanup.manager [-] Cleaning up neutron port objects
2019-11-20 05:16:23.207 13785 RALLYDEBUG rally_openstack.cleanup.manager [-] Cleaning up neutron subnet objects
2019-11-20 05:16:24.517 13785 RALLYDEBUG rally_openstack.cleanup.manager [-] Cleaning up neutron network objects
2019-11-20 05:16:25.935 13785 RALLYDEBUG rally_openstack.cleanup.manager [-] Cleaning up neutron router objects
2019-11-20 05:16:27.376 13785 RALLYDEBUG rally_openstack.cleanup.manager [-] Cleaning up neutron security_group objects
2019-11-20 05:16:28.622 13785 INFO rally.task.context [-] Task 038a406c-f7e9-46c3-8faa-692345260bf4 | Context cleanup@openstack cleanup() finished in 14.07 sec
2019-11-20 05:16:28.623 13785 INFO rally.task.context [-] Task 038a406c-f7e9-46c3-8faa-692345260bf4 | Context network@openstack cleanup() started
2019-11-20 05:16:38.879 13785 INFO rally.task.context [-] Task 038a406c-f7e9-46c3-8faa-692345260bf4 | Context network@openstack cleanup() finished in 10.26 sec
2019-11-20 05:16:38.879 13785 INFO rally.task.context [-] Task 038a406c-f7e9-46c3-8faa-692345260bf4 | Context quotas@openstack cleanup() started
2019-11-20 05:16:39.084 13785 INFO rally.task.context [-] Task 038a406c-f7e9-46c3-8faa-692345260bf4 | Context quotas@openstack cleanup() finished in 0.20 sec
2019-11-20 05:16:39.084 13785 INFO rally.task.context [-] Task 038a406c-f7e9-46c3-8faa-692345260bf4 | Context users@openstack cleanup() started
2019-11-20 05:16:43.126 13785 INFO rally.task.context [-] Task 038a406c-f7e9-46c3-8faa-692345260bf4 | Context users@openstack cleanup() finished in 4.04 sec
2019-11-20 05:16:44.082 13785 INFO rally.task.engine [-] Load duration is: 4.472858
2019-11-20 05:16:44.083 13785 INFO rally.task.engine [-] Full runner duration is: 4.515986
2019-11-20 05:16:44.083 13785 INFO rally.task.engine [-] Full duration is: 39.286832
2019-11-20 05:16:44.392 13785 INFO rally.task.engine [-] Running workload: position = 0 config = { "version": 2, "title": "A cropped version of a bigger task.", "description": "Auto-generated task from a single workload (uuid=4f5c1c54-0447-4ee3-9d42-8b32b330a88f)", "subtasks": [ { "title": "NeutronNetworks.create_and_list_networks", "description": "Create a network and then list all networks.", "scenario": { "NeutronNetworks.create_and_list_networks": { "network_create_args": {} } }, "contexts": { "users": { "tenants": 3, "users_per_tenant": 2 }, "quotas": { "neutron": { "network": -1 } } }, "runner": { "constant": { "concurrency": 4, "times": 10 } }, "hooks": [], "sla": { "failure_rate": { "max": 0 } } } ] }
2019-11-20 05:16:44.418 13785 RALLYDEBUG rally_openstack.contexts.keystone.users [-] Creating 3 tenants using 20 threads
2019-11-20 05:16:45.431 13785 RALLYDEBUG rally_openstack.contexts.keystone.users [-] Creating 6 users using 20 threads
2019-11-20 05:16:46.946 13785 INFO rally.task.context [-] Task 038a406c-f7e9-46c3-8faa-692345260bf4 | Context users@openstack setup() finished in 2.53 sec
2019-11-20 05:16:47.706 13785 INFO rally.task.context [-] Task 038a406c-f7e9-46c3-8faa-692345260bf4 | Context quotas@openstack setup() finished in 0.76 sec
2019-11-20 05:16:47.706 13785 INFO rally.task.context [-] Task 038a406c-f7e9-46c3-8faa-692345260bf4 | Context cleanup@openstack setup() finished in 0.01 msec
2019-11-20 05:16:47.716 13785 RALLYDEBUG rally.task.runner [-] Starting the constant runner (task UUID: 038a406c-f7e9-46c3-8faa-692345260bf4). times: 10 concurrency: 4 timeout: 0 max_cpu_used: 16 processes_to_start: 4 concurrency_per_worker: 1 concurrency_overhead: 0
2019-11-20 05:16:47.728 16501 RALLYDEBUG rally.task.runner [-] Starting a worker. times: 10 duration: None concurrency: 1 timeout: 0 cls: method_name: run args: {"network_create_args": {}}
2019-11-20 05:16:47.731 16502 RALLYDEBUG rally.task.runner [-] Starting a worker. times: 10 duration: None concurrency: 1 timeout: 0 cls: method_name: run args: {"network_create_args": {}}
2019-11-20 05:16:47.734 16501 INFO rally.task.runner [-] Task 038a406c-f7e9-46c3-8faa-692345260bf4 | ITER: 1 START
2019-11-20 05:16:47.734 16503 RALLYDEBUG rally.task.runner [-] Starting a worker. times: 10 duration: None concurrency: 1 timeout: 0 cls: method_name: run args: {"network_create_args": {}}
2019-11-20 05:16:47.737 16502 INFO rally.task.runner [-] Task 038a406c-f7e9-46c3-8faa-692345260bf4 | ITER: 2 START
2019-11-20 05:16:47.738 16504 RALLYDEBUG rally.task.runner [-] Starting a worker. times: 10 duration: None concurrency: 1 timeout: 0 cls: method_name: run args: {"network_create_args": {}}
2019-11-20 05:16:47.741 16503 INFO rally.task.runner [-] Task 038a406c-f7e9-46c3-8faa-692345260bf4 | ITER: 3 START
2019-11-20 05:16:47.744 16504 INFO rally.task.runner [-] Task 038a406c-f7e9-46c3-8faa-692345260bf4 | ITER: 4 START
2019-11-20 05:16:48.614 16504 INFO rally.task.runner [-] Task 038a406c-f7e9-46c3-8faa-692345260bf4 | ITER: 4 END: OK
2019-11-20 05:16:48.618 16504 INFO rally.task.runner [-] Task 038a406c-f7e9-46c3-8faa-692345260bf4 | ITER: 5 START
2019-11-20 05:16:48.890 16501 INFO rally.task.runner [-] Task 038a406c-f7e9-46c3-8faa-692345260bf4 | ITER: 1 END: OK
2019-11-20 05:16:48.895 16501 INFO rally.task.runner [-] Task 038a406c-f7e9-46c3-8faa-692345260bf4 | ITER: 6 START
2019-11-20 05:16:48.953 16503 INFO rally.task.runner [-] Task 038a406c-f7e9-46c3-8faa-692345260bf4 | ITER: 3 END: OK
2019-11-20 05:16:48.957 16503 INFO rally.task.runner [-] Task 038a406c-f7e9-46c3-8faa-692345260bf4 | ITER: 7 START
2019-11-20 05:16:49.050 16502 INFO rally.task.runner [-] Task 038a406c-f7e9-46c3-8faa-692345260bf4 | ITER: 2 END: OK
2019-11-20 05:16:49.054 16502 INFO rally.task.runner [-] Task 038a406c-f7e9-46c3-8faa-692345260bf4 | ITER: 8 START
2019-11-20 05:16:49.264 16504 INFO rally.task.runner [-] Task 038a406c-f7e9-46c3-8faa-692345260bf4 | ITER: 5 END: OK
2019-11-20 05:16:49.268 16504 INFO rally.task.runner [-] Task 038a406c-f7e9-46c3-8faa-692345260bf4 | ITER: 9 START
2019-11-20 05:16:49.489 16501 INFO rally.task.runner [-] Task 038a406c-f7e9-46c3-8faa-692345260bf4 | ITER: 6 END: OK
2019-11-20 05:16:49.493 16501 INFO rally.task.runner [-] Task 038a406c-f7e9-46c3-8faa-692345260bf4 | ITER: 10 START
2019-11-20 05:16:49.689 16502 INFO rally.task.runner [-] Task 038a406c-f7e9-46c3-8faa-692345260bf4 | ITER: 8 END: OK
2019-11-20 05:16:49.916 16504 INFO rally.task.runner [-] Task 038a406c-f7e9-46c3-8faa-692345260bf4 | ITER: 9 END: OK
2019-11-20 05:16:49.920 16503 INFO rally.task.runner [-] Task 038a406c-f7e9-46c3-8faa-692345260bf4 | ITER: 7 END: OK
2019-11-20 05:16:50.144 16501 INFO rally.task.runner [-] Task 038a406c-f7e9-46c3-8faa-692345260bf4 | ITER: 10 END: OK
2019-11-20 05:16:50.166 13785 INFO rally.task.context [-] Task 038a406c-f7e9-46c3-8faa-692345260bf4 | Context cleanup@openstack cleanup() started
2019-11-20 05:16:50.169 13785 RALLYDEBUG rally_openstack.cleanup.manager [-] Cleaning up neutron vip objects
2019-11-20 05:16:51.394 13785 RALLYDEBUG rally_openstack.cleanup.manager [-] Cleaning up neutron health_monitor objects
2019-11-20 05:16:52.524 13785 RALLYDEBUG rally_openstack.cleanup.manager [-] Cleaning up neutron pool objects
2019-11-20 05:16:53.644 13785 RALLYDEBUG rally_openstack.cleanup.manager [-] Cleaning up neutron loadbalancer objects
2019-11-20 05:16:54.753 13785 RALLYDEBUG rally_openstack.cleanup.manager [-] Cleaning up neutron floatingip objects
2019-11-20 05:16:55.966 13785 RALLYDEBUG rally_openstack.cleanup.manager [-] Cleaning up neutron trunk objects
2019-11-20 05:16:57.104 13785 RALLYDEBUG rally_openstack.cleanup.manager [-] Cleaning up neutron port objects
2019-11-20 05:16:58.295 13785 RALLYDEBUG rally_openstack.cleanup.manager [-] Cleaning up neutron subnet objects
2019-11-20 05:16:59.469 13785 RALLYDEBUG rally_openstack.cleanup.manager [-] Cleaning up neutron network objects
2019-11-20 05:17:00.824 13785 RALLYDEBUG rally_openstack.cleanup.manager [-] Deleting neutron.network object s_rally_4f5c1c54_H4V4bUu4 (22ed3a46-c49d-4bbc-814d-e5b9b371d32c)
2019-11-20 05:17:00.834 13785 RALLYDEBUG rally_openstack.cleanup.manager [-] Deleting neutron.network object s_rally_4f5c1c54_tZg4Q0TK (6ab2b1b5-a2ea-4a30-a7a5-738df08a9adf)
2019-11-20 05:17:00.842 13785 RALLYDEBUG rally_openstack.cleanup.manager [-] Deleting neutron.network object s_rally_4f5c1c54_1MkE4x46 (e0566c64-67b3-48e7-98c3-bed7af9b6239)
2019-11-20 05:17:00.851 13785 RALLYDEBUG rally_openstack.cleanup.manager [-] Deleting neutron.network object s_rally_4f5c1c54_wM3T9dW3 (8d7285e5-8d56-495d-9004-a829a51b25b1)
2019-11-20 05:17:00.861 13785 RALLYDEBUG rally_openstack.cleanup.manager [-] Deleting neutron.network object s_rally_4f5c1c54_zoUIjhvD (0f896458-e088-46ba-8710-5a1acd33258e)
2019-11-20 05:17:00.873 13785 RALLYDEBUG rally_openstack.cleanup.manager [-] Deleting neutron.network object s_rally_4f5c1c54_szX9GuDr (269d37c3-75a2-4e91-847a-8490aeeed9d1)
2019-11-20 05:17:00.881 13785 RALLYDEBUG rally_openstack.cleanup.manager [-] Deleting neutron.network object s_rally_4f5c1c54_OkkD7it6 (8afdfa3c-76a4-451c-a2d4-3f9243704452)
2019-11-20 05:17:00.906 13785 RALLYDEBUG rally_openstack.cleanup.manager [-] Deleting neutron.network object s_rally_4f5c1c54_heLZfQcY (97738f79-cb1e-463c-a32a-d316911aeacf)
2019-11-20 05:17:00.911 13785 RALLYDEBUG rally_openstack.cleanup.manager [-] Deleting neutron.network object s_rally_4f5c1c54_CCt6LQm8 (cedc779c-7638-4b02-9dd9-dbd0f40ee7c2)
2019-11-20 05:17:00.915 13785 RALLYDEBUG rally_openstack.cleanup.manager [-] Deleting neutron.network object s_rally_4f5c1c54_HFsUaGC0 (ed5a050a-4a7a-435c-b4c6-006e2e435b6d)
2019-11-20 05:17:03.950 13785 RALLYDEBUG rally_openstack.cleanup.manager [-] Cleaning up neutron router objects
2019-11-20 05:17:05.169 13785 RALLYDEBUG rally_openstack.cleanup.manager [-] Cleaning up neutron security_group objects
2019-11-20 05:17:06.394 13785 INFO rally.task.context [-] Task 038a406c-f7e9-46c3-8faa-692345260bf4 | Context cleanup@openstack cleanup() finished in 16.23 sec
2019-11-20 05:17:06.395 13785 INFO rally.task.context [-] Task 038a406c-f7e9-46c3-8faa-692345260bf4 | Context quotas@openstack cleanup() started
2019-11-20 05:17:06.529 13785 INFO rally.task.context [-] Task 038a406c-f7e9-46c3-8faa-692345260bf4 | Context quotas@openstack cleanup() finished in 0.13 sec
2019-11-20 05:17:06.529 13785 INFO rally.task.context [-] Task 038a406c-f7e9-46c3-8faa-692345260bf4 | Context users@openstack cleanup() started
2019-11-20 05:17:10.748 13785 INFO rally.task.context [-] Task 038a406c-f7e9-46c3-8faa-692345260bf4 | Context users@openstack cleanup() finished in 4.22 sec
2019-11-20 05:17:12.582 13785 INFO rally.task.engine [-] Load duration is: 2.408762
2019-11-20 05:17:12.582 13785 INFO rally.task.engine [-] Full runner duration is: 2.45085
2019-11-20 05:17:12.583 13785 INFO rally.task.engine [-] Full duration is: 26.331972
2019-11-20 05:17:12.889 13785 INFO rally.task.engine [-] Running workload: position = 0 config = { "version": 2, "title": "A cropped version of a bigger task.", "description": "Auto-generated task from a single workload (uuid=006dcd43-0aba-428f-bfe3-bfddd07e151b)", "subtasks": [ { "title": "NeutronNetworks.create_and_list_ports", "description": "Create and a given number of ports and list all ports.", "scenario": { "NeutronNetworks.create_and_list_ports": { "network_create_args": {}, "port_create_args": {}, "ports_per_network": 1 } }, "contexts": { "users": { "tenants": 3, "users_per_tenant": 2 }, "network": { "router": {} }, "quotas": { "neutron": { "network": -1, "port": -1 } } }, "runner": { "constant": { "concurrency": 4, "times": 10 } }, "hooks": [], "sla": { "failure_rate": { "max": 0 } } } ] }
2019-11-20 05:17:12.914 13785 RALLYDEBUG rally_openstack.contexts.keystone.users [-] Creating 3 tenants using 20 threads
2019-11-20 05:17:13.844 13785 RALLYDEBUG rally_openstack.contexts.keystone.users [-] Creating 6 users using 20 threads
2019-11-20 05:17:15.448 13785 INFO rally.task.context [-] Task 038a406c-f7e9-46c3-8faa-692345260bf4 | Context users@openstack setup() finished in 2.53 sec
2019-11-20 05:17:16.284 13785 INFO rally.task.context [-] Task 038a406c-f7e9-46c3-8faa-692345260bf4 | Context quotas@openstack setup() finished in 0.84 sec
2019-11-20 05:17:16.885 13785 RALLYDEBUG rally_openstack.wrappers.network [-] CIDR generated: 10.2.49.0/24
2019-11-20 05:17:17.741 13785 RALLYDEBUG rally_openstack.wrappers.network [-] CIDR generated: 10.2.50.0/24
2019-11-20 05:17:18.873 13785 RALLYDEBUG rally_openstack.wrappers.network [-] CIDR generated: 10.2.51.0/24
2019-11-20 05:17:19.423 13785 INFO rally.task.context [-] Task 038a406c-f7e9-46c3-8faa-692345260bf4 | Context network@openstack setup() finished in 3.14 sec
2019-11-20 05:17:19.423 13785 INFO rally.task.context [-] Task 038a406c-f7e9-46c3-8faa-692345260bf4 | Context cleanup@openstack setup() finished in 0.00 msec
2019-11-20 05:17:19.432 13785 RALLYDEBUG rally.task.runner [-] Starting the constant runner (task UUID: 038a406c-f7e9-46c3-8faa-692345260bf4). times: 10 concurrency: 4 timeout: 0 max_cpu_used: 16 processes_to_start: 4 concurrency_per_worker: 1 concurrency_overhead: 0
2019-11-20 05:17:19.444 16825 RALLYDEBUG rally.task.runner [-] Starting a worker. times: 10 duration: None concurrency: 1 timeout: 0 cls: method_name: run args: {"network_create_args": {}, "port_create_args": {}, "ports_per_network": 1}
2019-11-20 05:17:19.448 16826 RALLYDEBUG rally.task.runner [-] Starting a worker. times: 10 duration: None concurrency: 1 timeout: 0 cls: method_name: run args: {"network_create_args": {}, "port_create_args": {}, "ports_per_network": 1}
2019-11-20 05:17:19.451 16825 INFO rally.task.runner [-] Task 038a406c-f7e9-46c3-8faa-692345260bf4 | ITER: 1 START
2019-11-20 05:17:19.451 16827 RALLYDEBUG rally.task.runner [-] Starting a worker. times: 10 duration: None concurrency: 1 timeout: 0 cls: method_name: run args: {"network_create_args": {}, "port_create_args": {}, "ports_per_network": 1}
2019-11-20 05:17:19.455 16826 INFO rally.task.runner [-] Task 038a406c-f7e9-46c3-8faa-692345260bf4 | ITER: 2 START
2019-11-20 05:17:19.455 16828 RALLYDEBUG rally.task.runner [-] Starting a worker. times: 10 duration: None concurrency: 1 timeout: 0 cls: method_name: run args: {"network_create_args": {}, "port_create_args": {}, "ports_per_network": 1}
2019-11-20 05:17:19.458 16827 INFO rally.task.runner [-] Task 038a406c-f7e9-46c3-8faa-692345260bf4 | ITER: 3 START
2019-11-20 05:17:19.462 16828 INFO rally.task.runner [-] Task 038a406c-f7e9-46c3-8faa-692345260bf4 | ITER: 4 START
2019-11-20 05:17:20.534 16825 INFO rally.task.runner [-] Task 038a406c-f7e9-46c3-8faa-692345260bf4 | ITER: 1 END: OK
2019-11-20 05:17:20.538 16826 INFO rally.task.runner [-] Task 038a406c-f7e9-46c3-8faa-692345260bf4 | ITER: 2 END: OK
2019-11-20 05:17:20.539 16825 INFO rally.task.runner [-] Task 038a406c-f7e9-46c3-8faa-692345260bf4 | ITER: 5 START
2019-11-20 05:17:20.540 16827 INFO rally.task.runner [-] Task 038a406c-f7e9-46c3-8faa-692345260bf4 | ITER: 3 END: OK
2019-11-20 05:17:20.543 16826 INFO rally.task.runner [-] Task 038a406c-f7e9-46c3-8faa-692345260bf4 | ITER: 6 START
2019-11-20 05:17:20.545 16827 INFO rally.task.runner [-] Task 038a406c-f7e9-46c3-8faa-692345260bf4 | ITER: 7 START
2019-11-20 05:17:20.570 16828 INFO rally.task.runner [-] Task 038a406c-f7e9-46c3-8faa-692345260bf4 | ITER: 4 END: OK
2019-11-20 05:17:20.574 16828 INFO rally.task.runner [-] Task 038a406c-f7e9-46c3-8faa-692345260bf4 | ITER: 8 START
2019-11-20 05:17:21.482 16827 INFO rally.task.runner [-] Task 038a406c-f7e9-46c3-8faa-692345260bf4 | ITER: 7 END: OK
2019-11-20 05:17:21.486 16827 INFO rally.task.runner [-] Task 038a406c-f7e9-46c3-8faa-692345260bf4 | ITER: 9 START
2019-11-20 05:17:21.537 16826 INFO rally.task.runner [-] Task 038a406c-f7e9-46c3-8faa-692345260bf4 | ITER: 6 END: OK
2019-11-20 05:17:21.541 16826 INFO rally.task.runner [-] Task 038a406c-f7e9-46c3-8faa-692345260bf4 | ITER: 10 START
2019-11-20 05:17:21.604 16825 INFO rally.task.runner [-] Task 038a406c-f7e9-46c3-8faa-692345260bf4 | ITER: 5 END: OK
2019-11-20 05:17:21.610 16828 INFO rally.task.runner [-] Task 038a406c-f7e9-46c3-8faa-692345260bf4 | ITER: 8 END: OK
2019-11-20 05:17:22.726 16827 INFO rally.task.runner [-] Task 038a406c-f7e9-46c3-8faa-692345260bf4 | ITER: 9 END: OK
2019-11-20 05:17:22.846 16826 INFO rally.task.runner [-] Task 038a406c-f7e9-46c3-8faa-692345260bf4 | ITER: 10 END: OK
2019-11-20 05:17:22.874 13785 INFO rally.task.context [-] Task 038a406c-f7e9-46c3-8faa-692345260bf4 | Context cleanup@openstack cleanup() started
2019-11-20 05:17:22.878 13785 RALLYDEBUG rally_openstack.cleanup.manager [-] Cleaning up neutron vip objects
2019-11-20 05:17:23.993 13785 RALLYDEBUG rally_openstack.cleanup.manager [-] Cleaning up neutron health_monitor objects
2019-11-20 05:17:25.079 13785 RALLYDEBUG rally_openstack.cleanup.manager [-] Cleaning up neutron pool objects
2019-11-20 05:17:26.157 13785 RALLYDEBUG rally_openstack.cleanup.manager [-] Cleaning up neutron loadbalancer objects
2019-11-20 05:17:27.251 13785 RALLYDEBUG rally_openstack.cleanup.manager [-] Cleaning up neutron floatingip objects
2019-11-20 05:17:28.667 13785 RALLYDEBUG rally_openstack.cleanup.manager [-] Cleaning up neutron trunk objects
2019-11-20 05:17:29.814 13785 RALLYDEBUG rally_openstack.cleanup.manager [-] Cleaning up neutron port objects
2019-11-20 05:17:31.144 13785 RALLYDEBUG rally_openstack.cleanup.manager [-] Deleting neutron.port object s_rally_006dcd43_OJJEInzL (172558ad-10a7-4f0d-a9a3-1d8cb98258b3)
2019-11-20 05:17:31.150 13785 RALLYDEBUG rally_openstack.cleanup.manager [-] Deleting neutron.port object s_rally_006dcd43_yWnq9Ze3 (fe31dbeb-f103-4242-a7f6-1250100a6dee)
2019-11-20 05:17:31.162 13785 RALLYDEBUG rally_openstack.cleanup.manager [-] Deleting neutron.port object s_rally_006dcd43_f3Wue3j0 (57142818-0891-4608-b853-ab436cb2b918)
2019-11-20 05:17:31.170 13785 RALLYDEBUG rally_openstack.cleanup.manager [-] Deleting neutron.port object s_rally_006dcd43_c3wGQfr4 (6c8503c7-cf92-43e2-b114-a11fe0e643a1)
2019-11-20 05:17:31.178 13785 RALLYDEBUG rally_openstack.cleanup.manager [-] Deleting neutron.port object s_rally_006dcd43_lWfc1lXw (8c568cbb-0c48-4a7c-a239-9deaae4d6439)
2019-11-20 05:17:31.188 13785 RALLYDEBUG rally_openstack.cleanup.manager [-] Deleting neutron.port object s_rally_006dcd43_PngqaVNc (db6ba1b4-7c26-476d-9917-d11493c7ed11)
2019-11-20 05:17:31.198 13785 RALLYDEBUG rally_openstack.cleanup.manager [-] Deleting neutron.port object s_rally_006dcd43_tsQx1t0o (6e34bd38-310b-45aa-8c91-542f46ba2ae8)
2019-11-20 05:17:31.215 13785 RALLYDEBUG rally_openstack.cleanup.manager [-] Deleting neutron.port object s_rally_006dcd43_YaUftkgJ (4ec2fd63-1f79-4618-9947-ab688f4c9243)
2019-11-20 05:17:31.224 13785 RALLYDEBUG rally_openstack.cleanup.manager [-] Deleting neutron.port object s_rally_006dcd43_LiMPO6Wa (d95087a4-b770-48f9-b186-58b2de6ab26a)
2019-11-20 05:17:31.236 13785 RALLYDEBUG rally_openstack.cleanup.manager [-] Deleting neutron.port object s_rally_006dcd43_Y6QLhi8l (b51ca60e-3a9a-4983-a29a-343e96bf2ade)
2019-11-20 05:17:33.428 13785 RALLYDEBUG rally_openstack.cleanup.manager [-] Cleaning up neutron subnet objects
2019-11-20 05:17:34.710 13785 RALLYDEBUG rally_openstack.cleanup.manager [-] Cleaning up neutron network objects
2019-11-20 05:17:36.109 13785 RALLYDEBUG rally_openstack.cleanup.manager [-] Cleaning up neutron router objects
2019-11-20 05:17:37.332 13785 RALLYDEBUG rally_openstack.cleanup.manager [-] Cleaning up neutron security_group objects
2019-11-20 05:17:38.653 13785 INFO rally.task.context [-] Task 038a406c-f7e9-46c3-8faa-692345260bf4 | Context cleanup@openstack cleanup() finished in 15.78 sec
2019-11-20 05:17:38.653 13785 INFO rally.task.context [-] Task 038a406c-f7e9-46c3-8faa-692345260bf4 | Context network@openstack cleanup() started
2019-11-20 05:17:49.815 13785 INFO rally.task.context [-] Task 038a406c-f7e9-46c3-8faa-692345260bf4 | Context network@openstack cleanup() finished in 11.16 sec
2019-11-20 05:17:49.815 13785 INFO rally.task.context [-] Task 038a406c-f7e9-46c3-8faa-692345260bf4 | Context quotas@openstack cleanup() started
2019-11-20 05:17:50.004 13785 INFO rally.task.context [-] Task 038a406c-f7e9-46c3-8faa-692345260bf4 | Context quotas@openstack cleanup() finished in 0.19 sec
2019-11-20 05:17:50.005 13785 INFO rally.task.context [-] Task 038a406c-f7e9-46c3-8faa-692345260bf4 | Context users@openstack cleanup() started
2019-11-20 05:17:53.953 13785 INFO rally.task.context [-] Task 038a406c-f7e9-46c3-8faa-692345260bf4 | Context users@openstack cleanup() finished in 3.95 sec
2019-11-20 05:17:55.127 13785 INFO rally.task.engine [-] Load duration is: 3.394053
2019-11-20 05:17:55.127 13785 INFO rally.task.engine [-] Full runner duration is: 3.442357
2019-11-20 05:17:55.128 13785 INFO rally.task.engine [-] Full duration is: 41.04229
2019-11-20 05:17:55.483 13785 INFO rally.task.engine [-] Running workload: position = 0 config = { "version": 2, "title": "A cropped version of a bigger task.", "description": "Auto-generated task from a single workload (uuid=84d64b04-a2c0-4578-bc2c-766bf05c545f)", "subtasks": [ { "title": "NeutronNetworks.create_and_list_routers", "description": "Create and a given number of routers and list all routers.", "scenario": { "NeutronNetworks.create_and_list_routers": { "network_create_args": {}, "router_create_args": {}, "subnet_cidr_start": "1.1.0.0/30", "subnet_create_args": {}, "subnets_per_network": 1 } }, "contexts": { "users": { "tenants": 3, "users_per_tenant": 2 }, "quotas": { "neutron": { "network": -1, "subnet": -1, "router": -1 } } }, "runner": { "constant": { "concurrency": 4, "times": 10 } }, "hooks": [], "sla": { "failure_rate": { "max": 0 } } } ] }
2019-11-20 05:17:55.511 13785 RALLYDEBUG rally_openstack.contexts.keystone.users [-] Creating 3 tenants using 20 threads
2019-11-20 05:17:56.530 13785 RALLYDEBUG rally_openstack.contexts.keystone.users [-] Creating 6 users using 20 threads
2019-11-20 05:17:58.081 13785 INFO rally.task.context [-] Task 038a406c-f7e9-46c3-8faa-692345260bf4 | Context users@openstack setup() finished in 2.57 sec
2019-11-20 05:17:58.916 13785 INFO rally.task.context [-] Task 038a406c-f7e9-46c3-8faa-692345260bf4 | Context quotas@openstack setup() finished in 0.83 sec
2019-11-20 05:17:58.916 13785 INFO rally.task.context [-] Task 038a406c-f7e9-46c3-8faa-692345260bf4 | Context cleanup@openstack setup() finished in 0.02 msec
2019-11-20 05:17:58.926 13785 RALLYDEBUG rally.task.runner [-] Starting the constant runner (task UUID: 038a406c-f7e9-46c3-8faa-692345260bf4). times: 10 concurrency: 4 timeout: 0 max_cpu_used: 16 processes_to_start: 4 concurrency_per_worker: 1 concurrency_overhead: 0
2019-11-20 05:17:58.938 17149 RALLYDEBUG rally.task.runner [-] Starting a worker. times: 10 duration: None concurrency: 1 timeout: 0 cls: method_name: run args: {"network_create_args": {}, "router_create_args": {}, "subnet_cidr_start": "1.1.0.0/30", "subnet_create_args": {}, "subnets_per_network": 1}
2019-11-20 05:17:58.941 17150 RALLYDEBUG rally.task.runner [-] Starting a worker. times: 10 duration: None concurrency: 1 timeout: 0 cls: method_name: run args: {"network_create_args": {}, "router_create_args": {}, "subnet_cidr_start": "1.1.0.0/30", "subnet_create_args": {}, "subnets_per_network": 1}
2019-11-20 05:17:58.944 17149 INFO rally.task.runner [-] Task 038a406c-f7e9-46c3-8faa-692345260bf4 | ITER: 1 START
2019-11-20 05:17:58.944 17151 RALLYDEBUG rally.task.runner [-] Starting a worker. times: 10 duration: None concurrency: 1 timeout: 0 cls: method_name: run args: {"network_create_args": {}, "router_create_args": {}, "subnet_cidr_start": "1.1.0.0/30", "subnet_create_args": {}, "subnets_per_network": 1}
2019-11-20 05:17:58.948 17150 INFO rally.task.runner [-] Task 038a406c-f7e9-46c3-8faa-692345260bf4 | ITER: 2 START
2019-11-20 05:17:58.948 17152 RALLYDEBUG rally.task.runner [-] Starting a worker. times: 10 duration: None concurrency: 1 timeout: 0 cls: method_name: run args: {"network_create_args": {}, "router_create_args": {}, "subnet_cidr_start": "1.1.0.0/30", "subnet_create_args": {}, "subnets_per_network": 1}
2019-11-20 05:17:58.951 17151 INFO rally.task.runner [-] Task 038a406c-f7e9-46c3-8faa-692345260bf4 | ITER: 3 START
2019-11-20 05:17:58.954 17152 INFO rally.task.runner [-] Task 038a406c-f7e9-46c3-8faa-692345260bf4 | ITER: 4 START
2019-11-20 05:17:59.605 17149 RALLYDEBUG rally_openstack.wrappers.network [-] CIDR generated: 1.1.0.208/30
2019-11-20 05:17:59.624 17151 RALLYDEBUG rally_openstack.wrappers.network [-] CIDR generated: 1.1.0.212/30
2019-11-20 05:18:00.123 17150 RALLYDEBUG rally_openstack.wrappers.network [-] CIDR generated: 1.1.0.216/30
2019-11-20 05:18:00.131 17152 RALLYDEBUG rally_openstack.wrappers.network [-] CIDR generated: 1.1.0.220/30
2019-11-20 05:18:02.100 17149 INFO rally.task.runner [-] Task 038a406c-f7e9-46c3-8faa-692345260bf4 | ITER: 1 END: OK
2019-11-20 05:18:02.105 17149 INFO rally.task.runner [-] Task 038a406c-f7e9-46c3-8faa-692345260bf4 | ITER: 5 START
2019-11-20 05:18:02.603 17151 INFO rally.task.runner [-] Task 038a406c-f7e9-46c3-8faa-692345260bf4 | ITER: 3 END: OK
2019-11-20 05:18:02.607 17151 INFO rally.task.runner [-] Task 038a406c-f7e9-46c3-8faa-692345260bf4 | ITER: 6 START
2019-11-20 05:18:02.643 17149 RALLYDEBUG rally_openstack.wrappers.network [-] CIDR generated: 1.1.0.224/30
2019-11-20 05:18:02.659 17150 INFO rally.task.runner [-] Task 038a406c-f7e9-46c3-8faa-692345260bf4 | ITER: 2 END: OK
2019-11-20 05:18:02.663 17150 INFO rally.task.runner [-] Task 038a406c-f7e9-46c3-8faa-692345260bf4 | ITER: 7 START
2019-11-20 05:18:02.743 17152 INFO rally.task.runner [-] Task 038a406c-f7e9-46c3-8faa-692345260bf4 | ITER: 4 END: OK
2019-11-20 05:18:02.748 17152 INFO rally.task.runner [-] Task 038a406c-f7e9-46c3-8faa-692345260bf4 | ITER: 8 START
2019-11-20 05:18:03.092 17151 RALLYDEBUG rally_openstack.wrappers.network [-] CIDR generated: 1.1.0.228/30
2019-11-20 05:18:03.226 17152 RALLYDEBUG rally_openstack.wrappers.network [-] CIDR generated: 1.1.0.232/30
2019-11-20 05:18:03.377 17150 RALLYDEBUG rally_openstack.wrappers.network [-] CIDR generated: 1.1.0.236/30
2019-11-20 05:18:06.130 17150 INFO rally.task.runner [-] Task 038a406c-f7e9-46c3-8faa-692345260bf4 | ITER: 7 END: OK
2019-11-20 05:18:06.134 17150 INFO rally.task.runner [-] Task 038a406c-f7e9-46c3-8faa-692345260bf4 | ITER: 9 START
2019-11-20 05:18:06.233 17151 INFO rally.task.runner [-] Task 038a406c-f7e9-46c3-8faa-692345260bf4 | ITER: 6 END: OK
2019-11-20 05:18:06.237 17151 INFO rally.task.runner [-] Task 038a406c-f7e9-46c3-8faa-692345260bf4 | ITER: 10 START
2019-11-20 05:18:06.354 17149 INFO rally.task.runner [-] Task 038a406c-f7e9-46c3-8faa-692345260bf4 | ITER: 5 END: OK
2019-11-20 05:18:06.606 17150 RALLYDEBUG rally_openstack.wrappers.network [-] CIDR generated: 1.1.0.240/30
2019-11-20 05:18:06.645 17152 INFO rally.task.runner [-] Task 038a406c-f7e9-46c3-8faa-692345260bf4 | ITER: 8 END: OK
2019-11-20 05:18:06.736 17151 RALLYDEBUG rally_openstack.wrappers.network [-] CIDR generated: 1.1.0.244/30
2019-11-20 05:18:09.015 17150 INFO rally.task.runner [-] Task 038a406c-f7e9-46c3-8faa-692345260bf4 | ITER: 9 END: OK
2019-11-20 05:18:09.265 17151 INFO rally.task.runner [-] Task 038a406c-f7e9-46c3-8faa-692345260bf4 | ITER: 10 END: OK
2019-11-20 05:18:09.289 13785 INFO rally.task.context [-] Task 038a406c-f7e9-46c3-8faa-692345260bf4 | Context cleanup@openstack cleanup() started
2019-11-20 05:18:09.293 13785 RALLYDEBUG rally_openstack.cleanup.manager [-] Cleaning up neutron vip objects
2019-11-20 05:18:10.441 13785 RALLYDEBUG rally_openstack.cleanup.manager [-] Cleaning up neutron health_monitor objects
2019-11-20 05:18:11.510 13785 RALLYDEBUG rally_openstack.cleanup.manager [-] Cleaning up neutron pool objects
2019-11-20 05:18:12.591 13785 RALLYDEBUG rally_openstack.cleanup.manager [-] Cleaning up neutron loadbalancer objects
2019-11-20 05:18:13.661 13785 RALLYDEBUG rally_openstack.cleanup.manager [-] Cleaning up neutron floatingip objects
2019-11-20 05:18:14.846 13785 RALLYDEBUG rally_openstack.cleanup.manager [-] Cleaning up neutron trunk objects
2019-11-20 05:18:15.970 13785 RALLYDEBUG rally_openstack.cleanup.manager [-] Cleaning up neutron port objects
2019-11-20 05:18:17.600 13785 RALLYDEBUG rally_openstack.cleanup.manager [-] Deleting neutron.port object s_rally_84d64b04_KpyidjtL (06aec014-37f4-4eaf-9587-45e899e395ef)
2019-11-20 05:18:17.610 13785 RALLYDEBUG rally_openstack.cleanup.manager [-] Deleting neutron.port object s_rally_84d64b04_3csdRHbQ (146b2553-c36a-49c6-8f59-671864367fe0)
2019-11-20 05:18:17.626 13785 RALLYDEBUG rally_openstack.cleanup.manager [-] Deleting neutron.port object s_rally_84d64b04_6OawNucP (b37acc1b-afad-403b-88c9-85405411a329)
2019-11-20 05:18:17.643 13785 RALLYDEBUG rally_openstack.cleanup.manager [-] Deleting neutron.port object s_rally_84d64b04_uHsrJ4Vr (df16c1fc-242c-4736-a03a-1f8e1ee32f9d)
2019-11-20 05:18:17.645 13785 RALLYDEBUG rally_openstack.cleanup.manager [-] Deleting neutron.port object s_rally_84d64b04_7bGERGLM (d9ada171-d143-4cab-8032-0a8410f4bfb5)
2019-11-20 05:18:17.658 13785 RALLYDEBUG rally_openstack.cleanup.manager [-] Deleting neutron.port object s_rally_84d64b04_yYhp70PW (0d41ecf6-4cbe-4ecc-ab8d-9a18fa808923)
2019-11-20 05:18:17.671 13785 RALLYDEBUG rally_openstack.cleanup.manager [-] Deleting neutron.port object s_rally_84d64b04_alxe0nyA (41bee2df-12f4-4324-9a2e-6872eadba516)
2019-11-20 05:18:17.672 13785 RALLYDEBUG rally_openstack.cleanup.manager [-] Deleting neutron.port object s_rally_84d64b04_47E41hsO (56227533-7eef-4334-96d5-6ee518ba0e0a)
2019-11-20 05:18:17.691 13785 RALLYDEBUG rally_openstack.cleanup.manager [-] Deleting neutron.port object s_rally_84d64b04_FCmaZSjp (7242905d-2385-4e87-baf0-94523e253f16)
2019-11-20 05:18:17.701 13785 RALLYDEBUG rally_openstack.cleanup.manager [-] Deleting neutron.port object s_rally_84d64b04_hsYZGLcp (da7751a0-1c05-4c80-a0cf-4dd81c766d79)
2019-11-20 05:18:23.594 13785 RALLYDEBUG rally_openstack.cleanup.manager [-] Cleaning up neutron subnet objects
2019-11-20 05:18:24.853 13785 RALLYDEBUG rally_openstack.cleanup.manager [-] Deleting neutron.subnet object s_rally_84d64b04_ri63QEFW (12d1432c-eaab-470b-a95d-663d3e429f0c)
2019-11-20 05:18:24.863 13785 RALLYDEBUG rally_openstack.cleanup.manager [-] Deleting neutron.subnet object s_rally_84d64b04_7wZs5Nkz (3cce1358-6ad1-449b-94b3-4dd5aed191d4)
2019-11-20 05:18:24.871 13785 RALLYDEBUG rally_openstack.cleanup.manager [-] Deleting neutron.subnet object s_rally_84d64b04_2UPJ6kxC (69635ba7-2b96-432e-a922-0ceb34c02098)
2019-11-20 05:18:24.875 13785 RALLYDEBUG rally_openstack.cleanup.manager [-] Deleting neutron.subnet object s_rally_84d64b04_32Vc9NzM (d1b8be19-504e-4b98-a2e9-b71a56d35d0e)
2019-11-20 05:18:24.879 13785 RALLYDEBUG rally_openstack.cleanup.manager [-] Deleting neutron.subnet object s_rally_84d64b04_6amKJ95N (f4c45792-6f06-4911-b79b-e7f57596c60e)
2019-11-20 05:18:24.883 13785 RALLYDEBUG rally_openstack.cleanup.manager [-] Deleting neutron.subnet object s_rally_84d64b04_stGhnrtw (0b0b1762-61e6-45ea-bee5-0d0733cfd3f8)
2019-11-20 05:18:24.898 13785 RALLYDEBUG rally_openstack.cleanup.manager [-] Deleting neutron.subnet object s_rally_84d64b04_rPnz48eU (1918288c-86a0-497f-ad1a-acda12d4da1d)
2019-11-20 05:18:24.911 13785 RALLYDEBUG rally_openstack.cleanup.manager [-] Deleting neutron.subnet object s_rally_84d64b04_duZJkL6T (6cee383e-1f6e-416e-a708-8186d9980ed0)
2019-11-20 05:18:24.925 13785 RALLYDEBUG rally_openstack.cleanup.manager [-] Deleting neutron.subnet object s_rally_84d64b04_GQNSm1T9 (751678e0-c02c-44b8-ab9f-603a458a2448)
2019-11-20 05:18:24.933 13785 RALLYDEBUG rally_openstack.cleanup.manager [-] Deleting neutron.subnet object s_rally_84d64b04_Rn6EbOHW (a2b89ebf-95d5-4e87-aa4c-6dc444373adc)
2019-11-20 05:18:29.079 13785 RALLYDEBUG rally_openstack.cleanup.manager [-] Cleaning up neutron network objects
2019-11-20 05:18:30.578 13785 RALLYDEBUG rally_openstack.cleanup.manager [-] Deleting neutron.network object s_rally_84d64b04_tPhNY7DF (0ce55519-6ca6-4f95-9cce-0250129600f3)
2019-11-20 05:18:30.587 13785 RALLYDEBUG rally_openstack.cleanup.manager [-] Deleting neutron.network object s_rally_84d64b04_yh5HuSJH (16ed7c1c-5c0b-4d9d-83d7-8fd2c4f273ea)
2019-11-20 05:18:30.595 13785 RALLYDEBUG rally_openstack.cleanup.manager [-] Deleting neutron.network object s_rally_84d64b04_STsr0xhF (4499a9a4-76f3-4513-8511-02c2bdbdbe18)
2019-11-20 05:18:30.603 13785 RALLYDEBUG rally_openstack.cleanup.manager [-] Deleting neutron.network object s_rally_84d64b04_jh5CJUWT (6d3449c6-6242-4ae5-80aa-17fb171b1b2e)
2019-11-20 05:18:30.611 13785 RALLYDEBUG rally_openstack.cleanup.manager [-] Deleting neutron.network object s_rally_84d64b04_nf3PCqKp (9a96a5a7-4ed4-4647-b73c-47a189848811)
2019-11-20 05:18:30.620 13785 RALLYDEBUG rally_openstack.cleanup.manager [-] Deleting neutron.network object s_rally_84d64b04_5QcpQbrb (040a52aa-e4b5-49ea-b06e-b9e3fb7fdb94)
2019-11-20 05:18:30.628 13785 RALLYDEBUG rally_openstack.cleanup.manager [-] Deleting neutron.network object s_rally_84d64b04_k2TsgB9N (9bf72edc-0b60-4c17-a925-09c54f4d35a5)
2019-11-20 05:18:30.634 13785 RALLYDEBUG rally_openstack.cleanup.manager [-] Deleting neutron.network object s_rally_84d64b04_OQy1CQQU (ae47e651-d39d-4d7d-a0a1-4660a040fc17)
2019-11-20 05:18:30.652 13785 RALLYDEBUG rally_openstack.cleanup.manager [-] Deleting neutron.network object s_rally_84d64b04_SzfXj3Pb (c2e91e48-9c45-4a1c-aa3e-cc2b8f953286)
2019-11-20 05:18:30.662 13785 RALLYDEBUG rally_openstack.cleanup.manager [-] Deleting neutron.network object s_rally_84d64b04_Ip0LifUi (fb5a5dc2-d4cf-4a4d-8da7-a7c6e963bff6)
2019-11-20 05:18:33.891 13785 RALLYDEBUG rally_openstack.cleanup.manager [-] Cleaning up neutron router objects
2019-11-20 05:18:35.436 13785 RALLYDEBUG rally_openstack.cleanup.manager [-] Deleting neutron.router object s_rally_84d64b04_3csdRHbQ (0c151cac-e625-4ff4-8322-476587509a11)
2019-11-20 05:18:35.445 13785 RALLYDEBUG rally_openstack.cleanup.manager [-] Deleting neutron.router object s_rally_84d64b04_7bGERGLM (73aa88e8-069d-4bf5-8eb2-3baf23ac08fd)
2019-11-20 05:18:35.454 13785 RALLYDEBUG rally_openstack.cleanup.manager [-] Deleting neutron.router object s_rally_84d64b04_uHsrJ4Vr (a80b4761-cc09-4a58-bc87-b54917cdd9fe)
2019-11-20 05:18:35.457 13785 RALLYDEBUG rally_openstack.cleanup.manager [-] Deleting neutron.router object s_rally_84d64b04_6OawNucP (b2338cd2-8652-47cc-8149-23a6155600ec)
2019-11-20 05:18:35.465 13785 RALLYDEBUG rally_openstack.cleanup.manager [-] Deleting neutron.router object s_rally_84d64b04_KpyidjtL (e326c509-596c-4369-b3aa-7987bc12d6ae)
2019-11-20 05:18:35.475 13785 RALLYDEBUG rally_openstack.cleanup.manager [-] Deleting neutron.router object s_rally_84d64b04_47E41hsO (923b485d-1088-4fd0-93fa-e2bfa18726e6)
2019-11-20 05:18:35.478 13785 RALLYDEBUG rally_openstack.cleanup.manager [-] Deleting neutron.router object s_rally_84d64b04_hsYZGLcp (aeb593d3-7302-4765-9419-e9c546726f8c)
2019-11-20 05:18:35.483 13785 RALLYDEBUG rally_openstack.cleanup.manager [-] Deleting neutron.router object s_rally_84d64b04_yYhp70PW (c62ee992-c609-47e2-b35e-9c7900441aac)
2019-11-20 05:18:35.496 13785 RALLYDEBUG rally_openstack.cleanup.manager [-] Deleting neutron.router object s_rally_84d64b04_FCmaZSjp (d4b8add1-ebe2-4f5e-aa0a-c77d10b4afb4)
2019-11-20 05:18:35.509 13785 RALLYDEBUG rally_openstack.cleanup.manager [-] Deleting neutron.router object s_rally_84d64b04_alxe0nyA (ef35ecd1-897a-41d9-aa10-8baae3aada84)
2019-11-20 05:18:37.847 13785 RALLYDEBUG rally_openstack.cleanup.manager [-] Cleaning up neutron security_group objects
2019-11-20 05:18:39.133 13785 INFO rally.task.context [-] Task 038a406c-f7e9-46c3-8faa-692345260bf4 | Context cleanup@openstack cleanup() finished in 29.84 sec
2019-11-20 05:18:39.133 13785 INFO rally.task.context [-] Task 038a406c-f7e9-46c3-8faa-692345260bf4 | Context quotas@openstack cleanup() started
