2019-11-20 05:10:28.523 11675 RALLYDEBUG rally_openstack.cleanup.manager [-] Deleting keystone.user object s_rally_e5a0e506_FcEYCTwb (5399ee7a28524923948f492ceee0c5cf)
2019-11-20 05:10:28.540 11675 RALLYDEBUG rally_openstack.cleanup.manager [-] Deleting keystone.user object s_rally_e5a0e506_SK5QwnRG (8f387fef811046e3810c3b7820983e80)
2019-11-20 05:10:28.548 11675 RALLYDEBUG rally_openstack.cleanup.manager [-] Deleting keystone.user object s_rally_e5a0e506_xMidBkOO (aa337243c8c645f09557e815e68a5e5c)
2019-11-20 05:10:28.550 11675 RALLYDEBUG rally_openstack.cleanup.manager [-] Deleting keystone.user object s_rally_e5a0e506_BXSm0ud3 (7a2d2b0caae04be5956c7638d48a2f2b)
2019-11-20 05:10:28.571 11675 RALLYDEBUG rally_openstack.cleanup.manager [-] Deleting keystone.user object s_rally_e5a0e506_Vbbkb0N3 (adab708f593c482d87ce38514182caae)
2019-11-20 05:10:28.575 11675 RALLYDEBUG rally_openstack.cleanup.manager [-] Deleting keystone.user object s_rally_e5a0e506_G1uDFy6q (c1cf2b9079a04383bfe00eddde555a93)
2019-11-20 05:10:28.593 11675 RALLYDEBUG rally_openstack.cleanup.manager [-] Deleting keystone.user object s_rally_e5a0e506_I7qX9L2M (ca45af9282fd46ebb2b294719715b04f)
2019-11-20 05:10:30.777 11675 RALLYDEBUG rally_openstack.cleanup.manager [-] Cleaning up keystone project objects
2019-11-20 05:10:31.618 11675 RALLYDEBUG rally_openstack.cleanup.manager [-] Cleaning up keystone service objects
2019-11-20 05:10:32.369 11675 RALLYDEBUG rally_openstack.cleanup.manager [-] Cleaning up keystone role objects
2019-11-20 05:10:33.096 11675 INFO rally.task.context [-] Task edec17d1-d13f-4bee-8df2-3bc2a2fcd5d6 | Context admin_cleanup@openstack cleanup() finished in 5.36 sec
2019-11-20 05:10:33.097 11675 INFO rally.task.context [-] Task edec17d1-d13f-4bee-8df2-3bc2a2fcd5d6 | Context users@openstack cleanup() started
2019-11-20 05:10:35.849 11675 INFO rally.task.context [-] Task edec17d1-d13f-4bee-8df2-3bc2a2fcd5d6 | Context users@openstack cleanup() finished in 2.75 sec
2019-11-20 05:10:36.905 11675 INFO rally.task.engine [-] Load duration is: 3.253978
2019-11-20 05:10:36.905 11675 INFO rally.task.engine [-] Full runner duration is: 4.595942
2019-11-20 05:10:36.905 11675 INFO rally.task.engine [-] Full duration is: 15.03176
2019-11-20 05:10:37.226 11675 INFO rally.task.engine [-] Running workload: position = 0 config = { "version": 2, "title": "A cropped version of a bigger task.", "description": "Auto-generated task from a single workload (uuid=93dc2e10-65b3-4bd0-8567-5ccb2e774661)", "subtasks": [ { "title": "KeystoneBasic.create_tenant_with_users", "description": "Create a keystone tenant and several users belonging to it.", "scenario": { "KeystoneBasic.create_tenant_with_users": { "users_per_tenant": 10 } }, "contexts": {}, "runner": { "constant": { "concurrency": 4, "times": 10 } }, "hooks": [], "sla": { "failure_rate": { "max": 0 } } } ] }
2019-11-20 05:10:37.249 11675 RALLYDEBUG rally_openstack.contexts.keystone.users [-] Creating 1 tenants using 20 threads
2019-11-20 05:10:38.140 11675 RALLYDEBUG rally_openstack.contexts.keystone.users [-] Creating 1 users using 20 threads
2019-11-20 05:10:39.460 11675 INFO rally.task.context [-] Task edec17d1-d13f-4bee-8df2-3bc2a2fcd5d6 | Context users@openstack setup() finished in 2.21 sec
2019-11-20 05:10:39.460 11675 INFO rally.task.context [-] Task edec17d1-d13f-4bee-8df2-3bc2a2fcd5d6 | Context admin_cleanup@openstack setup() finished in 0.01 msec
2019-11-20 05:10:39.469 11675 RALLYDEBUG rally.task.runner [-] Starting the constant runner (task UUID: edec17d1-d13f-4bee-8df2-3bc2a2fcd5d6). times: 10 concurrency: 4 timeout: 0 max_cpu_used: 16 processes_to_start: 4 concurrency_per_worker: 1 concurrency_overhead: 0
2019-11-20 05:10:39.480 13639 RALLYDEBUG rally.task.runner [-] Starting a worker. times: 10 duration: None concurrency: 1 timeout: 0 cls: method_name: run args: {"users_per_tenant": 10}
2019-11-20 05:10:39.483 13640 RALLYDEBUG rally.task.runner [-] Starting a worker. times: 10 duration: None concurrency: 1 timeout: 0 cls: method_name: run args: {"users_per_tenant": 10}
2019-11-20 05:10:39.485 13639 INFO rally.task.runner [-] Task edec17d1-d13f-4bee-8df2-3bc2a2fcd5d6 | ITER: 1 START
2019-11-20 05:10:39.487 13641 RALLYDEBUG rally.task.runner [-] Starting a worker. times: 10 duration: None concurrency: 1 timeout: 0 cls: method_name: run args: {"users_per_tenant": 10}
2019-11-20 05:10:39.489 13640 INFO rally.task.runner [-] Task edec17d1-d13f-4bee-8df2-3bc2a2fcd5d6 | ITER: 2 START
2019-11-20 05:10:39.490 13644 RALLYDEBUG rally.task.runner [-] Starting a worker. times: 10 duration: None concurrency: 1 timeout: 0 cls: method_name: run args: {"users_per_tenant": 10}
2019-11-20 05:10:39.492 13641 INFO rally.task.runner [-] Task edec17d1-d13f-4bee-8df2-3bc2a2fcd5d6 | ITER: 3 START
2019-11-20 05:10:39.496 13644 INFO rally.task.runner [-] Task edec17d1-d13f-4bee-8df2-3bc2a2fcd5d6 | ITER: 4 START
2019-11-20 05:10:44.377 13639 INFO rally.task.runner [-] Task edec17d1-d13f-4bee-8df2-3bc2a2fcd5d6 | ITER: 1 END: OK
2019-11-20 05:10:44.381 13639 INFO rally.task.runner [-] Task edec17d1-d13f-4bee-8df2-3bc2a2fcd5d6 | ITER: 5 START
2019-11-20 05:10:44.401 13644 INFO rally.task.runner [-] Task edec17d1-d13f-4bee-8df2-3bc2a2fcd5d6 | ITER: 4 END: OK
2019-11-20 05:10:44.404 13644 INFO rally.task.runner [-] Task edec17d1-d13f-4bee-8df2-3bc2a2fcd5d6 | ITER: 6 START
2019-11-20 05:10:44.436 13641 INFO rally.task.runner [-] Task edec17d1-d13f-4bee-8df2-3bc2a2fcd5d6 | ITER: 3 END: OK
2019-11-20 05:10:44.439 13641 INFO rally.task.runner [-] Task edec17d1-d13f-4bee-8df2-3bc2a2fcd5d6 | ITER: 7 START
2019-11-20 05:10:44.544 13640 INFO rally.task.runner [-] Task edec17d1-d13f-4bee-8df2-3bc2a2fcd5d6 | ITER: 2 END: OK
2019-11-20 05:10:44.548 13640 INFO rally.task.runner [-] Task edec17d1-d13f-4bee-8df2-3bc2a2fcd5d6 | ITER: 8 START
2019-11-20 05:10:49.214 13644 INFO rally.task.runner [-] Task edec17d1-d13f-4bee-8df2-3bc2a2fcd5d6 | ITER: 6 END: OK
2019-11-20 05:10:49.216 13644 INFO rally.task.runner [-] Task edec17d1-d13f-4bee-8df2-3bc2a2fcd5d6 | ITER: 9 START
2019-11-20 05:10:49.282 13641 INFO rally.task.runner [-] Task edec17d1-d13f-4bee-8df2-3bc2a2fcd5d6 | ITER: 7 END: OK
2019-11-20 05:10:49.284 13641 INFO rally.task.runner [-] Task edec17d1-d13f-4bee-8df2-3bc2a2fcd5d6 | ITER: 10 START
2019-11-20 05:10:49.317 13639 INFO rally.task.runner [-] Task edec17d1-d13f-4bee-8df2-3bc2a2fcd5d6 | ITER: 5 END: OK
2019-11-20 05:10:49.410 13640 INFO rally.task.runner [-] Task edec17d1-d13f-4bee-8df2-3bc2a2fcd5d6 | ITER: 8 END: OK
2019-11-20 05:10:54.086 13641 INFO rally.task.runner [-] Task edec17d1-d13f-4bee-8df2-3bc2a2fcd5d6 | ITER: 10 END: OK
2019-11-20 05:10:54.115 13644 INFO rally.task.runner [-] Task edec17d1-d13f-4bee-8df2-3bc2a2fcd5d6 | ITER: 9 END: OK
2019-11-20 05:10:54.141 11675 INFO rally.task.context [-] Task edec17d1-d13f-4bee-8df2-3bc2a2fcd5d6 | Context admin_cleanup@openstack cleanup() started
2019-11-20 05:10:54.145 11675 RALLYDEBUG rally_openstack.cleanup.manager [-] Cleaning up keystone user objects
2019-11-20 05:10:54.904 11675 RALLYDEBUG rally_openstack.cleanup.manager [-] Deleting keystone.user object s_rally_93dc2e10_5LQ4DWO5 (01c67f23fa32455e8df69ad7df2ddd85)
2019-11-20 05:10:54.913 11675 RALLYDEBUG rally_openstack.cleanup.manager [-] Deleting keystone.user object s_rally_93dc2e10_j5rGdKXJ (0ee7be4201bb4e02ad436b690223bcaf)
2019-11-20 05:10:54.922 11675 RALLYDEBUG rally_openstack.cleanup.manager [-] Deleting keystone.user object s_rally_93dc2e10_8wUvSZMa (12d34da9c0ba4fbb8319f8465e90aa33)
2019-11-20 05:10:54.937 11675 RALLYDEBUG rally_openstack.cleanup.manager [-] Deleting keystone.user object s_rally_93dc2e10_rs0gaUnY (162b4ea0a4cb48efaa4a83b3584b9ea5)
2019-11-20 05:10:54.942 11675 RALLYDEBUG rally_openstack.cleanup.manager [-] Deleting keystone.user object s_rally_93dc2e10_AvolJAVa (1445041039fa4c198d6b69a992c6ebfc)
2019-11-20 05:10:54.949 11675 RALLYDEBUG rally_openstack.cleanup.manager [-] Deleting keystone.user object s_rally_93dc2e10_9H0lzTBr (1a1a0bee4f6249bb929f170e8da42972)
2019-11-20 05:10:54.958 11675 RALLYDEBUG rally_openstack.cleanup.manager [-] Deleting keystone.user object s_rally_93dc2e10_2Ret817F (1c08d86833684370b3207c04b62b7b75)
2019-11-20 05:10:54.990 11675 RALLYDEBUG rally_openstack.cleanup.manager [-] Deleting keystone.user object s_rally_93dc2e10_HYEH6q8P (1d6961e175464332bf44b49f5edcc673)
2019-11-20 05:10:55.001 11675 RALLYDEBUG rally_openstack.cleanup.manager [-] Deleting keystone.user object s_rally_93dc2e10_iaGFQjT1 (1d8ed4db8581447aa0f601c609d4b98b)
2019-11-20 05:10:55.010 11675 RALLYDEBUG rally_openstack.cleanup.manager [-] Deleting keystone.user object s_rally_93dc2e10_y1ZOr2dK (1e623730a1d8459085443deff89932c9)
2019-11-20 05:10:55.028 11675 RALLYDEBUG rally_openstack.cleanup.manager [-] Deleting keystone.user object s_rally_93dc2e10_rpZ5JeAU (281195a53e1741f6bae39a766305f39b)
2019-11-20 05:10:55.033 11675 RALLYDEBUG rally_openstack.cleanup.manager [-] Deleting keystone.user object s_rally_93dc2e10_2hv8cFBM (2baa6764917446e3878484a2e83c23f9)
2019-11-20 05:10:55.057 11675 RALLYDEBUG rally_openstack.cleanup.manager [-] Deleting keystone.user object s_rally_93dc2e10_ECepUFbL (2cc1b83d3338426b8225e4ac5a0004f4)
2019-11-20 05:10:55.086 11675 RALLYDEBUG rally_openstack.cleanup.manager [-] Deleting keystone.user object s_rally_93dc2e10_uWAffcwW (3152288c5e15464f9629390f126f09e3)
2019-11-20 05:10:55.095 11675 RALLYDEBUG rally_openstack.cleanup.manager [-] Deleting keystone.user object s_rally_93dc2e10_Iv8n5aCo (3236196a83804fc992954c07e0298738)
2019-11-20 05:10:55.103 11675 RALLYDEBUG rally_openstack.cleanup.manager [-] Deleting keystone.user object s_rally_93dc2e10_bCp6TLkM (35aa24cbdc574840be6e1d974fca30e0)
2019-11-20 05:10:55.122 11675 RALLYDEBUG rally_openstack.cleanup.manager [-] Deleting keystone.user object s_rally_93dc2e10_D30DxClj (3787776f04bf493aa30f1f2eb019015e)
2019-11-20 05:10:55.132 11675 RALLYDEBUG rally_openstack.cleanup.manager [-] Deleting keystone.user object s_rally_93dc2e10_3IY0fCWt (389ca193aacc49fb960203c96426819b)
2019-11-20 05:10:55.151 11675 RALLYDEBUG rally_openstack.cleanup.manager [-] Deleting keystone.user object s_rally_93dc2e10_dQfHHVcP (3cde7ee6d00f4e4eb57666e4803a86a5)
2019-11-20 05:10:55.155 11675 RALLYDEBUG rally_openstack.cleanup.manager [-] Deleting keystone.user object s_rally_93dc2e10_LvuSPZLF (3d501cfbef33425f822584ffa1835862)
2019-11-20 05:10:56.923 11675 RALLYDEBUG rally_openstack.cleanup.manager [-] Deleting keystone.user object s_rally_93dc2e10_YdCPTy8K (3fdd6626dcd2404b88b02b4726392086)
2019-11-20 05:10:57.108 11675 RALLYDEBUG rally_openstack.cleanup.manager [-] Deleting keystone.user object s_rally_93dc2e10_mZ2Th8Yr (3fe5c20c397243608098dc048602c814)
2019-11-20 05:10:57.233 11675 RALLYDEBUG rally_openstack.cleanup.manager [-] Deleting keystone.user object s_rally_93dc2e10_fkxULazN (40df8e5455004377bf889829d09de994)
2019-11-20 05:10:57.246 11675 RALLYDEBUG rally_openstack.cleanup.manager [-] Deleting keystone.user object s_rally_93dc2e10_WqF8M9y8 (424ab40009a844c1ac512743696c7fb7)
2019-11-20 05:10:57.253 11675 RALLYDEBUG rally_openstack.cleanup.manager [-] Deleting keystone.user object s_rally_93dc2e10_JUZXJqKx (46c68dd740cc4dd4bd9100baf724a584)
2019-11-20 05:10:57.282 11675 RALLYDEBUG rally_openstack.cleanup.manager [-] Deleting keystone.user object s_rally_93dc2e10_90PGCnOZ (4ca0abdab16840e78b7f47c64a785a74)
2019-11-20 05:10:57.347 11675 RALLYDEBUG rally_openstack.cleanup.manager [-] Deleting keystone.user object s_rally_93dc2e10_xG2kk7S6 (556a523efc3546f088d43fc398e8f1f9)
2019-11-20 05:10:57.351 11675 RALLYDEBUG rally_openstack.cleanup.manager [-] Deleting keystone.user object s_rally_93dc2e10_JS0homR8 (52137527cd76449eabd79ca4853f25b1)
2019-11-20 05:10:57.408 11675 RALLYDEBUG rally_openstack.cleanup.manager [-] Deleting keystone.user object s_rally_93dc2e10_L1mlav8H (584c358f77a84e17b09156789b9983f4)
2019-11-20 05:10:57.423 11675 RALLYDEBUG rally_openstack.cleanup.manager [-] Deleting keystone.user object s_rally_93dc2e10_QZ8aJXVX (5a4e1865682545429f69100ab04189fd)
2019-11-20 05:10:57.450 11675 RALLYDEBUG rally_openstack.cleanup.manager [-] Deleting keystone.user object s_rally_93dc2e10_2f5gAheh (5bea1df904744a5e8ef23575a6ca2863)
2019-11-20 05:10:57.487 11675 RALLYDEBUG rally_openstack.cleanup.manager [-] Deleting keystone.user object s_rally_93dc2e10_iKgAsD5v (5cd2e0b73cec4bc99f26fc8e1d6fabe6)
2019-11-20 05:10:57.496 11675 RALLYDEBUG rally_openstack.cleanup.manager [-] Deleting keystone.user object s_rally_93dc2e10_Ly7wKNpX (5ed1c3bfde864964892eddbbde5ce80b)
2019-11-20 05:10:57.605 11675 RALLYDEBUG rally_openstack.cleanup.manager [-] Deleting keystone.user object s_rally_93dc2e10_xaHl24ej (5fe426dd04744e6da8f5a8a62459db65)
2019-11-20 05:10:57.618 11675 RALLYDEBUG rally_openstack.cleanup.manager [-] Deleting keystone.user object s_rally_93dc2e10_4OkZQcco (609df46d244e49818ab7388113f4351e)
2019-11-20 05:10:57.625 11675 RALLYDEBUG rally_openstack.cleanup.manager [-] Deleting keystone.user object s_rally_93dc2e10_qIZFlEJI (63c2002c0cbc4283bd344a15d2d0522f)
2019-11-20 05:10:57.665 11675 RALLYDEBUG rally_openstack.cleanup.manager [-] Deleting keystone.user object s_rally_93dc2e10_0iw3cHXU (6404dc9ad65840fdab8f84d96c971676)
2019-11-20 05:10:57.677 11675 RALLYDEBUG rally_openstack.cleanup.manager [-] Deleting keystone.user object s_rally_93dc2e10_ihcainbv (66d357a3ad1749ca87312291e9ee3e3f)
2019-11-20 05:10:57.780 11675 RALLYDEBUG rally_openstack.cleanup.manager [-] Deleting keystone.user object s_rally_93dc2e10_YMPc1aBA (68d9c6d234df46ef92f4cacda41d2da2)
2019-11-20 05:10:57.787 11675 RALLYDEBUG rally_openstack.cleanup.manager [-] Deleting keystone.user object s_rally_93dc2e10_GKUt2aUa (6ab9cbf718bf4da5864d59f1f275d149)
2019-11-20 05:10:58.962 11675 RALLYDEBUG rally_openstack.cleanup.manager [-] Deleting keystone.user object s_rally_93dc2e10_maS4LkpV (6c81ee899d0e4048abc9275203ee62cc)
2019-11-20 05:10:59.171 11675 RALLYDEBUG rally_openstack.cleanup.manager [-] Deleting keystone.user object s_rally_93dc2e10_8RPEAcqt (6e74085a783c49ffa6c7cee1a0c2cb4d)
2019-11-20 05:10:59.371 11675 RALLYDEBUG rally_openstack.cleanup.manager [-] Deleting keystone.user object s_rally_93dc2e10_b4CPsVc0 (7015394b8acc40aa9f61e8555e591f7f)
2019-11-20 05:10:59.462 11675 RALLYDEBUG rally_openstack.cleanup.manager [-] Deleting keystone.user object s_rally_93dc2e10_MKG7wfSq (77b1da5c54e6474bac6f9ac84102956e)
2019-11-20 05:10:59.470 11675 RALLYDEBUG rally_openstack.cleanup.manager [-] Deleting keystone.user object s_rally_93dc2e10_9zKgzPqu (7961917fee6d4e3b80c95480c978ffee)
2019-11-20 05:10:59.482 11675 RALLYDEBUG rally_openstack.cleanup.manager [-] Deleting keystone.user object s_rally_93dc2e10_29cjZkf8 (7a5de67bfa21446eb0b388d3fde42ae2)
2019-11-20 05:10:59.598 11675 RALLYDEBUG rally_openstack.cleanup.manager [-] Deleting keystone.user object s_rally_93dc2e10_8SiH3115 (7ce6e3fbf11b4b5e8c5154c6bc29807c)
2019-11-20 05:10:59.672 11675 RALLYDEBUG rally_openstack.cleanup.manager [-] Deleting keystone.user object s_rally_93dc2e10_qHp0GjuI (7d39f8ad4994450bb47f1a3898cdec54)
2019-11-20 05:10:59.772 11675 RALLYDEBUG rally_openstack.cleanup.manager [-] Deleting keystone.user object s_rally_93dc2e10_kEsRUeBh (7e48f9d2aa154f7292894a94fec59f81)
2019-11-20 05:10:59.793 11675 RALLYDEBUG rally_openstack.cleanup.manager [-] Deleting keystone.user object s_rally_93dc2e10_74lknOSO (7f295aef55ae455fa4dccc76a53a3e39)
2019-11-20 05:10:59.881 11675 RALLYDEBUG rally_openstack.cleanup.manager [-] Deleting keystone.user object s_rally_93dc2e10_VGKZ8wym (802b5291e0ce4006a9ed05add769d09e)
2019-11-20 05:10:59.889 11675 RALLYDEBUG rally_openstack.cleanup.manager [-] Deleting keystone.user object s_rally_93dc2e10_aOvoMYqN (810d6689b24f42c68c4d627e86f76f73)
2019-11-20 05:10:59.896 11675 RALLYDEBUG rally_openstack.cleanup.manager [-] Deleting keystone.user object s_rally_93dc2e10_bS7rn3K8 (81b39ba95b9e4213810f0356d516316c)
2019-11-20 05:10:59.903 11675 RALLYDEBUG rally_openstack.cleanup.manager [-] Deleting keystone.user object s_rally_93dc2e10_OxChoRpG (840585b6b9f54405863352ecf655498e)
2019-11-20 05:10:59.907 11675 RALLYDEBUG rally_openstack.cleanup.manager [-] Deleting keystone.user object s_rally_93dc2e10_nahqMIut (899153887b4b4217a5f5caf00e9c8c06)
2019-11-20 05:10:59.916 11675 RALLYDEBUG rally_openstack.cleanup.manager [-] Deleting keystone.user object s_rally_93dc2e10_dOVyLn9P (8b6f0583c8604565996eb1cfcc927be4)
2019-11-20 05:10:59.920 11675 RALLYDEBUG rally_openstack.cleanup.manager [-] Deleting keystone.user object s_rally_93dc2e10_dkxnzW9k (8b81a15fc69a4595861b1d91c2302704)
2019-11-20 05:11:00.024 11675 RALLYDEBUG rally_openstack.cleanup.manager [-] Deleting keystone.user object s_rally_93dc2e10_SRiTat8L (8d35d6caf11b4f86a4eada9380edf102)
2019-11-20 05:11:00.028 11675 RALLYDEBUG rally_openstack.cleanup.manager [-] Deleting keystone.user object s_rally_93dc2e10_ct0jyK8o (8dcc3f80c8d841d383e433582a7af3a0)
2019-11-20 05:11:00.165 11675 RALLYDEBUG rally_openstack.cleanup.manager [-] Deleting keystone.user object s_rally_93dc2e10_AtJMslQu (8e1d1e769a0143a8a520593963b25108)
2019-11-20 05:11:00.747 11675 RALLYDEBUG rally_openstack.cleanup.manager [-] Deleting keystone.user object s_rally_93dc2e10_kxpne22w (919fbea244f2424da94056120177ad84)
2019-11-20 05:11:01.093 11675 RALLYDEBUG rally_openstack.cleanup.manager [-] Deleting keystone.user object s_rally_93dc2e10_nxohgqC4 (92a14a1240ab4d1ebf204930223aaca3)
2019-11-20 05:11:01.330 11675 RALLYDEBUG rally_openstack.cleanup.manager [-] Deleting keystone.user object s_rally_93dc2e10_KmK4kN70 (92a253e477304fb38e74d2b9097435bc)
2019-11-20 05:11:01.357 11675 RALLYDEBUG rally_openstack.cleanup.manager [-] Deleting keystone.user object s_rally_93dc2e10_PBLfIhsI (93c39c3052344601bfcde99f84299fa7)
2019-11-20 05:11:01.466 11675 RALLYDEBUG rally_openstack.cleanup.manager [-] Deleting keystone.user object s_rally_93dc2e10_NCBjYY8w (93dc2bbb551749f08db0c3ae0bec7550)
2019-11-20 05:11:01.521 11675 RALLYDEBUG rally_openstack.cleanup.manager [-] Deleting keystone.user object s_rally_93dc2e10_G2vtuGCL (9753e122f97642f0aa5b69f22e8d3bc4)
2019-11-20 05:11:01.687 11675 RALLYDEBUG rally_openstack.cleanup.manager [-] Deleting keystone.user object s_rally_93dc2e10_mlzJQ8Oj (9ba0edca2d794448a251f400bc85a10b)
2019-11-20 05:11:01.834 11675 RALLYDEBUG rally_openstack.cleanup.manager [-] Deleting keystone.user object s_rally_93dc2e10_WZGOAnPt (9f238ea4c5c44688a843fb4b7973936f)
2019-11-20 05:11:01.843 11675 RALLYDEBUG rally_openstack.cleanup.manager [-] Deleting keystone.user object s_rally_93dc2e10_UgtSuJKd (a0dc0ba944464a2bb5c60fa21c249cd2)
2019-11-20 05:11:01.852 11675 RALLYDEBUG rally_openstack.cleanup.manager [-] Deleting keystone.user object s_rally_93dc2e10_WzXNReGd (a8985769a4a04c9e9fcbb0e54dea3802)
2019-11-20 05:11:01.858 11675 RALLYDEBUG rally_openstack.cleanup.manager [-] Deleting keystone.user object s_rally_93dc2e10_5DNo5MJJ (aa66cbfedec04a3b8b4f9f7411cc6cde)
2019-11-20 05:11:01.996 11675 RALLYDEBUG rally_openstack.cleanup.manager [-] Deleting keystone.user object s_rally_93dc2e10_6Kbtnz20 (ac24592556ea42768c34ea06ffe00b8a)
2019-11-20 05:11:02.005 11675 RALLYDEBUG rally_openstack.cleanup.manager [-] Deleting keystone.user object s_rally_93dc2e10_ebGHnWRz (ac763189939b447da811e0fe4ac15adf)
2019-11-20 05:11:02.012 11675 RALLYDEBUG rally_openstack.cleanup.manager [-] Deleting keystone.user object s_rally_93dc2e10_A1YC73TY (ad586b7b4bf14222b906dbf45a4e6326)
2019-11-20 05:11:02.063 11675 RALLYDEBUG rally_openstack.cleanup.manager [-] Deleting keystone.user object s_rally_93dc2e10_EBfHzFZi (ae15474a555341478aad15469894700b)
2019-11-20 05:11:02.070 11675 RALLYDEBUG rally_openstack.cleanup.manager [-] Deleting keystone.user object s_rally_93dc2e10_FfVlLqVn (b03ae5feb5b248cf9ba127fc5eb81e0c)
2019-11-20 05:11:02.179 11675 RALLYDEBUG rally_openstack.cleanup.manager [-] Deleting keystone.user object s_rally_93dc2e10_ZOfSJGFA (b7513c881505445180d15c7474281ec3)
2019-11-20 05:11:02.195 11675 RALLYDEBUG rally_openstack.cleanup.manager [-] Deleting keystone.user object s_rally_93dc2e10_NeVBtZXH (bc230deae2d8443192e0fc4ff1c26aac)
2019-11-20 05:11:02.224 11675 RALLYDEBUG rally_openstack.cleanup.manager [-] Deleting keystone.user object s_rally_93dc2e10_eIdNuqvj (c458f8b1ad6e4e21a07eef87c348b89c)
2019-11-20 05:11:02.281 11675 RALLYDEBUG rally_openstack.cleanup.manager [-] Deleting keystone.user object s_rally_93dc2e10_TEwUhoGZ (c764d58f55c947c09b7f543842aee663)
2019-11-20 05:11:02.700 11675 RALLYDEBUG rally_openstack.cleanup.manager [-] Deleting keystone.user object s_rally_93dc2e10_ED1OPayq (c7a1ee16f8d646c5966a66398e5f18b7)
2019-11-20 05:11:03.025 11675 RALLYDEBUG rally_openstack.cleanup.manager [-] Deleting keystone.user object s_rally_93dc2e10_jxYAgl8V (cddf07883aa24767a351fba653cdfa89)
2019-11-20 05:11:03.140 11675 RALLYDEBUG rally_openstack.cleanup.manager [-] Deleting keystone.user object s_rally_93dc2e10_HiynLOvo (cf5931c9223f4a70845ddd109d2fb560)
2019-11-20 05:11:03.160 11675 RALLYDEBUG rally_openstack.cleanup.manager [-] Deleting keystone.user object s_rally_93dc2e10_923RqmYH (d2a458d515894d519b3d8072a708f92b)
2019-11-20 05:11:03.426 11675 RALLYDEBUG rally_openstack.cleanup.manager [-] Deleting keystone.user object s_rally_93dc2e10_8mjt6I90 (d42963ce76e342bd926961254c097518)
2019-11-20 05:11:03.435 11675 RALLYDEBUG rally_openstack.cleanup.manager [-] Deleting keystone.user object s_rally_93dc2e10_V5uthLoR (d57b722376ce432faa3ddf76efd81025)
2019-11-20 05:11:03.783 11675 RALLYDEBUG rally_openstack.cleanup.manager [-] Deleting keystone.user object s_rally_93dc2e10_r5TIWeJi (d9f32f5dafd749159f5fe7d413cc3f8f)
2019-11-20 05:11:03.791 11675 RALLYDEBUG rally_openstack.cleanup.manager [-] Deleting keystone.user object s_rally_93dc2e10_kF8GqZYi (dc3cb69898d848e5bedcb29e0f04413d)
2019-11-20 05:11:03.810 11675 RALLYDEBUG rally_openstack.cleanup.manager [-] Deleting keystone.user object s_rally_93dc2e10_B8FmPqyu (dd73f4195e7e4b5185a180330fc750d8)
2019-11-20 05:11:03.819 11675 RALLYDEBUG rally_openstack.cleanup.manager [-] Deleting keystone.user object s_rally_93dc2e10_BuHUHfvi (e0997659ea2e431bb584c54732c91bbd)
2019-11-20 05:11:03.838 11675 RALLYDEBUG rally_openstack.cleanup.manager [-] Deleting keystone.user object s_rally_93dc2e10_EJ2NxP59 (e16a954467914de8a7c48a322dcdbb2a)
2019-11-20 05:11:03.904 11675 RALLYDEBUG rally_openstack.cleanup.manager [-] Deleting keystone.user object s_rally_93dc2e10_3Qcgee6i (e8c9823d16f64655ac44f148977a0f62)
2019-11-20 05:11:03.960 11675 RALLYDEBUG rally_openstack.cleanup.manager [-] Deleting keystone.user object s_rally_93dc2e10_LnXvFYg1 (e94d566295b04af78bf935b1de6f5e82)
2019-11-20 05:11:03.986 11675 RALLYDEBUG rally_openstack.cleanup.manager [-] Deleting keystone.user object s_rally_93dc2e10_Zwy4CyhZ (ea57b8c3e049442480d0b4eaf78faec8)
2019-11-20 05:11:03.993 11675 RALLYDEBUG rally_openstack.cleanup.manager [-] Deleting keystone.user object s_rally_93dc2e10_FiIgbkHj (f0e8dce18d4d4ae98bb66450c891b68b)
2019-11-20 05:11:04.154 11675 RALLYDEBUG rally_openstack.cleanup.manager [-] Deleting keystone.user object s_rally_93dc2e10_VOWk7oBE (f18b8ee01a4541b3b029712d9c22f487)
2019-11-20 05:11:04.270 11675 RALLYDEBUG rally_openstack.cleanup.manager [-] Deleting keystone.user object s_rally_93dc2e10_2GcbhSpu (f340a450f25345ed8db6fe4d15d9348e)
2019-11-20 05:11:04.283 11675 RALLYDEBUG rally_openstack.cleanup.manager [-] Deleting keystone.user object s_rally_93dc2e10_VSsG6yfD (fa29d534a9994b51b870b2e60d678cf9)
2019-11-20 05:11:04.289 11675 RALLYDEBUG rally_openstack.cleanup.manager [-] Deleting keystone.user object s_rally_93dc2e10_8L9QLkMn (fb577c3859bd4a91800625e7a591eecf)
2019-11-20 05:11:04.307 11675 RALLYDEBUG rally_openstack.cleanup.manager [-] Deleting keystone.user object s_rally_93dc2e10_i7JSVr1d (fe109146c26145389016b0025f61fbae)
2019-11-20 05:11:06.348 11675 RALLYDEBUG rally_openstack.cleanup.manager [-] Cleaning up keystone project objects
2019-11-20 05:11:07.111 11675 RALLYDEBUG rally_openstack.cleanup.manager [-] Deleting keystone.project object s_rally_93dc2e10_SuI6DbfR (141aac706cd24b54beb1ba7e69dc438a)
2019-11-20 05:11:07.121 11675 RALLYDEBUG rally_openstack.cleanup.manager [-] Deleting keystone.project object s_rally_93dc2e10_PZE21GlI (187e8d5384144f1c95b69ae387000963)
2019-11-20 05:11:07.130 11675 RALLYDEBUG rally_openstack.cleanup.manager [-] Deleting keystone.project object s_rally_93dc2e10_Plvooayt (2eb3fe8375914d069331d59d7a806787)
2019-11-20 05:11:07.134 11675 RALLYDEBUG rally_openstack.cleanup.manager [-] Deleting keystone.project object s_rally_93dc2e10_QU9UPXHo (3f0c1fb238a044b69af62cc25f723e8a)
2019-11-20 05:11:07.146 11675 RALLYDEBUG rally_openstack.cleanup.manager [-] Deleting keystone.project object s_rally_93dc2e10_z0oPueFp (48f0bd0c6ef94e11b72366834798a17e)
2019-11-20 05:11:07.157 11675 RALLYDEBUG rally_openstack.cleanup.manager [-] Deleting keystone.project object s_rally_93dc2e10_qvAWWS38 (599fceba02724273ac35327e5ab3dba3)
2019-11-20 05:11:07.173 11675 RALLYDEBUG rally_openstack.cleanup.manager [-] Deleting keystone.project object s_rally_93dc2e10_DA1NPIaK (980620c2db5c46c1bc8f87d0e173b445)
2019-11-20 05:11:07.186 11675 RALLYDEBUG rally_openstack.cleanup.manager [-] Deleting keystone.project object s_rally_93dc2e10_uI9K3tww (afca6f3b1797495b9c65309835a13e7e)
2019-11-20 05:11:07.197 11675 RALLYDEBUG rally_openstack.cleanup.manager [-] Deleting keystone.project object s_rally_93dc2e10_9oGFuBkZ (bd7ffbbfff614e8484a5bcc4cf666b7a)
2019-11-20 05:11:07.215 11675 RALLYDEBUG rally_openstack.cleanup.manager [-] Deleting keystone.project object s_rally_93dc2e10_WQlp4FX2 (c6addcb12e5c4cfba03a1a994fe6f51c)
2019-11-20 05:11:09.400 11675 RALLYDEBUG rally_openstack.cleanup.manager [-] Cleaning up keystone service objects
2019-11-20 05:11:10.273 11675 RALLYDEBUG rally_openstack.cleanup.manager [-] Cleaning up keystone role objects
2019-11-20 05:11:11.016 11675 INFO rally.task.context [-] Task edec17d1-d13f-4bee-8df2-3bc2a2fcd5d6 | Context admin_cleanup@openstack cleanup() finished in 16.87 sec
2019-11-20 05:11:11.016 11675 INFO rally.task.context [-] Task edec17d1-d13f-4bee-8df2-3bc2a2fcd5d6 | Context users@openstack cleanup() started
2019-11-20 05:11:13.888 11675 INFO rally.task.context [-] Task edec17d1-d13f-4bee-8df2-3bc2a2fcd5d6 | Context users@openstack cleanup() finished in 2.87 sec
2019-11-20 05:11:15.449 11675 INFO rally.task.engine [-] Load duration is: 13.330824
2019-11-20 05:11:15.449 11675 INFO rally.task.engine [-] Full runner duration is: 14.67325
2019-11-20 05:11:15.450 11675 INFO rally.task.engine [-] Full duration is: 36.640549
2019-11-20 05:11:15.735 11675 INFO rally.task.engine [-] Task edec17d1-d13f-4bee-8df2-3bc2a2fcd5d6 | Completed: Running task.
2019-11-20 05:11:17.269 13781 RALLYDEBUG rally.api [-] INFO logs from urllib3 and requests module are hide.
2019-11-20 05:11:17.269 13781 RALLYDEBUG rally.api [-] urllib3 insecure warnings are hidden.
2019-11-20 05:11:17.269 13781 RALLYDEBUG rally.api [-] ERROR log from boto module is hide.
2019-11-20 05:11:18.324 13782 RALLYDEBUG rally.api [-] INFO logs from urllib3 and requests module are hide.
2019-11-20 05:11:18.325 13782 RALLYDEBUG rally.api [-] urllib3 insecure warnings are hidden.
2019-11-20 05:11:18.325 13782 RALLYDEBUG rally.api [-] ERROR log from boto module is hide.
2019-11-20 05:11:19.602 13783 RALLYDEBUG rally.api [-] INFO logs from urllib3 and requests module are hide.
2019-11-20 05:11:19.602 13783 RALLYDEBUG rally.api [-] urllib3 insecure warnings are hidden.
2019-11-20 05:11:19.602 13783 RALLYDEBUG rally.api [-] ERROR log from boto module is hide.
2019-11-20 05:11:21.267 13783 INFO rally.api [-] Building 'json' report for the following task(s): 'edec17d1-d13f-4bee-8df2-3bc2a2fcd5d6'.
2019-11-20 05:11:21.295 13783 INFO rally.api [-] The report has been successfully built.
2019-11-20 05:11:22.685 13785 RALLYDEBUG rally.api [-] INFO logs from urllib3 and requests module are hide.
2019-11-20 05:11:22.686 13785 RALLYDEBUG rally.api [-] urllib3 insecure warnings are hidden.
2019-11-20 05:11:22.686 13785 RALLYDEBUG rally.api [-] ERROR log from boto module is hide.
2019-11-20 05:11:24.637 13785 INFO rally.task.engine [-] Task 038a406c-f7e9-46c3-8faa-692345260bf4 | Starting: Task validation.
2019-11-20 05:11:24.681 13785 INFO rally.task.engine [-] Task 038a406c-f7e9-46c3-8faa-692345260bf4 | Starting: Task validation of syntax.
2019-11-20 05:11:24.973 13785 INFO rally.task.engine [-] Task 038a406c-f7e9-46c3-8faa-692345260bf4 | Completed: Task validation of syntax.
2019-11-20 05:11:24.975 13785 INFO rally.task.engine [-] Task 038a406c-f7e9-46c3-8faa-692345260bf4 | Starting: Task validation of required platforms.
2019-11-20 05:11:25.082 13785 INFO rally.task.engine [-] Task 038a406c-f7e9-46c3-8faa-692345260bf4 | Completed: Task validation of required platforms.
2019-11-20 05:11:25.083 13785 INFO rally.task.engine [-] Task 038a406c-f7e9-46c3-8faa-692345260bf4 | Starting: Task validation of semantic.
2019-11-20 05:11:25.083 13785 INFO rally.task.engine [-] Check health of the environment '19a54fcb-828a-4af8-8bd2-de837f947f35'.
2019-11-20 05:11:26.042 13785 INFO rally.task.engine [-] Platform existing@openstack (available: True): OK!
2019-11-20 05:11:26.063 13785 RALLYDEBUG rally_openstack.contexts.keystone.users [-] Creating 1 tenants using 20 threads
2019-11-20 05:11:26.886 13785 RALLYDEBUG rally_openstack.contexts.keystone.users [-] Creating 1 users using 20 threads
2019-11-20 05:11:28.268 13785 INFO rally.task.context [-] Task 038a406c-f7e9-46c3-8faa-692345260bf4 | Context users@openstack setup() finished in 2.21 sec
2019-11-20 05:11:34.610 13785 INFO rally.task.context [-] Task 038a406c-f7e9-46c3-8faa-692345260bf4 | Context users@openstack cleanup() started
2019-11-20 05:11:37.391 13785 INFO rally.task.context [-] Task 038a406c-f7e9-46c3-8faa-692345260bf4 | Context users@openstack cleanup() finished in 2.78 sec
2019-11-20 05:11:37.392 13785 INFO rally.task.engine [-] Task 038a406c-f7e9-46c3-8faa-692345260bf4 | Completed: Task validation of semantic.
2019-11-20 05:11:37.392 13785 INFO rally.task.engine [-] Task 038a406c-f7e9-46c3-8faa-692345260bf4 | Completed: Task validation.
2019-11-20 05:11:37.392 13785 INFO rally.api [-] Task 038a406c-f7e9-46c3-8faa-692345260bf4 input file is valid.
2019-11-20 05:11:37.393 13785 INFO rally.api [-] Run Task 038a406c-f7e9-46c3-8faa-692345260bf4 against Deployment 19a54fcb-828a-4af8-8bd2-de837f947f35
2019-11-20 05:11:37.393 13785 INFO rally.task.engine [-] Task 038a406c-f7e9-46c3-8faa-692345260bf4 | Starting: Running task.
2019-11-20 05:11:37.569 13785 INFO rally.task.engine [-] Running workload: position = 0 config = { "version": 2, "title": "A cropped version of a bigger task.", "description": "Auto-generated task from a single workload (uuid=619a94b2-e9de-4437-9a58-cee9e114714e)", "subtasks": [ { "title": "NeutronNetworks.create_and_update_networks", "description": "Create and update a network.", "scenario": { "NeutronNetworks.create_and_update_networks": { "network_create_args": {}, "network_update_args": { "admin_state_up": false } } }, "contexts": { "users": { "tenants": 3, "users_per_tenant": 2 }, "quotas": { "neutron": { "network": -1 } } }, "runner": { "constant": { "concurrency": 4, "times": 10 } }, "hooks": [], "sla": { "failure_rate": { "max": 0 } } } ] }
2019-11-20 05:11:37.592 13785 RALLYDEBUG rally_openstack.contexts.keystone.users [-] Creating 3 tenants using 20 threads
2019-11-20 05:11:38.524 13785 RALLYDEBUG rally_openstack.contexts.keystone.users [-] Creating 6 users using 20 threads
2019-11-20 05:11:40.050 13785 INFO rally.task.context [-] Task 038a406c-f7e9-46c3-8faa-692345260bf4 | Context users@openstack setup() finished in 2.46 sec
2019-11-20 05:11:40.777 13785 INFO rally.task.context [-] Task 038a406c-f7e9-46c3-8faa-692345260bf4 | Context quotas@openstack setup() finished in 0.73 sec
2019-11-20 05:11:40.777 13785 INFO rally.task.context [-] Task 038a406c-f7e9-46c3-8faa-692345260bf4 | Context cleanup@openstack setup() finished in 0.03 msec
2019-11-20 05:11:40.787 13785 RALLYDEBUG rally.task.runner [-] Starting the constant runner (task UUID: 038a406c-f7e9-46c3-8faa-692345260bf4). times: 10 concurrency: 4 timeout: 0 max_cpu_used: 16 processes_to_start: 4 concurrency_per_worker: 1 concurrency_overhead: 0
2019-11-20 05:11:40.800 13909 RALLYDEBUG rally.task.runner [-] Starting a worker. times: 10 duration: None concurrency: 1 timeout: 0 cls: method_name: run args: {"network_create_args": {}, "network_update_args": {"admin_state_up": false}}
2019-11-20 05:11:40.804 13910 RALLYDEBUG rally.task.runner [-] Starting a worker. times: 10 duration: None concurrency: 1 timeout: 0 cls: method_name: run args: {"network_create_args": {}, "network_update_args": {"admin_state_up": false}}
2019-11-20 05:11:40.807 13909 INFO rally.task.runner [-] Task 038a406c-f7e9-46c3-8faa-692345260bf4 | ITER: 1 START
2019-11-20 05:11:40.807 13911 RALLYDEBUG rally.task.runner [-] Starting a worker. times: 10 duration: None concurrency: 1 timeout: 0 cls: method_name: run args: {"network_create_args": {}, "network_update_args": {"admin_state_up": false}}
2019-11-20 05:11:40.810 13910 INFO rally.task.runner [-] Task 038a406c-f7e9-46c3-8faa-692345260bf4 | ITER: 2 START
2019-11-20 05:11:40.810 13913 RALLYDEBUG rally.task.runner [-] Starting a worker. times: 10 duration: None concurrency: 1 timeout: 0 cls: method_name: run args: {"network_create_args": {}, "network_update_args": {"admin_state_up": false}}
2019-11-20 05:11:40.814 13911 INFO rally.task.runner [-] Task 038a406c-f7e9-46c3-8faa-692345260bf4 | ITER: 3 START
2019-11-20 05:11:40.816 13913 INFO rally.task.runner [-] Task 038a406c-f7e9-46c3-8faa-692345260bf4 | ITER: 4 START
2019-11-20 05:11:41.809 13910 INFO rally.task.runner [-] Task 038a406c-f7e9-46c3-8faa-692345260bf4 | ITER: 2 END: OK
2019-11-20 05:11:41.813 13910 INFO rally.task.runner [-] Task 038a406c-f7e9-46c3-8faa-692345260bf4 | ITER: 5 START
2019-11-20 05:11:42.052 13909 INFO rally.task.runner [-] Task 038a406c-f7e9-46c3-8faa-692345260bf4 | ITER: 1 END: OK
2019-11-20 05:11:42.057 13909 INFO rally.task.runner [-] Task 038a406c-f7e9-46c3-8faa-692345260bf4 | ITER: 6 START
2019-11-20 05:11:42.705 13913 INFO rally.task.runner [-] Task 038a406c-f7e9-46c3-8faa-692345260bf4 | ITER: 4 END: OK
2019-11-20 05:11:42.710 13913 INFO rally.task.runner [-] Task 038a406c-f7e9-46c3-8faa-692345260bf4 | ITER: 7 START
2019-11-20 05:11:42.736 13911 INFO rally.task.runner [-] Task 038a406c-f7e9-46c3-8faa-692345260bf4 | ITER: 3 END: OK
2019-11-20 05:11:42.741 13911 INFO rally.task.runner [-] Task 038a406c-f7e9-46c3-8faa-692345260bf4 | ITER: 8 START
2019-11-20 05:11:42.773 13910 INFO rally.task.runner [-] Task 038a406c-f7e9-46c3-8faa-692345260bf4 | ITER: 5 END: OK
2019-11-20 05:11:42.776 13910 INFO rally.task.runner [-] Task 038a406c-f7e9-46c3-8faa-692345260bf4 | ITER: 9 START
2019-11-20 05:11:43.446 13909 INFO rally.task.runner [-] Task 038a406c-f7e9-46c3-8faa-692345260bf4 | ITER: 6 END: OK
2019-11-20 05:11:43.449 13909 INFO rally.task.runner [-] Task 038a406c-f7e9-46c3-8faa-692345260bf4 | ITER: 10 START
2019-11-20 05:11:43.556 13913 INFO rally.task.runner [-] Task 038a406c-f7e9-46c3-8faa-692345260bf4 | ITER: 7 END: OK
2019-11-20 05:11:43.601 13911 INFO rally.task.runner [-] Task 038a406c-f7e9-46c3-8faa-692345260bf4 | ITER: 8 END: OK
2019-11-20 05:11:43.819 13910 INFO rally.task.runner [-] Task 038a406c-f7e9-46c3-8faa-692345260bf4 | ITER: 9 END: OK
2019-11-20 05:11:44.527 13909 INFO rally.task.runner [-] Task 038a406c-f7e9-46c3-8faa-692345260bf4 | ITER: 10 END: OK
2019-11-20 05:11:44.558 13785 INFO rally.task.context [-] Task 038a406c-f7e9-46c3-8faa-692345260bf4 | Context cleanup@openstack cleanup() started
2019-11-20 05:11:44.562 13785 RALLYDEBUG rally_openstack.cleanup.manager [-] Cleaning up neutron vip objects
2019-11-20 05:11:45.812 13785 RALLYDEBUG rally_openstack.cleanup.manager [-] Cleaning up neutron health_monitor objects
2019-11-20 05:11:46.923 13785 RALLYDEBUG rally_openstack.cleanup.manager [-] Cleaning up neutron pool objects
2019-11-20 05:11:48.038 13785 RALLYDEBUG rally_openstack.cleanup.manager [-] Cleaning up neutron loadbalancer objects
2019-11-20 05:11:49.268 13785 RALLYDEBUG rally_openstack.cleanup.manager [-] Cleaning up neutron floatingip objects
2019-11-20 05:11:50.506 13785 RALLYDEBUG rally_openstack.cleanup.manager [-] Cleaning up neutron trunk objects
2019-11-20 05:11:51.679 13785 RALLYDEBUG rally_openstack.cleanup.manager [-] Cleaning up neutron port objects
2019-11-20 05:11:52.884 13785 RALLYDEBUG rally_openstack.cleanup.manager [-] Cleaning up neutron subnet objects
2019-11-20 05:11:54.076 13785 RALLYDEBUG rally_openstack.cleanup.manager [-] Cleaning up neutron network objects
2019-11-20 05:11:55.439 13785 RALLYDEBUG rally_openstack.cleanup.manager [-] Deleting neutron.network object s_rally_619a94b2_WoQfp4Nb (27f91ceb-f53f-41a1-ab7a-a65806050fb8)
2019-11-20 05:11:55.448 13785 RALLYDEBUG rally_openstack.cleanup.manager [-] Deleting neutron.network object s_rally_619a94b2_evxnk59g (368b7629-b198-41f8-8acd-0ca146f3d575)
2019-11-20 05:11:55.457 13785 RALLYDEBUG rally_openstack.cleanup.manager [-] Deleting neutron.network object s_rally_619a94b2_98SX4SAN (64846f9f-74ab-4b8e-8380-11da8ba6ae3b)
2019-11-20 05:11:55.466 13785 RALLYDEBUG rally_openstack.cleanup.manager [-] Deleting neutron.network object s_rally_619a94b2_mXj9ttsQ (b4a1d148-b316-4f13-929d-2b8160f5c3fa)
2019-11-20 05:11:55.471 13785 RALLYDEBUG rally_openstack.cleanup.manager [-] Deleting neutron.network object s_rally_619a94b2_XlU2bdAJ (d687925b-44d3-488f-9224-b160b0293007)
2019-11-20 05:11:55.484 13785 RALLYDEBUG rally_openstack.cleanup.manager [-] Deleting neutron.network object s_rally_619a94b2_EnXjRw0W (d997c902-96db-46b2-a863-0a1aeedf4a9c)
2019-11-20 05:11:55.495 13785 RALLYDEBUG rally_openstack.cleanup.manager [-] Deleting neutron.network object s_rally_619a94b2_MPQdd8kX (e7137350-bc07-4b32-849d-8fa3031877c0)
2019-11-20 05:11:55.504 13785 RALLYDEBUG rally_openstack.cleanup.manager [-] Deleting neutron.network object s_rally_619a94b2_MgIV0xSR (840d51d6-cdd8-4165-b7e3-3b55ea002c62)
2019-11-20 05:11:55.524 13785 RALLYDEBUG rally_openstack.cleanup.manager [-] Deleting neutron.network object s_rally_619a94b2_CIXYQ4vS (883d7d04-f001-4129-a356-683e34d004af)
2019-11-20 05:11:55.528 13785 RALLYDEBUG rally_openstack.cleanup.manager [-] Deleting neutron.network object s_rally_619a94b2_gNFaXyWz (bbb97853-7ab2-4c0c-afa2-acdbdb8db3ae)
2019-11-20 05:11:58.038 13785 RALLYDEBUG rally_openstack.cleanup.manager [-] Cleaning up neutron router objects
2019-11-20 05:11:59.307 13785 RALLYDEBUG rally_openstack.cleanup.manager [-] Cleaning up neutron security_group objects
2019-11-20 05:12:00.580 13785 INFO rally.task.context [-] Task 038a406c-f7e9-46c3-8faa-692345260bf4 | Context cleanup@openstack cleanup() finished in 16.02 sec
2019-11-20 05:12:00.581 13785 INFO rally.task.context [-] Task 038a406c-f7e9-46c3-8faa-692345260bf4 | Context quotas@openstack cleanup() started
2019-11-20 05:12:00.816 13785 INFO rally.task.context [-] Task 038a406c-f7e9-46c3-8faa-692345260bf4 | Context quotas@openstack cleanup() finished in 0.23 sec
2019-11-20 05:12:00.816 13785 INFO rally.task.context [-] Task 038a406c-f7e9-46c3-8faa-692345260bf4 | Context users@openstack cleanup() started
2019-11-20 05:12:04.945 13785 INFO rally.task.context [-] Task 038a406c-f7e9-46c3-8faa-692345260bf4 | Context users@openstack cleanup() finished in 4.13 sec
2019-11-20 05:12:05.773 13785 INFO rally.task.engine [-] Load duration is: 3.717259
2019-11-20 05:12:05.773 13785 INFO rally.task.engine [-] Full runner duration is: 3.772276
2019-11-20 05:12:05.773 13785 INFO rally.task.engine [-] Full duration is: 27.355578
2019-11-20 05:12:06.156 13785 INFO rally.task.engine [-] Running workload: position = 0 config = { "version": 2, "title": "A cropped version of a bigger task.", "description": "Auto-generated task from a single workload (uuid=69d64bd0-b9d3-4d71-9b5f-2898052e711e)", "subtasks": [ { "title": "NeutronNetworks.create_and_update_ports", "description": "Create and update a given number of ports.", "scenario": { "NeutronNetworks.create_and_update_ports": { "network_create_args": {}, "port_create_args": {}, "port_update_args": { "admin_state_up": false, "device_id": "dummy_id", "device_owner": "dummy_owner" }, "ports_per_network": 1 } }, "contexts": { "users": { "tenants": 3, "users_per_tenant": 2 }, "network": { "router": {} }, "quotas": { "neutron": { "network": -1, "port": -1 } } }, "runner": { "constant": { "concurrency": 4, "times": 10 } }, "hooks": [], "sla": { "failure_rate": { "max": 0 } } } ] }
2019-11-20 05:12:06.182 13785 RALLYDEBUG rally_openstack.contexts.keystone.users [-] Creating 3 tenants using 20 threads
2019-11-20 05:12:07.245 13785 RALLYDEBUG rally_openstack.contexts.keystone.users [-] Creating 6 users using 20 threads
2019-11-20 05:12:08.815 13785 INFO rally.task.context [-] Task 038a406c-f7e9-46c3-8faa-692345260bf4 | Context users@openstack setup() finished in 2.63 sec
2019-11-20 05:12:09.530 13785 INFO rally.task.context [-] Task 038a406c-f7e9-46c3-8faa-692345260bf4 | Context quotas@openstack setup() finished in 0.72 sec
2019-11-20 05:12:10.173 13785 RALLYDEBUG rally_openstack.wrappers.network [-] CIDR generated: 10.2.0.0/24
2019-11-20 05:12:11.033 13785 RALLYDEBUG rally_openstack.wrappers.network [-] CIDR generated: 10.2.1.0/24
2019-11-20 05:12:11.810 13785 RALLYDEBUG rally_openstack.wrappers.network [-] CIDR generated: 10.2.2.0/24
2019-11-20 05:12:12.513 13785 INFO rally.task.context [-] Task 038a406c-f7e9-46c3-8faa-692345260bf4 | Context network@openstack setup() finished in 2.98 sec
2019-11-20 05:12:12.514 13785 INFO rally.task.context [-] Task 038a406c-f7e9-46c3-8faa-692345260bf4 | Context cleanup@openstack setup() finished in 0.02 msec
2019-11-20 05:12:12.523 13785 RALLYDEBUG rally.task.runner [-] Starting the constant runner (task UUID: 038a406c-f7e9-46c3-8faa-692345260bf4). times: 10 concurrency: 4 timeout: 0 max_cpu_used: 16 processes_to_start: 4 concurrency_per_worker: 1 concurrency_overhead: 0
2019-11-20 05:12:12.535 14233 RALLYDEBUG rally.task.runner [-] Starting a worker. times: 10 duration: None concurrency: 1 timeout: 0 cls: method_name: run args: {"network_create_args": {}, "port_create_args": {}, "port_update_args": {"admin_state_up": false, "device_id": "dummy_id", "device_owner": "dummy_owner"}, "ports_per_network": 1}
2019-11-20 05:12:12.539 14234 RALLYDEBUG rally.task.runner [-] Starting a worker. times: 10 duration: None concurrency: 1 timeout: 0 cls: method_name: run args: {"network_create_args": {}, "port_create_args": {}, "port_update_args": {"admin_state_up": false, "device_id": "dummy_id", "device_owner": "dummy_owner"}, "ports_per_network": 1}
2019-11-20 05:12:12.542 14233 INFO rally.task.runner [-] Task 038a406c-f7e9-46c3-8faa-692345260bf4 | ITER: 1 START
2019-11-20 05:12:12.542 14235 RALLYDEBUG rally.task.runner [-] Starting a worker. times: 10 duration: None concurrency: 1 timeout: 0 cls: method_name: run args: {"network_create_args": {}, "port_create_args": {}, "port_update_args": {"admin_state_up": false, "device_id": "dummy_id", "device_owner": "dummy_owner"}, "ports_per_network": 1}
2019-11-20 05:12:12.545 14234 INFO rally.task.runner [-] Task 038a406c-f7e9-46c3-8faa-692345260bf4 | ITER: 2 START
2019-11-20 05:12:12.545 14236 RALLYDEBUG rally.task.runner [-] Starting a worker. times: 10 duration: None concurrency: 1 timeout: 0 cls: method_name: run args: {"network_create_args": {}, "port_create_args": {}, "port_update_args": {"admin_state_up": false, "device_id": "dummy_id", "device_owner": "dummy_owner"}, "ports_per_network": 1}
2019-11-20 05:12:12.549 14235 INFO rally.task.runner [-] Task 038a406c-f7e9-46c3-8faa-692345260bf4 | ITER: 3 START
2019-11-20 05:12:12.552 14236 INFO rally.task.runner [-] Task 038a406c-f7e9-46c3-8faa-692345260bf4 | ITER: 4 START
2019-11-20 05:12:13.930 14233 INFO rally.task.runner [-] Task 038a406c-f7e9-46c3-8faa-692345260bf4 | ITER: 1 END: OK
2019-11-20 05:12:13.935 14233 INFO rally.task.runner [-] Task 038a406c-f7e9-46c3-8faa-692345260bf4 | ITER: 5 START
2019-11-20 05:12:14.137 14234 INFO rally.task.runner [-] Task 038a406c-f7e9-46c3-8faa-692345260bf4 | ITER: 2 END: OK
2019-11-20 05:12:14.142 14234 INFO rally.task.runner [-] Task 038a406c-f7e9-46c3-8faa-692345260bf4 | ITER: 6 START
2019-11-20 05:12:14.476 14236 INFO rally.task.runner [-] Task 038a406c-f7e9-46c3-8faa-692345260bf4 | ITER: 4 END: OK
2019-11-20 05:12:14.481 14236 INFO rally.task.runner [-] Task 038a406c-f7e9-46c3-8faa-692345260bf4 | ITER: 7 START
2019-11-20 05:12:14.659 14235 INFO rally.task.runner [-] Task 038a406c-f7e9-46c3-8faa-692345260bf4 | ITER: 3 END: OK
2019-11-20 05:12:14.664 14235 INFO rally.task.runner [-] Task 038a406c-f7e9-46c3-8faa-692345260bf4 | ITER: 8 START
2019-11-20 05:12:15.264 14233 INFO rally.task.runner [-] Task 038a406c-f7e9-46c3-8faa-692345260bf4 | ITER: 5 END: OK
2019-11-20 05:12:15.268 14233 INFO rally.task.runner [-] Task 038a406c-f7e9-46c3-8faa-692345260bf4 | ITER: 9 START
2019-11-20 05:12:15.392 14234 INFO rally.task.runner [-] Task 038a406c-f7e9-46c3-8faa-692345260bf4 | ITER: 6 END: OK
2019-11-20 05:12:15.396 14234 INFO rally.task.runner [-] Task 038a406c-f7e9-46c3-8faa-692345260bf4 | ITER: 10 START
2019-11-20 05:12:15.969 14236 INFO rally.task.runner [-] Task 038a406c-f7e9-46c3-8faa-692345260bf4 | ITER: 7 END: OK
2019-11-20 05:12:16.187 14235 INFO rally.task.runner [-] Task 038a406c-f7e9-46c3-8faa-692345260bf4 | ITER: 8 END: OK
2019-11-20 05:12:16.522 14233 INFO rally.task.runner [-] Task 038a406c-f7e9-46c3-8faa-692345260bf4 | ITER: 9 END: OK
2019-11-20 05:12:17.139 14234 INFO rally.task.runner [-] Task 038a406c-f7e9-46c3-8faa-692345260bf4 | ITER: 10 END: OK
2019-11-20 05:12:17.162 13785 INFO rally.task.context [-] Task 038a406c-f7e9-46c3-8faa-692345260bf4 | Context cleanup@openstack cleanup() started
2019-11-20 05:12:17.166 13785 RALLYDEBUG rally_openstack.cleanup.manager [-] Cleaning up neutron vip objects
2019-11-20 05:12:18.417 13785 RALLYDEBUG rally_openstack.cleanup.manager [-] Cleaning up neutron health_monitor objects
2019-11-20 05:12:19.510 13785 RALLYDEBUG rally_openstack.cleanup.manager [-] Cleaning up neutron pool objects
2019-11-20 05:12:20.609 13785 RALLYDEBUG rally_openstack.cleanup.manager [-] Cleaning up neutron loadbalancer objects
2019-11-20 05:12:21.819 13785 RALLYDEBUG rally_openstack.cleanup.manager [-] Cleaning up neutron floatingip objects
2019-11-20 05:12:23.027 13785 RALLYDEBUG rally_openstack.cleanup.manager [-] Cleaning up neutron trunk objects
2019-11-20 05:12:24.263 13785 RALLYDEBUG rally_openstack.cleanup.manager [-] Cleaning up neutron port objects
2019-11-20 05:12:25.592 13785 RALLYDEBUG rally_openstack.cleanup.manager [-] Deleting neutron.port object s_rally_69d64bd0_ptX9MznX (3bb00bf3-ada7-43a4-b6ce-1977cf4ca6c3)
2019-11-20 05:12:25.602 13785 RALLYDEBUG rally_openstack.cleanup.manager [-] Deleting neutron.port object s_rally_69d64bd0_jHFTk9uJ (dc2bfda5-5914-4e72-903e-44478ca94cda)
2019-11-20 05:12:25.603 13785 RALLYDEBUG rally_openstack.cleanup.manager [-] Deleting neutron.port object s_rally_69d64bd0_vdGTiJbO (d9bb2d0e-0e32-4ef0-bfed-7f689aa09b28)
2019-11-20 05:12:25.613 13785 RALLYDEBUG rally_openstack.cleanup.manager [-] Deleting neutron.port object s_rally_69d64bd0_JLXflnNE (15758575-31bc-43ef-8a16-8f3820192638)
2019-11-20 05:12:25.639 13785 RALLYDEBUG rally_openstack.cleanup.manager [-] Deleting neutron.port object s_rally_69d64bd0_8Z2VdUkT (3ea74f9d-b521-421c-aec3-67ef3fcc6394)
2019-11-20 05:12:25.644 13785 RALLYDEBUG rally_openstack.cleanup.manager [-] Deleting neutron.port object s_rally_69d64bd0_n2XUrrKD (4e7db926-50df-4fb0-9d6d-58f646be68b8)
2019-11-20 05:12:25.657 13785 RALLYDEBUG rally_openstack.cleanup.manager [-] Deleting neutron.port object s_rally_69d64bd0_3v19TzsP (71d20e5b-908b-4955-8a0b-0590670d43f2)
2019-11-20 05:12:25.668 13785 RALLYDEBUG rally_openstack.cleanup.manager [-] Deleting neutron.port object s_rally_69d64bd0_Y1dOFaBn (2ef61701-3773-4574-b025-c9f6289648f2)
2019-11-20 05:12:25.680 13785 RALLYDEBUG rally_openstack.cleanup.manager [-] Deleting neutron.port object s_rally_69d64bd0_HSmEx7dp (d092977d-5214-444d-bc4d-c93170a00933)
2019-11-20 05:12:25.685 13785 RALLYDEBUG rally_openstack.cleanup.manager [-] Deleting neutron.port object s_rally_69d64bd0_D5C9crSP (6ede7dec-2d40-44db-a784-ab89607afbec)
2019-11-20 05:12:28.133 13785 RALLYDEBUG rally_openstack.cleanup.manager [-] Cleaning up neutron subnet objects
2019-11-20 05:12:29.376 13785 RALLYDEBUG rally_openstack.cleanup.manager [-] Cleaning up neutron network objects
2019-11-20 05:12:30.786 13785 RALLYDEBUG rally_openstack.cleanup.manager [-] Cleaning up neutron router objects
2019-11-20 05:12:32.004 13785 RALLYDEBUG rally_openstack.cleanup.manager [-] Cleaning up neutron security_group objects
2019-11-20 05:12:33.488 13785 INFO rally.task.context [-] Task 038a406c-f7e9-46c3-8faa-692345260bf4 | Context cleanup@openstack cleanup() finished in 16.33 sec
2019-11-20 05:12:33.489 13785 INFO rally.task.context [-] Task 038a406c-f7e9-46c3-8faa-692345260bf4 | Context network@openstack cleanup() started
2019-11-20 05:12:43.668 13785 INFO rally.task.context [-] Task 038a406c-f7e9-46c3-8faa-692345260bf4 | Context network@openstack cleanup() finished in 10.18 sec
2019-11-20 05:12:43.668 13785 INFO rally.task.context [-] Task 038a406c-f7e9-46c3-8faa-692345260bf4 | Context quotas@openstack cleanup() started
2019-11-20 05:12:43.797 13785 INFO rally.task.context [-] Task 038a406c-f7e9-46c3-8faa-692345260bf4 | Context quotas@openstack cleanup() finished in 0.13 sec
2019-11-20 05:12:43.798 13785 INFO rally.task.context [-] Task 038a406c-f7e9-46c3-8faa-692345260bf4 | Context users@openstack cleanup() started
2019-11-20 05:12:47.895 13785 INFO rally.task.context [-] Task 038a406c-f7e9-46c3-8faa-692345260bf4 | Context users@openstack cleanup() finished in 4.10 sec
