2019-11-20 05:23:58.206 13785 RALLYDEBUG rally_openstack.cleanup.manager [-] Deleting neutron.subnet object s_rally_afc7703b_LQ7ygWTX (0b7f7840-5581-4724-9fb5-90b417c036d6)
2019-11-20 05:23:58.212 13785 RALLYDEBUG rally_openstack.cleanup.manager [-] Deleting neutron.subnet object s_rally_afc7703b_XymXWj0m (125395e9-0818-48d4-b80b-550724682eb2)
2019-11-20 05:23:58.225 13785 RALLYDEBUG rally_openstack.cleanup.manager [-] Deleting neutron.subnet object s_rally_afc7703b_GX2GDOOd (2b410db7-d846-4c6d-95d2-7b92d898fe48)
2019-11-20 05:23:58.239 13785 RALLYDEBUG rally_openstack.cleanup.manager [-] Deleting neutron.subnet object s_rally_afc7703b_m8jK8wfO (9a341efc-09aa-478f-9626-34bf74f9c99a)
2019-11-20 05:23:58.240 13785 RALLYDEBUG rally_openstack.cleanup.manager [-] Deleting neutron.subnet object s_rally_afc7703b_CYaJbdjt (4708f859-eb77-44ce-9d16-4a0be7d85aee)
2019-11-20 05:23:58.258 13785 RALLYDEBUG rally_openstack.cleanup.manager [-] Deleting neutron.subnet object s_rally_afc7703b_RIP9WOwE (9aa1b362-5efd-43e5-bfa4-00d2a0bcfbe5)
2019-11-20 05:23:58.264 13785 RALLYDEBUG rally_openstack.cleanup.manager [-] Deleting neutron.subnet object s_rally_afc7703b_M8RqeqJN (cec85224-32a4-4840-bf04-bbb55e6fb3be)
2019-11-20 05:23:58.282 13785 RALLYDEBUG rally_openstack.cleanup.manager [-] Deleting neutron.subnet object s_rally_afc7703b_jtfOgN7i (da2c051b-0add-48fb-a870-6f90091346ba)
2019-11-20 05:23:58.288 13785 RALLYDEBUG rally_openstack.cleanup.manager [-] Deleting neutron.subnet object s_rally_afc7703b_VK4UOkTT (eae2b74a-720d-4245-a9dc-7d9d201bb3d7)
2019-11-20 05:24:09.860 13785 RALLYDEBUG rally_openstack.cleanup.manager [-] Cleaning up neutron network objects
2019-11-20 05:24:11.211 13785 RALLYDEBUG rally_openstack.cleanup.manager [-] Cleaning up neutron router objects
2019-11-20 05:24:12.387 13785 RALLYDEBUG rally_openstack.cleanup.manager [-] Cleaning up neutron security_group objects
2019-11-20 05:24:13.583 13785 INFO rally.task.context [-] Task 038a406c-f7e9-46c3-8faa-692345260bf4 | Context cleanup@openstack cleanup() finished in 24.61 sec
2019-11-20 05:24:13.584 13785 INFO rally.task.context [-] Task 038a406c-f7e9-46c3-8faa-692345260bf4 | Context network@openstack cleanup() started
2019-11-20 05:24:24.201 13785 INFO rally.task.context [-] Task 038a406c-f7e9-46c3-8faa-692345260bf4 | Context network@openstack cleanup() finished in 10.62 sec
2019-11-20 05:24:24.202 13785 INFO rally.task.context [-] Task 038a406c-f7e9-46c3-8faa-692345260bf4 | Context quotas@openstack cleanup() started
2019-11-20 05:24:24.380 13785 INFO rally.task.context [-] Task 038a406c-f7e9-46c3-8faa-692345260bf4 | Context quotas@openstack cleanup() finished in 0.18 sec
2019-11-20 05:24:24.381 13785 INFO rally.task.context [-] Task 038a406c-f7e9-46c3-8faa-692345260bf4 | Context users@openstack cleanup() started
2019-11-20 05:24:28.294 13785 INFO rally.task.context [-] Task 038a406c-f7e9-46c3-8faa-692345260bf4 | Context users@openstack cleanup() finished in 3.91 sec
2019-11-20 05:24:29.269 13785 INFO rally.task.engine [-] Load duration is: 5.477044
2019-11-20 05:24:29.269 13785 INFO rally.task.engine [-] Full runner duration is: 5.522979
2019-11-20 05:24:29.270 13785 INFO rally.task.engine [-] Full duration is: 51.323486
2019-11-20 05:24:29.527 13785 INFO rally.task.engine [-] Task 038a406c-f7e9-46c3-8faa-692345260bf4 | Completed: Running task.
2019-11-20 05:24:31.106 20407 RALLYDEBUG rally.api [-] INFO logs from urllib3 and requests module are hide.
2019-11-20 05:24:31.106 20407 RALLYDEBUG rally.api [-] urllib3 insecure warnings are hidden.
2019-11-20 05:24:31.107 20407 RALLYDEBUG rally.api [-] ERROR log from boto module is hide.
2019-11-20 05:24:32.327 20408 RALLYDEBUG rally.api [-] INFO logs from urllib3 and requests module are hide.
2019-11-20 05:24:32.327 20408 RALLYDEBUG rally.api [-] urllib3 insecure warnings are hidden.
2019-11-20 05:24:32.327 20408 RALLYDEBUG rally.api [-] ERROR log from boto module is hide.
2019-11-20 05:24:33.479 20409 RALLYDEBUG rally.api [-] INFO logs from urllib3 and requests module are hide.
2019-11-20 05:24:33.479 20409 RALLYDEBUG rally.api [-] urllib3 insecure warnings are hidden.
2019-11-20 05:24:33.479 20409 RALLYDEBUG rally.api [-] ERROR log from boto module is hide.
2019-11-20 05:24:35.197 20409 INFO rally.api [-] Building 'json' report for the following task(s): '038a406c-f7e9-46c3-8faa-692345260bf4'.
2019-11-20 05:24:35.236 20409 INFO rally.api [-] The report has been successfully built.
2019-11-20 05:24:36.667 20411 RALLYDEBUG rally.api [-] INFO logs from urllib3 and requests module are hide.
2019-11-20 05:24:36.667 20411 RALLYDEBUG rally.api [-] urllib3 insecure warnings are hidden.
2019-11-20 05:24:36.667 20411 RALLYDEBUG rally.api [-] ERROR log from boto module is hide.
2019-11-20 05:24:38.729 20411 INFO rally.task.engine [-] Task 66dd91e3-ee29-4381-8d8c-f34572533156 | Starting: Task validation.
2019-11-20 05:24:38.774 20411 INFO rally.task.engine [-] Task 66dd91e3-ee29-4381-8d8c-f34572533156 | Starting: Task validation of syntax.
2019-11-20 05:24:39.127 20411 INFO rally.task.engine [-] Task 66dd91e3-ee29-4381-8d8c-f34572533156 | Completed: Task validation of syntax.
2019-11-20 05:24:39.128 20411 INFO rally.task.engine [-] Task 66dd91e3-ee29-4381-8d8c-f34572533156 | Starting: Task validation of required platforms.
2019-11-20 05:24:39.269 20411 INFO rally.task.engine [-] Task 66dd91e3-ee29-4381-8d8c-f34572533156 | Completed: Task validation of required platforms.
2019-11-20 05:24:39.269 20411 INFO rally.task.engine [-] Task 66dd91e3-ee29-4381-8d8c-f34572533156 | Starting: Task validation of semantic.
2019-11-20 05:24:39.270 20411 INFO rally.task.engine [-] Check health of the environment '19a54fcb-828a-4af8-8bd2-de837f947f35'.
2019-11-20 05:24:40.226 20411 INFO rally.task.engine [-] Platform existing@openstack (available: True): OK!
2019-11-20 05:24:40.247 20411 RALLYDEBUG rally_openstack.contexts.keystone.users [-] Creating 1 tenants using 20 threads
2019-11-20 05:24:41.066 20411 RALLYDEBUG rally_openstack.contexts.keystone.users [-] Creating 1 users using 20 threads
2019-11-20 05:24:42.441 20411 INFO rally.task.context [-] Task 66dd91e3-ee29-4381-8d8c-f34572533156 | Context users@openstack setup() finished in 2.19 sec
2019-11-20 05:25:21.678 20411 INFO rally.task.context [-] Task 66dd91e3-ee29-4381-8d8c-f34572533156 | Context users@openstack cleanup() started
2019-11-20 05:25:24.400 20411 INFO rally.task.context [-] Task 66dd91e3-ee29-4381-8d8c-f34572533156 | Context users@openstack cleanup() finished in 2.72 sec
2019-11-20 05:25:24.401 20411 INFO rally.task.engine [-] Task 66dd91e3-ee29-4381-8d8c-f34572533156 | Completed: Task validation of semantic.
2019-11-20 05:25:24.402 20411 INFO rally.task.engine [-] Task 66dd91e3-ee29-4381-8d8c-f34572533156 | Completed: Task validation.
2019-11-20 05:25:24.402 20411 INFO rally.api [-] Task 66dd91e3-ee29-4381-8d8c-f34572533156 input file is valid.
2019-11-20 05:25:24.402 20411 INFO rally.api [-] Run Task 66dd91e3-ee29-4381-8d8c-f34572533156 against Deployment 19a54fcb-828a-4af8-8bd2-de837f947f35
2019-11-20 05:25:24.403 20411 INFO rally.task.engine [-] Task 66dd91e3-ee29-4381-8d8c-f34572533156 | Starting: Running task.
2019-11-20 05:25:24.548 20411 INFO rally.task.engine [-] Running workload: position = 0 config = { "version": 2, "title": "A cropped version of a bigger task.", "description": "Auto-generated task from a single workload (uuid=e1e274e3-1e21-45eb-b64e-d80c9fde8e86)", "subtasks": [ { "title": "NovaKeypair.create_and_delete_keypair", "description": "Create a keypair with random name and delete keypair.", "scenario": { "NovaKeypair.create_and_delete_keypair": {} }, "contexts": { "users": { "tenants": 3, "users_per_tenant": 2 }, "quotas": { "nova": { "cores": -1, "floating_ips": -1, "instances": -1, "key_pairs": -1, "ram": -1, "security_group_rules": -1, "security_groups": -1 } } }, "runner": { "constant": { "concurrency": 4, "times": 10 } }, "hooks": [], "sla": { "failure_rate": { "max": 0 } } } ] }
2019-11-20 05:25:24.572 20411 RALLYDEBUG rally_openstack.contexts.keystone.users [-] Creating 3 tenants using 20 threads
2019-11-20 05:25:25.496 20411 RALLYDEBUG rally_openstack.contexts.keystone.users [-] Creating 6 users using 20 threads
2019-11-20 05:25:27.003 20411 INFO rally.task.context [-] Task 66dd91e3-ee29-4381-8d8c-f34572533156 | Context users@openstack setup() finished in 2.43 sec
2019-11-20 05:25:28.121 20411 INFO rally.task.context [-] Task 66dd91e3-ee29-4381-8d8c-f34572533156 | Context quotas@openstack setup() finished in 1.12 sec
2019-11-20 05:25:28.122 20411 INFO rally.task.context [-] Task 66dd91e3-ee29-4381-8d8c-f34572533156 | Context cleanup@openstack setup() finished in 0.04 msec
2019-11-20 05:25:28.131 20411 RALLYDEBUG rally.task.runner [-] Starting the constant runner (task UUID: 66dd91e3-ee29-4381-8d8c-f34572533156). times: 10 concurrency: 4 timeout: 0 max_cpu_used: 16 processes_to_start: 4 concurrency_per_worker: 1 concurrency_overhead: 0
2019-11-20 05:25:28.145 20535 RALLYDEBUG rally.task.runner [-] Starting a worker. times: 10 duration: None concurrency: 1 timeout: 0 cls: method_name: run args: {}
2019-11-20 05:25:28.148 20536 RALLYDEBUG rally.task.runner [-] Starting a worker. times: 10 duration: None concurrency: 1 timeout: 0 cls: method_name: run args: {}
2019-11-20 05:25:28.151 20535 INFO rally.task.runner [-] Task 66dd91e3-ee29-4381-8d8c-f34572533156 | ITER: 1 START
2019-11-20 05:25:28.152 20537 RALLYDEBUG rally.task.runner [-] Starting a worker. times: 10 duration: None concurrency: 1 timeout: 0 cls: method_name: run args: {}
2019-11-20 05:25:28.155 20536 INFO rally.task.runner [-] Task 66dd91e3-ee29-4381-8d8c-f34572533156 | ITER: 2 START
2019-11-20 05:25:28.156 20540 RALLYDEBUG rally.task.runner [-] Starting a worker. times: 10 duration: None concurrency: 1 timeout: 0 cls: method_name: run args: {}
2019-11-20 05:25:28.158 20537 INFO rally.task.runner [-] Task 66dd91e3-ee29-4381-8d8c-f34572533156 | ITER: 3 START
2019-11-20 05:25:28.162 20540 INFO rally.task.runner [-] Task 66dd91e3-ee29-4381-8d8c-f34572533156 | ITER: 4 START
2019-11-20 05:25:29.067 20540 INFO rally.task.runner [-] Task 66dd91e3-ee29-4381-8d8c-f34572533156 | ITER: 4 END: OK
2019-11-20 05:25:29.071 20540 INFO rally.task.runner [-] Task 66dd91e3-ee29-4381-8d8c-f34572533156 | ITER: 5 START
2019-11-20 05:25:29.107 20535 INFO rally.task.runner [-] Task 66dd91e3-ee29-4381-8d8c-f34572533156 | ITER: 1 END: OK
2019-11-20 05:25:29.112 20535 INFO rally.task.runner [-] Task 66dd91e3-ee29-4381-8d8c-f34572533156 | ITER: 6 START
2019-11-20 05:25:29.164 20537 INFO rally.task.runner [-] Task 66dd91e3-ee29-4381-8d8c-f34572533156 | ITER: 3 END: OK
2019-11-20 05:25:29.169 20537 INFO rally.task.runner [-] Task 66dd91e3-ee29-4381-8d8c-f34572533156 | ITER: 7 START
2019-11-20 05:25:29.231 20536 INFO rally.task.runner [-] Task 66dd91e3-ee29-4381-8d8c-f34572533156 | ITER: 2 END: OK
2019-11-20 05:25:29.236 20536 INFO rally.task.runner [-] Task 66dd91e3-ee29-4381-8d8c-f34572533156 | ITER: 8 START
2019-11-20 05:25:29.680 20540 INFO rally.task.runner [-] Task 66dd91e3-ee29-4381-8d8c-f34572533156 | ITER: 5 END: OK
2019-11-20 05:25:29.683 20540 INFO rally.task.runner [-] Task 66dd91e3-ee29-4381-8d8c-f34572533156 | ITER: 9 START
2019-11-20 05:25:29.695 20535 INFO rally.task.runner [-] Task 66dd91e3-ee29-4381-8d8c-f34572533156 | ITER: 6 END: OK
2019-11-20 05:25:29.699 20535 INFO rally.task.runner [-] Task 66dd91e3-ee29-4381-8d8c-f34572533156 | ITER: 10 START
2019-11-20 05:25:29.715 20537 INFO rally.task.runner [-] Task 66dd91e3-ee29-4381-8d8c-f34572533156 | ITER: 7 END: OK
2019-11-20 05:25:29.822 20536 INFO rally.task.runner [-] Task 66dd91e3-ee29-4381-8d8c-f34572533156 | ITER: 8 END: OK
2019-11-20 05:25:30.218 20540 INFO rally.task.runner [-] Task 66dd91e3-ee29-4381-8d8c-f34572533156 | ITER: 9 END: OK
2019-11-20 05:25:30.349 20535 INFO rally.task.runner [-] Task 66dd91e3-ee29-4381-8d8c-f34572533156 | ITER: 10 END: OK
2019-11-20 05:25:30.372 20411 INFO rally.task.context [-] Task 66dd91e3-ee29-4381-8d8c-f34572533156 | Context cleanup@openstack cleanup() started
2019-11-20 05:25:30.375 20411 RALLYDEBUG rally_openstack.cleanup.manager [-] Cleaning up nova servers objects
2019-11-20 05:25:31.725 20411 RALLYDEBUG rally_openstack.cleanup.manager [-] Cleaning up nova server_groups objects
2019-11-20 05:25:32.828 20411 RALLYDEBUG rally_openstack.cleanup.manager [-] Cleaning up nova keypairs objects
2019-11-20 05:25:35.033 20411 INFO rally.task.context [-] Task 66dd91e3-ee29-4381-8d8c-f34572533156 | Context cleanup@openstack cleanup() finished in 4.66 sec
2019-11-20 05:25:35.034 20411 INFO rally.task.context [-] Task 66dd91e3-ee29-4381-8d8c-f34572533156 | Context quotas@openstack cleanup() started
2019-11-20 05:25:35.089 20411 INFO rally.task.context [-] Task 66dd91e3-ee29-4381-8d8c-f34572533156 | Context quotas@openstack cleanup() finished in 54.72 msec
2019-11-20 05:25:35.089 20411 INFO rally.task.context [-] Task 66dd91e3-ee29-4381-8d8c-f34572533156 | Context users@openstack cleanup() started
2019-11-20 05:25:39.572 20411 INFO rally.task.context [-] Task 66dd91e3-ee29-4381-8d8c-f34572533156 | Context users@openstack cleanup() finished in 4.48 sec
2019-11-20 05:25:40.683 20411 INFO rally.task.engine [-] Load duration is: 2.196473
2019-11-20 05:25:40.683 20411 INFO rally.task.engine [-] Full runner duration is: 2.241743
2019-11-20 05:25:40.683 20411 INFO rally.task.engine [-] Full duration is: 15.002436
2019-11-20 05:25:40.965 20411 INFO rally.task.engine [-] Running workload: position = 0 config = { "version": 2, "title": "A cropped version of a bigger task.", "description": "Auto-generated task from a single workload (uuid=79f30325-fb33-48e2-bf00-67b5d1173e2b)", "subtasks": [ { "title": "NovaKeypair.create_and_list_keypairs", "description": "Create a keypair with random name and list keypairs.", "scenario": { "NovaKeypair.create_and_list_keypairs": {} }, "contexts": { "users": { "tenants": 3, "users_per_tenant": 2 }, "quotas": { "nova": { "cores": -1, "floating_ips": -1, "instances": -1, "key_pairs": -1, "ram": -1, "security_group_rules": -1, "security_groups": -1 } } }, "runner": { "constant": { "concurrency": 4, "times": 10 } }, "hooks": [], "sla": { "failure_rate": { "max": 0 } } } ] }
2019-11-20 05:25:40.990 20411 RALLYDEBUG rally_openstack.contexts.keystone.users [-] Creating 3 tenants using 20 threads
2019-11-20 05:25:42.105 20411 RALLYDEBUG rally_openstack.contexts.keystone.users [-] Creating 6 users using 20 threads
2019-11-20 05:25:43.636 20411 INFO rally.task.context [-] Task 66dd91e3-ee29-4381-8d8c-f34572533156 | Context users@openstack setup() finished in 2.65 sec
2019-11-20 05:25:44.704 20411 INFO rally.task.context [-] Task 66dd91e3-ee29-4381-8d8c-f34572533156 | Context quotas@openstack setup() finished in 1.07 sec
2019-11-20 05:25:44.704 20411 INFO rally.task.context [-] Task 66dd91e3-ee29-4381-8d8c-f34572533156 | Context cleanup@openstack setup() finished in 0.01 msec
2019-11-20 05:25:44.714 20411 RALLYDEBUG rally.task.runner [-] Starting the constant runner (task UUID: 66dd91e3-ee29-4381-8d8c-f34572533156). times: 10 concurrency: 4 timeout: 0 max_cpu_used: 16 processes_to_start: 4 concurrency_per_worker: 1 concurrency_overhead: 0
2019-11-20 05:25:44.725 20699 RALLYDEBUG rally.task.runner [-] Starting a worker. times: 10 duration: None concurrency: 1 timeout: 0 cls: method_name: run args: {}
2019-11-20 05:25:44.729 20700 RALLYDEBUG rally.task.runner [-] Starting a worker. times: 10 duration: None concurrency: 1 timeout: 0 cls: method_name: run args: {}
2019-11-20 05:25:44.732 20699 INFO rally.task.runner [-] Task 66dd91e3-ee29-4381-8d8c-f34572533156 | ITER: 1 START
2019-11-20 05:25:44.732 20701 RALLYDEBUG rally.task.runner [-] Starting a worker. times: 10 duration: None concurrency: 1 timeout: 0 cls: method_name: run args: {}
2019-11-20 05:25:44.736 20700 INFO rally.task.runner [-] Task 66dd91e3-ee29-4381-8d8c-f34572533156 | ITER: 2 START
2019-11-20 05:25:44.736 20703 RALLYDEBUG rally.task.runner [-] Starting a worker. times: 10 duration: None concurrency: 1 timeout: 0 cls: method_name: run args: {}
2019-11-20 05:25:44.739 20701 INFO rally.task.runner [-] Task 66dd91e3-ee29-4381-8d8c-f34572533156 | ITER: 3 START
2019-11-20 05:25:44.742 20703 INFO rally.task.runner [-] Task 66dd91e3-ee29-4381-8d8c-f34572533156 | ITER: 4 START
2019-11-20 05:25:45.390 20699 INFO rally.task.runner [-] Task 66dd91e3-ee29-4381-8d8c-f34572533156 | ITER: 1 END: OK
2019-11-20 05:25:45.395 20699 INFO rally.task.runner [-] Task 66dd91e3-ee29-4381-8d8c-f34572533156 | ITER: 5 START
2019-11-20 05:25:45.479 20703 INFO rally.task.runner [-] Task 66dd91e3-ee29-4381-8d8c-f34572533156 | ITER: 4 END: OK
2019-11-20 05:25:45.483 20703 INFO rally.task.runner [-] Task 66dd91e3-ee29-4381-8d8c-f34572533156 | ITER: 6 START
2019-11-20 05:25:45.588 20700 INFO rally.task.runner [-] Task 66dd91e3-ee29-4381-8d8c-f34572533156 | ITER: 2 END: OK
2019-11-20 05:25:45.593 20700 INFO rally.task.runner [-] Task 66dd91e3-ee29-4381-8d8c-f34572533156 | ITER: 7 START
2019-11-20 05:25:45.641 20701 INFO rally.task.runner [-] Task 66dd91e3-ee29-4381-8d8c-f34572533156 | ITER: 3 END: OK
2019-11-20 05:25:45.646 20701 INFO rally.task.runner [-] Task 66dd91e3-ee29-4381-8d8c-f34572533156 | ITER: 8 START
2019-11-20 05:25:45.998 20699 INFO rally.task.runner [-] Task 66dd91e3-ee29-4381-8d8c-f34572533156 | ITER: 5 END: OK
2019-11-20 05:25:45.998 20703 INFO rally.task.runner [-] Task 66dd91e3-ee29-4381-8d8c-f34572533156 | ITER: 6 END: OK
2019-11-20 05:25:46.001 20699 INFO rally.task.runner [-] Task 66dd91e3-ee29-4381-8d8c-f34572533156 | ITER: 9 START
2019-11-20 05:25:46.001 20703 INFO rally.task.runner [-] Task 66dd91e3-ee29-4381-8d8c-f34572533156 | ITER: 10 START
2019-11-20 05:25:46.177 20701 INFO rally.task.runner [-] Task 66dd91e3-ee29-4381-8d8c-f34572533156 | ITER: 8 END: OK
2019-11-20 05:25:46.249 20700 INFO rally.task.runner [-] Task 66dd91e3-ee29-4381-8d8c-f34572533156 | ITER: 7 END: OK
2019-11-20 05:25:46.611 20699 INFO rally.task.runner [-] Task 66dd91e3-ee29-4381-8d8c-f34572533156 | ITER: 9 END: OK
2019-11-20 05:25:46.767 20703 INFO rally.task.runner [-] Task 66dd91e3-ee29-4381-8d8c-f34572533156 | ITER: 10 END: OK
2019-11-20 05:25:46.791 20411 INFO rally.task.context [-] Task 66dd91e3-ee29-4381-8d8c-f34572533156 | Context cleanup@openstack cleanup() started
2019-11-20 05:25:46.795 20411 RALLYDEBUG rally_openstack.cleanup.manager [-] Cleaning up nova servers objects
2019-11-20 05:25:48.112 20411 RALLYDEBUG rally_openstack.cleanup.manager [-] Cleaning up nova server_groups objects
2019-11-20 05:25:49.245 20411 RALLYDEBUG rally_openstack.cleanup.manager [-] Cleaning up nova keypairs objects
2019-11-20 05:25:51.512 20411 RALLYDEBUG rally_openstack.cleanup.manager [-] Deleting nova.keypairs object s_rally_79f30325_nZIe9PgF (s_rally_79f30325_nZIe9PgF)
2019-11-20 05:25:51.521 20411 RALLYDEBUG rally_openstack.cleanup.manager [-] Deleting nova.keypairs object s_rally_79f30325_Qn0Awg0J (s_rally_79f30325_Qn0Awg0J)
2019-11-20 05:25:51.530 20411 RALLYDEBUG rally_openstack.cleanup.manager [-] Deleting nova.keypairs object s_rally_79f30325_wopsemJ6 (s_rally_79f30325_wopsemJ6)
2019-11-20 05:25:51.536 20411 RALLYDEBUG rally_openstack.cleanup.manager [-] Deleting nova.keypairs object s_rally_79f30325_5qGZJzjy (s_rally_79f30325_5qGZJzjy)
2019-11-20 05:25:51.548 20411 RALLYDEBUG rally_openstack.cleanup.manager [-] Deleting nova.keypairs object s_rally_79f30325_RsfJtpvk (s_rally_79f30325_RsfJtpvk)
2019-11-20 05:25:51.553 20411 RALLYDEBUG rally_openstack.cleanup.manager [-] Deleting nova.keypairs object s_rally_79f30325_tMoRZ9TI (s_rally_79f30325_tMoRZ9TI)
2019-11-20 05:25:51.577 20411 RALLYDEBUG rally_openstack.cleanup.manager [-] Deleting nova.keypairs object s_rally_79f30325_WGG2xckD (s_rally_79f30325_WGG2xckD)
2019-11-20 05:25:51.583 20411 RALLYDEBUG rally_openstack.cleanup.manager [-] Deleting nova.keypairs object s_rally_79f30325_winRvxck (s_rally_79f30325_winRvxck)
2019-11-20 05:25:51.600 20411 RALLYDEBUG rally_openstack.cleanup.manager [-] Deleting nova.keypairs object s_rally_79f30325_oqpOro7B (s_rally_79f30325_oqpOro7B)
2019-11-20 05:25:51.614 20411 RALLYDEBUG rally_openstack.cleanup.manager [-] Deleting nova.keypairs object s_rally_79f30325_MEGLRq3N (s_rally_79f30325_MEGLRq3N)
2019-11-20 05:25:53.112 20411 INFO rally.task.context [-] Task 66dd91e3-ee29-4381-8d8c-f34572533156 | Context cleanup@openstack cleanup() finished in 6.32 sec
2019-11-20 05:25:53.113 20411 INFO rally.task.context [-] Task 66dd91e3-ee29-4381-8d8c-f34572533156 | Context quotas@openstack cleanup() started
2019-11-20 05:25:53.171 20411 INFO rally.task.context [-] Task 66dd91e3-ee29-4381-8d8c-f34572533156 | Context quotas@openstack cleanup() finished in 58.39 msec
2019-11-20 05:25:53.171 20411 INFO rally.task.context [-] Task 66dd91e3-ee29-4381-8d8c-f34572533156 | Context users@openstack cleanup() started
2019-11-20 05:25:57.694 20411 INFO rally.task.context [-] Task 66dd91e3-ee29-4381-8d8c-f34572533156 | Context users@openstack cleanup() finished in 4.52 sec
2019-11-20 05:25:59.139 20411 INFO rally.task.engine [-] Load duration is: 2.03308
2019-11-20 05:25:59.139 20411 INFO rally.task.engine [-] Full runner duration is: 2.077757
2019-11-20 05:25:59.140 20411 INFO rally.task.engine [-] Full duration is: 16.706489
2019-11-20 05:25:59.463 20411 INFO rally.task.engine [-] Running workload: position = 0 config = { "version": 2, "title": "A cropped version of a bigger task.", "description": "Auto-generated task from a single workload (uuid=c639607d-c109-457e-a091-a4e37e3cd4b4)", "subtasks": [ { "title": "NovaServers.boot_and_bounce_server", "description": "Boot a server and run specified actions against it.", "scenario": { "NovaServers.boot_and_bounce_server": { "actions": [ { "hard_reboot": 1 }, { "soft_reboot": 1 }, { "stop_start": 1 }, { "rescue_unrescue": 1 } ], "flavor": { "name": "rally_full-flavor_7c3785c0-1203-4471-b106-35e78a08fc6a" }, "image": { "name": "rally_full-img_7c3785c0-1203-4471-b106-35e78a08fc6a" }, "nics": [ { "net-id": "0fe1c3e1-d88f-4d85-b194-264580ed00cf" } ] } }, "contexts": { "users": { "tenants": 3, "users_per_tenant": 2 }, "network": { "networks_per_tenant": 1, "start_cidr": "100.1.0.0/25" }, "quotas": { "neutron": { "network": -1, "port": -1, "subnet": -1 }, "nova": { "cores": -1, "floating_ips": -1, "instances": -1, "ram": -1, "security_group_rules": -1, "security_groups": -1 } } }, "runner": { "constant": { "concurrency": 4, "times": 10 } }, "hooks": [], "sla": { "failure_rate": { "max": 0 } } } ] }
2019-11-20 05:25:59.490 20411 RALLYDEBUG rally_openstack.contexts.keystone.users [-] Creating 3 tenants using 20 threads
2019-11-20 05:26:00.528 20411 RALLYDEBUG rally_openstack.contexts.keystone.users [-] Creating 6 users using 20 threads
2019-11-20 05:26:02.024 20411 INFO rally.task.context [-] Task 66dd91e3-ee29-4381-8d8c-f34572533156 | Context users@openstack setup() finished in 2.53 sec
2019-11-20 05:26:03.434 20411 INFO rally.task.context [-] Task 66dd91e3-ee29-4381-8d8c-f34572533156 | Context quotas@openstack setup() finished in 1.41 sec
2019-11-20 05:26:05.555 20411 RALLYDEBUG rally_openstack.wrappers.network [-] CIDR generated: 100.1.0.0/25
2019-11-20 05:26:09.566 20411 RALLYDEBUG rally_openstack.wrappers.network [-] CIDR generated: 100.1.0.128/25
2019-11-20 05:26:13.256 20411 RALLYDEBUG rally_openstack.wrappers.network [-] CIDR generated: 100.1.1.0/25
2019-11-20 05:26:15.563 20411 INFO rally.task.context [-] Task 66dd91e3-ee29-4381-8d8c-f34572533156 | Context network@openstack setup() finished in 12.13 sec
2019-11-20 05:26:15.563 20411 INFO rally.task.context [-] Task 66dd91e3-ee29-4381-8d8c-f34572533156 | Context cleanup@openstack setup() finished in 0.02 msec
2019-11-20 05:26:16.709 20411 RALLYDEBUG rally.task.runner [-] Starting the constant runner (task UUID: 66dd91e3-ee29-4381-8d8c-f34572533156). times: 10 concurrency: 4 timeout: 0 max_cpu_used: 16 processes_to_start: 4 concurrency_per_worker: 1 concurrency_overhead: 0
2019-11-20 05:26:16.721 20863 RALLYDEBUG rally.task.runner [-] Starting a worker. times: 10 duration: None concurrency: 1 timeout: 0 cls: method_name: run args: {"actions": [{"hard_reboot": 1}, {"soft_reboot": 1}, {"stop_start": 1}, {"rescue_unrescue": 1}], "flavor": "a07fb885-fbe6-45e6-b952-7a60dc9e803d", "image": "02d7d2af-9e24-4e53-9730-a3e0913f2d95", "nics": [{"net-id": "0fe1c3e1-d88f-4d85-b194-264580ed00cf"}]}
2019-11-20 05:26:16.725 20864 RALLYDEBUG rally.task.runner [-] Starting a worker. times: 10 duration: None concurrency: 1 timeout: 0 cls: method_name: run args: {"actions": [{"hard_reboot": 1}, {"soft_reboot": 1}, {"stop_start": 1}, {"rescue_unrescue": 1}], "flavor": "a07fb885-fbe6-45e6-b952-7a60dc9e803d", "image": "02d7d2af-9e24-4e53-9730-a3e0913f2d95", "nics": [{"net-id": "0fe1c3e1-d88f-4d85-b194-264580ed00cf"}]}
2019-11-20 05:26:16.729 20863 INFO rally.task.runner [-] Task 66dd91e3-ee29-4381-8d8c-f34572533156 | ITER: 1 START
2019-11-20 05:26:16.728 20865 RALLYDEBUG rally.task.runner [-] Starting a worker. times: 10 duration: None concurrency: 1 timeout: 0 cls: method_name: run args: {"actions": [{"hard_reboot": 1}, {"soft_reboot": 1}, {"stop_start": 1}, {"rescue_unrescue": 1}], "flavor": "a07fb885-fbe6-45e6-b952-7a60dc9e803d", "image": "02d7d2af-9e24-4e53-9730-a3e0913f2d95", "nics": [{"net-id": "0fe1c3e1-d88f-4d85-b194-264580ed00cf"}]}
2019-11-20 05:26:16.732 20864 INFO rally.task.runner [-] Task 66dd91e3-ee29-4381-8d8c-f34572533156 | ITER: 2 START
2019-11-20 05:26:16.732 20866 RALLYDEBUG rally.task.runner [-] Starting a worker. times: 10 duration: None concurrency: 1 timeout: 0 cls: method_name: run args: {"actions": [{"hard_reboot": 1}, {"soft_reboot": 1}, {"stop_start": 1}, {"rescue_unrescue": 1}], "flavor": "a07fb885-fbe6-45e6-b952-7a60dc9e803d", "image": "02d7d2af-9e24-4e53-9730-a3e0913f2d95", "nics": [{"net-id": "0fe1c3e1-d88f-4d85-b194-264580ed00cf"}]}
2019-11-20 05:26:16.736 20865 INFO rally.task.runner [-] Task 66dd91e3-ee29-4381-8d8c-f34572533156 | ITER: 3 START
2019-11-20 05:26:16.740 20866 INFO rally.task.runner [-] Task 66dd91e3-ee29-4381-8d8c-f34572533156 | ITER: 4 START
2019-11-20 05:26:24.833 20865 RALLYDEBUG rally.task.utils [-] Waiting for resource s_rally_c639607d_T7K9WkeM. Status changed: BUILD => ACTIVE in 4.989269971847534
2019-11-20 05:26:26.555 20866 RALLYDEBUG rally.task.utils [-] Waiting for resource s_rally_c639607d_jWTCHZ6O. Status changed: BUILD => ACTIVE in 6.891624689102173
2019-11-20 05:26:26.864 20863 RALLYDEBUG rally.task.utils [-] Waiting for resource s_rally_c639607d_871SfVJA. Status changed: BUILD => ACTIVE in 6.968682289123535
2019-11-20 05:26:27.264 20864 RALLYDEBUG rally.task.utils [-] Waiting for resource s_rally_c639607d_Vt99sl9V. Status changed: BUILD => ACTIVE in 7.254623889923096
2019-11-20 05:26:29.674 20865 RALLYDEBUG rally.task.utils [-] Waiting for resource s_rally_c639607d_T7K9WkeM. Status changed: ACTIVE => REBOOT in 0.4399712085723877
2019-11-20 05:26:31.420 20866 RALLYDEBUG rally.task.utils [-] Waiting for resource s_rally_c639607d_jWTCHZ6O. Status changed: ACTIVE => REBOOT in 0.4674398899078369
2019-11-20 05:26:31.707 20863 RALLYDEBUG rally.task.utils [-] Waiting for resource s_rally_c639607d_871SfVJA. Status changed: ACTIVE => REBOOT in 0.26170825958251953
2019-11-20 05:26:32.012 20864 RALLYDEBUG rally.task.utils [-] Waiting for resource s_rally_c639607d_Vt99sl9V. Status changed: ACTIVE => REBOOT in 0.37029385566711426
2019-11-20 05:28:29.679 20865 RALLYDEBUG rally.task.utils [-] Waiting for resource s_rally_c639607d_T7K9WkeM. Status changed: REBOOT => ACTIVE in 120.00490307807922
2019-11-20 05:28:31.535 20866 RALLYDEBUG rally.task.utils [-] Waiting for resource s_rally_c639607d_jWTCHZ6O. Status changed: REBOOT => ACTIVE in 120.11529159545898
2019-11-20 05:28:32.135 20864 RALLYDEBUG rally.task.utils [-] Waiting for resource s_rally_c639607d_Vt99sl9V. Status changed: REBOOT => ACTIVE in 120.122971534729
2019-11-20 05:28:33.582 20863 RALLYDEBUG rally.task.utils [-] Waiting for resource s_rally_c639607d_871SfVJA. Status changed: REBOOT => ACTIVE in 121.87498903274536
2019-11-20 05:29:31.696 20865 RALLYDEBUG rally.task.utils [-] Waiting for resource s_rally_c639607d_T7K9WkeM. Status changed: ACTIVE => SHUTOFF in 61.87080931663513
2019-11-20 05:29:31.999 20865 RALLYDEBUG rally.task.utils [-] Waiting for resource s_rally_c639607d_T7K9WkeM. Status changed: ACTIVE => SHUTOFF in 0.16534709930419922
2019-11-20 05:29:33.218 20866 RALLYDEBUG rally.task.utils [-] Waiting for resource s_rally_c639607d_jWTCHZ6O. Status changed: ACTIVE => SHUTOFF in 61.55201697349548
2019-11-20 05:29:33.503 20866 RALLYDEBUG rally.task.utils [-] Waiting for resource s_rally_c639607d_jWTCHZ6O. Status changed: ACTIVE => SHUTOFF in 0.1325843334197998
2019-11-20 05:29:33.554 20864 RALLYDEBUG rally.task.utils [-] Waiting for resource s_rally_c639607d_Vt99sl9V. Status changed: ACTIVE => SHUTOFF in 61.29364061355591
2019-11-20 05:29:33.824 20864 RALLYDEBUG rally.task.utils [-] Waiting for resource s_rally_c639607d_Vt99sl9V. Status changed: ACTIVE => SHUTOFF in 0.13991618156433105
2019-11-20 05:29:34.287 20865 RALLYDEBUG rally.task.utils [-] Waiting for resource s_rally_c639607d_T7K9WkeM. Status changed: SHUTOFF => ACTIVE in 2.2878005504608154
2019-11-20 05:29:34.649 20866 RALLYDEBUG rally.task.utils [-] Waiting for resource s_rally_c639607d_jWTCHZ6O. Status changed: SHUTOFF => ACTIVE in 1.1457393169403076
2019-11-20 05:29:34.957 20864 RALLYDEBUG rally.task.utils [-] Waiting for resource s_rally_c639607d_Vt99sl9V. Status changed: SHUTOFF => ACTIVE in 1.1329755783081055
2019-11-20 05:29:35.659 20863 RALLYDEBUG rally.task.utils [-] Waiting for resource s_rally_c639607d_871SfVJA. Status changed: ACTIVE => SHUTOFF in 61.933011293411255
2019-11-20 05:29:35.925 20863 RALLYDEBUG rally.task.utils [-] Waiting for resource s_rally_c639607d_871SfVJA. Status changed: ACTIVE => SHUTOFF in 0.13892221450805664
2019-11-20 05:29:37.082 20863 RALLYDEBUG rally.task.utils [-] Waiting for resource s_rally_c639607d_871SfVJA. Status changed: SHUTOFF => ACTIVE in 1.1572048664093018
2019-11-20 05:29:40.889 20865 RALLYDEBUG rally.task.utils [-] Waiting for resource s_rally_c639607d_T7K9WkeM. Status changed: ACTIVE => RESCUE in 4.487866640090942
2019-11-20 05:29:45.489 20865 INFO rally.task.runner [-] Task 66dd91e3-ee29-4381-8d8c-f34572533156 | ITER: 3 END: OK
2019-11-20 05:29:45.496 20865 INFO rally.task.runner [-] Task 66dd91e3-ee29-4381-8d8c-f34572533156 | ITER: 5 START
2019-11-20 05:29:52.300 20863 RALLYDEBUG rally.task.utils [-] Waiting for resource s_rally_c639607d_871SfVJA. Status changed: ACTIVE => RESCUE in 13.086419343948364
2019-11-20 05:29:52.342 20865 RALLYDEBUG rally.task.utils [-] Waiting for resource s_rally_c639607d_Xi8iKN4e. Status changed: BUILD => ACTIVE in 4.474502801895142
2019-11-20 05:29:56.873 20863 INFO rally.task.runner [-] Task 66dd91e3-ee29-4381-8d8c-f34572533156 | ITER: 1 END: OK
2019-11-20 05:29:56.880 20863 INFO rally.task.runner [-] Task 66dd91e3-ee29-4381-8d8c-f34572533156 | ITER: 6 START
2019-11-20 05:29:56.956 20865 RALLYDEBUG rally.task.utils [-] Waiting for resource s_rally_c639607d_Xi8iKN4e. Status changed: ACTIVE => REBOOT in 0.21731019020080566
2019-11-20 05:30:03.841 20863 RALLYDEBUG rally.task.utils [-] Waiting for resource s_rally_c639607d_raT78C6t. Status changed: BUILD => ACTIVE in 4.620284080505371
2019-11-20 05:30:08.421 20863 RALLYDEBUG rally.task.utils [-] Waiting for resource s_rally_c639607d_raT78C6t. Status changed: ACTIVE => REBOOT in 0.20595335960388184
2019-11-20 05:30:37.961 20864 RALLYDEBUG rally.task.utils [-] Waiting for resource s_rally_c639607d_Vt99sl9V. Status changed: ACTIVE => RESCUE in 60.8963725566864
2019-11-20 05:30:39.786 20866 RALLYDEBUG rally.task.utils [-] Waiting for resource s_rally_c639607d_jWTCHZ6O. Status changed: ACTIVE => RESCUE in 63.02193808555603
2019-11-20 05:30:42.576 20864 INFO rally.task.runner [-] Task 66dd91e3-ee29-4381-8d8c-f34572533156 | ITER: 2 END: OK
2019-11-20 05:30:42.583 20864 INFO rally.task.runner [-] Task 66dd91e3-ee29-4381-8d8c-f34572533156 | ITER: 7 START
2019-11-20 05:30:44.777 20866 INFO rally.task.runner [-] Task 66dd91e3-ee29-4381-8d8c-f34572533156 | ITER: 4 END: OK
2019-11-20 05:30:44.784 20866 INFO rally.task.runner [-] Task 66dd91e3-ee29-4381-8d8c-f34572533156 | ITER: 8 START
2019-11-20 05:30:49.314 20864 RALLYDEBUG rally.task.utils [-] Waiting for resource s_rally_c639607d_mZaj01XJ. Status changed: BUILD => ACTIVE in 4.41191840171814
2019-11-20 05:30:51.938 20866 RALLYDEBUG rally.task.utils [-] Waiting for resource s_rally_c639607d_2fJMsMyI. Status changed: BUILD => ACTIVE in 4.692607402801514
2019-11-20 05:30:53.958 20864 RALLYDEBUG rally.task.utils [-] Waiting for resource s_rally_c639607d_mZaj01XJ. Status changed: ACTIVE => REBOOT in 0.20125603675842285
2019-11-20 05:30:56.533 20866 RALLYDEBUG rally.task.utils [-] Waiting for resource s_rally_c639607d_2fJMsMyI. Status changed: ACTIVE => REBOOT in 0.20689177513122559
2019-11-20 05:31:57.433 20865 RALLYDEBUG rally.task.utils [-] Waiting for resource s_rally_c639607d_Xi8iKN4e. Status changed: REBOOT => ACTIVE in 120.47684502601624
2019-11-20 05:32:08.932 20863 RALLYDEBUG rally.task.utils [-] Waiting for resource s_rally_c639607d_raT78C6t. Status changed: REBOOT => ACTIVE in 120.51116919517517
2019-11-20 05:32:22.531 20863 RALLYDEBUG rally.task.utils [-] Waiting for resource s_rally_c639607d_raT78C6t. Status changed: ACTIVE => SHUTOFF in 13.465384006500244
2019-11-20 05:32:22.871 20863 RALLYDEBUG rally.task.utils [-] Waiting for resource s_rally_c639607d_raT78C6t. Status changed: ACTIVE => SHUTOFF in 0.19842529296875
2019-11-20 05:32:25.199 20863 RALLYDEBUG rally.task.utils [-] Waiting for resource s_rally_c639607d_raT78C6t. Status changed: SHUTOFF => ACTIVE in 2.3282485008239746
2019-11-20 05:32:55.208 20864 RALLYDEBUG rally.task.utils [-] Waiting for resource s_rally_c639607d_mZaj01XJ. Status changed: REBOOT => ACTIVE in 121.25083470344543
2019-11-20 05:32:57.507 20866 RALLYDEBUG rally.task.utils [-] Waiting for resource s_rally_c639607d_2fJMsMyI. Status changed: REBOOT => ACTIVE in 120.97378587722778
2019-11-20 05:32:59.121 20865 RALLYDEBUG rally.task.utils [-] Waiting for resource s_rally_c639607d_Xi8iKN4e. Status changed: ACTIVE => SHUTOFF in 61.54137706756592
2019-11-20 05:32:59.445 20865 RALLYDEBUG rally.task.utils [-] Waiting for resource s_rally_c639607d_Xi8iKN4e. Status changed: ACTIVE => SHUTOFF in 0.16755080223083496
2019-11-20 05:33:01.876 20865 RALLYDEBUG rally.task.utils [-] Waiting for resource s_rally_c639607d_Xi8iKN4e. Status changed: SHUTOFF => ACTIVE in 2.4316117763519287
2019-11-20 05:33:29.023 20863 RALLYDEBUG rally.task.utils [-] Waiting for resource s_rally_c639607d_raT78C6t. Status changed: ACTIVE => RESCUE in 61.69206213951111
2019-11-20 05:33:33.636 20863 INFO rally.task.runner [-] Task 66dd91e3-ee29-4381-8d8c-f34572533156 | ITER: 6 END: OK
2019-11-20 05:33:33.641 20863 INFO rally.task.runner [-] Task 66dd91e3-ee29-4381-8d8c-f34572533156 | ITER: 9 START
2019-11-20 05:33:43.363 20863 RALLYDEBUG rally.task.utils [-] Waiting for resource s_rally_c639607d_sMZdmA8V. Status changed: BUILD => ACTIVE in 6.806663751602173
2019-11-20 05:33:47.950 20863 RALLYDEBUG rally.task.utils [-] Waiting for resource s_rally_c639607d_sMZdmA8V. Status changed: ACTIVE => REBOOT in 0.19021391868591309
2019-11-20 05:33:56.739 20864 RALLYDEBUG rally.task.utils [-] Waiting for resource s_rally_c639607d_mZaj01XJ. Status changed: ACTIVE => SHUTOFF in 61.40354371070862
2019-11-20 05:33:57.069 20864 RALLYDEBUG rally.task.utils [-] Waiting for resource s_rally_c639607d_mZaj01XJ. Status changed: ACTIVE => SHUTOFF in 0.17250800132751465
2019-11-20 05:33:59.390 20864 RALLYDEBUG rally.task.utils [-] Waiting for resource s_rally_c639607d_mZaj01XJ. Status changed: SHUTOFF => ACTIVE in 2.3203394412994385
2019-11-20 05:33:59.390 20866 RALLYDEBUG rally.task.utils [-] Waiting for resource s_rally_c639607d_2fJMsMyI. Status changed: ACTIVE => SHUTOFF in 61.74673676490784
2019-11-20 05:33:59.877 20866 RALLYDEBUG rally.task.utils [-] Waiting for resource s_rally_c639607d_2fJMsMyI. Status changed: ACTIVE => SHUTOFF in 0.15050077438354492
2019-11-20 05:34:02.208 20866 RALLYDEBUG rally.task.utils [-] Waiting for resource s_rally_c639607d_2fJMsMyI. Status changed: SHUTOFF => ACTIVE in 2.330162763595581
2019-11-20 05:34:05.474 20865 RALLYDEBUG rally.task.utils [-] Waiting for resource s_rally_c639607d_Xi8iKN4e. Status changed: ACTIVE => RESCUE in 61.471808195114136
2019-11-20 05:34:06.035 20864 RALLYDEBUG rally.task.utils [-] Waiting for resource s_rally_c639607d_mZaj01XJ. Status changed: ACTIVE => RESCUE in 4.51640772819519
2019-11-20 05:34:10.030 20865 INFO rally.task.runner [-] Task 66dd91e3-ee29-4381-8d8c-f34572533156 | ITER: 5 END: OK
2019-11-20 05:34:10.036 20865 INFO rally.task.runner [-] Task 66dd91e3-ee29-4381-8d8c-f34572533156 | ITER: 10 START
2019-11-20 05:34:10.637 20864 INFO rally.task.runner [-] Task 66dd91e3-ee29-4381-8d8c-f34572533156 | ITER: 7 END: OK
2019-11-20 05:34:19.524 20865 RALLYDEBUG rally.task.utils [-] Waiting for resource s_rally_c639607d_WzAQ7MoM. Status changed: BUILD => ACTIVE in 6.834490060806274
2019-11-20 05:34:24.196 20865 RALLYDEBUG rally.task.utils [-] Waiting for resource s_rally_c639607d_WzAQ7MoM. Status changed: ACTIVE => REBOOT in 0.2729380130767822
2019-11-20 05:35:06.085 20866 RALLYDEBUG rally.task.utils [-] Waiting for resource s_rally_c639607d_2fJMsMyI. Status changed: ACTIVE => RESCUE in 61.76211500167847
2019-11-20 05:35:10.736 20866 INFO rally.task.runner [-] Task 66dd91e3-ee29-4381-8d8c-f34572533156 | ITER: 8 END: OK
2019-11-20 05:35:48.541 20863 RALLYDEBUG rally.task.utils [-] Waiting for resource s_rally_c639607d_sMZdmA8V. Status changed: REBOOT => ACTIVE in 120.59108018875122
2019-11-20 05:36:25.422 20865 RALLYDEBUG rally.task.utils [-] Waiting for resource s_rally_c639607d_WzAQ7MoM. Status changed: REBOOT => ACTIVE in 121.2257707118988
2019-11-20 05:36:50.028 20863 RALLYDEBUG rally.task.utils [-] Waiting for resource s_rally_c639607d_sMZdmA8V. Status changed: ACTIVE => SHUTOFF in 61.351998805999756
2019-11-20 05:36:50.346 20863 RALLYDEBUG rally.task.utils [-] Waiting for resource s_rally_c639607d_sMZdmA8V. Status changed: ACTIVE => SHUTOFF in 0.17069554328918457
2019-11-20 05:36:51.539 20863 RALLYDEBUG rally.task.utils [-] Waiting for resource s_rally_c639607d_sMZdmA8V. Status changed: SHUTOFF => ACTIVE in 1.1930062770843506
2019-11-20 05:37:07.310 20863 RALLYDEBUG rally.task.utils [-] Waiting for resource s_rally_c639607d_sMZdmA8V. Status changed: ACTIVE => RESCUE in 13.642049789428711
2019-11-20 05:37:12.000 20863 INFO rally.task.runner [-] Task 66dd91e3-ee29-4381-8d8c-f34572533156 | ITER: 9 END: OK
2019-11-20 05:37:28.097 20865 RALLYDEBUG rally.task.utils [-] Waiting for resource s_rally_c639607d_WzAQ7MoM. Status changed: ACTIVE => SHUTOFF in 62.536070585250854
2019-11-20 05:37:28.474 20865 RALLYDEBUG rally.task.utils [-] Waiting for resource s_rally_c639607d_WzAQ7MoM. Status changed: ACTIVE => SHUTOFF in 0.2243950366973877
2019-11-20 05:37:30.908 20865 RALLYDEBUG rally.task.utils [-] Waiting for resource s_rally_c639607d_WzAQ7MoM. Status changed: SHUTOFF => ACTIVE in 2.4341940879821777
2019-11-20 05:37:37.542 20865 RALLYDEBUG rally.task.utils [-] Waiting for resource s_rally_c639607d_WzAQ7MoM. Status changed: ACTIVE => RESCUE in 4.499260425567627
2019-11-20 05:37:42.408 20865 INFO rally.task.runner [-] Task 66dd91e3-ee29-4381-8d8c-f34572533156 | ITER: 10 END: OK
2019-11-20 05:37:42.435 20411 INFO rally.task.context [-] Task 66dd91e3-ee29-4381-8d8c-f34572533156 | Context cleanup@openstack cleanup() started
2019-11-20 05:37:42.445 20411 RALLYDEBUG rally_openstack.cleanup.manager [-] Cleaning up nova servers objects
2019-11-20 05:37:44.143 20411 RALLYDEBUG rally_openstack.cleanup.manager [-] Cleaning up nova server_groups objects
2019-11-20 05:37:45.258 20411 RALLYDEBUG rally_openstack.cleanup.manager [-] Cleaning up nova keypairs objects
2019-11-20 05:37:47.645 20411 INFO rally.task.context [-] Task 66dd91e3-ee29-4381-8d8c-f34572533156 | Context cleanup@openstack cleanup() finished in 5.21 sec
2019-11-20 05:37:47.645 20411 INFO rally.task.context [-] Task 66dd91e3-ee29-4381-8d8c-f34572533156 | Context network@openstack cleanup() started
2019-11-20 05:38:08.298 20411 INFO rally.task.context [-] Task 66dd91e3-ee29-4381-8d8c-f34572533156 | Context network@openstack cleanup() finished in 20.65 sec
2019-11-20 05:38:08.298 20411 INFO rally.task.context [-] Task 66dd91e3-ee29-4381-8d8c-f34572533156 | Context quotas@openstack cleanup() started
2019-11-20 05:38:08.630 20411 INFO rally.task.context [-] Task 66dd91e3-ee29-4381-8d8c-f34572533156 | Context quotas@openstack cleanup() finished in 0.33 sec
2019-11-20 05:38:08.631 20411 INFO rally.task.context [-] Task 66dd91e3-ee29-4381-8d8c-f34572533156 | Context users@openstack cleanup() started
2019-11-20 05:38:12.497 20411 INFO rally.task.context [-] Task 66dd91e3-ee29-4381-8d8c-f34572533156 | Context users@openstack cleanup() finished in 3.87 sec
2019-11-20 05:38:14.366 20411 INFO rally.task.engine [-] Load duration is: 676.678364
2019-11-20 05:38:14.366 20411 INFO rally.task.engine [-] Full runner duration is: 685.726509
2019-11-20 05:38:14.367 20411 INFO rally.task.engine [-] Full duration is: 733.009834
2019-11-20 05:38:14.719 20411 INFO rally.task.engine [-] Running workload: position = 0 config = { "version": 2, "title": "A cropped version of a bigger task.", "description": "Auto-generated task from a single workload (uuid=edf844c5-fec3-458c-8be2-667966f795ab)", "subtasks": [ { "title": "NovaServers.boot_and_delete_server", "description": "Boot and delete a server.", "scenario": { "NovaServers.boot_and_delete_server": { "flavor": { "name": "rally_full-flavor_7c3785c0-1203-4471-b106-35e78a08fc6a" }, "image": { "name": "rally_full-img_7c3785c0-1203-4471-b106-35e78a08fc6a" }, "nics": [ { "net-id": "0fe1c3e1-d88f-4d85-b194-264580ed00cf" } ] } }, "contexts": { "users": { "tenants": 3, "users_per_tenant": 2 }, "network": { "networks_per_tenant": 1, "start_cidr": "100.1.0.0/25" }, "quotas": { "neutron": { "network": -1, "port": -1, "subnet": -1 }, "nova": { "cores": -1, "floating_ips": -1, "instances": -1, "ram": -1, "security_group_rules": -1, "security_groups": -1 } } }, "runner": { "constant": { "concurrency": 4, "times": 10 } }, "hooks": [], "sla": { "failure_rate": { "max": 0 } } } ] }
2019-11-20 05:38:14.746 20411 RALLYDEBUG rally_openstack.contexts.keystone.users [-] Creating 3 tenants using 20 threads
2019-11-20 05:38:15.738 20411 RALLYDEBUG rally_openstack.contexts.keystone.users [-] Creating 6 users using 20 threads
2019-11-20 05:38:17.287 20411 INFO rally.task.context [-] Task 66dd91e3-ee29-4381-8d8c-f34572533156 | Context users@openstack setup() finished in 2.54 sec
2019-11-20 05:38:18.738 20411 INFO rally.task.context [-] Task 66dd91e3-ee29-4381-8d8c-f34572533156 | Context quotas@openstack setup() finished in 1.45 sec
2019-11-20 05:38:20.835 20411 RALLYDEBUG rally_openstack.wrappers.network [-] CIDR generated: 100.1.1.128/25
2019-11-20 05:38:24.882 20411 RALLYDEBUG rally_openstack.wrappers.network [-] CIDR generated: 100.1.2.0/25
2019-11-20 05:38:28.632 20411 RALLYDEBUG rally_openstack.wrappers.network [-] CIDR generated: 100.1.2.128/25
2019-11-20 05:38:30.638 20411 INFO rally.task.context [-] Task 66dd91e3-ee29-4381-8d8c-f34572533156 | Context network@openstack setup() finished in 11.90 sec
2019-11-20 05:38:30.639 20411 INFO rally.task.context [-] Task 66dd91e3-ee29-4381-8d8c-f34572533156 | Context cleanup@openstack setup() finished in 0.04 msec
2019-11-20 05:38:31.488 20411 RALLYDEBUG rally.task.runner [-] Starting the constant runner (task UUID: 66dd91e3-ee29-4381-8d8c-f34572533156). times: 10 concurrency: 4 timeout: 0 max_cpu_used: 16 processes_to_start: 4 concurrency_per_worker: 1 concurrency_overhead: 0
2019-11-20 05:38:31.500 21027 RALLYDEBUG rally.task.runner [-] Starting a worker. times: 10 duration: None concurrency: 1 timeout: 0 cls: method_name: run args: {"flavor": "a07fb885-fbe6-45e6-b952-7a60dc9e803d", "image": "02d7d2af-9e24-4e53-9730-a3e0913f2d95", "nics": [{"net-id": "0fe1c3e1-d88f-4d85-b194-264580ed00cf"}]}
2019-11-20 05:38:31.503 21028 RALLYDEBUG rally.task.runner [-] Starting a worker. times: 10 duration: None concurrency: 1 timeout: 0 cls: method_name: run args: {"flavor": "a07fb885-fbe6-45e6-b952-7a60dc9e803d", "image": "02d7d2af-9e24-4e53-9730-a3e0913f2d95", "nics": [{"net-id": "0fe1c3e1-d88f-4d85-b194-264580ed00cf"}]}
2019-11-20 05:38:31.508 21029 RALLYDEBUG rally.task.runner [-] Starting a worker. times: 10 duration: None concurrency: 1 timeout: 0 cls: method_name: run args: {"flavor": "a07fb885-fbe6-45e6-b952-7a60dc9e803d", "image": "02d7d2af-9e24-4e53-9730-a3e0913f2d95", "nics": [{"net-id": "0fe1c3e1-d88f-4d85-b194-264580ed00cf"}]}
2019-11-20 05:38:31.510 21027 INFO rally.task.runner [-] Task 66dd91e3-ee29-4381-8d8c-f34572533156 | ITER: 1 START
2019-11-20 05:38:31.510 21028 INFO rally.task.runner [-] Task 66dd91e3-ee29-4381-8d8c-f34572533156 | ITER: 2 START
2019-11-20 05:38:31.512 21030 RALLYDEBUG rally.task.runner [-] Starting a worker. times: 10 duration: None concurrency: 1 timeout: 0 cls: method_name: run args: {"flavor": "a07fb885-fbe6-45e6-b952-7a60dc9e803d", "image": "02d7d2af-9e24-4e53-9730-a3e0913f2d95", "nics": [{"net-id": "0fe1c3e1-d88f-4d85-b194-264580ed00cf"}]}
2019-11-20 05:38:31.515 21029 INFO rally.task.runner [-] Task 66dd91e3-ee29-4381-8d8c-f34572533156 | ITER: 3 START
2019-11-20 05:38:31.520 21030 INFO rally.task.runner [-] Task 66dd91e3-ee29-4381-8d8c-f34572533156 | ITER: 4 START
2019-11-20 05:38:38.955 21028 RALLYDEBUG rally.task.utils [-] Waiting for resource s_rally_edf844c5_UXn5z7SU. Status changed: BUILD => ACTIVE in 4.876737594604492
2019-11-20 05:38:41.055 21030 RALLYDEBUG rally.task.utils [-] Waiting for resource s_rally_edf844c5_BGdpxkwa. Status changed: BUILD => ACTIVE in 6.929988622665405
2019-11-20 05:38:41.057 21029 RALLYDEBUG rally.task.utils [-] Waiting for resource s_rally_edf844c5_ARgHnU7S. Status changed: BUILD => ACTIVE in 6.847539186477661
2019-11-20 05:38:41.152 21027 RALLYDEBUG rally.task.utils [-] Waiting for resource s_rally_edf844c5_b1KDa0Ik. Status changed: BUILD => ACTIVE in 6.959729433059692
2019-11-20 05:38:41.303 21028 INFO rally.task.runner [-] Task 66dd91e3-ee29-4381-8d8c-f34572533156 | ITER: 2 END: OK
2019-11-20 05:38:41.307 21028 INFO rally.task.runner [-] Task 66dd91e3-ee29-4381-8d8c-f34572533156 | ITER: 5 START
2019-11-20 05:38:43.450 21030 INFO rally.task.runner [-] Task 66dd91e3-ee29-4381-8d8c-f34572533156 | ITER: 4 END: OK
2019-11-20 05:38:43.453 21030 INFO rally.task.runner [-] Task 66dd91e3-ee29-4381-8d8c-f34572533156 | ITER: 6 START
2019-11-20 05:38:43.459 21029 INFO rally.task.runner [-] Task 66dd91e3-ee29-4381-8d8c-f34572533156 | ITER: 3 END: OK
2019-11-20 05:38:43.464 21029 INFO rally.task.runner [-] Task 66dd91e3-ee29-4381-8d8c-f34572533156 | ITER: 7 START
2019-11-20 05:38:43.556 21027 INFO rally.task.runner [-] Task 66dd91e3-ee29-4381-8d8c-f34572533156 | ITER: 1 END: OK
2019-11-20 05:38:43.560 21027 INFO rally.task.runner [-] Task 66dd91e3-ee29-4381-8d8c-f34572533156 | ITER: 8 START
2019-11-20 05:38:50.063 21030 RALLYDEBUG rally.task.utils [-] Waiting for resource s_rally_edf844c5_SG7RIbds. Status changed: BUILD => ACTIVE in 4.54121732711792
2019-11-20 05:38:50.454 21028 RALLYDEBUG rally.task.utils [-] Waiting for resource s_rally_edf844c5_vvX9UwU0. Status changed: BUILD => ACTIVE in 6.827271938323975
2019-11-20 05:38:52.354 21029 RALLYDEBUG rally.task.utils [-] Waiting for resource s_rally_edf844c5_6rrT0jaA. Status changed: BUILD => ACTIVE in 6.77208399772644
2019-11-20 05:38:52.491 21027 RALLYDEBUG rally.task.utils [-] Waiting for resource s_rally_edf844c5_5o05xqdw. Status changed: BUILD => ACTIVE in 6.892566919326782
2019-11-20 05:38:52.664 21030 INFO rally.task.runner [-] Task 66dd91e3-ee29-4381-8d8c-f34572533156 | ITER: 6 END: OK
2019-11-20 05:38:52.669 21030 INFO rally.task.runner [-] Task 66dd91e3-ee29-4381-8d8c-f34572533156 | ITER: 9 START
2019-11-20 05:38:52.825 21028 INFO rally.task.runner [-] Task 66dd91e3-ee29-4381-8d8c-f34572533156 | ITER: 5 END: OK
2019-11-20 05:38:52.828 21028 INFO rally.task.runner [-] Task 66dd91e3-ee29-4381-8d8c-f34572533156 | ITER: 10 START
2019-11-20 05:38:54.735 21029 INFO rally.task.runner [-] Task 66dd91e3-ee29-4381-8d8c-f34572533156 | ITER: 7 END: OK
2019-11-20 05:38:54.828 21027 INFO rally.task.runner [-] Task 66dd91e3-ee29-4381-8d8c-f34572533156 | ITER: 8 END: OK
2019-11-20 05:38:59.689 21028 RALLYDEBUG rally.task.utils [-] Waiting for resource s_rally_edf844c5_vdthXJu0. Status changed: BUILD => ACTIVE in 4.527684688568115
2019-11-20 05:39:02.031 21028 INFO rally.task.runner [-] Task 66dd91e3-ee29-4381-8d8c-f34572533156 | ITER: 10 END: OK
2019-11-20 05:39:02.342 21030 RALLYDEBUG rally.task.utils [-] Waiting for resource s_rally_edf844c5_GSfl2Oqb. Status changed: BUILD => ACTIVE in 7.06486701965332
2019-11-20 05:39:04.832 21030 INFO rally.task.runner [-] Task 66dd91e3-ee29-4381-8d8c-f34572533156 | ITER: 9 END: OK
2019-11-20 05:39:04.866 20411 INFO rally.task.context [-] Task 66dd91e3-ee29-4381-8d8c-f34572533156 | Context cleanup@openstack cleanup() started
2019-11-20 05:39:04.869 20411 RALLYDEBUG rally_openstack.cleanup.manager [-] Cleaning up nova servers objects
2019-11-20 05:39:06.139 20411 RALLYDEBUG rally_openstack.cleanup.manager [-] Cleaning up nova server_groups objects
2019-11-20 05:39:07.256 20411 RALLYDEBUG rally_openstack.cleanup.manager [-] Cleaning up nova keypairs objects
2019-11-20 05:39:09.601 20411 INFO rally.task.context [-] Task 66dd91e3-ee29-4381-8d8c-f34572533156 | Context cleanup@openstack cleanup() finished in 4.74 sec
2019-11-20 05:39:09.602 20411 INFO rally.task.context [-] Task 66dd91e3-ee29-4381-8d8c-f34572533156 | Context network@openstack cleanup() started
