2019-11-20 06:16:12.015 25439 INFO rally.task.runner [-] Task 66dd91e3-ee29-4381-8d8c-f34572533156 | ITER: 5 START
2019-11-20 06:16:12.020 25441 INFO rally.task.runner [-] Task 66dd91e3-ee29-4381-8d8c-f34572533156 | ITER: 3 END: OK
2019-11-20 06:16:12.024 25441 INFO rally.task.runner [-] Task 66dd91e3-ee29-4381-8d8c-f34572533156 | ITER: 6 START
2019-11-20 06:16:12.030 25442 INFO rally.task.runner [-] Task 66dd91e3-ee29-4381-8d8c-f34572533156 | ITER: 4 END: OK
2019-11-20 06:16:12.034 25442 INFO rally.task.runner [-] Task 66dd91e3-ee29-4381-8d8c-f34572533156 | ITER: 7 START
2019-11-20 06:16:12.156 25440 INFO rally.task.runner [-] Task 66dd91e3-ee29-4381-8d8c-f34572533156 | ITER: 2 END: OK
2019-11-20 06:16:12.161 25440 INFO rally.task.runner [-] Task 66dd91e3-ee29-4381-8d8c-f34572533156 | ITER: 8 START
2019-11-20 06:16:12.512 25439 INFO rally.task.runner [-] Task 66dd91e3-ee29-4381-8d8c-f34572533156 | ITER: 5 END: OK
2019-11-20 06:16:12.515 25439 INFO rally.task.runner [-] Task 66dd91e3-ee29-4381-8d8c-f34572533156 | ITER: 9 START
2019-11-20 06:16:12.549 25441 INFO rally.task.runner [-] Task 66dd91e3-ee29-4381-8d8c-f34572533156 | ITER: 6 END: OK
2019-11-20 06:16:12.552 25442 INFO rally.task.runner [-] Task 66dd91e3-ee29-4381-8d8c-f34572533156 | ITER: 7 END: OK
2019-11-20 06:16:12.552 25441 INFO rally.task.runner [-] Task 66dd91e3-ee29-4381-8d8c-f34572533156 | ITER: 10 START
2019-11-20 06:16:12.578 25440 INFO rally.task.runner [-] Task 66dd91e3-ee29-4381-8d8c-f34572533156 | ITER: 8 END: OK
2019-11-20 06:16:12.956 25439 INFO rally.task.runner [-] Task 66dd91e3-ee29-4381-8d8c-f34572533156 | ITER: 9 END: OK
2019-11-20 06:16:12.991 25441 INFO rally.task.runner [-] Task 66dd91e3-ee29-4381-8d8c-f34572533156 | ITER: 10 END: OK
2019-11-20 06:16:13.019 20411 INFO rally.task.context [-] Task 66dd91e3-ee29-4381-8d8c-f34572533156 | Context cleanup@openstack cleanup() started
2019-11-20 06:16:13.022 20411 RALLYDEBUG rally_openstack.cleanup.manager [-] Cleaning up nova servers objects
2019-11-20 06:16:14.598 20411 RALLYDEBUG rally_openstack.cleanup.manager [-] Cleaning up nova server_groups objects
2019-11-20 06:16:15.724 20411 RALLYDEBUG rally_openstack.cleanup.manager [-] Deleting nova.server_groups object s_rally_ee4c2484_IoqvCN83 (2ce78569-5164-4d29-817c-c7556c0d4fa7)
2019-11-20 06:16:15.734 20411 RALLYDEBUG rally_openstack.cleanup.manager [-] Deleting nova.server_groups object s_rally_ee4c2484_Fu7u6Y0B (ce70fa65-b344-4e85-96d3-bbfc9459080c)
2019-11-20 06:16:15.742 20411 RALLYDEBUG rally_openstack.cleanup.manager [-] Deleting nova.server_groups object s_rally_ee4c2484_ECjLLsQz (714d6f94-d373-4900-b9b7-0ba67df0718a)
2019-11-20 06:16:15.751 20411 RALLYDEBUG rally_openstack.cleanup.manager [-] Deleting nova.server_groups object s_rally_ee4c2484_Icx59Rqv (fcb89b22-24f1-414e-b212-43f1fd47d02b)
2019-11-20 06:16:15.779 20411 RALLYDEBUG rally_openstack.cleanup.manager [-] Deleting nova.server_groups object s_rally_ee4c2484_eiO9ajEo (bdd803a7-92c1-46f2-b018-db523633ca9b)
2019-11-20 06:16:15.788 20411 RALLYDEBUG rally_openstack.cleanup.manager [-] Deleting nova.server_groups object s_rally_ee4c2484_DaSY8BXE (af59eb95-64a1-4f4a-b6ff-03f07d337b07)
2019-11-20 06:16:15.797 20411 RALLYDEBUG rally_openstack.cleanup.manager [-] Deleting nova.server_groups object s_rally_ee4c2484_0YR8orre (22c1ab58-7cc7-448a-a02f-cb3ae7aabc33)
2019-11-20 06:16:15.805 20411 RALLYDEBUG rally_openstack.cleanup.manager [-] Deleting nova.server_groups object s_rally_ee4c2484_RSBII2el (4f58621e-1598-414d-9a59-9c3875237873)
2019-11-20 06:16:15.818 20411 RALLYDEBUG rally_openstack.cleanup.manager [-] Deleting nova.server_groups object s_rally_ee4c2484_EaLc8d3e (c54be8ff-95e4-4c79-b6bd-57d656feacad)
2019-11-20 06:16:15.823 20411 RALLYDEBUG rally_openstack.cleanup.manager [-] Deleting nova.server_groups object s_rally_ee4c2484_sax0tJmH (ef6e0cd8-5170-41a6-9e66-dd1d4d1bb848)
2019-11-20 06:16:17.447 20411 RALLYDEBUG rally_openstack.cleanup.manager [-] Cleaning up nova keypairs objects
2019-11-20 06:16:19.832 20411 INFO rally.task.context [-] Task 66dd91e3-ee29-4381-8d8c-f34572533156 | Context cleanup@openstack cleanup() finished in 6.81 sec
2019-11-20 06:16:19.833 20411 INFO rally.task.context [-] Task 66dd91e3-ee29-4381-8d8c-f34572533156 | Context users@openstack cleanup() started
2019-11-20 06:16:24.323 20411 INFO rally.task.context [-] Task 66dd91e3-ee29-4381-8d8c-f34572533156 | Context users@openstack cleanup() finished in 4.49 sec
2019-11-20 06:16:24.983 20411 INFO rally.task.engine [-] Load duration is: 1.5945
2019-11-20 06:16:24.983 20411 INFO rally.task.engine [-] Full runner duration is: 1.642109
2019-11-20 06:16:24.983 20411 INFO rally.task.engine [-] Full duration is: 15.441435
2019-11-20 06:16:25.207 20411 INFO rally.task.engine [-] Task 66dd91e3-ee29-4381-8d8c-f34572533156 | Completed: Running task.
2019-11-20 06:16:26.832 25561 RALLYDEBUG rally.api [-] INFO logs from urllib3 and requests module are hide.
2019-11-20 06:16:26.832 25561 RALLYDEBUG rally.api [-] urllib3 insecure warnings are hidden.
2019-11-20 06:16:26.832 25561 RALLYDEBUG rally.api [-] ERROR log from boto module is hide.
2019-11-20 06:16:28.025 25562 RALLYDEBUG rally.api [-] INFO logs from urllib3 and requests module are hide.
2019-11-20 06:16:28.025 25562 RALLYDEBUG rally.api [-] urllib3 insecure warnings are hidden.
2019-11-20 06:16:28.025 25562 RALLYDEBUG rally.api [-] ERROR log from boto module is hide.
2019-11-20 06:16:29.209 25563 RALLYDEBUG rally.api [-] INFO logs from urllib3 and requests module are hide.
2019-11-20 06:16:29.210 25563 RALLYDEBUG rally.api [-] urllib3 insecure warnings are hidden.
2019-11-20 06:16:29.210 25563 RALLYDEBUG rally.api [-] ERROR log from boto module is hide.
2019-11-20 06:16:30.975 25563 INFO rally.api [-] Building 'json' report for the following task(s): '66dd91e3-ee29-4381-8d8c-f34572533156'.
2019-11-20 06:16:31.032 25563 INFO rally.api [-] The report has been successfully built.
2019-11-20 06:16:32.452 25565 RALLYDEBUG rally.api [-] INFO logs from urllib3 and requests module are hide.
2019-11-20 06:16:32.452 25565 RALLYDEBUG rally.api [-] urllib3 insecure warnings are hidden.
2019-11-20 06:16:32.452 25565 RALLYDEBUG rally.api [-] ERROR log from boto module is hide.
2019-11-20 06:16:34.275 25565 INFO rally.task.engine [-] Task d21a1b5f-244f-43b4-ab28-bfb361f80730 | Starting: Task validation.
2019-11-20 06:16:34.315 25565 INFO rally.task.engine [-] Task d21a1b5f-244f-43b4-ab28-bfb361f80730 | Starting: Task validation of syntax.
2019-11-20 06:16:34.397 25565 INFO rally.task.engine [-] Task d21a1b5f-244f-43b4-ab28-bfb361f80730 | Completed: Task validation of syntax.
2019-11-20 06:16:34.397 25565 INFO rally.task.engine [-] Task d21a1b5f-244f-43b4-ab28-bfb361f80730 | Starting: Task validation of required platforms.
2019-11-20 06:16:34.436 25565 INFO rally.task.engine [-] Task d21a1b5f-244f-43b4-ab28-bfb361f80730 | Completed: Task validation of required platforms.
2019-11-20 06:16:34.436 25565 INFO rally.task.engine [-] Task d21a1b5f-244f-43b4-ab28-bfb361f80730 | Starting: Task validation of semantic.
2019-11-20 06:16:34.436 25565 INFO rally.task.engine [-] Check health of the environment '19a54fcb-828a-4af8-8bd2-de837f947f35'.
2019-11-20 06:16:35.429 25565 INFO rally.task.engine [-] Platform existing@openstack (available: True): OK!
2019-11-20 06:16:35.459 25565 RALLYDEBUG rally_openstack.contexts.keystone.users [-] Creating 1 tenants using 20 threads
2019-11-20 06:16:36.287 25565 RALLYDEBUG rally_openstack.contexts.keystone.users [-] Creating 1 users using 20 threads
2019-11-20 06:16:37.605 25565 INFO rally.task.context [-] Task d21a1b5f-244f-43b4-ab28-bfb361f80730 | Context users@openstack setup() finished in 2.15 sec
2019-11-20 06:16:38.880 25565 INFO rally.task.context [-] Task d21a1b5f-244f-43b4-ab28-bfb361f80730 | Context users@openstack cleanup() started
2019-11-20 06:16:41.821 25565 INFO rally.task.context [-] Task d21a1b5f-244f-43b4-ab28-bfb361f80730 | Context users@openstack cleanup() finished in 2.94 sec
2019-11-20 06:16:41.822 25565 INFO rally.task.engine [-] Task d21a1b5f-244f-43b4-ab28-bfb361f80730 | Completed: Task validation of semantic.
2019-11-20 06:16:41.822 25565 INFO rally.task.engine [-] Task d21a1b5f-244f-43b4-ab28-bfb361f80730 | Completed: Task validation.
2019-11-20 06:16:41.823 25565 INFO rally.api [-] Task d21a1b5f-244f-43b4-ab28-bfb361f80730 input file is valid.
2019-11-20 06:16:41.823 25565 INFO rally.api [-] Run Task d21a1b5f-244f-43b4-ab28-bfb361f80730 against Deployment 19a54fcb-828a-4af8-8bd2-de837f947f35
2019-11-20 06:16:41.824 25565 INFO rally.task.engine [-] Task d21a1b5f-244f-43b4-ab28-bfb361f80730 | Starting: Running task.
2019-11-20 06:16:41.980 25565 INFO rally.task.engine [-] Running workload: position = 0 config = { "version": 2, "title": "A cropped version of a bigger task.", "description": "Auto-generated task from a single workload (uuid=4a823e62-47e0-4eee-a85d-88ad72c32e96)", "subtasks": [ { "title": "Quotas.cinder_update_and_delete", "description": "Update and Delete quotas for Cinder.", "scenario": { "Quotas.cinder_update_and_delete": { "max_quota": 1024 } }, "contexts": { "users": { "tenants": 3, "users_per_tenant": 2 }, "api_versions": { "cinder": { "version": 3, "service_type": "volumev3" } } }, "runner": { "constant": { "concurrency": 4, "times": 10 } }, "hooks": [], "sla": { "failure_rate": { "max": 0 } } } ] }
2019-11-20 06:16:42.006 25565 RALLYDEBUG rally_openstack.contexts.keystone.users [-] Creating 3 tenants using 20 threads
2019-11-20 06:16:42.950 25565 RALLYDEBUG rally_openstack.contexts.keystone.users [-] Creating 6 users using 20 threads
2019-11-20 06:16:44.494 25565 INFO rally.task.context [-] Task d21a1b5f-244f-43b4-ab28-bfb361f80730 | Context users@openstack setup() finished in 2.49 sec
2019-11-20 06:16:44.888 25565 INFO rally.task.context [-] Task d21a1b5f-244f-43b4-ab28-bfb361f80730 | Context api_versions@openstack setup() finished in 0.39 sec
2019-11-20 06:16:44.888 25565 INFO rally.task.context [-] Task d21a1b5f-244f-43b4-ab28-bfb361f80730 | Context admin_cleanup@openstack setup() finished in 0.02 msec
2019-11-20 06:16:44.898 25565 RALLYDEBUG rally.task.runner [-] Starting the constant runner (task UUID: d21a1b5f-244f-43b4-ab28-bfb361f80730). times: 10 concurrency: 4 timeout: 0 max_cpu_used: 16 processes_to_start: 4 concurrency_per_worker: 1 concurrency_overhead: 0
2019-11-20 06:16:44.911 25689 RALLYDEBUG rally.task.runner [-] Starting a worker. times: 10 duration: None concurrency: 1 timeout: 0 cls: method_name: run args: {"max_quota": 1024}
2019-11-20 06:16:44.914 25690 RALLYDEBUG rally.task.runner [-] Starting a worker. times: 10 duration: None concurrency: 1 timeout: 0 cls: method_name: run args: {"max_quota": 1024}
2019-11-20 06:16:44.918 25689 INFO rally.task.runner [-] Task d21a1b5f-244f-43b4-ab28-bfb361f80730 | ITER: 1 START
2019-11-20 06:16:44.918 25691 RALLYDEBUG rally.task.runner [-] Starting a worker. times: 10 duration: None concurrency: 1 timeout: 0 cls: method_name: run args: {"max_quota": 1024}
2019-11-20 06:16:44.920 25692 RALLYDEBUG rally.task.runner [-] Starting a worker. times: 10 duration: None concurrency: 1 timeout: 0 cls: method_name: run args: {"max_quota": 1024}
2019-11-20 06:16:44.921 25690 INFO rally.task.runner [-] Task d21a1b5f-244f-43b4-ab28-bfb361f80730 | ITER: 2 START
2019-11-20 06:16:44.924 25691 INFO rally.task.runner [-] Task d21a1b5f-244f-43b4-ab28-bfb361f80730 | ITER: 3 START
2019-11-20 06:16:44.926 25692 INFO rally.task.runner [-] Task d21a1b5f-244f-43b4-ab28-bfb361f80730 | ITER: 4 START
2019-11-20 06:16:45.537 25692 INFO rally.task.runner [-] Task d21a1b5f-244f-43b4-ab28-bfb361f80730 | ITER: 4 END: OK
2019-11-20 06:16:45.539 25691 INFO rally.task.runner [-] Task d21a1b5f-244f-43b4-ab28-bfb361f80730 | ITER: 3 END: OK
2019-11-20 06:16:45.542 25692 INFO rally.task.runner [-] Task d21a1b5f-244f-43b4-ab28-bfb361f80730 | ITER: 5 START
2019-11-20 06:16:45.544 25691 INFO rally.task.runner [-] Task d21a1b5f-244f-43b4-ab28-bfb361f80730 | ITER: 6 START
2019-11-20 06:16:45.545 25689 INFO rally.task.runner [-] Task d21a1b5f-244f-43b4-ab28-bfb361f80730 | ITER: 1 END: OK
2019-11-20 06:16:45.548 25690 INFO rally.task.runner [-] Task d21a1b5f-244f-43b4-ab28-bfb361f80730 | ITER: 2 END: OK
2019-11-20 06:16:45.549 25689 INFO rally.task.runner [-] Task d21a1b5f-244f-43b4-ab28-bfb361f80730 | ITER: 7 START
2019-11-20 06:16:45.553 25690 INFO rally.task.runner [-] Task d21a1b5f-244f-43b4-ab28-bfb361f80730 | ITER: 8 START
2019-11-20 06:16:45.991 25689 INFO rally.task.runner [-] Task d21a1b5f-244f-43b4-ab28-bfb361f80730 | ITER: 7 END: OK
2019-11-20 06:16:45.994 25689 INFO rally.task.runner [-] Task d21a1b5f-244f-43b4-ab28-bfb361f80730 | ITER: 9 START
2019-11-20 06:16:46.001 25692 INFO rally.task.runner [-] Task d21a1b5f-244f-43b4-ab28-bfb361f80730 | ITER: 5 END: OK
2019-11-20 06:16:46.004 25692 INFO rally.task.runner [-] Task d21a1b5f-244f-43b4-ab28-bfb361f80730 | ITER: 10 START
2019-11-20 06:16:46.055 25691 INFO rally.task.runner [-] Task d21a1b5f-244f-43b4-ab28-bfb361f80730 | ITER: 6 END: OK
2019-11-20 06:16:46.108 25690 INFO rally.task.runner [-] Task d21a1b5f-244f-43b4-ab28-bfb361f80730 | ITER: 8 END: OK
2019-11-20 06:16:46.463 25692 INFO rally.task.runner [-] Task d21a1b5f-244f-43b4-ab28-bfb361f80730 | ITER: 10 END: OK
2019-11-20 06:16:46.536 25689 INFO rally.task.runner [-] Task d21a1b5f-244f-43b4-ab28-bfb361f80730 | ITER: 9 END: OK
2019-11-20 06:16:46.562 25565 INFO rally.task.context [-] Task d21a1b5f-244f-43b4-ab28-bfb361f80730 | Context admin_cleanup@openstack cleanup() started
2019-11-20 06:16:46.566 25565 RALLYDEBUG rally_openstack.cleanup.manager [-] Cleaning up cinder quotas objects
2019-11-20 06:16:47.369 25565 INFO rally.task.context [-] Task d21a1b5f-244f-43b4-ab28-bfb361f80730 | Context admin_cleanup@openstack cleanup() finished in 0.81 sec
2019-11-20 06:16:47.369 25565 INFO rally.task.context [-] Task d21a1b5f-244f-43b4-ab28-bfb361f80730 | Context api_versions@openstack cleanup() started
2019-11-20 06:16:47.370 25565 INFO rally.task.context [-] Task d21a1b5f-244f-43b4-ab28-bfb361f80730 | Context api_versions@openstack cleanup() finished in 0.37 msec
2019-11-20 06:16:47.370 25565 INFO rally.task.context [-] Task d21a1b5f-244f-43b4-ab28-bfb361f80730 | Context users@openstack cleanup() started
2019-11-20 06:16:51.922 25565 INFO rally.task.context [-] Task d21a1b5f-244f-43b4-ab28-bfb361f80730 | Context users@openstack cleanup() finished in 4.55 sec
2019-11-20 06:16:52.153 25565 INFO rally.task.engine [-] Load duration is: 1.61684
2019-11-20 06:16:52.153 25565 INFO rally.task.engine [-] Full runner duration is: 1.664962
2019-11-20 06:16:52.153 25565 INFO rally.task.engine [-] Full duration is: 9.918791
2019-11-20 06:16:52.460 25565 INFO rally.task.engine [-] Running workload: position = 0 config = { "version": 2, "title": "A cropped version of a bigger task.", "description": "Auto-generated task from a single workload (uuid=064d9f41-5045-44bf-b64d-6d9280f4df05)", "subtasks": [ { "title": "Quotas.cinder_update", "description": "Update quotas for Cinder.", "scenario": { "Quotas.cinder_update": { "max_quota": 1024 } }, "contexts": { "users": { "tenants": 3, "users_per_tenant": 2 }, "api_versions": { "cinder": { "version": 3, "service_type": "volumev3" } } }, "runner": { "constant": { "concurrency": 4, "times": 10 } }, "hooks": [], "sla": { "failure_rate": { "max": 0 } } } ] }
2019-11-20 06:16:52.484 25565 RALLYDEBUG rally_openstack.contexts.keystone.users [-] Creating 3 tenants using 20 threads
2019-11-20 06:16:53.513 25565 RALLYDEBUG rally_openstack.contexts.keystone.users [-] Creating 6 users using 20 threads
2019-11-20 06:16:55.027 25565 INFO rally.task.context [-] Task d21a1b5f-244f-43b4-ab28-bfb361f80730 | Context users@openstack setup() finished in 2.54 sec
2019-11-20 06:16:55.417 25565 INFO rally.task.context [-] Task d21a1b5f-244f-43b4-ab28-bfb361f80730 | Context api_versions@openstack setup() finished in 0.39 sec
2019-11-20 06:16:55.417 25565 INFO rally.task.context [-] Task d21a1b5f-244f-43b4-ab28-bfb361f80730 | Context admin_cleanup@openstack setup() finished in 0.01 msec
2019-11-20 06:16:55.427 25565 RALLYDEBUG rally.task.runner [-] Starting the constant runner (task UUID: d21a1b5f-244f-43b4-ab28-bfb361f80730). times: 10 concurrency: 4 timeout: 0 max_cpu_used: 16 processes_to_start: 4 concurrency_per_worker: 1 concurrency_overhead: 0
2019-11-20 06:16:55.438 25813 RALLYDEBUG rally.task.runner [-] Starting a worker. times: 10 duration: None concurrency: 1 timeout: 0 cls: method_name: run args: {"max_quota": 1024}
2019-11-20 06:16:55.441 25814 RALLYDEBUG rally.task.runner [-] Starting a worker. times: 10 duration: None concurrency: 1 timeout: 0 cls: method_name: run args: {"max_quota": 1024}
2019-11-20 06:16:55.444 25813 INFO rally.task.runner [-] Task d21a1b5f-244f-43b4-ab28-bfb361f80730 | ITER: 1 START
2019-11-20 06:16:55.445 25815 RALLYDEBUG rally.task.runner [-] Starting a worker. times: 10 duration: None concurrency: 1 timeout: 0 cls: method_name: run args: {"max_quota": 1024}
2019-11-20 06:16:55.447 25814 INFO rally.task.runner [-] Task d21a1b5f-244f-43b4-ab28-bfb361f80730 | ITER: 2 START
2019-11-20 06:16:55.448 25817 RALLYDEBUG rally.task.runner [-] Starting a worker. times: 10 duration: None concurrency: 1 timeout: 0 cls: method_name: run args: {"max_quota": 1024}
2019-11-20 06:16:55.451 25815 INFO rally.task.runner [-] Task d21a1b5f-244f-43b4-ab28-bfb361f80730 | ITER: 3 START
2019-11-20 06:16:55.453 25817 INFO rally.task.runner [-] Task d21a1b5f-244f-43b4-ab28-bfb361f80730 | ITER: 4 START
2019-11-20 06:16:56.020 25813 INFO rally.task.runner [-] Task d21a1b5f-244f-43b4-ab28-bfb361f80730 | ITER: 1 END: OK
2019-11-20 06:16:56.024 25813 INFO rally.task.runner [-] Task d21a1b5f-244f-43b4-ab28-bfb361f80730 | ITER: 5 START
2019-11-20 06:16:56.035 25817 INFO rally.task.runner [-] Task d21a1b5f-244f-43b4-ab28-bfb361f80730 | ITER: 4 END: OK
2019-11-20 06:16:56.038 25814 INFO rally.task.runner [-] Task d21a1b5f-244f-43b4-ab28-bfb361f80730 | ITER: 2 END: OK
2019-11-20 06:16:56.040 25817 INFO rally.task.runner [-] Task d21a1b5f-244f-43b4-ab28-bfb361f80730 | ITER: 6 START
2019-11-20 06:16:56.043 25814 INFO rally.task.runner [-] Task d21a1b5f-244f-43b4-ab28-bfb361f80730 | ITER: 7 START
2019-11-20 06:16:56.045 25815 INFO rally.task.runner [-] Task d21a1b5f-244f-43b4-ab28-bfb361f80730 | ITER: 3 END: OK
2019-11-20 06:16:56.050 25815 INFO rally.task.runner [-] Task d21a1b5f-244f-43b4-ab28-bfb361f80730 | ITER: 8 START
2019-11-20 06:16:56.472 25813 INFO rally.task.runner [-] Task d21a1b5f-244f-43b4-ab28-bfb361f80730 | ITER: 5 END: OK
2019-11-20 06:16:56.476 25813 INFO rally.task.runner [-] Task d21a1b5f-244f-43b4-ab28-bfb361f80730 | ITER: 9 START
2019-11-20 06:16:56.482 25817 INFO rally.task.runner [-] Task d21a1b5f-244f-43b4-ab28-bfb361f80730 | ITER: 6 END: OK
2019-11-20 06:16:56.485 25817 INFO rally.task.runner [-] Task d21a1b5f-244f-43b4-ab28-bfb361f80730 | ITER: 10 START
2019-11-20 06:16:56.491 25815 INFO rally.task.runner [-] Task d21a1b5f-244f-43b4-ab28-bfb361f80730 | ITER: 8 END: OK
2019-11-20 06:16:56.527 25814 INFO rally.task.runner [-] Task d21a1b5f-244f-43b4-ab28-bfb361f80730 | ITER: 7 END: OK
2019-11-20 06:16:56.921 25813 INFO rally.task.runner [-] Task d21a1b5f-244f-43b4-ab28-bfb361f80730 | ITER: 9 END: OK
2019-11-20 06:16:56.941 25817 INFO rally.task.runner [-] Task d21a1b5f-244f-43b4-ab28-bfb361f80730 | ITER: 10 END: OK
2019-11-20 06:16:56.964 25565 INFO rally.task.context [-] Task d21a1b5f-244f-43b4-ab28-bfb361f80730 | Context admin_cleanup@openstack cleanup() started
2019-11-20 06:16:56.967 25565 RALLYDEBUG rally_openstack.cleanup.manager [-] Cleaning up cinder quotas objects
2019-11-20 06:16:57.766 25565 INFO rally.task.context [-] Task d21a1b5f-244f-43b4-ab28-bfb361f80730 | Context admin_cleanup@openstack cleanup() finished in 0.80 sec
2019-11-20 06:16:57.767 25565 INFO rally.task.context [-] Task d21a1b5f-244f-43b4-ab28-bfb361f80730 | Context api_versions@openstack cleanup() started
2019-11-20 06:16:57.767 25565 INFO rally.task.context [-] Task d21a1b5f-244f-43b4-ab28-bfb361f80730 | Context api_versions@openstack cleanup() finished in 0.39 msec
2019-11-20 06:16:57.768 25565 INFO rally.task.context [-] Task d21a1b5f-244f-43b4-ab28-bfb361f80730 | Context users@openstack cleanup() started
2019-11-20 06:17:02.365 25565 INFO rally.task.context [-] Task d21a1b5f-244f-43b4-ab28-bfb361f80730 | Context users@openstack cleanup() finished in 4.60 sec
2019-11-20 06:17:02.584 25565 INFO rally.task.engine [-] Load duration is: 1.495546
2019-11-20 06:17:02.584 25565 INFO rally.task.engine [-] Full runner duration is: 1.537446
2019-11-20 06:17:02.584 25565 INFO rally.task.engine [-] Full duration is: 9.883227
2019-11-20 06:17:02.867 25565 INFO rally.task.engine [-] Running workload: position = 0 config = { "version": 2, "title": "A cropped version of a bigger task.", "description": "Auto-generated task from a single workload (uuid=6805163d-dafa-4b0f-8561-3d0c66b54c63)", "subtasks": [ { "title": "Quotas.neutron_update", "description": "Update quotas for neutron.", "scenario": { "Quotas.neutron_update": { "max_quota": 1024 } }, "contexts": { "users": { "tenants": 3, "users_per_tenant": 2 } }, "runner": { "constant": { "concurrency": 4, "times": 10 } }, "hooks": [], "sla": { "failure_rate": { "max": 0 } } } ] }
2019-11-20 06:17:02.891 25565 RALLYDEBUG rally_openstack.contexts.keystone.users [-] Creating 3 tenants using 20 threads
2019-11-20 06:17:03.988 25565 RALLYDEBUG rally_openstack.contexts.keystone.users [-] Creating 6 users using 20 threads
2019-11-20 06:17:05.546 25565 INFO rally.task.context [-] Task d21a1b5f-244f-43b4-ab28-bfb361f80730 | Context users@openstack setup() finished in 2.65 sec
2019-11-20 06:17:05.546 25565 INFO rally.task.context [-] Task d21a1b5f-244f-43b4-ab28-bfb361f80730 | Context admin_cleanup@openstack setup() finished in 0.01 msec
2019-11-20 06:17:05.556 25565 RALLYDEBUG rally.task.runner [-] Starting the constant runner (task UUID: d21a1b5f-244f-43b4-ab28-bfb361f80730). times: 10 concurrency: 4 timeout: 0 max_cpu_used: 16 processes_to_start: 4 concurrency_per_worker: 1 concurrency_overhead: 0
2019-11-20 06:17:05.568 25937 RALLYDEBUG rally.task.runner [-] Starting a worker. times: 10 duration: None concurrency: 1 timeout: 0 cls: method_name: run args: {"max_quota": 1024}
2019-11-20 06:17:05.571 25938 RALLYDEBUG rally.task.runner [-] Starting a worker. times: 10 duration: None concurrency: 1 timeout: 0 cls: method_name: run args: {"max_quota": 1024}
2019-11-20 06:17:05.574 25937 INFO rally.task.runner [-] Task d21a1b5f-244f-43b4-ab28-bfb361f80730 | ITER: 1 START
2019-11-20 06:17:05.575 25939 RALLYDEBUG rally.task.runner [-] Starting a worker. times: 10 duration: None concurrency: 1 timeout: 0 cls: method_name: run args: {"max_quota": 1024}
2019-11-20 06:17:05.578 25938 INFO rally.task.runner [-] Task d21a1b5f-244f-43b4-ab28-bfb361f80730 | ITER: 2 START
2019-11-20 06:17:05.578 25941 RALLYDEBUG rally.task.runner [-] Starting a worker. times: 10 duration: None concurrency: 1 timeout: 0 cls: method_name: run args: {"max_quota": 1024}
2019-11-20 06:17:05.581 25939 INFO rally.task.runner [-] Task d21a1b5f-244f-43b4-ab28-bfb361f80730 | ITER: 3 START
2019-11-20 06:17:05.584 25941 INFO rally.task.runner [-] Task d21a1b5f-244f-43b4-ab28-bfb361f80730 | ITER: 4 START
2019-11-20 06:17:06.089 25937 INFO rally.task.runner [-] Task d21a1b5f-244f-43b4-ab28-bfb361f80730 | ITER: 1 END: OK
2019-11-20 06:17:06.094 25937 INFO rally.task.runner [-] Task d21a1b5f-244f-43b4-ab28-bfb361f80730 | ITER: 5 START
2019-11-20 06:17:06.094 25941 INFO rally.task.runner [-] Task d21a1b5f-244f-43b4-ab28-bfb361f80730 | ITER: 4 END: OK
2019-11-20 06:17:06.099 25941 INFO rally.task.runner [-] Task d21a1b5f-244f-43b4-ab28-bfb361f80730 | ITER: 6 START
2019-11-20 06:17:06.108 25938 INFO rally.task.runner [-] Task d21a1b5f-244f-43b4-ab28-bfb361f80730 | ITER: 2 END: OK
2019-11-20 06:17:06.113 25938 INFO rally.task.runner [-] Task d21a1b5f-244f-43b4-ab28-bfb361f80730 | ITER: 7 START
2019-11-20 06:17:06.114 25939 INFO rally.task.runner [-] Task d21a1b5f-244f-43b4-ab28-bfb361f80730 | ITER: 3 END: OK
2019-11-20 06:17:06.117 25939 INFO rally.task.runner [-] Task d21a1b5f-244f-43b4-ab28-bfb361f80730 | ITER: 8 START
2019-11-20 06:17:06.507 25941 INFO rally.task.runner [-] Task d21a1b5f-244f-43b4-ab28-bfb361f80730 | ITER: 6 END: OK
2019-11-20 06:17:06.510 25937 INFO rally.task.runner [-] Task d21a1b5f-244f-43b4-ab28-bfb361f80730 | ITER: 5 END: OK
2019-11-20 06:17:06.512 25941 INFO rally.task.runner [-] Task d21a1b5f-244f-43b4-ab28-bfb361f80730 | ITER: 9 START
2019-11-20 06:17:06.513 25937 INFO rally.task.runner [-] Task d21a1b5f-244f-43b4-ab28-bfb361f80730 | ITER: 10 START
2019-11-20 06:17:06.545 25939 INFO rally.task.runner [-] Task d21a1b5f-244f-43b4-ab28-bfb361f80730 | ITER: 8 END: OK
2019-11-20 06:17:06.583 25938 INFO rally.task.runner [-] Task d21a1b5f-244f-43b4-ab28-bfb361f80730 | ITER: 7 END: OK
2019-11-20 06:17:06.957 25937 INFO rally.task.runner [-] Task d21a1b5f-244f-43b4-ab28-bfb361f80730 | ITER: 10 END: OK
2019-11-20 06:17:06.964 25941 INFO rally.task.runner [-] Task d21a1b5f-244f-43b4-ab28-bfb361f80730 | ITER: 9 END: OK
2019-11-20 06:17:06.991 25565 INFO rally.task.context [-] Task d21a1b5f-244f-43b4-ab28-bfb361f80730 | Context admin_cleanup@openstack cleanup() started
2019-11-20 06:17:06.995 25565 RALLYDEBUG rally_openstack.cleanup.manager [-] Cleaning up neutron quota objects
2019-11-20 06:17:07.790 25565 INFO rally.task.context [-] Task d21a1b5f-244f-43b4-ab28-bfb361f80730 | Context admin_cleanup@openstack cleanup() finished in 0.80 sec
2019-11-20 06:17:07.791 25565 INFO rally.task.context [-] Task d21a1b5f-244f-43b4-ab28-bfb361f80730 | Context users@openstack cleanup() started
2019-11-20 06:17:12.585 25565 INFO rally.task.context [-] Task d21a1b5f-244f-43b4-ab28-bfb361f80730 | Context users@openstack cleanup() finished in 4.79 sec
2019-11-20 06:17:12.998 25565 INFO rally.task.engine [-] Load duration is: 1.388847
2019-11-20 06:17:12.999 25565 INFO rally.task.engine [-] Full runner duration is: 1.436048
2019-11-20 06:17:12.999 25565 INFO rally.task.engine [-] Full duration is: 9.695535
2019-11-20 06:17:13.304 25565 INFO rally.task.engine [-] Running workload: position = 0 config = { "version": 2, "title": "A cropped version of a bigger task.", "description": "Auto-generated task from a single workload (uuid=15e15aa0-6daa-4ec0-83b6-788695fc2c8f)", "subtasks": [ { "title": "Quotas.nova_update", "description": "Update quotas for Nova.", "scenario": { "Quotas.nova_update": { "max_quota": 1024 } }, "contexts": { "users": { "tenants": 3, "users_per_tenant": 2 } }, "runner": { "constant": { "concurrency": 4, "times": 10 } }, "hooks": [], "sla": { "failure_rate": { "max": 0 } } } ] }
2019-11-20 06:17:13.327 25565 RALLYDEBUG rally_openstack.contexts.keystone.users [-] Creating 3 tenants using 20 threads
2019-11-20 06:17:14.415 25565 RALLYDEBUG rally_openstack.contexts.keystone.users [-] Creating 6 users using 20 threads
2019-11-20 06:17:15.929 25565 INFO rally.task.context [-] Task d21a1b5f-244f-43b4-ab28-bfb361f80730 | Context users@openstack setup() finished in 2.60 sec
2019-11-20 06:17:15.930 25565 INFO rally.task.context [-] Task d21a1b5f-244f-43b4-ab28-bfb361f80730 | Context admin_cleanup@openstack setup() finished in 0.01 msec
2019-11-20 06:17:15.939 25565 RALLYDEBUG rally.task.runner [-] Starting the constant runner (task UUID: d21a1b5f-244f-43b4-ab28-bfb361f80730). times: 10 concurrency: 4 timeout: 0 max_cpu_used: 16 processes_to_start: 4 concurrency_per_worker: 1 concurrency_overhead: 0
2019-11-20 06:17:15.951 26061 RALLYDEBUG rally.task.runner [-] Starting a worker. times: 10 duration: None concurrency: 1 timeout: 0 cls: method_name: run args: {"max_quota": 1024}
2019-11-20 06:17:15.955 26062 RALLYDEBUG rally.task.runner [-] Starting a worker. times: 10 duration: None concurrency: 1 timeout: 0 cls: method_name: run args: {"max_quota": 1024}
2019-11-20 06:17:15.958 26061 INFO rally.task.runner [-] Task d21a1b5f-244f-43b4-ab28-bfb361f80730 | ITER: 1 START
2019-11-20 06:17:15.958 26063 RALLYDEBUG rally.task.runner [-] Starting a worker. times: 10 duration: None concurrency: 1 timeout: 0 cls: method_name: run args: {"max_quota": 1024}
2019-11-20 06:17:15.961 26062 INFO rally.task.runner [-] Task d21a1b5f-244f-43b4-ab28-bfb361f80730 | ITER: 2 START
2019-11-20 06:17:15.961 26065 RALLYDEBUG rally.task.runner [-] Starting a worker. times: 10 duration: None concurrency: 1 timeout: 0 cls: method_name: run args: {"max_quota": 1024}
2019-11-20 06:17:15.964 26063 INFO rally.task.runner [-] Task d21a1b5f-244f-43b4-ab28-bfb361f80730 | ITER: 3 START
2019-11-20 06:17:15.967 26065 INFO rally.task.runner [-] Task d21a1b5f-244f-43b4-ab28-bfb361f80730 | ITER: 4 START
2019-11-20 06:17:16.638 26062 INFO rally.task.runner [-] Task d21a1b5f-244f-43b4-ab28-bfb361f80730 | ITER: 2 END: OK
2019-11-20 06:17:16.643 26062 INFO rally.task.runner [-] Task d21a1b5f-244f-43b4-ab28-bfb361f80730 | ITER: 5 START
2019-11-20 06:17:16.649 26063 INFO rally.task.runner [-] Task d21a1b5f-244f-43b4-ab28-bfb361f80730 | ITER: 3 END: OK
2019-11-20 06:17:16.654 26063 INFO rally.task.runner [-] Task d21a1b5f-244f-43b4-ab28-bfb361f80730 | ITER: 6 START
2019-11-20 06:17:16.687 26065 INFO rally.task.runner [-] Task d21a1b5f-244f-43b4-ab28-bfb361f80730 | ITER: 4 END: OK
2019-11-20 06:17:16.691 26065 INFO rally.task.runner [-] Task d21a1b5f-244f-43b4-ab28-bfb361f80730 | ITER: 7 START
2019-11-20 06:17:16.711 26061 INFO rally.task.runner [-] Task d21a1b5f-244f-43b4-ab28-bfb361f80730 | ITER: 1 END: OK
2019-11-20 06:17:16.716 26061 INFO rally.task.runner [-] Task d21a1b5f-244f-43b4-ab28-bfb361f80730 | ITER: 8 START
2019-11-20 06:17:17.125 26062 INFO rally.task.runner [-] Task d21a1b5f-244f-43b4-ab28-bfb361f80730 | ITER: 5 END: OK
2019-11-20 06:17:17.129 26062 INFO rally.task.runner [-] Task d21a1b5f-244f-43b4-ab28-bfb361f80730 | ITER: 9 START
2019-11-20 06:17:17.155 26063 INFO rally.task.runner [-] Task d21a1b5f-244f-43b4-ab28-bfb361f80730 | ITER: 6 END: OK
2019-11-20 06:17:17.158 26063 INFO rally.task.runner [-] Task d21a1b5f-244f-43b4-ab28-bfb361f80730 | ITER: 10 START
2019-11-20 06:17:17.171 26065 INFO rally.task.runner [-] Task d21a1b5f-244f-43b4-ab28-bfb361f80730 | ITER: 7 END: OK
2019-11-20 06:17:17.206 26061 INFO rally.task.runner [-] Task d21a1b5f-244f-43b4-ab28-bfb361f80730 | ITER: 8 END: OK
2019-11-20 06:17:17.654 26062 INFO rally.task.runner [-] Task d21a1b5f-244f-43b4-ab28-bfb361f80730 | ITER: 9 END: OK
2019-11-20 06:17:17.657 26063 INFO rally.task.runner [-] Task d21a1b5f-244f-43b4-ab28-bfb361f80730 | ITER: 10 END: OK
2019-11-20 06:17:17.686 25565 INFO rally.task.context [-] Task d21a1b5f-244f-43b4-ab28-bfb361f80730 | Context admin_cleanup@openstack cleanup() started
2019-11-20 06:17:17.689 25565 RALLYDEBUG rally_openstack.cleanup.manager [-] Cleaning up nova quotas objects
2019-11-20 06:17:18.476 25565 INFO rally.task.context [-] Task d21a1b5f-244f-43b4-ab28-bfb361f80730 | Context admin_cleanup@openstack cleanup() finished in 0.79 sec
2019-11-20 06:17:18.477 25565 INFO rally.task.context [-] Task d21a1b5f-244f-43b4-ab28-bfb361f80730 | Context users@openstack cleanup() started
2019-11-20 06:17:23.024 25565 INFO rally.task.context [-] Task d21a1b5f-244f-43b4-ab28-bfb361f80730 | Context users@openstack cleanup() finished in 4.55 sec
2019-11-20 06:17:23.430 25565 INFO rally.task.engine [-] Load duration is: 1.697515
2019-11-20 06:17:23.430 25565 INFO rally.task.engine [-] Full runner duration is: 1.747744
2019-11-20 06:17:23.430 25565 INFO rally.task.engine [-] Full duration is: 9.699443
2019-11-20 06:17:23.693 25565 INFO rally.task.engine [-] Task d21a1b5f-244f-43b4-ab28-bfb361f80730 | Completed: Running task.
2019-11-20 06:17:25.200 26143 RALLYDEBUG rally.api [-] INFO logs from urllib3 and requests module are hide.
2019-11-20 06:17:25.200 26143 RALLYDEBUG rally.api [-] urllib3 insecure warnings are hidden.
2019-11-20 06:17:25.200 26143 RALLYDEBUG rally.api [-] ERROR log from boto module is hide.
2019-11-20 06:17:26.414 26144 RALLYDEBUG rally.api [-] INFO logs from urllib3 and requests module are hide.
2019-11-20 06:17:26.415 26144 RALLYDEBUG rally.api [-] urllib3 insecure warnings are hidden.
2019-11-20 06:17:26.415 26144 RALLYDEBUG rally.api [-] ERROR log from boto module is hide.
2019-11-20 06:17:27.654 26145 RALLYDEBUG rally.api [-] INFO logs from urllib3 and requests module are hide.
2019-11-20 06:17:27.654 26145 RALLYDEBUG rally.api [-] urllib3 insecure warnings are hidden.
2019-11-20 06:17:27.654 26145 RALLYDEBUG rally.api [-] ERROR log from boto module is hide.
2019-11-20 06:17:29.229 26145 INFO rally.api [-] Building 'json' report for the following task(s): 'd21a1b5f-244f-43b4-ab28-bfb361f80730'.
2019-11-20 06:17:29.236 26145 INFO rally.api [-] The report has been successfully built.
2019-11-20 06:17:30.602 26147 RALLYDEBUG rally.api [-] INFO logs from urllib3 and requests module are hide.
2019-11-20 06:17:30.602 26147 RALLYDEBUG rally.api [-] urllib3 insecure warnings are hidden.
2019-11-20 06:17:30.602 26147 RALLYDEBUG rally.api [-] ERROR log from boto module is hide.
2019-11-20 06:17:32.523 26147 INFO rally.task.engine [-] Task 5455e61f-626e-4bf1-994d-73aca24bb3b1 | Starting: Task validation.
2019-11-20 06:17:32.561 26147 INFO rally.task.engine [-] Task 5455e61f-626e-4bf1-994d-73aca24bb3b1 | Starting: Task validation of syntax.
2019-11-20 06:17:32.653 26147 INFO rally.task.engine [-] Task 5455e61f-626e-4bf1-994d-73aca24bb3b1 | Completed: Task validation of syntax.
2019-11-20 06:17:32.654 26147 INFO rally.task.engine [-] Task 5455e61f-626e-4bf1-994d-73aca24bb3b1 | Starting: Task validation of required platforms.
2019-11-20 06:17:32.699 26147 INFO rally.task.engine [-] Task 5455e61f-626e-4bf1-994d-73aca24bb3b1 | Completed: Task validation of required platforms.
2019-11-20 06:17:32.700 26147 INFO rally.task.engine [-] Task 5455e61f-626e-4bf1-994d-73aca24bb3b1 | Starting: Task validation of semantic.
2019-11-20 06:17:32.700 26147 INFO rally.task.engine [-] Check health of the environment '19a54fcb-828a-4af8-8bd2-de837f947f35'.
2019-11-20 06:17:33.672 26147 INFO rally.task.engine [-] Platform existing@openstack (available: True): OK!
2019-11-20 06:17:33.695 26147 RALLYDEBUG rally_openstack.contexts.keystone.users [-] Creating 1 tenants using 20 threads
2019-11-20 06:17:34.514 26147 RALLYDEBUG rally_openstack.contexts.keystone.users [-] Creating 1 users using 20 threads
2019-11-20 06:17:35.857 26147 INFO rally.task.context [-] Task 5455e61f-626e-4bf1-994d-73aca24bb3b1 | Context users@openstack setup() finished in 2.16 sec
2019-11-20 06:17:36.178 26147 INFO rally.task.context [-] Task 5455e61f-626e-4bf1-994d-73aca24bb3b1 | Context users@openstack cleanup() started
2019-11-20 06:17:39.111 26147 INFO rally.task.context [-] Task 5455e61f-626e-4bf1-994d-73aca24bb3b1 | Context users@openstack cleanup() finished in 2.93 sec
2019-11-20 06:17:39.185 26147 ERROR rally.cli.cliutils [-] Unexpected exception in CLI: rally.exceptions.InvalidTaskConfig: Input task is invalid! Subtask SwiftObjects.create_container_and_object_then_list_objects[0] has wrong configuration Subtask configuration: {"version": 2, "title": "A cropped version of a bigger task.", "description": "Auto-generated task from a single workload", "subtasks": [{"title": "SwiftObjects.create_container_and_object_then_list_objects", "description": "Create container and objects then list all objects.", "scenario": {"SwiftObjects.create_container_and_object_then_list_objects": {"objects_per_container": 2, "object_size": 5120}}, "contexts": {"users": {"tenants": 3, "users_per_tenant": 2}, "roles": ["admin"]}, "runner": {"constant": {"concurrency": 4, "times": 10}}, "hooks": [], "sla": {"failure_rate": {"max": 0}}}]} Reason(s): Scenario plugin 'SwiftObjects.create_container_and_object_then_list_objects' doesn't pass required_services@openstack validation. Details: 'swift' service is not available. Hint: If 'swift' service has non-default service_type, try to setup it via 'api_versions@openstack' context.
2019-11-20 06:17:39.185 26147 ERROR rally.cli.cliutils
Traceback (most recent call last):
2019-11-20 06:17:39.185 26147 ERROR rally.cli.cliutils
File "/usr/lib/python3.6/site-packages/rally/cli/cliutils.py", line 674, in run
2019-11-20 06:17:39.185 26147 ERROR rally.cli.cliutils ret = fn(*fn_args, **fn_kwargs)
2019-11-20 06:17:39.185 26147 ERROR rally.cli.cliutils File "", line 2, in start
2019-11-20 06:17:39.185 26147 ERROR rally.cli.cliutils
File "/usr/lib/python3.6/site-packages/rally/cli/envutils.py", line 68, in default_from_global
2019-11-20 06:17:39.185 26147 ERROR rally.cli.cliutils return f(*args, **kwargs)
2019-11-20 06:17:39.185 26147 ERROR rally.cli.cliutils File "", line 2, in start
2019-11-20 06:17:39.185 26147 ERROR rally.cli.cliutils
File "/usr/lib/python3.6/site-packages/rally/plugins/__init__.py", line 51, in ensure_plugins_are_loaded
2019-11-20 06:17:39.185 26147 ERROR rally.cli.cliutils return f(*args, **kwargs)
2019-11-20 06:17:39.185 26147 ERROR rally.cli.cliutils
File "/usr/lib/python3.6/site-packages/rally/cli/commands/task.py", line 307, in start
2019-11-20 06:17:39.185 26147 ERROR rally.cli.cliutils abort_on_sla_failure=abort_on_sla_failure)
2019-11-20 06:17:39.185 26147 ERROR rally.cli.cliutils
File "/usr/lib/python3.6/site-packages/rally/api.py", line 422, in start
2019-11-20 06:17:39.185 26147 ERROR rally.cli.cliutils task_engine.validate()
2019-11-20 06:17:39.185 26147 ERROR rally.cli.cliutils
File "/usr/lib/python3.6/site-packages/rally/common/logging.py", line 248, in wrapper
2019-11-20 06:17:39.185 26147 ERROR rally.cli.cliutils result = f(self, *args, **kwargs)
2019-11-20 06:17:39.185 26147 ERROR rally.cli.cliutils
File "/usr/lib/python3.6/site-packages/rally/task/engine.py", line 394, in validate
2019-11-20 06:17:39.185 26147 ERROR rally.cli.cliutils self._validate_config_semantic(self.config)
2019-11-20 06:17:39.185 26147 ERROR rally.cli.cliutils
File "/usr/lib/python3.6/site-packages/rally/common/logging.py", line 248, in wrapper
2019-11-20 06:17:39.185 26147 ERROR rally.cli.cliutils result = f(self, *args, **kwargs)
2019-11-20 06:17:39.185 26147 ERROR rally.cli.cliutils
File "/usr/lib/python3.6/site-packages/rally/task/engine.py", line 380, in _validate_config_semantic
2019-11-20 06:17:39.185 26147 ERROR rally.cli.cliutils workload, vcontext=ctx_obj, vtype="semantic")
2019-11-20 06:17:39.185 26147 ERROR rally.cli.cliutils
File "/usr/lib/python3.6/site-packages/rally/task/engine.py", line 328, in _validate_workload
2019-11-20 06:17:39.185 26147 ERROR rally.cli.cliutils raise exceptions.InvalidTaskConfig(**kw)
2019-11-20 06:17:39.185 26147 ERROR rally.cli.cliutils rally.exceptions.InvalidTaskConfig: Input task is invalid!
2019-11-20 06:17:39.185 26147 ERROR rally.cli.cliutils
2019-11-20 06:17:39.185 26147 ERROR rally.cli.cliutils Subtask SwiftObjects.create_container_and_object_then_list_objects[0] has wrong configuration
2019-11-20 06:17:39.185 26147 ERROR rally.cli.cliutils Subtask configuration:
2019-11-20 06:17:39.185 26147 ERROR rally.cli.cliutils {"version": 2, "title": "A cropped version of a bigger task.", "description": "Auto-generated task from a single workload", "subtasks": [{"title": "SwiftObjects.create_container_and_object_then_list_objects", "description": "Create container and objects then list all objects.", "scenario": {"SwiftObjects.create_container_and_object_then_list_objects": {"objects_per_container": 2, "object_size": 5120}}, "contexts": {"users": {"tenants": 3, "users_per_tenant": 2}, "roles": ["admin"]}, "runner": {"constant": {"concurrency": 4, "times": 10}}, "hooks": [], "sla": {"failure_rate": {"max": 0}}}]}
2019-11-20 06:17:39.185 26147 ERROR rally.cli.cliutils
2019-11-20 06:17:39.185 26147 ERROR rally.cli.cliutils Reason(s):
2019-11-20 06:17:39.185 26147 ERROR rally.cli.cliutils Scenario plugin 'SwiftObjects.create_container_and_object_then_list_objects' doesn't pass required_services@openstack validation. Details: 'swift' service is not available. Hint: If 'swift' service has non-default service_type, try to setup it via 'api_versions@openstack' context.
2019-11-20 06:17:39.185 26147 ERROR rally.cli.cliutils
2019-11-20 06:17:40.596 26229 RALLYDEBUG rally.api [-] INFO logs from urllib3 and requests module are hide.
2019-11-20 06:17:40.596 26229 RALLYDEBUG rally.api [-] urllib3 insecure warnings are hidden.
2019-11-20 06:17:40.596 26229 RALLYDEBUG rally.api [-] ERROR log from boto module is hide.
2019-11-20 06:17:41.806 26230 RALLYDEBUG rally.api [-] INFO logs from urllib3 and requests module are hide.
2019-11-20 06:17:41.806 26230 RALLYDEBUG rally.api [-] urllib3 insecure warnings are hidden.
2019-11-20 06:17:41.807 26230 RALLYDEBUG rally.api [-] ERROR log from boto module is hide.
2019-11-20 06:17:43.034 26231 RALLYDEBUG rally.api [-] INFO logs from urllib3 and requests module are hide.
2019-11-20 06:17:43.034 26231 RALLYDEBUG rally.api [-] urllib3 insecure warnings are hidden.
2019-11-20 06:17:43.034 26231 RALLYDEBUG rally.api [-] ERROR log from boto module is hide.
2019-11-20 06:17:44.607 26231 INFO rally.api [-] Building 'json' report for the following task(s): '5455e61f-626e-4bf1-994d-73aca24bb3b1'.
2019-11-20 06:17:44.609 26231 INFO rally.api [-] The report has been successfully built.
2019-11-20 06:17:45.969 26233 RALLYDEBUG rally.api [-] INFO logs from urllib3 and requests module are hide.
2019-11-20 06:17:45.969 26233 RALLYDEBUG rally.api [-] urllib3 insecure warnings are hidden.
2019-11-20 06:17:45.969 26233 RALLYDEBUG rally.api [-] ERROR log from boto module is hide.
2019-11-20 06:17:47.897 26233 INFO rally.task.engine [-] Task 75ae6880-7ef8-4ee3-8aa0-0df6b1780dc6 | Starting: Task validation.
2019-11-20 06:17:47.951 26233 INFO rally.task.engine [-] Task 75ae6880-7ef8-4ee3-8aa0-0df6b1780dc6 | Starting: Task validation of syntax.
2019-11-20 06:17:48.098 26233 INFO rally.task.engine [-] Task 75ae6880-7ef8-4ee3-8aa0-0df6b1780dc6 | Completed: Task validation of syntax.
2019-11-20 06:17:48.099 26233 INFO rally.task.engine [-] Task 75ae6880-7ef8-4ee3-8aa0-0df6b1780dc6 | Starting: Task validation of required platforms.
2019-11-20 06:17:48.170 26233 INFO rally.task.engine [-] Task 75ae6880-7ef8-4ee3-8aa0-0df6b1780dc6 | Completed: Task validation of required platforms.
2019-11-20 06:17:48.172 26233 INFO rally.task.engine [-] Task 75ae6880-7ef8-4ee3-8aa0-0df6b1780dc6 | Starting: Task validation of semantic.
2019-11-20 06:17:48.172 26233 INFO rally.task.engine [-] Check health of the environment '19a54fcb-828a-4af8-8bd2-de837f947f35'.
2019-11-20 06:17:49.149 26233 INFO rally.task.engine [-] Platform existing@openstack (available: True): OK!
2019-11-20 06:17:49.170 26233 RALLYDEBUG rally_openstack.contexts.keystone.users [-] Creating 1 tenants using 20 threads
2019-11-20 06:17:49.989 26233 RALLYDEBUG rally_openstack.contexts.keystone.users [-] Creating 1 users using 20 threads
2019-11-20 06:17:51.309 26233 INFO rally.task.context [-] Task 75ae6880-7ef8-4ee3-8aa0-0df6b1780dc6 | Context users@openstack setup() finished in 2.14 sec
2019-11-20 06:17:54.830 26233 INFO rally.task.context [-] Task 75ae6880-7ef8-4ee3-8aa0-0df6b1780dc6 | Context users@openstack cleanup() started
2019-11-20 06:17:57.732 26233 INFO rally.task.context [-] Task 75ae6880-7ef8-4ee3-8aa0-0df6b1780dc6 | Context users@openstack cleanup() finished in 2.90 sec
2019-11-20 06:17:57.733 26233 INFO rally.task.engine [-] Task 75ae6880-7ef8-4ee3-8aa0-0df6b1780dc6 | Completed: Task validation of semantic.
2019-11-20 06:17:57.733 26233 INFO rally.task.engine [-] Task 75ae6880-7ef8-4ee3-8aa0-0df6b1780dc6 | Completed: Task validation.
2019-11-20 06:17:57.733 26233 INFO rally.api [-] Task 75ae6880-7ef8-4ee3-8aa0-0df6b1780dc6 input file is valid.
2019-11-20 06:17:57.734 26233 INFO rally.api [-] Run Task 75ae6880-7ef8-4ee3-8aa0-0df6b1780dc6 against Deployment 19a54fcb-828a-4af8-8bd2-de837f947f35
2019-11-20 06:17:57.734 26233 INFO rally.task.engine [-] Task 75ae6880-7ef8-4ee3-8aa0-0df6b1780dc6 | Starting: Running task.
2019-11-20 06:17:57.952 26233 INFO rally.task.engine [-] Running workload: position = 0 config = { "version": 2, "title": "A cropped version of a bigger task.", "description": "Auto-generated task from a single workload (uuid=2d2c5f96-b5da-4218-a312-4abc288cbd51)", "subtasks": [ { "title": "BarbicanContainers.create_and_add", "description": "Create secret, create generic container, and delete container.", "scenario": { "BarbicanContainers.create_and_add": {} }, "contexts": { "users": { "tenants": 3, "users_per_tenant": 2 } }, "runner": { "constant": { "concurrency": 4, "times": 10 } }, "hooks": [], "sla": { "failure_rate": { "max": 0 } } } ] }
2019-11-20 06:17:57.975 26233 RALLYDEBUG rally_openstack.contexts.keystone.users [-] Creating 3 tenants using 20 threads
2019-11-20 06:17:58.962 26233 RALLYDEBUG rally_openstack.contexts.keystone.users [-] Creating 6 users using 20 threads
2019-11-20 06:18:00.436 26233 INFO rally.task.context [-] Task 75ae6880-7ef8-4ee3-8aa0-0df6b1780dc6 | Context users@openstack setup() finished in 2.46 sec
2019-11-20 06:18:00.445 26233 RALLYDEBUG rally.task.runner [-] Starting the constant runner (task UUID: 75ae6880-7ef8-4ee3-8aa0-0df6b1780dc6). times: 10 concurrency: 4 timeout: 0 max_cpu_used: 16 processes_to_start: 4 concurrency_per_worker: 1 concurrency_overhead: 0
2019-11-20 06:18:00.458 26357 RALLYDEBUG rally.task.runner [-] Starting a worker. times: 10 duration: None concurrency: 1 timeout: 0 cls: method_name: run args: {}
2019-11-20 06:18:00.461 26358 RALLYDEBUG rally.task.runner [-] Starting a worker. times: 10 duration: None concurrency: 1 timeout: 0 cls: method_name: run args: {}
2019-11-20 06:18:00.465 26357 INFO rally.task.runner [-] Task 75ae6880-7ef8-4ee3-8aa0-0df6b1780dc6 | ITER: 1 START
2019-11-20 06:18:00.464 26359 RALLYDEBUG rally.task.runner [-] Starting a worker. times: 10 duration: None concurrency: 1 timeout: 0 cls: method_name: run args: {}
2019-11-20 06:18:00.468 26358 INFO rally.task.runner [-] Task 75ae6880-7ef8-4ee3-8aa0-0df6b1780dc6 | ITER: 2 START
2019-11-20 06:18:00.468 26360 RALLYDEBUG rally.task.runner [-] Starting a worker. times: 10 duration: None concurrency: 1 timeout: 0 cls: method_name: run args: {}
2019-11-20 06:18:00.471 26359 INFO rally.task.runner [-] Task 75ae6880-7ef8-4ee3-8aa0-0df6b1780dc6 | ITER: 3 START
2019-11-20 06:18:00.474 26360 INFO rally.task.runner [-] Task 75ae6880-7ef8-4ee3-8aa0-0df6b1780dc6 | ITER: 4 START
2019-11-20 06:18:00.495 26359 DEBUG barbicanclient.client [-] Creating Client object Client /usr/lib/python3.6/site-packages/barbicanclient/client.py:156
2019-11-20 06:18:00.497 26359 DEBUG barbicanclient.v1.secrets [-] Request body: {'name': 's_rally_2d2c5f96_4YJA9SCK', 'secret_type': 'opaque'} store /usr/lib/python3.6/site-packages/barbicanclient/v1/secrets.py:335
2019-11-20 06:18:00.497 26358 DEBUG barbicanclient.client [-] Creating Client object Client /usr/lib/python3.6/site-packages/barbicanclient/client.py:156
2019-11-20 06:18:00.497 26357 DEBUG barbicanclient.client [-] Creating Client object Client /usr/lib/python3.6/site-packages/barbicanclient/client.py:156
2019-11-20 06:18:00.499 26358 DEBUG barbicanclient.v1.secrets [-] Request body: {'name': 's_rally_2d2c5f96_zp2lN3po', 'secret_type': 'opaque'} store /usr/lib/python3.6/site-packages/barbicanclient/v1/secrets.py:335
2019-11-20 06:18:00.499 26357 DEBUG barbicanclient.v1.secrets [-] Request body: {'name': 's_rally_2d2c5f96_RRmldCWQ', 'secret_type': 'opaque'} store /usr/lib/python3.6/site-packages/barbicanclient/v1/secrets.py:335
2019-11-20 06:18:00.500 26360 DEBUG barbicanclient.client [-] Creating Client object Client /usr/lib/python3.6/site-packages/barbicanclient/client.py:156
2019-11-20 06:18:00.502 26360 DEBUG barbicanclient.v1.secrets [-] Request body: {'name': 's_rally_2d2c5f96_sR0xP3Df', 'secret_type': 'opaque'} store /usr/lib/python3.6/site-packages/barbicanclient/v1/secrets.py:335
2019-11-20 06:18:01.317 26360 DEBUG barbicanclient.client [-] Response status 201 _check_status_code /usr/lib/python3.6/site-packages/barbicanclient/client.py:87
2019-11-20 06:18:01.318 26360 DEBUG barbicanclient.v1.containers [-] Storing secrets: {'secret': Secret(secret_ref="http://10.167.4.35:9311/v1/secrets/e28bae84-aeb2-4b67-a772-714c8c4e7066")} _get_secrets_and_store_them_if_necessary /usr/lib/python3.6/site-packages/barbicanclient/v1/containers.py:227
2019-11-20 06:18:01.319 26360 DEBUG barbicanclient.v1.containers [-] Request body: {'name': 's_rally_2d2c5f96_Oz713hxd', 'type': 'generic', 'secret_refs': [{'name': 'secret', 'secret_ref': 'http://10.167.4.35:9311/v1/secrets/e28bae84-aeb2-4b67-a772-714c8c4e7066'}]} store /usr/lib/python3.6/site-packages/barbicanclient/v1/containers.py:203
2019-11-20 06:18:01.352 26358 DEBUG barbicanclient.client [-] Response status 201 _check_status_code /usr/lib/python3.6/site-packages/barbicanclient/client.py:87
2019-11-20 06:18:01.353 26358 DEBUG barbicanclient.v1.containers [-] Storing secrets: {'secret': Secret(secret_ref="http://10.167.4.35:9311/v1/secrets/c3b3ac48-a94b-4bb6-8fb3-106471560434")} _get_secrets_and_store_them_if_necessary /usr/lib/python3.6/site-packages/barbicanclient/v1/containers.py:227
2019-11-20 06:18:01.354 26358 DEBUG barbicanclient.v1.containers [-] Request body: {'name': 's_rally_2d2c5f96_XW2h285E', 'type': 'generic', 'secret_refs': [{'name': 'secret', 'secret_ref': 'http://10.167.4.35:9311/v1/secrets/c3b3ac48-a94b-4bb6-8fb3-106471560434'}]} store /usr/lib/python3.6/site-packages/barbicanclient/v1/containers.py:203
2019-11-20 06:18:01.357 26359 DEBUG barbicanclient.client [-] Response status 201 _check_status_code /usr/lib/python3.6/site-packages/barbicanclient/client.py:87
