2019-11-18 21:52:38.353 27666 RALLYDEBUG rally.api [-] INFO logs from urllib3 and requests module are hide.
2019-11-18 21:52:38.354 27666 RALLYDEBUG rally.api [-] urllib3 insecure warnings are hidden.
2019-11-18 21:52:38.354 27666 RALLYDEBUG rally.api [-] ERROR log from boto module is hide.
2019-11-18 21:52:41.656 27668 RALLYDEBUG rally.api [-] INFO logs from urllib3 and requests module are hide.
2019-11-18 21:52:41.657 27668 RALLYDEBUG rally.api [-] urllib3 insecure warnings are hidden.
2019-11-18 21:52:41.657 27668 RALLYDEBUG rally.api [-] ERROR log from boto module is hide.
2019-11-18 21:52:45.078 27670 RALLYDEBUG rally.api [-] INFO logs from urllib3 and requests module are hide.
2019-11-18 21:52:45.078 27670 RALLYDEBUG rally.api [-] urllib3 insecure warnings are hidden.
2019-11-18 21:52:45.079 27670 RALLYDEBUG rally.api [-] ERROR log from boto module is hide.
2019-11-18 21:52:49.401 27673 RALLYDEBUG rally.api [-] INFO logs from urllib3 and requests module are hide.
2019-11-18 21:52:49.402 27673 RALLYDEBUG rally.api [-] urllib3 insecure warnings are hidden.
2019-11-18 21:52:49.402 27673 RALLYDEBUG rally.api [-] ERROR log from boto module is hide.
2019-11-18 21:52:51.057 27675 RALLYDEBUG rally.api [-] INFO logs from urllib3 and requests module are hide.
2019-11-18 21:52:51.057 27675 RALLYDEBUG rally.api [-] urllib3 insecure warnings are hidden.
2019-11-18 21:52:51.057 27675 RALLYDEBUG rally.api [-] ERROR log from boto module is hide.
2019-11-18 21:52:52.641 27675 INFO rally.common.plugin.discover [-] Loading plugins from directories /root/.rally/plugins/*
2019-11-18 21:52:52.642 27675 INFO rally.common.plugin.discover [-] Loaded module with plugins: /root/.rally/plugins/__init__.py
2019-11-18 21:52:52.986 27675 INFO rally.task.engine [-] Task 3839a601-71de-4812-9de7-7879e53bda38 | Starting: Task validation.
2019-11-18 21:52:53.033 27675 INFO rally.task.engine [-] Task 3839a601-71de-4812-9de7-7879e53bda38 | Starting: Task validation of syntax.
2019-11-18 21:52:53.364 27675 INFO rally.task.engine [-] Task 3839a601-71de-4812-9de7-7879e53bda38 | Completed: Task validation of syntax.
2019-11-18 21:52:53.366 27675 INFO rally.task.engine [-] Task 3839a601-71de-4812-9de7-7879e53bda38 | Starting: Task validation of required platforms.
2019-11-18 21:52:53.491 27675 INFO rally.task.engine [-] Task 3839a601-71de-4812-9de7-7879e53bda38 | Completed: Task validation of required platforms.
2019-11-18 21:52:53.491 27675 INFO rally.task.engine [-] Task 3839a601-71de-4812-9de7-7879e53bda38 | Starting: Task validation of semantic.
2019-11-18 21:52:53.491 27675 INFO rally.task.engine [-] Check health of the environment 'd51489be-e7f9-4982-9a79-205db17ca0c1'.
2019-11-18 21:52:54.426 27675 INFO rally.task.engine [-] Platform existing@openstack (available: True): OK!
2019-11-18 21:52:54.447 27675 RALLYDEBUG rally_openstack.contexts.keystone.users [-] Creating 1 tenants using 20 threads
2019-11-18 21:52:55.303 27675 RALLYDEBUG rally_openstack.contexts.keystone.users [-] Creating 1 users using 20 threads
2019-11-18 21:52:56.683 27675 INFO rally.task.context [-] Task 3839a601-71de-4812-9de7-7879e53bda38 | Context users@openstack setup() finished in 2.24 sec
2019-11-18 21:53:06.552 27675 INFO rally.task.context [-] Task 3839a601-71de-4812-9de7-7879e53bda38 | Context users@openstack cleanup() started
2019-11-18 21:53:09.379 27675 INFO rally.task.context [-] Task 3839a601-71de-4812-9de7-7879e53bda38 | Context users@openstack cleanup() finished in 2.83 sec
2019-11-18 21:53:09.380 27675 INFO rally.task.engine [-] Task 3839a601-71de-4812-9de7-7879e53bda38 | Completed: Task validation of semantic.
2019-11-18 21:53:09.380 27675 INFO rally.task.engine [-] Task 3839a601-71de-4812-9de7-7879e53bda38 | Completed: Task validation.
2019-11-18 21:53:09.380 27675 INFO rally.api [-] Task 3839a601-71de-4812-9de7-7879e53bda38 input file is valid.
2019-11-18 21:53:09.381 27675 INFO rally.api [-] Run Task 3839a601-71de-4812-9de7-7879e53bda38 against Deployment d51489be-e7f9-4982-9a79-205db17ca0c1
2019-11-18 21:53:09.381 27675 INFO rally.task.engine [-] Task 3839a601-71de-4812-9de7-7879e53bda38 | Starting: Running task.
2019-11-18 21:53:09.566 27675 INFO rally.task.engine [-] Running workload: position = 0 config = { "version": 2, "title": "A cropped version of a bigger task.", "description": "Auto-generated task from a single workload (uuid=ece16d42-3291-4b1b-86cb-1eede7c7cde4)", "subtasks": [ { "title": "NeutronNetworks.create_and_list_networks", "description": "Check performance of list_networks action and ensure > network quotas are not exceeded", "scenario": { "NeutronNetworks.create_and_list_networks": {} }, "contexts": { "users": { "tenants": 1, "users_per_tenant": 1 }, "quotas": { "neutron": { "network": 119 } } }, "runner": { "constant": { "times": 100, "concurrency": 20 } }, "hooks": [], "sla": { "max_avg_duration_per_atomic": { "neutron.list_networks": 15 }, "failure_rate": { "max": 0 } } } ] }
2019-11-18 21:53:09.591 27675 RALLYDEBUG rally_openstack.contexts.keystone.users [-] Creating 1 tenants using 20 threads
2019-11-18 21:53:10.524 27675 RALLYDEBUG rally_openstack.contexts.keystone.users [-] Creating 1 users using 20 threads
2019-11-18 21:53:11.910 27675 INFO rally.task.context [-] Task 3839a601-71de-4812-9de7-7879e53bda38 | Context users@openstack setup() finished in 2.32 sec
2019-11-18 21:53:12.454 27675 INFO rally.task.context [-] Task 3839a601-71de-4812-9de7-7879e53bda38 | Context quotas@openstack setup() finished in 0.54 sec
2019-11-18 21:53:12.455 27675 INFO rally.task.context [-] Task 3839a601-71de-4812-9de7-7879e53bda38 | Context cleanup@openstack setup() finished in 0.03 msec
2019-11-18 21:53:12.465 27675 RALLYDEBUG rally.task.runner [-] Starting the constant runner (task UUID: 3839a601-71de-4812-9de7-7879e53bda38). times: 100 concurrency: 20 timeout: 0 max_cpu_used: 16 processes_to_start: 16 concurrency_per_worker: 1 concurrency_overhead: 4
2019-11-18 21:53:12.478 27799 RALLYDEBUG rally.task.runner [-] Starting a worker. times: 100 duration: None concurrency: 2 timeout: 0 cls: method_name: run args: {}
2019-11-18 21:53:12.481 27800 RALLYDEBUG rally.task.runner [-] Starting a worker. times: 100 duration: None concurrency: 2 timeout: 0 cls: method_name: run args: {}
2019-11-18 21:53:12.485 27799 INFO rally.task.runner [-] Task 3839a601-71de-4812-9de7-7879e53bda38 | ITER: 1 START
2019-11-18 21:53:12.485 27801 RALLYDEBUG rally.task.runner [-] Starting a worker. times: 100 duration: None concurrency: 2 timeout: 0 cls: method_name: run args: {}
2019-11-18 21:53:12.488 27800 INFO rally.task.runner [-] Task 3839a601-71de-4812-9de7-7879e53bda38 | ITER: 3 START
2019-11-18 21:53:12.488 27804 RALLYDEBUG rally.task.runner [-] Starting a worker. times: 100 duration: None concurrency: 2 timeout: 0 cls: method_name: run args: {}
2019-11-18 21:53:12.491 27799 INFO rally.task.runner [-] Task 3839a601-71de-4812-9de7-7879e53bda38 | ITER: 2 START
2019-11-18 21:53:12.492 27801 INFO rally.task.runner [-] Task 3839a601-71de-4812-9de7-7879e53bda38 | ITER: 5 START
2019-11-18 21:53:12.492 27808 RALLYDEBUG rally.task.runner [-] Starting a worker. times: 100 duration: None concurrency: 1 timeout: 0 cls: method_name: run args: {}
2019-11-18 21:53:12.495 27804 INFO rally.task.runner [-] Task 3839a601-71de-4812-9de7-7879e53bda38 | ITER: 7 START
2019-11-18 21:53:12.495 27812 RALLYDEBUG rally.task.runner [-] Starting a worker. times: 100 duration: None concurrency: 1 timeout: 0 cls: method_name: run args: {}
2019-11-18 21:53:12.498 27801 INFO rally.task.runner [-] Task 3839a601-71de-4812-9de7-7879e53bda38 | ITER: 6 START
2019-11-18 21:53:12.498 27808 INFO rally.task.runner [-] Task 3839a601-71de-4812-9de7-7879e53bda38 | ITER: 9 START
2019-11-18 21:53:12.500 27812 INFO rally.task.runner [-] Task 3839a601-71de-4812-9de7-7879e53bda38 | ITER: 10 START
2019-11-18 21:53:12.500 27816 RALLYDEBUG rally.task.runner [-] Starting a worker. times: 100 duration: None concurrency: 1 timeout: 0 cls: method_name: run args: {}
2019-11-18 21:53:12.495 27800 INFO rally.task.runner [-] Task 3839a601-71de-4812-9de7-7879e53bda38 | ITER: 4 START
2019-11-18 21:53:12.504 27821 RALLYDEBUG rally.task.runner [-] Starting a worker. times: 100 duration: None concurrency: 1 timeout: 0 cls: method_name: run args: {}
2019-11-18 21:53:12.506 27816 INFO rally.task.runner [-] Task 3839a601-71de-4812-9de7-7879e53bda38 | ITER: 11 START
2019-11-18 21:53:12.497 27804 INFO rally.task.runner [-] Task 3839a601-71de-4812-9de7-7879e53bda38 | ITER: 8 START
2019-11-18 21:53:12.509 27821 INFO rally.task.runner [-] Task 3839a601-71de-4812-9de7-7879e53bda38 | ITER: 12 START
2019-11-18 21:53:12.508 27823 RALLYDEBUG rally.task.runner [-] Starting a worker. times: 100 duration: None concurrency: 1 timeout: 0 cls: method_name: run args: {}
2019-11-18 21:53:12.513 27826 RALLYDEBUG rally.task.runner [-] Starting a worker. times: 100 duration: None concurrency: 1 timeout: 0 cls: method_name: run args: {}
2019-11-18 21:53:12.515 27823 INFO rally.task.runner [-] Task 3839a601-71de-4812-9de7-7879e53bda38 | ITER: 13 START
2019-11-18 21:53:12.517 27830 RALLYDEBUG rally.task.runner [-] Starting a worker. times: 100 duration: None concurrency: 1 timeout: 0 cls: method_name: run args: {}
2019-11-18 21:53:12.519 27826 INFO rally.task.runner [-] Task 3839a601-71de-4812-9de7-7879e53bda38 | ITER: 14 START
2019-11-18 21:53:12.523 27830 INFO rally.task.runner [-] Task 3839a601-71de-4812-9de7-7879e53bda38 | ITER: 15 START
2019-11-18 21:53:12.523 27832 RALLYDEBUG rally.task.runner [-] Starting a worker. times: 100 duration: None concurrency: 1 timeout: 0 cls: method_name: run args: {}
2019-11-18 21:53:12.528 27832 INFO rally.task.runner [-] Task 3839a601-71de-4812-9de7-7879e53bda38 | ITER: 16 START
2019-11-18 21:53:12.531 27837 RALLYDEBUG rally.task.runner [-] Starting a worker. times: 100 duration: None concurrency: 1 timeout: 0 cls: method_name: run args: {}
2019-11-18 21:53:12.536 27837 INFO rally.task.runner [-] Task 3839a601-71de-4812-9de7-7879e53bda38 | ITER: 17 START
2019-11-18 21:53:12.540 27841 RALLYDEBUG rally.task.runner [-] Starting a worker. times: 100 duration: None concurrency: 1 timeout: 0 cls: method_name: run args: {}
2019-11-18 21:53:12.544 27841 INFO rally.task.runner [-] Task 3839a601-71de-4812-9de7-7879e53bda38 | ITER: 18 START
2019-11-18 21:53:12.547 27844 RALLYDEBUG rally.task.runner [-] Starting a worker. times: 100 duration: None concurrency: 1 timeout: 0 cls: method_name: run args: {}
2019-11-18 21:53:12.550 27844 INFO rally.task.runner [-] Task 3839a601-71de-4812-9de7-7879e53bda38 | ITER: 19 START
2019-11-18 21:53:12.551 27846 RALLYDEBUG rally.task.runner [-] Starting a worker. times: 100 duration: None concurrency: 1 timeout: 0 cls: method_name: run args: {}
2019-11-18 21:53:12.555 27846 INFO rally.task.runner [-] Task 3839a601-71de-4812-9de7-7879e53bda38 | ITER: 20 START
2019-11-18 21:53:13.410 27812 INFO rally.task.runner [-] Task 3839a601-71de-4812-9de7-7879e53bda38 | ITER: 10 END: OK
2019-11-18 21:53:13.414 27812 INFO rally.task.runner [-] Task 3839a601-71de-4812-9de7-7879e53bda38 | ITER: 21 START
2019-11-18 21:53:13.506 27799 INFO rally.task.runner [-] Task 3839a601-71de-4812-9de7-7879e53bda38 | ITER: 2 END: OK
2019-11-18 21:53:13.509 27799 INFO rally.task.runner [-] Task 3839a601-71de-4812-9de7-7879e53bda38 | ITER: 22 START
2019-11-18 21:53:13.599 27801 INFO rally.task.runner [-] Task 3839a601-71de-4812-9de7-7879e53bda38 | ITER: 6 END: OK
2019-11-18 21:53:13.602 27801 INFO rally.task.runner [-] Task 3839a601-71de-4812-9de7-7879e53bda38 | ITER: 23 START
2019-11-18 21:53:13.619 27801 INFO rally.task.runner [-] Task 3839a601-71de-4812-9de7-7879e53bda38 | ITER: 5 END: OK
2019-11-18 21:53:13.623 27801 INFO rally.task.runner [-] Task 3839a601-71de-4812-9de7-7879e53bda38 | ITER: 24 START
2019-11-18 21:53:13.679 27841 INFO rally.task.runner [-] Task 3839a601-71de-4812-9de7-7879e53bda38 | ITER: 18 END: OK
2019-11-18 21:53:13.683 27841 INFO rally.task.runner [-] Task 3839a601-71de-4812-9de7-7879e53bda38 | ITER: 25 START
2019-11-18 21:53:13.757 27846 INFO rally.task.runner [-] Task 3839a601-71de-4812-9de7-7879e53bda38 | ITER: 20 END: OK
2019-11-18 21:53:13.760 27846 INFO rally.task.runner [-] Task 3839a601-71de-4812-9de7-7879e53bda38 | ITER: 26 START
2019-11-18 21:53:13.805 27837 INFO rally.task.runner [-] Task 3839a601-71de-4812-9de7-7879e53bda38 | ITER: 17 END: OK
2019-11-18 21:53:13.809 27837 INFO rally.task.runner [-] Task 3839a601-71de-4812-9de7-7879e53bda38 | ITER: 27 START
2019-11-18 21:53:13.909 27800 INFO rally.task.runner [-] Task 3839a601-71de-4812-9de7-7879e53bda38 | ITER: 3 END: OK
2019-11-18 21:53:13.911 27821 INFO rally.task.runner [-] Task 3839a601-71de-4812-9de7-7879e53bda38 | ITER: 12 END: OK
2019-11-18 21:53:13.912 27800 INFO rally.task.runner [-] Task 3839a601-71de-4812-9de7-7879e53bda38 | ITER: 28 START
2019-11-18 21:53:13.914 27821 INFO rally.task.runner [-] Task 3839a601-71de-4812-9de7-7879e53bda38 | ITER: 29 START
2019-11-18 21:53:13.950 27823 INFO rally.task.runner [-] Task 3839a601-71de-4812-9de7-7879e53bda38 | ITER: 13 END: OK
2019-11-18 21:53:13.954 27823 INFO rally.task.runner [-] Task 3839a601-71de-4812-9de7-7879e53bda38 | ITER: 30 START
2019-11-18 21:53:13.977 27832 INFO rally.task.runner [-] Task 3839a601-71de-4812-9de7-7879e53bda38 | ITER: 16 END: OK
2019-11-18 21:53:13.981 27832 INFO rally.task.runner [-] Task 3839a601-71de-4812-9de7-7879e53bda38 | ITER: 31 START
2019-11-18 21:53:14.028 27826 INFO rally.task.runner [-] Task 3839a601-71de-4812-9de7-7879e53bda38 | ITER: 14 END: OK
2019-11-18 21:53:14.032 27826 INFO rally.task.runner [-] Task 3839a601-71de-4812-9de7-7879e53bda38 | ITER: 32 START
2019-11-18 21:53:14.064 27844 INFO rally.task.runner [-] Task 3839a601-71de-4812-9de7-7879e53bda38 | ITER: 19 END: OK
2019-11-18 21:53:14.068 27844 INFO rally.task.runner [-] Task 3839a601-71de-4812-9de7-7879e53bda38 | ITER: 33 START
2019-11-18 21:53:14.077 27804 INFO rally.task.runner [-] Task 3839a601-71de-4812-9de7-7879e53bda38 | ITER: 8 END: OK
2019-11-18 21:53:14.080 27804 INFO rally.task.runner [-] Task 3839a601-71de-4812-9de7-7879e53bda38 | ITER: 34 START
2019-11-18 21:53:14.220 27816 INFO rally.task.runner [-] Task 3839a601-71de-4812-9de7-7879e53bda38 | ITER: 11 END: OK
2019-11-18 21:53:14.223 27816 INFO rally.task.runner [-] Task 3839a601-71de-4812-9de7-7879e53bda38 | ITER: 35 START
2019-11-18 21:53:14.230 27808 INFO rally.task.runner [-] Task 3839a601-71de-4812-9de7-7879e53bda38 | ITER: 9 END: OK
2019-11-18 21:53:14.232 27804 INFO rally.task.runner [-] Task 3839a601-71de-4812-9de7-7879e53bda38 | ITER: 7 END: OK
2019-11-18 21:53:14.233 27808 INFO rally.task.runner [-] Task 3839a601-71de-4812-9de7-7879e53bda38 | ITER: 36 START
2019-11-18 21:53:14.235 27804 INFO rally.task.runner [-] Task 3839a601-71de-4812-9de7-7879e53bda38 | ITER: 37 START
2019-11-18 21:53:14.352 27830 INFO rally.task.runner [-] Task 3839a601-71de-4812-9de7-7879e53bda38 | ITER: 15 END: OK
2019-11-18 21:53:14.356 27830 INFO rally.task.runner [-] Task 3839a601-71de-4812-9de7-7879e53bda38 | ITER: 38 START
2019-11-18 21:53:14.389 27799 INFO rally.task.runner [-] Task 3839a601-71de-4812-9de7-7879e53bda38 | ITER: 1 END: OK
2019-11-18 21:53:14.393 27799 INFO rally.task.runner [-] Task 3839a601-71de-4812-9de7-7879e53bda38 | ITER: 39 START
2019-11-18 21:53:14.435 27812 INFO rally.task.runner [-] Task 3839a601-71de-4812-9de7-7879e53bda38 | ITER: 21 END: OK
2019-11-18 21:53:14.438 27812 INFO rally.task.runner [-] Task 3839a601-71de-4812-9de7-7879e53bda38 | ITER: 40 START
2019-11-18 21:53:14.512 27801 INFO rally.task.runner [-] Task 3839a601-71de-4812-9de7-7879e53bda38 | ITER: 23 END: OK
2019-11-18 21:53:14.515 27801 INFO rally.task.runner [-] Task 3839a601-71de-4812-9de7-7879e53bda38 | ITER: 41 START
2019-11-18 21:53:14.528 27799 INFO rally.task.runner [-] Task 3839a601-71de-4812-9de7-7879e53bda38 | ITER: 22 END: OK
2019-11-18 21:53:14.530 27799 INFO rally.task.runner [-] Task 3839a601-71de-4812-9de7-7879e53bda38 | ITER: 42 START
2019-11-18 21:53:14.725 27832 INFO rally.task.runner [-] Task 3839a601-71de-4812-9de7-7879e53bda38 | ITER: 31 END: OK
2019-11-18 21:53:14.728 27832 INFO rally.task.runner [-] Task 3839a601-71de-4812-9de7-7879e53bda38 | ITER: 43 START
2019-11-18 21:53:14.906 27804 INFO rally.task.runner [-] Task 3839a601-71de-4812-9de7-7879e53bda38 | ITER: 34 END: OK
2019-11-18 21:53:14.908 27804 INFO rally.task.runner [-] Task 3839a601-71de-4812-9de7-7879e53bda38 | ITER: 44 START
2019-11-18 21:53:14.998 27837 INFO rally.task.runner [-] Task 3839a601-71de-4812-9de7-7879e53bda38 | ITER: 27 END: OK
2019-11-18 21:53:15.001 27837 INFO rally.task.runner [-] Task 3839a601-71de-4812-9de7-7879e53bda38 | ITER: 45 START
2019-11-18 21:53:15.105 27826 INFO rally.task.runner [-] Task 3839a601-71de-4812-9de7-7879e53bda38 | ITER: 32 END: OK
2019-11-18 21:53:15.107 27826 INFO rally.task.runner [-] Task 3839a601-71de-4812-9de7-7879e53bda38 | ITER: 46 START
2019-11-18 21:53:15.219 27823 INFO rally.task.runner [-] Task 3839a601-71de-4812-9de7-7879e53bda38 | ITER: 30 END: OK
2019-11-18 21:53:15.222 27823 INFO rally.task.runner [-] Task 3839a601-71de-4812-9de7-7879e53bda38 | ITER: 47 START
2019-11-18 21:53:15.473 27804 INFO rally.task.runner [-] Task 3839a601-71de-4812-9de7-7879e53bda38 | ITER: 37 END: OK
2019-11-18 21:53:15.476 27804 INFO rally.task.runner [-] Task 3839a601-71de-4812-9de7-7879e53bda38 | ITER: 48 START
2019-11-18 21:53:15.503 27821 INFO rally.task.runner [-] Task 3839a601-71de-4812-9de7-7879e53bda38 | ITER: 29 END: OK
2019-11-18 21:53:15.506 27821 INFO rally.task.runner [-] Task 3839a601-71de-4812-9de7-7879e53bda38 | ITER: 49 START
2019-11-18 21:53:15.536 27800 INFO rally.task.runner [-] Task 3839a601-71de-4812-9de7-7879e53bda38 | ITER: 4 END: OK
2019-11-18 21:53:15.538 27800 INFO rally.task.runner [-] Task 3839a601-71de-4812-9de7-7879e53bda38 | ITER: 28 END: OK
2019-11-18 21:53:15.541 27800 INFO rally.task.runner [-] Task 3839a601-71de-4812-9de7-7879e53bda38 | ITER: 50 START
2019-11-18 21:53:15.546 27800 INFO rally.task.runner [-] Task 3839a601-71de-4812-9de7-7879e53bda38 | ITER: 51 START
2019-11-18 21:53:15.612 27801 INFO rally.task.runner [-] Task 3839a601-71de-4812-9de7-7879e53bda38 | ITER: 24 END: OK
2019-11-18 21:53:15.614 27801 INFO rally.task.runner [-] Task 3839a601-71de-4812-9de7-7879e53bda38 | ITER: 52 START
2019-11-18 21:53:15.621 27799 INFO rally.task.runner [-] Task 3839a601-71de-4812-9de7-7879e53bda38 | ITER: 39 END: OK
2019-11-18 21:53:15.623 27799 INFO rally.task.runner [-] Task 3839a601-71de-4812-9de7-7879e53bda38 | ITER: 53 START
2019-11-18 21:53:15.646 27801 INFO rally.task.runner [-] Task 3839a601-71de-4812-9de7-7879e53bda38 | ITER: 41 END: OK
2019-11-18 21:53:15.650 27801 INFO rally.task.runner [-] Task 3839a601-71de-4812-9de7-7879e53bda38 | ITER: 54 START
2019-11-18 21:53:15.661 27846 INFO rally.task.runner [-] Task 3839a601-71de-4812-9de7-7879e53bda38 | ITER: 26 END: OK
2019-11-18 21:53:15.662 27844 INFO rally.task.runner [-] Task 3839a601-71de-4812-9de7-7879e53bda38 | ITER: 33 END: OK
2019-11-18 21:53:15.663 27841 INFO rally.task.runner [-] Task 3839a601-71de-4812-9de7-7879e53bda38 | ITER: 25 END: OK
2019-11-18 21:53:15.664 27846 INFO rally.task.runner [-] Task 3839a601-71de-4812-9de7-7879e53bda38 | ITER: 55 START
2019-11-18 21:53:15.665 27844 INFO rally.task.runner [-] Task 3839a601-71de-4812-9de7-7879e53bda38 | ITER: 56 START
2019-11-18 21:53:15.667 27841 INFO rally.task.runner [-] Task 3839a601-71de-4812-9de7-7879e53bda38 | ITER: 57 START
2019-11-18 21:53:15.728 27830 INFO rally.task.runner [-] Task 3839a601-71de-4812-9de7-7879e53bda38 | ITER: 38 END: OK
2019-11-18 21:53:15.731 27830 INFO rally.task.runner [-] Task 3839a601-71de-4812-9de7-7879e53bda38 | ITER: 58 START
2019-11-18 21:53:15.751 27816 INFO rally.task.runner [-] Task 3839a601-71de-4812-9de7-7879e53bda38 | ITER: 35 END: OK
2019-11-18 21:53:15.753 27816 INFO rally.task.runner [-] Task 3839a601-71de-4812-9de7-7879e53bda38 | ITER: 59 START
2019-11-18 21:53:15.814 27812 INFO rally.task.runner [-] Task 3839a601-71de-4812-9de7-7879e53bda38 | ITER: 40 END: OK
2019-11-18 21:53:15.817 27812 INFO rally.task.runner [-] Task 3839a601-71de-4812-9de7-7879e53bda38 | ITER: 60 START
2019-11-18 21:53:15.958 27808 INFO rally.task.runner [-] Task 3839a601-71de-4812-9de7-7879e53bda38 | ITER: 36 END: OK
2019-11-18 21:53:15.961 27808 INFO rally.task.runner [-] Task 3839a601-71de-4812-9de7-7879e53bda38 | ITER: 61 START
2019-11-18 21:53:16.109 27804 INFO rally.task.runner [-] Task 3839a601-71de-4812-9de7-7879e53bda38 | ITER: 44 END: OK
2019-11-18 21:53:16.113 27804 INFO rally.task.runner [-] Task 3839a601-71de-4812-9de7-7879e53bda38 | ITER: 62 START
2019-11-18 21:53:16.197 27823 INFO rally.task.runner [-] Task 3839a601-71de-4812-9de7-7879e53bda38 | ITER: 47 END: OK
2019-11-18 21:53:16.201 27823 INFO rally.task.runner [-] Task 3839a601-71de-4812-9de7-7879e53bda38 | ITER: 63 START
2019-11-18 21:53:16.435 27799 INFO rally.task.runner [-] Task 3839a601-71de-4812-9de7-7879e53bda38 | ITER: 42 END: OK
2019-11-18 21:53:16.438 27799 INFO rally.task.runner [-] Task 3839a601-71de-4812-9de7-7879e53bda38 | ITER: 64 START
2019-11-18 21:53:16.440 27821 INFO rally.task.runner [-] Task 3839a601-71de-4812-9de7-7879e53bda38 | ITER: 49 END: OK
2019-11-18 21:53:16.442 27821 INFO rally.task.runner [-] Task 3839a601-71de-4812-9de7-7879e53bda38 | ITER: 65 START
2019-11-18 21:53:16.527 27804 INFO rally.task.runner [-] Task 3839a601-71de-4812-9de7-7879e53bda38 | ITER: 48 END: OK
2019-11-18 21:53:16.530 27804 INFO rally.task.runner [-] Task 3839a601-71de-4812-9de7-7879e53bda38 | ITER: 66 START
2019-11-18 21:53:16.593 27846 INFO rally.task.runner [-] Task 3839a601-71de-4812-9de7-7879e53bda38 | ITER: 55 END: OK
2019-11-18 21:53:16.596 27846 INFO rally.task.runner [-] Task 3839a601-71de-4812-9de7-7879e53bda38 | ITER: 67 START
2019-11-18 21:53:16.642 27799 INFO rally.task.runner [-] Task 3839a601-71de-4812-9de7-7879e53bda38 | ITER: 53 END: OK
2019-11-18 21:53:16.645 27799 INFO rally.task.runner [-] Task 3839a601-71de-4812-9de7-7879e53bda38 | ITER: 68 START
2019-11-18 21:53:16.709 27801 INFO rally.task.runner [-] Task 3839a601-71de-4812-9de7-7879e53bda38 | ITER: 54 END: OK
2019-11-18 21:53:16.712 27801 INFO rally.task.runner [-] Task 3839a601-71de-4812-9de7-7879e53bda38 | ITER: 69 START
2019-11-18 21:53:16.715 27800 INFO rally.task.runner [-] Task 3839a601-71de-4812-9de7-7879e53bda38 | ITER: 50 END: OK
2019-11-18 21:53:16.719 27800 INFO rally.task.runner [-] Task 3839a601-71de-4812-9de7-7879e53bda38 | ITER: 70 START
2019-11-18 21:53:16.723 27801 INFO rally.task.runner [-] Task 3839a601-71de-4812-9de7-7879e53bda38 | ITER: 52 END: OK
2019-11-18 21:53:16.730 27801 INFO rally.task.runner [-] Task 3839a601-71de-4812-9de7-7879e53bda38 | ITER: 71 START
2019-11-18 21:53:16.862 27800 INFO rally.task.runner [-] Task 3839a601-71de-4812-9de7-7879e53bda38 | ITER: 51 END: OK
2019-11-18 21:53:16.865 27800 INFO rally.task.runner [-] Task 3839a601-71de-4812-9de7-7879e53bda38 | ITER: 72 START
2019-11-18 21:53:16.892 27841 INFO rally.task.runner [-] Task 3839a601-71de-4812-9de7-7879e53bda38 | ITER: 57 END: OK
2019-11-18 21:53:16.895 27841 INFO rally.task.runner [-] Task 3839a601-71de-4812-9de7-7879e53bda38 | ITER: 73 START
2019-11-18 21:53:16.962 27837 INFO rally.task.runner [-] Task 3839a601-71de-4812-9de7-7879e53bda38 | ITER: 45 END: OK
2019-11-18 21:53:16.965 27837 INFO rally.task.runner [-] Task 3839a601-71de-4812-9de7-7879e53bda38 | ITER: 74 START
2019-11-18 21:53:17.149 27826 INFO rally.task.runner [-] Task 3839a601-71de-4812-9de7-7879e53bda38 | ITER: 46 END: OK
2019-11-18 21:53:17.152 27826 INFO rally.task.runner [-] Task 3839a601-71de-4812-9de7-7879e53bda38 | ITER: 75 START
2019-11-18 21:53:17.219 27844 INFO rally.task.runner [-] Task 3839a601-71de-4812-9de7-7879e53bda38 | ITER: 56 END: OK
2019-11-18 21:53:17.222 27844 INFO rally.task.runner [-] Task 3839a601-71de-4812-9de7-7879e53bda38 | ITER: 76 START
2019-11-18 21:53:17.226 27799 INFO rally.task.runner [-] Task 3839a601-71de-4812-9de7-7879e53bda38 | ITER: 64 END: OK
2019-11-18 21:53:17.229 27799 INFO rally.task.runner [-] Task 3839a601-71de-4812-9de7-7879e53bda38 | ITER: 77 START
2019-11-18 21:53:17.287 27804 INFO rally.task.runner [-] Task 3839a601-71de-4812-9de7-7879e53bda38 | ITER: 62 END: OK
2019-11-18 21:53:17.290 27804 INFO rally.task.runner [-] Task 3839a601-71de-4812-9de7-7879e53bda38 | ITER: 78 START
2019-11-18 21:53:17.391 27816 INFO rally.task.runner [-] Task 3839a601-71de-4812-9de7-7879e53bda38 | ITER: 59 END: OK
2019-11-18 21:53:17.394 27816 INFO rally.task.runner [-] Task 3839a601-71de-4812-9de7-7879e53bda38 | ITER: 79 START
2019-11-18 21:53:17.396 27812 INFO rally.task.runner [-] Task 3839a601-71de-4812-9de7-7879e53bda38 | ITER: 60 END: OK
2019-11-18 21:53:17.399 27812 INFO rally.task.runner [-] Task 3839a601-71de-4812-9de7-7879e53bda38 | ITER: 80 START
2019-11-18 21:53:17.553 27808 INFO rally.task.runner [-] Task 3839a601-71de-4812-9de7-7879e53bda38 | ITER: 61 END: OK
2019-11-18 21:53:17.556 27808 INFO rally.task.runner [-] Task 3839a601-71de-4812-9de7-7879e53bda38 | ITER: 81 START
2019-11-18 21:53:17.606 27823 INFO rally.task.runner [-] Task 3839a601-71de-4812-9de7-7879e53bda38 | ITER: 63 END: OK
2019-11-18 21:53:17.609 27823 INFO rally.task.runner [-] Task 3839a601-71de-4812-9de7-7879e53bda38 | ITER: 82 START
2019-11-18 21:53:17.642 27832 INFO rally.task.runner [-] Task 3839a601-71de-4812-9de7-7879e53bda38 | ITER: 43 END: OK
2019-11-18 21:53:17.645 27832 INFO rally.task.runner [-] Task 3839a601-71de-4812-9de7-7879e53bda38 | ITER: 83 START
2019-11-18 21:53:17.961 27821 INFO rally.task.runner [-] Task 3839a601-71de-4812-9de7-7879e53bda38 | ITER: 65 END: OK
2019-11-18 21:53:17.964 27821 INFO rally.task.runner [-] Task 3839a601-71de-4812-9de7-7879e53bda38 | ITER: 84 START
2019-11-18 21:53:17.983 27830 INFO rally.task.runner [-] Task 3839a601-71de-4812-9de7-7879e53bda38 | ITER: 58 END: OK
2019-11-18 21:53:17.986 27830 INFO rally.task.runner [-] Task 3839a601-71de-4812-9de7-7879e53bda38 | ITER: 85 START
2019-11-18 21:53:18.027 27846 INFO rally.task.runner [-] Task 3839a601-71de-4812-9de7-7879e53bda38 | ITER: 67 END: OK
2019-11-18 21:53:18.030 27846 INFO rally.task.runner [-] Task 3839a601-71de-4812-9de7-7879e53bda38 | ITER: 86 START
2019-11-18 21:53:18.040 27804 INFO rally.task.runner [-] Task 3839a601-71de-4812-9de7-7879e53bda38 | ITER: 66 END: OK
2019-11-18 21:53:18.043 27804 INFO rally.task.runner [-] Task 3839a601-71de-4812-9de7-7879e53bda38 | ITER: 87 START
2019-11-18 21:53:18.137 27837 INFO rally.task.runner [-] Task 3839a601-71de-4812-9de7-7879e53bda38 | ITER: 74 END: OK
2019-11-18 21:53:18.141 27837 INFO rally.task.runner [-] Task 3839a601-71de-4812-9de7-7879e53bda38 | ITER: 88 START
2019-11-18 21:53:18.144 27844 INFO rally.task.runner [-] Task 3839a601-71de-4812-9de7-7879e53bda38 | ITER: 76 END: OK
2019-11-18 21:53:18.146 27844 INFO rally.task.runner [-] Task 3839a601-71de-4812-9de7-7879e53bda38 | ITER: 89 START
2019-11-18 21:53:18.402 27799 INFO rally.task.runner [-] Task 3839a601-71de-4812-9de7-7879e53bda38 | ITER: 77 END: OK
2019-11-18 21:53:18.405 27799 INFO rally.task.runner [-] Task 3839a601-71de-4812-9de7-7879e53bda38 | ITER: 90 START
2019-11-18 21:53:18.686 27812 INFO rally.task.runner [-] Task 3839a601-71de-4812-9de7-7879e53bda38 | ITER: 80 END: OK
2019-11-18 21:53:18.689 27812 INFO rally.task.runner [-] Task 3839a601-71de-4812-9de7-7879e53bda38 | ITER: 91 START
2019-11-18 21:53:18.700 27804 INFO rally.task.runner [-] Task 3839a601-71de-4812-9de7-7879e53bda38 | ITER: 78 END: OK
2019-11-18 21:53:18.703 27804 INFO rally.task.runner [-] Task 3839a601-71de-4812-9de7-7879e53bda38 | ITER: 92 START
2019-11-18 21:53:18.749 27816 INFO rally.task.runner [-] Task 3839a601-71de-4812-9de7-7879e53bda38 | ITER: 79 END: OK
2019-11-18 21:53:18.752 27816 INFO rally.task.runner [-] Task 3839a601-71de-4812-9de7-7879e53bda38 | ITER: 93 START
2019-11-18 21:53:18.773 27841 INFO rally.task.runner [-] Task 3839a601-71de-4812-9de7-7879e53bda38 | ITER: 73 END: OK
2019-11-18 21:53:18.776 27841 INFO rally.task.runner [-] Task 3839a601-71de-4812-9de7-7879e53bda38 | ITER: 94 START
2019-11-18 21:53:18.872 27808 INFO rally.task.runner [-] Task 3839a601-71de-4812-9de7-7879e53bda38 | ITER: 81 END: OK
2019-11-18 21:53:18.875 27808 INFO rally.task.runner [-] Task 3839a601-71de-4812-9de7-7879e53bda38 | ITER: 95 START
2019-11-18 21:53:18.903 27800 INFO rally.task.runner [-] Task 3839a601-71de-4812-9de7-7879e53bda38 | ITER: 70 END: OK
2019-11-18 21:53:18.906 27800 INFO rally.task.runner [-] Task 3839a601-71de-4812-9de7-7879e53bda38 | ITER: 96 START
2019-11-18 21:53:19.008 27801 INFO rally.task.runner [-] Task 3839a601-71de-4812-9de7-7879e53bda38 | ITER: 69 END: OK
2019-11-18 21:53:19.011 27801 INFO rally.task.runner [-] Task 3839a601-71de-4812-9de7-7879e53bda38 | ITER: 97 START
2019-11-18 21:53:19.082 27799 INFO rally.task.runner [-] Task 3839a601-71de-4812-9de7-7879e53bda38 | ITER: 68 END: OK
2019-11-18 21:53:19.085 27799 INFO rally.task.runner [-] Task 3839a601-71de-4812-9de7-7879e53bda38 | ITER: 98 START
2019-11-18 21:53:19.129 27826 INFO rally.task.runner [-] Task 3839a601-71de-4812-9de7-7879e53bda38 | ITER: 75 END: OK
2019-11-18 21:53:19.132 27826 INFO rally.task.runner [-] Task 3839a601-71de-4812-9de7-7879e53bda38 | ITER: 99 START
2019-11-18 21:53:19.137 27800 INFO rally.task.runner [-] Task 3839a601-71de-4812-9de7-7879e53bda38 | ITER: 72 END: OK
2019-11-18 21:53:19.140 27800 INFO rally.task.runner [-] Task 3839a601-71de-4812-9de7-7879e53bda38 | ITER: 100 START
2019-11-18 21:53:19.220 27801 INFO rally.task.runner [-] Task 3839a601-71de-4812-9de7-7879e53bda38 | ITER: 71 END: OK
2019-11-18 21:53:19.222 27823 INFO rally.task.runner [-] Task 3839a601-71de-4812-9de7-7879e53bda38 | ITER: 82 END: OK
2019-11-18 21:53:19.613 27830 INFO rally.task.runner [-] Task 3839a601-71de-4812-9de7-7879e53bda38 | ITER: 85 END: OK
2019-11-18 21:53:19.660 27844 INFO rally.task.runner [-] Task 3839a601-71de-4812-9de7-7879e53bda38 | ITER: 89 END: OK
2019-11-18 21:53:19.728 27804 INFO rally.task.runner [-] Task 3839a601-71de-4812-9de7-7879e53bda38 | ITER: 87 END: OK
2019-11-18 21:53:19.734 27832 INFO rally.task.runner [-] Task 3839a601-71de-4812-9de7-7879e53bda38 | ITER: 83 END: OK
2019-11-18 21:53:19.774 27846 INFO rally.task.runner [-] Task 3839a601-71de-4812-9de7-7879e53bda38 | ITER: 86 END: OK
2019-11-18 21:53:19.787 27821 INFO rally.task.runner [-] Task 3839a601-71de-4812-9de7-7879e53bda38 | ITER: 84 END: OK
2019-11-18 21:53:20.021 27801 INFO rally.task.runner [-] Task 3839a601-71de-4812-9de7-7879e53bda38 | ITER: 97 END: OK
2019-11-18 21:53:20.027 27816 INFO rally.task.runner [-] Task 3839a601-71de-4812-9de7-7879e53bda38 | ITER: 93 END: OK
2019-11-18 21:53:20.037 27826 INFO rally.task.runner [-] Task 3839a601-71de-4812-9de7-7879e53bda38 | ITER: 99 END: OK
2019-11-18 21:53:20.063 27804 INFO rally.task.runner [-] Task 3839a601-71de-4812-9de7-7879e53bda38 | ITER: 92 END: OK
2019-11-18 21:53:20.109 27841 INFO rally.task.runner [-] Task 3839a601-71de-4812-9de7-7879e53bda38 | ITER: 94 END: OK
2019-11-18 21:53:20.118 27812 INFO rally.task.runner [-] Task 3839a601-71de-4812-9de7-7879e53bda38 | ITER: 91 END: OK
2019-11-18 21:53:20.150 27808 INFO rally.task.runner [-] Task 3839a601-71de-4812-9de7-7879e53bda38 | ITER: 95 END: OK
2019-11-18 21:53:20.262 27799 INFO rally.task.runner [-] Task 3839a601-71de-4812-9de7-7879e53bda38 | ITER: 90 END: OK
2019-11-18 21:53:20.312 27837 INFO rally.task.runner [-] Task 3839a601-71de-4812-9de7-7879e53bda38 | ITER: 88 END: OK
2019-11-18 21:53:20.335 27800 INFO rally.task.runner [-] Task 3839a601-71de-4812-9de7-7879e53bda38 | ITER: 100 END: OK
2019-11-18 21:53:20.337 27799 INFO rally.task.runner [-] Task 3839a601-71de-4812-9de7-7879e53bda38 | ITER: 98 END: OK
2019-11-18 21:53:20.382 27800 INFO rally.task.runner [-] Task 3839a601-71de-4812-9de7-7879e53bda38 | ITER: 96 END: OK
2019-11-18 21:53:20.409 27675 INFO rally.task.context [-] Task 3839a601-71de-4812-9de7-7879e53bda38 | Context cleanup@openstack cleanup() started
2019-11-18 21:53:20.412 27675 RALLYDEBUG rally_openstack.cleanup.manager [-] Cleaning up neutron vip objects
2019-11-18 21:53:20.796 27675 RALLYDEBUG rally_openstack.cleanup.manager [-] Cleaning up neutron health_monitor objects
2019-11-18 21:53:21.187 27675 RALLYDEBUG rally_openstack.cleanup.manager [-] Cleaning up neutron pool objects
2019-11-18 21:53:21.563 27675 RALLYDEBUG rally_openstack.cleanup.manager [-] Cleaning up neutron loadbalancer objects
2019-11-18 21:53:21.950 27675 RALLYDEBUG rally_openstack.cleanup.manager [-] Cleaning up neutron floatingip objects
2019-11-18 21:53:22.356 27675 RALLYDEBUG rally_openstack.cleanup.manager [-] Cleaning up neutron trunk objects
2019-11-18 21:53:22.757 27675 RALLYDEBUG rally_openstack.cleanup.manager [-] Cleaning up neutron port objects
2019-11-18 21:53:23.169 27675 RALLYDEBUG rally_openstack.cleanup.manager [-] Cleaning up neutron subnet objects
2019-11-18 21:53:23.564 27675 RALLYDEBUG rally_openstack.cleanup.manager [-] Cleaning up neutron network objects
2019-11-18 21:53:24.238 27675 RALLYDEBUG rally_openstack.cleanup.manager [-] Deleting neutron.network object s_rally_ece16d42_lZVZPGNu (04100b99-68c0-4508-9a17-b68a43408b38)
2019-11-18 21:53:24.244 27675 RALLYDEBUG rally_openstack.cleanup.manager [-] Deleting neutron.network object s_rally_ece16d42_6nlgeHjm (0feac99d-b4a2-42c2-bcc5-f0ff689d7b87)
2019-11-18 21:53:24.255 27675 RALLYDEBUG rally_openstack.cleanup.manager [-] Deleting neutron.network object s_rally_ece16d42_rRG0NWRA (108e2731-d529-482f-be8c-5b6183d00ae0)
2019-11-18 21:53:24.264 27675 RALLYDEBUG rally_openstack.cleanup.manager [-] Deleting neutron.network object s_rally_ece16d42_QO38rdBo (1253ecf8-d187-4d78-92d0-4fbf5b7f8347)
2019-11-18 21:53:24.273 27675 RALLYDEBUG rally_openstack.cleanup.manager [-] Deleting neutron.network object s_rally_ece16d42_KEE9CQEO (1668e7d0-af5a-4c93-9e21-7c0deec287c3)
2019-11-18 21:53:24.283 27675 RALLYDEBUG rally_openstack.cleanup.manager [-] Deleting neutron.network object s_rally_ece16d42_P5XtiLGL (1afd6377-be5b-4f69-a469-b25f4f3b48f1)
2019-11-18 21:53:24.290 27675 RALLYDEBUG rally_openstack.cleanup.manager [-] Deleting neutron.network object s_rally_ece16d42_3P0AOjd0 (1c55d715-87a2-4449-aea0-879350f0c1d1)
2019-11-18 21:53:24.304 27675 RALLYDEBUG rally_openstack.cleanup.manager [-] Deleting neutron.network object s_rally_ece16d42_FWwmlLzx (25c36db3-6eaf-48a4-a6b4-91220ee12416)
2019-11-18 21:53:24.311 27675 RALLYDEBUG rally_openstack.cleanup.manager [-] Deleting neutron.network object s_rally_ece16d42_D36QU3XU (270bdb0a-f8f0-4b85-a633-3c1a3d086798)
2019-11-18 21:53:24.325 27675 RALLYDEBUG rally_openstack.cleanup.manager [-] Deleting neutron.network object s_rally_ece16d42_xLVc8HIa (2a66f4b1-19cc-4571-99d2-840cc7e531da)
2019-11-18 21:53:24.331 27675 RALLYDEBUG rally_openstack.cleanup.manager [-] Deleting neutron.network object s_rally_ece16d42_a8Grm6Hv (2ba9095e-cd50-4b87-a17f-3202b5668142)
2019-11-18 21:53:24.353 27675 RALLYDEBUG rally_openstack.cleanup.manager [-] Deleting neutron.network object s_rally_ece16d42_76rlI5xz (2fd9468e-01d1-4299-9f41-b68ed062aeb0)
2019-11-18 21:53:24.362 27675 RALLYDEBUG rally_openstack.cleanup.manager [-] Deleting neutron.network object s_rally_ece16d42_Wc4Fr2Kl (327ce2e1-ee4f-4ff9-b325-d9cbd16ea339)
2019-11-18 21:53:24.366 27675 RALLYDEBUG rally_openstack.cleanup.manager [-] Deleting neutron.network object s_rally_ece16d42_6RC9rv8k (3332200c-7b0d-431e-9217-09cf2b7b5c6d)
2019-11-18 21:53:24.399 27675 RALLYDEBUG rally_openstack.cleanup.manager [-] Deleting neutron.network object s_rally_ece16d42_eIynkLQv (361f715e-5b7a-4024-9524-41a3345e4242)
2019-11-18 21:53:24.421 27675 RALLYDEBUG rally_openstack.cleanup.manager [-] Deleting neutron.network object s_rally_ece16d42_6M8cds4H (38b3471e-60f1-4349-810c-9baa153d7b6f)
2019-11-18 21:53:24.429 27675 RALLYDEBUG rally_openstack.cleanup.manager [-] Deleting neutron.network object s_rally_ece16d42_IcEdXbaH (39a1d9a3-3293-4745-bf06-e9fbb1c8cc68)
2019-11-18 21:53:24.435 27675 RALLYDEBUG rally_openstack.cleanup.manager [-] Deleting neutron.network object s_rally_ece16d42_oMLk1RIb (3a466c46-1678-43b5-96f1-13bd3d06e354)
2019-11-18 21:53:24.449 27675 RALLYDEBUG rally_openstack.cleanup.manager [-] Deleting neutron.network object s_rally_ece16d42_XsAq6i6h (3b7f0239-7b56-4656-b982-6c0ef0ea59ad)
2019-11-18 21:53:24.467 27675 RALLYDEBUG rally_openstack.cleanup.manager [-] Deleting neutron.network object s_rally_ece16d42_kdZiZGSj (3b99448e-55a6-4bcf-b246-8ae4b2aa6c5a)
2019-11-18 21:53:26.245 27675 RALLYDEBUG rally_openstack.cleanup.manager [-] Deleting neutron.network object s_rally_ece16d42_YlAW1BeJ (3cabba1c-9938-40e9-b0cb-3ea955374d73)
2019-11-18 21:53:26.323 27675 RALLYDEBUG rally_openstack.cleanup.manager [-] Deleting neutron.network object s_rally_ece16d42_vA7MgMJA (3f23d6db-1902-4a31-a41b-1b371fc3f014)
2019-11-18 21:53:26.419 27675 RALLYDEBUG rally_openstack.cleanup.manager [-] Deleting neutron.network object s_rally_ece16d42_5HCg69f9 (3fa529da-14f8-421c-b9d1-4c9238ecdb87)
2019-11-18 21:53:26.481 27675 RALLYDEBUG rally_openstack.cleanup.manager [-] Deleting neutron.network object s_rally_ece16d42_TVbzOU08 (437381d8-3af6-4150-bc97-2c7a3e004e59)
2019-11-18 21:53:26.669 27675 RALLYDEBUG rally_openstack.cleanup.manager [-] Deleting neutron.network object s_rally_ece16d42_tYO75dC8 (43c1d43c-c922-4f99-88ec-761be1518f86)
2019-11-18 21:53:26.675 27675 RALLYDEBUG rally_openstack.cleanup.manager [-] Deleting neutron.network object s_rally_ece16d42_ZxIUCop7 (44360eac-ec94-49c5-9e2d-49cb07dfba92)
2019-11-18 21:53:26.735 27675 RALLYDEBUG rally_openstack.cleanup.manager [-] Deleting neutron.network object s_rally_ece16d42_KDBAwCda (444e86dd-c1ef-4330-8d60-5368f6e87bdd)
2019-11-18 21:53:26.939 27675 RALLYDEBUG rally_openstack.cleanup.manager [-] Deleting neutron.network object s_rally_ece16d42_Ct4sXjvo (445e44c0-5e1b-42da-aca2-5ac0c6e8515f)
2019-11-18 21:53:26.989 27675 RALLYDEBUG rally_openstack.cleanup.manager [-] Deleting neutron.network object s_rally_ece16d42_pc6WqiLc (4c5943a5-8aea-41d3-b434-9181d5c46233)
2019-11-18 21:53:27.016 27675 RALLYDEBUG rally_openstack.cleanup.manager [-] Deleting neutron.network object s_rally_ece16d42_IbUEfNwO (5453979d-05ae-498d-9ea6-6c5335233df5)
2019-11-18 21:53:27.054 27675 RALLYDEBUG rally_openstack.cleanup.manager [-] Deleting neutron.network object s_rally_ece16d42_QeejlIro (55dc0283-edaa-4e79-b06a-6d149f1f5b61)
2019-11-18 21:53:27.062 27675 RALLYDEBUG rally_openstack.cleanup.manager [-] Deleting neutron.network object s_rally_ece16d42_7KN8AckM (5954fced-1cc1-45fd-9819-5fbe6278eacd)
2019-11-18 21:53:27.070 27675 RALLYDEBUG rally_openstack.cleanup.manager [-] Deleting neutron.network object s_rally_ece16d42_aY1vfIXs (59f2e6be-2d20-437d-b784-ef9ef46a616e)
2019-11-18 21:53:27.079 27675 RALLYDEBUG rally_openstack.cleanup.manager [-] Deleting neutron.network object s_rally_ece16d42_FSIowUkZ (60dca0f0-4fc4-4519-a4b8-1d354b7d1af4)
2019-11-18 21:53:27.154 27675 RALLYDEBUG rally_openstack.cleanup.manager [-] Deleting neutron.network object s_rally_ece16d42_GXJJUvlp (64736dc4-0c85-4c87-bbeb-a46af479a839)
2019-11-18 21:53:27.203 27675 RALLYDEBUG rally_openstack.cleanup.manager [-] Deleting neutron.network object s_rally_ece16d42_xG4nvxjy (65acfbe1-9997-417e-8971-181fab18cf6e)
2019-11-18 21:53:27.253 27675 RALLYDEBUG rally_openstack.cleanup.manager [-] Deleting neutron.network object s_rally_ece16d42_8K75Ncrd (6d66e996-9090-4143-8a21-abf6ae5836d3)
2019-11-18 21:53:27.276 27675 RALLYDEBUG rally_openstack.cleanup.manager [-] Deleting neutron.network object s_rally_ece16d42_iRa6IGSn (6e5cf69e-6d5c-4162-905b-d3fa0cc049b9)
2019-11-18 21:53:27.312 27675 RALLYDEBUG rally_openstack.cleanup.manager [-] Deleting neutron.network object s_rally_ece16d42_FqnEhWdq (71825649-a7f3-43ad-8f9e-3034b7f64508)
2019-11-18 21:53:27.614 27675 RALLYDEBUG rally_openstack.cleanup.manager [-] Deleting neutron.network object s_rally_ece16d42_yg7p3ho8 (71d53966-59f1-4b33-8a9f-017a95f24704)
2019-11-18 21:53:28.267 27675 RALLYDEBUG rally_openstack.cleanup.manager [-] Deleting neutron.network object s_rally_ece16d42_RaE0oqUe (74c3d2a8-3bef-46ed-9ae6-375cc82142a1)
2019-11-18 21:53:28.335 27675 RALLYDEBUG rally_openstack.cleanup.manager [-] Deleting neutron.network object s_rally_ece16d42_vIiWri5P (76ba08f1-aaee-4e26-9368-0951f60a085c)
2019-11-18 21:53:28.460 27675 RALLYDEBUG rally_openstack.cleanup.manager [-] Deleting neutron.network object s_rally_ece16d42_95ZrQ3Ku (77a9b20f-7661-446f-af44-e6cfc871b223)
2019-11-18 21:53:28.596 27675 RALLYDEBUG rally_openstack.cleanup.manager [-] Deleting neutron.network object s_rally_ece16d42_5QCHfXIv (7a194d65-c79f-4121-8989-8f7a942b57cf)
2019-11-18 21:53:28.604 27675 RALLYDEBUG rally_openstack.cleanup.manager [-] Deleting neutron.network object s_rally_ece16d42_NY3yzSVC (7b57f44a-e830-4060-9304-2c7f04ae6f37)
2019-11-18 21:53:28.711 27675 RALLYDEBUG rally_openstack.cleanup.manager [-] Deleting neutron.network object s_rally_ece16d42_A9FRPo5F (7d789ad6-f85c-49f4-8cdb-af9b2563b2f9)
2019-11-18 21:53:29.070 27675 RALLYDEBUG rally_openstack.cleanup.manager [-] Deleting neutron.network object s_rally_ece16d42_TKT5wlLI (7fb1d4cb-5674-41d1-8c7c-24f3ce5a35c5)
2019-11-18 21:53:29.118 27675 RALLYDEBUG rally_openstack.cleanup.manager [-] Deleting neutron.network object s_rally_ece16d42_1F6amDDW (82f693cd-d97e-4b65-b7cc-9117b909b796)
2019-11-18 21:53:29.145 27675 RALLYDEBUG rally_openstack.cleanup.manager [-] Deleting neutron.network object s_rally_ece16d42_9D0UBYAo (838b073e-23e0-43a4-b927-902c28524179)
2019-11-18 21:53:29.179 27675 RALLYDEBUG rally_openstack.cleanup.manager [-] Deleting neutron.network object s_rally_ece16d42_muOX2WGK (87c1851a-7399-4eaf-bf16-2f9da73c2018)
2019-11-18 21:53:29.227 27675 RALLYDEBUG rally_openstack.cleanup.manager [-] Deleting neutron.network object s_rally_ece16d42_yALz3dHQ (89db36e9-a711-45f6-961e-405fd864fc95)
2019-11-18 21:53:29.270 27675 RALLYDEBUG rally_openstack.cleanup.manager [-] Deleting neutron.network object s_rally_ece16d42_tYEm2yGT (8a69137f-ec89-45d8-aa1c-ef951e854859)
2019-11-18 21:53:29.279 27675 RALLYDEBUG rally_openstack.cleanup.manager [-] Deleting neutron.network object s_rally_ece16d42_X23g0hh8 (90248ebc-7077-434f-baf0-4baed1d52120)
2019-11-18 21:53:29.288 27675 RALLYDEBUG rally_openstack.cleanup.manager [-] Deleting neutron.network object s_rally_ece16d42_Tj84ncul (92dc4cde-4a00-4cf6-be24-669d527f5f17)
2019-11-18 21:53:29.341 27675 RALLYDEBUG rally_openstack.cleanup.manager [-] Deleting neutron.network object s_rally_ece16d42_kBuciPzW (984e1b06-8e5c-48e9-9062-1ec2b2d9228e)
2019-11-18 21:53:29.355 27675 RALLYDEBUG rally_openstack.cleanup.manager [-] Deleting neutron.network object s_rally_ece16d42_vNznt9NK (987ce05a-6598-4d95-ad42-31d1ccd543e0)
2019-11-18 21:53:29.532 27675 RALLYDEBUG rally_openstack.cleanup.manager [-] Deleting neutron.network object s_rally_ece16d42_dQ48tIhF (9b50ba33-e06a-4fe5-978d-96042d095b4b)
2019-11-18 21:53:29.629 27675 RALLYDEBUG rally_openstack.cleanup.manager [-] Deleting neutron.network object s_rally_ece16d42_fbb3r6Mz (9d8568a9-8543-4eb9-b5e0-2be426739d94)
2019-11-18 21:53:29.789 27675 RALLYDEBUG rally_openstack.cleanup.manager [-] Deleting neutron.network object s_rally_ece16d42_9IETDGQr (9ea20637-9d8a-464b-b90d-0d3397e127db)
2019-11-18 21:53:29.857 27675 RALLYDEBUG rally_openstack.cleanup.manager [-] Deleting neutron.network object s_rally_ece16d42_oXDjQccU (a19f4241-6694-4faa-aa07-1ab36e2b263e)
2019-11-18 21:53:30.117 27675 RALLYDEBUG rally_openstack.cleanup.manager [-] Deleting neutron.network object s_rally_ece16d42_35Vgxn4W (a2cf4c05-dd7c-41ac-bef2-44d5617dd9d6)
2019-11-18 21:53:30.367 27675 RALLYDEBUG rally_openstack.cleanup.manager [-] Deleting neutron.network object s_rally_ece16d42_ywBQujZ0 (a2d5e314-1ee9-40f4-b92f-9f2548785b3e)
2019-11-18 21:53:30.467 27675 RALLYDEBUG rally_openstack.cleanup.manager [-] Deleting neutron.network object s_rally_ece16d42_V9x0Pwcx (a5d3d6d7-eb62-4117-8f62-4a5a8316f21b)
2019-11-18 21:53:30.528 27675 RALLYDEBUG rally_openstack.cleanup.manager [-] Deleting neutron.network object s_rally_ece16d42_xmJXBtb4 (a63236c5-f9d4-4087-9f45-147a5df0dd33)
2019-11-18 21:53:30.642 27675 RALLYDEBUG rally_openstack.cleanup.manager [-] Deleting neutron.network object s_rally_ece16d42_0qyQ9B2t (a78d90e4-09fb-4bbe-9d25-a2a704baa7ac)
2019-11-18 21:53:30.803 27675 RALLYDEBUG rally_openstack.cleanup.manager [-] Deleting neutron.network object s_rally_ece16d42_vTT7KbCY (abc2c4c0-b3dd-4d06-b9e9-4bc17d2424e0)
2019-11-18 21:53:30.986 27675 RALLYDEBUG rally_openstack.cleanup.manager [-] Deleting neutron.network object s_rally_ece16d42_Kow9lRuT (ad1fd5b7-7d45-4c57-add3-1087c81e27b6)
2019-11-18 21:53:31.078 27675 RALLYDEBUG rally_openstack.cleanup.manager [-] Deleting neutron.network object s_rally_ece16d42_iHxQrTeb (ae91d01d-fc67-4785-82f0-335582423ca0)
2019-11-18 21:53:31.248 27675 RALLYDEBUG rally_openstack.cleanup.manager [-] Deleting neutron.network object s_rally_ece16d42_NnzdXJw1 (b1a1fe81-bbc0-4b6f-8e11-3e8650996313)
2019-11-18 21:53:31.271 27675 RALLYDEBUG rally_openstack.cleanup.manager [-] Deleting neutron.network object s_rally_ece16d42_9scc3rcg (b1b0f876-1784-4271-adb5-a90f98ccbdc6)
2019-11-18 21:53:31.397 27675 RALLYDEBUG rally_openstack.cleanup.manager [-] Deleting neutron.network object s_rally_ece16d42_zRotsco1 (b2069cf1-9237-4840-8157-4801dbf75925)
2019-11-18 21:53:31.400 27675 RALLYDEBUG rally_openstack.cleanup.manager [-] Deleting neutron.network object s_rally_ece16d42_h0rivim8 (b2623db9-4393-4f10-a30a-8dd657e5c9a8)
2019-11-18 21:53:31.438 27675 RALLYDEBUG rally_openstack.cleanup.manager [-] Deleting neutron.network object s_rally_ece16d42_nJ2wifTz (b29ce61e-849a-488f-aa14-1784e6108f19)
2019-11-18 21:53:31.497 27675 RALLYDEBUG rally_openstack.cleanup.manager [-] Deleting neutron.network object s_rally_ece16d42_ijZnmdbj (b78cc162-ac5d-4f50-b75a-d50b337c2688)
2019-11-18 21:53:31.637 27675 RALLYDEBUG rally_openstack.cleanup.manager [-] Deleting neutron.network object s_rally_ece16d42_8iXh2hXM (bf14da88-6e01-4403-b6bd-18e2e8a8359d)
2019-11-18 21:53:31.680 27675 RALLYDEBUG rally_openstack.cleanup.manager [-] Deleting neutron.network object s_rally_ece16d42_T5D5cozc (c2514289-aff9-4b28-87eb-7c510aed90ee)
2019-11-18 21:53:31.846 27675 RALLYDEBUG rally_openstack.cleanup.manager [-] Deleting neutron.network object s_rally_ece16d42_Q95AIUAX (c590eea4-8e1a-4c7d-8b3d-fdae14906dad)
2019-11-18 21:53:31.855 27675 RALLYDEBUG rally_openstack.cleanup.manager [-] Deleting neutron.network object s_rally_ece16d42_EI4Rzm2e (c5f26b72-b21f-4e01-bcd1-7287402d90d2)
2019-11-18 21:53:31.863 27675 RALLYDEBUG rally_openstack.cleanup.manager [-] Deleting neutron.network object s_rally_ece16d42_e4nrj0Xp (c6654efb-3733-4146-8939-61812e7822f6)
2019-11-18 21:53:31.889 27675 RALLYDEBUG rally_openstack.cleanup.manager [-] Deleting neutron.network object s_rally_ece16d42_WMTaOKLX (c9a8e105-c3a8-4b2d-9875-ff119469acf9)
2019-11-18 21:53:32.274 27675 RALLYDEBUG rally_openstack.cleanup.manager [-] Deleting neutron.network object s_rally_ece16d42_GtzbzX49 (ca2c6f57-1d05-464f-9c26-27fb2302dd48)
2019-11-18 21:53:32.392 27675 RALLYDEBUG rally_openstack.cleanup.manager [-] Deleting neutron.network object s_rally_ece16d42_NEhxVioA (cb426416-273e-4137-8b7e-6f76d4af12cc)
2019-11-18 21:53:32.478 27675 RALLYDEBUG rally_openstack.cleanup.manager [-] Deleting neutron.network object s_rally_ece16d42_oybPehHd (cd4df269-6a6c-40c0-befc-9f6a5f574ed3)
2019-11-18 21:53:32.494 27675 RALLYDEBUG rally_openstack.cleanup.manager [-] Deleting neutron.network object s_rally_ece16d42_EnK4hPej (cdbbd4e5-775f-4366-8b41-f0e974709cf6)
2019-11-18 21:53:32.773 27675 RALLYDEBUG rally_openstack.cleanup.manager [-] Deleting neutron.network object s_rally_ece16d42_5BzQQnLT (ceb8e616-ad6b-450d-a176-172919b5a3c1)
2019-11-18 21:53:32.847 27675 RALLYDEBUG rally_openstack.cleanup.manager [-] Deleting neutron.network object s_rally_ece16d42_gY50iCwH (d01b83e4-e169-491b-ae21-f3f77632403a)
2019-11-18 21:53:32.924 27675 RALLYDEBUG rally_openstack.cleanup.manager [-] Deleting neutron.network object s_rally_ece16d42_1Hth4HGc (d10433c4-b478-45b4-aa68-dc7d4ae92754)
2019-11-18 21:53:33.073 27675 RALLYDEBUG rally_openstack.cleanup.manager [-] Deleting neutron.network object s_rally_ece16d42_Y6gIwHNM (d30f734e-a8aa-4167-8a9a-fb139d9b1e8a)
2019-11-18 21:53:33.106 27675 RALLYDEBUG rally_openstack.cleanup.manager [-] Deleting neutron.network object s_rally_ece16d42_xiEpFRLq (d4a71e41-9358-4737-9cab-790349136f32)
2019-11-18 21:53:33.244 27675 RALLYDEBUG rally_openstack.cleanup.manager [-] Deleting neutron.network object s_rally_ece16d42_JMC6HG3r (d7209d0e-9f7d-4d01-9b7f-13ff6b2898a6)
2019-11-18 21:53:33.331 27675 RALLYDEBUG rally_openstack.cleanup.manager [-] Deleting neutron.network object s_rally_ece16d42_Y7UWQB7M (d7c7015e-95d5-48fb-b618-8d040a0e48a8)
2019-11-18 21:53:33.461 27675 RALLYDEBUG rally_openstack.cleanup.manager [-] Deleting neutron.network object s_rally_ece16d42_k78tAU2K (d9a90d65-9ff7-456b-9290-f83e606aad91)
2019-11-18 21:53:33.469 27675 RALLYDEBUG rally_openstack.cleanup.manager [-] Deleting neutron.network object s_rally_ece16d42_Powst2pv (de9c261d-daa4-4f02-8e1f-4a6b4e3cacfb)
2019-11-18 21:53:33.715 27675 RALLYDEBUG rally_openstack.cleanup.manager [-] Deleting neutron.network object s_rally_ece16d42_JClwnyQD (e0437d6e-0a99-4d59-8655-b4bbd3fa7ff9)
2019-11-18 21:53:33.740 27675 RALLYDEBUG rally_openstack.cleanup.manager [-] Deleting neutron.network object s_rally_ece16d42_ixtYTYK1 (e34e789c-81e2-43e5-9c05-c0fbd9d9af6d)
2019-11-18 21:53:33.770 27675 RALLYDEBUG rally_openstack.cleanup.manager [-] Deleting neutron.network object s_rally_ece16d42_qhC2Oc1A (ef4ca5da-1f50-406d-8c64-40d79ad408c6)
2019-11-18 21:53:33.873 27675 RALLYDEBUG rally_openstack.cleanup.manager [-] Deleting neutron.network object s_rally_ece16d42_lmfkgZXz (f41850ac-6fb0-48a5-b711-6b58ec32a2cb)
