2019-11-18 21:57:19.513 29874 INFO rally.task.runner [-] Task 3839a601-71de-4812-9de7-7879e53bda38 | ITER: 8 START
2019-11-18 21:57:19.514 29874 WARNING rally_openstack.scenarios.neutron.utils [-] Running this scenario without either the 'network' or 'existing_network' context is deprecated
2019-11-18 21:57:19.515 29882 INFO rally.task.runner [-] Task 3839a601-71de-4812-9de7-7879e53bda38 | ITER: 10 START
2019-11-18 21:57:19.515 29886 RALLYDEBUG rally.task.runner [-] Starting a worker. times: 40 duration: None concurrency: 1 timeout: 0 cls: method_name: run args: {"network_create_args": {}, "subnet_create_args": {}, "subnet_cidr_start": "1.1.0.0/30", "subnets_per_network": 2}
2019-11-18 21:57:19.516 29878 INFO rally.task.runner [-] Task 3839a601-71de-4812-9de7-7879e53bda38 | ITER: 9 START
2019-11-18 21:57:19.517 29882 WARNING rally_openstack.scenarios.neutron.utils [-] Running this scenario without either the 'network' or 'existing_network' context is deprecated
2019-11-18 21:57:19.519 29878 WARNING rally_openstack.scenarios.neutron.utils [-] Running this scenario without either the 'network' or 'existing_network' context is deprecated
2019-11-18 21:57:19.518 29890 RALLYDEBUG rally.task.runner [-] Starting a worker. times: 40 duration: None concurrency: 1 timeout: 0 cls: method_name: run args: {"network_create_args": {}, "subnet_create_args": {}, "subnet_cidr_start": "1.1.0.0/30", "subnets_per_network": 2}
2019-11-18 21:57:19.515 29870 WARNING rally_openstack.scenarios.neutron.utils [-] Running this scenario without either the 'network' or 'existing_network' context is deprecated
2019-11-18 21:57:19.509 29871 INFO rally.task.runner [-] Task 3839a601-71de-4812-9de7-7879e53bda38 | ITER: 6 START
2019-11-18 21:57:19.523 29886 INFO rally.task.runner [-] Task 3839a601-71de-4812-9de7-7879e53bda38 | ITER: 11 START
2019-11-18 21:57:19.515 29874 WARNING rally_openstack.scenarios.neutron.utils [-] Running this scenario without either the 'network' or 'existing_network' context is deprecated
2019-11-18 21:57:19.524 29890 INFO rally.task.runner [-] Task 3839a601-71de-4812-9de7-7879e53bda38 | ITER: 12 START
2019-11-18 21:57:19.524 29871 WARNING rally_openstack.scenarios.neutron.utils [-] Running this scenario without either the 'network' or 'existing_network' context is deprecated
2019-11-18 21:57:19.524 29886 WARNING rally_openstack.scenarios.neutron.utils [-] Running this scenario without either the 'network' or 'existing_network' context is deprecated
2019-11-18 21:57:19.524 29893 RALLYDEBUG rally.task.runner [-] Starting a worker. times: 40 duration: None concurrency: 1 timeout: 0 cls: method_name: run args: {"network_create_args": {}, "subnet_create_args": {}, "subnet_cidr_start": "1.1.0.0/30", "subnets_per_network": 2}
2019-11-18 21:57:19.526 29890 WARNING rally_openstack.scenarios.neutron.utils [-] Running this scenario without either the 'network' or 'existing_network' context is deprecated
2019-11-18 21:57:19.531 29893 INFO rally.task.runner [-] Task 3839a601-71de-4812-9de7-7879e53bda38 | ITER: 13 START
2019-11-18 21:57:19.531 29899 RALLYDEBUG rally.task.runner [-] Starting a worker. times: 40 duration: None concurrency: 1 timeout: 0 cls: method_name: run args: {"network_create_args": {}, "subnet_create_args": {}, "subnet_cidr_start": "1.1.0.0/30", "subnets_per_network": 2}
2019-11-18 21:57:19.531 29896 RALLYDEBUG rally.task.runner [-] Starting a worker. times: 40 duration: None concurrency: 1 timeout: 0 cls: method_name: run args: {"network_create_args": {}, "subnet_create_args": {}, "subnet_cidr_start": "1.1.0.0/30", "subnets_per_network": 2}
2019-11-18 21:57:19.533 29893 WARNING rally_openstack.scenarios.neutron.utils [-] Running this scenario without either the 'network' or 'existing_network' context is deprecated
2019-11-18 21:57:19.536 29899 INFO rally.task.runner [-] Task 3839a601-71de-4812-9de7-7879e53bda38 | ITER: 14 START
2019-11-18 21:57:19.537 29896 INFO rally.task.runner [-] Task 3839a601-71de-4812-9de7-7879e53bda38 | ITER: 15 START
2019-11-18 21:57:19.537 29902 RALLYDEBUG rally.task.runner [-] Starting a worker. times: 40 duration: None concurrency: 1 timeout: 0 cls: method_name: run args: {"network_create_args": {}, "subnet_create_args": {}, "subnet_cidr_start": "1.1.0.0/30", "subnets_per_network": 2}
2019-11-18 21:57:19.538 29899 WARNING rally_openstack.scenarios.neutron.utils [-] Running this scenario without either the 'network' or 'existing_network' context is deprecated
2019-11-18 21:57:19.539 29896 WARNING rally_openstack.scenarios.neutron.utils [-] Running this scenario without either the 'network' or 'existing_network' context is deprecated
2019-11-18 21:57:19.544 29902 INFO rally.task.runner [-] Task 3839a601-71de-4812-9de7-7879e53bda38 | ITER: 16 START
2019-11-18 21:57:19.546 29902 WARNING rally_openstack.scenarios.neutron.utils [-] Running this scenario without either the 'network' or 'existing_network' context is deprecated
2019-11-18 21:57:19.548 29908 RALLYDEBUG rally.task.runner [-] Starting a worker. times: 40 duration: None concurrency: 1 timeout: 0 cls: method_name: run args: {"network_create_args": {}, "subnet_create_args": {}, "subnet_cidr_start": "1.1.0.0/30", "subnets_per_network": 2}
2019-11-18 21:57:19.553 29908 INFO rally.task.runner [-] Task 3839a601-71de-4812-9de7-7879e53bda38 | ITER: 17 START
2019-11-18 21:57:19.554 29908 WARNING rally_openstack.scenarios.neutron.utils [-] Running this scenario without either the 'network' or 'existing_network' context is deprecated
2019-11-18 21:57:19.556 29911 RALLYDEBUG rally.task.runner [-] Starting a worker. times: 40 duration: None concurrency: 1 timeout: 0 cls: method_name: run args: {"network_create_args": {}, "subnet_create_args": {}, "subnet_cidr_start": "1.1.0.0/30", "subnets_per_network": 2}
2019-11-18 21:57:19.560 29911 INFO rally.task.runner [-] Task 3839a601-71de-4812-9de7-7879e53bda38 | ITER: 18 START
2019-11-18 21:57:19.562 29911 WARNING rally_openstack.scenarios.neutron.utils [-] Running this scenario without either the 'network' or 'existing_network' context is deprecated
2019-11-18 21:57:19.561 29913 RALLYDEBUG rally.task.runner [-] Starting a worker. times: 40 duration: None concurrency: 1 timeout: 0 cls: method_name: run args: {"network_create_args": {}, "subnet_create_args": {}, "subnet_cidr_start": "1.1.0.0/30", "subnets_per_network": 2}
2019-11-18 21:57:19.565 29913 INFO rally.task.runner [-] Task 3839a601-71de-4812-9de7-7879e53bda38 | ITER: 19 START
2019-11-18 21:57:19.565 29916 RALLYDEBUG rally.task.runner [-] Starting a worker. times: 40 duration: None concurrency: 1 timeout: 0 cls: method_name: run args: {"network_create_args": {}, "subnet_create_args": {}, "subnet_cidr_start": "1.1.0.0/30", "subnets_per_network": 2}
2019-11-18 21:57:19.567 29913 WARNING rally_openstack.scenarios.neutron.utils [-] Running this scenario without either the 'network' or 'existing_network' context is deprecated
2019-11-18 21:57:19.569 29916 INFO rally.task.runner [-] Task 3839a601-71de-4812-9de7-7879e53bda38 | ITER: 20 START
2019-11-18 21:57:19.571 29916 WARNING rally_openstack.scenarios.neutron.utils [-] Running this scenario without either the 'network' or 'existing_network' context is deprecated
2019-11-18 21:57:20.214 29882 RALLYDEBUG rally_openstack.wrappers.network [-] CIDR generated: 1.1.4.96/30
2019-11-18 21:57:20.354 29869 RALLYDEBUG rally_openstack.wrappers.network [-] CIDR generated: 1.1.4.100/30
2019-11-18 21:57:20.355 29890 RALLYDEBUG rally_openstack.wrappers.network [-] CIDR generated: 1.1.4.104/30
2019-11-18 21:57:20.452 29893 RALLYDEBUG rally_openstack.wrappers.network [-] CIDR generated: 1.1.4.108/30
2019-11-18 21:57:20.469 29908 RALLYDEBUG rally_openstack.wrappers.network [-] CIDR generated: 1.1.4.112/30
2019-11-18 21:57:20.470 29874 RALLYDEBUG rally_openstack.wrappers.network [-] CIDR generated: 1.1.4.116/30
2019-11-18 21:57:20.490 29874 RALLYDEBUG rally_openstack.wrappers.network [-] CIDR generated: 1.1.4.120/30
2019-11-18 21:57:20.498 29911 RALLYDEBUG rally_openstack.wrappers.network [-] CIDR generated: 1.1.4.124/30
2019-11-18 21:57:20.615 29871 RALLYDEBUG rally_openstack.wrappers.network [-] CIDR generated: 1.1.4.128/30
2019-11-18 21:57:20.645 29896 RALLYDEBUG rally_openstack.wrappers.network [-] CIDR generated: 1.1.4.132/30
2019-11-18 21:57:20.765 29902 RALLYDEBUG rally_openstack.wrappers.network [-] CIDR generated: 1.1.4.136/30
2019-11-18 21:57:20.782 29913 RALLYDEBUG rally_openstack.wrappers.network [-] CIDR generated: 1.1.4.140/30
2019-11-18 21:57:20.785 29870 RALLYDEBUG rally_openstack.wrappers.network [-] CIDR generated: 1.1.4.144/30
2019-11-18 21:57:20.806 29871 RALLYDEBUG rally_openstack.wrappers.network [-] CIDR generated: 1.1.4.148/30
2019-11-18 21:57:20.858 29878 RALLYDEBUG rally_openstack.wrappers.network [-] CIDR generated: 1.1.4.152/30
2019-11-18 21:57:20.918 29882 RALLYDEBUG rally_openstack.wrappers.network [-] CIDR generated: 1.1.4.156/30
2019-11-18 21:57:20.975 29899 RALLYDEBUG rally_openstack.wrappers.network [-] CIDR generated: 1.1.4.160/30
2019-11-18 21:57:20.978 29870 RALLYDEBUG rally_openstack.wrappers.network [-] CIDR generated: 1.1.4.164/30
2019-11-18 21:57:21.083 29916 RALLYDEBUG rally_openstack.wrappers.network [-] CIDR generated: 1.1.4.168/30
2019-11-18 21:57:21.165 29874 RALLYDEBUG rally_openstack.wrappers.network [-] CIDR generated: 1.1.4.172/30
2019-11-18 21:57:21.241 29869 RALLYDEBUG rally_openstack.wrappers.network [-] CIDR generated: 1.1.4.176/30
2019-11-18 21:57:21.246 29886 RALLYDEBUG rally_openstack.wrappers.network [-] CIDR generated: 1.1.4.180/30
2019-11-18 21:57:21.598 29911 RALLYDEBUG rally_openstack.wrappers.network [-] CIDR generated: 1.1.4.184/30
2019-11-18 21:57:21.680 29913 RALLYDEBUG rally_openstack.wrappers.network [-] CIDR generated: 1.1.4.188/30
2019-11-18 21:57:21.773 29899 RALLYDEBUG rally_openstack.wrappers.network [-] CIDR generated: 1.1.4.192/30
2019-11-18 21:57:21.922 29869 RALLYDEBUG rally_openstack.wrappers.network [-] CIDR generated: 1.1.4.196/30
2019-11-18 21:57:22.160 29916 RALLYDEBUG rally_openstack.wrappers.network [-] CIDR generated: 1.1.4.200/30
2019-11-18 21:57:22.248 29886 RALLYDEBUG rally_openstack.wrappers.network [-] CIDR generated: 1.1.4.204/30
2019-11-18 21:57:22.369 29908 RALLYDEBUG rally_openstack.wrappers.network [-] CIDR generated: 1.1.4.208/30
2019-11-18 21:57:22.480 29896 RALLYDEBUG rally_openstack.wrappers.network [-] CIDR generated: 1.1.4.212/30
2019-11-18 21:57:22.507 29870 RALLYDEBUG rally_openstack.wrappers.network [-] CIDR generated: 1.1.4.216/30
2019-11-18 21:57:22.591 29890 RALLYDEBUG rally_openstack.wrappers.network [-] CIDR generated: 1.1.4.220/30
2019-11-18 21:57:22.644 29902 RALLYDEBUG rally_openstack.wrappers.network [-] CIDR generated: 1.1.4.224/30
2019-11-18 21:57:22.683 29871 RALLYDEBUG rally_openstack.wrappers.network [-] CIDR generated: 1.1.4.228/30
2019-11-18 21:57:23.195 29871 RALLYDEBUG rally_openstack.wrappers.network [-] CIDR generated: 1.1.4.232/30
2019-11-18 21:57:23.222 29893 RALLYDEBUG rally_openstack.wrappers.network [-] CIDR generated: 1.1.4.236/30
2019-11-18 21:57:23.290 29874 RALLYDEBUG rally_openstack.wrappers.network [-] CIDR generated: 1.1.4.240/30
2019-11-18 21:57:23.534 29878 RALLYDEBUG rally_openstack.wrappers.network [-] CIDR generated: 1.1.4.244/30
2019-11-18 21:57:24.127 29870 RALLYDEBUG rally_openstack.wrappers.network [-] CIDR generated: 1.1.4.248/30
2019-11-18 21:57:24.699 29890 INFO rally.task.runner [-] Task 3839a601-71de-4812-9de7-7879e53bda38 | ITER: 12 END: OK
2019-11-18 21:57:24.703 29890 INFO rally.task.runner [-] Task 3839a601-71de-4812-9de7-7879e53bda38 | ITER: 21 START
2019-11-18 21:57:24.704 29890 WARNING rally_openstack.scenarios.neutron.utils [-] Running this scenario without either the 'network' or 'existing_network' context is deprecated
2019-11-18 21:57:24.773 29869 RALLYDEBUG rally_openstack.wrappers.network [-] CIDR generated: 1.1.4.252/30
2019-11-18 21:57:25.017 29902 INFO rally.task.runner [-] Task 3839a601-71de-4812-9de7-7879e53bda38 | ITER: 16 END: OK
2019-11-18 21:57:25.021 29902 INFO rally.task.runner [-] Task 3839a601-71de-4812-9de7-7879e53bda38 | ITER: 22 START
2019-11-18 21:57:25.022 29902 WARNING rally_openstack.scenarios.neutron.utils [-] Running this scenario without either the 'network' or 'existing_network' context is deprecated
2019-11-18 21:57:25.136 29908 INFO rally.task.runner [-] Task 3839a601-71de-4812-9de7-7879e53bda38 | ITER: 17 END: OK
2019-11-18 21:57:25.140 29908 INFO rally.task.runner [-] Task 3839a601-71de-4812-9de7-7879e53bda38 | ITER: 23 START
2019-11-18 21:57:25.141 29908 WARNING rally_openstack.scenarios.neutron.utils [-] Running this scenario without either the 'network' or 'existing_network' context is deprecated
2019-11-18 21:57:25.159 29874 INFO rally.task.runner [-] Task 3839a601-71de-4812-9de7-7879e53bda38 | ITER: 8 END: OK
2019-11-18 21:57:25.163 29874 INFO rally.task.runner [-] Task 3839a601-71de-4812-9de7-7879e53bda38 | ITER: 24 START
2019-11-18 21:57:25.164 29874 WARNING rally_openstack.scenarios.neutron.utils [-] Running this scenario without either the 'network' or 'existing_network' context is deprecated
2019-11-18 21:57:25.520 29890 RALLYDEBUG rally_openstack.wrappers.network [-] CIDR generated: 1.1.5.0/30
2019-11-18 21:57:25.656 29874 RALLYDEBUG rally_openstack.wrappers.network [-] CIDR generated: 1.1.5.4/30
2019-11-18 21:57:25.809 29908 RALLYDEBUG rally_openstack.wrappers.network [-] CIDR generated: 1.1.5.8/30
2019-11-18 21:57:26.222 29899 INFO rally.task.runner [-] Task 3839a601-71de-4812-9de7-7879e53bda38 | ITER: 14 END: OK
2019-11-18 21:57:26.225 29899 INFO rally.task.runner [-] Task 3839a601-71de-4812-9de7-7879e53bda38 | ITER: 25 START
2019-11-18 21:57:26.226 29899 WARNING rally_openstack.scenarios.neutron.utils [-] Running this scenario without either the 'network' or 'existing_network' context is deprecated
2019-11-18 21:57:26.285 29874 RALLYDEBUG rally_openstack.wrappers.network [-] CIDR generated: 1.1.5.12/30
2019-11-18 21:57:26.321 29878 INFO rally.task.runner [-] Task 3839a601-71de-4812-9de7-7879e53bda38 | ITER: 9 END: OK
2019-11-18 21:57:26.326 29878 INFO rally.task.runner [-] Task 3839a601-71de-4812-9de7-7879e53bda38 | ITER: 26 START
2019-11-18 21:57:26.327 29878 WARNING rally_openstack.scenarios.neutron.utils [-] Running this scenario without either the 'network' or 'existing_network' context is deprecated
2019-11-18 21:57:26.364 29902 RALLYDEBUG rally_openstack.wrappers.network [-] CIDR generated: 1.1.5.16/30
2019-11-18 21:57:26.638 29911 INFO rally.task.runner [-] Task 3839a601-71de-4812-9de7-7879e53bda38 | ITER: 18 END: OK
2019-11-18 21:57:26.642 29911 INFO rally.task.runner [-] Task 3839a601-71de-4812-9de7-7879e53bda38 | ITER: 27 START
2019-11-18 21:57:26.643 29911 WARNING rally_openstack.scenarios.neutron.utils [-] Running this scenario without either the 'network' or 'existing_network' context is deprecated
2019-11-18 21:57:26.712 29899 RALLYDEBUG rally_openstack.wrappers.network [-] CIDR generated: 1.1.5.20/30
2019-11-18 21:57:26.930 29913 INFO rally.task.runner [-] Task 3839a601-71de-4812-9de7-7879e53bda38 | ITER: 19 END: OK
2019-11-18 21:57:26.935 29913 INFO rally.task.runner [-] Task 3839a601-71de-4812-9de7-7879e53bda38 | ITER: 28 START
2019-11-18 21:57:26.935 29913 WARNING rally_openstack.scenarios.neutron.utils [-] Running this scenario without either the 'network' or 'existing_network' context is deprecated
2019-11-18 21:57:26.982 29882 INFO rally.task.runner [-] Task 3839a601-71de-4812-9de7-7879e53bda38 | ITER: 10 END: OK
2019-11-18 21:57:26.986 29882 INFO rally.task.runner [-] Task 3839a601-71de-4812-9de7-7879e53bda38 | ITER: 29 START
2019-11-18 21:57:26.987 29882 WARNING rally_openstack.scenarios.neutron.utils [-] Running this scenario without either the 'network' or 'existing_network' context is deprecated
2019-11-18 21:57:27.229 29911 RALLYDEBUG rally_openstack.wrappers.network [-] CIDR generated: 1.1.5.24/30
2019-11-18 21:57:27.231 29896 INFO rally.task.runner [-] Task 3839a601-71de-4812-9de7-7879e53bda38 | ITER: 15 END: OK
2019-11-18 21:57:27.234 29896 INFO rally.task.runner [-] Task 3839a601-71de-4812-9de7-7879e53bda38 | ITER: 30 START
2019-11-18 21:57:27.235 29896 WARNING rally_openstack.scenarios.neutron.utils [-] Running this scenario without either the 'network' or 'existing_network' context is deprecated
2019-11-18 21:57:27.361 29878 RALLYDEBUG rally_openstack.wrappers.network [-] CIDR generated: 1.1.5.28/30
2019-11-18 21:57:27.390 29908 RALLYDEBUG rally_openstack.wrappers.network [-] CIDR generated: 1.1.5.32/30
2019-11-18 21:57:27.509 29913 RALLYDEBUG rally_openstack.wrappers.network [-] CIDR generated: 1.1.5.36/30
2019-11-18 21:57:27.667 29871 INFO rally.task.runner [-] Task 3839a601-71de-4812-9de7-7879e53bda38 | ITER: 6 END: OK
2019-11-18 21:57:27.672 29871 INFO rally.task.runner [-] Task 3839a601-71de-4812-9de7-7879e53bda38 | ITER: 31 START
2019-11-18 21:57:27.672 29871 WARNING rally_openstack.scenarios.neutron.utils [-] Running this scenario without either the 'network' or 'existing_network' context is deprecated
2019-11-18 21:57:27.754 29896 RALLYDEBUG rally_openstack.wrappers.network [-] CIDR generated: 1.1.5.40/30
2019-11-18 21:57:27.788 29882 RALLYDEBUG rally_openstack.wrappers.network [-] CIDR generated: 1.1.5.44/30
2019-11-18 21:57:28.089 29916 INFO rally.task.runner [-] Task 3839a601-71de-4812-9de7-7879e53bda38 | ITER: 20 END: OK
2019-11-18 21:57:28.093 29916 INFO rally.task.runner [-] Task 3839a601-71de-4812-9de7-7879e53bda38 | ITER: 32 START
2019-11-18 21:57:28.093 29916 WARNING rally_openstack.scenarios.neutron.utils [-] Running this scenario without either the 'network' or 'existing_network' context is deprecated
2019-11-18 21:57:28.107 29874 INFO rally.task.runner [-] Task 3839a601-71de-4812-9de7-7879e53bda38 | ITER: 7 END: OK
2019-11-18 21:57:28.110 29874 INFO rally.task.runner [-] Task 3839a601-71de-4812-9de7-7879e53bda38 | ITER: 33 START
2019-11-18 21:57:28.111 29874 WARNING rally_openstack.scenarios.neutron.utils [-] Running this scenario without either the 'network' or 'existing_network' context is deprecated
2019-11-18 21:57:28.163 29871 RALLYDEBUG rally_openstack.wrappers.network [-] CIDR generated: 1.1.5.48/30
2019-11-18 21:57:28.330 29911 RALLYDEBUG rally_openstack.wrappers.network [-] CIDR generated: 1.1.5.52/30
2019-11-18 21:57:28.453 29899 RALLYDEBUG rally_openstack.wrappers.network [-] CIDR generated: 1.1.5.56/30
2019-11-18 21:57:28.478 29878 RALLYDEBUG rally_openstack.wrappers.network [-] CIDR generated: 1.1.5.60/30
2019-11-18 21:57:28.586 29869 INFO rally.task.runner [-] Task 3839a601-71de-4812-9de7-7879e53bda38 | ITER: 1 END: OK
2019-11-18 21:57:28.590 29869 INFO rally.task.runner [-] Task 3839a601-71de-4812-9de7-7879e53bda38 | ITER: 34 START
2019-11-18 21:57:28.591 29869 WARNING rally_openstack.scenarios.neutron.utils [-] Running this scenario without either the 'network' or 'existing_network' context is deprecated
2019-11-18 21:57:28.600 29916 RALLYDEBUG rally_openstack.wrappers.network [-] CIDR generated: 1.1.5.64/30
2019-11-18 21:57:28.788 29902 RALLYDEBUG rally_openstack.wrappers.network [-] CIDR generated: 1.1.5.68/30
2019-11-18 21:57:28.916 29882 RALLYDEBUG rally_openstack.wrappers.network [-] CIDR generated: 1.1.5.72/30
2019-11-18 21:57:29.077 29869 RALLYDEBUG rally_openstack.wrappers.network [-] CIDR generated: 1.1.5.76/30
2019-11-18 21:57:29.590 29874 RALLYDEBUG rally_openstack.wrappers.network [-] CIDR generated: 1.1.5.80/30
2019-11-18 21:57:30.097 29870 INFO rally.task.runner [-] Task 3839a601-71de-4812-9de7-7879e53bda38 | ITER: 4 END: OK
2019-11-18 21:57:30.101 29870 INFO rally.task.runner [-] Task 3839a601-71de-4812-9de7-7879e53bda38 | ITER: 35 START
2019-11-18 21:57:30.102 29870 WARNING rally_openstack.scenarios.neutron.utils [-] Running this scenario without either the 'network' or 'existing_network' context is deprecated
2019-11-18 21:57:30.144 29869 RALLYDEBUG rally_openstack.wrappers.network [-] CIDR generated: 1.1.5.84/30
2019-11-18 21:57:30.203 29874 RALLYDEBUG rally_openstack.wrappers.network [-] CIDR generated: 1.1.5.88/30
2019-11-18 21:57:30.646 29870 RALLYDEBUG rally_openstack.wrappers.network [-] CIDR generated: 1.1.5.92/30
2019-11-18 21:57:30.732 29899 INFO rally.task.runner [-] Task 3839a601-71de-4812-9de7-7879e53bda38 | ITER: 25 END: OK
2019-11-18 21:57:30.736 29899 INFO rally.task.runner [-] Task 3839a601-71de-4812-9de7-7879e53bda38 | ITER: 36 START
2019-11-18 21:57:30.737 29899 WARNING rally_openstack.scenarios.neutron.utils [-] Running this scenario without either the 'network' or 'existing_network' context is deprecated
2019-11-18 21:57:30.886 29913 RALLYDEBUG rally_openstack.wrappers.network [-] CIDR generated: 1.1.5.96/30
2019-11-18 21:57:30.913 29916 RALLYDEBUG rally_openstack.wrappers.network [-] CIDR generated: 1.1.5.100/30
2019-11-18 21:57:31.268 29899 RALLYDEBUG rally_openstack.wrappers.network [-] CIDR generated: 1.1.5.104/30
2019-11-18 21:57:31.345 29890 RALLYDEBUG rally_openstack.wrappers.network [-] CIDR generated: 1.1.5.108/30
2019-11-18 21:57:31.490 29870 RALLYDEBUG rally_openstack.wrappers.network [-] CIDR generated: 1.1.5.112/30
2019-11-18 21:57:31.712 29886 INFO rally.task.runner [-] Task 3839a601-71de-4812-9de7-7879e53bda38 | ITER: 11 END: OK
2019-11-18 21:57:31.716 29886 INFO rally.task.runner [-] Task 3839a601-71de-4812-9de7-7879e53bda38 | ITER: 37 START
2019-11-18 21:57:31.716 29886 WARNING rally_openstack.scenarios.neutron.utils [-] Running this scenario without either the 'network' or 'existing_network' context is deprecated
2019-11-18 21:57:31.808 29869 INFO rally.task.runner [-] Task 3839a601-71de-4812-9de7-7879e53bda38 | ITER: 3 END: OK
2019-11-18 21:57:31.810 29869 INFO rally.task.runner [-] Task 3839a601-71de-4812-9de7-7879e53bda38 | ITER: 38 START
2019-11-18 21:57:31.811 29869 WARNING rally_openstack.scenarios.neutron.utils [-] Running this scenario without either the 'network' or 'existing_network' context is deprecated
2019-11-18 21:57:32.276 29886 RALLYDEBUG rally_openstack.wrappers.network [-] CIDR generated: 1.1.5.116/30
2019-11-18 21:57:32.566 29916 INFO rally.task.runner [-] Task 3839a601-71de-4812-9de7-7879e53bda38 | ITER: 32 END: OK
2019-11-18 21:57:32.569 29916 INFO rally.task.runner [-] Task 3839a601-71de-4812-9de7-7879e53bda38 | ITER: 39 START
2019-11-18 21:57:32.570 29916 WARNING rally_openstack.scenarios.neutron.utils [-] Running this scenario without either the 'network' or 'existing_network' context is deprecated
2019-11-18 21:57:32.603 29871 RALLYDEBUG rally_openstack.wrappers.network [-] CIDR generated: 1.1.5.120/30
2019-11-18 21:57:33.071 29916 RALLYDEBUG rally_openstack.wrappers.network [-] CIDR generated: 1.1.5.124/30
2019-11-18 21:57:33.152 29899 RALLYDEBUG rally_openstack.wrappers.network [-] CIDR generated: 1.1.5.128/30
2019-11-18 21:57:33.352 29869 RALLYDEBUG rally_openstack.wrappers.network [-] CIDR generated: 1.1.5.132/30
2019-11-18 21:57:33.585 29886 RALLYDEBUG rally_openstack.wrappers.network [-] CIDR generated: 1.1.5.136/30
2019-11-18 21:57:33.767 29893 INFO rally.task.runner [-] Task 3839a601-71de-4812-9de7-7879e53bda38 | ITER: 13 END: OK
2019-11-18 21:57:33.771 29893 INFO rally.task.runner [-] Task 3839a601-71de-4812-9de7-7879e53bda38 | ITER: 40 START
2019-11-18 21:57:33.772 29893 WARNING rally_openstack.scenarios.neutron.utils [-] Running this scenario without either the 'network' or 'existing_network' context is deprecated
2019-11-18 21:57:33.806 29916 RALLYDEBUG rally_openstack.wrappers.network [-] CIDR generated: 1.1.5.140/30
2019-11-18 21:57:34.104 29869 RALLYDEBUG rally_openstack.wrappers.network [-] CIDR generated: 1.1.5.144/30
2019-11-18 21:57:34.270 29893 RALLYDEBUG rally_openstack.wrappers.network [-] CIDR generated: 1.1.5.148/30
2019-11-18 21:57:34.663 29869 INFO rally.task.runner [-] Task 3839a601-71de-4812-9de7-7879e53bda38 | ITER: 34 END: OK
2019-11-18 21:57:35.658 29902 INFO rally.task.runner [-] Task 3839a601-71de-4812-9de7-7879e53bda38 | ITER: 22 END: OK
2019-11-18 21:57:35.952 29916 INFO rally.task.runner [-] Task 3839a601-71de-4812-9de7-7879e53bda38 | ITER: 39 END: OK
2019-11-18 21:57:36.148 29890 INFO rally.task.runner [-] Task 3839a601-71de-4812-9de7-7879e53bda38 | ITER: 21 END: OK
2019-11-18 21:57:36.274 29870 INFO rally.task.runner [-] Task 3839a601-71de-4812-9de7-7879e53bda38 | ITER: 2 END: OK
2019-11-18 21:57:36.472 29908 INFO rally.task.runner [-] Task 3839a601-71de-4812-9de7-7879e53bda38 | ITER: 23 END: OK
2019-11-18 21:57:36.482 29896 RALLYDEBUG rally_openstack.wrappers.network [-] CIDR generated: 1.1.5.152/30
2019-11-18 21:57:36.536 29886 INFO rally.task.runner [-] Task 3839a601-71de-4812-9de7-7879e53bda38 | ITER: 37 END: OK
2019-11-18 21:57:36.798 29869 INFO rally.task.runner [-] Task 3839a601-71de-4812-9de7-7879e53bda38 | ITER: 38 END: OK
2019-11-18 21:57:37.034 29874 INFO rally.task.runner [-] Task 3839a601-71de-4812-9de7-7879e53bda38 | ITER: 24 END: OK
2019-11-18 21:57:37.193 29871 INFO rally.task.runner [-] Task 3839a601-71de-4812-9de7-7879e53bda38 | ITER: 31 END: OK
2019-11-18 21:57:37.244 29899 INFO rally.task.runner [-] Task 3839a601-71de-4812-9de7-7879e53bda38 | ITER: 36 END: OK
2019-11-18 21:57:37.625 29870 INFO rally.task.runner [-] Task 3839a601-71de-4812-9de7-7879e53bda38 | ITER: 35 END: OK
2019-11-18 21:57:37.903 29893 RALLYDEBUG rally_openstack.wrappers.network [-] CIDR generated: 1.1.5.156/30
2019-11-18 21:57:38.239 29874 INFO rally.task.runner [-] Task 3839a601-71de-4812-9de7-7879e53bda38 | ITER: 33 END: OK
2019-11-18 21:57:38.613 29882 INFO rally.task.runner [-] Task 3839a601-71de-4812-9de7-7879e53bda38 | ITER: 29 END: OK
2019-11-18 21:57:39.482 29871 INFO rally.task.runner [-] Task 3839a601-71de-4812-9de7-7879e53bda38 | ITER: 5 END: OK
2019-11-18 21:57:39.650 29913 INFO rally.task.runner [-] Task 3839a601-71de-4812-9de7-7879e53bda38 | ITER: 28 END: OK
2019-11-18 21:57:39.915 29878 INFO rally.task.runner [-] Task 3839a601-71de-4812-9de7-7879e53bda38 | ITER: 26 END: OK
2019-11-18 21:57:40.473 29893 INFO rally.task.runner [-] Task 3839a601-71de-4812-9de7-7879e53bda38 | ITER: 40 END: OK
2019-11-18 21:57:40.722 29911 INFO rally.task.runner [-] Task 3839a601-71de-4812-9de7-7879e53bda38 | ITER: 27 END: OK
2019-11-18 21:57:41.349 29896 INFO rally.task.runner [-] Task 3839a601-71de-4812-9de7-7879e53bda38 | ITER: 30 END: OK
2019-11-18 21:57:41.375 27675 INFO rally.task.context [-] Task 3839a601-71de-4812-9de7-7879e53bda38 | Context cleanup@openstack cleanup() started
2019-11-18 21:57:41.384 27675 RALLYDEBUG rally_openstack.cleanup.manager [-] Cleaning up neutron vip objects
2019-11-18 21:57:41.781 27675 RALLYDEBUG rally_openstack.cleanup.manager [-] Cleaning up neutron health_monitor objects
2019-11-18 21:57:42.142 27675 RALLYDEBUG rally_openstack.cleanup.manager [-] Cleaning up neutron pool objects
2019-11-18 21:57:42.493 27675 RALLYDEBUG rally_openstack.cleanup.manager [-] Cleaning up neutron loadbalancer objects
2019-11-18 21:57:42.868 27675 RALLYDEBUG rally_openstack.cleanup.manager [-] Cleaning up neutron floatingip objects
2019-11-18 21:57:43.280 27675 RALLYDEBUG rally_openstack.cleanup.manager [-] Cleaning up neutron trunk objects
2019-11-18 21:57:43.679 27675 RALLYDEBUG rally_openstack.cleanup.manager [-] Cleaning up neutron port objects
2019-11-18 21:57:44.165 27675 RALLYDEBUG rally_openstack.cleanup.manager [-] Cleaning up neutron subnet objects
2019-11-18 21:57:44.595 27675 RALLYDEBUG rally_openstack.cleanup.manager [-] Cleaning up neutron network objects
2019-11-18 21:57:45.178 27675 RALLYDEBUG rally_openstack.cleanup.manager [-] Deleting neutron.network object s_rally_ccb31f22_4AiuTDRZ (0221d404-c9e6-42bb-9e2e-1197836a06b0)
2019-11-18 21:57:45.188 27675 RALLYDEBUG rally_openstack.cleanup.manager [-] Deleting neutron.network object s_rally_ccb31f22_Wfy14kd0 (032971ed-a220-4d93-8748-9f337788e51d)
2019-11-18 21:57:45.197 27675 RALLYDEBUG rally_openstack.cleanup.manager [-] Deleting neutron.network object s_rally_ccb31f22_V4UW4dME (0ba1fe99-fee0-4e1e-9405-6ad7d16b007c)
2019-11-18 21:57:45.201 27675 RALLYDEBUG rally_openstack.cleanup.manager [-] Deleting neutron.network object s_rally_ccb31f22_QMp5ijav (14a64a5c-81f3-4e0c-9f48-f1da27910809)
2019-11-18 21:57:45.210 27675 RALLYDEBUG rally_openstack.cleanup.manager [-] Deleting neutron.network object s_rally_ccb31f22_dSzo4Qsf (2371b08a-128a-4b8e-a99c-8ae2ec0f9634)
2019-11-18 21:57:45.214 27675 RALLYDEBUG rally_openstack.cleanup.manager [-] Deleting neutron.network object s_rally_ccb31f22_uPTaCInJ (294a2ee6-48d8-4aac-90bb-1c6702a2ac14)
2019-11-18 21:57:45.225 27675 RALLYDEBUG rally_openstack.cleanup.manager [-] Deleting neutron.network object s_rally_ccb31f22_4ZGgxgGZ (2a60b923-e0b2-4756-99be-5c44f6634dab)
2019-11-18 21:57:45.233 27675 RALLYDEBUG rally_openstack.cleanup.manager [-] Deleting neutron.network object s_rally_ccb31f22_ojd9GS5h (32084f37-0508-42a7-ad04-f52fd9afa8d4)
2019-11-18 21:57:45.238 27675 RALLYDEBUG rally_openstack.cleanup.manager [-] Deleting neutron.network object s_rally_ccb31f22_ScDMR7c5 (3334c7a2-ff8f-4060-83be-c1667bb4f2e0)
2019-11-18 21:57:45.255 27675 RALLYDEBUG rally_openstack.cleanup.manager [-] Deleting neutron.network object s_rally_ccb31f22_MgyvTyZj (35031f2b-7e79-4e95-8bce-143a939a8832)
2019-11-18 21:57:45.264 27675 RALLYDEBUG rally_openstack.cleanup.manager [-] Deleting neutron.network object s_rally_ccb31f22_tA4RK5j6 (396245f9-3f97-4e96-9afd-e7d03786c8ee)
2019-11-18 21:57:45.278 27675 RALLYDEBUG rally_openstack.cleanup.manager [-] Deleting neutron.network object s_rally_ccb31f22_CNbNdxpV (3b2b6acd-f41a-49c1-8ec5-a99021a2b30f)
2019-11-18 21:57:45.288 27675 RALLYDEBUG rally_openstack.cleanup.manager [-] Deleting neutron.network object s_rally_ccb31f22_dddKfYL6 (4ff31221-45d8-4238-8c48-104d6c07de60)
2019-11-18 21:57:45.291 27675 RALLYDEBUG rally_openstack.cleanup.manager [-] Deleting neutron.network object s_rally_ccb31f22_tyFTmTzb (665ed128-3472-4801-bbc8-b26234ff1b4a)
2019-11-18 21:57:45.299 27675 RALLYDEBUG rally_openstack.cleanup.manager [-] Deleting neutron.network object s_rally_ccb31f22_nuW5yWuU (67da8a0f-4cf8-46a8-a6c4-1e53cbc580e5)
2019-11-18 21:57:45.314 27675 RALLYDEBUG rally_openstack.cleanup.manager [-] Deleting neutron.network object s_rally_ccb31f22_l4i4BgoB (68c04a9c-7a74-496e-89a7-304456be6b9c)
2019-11-18 21:57:45.341 27675 RALLYDEBUG rally_openstack.cleanup.manager [-] Deleting neutron.network object s_rally_ccb31f22_8J2uGALT (68edfdd7-7344-444b-b23b-8e64cf26ba92)
2019-11-18 21:57:45.344 27675 RALLYDEBUG rally_openstack.cleanup.manager [-] Deleting neutron.network object s_rally_ccb31f22_lj6lwiPb (6b4b9e54-a2b4-4442-8b5f-40576aedf076)
2019-11-18 21:57:45.356 27675 RALLYDEBUG rally_openstack.cleanup.manager [-] Deleting neutron.network object s_rally_ccb31f22_F6VlF8Td (7053e73e-a6b1-48a6-8d4b-a7fd37ba1e44)
2019-11-18 21:57:45.364 27675 RALLYDEBUG rally_openstack.cleanup.manager [-] Deleting neutron.network object s_rally_ccb31f22_fsVgY3uo (7d056f6d-3078-4ce8-b12a-e58da654a5da)
2019-11-18 21:57:47.476 27675 RALLYDEBUG rally_openstack.cleanup.manager [-] Deleting neutron.network object s_rally_ccb31f22_zy4BdEey (7ec7e6b7-69be-4bcd-a0cd-7b173bffb1b8)
2019-11-18 21:57:47.608 27675 RALLYDEBUG rally_openstack.cleanup.manager [-] Deleting neutron.network object s_rally_ccb31f22_T0LwsRg3 (809d6598-972b-405e-b2d9-07b199a0795c)
2019-11-18 21:57:47.640 27675 RALLYDEBUG rally_openstack.cleanup.manager [-] Deleting neutron.network object s_rally_ccb31f22_eOdgPTId (850d1a58-40ac-4981-a084-412559142a31)
2019-11-18 21:57:47.797 27675 RALLYDEBUG rally_openstack.cleanup.manager [-] Deleting neutron.network object s_rally_ccb31f22_8IE4Twgf (8e0cf21e-7735-4987-8c86-d3e8cf4d8ca4)
2019-11-18 21:57:47.805 27675 RALLYDEBUG rally_openstack.cleanup.manager [-] Deleting neutron.network object s_rally_ccb31f22_3lMOd6qR (92ae978c-69f1-4d6e-b416-8e88e3a2c0ac)
2019-11-18 21:57:47.901 27675 RALLYDEBUG rally_openstack.cleanup.manager [-] Deleting neutron.network object s_rally_ccb31f22_xWsLmHNC (9630e9aa-cb5e-4d29-a220-70d32cc7199a)
2019-11-18 21:57:47.920 27675 RALLYDEBUG rally_openstack.cleanup.manager [-] Deleting neutron.network object s_rally_ccb31f22_D0nEzMVM (9842bdc9-b896-44ff-9663-c08ebbc8946e)
2019-11-18 21:57:47.925 27675 RALLYDEBUG rally_openstack.cleanup.manager [-] Deleting neutron.network object s_rally_ccb31f22_iNeBTyP4 (a08e7812-4050-45df-b835-52f539ae9300)
2019-11-18 21:57:47.951 27675 RALLYDEBUG rally_openstack.cleanup.manager [-] Deleting neutron.network object s_rally_ccb31f22_PsDrLCqQ (a192db8f-e7fe-4235-967f-a732c38e100e)
2019-11-18 21:57:48.025 27675 RALLYDEBUG rally_openstack.cleanup.manager [-] Deleting neutron.network object s_rally_ccb31f22_rcX4qtx0 (a46b0ee3-15c9-44ea-86b4-0009f96f1b1c)
2019-11-18 21:57:48.107 27675 RALLYDEBUG rally_openstack.cleanup.manager [-] Deleting neutron.network object s_rally_ccb31f22_DIfiPUrK (b2655814-d4c0-4b2f-ac38-ba3715be63c6)
2019-11-18 21:57:48.116 27675 RALLYDEBUG rally_openstack.cleanup.manager [-] Deleting neutron.network object s_rally_ccb31f22_Rf0H55x1 (b76b56d8-7555-43c3-aa69-251974350829)
2019-11-18 21:57:48.365 27675 RALLYDEBUG rally_openstack.cleanup.manager [-] Deleting neutron.network object s_rally_ccb31f22_vJgYVRSl (bd3028bc-5ec8-43d5-9c01-36980e2d42a3)
2019-11-18 21:57:48.374 27675 RALLYDEBUG rally_openstack.cleanup.manager [-] Deleting neutron.network object s_rally_ccb31f22_RKpTwr0v (bdad7098-a450-45dd-a78f-53352253d0b8)
2019-11-18 21:57:48.392 27675 RALLYDEBUG rally_openstack.cleanup.manager [-] Deleting neutron.network object s_rally_ccb31f22_j8h2nkAq (cd68d65a-a092-41df-83ee-953650c6febb)
2019-11-18 21:57:48.444 27675 RALLYDEBUG rally_openstack.cleanup.manager [-] Deleting neutron.network object s_rally_ccb31f22_IezgsAbw (d7927974-8794-451a-9e94-54763e3087db)
2019-11-18 21:57:48.469 27675 RALLYDEBUG rally_openstack.cleanup.manager [-] Deleting neutron.network object s_rally_ccb31f22_wHCE4Num (e80cecd0-14d6-4365-b99c-28b2c91e1f31)
2019-11-18 21:57:48.474 27675 RALLYDEBUG rally_openstack.cleanup.manager [-] Deleting neutron.network object s_rally_ccb31f22_rxcGjpfq (eb106913-fabe-404e-b8da-2c523d45874c)
2019-11-18 21:57:48.548 27675 RALLYDEBUG rally_openstack.cleanup.manager [-] Deleting neutron.network object s_rally_ccb31f22_PZrxilcF (edb75e95-95f5-4e9e-9107-b1c240e3ddf0)
2019-11-18 21:57:48.743 27675 RALLYDEBUG rally_openstack.cleanup.manager [-] Deleting neutron.network object s_rally_ccb31f22_2Mvdv9ce (f586606e-6512-49b0-91b7-d3171f061f12)
2019-11-18 21:57:51.228 27675 RALLYDEBUG rally_openstack.cleanup.manager [-] Cleaning up neutron router objects
2019-11-18 21:57:51.678 27675 RALLYDEBUG rally_openstack.cleanup.manager [-] Cleaning up neutron security_group objects
2019-11-18 21:57:52.110 27675 INFO rally.task.context [-] Task 3839a601-71de-4812-9de7-7879e53bda38 | Context cleanup@openstack cleanup() finished in 10.74 sec
2019-11-18 21:57:52.111 27675 INFO rally.task.context [-] Task 3839a601-71de-4812-9de7-7879e53bda38 | Context quotas@openstack cleanup() started
2019-11-18 21:57:52.195 27675 INFO rally.task.context [-] Task 3839a601-71de-4812-9de7-7879e53bda38 | Context quotas@openstack cleanup() finished in 84.15 msec
2019-11-18 21:57:52.195 27675 INFO rally.task.context [-] Task 3839a601-71de-4812-9de7-7879e53bda38 | Context users@openstack cleanup() started
2019-11-18 21:57:54.916 27675 INFO rally.task.context [-] Task 3839a601-71de-4812-9de7-7879e53bda38 | Context users@openstack cleanup() finished in 2.72 sec
2019-11-18 21:57:56.606 27675 INFO rally.task.engine [-] Load duration is: 21.845437
2019-11-18 21:57:56.606 27675 INFO rally.task.engine [-] Full runner duration is: 21.894337
2019-11-18 21:57:56.607 27675 INFO rally.task.engine [-] Full duration is: 38.511059
2019-11-18 21:57:57.001 27675 INFO rally.task.engine [-] Running workload: position = 0 config = { "version": 2, "title": "A cropped version of a bigger task.", "description": "Auto-generated task from a single workload (uuid=4b27f2f7-469d-42f6-b170-c0b81055a7f2)", "subtasks": [ { "title": "NeutronNetworks.create_and_list_routers", "description": "Create and a given number of routers and list all routers.", "scenario": { "NeutronNetworks.create_and_list_routers": { "network_create_args": null, "subnet_create_args": null, "subnet_cidr_start": "1.1.0.0/30", "subnets_per_network": 2, "router_create_args": null } }, "contexts": { "users": { "tenants": 1, "users_per_tenant": 1 }, "quotas": { "neutron": { "network": -1, "subnet": -1, "router": -1 } } }, "runner": { "constant": { "times": 40, "concurrency": 20 } }, "hooks": [], "sla": { "failure_rate": { "max": 0 } } } ] }
2019-11-18 21:57:57.025 27675 RALLYDEBUG rally_openstack.contexts.keystone.users [-] Creating 1 tenants using 20 threads
2019-11-18 21:57:57.987 27675 RALLYDEBUG rally_openstack.contexts.keystone.users [-] Creating 1 users using 20 threads
2019-11-18 21:57:59.418 27675 INFO rally.task.context [-] Task 3839a601-71de-4812-9de7-7879e53bda38 | Context users@openstack setup() finished in 2.39 sec
2019-11-18 21:57:59.989 27675 INFO rally.task.context [-] Task 3839a601-71de-4812-9de7-7879e53bda38 | Context quotas@openstack setup() finished in 0.57 sec
2019-11-18 21:57:59.990 27675 INFO rally.task.context [-] Task 3839a601-71de-4812-9de7-7879e53bda38 | Context cleanup@openstack setup() finished in 0.02 msec
2019-11-18 21:57:59.999 27675 RALLYDEBUG rally.task.runner [-] Starting the constant runner (task UUID: 3839a601-71de-4812-9de7-7879e53bda38). times: 40 concurrency: 20 timeout: 0 max_cpu_used: 16 processes_to_start: 16 concurrency_per_worker: 1 concurrency_overhead: 4
2019-11-18 21:58:00.011 30259 RALLYDEBUG rally.task.runner [-] Starting a worker. times: 40 duration: None concurrency: 2 timeout: 0 cls: method_name: run args: {"network_create_args": null, "subnet_create_args": null, "subnet_cidr_start": "1.1.0.0/30", "subnets_per_network": 2, "router_create_args": null}
2019-11-18 21:58:00.014 30260 RALLYDEBUG rally.task.runner [-] Starting a worker. times: 40 duration: None concurrency: 2 timeout: 0 cls: method_name: run args: {"network_create_args": null, "subnet_create_args": null, "subnet_cidr_start": "1.1.0.0/30", "subnets_per_network": 2, "router_create_args": null}
2019-11-18 21:58:00.018 30259 INFO rally.task.runner [-] Task 3839a601-71de-4812-9de7-7879e53bda38 | ITER: 1 START
2019-11-18 21:58:00.017 30261 RALLYDEBUG rally.task.runner [-] Starting a worker. times: 40 duration: None concurrency: 2 timeout: 0 cls: method_name: run args: {"network_create_args": null, "subnet_create_args": null, "subnet_cidr_start": "1.1.0.0/30", "subnets_per_network": 2, "router_create_args": null}
2019-11-18 21:58:00.019 30260 INFO rally.task.runner [-] Task 3839a601-71de-4812-9de7-7879e53bda38 | ITER: 2 START
2019-11-18 21:58:00.021 30264 RALLYDEBUG rally.task.runner [-] Starting a worker. times: 40 duration: None concurrency: 2 timeout: 0 cls: method_name: run args: {"network_create_args": null, "subnet_create_args": null, "subnet_cidr_start": "1.1.0.0/30", "subnets_per_network": 2, "router_create_args": null}
2019-11-18 21:58:00.023 30261 INFO rally.task.runner [-] Task 3839a601-71de-4812-9de7-7879e53bda38 | ITER: 4 START
2019-11-18 21:58:00.024 30268 RALLYDEBUG rally.task.runner [-] Starting a worker. times: 40 duration: None concurrency: 1 timeout: 0 cls: method_name: run args: {"network_create_args": null, "subnet_create_args": null, "subnet_cidr_start": "1.1.0.0/30", "subnets_per_network": 2, "router_create_args": null}
2019-11-18 21:58:00.020 30259 INFO rally.task.runner [-] Task 3839a601-71de-4812-9de7-7879e53bda38 | ITER: 3 START
2019-11-18 21:58:00.028 30260 INFO rally.task.runner [-] Task 3839a601-71de-4812-9de7-7879e53bda38 | ITER: 5 START
2019-11-18 21:58:00.028 30271 RALLYDEBUG rally.task.runner [-] Starting a worker. times: 40 duration: None concurrency: 1 timeout: 0 cls: method_name: run args: {"network_create_args": null, "subnet_create_args": null, "subnet_cidr_start": "1.1.0.0/30", "subnets_per_network": 2, "router_create_args": null}
2019-11-18 21:58:00.030 30264 INFO rally.task.runner [-] Task 3839a601-71de-4812-9de7-7879e53bda38 | ITER: 6 START
2019-11-18 21:58:00.033 30272 RALLYDEBUG rally.task.runner [-] Starting a worker. times: 40 duration: None concurrency: 1 timeout: 0 cls: method_name: run args: {"network_create_args": null, "subnet_create_args": null, "subnet_cidr_start": "1.1.0.0/30", "subnets_per_network": 2, "router_create_args": null}
2019-11-18 21:58:00.033 30271 INFO rally.task.runner [-] Task 3839a601-71de-4812-9de7-7879e53bda38 | ITER: 10 START
2019-11-18 21:58:00.033 30268 INFO rally.task.runner [-] Task 3839a601-71de-4812-9de7-7879e53bda38 | ITER: 8 START
2019-11-18 21:58:00.036 30278 RALLYDEBUG rally.task.runner [-] Starting a worker. times: 40 duration: None concurrency: 1 timeout: 0 cls: method_name: run args: {"network_create_args": null, "subnet_create_args": null, "subnet_cidr_start": "1.1.0.0/30", "subnets_per_network": 2, "router_create_args": null}
2019-11-18 21:58:00.038 30272 INFO rally.task.runner [-] Task 3839a601-71de-4812-9de7-7879e53bda38 | ITER: 11 START
2019-11-18 21:58:00.038 30261 INFO rally.task.runner [-] Task 3839a601-71de-4812-9de7-7879e53bda38 | ITER: 7 START
2019-11-18 21:58:00.042 30278 INFO rally.task.runner [-] Task 3839a601-71de-4812-9de7-7879e53bda38 | ITER: 12 START
2019-11-18 21:58:00.032 30264 INFO rally.task.runner [-] Task 3839a601-71de-4812-9de7-7879e53bda38 | ITER: 9 START
2019-11-18 21:58:00.044 30285 RALLYDEBUG rally.task.runner [-] Starting a worker. times: 40 duration: None concurrency: 1 timeout: 0 cls: method_name: run args: {"network_create_args": null, "subnet_create_args": null, "subnet_cidr_start": "1.1.0.0/30", "subnets_per_network": 2, "router_create_args": null}
2019-11-18 21:58:00.049 30285 INFO rally.task.runner [-] Task 3839a601-71de-4812-9de7-7879e53bda38 | ITER: 13 START
2019-11-18 21:58:00.049 30288 RALLYDEBUG rally.task.runner [-] Starting a worker. times: 40 duration: None concurrency: 1 timeout: 0 cls: method_name: run args: {"network_create_args": null, "subnet_create_args": null, "subnet_cidr_start": "1.1.0.0/30", "subnets_per_network": 2, "router_create_args": null}
2019-11-18 21:58:00.055 30288 INFO rally.task.runner [-] Task 3839a601-71de-4812-9de7-7879e53bda38 | ITER: 14 START
2019-11-18 21:58:00.059 30293 RALLYDEBUG rally.task.runner [-] Starting a worker. times: 40 duration: None concurrency: 1 timeout: 0 cls: method_name: run args: {"network_create_args": null, "subnet_create_args": null, "subnet_cidr_start": "1.1.0.0/30", "subnets_per_network": 2, "router_create_args": null}
2019-11-18 21:58:00.066 30294 RALLYDEBUG rally.task.runner [-] Starting a worker. times: 40 duration: None concurrency: 1 timeout: 0 cls: method_name: run args: {"network_create_args": null, "subnet_create_args": null, "subnet_cidr_start": "1.1.0.0/30", "subnets_per_network": 2, "router_create_args": null}
2019-11-18 21:58:00.067 30293 INFO rally.task.runner [-] Task 3839a601-71de-4812-9de7-7879e53bda38 | ITER: 15 START
2019-11-18 21:58:00.070 30294 INFO rally.task.runner [-] Task 3839a601-71de-4812-9de7-7879e53bda38 | ITER: 16 START
2019-11-18 21:58:00.072 30297 RALLYDEBUG rally.task.runner [-] Starting a worker. times: 40 duration: None concurrency: 1 timeout: 0 cls: method_name: run args: {"network_create_args": null, "subnet_create_args": null, "subnet_cidr_start": "1.1.0.0/30", "subnets_per_network": 2, "router_create_args": null}
2019-11-18 21:58:00.076 30297 INFO rally.task.runner [-] Task 3839a601-71de-4812-9de7-7879e53bda38 | ITER: 17 START
2019-11-18 21:58:00.077 30300 RALLYDEBUG rally.task.runner [-] Starting a worker. times: 40 duration: None concurrency: 1 timeout: 0 cls: method_name: run args: {"network_create_args": null, "subnet_create_args": null, "subnet_cidr_start": "1.1.0.0/30", "subnets_per_network": 2, "router_create_args": null}
2019-11-18 21:58:00.082 30300 INFO rally.task.runner [-] Task 3839a601-71de-4812-9de7-7879e53bda38 | ITER: 18 START
2019-11-18 21:58:00.082 30303 RALLYDEBUG rally.task.runner [-] Starting a worker. times: 40 duration: None concurrency: 1 timeout: 0 cls: method_name: run args: {"network_create_args": null, "subnet_create_args": null, "subnet_cidr_start": "1.1.0.0/30", "subnets_per_network": 2, "router_create_args": null}
2019-11-18 21:58:00.086 30303 INFO rally.task.runner [-] Task 3839a601-71de-4812-9de7-7879e53bda38 | ITER: 19 START
2019-11-18 21:58:00.087 30306 RALLYDEBUG rally.task.runner [-] Starting a worker. times: 40 duration: None concurrency: 1 timeout: 0 cls: method_name: run args: {"network_create_args": null, "subnet_create_args": null, "subnet_cidr_start": "1.1.0.0/30", "subnets_per_network": 2, "router_create_args": null}
2019-11-18 21:58:00.091 30306 INFO rally.task.runner [-] Task 3839a601-71de-4812-9de7-7879e53bda38 | ITER: 20 START
2019-11-18 21:58:00.753 30260 RALLYDEBUG rally_openstack.wrappers.network [-] CIDR generated: 1.1.5.160/30
2019-11-18 21:58:00.766 30268 RALLYDEBUG rally_openstack.wrappers.network [-] CIDR generated: 1.1.5.164/30
2019-11-18 21:58:00.776 30259 RALLYDEBUG rally_openstack.wrappers.network [-] CIDR generated: 1.1.5.168/30
2019-11-18 21:58:00.779 30264 RALLYDEBUG rally_openstack.wrappers.network [-] CIDR generated: 1.1.5.172/30
2019-11-18 21:58:00.816 30285 RALLYDEBUG rally_openstack.wrappers.network [-] CIDR generated: 1.1.5.176/30
2019-11-18 21:58:00.921 30259 RALLYDEBUG rally_openstack.wrappers.network [-] CIDR generated: 1.1.5.180/30
2019-11-18 21:58:01.022 30288 RALLYDEBUG rally_openstack.wrappers.network [-] CIDR generated: 1.1.5.184/30
2019-11-18 21:58:01.138 30260 RALLYDEBUG rally_openstack.wrappers.network [-] CIDR generated: 1.1.5.188/30
2019-11-18 21:58:01.157 30303 RALLYDEBUG rally_openstack.wrappers.network [-] CIDR generated: 1.1.5.192/30
2019-11-18 21:58:01.230 30294 RALLYDEBUG rally_openstack.wrappers.network [-] CIDR generated: 1.1.5.196/30
2019-11-18 21:58:01.261 30293 RALLYDEBUG rally_openstack.wrappers.network [-] CIDR generated: 1.1.5.200/30
2019-11-18 21:58:01.271 30261 RALLYDEBUG rally_openstack.wrappers.network [-] CIDR generated: 1.1.5.204/30
2019-11-18 21:58:01.317 30264 RALLYDEBUG rally_openstack.wrappers.network [-] CIDR generated: 1.1.5.208/30
2019-11-18 21:58:01.319 30297 RALLYDEBUG rally_openstack.wrappers.network [-] CIDR generated: 1.1.5.212/30
2019-11-18 21:58:01.352 30306 RALLYDEBUG rally_openstack.wrappers.network [-] CIDR generated: 1.1.5.216/30
2019-11-18 21:58:01.399 30271 RALLYDEBUG rally_openstack.wrappers.network [-] CIDR generated: 1.1.5.220/30
2019-11-18 21:58:01.402 30261 RALLYDEBUG rally_openstack.wrappers.network [-] CIDR generated: 1.1.5.224/30
2019-11-18 21:58:01.543 30259 RALLYDEBUG rally_openstack.wrappers.network [-] CIDR generated: 1.1.5.228/30
2019-11-18 21:58:01.556 30300 RALLYDEBUG rally_openstack.wrappers.network [-] CIDR generated: 1.1.5.232/30
2019-11-18 21:58:01.557 30278 RALLYDEBUG rally_openstack.wrappers.network [-] CIDR generated: 1.1.5.236/30
2019-11-18 21:58:01.859 30272 RALLYDEBUG rally_openstack.wrappers.network [-] CIDR generated: 1.1.5.240/30
2019-11-18 21:58:01.929 30294 RALLYDEBUG rally_openstack.wrappers.network [-] CIDR generated: 1.1.5.244/30
2019-11-18 21:58:01.940 30288 RALLYDEBUG rally_openstack.wrappers.network [-] CIDR generated: 1.1.5.248/30
2019-11-18 21:58:02.205 30271 RALLYDEBUG rally_openstack.wrappers.network [-] CIDR generated: 1.1.5.252/30
2019-11-18 21:58:02.553 30260 RALLYDEBUG rally_openstack.wrappers.network [-] CIDR generated: 1.1.6.0/30
2019-11-18 21:58:02.651 30268 RALLYDEBUG rally_openstack.wrappers.network [-] CIDR generated: 1.1.6.4/30
2019-11-18 21:58:02.736 30259 RALLYDEBUG rally_openstack.wrappers.network [-] CIDR generated: 1.1.6.8/30
2019-11-18 21:58:02.800 30303 RALLYDEBUG rally_openstack.wrappers.network [-] CIDR generated: 1.1.6.12/30
2019-11-18 21:58:02.853 30300 RALLYDEBUG rally_openstack.wrappers.network [-] CIDR generated: 1.1.6.16/30
2019-11-18 21:58:02.983 30285 RALLYDEBUG rally_openstack.wrappers.network [-] CIDR generated: 1.1.6.20/30
2019-11-18 21:58:03.048 30264 RALLYDEBUG rally_openstack.wrappers.network [-] CIDR generated: 1.1.6.24/30
2019-11-18 21:58:03.074 30293 RALLYDEBUG rally_openstack.wrappers.network [-] CIDR generated: 1.1.6.28/30
2019-11-18 21:58:03.112 30260 RALLYDEBUG rally_openstack.wrappers.network [-] CIDR generated: 1.1.6.32/30
2019-11-18 21:58:03.183 30297 RALLYDEBUG rally_openstack.wrappers.network [-] CIDR generated: 1.1.6.36/30
2019-11-18 21:58:03.236 30272 RALLYDEBUG rally_openstack.wrappers.network [-] CIDR generated: 1.1.6.40/30
2019-11-18 21:58:03.336 30278 RALLYDEBUG rally_openstack.wrappers.network [-] CIDR generated: 1.1.6.44/30
2019-11-18 21:58:03.379 30264 RALLYDEBUG rally_openstack.wrappers.network [-] CIDR generated: 1.1.6.48/30
2019-11-18 21:58:03.526 30261 RALLYDEBUG rally_openstack.wrappers.network [-] CIDR generated: 1.1.6.52/30
2019-11-18 21:58:03.643 30261 RALLYDEBUG rally_openstack.wrappers.network [-] CIDR generated: 1.1.6.56/30
2019-11-18 21:58:03.657 30306 RALLYDEBUG rally_openstack.wrappers.network [-] CIDR generated: 1.1.6.60/30
2019-11-18 21:58:11.410 30260 INFO rally.task.runner [-] Task 3839a601-71de-4812-9de7-7879e53bda38 | ITER: 2 END: OK
2019-11-18 21:58:11.414 30260 INFO rally.task.runner [-] Task 3839a601-71de-4812-9de7-7879e53bda38 | ITER: 21 START
2019-11-18 21:58:12.584 30260 RALLYDEBUG rally_openstack.wrappers.network [-] CIDR generated: 1.1.6.64/30
2019-11-18 21:58:13.531 30293 INFO rally.task.runner [-] Task 3839a601-71de-4812-9de7-7879e53bda38 | ITER: 15 END: OK
2019-11-18 21:58:13.535 30293 INFO rally.task.runner [-] Task 3839a601-71de-4812-9de7-7879e53bda38 | ITER: 22 START
2019-11-18 21:58:14.599 30293 RALLYDEBUG rally_openstack.wrappers.network [-] CIDR generated: 1.1.6.68/30
2019-11-18 21:58:14.820 30268 INFO rally.task.runner [-] Task 3839a601-71de-4812-9de7-7879e53bda38 | ITER: 8 END: OK
2019-11-18 21:58:14.822 30260 RALLYDEBUG rally_openstack.wrappers.network [-] CIDR generated: 1.1.6.72/30
