2019-11-18 22:13:53.010 27675 RALLYDEBUG rally_openstack.cleanup.manager [-] Deleting neutron.security_group object s_rally_1947a934_9LO4DXE2 (f8d43636-6310-4483-9245-6bd991202fd3)
2019-11-18 22:13:54.525 27675 INFO rally.task.context [-] Task 3839a601-71de-4812-9de7-7879e53bda38 | Context cleanup@openstack cleanup() finished in 14.21 sec
2019-11-18 22:13:54.526 27675 INFO rally.task.context [-] Task 3839a601-71de-4812-9de7-7879e53bda38 | Context quotas@openstack cleanup() started
2019-11-18 22:13:54.699 27675 INFO rally.task.context [-] Task 3839a601-71de-4812-9de7-7879e53bda38 | Context quotas@openstack cleanup() finished in 0.17 sec
2019-11-18 22:13:54.700 27675 INFO rally.task.context [-] Task 3839a601-71de-4812-9de7-7879e53bda38 | Context users@openstack cleanup() started
2019-11-18 22:13:58.177 27675 INFO rally.task.context [-] Task 3839a601-71de-4812-9de7-7879e53bda38 | Context users@openstack cleanup() finished in 3.48 sec
2019-11-18 22:13:59.734 27675 INFO rally.task.engine [-] Load duration is: 3.563817
2019-11-18 22:13:59.734 27675 INFO rally.task.engine [-] Full runner duration is: 3.611051
2019-11-18 22:13:59.735 27675 INFO rally.task.engine [-] Full duration is: 24.688369
2019-11-18 22:14:00.042 27675 INFO rally.task.engine [-] Running workload: position = 6 config = { "version": 2, "title": "A cropped version of a bigger task.", "description": "Auto-generated task from a single workload (uuid=837369c4-65d4-46fc-a493-148f8fa6d51c)", "subtasks": [ { "title": "NeutronSecurityGroup.create_and_update_security_groups", "description": "Create and update Neutron security-groups.", "scenario": { "NeutronSecurityGroup.create_and_update_security_groups": { "security_group_create_args": {}, "security_group_update_args": {} } }, "contexts": { "users": { "tenants": 2, "users_per_tenant": 3 }, "quotas": { "neutron": { "security_group": -1 } } }, "runner": { "constant": { "times": 50, "concurrency": 10 } }, "hooks": [], "sla": { "failure_rate": { "max": 0 } } } ] }
2019-11-18 22:14:00.065 27675 RALLYDEBUG rally_openstack.contexts.keystone.users [-] Creating 2 tenants using 20 threads
2019-11-18 22:14:01.102 27675 RALLYDEBUG rally_openstack.contexts.keystone.users [-] Creating 6 users using 20 threads
2019-11-18 22:14:02.771 27675 INFO rally.task.context [-] Task 3839a601-71de-4812-9de7-7879e53bda38 | Context users@openstack setup() finished in 2.71 sec
2019-11-18 22:14:03.468 27675 INFO rally.task.context [-] Task 3839a601-71de-4812-9de7-7879e53bda38 | Context quotas@openstack setup() finished in 0.70 sec
2019-11-18 22:14:03.469 27675 INFO rally.task.context [-] Task 3839a601-71de-4812-9de7-7879e53bda38 | Context cleanup@openstack setup() finished in 0.01 msec
2019-11-18 22:14:03.478 27675 RALLYDEBUG rally.task.runner [-] Starting the constant runner (task UUID: 3839a601-71de-4812-9de7-7879e53bda38). times: 50 concurrency: 10 timeout: 0 max_cpu_used: 16 processes_to_start: 10 concurrency_per_worker: 1 concurrency_overhead: 0
2019-11-18 22:14:03.490 3844 RALLYDEBUG rally.task.runner [-] Starting a worker. times: 50 duration: None concurrency: 1 timeout: 0 cls: method_name: run args: {"security_group_create_args": {}, "security_group_update_args": {}}
2019-11-18 22:14:03.493 3845 RALLYDEBUG rally.task.runner [-] Starting a worker. times: 50 duration: None concurrency: 1 timeout: 0 cls: method_name: run args: {"security_group_create_args": {}, "security_group_update_args": {}}
2019-11-18 22:14:03.497 3844 INFO rally.task.runner [-] Task 3839a601-71de-4812-9de7-7879e53bda38 | ITER: 1 START
2019-11-18 22:14:03.497 3846 RALLYDEBUG rally.task.runner [-] Starting a worker. times: 50 duration: None concurrency: 1 timeout: 0 cls: method_name: run args: {"security_group_create_args": {}, "security_group_update_args": {}}
2019-11-18 22:14:03.500 3845 INFO rally.task.runner [-] Task 3839a601-71de-4812-9de7-7879e53bda38 | ITER: 2 START
2019-11-18 22:14:03.500 3847 RALLYDEBUG rally.task.runner [-] Starting a worker. times: 50 duration: None concurrency: 1 timeout: 0 cls: method_name: run args: {"security_group_create_args": {}, "security_group_update_args": {}}
2019-11-18 22:14:03.503 3846 INFO rally.task.runner [-] Task 3839a601-71de-4812-9de7-7879e53bda38 | ITER: 3 START
2019-11-18 22:14:03.503 3851 RALLYDEBUG rally.task.runner [-] Starting a worker. times: 50 duration: None concurrency: 1 timeout: 0 cls: method_name: run args: {"security_group_create_args": {}, "security_group_update_args": {}}
2019-11-18 22:14:03.507 3847 INFO rally.task.runner [-] Task 3839a601-71de-4812-9de7-7879e53bda38 | ITER: 4 START
2019-11-18 22:14:03.507 3855 RALLYDEBUG rally.task.runner [-] Starting a worker. times: 50 duration: None concurrency: 1 timeout: 0 cls: method_name: run args: {"security_group_create_args": {}, "security_group_update_args": {}}
2019-11-18 22:14:03.509 3851 INFO rally.task.runner [-] Task 3839a601-71de-4812-9de7-7879e53bda38 | ITER: 5 START
2019-11-18 22:14:03.512 3858 RALLYDEBUG rally.task.runner [-] Starting a worker. times: 50 duration: None concurrency: 1 timeout: 0 cls: method_name: run args: {"security_group_create_args": {}, "security_group_update_args": {}}
2019-11-18 22:14:03.514 3855 INFO rally.task.runner [-] Task 3839a601-71de-4812-9de7-7879e53bda38 | ITER: 6 START
2019-11-18 22:14:03.517 3861 RALLYDEBUG rally.task.runner [-] Starting a worker. times: 50 duration: None concurrency: 1 timeout: 0 cls: method_name: run args: {"security_group_create_args": {}, "security_group_update_args": {}}
2019-11-18 22:14:03.518 3858 INFO rally.task.runner [-] Task 3839a601-71de-4812-9de7-7879e53bda38 | ITER: 7 START
2019-11-18 22:14:03.522 3865 RALLYDEBUG rally.task.runner [-] Starting a worker. times: 50 duration: None concurrency: 1 timeout: 0 cls: method_name: run args: {"security_group_create_args": {}, "security_group_update_args": {}}
2019-11-18 22:14:03.524 3861 INFO rally.task.runner [-] Task 3839a601-71de-4812-9de7-7879e53bda38 | ITER: 8 START
2019-11-18 22:14:03.529 3865 INFO rally.task.runner [-] Task 3839a601-71de-4812-9de7-7879e53bda38 | ITER: 9 START
2019-11-18 22:14:03.528 3869 RALLYDEBUG rally.task.runner [-] Starting a worker. times: 50 duration: None concurrency: 1 timeout: 0 cls: method_name: run args: {"security_group_create_args": {}, "security_group_update_args": {}}
2019-11-18 22:14:03.536 3869 INFO rally.task.runner [-] Task 3839a601-71de-4812-9de7-7879e53bda38 | ITER: 10 START
2019-11-18 22:14:04.194 3861 INFO rally.task.runner [-] Task 3839a601-71de-4812-9de7-7879e53bda38 | ITER: 8 END: OK
2019-11-18 22:14:04.198 3861 INFO rally.task.runner [-] Task 3839a601-71de-4812-9de7-7879e53bda38 | ITER: 11 START
2019-11-18 22:14:04.294 3845 INFO rally.task.runner [-] Task 3839a601-71de-4812-9de7-7879e53bda38 | ITER: 2 END: OK
2019-11-18 22:14:04.299 3845 INFO rally.task.runner [-] Task 3839a601-71de-4812-9de7-7879e53bda38 | ITER: 12 START
2019-11-18 22:14:04.322 3855 INFO rally.task.runner [-] Task 3839a601-71de-4812-9de7-7879e53bda38 | ITER: 6 END: OK
2019-11-18 22:14:04.325 3869 INFO rally.task.runner [-] Task 3839a601-71de-4812-9de7-7879e53bda38 | ITER: 10 END: OK
2019-11-18 22:14:04.326 3855 INFO rally.task.runner [-] Task 3839a601-71de-4812-9de7-7879e53bda38 | ITER: 13 START
2019-11-18 22:14:04.329 3869 INFO rally.task.runner [-] Task 3839a601-71de-4812-9de7-7879e53bda38 | ITER: 14 START
2019-11-18 22:14:04.482 3865 INFO rally.task.runner [-] Task 3839a601-71de-4812-9de7-7879e53bda38 | ITER: 9 END: OK
2019-11-18 22:14:04.486 3865 INFO rally.task.runner [-] Task 3839a601-71de-4812-9de7-7879e53bda38 | ITER: 15 START
2019-11-18 22:14:04.814 3846 INFO rally.task.runner [-] Task 3839a601-71de-4812-9de7-7879e53bda38 | ITER: 3 END: OK
2019-11-18 22:14:04.818 3846 INFO rally.task.runner [-] Task 3839a601-71de-4812-9de7-7879e53bda38 | ITER: 16 START
2019-11-18 22:14:04.849 3844 INFO rally.task.runner [-] Task 3839a601-71de-4812-9de7-7879e53bda38 | ITER: 1 END: OK
2019-11-18 22:14:04.854 3844 INFO rally.task.runner [-] Task 3839a601-71de-4812-9de7-7879e53bda38 | ITER: 17 START
2019-11-18 22:14:04.861 3847 INFO rally.task.runner [-] Task 3839a601-71de-4812-9de7-7879e53bda38 | ITER: 4 END: OK
2019-11-18 22:14:04.867 3847 INFO rally.task.runner [-] Task 3839a601-71de-4812-9de7-7879e53bda38 | ITER: 18 START
2019-11-18 22:14:04.871 3851 INFO rally.task.runner [-] Task 3839a601-71de-4812-9de7-7879e53bda38 | ITER: 5 END: OK
2019-11-18 22:14:04.875 3851 INFO rally.task.runner [-] Task 3839a601-71de-4812-9de7-7879e53bda38 | ITER: 19 START
2019-11-18 22:14:04.881 3858 INFO rally.task.runner [-] Task 3839a601-71de-4812-9de7-7879e53bda38 | ITER: 7 END: OK
2019-11-18 22:14:04.885 3858 INFO rally.task.runner [-] Task 3839a601-71de-4812-9de7-7879e53bda38 | ITER: 20 START
2019-11-18 22:14:04.889 3861 INFO rally.task.runner [-] Task 3839a601-71de-4812-9de7-7879e53bda38 | ITER: 11 END: OK
2019-11-18 22:14:04.892 3861 INFO rally.task.runner [-] Task 3839a601-71de-4812-9de7-7879e53bda38 | ITER: 21 START
2019-11-18 22:14:04.918 3845 INFO rally.task.runner [-] Task 3839a601-71de-4812-9de7-7879e53bda38 | ITER: 12 END: OK
2019-11-18 22:14:04.922 3845 INFO rally.task.runner [-] Task 3839a601-71de-4812-9de7-7879e53bda38 | ITER: 22 START
2019-11-18 22:14:04.937 3855 INFO rally.task.runner [-] Task 3839a601-71de-4812-9de7-7879e53bda38 | ITER: 13 END: OK
2019-11-18 22:14:04.940 3855 INFO rally.task.runner [-] Task 3839a601-71de-4812-9de7-7879e53bda38 | ITER: 23 START
2019-11-18 22:14:04.971 3869 INFO rally.task.runner [-] Task 3839a601-71de-4812-9de7-7879e53bda38 | ITER: 14 END: OK
2019-11-18 22:14:04.975 3869 INFO rally.task.runner [-] Task 3839a601-71de-4812-9de7-7879e53bda38 | ITER: 24 START
2019-11-18 22:14:05.103 3865 INFO rally.task.runner [-] Task 3839a601-71de-4812-9de7-7879e53bda38 | ITER: 15 END: OK
2019-11-18 22:14:05.107 3865 INFO rally.task.runner [-] Task 3839a601-71de-4812-9de7-7879e53bda38 | ITER: 25 START
2019-11-18 22:14:05.429 3846 INFO rally.task.runner [-] Task 3839a601-71de-4812-9de7-7879e53bda38 | ITER: 16 END: OK
2019-11-18 22:14:05.433 3846 INFO rally.task.runner [-] Task 3839a601-71de-4812-9de7-7879e53bda38 | ITER: 26 START
2019-11-18 22:14:05.441 3844 INFO rally.task.runner [-] Task 3839a601-71de-4812-9de7-7879e53bda38 | ITER: 17 END: OK
2019-11-18 22:14:05.446 3844 INFO rally.task.runner [-] Task 3839a601-71de-4812-9de7-7879e53bda38 | ITER: 27 START
2019-11-18 22:14:05.465 3847 INFO rally.task.runner [-] Task 3839a601-71de-4812-9de7-7879e53bda38 | ITER: 18 END: OK
2019-11-18 22:14:05.466 3861 INFO rally.task.runner [-] Task 3839a601-71de-4812-9de7-7879e53bda38 | ITER: 21 END: OK
2019-11-18 22:14:05.469 3847 INFO rally.task.runner [-] Task 3839a601-71de-4812-9de7-7879e53bda38 | ITER: 28 START
2019-11-18 22:14:05.470 3861 INFO rally.task.runner [-] Task 3839a601-71de-4812-9de7-7879e53bda38 | ITER: 29 START
2019-11-18 22:14:05.500 3845 INFO rally.task.runner [-] Task 3839a601-71de-4812-9de7-7879e53bda38 | ITER: 22 END: OK
2019-11-18 22:14:05.503 3845 INFO rally.task.runner [-] Task 3839a601-71de-4812-9de7-7879e53bda38 | ITER: 30 START
2019-11-18 22:14:05.528 3855 INFO rally.task.runner [-] Task 3839a601-71de-4812-9de7-7879e53bda38 | ITER: 23 END: OK
2019-11-18 22:14:05.532 3855 INFO rally.task.runner [-] Task 3839a601-71de-4812-9de7-7879e53bda38 | ITER: 31 START
2019-11-18 22:14:05.582 3851 INFO rally.task.runner [-] Task 3839a601-71de-4812-9de7-7879e53bda38 | ITER: 19 END: OK
2019-11-18 22:14:05.587 3851 INFO rally.task.runner [-] Task 3839a601-71de-4812-9de7-7879e53bda38 | ITER: 32 START
2019-11-18 22:14:05.610 3858 INFO rally.task.runner [-] Task 3839a601-71de-4812-9de7-7879e53bda38 | ITER: 20 END: OK
2019-11-18 22:14:05.614 3858 INFO rally.task.runner [-] Task 3839a601-71de-4812-9de7-7879e53bda38 | ITER: 33 START
2019-11-18 22:14:05.669 3869 INFO rally.task.runner [-] Task 3839a601-71de-4812-9de7-7879e53bda38 | ITER: 24 END: OK
2019-11-18 22:14:05.672 3869 INFO rally.task.runner [-] Task 3839a601-71de-4812-9de7-7879e53bda38 | ITER: 34 START
2019-11-18 22:14:05.742 3865 INFO rally.task.runner [-] Task 3839a601-71de-4812-9de7-7879e53bda38 | ITER: 25 END: OK
2019-11-18 22:14:05.746 3865 INFO rally.task.runner [-] Task 3839a601-71de-4812-9de7-7879e53bda38 | ITER: 35 START
2019-11-18 22:14:05.971 3844 INFO rally.task.runner [-] Task 3839a601-71de-4812-9de7-7879e53bda38 | ITER: 27 END: OK
2019-11-18 22:14:05.975 3844 INFO rally.task.runner [-] Task 3839a601-71de-4812-9de7-7879e53bda38 | ITER: 36 START
2019-11-18 22:14:05.984 3846 INFO rally.task.runner [-] Task 3839a601-71de-4812-9de7-7879e53bda38 | ITER: 26 END: OK
2019-11-18 22:14:05.987 3846 INFO rally.task.runner [-] Task 3839a601-71de-4812-9de7-7879e53bda38 | ITER: 37 START
2019-11-18 22:14:06.119 3855 INFO rally.task.runner [-] Task 3839a601-71de-4812-9de7-7879e53bda38 | ITER: 31 END: OK
2019-11-18 22:14:06.123 3855 INFO rally.task.runner [-] Task 3839a601-71de-4812-9de7-7879e53bda38 | ITER: 38 START
2019-11-18 22:14:06.171 3845 INFO rally.task.runner [-] Task 3839a601-71de-4812-9de7-7879e53bda38 | ITER: 30 END: OK
2019-11-18 22:14:06.174 3845 INFO rally.task.runner [-] Task 3839a601-71de-4812-9de7-7879e53bda38 | ITER: 39 START
2019-11-18 22:14:06.207 3851 INFO rally.task.runner [-] Task 3839a601-71de-4812-9de7-7879e53bda38 | ITER: 32 END: OK
2019-11-18 22:14:06.211 3851 INFO rally.task.runner [-] Task 3839a601-71de-4812-9de7-7879e53bda38 | ITER: 40 START
2019-11-18 22:14:06.276 3858 INFO rally.task.runner [-] Task 3839a601-71de-4812-9de7-7879e53bda38 | ITER: 33 END: OK
2019-11-18 22:14:06.276 3847 INFO rally.task.runner [-] Task 3839a601-71de-4812-9de7-7879e53bda38 | ITER: 28 END: OK
2019-11-18 22:14:06.280 3858 INFO rally.task.runner [-] Task 3839a601-71de-4812-9de7-7879e53bda38 | ITER: 41 START
2019-11-18 22:14:06.280 3847 INFO rally.task.runner [-] Task 3839a601-71de-4812-9de7-7879e53bda38 | ITER: 42 START
2019-11-18 22:14:06.289 3861 INFO rally.task.runner [-] Task 3839a601-71de-4812-9de7-7879e53bda38 | ITER: 29 END: OK
2019-11-18 22:14:06.294 3861 INFO rally.task.runner [-] Task 3839a601-71de-4812-9de7-7879e53bda38 | ITER: 43 START
2019-11-18 22:14:06.317 3869 INFO rally.task.runner [-] Task 3839a601-71de-4812-9de7-7879e53bda38 | ITER: 34 END: OK
2019-11-18 22:14:06.321 3869 INFO rally.task.runner [-] Task 3839a601-71de-4812-9de7-7879e53bda38 | ITER: 44 START
2019-11-18 22:14:06.350 3865 INFO rally.task.runner [-] Task 3839a601-71de-4812-9de7-7879e53bda38 | ITER: 35 END: OK
2019-11-18 22:14:06.353 3865 INFO rally.task.runner [-] Task 3839a601-71de-4812-9de7-7879e53bda38 | ITER: 45 START
2019-11-18 22:14:06.527 3844 INFO rally.task.runner [-] Task 3839a601-71de-4812-9de7-7879e53bda38 | ITER: 36 END: OK
2019-11-18 22:14:06.530 3844 INFO rally.task.runner [-] Task 3839a601-71de-4812-9de7-7879e53bda38 | ITER: 46 START
2019-11-18 22:14:06.536 3846 INFO rally.task.runner [-] Task 3839a601-71de-4812-9de7-7879e53bda38 | ITER: 37 END: OK
2019-11-18 22:14:06.539 3846 INFO rally.task.runner [-] Task 3839a601-71de-4812-9de7-7879e53bda38 | ITER: 47 START
2019-11-18 22:14:06.638 3855 INFO rally.task.runner [-] Task 3839a601-71de-4812-9de7-7879e53bda38 | ITER: 38 END: OK
2019-11-18 22:14:06.641 3855 INFO rally.task.runner [-] Task 3839a601-71de-4812-9de7-7879e53bda38 | ITER: 48 START
2019-11-18 22:14:06.773 3845 INFO rally.task.runner [-] Task 3839a601-71de-4812-9de7-7879e53bda38 | ITER: 39 END: OK
2019-11-18 22:14:06.777 3845 INFO rally.task.runner [-] Task 3839a601-71de-4812-9de7-7879e53bda38 | ITER: 49 START
2019-11-18 22:14:06.790 3851 INFO rally.task.runner [-] Task 3839a601-71de-4812-9de7-7879e53bda38 | ITER: 40 END: OK
2019-11-18 22:14:06.794 3851 INFO rally.task.runner [-] Task 3839a601-71de-4812-9de7-7879e53bda38 | ITER: 50 START
2019-11-18 22:14:06.881 3847 INFO rally.task.runner [-] Task 3839a601-71de-4812-9de7-7879e53bda38 | ITER: 42 END: OK
2019-11-18 22:14:06.883 3869 INFO rally.task.runner [-] Task 3839a601-71de-4812-9de7-7879e53bda38 | ITER: 44 END: OK
2019-11-18 22:14:06.899 3861 INFO rally.task.runner [-] Task 3839a601-71de-4812-9de7-7879e53bda38 | ITER: 43 END: OK
2019-11-18 22:14:06.920 3858 INFO rally.task.runner [-] Task 3839a601-71de-4812-9de7-7879e53bda38 | ITER: 41 END: OK
2019-11-18 22:14:06.961 3865 INFO rally.task.runner [-] Task 3839a601-71de-4812-9de7-7879e53bda38 | ITER: 45 END: OK
2019-11-18 22:14:07.066 3844 INFO rally.task.runner [-] Task 3839a601-71de-4812-9de7-7879e53bda38 | ITER: 46 END: OK
2019-11-18 22:14:07.126 3846 INFO rally.task.runner [-] Task 3839a601-71de-4812-9de7-7879e53bda38 | ITER: 47 END: OK
2019-11-18 22:14:07.160 3855 INFO rally.task.runner [-] Task 3839a601-71de-4812-9de7-7879e53bda38 | ITER: 48 END: OK
2019-11-18 22:14:07.345 3845 INFO rally.task.runner [-] Task 3839a601-71de-4812-9de7-7879e53bda38 | ITER: 49 END: OK
2019-11-18 22:14:07.356 3851 INFO rally.task.runner [-] Task 3839a601-71de-4812-9de7-7879e53bda38 | ITER: 50 END: OK
2019-11-18 22:14:07.388 27675 INFO rally.task.context [-] Task 3839a601-71de-4812-9de7-7879e53bda38 | Context cleanup@openstack cleanup() started
2019-11-18 22:14:07.391 27675 RALLYDEBUG rally_openstack.cleanup.manager [-] Cleaning up neutron vip objects
2019-11-18 22:14:08.136 27675 RALLYDEBUG rally_openstack.cleanup.manager [-] Cleaning up neutron health_monitor objects
2019-11-18 22:14:08.867 27675 RALLYDEBUG rally_openstack.cleanup.manager [-] Cleaning up neutron pool objects
2019-11-18 22:14:09.601 27675 RALLYDEBUG rally_openstack.cleanup.manager [-] Cleaning up neutron loadbalancer objects
2019-11-18 22:14:10.346 27675 RALLYDEBUG rally_openstack.cleanup.manager [-] Cleaning up neutron floatingip objects
2019-11-18 22:14:11.401 27675 RALLYDEBUG rally_openstack.cleanup.manager [-] Cleaning up neutron trunk objects
2019-11-18 22:14:12.181 27675 RALLYDEBUG rally_openstack.cleanup.manager [-] Cleaning up neutron port objects
2019-11-18 22:14:12.952 27675 RALLYDEBUG rally_openstack.cleanup.manager [-] Cleaning up neutron subnet objects
2019-11-18 22:14:13.727 27675 RALLYDEBUG rally_openstack.cleanup.manager [-] Cleaning up neutron network objects
2019-11-18 22:14:14.497 27675 RALLYDEBUG rally_openstack.cleanup.manager [-] Cleaning up neutron router objects
2019-11-18 22:14:15.305 27675 RALLYDEBUG rally_openstack.cleanup.manager [-] Cleaning up neutron security_group objects
2019-11-18 22:14:16.547 27675 RALLYDEBUG rally_openstack.cleanup.manager [-] Deleting neutron.security_group object s_rally_837369c4_q0I7MORp (077e199e-c57a-49cd-8f36-2f844fccde44)
2019-11-18 22:14:16.551 27675 RALLYDEBUG rally_openstack.cleanup.manager [-] Deleting neutron.security_group object s_rally_837369c4_ny05gGRE (0eef3591-5ef6-4f31-9342-0b51f26bc5c9)
2019-11-18 22:14:16.565 27675 RALLYDEBUG rally_openstack.cleanup.manager [-] Deleting neutron.security_group object s_rally_837369c4_NZBeldHK (1a21998c-c600-416b-8184-61da91d02e34)
2019-11-18 22:14:16.569 27675 RALLYDEBUG rally_openstack.cleanup.manager [-] Deleting neutron.security_group object s_rally_837369c4_Znny47dq (263babb2-677c-4577-9d94-c7eed19bf71d)
2019-11-18 22:14:16.578 27675 RALLYDEBUG rally_openstack.cleanup.manager [-] Deleting neutron.security_group object s_rally_837369c4_VT9W5FDa (29b43ab3-81e7-43cd-9b86-1b3ff9845dc2)
2019-11-18 22:14:16.605 27675 RALLYDEBUG rally_openstack.cleanup.manager [-] Deleting neutron.security_group object s_rally_837369c4_0xRQlmFq (3613236c-d7cf-4616-b88a-fa23b7b864f1)
2019-11-18 22:14:16.619 27675 RALLYDEBUG rally_openstack.cleanup.manager [-] Deleting neutron.security_group object s_rally_837369c4_ABwn0XOJ (77d99cc3-2f7d-42b0-9be9-a53daabc815b)
2019-11-18 22:14:16.625 27675 RALLYDEBUG rally_openstack.cleanup.manager [-] Deleting neutron.security_group object s_rally_837369c4_8cnnpyI4 (82442775-5f85-49ec-8cdf-2f4270118019)
2019-11-18 22:14:16.632 27675 RALLYDEBUG rally_openstack.cleanup.manager [-] Deleting neutron.security_group object s_rally_837369c4_fp6X8tEg (84cfd461-5096-4174-b2da-9016c938fdef)
2019-11-18 22:14:16.650 27675 RALLYDEBUG rally_openstack.cleanup.manager [-] Deleting neutron.security_group object s_rally_837369c4_aOHe26L0 (85156671-c7ef-4d18-9530-07b85a74a880)
2019-11-18 22:14:16.667 27675 RALLYDEBUG rally_openstack.cleanup.manager [-] Deleting neutron.security_group object s_rally_837369c4_iuIquF4R (8791f6e5-988e-4016-95b6-75bca257103e)
2019-11-18 22:14:16.672 27675 RALLYDEBUG rally_openstack.cleanup.manager [-] Deleting neutron.security_group object s_rally_837369c4_XMVSZQcb (889f250e-511d-40ad-b863-d86e5ad50d27)
2019-11-18 22:14:16.685 27675 RALLYDEBUG rally_openstack.cleanup.manager [-] Deleting neutron.security_group object s_rally_837369c4_W1rac8nu (89aaed8e-dac7-40c2-9e48-57ac1286bb7e)
2019-11-18 22:14:16.698 27675 RALLYDEBUG rally_openstack.cleanup.manager [-] Deleting neutron.security_group object s_rally_837369c4_dbdO9lX0 (9df428a3-c4c9-47fe-9b06-19f35b906abf)
2019-11-18 22:14:16.704 27675 RALLYDEBUG rally_openstack.cleanup.manager [-] Deleting neutron.security_group object s_rally_837369c4_9Rjk7nrY (a2c8c855-d897-4804-b955-8a9634472b13)
2019-11-18 22:14:16.708 27675 RALLYDEBUG rally_openstack.cleanup.manager [-] Deleting neutron.security_group object s_rally_837369c4_KH9ZBwLb (a4a22eed-fc09-4361-aaa4-9817f8bc2150)
2019-11-18 22:14:16.725 27675 RALLYDEBUG rally_openstack.cleanup.manager [-] Deleting neutron.security_group object s_rally_837369c4_6Z35cNQb (ab6a82bc-c6a6-4c7c-910e-3bc5925e6207)
2019-11-18 22:14:16.751 27675 RALLYDEBUG rally_openstack.cleanup.manager [-] Deleting neutron.security_group object s_rally_837369c4_GIPWn6kj (c72a93d8-977b-4a17-9d11-5aec01930393)
2019-11-18 22:14:16.755 27675 RALLYDEBUG rally_openstack.cleanup.manager [-] Deleting neutron.security_group object s_rally_837369c4_fZZs8Fqb (cc5ce8d2-8a3a-444b-930d-919f102f29b1)
2019-11-18 22:14:16.764 27675 RALLYDEBUG rally_openstack.cleanup.manager [-] Deleting neutron.security_group object s_rally_837369c4_2j9xtgVX (d22d0a23-c0bc-4566-9295-ddd53025089d)
2019-11-18 22:14:18.083 27675 RALLYDEBUG rally_openstack.cleanup.manager [-] Deleting neutron.security_group object s_rally_837369c4_PaLFQgw4 (efece5d1-3b9d-4bae-b4fe-4b425fc1523a)
2019-11-18 22:14:18.086 27675 RALLYDEBUG rally_openstack.cleanup.manager [-] Deleting neutron.security_group object s_rally_837369c4_7UMZpzhS (f5620836-7440-4906-8029-81b09fa269ff)
2019-11-18 22:14:18.125 27675 RALLYDEBUG rally_openstack.cleanup.manager [-] Deleting neutron.security_group object s_rally_837369c4_jqoHFMBd (f96f4b85-101c-49bf-9ba9-5d03be001b9f)
2019-11-18 22:14:18.187 27675 RALLYDEBUG rally_openstack.cleanup.manager [-] Deleting neutron.security_group object s_rally_837369c4_FlCmpe5y (209a7423-4e29-4bf3-a8bb-d8528dcc361f)
2019-11-18 22:14:18.234 27675 RALLYDEBUG rally_openstack.cleanup.manager [-] Deleting neutron.security_group object s_rally_837369c4_iitXpMZV (21011f68-5f54-4481-84cf-c4a9cd4934ed)
2019-11-18 22:14:18.314 27675 RALLYDEBUG rally_openstack.cleanup.manager [-] Deleting neutron.security_group object s_rally_837369c4_Pih2R0hZ (273a10a5-356b-4ecb-a43b-9ab602cec173)
2019-11-18 22:14:18.317 27675 RALLYDEBUG rally_openstack.cleanup.manager [-] Deleting neutron.security_group object s_rally_837369c4_gCIj1mf7 (28e4ed44-26d2-44bd-9412-d6d3565aeaec)
2019-11-18 22:14:18.325 27675 RALLYDEBUG rally_openstack.cleanup.manager [-] Deleting neutron.security_group object s_rally_837369c4_gnIi4fxx (337ce65b-fac7-468e-b2ae-078fd09dcf36)
2019-11-18 22:14:18.334 27675 RALLYDEBUG rally_openstack.cleanup.manager [-] Deleting neutron.security_group object s_rally_837369c4_twHNdz0r (39219a1f-cba5-47f5-bfeb-94d172a84495)
2019-11-18 22:14:18.375 27675 RALLYDEBUG rally_openstack.cleanup.manager [-] Deleting neutron.security_group object s_rally_837369c4_D2Rmsd9o (3fd39818-6f99-48be-8b6c-cb84d3990fbc)
2019-11-18 22:14:18.378 27675 RALLYDEBUG rally_openstack.cleanup.manager [-] Deleting neutron.security_group object s_rally_837369c4_Ceqkaieo (44f8d21a-2a97-49fc-b14b-ae85ef78342f)
2019-11-18 22:14:18.381 27675 RALLYDEBUG rally_openstack.cleanup.manager [-] Deleting neutron.security_group object s_rally_837369c4_8HG4mjqg (4be00d51-b238-4091-a69d-06d9893763b7)
2019-11-18 22:14:18.394 27675 RALLYDEBUG rally_openstack.cleanup.manager [-] Deleting neutron.security_group object s_rally_837369c4_MejMZmy6 (5b6fabae-f3a3-49f5-bbc5-2fcc497fcb7f)
2019-11-18 22:14:18.474 27675 RALLYDEBUG rally_openstack.cleanup.manager [-] Deleting neutron.security_group object s_rally_837369c4_BofRJgT0 (62a8c9a7-ccd1-47f3-85b6-9c371321cd0d)
2019-11-18 22:14:18.491 27675 RALLYDEBUG rally_openstack.cleanup.manager [-] Deleting neutron.security_group object s_rally_837369c4_yJ5i2UnM (6352d78a-9417-444a-8b82-069d18a734c0)
2019-11-18 22:14:18.513 27675 RALLYDEBUG rally_openstack.cleanup.manager [-] Deleting neutron.security_group object s_rally_837369c4_C4pAk1me (7051e681-8c47-4dda-b042-f8a77c0f9607)
2019-11-18 22:14:18.557 27675 RALLYDEBUG rally_openstack.cleanup.manager [-] Deleting neutron.security_group object s_rally_837369c4_rYXR5HVV (72ba2079-a98e-402c-ae92-225bb49eefc8)
2019-11-18 22:14:18.561 27675 RALLYDEBUG rally_openstack.cleanup.manager [-] Deleting neutron.security_group object s_rally_837369c4_ByIJcWJe (7ad0f263-67e1-45cb-803a-4692542a17f5)
2019-11-18 22:14:18.624 27675 RALLYDEBUG rally_openstack.cleanup.manager [-] Deleting neutron.security_group object s_rally_837369c4_YJYmnys8 (80dd179b-fbf3-49d1-a002-320ab11b892f)
2019-11-18 22:14:18.633 27675 RALLYDEBUG rally_openstack.cleanup.manager [-] Deleting neutron.security_group object s_rally_837369c4_4Fc5jv0D (9c6bd940-84e8-4eb1-b0ab-2a1701c5cc5c)
2019-11-18 22:14:19.603 27675 RALLYDEBUG rally_openstack.cleanup.manager [-] Deleting neutron.security_group object s_rally_837369c4_mN4w7tZY (a3d142ae-dbb0-40b4-97f7-fe6523014073)
2019-11-18 22:14:19.611 27675 RALLYDEBUG rally_openstack.cleanup.manager [-] Deleting neutron.security_group object s_rally_837369c4_zxOkmT7E (cb768d65-4593-4d73-bfd7-cc7820332290)
2019-11-18 22:14:19.662 27675 RALLYDEBUG rally_openstack.cleanup.manager [-] Deleting neutron.security_group object s_rally_837369c4_rb0SvXDb (cd04c3d8-74a5-40fc-bf8f-6b653488dda2)
2019-11-18 22:14:19.771 27675 RALLYDEBUG rally_openstack.cleanup.manager [-] Deleting neutron.security_group object s_rally_837369c4_jeTIOWNh (d3fcc4a0-b4e7-4f5b-bef1-3bf7862e6932)
2019-11-18 22:14:19.791 27675 RALLYDEBUG rally_openstack.cleanup.manager [-] Deleting neutron.security_group object s_rally_837369c4_2U3psof2 (db6e0181-b147-4a9d-9e4d-ab442db61f57)
2019-11-18 22:14:19.823 27675 RALLYDEBUG rally_openstack.cleanup.manager [-] Deleting neutron.security_group object s_rally_837369c4_aFPkXQ1S (e026f8a5-4f17-4f2f-9b3e-c9427e1bc9d0)
2019-11-18 22:14:19.875 27675 RALLYDEBUG rally_openstack.cleanup.manager [-] Deleting neutron.security_group object s_rally_837369c4_j23UmR8g (e12c5913-cae9-4037-bf9b-494dc2a76209)
2019-11-18 22:14:19.901 27675 RALLYDEBUG rally_openstack.cleanup.manager [-] Deleting neutron.security_group object s_rally_837369c4_tc9d6sG8 (eb142535-57d5-473d-90c9-858f1849c0a4)
2019-11-18 22:14:19.959 27675 RALLYDEBUG rally_openstack.cleanup.manager [-] Deleting neutron.security_group object s_rally_837369c4_VVx6HRP9 (f4f236e5-1fd9-4844-992f-450927e3a1ee)
2019-11-18 22:14:19.984 27675 RALLYDEBUG rally_openstack.cleanup.manager [-] Deleting neutron.security_group object s_rally_837369c4_p3XVz3Y5 (febf2368-0b15-48f1-80be-e85065951e02)
2019-11-18 22:14:21.453 27675 INFO rally.task.context [-] Task 3839a601-71de-4812-9de7-7879e53bda38 | Context cleanup@openstack cleanup() finished in 14.07 sec
2019-11-18 22:14:21.453 27675 INFO rally.task.context [-] Task 3839a601-71de-4812-9de7-7879e53bda38 | Context quotas@openstack cleanup() started
2019-11-18 22:14:21.625 27675 INFO rally.task.context [-] Task 3839a601-71de-4812-9de7-7879e53bda38 | Context quotas@openstack cleanup() finished in 0.17 sec
2019-11-18 22:14:21.626 27675 INFO rally.task.context [-] Task 3839a601-71de-4812-9de7-7879e53bda38 | Context users@openstack cleanup() started
2019-11-18 22:14:25.032 27675 INFO rally.task.context [-] Task 3839a601-71de-4812-9de7-7879e53bda38 | Context users@openstack cleanup() finished in 3.41 sec
2019-11-18 22:14:26.210 27675 INFO rally.task.engine [-] Load duration is: 3.858096
2019-11-18 22:14:26.211 27675 INFO rally.task.engine [-] Full runner duration is: 3.910205
2019-11-18 22:14:26.211 27675 INFO rally.task.engine [-] Full duration is: 24.968634
2019-11-18 22:14:26.563 27675 INFO rally.task.engine [-] Task 3839a601-71de-4812-9de7-7879e53bda38 | Completed: Running task.
2019-11-18 22:14:28.264 4184 RALLYDEBUG rally.api [-] INFO logs from urllib3 and requests module are hide.
2019-11-18 22:14:28.264 4184 RALLYDEBUG rally.api [-] urllib3 insecure warnings are hidden.
2019-11-18 22:14:28.265 4184 RALLYDEBUG rally.api [-] ERROR log from boto module is hide.
2019-11-18 22:14:29.495 4185 RALLYDEBUG rally.api [-] INFO logs from urllib3 and requests module are hide.
2019-11-18 22:14:29.495 4185 RALLYDEBUG rally.api [-] urllib3 insecure warnings are hidden.
2019-11-18 22:14:29.495 4185 RALLYDEBUG rally.api [-] ERROR log from boto module is hide.
2019-11-18 22:14:30.869 4186 RALLYDEBUG rally.api [-] INFO logs from urllib3 and requests module are hide.
2019-11-18 22:14:30.869 4186 RALLYDEBUG rally.api [-] urllib3 insecure warnings are hidden.
2019-11-18 22:14:30.870 4186 RALLYDEBUG rally.api [-] ERROR log from boto module is hide.
2019-11-18 22:14:32.459 4186 INFO rally.common.plugin.discover [-] Loading plugins from directories /root/.rally/plugins/*
2019-11-18 22:14:32.460 4186 INFO rally.common.plugin.discover [-] Loaded module with plugins: /root/.rally/plugins/__init__.py
2019-11-18 22:14:32.624 4186 INFO rally.api [-] Building 'json' report for the following task(s): '3839a601-71de-4812-9de7-7879e53bda38'.
2019-11-18 22:14:32.807 4186 INFO rally.api [-] The report has been successfully built.
2019-11-18 22:14:34.332 4188 RALLYDEBUG rally.api [-] INFO logs from urllib3 and requests module are hide.
2019-11-18 22:14:34.332 4188 RALLYDEBUG rally.api [-] urllib3 insecure warnings are hidden.
2019-11-18 22:14:34.332 4188 RALLYDEBUG rally.api [-] ERROR log from boto module is hide.
2019-11-18 22:14:35.998 4188 INFO rally.common.plugin.discover [-] Loading plugins from directories /root/.rally/plugins/*
2019-11-18 22:14:35.999 4188 INFO rally.common.plugin.discover [-] Loaded module with plugins: /root/.rally/plugins/__init__.py
2019-11-18 22:14:36.170 4188 INFO rally.api [-] Building 'html' report for the following task(s): '3839a601-71de-4812-9de7-7879e53bda38'.
2019-11-18 22:14:36.359 4188 INFO rally.api [-] The report has been successfully built.
2019-11-18 22:14:37.631 4190 RALLYDEBUG rally.api [-] INFO logs from urllib3 and requests module are hide.
2019-11-18 22:14:37.631 4190 RALLYDEBUG rally.api [-] urllib3 insecure warnings are hidden.
2019-11-18 22:14:37.631 4190 RALLYDEBUG rally.api [-] ERROR log from boto module is hide.
2019-11-18 22:14:39.226 4190 INFO rally.common.plugin.discover [-] Loading plugins from directories /root/.rally/plugins/*
2019-11-18 22:14:39.227 4190 INFO rally.common.plugin.discover [-] Loaded module with plugins: /root/.rally/plugins/__init__.py
2019-11-18 22:14:39.401 4190 INFO rally.api [-] Building 'junit-xml' report for the following task(s): '3839a601-71de-4812-9de7-7879e53bda38'.
2019-11-18 22:14:39.406 4190 INFO rally.api [-] The report has been successfully built.