2019-11-18 22:06:10.889 32154 INFO rally.task.runner [-] Task 3839a601-71de-4812-9de7-7879e53bda38 | ITER: 10 END: OK
2019-11-18 22:06:10.893 32154 INFO rally.task.runner [-] Task 3839a601-71de-4812-9de7-7879e53bda38 | ITER: 37 START
2019-11-18 22:06:10.894 32154 WARNING rally_openstack.scenarios.neutron.utils [-] Running this scenario without either the 'network' or 'existing_network' context is deprecated
2019-11-18 22:06:11.432 32183 INFO rally.task.runner [-] Task 3839a601-71de-4812-9de7-7879e53bda38 | ITER: 19 END: OK
2019-11-18 22:06:11.436 32183 INFO rally.task.runner [-] Task 3839a601-71de-4812-9de7-7879e53bda38 | ITER: 38 START
2019-11-18 22:06:11.437 32183 WARNING rally_openstack.scenarios.neutron.utils [-] Running this scenario without either the 'network' or 'existing_network' context is deprecated
2019-11-18 22:06:12.193 32142 INFO rally.task.runner [-] Task 3839a601-71de-4812-9de7-7879e53bda38 | ITER: 4 END: OK
2019-11-18 22:06:12.196 32142 INFO rally.task.runner [-] Task 3839a601-71de-4812-9de7-7879e53bda38 | ITER: 39 START
2019-11-18 22:06:12.197 32142 WARNING rally_openstack.scenarios.neutron.utils [-] Running this scenario without either the 'network' or 'existing_network' context is deprecated
2019-11-18 22:06:12.299 32141 INFO rally.task.runner [-] Task 3839a601-71de-4812-9de7-7879e53bda38 | ITER: 2 END: OK
2019-11-18 22:06:12.301 32141 INFO rally.task.runner [-] Task 3839a601-71de-4812-9de7-7879e53bda38 | ITER: 40 START
2019-11-18 22:06:12.302 32141 WARNING rally_openstack.scenarios.neutron.utils [-] Running this scenario without either the 'network' or 'existing_network' context is deprecated
2019-11-18 22:06:15.153 32158 INFO rally.task.runner [-] Task 3839a601-71de-4812-9de7-7879e53bda38 | ITER: 21 END: OK
2019-11-18 22:06:15.936 32163 INFO rally.task.runner [-] Task 3839a601-71de-4812-9de7-7879e53bda38 | ITER: 23 END: OK
2019-11-18 22:06:16.632 32146 INFO rally.task.runner [-] Task 3839a601-71de-4812-9de7-7879e53bda38 | ITER: 24 END: OK
2019-11-18 22:06:17.690 32143 INFO rally.task.runner [-] Task 3839a601-71de-4812-9de7-7879e53bda38 | ITER: 30 END: OK
2019-11-18 22:06:18.045 32176 INFO rally.task.runner [-] Task 3839a601-71de-4812-9de7-7879e53bda38 | ITER: 27 END: OK
2019-11-18 22:06:18.064 32179 INFO rally.task.runner [-] Task 3839a601-71de-4812-9de7-7879e53bda38 | ITER: 28 END: OK
2019-11-18 22:06:18.137 32182 INFO rally.task.runner [-] Task 3839a601-71de-4812-9de7-7879e53bda38 | ITER: 33 END: OK
2019-11-18 22:06:18.214 32141 INFO rally.task.runner [-] Task 3839a601-71de-4812-9de7-7879e53bda38 | ITER: 25 END: OK
2019-11-18 22:06:18.339 32188 INFO rally.task.runner [-] Task 3839a601-71de-4812-9de7-7879e53bda38 | ITER: 22 END: OK
2019-11-18 22:06:18.561 32154 INFO rally.task.runner [-] Task 3839a601-71de-4812-9de7-7879e53bda38 | ITER: 37 END: OK
2019-11-18 22:06:18.660 32143 INFO rally.task.runner [-] Task 3839a601-71de-4812-9de7-7879e53bda38 | ITER: 31 END: OK
2019-11-18 22:06:18.984 32173 INFO rally.task.runner [-] Task 3839a601-71de-4812-9de7-7879e53bda38 | ITER: 32 END: OK
2019-11-18 22:06:19.048 32142 INFO rally.task.runner [-] Task 3839a601-71de-4812-9de7-7879e53bda38 | ITER: 29 END: OK
2019-11-18 22:06:19.256 32146 INFO rally.task.runner [-] Task 3839a601-71de-4812-9de7-7879e53bda38 | ITER: 34 END: OK
2019-11-18 22:06:19.473 32183 INFO rally.task.runner [-] Task 3839a601-71de-4812-9de7-7879e53bda38 | ITER: 38 END: OK
2019-11-18 22:06:19.519 32150 INFO rally.task.runner [-] Task 3839a601-71de-4812-9de7-7879e53bda38 | ITER: 36 END: OK
2019-11-18 22:06:19.589 32167 INFO rally.task.runner [-] Task 3839a601-71de-4812-9de7-7879e53bda38 | ITER: 35 END: OK
2019-11-18 22:06:19.633 32142 INFO rally.task.runner [-] Task 3839a601-71de-4812-9de7-7879e53bda38 | ITER: 39 END: OK
2019-11-18 22:06:19.671 32170 INFO rally.task.runner [-] Task 3839a601-71de-4812-9de7-7879e53bda38 | ITER: 26 END: OK
2019-11-18 22:06:20.320 32141 INFO rally.task.runner [-] Task 3839a601-71de-4812-9de7-7879e53bda38 | ITER: 40 END: OK
2019-11-18 22:06:20.348 27675 INFO rally.task.context [-] Task 3839a601-71de-4812-9de7-7879e53bda38 | Context cleanup@openstack cleanup() started
2019-11-18 22:06:20.352 27675 RALLYDEBUG rally_openstack.cleanup.manager [-] Cleaning up neutron vip objects
2019-11-18 22:06:20.727 27675 RALLYDEBUG rally_openstack.cleanup.manager [-] Cleaning up neutron health_monitor objects
2019-11-18 22:06:21.106 27675 RALLYDEBUG rally_openstack.cleanup.manager [-] Cleaning up neutron pool objects
2019-11-18 22:06:21.487 27675 RALLYDEBUG rally_openstack.cleanup.manager [-] Cleaning up neutron loadbalancer objects
2019-11-18 22:06:21.859 27675 RALLYDEBUG rally_openstack.cleanup.manager [-] Cleaning up neutron floatingip objects
2019-11-18 22:06:22.282 27675 RALLYDEBUG rally_openstack.cleanup.manager [-] Cleaning up neutron trunk objects
2019-11-18 22:06:22.675 27675 RALLYDEBUG rally_openstack.cleanup.manager [-] Cleaning up neutron port objects
2019-11-18 22:06:23.085 27675 RALLYDEBUG rally_openstack.cleanup.manager [-] Cleaning up neutron subnet objects
2019-11-18 22:06:23.484 27675 RALLYDEBUG rally_openstack.cleanup.manager [-] Cleaning up neutron network objects
2019-11-18 22:06:24.059 27675 RALLYDEBUG rally_openstack.cleanup.manager [-] Deleting neutron.network object s_rally_76721528_qCdEmNg9 (11c80ccd-9956-4c87-8af8-04a495cde43d)
2019-11-18 22:06:24.068 27675 RALLYDEBUG rally_openstack.cleanup.manager [-] Deleting neutron.network object s_rally_76721528_6q4cFj51 (121aac98-f09c-4b85-bde1-cba207666203)
2019-11-18 22:06:24.077 27675 RALLYDEBUG rally_openstack.cleanup.manager [-] Deleting neutron.network object s_rally_76721528_cJEZBTnW (1e4ec2ad-b145-4a11-9e0e-0a689167ddaa)
2019-11-18 22:06:24.081 27675 RALLYDEBUG rally_openstack.cleanup.manager [-] Deleting neutron.network object s_rally_76721528_LmafbXtC (27cc6ba6-b3e3-4d03-bd7f-b2f5a3527861)
2019-11-18 22:06:24.091 27675 RALLYDEBUG rally_openstack.cleanup.manager [-] Deleting neutron.network object s_rally_76721528_CdueGmvn (313a5f39-a7a1-4716-bc56-56c0ca348f04)
2019-11-18 22:06:24.101 27675 RALLYDEBUG rally_openstack.cleanup.manager [-] Deleting neutron.network object s_rally_76721528_1e1ooK3m (3148c4bc-25f3-4e70-84a7-ad32e8bb6cfa)
2019-11-18 22:06:24.121 27675 RALLYDEBUG rally_openstack.cleanup.manager [-] Deleting neutron.network object s_rally_76721528_4QDxMYUn (4988bd8c-edd3-4107-9d78-65f60a0006c5)
2019-11-18 22:06:24.125 27675 RALLYDEBUG rally_openstack.cleanup.manager [-] Deleting neutron.network object s_rally_76721528_joFppQPp (4db08ced-112b-4377-8b09-1006cf89cfbc)
2019-11-18 22:06:24.154 27675 RALLYDEBUG rally_openstack.cleanup.manager [-] Deleting neutron.network object s_rally_76721528_pZ02AuKS (51f0c1ef-0e06-453d-9740-bb03794b4a9e)
2019-11-18 22:06:24.159 27675 RALLYDEBUG rally_openstack.cleanup.manager [-] Deleting neutron.network object s_rally_76721528_u8kPEdIT (5d09fc8f-a4f8-4ba9-858d-a10b01f52968)
2019-11-18 22:06:24.175 27675 RALLYDEBUG rally_openstack.cleanup.manager [-] Deleting neutron.network object s_rally_76721528_xZdZIFOg (64b3a2f9-3253-40d0-b1dd-deae195d33fb)
2019-11-18 22:06:24.181 27675 RALLYDEBUG rally_openstack.cleanup.manager [-] Deleting neutron.network object s_rally_76721528_SeUjnPl9 (650404b8-965d-4840-a9df-36ca2165401b)
2019-11-18 22:06:24.195 27675 RALLYDEBUG rally_openstack.cleanup.manager [-] Deleting neutron.network object s_rally_76721528_8DQq8FgZ (658a3a1c-934c-44f8-8700-403aa6f617ee)
2019-11-18 22:06:24.213 27675 RALLYDEBUG rally_openstack.cleanup.manager [-] Deleting neutron.network object s_rally_76721528_9jgqtaqg (6d3d16ae-d1ea-41df-98ac-82f0902ad961)
2019-11-18 22:06:24.216 27675 RALLYDEBUG rally_openstack.cleanup.manager [-] Deleting neutron.network object s_rally_76721528_7VAjxfAF (75c450cf-1eed-496c-9c57-9107b175d294)
2019-11-18 22:06:24.231 27675 RALLYDEBUG rally_openstack.cleanup.manager [-] Deleting neutron.network object s_rally_76721528_ybgMUHBR (763aa8e9-5360-4e07-b035-3f6357e3074c)
2019-11-18 22:06:24.247 27675 RALLYDEBUG rally_openstack.cleanup.manager [-] Deleting neutron.network object s_rally_76721528_hWddIaSg (8573dfd6-6d9e-4e30-adb6-3d53eddbaaf4)
2019-11-18 22:06:24.260 27675 RALLYDEBUG rally_openstack.cleanup.manager [-] Deleting neutron.network object s_rally_76721528_jFFSSHcA (857e6e99-84b0-4a80-9554-ab86181785d3)
2019-11-18 22:06:24.271 27675 RALLYDEBUG rally_openstack.cleanup.manager [-] Deleting neutron.network object s_rally_76721528_vQSyCx38 (87d23d8d-7ddd-40e2-ad81-9bbd0d973ced)
2019-11-18 22:06:24.281 27675 RALLYDEBUG rally_openstack.cleanup.manager [-] Deleting neutron.network object s_rally_76721528_bYrpXmhp (881a1b9b-ba79-432a-8ccb-410443778c93)
2019-11-18 22:06:26.094 27675 RALLYDEBUG rally_openstack.cleanup.manager [-] Deleting neutron.network object s_rally_76721528_M2gXV4yK (8f3c240f-ce04-4c18-95dc-a06d9bdcd93c)
2019-11-18 22:06:26.223 27675 RALLYDEBUG rally_openstack.cleanup.manager [-] Deleting neutron.network object s_rally_76721528_Ezxy3eYZ (97056dd2-1cf5-4e97-90cf-a8d2d7a5eed3)
2019-11-18 22:06:26.258 27675 RALLYDEBUG rally_openstack.cleanup.manager [-] Deleting neutron.network object s_rally_76721528_BffJLryV (9845d3be-12d4-49d3-9718-d72e7262d2a2)
2019-11-18 22:06:26.367 27675 RALLYDEBUG rally_openstack.cleanup.manager [-] Deleting neutron.network object s_rally_76721528_qqmu2PxK (9860b0d3-fe2d-4796-8d53-d8d85d28a85c)
2019-11-18 22:06:26.431 27675 RALLYDEBUG rally_openstack.cleanup.manager [-] Deleting neutron.network object s_rally_76721528_A86F7hO2 (9c36a885-05cf-4f7e-920a-024bec8f168a)
2019-11-18 22:06:26.588 27675 RALLYDEBUG rally_openstack.cleanup.manager [-] Deleting neutron.network object s_rally_76721528_lr3kTGfe (a417d500-806e-4e8d-b1d5-980683700877)
2019-11-18 22:06:26.620 27675 RALLYDEBUG rally_openstack.cleanup.manager [-] Deleting neutron.network object s_rally_76721528_lOcj02AG (a8e152e5-224b-464f-8d3f-b0a05ba8fa42)
2019-11-18 22:06:26.623 27675 RALLYDEBUG rally_openstack.cleanup.manager [-] Deleting neutron.network object s_rally_76721528_x4R7Gwbp (ab5cf9f6-ebb4-4e67-93c2-c6b995187732)
2019-11-18 22:06:26.676 27675 RALLYDEBUG rally_openstack.cleanup.manager [-] Deleting neutron.network object s_rally_76721528_ZnekK1wX (af1f8a93-00ea-4c2d-8a10-41aed08340c7)
2019-11-18 22:06:26.685 27675 RALLYDEBUG rally_openstack.cleanup.manager [-] Deleting neutron.network object s_rally_76721528_Wu1Qyy9S (af97be64-4c0b-4e28-99f2-edb3044def2b)
2019-11-18 22:06:26.859 27675 RALLYDEBUG rally_openstack.cleanup.manager [-] Deleting neutron.network object s_rally_76721528_RyBoDv2y (bad5f6c8-4c5f-4d6b-925c-4d40576632a6)
2019-11-18 22:06:26.920 27675 RALLYDEBUG rally_openstack.cleanup.manager [-] Deleting neutron.network object s_rally_76721528_vLev34o0 (bb254c73-7e71-4ce3-8fb5-a463505510b0)
2019-11-18 22:06:26.989 27675 RALLYDEBUG rally_openstack.cleanup.manager [-] Deleting neutron.network object s_rally_76721528_3Le9USs9 (bc061e40-bb37-4c75-b963-fe3522eca4fb)
2019-11-18 22:06:27.053 27675 RALLYDEBUG rally_openstack.cleanup.manager [-] Deleting neutron.network object s_rally_76721528_EobW29SO (c0ec0bdf-9ca5-4eeb-871c-b46387e64e9e)
2019-11-18 22:06:27.064 27675 RALLYDEBUG rally_openstack.cleanup.manager [-] Deleting neutron.network object s_rally_76721528_A1Lqo2iR (d0d88bc8-06a9-4a6b-af66-46b903a2bd75)
2019-11-18 22:06:27.162 27675 RALLYDEBUG rally_openstack.cleanup.manager [-] Deleting neutron.network object s_rally_76721528_LaqZPPrM (d72ecb75-746e-44aa-909e-231596de7861)
2019-11-18 22:06:27.193 27675 RALLYDEBUG rally_openstack.cleanup.manager [-] Deleting neutron.network object s_rally_76721528_XDFHqfJb (d90c77f2-d213-42d8-9770-478ef6de34c4)
2019-11-18 22:06:27.338 27675 RALLYDEBUG rally_openstack.cleanup.manager [-] Deleting neutron.network object s_rally_76721528_h0TmANAv (da4f5668-521e-4ad4-a58d-cc470edd263a)
2019-11-18 22:06:27.344 27675 RALLYDEBUG rally_openstack.cleanup.manager [-] Deleting neutron.network object s_rally_76721528_hf5jnSDM (f7cb1917-aebc-4d95-9d1e-b0cdc3e434e7)
2019-11-18 22:06:27.348 27675 RALLYDEBUG rally_openstack.cleanup.manager [-] Deleting neutron.network object s_rally_76721528_5I0IrAV5 (f7eca057-1e77-4f5e-8d8e-e314d30a6f24)
2019-11-18 22:06:29.810 27675 RALLYDEBUG rally_openstack.cleanup.manager [-] Cleaning up neutron router objects
2019-11-18 22:06:30.241 27675 RALLYDEBUG rally_openstack.cleanup.manager [-] Cleaning up neutron security_group objects
2019-11-18 22:06:30.705 27675 INFO rally.task.context [-] Task 3839a601-71de-4812-9de7-7879e53bda38 | Context cleanup@openstack cleanup() finished in 10.36 sec
2019-11-18 22:06:30.705 27675 INFO rally.task.context [-] Task 3839a601-71de-4812-9de7-7879e53bda38 | Context quotas@openstack cleanup() started
2019-11-18 22:06:30.788 27675 INFO rally.task.context [-] Task 3839a601-71de-4812-9de7-7879e53bda38 | Context quotas@openstack cleanup() finished in 83.14 msec
2019-11-18 22:06:30.789 27675 INFO rally.task.context [-] Task 3839a601-71de-4812-9de7-7879e53bda38 | Context users@openstack cleanup() started
2019-11-18 22:06:33.445 27675 INFO rally.task.context [-] Task 3839a601-71de-4812-9de7-7879e53bda38 | Context users@openstack cleanup() finished in 2.66 sec
2019-11-18 22:06:35.119 27675 INFO rally.task.engine [-] Load duration is: 20.4664
2019-11-18 22:06:35.119 27675 INFO rally.task.engine [-] Full runner duration is: 20.515098
2019-11-18 22:06:35.119 27675 INFO rally.task.engine [-] Full duration is: 36.528542
2019-11-18 22:06:35.506 27675 INFO rally.task.engine [-] Running workload: position = 0 config = { "version": 2, "title": "A cropped version of a bigger task.", "description": "Auto-generated task from a single workload (uuid=093619b2-bed3-4eca-9837-35f3f75f402c)", "subtasks": [ { "title": "Quotas.neutron_update", "description": "Update quotas for neutron.", "scenario": { "Quotas.neutron_update": { "max_quota": 1024 } }, "contexts": { "users": { "tenants": 20, "users_per_tenant": 1 } }, "runner": { "constant": { "times": 40, "concurrency": 20 } }, "hooks": [], "sla": { "failure_rate": { "max": 0 } } } ] }
2019-11-18 22:06:35.527 27675 RALLYDEBUG rally_openstack.contexts.keystone.users [-] Creating 20 tenants using 20 threads
2019-11-18 22:06:37.464 27675 RALLYDEBUG rally_openstack.contexts.keystone.users [-] Creating 20 users using 20 threads
2019-11-18 22:06:40.487 27675 INFO rally.task.context [-] Task 3839a601-71de-4812-9de7-7879e53bda38 | Context users@openstack setup() finished in 4.96 sec
2019-11-18 22:06:40.487 27675 INFO rally.task.context [-] Task 3839a601-71de-4812-9de7-7879e53bda38 | Context admin_cleanup@openstack setup() finished in 0.01 msec
2019-11-18 22:06:40.496 27675 RALLYDEBUG rally.task.runner [-] Starting the constant runner (task UUID: 3839a601-71de-4812-9de7-7879e53bda38). times: 40 concurrency: 20 timeout: 0 max_cpu_used: 16 processes_to_start: 16 concurrency_per_worker: 1 concurrency_overhead: 4
2019-11-18 22:06:40.508 32531 RALLYDEBUG rally.task.runner [-] Starting a worker. times: 40 duration: None concurrency: 2 timeout: 0 cls: method_name: run args: {"max_quota": 1024}
2019-11-18 22:06:40.512 32532 RALLYDEBUG rally.task.runner [-] Starting a worker. times: 40 duration: None concurrency: 2 timeout: 0 cls: method_name: run args: {"max_quota": 1024}
2019-11-18 22:06:40.515 32533 RALLYDEBUG rally.task.runner [-] Starting a worker. times: 40 duration: None concurrency: 2 timeout: 0 cls: method_name: run args: {"max_quota": 1024}
2019-11-18 22:06:40.519 32534 RALLYDEBUG rally.task.runner [-] Starting a worker. times: 40 duration: None concurrency: 2 timeout: 0 cls: method_name: run args: {"max_quota": 1024}
2019-11-18 22:06:40.522 32536 RALLYDEBUG rally.task.runner [-] Starting a worker. times: 40 duration: None concurrency: 1 timeout: 0 cls: method_name: run args: {"max_quota": 1024}
2019-11-18 22:06:40.524 32531 INFO rally.task.runner [-] Task 3839a601-71de-4812-9de7-7879e53bda38 | ITER: 1 START
2019-11-18 22:06:40.527 32539 RALLYDEBUG rally.task.runner [-] Starting a worker. times: 40 duration: None concurrency: 1 timeout: 0 cls: method_name: run args: {"max_quota": 1024}
2019-11-18 22:06:40.524 32531 INFO rally.task.runner [-] Task 3839a601-71de-4812-9de7-7879e53bda38 | ITER: 4 START
2019-11-18 22:06:40.530 32543 RALLYDEBUG rally.task.runner [-] Starting a worker. times: 40 duration: None concurrency: 1 timeout: 0 cls: method_name: run args: {"max_quota": 1024}
2019-11-18 22:06:40.531 32533 INFO rally.task.runner [-] Task 3839a601-71de-4812-9de7-7879e53bda38 | ITER: 3 START
2019-11-18 22:06:40.532 32536 INFO rally.task.runner [-] Task 3839a601-71de-4812-9de7-7879e53bda38 | ITER: 7 START
2019-11-18 22:06:40.528 32532 INFO rally.task.runner [-] Task 3839a601-71de-4812-9de7-7879e53bda38 | ITER: 2 START
2019-11-18 22:06:40.534 32534 INFO rally.task.runner [-] Task 3839a601-71de-4812-9de7-7879e53bda38 | ITER: 5 START
2019-11-18 22:06:40.534 32546 RALLYDEBUG rally.task.runner [-] Starting a worker. times: 40 duration: None concurrency: 1 timeout: 0 cls: method_name: run args: {"max_quota": 1024}
2019-11-18 22:06:40.538 32539 INFO rally.task.runner [-] Task 3839a601-71de-4812-9de7-7879e53bda38 | ITER: 10 START
2019-11-18 22:06:40.538 32553 RALLYDEBUG rally.task.runner [-] Starting a worker. times: 40 duration: None concurrency: 1 timeout: 0 cls: method_name: run args: {"max_quota": 1024}
2019-11-18 22:06:40.542 32543 INFO rally.task.runner [-] Task 3839a601-71de-4812-9de7-7879e53bda38 | ITER: 11 START
2019-11-18 22:06:40.542 32556 RALLYDEBUG rally.task.runner [-] Starting a worker. times: 40 duration: None concurrency: 1 timeout: 0 cls: method_name: run args: {"max_quota": 1024}
2019-11-18 22:06:40.533 32532 INFO rally.task.runner [-] Task 3839a601-71de-4812-9de7-7879e53bda38 | ITER: 6 START
2019-11-18 22:06:40.532 32533 INFO rally.task.runner [-] Task 3839a601-71de-4812-9de7-7879e53bda38 | ITER: 8 START
2019-11-18 22:06:40.535 32534 INFO rally.task.runner [-] Task 3839a601-71de-4812-9de7-7879e53bda38 | ITER: 9 START
2019-11-18 22:06:40.547 32546 INFO rally.task.runner [-] Task 3839a601-71de-4812-9de7-7879e53bda38 | ITER: 12 START
2019-11-18 22:06:40.548 32553 INFO rally.task.runner [-] Task 3839a601-71de-4812-9de7-7879e53bda38 | ITER: 13 START
2019-11-18 22:06:40.549 32559 RALLYDEBUG rally.task.runner [-] Starting a worker. times: 40 duration: None concurrency: 1 timeout: 0 cls: method_name: run args: {"max_quota": 1024}
2019-11-18 22:06:40.551 32556 INFO rally.task.runner [-] Task 3839a601-71de-4812-9de7-7879e53bda38 | ITER: 14 START
2019-11-18 22:06:40.557 32566 RALLYDEBUG rally.task.runner [-] Starting a worker. times: 40 duration: None concurrency: 1 timeout: 0 cls: method_name: run args: {"max_quota": 1024}
2019-11-18 22:06:40.561 32559 INFO rally.task.runner [-] Task 3839a601-71de-4812-9de7-7879e53bda38 | ITER: 15 START
2019-11-18 22:06:40.565 32567 RALLYDEBUG rally.task.runner [-] Starting a worker. times: 40 duration: None concurrency: 1 timeout: 0 cls: method_name: run args: {"max_quota": 1024}
2019-11-18 22:06:40.567 32566 INFO rally.task.runner [-] Task 3839a601-71de-4812-9de7-7879e53bda38 | ITER: 16 START
2019-11-18 22:06:40.571 32572 RALLYDEBUG rally.task.runner [-] Starting a worker. times: 40 duration: None concurrency: 1 timeout: 0 cls: method_name: run args: {"max_quota": 1024}
2019-11-18 22:06:40.576 32567 INFO rally.task.runner [-] Task 3839a601-71de-4812-9de7-7879e53bda38 | ITER: 17 START
2019-11-18 22:06:40.579 32572 INFO rally.task.runner [-] Task 3839a601-71de-4812-9de7-7879e53bda38 | ITER: 18 START
2019-11-18 22:06:40.579 32575 RALLYDEBUG rally.task.runner [-] Starting a worker. times: 40 duration: None concurrency: 1 timeout: 0 cls: method_name: run args: {"max_quota": 1024}
2019-11-18 22:06:40.585 32578 RALLYDEBUG rally.task.runner [-] Starting a worker. times: 40 duration: None concurrency: 1 timeout: 0 cls: method_name: run args: {"max_quota": 1024}
2019-11-18 22:06:40.587 32575 INFO rally.task.runner [-] Task 3839a601-71de-4812-9de7-7879e53bda38 | ITER: 19 START
2019-11-18 22:06:40.592 32578 INFO rally.task.runner [-] Task 3839a601-71de-4812-9de7-7879e53bda38 | ITER: 20 START
2019-11-18 22:06:41.065 32536 INFO rally.task.runner [-] Task 3839a601-71de-4812-9de7-7879e53bda38 | ITER: 7 END: OK
2019-11-18 22:06:41.071 32546 INFO rally.task.runner [-] Task 3839a601-71de-4812-9de7-7879e53bda38 | ITER: 12 END: OK
2019-11-18 22:06:41.075 32536 INFO rally.task.runner [-] Task 3839a601-71de-4812-9de7-7879e53bda38 | ITER: 21 START
2019-11-18 22:06:41.076 32534 INFO rally.task.runner [-] Task 3839a601-71de-4812-9de7-7879e53bda38 | ITER: 9 END: OK
2019-11-18 22:06:41.079 32546 INFO rally.task.runner [-] Task 3839a601-71de-4812-9de7-7879e53bda38 | ITER: 22 START
2019-11-18 22:06:41.083 32534 INFO rally.task.runner [-] Task 3839a601-71de-4812-9de7-7879e53bda38 | ITER: 23 START
2019-11-18 22:06:41.129 32543 INFO rally.task.runner [-] Task 3839a601-71de-4812-9de7-7879e53bda38 | ITER: 11 END: OK
2019-11-18 22:06:41.137 32543 INFO rally.task.runner [-] Task 3839a601-71de-4812-9de7-7879e53bda38 | ITER: 24 START
2019-11-18 22:06:41.143 32533 INFO rally.task.runner [-] Task 3839a601-71de-4812-9de7-7879e53bda38 | ITER: 8 END: OK
2019-11-18 22:06:41.144 32532 INFO rally.task.runner [-] Task 3839a601-71de-4812-9de7-7879e53bda38 | ITER: 6 END: OK
2019-11-18 22:06:41.150 32533 INFO rally.task.runner [-] Task 3839a601-71de-4812-9de7-7879e53bda38 | ITER: 25 START
2019-11-18 22:06:41.150 32532 INFO rally.task.runner [-] Task 3839a601-71de-4812-9de7-7879e53bda38 | ITER: 26 START
2019-11-18 22:06:41.180 32539 INFO rally.task.runner [-] Task 3839a601-71de-4812-9de7-7879e53bda38 | ITER: 10 END: OK
2019-11-18 22:06:41.184 32534 INFO rally.task.runner [-] Task 3839a601-71de-4812-9de7-7879e53bda38 | ITER: 5 END: OK
2019-11-18 22:06:41.186 32533 INFO rally.task.runner [-] Task 3839a601-71de-4812-9de7-7879e53bda38 | ITER: 3 END: OK
2019-11-18 22:06:41.187 32553 INFO rally.task.runner [-] Task 3839a601-71de-4812-9de7-7879e53bda38 | ITER: 13 END: OK
2019-11-18 22:06:41.189 32539 INFO rally.task.runner [-] Task 3839a601-71de-4812-9de7-7879e53bda38 | ITER: 27 START
2019-11-18 22:06:41.190 32534 INFO rally.task.runner [-] Task 3839a601-71de-4812-9de7-7879e53bda38 | ITER: 28 START
2019-11-18 22:06:41.192 32533 INFO rally.task.runner [-] Task 3839a601-71de-4812-9de7-7879e53bda38 | ITER: 29 START
2019-11-18 22:06:41.194 32553 INFO rally.task.runner [-] Task 3839a601-71de-4812-9de7-7879e53bda38 | ITER: 30 START
2019-11-18 22:06:41.292 32531 INFO rally.task.runner [-] Task 3839a601-71de-4812-9de7-7879e53bda38 | ITER: 1 END: OK
2019-11-18 22:06:41.299 32531 INFO rally.task.runner [-] Task 3839a601-71de-4812-9de7-7879e53bda38 | ITER: 31 START
2019-11-18 22:06:41.307 32531 INFO rally.task.runner [-] Task 3839a601-71de-4812-9de7-7879e53bda38 | ITER: 4 END: OK
2019-11-18 22:06:41.310 32578 INFO rally.task.runner [-] Task 3839a601-71de-4812-9de7-7879e53bda38 | ITER: 20 END: OK
2019-11-18 22:06:41.313 32531 INFO rally.task.runner [-] Task 3839a601-71de-4812-9de7-7879e53bda38 | ITER: 32 START
2019-11-18 22:06:41.316 32578 INFO rally.task.runner [-] Task 3839a601-71de-4812-9de7-7879e53bda38 | ITER: 33 START
2019-11-18 22:06:41.341 32567 INFO rally.task.runner [-] Task 3839a601-71de-4812-9de7-7879e53bda38 | ITER: 17 END: OK
2019-11-18 22:06:41.347 32567 INFO rally.task.runner [-] Task 3839a601-71de-4812-9de7-7879e53bda38 | ITER: 34 START
2019-11-18 22:06:41.411 32575 INFO rally.task.runner [-] Task 3839a601-71de-4812-9de7-7879e53bda38 | ITER: 19 END: OK
2019-11-18 22:06:41.418 32575 INFO rally.task.runner [-] Task 3839a601-71de-4812-9de7-7879e53bda38 | ITER: 35 START
2019-11-18 22:06:41.444 32556 INFO rally.task.runner [-] Task 3839a601-71de-4812-9de7-7879e53bda38 | ITER: 14 END: OK
2019-11-18 22:06:41.447 32566 INFO rally.task.runner [-] Task 3839a601-71de-4812-9de7-7879e53bda38 | ITER: 16 END: OK
2019-11-18 22:06:41.450 32532 INFO rally.task.runner [-] Task 3839a601-71de-4812-9de7-7879e53bda38 | ITER: 2 END: OK
2019-11-18 22:06:41.450 32556 INFO rally.task.runner [-] Task 3839a601-71de-4812-9de7-7879e53bda38 | ITER: 36 START
2019-11-18 22:06:41.454 32566 INFO rally.task.runner [-] Task 3839a601-71de-4812-9de7-7879e53bda38 | ITER: 37 START
2019-11-18 22:06:41.456 32532 INFO rally.task.runner [-] Task 3839a601-71de-4812-9de7-7879e53bda38 | ITER: 38 START
2019-11-18 22:06:41.456 32559 INFO rally.task.runner [-] Task 3839a601-71de-4812-9de7-7879e53bda38 | ITER: 15 END: OK
2019-11-18 22:06:41.457 32572 INFO rally.task.runner [-] Task 3839a601-71de-4812-9de7-7879e53bda38 | ITER: 18 END: OK
2019-11-18 22:06:41.464 32559 INFO rally.task.runner [-] Task 3839a601-71de-4812-9de7-7879e53bda38 | ITER: 39 START
2019-11-18 22:06:41.465 32572 INFO rally.task.runner [-] Task 3839a601-71de-4812-9de7-7879e53bda38 | ITER: 40 START
2019-11-18 22:06:41.582 32536 INFO rally.task.runner [-] Task 3839a601-71de-4812-9de7-7879e53bda38 | ITER: 21 END: OK
2019-11-18 22:06:41.595 32534 INFO rally.task.runner [-] Task 3839a601-71de-4812-9de7-7879e53bda38 | ITER: 23 END: OK
2019-11-18 22:06:41.633 32546 INFO rally.task.runner [-] Task 3839a601-71de-4812-9de7-7879e53bda38 | ITER: 22 END: OK
2019-11-18 22:06:41.674 32534 INFO rally.task.runner [-] Task 3839a601-71de-4812-9de7-7879e53bda38 | ITER: 28 END: OK
2019-11-18 22:06:41.684 32543 INFO rally.task.runner [-] Task 3839a601-71de-4812-9de7-7879e53bda38 | ITER: 24 END: OK
2019-11-18 22:06:41.709 32553 INFO rally.task.runner [-] Task 3839a601-71de-4812-9de7-7879e53bda38 | ITER: 30 END: OK
2019-11-18 22:06:41.783 32533 INFO rally.task.runner [-] Task 3839a601-71de-4812-9de7-7879e53bda38 | ITER: 25 END: OK
2019-11-18 22:06:41.797 32531 INFO rally.task.runner [-] Task 3839a601-71de-4812-9de7-7879e53bda38 | ITER: 32 END: OK
2019-11-18 22:06:41.812 32532 INFO rally.task.runner [-] Task 3839a601-71de-4812-9de7-7879e53bda38 | ITER: 26 END: OK
2019-11-18 22:06:41.825 32539 INFO rally.task.runner [-] Task 3839a601-71de-4812-9de7-7879e53bda38 | ITER: 27 END: OK
2019-11-18 22:06:41.930 32532 INFO rally.task.runner [-] Task 3839a601-71de-4812-9de7-7879e53bda38 | ITER: 38 END: OK
2019-11-18 22:06:41.932 32531 INFO rally.task.runner [-] Task 3839a601-71de-4812-9de7-7879e53bda38 | ITER: 31 END: OK
2019-11-18 22:06:41.969 32559 INFO rally.task.runner [-] Task 3839a601-71de-4812-9de7-7879e53bda38 | ITER: 39 END: OK
2019-11-18 22:06:41.971 32533 INFO rally.task.runner [-] Task 3839a601-71de-4812-9de7-7879e53bda38 | ITER: 29 END: OK
2019-11-18 22:06:41.972 32567 INFO rally.task.runner [-] Task 3839a601-71de-4812-9de7-7879e53bda38 | ITER: 34 END: OK
2019-11-18 22:06:42.002 32566 INFO rally.task.runner [-] Task 3839a601-71de-4812-9de7-7879e53bda38 | ITER: 37 END: OK
2019-11-18 22:06:42.015 32575 INFO rally.task.runner [-] Task 3839a601-71de-4812-9de7-7879e53bda38 | ITER: 35 END: OK
2019-11-18 22:06:42.065 32572 INFO rally.task.runner [-] Task 3839a601-71de-4812-9de7-7879e53bda38 | ITER: 40 END: OK
2019-11-18 22:06:42.069 32556 INFO rally.task.runner [-] Task 3839a601-71de-4812-9de7-7879e53bda38 | ITER: 36 END: OK
2019-11-18 22:06:42.091 32578 INFO rally.task.runner [-] Task 3839a601-71de-4812-9de7-7879e53bda38 | ITER: 33 END: OK
2019-11-18 22:06:42.116 27675 INFO rally.task.context [-] Task 3839a601-71de-4812-9de7-7879e53bda38 | Context admin_cleanup@openstack cleanup() started
2019-11-18 22:06:42.119 27675 RALLYDEBUG rally_openstack.cleanup.manager [-] Cleaning up neutron quota objects
2019-11-18 22:06:43.615 27675 INFO rally.task.context [-] Task 3839a601-71de-4812-9de7-7879e53bda38 | Context admin_cleanup@openstack cleanup() finished in 1.50 sec
2019-11-18 22:06:43.616 27675 INFO rally.task.context [-] Task 3839a601-71de-4812-9de7-7879e53bda38 | Context users@openstack cleanup() started
2019-11-18 22:07:03.349 27675 INFO rally.task.context [-] Task 3839a601-71de-4812-9de7-7879e53bda38 | Context users@openstack cleanup() finished in 19.73 sec
2019-11-18 22:07:04.074 27675 INFO rally.task.engine [-] Load duration is: 1.564869
2019-11-18 22:07:04.074 27675 INFO rally.task.engine [-] Full runner duration is: 1.619777
2019-11-18 22:07:04.075 27675 INFO rally.task.engine [-] Full duration is: 27.823843
2019-11-18 22:07:04.402 27675 INFO rally.task.engine [-] Running workload: position = 0 config = { "version": 2, "title": "A cropped version of a bigger task.", "description": "Auto-generated task from a single workload (uuid=26e01c3c-56e5-4407-a6c2-413c74ac3a7e)", "subtasks": [ { "title": "NeutronTrunks.create_and_list_trunks", "description": "Create and a given number of trunks with subports and list all trunks", "scenario": { "NeutronTrunks.create_and_list_trunks": { "subport_count": 125 } }, "contexts": { "users": { "tenants": 1, "users_per_tenant": 1 }, "quotas": { "neutron": { "network": -1, "port": 1000 } } }, "runner": { "constant": { "times": 4, "concurrency": 4 } }, "hooks": [], "sla": { "failure_rate": { "max": 0 } } } ] }
2019-11-18 22:07:04.426 27675 RALLYDEBUG rally_openstack.contexts.keystone.users [-] Creating 1 tenants using 20 threads
2019-11-18 22:07:05.345 27675 RALLYDEBUG rally_openstack.contexts.keystone.users [-] Creating 1 users using 20 threads
2019-11-18 22:07:06.866 27675 INFO rally.task.context [-] Task 3839a601-71de-4812-9de7-7879e53bda38 | Context users@openstack setup() finished in 2.44 sec
2019-11-18 22:07:07.431 27675 INFO rally.task.context [-] Task 3839a601-71de-4812-9de7-7879e53bda38 | Context quotas@openstack setup() finished in 0.56 sec
2019-11-18 22:07:07.432 27675 INFO rally.task.context [-] Task 3839a601-71de-4812-9de7-7879e53bda38 | Context cleanup@openstack setup() finished in 0.01 msec
2019-11-18 22:07:07.441 27675 RALLYDEBUG rally.task.runner [-] Starting the constant runner (task UUID: 3839a601-71de-4812-9de7-7879e53bda38). times: 4 concurrency: 4 timeout: 0 max_cpu_used: 16 processes_to_start: 4 concurrency_per_worker: 1 concurrency_overhead: 0
2019-11-18 22:07:07.452 32721 RALLYDEBUG rally.task.runner [-] Starting a worker. times: 4 duration: None concurrency: 1 timeout: 0 cls: method_name: run args: {"subport_count": 125}
2019-11-18 22:07:07.456 32722 RALLYDEBUG rally.task.runner [-] Starting a worker. times: 4 duration: None concurrency: 1 timeout: 0 cls: method_name: run args: {"subport_count": 125}
2019-11-18 22:07:07.458 32721 INFO rally.task.runner [-] Task 3839a601-71de-4812-9de7-7879e53bda38 | ITER: 1 START
2019-11-18 22:07:07.459 32723 RALLYDEBUG rally.task.runner [-] Starting a worker. times: 4 duration: None concurrency: 1 timeout: 0 cls: method_name: run args: {"subport_count": 125}
2019-11-18 22:07:07.462 32722 INFO rally.task.runner [-] Task 3839a601-71de-4812-9de7-7879e53bda38 | ITER: 2 START
2019-11-18 22:07:07.463 32726 RALLYDEBUG rally.task.runner [-] Starting a worker. times: 4 duration: None concurrency: 1 timeout: 0 cls: method_name: run args: {"subport_count": 125}
2019-11-18 22:07:07.465 32723 INFO rally.task.runner [-] Task 3839a601-71de-4812-9de7-7879e53bda38 | ITER: 3 START
2019-11-18 22:07:07.469 32726 INFO rally.task.runner [-] Task 3839a601-71de-4812-9de7-7879e53bda38 | ITER: 4 START
2019-11-18 22:08:20.650 32726 INFO rally.task.runner [-] Task 3839a601-71de-4812-9de7-7879e53bda38 | ITER: 4 END: OK
2019-11-18 22:08:21.591 32723 INFO rally.task.runner [-] Task 3839a601-71de-4812-9de7-7879e53bda38 | ITER: 3 END: OK
2019-11-18 22:08:21.665 32721 INFO rally.task.runner [-] Task 3839a601-71de-4812-9de7-7879e53bda38 | ITER: 1 END: OK
2019-11-18 22:08:24.198 32722 INFO rally.task.runner [-] Task 3839a601-71de-4812-9de7-7879e53bda38 | ITER: 2 END: OK
2019-11-18 22:08:24.226 27675 INFO rally.task.context [-] Task 3839a601-71de-4812-9de7-7879e53bda38 | Context cleanup@openstack cleanup() started
2019-11-18 22:08:24.231 27675 RALLYDEBUG rally_openstack.cleanup.manager [-] Cleaning up neutron vip objects
2019-11-18 22:08:24.633 27675 RALLYDEBUG rally_openstack.cleanup.manager [-] Cleaning up neutron health_monitor objects
2019-11-18 22:08:25.026 27675 RALLYDEBUG rally_openstack.cleanup.manager [-] Cleaning up neutron pool objects
2019-11-18 22:08:25.419 27675 RALLYDEBUG rally_openstack.cleanup.manager [-] Cleaning up neutron loadbalancer objects
2019-11-18 22:08:25.806 27675 RALLYDEBUG rally_openstack.cleanup.manager [-] Cleaning up neutron floatingip objects
2019-11-18 22:08:26.541 27675 RALLYDEBUG rally_openstack.cleanup.manager [-] Cleaning up neutron trunk objects
2019-11-18 22:08:26.997 27675 RALLYDEBUG rally_openstack.cleanup.manager [-] Deleting neutron.trunk object s_rally_26e01c3c_FOJoLLXf (5ab44fb9-5ac2-4d60-88f3-0b112bf18c4b)
2019-11-18 22:08:27.003 27675 RALLYDEBUG rally_openstack.cleanup.manager [-] Deleting neutron.trunk object s_rally_26e01c3c_050GrGto (a20dbb6c-388f-4f6c-ba92-1b5d3fa5b061)
2019-11-18 22:08:27.013 27675 RALLYDEBUG rally_openstack.cleanup.manager [-] Deleting neutron.trunk object s_rally_26e01c3c_Fp7QtJbp (a30af849-8700-4c10-8354-f5c50b629ff2)
2019-11-18 22:08:27.026 27675 RALLYDEBUG rally_openstack.cleanup.manager [-] Deleting neutron.trunk object s_rally_26e01c3c_rWGX3Pyo (f2e57c71-084f-4528-b0f8-b221d40dcfeb)
2019-11-18 22:08:28.683 27675 RALLYDEBUG rally_openstack.cleanup.manager [-] Cleaning up neutron port objects
2019-11-18 22:08:30.357 27675 RALLYDEBUG rally_openstack.cleanup.manager [-] Deleting neutron.port object s_rally_26e01c3c_8DwUIpct (0025848f-cd29-4067-a4bd-c2ce8df80361)
2019-11-18 22:08:30.367 27675 RALLYDEBUG rally_openstack.cleanup.manager [-] Deleting neutron.port object s_rally_26e01c3c_poa4ZOfe (00a24312-c3aa-492d-8844-9f9da101503c)
2019-11-18 22:08:30.376 27675 RALLYDEBUG rally_openstack.cleanup.manager [-] Deleting neutron.port object s_rally_26e01c3c_vKCcxmyr (00bda464-7a9c-4492-97c9-06056af62af9)
2019-11-18 22:08:30.389 27675 RALLYDEBUG rally_openstack.cleanup.manager [-] Deleting neutron.port object s_rally_26e01c3c_xZInw3kU (00f36b4c-bdaf-401d-8346-b2bdbe59aef7)
2019-11-18 22:08:30.408 27675 RALLYDEBUG rally_openstack.cleanup.manager [-] Deleting neutron.port object s_rally_26e01c3c_3p1ho4so (0161eeee-4008-4f85-9845-cc881be0a76e)
2019-11-18 22:08:30.419 27675 RALLYDEBUG rally_openstack.cleanup.manager [-] Deleting neutron.port object s_rally_26e01c3c_yVUNTSUJ (01ca1b31-0ba8-4f9d-a5ad-cfa5d20f10ad)
2019-11-18 22:08:30.432 27675 RALLYDEBUG rally_openstack.cleanup.manager [-] Deleting neutron.port object s_rally_26e01c3c_hE6SC94D (01fafdc6-abd1-4b86-9b66-87fae10913bf)
2019-11-18 22:08:30.443 27675 RALLYDEBUG rally_openstack.cleanup.manager [-] Deleting neutron.port object s_rally_26e01c3c_jCqHKLaj (036ef221-6102-44e2-bd8e-f2a9024693c8)
2019-11-18 22:08:30.450 27675 RALLYDEBUG rally_openstack.cleanup.manager [-] Deleting neutron.port object s_rally_26e01c3c_NBWX2hp0 (04b207b0-d840-4af1-a06a-4fa70b7475d7)
2019-11-18 22:08:30.464 27675 RALLYDEBUG rally_openstack.cleanup.manager [-] Deleting neutron.port object s_rally_26e01c3c_9kFjc1C2 (04e00e4e-95be-4fb5-8863-f00c9929221b)
2019-11-18 22:08:30.486 27675 RALLYDEBUG rally_openstack.cleanup.manager [-] Deleting neutron.port object s_rally_26e01c3c_wtu7sImE (0697622f-4843-4fec-95d2-4b8a767938e1)
2019-11-18 22:08:30.491 27675 RALLYDEBUG rally_openstack.cleanup.manager [-] Deleting neutron.port object s_rally_26e01c3c_IykxC6FU (075d83b6-747e-4688-971b-fa39db11437e)
2019-11-18 22:08:30.497 27675 RALLYDEBUG rally_openstack.cleanup.manager [-] Deleting neutron.port object s_rally_26e01c3c_jJlO87Dh (077c1d8e-680b-4c89-95bb-86f256ed3e75)
2019-11-18 22:08:30.510 27675 RALLYDEBUG rally_openstack.cleanup.manager [-] Deleting neutron.port object s_rally_26e01c3c_o7M4bnfX (07fb4741-646e-44d2-9cba-5c69e48eb9a7)
2019-11-18 22:08:30.517 27675 RALLYDEBUG rally_openstack.cleanup.manager [-] Deleting neutron.port object s_rally_26e01c3c_BeL38hHR (087d290a-c31e-4c54-9801-03f50ea9bb26)
2019-11-18 22:08:30.533 27675 RALLYDEBUG rally_openstack.cleanup.manager [-] Deleting neutron.port object s_rally_26e01c3c_qHe4AyWR (08e72cbc-3be4-4be5-bee8-3e542ba929de)
2019-11-18 22:08:30.540 27675 RALLYDEBUG rally_openstack.cleanup.manager [-] Deleting neutron.port object s_rally_26e01c3c_GmNkvbme (09158a08-5adc-4245-a3f4-2b99807e5aab)
2019-11-18 22:08:30.551 27675 RALLYDEBUG rally_openstack.cleanup.manager [-] Deleting neutron.port object s_rally_26e01c3c_G7MnaOQZ (0a4ad997-e3a5-4df1-a834-90fa2140eebf)
2019-11-18 22:08:30.581 27675 RALLYDEBUG rally_openstack.cleanup.manager [-] Deleting neutron.port object s_rally_26e01c3c_gfmfOl9H (0adebd9e-847a-4782-acbf-dbbf7f085780)
2019-11-18 22:08:30.612 27675 RALLYDEBUG rally_openstack.cleanup.manager [-] Deleting neutron.port object s_rally_26e01c3c_shxlHewC (0b3bfbdb-597c-44a4-a8b6-d925f4c6f18c)
2019-11-18 22:08:32.336 27675 RALLYDEBUG rally_openstack.cleanup.manager [-] Deleting neutron.port object s_rally_26e01c3c_e6Kcdw8l (0bab17ed-f5f2-467d-9763-4dab43bef8fd)
2019-11-18 22:08:32.405 27675 RALLYDEBUG rally_openstack.cleanup.manager [-] Deleting neutron.port object s_rally_26e01c3c_0Ywy3eyA (0c60c0e3-36e6-4878-9146-5a6282a14165)
2019-11-18 22:08:32.413 27675 RALLYDEBUG rally_openstack.cleanup.manager [-] Deleting neutron.port object s_rally_26e01c3c_6MRKJmn7 (0d77e78c-ed50-49b0-9fc0-7479f4acd8b1)
2019-11-18 22:08:32.522 27675 RALLYDEBUG rally_openstack.cleanup.manager [-] Deleting neutron.port object s_rally_26e01c3c_ktHWSmYI (0dbbb0ed-4c98-4df6-9e8b-b54ca13556b4)
2019-11-18 22:08:32.601 27675 RALLYDEBUG rally_openstack.cleanup.manager [-] Deleting neutron.port object s_rally_26e01c3c_pxEFln6Z (0dc4b2ee-5f5b-465d-9bdd-3b7b46d5aa63)
2019-11-18 22:08:32.666 27675 RALLYDEBUG rally_openstack.cleanup.manager [-] Deleting neutron.port object s_rally_26e01c3c_Y9lLoUZY (0e97fa23-e05f-478f-9efa-7ff4fe6dd196)
2019-11-18 22:08:32.709 27675 RALLYDEBUG rally_openstack.cleanup.manager [-] Deleting neutron.port object s_rally_26e01c3c_f0tTycUY (0fbc579a-4524-4677-8af0-b45c52298731)
2019-11-18 22:08:32.718 27675 RALLYDEBUG rally_openstack.cleanup.manager [-] Deleting neutron.port object s_rally_26e01c3c_GC6gfhLs (0fca0c33-8165-4d1e-a24c-da8405e5886f)
2019-11-18 22:08:32.734 27675 RALLYDEBUG rally_openstack.cleanup.manager [-] Deleting neutron.port object s_rally_26e01c3c_m4knf6cc (116fb614-23d7-4cee-acc3-eecf3336305a)
2019-11-18 22:08:32.807 27675 RALLYDEBUG rally_openstack.cleanup.manager [-] Deleting neutron.port object s_rally_26e01c3c_KvsjGerj (11cc7ea8-1536-4d5f-878d-4c48935b6997)
2019-11-18 22:08:32.826 27675 RALLYDEBUG rally_openstack.cleanup.manager [-] Deleting neutron.port object s_rally_26e01c3c_sRYcxrlV (12505d79-356f-484d-9b5f-70824b014f79)
2019-11-18 22:08:32.852 27675 RALLYDEBUG rally_openstack.cleanup.manager [-] Deleting neutron.port object s_rally_26e01c3c_zdWOyHMS (12652e3b-d497-4a27-a763-0480eaf80175)
2019-11-18 22:08:32.859 27675 RALLYDEBUG rally_openstack.cleanup.manager [-] Deleting neutron.port object s_rally_26e01c3c_vlUn4kPd (13013ddb-ab1d-45e3-a71c-6d0400f38c6c)
2019-11-18 22:08:32.872 27675 RALLYDEBUG rally_openstack.cleanup.manager [-] Deleting neutron.port object s_rally_26e01c3c_M2A9ia63 (1339b6d0-1dbb-4cb1-b478-6ec74184eceb)
2019-11-18 22:08:32.985 27675 RALLYDEBUG rally_openstack.cleanup.manager [-] Deleting neutron.port object s_rally_26e01c3c_ixwvZZQj (135a3bf2-93c3-4e22-ae64-0097503dba52)
2019-11-18 22:08:33.077 27675 RALLYDEBUG rally_openstack.cleanup.manager [-] Deleting neutron.port object s_rally_26e01c3c_o3x6sAwr (1417822c-7fbd-44a2-a89d-5ce4ef878f6e)
2019-11-18 22:08:33.255 27675 RALLYDEBUG rally_openstack.cleanup.manager [-] Deleting neutron.port object s_rally_26e01c3c_QsXqeW6q (14d9cb05-a85d-444b-9152-ef578bb3be07)
2019-11-18 22:08:33.269 27675 RALLYDEBUG rally_openstack.cleanup.manager [-] Deleting neutron.port object s_rally_26e01c3c_cjsrTvuR (1523b950-b8a3-419c-8db6-aa1353251abb)
2019-11-18 22:08:33.338 27675 RALLYDEBUG rally_openstack.cleanup.manager [-] Deleting neutron.port object s_rally_26e01c3c_ZGK2d4aK (1534e1bc-caba-4f5e-a565-2eaecee1d04e)
2019-11-18 22:08:33.364 27675 RALLYDEBUG rally_openstack.cleanup.manager [-] Deleting neutron.port object s_rally_26e01c3c_EoRm7KYY (16f24630-5151-46ec-8c3a-426dc562f53d)
2019-11-18 22:08:34.149 27675 RALLYDEBUG rally_openstack.cleanup.manager [-] Deleting neutron.port object s_rally_26e01c3c_HxWkT54x (1739db28-eeb8-4214-a6d2-e4d1327a45f6)
2019-11-18 22:08:34.305 27675 RALLYDEBUG rally_openstack.cleanup.manager [-] Deleting neutron.port object s_rally_26e01c3c_VVUwTwnu (177ccb3e-637e-40e9-8770-d5b5714f5cd6)
2019-11-18 22:08:34.445 27675 RALLYDEBUG rally_openstack.cleanup.manager [-] Deleting neutron.port object s_rally_26e01c3c_hWUqnwpx (1789a721-60a5-4fd1-a87a-54439876b86c)
2019-11-18 22:08:34.449 27675 RALLYDEBUG rally_openstack.cleanup.manager [-] Deleting neutron.port object s_rally_26e01c3c_thYLIuh3 (17ac300b-fc46-4cee-ab7b-42f008fa1311)
2019-11-18 22:08:34.605 27675 RALLYDEBUG rally_openstack.cleanup.manager [-] Deleting neutron.port object s_rally_26e01c3c_AHT2jtWu (17be5bb4-0a80-45c8-ae8d-51ce1cd6ca44)
2019-11-18 22:08:34.609 27675 RALLYDEBUG rally_openstack.cleanup.manager [-] Deleting neutron.port object s_rally_26e01c3c_uvr0n4c1 (189193b2-ac70-44f6-843b-d0a30cada02c)
2019-11-18 22:08:34.636 27675 RALLYDEBUG rally_openstack.cleanup.manager [-] Deleting neutron.port object s_rally_26e01c3c_lThIr9r0 (18fe849d-c2aa-47be-944e-150a2fdad161)
2019-11-18 22:08:34.664 27675 RALLYDEBUG rally_openstack.cleanup.manager [-] Deleting neutron.port object s_rally_26e01c3c_jLAgKF0o (1920867e-7a26-429b-94ba-3efb37bd3313)
2019-11-18 22:08:34.770 27675 RALLYDEBUG rally_openstack.cleanup.manager [-] Deleting neutron.port object s_rally_26e01c3c_P8rOiC7e (1a635841-63c4-4768-9ac0-0b6d7cf1b5ea)
2019-11-18 22:08:34.832 27675 RALLYDEBUG rally_openstack.cleanup.manager [-] Deleting neutron.port object s_rally_26e01c3c_nG7amWEG (1aa71d58-ffd4-45d3-8561-0e630ea83324)
2019-11-18 22:08:34.837 27675 RALLYDEBUG rally_openstack.cleanup.manager [-] Deleting neutron.port object s_rally_26e01c3c_jdZjahza (1b4aefac-ed37-4937-82ec-55ebcab07ee8)
2019-11-18 22:08:34.926 27675 RALLYDEBUG rally_openstack.cleanup.manager [-] Deleting neutron.port object s_rally_26e01c3c_AmNdkcXU (1be5bc21-ca08-46c5-8d10-db85c38c6b9b)
2019-11-18 22:08:35.030 27675 RALLYDEBUG rally_openstack.cleanup.manager [-] Deleting neutron.port object s_rally_26e01c3c_Uql2kC3Y (1d3e351d-3d1f-4de1-bf2b-88fd630f3f5f)
2019-11-18 22:08:35.127 27675 RALLYDEBUG rally_openstack.cleanup.manager [-] Deleting neutron.port object s_rally_26e01c3c_G7BDZi28 (1d6009a2-d9a3-4cea-bb51-f09869cf3ab4)
2019-11-18 22:08:35.145 27675 RALLYDEBUG rally_openstack.cleanup.manager [-] Deleting neutron.port object s_rally_26e01c3c_E3N5ohDA (1d7bf1f6-aa27-4623-891a-6924e1d61009)
2019-11-18 22:08:35.155 27675 RALLYDEBUG rally_openstack.cleanup.manager [-] Deleting neutron.port object s_rally_26e01c3c_SX9xnkU6 (1d96578f-de00-4b1e-bc83-bc228644f597)
2019-11-18 22:08:35.182 27675 RALLYDEBUG rally_openstack.cleanup.manager [-] Deleting neutron.port object s_rally_26e01c3c_YYyNmVCF (1d96ad18-ba11-4493-b8b6-37652497dc3c)
2019-11-18 22:08:35.253 27675 RALLYDEBUG rally_openstack.cleanup.manager [-] Deleting neutron.port object s_rally_26e01c3c_euhtzMkC (1de0e6ef-deb7-483e-b5d2-261ae5429065)
2019-11-18 22:08:35.257 27675 RALLYDEBUG rally_openstack.cleanup.manager [-] Deleting neutron.port object s_rally_26e01c3c_nBc8qw3V (1e2cb6ec-268a-4dbd-991f-4c51c2e43e21)
2019-11-18 22:08:35.354 27675 RALLYDEBUG rally_openstack.cleanup.manager [-] Deleting neutron.port object s_rally_26e01c3c_3R3lGQv8 (1f860f9d-8f27-4e5b-bf69-c31f248ff278)
2019-11-18 22:08:35.913 27675 RALLYDEBUG rally_openstack.cleanup.manager [-] Deleting neutron.port object s_rally_26e01c3c_ixeJo9fg (1fbfe175-9f77-4992-8aeb-60eab1d01dd8)
2019-11-18 22:08:36.210 27675 RALLYDEBUG rally_openstack.cleanup.manager [-] Deleting neutron.port object s_rally_26e01c3c_QUHmGsIk (2091bbb4-a0d7-486d-b015-1ba97b030dab)
2019-11-18 22:08:36.214 27675 RALLYDEBUG rally_openstack.cleanup.manager [-] Deleting neutron.port object s_rally_26e01c3c_PHM7Wnmt (20981445-33a1-44b0-8694-98e9db13d2da)
2019-11-18 22:08:36.365 27675 RALLYDEBUG rally_openstack.cleanup.manager [-] Deleting neutron.port object s_rally_26e01c3c_ljFHEAoY (209fdee1-527b-4e2b-8aad-75fb7a0575d5)
2019-11-18 22:08:36.500 27675 RALLYDEBUG rally_openstack.cleanup.manager [-] Deleting neutron.port object s_rally_26e01c3c_MjHXrBrJ (20d230a6-43af-4911-b7ed-b8375571761e)
2019-11-18 22:08:36.685 27675 RALLYDEBUG rally_openstack.cleanup.manager [-] Deleting neutron.port object s_rally_26e01c3c_mFl6KyEf (210fb17d-2769-4b76-813e-c597d490d33f)
2019-11-18 22:08:36.696 27675 RALLYDEBUG rally_openstack.cleanup.manager [-] Deleting neutron.port object s_rally_26e01c3c_AfoBu0Gs (212fe604-df1d-48f8-a5c7-faf21154545d)
2019-11-18 22:08:36.874 27675 RALLYDEBUG rally_openstack.cleanup.manager [-] Deleting neutron.port object s_rally_26e01c3c_grRa3nOt (218762e0-317b-4a16-9623-93be2c7d2af8)
2019-11-18 22:08:36.924 27675 RALLYDEBUG rally_openstack.cleanup.manager [-] Deleting neutron.port object s_rally_26e01c3c_k3lVfh92 (21d651b0-983c-4597-98e8-2acf768dc81d)
2019-11-18 22:08:36.942 27675 RALLYDEBUG rally_openstack.cleanup.manager [-] Deleting neutron.port object s_rally_26e01c3c_RIKys5cZ (21dae5ee-cac0-402e-82c9-46f8754e1130)
2019-11-18 22:08:36.953 27675 RALLYDEBUG rally_openstack.cleanup.manager [-] Deleting neutron.port object s_rally_26e01c3c_7vbyYhkW (227ac34c-92c8-4303-abfa-032279951186)
2019-11-18 22:08:36.956 27675 RALLYDEBUG rally_openstack.cleanup.manager [-] Deleting neutron.port object s_rally_26e01c3c_c56jVkWI (2298ebff-0a15-4dba-9aa6-d2701d7f1879)
2019-11-18 22:08:36.965 27675 RALLYDEBUG rally_openstack.cleanup.manager [-] Deleting neutron.port object s_rally_26e01c3c_friAoXax (23a0372c-6cc2-4d82-a597-fab1045e8ac2)
2019-11-18 22:08:37.015 27675 RALLYDEBUG rally_openstack.cleanup.manager [-] Deleting neutron.port object s_rally_26e01c3c_FTV0wutq (240f4603-1ab5-4c62-8d4c-7db882f3fb69)
2019-11-18 22:08:37.052 27675 RALLYDEBUG rally_openstack.cleanup.manager [-] Deleting neutron.port object s_rally_26e01c3c_CmluXCnK (24374277-5225-42b4-801c-5e15a96b8d26)
2019-11-18 22:08:37.096 27675 RALLYDEBUG rally_openstack.cleanup.manager [-] Deleting neutron.port object s_rally_26e01c3c_EsVllGXZ (2441fed2-662d-4770-ba30-e6ad213062ce)
2019-11-18 22:08:37.110 27675 RALLYDEBUG rally_openstack.cleanup.manager [-] Deleting neutron.port object s_rally_26e01c3c_c02fagPK (2487f99b-fc09-4956-839d-609ec9237037)
2019-11-18 22:08:37.121 27675 RALLYDEBUG rally_openstack.cleanup.manager [-] Deleting neutron.port object s_rally_26e01c3c_34Zx3SR5 (2507e0de-8c35-4e6d-88b1-82f5f3abd9a2)
2019-11-18 22:08:37.214 27675 RALLYDEBUG rally_openstack.cleanup.manager [-] Deleting neutron.port object s_rally_26e01c3c_UvDJxBvN (2a282a81-6363-487f-8857-0e1f64497781)
2019-11-18 22:08:37.323 27675 RALLYDEBUG rally_openstack.cleanup.manager [-] Deleting neutron.port object s_rally_26e01c3c_6OfFG43A (2a5931ad-39db-4e4c-9e4f-e6c23ae68145)
2019-11-18 22:08:37.942 27675 RALLYDEBUG rally_openstack.cleanup.manager [-] Deleting neutron.port object s_rally_26e01c3c_OxIZFAzd (2a7bd894-0d51-4b8f-8dbc-5cf8ad46286c)
2019-11-18 22:08:37.960 27675 RALLYDEBUG rally_openstack.cleanup.manager [-] Deleting neutron.port object s_rally_26e01c3c_XOoy34uo (2af73262-6050-410f-9b2a-d267c38df57e)
2019-11-18 22:08:37.981 27675 RALLYDEBUG rally_openstack.cleanup.manager [-] Deleting neutron.port object s_rally_26e01c3c_GttVZ0sF (2b164a40-d3e2-4826-aefc-5c24deb5bad2)
2019-11-18 22:08:38.068 27675 RALLYDEBUG rally_openstack.cleanup.manager [-] Deleting neutron.port object s_rally_26e01c3c_a3GzTwqm (2b7cb595-208e-4b7b-82d7-9c3df61db411)
2019-11-18 22:08:38.442 27675 RALLYDEBUG rally_openstack.cleanup.manager [-] Deleting neutron.port object s_rally_26e01c3c_n67J8UVV (2b7ed7da-275e-4c09-9d1f-2f67b106f68d)
2019-11-18 22:08:38.519 27675 RALLYDEBUG rally_openstack.cleanup.manager [-] Deleting neutron.port object s_rally_26e01c3c_lFtYh7qe (2b85178c-5db5-40c0-b957-0362ddafc000)
2019-11-18 22:08:38.591 27675 RALLYDEBUG rally_openstack.cleanup.manager [-] Deleting neutron.port object s_rally_26e01c3c_gVhg1ple (2ba9e888-7c16-48c0-9e84-9c9a4ba35aa1)
2019-11-18 22:08:38.719 27675 RALLYDEBUG rally_openstack.cleanup.manager [-] Deleting neutron.port object s_rally_26e01c3c_Vx9eydar (2bc4f236-13ed-4b5b-8f02-c2e53e3cd2c0)
2019-11-18 22:08:38.759 27675 RALLYDEBUG rally_openstack.cleanup.manager [-] Deleting neutron.port object s_rally_26e01c3c_yOSFD1dv (2c121c5f-9945-44b3-bcb9-d2d05718cee5)
2019-11-18 22:08:38.769 27675 RALLYDEBUG rally_openstack.cleanup.manager [-] Deleting neutron.port object s_rally_26e01c3c_Ip7VJUje (2c5de7ef-e8b1-4251-a004-8ea5ff9a31aa)
2019-11-18 22:08:38.887 27675 RALLYDEBUG rally_openstack.cleanup.manager [-] Deleting neutron.port object s_rally_26e01c3c_1Nzf8p2n (2ceac14d-7014-4062-aa32-3a4229fac9b4)
2019-11-18 22:08:38.983 27675 RALLYDEBUG rally_openstack.cleanup.manager [-] Deleting neutron.port object s_rally_26e01c3c_uBqnV2ed (2d2443c9-ef3d-4379-ab25-77a5bb1d85a3)
2019-11-18 22:08:39.051 27675 RALLYDEBUG rally_openstack.cleanup.manager [-] Deleting neutron.port object s_rally_26e01c3c_ObnZqvjv (2d64cbba-2685-453f-bdcd-583b3914f4a5)
2019-11-18 22:08:39.116 27675 RALLYDEBUG rally_openstack.cleanup.manager [-] Deleting neutron.port object s_rally_26e01c3c_OlbpRMSz (2ed9c74a-468f-492c-ba1b-6c1750e7c185)
2019-11-18 22:08:39.308 27675 RALLYDEBUG rally_openstack.cleanup.manager [-] Deleting neutron.port object s_rally_26e01c3c_IGWYmixd (2f38ca74-88fd-48a0-8e68-47af04f664c0)
2019-11-18 22:08:39.311 27675 RALLYDEBUG rally_openstack.cleanup.manager [-] Deleting neutron.port object s_rally_26e01c3c_fbdVUttV (2f6a1041-378f-494f-b7ef-183caafa8628)
2019-11-18 22:08:39.315 27675 RALLYDEBUG rally_openstack.cleanup.manager [-] Deleting neutron.port object s_rally_26e01c3c_jlksOJrA (2fa077e2-70e4-4ec8-9253-67f99ff7b807)
2019-11-18 22:08:39.324 27675 RALLYDEBUG rally_openstack.cleanup.manager [-] Deleting neutron.port object s_rally_26e01c3c_fJfjhgDE (303dee44-8b0a-4671-9213-b93f46465635)
2019-11-18 22:08:39.478 27675 RALLYDEBUG rally_openstack.cleanup.manager [-] Deleting neutron.port object s_rally_26e01c3c_orEF0R8V (3096c95c-a614-499b-97b8-bc38a819fc03)
