2019-11-18 22:05:31.698 27675 RALLYDEBUG rally_openstack.cleanup.manager [-] Deleting neutron.port object s_rally_55f2995c_HD8U3mTb (46525509-a18b-45d3-bb29-765aef164130)
2019-11-18 22:05:31.746 27675 RALLYDEBUG rally_openstack.cleanup.manager [-] Deleting neutron.port object s_rally_55f2995c_arA2Friu (475e97cf-ec36-4901-be05-d5244091bac8)
2019-11-18 22:05:31.762 27675 RALLYDEBUG rally_openstack.cleanup.manager [-] Deleting neutron.port object s_rally_55f2995c_GUJ9GUbv (491cec7e-ee56-4884-9ef8-5e6d95eca187)
2019-11-18 22:05:31.771 27675 RALLYDEBUG rally_openstack.cleanup.manager [-] Deleting neutron.port object s_rally_55f2995c_s0EtEqSP (4a401cfa-b0b3-4dd4-bd8f-a8f9091f4de2)
2019-11-18 22:05:31.896 27675 RALLYDEBUG rally_openstack.cleanup.manager [-] Deleting neutron.port object s_rally_55f2995c_pR4nPpxT (4c0e0f1b-8825-406b-86f3-f4c448c3c775)
2019-11-18 22:05:31.989 27675 RALLYDEBUG rally_openstack.cleanup.manager [-] Deleting neutron.port object s_rally_55f2995c_9ZSbLp7M (4c33151f-28ae-4a39-b1ca-4d624d2f475a)
2019-11-18 22:05:32.241 27675 RALLYDEBUG rally_openstack.cleanup.manager [-] Deleting neutron.port object s_rally_55f2995c_2nEjYcFZ (4c392e91-311b-443b-a35c-d1efa964a9f0)
2019-11-18 22:05:32.341 27675 RALLYDEBUG rally_openstack.cleanup.manager [-] Deleting neutron.port object s_rally_55f2995c_WngYTGSj (4e33b712-4177-418e-adba-0ea32c0362d6)
2019-11-18 22:05:32.417 27675 RALLYDEBUG rally_openstack.cleanup.manager [-] Deleting neutron.port object s_rally_55f2995c_oVOI1nMa (4e6abb16-bdf9-472d-808c-a20ff0eb8627)
2019-11-18 22:05:32.517 27675 RALLYDEBUG rally_openstack.cleanup.manager [-] Deleting neutron.port object s_rally_55f2995c_pALhX928 (5029070f-3cee-4de8-bdde-8ad059cf526e)
2019-11-18 22:05:32.525 27675 RALLYDEBUG rally_openstack.cleanup.manager [-] Deleting neutron.port object s_rally_55f2995c_BlgpZlLy (50beabe0-00cc-4517-981d-e84195074e7e)
2019-11-18 22:05:32.568 27675 RALLYDEBUG rally_openstack.cleanup.manager [-] Deleting neutron.port object s_rally_55f2995c_N0SIV8hE (52050e6c-d6af-42ba-841f-246e318635b8)
2019-11-18 22:05:32.591 27675 RALLYDEBUG rally_openstack.cleanup.manager [-] Deleting neutron.port object s_rally_55f2995c_z9oLEogb (52ee1b4d-7de4-462e-bb75-9cb94b50d027)
2019-11-18 22:05:32.635 27675 RALLYDEBUG rally_openstack.cleanup.manager [-] Deleting neutron.port object s_rally_55f2995c_IyLsJdhP (532f2774-6165-47d1-9532-01ef6f666648)
2019-11-18 22:05:32.932 27675 RALLYDEBUG rally_openstack.cleanup.manager [-] Deleting neutron.port object s_rally_55f2995c_m4Zuulu0 (543a8652-09b5-4671-8ebf-cf2f3dafb3a1)
2019-11-18 22:05:32.953 27675 RALLYDEBUG rally_openstack.cleanup.manager [-] Deleting neutron.port object s_rally_55f2995c_djl3CxDN (57545569-9875-4e5a-8419-4c178e353a45)
2019-11-18 22:05:33.026 27675 RALLYDEBUG rally_openstack.cleanup.manager [-] Deleting neutron.port object s_rally_55f2995c_IWv3tRJK (579753a6-f94d-4a97-9585-792953b97dae)
2019-11-18 22:05:33.042 27675 RALLYDEBUG rally_openstack.cleanup.manager [-] Deleting neutron.port object s_rally_55f2995c_83ZlHyF4 (59658a95-a739-46cb-b550-198b8c16bbe9)
2019-11-18 22:05:33.064 27675 RALLYDEBUG rally_openstack.cleanup.manager [-] Deleting neutron.port object s_rally_55f2995c_d9A76tJN (59a35bf9-3ec6-433d-83d1-bd9d6aa643e5)
2019-11-18 22:05:33.402 27675 RALLYDEBUG rally_openstack.cleanup.manager [-] Deleting neutron.port object s_rally_55f2995c_ivw77me1 (5a0cd06c-6ada-4ff6-bc2d-b2a032a69d9a)
2019-11-18 22:05:33.480 27675 RALLYDEBUG rally_openstack.cleanup.manager [-] Deleting neutron.port object s_rally_55f2995c_mjJZwnUQ (5ae3a5a8-27df-4a42-a695-90715d28d628)
2019-11-18 22:05:33.514 27675 RALLYDEBUG rally_openstack.cleanup.manager [-] Deleting neutron.port object s_rally_55f2995c_MiHJwtis (5c874ab8-422c-4991-8775-698301b2ec05)
2019-11-18 22:05:33.738 27675 RALLYDEBUG rally_openstack.cleanup.manager [-] Deleting neutron.port object s_rally_55f2995c_hjNyaIEj (5d274129-24b0-4386-bd74-ae912ce9aa11)
2019-11-18 22:05:33.811 27675 RALLYDEBUG rally_openstack.cleanup.manager [-] Deleting neutron.port object s_rally_55f2995c_stHEYWwF (5db3f94b-bbac-4ebe-b67b-9b1806d30861)
2019-11-18 22:05:33.889 27675 RALLYDEBUG rally_openstack.cleanup.manager [-] Deleting neutron.port object s_rally_55f2995c_SIoWeVor (5ddba178-b092-479f-82b5-694258abddf2)
2019-11-18 22:05:33.893 27675 RALLYDEBUG rally_openstack.cleanup.manager [-] Deleting neutron.port object s_rally_55f2995c_LgD2NHIG (5e473e1d-8628-469d-9405-8abaf11ff67c)
2019-11-18 22:05:34.097 27675 RALLYDEBUG rally_openstack.cleanup.manager [-] Deleting neutron.port object s_rally_55f2995c_zvyr4Axj (5e894f70-86ee-49a5-937c-724bb0199870)
2019-11-18 22:05:34.267 27675 RALLYDEBUG rally_openstack.cleanup.manager [-] Deleting neutron.port object s_rally_55f2995c_OUEdxhBw (5edf95db-2c69-495b-9be5-6fe261d20f5d)
2019-11-18 22:05:34.316 27675 RALLYDEBUG rally_openstack.cleanup.manager [-] Deleting neutron.port object s_rally_55f2995c_seQnC06e (624278b5-1ffd-401a-9b9b-dd4322095944)
2019-11-18 22:05:34.333 27675 RALLYDEBUG rally_openstack.cleanup.manager [-] Deleting neutron.port object s_rally_55f2995c_elz22NY3 (63f27ff5-b13e-411c-a783-669863384f26)
2019-11-18 22:05:34.437 27675 RALLYDEBUG rally_openstack.cleanup.manager [-] Deleting neutron.port object s_rally_55f2995c_D8RVxDd2 (66ef44c4-754a-4fca-a62f-fb6cdd7e50a2)
2019-11-18 22:05:34.477 27675 RALLYDEBUG rally_openstack.cleanup.manager [-] Deleting neutron.port object s_rally_55f2995c_DNtPAylS (6b9800f4-bab1-4dab-8b44-d4a37df5da35)
2019-11-18 22:05:34.526 27675 RALLYDEBUG rally_openstack.cleanup.manager [-] Deleting neutron.port object s_rally_55f2995c_y47Hvvci (6bab4a48-7d4b-4b55-ada9-cb0d4e514154)
2019-11-18 22:05:34.566 27675 RALLYDEBUG rally_openstack.cleanup.manager [-] Deleting neutron.port object s_rally_55f2995c_95a8YaeA (6c1782e8-a2c9-4834-845f-493ffe45d9db)
2019-11-18 22:05:34.682 27675 RALLYDEBUG rally_openstack.cleanup.manager [-] Deleting neutron.port object s_rally_55f2995c_gQufFsy1 (6ccf2d49-d384-4431-8341-ac68cb27402e)
2019-11-18 22:05:34.690 27675 RALLYDEBUG rally_openstack.cleanup.manager [-] Deleting neutron.port object s_rally_55f2995c_GqcKV8cd (6cec8adf-c96f-4937-b046-ed309c81ba10)
2019-11-18 22:05:34.757 27675 RALLYDEBUG rally_openstack.cleanup.manager [-] Deleting neutron.port object s_rally_55f2995c_jmK0ebOz (6d84449c-187c-45cc-ac60-aad3ea25d10a)
2019-11-18 22:05:34.770 27675 RALLYDEBUG rally_openstack.cleanup.manager [-] Deleting neutron.port object s_rally_55f2995c_OmbJKzZd (6e90c298-fb44-4c6a-b3af-20e2b2b7458b)
2019-11-18 22:05:34.813 27675 RALLYDEBUG rally_openstack.cleanup.manager [-] Deleting neutron.port object s_rally_55f2995c_iZp5VQPa (6f9ae50b-3ec7-4f97-8d1e-2653b6fd422b)
2019-11-18 22:05:35.192 27675 RALLYDEBUG rally_openstack.cleanup.manager [-] Deleting neutron.port object s_rally_55f2995c_I5SLMNUJ (72c54332-cbac-4a3e-8eb3-eea5bdf01a1b)
2019-11-18 22:05:35.230 27675 RALLYDEBUG rally_openstack.cleanup.manager [-] Deleting neutron.port object s_rally_55f2995c_BPISvtB8 (730647da-05d5-48f4-bd85-9032347e41b6)
2019-11-18 22:05:35.382 27675 RALLYDEBUG rally_openstack.cleanup.manager [-] Deleting neutron.port object s_rally_55f2995c_xGhqSu19 (74c96a1a-8165-4033-8a7c-b14b5f6d4c77)
2019-11-18 22:05:35.502 27675 RALLYDEBUG rally_openstack.cleanup.manager [-] Deleting neutron.port object s_rally_55f2995c_Uh5AZcZe (7578021b-7e3e-4cc4-9531-a51e349bc572)
2019-11-18 22:05:35.564 27675 RALLYDEBUG rally_openstack.cleanup.manager [-] Deleting neutron.port object s_rally_55f2995c_Qawpf9UC (7618a099-6817-4389-9e7e-9dacd97669d8)
2019-11-18 22:05:35.610 27675 RALLYDEBUG rally_openstack.cleanup.manager [-] Deleting neutron.port object s_rally_55f2995c_xZ8ZSH01 (761c907e-135f-43ed-8d9e-ff29616da076)
2019-11-18 22:05:35.634 27675 RALLYDEBUG rally_openstack.cleanup.manager [-] Deleting neutron.port object s_rally_55f2995c_36q3lOio (7647920c-14a5-495f-8abf-f4031819d62f)
2019-11-18 22:05:35.899 27675 RALLYDEBUG rally_openstack.cleanup.manager [-] Deleting neutron.port object s_rally_55f2995c_LMJt4Iy8 (78effdbd-dab1-4f3d-b62c-0ba2b1d060b3)
2019-11-18 22:05:35.993 27675 RALLYDEBUG rally_openstack.cleanup.manager [-] Deleting neutron.port object s_rally_55f2995c_Jm9LPW8K (7ac09131-f529-43f3-8723-04f19f6afb34)
2019-11-18 22:05:36.119 27675 RALLYDEBUG rally_openstack.cleanup.manager [-] Deleting neutron.port object s_rally_55f2995c_JdSHqzes (7db8b2a7-293a-48b4-8817-518570b5f88a)
2019-11-18 22:05:36.194 27675 RALLYDEBUG rally_openstack.cleanup.manager [-] Deleting neutron.port object s_rally_55f2995c_LvEMLSVi (7f22f73e-2739-426f-9e57-63ca70377ae9)
2019-11-18 22:05:36.259 27675 RALLYDEBUG rally_openstack.cleanup.manager [-] Deleting neutron.port object s_rally_55f2995c_CKLg11UK (7f9701ff-9f19-43c3-a40d-f32fa5c2be5f)
2019-11-18 22:05:36.319 27675 RALLYDEBUG rally_openstack.cleanup.manager [-] Deleting neutron.port object s_rally_55f2995c_1PEg02kP (7fe330fb-ddff-4501-9fad-ccfbb55382be)
2019-11-18 22:05:36.353 27675 RALLYDEBUG rally_openstack.cleanup.manager [-] Deleting neutron.port object s_rally_55f2995c_I83nM5aq (822a5728-f1dd-489f-a069-85b1ec3162ad)
2019-11-18 22:05:36.449 27675 RALLYDEBUG rally_openstack.cleanup.manager [-] Deleting neutron.port object s_rally_55f2995c_QJNx4CV3 (8339afd7-e24d-43a1-9c23-4d94b58d2792)
2019-11-18 22:05:36.480 27675 RALLYDEBUG rally_openstack.cleanup.manager [-] Deleting neutron.port object s_rally_55f2995c_o0dYkyOU (836cc4fc-e8bc-448f-82aa-3400d3647f80)
2019-11-18 22:05:36.532 27675 RALLYDEBUG rally_openstack.cleanup.manager [-] Deleting neutron.port object s_rally_55f2995c_rlDPUAIP (848e0473-81ef-4267-a1f3-3e9008c0d46f)
2019-11-18 22:05:36.540 27675 RALLYDEBUG rally_openstack.cleanup.manager [-] Deleting neutron.port object s_rally_55f2995c_JddrJKJ7 (86a4c2ca-fff1-4b0f-9168-eb344374bc32)
2019-11-18 22:05:36.577 27675 RALLYDEBUG rally_openstack.cleanup.manager [-] Deleting neutron.port object s_rally_55f2995c_XZit0vH8 (86e9a922-106e-4448-802f-fe59b9b505c2)
2019-11-18 22:05:36.897 27675 RALLYDEBUG rally_openstack.cleanup.manager [-] Deleting neutron.port object s_rally_55f2995c_zNFH8Pq8 (87cc1dc3-f794-47d7-97e6-c6a636f362b4)
2019-11-18 22:05:36.924 27675 RALLYDEBUG rally_openstack.cleanup.manager [-] Deleting neutron.port object s_rally_55f2995c_bBDd4qNT (88659fed-a836-42a7-a14b-a98591a65bb4)
2019-11-18 22:05:36.933 27675 RALLYDEBUG rally_openstack.cleanup.manager [-] Deleting neutron.port object s_rally_55f2995c_M1akC5Hn (89f4794a-085e-468d-ac6d-807812c6b7c5)
2019-11-18 22:05:37.287 27675 RALLYDEBUG rally_openstack.cleanup.manager [-] Deleting neutron.port object s_rally_55f2995c_2BBRT7m6 (8a5c2d59-321e-4de2-a4e6-7b93a5cb289a)
2019-11-18 22:05:37.339 27675 RALLYDEBUG rally_openstack.cleanup.manager [-] Deleting neutron.port object s_rally_55f2995c_wMz74rMj (8ba43551-19b0-4626-95fc-a3c68b437392)
2019-11-18 22:05:37.342 27675 RALLYDEBUG rally_openstack.cleanup.manager [-] Deleting neutron.port object s_rally_55f2995c_CmNBDVIR (8d168339-b96f-4c4d-a57d-29e239e2b102)
2019-11-18 22:05:37.369 27675 RALLYDEBUG rally_openstack.cleanup.manager [-] Deleting neutron.port object s_rally_55f2995c_4AkZkq9e (8e631173-9762-4201-962f-4af56946fb8f)
2019-11-18 22:05:37.467 27675 RALLYDEBUG rally_openstack.cleanup.manager [-] Deleting neutron.port object s_rally_55f2995c_tSGUX8wv (8f769707-ee51-4bb0-9663-033144bede41)
2019-11-18 22:05:37.617 27675 RALLYDEBUG rally_openstack.cleanup.manager [-] Deleting neutron.port object s_rally_55f2995c_F0ckDlaV (8fd4b26c-84e6-4526-a88c-837d964b38d0)
2019-11-18 22:05:37.821 27675 RALLYDEBUG rally_openstack.cleanup.manager [-] Deleting neutron.port object s_rally_55f2995c_WbpsW1Zf (905bc1b6-64c3-491f-8106-ab9df0b9ac0d)
2019-11-18 22:05:37.885 27675 RALLYDEBUG rally_openstack.cleanup.manager [-] Deleting neutron.port object s_rally_55f2995c_hEOVxb5O (90b51768-577d-4ca2-bc87-c38aa48f2293)
2019-11-18 22:05:37.925 27675 RALLYDEBUG rally_openstack.cleanup.manager [-] Deleting neutron.port object s_rally_55f2995c_RpHfhVtk (9101c4d4-e1d4-4dee-b7b5-d27e0d7b9e9a)
2019-11-18 22:05:38.179 27675 RALLYDEBUG rally_openstack.cleanup.manager [-] Deleting neutron.port object s_rally_55f2995c_WHjMuNpB (920d486b-daf6-47c2-bb23-7f6f47258856)
2019-11-18 22:05:38.196 27675 RALLYDEBUG rally_openstack.cleanup.manager [-] Deleting neutron.port object s_rally_55f2995c_Hzj5GVu4 (9505ceaf-9492-4e30-9498-726656aea242)
2019-11-18 22:05:38.244 27675 RALLYDEBUG rally_openstack.cleanup.manager [-] Deleting neutron.port object s_rally_55f2995c_wJUfH0tq (951b8137-c610-4c58-8fbc-c65156220496)
2019-11-18 22:05:38.260 27675 RALLYDEBUG rally_openstack.cleanup.manager [-] Deleting neutron.port object s_rally_55f2995c_e9gk0BPz (97bb0f89-9ac2-4a11-8993-c682c907c3d0)
2019-11-18 22:05:38.283 27675 RALLYDEBUG rally_openstack.cleanup.manager [-] Deleting neutron.port object s_rally_55f2995c_WfRLpwWn (9b36f21b-dbc7-4539-8506-25168bc4cdf4)
2019-11-18 22:05:38.291 27675 RALLYDEBUG rally_openstack.cleanup.manager [-] Deleting neutron.port object s_rally_55f2995c_M4TeS1mm (9c4d849d-a3fa-462a-b7d6-88fe0f7de7b7)
2019-11-18 22:05:38.413 27675 RALLYDEBUG rally_openstack.cleanup.manager [-] Deleting neutron.port object s_rally_55f2995c_05BzyPpk (9c6a5c4c-6540-476a-a5a7-3b3e222d9753)
2019-11-18 22:05:38.709 27675 RALLYDEBUG rally_openstack.cleanup.manager [-] Deleting neutron.port object s_rally_55f2995c_2zUaxTNP (9e11e4e5-0c7b-4066-8b73-11adf41148b0)
2019-11-18 22:05:38.718 27675 RALLYDEBUG rally_openstack.cleanup.manager [-] Deleting neutron.port object s_rally_55f2995c_5rnSdIHS (a05b8b01-a4a4-4fe1-bf61-60c65b57dbbe)
2019-11-18 22:05:38.773 27675 RALLYDEBUG rally_openstack.cleanup.manager [-] Deleting neutron.port object s_rally_55f2995c_4ZDiSNU5 (a12813e2-1474-4810-923b-57dd13f38196)
2019-11-18 22:05:38.940 27675 RALLYDEBUG rally_openstack.cleanup.manager [-] Deleting neutron.port object s_rally_55f2995c_76QUdXoG (a3f74703-71b5-4344-9e87-e2f8fb0dfb7a)
2019-11-18 22:05:39.031 27675 RALLYDEBUG rally_openstack.cleanup.manager [-] Deleting neutron.port object s_rally_55f2995c_melYYl1N (a594fdb3-ff68-4a2b-a6ae-335b47563b09)
2019-11-18 22:05:39.109 27675 RALLYDEBUG rally_openstack.cleanup.manager [-] Deleting neutron.port object s_rally_55f2995c_klSKZI8X (a61767dc-7d39-4d10-acac-cb2433d81725)
2019-11-18 22:05:39.325 27675 RALLYDEBUG rally_openstack.cleanup.manager [-] Deleting neutron.port object s_rally_55f2995c_NrVfCtXU (a99b579d-8aa3-4520-a00b-760a9fab36ab)
2019-11-18 22:05:39.362 27675 RALLYDEBUG rally_openstack.cleanup.manager [-] Deleting neutron.port object s_rally_55f2995c_uKLPrdy7 (b1fb2418-31c3-4774-85eb-09ffb60c73de)
2019-11-18 22:05:39.486 27675 RALLYDEBUG rally_openstack.cleanup.manager [-] Deleting neutron.port object s_rally_55f2995c_bFAKOeM5 (b42a24d3-129f-44fc-9062-497b2a162b11)
2019-11-18 22:05:39.520 27675 RALLYDEBUG rally_openstack.cleanup.manager [-] Deleting neutron.port object s_rally_55f2995c_nrdrWn5s (b4d74666-4fc8-46ee-a32d-c5d29b24f94d)
2019-11-18 22:05:39.732 27675 RALLYDEBUG rally_openstack.cleanup.manager [-] Deleting neutron.port object s_rally_55f2995c_V4k2Bizu (b55766c9-ee6e-4de0-9d92-09b6e9971106)
2019-11-18 22:05:39.769 27675 RALLYDEBUG rally_openstack.cleanup.manager [-] Deleting neutron.port object s_rally_55f2995c_4AbAQ62I (b9b2940c-b7ed-4ea6-b177-70185d0451dc)
2019-11-18 22:05:39.896 27675 RALLYDEBUG rally_openstack.cleanup.manager [-] Deleting neutron.port object s_rally_55f2995c_BzBt5nhN (b9be58cb-f0ff-4064-a336-37173fe29210)
2019-11-18 22:05:39.914 27675 RALLYDEBUG rally_openstack.cleanup.manager [-] Deleting neutron.port object s_rally_55f2995c_AzJxuAbH (b9f2e7b0-560e-43b8-a20b-9ec291084f3d)
2019-11-18 22:05:40.031 27675 RALLYDEBUG rally_openstack.cleanup.manager [-] Deleting neutron.port object s_rally_55f2995c_MxgxuUPV (ba604f2b-2a30-413c-843f-020cb755426e)
2019-11-18 22:05:40.040 27675 RALLYDEBUG rally_openstack.cleanup.manager [-] Deleting neutron.port object s_rally_55f2995c_kRAbzuCL (bc528af6-4564-45c2-a617-8eeb78e6f771)
2019-11-18 22:05:40.047 27675 RALLYDEBUG rally_openstack.cleanup.manager [-] Deleting neutron.port object s_rally_55f2995c_extgkkz8 (bed78e8a-60ce-4c17-acb5-43c1bd47ff79)
2019-11-18 22:05:40.067 27675 RALLYDEBUG rally_openstack.cleanup.manager [-] Deleting neutron.port object s_rally_55f2995c_H7a0lspq (c1c64fcb-2630-49b3-8b28-42bdb26b4925)
2019-11-18 22:05:40.090 27675 RALLYDEBUG rally_openstack.cleanup.manager [-] Deleting neutron.port object s_rally_55f2995c_LihwCRGZ (c3ca8ce5-01b6-440b-bb32-3bb0553370a0)
2019-11-18 22:05:40.453 27675 RALLYDEBUG rally_openstack.cleanup.manager [-] Deleting neutron.port object s_rally_55f2995c_ZDFn97iw (c43b91cf-fdc2-4331-9097-d07dfc37f1be)
2019-11-18 22:05:40.473 27675 RALLYDEBUG rally_openstack.cleanup.manager [-] Deleting neutron.port object s_rally_55f2995c_isvZ8aqI (c450ce8d-624e-4228-8a3f-7f852160bbf3)
2019-11-18 22:05:40.488 27675 RALLYDEBUG rally_openstack.cleanup.manager [-] Deleting neutron.port object s_rally_55f2995c_fyqXd8Wy (c5460adc-3817-4fd0-8db5-22d89aa009b8)
2019-11-18 22:05:40.524 27675 RALLYDEBUG rally_openstack.cleanup.manager [-] Deleting neutron.port object s_rally_55f2995c_euob0Lqk (c57c724f-9071-4ae9-aa48-aa473b2fac34)
2019-11-18 22:05:40.670 27675 RALLYDEBUG rally_openstack.cleanup.manager [-] Deleting neutron.port object s_rally_55f2995c_QGq0hmhi (c5ee72d9-b2b9-49ca-a9b7-c86a53affe84)
2019-11-18 22:05:40.762 27675 RALLYDEBUG rally_openstack.cleanup.manager [-] Deleting neutron.port object s_rally_55f2995c_UfkAgEz2 (c6e6db37-c387-4acf-864e-f9ecbd9f67a9)
2019-11-18 22:05:41.116 27675 RALLYDEBUG rally_openstack.cleanup.manager [-] Deleting neutron.port object s_rally_55f2995c_df82kKfN (c6ef4322-8999-48c6-bedf-6ef93536c5d2)
2019-11-18 22:05:41.192 27675 RALLYDEBUG rally_openstack.cleanup.manager [-] Deleting neutron.port object s_rally_55f2995c_rkNpuJSb (cb2bec8e-fa09-4d92-a308-13aa883f7c46)
2019-11-18 22:05:41.301 27675 RALLYDEBUG rally_openstack.cleanup.manager [-] Deleting neutron.port object s_rally_55f2995c_RKtMUQ8l (cc13c922-6263-4cad-8c53-3d17c2cd65ee)
2019-11-18 22:05:41.324 27675 RALLYDEBUG rally_openstack.cleanup.manager [-] Deleting neutron.port object s_rally_55f2995c_LrX5VnMl (cd48c2b6-0eb5-477f-949d-e352fb3bc7c8)
2019-11-18 22:05:41.371 27675 RALLYDEBUG rally_openstack.cleanup.manager [-] Deleting neutron.port object s_rally_55f2995c_vUxJwsUI (cd64e31a-55ef-45b6-8139-a41263cee955)
2019-11-18 22:05:41.509 27675 RALLYDEBUG rally_openstack.cleanup.manager [-] Deleting neutron.port object s_rally_55f2995c_a5qX12Pw (cd925ad4-fd38-40fc-994d-df0180c2aa46)
2019-11-18 22:05:41.528 27675 RALLYDEBUG rally_openstack.cleanup.manager [-] Deleting neutron.port object s_rally_55f2995c_u2b0uPdb (cde176e4-17fe-4e5e-832a-b1974c034970)
2019-11-18 22:05:41.644 27675 RALLYDEBUG rally_openstack.cleanup.manager [-] Deleting neutron.port object s_rally_55f2995c_YXuQ000b (d01effbd-46bc-435a-99ea-0debed4148e4)
2019-11-18 22:05:41.652 27675 RALLYDEBUG rally_openstack.cleanup.manager [-] Deleting neutron.port object s_rally_55f2995c_VHFOuRPl (d2da71ad-67a2-4b18-b641-2264fe39f6ef)
2019-11-18 22:05:41.843 27675 RALLYDEBUG rally_openstack.cleanup.manager [-] Deleting neutron.port object s_rally_55f2995c_JhPt7uSW (d4b93f63-9dd7-4b61-8f92-7c419fe231e8)
2019-11-18 22:05:41.873 27675 RALLYDEBUG rally_openstack.cleanup.manager [-] Deleting neutron.port object s_rally_55f2995c_Xr61y2nD (d4bc2ca6-e30d-49c4-8972-61d3e8dba1fe)
2019-11-18 22:05:41.947 27675 RALLYDEBUG rally_openstack.cleanup.manager [-] Deleting neutron.port object s_rally_55f2995c_bShVxMuU (d682ea51-21bc-4118-9e26-82f73e6b3467)
2019-11-18 22:05:42.199 27675 RALLYDEBUG rally_openstack.cleanup.manager [-] Deleting neutron.port object s_rally_55f2995c_JZLmPsgI (dab20fa5-c1a4-45e3-b31c-91a25f1e6a83)
2019-11-18 22:05:42.213 27675 RALLYDEBUG rally_openstack.cleanup.manager [-] Deleting neutron.port object s_rally_55f2995c_LpPyOHIa (dcc44933-52b0-4c1d-8f86-f7a55e1a11aa)
2019-11-18 22:05:42.291 27675 RALLYDEBUG rally_openstack.cleanup.manager [-] Deleting neutron.port object s_rally_55f2995c_JhPHUi93 (dd52c784-3634-4758-ac2f-e753401c3fcd)
2019-11-18 22:05:42.295 27675 RALLYDEBUG rally_openstack.cleanup.manager [-] Deleting neutron.port object s_rally_55f2995c_qjmBYVO8 (df3504eb-c196-480f-a036-78c8b80d9de4)
2019-11-18 22:05:42.303 27675 RALLYDEBUG rally_openstack.cleanup.manager [-] Deleting neutron.port object s_rally_55f2995c_1ZJ3mSqx (dfa49694-ab23-4547-8f15-15c0912ce71f)
2019-11-18 22:05:42.520 27675 RALLYDEBUG rally_openstack.cleanup.manager [-] Deleting neutron.port object s_rally_55f2995c_MKXgVnjX (e2cbc727-3c04-4689-91de-c6621d5f396b)
2019-11-18 22:05:42.530 27675 RALLYDEBUG rally_openstack.cleanup.manager [-] Deleting neutron.port object s_rally_55f2995c_PJ1trDKR (e44c132b-7686-4c44-99c9-f34e3d3df6eb)
2019-11-18 22:05:42.681 27675 RALLYDEBUG rally_openstack.cleanup.manager [-] Deleting neutron.port object s_rally_55f2995c_CoW5itND (e5c3acd0-f8dc-4e0c-b631-57984f0c4e8a)
2019-11-18 22:05:42.843 27675 RALLYDEBUG rally_openstack.cleanup.manager [-] Deleting neutron.port object s_rally_55f2995c_0bUtmq72 (e7288c7f-873c-48c9-85f4-bc0f78e263c6)
2019-11-18 22:05:42.900 27675 RALLYDEBUG rally_openstack.cleanup.manager [-] Deleting neutron.port object s_rally_55f2995c_1lL1TT9a (e8be09cf-769f-47c6-af62-1078e57290ee)
2019-11-18 22:05:43.008 27675 RALLYDEBUG rally_openstack.cleanup.manager [-] Deleting neutron.port object s_rally_55f2995c_jHEZM6hX (ec086a64-f8bc-4ad2-a33e-d22d0615f008)
2019-11-18 22:05:43.136 27675 RALLYDEBUG rally_openstack.cleanup.manager [-] Deleting neutron.port object s_rally_55f2995c_MfcYMia1 (eca00201-1db1-4815-865c-e47bf637d602)
2019-11-18 22:05:43.399 27675 RALLYDEBUG rally_openstack.cleanup.manager [-] Deleting neutron.port object s_rally_55f2995c_uXHJs4E5 (efdbbead-6b70-4389-ab01-b1e3ff294ca2)
2019-11-18 22:05:43.403 27675 RALLYDEBUG rally_openstack.cleanup.manager [-] Deleting neutron.port object s_rally_55f2995c_wHqFy63a (f13f739d-2302-4f0f-ab79-77d3e5da5219)
2019-11-18 22:05:43.534 27675 RALLYDEBUG rally_openstack.cleanup.manager [-] Deleting neutron.port object s_rally_55f2995c_9f0TQv4T (f2fae755-0ed8-4207-a69e-8c9979c257f6)
2019-11-18 22:05:43.568 27675 RALLYDEBUG rally_openstack.cleanup.manager [-] Deleting neutron.port object s_rally_55f2995c_JRht7wZN (f6371bce-6095-4a88-a550-c8962e346326)
2019-11-18 22:05:43.576 27675 RALLYDEBUG rally_openstack.cleanup.manager [-] Deleting neutron.port object s_rally_55f2995c_5HF61qPj (f6609055-145f-42ea-bd6c-c382bd968950)
2019-11-18 22:05:43.634 27675 RALLYDEBUG rally_openstack.cleanup.manager [-] Deleting neutron.port object s_rally_55f2995c_o8HSLxDY (f9b69d59-6332-4393-b5d0-c7b98fa3eb8e)
2019-11-18 22:05:43.754 27675 RALLYDEBUG rally_openstack.cleanup.manager [-] Deleting neutron.port object s_rally_55f2995c_DC7lGJ4h (f9be53fb-937f-4195-b0a8-6bd2f302b305)
2019-11-18 22:05:43.952 27675 RALLYDEBUG rally_openstack.cleanup.manager [-] Deleting neutron.port object s_rally_55f2995c_GoHuxnIX (fa03e810-ab31-410a-a3fa-e700a6fd25c7)
2019-11-18 22:05:43.990 27675 RALLYDEBUG rally_openstack.cleanup.manager [-] Deleting neutron.port object s_rally_55f2995c_8Y02ZSk8 (fb7662ad-f0b9-4cb6-a484-e83b802405cb)
2019-11-18 22:05:44.000 27675 RALLYDEBUG rally_openstack.cleanup.manager [-] Deleting neutron.port object s_rally_55f2995c_Tb06Zyne (fbc7b7bc-b5da-403f-933c-6f36cc123a00)
2019-11-18 22:05:44.100 27675 RALLYDEBUG rally_openstack.cleanup.manager [-] Deleting neutron.port object s_rally_55f2995c_ekSzQ7Cs (fcb0f21f-efdd-40be-b779-6f706b23a49f)
2019-11-18 22:05:44.178 27675 RALLYDEBUG rally_openstack.cleanup.manager [-] Deleting neutron.port object s_rally_55f2995c_pXT9tdvV (ffce8fc9-fd4d-472c-b3e0-5fc1e1823dfa)
2019-11-18 22:05:46.150 27675 RALLYDEBUG rally_openstack.cleanup.manager [-] Cleaning up neutron subnet objects
2019-11-18 22:05:46.560 27675 RALLYDEBUG rally_openstack.cleanup.manager [-] Cleaning up neutron network objects
2019-11-18 22:05:47.154 27675 RALLYDEBUG rally_openstack.cleanup.manager [-] Deleting neutron.network object s_rally_55f2995c_g3EmOCnc (08059ce9-41e7-449b-85e2-7cece3883be6)
2019-11-18 22:05:47.163 27675 RALLYDEBUG rally_openstack.cleanup.manager [-] Deleting neutron.network object s_rally_55f2995c_7kGQ78Cb (08949d13-4586-4b08-97ed-f59b41364445)
2019-11-18 22:05:47.172 27675 RALLYDEBUG rally_openstack.cleanup.manager [-] Deleting neutron.network object s_rally_55f2995c_MpjfF8VX (0b042f5f-172f-4776-a669-447cfd80afd3)
2019-11-18 22:05:47.176 27675 RALLYDEBUG rally_openstack.cleanup.manager [-] Deleting neutron.network object s_rally_55f2995c_Yncwrblm (15ef9ad8-1382-4aeb-9bb0-d21c6f873cad)
2019-11-18 22:05:47.185 27675 RALLYDEBUG rally_openstack.cleanup.manager [-] Deleting neutron.network object s_rally_55f2995c_Lmic8NU9 (1c0c8797-39f4-4e5c-8b76-84fa33b79bfa)
2019-11-18 22:05:47.188 27675 RALLYDEBUG rally_openstack.cleanup.manager [-] Deleting neutron.network object s_rally_55f2995c_fqiqWDT2 (20b49b55-7b27-4f7c-b576-a71c90dfd225)
2019-11-18 22:05:47.221 27675 RALLYDEBUG rally_openstack.cleanup.manager [-] Deleting neutron.network object s_rally_55f2995c_ABlFNMu6 (260e287b-a443-43d9-808c-defe2619c1aa)
2019-11-18 22:05:47.235 27675 RALLYDEBUG rally_openstack.cleanup.manager [-] Deleting neutron.network object s_rally_55f2995c_4uamgc8R (279e4b7b-b467-49ab-b03e-c06452c6882a)
2019-11-18 22:05:47.243 27675 RALLYDEBUG rally_openstack.cleanup.manager [-] Deleting neutron.network object s_rally_55f2995c_GzMlEEkH (29df465c-99dc-4938-a6c1-69ce81ae0be7)
2019-11-18 22:05:47.259 27675 RALLYDEBUG rally_openstack.cleanup.manager [-] Deleting neutron.network object s_rally_55f2995c_GGP4qItz (4bb9d2e7-3525-4c9f-84cf-fe80a33247c6)
2019-11-18 22:05:47.271 27675 RALLYDEBUG rally_openstack.cleanup.manager [-] Deleting neutron.network object s_rally_55f2995c_wTTFPoZa (50a9cea6-af7f-45c8-9747-84c2c3f8651d)
2019-11-18 22:05:47.281 27675 RALLYDEBUG rally_openstack.cleanup.manager [-] Deleting neutron.network object s_rally_55f2995c_14YKPjSa (53d58144-1474-4ccf-bd9c-cb5211272711)
2019-11-18 22:05:47.290 27675 RALLYDEBUG rally_openstack.cleanup.manager [-] Deleting neutron.network object s_rally_55f2995c_zFOHCk5P (59b41949-96eb-4f9a-8f4a-7a84fce4c449)
2019-11-18 22:05:47.297 27675 RALLYDEBUG rally_openstack.cleanup.manager [-] Deleting neutron.network object s_rally_55f2995c_HX4Ejznd (5fb909ff-24ba-44c7-ac5e-4e0b705064d9)
2019-11-18 22:05:47.313 27675 RALLYDEBUG rally_openstack.cleanup.manager [-] Deleting neutron.network object s_rally_55f2995c_9qvjpT7R (64d4c593-6145-4abb-b24b-b26dbe23548a)
2019-11-18 22:05:47.322 27675 RALLYDEBUG rally_openstack.cleanup.manager [-] Deleting neutron.network object s_rally_55f2995c_Zrko3VuT (738388c4-23ae-4c15-885f-b819cb82d009)
2019-11-18 22:05:47.334 27675 RALLYDEBUG rally_openstack.cleanup.manager [-] Deleting neutron.network object s_rally_55f2995c_mYd75Zdu (76b73677-b188-4273-95dd-15100e0cec33)
2019-11-18 22:05:47.340 27675 RALLYDEBUG rally_openstack.cleanup.manager [-] Deleting neutron.network object s_rally_55f2995c_y8twLFeO (76c9eb56-6241-46fd-aee6-30ee9dcbf85a)
2019-11-18 22:05:47.347 27675 RALLYDEBUG rally_openstack.cleanup.manager [-] Deleting neutron.network object s_rally_55f2995c_ikUX0DaM (81f2acb9-f2dd-4aba-bffc-958087175f65)
2019-11-18 22:05:47.359 27675 RALLYDEBUG rally_openstack.cleanup.manager [-] Deleting neutron.network object s_rally_55f2995c_hrWNrgOZ (87b66b24-4b7c-4191-8a53-23e297721398)
2019-11-18 22:05:49.520 27675 RALLYDEBUG rally_openstack.cleanup.manager [-] Deleting neutron.network object s_rally_55f2995c_x9x8oy66 (97343138-40fb-4dde-8158-eeb82997f8c6)
2019-11-18 22:05:49.524 27675 RALLYDEBUG rally_openstack.cleanup.manager [-] Deleting neutron.network object s_rally_55f2995c_xwSLhVnw (9d9a7350-fbc6-4b01-9add-2d6c9c50ff2e)
2019-11-18 22:05:49.532 27675 RALLYDEBUG rally_openstack.cleanup.manager [-] Deleting neutron.network object s_rally_55f2995c_Z19PK0Fv (a0b7dce7-88c7-4e89-8d54-db5e73407811)
2019-11-18 22:05:49.587 27675 RALLYDEBUG rally_openstack.cleanup.manager [-] Deleting neutron.network object s_rally_55f2995c_DQDw2cuj (a1ececa8-2f58-4e60-9ec3-06362b500ec4)
2019-11-18 22:05:49.595 27675 RALLYDEBUG rally_openstack.cleanup.manager [-] Deleting neutron.network object s_rally_55f2995c_Xd0iC8NH (ab2fc27a-ce39-4d48-b19b-c847928d3eea)
2019-11-18 22:05:49.614 27675 RALLYDEBUG rally_openstack.cleanup.manager [-] Deleting neutron.network object s_rally_55f2995c_DLDtjBh3 (b2af3582-7fbe-46d1-b72f-1d8452038eb6)
2019-11-18 22:05:49.626 27675 RALLYDEBUG rally_openstack.cleanup.manager [-] Deleting neutron.network object s_rally_55f2995c_UPscLVW8 (b8dfd61c-95b2-4031-8cad-5824e7845706)
2019-11-18 22:05:49.751 27675 RALLYDEBUG rally_openstack.cleanup.manager [-] Deleting neutron.network object s_rally_55f2995c_Z3npYTyE (bfb5a7bc-03f5-461e-86d7-aba90fd6a1d2)
2019-11-18 22:05:49.769 27675 RALLYDEBUG rally_openstack.cleanup.manager [-] Deleting neutron.network object s_rally_55f2995c_VbyzYx6Y (c606a10a-ac69-436e-bbaa-785935929941)
2019-11-18 22:05:49.777 27675 RALLYDEBUG rally_openstack.cleanup.manager [-] Deleting neutron.network object s_rally_55f2995c_b3PDgce4 (c710c9d3-51e5-4ddb-a4f4-9afd79204f30)
2019-11-18 22:05:49.818 27675 RALLYDEBUG rally_openstack.cleanup.manager [-] Deleting neutron.network object s_rally_55f2995c_rwQwUriX (d2a95807-e37c-4ae8-8ce9-9369a5a4107b)
2019-11-18 22:05:49.881 27675 RALLYDEBUG rally_openstack.cleanup.manager [-] Deleting neutron.network object s_rally_55f2995c_fg15ioYC (d4da6862-b97d-4fe4-806e-1eb3cf7bb675)
2019-11-18 22:05:50.091 27675 RALLYDEBUG rally_openstack.cleanup.manager [-] Deleting neutron.network object s_rally_55f2995c_muRCNEV7 (d577f1ce-4797-4a11-a75c-d07ce4816fb1)
2019-11-18 22:05:50.191 27675 RALLYDEBUG rally_openstack.cleanup.manager [-] Deleting neutron.network object s_rally_55f2995c_sb0ZtRWj (d8a1b74b-d3e7-4b84-a5bf-a6e671b83fd4)
2019-11-18 22:05:50.244 27675 RALLYDEBUG rally_openstack.cleanup.manager [-] Deleting neutron.network object s_rally_55f2995c_7qpWn9po (de0f85c1-2300-4565-99de-ac98068fae18)
2019-11-18 22:05:50.327 27675 RALLYDEBUG rally_openstack.cleanup.manager [-] Deleting neutron.network object s_rally_55f2995c_depM5lUJ (e0a56c56-fe9c-4a42-930a-16e9007ed45a)
2019-11-18 22:05:50.343 27675 RALLYDEBUG rally_openstack.cleanup.manager [-] Deleting neutron.network object s_rally_55f2995c_bqjzDBJu (e726ebb3-d38d-4f90-a56b-9929ca18cd24)
2019-11-18 22:05:50.352 27675 RALLYDEBUG rally_openstack.cleanup.manager [-] Deleting neutron.network object s_rally_55f2995c_4KNruypr (eb61b245-c2fa-4b91-9399-6bd69604dade)
2019-11-18 22:05:50.360 27675 RALLYDEBUG rally_openstack.cleanup.manager [-] Deleting neutron.network object s_rally_55f2995c_wmcVbbbb (f7b92940-995e-4c08-8562-1622e3d5e951)
2019-11-18 22:05:50.364 27675 RALLYDEBUG rally_openstack.cleanup.manager [-] Deleting neutron.network object s_rally_55f2995c_cuAMrcsB (f8c10063-7987-4398-93ab-bcc828f42994)
2019-11-18 22:05:52.897 27675 RALLYDEBUG rally_openstack.cleanup.manager [-] Cleaning up neutron router objects
2019-11-18 22:05:53.341 27675 RALLYDEBUG rally_openstack.cleanup.manager [-] Cleaning up neutron security_group objects
2019-11-18 22:05:53.793 27675 INFO rally.task.context [-] Task 3839a601-71de-4812-9de7-7879e53bda38 | Context cleanup@openstack cleanup() finished in 31.25 sec
2019-11-18 22:05:53.793 27675 INFO rally.task.context [-] Task 3839a601-71de-4812-9de7-7879e53bda38 | Context quotas@openstack cleanup() started
2019-11-18 22:05:53.872 27675 INFO rally.task.context [-] Task 3839a601-71de-4812-9de7-7879e53bda38 | Context quotas@openstack cleanup() finished in 78.61 msec
2019-11-18 22:05:53.873 27675 INFO rally.task.context [-] Task 3839a601-71de-4812-9de7-7879e53bda38 | Context users@openstack cleanup() started
2019-11-18 22:05:56.530 27675 INFO rally.task.context [-] Task 3839a601-71de-4812-9de7-7879e53bda38 | Context users@openstack cleanup() finished in 2.66 sec
2019-11-18 22:05:56.619 27675 INFO rally.task.engine [-] Load duration is: 19.317493
2019-11-18 22:05:56.620 27675 INFO rally.task.engine [-] Full runner duration is: 19.375077
2019-11-18 22:05:56.620 27675 INFO rally.task.engine [-] Full duration is: 56.216625
2019-11-18 22:05:56.895 27675 INFO rally.task.engine [-] Running workload: position = 2 config = { "version": 2, "title": "A cropped version of a bigger task.", "description": "Auto-generated task from a single workload (uuid=76721528-6c41-40a4-8c0c-4372dc894d10)", "subtasks": [ { "title": "NeutronNetworks.create_and_delete_ports", "description": "Create and delete a port.", "scenario": { "NeutronNetworks.create_and_delete_ports": { "network_create_args": {}, "port_create_args": {}, "ports_per_network": 5 } }, "contexts": { "users": { "tenants": 1, "users_per_tenant": 1 }, "quotas": { "neutron": { "network": -1, "port": -1 } } }, "runner": { "constant": { "times": 40, "concurrency": 20 } }, "hooks": [], "sla": { "failure_rate": { "max": 0 } } } ] }
2019-11-18 22:05:56.918 27675 RALLYDEBUG rally_openstack.contexts.keystone.users [-] Creating 1 tenants using 20 threads
2019-11-18 22:05:57.857 27675 RALLYDEBUG rally_openstack.contexts.keystone.users [-] Creating 1 users using 20 threads
2019-11-18 22:05:59.249 27675 INFO rally.task.context [-] Task 3839a601-71de-4812-9de7-7879e53bda38 | Context users@openstack setup() finished in 2.33 sec
2019-11-18 22:05:59.824 27675 INFO rally.task.context [-] Task 3839a601-71de-4812-9de7-7879e53bda38 | Context quotas@openstack setup() finished in 0.57 sec
2019-11-18 22:05:59.824 27675 INFO rally.task.context [-] Task 3839a601-71de-4812-9de7-7879e53bda38 | Context cleanup@openstack setup() finished in 0.01 msec
2019-11-18 22:05:59.834 27675 RALLYDEBUG rally.task.runner [-] Starting the constant runner (task UUID: 3839a601-71de-4812-9de7-7879e53bda38). times: 40 concurrency: 20 timeout: 0 max_cpu_used: 16 processes_to_start: 16 concurrency_per_worker: 1 concurrency_overhead: 4
2019-11-18 22:05:59.845 32141 RALLYDEBUG rally.task.runner [-] Starting a worker. times: 40 duration: None concurrency: 2 timeout: 0 cls: method_name: run args: {"network_create_args": {}, "port_create_args": {}, "ports_per_network": 5}
2019-11-18 22:05:59.849 32142 RALLYDEBUG rally.task.runner [-] Starting a worker. times: 40 duration: None concurrency: 2 timeout: 0 cls: method_name: run args: {"network_create_args": {}, "port_create_args": {}, "ports_per_network": 5}
2019-11-18 22:05:59.853 32141 INFO rally.task.runner [-] Task 3839a601-71de-4812-9de7-7879e53bda38 | ITER: 2 START
2019-11-18 22:05:59.853 32143 RALLYDEBUG rally.task.runner [-] Starting a worker. times: 40 duration: None concurrency: 2 timeout: 0 cls: method_name: run args: {"network_create_args": {}, "port_create_args": {}, "ports_per_network": 5}
2019-11-18 22:05:59.854 32141 WARNING rally_openstack.scenarios.neutron.utils [-] Running this scenario without either the 'network' or 'existing_network' context is deprecated
2019-11-18 22:05:59.856 32146 RALLYDEBUG rally.task.runner [-] Starting a worker. times: 40 duration: None concurrency: 2 timeout: 0 cls: method_name: run args: {"network_create_args": {}, "port_create_args": {}, "ports_per_network": 5}
2019-11-18 22:05:59.857 32142 INFO rally.task.runner [-] Task 3839a601-71de-4812-9de7-7879e53bda38 | ITER: 3 START
2019-11-18 22:05:59.857 32142 INFO rally.task.runner [-] Task 3839a601-71de-4812-9de7-7879e53bda38 | ITER: 4 START
2019-11-18 22:05:59.860 32150 RALLYDEBUG rally.task.runner [-] Starting a worker. times: 40 duration: None concurrency: 1 timeout: 0 cls: method_name: run args: {"network_create_args": {}, "port_create_args": {}, "ports_per_network": 5}
2019-11-18 22:05:59.860 32142 WARNING rally_openstack.scenarios.neutron.utils [-] Running this scenario without either the 'network' or 'existing_network' context is deprecated
2019-11-18 22:05:59.861 32143 INFO rally.task.runner [-] Task 3839a601-71de-4812-9de7-7879e53bda38 | ITER: 5 START
2019-11-18 22:05:59.863 32143 WARNING rally_openstack.scenarios.neutron.utils [-] Running this scenario without either the 'network' or 'existing_network' context is deprecated
2019-11-18 22:05:59.864 32154 RALLYDEBUG rally.task.runner [-] Starting a worker. times: 40 duration: None concurrency: 1 timeout: 0 cls: method_name: run args: {"network_create_args": {}, "port_create_args": {}, "ports_per_network": 5}
2019-11-18 22:05:59.864 32146 INFO rally.task.runner [-] Task 3839a601-71de-4812-9de7-7879e53bda38 | ITER: 7 START
2019-11-18 22:05:59.865 32150 INFO rally.task.runner [-] Task 3839a601-71de-4812-9de7-7879e53bda38 | ITER: 9 START
2019-11-18 22:05:59.867 32150 WARNING rally_openstack.scenarios.neutron.utils [-] Running this scenario without either the 'network' or 'existing_network' context is deprecated
2019-11-18 22:05:59.866 32146 INFO rally.task.runner [-] Task 3839a601-71de-4812-9de7-7879e53bda38 | ITER: 8 START
2019-11-18 22:05:59.861 32141 INFO rally.task.runner [-] Task 3839a601-71de-4812-9de7-7879e53bda38 | ITER: 1 START
2019-11-18 22:05:59.867 32146 WARNING rally_openstack.scenarios.neutron.utils [-] Running this scenario without either the 'network' or 'existing_network' context is deprecated
2019-11-18 22:05:59.868 32141 WARNING rally_openstack.scenarios.neutron.utils [-] Running this scenario without either the 'network' or 'existing_network' context is deprecated
2019-11-18 22:05:59.868 32158 RALLYDEBUG rally.task.runner [-] Starting a worker. times: 40 duration: None concurrency: 1 timeout: 0 cls: method_name: run args: {"network_create_args": {}, "port_create_args": {}, "ports_per_network": 5}
2019-11-18 22:05:59.869 32154 INFO rally.task.runner [-] Task 3839a601-71de-4812-9de7-7879e53bda38 | ITER: 10 START
2019-11-18 22:05:59.871 32154 WARNING rally_openstack.scenarios.neutron.utils [-] Running this scenario without either the 'network' or 'existing_network' context is deprecated
2019-11-18 22:05:59.861 32142 WARNING rally_openstack.scenarios.neutron.utils [-] Running this scenario without either the 'network' or 'existing_network' context is deprecated
2019-11-18 22:05:59.873 32158 INFO rally.task.runner [-] Task 3839a601-71de-4812-9de7-7879e53bda38 | ITER: 11 START
2019-11-18 22:05:59.873 32163 RALLYDEBUG rally.task.runner [-] Starting a worker. times: 40 duration: None concurrency: 1 timeout: 0 cls: method_name: run args: {"network_create_args": {}, "port_create_args": {}, "ports_per_network": 5}
2019-11-18 22:05:59.868 32146 WARNING rally_openstack.scenarios.neutron.utils [-] Running this scenario without either the 'network' or 'existing_network' context is deprecated
2019-11-18 22:05:59.875 32158 WARNING rally_openstack.scenarios.neutron.utils [-] Running this scenario without either the 'network' or 'existing_network' context is deprecated
2019-11-18 22:05:59.864 32143 INFO rally.task.runner [-] Task 3839a601-71de-4812-9de7-7879e53bda38 | ITER: 6 START
2019-11-18 22:05:59.878 32163 INFO rally.task.runner [-] Task 3839a601-71de-4812-9de7-7879e53bda38 | ITER: 12 START
2019-11-18 22:05:59.879 32143 WARNING rally_openstack.scenarios.neutron.utils [-] Running this scenario without either the 'network' or 'existing_network' context is deprecated
2019-11-18 22:05:59.880 32163 WARNING rally_openstack.scenarios.neutron.utils [-] Running this scenario without either the 'network' or 'existing_network' context is deprecated
2019-11-18 22:05:59.881 32167 RALLYDEBUG rally.task.runner [-] Starting a worker. times: 40 duration: None concurrency: 1 timeout: 0 cls: method_name: run args: {"network_create_args": {}, "port_create_args": {}, "ports_per_network": 5}
2019-11-18 22:05:59.887 32167 INFO rally.task.runner [-] Task 3839a601-71de-4812-9de7-7879e53bda38 | ITER: 13 START
2019-11-18 22:05:59.887 32170 RALLYDEBUG rally.task.runner [-] Starting a worker. times: 40 duration: None concurrency: 1 timeout: 0 cls: method_name: run args: {"network_create_args": {}, "port_create_args": {}, "ports_per_network": 5}
2019-11-18 22:05:59.889 32167 WARNING rally_openstack.scenarios.neutron.utils [-] Running this scenario without either the 'network' or 'existing_network' context is deprecated
2019-11-18 22:05:59.892 32170 INFO rally.task.runner [-] Task 3839a601-71de-4812-9de7-7879e53bda38 | ITER: 14 START
2019-11-18 22:05:59.891 32173 RALLYDEBUG rally.task.runner [-] Starting a worker. times: 40 duration: None concurrency: 1 timeout: 0 cls: method_name: run args: {"network_create_args": {}, "port_create_args": {}, "ports_per_network": 5}
2019-11-18 22:05:59.894 32170 WARNING rally_openstack.scenarios.neutron.utils [-] Running this scenario without either the 'network' or 'existing_network' context is deprecated
2019-11-18 22:05:59.897 32173 INFO rally.task.runner [-] Task 3839a601-71de-4812-9de7-7879e53bda38 | ITER: 15 START
2019-11-18 22:05:59.899 32173 WARNING rally_openstack.scenarios.neutron.utils [-] Running this scenario without either the 'network' or 'existing_network' context is deprecated
2019-11-18 22:05:59.899 32176 RALLYDEBUG rally.task.runner [-] Starting a worker. times: 40 duration: None concurrency: 1 timeout: 0 cls: method_name: run args: {"network_create_args": {}, "port_create_args": {}, "ports_per_network": 5}
2019-11-18 22:05:59.904 32176 INFO rally.task.runner [-] Task 3839a601-71de-4812-9de7-7879e53bda38 | ITER: 16 START
2019-11-18 22:05:59.905 32176 WARNING rally_openstack.scenarios.neutron.utils [-] Running this scenario without either the 'network' or 'existing_network' context is deprecated
2019-11-18 22:05:59.904 32179 RALLYDEBUG rally.task.runner [-] Starting a worker. times: 40 duration: None concurrency: 1 timeout: 0 cls: method_name: run args: {"network_create_args": {}, "port_create_args": {}, "ports_per_network": 5}
2019-11-18 22:05:59.908 32182 RALLYDEBUG rally.task.runner [-] Starting a worker. times: 40 duration: None concurrency: 1 timeout: 0 cls: method_name: run args: {"network_create_args": {}, "port_create_args": {}, "ports_per_network": 5}
2019-11-18 22:05:59.910 32179 INFO rally.task.runner [-] Task 3839a601-71de-4812-9de7-7879e53bda38 | ITER: 17 START
2019-11-18 22:05:59.912 32179 WARNING rally_openstack.scenarios.neutron.utils [-] Running this scenario without either the 'network' or 'existing_network' context is deprecated
2019-11-18 22:05:59.912 32182 INFO rally.task.runner [-] Task 3839a601-71de-4812-9de7-7879e53bda38 | ITER: 18 START
2019-11-18 22:05:59.914 32182 WARNING rally_openstack.scenarios.neutron.utils [-] Running this scenario without either the 'network' or 'existing_network' context is deprecated
2019-11-18 22:05:59.913 32183 RALLYDEBUG rally.task.runner [-] Starting a worker. times: 40 duration: None concurrency: 1 timeout: 0 cls: method_name: run args: {"network_create_args": {}, "port_create_args": {}, "ports_per_network": 5}
2019-11-18 22:05:59.916 32188 RALLYDEBUG rally.task.runner [-] Starting a worker. times: 40 duration: None concurrency: 1 timeout: 0 cls: method_name: run args: {"network_create_args": {}, "port_create_args": {}, "ports_per_network": 5}
2019-11-18 22:05:59.917 32183 INFO rally.task.runner [-] Task 3839a601-71de-4812-9de7-7879e53bda38 | ITER: 19 START
2019-11-18 22:05:59.919 32183 WARNING rally_openstack.scenarios.neutron.utils [-] Running this scenario without either the 'network' or 'existing_network' context is deprecated
2019-11-18 22:05:59.920 32188 INFO rally.task.runner [-] Task 3839a601-71de-4812-9de7-7879e53bda38 | ITER: 20 START
2019-11-18 22:05:59.922 32188 WARNING rally_openstack.scenarios.neutron.utils [-] Running this scenario without either the 'network' or 'existing_network' context is deprecated
2019-11-18 22:06:07.797 32158 INFO rally.task.runner [-] Task 3839a601-71de-4812-9de7-7879e53bda38 | ITER: 11 END: OK
2019-11-18 22:06:07.801 32158 INFO rally.task.runner [-] Task 3839a601-71de-4812-9de7-7879e53bda38 | ITER: 21 START
2019-11-18 22:06:07.802 32158 WARNING rally_openstack.scenarios.neutron.utils [-] Running this scenario without either the 'network' or 'existing_network' context is deprecated
2019-11-18 22:06:08.235 32188 INFO rally.task.runner [-] Task 3839a601-71de-4812-9de7-7879e53bda38 | ITER: 20 END: OK
2019-11-18 22:06:08.239 32188 INFO rally.task.runner [-] Task 3839a601-71de-4812-9de7-7879e53bda38 | ITER: 22 START
2019-11-18 22:06:08.240 32188 WARNING rally_openstack.scenarios.neutron.utils [-] Running this scenario without either the 'network' or 'existing_network' context is deprecated
2019-11-18 22:06:08.383 32163 INFO rally.task.runner [-] Task 3839a601-71de-4812-9de7-7879e53bda38 | ITER: 12 END: OK
2019-11-18 22:06:08.388 32163 INFO rally.task.runner [-] Task 3839a601-71de-4812-9de7-7879e53bda38 | ITER: 23 START
2019-11-18 22:06:08.388 32163 WARNING rally_openstack.scenarios.neutron.utils [-] Running this scenario without either the 'network' or 'existing_network' context is deprecated
2019-11-18 22:06:08.402 32146 INFO rally.task.runner [-] Task 3839a601-71de-4812-9de7-7879e53bda38 | ITER: 7 END: OK
2019-11-18 22:06:08.405 32146 INFO rally.task.runner [-] Task 3839a601-71de-4812-9de7-7879e53bda38 | ITER: 24 START
2019-11-18 22:06:08.406 32146 WARNING rally_openstack.scenarios.neutron.utils [-] Running this scenario without either the 'network' or 'existing_network' context is deprecated
2019-11-18 22:06:08.411 32141 INFO rally.task.runner [-] Task 3839a601-71de-4812-9de7-7879e53bda38 | ITER: 1 END: OK
2019-11-18 22:06:08.415 32141 INFO rally.task.runner [-] Task 3839a601-71de-4812-9de7-7879e53bda38 | ITER: 25 START
2019-11-18 22:06:08.416 32141 WARNING rally_openstack.scenarios.neutron.utils [-] Running this scenario without either the 'network' or 'existing_network' context is deprecated
2019-11-18 22:06:08.521 32170 INFO rally.task.runner [-] Task 3839a601-71de-4812-9de7-7879e53bda38 | ITER: 14 END: OK
2019-11-18 22:06:08.525 32170 INFO rally.task.runner [-] Task 3839a601-71de-4812-9de7-7879e53bda38 | ITER: 26 START
2019-11-18 22:06:08.525 32170 WARNING rally_openstack.scenarios.neutron.utils [-] Running this scenario without either the 'network' or 'existing_network' context is deprecated
2019-11-18 22:06:09.194 32176 INFO rally.task.runner [-] Task 3839a601-71de-4812-9de7-7879e53bda38 | ITER: 16 END: OK
2019-11-18 22:06:09.198 32176 INFO rally.task.runner [-] Task 3839a601-71de-4812-9de7-7879e53bda38 | ITER: 27 START
2019-11-18 22:06:09.199 32176 WARNING rally_openstack.scenarios.neutron.utils [-] Running this scenario without either the 'network' or 'existing_network' context is deprecated
2019-11-18 22:06:09.428 32179 INFO rally.task.runner [-] Task 3839a601-71de-4812-9de7-7879e53bda38 | ITER: 17 END: OK
2019-11-18 22:06:09.432 32179 INFO rally.task.runner [-] Task 3839a601-71de-4812-9de7-7879e53bda38 | ITER: 28 START
2019-11-18 22:06:09.433 32179 WARNING rally_openstack.scenarios.neutron.utils [-] Running this scenario without either the 'network' or 'existing_network' context is deprecated
2019-11-18 22:06:09.462 32142 INFO rally.task.runner [-] Task 3839a601-71de-4812-9de7-7879e53bda38 | ITER: 3 END: OK
2019-11-18 22:06:09.466 32142 INFO rally.task.runner [-] Task 3839a601-71de-4812-9de7-7879e53bda38 | ITER: 29 START
2019-11-18 22:06:09.466 32142 WARNING rally_openstack.scenarios.neutron.utils [-] Running this scenario without either the 'network' or 'existing_network' context is deprecated
2019-11-18 22:06:09.486 32143 INFO rally.task.runner [-] Task 3839a601-71de-4812-9de7-7879e53bda38 | ITER: 6 END: OK
2019-11-18 22:06:09.489 32143 INFO rally.task.runner [-] Task 3839a601-71de-4812-9de7-7879e53bda38 | ITER: 30 START
2019-11-18 22:06:09.490 32143 WARNING rally_openstack.scenarios.neutron.utils [-] Running this scenario without either the 'network' or 'existing_network' context is deprecated
2019-11-18 22:06:09.780 32143 INFO rally.task.runner [-] Task 3839a601-71de-4812-9de7-7879e53bda38 | ITER: 5 END: OK
2019-11-18 22:06:09.783 32143 INFO rally.task.runner [-] Task 3839a601-71de-4812-9de7-7879e53bda38 | ITER: 31 START
2019-11-18 22:06:09.784 32143 WARNING rally_openstack.scenarios.neutron.utils [-] Running this scenario without either the 'network' or 'existing_network' context is deprecated
2019-11-18 22:06:10.004 32173 INFO rally.task.runner [-] Task 3839a601-71de-4812-9de7-7879e53bda38 | ITER: 15 END: OK
2019-11-18 22:06:10.008 32173 INFO rally.task.runner [-] Task 3839a601-71de-4812-9de7-7879e53bda38 | ITER: 32 START
2019-11-18 22:06:10.009 32173 WARNING rally_openstack.scenarios.neutron.utils [-] Running this scenario without either the 'network' or 'existing_network' context is deprecated
2019-11-18 22:06:10.079 32182 INFO rally.task.runner [-] Task 3839a601-71de-4812-9de7-7879e53bda38 | ITER: 18 END: OK
2019-11-18 22:06:10.083 32182 INFO rally.task.runner [-] Task 3839a601-71de-4812-9de7-7879e53bda38 | ITER: 33 START
2019-11-18 22:06:10.084 32182 WARNING rally_openstack.scenarios.neutron.utils [-] Running this scenario without either the 'network' or 'existing_network' context is deprecated
2019-11-18 22:06:10.113 32146 INFO rally.task.runner [-] Task 3839a601-71de-4812-9de7-7879e53bda38 | ITER: 8 END: OK
2019-11-18 22:06:10.116 32146 INFO rally.task.runner [-] Task 3839a601-71de-4812-9de7-7879e53bda38 | ITER: 34 START
2019-11-18 22:06:10.117 32146 WARNING rally_openstack.scenarios.neutron.utils [-] Running this scenario without either the 'network' or 'existing_network' context is deprecated
2019-11-18 22:06:10.185 32167 INFO rally.task.runner [-] Task 3839a601-71de-4812-9de7-7879e53bda38 | ITER: 13 END: OK
2019-11-18 22:06:10.189 32167 INFO rally.task.runner [-] Task 3839a601-71de-4812-9de7-7879e53bda38 | ITER: 35 START
2019-11-18 22:06:10.189 32167 WARNING rally_openstack.scenarios.neutron.utils [-] Running this scenario without either the 'network' or 'existing_network' context is deprecated
2019-11-18 22:06:10.628 32150 INFO rally.task.runner [-] Task 3839a601-71de-4812-9de7-7879e53bda38 | ITER: 9 END: OK
2019-11-18 22:06:10.632 32150 INFO rally.task.runner [-] Task 3839a601-71de-4812-9de7-7879e53bda38 | ITER: 36 START
2019-11-18 22:06:10.633 32150 WARNING rally_openstack.scenarios.neutron.utils [-] Running this scenario without either the 'network' or 'existing_network' context is deprecated
