2019-11-18 22:04:44.377 27675 RALLYDEBUG rally_openstack.cleanup.manager [-] Deleting neutron.port object s_rally_f27ca0d4_MBsk1OWs (d768e90f-cac0-4eea-8806-2153540e4fce)
2019-11-18 22:04:44.475 27675 RALLYDEBUG rally_openstack.cleanup.manager [-] Deleting neutron.port object s_rally_f27ca0d4_kJN2OD8a (d7aa8994-7d45-4bb7-b858-04ac50aa6ef5)
2019-11-18 22:04:44.839 27675 RALLYDEBUG rally_openstack.cleanup.manager [-] Deleting neutron.port object s_rally_f27ca0d4_9Wl76S6r (d7f42b9a-c3b4-404b-8069-f1b16dd4f0d5)
2019-11-18 22:04:44.849 27675 RALLYDEBUG rally_openstack.cleanup.manager [-] Deleting neutron.port object s_rally_f27ca0d4_HZWMGUuE (d81aaf07-a8b9-4012-b080-0133d8e69fcc)
2019-11-18 22:04:44.859 27675 RALLYDEBUG rally_openstack.cleanup.manager [-] Deleting neutron.port object s_rally_f27ca0d4_h16EQ9Ds (d826dd46-2e06-4447-aaba-3ba0d88dc637)
2019-11-18 22:04:45.000 27675 RALLYDEBUG rally_openstack.cleanup.manager [-] Deleting neutron.port object s_rally_f27ca0d4_hwlZ52Eb (d88ac1e0-a9ef-46e8-9193-71bf19c52a5a)
2019-11-18 22:04:45.010 27675 RALLYDEBUG rally_openstack.cleanup.manager [-] Deleting neutron.port object s_rally_f27ca0d4_fTGzPKPI (d88d6b5f-5c35-4347-b2cb-9da37486238b)
2019-11-18 22:04:45.144 27675 RALLYDEBUG rally_openstack.cleanup.manager [-] Deleting neutron.port object s_rally_f27ca0d4_6UUZnkqr (da8ef0ce-cd18-4df4-a66d-9b8d8339966a)
2019-11-18 22:04:45.163 27675 RALLYDEBUG rally_openstack.cleanup.manager [-] Deleting neutron.port object s_rally_f27ca0d4_pxUS1r3n (daba0b01-0786-4e4f-a159-e1bf065d8031)
2019-11-18 22:04:45.237 27675 RALLYDEBUG rally_openstack.cleanup.manager [-] Deleting neutron.port object s_rally_f27ca0d4_X5wYE2iP (db793677-2318-4a6e-8473-01b4d7090edf)
2019-11-18 22:04:45.250 27675 RALLYDEBUG rally_openstack.cleanup.manager [-] Deleting neutron.port object s_rally_f27ca0d4_0c55bYVG (db81f2d4-5340-4b8c-a14c-7c0f65f14f8d)
2019-11-18 22:04:45.285 27675 RALLYDEBUG rally_openstack.cleanup.manager [-] Deleting neutron.port object s_rally_f27ca0d4_31KIl4ft (dba0a1d4-2b1f-4abf-89a6-3877ccfd38d4)
2019-11-18 22:04:45.332 27675 RALLYDEBUG rally_openstack.cleanup.manager [-] Deleting neutron.port object s_rally_f27ca0d4_Am3c67Ml (dc3f4905-f2a1-40fe-beac-2e96828f99a3)
2019-11-18 22:04:45.474 27675 RALLYDEBUG rally_openstack.cleanup.manager [-] Deleting neutron.port object s_rally_f27ca0d4_vwCE1S6r (dd10d681-22d6-4008-9563-91b441ca1410)
2019-11-18 22:04:45.505 27675 RALLYDEBUG rally_openstack.cleanup.manager [-] Deleting neutron.port object s_rally_f27ca0d4_ZJ4kqMEA (dd1ecd2a-28ad-41a7-8a45-99a5d5bae8d6)
2019-11-18 22:04:45.831 27675 RALLYDEBUG rally_openstack.cleanup.manager [-] Deleting neutron.port object s_rally_f27ca0d4_tFr7Zkhn (dd47d5ea-7ba6-46b9-99df-5ccb97567b15)
2019-11-18 22:04:45.850 27675 RALLYDEBUG rally_openstack.cleanup.manager [-] Deleting neutron.port object s_rally_f27ca0d4_yPW8mPYF (dd78e31e-b602-4f24-a9c6-5dfe107a447a)
2019-11-18 22:04:45.906 27675 RALLYDEBUG rally_openstack.cleanup.manager [-] Deleting neutron.port object s_rally_f27ca0d4_cb0J6Wf7 (de309b86-6dda-4bc3-8cdd-b244450fb3e6)
2019-11-18 22:04:46.069 27675 RALLYDEBUG rally_openstack.cleanup.manager [-] Deleting neutron.port object s_rally_f27ca0d4_5nkS1k1E (de6646bb-b137-441a-8d36-9cd025fe0aac)
2019-11-18 22:04:46.207 27675 RALLYDEBUG rally_openstack.cleanup.manager [-] Deleting neutron.port object s_rally_f27ca0d4_r0Y4hNtF (de678a9b-3b22-4736-8283-eee1c0af54c8)
2019-11-18 22:04:46.278 27675 RALLYDEBUG rally_openstack.cleanup.manager [-] Deleting neutron.port object s_rally_f27ca0d4_3c39uRqF (df21b947-1493-48d1-852e-4633057d60dd)
2019-11-18 22:04:46.432 27675 RALLYDEBUG rally_openstack.cleanup.manager [-] Deleting neutron.port object s_rally_f27ca0d4_mGzCouwG (e204f61f-83cc-4eb7-8501-f69b7bea44de)
2019-11-18 22:04:46.624 27675 RALLYDEBUG rally_openstack.cleanup.manager [-] Deleting neutron.port object s_rally_f27ca0d4_hgqMB6cC (e2178b9c-64c9-4a39-bc89-f0459d20b4f3)
2019-11-18 22:04:46.638 27675 RALLYDEBUG rally_openstack.cleanup.manager [-] Deleting neutron.port object s_rally_f27ca0d4_qURPkWvo (e2ae12db-caa8-481d-ac0b-7ae97ddd38fc)
2019-11-18 22:04:46.646 27675 RALLYDEBUG rally_openstack.cleanup.manager [-] Deleting neutron.port object s_rally_f27ca0d4_1arUSAJp (e2ef9f42-0b4b-43e1-9450-97584b8af529)
2019-11-18 22:04:46.788 27675 RALLYDEBUG rally_openstack.cleanup.manager [-] Deleting neutron.port object s_rally_f27ca0d4_DIzscLsX (e2fe9e48-8790-498a-8d0a-712bf3adefa1)
2019-11-18 22:04:46.944 27675 RALLYDEBUG rally_openstack.cleanup.manager [-] Deleting neutron.port object s_rally_f27ca0d4_FiXyECmD (e45c38a5-677a-4d61-8131-4da6fe6f9037)
2019-11-18 22:04:46.981 27675 RALLYDEBUG rally_openstack.cleanup.manager [-] Deleting neutron.port object s_rally_f27ca0d4_N9WVaw66 (e66280dd-6886-4d8f-81cb-c9954693e8aa)
2019-11-18 22:04:46.989 27675 RALLYDEBUG rally_openstack.cleanup.manager [-] Deleting neutron.port object s_rally_f27ca0d4_f8R7gc6W (e68a1137-f496-418b-bfa5-759bcad8e4ee)
2019-11-18 22:04:47.025 27675 RALLYDEBUG rally_openstack.cleanup.manager [-] Deleting neutron.port object s_rally_f27ca0d4_HMZrxuOi (e785cd8b-9997-45ea-b8df-ccf35dca86e5)
2019-11-18 22:04:47.085 27675 RALLYDEBUG rally_openstack.cleanup.manager [-] Deleting neutron.port object s_rally_f27ca0d4_v5B1V78x (e78bd715-3028-4658-ac44-567340204a14)
2019-11-18 22:04:47.098 27675 RALLYDEBUG rally_openstack.cleanup.manager [-] Deleting neutron.port object s_rally_f27ca0d4_dztPHieL (e806269a-3023-48f5-a08f-76ac41b46380)
2019-11-18 22:04:47.257 27675 RALLYDEBUG rally_openstack.cleanup.manager [-] Deleting neutron.port object s_rally_f27ca0d4_02YZ0ecs (e8491e89-4f0c-4e38-a8f2-a5ea46bcc7c3)
2019-11-18 22:04:47.309 27675 RALLYDEBUG rally_openstack.cleanup.manager [-] Deleting neutron.port object s_rally_f27ca0d4_OA3b5IUb (e8f37ea0-8fc8-4fe9-8146-69ea69ee7655)
2019-11-18 22:04:47.474 27675 RALLYDEBUG rally_openstack.cleanup.manager [-] Deleting neutron.port object s_rally_f27ca0d4_LvXITBM5 (e921a544-e137-4dd3-85f8-9aabc6947db8)
2019-11-18 22:04:47.579 27675 RALLYDEBUG rally_openstack.cleanup.manager [-] Deleting neutron.port object s_rally_f27ca0d4_zMza73Wz (e960ba8d-e3e7-48e1-8c66-de83251d529c)
2019-11-18 22:04:47.584 27675 RALLYDEBUG rally_openstack.cleanup.manager [-] Deleting neutron.port object s_rally_f27ca0d4_E5hLUgv7 (ea64beed-db81-47a9-b0f4-4d7ba7e5b9cb)
2019-11-18 22:04:47.637 27675 RALLYDEBUG rally_openstack.cleanup.manager [-] Deleting neutron.port object s_rally_f27ca0d4_540ZiS1Q (eaa324f2-2e0c-40c6-b13e-6739cac0e909)
2019-11-18 22:04:47.938 27675 RALLYDEBUG rally_openstack.cleanup.manager [-] Deleting neutron.port object s_rally_f27ca0d4_m2ul8SUh (eadcc11c-416c-4b34-87bd-7fa3f9253b14)
2019-11-18 22:04:48.149 27675 RALLYDEBUG rally_openstack.cleanup.manager [-] Deleting neutron.port object s_rally_f27ca0d4_u67XErUP (ec079dd1-bf76-4906-bc7c-8b5400ed5c53)
2019-11-18 22:04:48.204 27675 RALLYDEBUG rally_openstack.cleanup.manager [-] Deleting neutron.port object s_rally_f27ca0d4_pT8LiVf1 (ecbcb635-1f30-4576-a77a-c59a3b83371d)
2019-11-18 22:04:48.222 27675 RALLYDEBUG rally_openstack.cleanup.manager [-] Deleting neutron.port object s_rally_f27ca0d4_Mwtm8ign (ecbedcf6-5e4c-45d7-b2a9-8cb05e8d1473)
2019-11-18 22:04:48.404 27675 RALLYDEBUG rally_openstack.cleanup.manager [-] Deleting neutron.port object s_rally_f27ca0d4_RapgD6ot (ee33cad5-d3ec-4782-a731-5d9bb8f16b7c)
2019-11-18 22:04:48.416 27675 RALLYDEBUG rally_openstack.cleanup.manager [-] Deleting neutron.port object s_rally_f27ca0d4_hoeTbx7u (ee606e23-5701-4b8c-9726-eeffcc5f6dd6)
2019-11-18 22:04:48.430 27675 RALLYDEBUG rally_openstack.cleanup.manager [-] Deleting neutron.port object s_rally_f27ca0d4_StbKeBK2 (ef83dae2-7a9e-470c-ad1d-e7a871a94f55)
2019-11-18 22:04:48.610 27675 RALLYDEBUG rally_openstack.cleanup.manager [-] Deleting neutron.port object s_rally_f27ca0d4_BwHEkXfz (f08abc60-2bd6-43b1-affe-8be3537cb8a5)
2019-11-18 22:04:48.819 27675 RALLYDEBUG rally_openstack.cleanup.manager [-] Deleting neutron.port object s_rally_f27ca0d4_GXyvsADq (f1f6f66e-7cec-4746-a4b0-dab7d835d64c)
2019-11-18 22:04:48.876 27675 RALLYDEBUG rally_openstack.cleanup.manager [-] Deleting neutron.port object s_rally_f27ca0d4_mKVOMNQq (f2430aca-589b-4b6f-a26d-07819045f568)
2019-11-18 22:04:48.964 27675 RALLYDEBUG rally_openstack.cleanup.manager [-] Deleting neutron.port object s_rally_f27ca0d4_zkV0XJiA (f25869a1-4daa-4731-9bab-af57d21aa0d0)
2019-11-18 22:04:48.968 27675 RALLYDEBUG rally_openstack.cleanup.manager [-] Deleting neutron.port object s_rally_f27ca0d4_eg1X7PkF (f2b23faf-c458-448f-b497-aa0cdc6e8116)
2019-11-18 22:04:48.981 27675 RALLYDEBUG rally_openstack.cleanup.manager [-] Deleting neutron.port object s_rally_f27ca0d4_7J8sYJ1n (f45e7e96-f9dc-48cc-8ab8-03ea86a86ab1)
2019-11-18 22:04:49.095 27675 RALLYDEBUG rally_openstack.cleanup.manager [-] Deleting neutron.port object s_rally_f27ca0d4_Jyza2lBC (f644db56-e1b7-4281-b837-ebdbfdb956c4)
2019-11-18 22:04:49.124 27675 RALLYDEBUG rally_openstack.cleanup.manager [-] Deleting neutron.port object s_rally_f27ca0d4_VlrDZwdg (f841ba4e-9f5d-4e49-9d49-f2c0e0c4e2e6)
2019-11-18 22:04:49.199 27675 RALLYDEBUG rally_openstack.cleanup.manager [-] Deleting neutron.port object s_rally_f27ca0d4_ChQ741l9 (f8de0280-f12d-4c95-90d5-d2906ca58ebb)
2019-11-18 22:04:49.324 27675 RALLYDEBUG rally_openstack.cleanup.manager [-] Deleting neutron.port object s_rally_f27ca0d4_TiDHofYG (f9a5c2c3-579b-4590-99a8-ec07dd104a92)
2019-11-18 22:04:49.434 27675 RALLYDEBUG rally_openstack.cleanup.manager [-] Deleting neutron.port object s_rally_f27ca0d4_lIZMbKF6 (fa1160cd-9f9c-4c4a-a953-2b949746dfb5)
2019-11-18 22:04:49.601 27675 RALLYDEBUG rally_openstack.cleanup.manager [-] Deleting neutron.port object s_rally_f27ca0d4_CUdLRJOL (fa725296-9eaf-451e-a403-41cc5a8a16be)
2019-11-18 22:04:49.658 27675 RALLYDEBUG rally_openstack.cleanup.manager [-] Deleting neutron.port object s_rally_f27ca0d4_HqUPueJR (fa7acd0f-7ff7-4aec-8e44-fd8389719bc1)
2019-11-18 22:04:49.910 27675 RALLYDEBUG rally_openstack.cleanup.manager [-] Deleting neutron.port object s_rally_f27ca0d4_SSyElovQ (fb455011-c9bc-4f8c-8426-628a9ec0c905)
2019-11-18 22:04:49.946 27675 RALLYDEBUG rally_openstack.cleanup.manager [-] Deleting neutron.port object s_rally_f27ca0d4_tzASBNv7 (fb744e18-ec30-4810-a8cf-52492a5f059c)
2019-11-18 22:04:49.954 27675 RALLYDEBUG rally_openstack.cleanup.manager [-] Deleting neutron.port object s_rally_f27ca0d4_zGDY8aEc (fc9e87a6-d86f-44e9-860c-9a84110a0c1b)
2019-11-18 22:04:50.175 27675 RALLYDEBUG rally_openstack.cleanup.manager [-] Deleting neutron.port object s_rally_f27ca0d4_XxgCz5jX (fd490517-e276-44a3-a7df-3a52a5c0ccce)
2019-11-18 22:04:50.193 27675 RALLYDEBUG rally_openstack.cleanup.manager [-] Deleting neutron.port object s_rally_f27ca0d4_m4kRAivD (fd63ddf3-21ce-4262-9f1d-e7406a2908b8)
2019-11-18 22:04:50.202 27675 RALLYDEBUG rally_openstack.cleanup.manager [-] Deleting neutron.port object s_rally_f27ca0d4_rPRuwm2N (fda75865-68de-4222-84c4-6b23da2ec3a7)
2019-11-18 22:04:50.484 27675 RALLYDEBUG rally_openstack.cleanup.manager [-] Deleting neutron.port object s_rally_f27ca0d4_gsQDGe3j (fe52ba8f-13d5-4810-8971-21c98435458f)
2019-11-18 22:04:50.622 27675 RALLYDEBUG rally_openstack.cleanup.manager [-] Deleting neutron.port object s_rally_f27ca0d4_cNEGcrEx (ff66cbb5-3c6d-4c27-b181-11bdb1fe2002)
2019-11-18 22:04:52.351 27675 RALLYDEBUG rally_openstack.cleanup.manager [-] Cleaning up neutron subnet objects
2019-11-18 22:04:52.758 27675 RALLYDEBUG rally_openstack.cleanup.manager [-] Cleaning up neutron network objects
2019-11-18 22:04:53.238 27675 RALLYDEBUG rally_openstack.cleanup.manager [-] Deleting neutron.network object s_rally_f27ca0d4_hVaOEZ7W (1779d5b0-fbf6-4d5e-8731-b3a8effeb84b)
2019-11-18 22:04:53.247 27675 RALLYDEBUG rally_openstack.cleanup.manager [-] Deleting neutron.network object s_rally_f27ca0d4_wq44Dh1w (1fd5da06-b0e0-4ea2-8051-21b665e51ca1)
2019-11-18 22:04:53.256 27675 RALLYDEBUG rally_openstack.cleanup.manager [-] Deleting neutron.network object s_rally_f27ca0d4_meOs9rK3 (31d7ff5d-8ec5-46f3-b294-c734b07cbd4e)
2019-11-18 22:04:53.260 27675 RALLYDEBUG rally_openstack.cleanup.manager [-] Deleting neutron.network object s_rally_f27ca0d4_w73PdQGt (545d9ac1-c21e-4bc4-9bd3-a15470fbf844)
2019-11-18 22:04:53.270 27675 RALLYDEBUG rally_openstack.cleanup.manager [-] Deleting neutron.network object s_rally_f27ca0d4_rFlMkuBE (55a23294-8cf7-41ec-b175-6e1a6289c4f1)
2019-11-18 22:04:53.275 27675 RALLYDEBUG rally_openstack.cleanup.manager [-] Deleting neutron.network object s_rally_f27ca0d4_1yeUzg5M (7b16579f-a763-41bd-ba41-57690cbf07b1)
2019-11-18 22:04:53.284 27675 RALLYDEBUG rally_openstack.cleanup.manager [-] Deleting neutron.network object s_rally_f27ca0d4_QnFrvc0p (83338159-04e0-44b3-9a7c-62590f7e1476)
2019-11-18 22:04:53.308 27675 RALLYDEBUG rally_openstack.cleanup.manager [-] Deleting neutron.network object s_rally_f27ca0d4_ZZiUnZop (ff6245aa-39de-4a84-bcd4-e89930e5a90b)
2019-11-18 22:04:55.834 27675 RALLYDEBUG rally_openstack.cleanup.manager [-] Cleaning up neutron router objects
2019-11-18 22:04:56.258 27675 RALLYDEBUG rally_openstack.cleanup.manager [-] Cleaning up neutron security_group objects
2019-11-18 22:04:56.695 27675 INFO rally.task.context [-] Task 3839a601-71de-4812-9de7-7879e53bda38 | Context cleanup@openstack cleanup() finished in 46.72 sec
2019-11-18 22:04:56.696 27675 INFO rally.task.context [-] Task 3839a601-71de-4812-9de7-7879e53bda38 | Context quotas@openstack cleanup() started
2019-11-18 22:04:56.779 27675 INFO rally.task.context [-] Task 3839a601-71de-4812-9de7-7879e53bda38 | Context quotas@openstack cleanup() finished in 83.62 msec
2019-11-18 22:04:56.780 27675 INFO rally.task.context [-] Task 3839a601-71de-4812-9de7-7879e53bda38 | Context users@openstack cleanup() started
2019-11-18 22:04:59.469 27675 INFO rally.task.context [-] Task 3839a601-71de-4812-9de7-7879e53bda38 | Context users@openstack cleanup() finished in 2.69 sec
2019-11-18 22:05:00.025 27675 INFO rally.task.engine [-] Load duration is: 55.444473
2019-11-18 22:05:00.026 27675 INFO rally.task.engine [-] Full runner duration is: 55.490255
2019-11-18 22:05:00.026 27675 INFO rally.task.engine [-] Full duration is: 107.940882
2019-11-18 22:05:00.290 27675 INFO rally.task.engine [-] Running workload: position = 1 config = { "version": 2, "title": "A cropped version of a bigger task.", "description": "Auto-generated task from a single workload (uuid=55f2995c-86f4-4f1c-9e3d-93508ce8e893)", "subtasks": [ { "title": "NeutronNetworks.create_and_update_ports", "description": "Create and update a given number of ports.", "scenario": { "NeutronNetworks.create_and_update_ports": { "network_create_args": {}, "port_create_args": {}, "ports_per_network": 5, "port_update_args": { "admin_state_up": false, "device_id": "dummy_id", "device_owner": "dummy_owner", "name": "_port_updated" } } }, "contexts": { "users": { "tenants": 1, "users_per_tenant": 1 }, "quotas": { "neutron": { "network": -1, "port": -1 } } }, "runner": { "constant": { "times": 40, "concurrency": 20 } }, "hooks": [], "sla": { "failure_rate": { "max": 0 } } } ] }
2019-11-18 22:05:00.315 27675 RALLYDEBUG rally_openstack.contexts.keystone.users [-] Creating 1 tenants using 20 threads
2019-11-18 22:05:01.247 27675 RALLYDEBUG rally_openstack.contexts.keystone.users [-] Creating 1 users using 20 threads
2019-11-18 22:05:02.647 27675 INFO rally.task.context [-] Task 3839a601-71de-4812-9de7-7879e53bda38 | Context users@openstack setup() finished in 2.33 sec
2019-11-18 22:05:03.154 27675 INFO rally.task.context [-] Task 3839a601-71de-4812-9de7-7879e53bda38 | Context quotas@openstack setup() finished in 0.51 sec
2019-11-18 22:05:03.155 27675 INFO rally.task.context [-] Task 3839a601-71de-4812-9de7-7879e53bda38 | Context cleanup@openstack setup() finished in 0.02 msec
2019-11-18 22:05:03.164 27675 RALLYDEBUG rally.task.runner [-] Starting the constant runner (task UUID: 3839a601-71de-4812-9de7-7879e53bda38). times: 40 concurrency: 20 timeout: 0 max_cpu_used: 16 processes_to_start: 16 concurrency_per_worker: 1 concurrency_overhead: 4
2019-11-18 22:05:03.177 31751 RALLYDEBUG rally.task.runner [-] Starting a worker. times: 40 duration: None concurrency: 2 timeout: 0 cls: method_name: run args: {"network_create_args": {}, "port_create_args": {}, "ports_per_network": 5, "port_update_args": {"admin_state_up": false, "device_id": "dummy_id", "device_owner": "dummy_owner", "name": "_port_updated"}}
2019-11-18 22:05:03.180 31752 RALLYDEBUG rally.task.runner [-] Starting a worker. times: 40 duration: None concurrency: 2 timeout: 0 cls: method_name: run args: {"network_create_args": {}, "port_create_args": {}, "ports_per_network": 5, "port_update_args": {"admin_state_up": false, "device_id": "dummy_id", "device_owner": "dummy_owner", "name": "_port_updated"}}
2019-11-18 22:05:03.184 31753 RALLYDEBUG rally.task.runner [-] Starting a worker. times: 40 duration: None concurrency: 2 timeout: 0 cls: method_name: run args: {"network_create_args": {}, "port_create_args": {}, "ports_per_network": 5, "port_update_args": {"admin_state_up": false, "device_id": "dummy_id", "device_owner": "dummy_owner", "name": "_port_updated"}}
2019-11-18 22:05:03.185 31751 INFO rally.task.runner [-] Task 3839a601-71de-4812-9de7-7879e53bda38 | ITER: 1 START
2019-11-18 22:05:03.188 31752 INFO rally.task.runner [-] Task 3839a601-71de-4812-9de7-7879e53bda38 | ITER: 2 START
2019-11-18 22:05:03.187 31751 INFO rally.task.runner [-] Task 3839a601-71de-4812-9de7-7879e53bda38 | ITER: 3 START
2019-11-18 22:05:03.189 31756 RALLYDEBUG rally.task.runner [-] Starting a worker. times: 40 duration: None concurrency: 2 timeout: 0 cls: method_name: run args: {"network_create_args": {}, "port_create_args": {}, "ports_per_network": 5, "port_update_args": {"admin_state_up": false, "device_id": "dummy_id", "device_owner": "dummy_owner", "name": "_port_updated"}}
2019-11-18 22:05:03.189 31751 WARNING rally_openstack.scenarios.neutron.utils [-] Running this scenario without either the 'network' or 'existing_network' context is deprecated
2019-11-18 22:05:03.190 31752 INFO rally.task.runner [-] Task 3839a601-71de-4812-9de7-7879e53bda38 | ITER: 5 START
2019-11-18 22:05:03.191 31753 INFO rally.task.runner [-] Task 3839a601-71de-4812-9de7-7879e53bda38 | ITER: 4 START
2019-11-18 22:05:03.191 31752 WARNING rally_openstack.scenarios.neutron.utils [-] Running this scenario without either the 'network' or 'existing_network' context is deprecated
2019-11-18 22:05:03.192 31760 RALLYDEBUG rally.task.runner [-] Starting a worker. times: 40 duration: None concurrency: 1 timeout: 0 cls: method_name: run args: {"network_create_args": {}, "port_create_args": {}, "ports_per_network": 5, "port_update_args": {"admin_state_up": false, "device_id": "dummy_id", "device_owner": "dummy_owner", "name": "_port_updated"}}
2019-11-18 22:05:03.192 31753 INFO rally.task.runner [-] Task 3839a601-71de-4812-9de7-7879e53bda38 | ITER: 6 START
2019-11-18 22:05:03.194 31753 WARNING rally_openstack.scenarios.neutron.utils [-] Running this scenario without either the 'network' or 'existing_network' context is deprecated
2019-11-18 22:05:03.195 31764 RALLYDEBUG rally.task.runner [-] Starting a worker. times: 40 duration: None concurrency: 1 timeout: 0 cls: method_name: run args: {"network_create_args": {}, "port_create_args": {}, "ports_per_network": 5, "port_update_args": {"admin_state_up": false, "device_id": "dummy_id", "device_owner": "dummy_owner", "name": "_port_updated"}}
2019-11-18 22:05:03.196 31756 INFO rally.task.runner [-] Task 3839a601-71de-4812-9de7-7879e53bda38 | ITER: 7 START
2019-11-18 22:05:03.198 31756 WARNING rally_openstack.scenarios.neutron.utils [-] Running this scenario without either the 'network' or 'existing_network' context is deprecated
2019-11-18 22:05:03.199 31760 INFO rally.task.runner [-] Task 3839a601-71de-4812-9de7-7879e53bda38 | ITER: 8 START
2019-11-18 22:05:03.199 31768 RALLYDEBUG rally.task.runner [-] Starting a worker. times: 40 duration: None concurrency: 1 timeout: 0 cls: method_name: run args: {"network_create_args": {}, "port_create_args": {}, "ports_per_network": 5, "port_update_args": {"admin_state_up": false, "device_id": "dummy_id", "device_owner": "dummy_owner", "name": "_port_updated"}}
2019-11-18 22:05:03.201 31760 WARNING rally_openstack.scenarios.neutron.utils [-] Running this scenario without either the 'network' or 'existing_network' context is deprecated
2019-11-18 22:05:03.190 31751 WARNING rally_openstack.scenarios.neutron.utils [-] Running this scenario without either the 'network' or 'existing_network' context is deprecated
2019-11-18 22:05:03.201 31764 INFO rally.task.runner [-] Task 3839a601-71de-4812-9de7-7879e53bda38 | ITER: 10 START
2019-11-18 22:05:03.203 31764 WARNING rally_openstack.scenarios.neutron.utils [-] Running this scenario without either the 'network' or 'existing_network' context is deprecated
2019-11-18 22:05:03.193 31752 WARNING rally_openstack.scenarios.neutron.utils [-] Running this scenario without either the 'network' or 'existing_network' context is deprecated
2019-11-18 22:05:03.204 31773 RALLYDEBUG rally.task.runner [-] Starting a worker. times: 40 duration: None concurrency: 1 timeout: 0 cls: method_name: run args: {"network_create_args": {}, "port_create_args": {}, "ports_per_network": 5, "port_update_args": {"admin_state_up": false, "device_id": "dummy_id", "device_owner": "dummy_owner", "name": "_port_updated"}}
2019-11-18 22:05:03.205 31768 INFO rally.task.runner [-] Task 3839a601-71de-4812-9de7-7879e53bda38 | ITER: 11 START
2019-11-18 22:05:03.195 31753 WARNING rally_openstack.scenarios.neutron.utils [-] Running this scenario without either the 'network' or 'existing_network' context is deprecated
2019-11-18 22:05:03.207 31768 WARNING rally_openstack.scenarios.neutron.utils [-] Running this scenario without either the 'network' or 'existing_network' context is deprecated
2019-11-18 22:05:03.209 31773 INFO rally.task.runner [-] Task 3839a601-71de-4812-9de7-7879e53bda38 | ITER: 12 START
2019-11-18 22:05:03.209 31777 RALLYDEBUG rally.task.runner [-] Starting a worker. times: 40 duration: None concurrency: 1 timeout: 0 cls: method_name: run args: {"network_create_args": {}, "port_create_args": {}, "ports_per_network": 5, "port_update_args": {"admin_state_up": false, "device_id": "dummy_id", "device_owner": "dummy_owner", "name": "_port_updated"}}
2019-11-18 22:05:03.211 31773 WARNING rally_openstack.scenarios.neutron.utils [-] Running this scenario without either the 'network' or 'existing_network' context is deprecated
2019-11-18 22:05:03.199 31756 INFO rally.task.runner [-] Task 3839a601-71de-4812-9de7-7879e53bda38 | ITER: 9 START
2019-11-18 22:05:03.215 31756 WARNING rally_openstack.scenarios.neutron.utils [-] Running this scenario without either the 'network' or 'existing_network' context is deprecated
2019-11-18 22:05:03.215 31777 INFO rally.task.runner [-] Task 3839a601-71de-4812-9de7-7879e53bda38 | ITER: 13 START
2019-11-18 22:05:03.217 31777 WARNING rally_openstack.scenarios.neutron.utils [-] Running this scenario without either the 'network' or 'existing_network' context is deprecated
2019-11-18 22:05:03.218 31780 RALLYDEBUG rally.task.runner [-] Starting a worker. times: 40 duration: None concurrency: 1 timeout: 0 cls: method_name: run args: {"network_create_args": {}, "port_create_args": {}, "ports_per_network": 5, "port_update_args": {"admin_state_up": false, "device_id": "dummy_id", "device_owner": "dummy_owner", "name": "_port_updated"}}
2019-11-18 22:05:03.224 31780 INFO rally.task.runner [-] Task 3839a601-71de-4812-9de7-7879e53bda38 | ITER: 14 START
2019-11-18 22:05:03.225 31783 RALLYDEBUG rally.task.runner [-] Starting a worker. times: 40 duration: None concurrency: 1 timeout: 0 cls: method_name: run args: {"network_create_args": {}, "port_create_args": {}, "ports_per_network": 5, "port_update_args": {"admin_state_up": false, "device_id": "dummy_id", "device_owner": "dummy_owner", "name": "_port_updated"}}
2019-11-18 22:05:03.227 31780 WARNING rally_openstack.scenarios.neutron.utils [-] Running this scenario without either the 'network' or 'existing_network' context is deprecated
2019-11-18 22:05:03.230 31783 INFO rally.task.runner [-] Task 3839a601-71de-4812-9de7-7879e53bda38 | ITER: 15 START
2019-11-18 22:05:03.232 31783 WARNING rally_openstack.scenarios.neutron.utils [-] Running this scenario without either the 'network' or 'existing_network' context is deprecated
2019-11-18 22:05:03.232 31786 RALLYDEBUG rally.task.runner [-] Starting a worker. times: 40 duration: None concurrency: 1 timeout: 0 cls: method_name: run args: {"network_create_args": {}, "port_create_args": {}, "ports_per_network": 5, "port_update_args": {"admin_state_up": false, "device_id": "dummy_id", "device_owner": "dummy_owner", "name": "_port_updated"}}
2019-11-18 22:05:03.237 31786 INFO rally.task.runner [-] Task 3839a601-71de-4812-9de7-7879e53bda38 | ITER: 16 START
2019-11-18 22:05:03.239 31786 WARNING rally_openstack.scenarios.neutron.utils [-] Running this scenario without either the 'network' or 'existing_network' context is deprecated
2019-11-18 22:05:03.239 31789 RALLYDEBUG rally.task.runner [-] Starting a worker. times: 40 duration: None concurrency: 1 timeout: 0 cls: method_name: run args: {"network_create_args": {}, "port_create_args": {}, "ports_per_network": 5, "port_update_args": {"admin_state_up": false, "device_id": "dummy_id", "device_owner": "dummy_owner", "name": "_port_updated"}}
2019-11-18 22:05:03.243 31789 INFO rally.task.runner [-] Task 3839a601-71de-4812-9de7-7879e53bda38 | ITER: 17 START
2019-11-18 22:05:03.244 31792 RALLYDEBUG rally.task.runner [-] Starting a worker. times: 40 duration: None concurrency: 1 timeout: 0 cls: method_name: run args: {"network_create_args": {}, "port_create_args": {}, "ports_per_network": 5, "port_update_args": {"admin_state_up": false, "device_id": "dummy_id", "device_owner": "dummy_owner", "name": "_port_updated"}}
2019-11-18 22:05:03.245 31789 WARNING rally_openstack.scenarios.neutron.utils [-] Running this scenario without either the 'network' or 'existing_network' context is deprecated
2019-11-18 22:05:03.248 31792 INFO rally.task.runner [-] Task 3839a601-71de-4812-9de7-7879e53bda38 | ITER: 18 START
2019-11-18 22:05:03.248 31795 RALLYDEBUG rally.task.runner [-] Starting a worker. times: 40 duration: None concurrency: 1 timeout: 0 cls: method_name: run args: {"network_create_args": {}, "port_create_args": {}, "ports_per_network": 5, "port_update_args": {"admin_state_up": false, "device_id": "dummy_id", "device_owner": "dummy_owner", "name": "_port_updated"}}
2019-11-18 22:05:03.249 31792 WARNING rally_openstack.scenarios.neutron.utils [-] Running this scenario without either the 'network' or 'existing_network' context is deprecated
2019-11-18 22:05:03.252 31795 INFO rally.task.runner [-] Task 3839a601-71de-4812-9de7-7879e53bda38 | ITER: 19 START
2019-11-18 22:05:03.252 31798 RALLYDEBUG rally.task.runner [-] Starting a worker. times: 40 duration: None concurrency: 1 timeout: 0 cls: method_name: run args: {"network_create_args": {}, "port_create_args": {}, "ports_per_network": 5, "port_update_args": {"admin_state_up": false, "device_id": "dummy_id", "device_owner": "dummy_owner", "name": "_port_updated"}}
2019-11-18 22:05:03.253 31795 WARNING rally_openstack.scenarios.neutron.utils [-] Running this scenario without either the 'network' or 'existing_network' context is deprecated
2019-11-18 22:05:03.256 31798 INFO rally.task.runner [-] Task 3839a601-71de-4812-9de7-7879e53bda38 | ITER: 20 START
2019-11-18 22:05:03.257 31798 WARNING rally_openstack.scenarios.neutron.utils [-] Running this scenario without either the 'network' or 'existing_network' context is deprecated
2019-11-18 22:05:09.749 31752 INFO rally.task.runner [-] Task 3839a601-71de-4812-9de7-7879e53bda38 | ITER: 5 END: OK
2019-11-18 22:05:09.753 31752 INFO rally.task.runner [-] Task 3839a601-71de-4812-9de7-7879e53bda38 | ITER: 21 START
2019-11-18 22:05:09.754 31752 WARNING rally_openstack.scenarios.neutron.utils [-] Running this scenario without either the 'network' or 'existing_network' context is deprecated
2019-11-18 22:05:09.978 31773 INFO rally.task.runner [-] Task 3839a601-71de-4812-9de7-7879e53bda38 | ITER: 12 END: OK
2019-11-18 22:05:09.982 31773 INFO rally.task.runner [-] Task 3839a601-71de-4812-9de7-7879e53bda38 | ITER: 22 START
2019-11-18 22:05:09.982 31773 WARNING rally_openstack.scenarios.neutron.utils [-] Running this scenario without either the 'network' or 'existing_network' context is deprecated
2019-11-18 22:05:10.581 31795 INFO rally.task.runner [-] Task 3839a601-71de-4812-9de7-7879e53bda38 | ITER: 19 END: OK
2019-11-18 22:05:10.584 31795 INFO rally.task.runner [-] Task 3839a601-71de-4812-9de7-7879e53bda38 | ITER: 23 START
2019-11-18 22:05:10.585 31795 WARNING rally_openstack.scenarios.neutron.utils [-] Running this scenario without either the 'network' or 'existing_network' context is deprecated
2019-11-18 22:05:11.100 31780 INFO rally.task.runner [-] Task 3839a601-71de-4812-9de7-7879e53bda38 | ITER: 14 END: OK
2019-11-18 22:05:11.104 31780 INFO rally.task.runner [-] Task 3839a601-71de-4812-9de7-7879e53bda38 | ITER: 24 START
2019-11-18 22:05:11.105 31780 WARNING rally_openstack.scenarios.neutron.utils [-] Running this scenario without either the 'network' or 'existing_network' context is deprecated
2019-11-18 22:05:11.526 31789 INFO rally.task.runner [-] Task 3839a601-71de-4812-9de7-7879e53bda38 | ITER: 17 END: OK
2019-11-18 22:05:11.529 31789 INFO rally.task.runner [-] Task 3839a601-71de-4812-9de7-7879e53bda38 | ITER: 25 START
2019-11-18 22:05:11.530 31789 WARNING rally_openstack.scenarios.neutron.utils [-] Running this scenario without either the 'network' or 'existing_network' context is deprecated
2019-11-18 22:05:12.282 31753 INFO rally.task.runner [-] Task 3839a601-71de-4812-9de7-7879e53bda38 | ITER: 6 END: OK
2019-11-18 22:05:12.285 31753 INFO rally.task.runner [-] Task 3839a601-71de-4812-9de7-7879e53bda38 | ITER: 26 START
2019-11-18 22:05:12.286 31753 WARNING rally_openstack.scenarios.neutron.utils [-] Running this scenario without either the 'network' or 'existing_network' context is deprecated
2019-11-18 22:05:12.288 31792 INFO rally.task.runner [-] Task 3839a601-71de-4812-9de7-7879e53bda38 | ITER: 18 END: OK
2019-11-18 22:05:12.292 31792 INFO rally.task.runner [-] Task 3839a601-71de-4812-9de7-7879e53bda38 | ITER: 27 START
2019-11-18 22:05:12.293 31792 WARNING rally_openstack.scenarios.neutron.utils [-] Running this scenario without either the 'network' or 'existing_network' context is deprecated
2019-11-18 22:05:12.394 31751 INFO rally.task.runner [-] Task 3839a601-71de-4812-9de7-7879e53bda38 | ITER: 1 END: OK
2019-11-18 22:05:12.398 31751 INFO rally.task.runner [-] Task 3839a601-71de-4812-9de7-7879e53bda38 | ITER: 28 START
2019-11-18 22:05:12.398 31751 WARNING rally_openstack.scenarios.neutron.utils [-] Running this scenario without either the 'network' or 'existing_network' context is deprecated
2019-11-18 22:05:12.483 31786 INFO rally.task.runner [-] Task 3839a601-71de-4812-9de7-7879e53bda38 | ITER: 16 END: OK
2019-11-18 22:05:12.487 31786 INFO rally.task.runner [-] Task 3839a601-71de-4812-9de7-7879e53bda38 | ITER: 29 START
2019-11-18 22:05:12.488 31786 WARNING rally_openstack.scenarios.neutron.utils [-] Running this scenario without either the 'network' or 'existing_network' context is deprecated
2019-11-18 22:05:12.554 31783 INFO rally.task.runner [-] Task 3839a601-71de-4812-9de7-7879e53bda38 | ITER: 15 END: OK
2019-11-18 22:05:12.557 31783 INFO rally.task.runner [-] Task 3839a601-71de-4812-9de7-7879e53bda38 | ITER: 30 START
2019-11-18 22:05:12.558 31783 WARNING rally_openstack.scenarios.neutron.utils [-] Running this scenario without either the 'network' or 'existing_network' context is deprecated
2019-11-18 22:05:12.576 31764 INFO rally.task.runner [-] Task 3839a601-71de-4812-9de7-7879e53bda38 | ITER: 10 END: OK
2019-11-18 22:05:12.579 31764 INFO rally.task.runner [-] Task 3839a601-71de-4812-9de7-7879e53bda38 | ITER: 31 START
2019-11-18 22:05:12.580 31764 WARNING rally_openstack.scenarios.neutron.utils [-] Running this scenario without either the 'network' or 'existing_network' context is deprecated
2019-11-18 22:05:12.966 31760 INFO rally.task.runner [-] Task 3839a601-71de-4812-9de7-7879e53bda38 | ITER: 8 END: OK
2019-11-18 22:05:12.970 31760 INFO rally.task.runner [-] Task 3839a601-71de-4812-9de7-7879e53bda38 | ITER: 32 START
2019-11-18 22:05:12.971 31760 WARNING rally_openstack.scenarios.neutron.utils [-] Running this scenario without either the 'network' or 'existing_network' context is deprecated
2019-11-18 22:05:13.100 31768 INFO rally.task.runner [-] Task 3839a601-71de-4812-9de7-7879e53bda38 | ITER: 11 END: OK
2019-11-18 22:05:13.104 31768 INFO rally.task.runner [-] Task 3839a601-71de-4812-9de7-7879e53bda38 | ITER: 33 START
2019-11-18 22:05:13.105 31768 WARNING rally_openstack.scenarios.neutron.utils [-] Running this scenario without either the 'network' or 'existing_network' context is deprecated
2019-11-18 22:05:13.447 31752 INFO rally.task.runner [-] Task 3839a601-71de-4812-9de7-7879e53bda38 | ITER: 2 END: OK
2019-11-18 22:05:13.451 31752 INFO rally.task.runner [-] Task 3839a601-71de-4812-9de7-7879e53bda38 | ITER: 34 START
2019-11-18 22:05:13.451 31752 WARNING rally_openstack.scenarios.neutron.utils [-] Running this scenario without either the 'network' or 'existing_network' context is deprecated
2019-11-18 22:05:13.517 31777 INFO rally.task.runner [-] Task 3839a601-71de-4812-9de7-7879e53bda38 | ITER: 13 END: OK
2019-11-18 22:05:13.521 31777 INFO rally.task.runner [-] Task 3839a601-71de-4812-9de7-7879e53bda38 | ITER: 35 START
2019-11-18 22:05:13.521 31777 WARNING rally_openstack.scenarios.neutron.utils [-] Running this scenario without either the 'network' or 'existing_network' context is deprecated
2019-11-18 22:05:13.608 31756 INFO rally.task.runner [-] Task 3839a601-71de-4812-9de7-7879e53bda38 | ITER: 7 END: OK
2019-11-18 22:05:13.612 31756 INFO rally.task.runner [-] Task 3839a601-71de-4812-9de7-7879e53bda38 | ITER: 36 START
2019-11-18 22:05:13.613 31756 WARNING rally_openstack.scenarios.neutron.utils [-] Running this scenario without either the 'network' or 'existing_network' context is deprecated
2019-11-18 22:05:14.063 31753 INFO rally.task.runner [-] Task 3839a601-71de-4812-9de7-7879e53bda38 | ITER: 4 END: OK
2019-11-18 22:05:14.067 31753 INFO rally.task.runner [-] Task 3839a601-71de-4812-9de7-7879e53bda38 | ITER: 37 START
2019-11-18 22:05:14.068 31753 WARNING rally_openstack.scenarios.neutron.utils [-] Running this scenario without either the 'network' or 'existing_network' context is deprecated
2019-11-18 22:05:14.196 31756 INFO rally.task.runner [-] Task 3839a601-71de-4812-9de7-7879e53bda38 | ITER: 9 END: OK
2019-11-18 22:05:14.199 31756 INFO rally.task.runner [-] Task 3839a601-71de-4812-9de7-7879e53bda38 | ITER: 38 START
2019-11-18 22:05:14.200 31756 WARNING rally_openstack.scenarios.neutron.utils [-] Running this scenario without either the 'network' or 'existing_network' context is deprecated
2019-11-18 22:05:14.441 31798 INFO rally.task.runner [-] Task 3839a601-71de-4812-9de7-7879e53bda38 | ITER: 20 END: OK
2019-11-18 22:05:14.445 31798 INFO rally.task.runner [-] Task 3839a601-71de-4812-9de7-7879e53bda38 | ITER: 39 START
2019-11-18 22:05:14.446 31798 WARNING rally_openstack.scenarios.neutron.utils [-] Running this scenario without either the 'network' or 'existing_network' context is deprecated
2019-11-18 22:05:15.709 31751 INFO rally.task.runner [-] Task 3839a601-71de-4812-9de7-7879e53bda38 | ITER: 3 END: OK
2019-11-18 22:05:15.713 31751 INFO rally.task.runner [-] Task 3839a601-71de-4812-9de7-7879e53bda38 | ITER: 40 START
2019-11-18 22:05:15.714 31751 WARNING rally_openstack.scenarios.neutron.utils [-] Running this scenario without either the 'network' or 'existing_network' context is deprecated
2019-11-18 22:05:18.253 31752 INFO rally.task.runner [-] Task 3839a601-71de-4812-9de7-7879e53bda38 | ITER: 21 END: OK
2019-11-18 22:05:18.846 31780 INFO rally.task.runner [-] Task 3839a601-71de-4812-9de7-7879e53bda38 | ITER: 24 END: OK
2019-11-18 22:05:19.679 31795 INFO rally.task.runner [-] Task 3839a601-71de-4812-9de7-7879e53bda38 | ITER: 23 END: OK
2019-11-18 22:05:19.952 31783 INFO rally.task.runner [-] Task 3839a601-71de-4812-9de7-7879e53bda38 | ITER: 30 END: OK
2019-11-18 22:05:20.051 31773 INFO rally.task.runner [-] Task 3839a601-71de-4812-9de7-7879e53bda38 | ITER: 22 END: OK
2019-11-18 22:05:20.247 31789 INFO rally.task.runner [-] Task 3839a601-71de-4812-9de7-7879e53bda38 | ITER: 25 END: OK
2019-11-18 22:05:20.273 31760 INFO rally.task.runner [-] Task 3839a601-71de-4812-9de7-7879e53bda38 | ITER: 32 END: OK
2019-11-18 22:05:20.397 31786 INFO rally.task.runner [-] Task 3839a601-71de-4812-9de7-7879e53bda38 | ITER: 29 END: OK
2019-11-18 22:05:20.551 31751 INFO rally.task.runner [-] Task 3839a601-71de-4812-9de7-7879e53bda38 | ITER: 28 END: OK
2019-11-18 22:05:21.180 31792 INFO rally.task.runner [-] Task 3839a601-71de-4812-9de7-7879e53bda38 | ITER: 27 END: OK
2019-11-18 22:05:21.291 31752 INFO rally.task.runner [-] Task 3839a601-71de-4812-9de7-7879e53bda38 | ITER: 34 END: OK
2019-11-18 22:05:21.316 31764 INFO rally.task.runner [-] Task 3839a601-71de-4812-9de7-7879e53bda38 | ITER: 31 END: OK
2019-11-18 22:05:21.490 31798 INFO rally.task.runner [-] Task 3839a601-71de-4812-9de7-7879e53bda38 | ITER: 39 END: OK
2019-11-18 22:05:21.498 31756 INFO rally.task.runner [-] Task 3839a601-71de-4812-9de7-7879e53bda38 | ITER: 36 END: OK
2019-11-18 22:05:21.508 31777 INFO rally.task.runner [-] Task 3839a601-71de-4812-9de7-7879e53bda38 | ITER: 35 END: OK
2019-11-18 22:05:22.041 31756 INFO rally.task.runner [-] Task 3839a601-71de-4812-9de7-7879e53bda38 | ITER: 38 END: OK
2019-11-18 22:05:22.115 31768 INFO rally.task.runner [-] Task 3839a601-71de-4812-9de7-7879e53bda38 | ITER: 33 END: OK
2019-11-18 22:05:22.119 31753 INFO rally.task.runner [-] Task 3839a601-71de-4812-9de7-7879e53bda38 | ITER: 37 END: OK
2019-11-18 22:05:22.304 31751 INFO rally.task.runner [-] Task 3839a601-71de-4812-9de7-7879e53bda38 | ITER: 40 END: OK
2019-11-18 22:05:22.506 31753 INFO rally.task.runner [-] Task 3839a601-71de-4812-9de7-7879e53bda38 | ITER: 26 END: OK
2019-11-18 22:05:22.539 27675 INFO rally.task.context [-] Task 3839a601-71de-4812-9de7-7879e53bda38 | Context cleanup@openstack cleanup() started
2019-11-18 22:05:22.543 27675 RALLYDEBUG rally_openstack.cleanup.manager [-] Cleaning up neutron vip objects
2019-11-18 22:05:23.007 27675 RALLYDEBUG rally_openstack.cleanup.manager [-] Cleaning up neutron health_monitor objects
2019-11-18 22:05:23.394 27675 RALLYDEBUG rally_openstack.cleanup.manager [-] Cleaning up neutron pool objects
2019-11-18 22:05:23.776 27675 RALLYDEBUG rally_openstack.cleanup.manager [-] Cleaning up neutron loadbalancer objects
2019-11-18 22:05:24.142 27675 RALLYDEBUG rally_openstack.cleanup.manager [-] Cleaning up neutron floatingip objects
2019-11-18 22:05:24.551 27675 RALLYDEBUG rally_openstack.cleanup.manager [-] Cleaning up neutron trunk objects
2019-11-18 22:05:24.940 27675 RALLYDEBUG rally_openstack.cleanup.manager [-] Cleaning up neutron port objects
2019-11-18 22:05:25.907 27675 RALLYDEBUG rally_openstack.cleanup.manager [-] Deleting neutron.port object s_rally_55f2995c_I28JZG8c (00140910-1934-4c2f-a36d-f527333e41b1)
2019-11-18 22:05:25.916 27675 RALLYDEBUG rally_openstack.cleanup.manager [-] Deleting neutron.port object s_rally_55f2995c_tbcrW4Z3 (005661d9-a3c4-4113-848e-75bb7256ae8e)
2019-11-18 22:05:25.925 27675 RALLYDEBUG rally_openstack.cleanup.manager [-] Deleting neutron.port object s_rally_55f2995c_Bag2c60E (012dc15b-b618-4208-8510-aadeae723580)
2019-11-18 22:05:25.934 27675 RALLYDEBUG rally_openstack.cleanup.manager [-] Deleting neutron.port object s_rally_55f2995c_XjEjYUDN (017da8b3-f34d-41fb-88bb-26b2853c0d76)
2019-11-18 22:05:25.939 27675 RALLYDEBUG rally_openstack.cleanup.manager [-] Deleting neutron.port object s_rally_55f2995c_RtIir6O5 (01a6fab3-247c-4a9a-9542-a820277cf48e)
2019-11-18 22:05:25.950 27675 RALLYDEBUG rally_openstack.cleanup.manager [-] Deleting neutron.port object s_rally_55f2995c_ufOpVbAG (01e57798-373c-4a89-9c5f-0452eba4a385)
2019-11-18 22:05:25.959 27675 RALLYDEBUG rally_openstack.cleanup.manager [-] Deleting neutron.port object s_rally_55f2995c_BhIZfvPR (0251789f-3dae-47fd-9139-86b8b5dd8bd0)
2019-11-18 22:05:25.970 27675 RALLYDEBUG rally_openstack.cleanup.manager [-] Deleting neutron.port object s_rally_55f2995c_fjZTg5go (047e334b-575a-411f-b52f-762a6bec4de6)
2019-11-18 22:05:25.978 27675 RALLYDEBUG rally_openstack.cleanup.manager [-] Deleting neutron.port object s_rally_55f2995c_TEE6L3Y0 (0a9d53b3-138a-4fce-b132-63456e1a9b72)
2019-11-18 22:05:25.987 27675 RALLYDEBUG rally_openstack.cleanup.manager [-] Deleting neutron.port object s_rally_55f2995c_85ue100K (0d1069df-45a4-4372-b5da-ab45f106d55e)
2019-11-18 22:05:26.003 27675 RALLYDEBUG rally_openstack.cleanup.manager [-] Deleting neutron.port object s_rally_55f2995c_Tb0Zw36i (0dcc9a4f-15f9-4664-bcd7-91aaf1487e2b)
2019-11-18 22:05:26.017 27675 RALLYDEBUG rally_openstack.cleanup.manager [-] Deleting neutron.port object s_rally_55f2995c_DtR05KjR (0e981309-260b-4966-87e4-d98aa842925c)
2019-11-18 22:05:26.024 27675 RALLYDEBUG rally_openstack.cleanup.manager [-] Deleting neutron.port object s_rally_55f2995c_G45wskSy (0f582a44-ec63-42c6-9da7-3bacb67153da)
2019-11-18 22:05:26.033 27675 RALLYDEBUG rally_openstack.cleanup.manager [-] Deleting neutron.port object s_rally_55f2995c_7rGqLj1T (109f206c-515e-40bf-b55b-58c6d37d17b6)
2019-11-18 22:05:26.042 27675 RALLYDEBUG rally_openstack.cleanup.manager [-] Deleting neutron.port object s_rally_55f2995c_1BK00c1g (10e1d888-ebd5-40b3-9d68-0350083dd5ae)
2019-11-18 22:05:26.053 27675 RALLYDEBUG rally_openstack.cleanup.manager [-] Deleting neutron.port object s_rally_55f2995c_vqoiyOLy (148db553-3383-4da3-971d-201f6f19bd6f)
2019-11-18 22:05:26.068 27675 RALLYDEBUG rally_openstack.cleanup.manager [-] Deleting neutron.port object s_rally_55f2995c_r84fH5W2 (159b6b09-8e7a-4151-91c6-936c3e02cc2f)
2019-11-18 22:05:26.075 27675 RALLYDEBUG rally_openstack.cleanup.manager [-] Deleting neutron.port object s_rally_55f2995c_J2k2MJtQ (15b6568c-0cfa-49d2-b700-af6adb4d56ac)
2019-11-18 22:05:26.090 27675 RALLYDEBUG rally_openstack.cleanup.manager [-] Deleting neutron.port object s_rally_55f2995c_kC8wycJf (15d59187-dfc0-49b7-8030-9040b6a8841b)
2019-11-18 22:05:26.097 27675 RALLYDEBUG rally_openstack.cleanup.manager [-] Deleting neutron.port object s_rally_55f2995c_jZ3WbXxo (1605db2d-026a-49c7-b7b5-9889256d019b)
2019-11-18 22:05:27.806 27675 RALLYDEBUG rally_openstack.cleanup.manager [-] Deleting neutron.port object s_rally_55f2995c_Tbh91UI0 (163c6c7d-7a9c-4c8e-89a5-fe850da451e3)
2019-11-18 22:05:27.903 27675 RALLYDEBUG rally_openstack.cleanup.manager [-] Deleting neutron.port object s_rally_55f2995c_5h6vWybA (17b040cb-b846-4acb-8f1b-96cf16bd789f)
2019-11-18 22:05:28.044 27675 RALLYDEBUG rally_openstack.cleanup.manager [-] Deleting neutron.port object s_rally_55f2995c_1LOmw4q1 (19d8cc0f-d9cf-4720-bcd8-418471dddb9d)
2019-11-18 22:05:28.070 27675 RALLYDEBUG rally_openstack.cleanup.manager [-] Deleting neutron.port object s_rally_55f2995c_a79eLL0T (1cc2c81e-5f71-4b2d-aa09-f1507d7a7160)
2019-11-18 22:05:28.100 27675 RALLYDEBUG rally_openstack.cleanup.manager [-] Deleting neutron.port object s_rally_55f2995c_Ipf8k35l (1cdaee44-f9ff-4471-9617-a2564b5cb64d)
2019-11-18 22:05:28.117 27675 RALLYDEBUG rally_openstack.cleanup.manager [-] Deleting neutron.port object s_rally_55f2995c_5MVkp3r1 (1f0661f1-d1a2-4bf1-90fe-98cb54995574)
2019-11-18 22:05:28.125 27675 RALLYDEBUG rally_openstack.cleanup.manager [-] Deleting neutron.port object s_rally_55f2995c_syLPqzGO (1f8b9733-f00a-47bc-b4e9-4ffca62b7234)
2019-11-18 22:05:28.161 27675 RALLYDEBUG rally_openstack.cleanup.manager [-] Deleting neutron.port object s_rally_55f2995c_j2papms9 (1feecf87-fb29-4ded-96bf-f666da6b5591)
2019-11-18 22:05:28.240 27675 RALLYDEBUG rally_openstack.cleanup.manager [-] Deleting neutron.port object s_rally_55f2995c_l843BmGX (24b58e39-7cc2-431b-aecb-4a9b82721388)
2019-11-18 22:05:28.420 27675 RALLYDEBUG rally_openstack.cleanup.manager [-] Deleting neutron.port object s_rally_55f2995c_SaHoRpQP (24fc8f37-0f45-440c-a6fd-d655f99e4f75)
2019-11-18 22:05:28.441 27675 RALLYDEBUG rally_openstack.cleanup.manager [-] Deleting neutron.port object s_rally_55f2995c_788cWqmD (25f8ebca-0ba8-4868-aef3-bcbd3ac3f6d5)
2019-11-18 22:05:28.479 27675 RALLYDEBUG rally_openstack.cleanup.manager [-] Deleting neutron.port object s_rally_55f2995c_7961HFP6 (2617c66f-ccb7-49ff-be0e-00972acdbe94)
2019-11-18 22:05:28.539 27675 RALLYDEBUG rally_openstack.cleanup.manager [-] Deleting neutron.port object s_rally_55f2995c_xLlVYcjh (26b453d2-8ca4-4ecf-a8e7-34328973c5ce)
2019-11-18 22:05:28.542 27675 RALLYDEBUG rally_openstack.cleanup.manager [-] Deleting neutron.port object s_rally_55f2995c_WPKbBl7y (285e338e-d3b7-4614-88ee-b5a63b30bd05)
2019-11-18 22:05:28.658 27675 RALLYDEBUG rally_openstack.cleanup.manager [-] Deleting neutron.port object s_rally_55f2995c_IkC6aZg0 (2867401e-2810-43f3-9645-7c2d7399c1a8)
2019-11-18 22:05:28.661 27675 RALLYDEBUG rally_openstack.cleanup.manager [-] Deleting neutron.port object s_rally_55f2995c_OdwhxIr0 (2ad0feb9-6793-4a55-aba8-33fdbd3602e4)
2019-11-18 22:05:28.687 27675 RALLYDEBUG rally_openstack.cleanup.manager [-] Deleting neutron.port object s_rally_55f2995c_ONRH2clx (2d60e660-5d16-4f11-ab7f-8a901f6482d7)
2019-11-18 22:05:28.795 27675 RALLYDEBUG rally_openstack.cleanup.manager [-] Deleting neutron.port object s_rally_55f2995c_sL3JSqqY (2e10d62d-c4df-45a3-ba3b-2e96225f04d5)
2019-11-18 22:05:28.809 27675 RALLYDEBUG rally_openstack.cleanup.manager [-] Deleting neutron.port object s_rally_55f2995c_qxTrDNND (2e81a56d-72f1-4710-9a20-a85757bb0e45)
2019-11-18 22:05:28.907 27675 RALLYDEBUG rally_openstack.cleanup.manager [-] Deleting neutron.port object s_rally_55f2995c_NwSCjkRe (2f1dfd65-4fcd-4997-b20b-210a928ed820)
2019-11-18 22:05:29.625 27675 RALLYDEBUG rally_openstack.cleanup.manager [-] Deleting neutron.port object s_rally_55f2995c_274NBQoD (3090ab05-4f2e-4b3c-985d-b3cf77155b55)
2019-11-18 22:05:29.912 27675 RALLYDEBUG rally_openstack.cleanup.manager [-] Deleting neutron.port object s_rally_55f2995c_DqhmR2d9 (30e65777-5199-4fca-9d20-b5e0f5789e8d)
2019-11-18 22:05:29.973 27675 RALLYDEBUG rally_openstack.cleanup.manager [-] Deleting neutron.port object s_rally_55f2995c_ScRv47kA (31543518-5b12-488e-aafd-9f54053d69b3)
2019-11-18 22:05:29.989 27675 RALLYDEBUG rally_openstack.cleanup.manager [-] Deleting neutron.port object s_rally_55f2995c_eBFABRy7 (3290b9db-cb17-44fb-b9ab-2fd2d63fb5d6)
2019-11-18 22:05:30.017 27675 RALLYDEBUG rally_openstack.cleanup.manager [-] Deleting neutron.port object s_rally_55f2995c_LiYJ18sI (3302b948-6f9b-4411-a5ba-487ff4d872d9)
2019-11-18 22:05:30.026 27675 RALLYDEBUG rally_openstack.cleanup.manager [-] Deleting neutron.port object s_rally_55f2995c_p5H14lWo (347f05c1-f806-4396-af05-f67e821d73da)
2019-11-18 22:05:30.135 27675 RALLYDEBUG rally_openstack.cleanup.manager [-] Deleting neutron.port object s_rally_55f2995c_RNrxnoKy (35ee20ac-b086-4d45-ae00-193ef77a42d4)
2019-11-18 22:05:30.244 27675 RALLYDEBUG rally_openstack.cleanup.manager [-] Deleting neutron.port object s_rally_55f2995c_SMUyP5i1 (36708f94-8b56-4f6f-b8eb-9db61a2ac1c7)
2019-11-18 22:05:30.403 27675 RALLYDEBUG rally_openstack.cleanup.manager [-] Deleting neutron.port object s_rally_55f2995c_Z7I1QVJN (3a717077-d42f-4c3c-83d7-c610890bc16e)
2019-11-18 22:05:30.454 27675 RALLYDEBUG rally_openstack.cleanup.manager [-] Deleting neutron.port object s_rally_55f2995c_Z9BfLaC0 (3a79aa77-3ab1-44fa-b91b-a6eb8af508ca)
2019-11-18 22:05:30.457 27675 RALLYDEBUG rally_openstack.cleanup.manager [-] Deleting neutron.port object s_rally_55f2995c_K0KwMxY3 (3b6a465e-340f-4abe-a56e-aadc7b7dd5d8)
2019-11-18 22:05:30.462 27675 RALLYDEBUG rally_openstack.cleanup.manager [-] Deleting neutron.port object s_rally_55f2995c_aFT3suMG (3cdca020-59f9-4426-b474-6c267dc63bdb)
2019-11-18 22:05:30.569 27675 RALLYDEBUG rally_openstack.cleanup.manager [-] Deleting neutron.port object s_rally_55f2995c_I72siWXN (3e72e8ab-eaba-4dd5-9bd7-57c50b1142be)
2019-11-18 22:05:30.642 27675 RALLYDEBUG rally_openstack.cleanup.manager [-] Deleting neutron.port object s_rally_55f2995c_2FKDdM4q (3fdb76aa-e94f-4037-a815-5801d334c973)
2019-11-18 22:05:30.699 27675 RALLYDEBUG rally_openstack.cleanup.manager [-] Deleting neutron.port object s_rally_55f2995c_pqvYmbi0 (4028ec76-e7b6-466d-a969-887eb132ba83)
2019-11-18 22:05:30.708 27675 RALLYDEBUG rally_openstack.cleanup.manager [-] Deleting neutron.port object s_rally_55f2995c_jOFF5jQ4 (403cee16-8be3-40af-9aa0-7e3dbd99d925)
2019-11-18 22:05:30.778 27675 RALLYDEBUG rally_openstack.cleanup.manager [-] Deleting neutron.port object s_rally_55f2995c_uQRGRlbO (41a87f9d-9b82-4cf9-8c5d-df7c36458692)
2019-11-18 22:05:30.783 27675 RALLYDEBUG rally_openstack.cleanup.manager [-] Deleting neutron.port object s_rally_55f2995c_bENMNaIf (4227bcbf-9be8-4db0-adc4-eea00545d981)
2019-11-18 22:05:30.854 27675 RALLYDEBUG rally_openstack.cleanup.manager [-] Deleting neutron.port object s_rally_55f2995c_SDbGw3yP (42bae6fd-533d-4024-a3cf-7c7d043f4ac4)
2019-11-18 22:05:30.871 27675 RALLYDEBUG rally_openstack.cleanup.manager [-] Deleting neutron.port object s_rally_55f2995c_0yUeYJiL (4354fbcf-6e82-472b-bf6e-23513aa07596)
2019-11-18 22:05:31.352 27675 RALLYDEBUG rally_openstack.cleanup.manager [-] Deleting neutron.port object s_rally_55f2995c_5hlBI6Tp (44b1ce83-5c81-43d1-bf20-200bc310d9e6)
2019-11-18 22:05:31.667 27675 RALLYDEBUG rally_openstack.cleanup.manager [-] Deleting neutron.port object s_rally_55f2995c_N0icr6ER (463dc1b6-b427-4336-8906-511497b30829)
