2019-11-18 21:08:16.062 20411 INFO rally.task.engine [-] Running workload: position = 0 config = { "version": 2, "title": "A cropped version of a bigger task.", "description": "Auto-generated task from a single workload (uuid=e2c8a59a-b9eb-4207-832a-93740dc9fb53)", "subtasks": [ { "title": "NovaServers.boot_and_delete_server", "description": "Boot and delete a server.", "scenario": { "NovaServers.boot_and_delete_server": { "flavor": { "name": "rally_full-flavor_00f7b341-174b-4e8f-9b53-bfd161b2cdfa" }, "image": { "name": "rally_full-img_00f7b341-174b-4e8f-9b53-bfd161b2cdfa" }, "nics": [ { "net-id": "6652dd7c-f0a3-4f25-801e-45e11a61489c" } ] } }, "contexts": { "users": { "tenants": 3, "users_per_tenant": 2 }, "network": { "networks_per_tenant": 1, "start_cidr": "100.1.0.0/25" }, "quotas": { "neutron": { "network": -1, "port": -1, "subnet": -1 }, "nova": { "cores": -1, "floating_ips": -1, "instances": -1, "ram": -1, "security_group_rules": -1, "security_groups": -1 } } }, "runner": { "constant": { "concurrency": 4, "times": 10 } }, "hooks": [], "sla": { "failure_rate": { "max": 0 } } } ] }
2019-11-18 21:08:16.089 20411 RALLYDEBUG rally_openstack.contexts.keystone.users [-] Creating 3 tenants using 20 threads
2019-11-18 21:08:17.129 20411 RALLYDEBUG rally_openstack.contexts.keystone.users [-] Creating 6 users using 20 threads
2019-11-18 21:08:18.708 20411 INFO rally.task.context [-] Task f0c16f69-272d-4c2f-ad2b-b66b4e17b899 | Context users@openstack setup() finished in 2.62 sec
2019-11-18 21:08:20.348 20411 INFO rally.task.context [-] Task f0c16f69-272d-4c2f-ad2b-b66b4e17b899 | Context quotas@openstack setup() finished in 1.64 sec
2019-11-18 21:08:22.765 20411 RALLYDEBUG rally_openstack.wrappers.network [-] CIDR generated: 100.1.1.128/25
2019-11-18 21:08:27.040 20411 RALLYDEBUG rally_openstack.wrappers.network [-] CIDR generated: 100.1.2.0/25
2019-11-18 21:08:31.376 20411 RALLYDEBUG rally_openstack.wrappers.network [-] CIDR generated: 100.1.2.128/25
2019-11-18 21:08:33.650 20411 INFO rally.task.context [-] Task f0c16f69-272d-4c2f-ad2b-b66b4e17b899 | Context network@openstack setup() finished in 13.30 sec
2019-11-18 21:08:33.650 20411 INFO rally.task.context [-] Task f0c16f69-272d-4c2f-ad2b-b66b4e17b899 | Context cleanup@openstack setup() finished in 0.02 msec
2019-11-18 21:08:34.475 20411 RALLYDEBUG rally.task.runner [-] Starting the constant runner (task UUID: f0c16f69-272d-4c2f-ad2b-b66b4e17b899). times: 10 concurrency: 4 timeout: 0 max_cpu_used: 16 processes_to_start: 4 concurrency_per_worker: 1 concurrency_overhead: 0
2019-11-18 21:08:34.487 21027 RALLYDEBUG rally.task.runner [-] Starting a worker. times: 10 duration: None concurrency: 1 timeout: 0 cls: method_name: run args: {"flavor": "20f9b21d-fa02-4686-8c91-5a88ae727ac8", "image": "bc09d53d-d329-4699-ba5f-613e9114d6ba", "nics": [{"net-id": "6652dd7c-f0a3-4f25-801e-45e11a61489c"}]}
2019-11-18 21:08:34.491 21028 RALLYDEBUG rally.task.runner [-] Starting a worker. times: 10 duration: None concurrency: 1 timeout: 0 cls: method_name: run args: {"flavor": "20f9b21d-fa02-4686-8c91-5a88ae727ac8", "image": "bc09d53d-d329-4699-ba5f-613e9114d6ba", "nics": [{"net-id": "6652dd7c-f0a3-4f25-801e-45e11a61489c"}]}
2019-11-18 21:08:34.495 21027 INFO rally.task.runner [-] Task f0c16f69-272d-4c2f-ad2b-b66b4e17b899 | ITER: 1 START
2019-11-18 21:08:34.495 21029 RALLYDEBUG rally.task.runner [-] Starting a worker. times: 10 duration: None concurrency: 1 timeout: 0 cls: method_name: run args: {"flavor": "20f9b21d-fa02-4686-8c91-5a88ae727ac8", "image": "bc09d53d-d329-4699-ba5f-613e9114d6ba", "nics": [{"net-id": "6652dd7c-f0a3-4f25-801e-45e11a61489c"}]}
2019-11-18 21:08:34.498 21028 INFO rally.task.runner [-] Task f0c16f69-272d-4c2f-ad2b-b66b4e17b899 | ITER: 2 START
2019-11-18 21:08:34.498 21031 RALLYDEBUG rally.task.runner [-] Starting a worker. times: 10 duration: None concurrency: 1 timeout: 0 cls: method_name: run args: {"flavor": "20f9b21d-fa02-4686-8c91-5a88ae727ac8", "image": "bc09d53d-d329-4699-ba5f-613e9114d6ba", "nics": [{"net-id": "6652dd7c-f0a3-4f25-801e-45e11a61489c"}]}
2019-11-18 21:08:34.502 21029 INFO rally.task.runner [-] Task f0c16f69-272d-4c2f-ad2b-b66b4e17b899 | ITER: 3 START
2019-11-18 21:08:34.505 21031 INFO rally.task.runner [-] Task f0c16f69-272d-4c2f-ad2b-b66b4e17b899 | ITER: 4 START
2019-11-18 21:08:43.971 21031 RALLYDEBUG rally.task.utils [-] Waiting for resource s_rally_e2c8a59a_oQtJ2Yfn. Status changed: BUILD => ACTIVE in 6.91864800453186
2019-11-18 21:08:44.411 21028 RALLYDEBUG rally.task.utils [-] Waiting for resource s_rally_e2c8a59a_DvtwUcOn. Status changed: BUILD => ACTIVE in 6.940422058105469
2019-11-18 21:08:46.171 21027 RALLYDEBUG rally.task.utils [-] Waiting for resource s_rally_e2c8a59a_afEAeddG. Status changed: BUILD => ACTIVE in 9.040966033935547
2019-11-18 21:08:46.279 21031 INFO rally.task.runner [-] Task f0c16f69-272d-4c2f-ad2b-b66b4e17b899 | ITER: 4 END: OK
2019-11-18 21:08:46.283 21031 INFO rally.task.runner [-] Task f0c16f69-272d-4c2f-ad2b-b66b4e17b899 | ITER: 5 START
2019-11-18 21:08:46.511 21029 RALLYDEBUG rally.task.utils [-] Waiting for resource s_rally_e2c8a59a_XYAjqsDZ. Status changed: BUILD => ACTIVE in 9.30196762084961
2019-11-18 21:08:46.778 21028 INFO rally.task.runner [-] Task f0c16f69-272d-4c2f-ad2b-b66b4e17b899 | ITER: 2 END: OK
2019-11-18 21:08:46.783 21028 INFO rally.task.runner [-] Task f0c16f69-272d-4c2f-ad2b-b66b4e17b899 | ITER: 6 START
2019-11-18 21:08:48.531 21027 INFO rally.task.runner [-] Task f0c16f69-272d-4c2f-ad2b-b66b4e17b899 | ITER: 1 END: OK
2019-11-18 21:08:48.535 21027 INFO rally.task.runner [-] Task f0c16f69-272d-4c2f-ad2b-b66b4e17b899 | ITER: 7 START
2019-11-18 21:08:48.880 21029 INFO rally.task.runner [-] Task f0c16f69-272d-4c2f-ad2b-b66b4e17b899 | ITER: 3 END: OK
2019-11-18 21:08:48.885 21029 INFO rally.task.runner [-] Task f0c16f69-272d-4c2f-ad2b-b66b4e17b899 | ITER: 8 START
2019-11-18 21:08:53.250 21031 RALLYDEBUG rally.task.utils [-] Waiting for resource s_rally_e2c8a59a_BcgCTOE5. Status changed: BUILD => ACTIVE in 4.682186603546143
2019-11-18 21:08:55.791 21031 INFO rally.task.runner [-] Task f0c16f69-272d-4c2f-ad2b-b66b4e17b899 | ITER: 5 END: OK
2019-11-18 21:08:55.800 21031 INFO rally.task.runner [-] Task f0c16f69-272d-4c2f-ad2b-b66b4e17b899 | ITER: 9 START
2019-11-18 21:08:55.806 21027 RALLYDEBUG rally.task.utils [-] Waiting for resource s_rally_e2c8a59a_68cflhTC. Status changed: BUILD => ACTIVE in 4.717817544937134
2019-11-18 21:08:56.268 21028 RALLYDEBUG rally.task.utils [-] Waiting for resource s_rally_e2c8a59a_LyLKRDCr. Status changed: BUILD => ACTIVE in 6.8445048332214355
2019-11-18 21:08:58.254 21027 INFO rally.task.runner [-] Task f0c16f69-272d-4c2f-ad2b-b66b4e17b899 | ITER: 7 END: OK
2019-11-18 21:08:58.260 21027 INFO rally.task.runner [-] Task f0c16f69-272d-4c2f-ad2b-b66b4e17b899 | ITER: 10 START
2019-11-18 21:08:58.273 21029 RALLYDEBUG rally.task.utils [-] Waiting for resource s_rally_e2c8a59a_F5gG2pm9. Status changed: BUILD => ACTIVE in 6.948495388031006
2019-11-18 21:08:58.849 21028 INFO rally.task.runner [-] Task f0c16f69-272d-4c2f-ad2b-b66b4e17b899 | ITER: 6 END: OK
2019-11-18 21:09:00.635 21029 INFO rally.task.runner [-] Task f0c16f69-272d-4c2f-ad2b-b66b4e17b899 | ITER: 8 END: OK
2019-11-18 21:09:02.751 21031 RALLYDEBUG rally.task.utils [-] Waiting for resource s_rally_e2c8a59a_fUMh4uae. Status changed: BUILD => ACTIVE in 4.605333089828491
2019-11-18 21:09:05.087 21027 RALLYDEBUG rally.task.utils [-] Waiting for resource s_rally_e2c8a59a_MgvsnRu1. Status changed: BUILD => ACTIVE in 4.718863248825073
2019-11-18 21:09:05.128 21031 INFO rally.task.runner [-] Task f0c16f69-272d-4c2f-ad2b-b66b4e17b899 | ITER: 9 END: OK
2019-11-18 21:09:07.560 21027 INFO rally.task.runner [-] Task f0c16f69-272d-4c2f-ad2b-b66b4e17b899 | ITER: 10 END: OK
2019-11-18 21:09:07.592 20411 INFO rally.task.context [-] Task f0c16f69-272d-4c2f-ad2b-b66b4e17b899 | Context cleanup@openstack cleanup() started
2019-11-18 21:09:07.595 20411 RALLYDEBUG rally_openstack.cleanup.manager [-] Cleaning up nova servers objects
2019-11-18 21:09:09.166 20411 RALLYDEBUG rally_openstack.cleanup.manager [-] Cleaning up nova server_groups objects
2019-11-18 21:09:10.318 20411 RALLYDEBUG rally_openstack.cleanup.manager [-] Cleaning up nova keypairs objects
2019-11-18 21:09:12.599 20411 INFO rally.task.context [-] Task f0c16f69-272d-4c2f-ad2b-b66b4e17b899 | Context cleanup@openstack cleanup() finished in 5.01 sec
2019-11-18 21:09:12.600 20411 INFO rally.task.context [-] Task f0c16f69-272d-4c2f-ad2b-b66b4e17b899 | Context network@openstack cleanup() started
2019-11-18 21:09:35.196 20411 INFO rally.task.context [-] Task f0c16f69-272d-4c2f-ad2b-b66b4e17b899 | Context network@openstack cleanup() finished in 22.60 sec
2019-11-18 21:09:35.197 20411 INFO rally.task.context [-] Task f0c16f69-272d-4c2f-ad2b-b66b4e17b899 | Context quotas@openstack cleanup() started
2019-11-18 21:09:35.438 20411 INFO rally.task.context [-] Task f0c16f69-272d-4c2f-ad2b-b66b4e17b899 | Context quotas@openstack cleanup() finished in 0.24 sec
2019-11-18 21:09:35.439 20411 INFO rally.task.context [-] Task f0c16f69-272d-4c2f-ad2b-b66b4e17b899 | Context users@openstack cleanup() started
2019-11-18 21:09:39.466 20411 INFO rally.task.context [-] Task f0c16f69-272d-4c2f-ad2b-b66b4e17b899 | Context users@openstack cleanup() finished in 4.03 sec
2019-11-18 21:09:40.463 20411 INFO rally.task.engine [-] Load duration is: 32.064054
2019-11-18 21:09:40.463 20411 INFO rally.task.engine [-] Full runner duration is: 33.117427
2019-11-18 21:09:40.464 20411 INFO rally.task.engine [-] Full duration is: 83.379658
2019-11-18 21:09:40.852 20411 INFO rally.task.engine [-] Running workload: position = 0 config = { "version": 2, "title": "A cropped version of a bigger task.", "description": "Auto-generated task from a single workload (uuid=89dbfa1d-023d-48e2-9b71-4b17febc6dcf)", "subtasks": [ { "title": "NovaServers.boot_and_list_server", "description": "Boot a server from an image and then list all servers.", "scenario": { "NovaServers.boot_and_list_server": { "detailed": true, "flavor": { "name": "rally_full-flavor_00f7b341-174b-4e8f-9b53-bfd161b2cdfa" }, "image": { "name": "rally_full-img_00f7b341-174b-4e8f-9b53-bfd161b2cdfa" }, "nics": [ { "net-id": "6652dd7c-f0a3-4f25-801e-45e11a61489c" } ] } }, "contexts": { "users": { "tenants": 3, "users_per_tenant": 2 }, "network": { "networks_per_tenant": 1, "start_cidr": "100.1.0.0/25" }, "quotas": { "neutron": { "network": -1, "port": -1, "subnet": -1 }, "nova": { "cores": -1, "floating_ips": -1, "instances": -1, "ram": -1, "security_group_rules": -1, "security_groups": -1 } } }, "runner": { "constant": { "concurrency": 4, "times": 10 } }, "hooks": [], "sla": { "failure_rate": { "max": 0 } } } ] }
2019-11-18 21:09:40.879 20411 RALLYDEBUG rally_openstack.contexts.keystone.users [-] Creating 3 tenants using 20 threads
2019-11-18 21:09:42.000 20411 RALLYDEBUG rally_openstack.contexts.keystone.users [-] Creating 6 users using 20 threads
2019-11-18 21:09:43.577 20411 INFO rally.task.context [-] Task f0c16f69-272d-4c2f-ad2b-b66b4e17b899 | Context users@openstack setup() finished in 2.70 sec
2019-11-18 21:09:45.295 20411 INFO rally.task.context [-] Task f0c16f69-272d-4c2f-ad2b-b66b4e17b899 | Context quotas@openstack setup() finished in 1.72 sec
2019-11-18 21:09:47.629 20411 RALLYDEBUG rally_openstack.wrappers.network [-] CIDR generated: 100.1.3.0/25
2019-11-18 21:09:52.224 20411 RALLYDEBUG rally_openstack.wrappers.network [-] CIDR generated: 100.1.3.128/25
2019-11-18 21:09:56.140 20411 RALLYDEBUG rally_openstack.wrappers.network [-] CIDR generated: 100.1.4.0/25
2019-11-18 21:09:58.790 20411 INFO rally.task.context [-] Task f0c16f69-272d-4c2f-ad2b-b66b4e17b899 | Context network@openstack setup() finished in 13.49 sec
2019-11-18 21:09:58.791 20411 INFO rally.task.context [-] Task f0c16f69-272d-4c2f-ad2b-b66b4e17b899 | Context cleanup@openstack setup() finished in 0.01 msec
2019-11-18 21:09:59.951 20411 RALLYDEBUG rally.task.runner [-] Starting the constant runner (task UUID: f0c16f69-272d-4c2f-ad2b-b66b4e17b899). times: 10 concurrency: 4 timeout: 0 max_cpu_used: 16 processes_to_start: 4 concurrency_per_worker: 1 concurrency_overhead: 0
2019-11-18 21:09:59.963 21191 RALLYDEBUG rally.task.runner [-] Starting a worker. times: 10 duration: None concurrency: 1 timeout: 0 cls: method_name: run args: {"detailed": true, "flavor": "20f9b21d-fa02-4686-8c91-5a88ae727ac8", "image": "bc09d53d-d329-4699-ba5f-613e9114d6ba", "nics": [{"net-id": "6652dd7c-f0a3-4f25-801e-45e11a61489c"}]}
2019-11-18 21:09:59.967 21192 RALLYDEBUG rally.task.runner [-] Starting a worker. times: 10 duration: None concurrency: 1 timeout: 0 cls: method_name: run args: {"detailed": true, "flavor": "20f9b21d-fa02-4686-8c91-5a88ae727ac8", "image": "bc09d53d-d329-4699-ba5f-613e9114d6ba", "nics": [{"net-id": "6652dd7c-f0a3-4f25-801e-45e11a61489c"}]}
2019-11-18 21:09:59.970 21191 INFO rally.task.runner [-] Task f0c16f69-272d-4c2f-ad2b-b66b4e17b899 | ITER: 1 START
2019-11-18 21:09:59.970 21193 RALLYDEBUG rally.task.runner [-] Starting a worker. times: 10 duration: None concurrency: 1 timeout: 0 cls: method_name: run args: {"detailed": true, "flavor": "20f9b21d-fa02-4686-8c91-5a88ae727ac8", "image": "bc09d53d-d329-4699-ba5f-613e9114d6ba", "nics": [{"net-id": "6652dd7c-f0a3-4f25-801e-45e11a61489c"}]}
2019-11-18 21:09:59.974 21192 INFO rally.task.runner [-] Task f0c16f69-272d-4c2f-ad2b-b66b4e17b899 | ITER: 2 START
2019-11-18 21:09:59.974 21195 RALLYDEBUG rally.task.runner [-] Starting a worker. times: 10 duration: None concurrency: 1 timeout: 0 cls: method_name: run args: {"detailed": true, "flavor": "20f9b21d-fa02-4686-8c91-5a88ae727ac8", "image": "bc09d53d-d329-4699-ba5f-613e9114d6ba", "nics": [{"net-id": "6652dd7c-f0a3-4f25-801e-45e11a61489c"}]}
2019-11-18 21:09:59.977 21193 INFO rally.task.runner [-] Task f0c16f69-272d-4c2f-ad2b-b66b4e17b899 | ITER: 3 START
2019-11-18 21:09:59.980 21195 INFO rally.task.runner [-] Task f0c16f69-272d-4c2f-ad2b-b66b4e17b899 | ITER: 4 START
2019-11-18 21:10:07.120 21191 RALLYDEBUG rally.task.utils [-] Waiting for resource s_rally_89dbfa1d_Q6ZrIJKY. Status changed: BUILD => ACTIVE in 4.929967164993286
2019-11-18 21:10:07.381 21191 INFO rally.task.runner [-] Task f0c16f69-272d-4c2f-ad2b-b66b4e17b899 | ITER: 1 END: OK
2019-11-18 21:10:07.386 21191 INFO rally.task.runner [-] Task f0c16f69-272d-4c2f-ad2b-b66b4e17b899 | ITER: 5 START
2019-11-18 21:10:09.068 21195 RALLYDEBUG rally.task.utils [-] Waiting for resource s_rally_89dbfa1d_MKuClYyG. Status changed: BUILD => ACTIVE in 6.817410230636597
2019-11-18 21:10:09.363 21195 INFO rally.task.runner [-] Task f0c16f69-272d-4c2f-ad2b-b66b4e17b899 | ITER: 4 END: OK
2019-11-18 21:10:09.368 21195 INFO rally.task.runner [-] Task f0c16f69-272d-4c2f-ad2b-b66b4e17b899 | ITER: 6 START
2019-11-18 21:10:11.240 21193 RALLYDEBUG rally.task.utils [-] Waiting for resource s_rally_89dbfa1d_2rCUns90. Status changed: BUILD => ACTIVE in 9.08367109298706
2019-11-18 21:10:11.531 21193 INFO rally.task.runner [-] Task f0c16f69-272d-4c2f-ad2b-b66b4e17b899 | ITER: 3 END: OK
2019-11-18 21:10:11.536 21193 INFO rally.task.runner [-] Task f0c16f69-272d-4c2f-ad2b-b66b4e17b899 | ITER: 7 START
2019-11-18 21:10:11.860 21192 RALLYDEBUG rally.task.utils [-] Waiting for resource s_rally_89dbfa1d_jDIIiA9E. Status changed: BUILD => ACTIVE in 9.181706190109253
2019-11-18 21:10:12.188 21192 INFO rally.task.runner [-] Task f0c16f69-272d-4c2f-ad2b-b66b4e17b899 | ITER: 2 END: OK
2019-11-18 21:10:12.193 21192 INFO rally.task.runner [-] Task f0c16f69-272d-4c2f-ad2b-b66b4e17b899 | ITER: 8 START
2019-11-18 21:10:14.082 21191 RALLYDEBUG rally.task.utils [-] Waiting for resource s_rally_89dbfa1d_dPd1TF3p. Status changed: BUILD => ACTIVE in 4.6254050731658936
2019-11-18 21:10:14.344 21191 INFO rally.task.runner [-] Task f0c16f69-272d-4c2f-ad2b-b66b4e17b899 | ITER: 5 END: OK
2019-11-18 21:10:14.348 21191 INFO rally.task.runner [-] Task f0c16f69-272d-4c2f-ad2b-b66b4e17b899 | ITER: 9 START
2019-11-18 21:10:18.496 21195 RALLYDEBUG rally.task.utils [-] Waiting for resource s_rally_89dbfa1d_LSLyXHSO. Status changed: BUILD => ACTIVE in 6.9626874923706055
2019-11-18 21:10:18.739 21195 INFO rally.task.runner [-] Task f0c16f69-272d-4c2f-ad2b-b66b4e17b899 | ITER: 6 END: OK
2019-11-18 21:10:18.743 21195 INFO rally.task.runner [-] Task f0c16f69-272d-4c2f-ad2b-b66b4e17b899 | ITER: 10 START
2019-11-18 21:10:18.985 21192 RALLYDEBUG rally.task.utils [-] Waiting for resource s_rally_89dbfa1d_B9GYCnEw. Status changed: BUILD => ACTIVE in 4.582289695739746
2019-11-18 21:10:19.227 21192 INFO rally.task.runner [-] Task f0c16f69-272d-4c2f-ad2b-b66b4e17b899 | ITER: 8 END: OK
2019-11-18 21:10:20.510 21193 RALLYDEBUG rally.task.utils [-] Waiting for resource s_rally_89dbfa1d_z5M24XDW. Status changed: BUILD => ACTIVE in 6.859217405319214
2019-11-18 21:10:20.882 21193 INFO rally.task.runner [-] Task f0c16f69-272d-4c2f-ad2b-b66b4e17b899 | ITER: 7 END: OK
2019-11-18 21:10:21.571 21191 RALLYDEBUG rally.task.utils [-] Waiting for resource s_rally_89dbfa1d_5IJCCN7V. Status changed: BUILD => ACTIVE in 4.527094602584839
2019-11-18 21:10:21.905 21191 INFO rally.task.runner [-] Task f0c16f69-272d-4c2f-ad2b-b66b4e17b899 | ITER: 9 END: OK
2019-11-18 21:10:27.860 21195 RALLYDEBUG rally.task.utils [-] Waiting for resource s_rally_89dbfa1d_NzCApb4o. Status changed: BUILD => ACTIVE in 6.975218057632446
2019-11-18 21:10:28.160 21195 INFO rally.task.runner [-] Task f0c16f69-272d-4c2f-ad2b-b66b4e17b899 | ITER: 10 END: OK
2019-11-18 21:10:28.187 20411 INFO rally.task.context [-] Task f0c16f69-272d-4c2f-ad2b-b66b4e17b899 | Context cleanup@openstack cleanup() started
2019-11-18 21:10:28.191 20411 RALLYDEBUG rally_openstack.cleanup.manager [-] Cleaning up nova servers objects
2019-11-18 21:10:30.771 20411 RALLYDEBUG rally_openstack.cleanup.manager [-] Deleting nova.servers object s_rally_89dbfa1d_5IJCCN7V (a83f4c96-5715-4355-a28a-1f6ecb9a0513)
2019-11-18 21:10:30.775 20411 RALLYDEBUG rally_openstack.cleanup.manager [-] Deleting nova.servers object s_rally_89dbfa1d_LSLyXHSO (79d33281-d910-4cda-9915-b2713c3b0757)
2019-11-18 21:10:30.789 20411 RALLYDEBUG rally_openstack.cleanup.manager [-] Deleting nova.servers object s_rally_89dbfa1d_dPd1TF3p (d4f8ef4d-9c60-40e4-a67e-a3d3e949c1e6)
2019-11-18 21:10:30.798 20411 RALLYDEBUG rally_openstack.cleanup.manager [-] Deleting nova.servers object s_rally_89dbfa1d_Q6ZrIJKY (8cdf713f-48c7-4232-bb9c-6dfd6f14bf70)
2019-11-18 21:10:30.808 20411 RALLYDEBUG rally_openstack.cleanup.manager [-] Deleting nova.servers object s_rally_89dbfa1d_2rCUns90 (38dd5945-7fa4-4696-89cf-269bee98d8aa)
2019-11-18 21:10:30.814 20411 RALLYDEBUG rally_openstack.cleanup.manager [-] Deleting nova.servers object s_rally_89dbfa1d_NzCApb4o (bcfa06ef-2de1-4875-888d-43cdc56266d8)
2019-11-18 21:10:30.833 20411 RALLYDEBUG rally_openstack.cleanup.manager [-] Deleting nova.servers object s_rally_89dbfa1d_jDIIiA9E (0c317e51-678f-43c2-9995-7f85bb0aab87)
2019-11-18 21:10:30.851 20411 RALLYDEBUG rally_openstack.cleanup.manager [-] Deleting nova.servers object s_rally_89dbfa1d_MKuClYyG (ba30cd9e-100e-4d96-9988-591d38f05a33)
2019-11-18 21:10:30.859 20411 RALLYDEBUG rally_openstack.cleanup.manager [-] Deleting nova.servers object s_rally_89dbfa1d_B9GYCnEw (4e6771c9-f3ae-4295-ab2d-ed81dddbe46e)
2019-11-18 21:10:30.866 20411 RALLYDEBUG rally_openstack.cleanup.manager [-] Deleting nova.servers object s_rally_89dbfa1d_z5M24XDW (39f53130-ec12-4072-9585-43d62949f746)
2019-11-18 21:10:37.639 20411 RALLYDEBUG rally_openstack.cleanup.manager [-] Cleaning up nova server_groups objects
2019-11-18 21:10:38.817 20411 RALLYDEBUG rally_openstack.cleanup.manager [-] Cleaning up nova keypairs objects
2019-11-18 21:10:41.117 20411 INFO rally.task.context [-] Task f0c16f69-272d-4c2f-ad2b-b66b4e17b899 | Context cleanup@openstack cleanup() finished in 12.93 sec
2019-11-18 21:10:41.118 20411 INFO rally.task.context [-] Task f0c16f69-272d-4c2f-ad2b-b66b4e17b899 | Context network@openstack cleanup() started
2019-11-18 21:11:03.666 20411 INFO rally.task.context [-] Task f0c16f69-272d-4c2f-ad2b-b66b4e17b899 | Context network@openstack cleanup() finished in 22.55 sec
2019-11-18 21:11:03.666 20411 INFO rally.task.context [-] Task f0c16f69-272d-4c2f-ad2b-b66b4e17b899 | Context quotas@openstack cleanup() started
2019-11-18 21:11:03.982 20411 INFO rally.task.context [-] Task f0c16f69-272d-4c2f-ad2b-b66b4e17b899 | Context quotas@openstack cleanup() finished in 0.32 sec
2019-11-18 21:11:03.983 20411 INFO rally.task.context [-] Task f0c16f69-272d-4c2f-ad2b-b66b4e17b899 | Context users@openstack cleanup() started
2019-11-18 21:11:07.996 20411 INFO rally.task.context [-] Task f0c16f69-272d-4c2f-ad2b-b66b4e17b899 | Context users@openstack cleanup() finished in 4.01 sec
2019-11-18 21:11:09.280 20411 INFO rally.task.engine [-] Load duration is: 27.188031
2019-11-18 21:11:09.280 20411 INFO rally.task.engine [-] Full runner duration is: 28.236326
2019-11-18 21:11:09.281 20411 INFO rally.task.engine [-] Full duration is: 87.120312
2019-11-18 21:11:09.614 20411 INFO rally.task.engine [-] Running workload: position = 0 config = { "version": 2, "title": "A cropped version of a bigger task.", "description": "Auto-generated task from a single workload (uuid=6d90b343-6426-4e18-b08a-d071468eab1f)", "subtasks": [ { "title": "NovaServers.boot_and_rebuild_server", "description": "Rebuild a server.", "scenario": { "NovaServers.boot_and_rebuild_server": { "flavor": { "name": "rally_full-flavor_00f7b341-174b-4e8f-9b53-bfd161b2cdfa" }, "from_image": { "name": "rally_full-img_00f7b341-174b-4e8f-9b53-bfd161b2cdfa" }, "to_image": { "name": "rally_full-img_00f7b341-174b-4e8f-9b53-bfd161b2cdfa" }, "nics": [ { "net-id": "6652dd7c-f0a3-4f25-801e-45e11a61489c" } ] } }, "contexts": { "users": { "tenants": 3, "users_per_tenant": 2 }, "network": { "networks_per_tenant": 1, "start_cidr": "100.1.0.0/25" }, "quotas": { "neutron": { "network": -1, "port": -1, "subnet": -1 }, "nova": { "cores": -1, "floating_ips": -1, "instances": -1, "ram": -1, "security_group_rules": -1, "security_groups": -1 } } }, "runner": { "constant": { "concurrency": 4, "times": 10 } }, "hooks": [], "sla": { "failure_rate": { "max": 0 } } } ] }
2019-11-18 21:11:09.638 20411 RALLYDEBUG rally_openstack.contexts.keystone.users [-] Creating 3 tenants using 20 threads
2019-11-18 21:11:10.681 20411 RALLYDEBUG rally_openstack.contexts.keystone.users [-] Creating 6 users using 20 threads
2019-11-18 21:11:12.257 20411 INFO rally.task.context [-] Task f0c16f69-272d-4c2f-ad2b-b66b4e17b899 | Context users@openstack setup() finished in 2.62 sec
2019-11-18 21:11:13.800 20411 INFO rally.task.context [-] Task f0c16f69-272d-4c2f-ad2b-b66b4e17b899 | Context quotas@openstack setup() finished in 1.54 sec
2019-11-18 21:11:16.039 20411 RALLYDEBUG rally_openstack.wrappers.network [-] CIDR generated: 100.1.4.128/25
2019-11-18 21:11:20.155 20411 RALLYDEBUG rally_openstack.wrappers.network [-] CIDR generated: 100.1.5.0/25
2019-11-18 21:11:24.508 20411 RALLYDEBUG rally_openstack.wrappers.network [-] CIDR generated: 100.1.5.128/25
2019-11-18 21:11:26.658 20411 INFO rally.task.context [-] Task f0c16f69-272d-4c2f-ad2b-b66b4e17b899 | Context network@openstack setup() finished in 12.86 sec
2019-11-18 21:11:26.659 20411 INFO rally.task.context [-] Task f0c16f69-272d-4c2f-ad2b-b66b4e17b899 | Context cleanup@openstack setup() finished in 0.01 msec
2019-11-18 21:11:27.495 20411 RALLYDEBUG rally.task.runner [-] Starting the constant runner (task UUID: f0c16f69-272d-4c2f-ad2b-b66b4e17b899). times: 10 concurrency: 4 timeout: 0 max_cpu_used: 16 processes_to_start: 4 concurrency_per_worker: 1 concurrency_overhead: 0
2019-11-18 21:11:27.507 21355 RALLYDEBUG rally.task.runner [-] Starting a worker. times: 10 duration: None concurrency: 1 timeout: 0 cls: method_name: run args: {"flavor": "20f9b21d-fa02-4686-8c91-5a88ae727ac8", "from_image": "bc09d53d-d329-4699-ba5f-613e9114d6ba", "to_image": "bc09d53d-d329-4699-ba5f-613e9114d6ba", "nics": [{"net-id": "6652dd7c-f0a3-4f25-801e-45e11a61489c"}]}
2019-11-18 21:11:27.510 21356 RALLYDEBUG rally.task.runner [-] Starting a worker. times: 10 duration: None concurrency: 1 timeout: 0 cls: method_name: run args: {"flavor": "20f9b21d-fa02-4686-8c91-5a88ae727ac8", "from_image": "bc09d53d-d329-4699-ba5f-613e9114d6ba", "to_image": "bc09d53d-d329-4699-ba5f-613e9114d6ba", "nics": [{"net-id": "6652dd7c-f0a3-4f25-801e-45e11a61489c"}]}
2019-11-18 21:11:27.514 21355 INFO rally.task.runner [-] Task f0c16f69-272d-4c2f-ad2b-b66b4e17b899 | ITER: 1 START
2019-11-18 21:11:27.514 21357 RALLYDEBUG rally.task.runner [-] Starting a worker. times: 10 duration: None concurrency: 1 timeout: 0 cls: method_name: run args: {"flavor": "20f9b21d-fa02-4686-8c91-5a88ae727ac8", "from_image": "bc09d53d-d329-4699-ba5f-613e9114d6ba", "to_image": "bc09d53d-d329-4699-ba5f-613e9114d6ba", "nics": [{"net-id": "6652dd7c-f0a3-4f25-801e-45e11a61489c"}]}
2019-11-18 21:11:27.518 21358 RALLYDEBUG rally.task.runner [-] Starting a worker. times: 10 duration: None concurrency: 1 timeout: 0 cls: method_name: run args: {"flavor": "20f9b21d-fa02-4686-8c91-5a88ae727ac8", "from_image": "bc09d53d-d329-4699-ba5f-613e9114d6ba", "to_image": "bc09d53d-d329-4699-ba5f-613e9114d6ba", "nics": [{"net-id": "6652dd7c-f0a3-4f25-801e-45e11a61489c"}]}
2019-11-18 21:11:27.518 21356 INFO rally.task.runner [-] Task f0c16f69-272d-4c2f-ad2b-b66b4e17b899 | ITER: 2 START
2019-11-18 21:11:27.521 21357 INFO rally.task.runner [-] Task f0c16f69-272d-4c2f-ad2b-b66b4e17b899 | ITER: 3 START
2019-11-18 21:11:27.524 21358 INFO rally.task.runner [-] Task f0c16f69-272d-4c2f-ad2b-b66b4e17b899 | ITER: 4 START
2019-11-18 21:11:34.095 21355 RALLYDEBUG rally.task.utils [-] Waiting for resource s_rally_6d90b343_xzKLtxxq. Status changed: BUILD => ACTIVE in 4.470077753067017
2019-11-18 21:11:35.576 21355 RALLYDEBUG rally.task.utils [-] Waiting for resource s_rally_6d90b343_xzKLtxxq. Status changed: ACTIVE => REBUILD in 0.19024920463562012
2019-11-18 21:11:36.453 21358 RALLYDEBUG rally.task.utils [-] Waiting for resource s_rally_6d90b343_FJ3QUBNH. Status changed: BUILD => ACTIVE in 6.762721538543701
2019-11-18 21:11:36.746 21356 RALLYDEBUG rally.task.utils [-] Waiting for resource s_rally_6d90b343_WH26luF9. Status changed: BUILD => ACTIVE in 6.786657094955444
2019-11-18 21:11:37.018 21357 RALLYDEBUG rally.task.utils [-] Waiting for resource s_rally_6d90b343_cwJIJNfH. Status changed: BUILD => ACTIVE in 6.900649547576904
2019-11-18 21:11:38.087 21358 RALLYDEBUG rally.task.utils [-] Waiting for resource s_rally_6d90b343_FJ3QUBNH. Status changed: ACTIVE => REBUILD in 0.207352876663208
2019-11-18 21:11:38.207 21356 RALLYDEBUG rally.task.utils [-] Waiting for resource s_rally_6d90b343_WH26luF9. Status changed: ACTIVE => REBUILD in 0.20113635063171387
2019-11-18 21:11:38.494 21357 RALLYDEBUG rally.task.utils [-] Waiting for resource s_rally_6d90b343_cwJIJNfH. Status changed: ACTIVE => REBUILD in 0.1986844539642334
2019-11-18 21:11:51.362 21355 RALLYDEBUG rally.task.utils [-] Waiting for resource s_rally_6d90b343_xzKLtxxq. Status changed: REBUILD => ACTIVE in 15.784843444824219
2019-11-18 21:11:53.663 21355 INFO rally.task.runner [-] Task f0c16f69-272d-4c2f-ad2b-b66b4e17b899 | ITER: 1 END: OK
2019-11-18 21:11:53.668 21355 INFO rally.task.runner [-] Task f0c16f69-272d-4c2f-ad2b-b66b4e17b899 | ITER: 5 START
2019-11-18 21:11:53.876 21356 RALLYDEBUG rally.task.utils [-] Waiting for resource s_rally_6d90b343_WH26luF9. Status changed: REBUILD => ACTIVE in 15.668636798858643
2019-11-18 21:11:56.173 21356 INFO rally.task.runner [-] Task f0c16f69-272d-4c2f-ad2b-b66b4e17b899 | ITER: 2 END: OK
2019-11-18 21:11:56.181 21356 INFO rally.task.runner [-] Task f0c16f69-272d-4c2f-ad2b-b66b4e17b899 | ITER: 6 START
2019-11-18 21:11:56.457 21357 RALLYDEBUG rally.task.utils [-] Waiting for resource s_rally_6d90b343_cwJIJNfH. Status changed: REBUILD => ACTIVE in 17.962764263153076
2019-11-18 21:11:58.741 21358 RALLYDEBUG rally.task.utils [-] Waiting for resource s_rally_6d90b343_FJ3QUBNH. Status changed: REBUILD => ACTIVE in 20.653329849243164
2019-11-18 21:11:58.754 21357 INFO rally.task.runner [-] Task f0c16f69-272d-4c2f-ad2b-b66b4e17b899 | ITER: 3 END: OK
2019-11-18 21:11:58.761 21357 INFO rally.task.runner [-] Task f0c16f69-272d-4c2f-ad2b-b66b4e17b899 | ITER: 7 START
2019-11-18 21:12:00.266 21355 RALLYDEBUG rally.task.utils [-] Waiting for resource s_rally_6d90b343_A4Nt95EE. Status changed: BUILD => ACTIVE in 4.467421293258667
2019-11-18 21:12:01.065 21358 INFO rally.task.runner [-] Task f0c16f69-272d-4c2f-ad2b-b66b4e17b899 | ITER: 4 END: OK
2019-11-18 21:12:01.071 21358 INFO rally.task.runner [-] Task f0c16f69-272d-4c2f-ad2b-b66b4e17b899 | ITER: 8 START
2019-11-18 21:12:01.691 21355 RALLYDEBUG rally.task.utils [-] Waiting for resource s_rally_6d90b343_A4Nt95EE. Status changed: ACTIVE => REBUILD in 0.14576029777526855
2019-11-18 21:12:02.701 21356 RALLYDEBUG rally.task.utils [-] Waiting for resource s_rally_6d90b343_xHeOSB1z. Status changed: BUILD => ACTIVE in 4.493807077407837
2019-11-18 21:12:04.397 21356 RALLYDEBUG rally.task.utils [-] Waiting for resource s_rally_6d90b343_xHeOSB1z. Status changed: ACTIVE => REBUILD in 0.4149055480957031
2019-11-18 21:12:05.853 21357 RALLYDEBUG rally.task.utils [-] Waiting for resource s_rally_6d90b343_p605Ym5E. Status changed: BUILD => ACTIVE in 4.740056276321411
2019-11-18 21:12:07.358 21357 RALLYDEBUG rally.task.utils [-] Waiting for resource s_rally_6d90b343_p605Ym5E. Status changed: ACTIVE => REBUILD in 0.2158372402191162
2019-11-18 21:12:09.712 21358 RALLYDEBUG rally.task.utils [-] Waiting for resource s_rally_6d90b343_aRMe6MKk. Status changed: BUILD => ACTIVE in 6.657121419906616
2019-11-18 21:12:11.182 21358 RALLYDEBUG rally.task.utils [-] Waiting for resource s_rally_6d90b343_aRMe6MKk. Status changed: ACTIVE => REBUILD in 0.17810988426208496
2019-11-18 21:12:17.067 21355 RALLYDEBUG rally.task.utils [-] Waiting for resource s_rally_6d90b343_A4Nt95EE. Status changed: REBUILD => ACTIVE in 15.375570297241211
2019-11-18 21:12:18.848 21356 RALLYDEBUG rally.task.utils [-] Waiting for resource s_rally_6d90b343_xHeOSB1z. Status changed: REBUILD => ACTIVE in 14.450241327285767
2019-11-18 21:12:19.436 21355 INFO rally.task.runner [-] Task f0c16f69-272d-4c2f-ad2b-b66b4e17b899 | ITER: 5 END: OK
2019-11-18 21:12:19.440 21355 INFO rally.task.runner [-] Task f0c16f69-272d-4c2f-ad2b-b66b4e17b899 | ITER: 9 START
2019-11-18 21:12:21.164 21356 INFO rally.task.runner [-] Task f0c16f69-272d-4c2f-ad2b-b66b4e17b899 | ITER: 6 END: OK
2019-11-18 21:12:21.170 21356 INFO rally.task.runner [-] Task f0c16f69-272d-4c2f-ad2b-b66b4e17b899 | ITER: 10 START
2019-11-18 21:12:24.002 21357 RALLYDEBUG rally.task.utils [-] Waiting for resource s_rally_6d90b343_p605Ym5E. Status changed: REBUILD => ACTIVE in 16.644620418548584
2019-11-18 21:12:25.989 21355 RALLYDEBUG rally.task.utils [-] Waiting for resource s_rally_6d90b343_T7SB8Emx. Status changed: BUILD => ACTIVE in 4.478711128234863
2019-11-18 21:12:26.318 21357 INFO rally.task.runner [-] Task f0c16f69-272d-4c2f-ad2b-b66b4e17b899 | ITER: 7 END: OK
2019-11-18 21:12:27.501 21355 RALLYDEBUG rally.task.utils [-] Waiting for resource s_rally_6d90b343_T7SB8Emx. Status changed: ACTIVE => REBUILD in 0.23039627075195312
2019-11-18 21:12:28.192 21356 RALLYDEBUG rally.task.utils [-] Waiting for resource s_rally_6d90b343_B8LkhPED. Status changed: BUILD => ACTIVE in 4.868671178817749
2019-11-18 21:12:28.804 21358 RALLYDEBUG rally.task.utils [-] Waiting for resource s_rally_6d90b343_aRMe6MKk. Status changed: REBUILD => ACTIVE in 17.621813774108887
2019-11-18 21:12:29.634 21356 RALLYDEBUG rally.task.utils [-] Waiting for resource s_rally_6d90b343_B8LkhPED. Status changed: ACTIVE => REBUILD in 0.1434624195098877
2019-11-18 21:12:31.104 21358 INFO rally.task.runner [-] Task f0c16f69-272d-4c2f-ad2b-b66b4e17b899 | ITER: 8 END: OK
2019-11-18 21:12:43.147 21355 RALLYDEBUG rally.task.utils [-] Waiting for resource s_rally_6d90b343_T7SB8Emx. Status changed: REBUILD => ACTIVE in 15.646339654922485
2019-11-18 21:12:45.385 21356 RALLYDEBUG rally.task.utils [-] Waiting for resource s_rally_6d90b343_B8LkhPED. Status changed: REBUILD => ACTIVE in 15.751094579696655
2019-11-18 21:12:45.464 21355 INFO rally.task.runner [-] Task f0c16f69-272d-4c2f-ad2b-b66b4e17b899 | ITER: 9 END: OK
2019-11-18 21:12:47.746 21356 INFO rally.task.runner [-] Task f0c16f69-272d-4c2f-ad2b-b66b4e17b899 | ITER: 10 END: OK
2019-11-18 21:12:47.772 20411 INFO rally.task.context [-] Task f0c16f69-272d-4c2f-ad2b-b66b4e17b899 | Context cleanup@openstack cleanup() started
2019-11-18 21:12:47.776 20411 RALLYDEBUG rally_openstack.cleanup.manager [-] Cleaning up nova servers objects
2019-11-18 21:12:49.241 20411 RALLYDEBUG rally_openstack.cleanup.manager [-] Cleaning up nova server_groups objects
2019-11-18 21:12:50.400 20411 RALLYDEBUG rally_openstack.cleanup.manager [-] Cleaning up nova keypairs objects
2019-11-18 21:12:52.855 20411 INFO rally.task.context [-] Task f0c16f69-272d-4c2f-ad2b-b66b4e17b899 | Context cleanup@openstack cleanup() finished in 5.08 sec
2019-11-18 21:12:52.856 20411 INFO rally.task.context [-] Task f0c16f69-272d-4c2f-ad2b-b66b4e17b899 | Context network@openstack cleanup() started
2019-11-18 21:13:15.918 20411 INFO rally.task.context [-] Task f0c16f69-272d-4c2f-ad2b-b66b4e17b899 | Context network@openstack cleanup() finished in 23.06 sec
2019-11-18 21:13:15.919 20411 INFO rally.task.context [-] Task f0c16f69-272d-4c2f-ad2b-b66b4e17b899 | Context quotas@openstack cleanup() started
2019-11-18 21:13:16.179 20411 INFO rally.task.context [-] Task f0c16f69-272d-4c2f-ad2b-b66b4e17b899 | Context quotas@openstack cleanup() finished in 0.26 sec
2019-11-18 21:13:16.179 20411 INFO rally.task.context [-] Task f0c16f69-272d-4c2f-ad2b-b66b4e17b899 | Context users@openstack cleanup() started
2019-11-18 21:13:20.336 20411 INFO rally.task.context [-] Task f0c16f69-272d-4c2f-ad2b-b66b4e17b899 | Context users@openstack cleanup() finished in 4.16 sec
2019-11-18 21:13:22.184 20411 INFO rally.task.engine [-] Load duration is: 78.229491
2019-11-18 21:13:22.184 20411 INFO rally.task.engine [-] Full runner duration is: 80.277717
2019-11-18 21:13:22.185 20411 INFO rally.task.engine [-] Full duration is: 130.701289
2019-11-18 21:13:22.495 20411 INFO rally.task.engine [-] Running workload: position = 0 config = { "version": 2, "title": "A cropped version of a bigger task.", "description": "Auto-generated task from a single workload (uuid=a984c017-3779-4456-b135-4f0df0ea239e)", "subtasks": [ { "title": "NovaServers.snapshot_server", "description": "Boot a server, make its snapshot and delete both.", "scenario": { "NovaServers.snapshot_server": { "flavor": { "name": "rally_full-flavor_00f7b341-174b-4e8f-9b53-bfd161b2cdfa" }, "image": { "name": "rally_full-img_00f7b341-174b-4e8f-9b53-bfd161b2cdfa" }, "nics": [ { "net-id": "6652dd7c-f0a3-4f25-801e-45e11a61489c" } ] } }, "contexts": { "users": { "tenants": 3, "users_per_tenant": 2 }, "network": { "networks_per_tenant": 1, "start_cidr": "100.1.0.0/25" }, "quotas": { "neutron": { "network": -1, "port": -1, "subnet": -1 }, "nova": { "cores": -1, "floating_ips": -1, "instances": -1, "ram": -1, "security_group_rules": -1, "security_groups": -1 } } }, "runner": { "constant": { "concurrency": 4, "times": 10 } }, "hooks": [], "sla": { "failure_rate": { "max": 0 } } } ] }
2019-11-18 21:13:22.522 20411 RALLYDEBUG rally_openstack.contexts.keystone.users [-] Creating 3 tenants using 20 threads
2019-11-18 21:13:23.565 20411 RALLYDEBUG rally_openstack.contexts.keystone.users [-] Creating 6 users using 20 threads
2019-11-18 21:13:25.149 20411 INFO rally.task.context [-] Task f0c16f69-272d-4c2f-ad2b-b66b4e17b899 | Context users@openstack setup() finished in 2.63 sec
2019-11-18 21:13:26.879 20411 INFO rally.task.context [-] Task f0c16f69-272d-4c2f-ad2b-b66b4e17b899 | Context quotas@openstack setup() finished in 1.73 sec
2019-11-18 21:13:29.083 20411 RALLYDEBUG rally_openstack.wrappers.network [-] CIDR generated: 100.1.6.0/25
2019-11-18 21:13:33.604 20411 RALLYDEBUG rally_openstack.wrappers.network [-] CIDR generated: 100.1.6.128/25
2019-11-18 21:13:37.966 20411 RALLYDEBUG rally_openstack.wrappers.network [-] CIDR generated: 100.1.7.0/25
2019-11-18 21:13:40.158 20411 INFO rally.task.context [-] Task f0c16f69-272d-4c2f-ad2b-b66b4e17b899 | Context network@openstack setup() finished in 13.28 sec
2019-11-18 21:13:40.159 20411 INFO rally.task.context [-] Task f0c16f69-272d-4c2f-ad2b-b66b4e17b899 | Context cleanup@openstack setup() finished in 0.01 msec
2019-11-18 21:13:41.263 20411 RALLYDEBUG rally.task.runner [-] Starting the constant runner (task UUID: f0c16f69-272d-4c2f-ad2b-b66b4e17b899). times: 10 concurrency: 4 timeout: 0 max_cpu_used: 16 processes_to_start: 4 concurrency_per_worker: 1 concurrency_overhead: 0
2019-11-18 21:13:41.276 21519 RALLYDEBUG rally.task.runner [-] Starting a worker. times: 10 duration: None concurrency: 1 timeout: 0 cls: method_name: run args: {"flavor": "20f9b21d-fa02-4686-8c91-5a88ae727ac8", "image": "bc09d53d-d329-4699-ba5f-613e9114d6ba", "nics": [{"net-id": "6652dd7c-f0a3-4f25-801e-45e11a61489c"}]}
2019-11-18 21:13:41.279 21520 RALLYDEBUG rally.task.runner [-] Starting a worker. times: 10 duration: None concurrency: 1 timeout: 0 cls: method_name: run args: {"flavor": "20f9b21d-fa02-4686-8c91-5a88ae727ac8", "image": "bc09d53d-d329-4699-ba5f-613e9114d6ba", "nics": [{"net-id": "6652dd7c-f0a3-4f25-801e-45e11a61489c"}]}
2019-11-18 21:13:41.283 21519 INFO rally.task.runner [-] Task f0c16f69-272d-4c2f-ad2b-b66b4e17b899 | ITER: 1 START
2019-11-18 21:13:41.283 21521 RALLYDEBUG rally.task.runner [-] Starting a worker. times: 10 duration: None concurrency: 1 timeout: 0 cls: method_name: run args: {"flavor": "20f9b21d-fa02-4686-8c91-5a88ae727ac8", "image": "bc09d53d-d329-4699-ba5f-613e9114d6ba", "nics": [{"net-id": "6652dd7c-f0a3-4f25-801e-45e11a61489c"}]}
2019-11-18 21:13:41.287 21520 INFO rally.task.runner [-] Task f0c16f69-272d-4c2f-ad2b-b66b4e17b899 | ITER: 2 START
2019-11-18 21:13:41.286 21523 RALLYDEBUG rally.task.runner [-] Starting a worker. times: 10 duration: None concurrency: 1 timeout: 0 cls: method_name: run args: {"flavor": "20f9b21d-fa02-4686-8c91-5a88ae727ac8", "image": "bc09d53d-d329-4699-ba5f-613e9114d6ba", "nics": [{"net-id": "6652dd7c-f0a3-4f25-801e-45e11a61489c"}]}
2019-11-18 21:13:41.290 21521 INFO rally.task.runner [-] Task f0c16f69-272d-4c2f-ad2b-b66b4e17b899 | ITER: 3 START
2019-11-18 21:13:41.293 21523 INFO rally.task.runner [-] Task f0c16f69-272d-4c2f-ad2b-b66b4e17b899 | ITER: 4 START
2019-11-18 21:13:48.498 21521 RALLYDEBUG rally.task.utils [-] Waiting for resource s_rally_a984c017_KlLlaWPn. Status changed: BUILD => ACTIVE in 5.017338752746582
2019-11-18 21:13:50.318 21520 RALLYDEBUG rally.task.utils [-] Waiting for resource s_rally_a984c017_0JcfBA7a. Status changed: BUILD => ACTIVE in 6.9019246101379395
2019-11-18 21:13:50.549 21519 RALLYDEBUG rally.task.utils [-] Waiting for resource s_rally_a984c017_PeRzBkFf. Status changed: BUILD => ACTIVE in 7.00865364074707
2019-11-18 21:13:50.955 21523 RALLYDEBUG rally.task.utils [-] Waiting for resource s_rally_a984c017_lefI45Kj. Status changed: BUILD => ACTIVE in 6.799561262130737
2019-11-18 21:13:52.847 21521 RALLYDEBUG rally.task.utils [-] Waiting for resource s_rally_a984c017_KlLlaWPn. Status changed: QUEUED => ACTIVE in 4.067938327789307
2019-11-18 21:13:54.673 21520 RALLYDEBUG rally.task.utils [-] Waiting for resource s_rally_a984c017_0JcfBA7a. Status changed: QUEUED => ACTIVE in 4.065965414047241
2019-11-18 21:13:54.893 21519 RALLYDEBUG rally.task.utils [-] Waiting for resource s_rally_a984c017_PeRzBkFf. Status changed: QUEUED => ACTIVE in 4.063600540161133
2019-11-18 21:13:55.243 21523 RALLYDEBUG rally.task.utils [-] Waiting for resource s_rally_a984c017_lefI45Kj. Status changed: QUEUED => ACTIVE in 4.068000555038452
2019-11-18 21:14:01.863 21521 RALLYDEBUG rally.task.utils [-] Waiting for resource s_rally_a984c017_iIW5nm1r. Status changed: BUILD => ACTIVE in 4.829824209213257
2019-11-18 21:14:03.562 21520 RALLYDEBUG rally.task.utils [-] Waiting for resource s_rally_a984c017_cQxdIQmU. Status changed: BUILD => ACTIVE in 4.421923398971558
2019-11-18 21:14:03.800 21523 RALLYDEBUG rally.task.utils [-] Waiting for resource s_rally_a984c017_NFFwL4K6. Status changed: BUILD => ACTIVE in 4.430115222930908
2019-11-18 21:14:04.248 21521 WARNING /usr/lib/python3.6/site-packages/rally_openstack/scenarios/nova/utils.py [-] Method '_delete_image' of NovaScenario class is deprecated since Rally 0.10.0. Use GlanceUtils instead.
2019-11-18 21:14:04.375 21521 DEBUG glanceclient.common.http [-] Request returned failure status 404. _handle_response /usr/lib/python3.6/site-packages/glanceclient/common/http.py:125
2019-11-18 21:14:04.379 21521 INFO rally.task.runner [-] Task f0c16f69-272d-4c2f-ad2b-b66b4e17b899 | ITER: 3 END: OK
2019-11-18 21:14:04.385 21521 INFO rally.task.runner [-] Task f0c16f69-272d-4c2f-ad2b-b66b4e17b899 | ITER: 5 START
2019-11-18 21:14:05.873 21520 WARNING /usr/lib/python3.6/site-packages/rally_openstack/scenarios/nova/utils.py [-] Method '_delete_image' of NovaScenario class is deprecated since Rally 0.10.0. Use GlanceUtils instead.
2019-11-18 21:14:05.876 21519 RALLYDEBUG rally.task.utils [-] Waiting for resource s_rally_a984c017_t7mV7Y7m. Status changed: BUILD => ACTIVE in 6.78817892074585
2019-11-18 21:14:06.002 21520 DEBUG glanceclient.common.http [-] Request returned failure status 404. _handle_response /usr/lib/python3.6/site-packages/glanceclient/common/http.py:125
2019-11-18 21:14:06.007 21520 INFO rally.task.runner [-] Task f0c16f69-272d-4c2f-ad2b-b66b4e17b899 | ITER: 2 END: OK
2019-11-18 21:14:06.015 21520 INFO rally.task.runner [-] Task f0c16f69-272d-4c2f-ad2b-b66b4e17b899 | ITER: 6 START
2019-11-18 21:14:06.164 21523 WARNING /usr/lib/python3.6/site-packages/rally_openstack/scenarios/nova/utils.py [-] Method '_delete_image' of NovaScenario class is deprecated since Rally 0.10.0. Use GlanceUtils instead.
2019-11-18 21:14:06.298 21523 DEBUG glanceclient.common.http [-] Request returned failure status 404. _handle_response /usr/lib/python3.6/site-packages/glanceclient/common/http.py:125
2019-11-18 21:14:06.304 21523 INFO rally.task.runner [-] Task f0c16f69-272d-4c2f-ad2b-b66b4e17b899 | ITER: 4 END: OK
2019-11-18 21:14:06.311 21523 INFO rally.task.runner [-] Task f0c16f69-272d-4c2f-ad2b-b66b4e17b899 | ITER: 7 START
2019-11-18 21:14:08.230 21519 WARNING /usr/lib/python3.6/site-packages/rally_openstack/scenarios/nova/utils.py [-] Method '_delete_image' of NovaScenario class is deprecated since Rally 0.10.0. Use GlanceUtils instead.
2019-11-18 21:14:08.361 21519 DEBUG glanceclient.common.http [-] Request returned failure status 404. _handle_response /usr/lib/python3.6/site-packages/glanceclient/common/http.py:125
2019-11-18 21:14:08.367 21519 INFO rally.task.runner [-] Task f0c16f69-272d-4c2f-ad2b-b66b4e17b899 | ITER: 1 END: OK
2019-11-18 21:14:08.373 21519 INFO rally.task.runner [-] Task f0c16f69-272d-4c2f-ad2b-b66b4e17b899 | ITER: 8 START
2019-11-18 21:14:11.059 21521 RALLYDEBUG rally.task.utils [-] Waiting for resource s_rally_a984c017_luCehsK5. Status changed: BUILD => ACTIVE in 4.579638242721558
2019-11-18 21:14:13.320 21521 RALLYDEBUG rally.task.utils [-] Waiting for resource s_rally_a984c017_luCehsK5. Status changed: QUEUED => ACTIVE in 2.045335531234741
2019-11-18 21:14:14.970 21520 RALLYDEBUG rally.task.utils [-] Waiting for resource s_rally_a984c017_IzkelHyb. Status changed: BUILD => ACTIVE in 6.793591260910034
2019-11-18 21:14:15.232 21523 RALLYDEBUG rally.task.utils [-] Waiting for resource s_rally_a984c017_Z79D0q4g. Status changed: BUILD => ACTIVE in 6.71528172492981
2019-11-18 21:14:15.476 21519 RALLYDEBUG rally.task.utils [-] Waiting for resource s_rally_a984c017_ZLDMhcy2. Status changed: BUILD => ACTIVE in 4.487351417541504
2019-11-18 21:14:17.808 21519 RALLYDEBUG rally.task.utils [-] Waiting for resource s_rally_a984c017_ZLDMhcy2. Status changed: QUEUED => SAVING in 2.0485594272613525
2019-11-18 21:14:19.268 21520 RALLYDEBUG rally.task.utils [-] Waiting for resource s_rally_a984c017_IzkelHyb. Status changed: QUEUED => ACTIVE in 4.077154636383057
2019-11-18 21:14:19.553 21523 RALLYDEBUG rally.task.utils [-] Waiting for resource s_rally_a984c017_Z79D0q4g. Status changed: QUEUED => ACTIVE in 4.0671892166137695
2019-11-18 21:14:19.830 21519 RALLYDEBUG rally.task.utils [-] Waiting for resource s_rally_a984c017_ZLDMhcy2. Status changed: SAVING => ACTIVE in 2.022012233734131
2019-11-18 21:14:21.723 21521 RALLYDEBUG rally.task.utils [-] Waiting for resource s_rally_a984c017_vDTAlagI. Status changed: BUILD => ACTIVE in 4.420616865158081
2019-11-18 21:14:24.138 21521 WARNING /usr/lib/python3.6/site-packages/rally_openstack/scenarios/nova/utils.py [-] Method '_delete_image' of NovaScenario class is deprecated since Rally 0.10.0. Use GlanceUtils instead.
2019-11-18 21:14:24.253 21521 DEBUG glanceclient.common.http [-] Request returned failure status 404. _handle_response /usr/lib/python3.6/site-packages/glanceclient/common/http.py:125
2019-11-18 21:14:24.254 21521 INFO rally.task.runner [-] Task f0c16f69-272d-4c2f-ad2b-b66b4e17b899 | ITER: 5 END: OK
2019-11-18 21:14:24.257 21521 INFO rally.task.runner [-] Task f0c16f69-272d-4c2f-ad2b-b66b4e17b899 | ITER: 9 START
2019-11-18 21:14:28.310 21519 RALLYDEBUG rally.task.utils [-] Waiting for resource s_rally_a984c017_mrbfW9QW. Status changed: BUILD => ACTIVE in 4.440430402755737
2019-11-18 21:14:28.510 21523 RALLYDEBUG rally.task.utils [-] Waiting for resource s_rally_a984c017_Q4xxN9Bm. Status changed: BUILD => ACTIVE in 4.7170538902282715
2019-11-18 21:14:29.923 21520 RALLYDEBUG rally.task.utils [-] Waiting for resource s_rally_a984c017_Aj2osd0a. Status changed: BUILD => ACTIVE in 6.7021589279174805
2019-11-18 21:14:30.641 21519 WARNING /usr/lib/python3.6/site-packages/rally_openstack/scenarios/nova/utils.py [-] Method '_delete_image' of NovaScenario class is deprecated since Rally 0.10.0. Use GlanceUtils instead.
2019-11-18 21:14:30.781 21519 DEBUG glanceclient.common.http [-] Request returned failure status 404. _handle_response /usr/lib/python3.6/site-packages/glanceclient/common/http.py:125
2019-11-18 21:14:30.782 21519 INFO rally.task.runner [-] Task f0c16f69-272d-4c2f-ad2b-b66b4e17b899 | ITER: 8 END: OK
2019-11-18 21:14:30.786 21519 INFO rally.task.runner [-] Task f0c16f69-272d-4c2f-ad2b-b66b4e17b899 | ITER: 10 START
2019-11-18 21:14:30.952 21523 WARNING /usr/lib/python3.6/site-packages/rally_openstack/scenarios/nova/utils.py [-] Method '_delete_image' of NovaScenario class is deprecated since Rally 0.10.0. Use GlanceUtils instead.
2019-11-18 21:14:31.086 21523 DEBUG glanceclient.common.http [-] Request returned failure status 404. _handle_response /usr/lib/python3.6/site-packages/glanceclient/common/http.py:125
2019-11-18 21:14:31.087 21523 INFO rally.task.runner [-] Task f0c16f69-272d-4c2f-ad2b-b66b4e17b899 | ITER: 7 END: OK
2019-11-18 21:14:32.290 21520 WARNING /usr/lib/python3.6/site-packages/rally_openstack/scenarios/nova/utils.py [-] Method '_delete_image' of NovaScenario class is deprecated since Rally 0.10.0. Use GlanceUtils instead.
2019-11-18 21:14:32.433 21520 DEBUG glanceclient.common.http [-] Request returned failure status 404. _handle_response /usr/lib/python3.6/site-packages/glanceclient/common/http.py:125
2019-11-18 21:14:32.435 21520 INFO rally.task.runner [-] Task f0c16f69-272d-4c2f-ad2b-b66b4e17b899 | ITER: 6 END: OK
2019-11-18 21:14:33.280 21521 RALLYDEBUG rally.task.utils [-] Waiting for resource s_rally_a984c017_neFTeino. Status changed: BUILD => ACTIVE in 7.005647659301758
2019-11-18 21:14:37.572 21521 RALLYDEBUG rally.task.utils [-] Waiting for resource s_rally_a984c017_neFTeino. Status changed: QUEUED => ACTIVE in 4.066289186477661
2019-11-18 21:14:37.811 21519 RALLYDEBUG rally.task.utils [-] Waiting for resource s_rally_a984c017_YgJNpAQo. Status changed: BUILD => ACTIVE in 4.6628968715667725
2019-11-18 21:14:40.100 21519 RALLYDEBUG rally.task.utils [-] Waiting for resource s_rally_a984c017_YgJNpAQo. Status changed: QUEUED => ACTIVE in 2.0413365364074707
2019-11-18 21:14:46.439 21521 RALLYDEBUG rally.task.utils [-] Waiting for resource s_rally_a984c017_zbsR7U6H. Status changed: BUILD => ACTIVE in 4.616595983505249
2019-11-18 21:14:48.782 21519 RALLYDEBUG rally.task.utils [-] Waiting for resource s_rally_a984c017_JNOPKvDt. Status changed: BUILD => ACTIVE in 4.5934367179870605
2019-11-18 21:14:48.831 21521 WARNING /usr/lib/python3.6/site-packages/rally_openstack/scenarios/nova/utils.py [-] Method '_delete_image' of NovaScenario class is deprecated since Rally 0.10.0. Use GlanceUtils instead.
2019-11-18 21:14:48.989 21521 DEBUG glanceclient.common.http [-] Request returned failure status 404. _handle_response /usr/lib/python3.6/site-packages/glanceclient/common/http.py:125
2019-11-18 21:14:48.991 21521 INFO rally.task.runner [-] Task f0c16f69-272d-4c2f-ad2b-b66b4e17b899 | ITER: 9 END: OK
2019-11-18 21:14:51.139 21519 WARNING /usr/lib/python3.6/site-packages/rally_openstack/scenarios/nova/utils.py [-] Method '_delete_image' of NovaScenario class is deprecated since Rally 0.10.0. Use GlanceUtils instead.
2019-11-18 21:14:51.328 21519 DEBUG glanceclient.common.http [-] Request returned failure status 404. _handle_response /usr/lib/python3.6/site-packages/glanceclient/common/http.py:125
2019-11-18 21:14:51.330 21519 INFO rally.task.runner [-] Task f0c16f69-272d-4c2f-ad2b-b66b4e17b899 | ITER: 10 END: OK
2019-11-18 21:14:51.357 20411 INFO rally.task.context [-] Task f0c16f69-272d-4c2f-ad2b-b66b4e17b899 | Context cleanup@openstack cleanup() started
2019-11-18 21:14:51.361 20411 RALLYDEBUG rally_openstack.cleanup.manager [-] Cleaning up nova servers objects
2019-11-18 21:14:52.781 20411 RALLYDEBUG rally_openstack.cleanup.manager [-] Cleaning up nova server_groups objects
