2019-11-18 20:51:26.883 13785 RALLYDEBUG rally_openstack.cleanup.manager [-] Cleaning up neutron network objects
2019-11-18 20:51:28.079 13785 RALLYDEBUG rally_openstack.cleanup.manager [-] Cleaning up neutron router objects
2019-11-18 20:51:29.291 13785 RALLYDEBUG rally_openstack.cleanup.manager [-] Cleaning up neutron security_group objects
2019-11-18 20:51:30.668 13785 RALLYDEBUG rally_openstack.cleanup.manager [-] Deleting neutron.security_group object s_rally_1c4dc24d_mdweDuzT (450034d8-b459-43a8-8a8e-fdd1485ac569)
2019-11-18 20:51:30.677 13785 RALLYDEBUG rally_openstack.cleanup.manager [-] Deleting neutron.security_group object s_rally_1c4dc24d_jxEY79fJ (cf868a5d-f44b-4be0-89d6-59db3bfe4179)
2019-11-18 20:51:30.686 13785 RALLYDEBUG rally_openstack.cleanup.manager [-] Deleting neutron.security_group object s_rally_1c4dc24d_aAR2marC (ed3a57c7-8b9a-4798-b2d5-4349db0af721)
2019-11-18 20:51:30.696 13785 RALLYDEBUG rally_openstack.cleanup.manager [-] Deleting neutron.security_group object s_rally_1c4dc24d_w8Dl6uuX (2e1ad664-a1ea-44f8-9c94-922d5b0f546f)
2019-11-18 20:51:30.704 13785 RALLYDEBUG rally_openstack.cleanup.manager [-] Deleting neutron.security_group object s_rally_1c4dc24d_dj4dUAgf (0c2d2aac-834c-4040-9a3e-a9a47cd132fd)
2019-11-18 20:51:30.714 13785 RALLYDEBUG rally_openstack.cleanup.manager [-] Deleting neutron.security_group object s_rally_1c4dc24d_W2XOUfDq (35d6f6b1-e77b-4f18-af71-ce3938612d64)
2019-11-18 20:51:30.736 13785 RALLYDEBUG rally_openstack.cleanup.manager [-] Deleting neutron.security_group object s_rally_1c4dc24d_2LUlJQQe (38d6d6e6-fcb0-40c9-a48a-366d6193b629)
2019-11-18 20:51:30.741 13785 RALLYDEBUG rally_openstack.cleanup.manager [-] Deleting neutron.security_group object s_rally_1c4dc24d_xP7eItxf (63f3889c-4e06-4113-8ba4-9dd47782bb64)
2019-11-18 20:51:30.751 13785 RALLYDEBUG rally_openstack.cleanup.manager [-] Deleting neutron.security_group object s_rally_1c4dc24d_j3PggoYT (73fd67ac-96d3-435a-913c-be7a16cba7f5)
2019-11-18 20:51:30.767 13785 RALLYDEBUG rally_openstack.cleanup.manager [-] Deleting neutron.security_group object s_rally_1c4dc24d_PkLrvWhh (78603c5b-5775-4b0e-8b93-c666d0c4dae6)
2019-11-18 20:51:32.331 13785 INFO rally.task.context [-] Task 70f16d94-7e97-4551-ac69-1a421e3e1502 | Context cleanup@openstack cleanup() finished in 14.68 sec
2019-11-18 20:51:32.332 13785 INFO rally.task.context [-] Task 70f16d94-7e97-4551-ac69-1a421e3e1502 | Context quotas@openstack cleanup() started
2019-11-18 20:51:32.578 13785 INFO rally.task.context [-] Task 70f16d94-7e97-4551-ac69-1a421e3e1502 | Context quotas@openstack cleanup() finished in 0.25 sec
2019-11-18 20:51:32.579 13785 INFO rally.task.context [-] Task 70f16d94-7e97-4551-ac69-1a421e3e1502 | Context users@openstack cleanup() started
2019-11-18 20:51:36.669 13785 INFO rally.task.context [-] Task 70f16d94-7e97-4551-ac69-1a421e3e1502 | Context users@openstack cleanup() finished in 4.09 sec
2019-11-18 20:51:38.151 13785 INFO rally.task.engine [-] Load duration is: 2.096807
2019-11-18 20:51:38.152 13785 INFO rally.task.engine [-] Full runner duration is: 2.143538
2019-11-18 20:51:38.152 13785 INFO rally.task.engine [-] Full duration is: 24.679883
2019-11-18 20:51:38.441 13785 INFO rally.task.engine [-] Running workload: position = 0 config = { "version": 2, "title": "A cropped version of a bigger task.", "description": "Auto-generated task from a single workload (uuid=5f9d6b52-df81-4a5a-9d04-3886ca196d5e)", "subtasks": [ { "title": "NeutronNetworks.set_and_clear_router_gateway", "description": "Set and Remove the external network gateway from a router.", "scenario": { "NeutronNetworks.set_and_clear_router_gateway": { "network_create_args": { "router:external": true } } }, "contexts": { "users": { "tenants": 3, "users_per_tenant": 2 }, "quotas": { "neutron": { "network": -1, "router": -1 } }, "roles": [ "admin" ] }, "runner": { "constant": { "concurrency": 4, "times": 10 } }, "hooks": [], "sla": { "failure_rate": { "max": 0 } } } ] }
2019-11-18 20:51:38.468 13785 RALLYDEBUG rally_openstack.contexts.keystone.users [-] Creating 3 tenants using 20 threads
2019-11-18 20:51:39.518 13785 RALLYDEBUG rally_openstack.contexts.keystone.users [-] Creating 6 users using 20 threads
2019-11-18 20:51:41.110 13785 INFO rally.task.context [-] Task 70f16d94-7e97-4551-ac69-1a421e3e1502 | Context users@openstack setup() finished in 2.64 sec
2019-11-18 20:51:41.873 13785 INFO rally.task.context [-] Task 70f16d94-7e97-4551-ac69-1a421e3e1502 | Context quotas@openstack setup() finished in 0.76 sec
2019-11-18 20:51:42.581 13785 RALLYDEBUG rally_openstack.contexts.keystone.roles [-] Adding role admin having ID 8930df73812c40d6977f27c869a567dc to all users using 30 threads
2019-11-18 20:51:47.916 13785 INFO rally.task.context [-] Task 70f16d94-7e97-4551-ac69-1a421e3e1502 | Context roles@openstack setup() finished in 6.04 sec
2019-11-18 20:51:47.917 13785 INFO rally.task.context [-] Task 70f16d94-7e97-4551-ac69-1a421e3e1502 | Context cleanup@openstack setup() finished in 0.02 msec
2019-11-18 20:51:47.926 13785 RALLYDEBUG rally.task.runner [-] Starting the constant runner (task UUID: 70f16d94-7e97-4551-ac69-1a421e3e1502). times: 10 concurrency: 4 timeout: 0 max_cpu_used: 16 processes_to_start: 4 concurrency_per_worker: 1 concurrency_overhead: 0
2019-11-18 20:51:47.938 19123 RALLYDEBUG rally.task.runner [-] Starting a worker. times: 10 duration: None concurrency: 1 timeout: 0 cls: method_name: run args: {"network_create_args": {"router:external": true}}
2019-11-18 20:51:47.941 19124 RALLYDEBUG rally.task.runner [-] Starting a worker. times: 10 duration: None concurrency: 1 timeout: 0 cls: method_name: run args: {"network_create_args": {"router:external": true}}
2019-11-18 20:51:47.946 19123 INFO rally.task.runner [-] Task 70f16d94-7e97-4551-ac69-1a421e3e1502 | ITER: 1 START
2019-11-18 20:51:47.945 19125 RALLYDEBUG rally.task.runner [-] Starting a worker. times: 10 duration: None concurrency: 1 timeout: 0 cls: method_name: run args: {"network_create_args": {"router:external": true}}
2019-11-18 20:51:47.948 19124 INFO rally.task.runner [-] Task 70f16d94-7e97-4551-ac69-1a421e3e1502 | ITER: 2 START
2019-11-18 20:51:47.949 19126 RALLYDEBUG rally.task.runner [-] Starting a worker. times: 10 duration: None concurrency: 1 timeout: 0 cls: method_name: run args: {"network_create_args": {"router:external": true}}
2019-11-18 20:51:47.952 19125 INFO rally.task.runner [-] Task 70f16d94-7e97-4551-ac69-1a421e3e1502 | ITER: 3 START
2019-11-18 20:51:47.955 19126 INFO rally.task.runner [-] Task 70f16d94-7e97-4551-ac69-1a421e3e1502 | ITER: 4 START
2019-11-18 20:51:51.844 19124 INFO rally.task.runner [-] Task 70f16d94-7e97-4551-ac69-1a421e3e1502 | ITER: 2 END: OK
2019-11-18 20:51:51.849 19124 INFO rally.task.runner [-] Task 70f16d94-7e97-4551-ac69-1a421e3e1502 | ITER: 5 START
2019-11-18 20:51:52.163 19126 INFO rally.task.runner [-] Task 70f16d94-7e97-4551-ac69-1a421e3e1502 | ITER: 4 END: OK
2019-11-18 20:51:52.168 19126 INFO rally.task.runner [-] Task 70f16d94-7e97-4551-ac69-1a421e3e1502 | ITER: 6 START
2019-11-18 20:51:52.181 19123 INFO rally.task.runner [-] Task 70f16d94-7e97-4551-ac69-1a421e3e1502 | ITER: 1 END: OK
2019-11-18 20:51:52.187 19123 INFO rally.task.runner [-] Task 70f16d94-7e97-4551-ac69-1a421e3e1502 | ITER: 7 START
2019-11-18 20:51:53.388 19125 INFO rally.task.runner [-] Task 70f16d94-7e97-4551-ac69-1a421e3e1502 | ITER: 3 END: OK
2019-11-18 20:51:53.393 19125 INFO rally.task.runner [-] Task 70f16d94-7e97-4551-ac69-1a421e3e1502 | ITER: 8 START
2019-11-18 20:51:55.695 19124 INFO rally.task.runner [-] Task 70f16d94-7e97-4551-ac69-1a421e3e1502 | ITER: 5 END: OK
2019-11-18 20:51:55.700 19124 INFO rally.task.runner [-] Task 70f16d94-7e97-4551-ac69-1a421e3e1502 | ITER: 9 START
2019-11-18 20:51:56.032 19123 INFO rally.task.runner [-] Task 70f16d94-7e97-4551-ac69-1a421e3e1502 | ITER: 7 END: OK
2019-11-18 20:51:56.036 19123 INFO rally.task.runner [-] Task 70f16d94-7e97-4551-ac69-1a421e3e1502 | ITER: 10 START
2019-11-18 20:51:56.213 19126 INFO rally.task.runner [-] Task 70f16d94-7e97-4551-ac69-1a421e3e1502 | ITER: 6 END: OK
2019-11-18 20:51:57.423 19125 INFO rally.task.runner [-] Task 70f16d94-7e97-4551-ac69-1a421e3e1502 | ITER: 8 END: OK
2019-11-18 20:51:59.613 19124 INFO rally.task.runner [-] Task 70f16d94-7e97-4551-ac69-1a421e3e1502 | ITER: 9 END: OK
2019-11-18 20:52:00.213 19123 INFO rally.task.runner [-] Task 70f16d94-7e97-4551-ac69-1a421e3e1502 | ITER: 10 END: OK
2019-11-18 20:52:00.237 13785 INFO rally.task.context [-] Task 70f16d94-7e97-4551-ac69-1a421e3e1502 | Context cleanup@openstack cleanup() started
2019-11-18 20:52:00.241 13785 RALLYDEBUG rally_openstack.cleanup.manager [-] Cleaning up neutron vip objects
2019-11-18 20:52:01.477 13785 RALLYDEBUG rally_openstack.cleanup.manager [-] Cleaning up neutron health_monitor objects
2019-11-18 20:52:02.596 13785 RALLYDEBUG rally_openstack.cleanup.manager [-] Cleaning up neutron pool objects
2019-11-18 20:52:03.744 13785 RALLYDEBUG rally_openstack.cleanup.manager [-] Cleaning up neutron loadbalancer objects
2019-11-18 20:52:04.857 13785 RALLYDEBUG rally_openstack.cleanup.manager [-] Cleaning up neutron floatingip objects
2019-11-18 20:52:06.079 13785 RALLYDEBUG rally_openstack.cleanup.manager [-] Cleaning up neutron trunk objects
2019-11-18 20:52:07.245 13785 RALLYDEBUG rally_openstack.cleanup.manager [-] Cleaning up neutron port objects
2019-11-18 20:52:08.547 13785 RALLYDEBUG rally_openstack.cleanup.manager [-] Cleaning up neutron subnet objects
2019-11-18 20:52:09.747 13785 RALLYDEBUG rally_openstack.cleanup.manager [-] Cleaning up neutron network objects
2019-11-18 20:52:11.129 13785 RALLYDEBUG rally_openstack.cleanup.manager [-] Deleting neutron.network object s_rally_5f9d6b52_syopYDnP (6f195b6d-c535-492b-b4c1-74900b23c3b0)
2019-11-18 20:52:11.132 13785 RALLYDEBUG rally_openstack.cleanup.manager [-] Deleting neutron.network object s_rally_5f9d6b52_RNZ3jMlp (7b6c28a7-1771-4e66-a966-63648a18b5e7)
2019-11-18 20:52:11.142 13785 RALLYDEBUG rally_openstack.cleanup.manager [-] Deleting neutron.network object s_rally_5f9d6b52_yG1LrYzD (c21c6668-b291-4302-a810-8a2791e1d04a)
2019-11-18 20:52:11.157 13785 RALLYDEBUG rally_openstack.cleanup.manager [-] Deleting neutron.network object s_rally_5f9d6b52_O3o14iI8 (1d09392c-4f2b-4c6d-a849-9c58af709ded)
2019-11-18 20:52:11.171 13785 RALLYDEBUG rally_openstack.cleanup.manager [-] Deleting neutron.network object s_rally_5f9d6b52_Zzn8med6 (39be18ba-9cc7-4cd2-9db6-34465987e03e)
2019-11-18 20:52:11.181 13785 RALLYDEBUG rally_openstack.cleanup.manager [-] Deleting neutron.network object s_rally_5f9d6b52_3dxGhdjR (b5918f7d-7207-4965-8301-4b0d168484d7)
2019-11-18 20:52:11.187 13785 RALLYDEBUG rally_openstack.cleanup.manager [-] Deleting neutron.network object s_rally_5f9d6b52_daJAdVlB (3104fa31-b4fb-48ad-8a6e-79cd93413b21)
2019-11-18 20:52:11.195 13785 RALLYDEBUG rally_openstack.cleanup.manager [-] Deleting neutron.network object s_rally_5f9d6b52_QtQ2cZCr (8b6a53f9-a180-425e-8a3a-91f362dcbe24)
2019-11-18 20:52:11.210 13785 RALLYDEBUG rally_openstack.cleanup.manager [-] Deleting neutron.network object s_rally_5f9d6b52_iOAC1nLT (a1d250f6-49f9-408f-a7d0-dedf4af7b8c5)
2019-11-18 20:52:11.226 13785 RALLYDEBUG rally_openstack.cleanup.manager [-] Deleting neutron.network object s_rally_5f9d6b52_uxG09hiz (e26c93ec-e12f-455b-8ecc-3e8a20bb6eff)
2019-11-18 20:52:13.868 13785 RALLYDEBUG rally_openstack.cleanup.manager [-] Cleaning up neutron router objects
2019-11-18 20:52:15.256 13785 RALLYDEBUG rally_openstack.cleanup.manager [-] Deleting neutron.router object s_rally_5f9d6b52_bgQaCrMH (0786016c-c320-4a04-a242-33a32a4fbc64)
2019-11-18 20:52:15.266 13785 RALLYDEBUG rally_openstack.cleanup.manager [-] Deleting neutron.router object s_rally_5f9d6b52_POiD08AR (390a4b4c-222d-4415-8460-ba05834035af)
2019-11-18 20:52:15.275 13785 RALLYDEBUG rally_openstack.cleanup.manager [-] Deleting neutron.router object s_rally_5f9d6b52_UnY0CNFv (9387e850-6c58-4ae9-bd8f-a2515aafa1e8)
2019-11-18 20:52:15.284 13785 RALLYDEBUG rally_openstack.cleanup.manager [-] Deleting neutron.router object s_rally_5f9d6b52_tD9xjvws (7565e091-10ae-4460-a767-a0ea4eb0f1f7)
2019-11-18 20:52:15.295 13785 RALLYDEBUG rally_openstack.cleanup.manager [-] Deleting neutron.router object s_rally_5f9d6b52_FJFNol6A (c7684397-263e-425c-9aff-c92ed2998d08)
2019-11-18 20:52:15.305 13785 RALLYDEBUG rally_openstack.cleanup.manager [-] Deleting neutron.router object s_rally_5f9d6b52_q4zFVWz4 (f3e4aee1-d3c7-4c48-892e-18b8e4d5d207)
2019-11-18 20:52:15.324 13785 RALLYDEBUG rally_openstack.cleanup.manager [-] Deleting neutron.router object s_rally_5f9d6b52_fLj3kVZ3 (67d70e90-f765-47c0-9e97-12ca07fd7a1e)
2019-11-18 20:52:15.329 13785 RALLYDEBUG rally_openstack.cleanup.manager [-] Deleting neutron.router object s_rally_5f9d6b52_3fhuge2w (7f532eb5-9bd2-4850-90fd-54d6bd5ae60a)
2019-11-18 20:52:15.346 13785 RALLYDEBUG rally_openstack.cleanup.manager [-] Deleting neutron.router object s_rally_5f9d6b52_KkOV9jY8 (d82026f1-180d-4e59-9c3b-fcf97b2693b9)
2019-11-18 20:52:15.357 13785 RALLYDEBUG rally_openstack.cleanup.manager [-] Deleting neutron.router object s_rally_5f9d6b52_9Ovg756l (f7918d6b-97fd-4b0c-9f6f-0f40b02a767f)
2019-11-18 20:52:17.555 13785 RALLYDEBUG rally_openstack.cleanup.manager [-] Cleaning up neutron security_group objects
2019-11-18 20:52:18.849 13785 INFO rally.task.context [-] Task 70f16d94-7e97-4551-ac69-1a421e3e1502 | Context cleanup@openstack cleanup() finished in 18.61 sec
2019-11-18 20:52:18.850 13785 INFO rally.task.context [-] Task 70f16d94-7e97-4551-ac69-1a421e3e1502 | Context roles@openstack cleanup() started
2019-11-18 20:52:18.850 13785 RALLYDEBUG rally_openstack.contexts.keystone.roles [-] Removing assigned role 8930df73812c40d6977f27c869a567dc from all users
2019-11-18 20:52:19.832 13785 INFO rally.task.context [-] Task 70f16d94-7e97-4551-ac69-1a421e3e1502 | Context roles@openstack cleanup() finished in 0.98 sec
2019-11-18 20:52:19.833 13785 INFO rally.task.context [-] Task 70f16d94-7e97-4551-ac69-1a421e3e1502 | Context quotas@openstack cleanup() started
2019-11-18 20:52:20.314 13785 INFO rally.task.context [-] Task 70f16d94-7e97-4551-ac69-1a421e3e1502 | Context quotas@openstack cleanup() finished in 0.48 sec
2019-11-18 20:52:20.314 13785 INFO rally.task.context [-] Task 70f16d94-7e97-4551-ac69-1a421e3e1502 | Context users@openstack cleanup() started
2019-11-18 20:52:24.996 13785 INFO rally.task.context [-] Task 70f16d94-7e97-4551-ac69-1a421e3e1502 | Context users@openstack cleanup() finished in 4.68 sec
2019-11-18 20:52:26.710 13785 INFO rally.task.engine [-] Load duration is: 12.265925
2019-11-18 20:52:26.711 13785 INFO rally.task.engine [-] Full runner duration is: 12.31144
2019-11-18 20:52:26.711 13785 INFO rally.task.engine [-] Full duration is: 46.530869
2019-11-18 20:52:27.061 13785 INFO rally.task.engine [-] Running workload: position = 0 config = { "version": 2, "title": "A cropped version of a bigger task.", "description": "Auto-generated task from a single workload (uuid=c649e6dd-2e6e-4526-ade8-f3eab4bc6365)", "subtasks": [ { "title": "NeutronNetworks.create_and_show_ports", "description": "Create a given number of ports and show created ports in trun.", "scenario": { "NeutronNetworks.create_and_show_ports": { "ports_per_network": 2 } }, "contexts": { "users": { "tenants": 3, "users_per_tenant": 2 }, "network": { "router": {} }, "quotas": { "neutron": { "network": -1, "router": -1 } } }, "runner": { "constant": { "concurrency": 4, "times": 10 } }, "hooks": [], "sla": { "failure_rate": { "max": 0 } } } ] }
2019-11-18 20:52:27.088 13785 RALLYDEBUG rally_openstack.contexts.keystone.users [-] Creating 3 tenants using 20 threads
2019-11-18 20:52:28.044 13785 RALLYDEBUG rally_openstack.contexts.keystone.users [-] Creating 6 users using 20 threads
2019-11-18 20:52:29.525 13785 INFO rally.task.context [-] Task 70f16d94-7e97-4551-ac69-1a421e3e1502 | Context users@openstack setup() finished in 2.44 sec
2019-11-18 20:52:30.343 13785 INFO rally.task.context [-] Task 70f16d94-7e97-4551-ac69-1a421e3e1502 | Context quotas@openstack setup() finished in 0.82 sec
2019-11-18 20:52:30.984 13785 RALLYDEBUG rally_openstack.wrappers.network [-] CIDR generated: 10.2.72.0/24
2019-11-18 20:52:31.896 13785 RALLYDEBUG rally_openstack.wrappers.network [-] CIDR generated: 10.2.73.0/24
2019-11-18 20:52:32.772 13785 RALLYDEBUG rally_openstack.wrappers.network [-] CIDR generated: 10.2.74.0/24
2019-11-18 20:52:33.234 13785 INFO rally.task.context [-] Task 70f16d94-7e97-4551-ac69-1a421e3e1502 | Context network@openstack setup() finished in 2.89 sec
2019-11-18 20:52:33.235 13785 INFO rally.task.context [-] Task 70f16d94-7e97-4551-ac69-1a421e3e1502 | Context cleanup@openstack setup() finished in 0.01 msec
2019-11-18 20:52:33.244 13785 RALLYDEBUG rally.task.runner [-] Starting the constant runner (task UUID: 70f16d94-7e97-4551-ac69-1a421e3e1502). times: 10 concurrency: 4 timeout: 0 max_cpu_used: 16 processes_to_start: 4 concurrency_per_worker: 1 concurrency_overhead: 0
2019-11-18 20:52:33.256 19477 RALLYDEBUG rally.task.runner [-] Starting a worker. times: 10 duration: None concurrency: 1 timeout: 0 cls: method_name: run args: {"ports_per_network": 2}
2019-11-18 20:52:33.259 19478 RALLYDEBUG rally.task.runner [-] Starting a worker. times: 10 duration: None concurrency: 1 timeout: 0 cls: method_name: run args: {"ports_per_network": 2}
2019-11-18 20:52:33.263 19477 INFO rally.task.runner [-] Task 70f16d94-7e97-4551-ac69-1a421e3e1502 | ITER: 1 START
2019-11-18 20:52:33.263 19479 RALLYDEBUG rally.task.runner [-] Starting a worker. times: 10 duration: None concurrency: 1 timeout: 0 cls: method_name: run args: {"ports_per_network": 2}
2019-11-18 20:52:33.266 19478 INFO rally.task.runner [-] Task 70f16d94-7e97-4551-ac69-1a421e3e1502 | ITER: 2 START
2019-11-18 20:52:33.266 19480 RALLYDEBUG rally.task.runner [-] Starting a worker. times: 10 duration: None concurrency: 1 timeout: 0 cls: method_name: run args: {"ports_per_network": 2}
2019-11-18 20:52:33.270 19479 INFO rally.task.runner [-] Task 70f16d94-7e97-4551-ac69-1a421e3e1502 | ITER: 3 START
2019-11-18 20:52:33.273 19480 INFO rally.task.runner [-] Task 70f16d94-7e97-4551-ac69-1a421e3e1502 | ITER: 4 START
2019-11-18 20:52:35.028 19480 INFO rally.task.runner [-] Task 70f16d94-7e97-4551-ac69-1a421e3e1502 | ITER: 4 END: OK
2019-11-18 20:52:35.031 19479 INFO rally.task.runner [-] Task 70f16d94-7e97-4551-ac69-1a421e3e1502 | ITER: 3 END: OK
2019-11-18 20:52:35.032 19480 INFO rally.task.runner [-] Task 70f16d94-7e97-4551-ac69-1a421e3e1502 | ITER: 5 START
2019-11-18 20:52:35.036 19479 INFO rally.task.runner [-] Task 70f16d94-7e97-4551-ac69-1a421e3e1502 | ITER: 6 START
2019-11-18 20:52:35.280 19478 INFO rally.task.runner [-] Task 70f16d94-7e97-4551-ac69-1a421e3e1502 | ITER: 2 END: OK
2019-11-18 20:52:35.284 19478 INFO rally.task.runner [-] Task 70f16d94-7e97-4551-ac69-1a421e3e1502 | ITER: 7 START
2019-11-18 20:52:35.286 19477 INFO rally.task.runner [-] Task 70f16d94-7e97-4551-ac69-1a421e3e1502 | ITER: 1 END: OK
2019-11-18 20:52:35.291 19477 INFO rally.task.runner [-] Task 70f16d94-7e97-4551-ac69-1a421e3e1502 | ITER: 8 START
2019-11-18 20:52:37.110 19480 INFO rally.task.runner [-] Task 70f16d94-7e97-4551-ac69-1a421e3e1502 | ITER: 5 END: OK
2019-11-18 20:52:37.114 19480 INFO rally.task.runner [-] Task 70f16d94-7e97-4551-ac69-1a421e3e1502 | ITER: 9 START
2019-11-18 20:52:37.255 19479 INFO rally.task.runner [-] Task 70f16d94-7e97-4551-ac69-1a421e3e1502 | ITER: 6 END: OK
2019-11-18 20:52:37.259 19479 INFO rally.task.runner [-] Task 70f16d94-7e97-4551-ac69-1a421e3e1502 | ITER: 10 START
2019-11-18 20:52:37.360 19477 INFO rally.task.runner [-] Task 70f16d94-7e97-4551-ac69-1a421e3e1502 | ITER: 8 END: OK
2019-11-18 20:52:37.589 19478 INFO rally.task.runner [-] Task 70f16d94-7e97-4551-ac69-1a421e3e1502 | ITER: 7 END: OK
2019-11-18 20:52:38.882 19480 INFO rally.task.runner [-] Task 70f16d94-7e97-4551-ac69-1a421e3e1502 | ITER: 9 END: OK
2019-11-18 20:52:39.209 19479 INFO rally.task.runner [-] Task 70f16d94-7e97-4551-ac69-1a421e3e1502 | ITER: 10 END: OK
2019-11-18 20:52:39.231 13785 INFO rally.task.context [-] Task 70f16d94-7e97-4551-ac69-1a421e3e1502 | Context cleanup@openstack cleanup() started
2019-11-18 20:52:39.234 13785 RALLYDEBUG rally_openstack.cleanup.manager [-] Cleaning up neutron vip objects
2019-11-18 20:52:40.424 13785 RALLYDEBUG rally_openstack.cleanup.manager [-] Cleaning up neutron health_monitor objects
2019-11-18 20:52:41.497 13785 RALLYDEBUG rally_openstack.cleanup.manager [-] Cleaning up neutron pool objects
2019-11-18 20:52:42.574 13785 RALLYDEBUG rally_openstack.cleanup.manager [-] Cleaning up neutron loadbalancer objects
2019-11-18 20:52:43.666 13785 RALLYDEBUG rally_openstack.cleanup.manager [-] Cleaning up neutron floatingip objects
2019-11-18 20:52:44.867 13785 RALLYDEBUG rally_openstack.cleanup.manager [-] Cleaning up neutron trunk objects
2019-11-18 20:52:46.020 13785 RALLYDEBUG rally_openstack.cleanup.manager [-] Cleaning up neutron port objects
2019-11-18 20:52:47.349 13785 RALLYDEBUG rally_openstack.cleanup.manager [-] Deleting neutron.port object s_rally_c649e6dd_ABnznslx (0a4297b3-eeec-465f-a19f-34378d778082)
2019-11-18 20:52:47.358 13785 RALLYDEBUG rally_openstack.cleanup.manager [-] Deleting neutron.port object s_rally_c649e6dd_GSeaTLag (1a7cc49e-5416-4ee6-962b-bd40fe61cec2)
2019-11-18 20:52:47.367 13785 RALLYDEBUG rally_openstack.cleanup.manager [-] Deleting neutron.port object s_rally_c649e6dd_LExH1pAl (36b418a8-1771-45b1-b4e3-02ab6a26ae47)
2019-11-18 20:52:47.373 13785 RALLYDEBUG rally_openstack.cleanup.manager [-] Deleting neutron.port object s_rally_c649e6dd_szvTujfS (7693faeb-b001-4d31-8d46-793e032c0459)
2019-11-18 20:52:47.388 13785 RALLYDEBUG rally_openstack.cleanup.manager [-] Deleting neutron.port object s_rally_c649e6dd_XAjjmHmJ (896dcfda-17bc-41e8-9be4-79ccef95ad9f)
2019-11-18 20:52:47.404 13785 RALLYDEBUG rally_openstack.cleanup.manager [-] Deleting neutron.port object s_rally_c649e6dd_FpJ3qMQe (a186e5a0-d705-4f5b-89a2-5f7f94bcc275)
2019-11-18 20:52:47.411 13785 RALLYDEBUG rally_openstack.cleanup.manager [-] Deleting neutron.port object s_rally_c649e6dd_ELek3n0O (b4b59b81-f59f-4d9d-ac37-740b532ce3fe)
2019-11-18 20:52:47.442 13785 RALLYDEBUG rally_openstack.cleanup.manager [-] Deleting neutron.port object s_rally_c649e6dd_8XHPO1vL (398f0981-d001-4aa3-9cb8-70721b740952)
2019-11-18 20:52:47.446 13785 RALLYDEBUG rally_openstack.cleanup.manager [-] Deleting neutron.port object s_rally_c649e6dd_GkFj6Q0G (f826fcc3-f1d5-4f4c-b5ec-c9422ecda744)
2019-11-18 20:52:47.454 13785 RALLYDEBUG rally_openstack.cleanup.manager [-] Deleting neutron.port object s_rally_c649e6dd_VOl1noq6 (81333b99-e97b-4adc-ba03-03fdf3e9c133)
2019-11-18 20:52:47.457 13785 RALLYDEBUG rally_openstack.cleanup.manager [-] Deleting neutron.port object s_rally_c649e6dd_7m4UP5FP (86ce7b62-5d44-41f3-bf8e-68189c80b7a4)
2019-11-18 20:52:47.464 13785 RALLYDEBUG rally_openstack.cleanup.manager [-] Deleting neutron.port object s_rally_c649e6dd_m17gcEaE (b895e42f-250e-4a5d-87ce-7edf05c9605f)
2019-11-18 20:52:47.487 13785 RALLYDEBUG rally_openstack.cleanup.manager [-] Deleting neutron.port object s_rally_c649e6dd_PF0fFA6x (3913c03d-4403-4f2d-ac29-a2f0ce48fab6)
2019-11-18 20:52:47.495 13785 RALLYDEBUG rally_openstack.cleanup.manager [-] Deleting neutron.port object s_rally_c649e6dd_u1IBRm4i (3acd56e4-9739-4f50-8b25-2ba8b446ab10)
2019-11-18 20:52:47.512 13785 RALLYDEBUG rally_openstack.cleanup.manager [-] Deleting neutron.port object s_rally_c649e6dd_mFs8rhOt (501145db-9f7b-4fbe-be08-7fb5321c6049)
2019-11-18 20:52:47.519 13785 RALLYDEBUG rally_openstack.cleanup.manager [-] Deleting neutron.port object s_rally_c649e6dd_HkWh8Alv (7c07d4b4-6484-4896-b92a-f711a828e4f0)
2019-11-18 20:52:47.534 13785 RALLYDEBUG rally_openstack.cleanup.manager [-] Deleting neutron.port object s_rally_c649e6dd_4E9mV7Dn (99f32054-95db-44c3-b339-799d47dfe01f)
2019-11-18 20:52:47.549 13785 RALLYDEBUG rally_openstack.cleanup.manager [-] Deleting neutron.port object s_rally_c649e6dd_2zfZQtyC (9b838ae5-9049-4ee9-a288-3adc2e782407)
2019-11-18 20:52:47.566 13785 RALLYDEBUG rally_openstack.cleanup.manager [-] Deleting neutron.port object s_rally_c649e6dd_TTy9D16Y (c6d59e44-8b25-45ce-b3ef-9719de5cacb5)
2019-11-18 20:52:47.578 13785 RALLYDEBUG rally_openstack.cleanup.manager [-] Deleting neutron.port object s_rally_c649e6dd_pBTG7dK5 (b17b68b5-b6f3-4d96-a1d0-a0211a311c1e)
2019-11-18 20:52:50.523 13785 RALLYDEBUG rally_openstack.cleanup.manager [-] Cleaning up neutron subnet objects
2019-11-18 20:52:51.800 13785 RALLYDEBUG rally_openstack.cleanup.manager [-] Cleaning up neutron network objects
2019-11-18 20:52:53.499 13785 RALLYDEBUG rally_openstack.cleanup.manager [-] Cleaning up neutron router objects
2019-11-18 20:52:54.718 13785 RALLYDEBUG rally_openstack.cleanup.manager [-] Cleaning up neutron security_group objects
2019-11-18 20:52:55.956 13785 INFO rally.task.context [-] Task 70f16d94-7e97-4551-ac69-1a421e3e1502 | Context cleanup@openstack cleanup() finished in 16.72 sec
2019-11-18 20:52:55.956 13785 INFO rally.task.context [-] Task 70f16d94-7e97-4551-ac69-1a421e3e1502 | Context network@openstack cleanup() started
2019-11-18 20:53:07.158 13785 INFO rally.task.context [-] Task 70f16d94-7e97-4551-ac69-1a421e3e1502 | Context network@openstack cleanup() finished in 11.20 sec
2019-11-18 20:53:07.159 13785 INFO rally.task.context [-] Task 70f16d94-7e97-4551-ac69-1a421e3e1502 | Context quotas@openstack cleanup() started
2019-11-18 20:53:07.406 13785 INFO rally.task.context [-] Task 70f16d94-7e97-4551-ac69-1a421e3e1502 | Context quotas@openstack cleanup() finished in 0.25 sec
2019-11-18 20:53:07.407 13785 INFO rally.task.context [-] Task 70f16d94-7e97-4551-ac69-1a421e3e1502 | Context users@openstack cleanup() started
2019-11-18 20:53:11.571 13785 INFO rally.task.context [-] Task 70f16d94-7e97-4551-ac69-1a421e3e1502 | Context users@openstack cleanup() finished in 4.16 sec
2019-11-18 20:53:13.326 13785 INFO rally.task.engine [-] Load duration is: 5.944156
2019-11-18 20:53:13.326 13785 INFO rally.task.engine [-] Full runner duration is: 5.987443
2019-11-18 20:53:13.327 13785 INFO rally.task.engine [-] Full duration is: 44.486224
2019-11-18 20:53:13.657 13785 INFO rally.task.engine [-] Running workload: position = 0 config = { "version": 2, "title": "A cropped version of a bigger task.", "description": "Auto-generated task from a single workload (uuid=ee8a9986-c756-43a7-96a6-b3efa4b18dd2)", "subtasks": [ { "title": "NeutronNetworks.create_and_show_routers", "description": "Create and show a given number of routers.", "scenario": { "NeutronNetworks.create_and_show_routers": { "subnets_per_network": 2 } }, "contexts": { "users": { "tenants": 3, "users_per_tenant": 2 }, "quotas": { "neutron": { "network": -1, "subnet": -1, "router": -1 } } }, "runner": { "constant": { "concurrency": 4, "times": 10 } }, "hooks": [], "sla": { "failure_rate": { "max": 0 } } } ] }
2019-11-18 20:53:13.681 13785 RALLYDEBUG rally_openstack.contexts.keystone.users [-] Creating 3 tenants using 20 threads
2019-11-18 20:53:14.734 13785 RALLYDEBUG rally_openstack.contexts.keystone.users [-] Creating 6 users using 20 threads
2019-11-18 20:53:16.258 13785 INFO rally.task.context [-] Task 70f16d94-7e97-4551-ac69-1a421e3e1502 | Context users@openstack setup() finished in 2.58 sec
2019-11-18 20:53:17.128 13785 INFO rally.task.context [-] Task 70f16d94-7e97-4551-ac69-1a421e3e1502 | Context quotas@openstack setup() finished in 0.87 sec
2019-11-18 20:53:17.129 13785 INFO rally.task.context [-] Task 70f16d94-7e97-4551-ac69-1a421e3e1502 | Context cleanup@openstack setup() finished in 0.01 msec
2019-11-18 20:53:17.138 13785 RALLYDEBUG rally.task.runner [-] Starting the constant runner (task UUID: 70f16d94-7e97-4551-ac69-1a421e3e1502). times: 10 concurrency: 4 timeout: 0 max_cpu_used: 16 processes_to_start: 4 concurrency_per_worker: 1 concurrency_overhead: 0
2019-11-18 20:53:17.150 19801 RALLYDEBUG rally.task.runner [-] Starting a worker. times: 10 duration: None concurrency: 1 timeout: 0 cls: method_name: run args: {"subnets_per_network": 2}
2019-11-18 20:53:17.154 19802 RALLYDEBUG rally.task.runner [-] Starting a worker. times: 10 duration: None concurrency: 1 timeout: 0 cls: method_name: run args: {"subnets_per_network": 2}
2019-11-18 20:53:17.157 19801 INFO rally.task.runner [-] Task 70f16d94-7e97-4551-ac69-1a421e3e1502 | ITER: 1 START
2019-11-18 20:53:17.157 19803 RALLYDEBUG rally.task.runner [-] Starting a worker. times: 10 duration: None concurrency: 1 timeout: 0 cls: method_name: run args: {"subnets_per_network": 2}
2019-11-18 20:53:17.161 19802 INFO rally.task.runner [-] Task 70f16d94-7e97-4551-ac69-1a421e3e1502 | ITER: 2 START
2019-11-18 20:53:17.161 19805 RALLYDEBUG rally.task.runner [-] Starting a worker. times: 10 duration: None concurrency: 1 timeout: 0 cls: method_name: run args: {"subnets_per_network": 2}
2019-11-18 20:53:17.164 19803 INFO rally.task.runner [-] Task 70f16d94-7e97-4551-ac69-1a421e3e1502 | ITER: 3 START
2019-11-18 20:53:17.167 19805 INFO rally.task.runner [-] Task 70f16d94-7e97-4551-ac69-1a421e3e1502 | ITER: 4 START
2019-11-18 20:53:17.810 19801 RALLYDEBUG rally_openstack.wrappers.network [-] CIDR generated: 10.2.75.0/24
2019-11-18 20:53:17.838 19805 RALLYDEBUG rally_openstack.wrappers.network [-] CIDR generated: 10.2.76.0/24
2019-11-18 20:53:17.840 19803 RALLYDEBUG rally_openstack.wrappers.network [-] CIDR generated: 10.2.77.0/24
2019-11-18 20:53:18.370 19802 RALLYDEBUG rally_openstack.wrappers.network [-] CIDR generated: 10.2.78.0/24
2019-11-18 20:53:18.431 19803 RALLYDEBUG rally_openstack.wrappers.network [-] CIDR generated: 10.2.79.0/24
2019-11-18 20:53:18.492 19805 RALLYDEBUG rally_openstack.wrappers.network [-] CIDR generated: 10.2.80.0/24
2019-11-18 20:53:18.556 19801 RALLYDEBUG rally_openstack.wrappers.network [-] CIDR generated: 10.2.81.0/24
2019-11-18 20:53:19.005 19802 RALLYDEBUG rally_openstack.wrappers.network [-] CIDR generated: 10.2.82.0/24
2019-11-18 20:53:23.055 19805 INFO rally.task.runner [-] Task 70f16d94-7e97-4551-ac69-1a421e3e1502 | ITER: 4 END: OK
2019-11-18 20:53:23.059 19805 INFO rally.task.runner [-] Task 70f16d94-7e97-4551-ac69-1a421e3e1502 | ITER: 5 START
2019-11-18 20:53:23.493 19801 INFO rally.task.runner [-] Task 70f16d94-7e97-4551-ac69-1a421e3e1502 | ITER: 1 END: OK
2019-11-18 20:53:23.497 19801 INFO rally.task.runner [-] Task 70f16d94-7e97-4551-ac69-1a421e3e1502 | ITER: 6 START
2019-11-18 20:53:23.502 19803 INFO rally.task.runner [-] Task 70f16d94-7e97-4551-ac69-1a421e3e1502 | ITER: 3 END: OK
2019-11-18 20:53:23.507 19803 INFO rally.task.runner [-] Task 70f16d94-7e97-4551-ac69-1a421e3e1502 | ITER: 7 START
2019-11-18 20:53:23.892 19805 RALLYDEBUG rally_openstack.wrappers.network [-] CIDR generated: 10.2.83.0/24
2019-11-18 20:53:24.132 19801 RALLYDEBUG rally_openstack.wrappers.network [-] CIDR generated: 10.2.84.0/24
2019-11-18 20:53:24.222 19802 INFO rally.task.runner [-] Task 70f16d94-7e97-4551-ac69-1a421e3e1502 | ITER: 2 END: OK
2019-11-18 20:53:24.226 19802 INFO rally.task.runner [-] Task 70f16d94-7e97-4551-ac69-1a421e3e1502 | ITER: 8 START
2019-11-18 20:53:24.477 19805 RALLYDEBUG rally_openstack.wrappers.network [-] CIDR generated: 10.2.85.0/24
2019-11-18 20:53:24.713 19803 RALLYDEBUG rally_openstack.wrappers.network [-] CIDR generated: 10.2.86.0/24
2019-11-18 20:53:24.771 19802 RALLYDEBUG rally_openstack.wrappers.network [-] CIDR generated: 10.2.87.0/24
2019-11-18 20:53:24.923 19801 RALLYDEBUG rally_openstack.wrappers.network [-] CIDR generated: 10.2.88.0/24
2019-11-18 20:53:25.353 19803 RALLYDEBUG rally_openstack.wrappers.network [-] CIDR generated: 10.2.89.0/24
2019-11-18 20:53:25.673 19802 RALLYDEBUG rally_openstack.wrappers.network [-] CIDR generated: 10.2.90.0/24
2019-11-18 20:53:29.006 19805 INFO rally.task.runner [-] Task 70f16d94-7e97-4551-ac69-1a421e3e1502 | ITER: 5 END: OK
2019-11-18 20:53:29.011 19805 INFO rally.task.runner [-] Task 70f16d94-7e97-4551-ac69-1a421e3e1502 | ITER: 9 START
2019-11-18 20:53:29.598 19805 RALLYDEBUG rally_openstack.wrappers.network [-] CIDR generated: 10.2.91.0/24
2019-11-18 20:53:29.667 19801 INFO rally.task.runner [-] Task 70f16d94-7e97-4551-ac69-1a421e3e1502 | ITER: 6 END: OK
2019-11-18 20:53:29.671 19801 INFO rally.task.runner [-] Task 70f16d94-7e97-4551-ac69-1a421e3e1502 | ITER: 10 START
2019-11-18 20:53:30.148 19801 RALLYDEBUG rally_openstack.wrappers.network [-] CIDR generated: 10.2.92.0/24
2019-11-18 20:53:30.217 19802 INFO rally.task.runner [-] Task 70f16d94-7e97-4551-ac69-1a421e3e1502 | ITER: 8 END: OK
2019-11-18 20:53:30.293 19805 RALLYDEBUG rally_openstack.wrappers.network [-] CIDR generated: 10.2.93.0/24
2019-11-18 20:53:30.656 19803 INFO rally.task.runner [-] Task 70f16d94-7e97-4551-ac69-1a421e3e1502 | ITER: 7 END: OK
2019-11-18 20:53:31.062 19801 RALLYDEBUG rally_openstack.wrappers.network [-] CIDR generated: 10.2.94.0/24
2019-11-18 20:53:35.555 19801 INFO rally.task.runner [-] Task 70f16d94-7e97-4551-ac69-1a421e3e1502 | ITER: 10 END: OK
2019-11-18 20:53:36.315 19805 INFO rally.task.runner [-] Task 70f16d94-7e97-4551-ac69-1a421e3e1502 | ITER: 9 END: OK
2019-11-18 20:53:36.343 13785 INFO rally.task.context [-] Task 70f16d94-7e97-4551-ac69-1a421e3e1502 | Context cleanup@openstack cleanup() started
2019-11-18 20:53:36.346 13785 RALLYDEBUG rally_openstack.cleanup.manager [-] Cleaning up neutron vip objects
2019-11-18 20:53:37.415 13785 RALLYDEBUG rally_openstack.cleanup.manager [-] Cleaning up neutron health_monitor objects
2019-11-18 20:53:38.481 13785 RALLYDEBUG rally_openstack.cleanup.manager [-] Cleaning up neutron pool objects
2019-11-18 20:53:39.533 13785 RALLYDEBUG rally_openstack.cleanup.manager [-] Cleaning up neutron loadbalancer objects
2019-11-18 20:53:40.590 13785 RALLYDEBUG rally_openstack.cleanup.manager [-] Cleaning up neutron floatingip objects
2019-11-18 20:53:41.731 13785 RALLYDEBUG rally_openstack.cleanup.manager [-] Cleaning up neutron trunk objects
2019-11-18 20:53:42.812 13785 RALLYDEBUG rally_openstack.cleanup.manager [-] Cleaning up neutron port objects
2019-11-18 20:53:44.622 13785 RALLYDEBUG rally_openstack.cleanup.manager [-] Deleting neutron.port object s_rally_ee8a9986_J2hcqYfR (06b30de4-bf8a-4aa5-844c-ea829ca01168)
2019-11-18 20:53:44.652 13785 RALLYDEBUG rally_openstack.cleanup.manager [-] Deleting neutron.port object s_rally_ee8a9986_D3RluuVI (a1f10775-ace9-4a85-944b-348366814c9d)
2019-11-18 20:53:44.656 13785 RALLYDEBUG rally_openstack.cleanup.manager [-] Deleting neutron.port object s_rally_ee8a9986_TwTbmI5O (b3285e98-d869-4a6a-ab76-04cd107f12cf)
2019-11-18 20:53:44.665 13785 RALLYDEBUG rally_openstack.cleanup.manager [-] Deleting neutron.port object s_rally_ee8a9986_wmiFo8GH (b89daede-f0f1-4f05-97fd-212d89d79ef4)
2019-11-18 20:53:44.682 13785 RALLYDEBUG rally_openstack.cleanup.manager [-] Deleting neutron.port object s_rally_ee8a9986_krxoaAQL (d56ca3f8-7d90-4a37-b125-0e3fa3f50fce)
2019-11-18 20:53:44.687 13785 RALLYDEBUG rally_openstack.cleanup.manager [-] Deleting neutron.port object s_rally_ee8a9986_x8m6gqZb (c2002362-812b-4d4b-8502-47edd29632eb)
2019-11-18 20:53:44.697 13785 RALLYDEBUG rally_openstack.cleanup.manager [-] Deleting neutron.port object s_rally_ee8a9986_eX8I3P0V (f1a388af-1d99-4701-9bc6-e6a29b0330c0)
2019-11-18 20:53:44.712 13785 RALLYDEBUG rally_openstack.cleanup.manager [-] Deleting neutron.port object s_rally_ee8a9986_0a3BJbLJ (f4770371-16d5-4a6c-9783-56a667a723ea)
2019-11-18 20:53:44.726 13785 RALLYDEBUG rally_openstack.cleanup.manager [-] Deleting neutron.port object s_rally_ee8a9986_b0ZlXNOm (6ab89cec-d562-40da-bb8d-ae46c6ab0ac7)
2019-11-18 20:53:44.741 13785 RALLYDEBUG rally_openstack.cleanup.manager [-] Deleting neutron.port object s_rally_ee8a9986_NoIiwb6e (7ab7b612-cc10-4f02-ac90-00fe4fe2f070)
2019-11-18 20:53:44.758 13785 RALLYDEBUG rally_openstack.cleanup.manager [-] Deleting neutron.port object s_rally_ee8a9986_sck9Zp9Y (8a1603ee-6ac9-43e2-badc-2227285fcd90)
2019-11-18 20:53:44.777 13785 RALLYDEBUG rally_openstack.cleanup.manager [-] Deleting neutron.port object s_rally_ee8a9986_SUPXLj5y (91f07b41-209c-4d36-8a60-957194c5a1ca)
2019-11-18 20:53:44.795 13785 RALLYDEBUG rally_openstack.cleanup.manager [-] Deleting neutron.port object s_rally_ee8a9986_uAh9MnV8 (a0f5bf28-e06a-4176-a3c2-221318aa6c70)
2019-11-18 20:53:44.810 13785 RALLYDEBUG rally_openstack.cleanup.manager [-] Deleting neutron.port object s_rally_ee8a9986_WGo5Ia4s (e6284de4-1f9a-48c1-9811-9bdf38d07332)
2019-11-18 20:53:44.824 13785 RALLYDEBUG rally_openstack.cleanup.manager [-] Deleting neutron.port object s_rally_ee8a9986_I32pU0gl (32e5a76b-3d68-4d7b-8086-25d3175492d3)
2019-11-18 20:53:44.853 13785 RALLYDEBUG rally_openstack.cleanup.manager [-] Deleting neutron.port object s_rally_ee8a9986_FdkTVcZb (a0bd2302-d40c-488d-9b58-66a5368e826e)
2019-11-18 20:53:44.855 13785 RALLYDEBUG rally_openstack.cleanup.manager [-] Deleting neutron.port object s_rally_ee8a9986_GiJcBFyZ (89ac0726-c1c4-4de0-b136-b963de313b10)
2019-11-18 20:53:44.858 13785 RALLYDEBUG rally_openstack.cleanup.manager [-] Deleting neutron.port object s_rally_ee8a9986_1g2sAr4N (b2116523-8a4d-4128-998f-b3a8268fc7bd)
2019-11-18 20:53:44.872 13785 RALLYDEBUG rally_openstack.cleanup.manager [-] Deleting neutron.port object s_rally_ee8a9986_QSICeSZx (da976ce9-38ea-4bd9-9261-1ac4494a5672)
2019-11-18 20:53:44.887 13785 RALLYDEBUG rally_openstack.cleanup.manager [-] Deleting neutron.port object s_rally_ee8a9986_Yc0Zv02h (e691eec9-4a80-47b9-a0e1-6500e5eab7f4)
2019-11-18 20:53:51.408 13785 RALLYDEBUG rally_openstack.cleanup.manager [-] Cleaning up neutron subnet objects
2019-11-18 20:53:52.702 13785 RALLYDEBUG rally_openstack.cleanup.manager [-] Deleting neutron.subnet object s_rally_ee8a9986_2e3MXWuO (020a2277-7a10-48a0-b87d-9cd0f29c1164)
2019-11-18 20:53:52.711 13785 RALLYDEBUG rally_openstack.cleanup.manager [-] Deleting neutron.subnet object s_rally_ee8a9986_gEgp1pFf (3b68c693-c99c-4e71-9055-dfde99ba05b6)
2019-11-18 20:53:52.720 13785 RALLYDEBUG rally_openstack.cleanup.manager [-] Deleting neutron.subnet object s_rally_ee8a9986_nmJdifiO (41811809-4159-482b-bb57-ac260e9b1dd5)
2019-11-18 20:53:52.724 13785 RALLYDEBUG rally_openstack.cleanup.manager [-] Deleting neutron.subnet object s_rally_ee8a9986_RlznfF8J (5c578141-aa7b-4fc4-90c7-efd54c8bb356)
2019-11-18 20:53:52.739 13785 RALLYDEBUG rally_openstack.cleanup.manager [-] Deleting neutron.subnet object s_rally_ee8a9986_4R4whJSH (9fccfbc3-4ad1-4c00-9ac3-1c25c1d4ed9c)
2019-11-18 20:53:52.744 13785 RALLYDEBUG rally_openstack.cleanup.manager [-] Deleting neutron.subnet object s_rally_ee8a9986_bLmRDOtX (aeca9d95-1521-4783-8eec-68c40adb1d6d)
2019-11-18 20:53:52.753 13785 RALLYDEBUG rally_openstack.cleanup.manager [-] Deleting neutron.subnet object s_rally_ee8a9986_QFubUer2 (e4b3430e-bdb7-4e3a-a0a3-9fce86fee1b1)
2019-11-18 20:53:52.770 13785 RALLYDEBUG rally_openstack.cleanup.manager [-] Deleting neutron.subnet object s_rally_ee8a9986_wEqvJf0f (e87cbef0-00a2-4528-9904-066ad0aee731)
2019-11-18 20:53:52.775 13785 RALLYDEBUG rally_openstack.cleanup.manager [-] Deleting neutron.subnet object s_rally_ee8a9986_dta9AblK (0b16bd94-90d9-4ccc-ac78-d498d42cc6dc)
2019-11-18 20:53:52.789 13785 RALLYDEBUG rally_openstack.cleanup.manager [-] Deleting neutron.subnet object s_rally_ee8a9986_TnSPqVma (0caf3bcc-b5de-42c3-8f52-afc535b5133f)
2019-11-18 20:53:52.812 13785 RALLYDEBUG rally_openstack.cleanup.manager [-] Deleting neutron.subnet object s_rally_ee8a9986_SvI5gaC7 (18d61e14-7885-4031-b346-f78f84f6177c)
2019-11-18 20:53:52.817 13785 RALLYDEBUG rally_openstack.cleanup.manager [-] Deleting neutron.subnet object s_rally_ee8a9986_vSTWNuyO (424fd827-448a-46a4-aa64-ad2b58f5b86a)
2019-11-18 20:53:52.830 13785 RALLYDEBUG rally_openstack.cleanup.manager [-] Deleting neutron.subnet object s_rally_ee8a9986_T8uBGDAd (565080e3-b41e-4cc4-854c-9d0d636c1177)
2019-11-18 20:53:52.833 13785 RALLYDEBUG rally_openstack.cleanup.manager [-] Deleting neutron.subnet object s_rally_ee8a9986_E2FiRLRp (e7f13084-7999-43ac-be2b-1891503674ef)
2019-11-18 20:53:52.837 13785 RALLYDEBUG rally_openstack.cleanup.manager [-] Deleting neutron.subnet object s_rally_ee8a9986_BELfwNUz (11e9bfc8-b223-4a45-85ee-898a02577d41)
2019-11-18 20:53:52.845 13785 RALLYDEBUG rally_openstack.cleanup.manager [-] Deleting neutron.subnet object s_rally_ee8a9986_CEUjyZC1 (34abb67b-c305-4617-99e2-907acdf83ad0)
2019-11-18 20:53:52.856 13785 RALLYDEBUG rally_openstack.cleanup.manager [-] Deleting neutron.subnet object s_rally_ee8a9986_n5n2XKQZ (c2a64982-0bf3-4235-8cc0-9499ff4f558d)
2019-11-18 20:53:52.865 13785 RALLYDEBUG rally_openstack.cleanup.manager [-] Deleting neutron.subnet object s_rally_ee8a9986_RnGa1Eot (c78f23c1-148a-4258-baaf-1fcde6813601)
2019-11-18 20:53:52.883 13785 RALLYDEBUG rally_openstack.cleanup.manager [-] Deleting neutron.subnet object s_rally_ee8a9986_QQ5MFXbE (e3a7dc26-4bdd-4239-ae5f-2bffc2c486cc)
2019-11-18 20:53:52.897 13785 RALLYDEBUG rally_openstack.cleanup.manager [-] Deleting neutron.subnet object s_rally_ee8a9986_TN1rRh8s (ea3eb421-6dcd-471e-a24c-738413716228)
2019-11-18 20:54:00.886 13785 RALLYDEBUG rally_openstack.cleanup.manager [-] Cleaning up neutron network objects
2019-11-18 20:54:02.417 13785 RALLYDEBUG rally_openstack.cleanup.manager [-] Deleting neutron.network object s_rally_ee8a9986_JZ5m24BT (21a43e4e-9eff-4fb7-b04b-168f0a2021b5)
2019-11-18 20:54:02.427 13785 RALLYDEBUG rally_openstack.cleanup.manager [-] Deleting neutron.network object s_rally_ee8a9986_GBOG74jL (768708d8-177f-4d4a-9ac6-2cf2cfa7f179)
2019-11-18 20:54:02.431 13785 RALLYDEBUG rally_openstack.cleanup.manager [-] Deleting neutron.network object s_rally_ee8a9986_ys0xUPrA (aa118480-b601-417c-ad1c-8ad23d390c36)
2019-11-18 20:54:02.440 13785 RALLYDEBUG rally_openstack.cleanup.manager [-] Deleting neutron.network object s_rally_ee8a9986_rjEz4Bq4 (fbc5d7fb-da5f-4f62-b6a5-5f1f70f4d675)
2019-11-18 20:54:02.444 13785 RALLYDEBUG rally_openstack.cleanup.manager [-] Deleting neutron.network object s_rally_ee8a9986_AljVmOhO (6e7058de-25b7-4739-a8fb-003ede6a3279)
2019-11-18 20:54:02.459 13785 RALLYDEBUG rally_openstack.cleanup.manager [-] Deleting neutron.network object s_rally_ee8a9986_iH4We2Ad (86b5b632-fe2d-4816-b897-52a0f2c71f89)
2019-11-18 20:54:02.466 13785 RALLYDEBUG rally_openstack.cleanup.manager [-] Deleting neutron.network object s_rally_ee8a9986_9B7lekJ7 (e89d802f-4dbb-49c0-94b9-1f6f57e8701d)
2019-11-18 20:54:02.475 13785 RALLYDEBUG rally_openstack.cleanup.manager [-] Deleting neutron.network object s_rally_ee8a9986_DFAflhZH (1b63fa2b-9017-4403-8e7f-e3305e7bf711)
2019-11-18 20:54:02.489 13785 RALLYDEBUG rally_openstack.cleanup.manager [-] Deleting neutron.network object s_rally_ee8a9986_eTpyf37g (60ac039c-172b-4317-a53f-b06b305307f7)
2019-11-18 20:54:02.496 13785 RALLYDEBUG rally_openstack.cleanup.manager [-] Deleting neutron.network object s_rally_ee8a9986_Yv3mjeny (bcd6e8bf-2aa1-4277-a5d0-806c2bc1cd7a)
2019-11-18 20:54:04.909 13785 RALLYDEBUG rally_openstack.cleanup.manager [-] Cleaning up neutron router objects
2019-11-18 20:54:06.306 13785 RALLYDEBUG rally_openstack.cleanup.manager [-] Deleting neutron.router object s_rally_ee8a9986_krxoaAQL (229cdcdf-a44d-47b0-b75d-d9eebf4695bb)
2019-11-18 20:54:06.315 13785 RALLYDEBUG rally_openstack.cleanup.manager [-] Deleting neutron.router object s_rally_ee8a9986_x8m6gqZb (28c28db8-67b3-4875-911b-cb4ece603b3c)
2019-11-18 20:54:06.319 13785 RALLYDEBUG rally_openstack.cleanup.manager [-] Deleting neutron.router object s_rally_ee8a9986_D3RluuVI (38c92959-57eb-4039-9a22-c3e571c728cd)
2019-11-18 20:54:06.333 13785 RALLYDEBUG rally_openstack.cleanup.manager [-] Deleting neutron.router object s_rally_ee8a9986_TwTbmI5O (4e4fdc9e-3c40-4f1c-8175-4ce2485ce634)
2019-11-18 20:54:06.338 13785 RALLYDEBUG rally_openstack.cleanup.manager [-] Deleting neutron.router object s_rally_ee8a9986_eX8I3P0V (4fd9f37d-75d9-44a4-9b10-f9bdcbdcf84a)
2019-11-18 20:54:06.351 13785 RALLYDEBUG rally_openstack.cleanup.manager [-] Deleting neutron.router object s_rally_ee8a9986_J2hcqYfR (541bd115-78ab-44e6-924a-1a33d61f7afc)
2019-11-18 20:54:06.363 13785 RALLYDEBUG rally_openstack.cleanup.manager [-] Deleting neutron.router object s_rally_ee8a9986_0a3BJbLJ (92481c20-4bdd-404c-bffa-90eaef2dbd87)
2019-11-18 20:54:06.370 13785 RALLYDEBUG rally_openstack.cleanup.manager [-] Deleting neutron.router object s_rally_ee8a9986_wmiFo8GH (aac1dbec-abaa-4804-a844-1ec1a22b0bd2)
2019-11-18 20:54:06.380 13785 RALLYDEBUG rally_openstack.cleanup.manager [-] Deleting neutron.router object s_rally_ee8a9986_b0ZlXNOm (14293285-8d92-40c2-8722-d519748340c4)
2019-11-18 20:54:06.398 13785 RALLYDEBUG rally_openstack.cleanup.manager [-] Deleting neutron.router object s_rally_ee8a9986_SUPXLj5y (4fdd1709-c594-45d9-a609-2520cd83e385)
2019-11-18 20:54:06.418 13785 RALLYDEBUG rally_openstack.cleanup.manager [-] Deleting neutron.router object s_rally_ee8a9986_uAh9MnV8 (52a2f790-71a7-4aec-8a31-842e28fc501d)
2019-11-18 20:54:06.430 13785 RALLYDEBUG rally_openstack.cleanup.manager [-] Deleting neutron.router object s_rally_ee8a9986_sck9Zp9Y (7cf1d688-e0ce-4eb7-8608-fe1f51bd6a8b)
2019-11-18 20:54:06.434 13785 RALLYDEBUG rally_openstack.cleanup.manager [-] Deleting neutron.router object s_rally_ee8a9986_WGo5Ia4s (8a115ca1-2ba7-42ef-8a18-5f05e18e494a)
2019-11-18 20:54:06.465 13785 RALLYDEBUG rally_openstack.cleanup.manager [-] Deleting neutron.router object s_rally_ee8a9986_NoIiwb6e (f1e4af78-75db-4cf8-ba92-233dda67c0de)
2019-11-18 20:54:06.474 13785 RALLYDEBUG rally_openstack.cleanup.manager [-] Deleting neutron.router object s_rally_ee8a9986_GiJcBFyZ (3358f360-546c-4770-a60f-086e9202d166)
2019-11-18 20:54:06.486 13785 RALLYDEBUG rally_openstack.cleanup.manager [-] Deleting neutron.router object s_rally_ee8a9986_I32pU0gl (419b706f-d87e-458e-9d7b-318dbe86bcfb)
2019-11-18 20:54:06.492 13785 RALLYDEBUG rally_openstack.cleanup.manager [-] Deleting neutron.router object s_rally_ee8a9986_FdkTVcZb (80ee1ba6-5cd8-4afb-85dd-e444927054e9)
2019-11-18 20:54:06.503 13785 RALLYDEBUG rally_openstack.cleanup.manager [-] Deleting neutron.router object s_rally_ee8a9986_Yc0Zv02h (87d402f6-dd48-4c3a-9ce2-73bf91b00053)
2019-11-18 20:54:06.511 13785 RALLYDEBUG rally_openstack.cleanup.manager [-] Deleting neutron.router object s_rally_ee8a9986_1g2sAr4N (c8960375-d525-4e31-b7ab-a6805932ed78)
2019-11-18 20:54:06.517 13785 RALLYDEBUG rally_openstack.cleanup.manager [-] Deleting neutron.router object s_rally_ee8a9986_QSICeSZx (d2fce9bb-5b0c-4e7b-b49d-6eba3bb02c86)
2019-11-18 20:54:09.157 13785 RALLYDEBUG rally_openstack.cleanup.manager [-] Cleaning up neutron security_group objects
2019-11-18 20:54:10.403 13785 INFO rally.task.context [-] Task 70f16d94-7e97-4551-ac69-1a421e3e1502 | Context cleanup@openstack cleanup() finished in 34.06 sec
2019-11-18 20:54:10.403 13785 INFO rally.task.context [-] Task 70f16d94-7e97-4551-ac69-1a421e3e1502 | Context quotas@openstack cleanup() started
2019-11-18 20:54:10.643 13785 INFO rally.task.context [-] Task 70f16d94-7e97-4551-ac69-1a421e3e1502 | Context quotas@openstack cleanup() finished in 0.24 sec
2019-11-18 20:54:10.644 13785 INFO rally.task.context [-] Task 70f16d94-7e97-4551-ac69-1a421e3e1502 | Context users@openstack cleanup() started
2019-11-18 20:54:14.548 13785 INFO rally.task.context [-] Task 70f16d94-7e97-4551-ac69-1a421e3e1502 | Context users@openstack cleanup() finished in 3.90 sec
2019-11-18 20:54:15.992 13785 INFO rally.task.engine [-] Load duration is: 19.156185
2019-11-18 20:54:15.993 13785 INFO rally.task.engine [-] Full runner duration is: 19.205057
2019-11-18 20:54:15.993 13785 INFO rally.task.engine [-] Full duration is: 60.869247
2019-11-18 20:54:16.287 13785 INFO rally.task.engine [-] Running workload: position = 0 config = { "version": 2, "title": "A cropped version of a bigger task.", "description": "Auto-generated task from a single workload (uuid=b4e8a6dc-2423-4f93-87f3-d4df231978df)", "subtasks": [ { "title": "NeutronNetworks.create_and_show_subnets", "description": "Create and show a subnet details.", "scenario": { "NeutronNetworks.create_and_show_subnets": { "subnets_per_network": 2 } }, "contexts": { "users": { "tenants": 3, "users_per_tenant": 2 }, "network": { "router": {} }, "quotas": { "neutron": { "network": -1, "subnet": -1 } } }, "runner": { "constant": { "concurrency": 4, "times": 10 } }, "hooks": [], "sla": { "failure_rate": { "max": 0 } } } ] }
2019-11-18 20:54:16.312 13785 RALLYDEBUG rally_openstack.contexts.keystone.users [-] Creating 3 tenants using 20 threads
2019-11-18 20:54:17.304 13785 RALLYDEBUG rally_openstack.contexts.keystone.users [-] Creating 6 users using 20 threads
2019-11-18 20:54:18.809 13785 INFO rally.task.context [-] Task 70f16d94-7e97-4551-ac69-1a421e3e1502 | Context users@openstack setup() finished in 2.50 sec
2019-11-18 20:54:19.724 13785 INFO rally.task.context [-] Task 70f16d94-7e97-4551-ac69-1a421e3e1502 | Context quotas@openstack setup() finished in 0.91 sec
2019-11-18 20:54:20.307 13785 RALLYDEBUG rally_openstack.wrappers.network [-] CIDR generated: 10.2.95.0/24
2019-11-18 20:54:21.210 13785 RALLYDEBUG rally_openstack.wrappers.network [-] CIDR generated: 10.2.96.0/24
2019-11-18 20:54:22.382 13785 RALLYDEBUG rally_openstack.wrappers.network [-] CIDR generated: 10.2.97.0/24
2019-11-18 20:54:22.880 13785 INFO rally.task.context [-] Task 70f16d94-7e97-4551-ac69-1a421e3e1502 | Context network@openstack setup() finished in 3.15 sec
2019-11-18 20:54:22.880 13785 INFO rally.task.context [-] Task 70f16d94-7e97-4551-ac69-1a421e3e1502 | Context cleanup@openstack setup() finished in 0.01 msec
2019-11-18 20:54:22.889 13785 RALLYDEBUG rally.task.runner [-] Starting the constant runner (task UUID: 70f16d94-7e97-4551-ac69-1a421e3e1502). times: 10 concurrency: 4 timeout: 0 max_cpu_used: 16 processes_to_start: 4 concurrency_per_worker: 1 concurrency_overhead: 0
