2019-11-18 20:45:25.326 13785 RALLYDEBUG rally_openstack.cleanup.manager [-] Cleaning up neutron loadbalancer objects
2019-11-18 20:45:26.437 13785 RALLYDEBUG rally_openstack.cleanup.manager [-] Cleaning up neutron floatingip objects
2019-11-18 20:45:27.681 13785 RALLYDEBUG rally_openstack.cleanup.manager [-] Cleaning up neutron trunk objects
2019-11-18 20:45:28.860 13785 RALLYDEBUG rally_openstack.cleanup.manager [-] Cleaning up neutron port objects
2019-11-18 20:45:30.222 13785 RALLYDEBUG rally_openstack.cleanup.manager [-] Cleaning up neutron subnet objects
2019-11-18 20:45:31.589 13785 RALLYDEBUG rally_openstack.cleanup.manager [-] Cleaning up neutron network objects
2019-11-18 20:45:33.099 13785 RALLYDEBUG rally_openstack.cleanup.manager [-] Cleaning up neutron router objects
2019-11-18 20:45:34.639 13785 RALLYDEBUG rally_openstack.cleanup.manager [-] Cleaning up neutron security_group objects
2019-11-18 20:45:35.936 13785 INFO rally.task.context [-] Task 70f16d94-7e97-4551-ac69-1a421e3e1502 | Context cleanup@openstack cleanup() finished in 13.96 sec
2019-11-18 20:45:35.936 13785 INFO rally.task.context [-] Task 70f16d94-7e97-4551-ac69-1a421e3e1502 | Context network@openstack cleanup() started
2019-11-18 20:45:47.143 13785 INFO rally.task.context [-] Task 70f16d94-7e97-4551-ac69-1a421e3e1502 | Context network@openstack cleanup() finished in 11.21 sec
2019-11-18 20:45:47.143 13785 INFO rally.task.context [-] Task 70f16d94-7e97-4551-ac69-1a421e3e1502 | Context quotas@openstack cleanup() started
2019-11-18 20:45:47.386 13785 INFO rally.task.context [-] Task 70f16d94-7e97-4551-ac69-1a421e3e1502 | Context quotas@openstack cleanup() finished in 0.24 sec
2019-11-18 20:45:47.387 13785 INFO rally.task.context [-] Task 70f16d94-7e97-4551-ac69-1a421e3e1502 | Context users@openstack cleanup() started
2019-11-18 20:45:51.465 13785 INFO rally.task.context [-] Task 70f16d94-7e97-4551-ac69-1a421e3e1502 | Context users@openstack cleanup() finished in 4.08 sec
2019-11-18 20:45:52.594 13785 INFO rally.task.engine [-] Load duration is: 4.891802
2019-11-18 20:45:52.595 13785 INFO rally.task.engine [-] Full runner duration is: 4.934045
2019-11-18 20:45:52.595 13785 INFO rally.task.engine [-] Full duration is: 41.075589
2019-11-18 20:45:52.908 13785 INFO rally.task.engine [-] Running workload: position = 0 config = { "version": 2, "title": "A cropped version of a bigger task.", "description": "Auto-generated task from a single workload (uuid=d73c828a-b8c6-47de-87e7-f5df12b3c1b3)", "subtasks": [ { "title": "NeutronNetworks.create_and_delete_routers", "description": "Create and delete a given number of routers.", "scenario": { "NeutronNetworks.create_and_delete_routers": { "network_create_args": {}, "router_create_args": {}, "subnet_cidr_start": "1.1.0.0/30", "subnet_create_args": {}, "subnets_per_network": 1 } }, "contexts": { "users": { "tenants": 3, "users_per_tenant": 2 }, "quotas": { "neutron": { "network": -1, "subnet": -1, "port": -1, "router": -1 } } }, "runner": { "constant": { "concurrency": 4, "times": 10 } }, "hooks": [], "sla": { "failure_rate": { "max": 0 } } } ] }
2019-11-18 20:45:52.933 13785 RALLYDEBUG rally_openstack.contexts.keystone.users [-] Creating 3 tenants using 20 threads
2019-11-18 20:45:53.985 13785 RALLYDEBUG rally_openstack.contexts.keystone.users [-] Creating 6 users using 20 threads
2019-11-18 20:45:55.562 13785 INFO rally.task.context [-] Task 70f16d94-7e97-4551-ac69-1a421e3e1502 | Context users@openstack setup() finished in 2.63 sec
2019-11-18 20:45:56.851 13785 INFO rally.task.context [-] Task 70f16d94-7e97-4551-ac69-1a421e3e1502 | Context quotas@openstack setup() finished in 1.29 sec
2019-11-18 20:45:56.852 13785 INFO rally.task.context [-] Task 70f16d94-7e97-4551-ac69-1a421e3e1502 | Context cleanup@openstack setup() finished in 0.01 msec
2019-11-18 20:45:56.862 13785 RALLYDEBUG rally.task.runner [-] Starting the constant runner (task UUID: 70f16d94-7e97-4551-ac69-1a421e3e1502). times: 10 concurrency: 4 timeout: 0 max_cpu_used: 16 processes_to_start: 4 concurrency_per_worker: 1 concurrency_overhead: 0
2019-11-18 20:45:56.873 15853 RALLYDEBUG rally.task.runner [-] Starting a worker. times: 10 duration: None concurrency: 1 timeout: 0 cls: method_name: run args: {"network_create_args": {}, "router_create_args": {}, "subnet_cidr_start": "1.1.0.0/30", "subnet_create_args": {}, "subnets_per_network": 1}
2019-11-18 20:45:56.877 15854 RALLYDEBUG rally.task.runner [-] Starting a worker. times: 10 duration: None concurrency: 1 timeout: 0 cls: method_name: run args: {"network_create_args": {}, "router_create_args": {}, "subnet_cidr_start": "1.1.0.0/30", "subnet_create_args": {}, "subnets_per_network": 1}
2019-11-18 20:45:56.880 15853 INFO rally.task.runner [-] Task 70f16d94-7e97-4551-ac69-1a421e3e1502 | ITER: 1 START
2019-11-18 20:45:56.880 15855 RALLYDEBUG rally.task.runner [-] Starting a worker. times: 10 duration: None concurrency: 1 timeout: 0 cls: method_name: run args: {"network_create_args": {}, "router_create_args": {}, "subnet_cidr_start": "1.1.0.0/30", "subnet_create_args": {}, "subnets_per_network": 1}
2019-11-18 20:45:56.883 15854 INFO rally.task.runner [-] Task 70f16d94-7e97-4551-ac69-1a421e3e1502 | ITER: 2 START
2019-11-18 20:45:56.884 15857 RALLYDEBUG rally.task.runner [-] Starting a worker. times: 10 duration: None concurrency: 1 timeout: 0 cls: method_name: run args: {"network_create_args": {}, "router_create_args": {}, "subnet_cidr_start": "1.1.0.0/30", "subnet_create_args": {}, "subnets_per_network": 1}
2019-11-18 20:45:56.887 15855 INFO rally.task.runner [-] Task 70f16d94-7e97-4551-ac69-1a421e3e1502 | ITER: 3 START
2019-11-18 20:45:56.890 15857 INFO rally.task.runner [-] Task 70f16d94-7e97-4551-ac69-1a421e3e1502 | ITER: 4 START
2019-11-18 20:45:57.561 15853 RALLYDEBUG rally_openstack.wrappers.network [-] CIDR generated: 1.1.0.104/30
2019-11-18 20:45:57.660 15855 RALLYDEBUG rally_openstack.wrappers.network [-] CIDR generated: 1.1.0.108/30
2019-11-18 20:45:57.760 15854 RALLYDEBUG rally_openstack.wrappers.network [-] CIDR generated: 1.1.0.112/30
2019-11-18 20:45:58.124 15857 RALLYDEBUG rally_openstack.wrappers.network [-] CIDR generated: 1.1.0.116/30
2019-11-18 20:46:02.624 15854 INFO rally.task.runner [-] Task 70f16d94-7e97-4551-ac69-1a421e3e1502 | ITER: 2 END: OK
2019-11-18 20:46:02.629 15854 INFO rally.task.runner [-] Task 70f16d94-7e97-4551-ac69-1a421e3e1502 | ITER: 5 START
2019-11-18 20:46:03.325 15854 RALLYDEBUG rally_openstack.wrappers.network [-] CIDR generated: 1.1.0.120/30
2019-11-18 20:46:03.354 15853 INFO rally.task.runner [-] Task 70f16d94-7e97-4551-ac69-1a421e3e1502 | ITER: 1 END: OK
2019-11-18 20:46:03.360 15853 INFO rally.task.runner [-] Task 70f16d94-7e97-4551-ac69-1a421e3e1502 | ITER: 6 START
2019-11-18 20:46:03.830 15853 RALLYDEBUG rally_openstack.wrappers.network [-] CIDR generated: 1.1.0.124/30
2019-11-18 20:46:03.904 15855 INFO rally.task.runner [-] Task 70f16d94-7e97-4551-ac69-1a421e3e1502 | ITER: 3 END: OK
2019-11-18 20:46:03.909 15855 INFO rally.task.runner [-] Task 70f16d94-7e97-4551-ac69-1a421e3e1502 | ITER: 7 START
2019-11-18 20:46:03.965 15857 INFO rally.task.runner [-] Task 70f16d94-7e97-4551-ac69-1a421e3e1502 | ITER: 4 END: OK
2019-11-18 20:46:03.970 15857 INFO rally.task.runner [-] Task 70f16d94-7e97-4551-ac69-1a421e3e1502 | ITER: 8 START
2019-11-18 20:46:04.381 15855 RALLYDEBUG rally_openstack.wrappers.network [-] CIDR generated: 1.1.0.128/30
2019-11-18 20:46:04.556 15857 RALLYDEBUG rally_openstack.wrappers.network [-] CIDR generated: 1.1.0.132/30
2019-11-18 20:46:08.355 15854 INFO rally.task.runner [-] Task 70f16d94-7e97-4551-ac69-1a421e3e1502 | ITER: 5 END: OK
2019-11-18 20:46:08.359 15854 INFO rally.task.runner [-] Task 70f16d94-7e97-4551-ac69-1a421e3e1502 | ITER: 9 START
2019-11-18 20:46:08.469 15853 INFO rally.task.runner [-] Task 70f16d94-7e97-4551-ac69-1a421e3e1502 | ITER: 6 END: OK
2019-11-18 20:46:08.474 15853 INFO rally.task.runner [-] Task 70f16d94-7e97-4551-ac69-1a421e3e1502 | ITER: 10 START
2019-11-18 20:46:08.946 15854 RALLYDEBUG rally_openstack.wrappers.network [-] CIDR generated: 1.1.0.136/30
2019-11-18 20:46:08.966 15853 RALLYDEBUG rally_openstack.wrappers.network [-] CIDR generated: 1.1.0.140/30
2019-11-18 20:46:09.469 15855 INFO rally.task.runner [-] Task 70f16d94-7e97-4551-ac69-1a421e3e1502 | ITER: 7 END: OK
2019-11-18 20:46:09.748 15857 INFO rally.task.runner [-] Task 70f16d94-7e97-4551-ac69-1a421e3e1502 | ITER: 8 END: OK
2019-11-18 20:46:14.260 15853 INFO rally.task.runner [-] Task 70f16d94-7e97-4551-ac69-1a421e3e1502 | ITER: 10 END: OK
2019-11-18 20:46:14.282 15854 INFO rally.task.runner [-] Task 70f16d94-7e97-4551-ac69-1a421e3e1502 | ITER: 9 END: OK
2019-11-18 20:46:14.303 13785 INFO rally.task.context [-] Task 70f16d94-7e97-4551-ac69-1a421e3e1502 | Context cleanup@openstack cleanup() started
2019-11-18 20:46:14.306 13785 RALLYDEBUG rally_openstack.cleanup.manager [-] Cleaning up neutron vip objects
2019-11-18 20:46:15.495 13785 RALLYDEBUG rally_openstack.cleanup.manager [-] Cleaning up neutron health_monitor objects
2019-11-18 20:46:16.579 13785 RALLYDEBUG rally_openstack.cleanup.manager [-] Cleaning up neutron pool objects
2019-11-18 20:46:17.696 13785 RALLYDEBUG rally_openstack.cleanup.manager [-] Cleaning up neutron loadbalancer objects
2019-11-18 20:46:19.114 13785 RALLYDEBUG rally_openstack.cleanup.manager [-] Cleaning up neutron floatingip objects
2019-11-18 20:46:20.308 13785 RALLYDEBUG rally_openstack.cleanup.manager [-] Cleaning up neutron trunk objects
2019-11-18 20:46:21.763 13785 RALLYDEBUG rally_openstack.cleanup.manager [-] Cleaning up neutron port objects
2019-11-18 20:46:23.658 13785 RALLYDEBUG rally_openstack.cleanup.manager [-] Cleaning up neutron subnet objects
2019-11-18 20:46:25.207 13785 RALLYDEBUG rally_openstack.cleanup.manager [-] Deleting neutron.subnet object s_rally_d73c828a_FPWekkEl (227bfec9-4e46-424a-bc5c-adda97800d90)
2019-11-18 20:46:25.217 13785 RALLYDEBUG rally_openstack.cleanup.manager [-] Deleting neutron.subnet object s_rally_d73c828a_ULaNfLd4 (33d99b64-745a-4366-b256-61057bf19d13)
2019-11-18 20:46:25.226 13785 RALLYDEBUG rally_openstack.cleanup.manager [-] Deleting neutron.subnet object s_rally_d73c828a_8bOZa45q (3d29dafb-0ca1-4bad-b40f-baa7efb65b78)
2019-11-18 20:46:25.230 13785 RALLYDEBUG rally_openstack.cleanup.manager [-] Deleting neutron.subnet object s_rally_d73c828a_N610Gjdn (63f87830-e4af-423b-ba30-b2124e1c1616)
2019-11-18 20:46:25.238 13785 RALLYDEBUG rally_openstack.cleanup.manager [-] Deleting neutron.subnet object s_rally_d73c828a_ospPHcYS (c40f5b8c-e8d5-40e0-b90e-fd28fd97e0bf)
2019-11-18 20:46:25.251 13785 RALLYDEBUG rally_openstack.cleanup.manager [-] Deleting neutron.subnet object s_rally_d73c828a_e1FaW4Ru (4d4de739-c45a-4278-af48-40e0c5b0e92c)
2019-11-18 20:46:25.260 13785 RALLYDEBUG rally_openstack.cleanup.manager [-] Deleting neutron.subnet object s_rally_d73c828a_LKTTQR2T (a05a8f1b-db29-42c4-bf15-5e231f3915a6)
2019-11-18 20:46:25.279 13785 RALLYDEBUG rally_openstack.cleanup.manager [-] Deleting neutron.subnet object s_rally_d73c828a_ffnK10RX (1a069c6b-b684-4aee-8859-a1621817f458)
2019-11-18 20:46:25.287 13785 RALLYDEBUG rally_openstack.cleanup.manager [-] Deleting neutron.subnet object s_rally_d73c828a_2fnAXZsP (4d432fef-c5ab-4e17-97d6-d92fda41f7ba)
2019-11-18 20:46:25.295 13785 RALLYDEBUG rally_openstack.cleanup.manager [-] Deleting neutron.subnet object s_rally_d73c828a_lv0BHrBd (b0cd2661-b2a5-43b8-a378-40efb895c7d7)
2019-11-18 20:46:29.757 13785 RALLYDEBUG rally_openstack.cleanup.manager [-] Cleaning up neutron network objects
2019-11-18 20:46:31.085 13785 RALLYDEBUG rally_openstack.cleanup.manager [-] Deleting neutron.network object s_rally_d73c828a_sD8clyYx (1ea9498a-1f6e-4ef4-a1fa-1bb6b602e00a)
2019-11-18 20:46:31.094 13785 RALLYDEBUG rally_openstack.cleanup.manager [-] Deleting neutron.network object s_rally_d73c828a_5Ih1D3BL (21adb921-d3c1-4f96-ac94-8652fb199437)
2019-11-18 20:46:31.103 13785 RALLYDEBUG rally_openstack.cleanup.manager [-] Deleting neutron.network object s_rally_d73c828a_Eh8WRtSy (2802d405-208f-420d-a322-ee09525d8d70)
2019-11-18 20:46:31.112 13785 RALLYDEBUG rally_openstack.cleanup.manager [-] Deleting neutron.network object s_rally_d73c828a_ZJJmxmPr (4d6d5657-85fc-4d9d-beb3-9778e43fec22)
2019-11-18 20:46:31.117 13785 RALLYDEBUG rally_openstack.cleanup.manager [-] Deleting neutron.network object s_rally_d73c828a_7pVpM9yt (ce234876-711f-41b5-a434-c4334dffe0d1)
2019-11-18 20:46:31.131 13785 RALLYDEBUG rally_openstack.cleanup.manager [-] Deleting neutron.network object s_rally_d73c828a_ZkJC9tu7 (18bf5ac1-f0be-406c-916c-cbf78f749f91)
2019-11-18 20:46:31.137 13785 RALLYDEBUG rally_openstack.cleanup.manager [-] Deleting neutron.network object s_rally_d73c828a_luSfPQI1 (9671e4f1-b0cb-4c52-b565-0ba90aafaf4d)
2019-11-18 20:46:31.154 13785 RALLYDEBUG rally_openstack.cleanup.manager [-] Deleting neutron.network object s_rally_d73c828a_hIevsnTE (4e3fc31d-b4fd-438a-b69c-6459bad58db8)
2019-11-18 20:46:31.163 13785 RALLYDEBUG rally_openstack.cleanup.manager [-] Deleting neutron.network object s_rally_d73c828a_qS0erQTL (ab817181-9c1d-43f8-a692-427ddc0de4fe)
2019-11-18 20:46:31.169 13785 RALLYDEBUG rally_openstack.cleanup.manager [-] Deleting neutron.network object s_rally_d73c828a_hoDXb2b0 (abb1ff7f-b86b-4ce7-845f-59484ad233f9)
2019-11-18 20:46:33.952 13785 RALLYDEBUG rally_openstack.cleanup.manager [-] Cleaning up neutron router objects
2019-11-18 20:46:35.186 13785 RALLYDEBUG rally_openstack.cleanup.manager [-] Cleaning up neutron security_group objects
2019-11-18 20:46:36.408 13785 INFO rally.task.context [-] Task 70f16d94-7e97-4551-ac69-1a421e3e1502 | Context cleanup@openstack cleanup() finished in 22.11 sec
2019-11-18 20:46:36.409 13785 INFO rally.task.context [-] Task 70f16d94-7e97-4551-ac69-1a421e3e1502 | Context quotas@openstack cleanup() started
2019-11-18 20:46:36.643 13785 INFO rally.task.context [-] Task 70f16d94-7e97-4551-ac69-1a421e3e1502 | Context quotas@openstack cleanup() finished in 0.23 sec
2019-11-18 20:46:36.643 13785 INFO rally.task.context [-] Task 70f16d94-7e97-4551-ac69-1a421e3e1502 | Context users@openstack cleanup() started
2019-11-18 20:46:40.696 13785 INFO rally.task.context [-] Task 70f16d94-7e97-4551-ac69-1a421e3e1502 | Context users@openstack cleanup() finished in 4.05 sec
2019-11-18 20:46:41.268 13785 INFO rally.task.engine [-] Load duration is: 17.400628
2019-11-18 20:46:41.269 13785 INFO rally.task.engine [-] Full runner duration is: 17.441967
2019-11-18 20:46:41.269 13785 INFO rally.task.engine [-] Full duration is: 47.764688
2019-11-18 20:46:41.592 13785 INFO rally.task.engine [-] Running workload: position = 0 config = { "version": 2, "title": "A cropped version of a bigger task.", "description": "Auto-generated task from a single workload (uuid=d508f5a3-273c-4a77-9b9f-90f4ac749be5)", "subtasks": [ { "title": "NeutronNetworks.create_and_delete_subnets", "description": "Create and delete a given number of subnets.", "scenario": { "NeutronNetworks.create_and_delete_subnets": { "network_create_args": {}, "subnet_cidr_start": "1.1.0.0/30", "subnet_create_args": {}, "subnets_per_network": 1 } }, "contexts": { "users": { "tenants": 3, "users_per_tenant": 2 }, "network": { "router": {} }, "quotas": { "neutron": { "network": -1, "subnet": -1 } } }, "runner": { "constant": { "concurrency": 4, "times": 10 } }, "hooks": [], "sla": { "failure_rate": { "max": 0 } } } ] }
2019-11-18 20:46:41.617 13785 RALLYDEBUG rally_openstack.contexts.keystone.users [-] Creating 3 tenants using 20 threads
2019-11-18 20:46:42.563 13785 RALLYDEBUG rally_openstack.contexts.keystone.users [-] Creating 6 users using 20 threads
2019-11-18 20:46:44.121 13785 INFO rally.task.context [-] Task 70f16d94-7e97-4551-ac69-1a421e3e1502 | Context users@openstack setup() finished in 2.50 sec
2019-11-18 20:46:44.923 13785 INFO rally.task.context [-] Task 70f16d94-7e97-4551-ac69-1a421e3e1502 | Context quotas@openstack setup() finished in 0.80 sec
2019-11-18 20:46:45.537 13785 RALLYDEBUG rally_openstack.wrappers.network [-] CIDR generated: 10.2.36.0/24
2019-11-18 20:46:46.720 13785 RALLYDEBUG rally_openstack.wrappers.network [-] CIDR generated: 10.2.37.0/24
2019-11-18 20:46:47.606 13785 RALLYDEBUG rally_openstack.wrappers.network [-] CIDR generated: 10.2.38.0/24
2019-11-18 20:46:48.126 13785 INFO rally.task.context [-] Task 70f16d94-7e97-4551-ac69-1a421e3e1502 | Context network@openstack setup() finished in 3.20 sec
2019-11-18 20:46:48.126 13785 INFO rally.task.context [-] Task 70f16d94-7e97-4551-ac69-1a421e3e1502 | Context cleanup@openstack setup() finished in 0.03 msec
2019-11-18 20:46:48.136 13785 RALLYDEBUG rally.task.runner [-] Starting the constant runner (task UUID: 70f16d94-7e97-4551-ac69-1a421e3e1502). times: 10 concurrency: 4 timeout: 0 max_cpu_used: 16 processes_to_start: 4 concurrency_per_worker: 1 concurrency_overhead: 0
2019-11-18 20:46:48.148 16177 RALLYDEBUG rally.task.runner [-] Starting a worker. times: 10 duration: None concurrency: 1 timeout: 0 cls: method_name: run args: {"network_create_args": {}, "subnet_cidr_start": "1.1.0.0/30", "subnet_create_args": {}, "subnets_per_network": 1}
2019-11-18 20:46:48.151 16178 RALLYDEBUG rally.task.runner [-] Starting a worker. times: 10 duration: None concurrency: 1 timeout: 0 cls: method_name: run args: {"network_create_args": {}, "subnet_cidr_start": "1.1.0.0/30", "subnet_create_args": {}, "subnets_per_network": 1}
2019-11-18 20:46:48.155 16177 INFO rally.task.runner [-] Task 70f16d94-7e97-4551-ac69-1a421e3e1502 | ITER: 1 START
2019-11-18 20:46:48.155 16179 RALLYDEBUG rally.task.runner [-] Starting a worker. times: 10 duration: None concurrency: 1 timeout: 0 cls: method_name: run args: {"network_create_args": {}, "subnet_cidr_start": "1.1.0.0/30", "subnet_create_args": {}, "subnets_per_network": 1}
2019-11-18 20:46:48.158 16177 RALLYDEBUG rally_openstack.wrappers.network [-] CIDR generated: 1.1.0.156/30
2019-11-18 20:46:48.159 16178 INFO rally.task.runner [-] Task 70f16d94-7e97-4551-ac69-1a421e3e1502 | ITER: 2 START
2019-11-18 20:46:48.158 16180 RALLYDEBUG rally.task.runner [-] Starting a worker. times: 10 duration: None concurrency: 1 timeout: 0 cls: method_name: run args: {"network_create_args": {}, "subnet_cidr_start": "1.1.0.0/30", "subnet_create_args": {}, "subnets_per_network": 1}
2019-11-18 20:46:48.162 16178 RALLYDEBUG rally_openstack.wrappers.network [-] CIDR generated: 1.1.0.160/30
2019-11-18 20:46:48.162 16179 INFO rally.task.runner [-] Task 70f16d94-7e97-4551-ac69-1a421e3e1502 | ITER: 3 START
2019-11-18 20:46:48.164 16179 RALLYDEBUG rally_openstack.wrappers.network [-] CIDR generated: 1.1.0.164/30
2019-11-18 20:46:48.165 16180 INFO rally.task.runner [-] Task 70f16d94-7e97-4551-ac69-1a421e3e1502 | ITER: 4 START
2019-11-18 20:46:48.168 16180 RALLYDEBUG rally_openstack.wrappers.network [-] CIDR generated: 1.1.0.168/30
2019-11-18 20:46:49.600 16180 INFO rally.task.runner [-] Task 70f16d94-7e97-4551-ac69-1a421e3e1502 | ITER: 4 END: OK
2019-11-18 20:46:49.605 16180 INFO rally.task.runner [-] Task 70f16d94-7e97-4551-ac69-1a421e3e1502 | ITER: 5 START
2019-11-18 20:46:49.606 16180 RALLYDEBUG rally_openstack.wrappers.network [-] CIDR generated: 1.1.0.172/30
2019-11-18 20:46:49.636 16179 INFO rally.task.runner [-] Task 70f16d94-7e97-4551-ac69-1a421e3e1502 | ITER: 3 END: OK
2019-11-18 20:46:49.641 16179 INFO rally.task.runner [-] Task 70f16d94-7e97-4551-ac69-1a421e3e1502 | ITER: 6 START
2019-11-18 20:46:49.642 16179 RALLYDEBUG rally_openstack.wrappers.network [-] CIDR generated: 1.1.0.176/30
2019-11-18 20:46:50.225 16177 INFO rally.task.runner [-] Task 70f16d94-7e97-4551-ac69-1a421e3e1502 | ITER: 1 END: OK
2019-11-18 20:46:50.230 16177 INFO rally.task.runner [-] Task 70f16d94-7e97-4551-ac69-1a421e3e1502 | ITER: 7 START
2019-11-18 20:46:50.231 16177 RALLYDEBUG rally_openstack.wrappers.network [-] CIDR generated: 1.1.0.180/30
2019-11-18 20:46:50.275 16178 INFO rally.task.runner [-] Task 70f16d94-7e97-4551-ac69-1a421e3e1502 | ITER: 2 END: OK
2019-11-18 20:46:50.279 16178 INFO rally.task.runner [-] Task 70f16d94-7e97-4551-ac69-1a421e3e1502 | ITER: 8 START
2019-11-18 20:46:50.280 16178 RALLYDEBUG rally_openstack.wrappers.network [-] CIDR generated: 1.1.0.184/30
2019-11-18 20:46:51.017 16180 INFO rally.task.runner [-] Task 70f16d94-7e97-4551-ac69-1a421e3e1502 | ITER: 5 END: OK
2019-11-18 20:46:51.021 16180 INFO rally.task.runner [-] Task 70f16d94-7e97-4551-ac69-1a421e3e1502 | ITER: 9 START
2019-11-18 20:46:51.022 16180 RALLYDEBUG rally_openstack.wrappers.network [-] CIDR generated: 1.1.0.188/30
2019-11-18 20:46:51.441 16179 INFO rally.task.runner [-] Task 70f16d94-7e97-4551-ac69-1a421e3e1502 | ITER: 6 END: OK
2019-11-18 20:46:51.445 16179 INFO rally.task.runner [-] Task 70f16d94-7e97-4551-ac69-1a421e3e1502 | ITER: 10 START
2019-11-18 20:46:51.446 16179 RALLYDEBUG rally_openstack.wrappers.network [-] CIDR generated: 1.1.0.192/30
2019-11-18 20:46:51.923 16177 INFO rally.task.runner [-] Task 70f16d94-7e97-4551-ac69-1a421e3e1502 | ITER: 7 END: OK
2019-11-18 20:46:52.154 16178 INFO rally.task.runner [-] Task 70f16d94-7e97-4551-ac69-1a421e3e1502 | ITER: 8 END: OK
2019-11-18 20:46:52.476 16180 INFO rally.task.runner [-] Task 70f16d94-7e97-4551-ac69-1a421e3e1502 | ITER: 9 END: OK
2019-11-18 20:46:53.462 16179 INFO rally.task.runner [-] Task 70f16d94-7e97-4551-ac69-1a421e3e1502 | ITER: 10 END: OK
2019-11-18 20:46:53.489 13785 INFO rally.task.context [-] Task 70f16d94-7e97-4551-ac69-1a421e3e1502 | Context cleanup@openstack cleanup() started
2019-11-18 20:46:53.492 13785 RALLYDEBUG rally_openstack.cleanup.manager [-] Cleaning up neutron vip objects
2019-11-18 20:46:54.558 13785 RALLYDEBUG rally_openstack.cleanup.manager [-] Cleaning up neutron health_monitor objects
2019-11-18 20:46:55.635 13785 RALLYDEBUG rally_openstack.cleanup.manager [-] Cleaning up neutron pool objects
2019-11-18 20:46:56.732 13785 RALLYDEBUG rally_openstack.cleanup.manager [-] Cleaning up neutron loadbalancer objects
2019-11-18 20:46:57.807 13785 RALLYDEBUG rally_openstack.cleanup.manager [-] Cleaning up neutron floatingip objects
2019-11-18 20:46:59.029 13785 RALLYDEBUG rally_openstack.cleanup.manager [-] Cleaning up neutron trunk objects
2019-11-18 20:47:00.189 13785 RALLYDEBUG rally_openstack.cleanup.manager [-] Cleaning up neutron port objects
2019-11-18 20:47:01.538 13785 RALLYDEBUG rally_openstack.cleanup.manager [-] Cleaning up neutron subnet objects
2019-11-18 20:47:02.810 13785 RALLYDEBUG rally_openstack.cleanup.manager [-] Cleaning up neutron network objects
2019-11-18 20:47:04.264 13785 RALLYDEBUG rally_openstack.cleanup.manager [-] Cleaning up neutron router objects
2019-11-18 20:47:05.510 13785 RALLYDEBUG rally_openstack.cleanup.manager [-] Cleaning up neutron security_group objects
2019-11-18 20:47:06.774 13785 INFO rally.task.context [-] Task 70f16d94-7e97-4551-ac69-1a421e3e1502 | Context cleanup@openstack cleanup() finished in 13.29 sec
2019-11-18 20:47:06.775 13785 INFO rally.task.context [-] Task 70f16d94-7e97-4551-ac69-1a421e3e1502 | Context network@openstack cleanup() started
2019-11-18 20:47:18.065 13785 INFO rally.task.context [-] Task 70f16d94-7e97-4551-ac69-1a421e3e1502 | Context network@openstack cleanup() finished in 11.29 sec
2019-11-18 20:47:18.066 13785 INFO rally.task.context [-] Task 70f16d94-7e97-4551-ac69-1a421e3e1502 | Context quotas@openstack cleanup() started
2019-11-18 20:47:18.241 13785 INFO rally.task.context [-] Task 70f16d94-7e97-4551-ac69-1a421e3e1502 | Context quotas@openstack cleanup() finished in 0.17 sec
2019-11-18 20:47:18.241 13785 INFO rally.task.context [-] Task 70f16d94-7e97-4551-ac69-1a421e3e1502 | Context users@openstack cleanup() started
2019-11-18 20:47:22.377 13785 INFO rally.task.context [-] Task 70f16d94-7e97-4551-ac69-1a421e3e1502 | Context users@openstack cleanup() finished in 4.14 sec
2019-11-18 20:47:23.841 13785 INFO rally.task.engine [-] Load duration is: 5.3062
2019-11-18 20:47:23.841 13785 INFO rally.task.engine [-] Full runner duration is: 5.353354
2019-11-18 20:47:23.842 13785 INFO rally.task.engine [-] Full duration is: 40.762688
2019-11-18 20:47:24.174 13785 INFO rally.task.engine [-] Running workload: position = 0 config = { "version": 2, "title": "A cropped version of a bigger task.", "description": "Auto-generated task from a single workload (uuid=04c1a162-ae4a-451f-9599-a232b4f4094c)", "subtasks": [ { "title": "NeutronNetworks.create_and_list_networks", "description": "Create a network and then list all networks.", "scenario": { "NeutronNetworks.create_and_list_networks": { "network_create_args": {} } }, "contexts": { "users": { "tenants": 3, "users_per_tenant": 2 }, "quotas": { "neutron": { "network": -1 } } }, "runner": { "constant": { "concurrency": 4, "times": 10 } }, "hooks": [], "sla": { "failure_rate": { "max": 0 } } } ] }
2019-11-18 20:47:24.201 13785 RALLYDEBUG rally_openstack.contexts.keystone.users [-] Creating 3 tenants using 20 threads
2019-11-18 20:47:25.308 13785 RALLYDEBUG rally_openstack.contexts.keystone.users [-] Creating 6 users using 20 threads
2019-11-18 20:47:26.980 13785 INFO rally.task.context [-] Task 70f16d94-7e97-4551-ac69-1a421e3e1502 | Context users@openstack setup() finished in 2.78 sec
2019-11-18 20:47:27.791 13785 INFO rally.task.context [-] Task 70f16d94-7e97-4551-ac69-1a421e3e1502 | Context quotas@openstack setup() finished in 0.81 sec
2019-11-18 20:47:27.792 13785 INFO rally.task.context [-] Task 70f16d94-7e97-4551-ac69-1a421e3e1502 | Context cleanup@openstack setup() finished in 0.02 msec
2019-11-18 20:47:27.802 13785 RALLYDEBUG rally.task.runner [-] Starting the constant runner (task UUID: 70f16d94-7e97-4551-ac69-1a421e3e1502). times: 10 concurrency: 4 timeout: 0 max_cpu_used: 16 processes_to_start: 4 concurrency_per_worker: 1 concurrency_overhead: 0
2019-11-18 20:47:27.814 16501 RALLYDEBUG rally.task.runner [-] Starting a worker. times: 10 duration: None concurrency: 1 timeout: 0 cls: method_name: run args: {"network_create_args": {}}
2019-11-18 20:47:27.817 16502 RALLYDEBUG rally.task.runner [-] Starting a worker. times: 10 duration: None concurrency: 1 timeout: 0 cls: method_name: run args: {"network_create_args": {}}
2019-11-18 20:47:27.820 16501 INFO rally.task.runner [-] Task 70f16d94-7e97-4551-ac69-1a421e3e1502 | ITER: 1 START
2019-11-18 20:47:27.820 16503 RALLYDEBUG rally.task.runner [-] Starting a worker. times: 10 duration: None concurrency: 1 timeout: 0 cls: method_name: run args: {"network_create_args": {}}
2019-11-18 20:47:27.823 16502 INFO rally.task.runner [-] Task 70f16d94-7e97-4551-ac69-1a421e3e1502 | ITER: 2 START
2019-11-18 20:47:27.823 16505 RALLYDEBUG rally.task.runner [-] Starting a worker. times: 10 duration: None concurrency: 1 timeout: 0 cls: method_name: run args: {"network_create_args": {}}
2019-11-18 20:47:27.827 16503 INFO rally.task.runner [-] Task 70f16d94-7e97-4551-ac69-1a421e3e1502 | ITER: 3 START
2019-11-18 20:47:27.829 16505 INFO rally.task.runner [-] Task 70f16d94-7e97-4551-ac69-1a421e3e1502 | ITER: 4 START
2019-11-18 20:47:28.608 16502 INFO rally.task.runner [-] Task 70f16d94-7e97-4551-ac69-1a421e3e1502 | ITER: 2 END: OK
2019-11-18 20:47:28.611 16503 INFO rally.task.runner [-] Task 70f16d94-7e97-4551-ac69-1a421e3e1502 | ITER: 3 END: OK
2019-11-18 20:47:28.612 16501 INFO rally.task.runner [-] Task 70f16d94-7e97-4551-ac69-1a421e3e1502 | ITER: 1 END: OK
2019-11-18 20:47:28.614 16502 INFO rally.task.runner [-] Task 70f16d94-7e97-4551-ac69-1a421e3e1502 | ITER: 5 START
2019-11-18 20:47:28.615 16503 INFO rally.task.runner [-] Task 70f16d94-7e97-4551-ac69-1a421e3e1502 | ITER: 6 START
2019-11-18 20:47:28.617 16501 INFO rally.task.runner [-] Task 70f16d94-7e97-4551-ac69-1a421e3e1502 | ITER: 7 START
2019-11-18 20:47:28.657 16505 INFO rally.task.runner [-] Task 70f16d94-7e97-4551-ac69-1a421e3e1502 | ITER: 4 END: OK
2019-11-18 20:47:28.662 16505 INFO rally.task.runner [-] Task 70f16d94-7e97-4551-ac69-1a421e3e1502 | ITER: 8 START
2019-11-18 20:47:29.270 16502 INFO rally.task.runner [-] Task 70f16d94-7e97-4551-ac69-1a421e3e1502 | ITER: 5 END: OK
2019-11-18 20:47:29.274 16502 INFO rally.task.runner [-] Task 70f16d94-7e97-4551-ac69-1a421e3e1502 | ITER: 9 START
2019-11-18 20:47:29.283 16505 INFO rally.task.runner [-] Task 70f16d94-7e97-4551-ac69-1a421e3e1502 | ITER: 8 END: OK
2019-11-18 20:47:29.287 16505 INFO rally.task.runner [-] Task 70f16d94-7e97-4551-ac69-1a421e3e1502 | ITER: 10 START
2019-11-18 20:47:29.341 16501 INFO rally.task.runner [-] Task 70f16d94-7e97-4551-ac69-1a421e3e1502 | ITER: 7 END: OK
2019-11-18 20:47:29.390 16503 INFO rally.task.runner [-] Task 70f16d94-7e97-4551-ac69-1a421e3e1502 | ITER: 6 END: OK
2019-11-18 20:47:29.960 16505 INFO rally.task.runner [-] Task 70f16d94-7e97-4551-ac69-1a421e3e1502 | ITER: 10 END: OK
2019-11-18 20:47:30.229 16502 INFO rally.task.runner [-] Task 70f16d94-7e97-4551-ac69-1a421e3e1502 | ITER: 9 END: OK
2019-11-18 20:47:30.252 13785 INFO rally.task.context [-] Task 70f16d94-7e97-4551-ac69-1a421e3e1502 | Context cleanup@openstack cleanup() started
2019-11-18 20:47:30.256 13785 RALLYDEBUG rally_openstack.cleanup.manager [-] Cleaning up neutron vip objects
2019-11-18 20:47:31.590 13785 RALLYDEBUG rally_openstack.cleanup.manager [-] Cleaning up neutron health_monitor objects
2019-11-18 20:47:32.708 13785 RALLYDEBUG rally_openstack.cleanup.manager [-] Cleaning up neutron pool objects
2019-11-18 20:47:33.830 13785 RALLYDEBUG rally_openstack.cleanup.manager [-] Cleaning up neutron loadbalancer objects
2019-11-18 20:47:34.952 13785 RALLYDEBUG rally_openstack.cleanup.manager [-] Cleaning up neutron floatingip objects
2019-11-18 20:47:36.527 13785 RALLYDEBUG rally_openstack.cleanup.manager [-] Cleaning up neutron trunk objects
2019-11-18 20:47:37.687 13785 RALLYDEBUG rally_openstack.cleanup.manager [-] Cleaning up neutron port objects
2019-11-18 20:47:38.885 13785 RALLYDEBUG rally_openstack.cleanup.manager [-] Cleaning up neutron subnet objects
2019-11-18 20:47:40.097 13785 RALLYDEBUG rally_openstack.cleanup.manager [-] Cleaning up neutron network objects
2019-11-18 20:47:41.680 13785 RALLYDEBUG rally_openstack.cleanup.manager [-] Deleting neutron.network object s_rally_04c1a162_5jidV7m7 (276a3210-3881-41c5-a216-4aff32f4320e)
2019-11-18 20:47:41.689 13785 RALLYDEBUG rally_openstack.cleanup.manager [-] Deleting neutron.network object s_rally_04c1a162_ZqJvZGnH (3af19f3a-7c17-46fc-a713-fa3f5d4baadd)
2019-11-18 20:47:41.698 13785 RALLYDEBUG rally_openstack.cleanup.manager [-] Deleting neutron.network object s_rally_04c1a162_mZByuf63 (659fa220-9285-4ab8-8574-c5feebcf7ef3)
2019-11-18 20:47:41.702 13785 RALLYDEBUG rally_openstack.cleanup.manager [-] Deleting neutron.network object s_rally_04c1a162_09cGiFOI (6d28e570-13f6-4b9f-8ab9-91d7f65e1676)
2019-11-18 20:47:41.732 13785 RALLYDEBUG rally_openstack.cleanup.manager [-] Deleting neutron.network object s_rally_04c1a162_1DJJpIeJ (13c7747d-236a-401f-8ebe-5d8d0eb6c387)
2019-11-18 20:47:41.738 13785 RALLYDEBUG rally_openstack.cleanup.manager [-] Deleting neutron.network object s_rally_04c1a162_Md8PVVI4 (2028863a-7f48-4f66-8d83-9b099ae583d3)
2019-11-18 20:47:41.743 13785 RALLYDEBUG rally_openstack.cleanup.manager [-] Deleting neutron.network object s_rally_04c1a162_FPI2Byo1 (3afa4774-8b17-4a12-9ce9-303a67cd5faf)
2019-11-18 20:47:41.757 13785 RALLYDEBUG rally_openstack.cleanup.manager [-] Deleting neutron.network object s_rally_04c1a162_cUdDX8M5 (bd95f209-747c-4c0d-98e1-3efbc20d4cd8)
2019-11-18 20:47:41.771 13785 RALLYDEBUG rally_openstack.cleanup.manager [-] Deleting neutron.network object s_rally_04c1a162_sd22XgEu (204bb11f-2f9b-4651-a95f-a73033b9fcec)
2019-11-18 20:47:41.776 13785 RALLYDEBUG rally_openstack.cleanup.manager [-] Deleting neutron.network object s_rally_04c1a162_1cMDxA2J (fce87d73-d9a9-440f-adf1-4e90d9900a8f)
2019-11-18 20:47:44.204 13785 RALLYDEBUG rally_openstack.cleanup.manager [-] Cleaning up neutron router objects
2019-11-18 20:47:45.456 13785 RALLYDEBUG rally_openstack.cleanup.manager [-] Cleaning up neutron security_group objects
2019-11-18 20:47:46.710 13785 INFO rally.task.context [-] Task 70f16d94-7e97-4551-ac69-1a421e3e1502 | Context cleanup@openstack cleanup() finished in 16.46 sec
2019-11-18 20:47:46.711 13785 INFO rally.task.context [-] Task 70f16d94-7e97-4551-ac69-1a421e3e1502 | Context quotas@openstack cleanup() started
2019-11-18 20:47:46.958 13785 INFO rally.task.context [-] Task 70f16d94-7e97-4551-ac69-1a421e3e1502 | Context quotas@openstack cleanup() finished in 0.25 sec
2019-11-18 20:47:46.958 13785 INFO rally.task.context [-] Task 70f16d94-7e97-4551-ac69-1a421e3e1502 | Context users@openstack cleanup() started
2019-11-18 20:47:51.026 13785 INFO rally.task.context [-] Task 70f16d94-7e97-4551-ac69-1a421e3e1502 | Context users@openstack cleanup() finished in 4.07 sec
2019-11-18 20:47:52.373 13785 INFO rally.task.engine [-] Load duration is: 2.407159
2019-11-18 20:47:52.373 13785 INFO rally.task.engine [-] Full runner duration is: 2.451408
2019-11-18 20:47:52.374 13785 INFO rally.task.engine [-] Full duration is: 26.827744
2019-11-18 20:47:52.687 13785 INFO rally.task.engine [-] Running workload: position = 0 config = { "version": 2, "title": "A cropped version of a bigger task.", "description": "Auto-generated task from a single workload (uuid=044e186c-0f2f-441d-b3f3-351ff7b61f60)", "subtasks": [ { "title": "NeutronNetworks.create_and_list_ports", "description": "Create and a given number of ports and list all ports.", "scenario": { "NeutronNetworks.create_and_list_ports": { "network_create_args": {}, "port_create_args": {}, "ports_per_network": 1 } }, "contexts": { "users": { "tenants": 3, "users_per_tenant": 2 }, "network": { "router": {} }, "quotas": { "neutron": { "network": -1, "port": -1 } } }, "runner": { "constant": { "concurrency": 4, "times": 10 } }, "hooks": [], "sla": { "failure_rate": { "max": 0 } } } ] }
2019-11-18 20:47:52.713 13785 RALLYDEBUG rally_openstack.contexts.keystone.users [-] Creating 3 tenants using 20 threads
2019-11-18 20:47:53.636 13785 RALLYDEBUG rally_openstack.contexts.keystone.users [-] Creating 6 users using 20 threads
2019-11-18 20:47:55.235 13785 INFO rally.task.context [-] Task 70f16d94-7e97-4551-ac69-1a421e3e1502 | Context users@openstack setup() finished in 2.52 sec
2019-11-18 20:47:56.156 13785 INFO rally.task.context [-] Task 70f16d94-7e97-4551-ac69-1a421e3e1502 | Context quotas@openstack setup() finished in 0.92 sec
2019-11-18 20:47:56.745 13785 RALLYDEBUG rally_openstack.wrappers.network [-] CIDR generated: 10.2.49.0/24
2019-11-18 20:47:57.652 13785 RALLYDEBUG rally_openstack.wrappers.network [-] CIDR generated: 10.2.50.0/24
2019-11-18 20:47:58.434 13785 RALLYDEBUG rally_openstack.wrappers.network [-] CIDR generated: 10.2.51.0/24
2019-11-18 20:47:58.941 13785 INFO rally.task.context [-] Task 70f16d94-7e97-4551-ac69-1a421e3e1502 | Context network@openstack setup() finished in 2.78 sec
2019-11-18 20:47:58.941 13785 INFO rally.task.context [-] Task 70f16d94-7e97-4551-ac69-1a421e3e1502 | Context cleanup@openstack setup() finished in 0.03 msec
2019-11-18 20:47:58.951 13785 RALLYDEBUG rally.task.runner [-] Starting the constant runner (task UUID: 70f16d94-7e97-4551-ac69-1a421e3e1502). times: 10 concurrency: 4 timeout: 0 max_cpu_used: 16 processes_to_start: 4 concurrency_per_worker: 1 concurrency_overhead: 0
2019-11-18 20:47:58.963 16825 RALLYDEBUG rally.task.runner [-] Starting a worker. times: 10 duration: None concurrency: 1 timeout: 0 cls: method_name: run args: {"network_create_args": {}, "port_create_args": {}, "ports_per_network": 1}
2019-11-18 20:47:58.966 16826 RALLYDEBUG rally.task.runner [-] Starting a worker. times: 10 duration: None concurrency: 1 timeout: 0 cls: method_name: run args: {"network_create_args": {}, "port_create_args": {}, "ports_per_network": 1}
2019-11-18 20:47:58.970 16825 INFO rally.task.runner [-] Task 70f16d94-7e97-4551-ac69-1a421e3e1502 | ITER: 1 START
2019-11-18 20:47:58.970 16827 RALLYDEBUG rally.task.runner [-] Starting a worker. times: 10 duration: None concurrency: 1 timeout: 0 cls: method_name: run args: {"network_create_args": {}, "port_create_args": {}, "ports_per_network": 1}
2019-11-18 20:47:58.973 16826 INFO rally.task.runner [-] Task 70f16d94-7e97-4551-ac69-1a421e3e1502 | ITER: 2 START
2019-11-18 20:47:58.973 16828 RALLYDEBUG rally.task.runner [-] Starting a worker. times: 10 duration: None concurrency: 1 timeout: 0 cls: method_name: run args: {"network_create_args": {}, "port_create_args": {}, "ports_per_network": 1}
2019-11-18 20:47:58.977 16827 INFO rally.task.runner [-] Task 70f16d94-7e97-4551-ac69-1a421e3e1502 | ITER: 3 START
2019-11-18 20:47:58.980 16828 INFO rally.task.runner [-] Task 70f16d94-7e97-4551-ac69-1a421e3e1502 | ITER: 4 START
2019-11-18 20:48:00.228 16828 INFO rally.task.runner [-] Task 70f16d94-7e97-4551-ac69-1a421e3e1502 | ITER: 4 END: OK
2019-11-18 20:48:00.233 16828 INFO rally.task.runner [-] Task 70f16d94-7e97-4551-ac69-1a421e3e1502 | ITER: 5 START
2019-11-18 20:48:00.306 16827 INFO rally.task.runner [-] Task 70f16d94-7e97-4551-ac69-1a421e3e1502 | ITER: 3 END: OK
2019-11-18 20:48:00.311 16827 INFO rally.task.runner [-] Task 70f16d94-7e97-4551-ac69-1a421e3e1502 | ITER: 6 START
2019-11-18 20:48:00.706 16825 INFO rally.task.runner [-] Task 70f16d94-7e97-4551-ac69-1a421e3e1502 | ITER: 1 END: OK
2019-11-18 20:48:00.707 16826 INFO rally.task.runner [-] Task 70f16d94-7e97-4551-ac69-1a421e3e1502 | ITER: 2 END: OK
2019-11-18 20:48:00.711 16825 INFO rally.task.runner [-] Task 70f16d94-7e97-4551-ac69-1a421e3e1502 | ITER: 7 START
2019-11-18 20:48:00.712 16826 INFO rally.task.runner [-] Task 70f16d94-7e97-4551-ac69-1a421e3e1502 | ITER: 8 START
2019-11-18 20:48:01.515 16828 INFO rally.task.runner [-] Task 70f16d94-7e97-4551-ac69-1a421e3e1502 | ITER: 5 END: OK
2019-11-18 20:48:01.519 16828 INFO rally.task.runner [-] Task 70f16d94-7e97-4551-ac69-1a421e3e1502 | ITER: 9 START
2019-11-18 20:48:01.711 16826 INFO rally.task.runner [-] Task 70f16d94-7e97-4551-ac69-1a421e3e1502 | ITER: 8 END: OK
2019-11-18 20:48:01.715 16826 INFO rally.task.runner [-] Task 70f16d94-7e97-4551-ac69-1a421e3e1502 | ITER: 10 START
2019-11-18 20:48:01.725 16827 INFO rally.task.runner [-] Task 70f16d94-7e97-4551-ac69-1a421e3e1502 | ITER: 6 END: OK
2019-11-18 20:48:01.749 16825 INFO rally.task.runner [-] Task 70f16d94-7e97-4551-ac69-1a421e3e1502 | ITER: 7 END: OK
2019-11-18 20:48:02.563 16828 INFO rally.task.runner [-] Task 70f16d94-7e97-4551-ac69-1a421e3e1502 | ITER: 9 END: OK
2019-11-18 20:48:03.091 16826 INFO rally.task.runner [-] Task 70f16d94-7e97-4551-ac69-1a421e3e1502 | ITER: 10 END: OK
2019-11-18 20:48:03.113 13785 INFO rally.task.context [-] Task 70f16d94-7e97-4551-ac69-1a421e3e1502 | Context cleanup@openstack cleanup() started
2019-11-18 20:48:03.116 13785 RALLYDEBUG rally_openstack.cleanup.manager [-] Cleaning up neutron vip objects
2019-11-18 20:48:04.370 13785 RALLYDEBUG rally_openstack.cleanup.manager [-] Cleaning up neutron health_monitor objects
2019-11-18 20:48:05.442 13785 RALLYDEBUG rally_openstack.cleanup.manager [-] Cleaning up neutron pool objects
2019-11-18 20:48:06.506 13785 RALLYDEBUG rally_openstack.cleanup.manager [-] Cleaning up neutron loadbalancer objects
2019-11-18 20:48:07.596 13785 RALLYDEBUG rally_openstack.cleanup.manager [-] Cleaning up neutron floatingip objects
2019-11-18 20:48:08.791 13785 RALLYDEBUG rally_openstack.cleanup.manager [-] Cleaning up neutron trunk objects
2019-11-18 20:48:09.920 13785 RALLYDEBUG rally_openstack.cleanup.manager [-] Cleaning up neutron port objects
2019-11-18 20:48:11.477 13785 RALLYDEBUG rally_openstack.cleanup.manager [-] Deleting neutron.port object s_rally_044e186c_JD3yM7ER (2ca720ba-ce24-49c1-9572-1878bf613561)
2019-11-18 20:48:11.486 13785 RALLYDEBUG rally_openstack.cleanup.manager [-] Deleting neutron.port object s_rally_044e186c_YTQ5E4j7 (458a7499-06a8-4a03-a261-673744e36db5)
2019-11-18 20:48:11.506 13785 RALLYDEBUG rally_openstack.cleanup.manager [-] Deleting neutron.port object s_rally_044e186c_tF8SsfbH (d2748169-0c6a-4da7-9ec2-41440a366fd3)
2019-11-18 20:48:11.522 13785 RALLYDEBUG rally_openstack.cleanup.manager [-] Deleting neutron.port object s_rally_044e186c_mH4pNKiw (91c9500a-b4f7-4473-849a-efae3b8c5642)
2019-11-18 20:48:11.532 13785 RALLYDEBUG rally_openstack.cleanup.manager [-] Deleting neutron.port object s_rally_044e186c_En01emXu (d3a0a52d-1a40-4835-964d-bdcbc1dd6474)
2019-11-18 20:48:11.541 13785 RALLYDEBUG rally_openstack.cleanup.manager [-] Deleting neutron.port object s_rally_044e186c_e4b8kqt2 (0bd43e8f-8d6f-4bcf-9cfd-d5a20c33b69f)
2019-11-18 20:48:11.555 13785 RALLYDEBUG rally_openstack.cleanup.manager [-] Deleting neutron.port object s_rally_044e186c_cZ74xFPC (30adc60d-8888-45c5-99ac-02f5bc4e1fc3)
2019-11-18 20:48:11.571 13785 RALLYDEBUG rally_openstack.cleanup.manager [-] Deleting neutron.port object s_rally_044e186c_69VoUfum (74e74d0b-9966-4ff4-8dd6-219bad3bcc81)
2019-11-18 20:48:11.586 13785 RALLYDEBUG rally_openstack.cleanup.manager [-] Deleting neutron.port object s_rally_044e186c_hh2x1afu (beb7399d-3400-4c18-8505-89161cc97480)
2019-11-18 20:48:11.589 13785 RALLYDEBUG rally_openstack.cleanup.manager [-] Deleting neutron.port object s_rally_044e186c_l5yCkQa6 (fa26ec9b-5f31-48e8-9de4-9754d665f70f)
2019-11-18 20:48:13.835 13785 RALLYDEBUG rally_openstack.cleanup.manager [-] Cleaning up neutron subnet objects
2019-11-18 20:48:15.085 13785 RALLYDEBUG rally_openstack.cleanup.manager [-] Cleaning up neutron network objects
2019-11-18 20:48:16.505 13785 RALLYDEBUG rally_openstack.cleanup.manager [-] Cleaning up neutron router objects
2019-11-18 20:48:17.727 13785 RALLYDEBUG rally_openstack.cleanup.manager [-] Cleaning up neutron security_group objects
2019-11-18 20:48:18.981 13785 INFO rally.task.context [-] Task 70f16d94-7e97-4551-ac69-1a421e3e1502 | Context cleanup@openstack cleanup() finished in 15.87 sec
2019-11-18 20:48:18.981 13785 INFO rally.task.context [-] Task 70f16d94-7e97-4551-ac69-1a421e3e1502 | Context network@openstack cleanup() started
2019-11-18 20:48:30.638 13785 INFO rally.task.context [-] Task 70f16d94-7e97-4551-ac69-1a421e3e1502 | Context network@openstack cleanup() finished in 11.66 sec
2019-11-18 20:48:30.638 13785 INFO rally.task.context [-] Task 70f16d94-7e97-4551-ac69-1a421e3e1502 | Context quotas@openstack cleanup() started
2019-11-18 20:48:30.828 13785 INFO rally.task.context [-] Task 70f16d94-7e97-4551-ac69-1a421e3e1502 | Context quotas@openstack cleanup() finished in 0.19 sec
2019-11-18 20:48:30.828 13785 INFO rally.task.context [-] Task 70f16d94-7e97-4551-ac69-1a421e3e1502 | Context users@openstack cleanup() started
2019-11-18 20:48:34.898 13785 INFO rally.task.context [-] Task 70f16d94-7e97-4551-ac69-1a421e3e1502 | Context users@openstack cleanup() finished in 4.07 sec
2019-11-18 20:48:34.934 13785 INFO rally.task.engine [-] Load duration is: 4.120163
2019-11-18 20:48:34.934 13785 INFO rally.task.engine [-] Full runner duration is: 4.162445
2019-11-18 20:48:34.935 13785 INFO rally.task.engine [-] Full duration is: 42.187187
2019-11-18 20:48:35.245 13785 INFO rally.task.engine [-] Running workload: position = 0 config = { "version": 2, "title": "A cropped version of a bigger task.", "description": "Auto-generated task from a single workload (uuid=fec9cb9d-ca45-4046-80da-5e5076125344)", "subtasks": [ { "title": "NeutronNetworks.create_and_list_routers", "description": "Create and a given number of routers and list all routers.", "scenario": { "NeutronNetworks.create_and_list_routers": { "network_create_args": {}, "router_create_args": {}, "subnet_cidr_start": "1.1.0.0/30", "subnet_create_args": {}, "subnets_per_network": 1 } }, "contexts": { "users": { "tenants": 3, "users_per_tenant": 2 }, "quotas": { "neutron": { "network": -1, "subnet": -1, "router": -1 } } }, "runner": { "constant": { "concurrency": 4, "times": 10 } }, "hooks": [], "sla": { "failure_rate": { "max": 0 } } } ] }
2019-11-18 20:48:35.269 13785 RALLYDEBUG rally_openstack.contexts.keystone.users [-] Creating 3 tenants using 20 threads
2019-11-18 20:48:36.293 13785 RALLYDEBUG rally_openstack.contexts.keystone.users [-] Creating 6 users using 20 threads
2019-11-18 20:48:37.777 13785 INFO rally.task.context [-] Task 70f16d94-7e97-4551-ac69-1a421e3e1502 | Context users@openstack setup() finished in 2.51 sec
2019-11-18 20:48:38.689 13785 INFO rally.task.context [-] Task 70f16d94-7e97-4551-ac69-1a421e3e1502 | Context quotas@openstack setup() finished in 0.91 sec
2019-11-18 20:48:38.689 13785 INFO rally.task.context [-] Task 70f16d94-7e97-4551-ac69-1a421e3e1502 | Context cleanup@openstack setup() finished in 0.01 msec
2019-11-18 20:48:38.699 13785 RALLYDEBUG rally.task.runner [-] Starting the constant runner (task UUID: 70f16d94-7e97-4551-ac69-1a421e3e1502). times: 10 concurrency: 4 timeout: 0 max_cpu_used: 16 processes_to_start: 4 concurrency_per_worker: 1 concurrency_overhead: 0
2019-11-18 20:48:38.711 17149 RALLYDEBUG rally.task.runner [-] Starting a worker. times: 10 duration: None concurrency: 1 timeout: 0 cls: method_name: run args: {"network_create_args": {}, "router_create_args": {}, "subnet_cidr_start": "1.1.0.0/30", "subnet_create_args": {}, "subnets_per_network": 1}
2019-11-18 20:48:38.714 17150 RALLYDEBUG rally.task.runner [-] Starting a worker. times: 10 duration: None concurrency: 1 timeout: 0 cls: method_name: run args: {"network_create_args": {}, "router_create_args": {}, "subnet_cidr_start": "1.1.0.0/30", "subnet_create_args": {}, "subnets_per_network": 1}
2019-11-18 20:48:38.717 17149 INFO rally.task.runner [-] Task 70f16d94-7e97-4551-ac69-1a421e3e1502 | ITER: 1 START
2019-11-18 20:48:38.718 17151 RALLYDEBUG rally.task.runner [-] Starting a worker. times: 10 duration: None concurrency: 1 timeout: 0 cls: method_name: run args: {"network_create_args": {}, "router_create_args": {}, "subnet_cidr_start": "1.1.0.0/30", "subnet_create_args": {}, "subnets_per_network": 1}
2019-11-18 20:48:38.720 17150 INFO rally.task.runner [-] Task 70f16d94-7e97-4551-ac69-1a421e3e1502 | ITER: 2 START
2019-11-18 20:48:38.722 17154 RALLYDEBUG rally.task.runner [-] Starting a worker. times: 10 duration: None concurrency: 1 timeout: 0 cls: method_name: run args: {"network_create_args": {}, "router_create_args": {}, "subnet_cidr_start": "1.1.0.0/30", "subnet_create_args": {}, "subnets_per_network": 1}
2019-11-18 20:48:38.724 17151 INFO rally.task.runner [-] Task 70f16d94-7e97-4551-ac69-1a421e3e1502 | ITER: 3 START
2019-11-18 20:48:38.727 17154 INFO rally.task.runner [-] Task 70f16d94-7e97-4551-ac69-1a421e3e1502 | ITER: 4 START
2019-11-18 20:48:39.358 17149 RALLYDEBUG rally_openstack.wrappers.network [-] CIDR generated: 1.1.0.208/30
2019-11-18 20:48:39.363 17151 RALLYDEBUG rally_openstack.wrappers.network [-] CIDR generated: 1.1.0.212/30
2019-11-18 20:48:39.763 17154 RALLYDEBUG rally_openstack.wrappers.network [-] CIDR generated: 1.1.0.216/30
2019-11-18 20:48:39.916 17150 RALLYDEBUG rally_openstack.wrappers.network [-] CIDR generated: 1.1.0.220/30
2019-11-18 20:48:42.391 17149 INFO rally.task.runner [-] Task 70f16d94-7e97-4551-ac69-1a421e3e1502 | ITER: 1 END: OK
2019-11-18 20:48:42.396 17149 INFO rally.task.runner [-] Task 70f16d94-7e97-4551-ac69-1a421e3e1502 | ITER: 5 START
2019-11-18 20:48:42.630 17150 INFO rally.task.runner [-] Task 70f16d94-7e97-4551-ac69-1a421e3e1502 | ITER: 2 END: OK
2019-11-18 20:48:42.634 17150 INFO rally.task.runner [-] Task 70f16d94-7e97-4551-ac69-1a421e3e1502 | ITER: 6 START
2019-11-18 20:48:42.809 17154 INFO rally.task.runner [-] Task 70f16d94-7e97-4551-ac69-1a421e3e1502 | ITER: 4 END: OK
2019-11-18 20:48:42.813 17154 INFO rally.task.runner [-] Task 70f16d94-7e97-4551-ac69-1a421e3e1502 | ITER: 7 START
2019-11-18 20:48:42.912 17149 RALLYDEBUG rally_openstack.wrappers.network [-] CIDR generated: 1.1.0.224/30
2019-11-18 20:48:42.948 17151 INFO rally.task.runner [-] Task 70f16d94-7e97-4551-ac69-1a421e3e1502 | ITER: 3 END: OK
2019-11-18 20:48:42.952 17151 INFO rally.task.runner [-] Task 70f16d94-7e97-4551-ac69-1a421e3e1502 | ITER: 8 START
2019-11-18 20:48:43.292 17150 RALLYDEBUG rally_openstack.wrappers.network [-] CIDR generated: 1.1.0.228/30
2019-11-18 20:48:43.317 17154 RALLYDEBUG rally_openstack.wrappers.network [-] CIDR generated: 1.1.0.232/30
2019-11-18 20:48:43.578 17151 RALLYDEBUG rally_openstack.wrappers.network [-] CIDR generated: 1.1.0.236/30
2019-11-18 20:48:45.884 17154 INFO rally.task.runner [-] Task 70f16d94-7e97-4551-ac69-1a421e3e1502 | ITER: 7 END: OK
2019-11-18 20:48:45.888 17154 INFO rally.task.runner [-] Task 70f16d94-7e97-4551-ac69-1a421e3e1502 | ITER: 9 START
2019-11-18 20:48:46.165 17149 INFO rally.task.runner [-] Task 70f16d94-7e97-4551-ac69-1a421e3e1502 | ITER: 5 END: OK
2019-11-18 20:48:46.170 17149 INFO rally.task.runner [-] Task 70f16d94-7e97-4551-ac69-1a421e3e1502 | ITER: 10 START
2019-11-18 20:48:46.395 17154 RALLYDEBUG rally_openstack.wrappers.network [-] CIDR generated: 1.1.0.240/30
2019-11-18 20:48:46.415 17150 INFO rally.task.runner [-] Task 70f16d94-7e97-4551-ac69-1a421e3e1502 | ITER: 6 END: OK
2019-11-18 20:48:46.545 17151 INFO rally.task.runner [-] Task 70f16d94-7e97-4551-ac69-1a421e3e1502 | ITER: 8 END: OK
2019-11-18 20:48:46.749 17149 RALLYDEBUG rally_openstack.wrappers.network [-] CIDR generated: 1.1.0.244/30
2019-11-18 20:48:49.031 17154 INFO rally.task.runner [-] Task 70f16d94-7e97-4551-ac69-1a421e3e1502 | ITER: 9 END: OK
2019-11-18 20:48:49.838 17149 INFO rally.task.runner [-] Task 70f16d94-7e97-4551-ac69-1a421e3e1502 | ITER: 10 END: OK
2019-11-18 20:48:49.864 13785 INFO rally.task.context [-] Task 70f16d94-7e97-4551-ac69-1a421e3e1502 | Context cleanup@openstack cleanup() started
2019-11-18 20:48:49.867 13785 RALLYDEBUG rally_openstack.cleanup.manager [-] Cleaning up neutron vip objects
2019-11-18 20:48:50.940 13785 RALLYDEBUG rally_openstack.cleanup.manager [-] Cleaning up neutron health_monitor objects
2019-11-18 20:48:52.006 13785 RALLYDEBUG rally_openstack.cleanup.manager [-] Cleaning up neutron pool objects
