2019-11-18 20:31:49.038 8497 INFO rally.task.engine [-] Running workload: position = 0 config = { "version": 2, "title": "A cropped version of a bigger task.", "description": "Auto-generated task from a single workload (uuid=782bebd7-37c5-40a2-acf4-158271d164cf)", "subtasks": [ { "title": "HeatStacks.create_update_delete_stack", "description": "Create, update and then delete a stack.", "scenario": { "HeatStacks.create_update_delete_stack": { "template_path": "/usr/lib/python3.6/site-packages/functest/opnfv_tests/openstack/rally/scenario/templates/random_strings.yaml.template", "updated_template_path": "/usr/lib/python3.6/site-packages/functest/opnfv_tests/openstack/rally/scenario/templates/updated_random_strings_add.yaml.template" } }, "contexts": { "users": { "tenants": 3, "users_per_tenant": 2 }, "roles": [ "heat_stack_owner" ] }, "runner": { "constant": { "concurrency": 4, "times": 10 } }, "hooks": [], "sla": { "failure_rate": { "max": 0 } } } ] }
2019-11-18 20:31:49.063 8497 RALLYDEBUG rally_openstack.contexts.keystone.users [-] Creating 3 tenants using 20 threads
2019-11-18 20:31:50.117 8497 RALLYDEBUG rally_openstack.contexts.keystone.users [-] Creating 6 users using 20 threads
2019-11-18 20:31:51.695 8497 INFO rally.task.context [-] Task 24117ea8-833d-4479-9948-9f03801bf6a0 | Context users@openstack setup() finished in 2.63 sec
2019-11-18 20:31:52.394 8497 RALLYDEBUG rally_openstack.contexts.keystone.roles [-] Adding role heat_stack_owner having ID 49d298b17cd7474a8f000add4c3e0759 to all users using 30 threads
2019-11-18 20:31:57.501 8497 INFO rally.task.context [-] Task 24117ea8-833d-4479-9948-9f03801bf6a0 | Context roles@openstack setup() finished in 5.81 sec
2019-11-18 20:31:57.502 8497 INFO rally.task.context [-] Task 24117ea8-833d-4479-9948-9f03801bf6a0 | Context cleanup@openstack setup() finished in 0.01 msec
2019-11-18 20:31:57.512 8497 RALLYDEBUG rally.task.runner [-] Starting the constant runner (task UUID: 24117ea8-833d-4479-9948-9f03801bf6a0). times: 10 concurrency: 4 timeout: 0 max_cpu_used: 16 processes_to_start: 4 concurrency_per_worker: 1 concurrency_overhead: 0
2019-11-18 20:31:57.524 10107 RALLYDEBUG rally.task.runner [-] Starting a worker. times: 10 duration: None concurrency: 1 timeout: 0 cls: method_name: run args: {"template_path": "heat_template_version: 2014-10-16\n\ndescription: Test template for rally create-update-delete scenario\n\nresources:\n test_string_one:\n type: OS::Heat::RandomString\n properties:\n length: 20\n test_string_two:\n type: OS::Heat::RandomString\n properties:\n length: 20", "updated_template_path": "heat_template_version: 2014-10-16\n\ndescription: >\n Test template for create-update-delete-stack scenario in rally.\n The template updates the stack defined by random_strings.yaml.template with additional resource.\n\nresources:\n test_string_one:\n type: OS::Heat::RandomString\n properties:\n length: 20\n test_string_two:\n type: OS::Heat::RandomString\n properties:\n length: 20\n test_string_three:\n type: OS::Heat::RandomString\n properties:\n length: 20"}
2019-11-18 20:31:57.527 10108 RALLYDEBUG rally.task.runner [-] Starting a worker. times: 10 duration: None concurrency: 1 timeout: 0 cls: method_name: run args: {"template_path": "heat_template_version: 2014-10-16\n\ndescription: Test template for rally create-update-delete scenario\n\nresources:\n test_string_one:\n type: OS::Heat::RandomString\n properties:\n length: 20\n test_string_two:\n type: OS::Heat::RandomString\n properties:\n length: 20", "updated_template_path": "heat_template_version: 2014-10-16\n\ndescription: >\n Test template for create-update-delete-stack scenario in rally.\n The template updates the stack defined by random_strings.yaml.template with additional resource.\n\nresources:\n test_string_one:\n type: OS::Heat::RandomString\n properties:\n length: 20\n test_string_two:\n type: OS::Heat::RandomString\n properties:\n length: 20\n test_string_three:\n type: OS::Heat::RandomString\n properties:\n length: 20"}
2019-11-18 20:31:57.531 10107 INFO rally.task.runner [-] Task 24117ea8-833d-4479-9948-9f03801bf6a0 | ITER: 1 START
2019-11-18 20:31:57.530 10109 RALLYDEBUG rally.task.runner [-] Starting a worker. times: 10 duration: None concurrency: 1 timeout: 0 cls: method_name: run args: {"template_path": "heat_template_version: 2014-10-16\n\ndescription: Test template for rally create-update-delete scenario\n\nresources:\n test_string_one:\n type: OS::Heat::RandomString\n properties:\n length: 20\n test_string_two:\n type: OS::Heat::RandomString\n properties:\n length: 20", "updated_template_path": "heat_template_version: 2014-10-16\n\ndescription: >\n Test template for create-update-delete-stack scenario in rally.\n The template updates the stack defined by random_strings.yaml.template with additional resource.\n\nresources:\n test_string_one:\n type: OS::Heat::RandomString\n properties:\n length: 20\n test_string_two:\n type: OS::Heat::RandomString\n properties:\n length: 20\n test_string_three:\n type: OS::Heat::RandomString\n properties:\n length: 20"}
2019-11-18 20:31:57.533 10110 RALLYDEBUG rally.task.runner [-] Starting a worker. times: 10 duration: None concurrency: 1 timeout: 0 cls: method_name: run args: {"template_path": "heat_template_version: 2014-10-16\n\ndescription: Test template for rally create-update-delete scenario\n\nresources:\n test_string_one:\n type: OS::Heat::RandomString\n properties:\n length: 20\n test_string_two:\n type: OS::Heat::RandomString\n properties:\n length: 20", "updated_template_path": "heat_template_version: 2014-10-16\n\ndescription: >\n Test template for create-update-delete-stack scenario in rally.\n The template updates the stack defined by random_strings.yaml.template with additional resource.\n\nresources:\n test_string_one:\n type: OS::Heat::RandomString\n properties:\n length: 20\n test_string_two:\n type: OS::Heat::RandomString\n properties:\n length: 20\n test_string_three:\n type: OS::Heat::RandomString\n properties:\n length: 20"}
2019-11-18 20:31:57.534 10108 INFO rally.task.runner [-] Task 24117ea8-833d-4479-9948-9f03801bf6a0 | ITER: 2 START
2019-11-18 20:31:57.537 10109 INFO rally.task.runner [-] Task 24117ea8-833d-4479-9948-9f03801bf6a0 | ITER: 3 START
2019-11-18 20:31:57.538 10110 INFO rally.task.runner [-] Task 24117ea8-833d-4479-9948-9f03801bf6a0 | ITER: 4 START
2019-11-18 20:32:00.950 10108 RALLYDEBUG rally.task.utils [-] Waiting for resource . Status changed: CREATE_IN_PROGRESS => CREATE_COMPLETE in 0.07061386108398438
2019-11-18 20:32:00.965 10109 RALLYDEBUG rally.task.utils [-] Waiting for resource . Status changed: CREATE_IN_PROGRESS => CREATE_COMPLETE in 0.07505226135253906
2019-11-18 20:32:01.007 10107 RALLYDEBUG rally.task.utils [-] Waiting for resource . Status changed: CREATE_IN_PROGRESS => CREATE_COMPLETE in 0.06968116760253906
2019-11-18 20:32:01.008 10110 RALLYDEBUG rally.task.utils [-] Waiting for resource . Status changed: CREATE_IN_PROGRESS => CREATE_COMPLETE in 0.06002449989318848
2019-11-18 20:32:03.117 10108 RALLYDEBUG rally.task.utils [-] Waiting for resource . Status changed: CREATE_COMPLETE => UPDATE_IN_PROGRESS in 0.06812834739685059
2019-11-18 20:32:03.136 10109 RALLYDEBUG rally.task.utils [-] Waiting for resource . Status changed: CREATE_COMPLETE => UPDATE_IN_PROGRESS in 0.06578302383422852
2019-11-18 20:32:03.167 10110 RALLYDEBUG rally.task.utils [-] Waiting for resource . Status changed: CREATE_COMPLETE => UPDATE_IN_PROGRESS in 0.06610822677612305
2019-11-18 20:32:03.196 10107 RALLYDEBUG rally.task.utils [-] Waiting for resource . Status changed: CREATE_COMPLETE => UPDATE_IN_PROGRESS in 0.06974315643310547
2019-11-18 20:32:04.194 10108 RALLYDEBUG rally.task.utils [-] Waiting for resource . Status changed: UPDATE_IN_PROGRESS => UPDATE_COMPLETE in 1.076568365097046
2019-11-18 20:32:04.220 10109 RALLYDEBUG rally.task.utils [-] Waiting for resource . Status changed: UPDATE_IN_PROGRESS => UPDATE_COMPLETE in 1.084197998046875
2019-11-18 20:32:04.241 10110 RALLYDEBUG rally.task.utils [-] Waiting for resource . Status changed: UPDATE_IN_PROGRESS => UPDATE_COMPLETE in 1.0735316276550293
2019-11-18 20:32:04.275 10107 RALLYDEBUG rally.task.utils [-] Waiting for resource . Status changed: UPDATE_IN_PROGRESS => UPDATE_COMPLETE in 1.0789589881896973
2019-11-18 20:32:04.312 10108 RALLYDEBUG rally.task.utils [-] Waiting for resource . Status changed: CREATE_COMPLETE => DELETE_IN_PROGRESS in 0.05223369598388672
2019-11-18 20:32:04.337 10109 RALLYDEBUG rally.task.utils [-] Waiting for resource . Status changed: CREATE_COMPLETE => DELETE_IN_PROGRESS in 0.05475616455078125
2019-11-18 20:32:04.345 10110 RALLYDEBUG rally.task.utils [-] Waiting for resource . Status changed: CREATE_COMPLETE => DELETE_IN_PROGRESS in 0.046480417251586914
2019-11-18 20:32:04.396 10107 RALLYDEBUG rally.task.utils [-] Waiting for resource . Status changed: CREATE_COMPLETE => DELETE_IN_PROGRESS in 0.048844337463378906
2019-11-18 20:32:06.434 10108 INFO rally.task.runner [-] Task 24117ea8-833d-4479-9948-9f03801bf6a0 | ITER: 2 END: OK
2019-11-18 20:32:06.438 10108 INFO rally.task.runner [-] Task 24117ea8-833d-4479-9948-9f03801bf6a0 | ITER: 5 START
2019-11-18 20:32:06.468 10109 INFO rally.task.runner [-] Task 24117ea8-833d-4479-9948-9f03801bf6a0 | ITER: 3 END: OK
2019-11-18 20:32:06.473 10109 INFO rally.task.runner [-] Task 24117ea8-833d-4479-9948-9f03801bf6a0 | ITER: 6 START
2019-11-18 20:32:06.485 10110 INFO rally.task.runner [-] Task 24117ea8-833d-4479-9948-9f03801bf6a0 | ITER: 4 END: OK
2019-11-18 20:32:06.489 10110 INFO rally.task.runner [-] Task 24117ea8-833d-4479-9948-9f03801bf6a0 | ITER: 7 START
2019-11-18 20:32:06.513 10107 INFO rally.task.runner [-] Task 24117ea8-833d-4479-9948-9f03801bf6a0 | ITER: 1 END: OK
2019-11-18 20:32:06.518 10107 INFO rally.task.runner [-] Task 24117ea8-833d-4479-9948-9f03801bf6a0 | ITER: 8 START
2019-11-18 20:32:09.868 10108 RALLYDEBUG rally.task.utils [-] Waiting for resource . Status changed: CREATE_IN_PROGRESS => CREATE_COMPLETE in 0.07470226287841797
2019-11-18 20:32:09.875 10107 RALLYDEBUG rally.task.utils [-] Waiting for resource . Status changed: CREATE_IN_PROGRESS => CREATE_COMPLETE in 0.07573080062866211
2019-11-18 20:32:09.944 10109 RALLYDEBUG rally.task.utils [-] Waiting for resource . Status changed: CREATE_IN_PROGRESS => CREATE_COMPLETE in 0.06184840202331543
2019-11-18 20:32:09.952 10110 RALLYDEBUG rally.task.utils [-] Waiting for resource . Status changed: CREATE_IN_PROGRESS => CREATE_COMPLETE in 0.07018876075744629
2019-11-18 20:32:12.051 10107 RALLYDEBUG rally.task.utils [-] Waiting for resource . Status changed: CREATE_COMPLETE => UPDATE_IN_PROGRESS in 0.06935524940490723
2019-11-18 20:32:12.063 10108 RALLYDEBUG rally.task.utils [-] Waiting for resource . Status changed: CREATE_COMPLETE => UPDATE_IN_PROGRESS in 0.08159160614013672
2019-11-18 20:32:12.112 10109 RALLYDEBUG rally.task.utils [-] Waiting for resource . Status changed: CREATE_COMPLETE => UPDATE_IN_PROGRESS in 0.07055044174194336
2019-11-18 20:32:12.125 10110 RALLYDEBUG rally.task.utils [-] Waiting for resource . Status changed: CREATE_COMPLETE => UPDATE_IN_PROGRESS in 0.07680702209472656
2019-11-18 20:32:13.124 10107 RALLYDEBUG rally.task.utils [-] Waiting for resource . Status changed: UPDATE_IN_PROGRESS => UPDATE_COMPLETE in 1.07326078414917
2019-11-18 20:32:13.128 10108 RALLYDEBUG rally.task.utils [-] Waiting for resource . Status changed: UPDATE_IN_PROGRESS => UPDATE_COMPLETE in 1.0647389888763428
2019-11-18 20:32:13.183 10109 RALLYDEBUG rally.task.utils [-] Waiting for resource . Status changed: UPDATE_IN_PROGRESS => UPDATE_COMPLETE in 1.0701682567596436
2019-11-18 20:32:13.193 10110 RALLYDEBUG rally.task.utils [-] Waiting for resource . Status changed: UPDATE_IN_PROGRESS => UPDATE_COMPLETE in 1.067556619644165
2019-11-18 20:32:13.237 10107 RALLYDEBUG rally.task.utils [-] Waiting for resource . Status changed: CREATE_COMPLETE => DELETE_IN_PROGRESS in 0.05833172798156738
2019-11-18 20:32:13.243 10108 RALLYDEBUG rally.task.utils [-] Waiting for resource . Status changed: CREATE_COMPLETE => DELETE_IN_PROGRESS in 0.04998660087585449
2019-11-18 20:32:13.284 10109 RALLYDEBUG rally.task.utils [-] Waiting for resource . Status changed: CREATE_COMPLETE => DELETE_IN_PROGRESS in 0.04556751251220703
2019-11-18 20:32:13.308 10110 RALLYDEBUG rally.task.utils [-] Waiting for resource . Status changed: CREATE_COMPLETE => DELETE_IN_PROGRESS in 0.049863576889038086
2019-11-18 20:32:15.365 10107 INFO rally.task.runner [-] Task 24117ea8-833d-4479-9948-9f03801bf6a0 | ITER: 8 END: OK
2019-11-18 20:32:15.367 10108 INFO rally.task.runner [-] Task 24117ea8-833d-4479-9948-9f03801bf6a0 | ITER: 5 END: OK
2019-11-18 20:32:15.370 10107 INFO rally.task.runner [-] Task 24117ea8-833d-4479-9948-9f03801bf6a0 | ITER: 9 START
2019-11-18 20:32:15.371 10108 INFO rally.task.runner [-] Task 24117ea8-833d-4479-9948-9f03801bf6a0 | ITER: 10 START
2019-11-18 20:32:15.392 10109 INFO rally.task.runner [-] Task 24117ea8-833d-4479-9948-9f03801bf6a0 | ITER: 6 END: OK
2019-11-18 20:32:15.417 10110 INFO rally.task.runner [-] Task 24117ea8-833d-4479-9948-9f03801bf6a0 | ITER: 7 END: OK
2019-11-18 20:32:18.817 10108 RALLYDEBUG rally.task.utils [-] Waiting for resource . Status changed: CREATE_IN_PROGRESS => CREATE_COMPLETE in 0.07614541053771973
2019-11-18 20:32:18.824 10107 RALLYDEBUG rally.task.utils [-] Waiting for resource . Status changed: CREATE_IN_PROGRESS => CREATE_COMPLETE in 0.08195853233337402
2019-11-18 20:32:20.998 10108 RALLYDEBUG rally.task.utils [-] Waiting for resource . Status changed: CREATE_COMPLETE => UPDATE_IN_PROGRESS in 0.07461023330688477
2019-11-18 20:32:21.011 10107 RALLYDEBUG rally.task.utils [-] Waiting for resource . Status changed: CREATE_COMPLETE => UPDATE_IN_PROGRESS in 0.07576131820678711
2019-11-18 20:32:22.072 10108 RALLYDEBUG rally.task.utils [-] Waiting for resource . Status changed: UPDATE_IN_PROGRESS => UPDATE_COMPLETE in 1.0740795135498047
2019-11-18 20:32:22.083 10107 RALLYDEBUG rally.task.utils [-] Waiting for resource . Status changed: UPDATE_IN_PROGRESS => UPDATE_COMPLETE in 1.0723927021026611
2019-11-18 20:32:22.188 10108 RALLYDEBUG rally.task.utils [-] Waiting for resource . Status changed: CREATE_COMPLETE => DELETE_IN_PROGRESS in 0.056897640228271484
2019-11-18 20:32:22.200 10107 RALLYDEBUG rally.task.utils [-] Waiting for resource . Status changed: CREATE_COMPLETE => DELETE_IN_PROGRESS in 0.05123186111450195
2019-11-18 20:32:24.311 10108 INFO rally.task.runner [-] Task 24117ea8-833d-4479-9948-9f03801bf6a0 | ITER: 10 END: OK
2019-11-18 20:32:24.320 10107 INFO rally.task.runner [-] Task 24117ea8-833d-4479-9948-9f03801bf6a0 | ITER: 9 END: OK
2019-11-18 20:32:24.353 8497 INFO rally.task.context [-] Task 24117ea8-833d-4479-9948-9f03801bf6a0 | Context cleanup@openstack cleanup() started
2019-11-18 20:32:24.359 8497 RALLYDEBUG rally_openstack.cleanup.manager [-] Cleaning up heat stacks objects
2019-11-18 20:32:25.839 8497 INFO rally.task.context [-] Task 24117ea8-833d-4479-9948-9f03801bf6a0 | Context cleanup@openstack cleanup() finished in 1.49 sec
2019-11-18 20:32:25.839 8497 INFO rally.task.context [-] Task 24117ea8-833d-4479-9948-9f03801bf6a0 | Context roles@openstack cleanup() started
2019-11-18 20:32:25.840 8497 RALLYDEBUG rally_openstack.contexts.keystone.roles [-] Removing assigned role 49d298b17cd7474a8f000add4c3e0759 from all users
2019-11-18 20:32:26.836 8497 INFO rally.task.context [-] Task 24117ea8-833d-4479-9948-9f03801bf6a0 | Context roles@openstack cleanup() finished in 1.00 sec
2019-11-18 20:32:26.837 8497 INFO rally.task.context [-] Task 24117ea8-833d-4479-9948-9f03801bf6a0 | Context users@openstack cleanup() started
2019-11-18 20:32:31.589 8497 INFO rally.task.context [-] Task 24117ea8-833d-4479-9948-9f03801bf6a0 | Context users@openstack cleanup() finished in 4.75 sec
2019-11-18 20:32:33.340 8497 INFO rally.task.engine [-] Load duration is: 22.787658
2019-11-18 20:32:33.340 8497 INFO rally.task.engine [-] Full runner duration is: 26.84093
2019-11-18 20:32:33.341 8497 INFO rally.task.engine [-] Full duration is: 42.528041
2019-11-18 20:32:33.564 8497 INFO rally.task.engine [-] Running workload: position = 1 config = { "version": 2, "title": "A cropped version of a bigger task.", "description": "Auto-generated task from a single workload (uuid=f5bc8672-b425-4a05-b3ec-74bd2dd456f0)", "subtasks": [ { "title": "HeatStacks.create_update_delete_stack", "description": "Create, update and then delete a stack.", "scenario": { "HeatStacks.create_update_delete_stack": { "template_path": "/usr/lib/python3.6/site-packages/functest/opnfv_tests/openstack/rally/scenario/templates/random_strings.yaml.template", "updated_template_path": "/usr/lib/python3.6/site-packages/functest/opnfv_tests/openstack/rally/scenario/templates/updated_random_strings_delete.yaml.template" } }, "contexts": { "users": { "tenants": 3, "users_per_tenant": 2 }, "roles": [ "heat_stack_owner" ] }, "runner": { "constant": { "concurrency": 4, "times": 10 } }, "hooks": [], "sla": { "failure_rate": { "max": 0 } } } ] }
2019-11-18 20:32:33.591 8497 RALLYDEBUG rally_openstack.contexts.keystone.users [-] Creating 3 tenants using 20 threads
2019-11-18 20:32:34.602 8497 RALLYDEBUG rally_openstack.contexts.keystone.users [-] Creating 6 users using 20 threads
2019-11-18 20:32:36.143 8497 INFO rally.task.context [-] Task 24117ea8-833d-4479-9948-9f03801bf6a0 | Context users@openstack setup() finished in 2.55 sec
2019-11-18 20:32:36.849 8497 RALLYDEBUG rally_openstack.contexts.keystone.roles [-] Adding role heat_stack_owner having ID 49d298b17cd7474a8f000add4c3e0759 to all users using 30 threads
2019-11-18 20:32:42.043 8497 INFO rally.task.context [-] Task 24117ea8-833d-4479-9948-9f03801bf6a0 | Context roles@openstack setup() finished in 5.90 sec
2019-11-18 20:32:42.044 8497 INFO rally.task.context [-] Task 24117ea8-833d-4479-9948-9f03801bf6a0 | Context cleanup@openstack setup() finished in 0.02 msec
2019-11-18 20:32:42.054 8497 RALLYDEBUG rally.task.runner [-] Starting the constant runner (task UUID: 24117ea8-833d-4479-9948-9f03801bf6a0). times: 10 concurrency: 4 timeout: 0 max_cpu_used: 16 processes_to_start: 4 concurrency_per_worker: 1 concurrency_overhead: 0
2019-11-18 20:32:42.066 10291 RALLYDEBUG rally.task.runner [-] Starting a worker. times: 10 duration: None concurrency: 1 timeout: 0 cls: method_name: run args: {"template_path": "heat_template_version: 2014-10-16\n\ndescription: Test template for rally create-update-delete scenario\n\nresources:\n test_string_one:\n type: OS::Heat::RandomString\n properties:\n length: 20\n test_string_two:\n type: OS::Heat::RandomString\n properties:\n length: 20", "updated_template_path": "heat_template_version: 2014-10-16\n\ndescription: >\n Test template for create-update-delete-stack scenario in rally.\n The template deletes one resource from the stack defined by random_strings.yaml.template.\n\nresources:\n test_string_one:\n type: OS::Heat::RandomString\n properties:\n length: 20"}
2019-11-18 20:32:42.069 10292 RALLYDEBUG rally.task.runner [-] Starting a worker. times: 10 duration: None concurrency: 1 timeout: 0 cls: method_name: run args: {"template_path": "heat_template_version: 2014-10-16\n\ndescription: Test template for rally create-update-delete scenario\n\nresources:\n test_string_one:\n type: OS::Heat::RandomString\n properties:\n length: 20\n test_string_two:\n type: OS::Heat::RandomString\n properties:\n length: 20", "updated_template_path": "heat_template_version: 2014-10-16\n\ndescription: >\n Test template for create-update-delete-stack scenario in rally.\n The template deletes one resource from the stack defined by random_strings.yaml.template.\n\nresources:\n test_string_one:\n type: OS::Heat::RandomString\n properties:\n length: 20"}
2019-11-18 20:32:42.073 10291 INFO rally.task.runner [-] Task 24117ea8-833d-4479-9948-9f03801bf6a0 | ITER: 1 START
2019-11-18 20:32:42.072 10293 RALLYDEBUG rally.task.runner [-] Starting a worker. times: 10 duration: None concurrency: 1 timeout: 0 cls: method_name: run args: {"template_path": "heat_template_version: 2014-10-16\n\ndescription: Test template for rally create-update-delete scenario\n\nresources:\n test_string_one:\n type: OS::Heat::RandomString\n properties:\n length: 20\n test_string_two:\n type: OS::Heat::RandomString\n properties:\n length: 20", "updated_template_path": "heat_template_version: 2014-10-16\n\ndescription: >\n Test template for create-update-delete-stack scenario in rally.\n The template deletes one resource from the stack defined by random_strings.yaml.template.\n\nresources:\n test_string_one:\n type: OS::Heat::RandomString\n properties:\n length: 20"}
2019-11-18 20:32:42.075 10292 INFO rally.task.runner [-] Task 24117ea8-833d-4479-9948-9f03801bf6a0 | ITER: 2 START
2019-11-18 20:32:42.075 10294 RALLYDEBUG rally.task.runner [-] Starting a worker. times: 10 duration: None concurrency: 1 timeout: 0 cls: method_name: run args: {"template_path": "heat_template_version: 2014-10-16\n\ndescription: Test template for rally create-update-delete scenario\n\nresources:\n test_string_one:\n type: OS::Heat::RandomString\n properties:\n length: 20\n test_string_two:\n type: OS::Heat::RandomString\n properties:\n length: 20", "updated_template_path": "heat_template_version: 2014-10-16\n\ndescription: >\n Test template for create-update-delete-stack scenario in rally.\n The template deletes one resource from the stack defined by random_strings.yaml.template.\n\nresources:\n test_string_one:\n type: OS::Heat::RandomString\n properties:\n length: 20"}
2019-11-18 20:32:42.079 10293 INFO rally.task.runner [-] Task 24117ea8-833d-4479-9948-9f03801bf6a0 | ITER: 3 START
2019-11-18 20:32:42.082 10294 INFO rally.task.runner [-] Task 24117ea8-833d-4479-9948-9f03801bf6a0 | ITER: 4 START
2019-11-18 20:32:45.498 10292 RALLYDEBUG rally.task.utils [-] Waiting for resource . Status changed: CREATE_IN_PROGRESS => CREATE_COMPLETE in 0.0704803466796875
2019-11-18 20:32:45.512 10294 RALLYDEBUG rally.task.utils [-] Waiting for resource . Status changed: CREATE_IN_PROGRESS => CREATE_COMPLETE in 0.0720362663269043
2019-11-18 20:32:45.515 10293 RALLYDEBUG rally.task.utils [-] Waiting for resource . Status changed: CREATE_IN_PROGRESS => CREATE_COMPLETE in 0.06569337844848633
2019-11-18 20:32:45.592 10291 RALLYDEBUG rally.task.utils [-] Waiting for resource . Status changed: CREATE_IN_PROGRESS => CREATE_COMPLETE in 0.06015825271606445
2019-11-18 20:32:47.674 10292 RALLYDEBUG rally.task.utils [-] Waiting for resource . Status changed: CREATE_COMPLETE => UPDATE_COMPLETE in 0.06834006309509277
2019-11-18 20:32:47.683 10294 RALLYDEBUG rally.task.utils [-] Waiting for resource . Status changed: CREATE_COMPLETE => UPDATE_COMPLETE in 0.06418418884277344
2019-11-18 20:32:47.688 10293 RALLYDEBUG rally.task.utils [-] Waiting for resource . Status changed: CREATE_COMPLETE => UPDATE_COMPLETE in 0.06906771659851074
2019-11-18 20:32:47.748 10291 RALLYDEBUG rally.task.utils [-] Waiting for resource . Status changed: CREATE_COMPLETE => UPDATE_COMPLETE in 0.06318068504333496
2019-11-18 20:32:47.796 10293 RALLYDEBUG rally.task.utils [-] Waiting for resource . Status changed: CREATE_COMPLETE => DELETE_IN_PROGRESS in 0.05232405662536621
2019-11-18 20:32:47.804 10292 RALLYDEBUG rally.task.utils [-] Waiting for resource . Status changed: CREATE_COMPLETE => DELETE_IN_PROGRESS in 0.06231999397277832
2019-11-18 20:32:47.804 10294 RALLYDEBUG rally.task.utils [-] Waiting for resource . Status changed: CREATE_COMPLETE => DELETE_IN_PROGRESS in 0.05411338806152344
2019-11-18 20:32:47.884 10291 RALLYDEBUG rally.task.utils [-] Waiting for resource . Status changed: CREATE_COMPLETE => DELETE_IN_PROGRESS in 0.050322771072387695
2019-11-18 20:32:48.852 10293 INFO rally.task.runner [-] Task 24117ea8-833d-4479-9948-9f03801bf6a0 | ITER: 3 END: OK
2019-11-18 20:32:48.857 10293 INFO rally.task.runner [-] Task 24117ea8-833d-4479-9948-9f03801bf6a0 | ITER: 5 START
2019-11-18 20:32:48.861 10294 INFO rally.task.runner [-] Task 24117ea8-833d-4479-9948-9f03801bf6a0 | ITER: 4 END: OK
2019-11-18 20:32:48.861 10292 INFO rally.task.runner [-] Task 24117ea8-833d-4479-9948-9f03801bf6a0 | ITER: 2 END: OK
2019-11-18 20:32:48.866 10294 INFO rally.task.runner [-] Task 24117ea8-833d-4479-9948-9f03801bf6a0 | ITER: 6 START
2019-11-18 20:32:48.866 10292 INFO rally.task.runner [-] Task 24117ea8-833d-4479-9948-9f03801bf6a0 | ITER: 7 START
2019-11-18 20:32:48.941 10291 INFO rally.task.runner [-] Task 24117ea8-833d-4479-9948-9f03801bf6a0 | ITER: 1 END: OK
2019-11-18 20:32:48.946 10291 INFO rally.task.runner [-] Task 24117ea8-833d-4479-9948-9f03801bf6a0 | ITER: 8 START
2019-11-18 20:32:52.271 10294 RALLYDEBUG rally.task.utils [-] Waiting for resource . Status changed: CREATE_IN_PROGRESS => CREATE_COMPLETE in 0.07246971130371094
2019-11-18 20:32:52.285 10293 RALLYDEBUG rally.task.utils [-] Waiting for resource . Status changed: CREATE_IN_PROGRESS => CREATE_COMPLETE in 0.06851696968078613
2019-11-18 20:32:52.288 10291 RALLYDEBUG rally.task.utils [-] Waiting for resource . Status changed: CREATE_IN_PROGRESS => CREATE_COMPLETE in 0.06931376457214355
2019-11-18 20:32:52.388 10292 RALLYDEBUG rally.task.utils [-] Waiting for resource . Status changed: CREATE_IN_PROGRESS => CREATE_COMPLETE in 0.05667853355407715
2019-11-18 20:32:54.449 10294 RALLYDEBUG rally.task.utils [-] Waiting for resource . Status changed: CREATE_COMPLETE => UPDATE_COMPLETE in 0.06623268127441406
2019-11-18 20:32:54.452 10291 RALLYDEBUG rally.task.utils [-] Waiting for resource . Status changed: CREATE_COMPLETE => UPDATE_COMPLETE in 0.06379818916320801
2019-11-18 20:32:54.461 10293 RALLYDEBUG rally.task.utils [-] Waiting for resource . Status changed: CREATE_COMPLETE => UPDATE_COMPLETE in 0.06267237663269043
2019-11-18 20:32:54.541 10292 RALLYDEBUG rally.task.utils [-] Waiting for resource . Status changed: CREATE_COMPLETE => UPDATE_COMPLETE in 0.06007266044616699
2019-11-18 20:32:54.565 10294 RALLYDEBUG rally.task.utils [-] Waiting for resource . Status changed: CREATE_COMPLETE => DELETE_IN_PROGRESS in 0.0588984489440918
2019-11-18 20:32:54.565 10291 RALLYDEBUG rally.task.utils [-] Waiting for resource . Status changed: CREATE_COMPLETE => DELETE_IN_PROGRESS in 0.05626797676086426
2019-11-18 20:32:54.596 10293 RALLYDEBUG rally.task.utils [-] Waiting for resource . Status changed: CREATE_COMPLETE => DELETE_IN_PROGRESS in 0.06331062316894531
2019-11-18 20:32:54.681 10292 RALLYDEBUG rally.task.utils [-] Waiting for resource . Status changed: CREATE_COMPLETE => DELETE_IN_PROGRESS in 0.05329751968383789
2019-11-18 20:32:55.618 10294 INFO rally.task.runner [-] Task 24117ea8-833d-4479-9948-9f03801bf6a0 | ITER: 6 END: OK
2019-11-18 20:32:55.621 10294 INFO rally.task.runner [-] Task 24117ea8-833d-4479-9948-9f03801bf6a0 | ITER: 9 START
2019-11-18 20:32:55.623 10291 INFO rally.task.runner [-] Task 24117ea8-833d-4479-9948-9f03801bf6a0 | ITER: 8 END: OK
2019-11-18 20:32:55.627 10291 INFO rally.task.runner [-] Task 24117ea8-833d-4479-9948-9f03801bf6a0 | ITER: 10 START
2019-11-18 20:32:55.648 10293 INFO rally.task.runner [-] Task 24117ea8-833d-4479-9948-9f03801bf6a0 | ITER: 5 END: OK
2019-11-18 20:32:55.732 10292 INFO rally.task.runner [-] Task 24117ea8-833d-4479-9948-9f03801bf6a0 | ITER: 7 END: OK
2019-11-18 20:32:59.036 10291 RALLYDEBUG rally.task.utils [-] Waiting for resource . Status changed: CREATE_IN_PROGRESS => CREATE_COMPLETE in 0.07104158401489258
2019-11-18 20:32:59.054 10294 RALLYDEBUG rally.task.utils [-] Waiting for resource . Status changed: CREATE_IN_PROGRESS => CREATE_COMPLETE in 0.06829142570495605
2019-11-18 20:33:01.222 10291 RALLYDEBUG rally.task.utils [-] Waiting for resource . Status changed: CREATE_COMPLETE => UPDATE_COMPLETE in 0.07468557357788086
2019-11-18 20:33:01.232 10294 RALLYDEBUG rally.task.utils [-] Waiting for resource . Status changed: CREATE_COMPLETE => UPDATE_COMPLETE in 0.06996655464172363
2019-11-18 20:33:01.335 10291 RALLYDEBUG rally.task.utils [-] Waiting for resource . Status changed: CREATE_COMPLETE => DELETE_IN_PROGRESS in 0.053646087646484375
2019-11-18 20:33:01.346 10294 RALLYDEBUG rally.task.utils [-] Waiting for resource . Status changed: CREATE_COMPLETE => DELETE_IN_PROGRESS in 0.056296348571777344
2019-11-18 20:33:02.410 10294 INFO rally.task.runner [-] Task 24117ea8-833d-4479-9948-9f03801bf6a0 | ITER: 9 END: OK
2019-11-18 20:33:02.410 10291 INFO rally.task.runner [-] Task 24117ea8-833d-4479-9948-9f03801bf6a0 | ITER: 10 END: OK
2019-11-18 20:33:02.440 8497 INFO rally.task.context [-] Task 24117ea8-833d-4479-9948-9f03801bf6a0 | Context cleanup@openstack cleanup() started
2019-11-18 20:33:02.443 8497 RALLYDEBUG rally_openstack.cleanup.manager [-] Cleaning up heat stacks objects
2019-11-18 20:33:03.997 8497 INFO rally.task.context [-] Task 24117ea8-833d-4479-9948-9f03801bf6a0 | Context cleanup@openstack cleanup() finished in 1.56 sec
2019-11-18 20:33:03.998 8497 INFO rally.task.context [-] Task 24117ea8-833d-4479-9948-9f03801bf6a0 | Context roles@openstack cleanup() started
2019-11-18 20:33:03.998 8497 RALLYDEBUG rally_openstack.contexts.keystone.roles [-] Removing assigned role 49d298b17cd7474a8f000add4c3e0759 from all users
2019-11-18 20:33:05.029 8497 INFO rally.task.context [-] Task 24117ea8-833d-4479-9948-9f03801bf6a0 | Context roles@openstack cleanup() finished in 1.03 sec
2019-11-18 20:33:05.030 8497 INFO rally.task.context [-] Task 24117ea8-833d-4479-9948-9f03801bf6a0 | Context users@openstack cleanup() started
2019-11-18 20:33:09.846 8497 INFO rally.task.context [-] Task 24117ea8-833d-4479-9948-9f03801bf6a0 | Context users@openstack cleanup() finished in 4.82 sec
2019-11-18 20:33:11.793 8497 INFO rally.task.engine [-] Load duration is: 16.336125
2019-11-18 20:33:11.793 8497 INFO rally.task.engine [-] Full runner duration is: 20.386447
2019-11-18 20:33:11.793 8497 INFO rally.task.engine [-] Full duration is: 36.257859
2019-11-18 20:33:11.995 8497 INFO rally.task.engine [-] Running workload: position = 2 config = { "version": 2, "title": "A cropped version of a bigger task.", "description": "Auto-generated task from a single workload (uuid=ee3cf9a4-0c93-490f-95d8-084ca7116404)", "subtasks": [ { "title": "HeatStacks.create_update_delete_stack", "description": "Create, update and then delete a stack.", "scenario": { "HeatStacks.create_update_delete_stack": { "template_path": "/usr/lib/python3.6/site-packages/functest/opnfv_tests/openstack/rally/scenario/templates/resource_group.yaml.template", "updated_template_path": "/usr/lib/python3.6/site-packages/functest/opnfv_tests/openstack/rally/scenario/templates/updated_resource_group_increase.yaml.template" } }, "contexts": { "users": { "tenants": 3, "users_per_tenant": 2 }, "roles": [ "heat_stack_owner" ] }, "runner": { "constant": { "concurrency": 4, "times": 10 } }, "hooks": [], "sla": { "failure_rate": { "max": 0 } } } ] }
2019-11-18 20:33:12.021 8497 RALLYDEBUG rally_openstack.contexts.keystone.users [-] Creating 3 tenants using 20 threads
2019-11-18 20:33:12.980 8497 RALLYDEBUG rally_openstack.contexts.keystone.users [-] Creating 6 users using 20 threads
2019-11-18 20:33:14.499 8497 INFO rally.task.context [-] Task 24117ea8-833d-4479-9948-9f03801bf6a0 | Context users@openstack setup() finished in 2.48 sec
2019-11-18 20:33:15.202 8497 RALLYDEBUG rally_openstack.contexts.keystone.roles [-] Adding role heat_stack_owner having ID 49d298b17cd7474a8f000add4c3e0759 to all users using 30 threads
2019-11-18 20:33:20.435 8497 INFO rally.task.context [-] Task 24117ea8-833d-4479-9948-9f03801bf6a0 | Context roles@openstack setup() finished in 5.94 sec
2019-11-18 20:33:20.436 8497 INFO rally.task.context [-] Task 24117ea8-833d-4479-9948-9f03801bf6a0 | Context cleanup@openstack setup() finished in 0.01 msec
2019-11-18 20:33:20.446 8497 RALLYDEBUG rally.task.runner [-] Starting the constant runner (task UUID: 24117ea8-833d-4479-9948-9f03801bf6a0). times: 10 concurrency: 4 timeout: 0 max_cpu_used: 16 processes_to_start: 4 concurrency_per_worker: 1 concurrency_overhead: 0
2019-11-18 20:33:20.459 10475 RALLYDEBUG rally.task.runner [-] Starting a worker. times: 10 duration: None concurrency: 1 timeout: 0 cls: method_name: run args: {"template_path": "heat_template_version: 2014-10-16\n\ndescription: Test template for rally create-update-delete scenario\n\nresources:\n test_group:\n type: OS::Heat::ResourceGroup\n properties:\n count: 2\n resource_def:\n type: OS::Heat::RandomString\n properties:\n length: 20", "updated_template_path": "heat_template_version: 2014-10-16\n\ndescription: >\n Test template for create-update-delete-stack scenario in rally.\n The template updates one resource from the stack defined by resource_group.yaml.template\n and adds children resources to that resource.\n\nresources:\n test_group:\n type: OS::Heat::ResourceGroup\n properties:\n count: 3\n resource_def:\n type: OS::Heat::RandomString\n properties:\n length: 20"}
2019-11-18 20:33:20.462 10476 RALLYDEBUG rally.task.runner [-] Starting a worker. times: 10 duration: None concurrency: 1 timeout: 0 cls: method_name: run args: {"template_path": "heat_template_version: 2014-10-16\n\ndescription: Test template for rally create-update-delete scenario\n\nresources:\n test_group:\n type: OS::Heat::ResourceGroup\n properties:\n count: 2\n resource_def:\n type: OS::Heat::RandomString\n properties:\n length: 20", "updated_template_path": "heat_template_version: 2014-10-16\n\ndescription: >\n Test template for create-update-delete-stack scenario in rally.\n The template updates one resource from the stack defined by resource_group.yaml.template\n and adds children resources to that resource.\n\nresources:\n test_group:\n type: OS::Heat::ResourceGroup\n properties:\n count: 3\n resource_def:\n type: OS::Heat::RandomString\n properties:\n length: 20"}
2019-11-18 20:33:20.466 10475 INFO rally.task.runner [-] Task 24117ea8-833d-4479-9948-9f03801bf6a0 | ITER: 1 START
2019-11-18 20:33:20.465 10477 RALLYDEBUG rally.task.runner [-] Starting a worker. times: 10 duration: None concurrency: 1 timeout: 0 cls: method_name: run args: {"template_path": "heat_template_version: 2014-10-16\n\ndescription: Test template for rally create-update-delete scenario\n\nresources:\n test_group:\n type: OS::Heat::ResourceGroup\n properties:\n count: 2\n resource_def:\n type: OS::Heat::RandomString\n properties:\n length: 20", "updated_template_path": "heat_template_version: 2014-10-16\n\ndescription: >\n Test template for create-update-delete-stack scenario in rally.\n The template updates one resource from the stack defined by resource_group.yaml.template\n and adds children resources to that resource.\n\nresources:\n test_group:\n type: OS::Heat::ResourceGroup\n properties:\n count: 3\n resource_def:\n type: OS::Heat::RandomString\n properties:\n length: 20"}
2019-11-18 20:33:20.469 10476 INFO rally.task.runner [-] Task 24117ea8-833d-4479-9948-9f03801bf6a0 | ITER: 2 START
2019-11-18 20:33:20.469 10478 RALLYDEBUG rally.task.runner [-] Starting a worker. times: 10 duration: None concurrency: 1 timeout: 0 cls: method_name: run args: {"template_path": "heat_template_version: 2014-10-16\n\ndescription: Test template for rally create-update-delete scenario\n\nresources:\n test_group:\n type: OS::Heat::ResourceGroup\n properties:\n count: 2\n resource_def:\n type: OS::Heat::RandomString\n properties:\n length: 20", "updated_template_path": "heat_template_version: 2014-10-16\n\ndescription: >\n Test template for create-update-delete-stack scenario in rally.\n The template updates one resource from the stack defined by resource_group.yaml.template\n and adds children resources to that resource.\n\nresources:\n test_group:\n type: OS::Heat::ResourceGroup\n properties:\n count: 3\n resource_def:\n type: OS::Heat::RandomString\n properties:\n length: 20"}
2019-11-18 20:33:20.472 10477 INFO rally.task.runner [-] Task 24117ea8-833d-4479-9948-9f03801bf6a0 | ITER: 3 START
2019-11-18 20:33:20.476 10478 INFO rally.task.runner [-] Task 24117ea8-833d-4479-9948-9f03801bf6a0 | ITER: 4 START
2019-11-18 20:33:24.962 10476 RALLYDEBUG rally.task.utils [-] Waiting for resource . Status changed: CREATE_IN_PROGRESS => CREATE_COMPLETE in 1.1400303840637207
2019-11-18 20:33:24.962 10475 RALLYDEBUG rally.task.utils [-] Waiting for resource . Status changed: CREATE_IN_PROGRESS => CREATE_COMPLETE in 1.141547441482544
2019-11-18 20:33:25.068 10478 RALLYDEBUG rally.task.utils [-] Waiting for resource . Status changed: CREATE_IN_PROGRESS => CREATE_COMPLETE in 1.140488862991333
2019-11-18 20:33:25.088 10477 RALLYDEBUG rally.task.utils [-] Waiting for resource . Status changed: CREATE_IN_PROGRESS => CREATE_COMPLETE in 1.11946702003479
2019-11-18 20:33:27.153 10475 RALLYDEBUG rally.task.utils [-] Waiting for resource . Status changed: CREATE_COMPLETE => UPDATE_IN_PROGRESS in 0.07240414619445801
2019-11-18 20:33:27.157 10476 RALLYDEBUG rally.task.utils [-] Waiting for resource . Status changed: CREATE_COMPLETE => UPDATE_IN_PROGRESS in 0.07400918006896973
2019-11-18 20:33:27.242 10478 RALLYDEBUG rally.task.utils [-] Waiting for resource . Status changed: CREATE_COMPLETE => UPDATE_IN_PROGRESS in 0.06964302062988281
2019-11-18 20:33:27.284 10477 RALLYDEBUG rally.task.utils [-] Waiting for resource . Status changed: CREATE_COMPLETE => UPDATE_IN_PROGRESS in 0.07806253433227539
2019-11-18 20:33:29.296 10475 RALLYDEBUG rally.task.utils [-] Waiting for resource . Status changed: UPDATE_IN_PROGRESS => UPDATE_COMPLETE in 2.143418073654175
2019-11-18 20:33:29.296 10476 RALLYDEBUG rally.task.utils [-] Waiting for resource . Status changed: UPDATE_IN_PROGRESS => UPDATE_COMPLETE in 2.13975191116333
2019-11-18 20:33:29.374 10478 RALLYDEBUG rally.task.utils [-] Waiting for resource . Status changed: UPDATE_IN_PROGRESS => UPDATE_COMPLETE in 2.132240056991577
2019-11-18 20:33:29.404 10476 RALLYDEBUG rally.task.utils [-] Waiting for resource . Status changed: CREATE_COMPLETE => DELETE_IN_PROGRESS in 0.0522618293762207
2019-11-18 20:33:29.420 10477 RALLYDEBUG rally.task.utils [-] Waiting for resource . Status changed: UPDATE_IN_PROGRESS => UPDATE_COMPLETE in 2.135868549346924
2019-11-18 20:33:29.420 10475 RALLYDEBUG rally.task.utils [-] Waiting for resource . Status changed: CREATE_COMPLETE => DELETE_IN_PROGRESS in 0.05938982963562012
2019-11-18 20:33:29.481 10478 RALLYDEBUG rally.task.utils [-] Waiting for resource . Status changed: CREATE_COMPLETE => DELETE_IN_PROGRESS in 0.04669809341430664
2019-11-18 20:33:29.526 10477 RALLYDEBUG rally.task.utils [-] Waiting for resource . Status changed: CREATE_COMPLETE => DELETE_IN_PROGRESS in 0.05012989044189453
2019-11-18 20:33:32.585 10476 INFO rally.task.runner [-] Task 24117ea8-833d-4479-9948-9f03801bf6a0 | ITER: 2 END: OK
2019-11-18 20:33:32.589 10476 INFO rally.task.runner [-] Task 24117ea8-833d-4479-9948-9f03801bf6a0 | ITER: 5 START
2019-11-18 20:33:32.592 10475 INFO rally.task.runner [-] Task 24117ea8-833d-4479-9948-9f03801bf6a0 | ITER: 1 END: OK
2019-11-18 20:33:32.598 10475 INFO rally.task.runner [-] Task 24117ea8-833d-4479-9948-9f03801bf6a0 | ITER: 6 START
2019-11-18 20:33:32.648 10478 INFO rally.task.runner [-] Task 24117ea8-833d-4479-9948-9f03801bf6a0 | ITER: 4 END: OK
2019-11-18 20:33:32.652 10478 INFO rally.task.runner [-] Task 24117ea8-833d-4479-9948-9f03801bf6a0 | ITER: 7 START
2019-11-18 20:33:33.741 10477 INFO rally.task.runner [-] Task 24117ea8-833d-4479-9948-9f03801bf6a0 | ITER: 3 END: OK
2019-11-18 20:33:33.746 10477 INFO rally.task.runner [-] Task 24117ea8-833d-4479-9948-9f03801bf6a0 | ITER: 8 START
2019-11-18 20:33:37.173 10476 RALLYDEBUG rally.task.utils [-] Waiting for resource . Status changed: CREATE_IN_PROGRESS => CREATE_COMPLETE in 1.1552281379699707
2019-11-18 20:33:37.213 10478 RALLYDEBUG rally.task.utils [-] Waiting for resource . Status changed: CREATE_IN_PROGRESS => CREATE_COMPLETE in 1.1338882446289062
2019-11-18 20:33:37.236 10475 RALLYDEBUG rally.task.utils [-] Waiting for resource . Status changed: CREATE_IN_PROGRESS => CREATE_COMPLETE in 1.1339120864868164
2019-11-18 20:33:38.362 10477 RALLYDEBUG rally.task.utils [-] Waiting for resource . Status changed: CREATE_IN_PROGRESS => CREATE_COMPLETE in 1.1444783210754395
2019-11-18 20:33:39.352 10476 RALLYDEBUG rally.task.utils [-] Waiting for resource . Status changed: CREATE_COMPLETE => UPDATE_IN_PROGRESS in 0.07402491569519043
2019-11-18 20:33:39.389 10478 RALLYDEBUG rally.task.utils [-] Waiting for resource . Status changed: CREATE_COMPLETE => UPDATE_IN_PROGRESS in 0.07189106941223145
2019-11-18 20:33:39.407 10475 RALLYDEBUG rally.task.utils [-] Waiting for resource . Status changed: CREATE_COMPLETE => UPDATE_IN_PROGRESS in 0.06722569465637207
2019-11-18 20:33:40.535 10477 RALLYDEBUG rally.task.utils [-] Waiting for resource . Status changed: CREATE_COMPLETE => UPDATE_IN_PROGRESS in 0.06089925765991211
2019-11-18 20:33:41.494 10476 RALLYDEBUG rally.task.utils [-] Waiting for resource . Status changed: UPDATE_IN_PROGRESS => UPDATE_COMPLETE in 2.14196515083313
2019-11-18 20:33:41.538 10478 RALLYDEBUG rally.task.utils [-] Waiting for resource . Status changed: UPDATE_IN_PROGRESS => UPDATE_COMPLETE in 2.148261308670044
2019-11-18 20:33:41.546 10475 RALLYDEBUG rally.task.utils [-] Waiting for resource . Status changed: UPDATE_IN_PROGRESS => UPDATE_COMPLETE in 2.1386070251464844
2019-11-18 20:33:41.627 10476 RALLYDEBUG rally.task.utils [-] Waiting for resource . Status changed: CREATE_COMPLETE => DELETE_IN_PROGRESS in 0.059258460998535156
2019-11-18 20:33:41.658 10475 RALLYDEBUG rally.task.utils [-] Waiting for resource . Status changed: CREATE_COMPLETE => DELETE_IN_PROGRESS in 0.049842119216918945
2019-11-18 20:33:41.664 10478 RALLYDEBUG rally.task.utils [-] Waiting for resource . Status changed: CREATE_COMPLETE => DELETE_IN_PROGRESS in 0.0560450553894043
2019-11-18 20:33:42.682 10477 RALLYDEBUG rally.task.utils [-] Waiting for resource . Status changed: UPDATE_IN_PROGRESS => UPDATE_COMPLETE in 2.1468305587768555
2019-11-18 20:33:42.801 10477 RALLYDEBUG rally.task.utils [-] Waiting for resource . Status changed: CREATE_COMPLETE => DELETE_IN_PROGRESS in 0.05572104454040527
2019-11-18 20:33:44.836 10476 INFO rally.task.runner [-] Task 24117ea8-833d-4479-9948-9f03801bf6a0 | ITER: 5 END: OK
2019-11-18 20:33:44.845 10476 INFO rally.task.runner [-] Task 24117ea8-833d-4479-9948-9f03801bf6a0 | ITER: 9 START
2019-11-18 20:33:44.849 10475 INFO rally.task.runner [-] Task 24117ea8-833d-4479-9948-9f03801bf6a0 | ITER: 6 END: OK
2019-11-18 20:33:44.854 10475 INFO rally.task.runner [-] Task 24117ea8-833d-4479-9948-9f03801bf6a0 | ITER: 10 START
2019-11-18 20:33:44.863 10478 INFO rally.task.runner [-] Task 24117ea8-833d-4479-9948-9f03801bf6a0 | ITER: 7 END: OK
2019-11-18 20:33:45.964 10477 INFO rally.task.runner [-] Task 24117ea8-833d-4479-9948-9f03801bf6a0 | ITER: 8 END: OK
2019-11-18 20:33:49.347 10476 RALLYDEBUG rally.task.utils [-] Waiting for resource . Status changed: CREATE_IN_PROGRESS => CREATE_COMPLETE in 1.150503396987915
2019-11-18 20:33:49.358 10475 RALLYDEBUG rally.task.utils [-] Waiting for resource . Status changed: CREATE_IN_PROGRESS => CREATE_COMPLETE in 1.147202730178833
2019-11-18 20:33:51.532 10476 RALLYDEBUG rally.task.utils [-] Waiting for resource . Status changed: CREATE_COMPLETE => UPDATE_IN_PROGRESS in 0.07787942886352539
2019-11-18 20:33:51.539 10475 RALLYDEBUG rally.task.utils [-] Waiting for resource . Status changed: CREATE_COMPLETE => UPDATE_IN_PROGRESS in 0.07285952568054199
2019-11-18 20:33:53.673 10476 RALLYDEBUG rally.task.utils [-] Waiting for resource . Status changed: UPDATE_IN_PROGRESS => UPDATE_COMPLETE in 2.1417806148529053
2019-11-18 20:33:53.676 10475 RALLYDEBUG rally.task.utils [-] Waiting for resource . Status changed: UPDATE_IN_PROGRESS => UPDATE_COMPLETE in 2.1368346214294434
2019-11-18 20:33:53.799 10476 RALLYDEBUG rally.task.utils [-] Waiting for resource . Status changed: CREATE_COMPLETE => DELETE_IN_PROGRESS in 0.05442619323730469
2019-11-18 20:33:53.803 10475 RALLYDEBUG rally.task.utils [-] Waiting for resource . Status changed: CREATE_COMPLETE => DELETE_IN_PROGRESS in 0.06221795082092285
2019-11-18 20:33:56.985 10476 INFO rally.task.runner [-] Task 24117ea8-833d-4479-9948-9f03801bf6a0 | ITER: 9 END: OK
2019-11-18 20:33:56.994 10475 INFO rally.task.runner [-] Task 24117ea8-833d-4479-9948-9f03801bf6a0 | ITER: 10 END: OK
2019-11-18 20:33:57.025 8497 INFO rally.task.context [-] Task 24117ea8-833d-4479-9948-9f03801bf6a0 | Context cleanup@openstack cleanup() started
2019-11-18 20:33:57.028 8497 RALLYDEBUG rally_openstack.cleanup.manager [-] Cleaning up heat stacks objects
2019-11-18 20:33:58.520 8497 RALLYDEBUG rally_openstack.cleanup.manager [-] Deleting heat.stacks object s_rally_ee3cf9a4_CBsC3juh (f3d6a398-b114-41b1-ba6a-fb3d2c8b812c)
2019-11-18 20:33:58.529 8497 RALLYDEBUG rally_openstack.cleanup.manager [-] Deleting heat.stacks object s_rally_ee3cf9a4_FsAd6y8y (0f70b871-f556-425b-b488-7047aed47bf4)
2019-11-18 20:33:59.109 8497 ERROR rally_openstack.cleanup.manager [-] Resource deletion failed, max retries exceeded for heat.stacks: f3d6a398-b114-41b1-ba6a-fb3d2c8b812c.: heatclient.exc.HTTPNotFound: ERROR: The Stack (s_rally_ee3cf9a4_CBsC3juh) could not be found.
2019-11-18 20:33:59.109 8497 ERROR rally_openstack.cleanup.manager
Traceback (most recent call last):
2019-11-18 20:33:59.109 8497 ERROR rally_openstack.cleanup.manager
File "/usr/lib/python3.6/site-packages/rally_openstack/cleanup/manager.py", line 85, in _delete_single_resource
2019-11-18 20:33:59.109 8497 ERROR rally_openstack.cleanup.manager rutils.retry(resource._max_attempts, resource.delete)
2019-11-18 20:33:59.109 8497 ERROR rally_openstack.cleanup.manager
File "/usr/lib/python3.6/site-packages/rally/common/utils.py", line 230, in retry
2019-11-18 20:33:59.109 8497 ERROR rally_openstack.cleanup.manager return func(*args, **kwargs)
2019-11-18 20:33:59.109 8497 ERROR rally_openstack.cleanup.manager
File "/usr/lib/python3.6/site-packages/rally_openstack/cleanup/base.py", line 129, in delete
2019-11-18 20:33:59.109 8497 ERROR rally_openstack.cleanup.manager self._manager().delete(self.id())
2019-11-18 20:33:59.109 8497 ERROR rally_openstack.cleanup.manager
File "/usr/lib/python3.6/site-packages/heatclient/v1/stacks.py", line 201, in delete
2019-11-18 20:33:59.109 8497 ERROR rally_openstack.cleanup.manager self._delete("/stacks/%s" % stack_id)
2019-11-18 20:33:59.109 8497 ERROR rally_openstack.cleanup.manager
File "/usr/lib/python3.6/site-packages/heatclient/common/base.py", line 207, in _delete
2019-11-18 20:33:59.109 8497 ERROR rally_openstack.cleanup.manager return self.client.delete(url)
2019-11-18 20:33:59.109 8497 ERROR rally_openstack.cleanup.manager
File "/usr/lib/python3.6/site-packages/keystoneauth1/adapter.py", line 390, in delete
2019-11-18 20:33:59.109 8497 ERROR rally_openstack.cleanup.manager return self.request(url, 'DELETE', **kwargs)
2019-11-18 20:33:59.109 8497 ERROR rally_openstack.cleanup.manager
File "/usr/lib/python3.6/site-packages/heatclient/common/http.py", line 320, in request
2019-11-18 20:33:59.109 8497 ERROR rally_openstack.cleanup.manager raise exc.from_response(resp)
2019-11-18 20:33:59.109 8497 ERROR rally_openstack.cleanup.manager heatclient.exc.HTTPNotFound: ERROR: The Stack (s_rally_ee3cf9a4_CBsC3juh) could not be found.
2019-11-18 20:33:59.109 8497 ERROR rally_openstack.cleanup.manager
2019-11-18 20:33:59.118 8497 ERROR rally_openstack.cleanup.manager [-] Resource deletion failed, max retries exceeded for heat.stacks: 0f70b871-f556-425b-b488-7047aed47bf4.: heatclient.exc.HTTPNotFound: ERROR: The Stack (s_rally_ee3cf9a4_FsAd6y8y) could not be found.
2019-11-18 20:33:59.118 8497 ERROR rally_openstack.cleanup.manager
Traceback (most recent call last):
2019-11-18 20:33:59.118 8497 ERROR rally_openstack.cleanup.manager
File "/usr/lib/python3.6/site-packages/rally_openstack/cleanup/manager.py", line 85, in _delete_single_resource
2019-11-18 20:33:59.118 8497 ERROR rally_openstack.cleanup.manager rutils.retry(resource._max_attempts, resource.delete)
2019-11-18 20:33:59.118 8497 ERROR rally_openstack.cleanup.manager
File "/usr/lib/python3.6/site-packages/rally/common/utils.py", line 230, in retry
2019-11-18 20:33:59.118 8497 ERROR rally_openstack.cleanup.manager return func(*args, **kwargs)
2019-11-18 20:33:59.118 8497 ERROR rally_openstack.cleanup.manager
File "/usr/lib/python3.6/site-packages/rally_openstack/cleanup/base.py", line 129, in delete
2019-11-18 20:33:59.118 8497 ERROR rally_openstack.cleanup.manager self._manager().delete(self.id())
2019-11-18 20:33:59.118 8497 ERROR rally_openstack.cleanup.manager
File "/usr/lib/python3.6/site-packages/heatclient/v1/stacks.py", line 201, in delete
2019-11-18 20:33:59.118 8497 ERROR rally_openstack.cleanup.manager self._delete("/stacks/%s" % stack_id)
2019-11-18 20:33:59.118 8497 ERROR rally_openstack.cleanup.manager
File "/usr/lib/python3.6/site-packages/heatclient/common/base.py", line 207, in _delete
2019-11-18 20:33:59.118 8497 ERROR rally_openstack.cleanup.manager return self.client.delete(url)
2019-11-18 20:33:59.118 8497 ERROR rally_openstack.cleanup.manager
File "/usr/lib/python3.6/site-packages/keystoneauth1/adapter.py", line 390, in delete
2019-11-18 20:33:59.118 8497 ERROR rally_openstack.cleanup.manager return self.request(url, 'DELETE', **kwargs)
2019-11-18 20:33:59.118 8497 ERROR rally_openstack.cleanup.manager
File "/usr/lib/python3.6/site-packages/heatclient/common/http.py", line 320, in request
2019-11-18 20:33:59.118 8497 ERROR rally_openstack.cleanup.manager raise exc.from_response(resp)
2019-11-18 20:33:59.118 8497 ERROR rally_openstack.cleanup.manager heatclient.exc.HTTPNotFound: ERROR: The Stack (s_rally_ee3cf9a4_FsAd6y8y) could not be found.
2019-11-18 20:33:59.118 8497 ERROR rally_openstack.cleanup.manager
