2019-11-18 20:40:34.113 11675 RALLYDEBUG rally_openstack.cleanup.manager [-] Cleaning up keystone user objects
2019-11-18 20:40:34.960 11675 RALLYDEBUG rally_openstack.cleanup.manager [-] Cleaning up keystone project objects
2019-11-18 20:40:35.677 11675 RALLYDEBUG rally_openstack.cleanup.manager [-] Deleting keystone.project object s_rally_a2df1a80_q8CRQCH8 (0c67bdeccc614239a49be9838dbe38b5)
2019-11-18 20:40:35.687 11675 RALLYDEBUG rally_openstack.cleanup.manager [-] Deleting keystone.project object s_rally_a2df1a80_n0yIGTBa (176f6890ad374818bd68a8b1b8919405)
2019-11-18 20:40:35.695 11675 RALLYDEBUG rally_openstack.cleanup.manager [-] Deleting keystone.project object s_rally_a2df1a80_uq9mf4uJ (435be9f20afc47378554128c58bdccfb)
2019-11-18 20:40:35.704 11675 RALLYDEBUG rally_openstack.cleanup.manager [-] Deleting keystone.project object s_rally_a2df1a80_AvjuSHra (6abf1e25946a409484b00acfdf61c9b8)
2019-11-18 20:40:35.707 11675 RALLYDEBUG rally_openstack.cleanup.manager [-] Deleting keystone.project object s_rally_a2df1a80_EzLpluZF (6e105886b50249999633ee056d12ee04)
2019-11-18 20:40:35.733 11675 RALLYDEBUG rally_openstack.cleanup.manager [-] Deleting keystone.project object s_rally_a2df1a80_EEh3J1fy (9ca84ad7ea854d14bcd14a5404221f4a)
2019-11-18 20:40:35.734 11675 RALLYDEBUG rally_openstack.cleanup.manager [-] Deleting keystone.project object s_rally_a2df1a80_GVWHhyGk (9698ada11ff1456f8ab82c703f1c2240)
2019-11-18 20:40:35.742 11675 RALLYDEBUG rally_openstack.cleanup.manager [-] Deleting keystone.project object s_rally_a2df1a80_jTVwbCtT (b502e49b563f4020a3780bffc012ecfa)
2019-11-18 20:40:35.756 11675 RALLYDEBUG rally_openstack.cleanup.manager [-] Deleting keystone.project object s_rally_a2df1a80_kecFcV8l (b863b3493c6b49a89ccfa79e841dd3a0)
2019-11-18 20:40:35.777 11675 RALLYDEBUG rally_openstack.cleanup.manager [-] Deleting keystone.project object s_rally_a2df1a80_WDkCXvt9 (f80bdcfec4a74ec8bc155083bade4219)
2019-11-18 20:40:37.880 11675 RALLYDEBUG rally_openstack.cleanup.manager [-] Cleaning up keystone service objects
2019-11-18 20:40:38.699 11675 RALLYDEBUG rally_openstack.cleanup.manager [-] Cleaning up keystone role objects
2019-11-18 20:40:39.424 11675 INFO rally.task.context [-] Task bcb2ab72-f627-4024-bac0-6ef936815a51 | Context admin_cleanup@openstack cleanup() finished in 5.31 sec
2019-11-18 20:40:39.425 11675 INFO rally.task.context [-] Task bcb2ab72-f627-4024-bac0-6ef936815a51 | Context users@openstack cleanup() started
2019-11-18 20:40:42.424 11675 INFO rally.task.context [-] Task bcb2ab72-f627-4024-bac0-6ef936815a51 | Context users@openstack cleanup() finished in 3.00 sec
2019-11-18 20:40:43.275 11675 INFO rally.task.engine [-] Load duration is: 3.145474
2019-11-18 20:40:43.276 11675 INFO rally.task.engine [-] Full runner duration is: 4.495322
2019-11-18 20:40:43.276 11675 INFO rally.task.engine [-] Full duration is: 15.238467
2019-11-18 20:40:43.588 11675 INFO rally.task.engine [-] Running workload: position = 0 config = { "version": 2, "title": "A cropped version of a bigger task.", "description": "Auto-generated task from a single workload (uuid=3d627c69-b240-4676-90a1-3703093042b4)", "subtasks": [ { "title": "KeystoneBasic.create_and_list_users", "description": "Create a keystone user with random name and list all users.", "scenario": { "KeystoneBasic.create_and_list_users": {} }, "contexts": {}, "runner": { "constant": { "concurrency": 4, "times": 10 } }, "hooks": [], "sla": { "failure_rate": { "max": 0 } } } ] }
2019-11-18 20:40:43.611 11675 RALLYDEBUG rally_openstack.contexts.keystone.users [-] Creating 1 tenants using 20 threads
2019-11-18 20:40:44.600 11675 RALLYDEBUG rally_openstack.contexts.keystone.users [-] Creating 1 users using 20 threads
2019-11-18 20:40:46.049 11675 INFO rally.task.context [-] Task bcb2ab72-f627-4024-bac0-6ef936815a51 | Context users@openstack setup() finished in 2.44 sec
2019-11-18 20:40:46.049 11675 INFO rally.task.context [-] Task bcb2ab72-f627-4024-bac0-6ef936815a51 | Context admin_cleanup@openstack setup() finished in 0.01 msec
2019-11-18 20:40:46.058 11675 RALLYDEBUG rally.task.runner [-] Starting the constant runner (task UUID: bcb2ab72-f627-4024-bac0-6ef936815a51). times: 10 concurrency: 4 timeout: 0 max_cpu_used: 16 processes_to_start: 4 concurrency_per_worker: 1 concurrency_overhead: 0
2019-11-18 20:40:46.070 13455 RALLYDEBUG rally.task.runner [-] Starting a worker. times: 10 duration: None concurrency: 1 timeout: 0 cls: method_name: run args: {}
2019-11-18 20:40:46.074 13456 RALLYDEBUG rally.task.runner [-] Starting a worker. times: 10 duration: None concurrency: 1 timeout: 0 cls: method_name: run args: {}
2019-11-18 20:40:46.076 13455 INFO rally.task.runner [-] Task bcb2ab72-f627-4024-bac0-6ef936815a51 | ITER: 1 START
2019-11-18 20:40:46.077 13457 RALLYDEBUG rally.task.runner [-] Starting a worker. times: 10 duration: None concurrency: 1 timeout: 0 cls: method_name: run args: {}
2019-11-18 20:40:46.079 13456 INFO rally.task.runner [-] Task bcb2ab72-f627-4024-bac0-6ef936815a51 | ITER: 2 START
2019-11-18 20:40:46.081 13460 RALLYDEBUG rally.task.runner [-] Starting a worker. times: 10 duration: None concurrency: 1 timeout: 0 cls: method_name: run args: {}
2019-11-18 20:40:46.082 13457 INFO rally.task.runner [-] Task bcb2ab72-f627-4024-bac0-6ef936815a51 | ITER: 3 START
2019-11-18 20:40:46.086 13460 INFO rally.task.runner [-] Task bcb2ab72-f627-4024-bac0-6ef936815a51 | ITER: 4 START
2019-11-18 20:40:47.640 13455 INFO rally.task.runner [-] Task bcb2ab72-f627-4024-bac0-6ef936815a51 | ITER: 1 END: OK
2019-11-18 20:40:47.643 13455 INFO rally.task.runner [-] Task bcb2ab72-f627-4024-bac0-6ef936815a51 | ITER: 5 START
2019-11-18 20:40:47.646 13460 INFO rally.task.runner [-] Task bcb2ab72-f627-4024-bac0-6ef936815a51 | ITER: 4 END: OK
2019-11-18 20:40:47.650 13460 INFO rally.task.runner [-] Task bcb2ab72-f627-4024-bac0-6ef936815a51 | ITER: 6 START
2019-11-18 20:40:47.651 13456 INFO rally.task.runner [-] Task bcb2ab72-f627-4024-bac0-6ef936815a51 | ITER: 2 END: OK
2019-11-18 20:40:47.655 13456 INFO rally.task.runner [-] Task bcb2ab72-f627-4024-bac0-6ef936815a51 | ITER: 7 START
2019-11-18 20:40:47.679 13457 INFO rally.task.runner [-] Task bcb2ab72-f627-4024-bac0-6ef936815a51 | ITER: 3 END: OK
2019-11-18 20:40:47.682 13457 INFO rally.task.runner [-] Task bcb2ab72-f627-4024-bac0-6ef936815a51 | ITER: 8 START
2019-11-18 20:40:49.106 13456 INFO rally.task.runner [-] Task bcb2ab72-f627-4024-bac0-6ef936815a51 | ITER: 7 END: OK
2019-11-18 20:40:49.109 13456 INFO rally.task.runner [-] Task bcb2ab72-f627-4024-bac0-6ef936815a51 | ITER: 9 START
2019-11-18 20:40:49.155 13457 INFO rally.task.runner [-] Task bcb2ab72-f627-4024-bac0-6ef936815a51 | ITER: 8 END: OK
2019-11-18 20:40:49.157 13457 INFO rally.task.runner [-] Task bcb2ab72-f627-4024-bac0-6ef936815a51 | ITER: 10 START
2019-11-18 20:40:49.216 13460 INFO rally.task.runner [-] Task bcb2ab72-f627-4024-bac0-6ef936815a51 | ITER: 6 END: OK
2019-11-18 20:40:49.247 13455 INFO rally.task.runner [-] Task bcb2ab72-f627-4024-bac0-6ef936815a51 | ITER: 5 END: OK
2019-11-18 20:40:50.609 13456 INFO rally.task.runner [-] Task bcb2ab72-f627-4024-bac0-6ef936815a51 | ITER: 9 END: OK
2019-11-18 20:40:50.666 13457 INFO rally.task.runner [-] Task bcb2ab72-f627-4024-bac0-6ef936815a51 | ITER: 10 END: OK
2019-11-18 20:40:50.694 11675 INFO rally.task.context [-] Task bcb2ab72-f627-4024-bac0-6ef936815a51 | Context admin_cleanup@openstack cleanup() started
2019-11-18 20:40:50.697 11675 RALLYDEBUG rally_openstack.cleanup.manager [-] Cleaning up keystone user objects
2019-11-18 20:40:51.441 11675 RALLYDEBUG rally_openstack.cleanup.manager [-] Deleting keystone.user object s_rally_3d627c69_s0bk3IYo (04fb2b2e24ea4f8ca9aad39233943b0f)
2019-11-18 20:40:51.450 11675 RALLYDEBUG rally_openstack.cleanup.manager [-] Deleting keystone.user object s_rally_3d627c69_vYDahEH6 (0a02d0cb6ae147bda7b733c885b4b8b4)
2019-11-18 20:40:51.463 11675 RALLYDEBUG rally_openstack.cleanup.manager [-] Deleting keystone.user object s_rally_3d627c69_Ocj64uDi (1032230a615843b3b543675efcf9de94)
2019-11-18 20:40:51.466 11675 RALLYDEBUG rally_openstack.cleanup.manager [-] Deleting keystone.user object s_rally_3d627c69_7LhRwkpz (109aa820195d4778b5fabea450a3b302)
2019-11-18 20:40:51.480 11675 RALLYDEBUG rally_openstack.cleanup.manager [-] Deleting keystone.user object s_rally_3d627c69_xbfWOKP7 (150a67bb77d54f3ea612f689d821c3e1)
2019-11-18 20:40:51.535 11675 RALLYDEBUG rally_openstack.cleanup.manager [-] Deleting keystone.user object s_rally_3d627c69_zwH1OQqi (a6919152dd434f989a2cac475eb942c8)
2019-11-18 20:40:51.550 11675 RALLYDEBUG rally_openstack.cleanup.manager [-] Deleting keystone.user object s_rally_3d627c69_H0Syde5b (d7ad1eb7a62440a8b3679b8f61fc0379)
2019-11-18 20:40:51.555 11675 RALLYDEBUG rally_openstack.cleanup.manager [-] Deleting keystone.user object s_rally_3d627c69_GwnmJLAh (97e325d8c52a45ddb60b9f94e9b93b58)
2019-11-18 20:40:51.563 11675 RALLYDEBUG rally_openstack.cleanup.manager [-] Deleting keystone.user object s_rally_3d627c69_LbCmHq1g (e375487804b040ad92073d4780b3c33c)
2019-11-18 20:40:51.575 11675 RALLYDEBUG rally_openstack.cleanup.manager [-] Deleting keystone.user object s_rally_3d627c69_Hpe6voKW (3852c424dc1c45a3b387be9d53770fa0)
2019-11-18 20:40:53.502 11675 RALLYDEBUG rally_openstack.cleanup.manager [-] Cleaning up keystone project objects
2019-11-18 20:40:54.351 11675 RALLYDEBUG rally_openstack.cleanup.manager [-] Cleaning up keystone service objects
2019-11-18 20:40:55.116 11675 RALLYDEBUG rally_openstack.cleanup.manager [-] Cleaning up keystone role objects
2019-11-18 20:40:55.913 11675 INFO rally.task.context [-] Task bcb2ab72-f627-4024-bac0-6ef936815a51 | Context admin_cleanup@openstack cleanup() finished in 5.22 sec
2019-11-18 20:40:55.913 11675 INFO rally.task.context [-] Task bcb2ab72-f627-4024-bac0-6ef936815a51 | Context users@openstack cleanup() started
2019-11-18 20:40:58.849 11675 INFO rally.task.context [-] Task bcb2ab72-f627-4024-bac0-6ef936815a51 | Context users@openstack cleanup() finished in 2.94 sec
2019-11-18 20:40:59.697 11675 INFO rally.task.engine [-] Load duration is: 3.277813
2019-11-18 20:40:59.697 11675 INFO rally.task.engine [-] Full runner duration is: 4.636496
2019-11-18 20:40:59.698 11675 INFO rally.task.engine [-] Full duration is: 15.240343
2019-11-18 20:41:00.031 11675 INFO rally.task.engine [-] Running workload: position = 0 config = { "version": 2, "title": "A cropped version of a bigger task.", "description": "Auto-generated task from a single workload (uuid=5f7c588a-7439-427b-b4a4-0f666b75d4bf)", "subtasks": [ { "title": "KeystoneBasic.create_tenant_with_users", "description": "Create a keystone tenant and several users belonging to it.", "scenario": { "KeystoneBasic.create_tenant_with_users": { "users_per_tenant": 10 } }, "contexts": {}, "runner": { "constant": { "concurrency": 4, "times": 10 } }, "hooks": [], "sla": { "failure_rate": { "max": 0 } } } ] }
2019-11-18 20:41:00.055 11675 RALLYDEBUG rally_openstack.contexts.keystone.users [-] Creating 1 tenants using 20 threads
2019-11-18 20:41:01.017 11675 RALLYDEBUG rally_openstack.contexts.keystone.users [-] Creating 1 users using 20 threads
2019-11-18 20:41:02.371 11675 INFO rally.task.context [-] Task bcb2ab72-f627-4024-bac0-6ef936815a51 | Context users@openstack setup() finished in 2.32 sec
2019-11-18 20:41:02.372 11675 INFO rally.task.context [-] Task bcb2ab72-f627-4024-bac0-6ef936815a51 | Context admin_cleanup@openstack setup() finished in 0.01 msec
2019-11-18 20:41:02.380 11675 RALLYDEBUG rally.task.runner [-] Starting the constant runner (task UUID: bcb2ab72-f627-4024-bac0-6ef936815a51). times: 10 concurrency: 4 timeout: 0 max_cpu_used: 16 processes_to_start: 4 concurrency_per_worker: 1 concurrency_overhead: 0
2019-11-18 20:41:02.391 13639 RALLYDEBUG rally.task.runner [-] Starting a worker. times: 10 duration: None concurrency: 1 timeout: 0 cls: method_name: run args: {"users_per_tenant": 10}
2019-11-18 20:41:02.395 13640 RALLYDEBUG rally.task.runner [-] Starting a worker. times: 10 duration: None concurrency: 1 timeout: 0 cls: method_name: run args: {"users_per_tenant": 10}
2019-11-18 20:41:02.397 13639 INFO rally.task.runner [-] Task bcb2ab72-f627-4024-bac0-6ef936815a51 | ITER: 1 START
2019-11-18 20:41:02.399 13641 RALLYDEBUG rally.task.runner [-] Starting a worker. times: 10 duration: None concurrency: 1 timeout: 0 cls: method_name: run args: {"users_per_tenant": 10}
2019-11-18 20:41:02.400 13640 INFO rally.task.runner [-] Task bcb2ab72-f627-4024-bac0-6ef936815a51 | ITER: 2 START
2019-11-18 20:41:02.402 13644 RALLYDEBUG rally.task.runner [-] Starting a worker. times: 10 duration: None concurrency: 1 timeout: 0 cls: method_name: run args: {"users_per_tenant": 10}
2019-11-18 20:41:02.404 13641 INFO rally.task.runner [-] Task bcb2ab72-f627-4024-bac0-6ef936815a51 | ITER: 3 START
2019-11-18 20:41:02.408 13644 INFO rally.task.runner [-] Task bcb2ab72-f627-4024-bac0-6ef936815a51 | ITER: 4 START
2019-11-18 20:41:07.396 13641 INFO rally.task.runner [-] Task bcb2ab72-f627-4024-bac0-6ef936815a51 | ITER: 3 END: OK
2019-11-18 20:41:07.399 13641 INFO rally.task.runner [-] Task bcb2ab72-f627-4024-bac0-6ef936815a51 | ITER: 5 START
2019-11-18 20:41:07.403 13640 INFO rally.task.runner [-] Task bcb2ab72-f627-4024-bac0-6ef936815a51 | ITER: 2 END: OK
2019-11-18 20:41:07.405 13640 INFO rally.task.runner [-] Task bcb2ab72-f627-4024-bac0-6ef936815a51 | ITER: 6 START
2019-11-18 20:41:07.411 13644 INFO rally.task.runner [-] Task bcb2ab72-f627-4024-bac0-6ef936815a51 | ITER: 4 END: OK
2019-11-18 20:41:07.414 13644 INFO rally.task.runner [-] Task bcb2ab72-f627-4024-bac0-6ef936815a51 | ITER: 7 START
2019-11-18 20:41:07.473 13639 INFO rally.task.runner [-] Task bcb2ab72-f627-4024-bac0-6ef936815a51 | ITER: 1 END: OK
2019-11-18 20:41:07.476 13639 INFO rally.task.runner [-] Task bcb2ab72-f627-4024-bac0-6ef936815a51 | ITER: 8 START
2019-11-18 20:41:12.364 13644 INFO rally.task.runner [-] Task bcb2ab72-f627-4024-bac0-6ef936815a51 | ITER: 7 END: OK
2019-11-18 20:41:12.367 13644 INFO rally.task.runner [-] Task bcb2ab72-f627-4024-bac0-6ef936815a51 | ITER: 9 START
2019-11-18 20:41:12.371 13640 INFO rally.task.runner [-] Task bcb2ab72-f627-4024-bac0-6ef936815a51 | ITER: 6 END: OK
2019-11-18 20:41:12.374 13640 INFO rally.task.runner [-] Task bcb2ab72-f627-4024-bac0-6ef936815a51 | ITER: 10 START
2019-11-18 20:41:12.402 13641 INFO rally.task.runner [-] Task bcb2ab72-f627-4024-bac0-6ef936815a51 | ITER: 5 END: OK
2019-11-18 20:41:12.417 13639 INFO rally.task.runner [-] Task bcb2ab72-f627-4024-bac0-6ef936815a51 | ITER: 8 END: OK
2019-11-18 20:41:17.302 13640 INFO rally.task.runner [-] Task bcb2ab72-f627-4024-bac0-6ef936815a51 | ITER: 10 END: OK
2019-11-18 20:41:17.326 13644 INFO rally.task.runner [-] Task bcb2ab72-f627-4024-bac0-6ef936815a51 | ITER: 9 END: OK
2019-11-18 20:41:17.351 11675 INFO rally.task.context [-] Task bcb2ab72-f627-4024-bac0-6ef936815a51 | Context admin_cleanup@openstack cleanup() started
2019-11-18 20:41:17.355 11675 RALLYDEBUG rally_openstack.cleanup.manager [-] Cleaning up keystone user objects
2019-11-18 20:41:18.139 11675 RALLYDEBUG rally_openstack.cleanup.manager [-] Deleting keystone.user object s_rally_5f7c588a_94YvGfbm (002aa30527e74d3fa8f419330f49e372)
2019-11-18 20:41:18.148 11675 RALLYDEBUG rally_openstack.cleanup.manager [-] Deleting keystone.user object s_rally_5f7c588a_XD2pEUgn (00ec038ada2e44b595945f5bb1122fae)
2019-11-18 20:41:18.157 11675 RALLYDEBUG rally_openstack.cleanup.manager [-] Deleting keystone.user object s_rally_5f7c588a_TmsyRMaa (03148f801697438f862e7a0ccabc42af)
2019-11-18 20:41:18.168 11675 RALLYDEBUG rally_openstack.cleanup.manager [-] Deleting keystone.user object s_rally_5f7c588a_HtMpcD4t (0936daf2a18846f0ab37c2a5bd0bd830)
2019-11-18 20:41:18.184 11675 RALLYDEBUG rally_openstack.cleanup.manager [-] Deleting keystone.user object s_rally_5f7c588a_P2bOeAzn (09e3b63a6cf24d21907317b8e3d466a5)
2019-11-18 20:41:18.202 11675 RALLYDEBUG rally_openstack.cleanup.manager [-] Deleting keystone.user object s_rally_5f7c588a_CZkawPf3 (0a33dc626a864141bc7e9a6c9995dba8)
2019-11-18 20:41:18.211 11675 RALLYDEBUG rally_openstack.cleanup.manager [-] Deleting keystone.user object s_rally_5f7c588a_XHrjJvDt (0d20a9bd5faa42bca87bc30791ee0c70)
2019-11-18 20:41:18.231 11675 RALLYDEBUG rally_openstack.cleanup.manager [-] Deleting keystone.user object s_rally_5f7c588a_X9tcem03 (1657aca78eee48f0aca888266697775d)
2019-11-18 20:41:18.243 11675 RALLYDEBUG rally_openstack.cleanup.manager [-] Deleting keystone.user object s_rally_5f7c588a_xyw4HzNP (1704a882bf2e4f289b6dbe847a4fb444)
2019-11-18 20:41:18.257 11675 RALLYDEBUG rally_openstack.cleanup.manager [-] Deleting keystone.user object s_rally_5f7c588a_LxezY2v5 (1755faa9e0b741a0a537f2fc32c371cf)
2019-11-18 20:41:18.261 11675 RALLYDEBUG rally_openstack.cleanup.manager [-] Deleting keystone.user object s_rally_5f7c588a_nxKq7aaH (182bd8d590914635af852db7fe8e6198)
2019-11-18 20:41:18.283 11675 RALLYDEBUG rally_openstack.cleanup.manager [-] Deleting keystone.user object s_rally_5f7c588a_whvgw8ax (1c07477c5e7e45b89e7c3ceea8f20ac4)
2019-11-18 20:41:18.288 11675 RALLYDEBUG rally_openstack.cleanup.manager [-] Deleting keystone.user object s_rally_5f7c588a_EPuipXHe (207101adb5ee40afb22d23da2b5838ab)
2019-11-18 20:41:18.296 11675 RALLYDEBUG rally_openstack.cleanup.manager [-] Deleting keystone.user object s_rally_5f7c588a_OyEbl6x4 (22fa7438ac6b442db4bb2cc0881fb811)
2019-11-18 20:41:18.313 11675 RALLYDEBUG rally_openstack.cleanup.manager [-] Deleting keystone.user object s_rally_5f7c588a_GbQkvW2H (29906356e39d4397bc4b8e7406e46a8a)
2019-11-18 20:41:18.333 11675 RALLYDEBUG rally_openstack.cleanup.manager [-] Deleting keystone.user object s_rally_5f7c588a_Uwea4auy (2f77940297a24e1ebdc0f2b82283c228)
2019-11-18 20:41:18.345 11675 RALLYDEBUG rally_openstack.cleanup.manager [-] Deleting keystone.user object s_rally_5f7c588a_Qch316nY (3144137627c942688ab1999e0ccf3f72)
2019-11-18 20:41:18.347 11675 RALLYDEBUG rally_openstack.cleanup.manager [-] Deleting keystone.user object s_rally_5f7c588a_QuSqKNj5 (31240e76611749769bcbec36d08432bb)
2019-11-18 20:41:18.357 11675 RALLYDEBUG rally_openstack.cleanup.manager [-] Deleting keystone.user object s_rally_5f7c588a_QpOL24Ox (33acdb236e4c45fe9a02c87085d6e51d)
2019-11-18 20:41:18.361 11675 RALLYDEBUG rally_openstack.cleanup.manager [-] Deleting keystone.user object s_rally_5f7c588a_M57FH1oC (36ad7949bd4a412c8aefd73fded45f3a)
2019-11-18 20:41:20.455 11675 RALLYDEBUG rally_openstack.cleanup.manager [-] Deleting keystone.user object s_rally_5f7c588a_IuzWqxXn (37394b2434bc405ea969291e3422a80a)
2019-11-18 20:41:20.477 11675 RALLYDEBUG rally_openstack.cleanup.manager [-] Deleting keystone.user object s_rally_5f7c588a_6yQItUfm (376c9cefe81b40b595ea9e1c615ef07e)
2019-11-18 20:41:20.529 11675 RALLYDEBUG rally_openstack.cleanup.manager [-] Deleting keystone.user object s_rally_5f7c588a_3WHgglhA (382a79955f2a49afaa0e46a851a67d0d)
2019-11-18 20:41:20.609 11675 RALLYDEBUG rally_openstack.cleanup.manager [-] Deleting keystone.user object s_rally_5f7c588a_OxMxyvi3 (38b249eac14349aea57caefc9dcd8320)
2019-11-18 20:41:20.638 11675 RALLYDEBUG rally_openstack.cleanup.manager [-] Deleting keystone.user object s_rally_5f7c588a_OUjkQPK6 (3a3623896d9740678032eeed850c6b8a)
2019-11-18 20:41:20.647 11675 RALLYDEBUG rally_openstack.cleanup.manager [-] Deleting keystone.user object s_rally_5f7c588a_AwomF18b (3b497c105f044b7eba44c8163509d08b)
2019-11-18 20:41:20.668 11675 RALLYDEBUG rally_openstack.cleanup.manager [-] Deleting keystone.user object s_rally_5f7c588a_2uRv1hxm (3b79f595176d46a18b673bce6c328f9e)
2019-11-18 20:41:20.676 11675 RALLYDEBUG rally_openstack.cleanup.manager [-] Deleting keystone.user object s_rally_5f7c588a_X78285ad (3cd2a3cf0fb0420ca805e4f2e5c13050)
2019-11-18 20:41:20.682 11675 RALLYDEBUG rally_openstack.cleanup.manager [-] Deleting keystone.user object s_rally_5f7c588a_RfTGTvMz (3d2a1da8890543e3a518e43766fee8e1)
2019-11-18 20:41:20.687 11675 RALLYDEBUG rally_openstack.cleanup.manager [-] Deleting keystone.user object s_rally_5f7c588a_4oMBhqS5 (3df3f89727b04655aa8daa51e1464cf7)
2019-11-18 20:41:20.714 11675 RALLYDEBUG rally_openstack.cleanup.manager [-] Deleting keystone.user object s_rally_5f7c588a_NqN3xy9B (410562b763ee4e07b3ce70e607129887)
2019-11-18 20:41:20.777 11675 RALLYDEBUG rally_openstack.cleanup.manager [-] Deleting keystone.user object s_rally_5f7c588a_sqKku6CY (4287a19e941a42bf9f159c9404e40520)
2019-11-18 20:41:20.847 11675 RALLYDEBUG rally_openstack.cleanup.manager [-] Deleting keystone.user object s_rally_5f7c588a_8eQT4s1e (46b0552e9d184d66bccf1a26eec7b456)
2019-11-18 20:41:20.852 11675 RALLYDEBUG rally_openstack.cleanup.manager [-] Deleting keystone.user object s_rally_5f7c588a_Sydsnl2W (4939f23ba13f45fd83c68171b9181df4)
2019-11-18 20:41:20.857 11675 RALLYDEBUG rally_openstack.cleanup.manager [-] Deleting keystone.user object s_rally_5f7c588a_ShRwoWHi (4a096373ed114b3b9ae669e348a29531)
2019-11-18 20:41:20.861 11675 RALLYDEBUG rally_openstack.cleanup.manager [-] Deleting keystone.user object s_rally_5f7c588a_jJgRO7Pf (4bdf9242a2c44375992b1ccb15354c11)
2019-11-18 20:41:20.891 11675 RALLYDEBUG rally_openstack.cleanup.manager [-] Deleting keystone.user object s_rally_5f7c588a_RpBsziXb (50842b12a41c4347b99ef4e2d1c725a6)
2019-11-18 20:41:20.987 11675 RALLYDEBUG rally_openstack.cleanup.manager [-] Deleting keystone.user object s_rally_5f7c588a_hMzBfF5I (56aa18b37bb3432e9537ed067fadf276)
2019-11-18 20:41:21.004 11675 RALLYDEBUG rally_openstack.cleanup.manager [-] Deleting keystone.user object s_rally_5f7c588a_T01a5sCy (5ac8d683cb65429ab2a7107816ac60a3)
2019-11-18 20:41:21.104 11675 RALLYDEBUG rally_openstack.cleanup.manager [-] Deleting keystone.user object s_rally_5f7c588a_mxpAolVI (5bd5d7704d7a489794e7f8cd4387b3e0)
2019-11-18 20:41:22.500 11675 RALLYDEBUG rally_openstack.cleanup.manager [-] Deleting keystone.user object s_rally_5f7c588a_y8QvZNpN (5fcecaaf2e124fea8228a9c24dc57398)
2019-11-18 20:41:22.535 11675 RALLYDEBUG rally_openstack.cleanup.manager [-] Deleting keystone.user object s_rally_5f7c588a_sIdcnsbU (6ceac0c3b64c40afb3c63e2be3b7dacb)
2019-11-18 20:41:22.546 11675 RALLYDEBUG rally_openstack.cleanup.manager [-] Deleting keystone.user object s_rally_5f7c588a_sHcX9XWT (7392c17222e44b489bb78ee46806bacf)
2019-11-18 20:41:22.665 11675 RALLYDEBUG rally_openstack.cleanup.manager [-] Deleting keystone.user object s_rally_5f7c588a_GOZZGfN6 (746c2ec845bd4059a6f907b638e80092)
2019-11-18 20:41:22.715 11675 RALLYDEBUG rally_openstack.cleanup.manager [-] Deleting keystone.user object s_rally_5f7c588a_tEdaDfHi (74ce56bd7a9d4a378dc5be291f4123d7)
2019-11-18 20:41:22.871 11675 RALLYDEBUG rally_openstack.cleanup.manager [-] Deleting keystone.user object s_rally_5f7c588a_yTQClmA5 (764b0296e7504befa8c245637a67ca84)
2019-11-18 20:41:22.897 11675 RALLYDEBUG rally_openstack.cleanup.manager [-] Deleting keystone.user object s_rally_5f7c588a_Fe1rSOrA (7a044efe9bf54acb9a47f3c75cffe8de)
2019-11-18 20:41:22.909 11675 RALLYDEBUG rally_openstack.cleanup.manager [-] Deleting keystone.user object s_rally_5f7c588a_1WSzn7NG (7802077b1f72462d8b587b16e83f690e)
2019-11-18 20:41:23.013 11675 RALLYDEBUG rally_openstack.cleanup.manager [-] Deleting keystone.user object s_rally_5f7c588a_BbfZ5beL (7adfe74ed55c4210a2fd126d3b165137)
2019-11-18 20:41:23.022 11675 RALLYDEBUG rally_openstack.cleanup.manager [-] Deleting keystone.user object s_rally_5f7c588a_iUVbmAhK (7fab0305b4d0463e8be6b0f5d53565f4)
2019-11-18 20:41:23.026 11675 RALLYDEBUG rally_openstack.cleanup.manager [-] Deleting keystone.user object s_rally_5f7c588a_sncx9790 (849a4dfa70974f5cbf20de57a8c8771c)
2019-11-18 20:41:23.034 11675 RALLYDEBUG rally_openstack.cleanup.manager [-] Deleting keystone.user object s_rally_5f7c588a_gsw9JU6r (856113a885254fd2b77da6d161b3674f)
2019-11-18 20:41:23.049 11675 RALLYDEBUG rally_openstack.cleanup.manager [-] Deleting keystone.user object s_rally_5f7c588a_VzzHn5h8 (8868efba049c4d8ea999170bb5cf452b)
2019-11-18 20:41:23.076 11675 RALLYDEBUG rally_openstack.cleanup.manager [-] Deleting keystone.user object s_rally_5f7c588a_mMXcRrIQ (8c24e235d6f146069e3879168db98de2)
2019-11-18 20:41:23.153 11675 RALLYDEBUG rally_openstack.cleanup.manager [-] Deleting keystone.user object s_rally_5f7c588a_x1lEORAR (8c7c4c6b197446a88d119171fa4e49e6)
2019-11-18 20:41:23.183 11675 RALLYDEBUG rally_openstack.cleanup.manager [-] Deleting keystone.user object s_rally_5f7c588a_vjE3ZaEi (8fbb609f7e0a41f39ec46ab0612e401f)
2019-11-18 20:41:23.189 11675 RALLYDEBUG rally_openstack.cleanup.manager [-] Deleting keystone.user object s_rally_5f7c588a_SMEzIyuy (901e7f9b90e24ba6afcfe2007939faf2)
2019-11-18 20:41:23.270 11675 RALLYDEBUG rally_openstack.cleanup.manager [-] Deleting keystone.user object s_rally_5f7c588a_05EthuGy (917f75d0ac3643be8f736165e9d26831)
2019-11-18 20:41:23.469 11675 RALLYDEBUG rally_openstack.cleanup.manager [-] Deleting keystone.user object s_rally_5f7c588a_jX7AX74q (92217260c1594cadb0748b0b49a14bca)
2019-11-18 20:41:23.498 11675 RALLYDEBUG rally_openstack.cleanup.manager [-] Deleting keystone.user object s_rally_5f7c588a_EPm0cdMI (9505a29b0c4b41eb92f13e1154bf94e3)
2019-11-18 20:41:24.462 11675 RALLYDEBUG rally_openstack.cleanup.manager [-] Deleting keystone.user object s_rally_5f7c588a_nDgNkuYt (9ab93a1681f94e9cb4bb116bba17f958)
2019-11-18 20:41:24.469 11675 RALLYDEBUG rally_openstack.cleanup.manager [-] Deleting keystone.user object s_rally_5f7c588a_3J4NIVry (980d166b29834e3ba1c690096b541314)
2019-11-18 20:41:24.589 11675 RALLYDEBUG rally_openstack.cleanup.manager [-] Deleting keystone.user object s_rally_5f7c588a_AiWIGyfL (9d29787b64294a40867d773cd25f522f)
2019-11-18 20:41:24.689 11675 RALLYDEBUG rally_openstack.cleanup.manager [-] Deleting keystone.user object s_rally_5f7c588a_8aMBeWi8 (9e3585af2e5240eb9c1e1213185fa5b2)
2019-11-18 20:41:24.871 11675 RALLYDEBUG rally_openstack.cleanup.manager [-] Deleting keystone.user object s_rally_5f7c588a_tLgKIY71 (9e6414695d574c1daebafd2eba59cf70)
2019-11-18 20:41:25.015 11675 RALLYDEBUG rally_openstack.cleanup.manager [-] Deleting keystone.user object s_rally_5f7c588a_2AhLGO3x (9f516cf944b74658b04de9870bc39d9d)
2019-11-18 20:41:25.030 11675 RALLYDEBUG rally_openstack.cleanup.manager [-] Deleting keystone.user object s_rally_5f7c588a_s0qyyy63 (a6bf4fbb87894b5e813fc76b856c00e9)
2019-11-18 20:41:25.048 11675 RALLYDEBUG rally_openstack.cleanup.manager [-] Deleting keystone.user object s_rally_5f7c588a_l7ATIh2C (a87b7a7e2bd5465a84058861bd344a36)
2019-11-18 20:41:25.064 11675 RALLYDEBUG rally_openstack.cleanup.manager [-] Deleting keystone.user object s_rally_5f7c588a_I0I4Insk (a889393ca5be4d9ea23673c5db9b75e1)
2019-11-18 20:41:25.121 11675 RALLYDEBUG rally_openstack.cleanup.manager [-] Deleting keystone.user object s_rally_5f7c588a_3lNQGx5k (aa7fcd4c9cc14ca2bacd1eb2b5dfd365)
2019-11-18 20:41:25.272 11675 RALLYDEBUG rally_openstack.cleanup.manager [-] Deleting keystone.user object s_rally_5f7c588a_RwjOWQoU (aa8d252e1b9549e684790a7983b6870e)
2019-11-18 20:41:25.282 11675 RALLYDEBUG rally_openstack.cleanup.manager [-] Deleting keystone.user object s_rally_5f7c588a_1Dj9Krka (aaeb48fca72540ff8a46e64d32c2ce66)
2019-11-18 20:41:25.290 11675 RALLYDEBUG rally_openstack.cleanup.manager [-] Deleting keystone.user object s_rally_5f7c588a_MfkukpJF (ad5d54d4afe846ef8b51f7ef0946efdf)
2019-11-18 20:41:25.382 11675 RALLYDEBUG rally_openstack.cleanup.manager [-] Deleting keystone.user object s_rally_5f7c588a_30VwcGfF (af0640ba39464f709120a0f43841f259)
2019-11-18 20:41:25.402 11675 RALLYDEBUG rally_openstack.cleanup.manager [-] Deleting keystone.user object s_rally_5f7c588a_ueWdIzAj (af56eb89b1eb44b7867cc91a876f762c)
2019-11-18 20:41:25.410 11675 RALLYDEBUG rally_openstack.cleanup.manager [-] Deleting keystone.user object s_rally_5f7c588a_YpFwmFe6 (b08306ae62cd4c3392797eb0910dea3d)
2019-11-18 20:41:25.440 11675 RALLYDEBUG rally_openstack.cleanup.manager [-] Deleting keystone.user object s_rally_5f7c588a_9SS8CiPy (b146a6279d3a4c9dab9bba9aa8fa8490)
2019-11-18 20:41:25.555 11675 RALLYDEBUG rally_openstack.cleanup.manager [-] Deleting keystone.user object s_rally_5f7c588a_7q3NhEni (b3940820cec74d62b2230a2ea5c853a1)
2019-11-18 20:41:25.564 11675 RALLYDEBUG rally_openstack.cleanup.manager [-] Deleting keystone.user object s_rally_5f7c588a_L4JQqAWb (b6291b3dbdb84e499cd4d47909b56d29)
2019-11-18 20:41:25.737 11675 RALLYDEBUG rally_openstack.cleanup.manager [-] Deleting keystone.user object s_rally_5f7c588a_UXNl7GPt (b99ad5ac4a71435e95a34e972fca4669)
2019-11-18 20:41:26.327 11675 RALLYDEBUG rally_openstack.cleanup.manager [-] Deleting keystone.user object s_rally_5f7c588a_fDOMQWTD (ba211135a1414a0e9730ab3f30b1d0b0)
2019-11-18 20:41:26.545 11675 RALLYDEBUG rally_openstack.cleanup.manager [-] Deleting keystone.user object s_rally_5f7c588a_bdxtYr7M (c465c7c30040442a908a57fac6ef1758)
2019-11-18 20:41:26.625 11675 RALLYDEBUG rally_openstack.cleanup.manager [-] Deleting keystone.user object s_rally_5f7c588a_mdQrXn9R (c4fed148b3e6452c9facd345515cd033)
2019-11-18 20:41:26.667 11675 RALLYDEBUG rally_openstack.cleanup.manager [-] Deleting keystone.user object s_rally_5f7c588a_cYhrQSHO (c5893aa586b246ec894138cd70e56db2)
2019-11-18 20:41:26.867 11675 RALLYDEBUG rally_openstack.cleanup.manager [-] Deleting keystone.user object s_rally_5f7c588a_CNEv5lcV (c5d85d2b70fa4cb98b4ebeee81639b32)
2019-11-18 20:41:27.042 11675 RALLYDEBUG rally_openstack.cleanup.manager [-] Deleting keystone.user object s_rally_5f7c588a_5QFfY98S (c99c45e4504c444d9b9fedfd7b95ec00)
2019-11-18 20:41:27.064 11675 RALLYDEBUG rally_openstack.cleanup.manager [-] Deleting keystone.user object s_rally_5f7c588a_V5Iav2lw (ce234af7a6e94490a5baefb9ad0eace6)
2019-11-18 20:41:27.285 11675 RALLYDEBUG rally_openstack.cleanup.manager [-] Deleting keystone.user object s_rally_5f7c588a_rqmK2m9F (d29cd0d4c79347919876f98ad75c58a4)
2019-11-18 20:41:27.330 11675 RALLYDEBUG rally_openstack.cleanup.manager [-] Deleting keystone.user object s_rally_5f7c588a_g6FuZXqq (d332193145ad4263a9588516638b7de3)
2019-11-18 20:41:27.352 11675 RALLYDEBUG rally_openstack.cleanup.manager [-] Deleting keystone.user object s_rally_5f7c588a_XIXzllpS (d4f49fba58aa4046ab5f819bd17ffe45)
2019-11-18 20:41:27.384 11675 RALLYDEBUG rally_openstack.cleanup.manager [-] Deleting keystone.user object s_rally_5f7c588a_714nHF8g (d7f96ff66efa49f386584c3ecc622c85)
2019-11-18 20:41:27.400 11675 RALLYDEBUG rally_openstack.cleanup.manager [-] Deleting keystone.user object s_rally_5f7c588a_JcbIXQWE (d91c88ab3f9e467b88ecc6e7c2212a79)
2019-11-18 20:41:27.439 11675 RALLYDEBUG rally_openstack.cleanup.manager [-] Deleting keystone.user object s_rally_5f7c588a_F7Xk1VYp (db2d31934e294579b13f50d51592d706)
2019-11-18 20:41:27.477 11675 RALLYDEBUG rally_openstack.cleanup.manager [-] Deleting keystone.user object s_rally_5f7c588a_5MzaPhQO (e7217a089dd942f9b5aaccc714920d66)
2019-11-18 20:41:27.579 11675 RALLYDEBUG rally_openstack.cleanup.manager [-] Deleting keystone.user object s_rally_5f7c588a_7IbNqoQ3 (ed3a03035bd24f5d94fc94be862ff543)
2019-11-18 20:41:27.683 11675 RALLYDEBUG rally_openstack.cleanup.manager [-] Deleting keystone.user object s_rally_5f7c588a_qXHeSLX4 (f8c37e38f18c472d96b6ace96d9f6ac3)
2019-11-18 20:41:27.694 11675 RALLYDEBUG rally_openstack.cleanup.manager [-] Deleting keystone.user object s_rally_5f7c588a_LJdKpPiQ (f8f07cc9503f48bdbfc54dbdc19a3107)
2019-11-18 20:41:27.707 11675 RALLYDEBUG rally_openstack.cleanup.manager [-] Deleting keystone.user object s_rally_5f7c588a_kOxzHDIk (fa83db9648684672bb02b93675da19a4)
2019-11-18 20:41:27.831 11675 RALLYDEBUG rally_openstack.cleanup.manager [-] Deleting keystone.user object s_rally_5f7c588a_Mrd5U6ao (fed730f8fedb43beb6b58239bcb0c35c)
2019-11-18 20:41:27.839 11675 RALLYDEBUG rally_openstack.cleanup.manager [-] Deleting keystone.user object s_rally_5f7c588a_rtTDYV62 (ff5397c9a99743b39f48a0c479ca87dd)
2019-11-18 20:41:29.997 11675 RALLYDEBUG rally_openstack.cleanup.manager [-] Cleaning up keystone project objects
2019-11-18 20:41:30.778 11675 RALLYDEBUG rally_openstack.cleanup.manager [-] Deleting keystone.project object s_rally_5f7c588a_6d4RRK5I (01ee0a1aa31943d39a39043bd45fb699)
2019-11-18 20:41:30.788 11675 RALLYDEBUG rally_openstack.cleanup.manager [-] Deleting keystone.project object s_rally_5f7c588a_RyQvvLM8 (28f4c54bf67d45d4ab73f49d0b0034d6)
2019-11-18 20:41:30.797 11675 RALLYDEBUG rally_openstack.cleanup.manager [-] Deleting keystone.project object s_rally_5f7c588a_JmMhaTHC (2e6279490e114314b50e9aea3513da00)
2019-11-18 20:41:30.808 11675 RALLYDEBUG rally_openstack.cleanup.manager [-] Deleting keystone.project object s_rally_5f7c588a_t26M6wpH (4d0b97398c3948c8a319c057eb8f6b81)
2019-11-18 20:41:30.817 11675 RALLYDEBUG rally_openstack.cleanup.manager [-] Deleting keystone.project object s_rally_5f7c588a_DNgOQdmd (53b7ae45599545f1a04b76385694bf7b)
2019-11-18 20:41:30.826 11675 RALLYDEBUG rally_openstack.cleanup.manager [-] Deleting keystone.project object s_rally_5f7c588a_M9tReTXu (619bd012407f4febb573b8ab8488a608)
2019-11-18 20:41:30.831 11675 RALLYDEBUG rally_openstack.cleanup.manager [-] Deleting keystone.project object s_rally_5f7c588a_ZtsBzePn (650f4bc11c7346308c79144f96b142b5)
2019-11-18 20:41:30.870 11675 RALLYDEBUG rally_openstack.cleanup.manager [-] Deleting keystone.project object s_rally_5f7c588a_kaCqWoRY (b82206589d0c4f379a5678a83102e346)
2019-11-18 20:41:30.875 11675 RALLYDEBUG rally_openstack.cleanup.manager [-] Deleting keystone.project object s_rally_5f7c588a_ZqGrYPQr (cc3df9ecb2224711b699bf667c1cfecd)
2019-11-18 20:41:30.880 11675 RALLYDEBUG rally_openstack.cleanup.manager [-] Deleting keystone.project object s_rally_5f7c588a_dV1Yq3y9 (aac1721b307747bb98244f5978574ff2)
2019-11-18 20:41:33.023 11675 RALLYDEBUG rally_openstack.cleanup.manager [-] Cleaning up keystone service objects
2019-11-18 20:41:33.847 11675 RALLYDEBUG rally_openstack.cleanup.manager [-] Cleaning up keystone role objects
2019-11-18 20:41:34.596 11675 INFO rally.task.context [-] Task bcb2ab72-f627-4024-bac0-6ef936815a51 | Context admin_cleanup@openstack cleanup() finished in 17.24 sec
2019-11-18 20:41:34.597 11675 INFO rally.task.context [-] Task bcb2ab72-f627-4024-bac0-6ef936815a51 | Context users@openstack cleanup() started
2019-11-18 20:41:37.531 11675 INFO rally.task.context [-] Task bcb2ab72-f627-4024-bac0-6ef936815a51 | Context users@openstack cleanup() finished in 2.93 sec
2019-11-18 20:41:38.358 11675 INFO rally.task.engine [-] Load duration is: 13.626521
2019-11-18 20:41:38.358 11675 INFO rally.task.engine [-] Full runner duration is: 14.971966
2019-11-18 20:41:38.358 11675 INFO rally.task.engine [-] Full duration is: 37.477586
2019-11-18 20:41:38.654 11675 INFO rally.task.engine [-] Task bcb2ab72-f627-4024-bac0-6ef936815a51 | Completed: Running task.
2019-11-18 20:41:40.246 13781 RALLYDEBUG rally.api [-] INFO logs from urllib3 and requests module are hide.
2019-11-18 20:41:40.247 13781 RALLYDEBUG rally.api [-] urllib3 insecure warnings are hidden.
2019-11-18 20:41:40.247 13781 RALLYDEBUG rally.api [-] ERROR log from boto module is hide.
2019-11-18 20:41:41.593 13782 RALLYDEBUG rally.api [-] INFO logs from urllib3 and requests module are hide.
2019-11-18 20:41:41.593 13782 RALLYDEBUG rally.api [-] urllib3 insecure warnings are hidden.
2019-11-18 20:41:41.593 13782 RALLYDEBUG rally.api [-] ERROR log from boto module is hide.
2019-11-18 20:41:42.910 13783 RALLYDEBUG rally.api [-] INFO logs from urllib3 and requests module are hide.
2019-11-18 20:41:42.910 13783 RALLYDEBUG rally.api [-] urllib3 insecure warnings are hidden.
2019-11-18 20:41:42.911 13783 RALLYDEBUG rally.api [-] ERROR log from boto module is hide.
2019-11-18 20:41:44.627 13783 INFO rally.api [-] Building 'json' report for the following task(s): 'bcb2ab72-f627-4024-bac0-6ef936815a51'.
2019-11-18 20:41:44.665 13783 INFO rally.api [-] The report has been successfully built.
2019-11-18 20:41:46.220 13785 RALLYDEBUG rally.api [-] INFO logs from urllib3 and requests module are hide.
2019-11-18 20:41:46.221 13785 RALLYDEBUG rally.api [-] urllib3 insecure warnings are hidden.
2019-11-18 20:41:46.221 13785 RALLYDEBUG rally.api [-] ERROR log from boto module is hide.
2019-11-18 20:41:48.191 13785 INFO rally.task.engine [-] Task 70f16d94-7e97-4551-ac69-1a421e3e1502 | Starting: Task validation.
2019-11-18 20:41:48.252 13785 INFO rally.task.engine [-] Task 70f16d94-7e97-4551-ac69-1a421e3e1502 | Starting: Task validation of syntax.
2019-11-18 20:41:48.560 13785 INFO rally.task.engine [-] Task 70f16d94-7e97-4551-ac69-1a421e3e1502 | Completed: Task validation of syntax.
2019-11-18 20:41:48.562 13785 INFO rally.task.engine [-] Task 70f16d94-7e97-4551-ac69-1a421e3e1502 | Starting: Task validation of required platforms.
2019-11-18 20:41:48.672 13785 INFO rally.task.engine [-] Task 70f16d94-7e97-4551-ac69-1a421e3e1502 | Completed: Task validation of required platforms.
2019-11-18 20:41:48.673 13785 INFO rally.task.engine [-] Task 70f16d94-7e97-4551-ac69-1a421e3e1502 | Starting: Task validation of semantic.
2019-11-18 20:41:48.673 13785 INFO rally.task.engine [-] Check health of the environment 'fff30b6c-fd7c-4208-aaed-a1587a099099'.
2019-11-18 20:41:49.657 13785 INFO rally.task.engine [-] Platform existing@openstack (available: True): OK!
2019-11-18 20:41:49.677 13785 RALLYDEBUG rally_openstack.contexts.keystone.users [-] Creating 1 tenants using 20 threads
2019-11-18 20:41:50.522 13785 RALLYDEBUG rally_openstack.contexts.keystone.users [-] Creating 1 users using 20 threads
2019-11-18 20:41:51.866 13785 INFO rally.task.context [-] Task 70f16d94-7e97-4551-ac69-1a421e3e1502 | Context users@openstack setup() finished in 2.19 sec
2019-11-18 20:41:58.258 13785 INFO rally.task.context [-] Task 70f16d94-7e97-4551-ac69-1a421e3e1502 | Context users@openstack cleanup() started
2019-11-18 20:42:01.250 13785 INFO rally.task.context [-] Task 70f16d94-7e97-4551-ac69-1a421e3e1502 | Context users@openstack cleanup() finished in 2.99 sec
2019-11-18 20:42:01.251 13785 INFO rally.task.engine [-] Task 70f16d94-7e97-4551-ac69-1a421e3e1502 | Completed: Task validation of semantic.
2019-11-18 20:42:01.251 13785 INFO rally.task.engine [-] Task 70f16d94-7e97-4551-ac69-1a421e3e1502 | Completed: Task validation.
2019-11-18 20:42:01.252 13785 INFO rally.api [-] Task 70f16d94-7e97-4551-ac69-1a421e3e1502 input file is valid.
2019-11-18 20:42:01.252 13785 INFO rally.api [-] Run Task 70f16d94-7e97-4551-ac69-1a421e3e1502 against Deployment fff30b6c-fd7c-4208-aaed-a1587a099099
2019-11-18 20:42:01.253 13785 INFO rally.task.engine [-] Task 70f16d94-7e97-4551-ac69-1a421e3e1502 | Starting: Running task.
2019-11-18 20:42:01.445 13785 INFO rally.task.engine [-] Running workload: position = 0 config = { "version": 2, "title": "A cropped version of a bigger task.", "description": "Auto-generated task from a single workload (uuid=89f4be8e-57b7-418d-bbcf-49f2657270a8)", "subtasks": [ { "title": "NeutronNetworks.create_and_update_networks", "description": "Create and update a network.", "scenario": { "NeutronNetworks.create_and_update_networks": { "network_create_args": {}, "network_update_args": { "admin_state_up": false } } }, "contexts": { "users": { "tenants": 3, "users_per_tenant": 2 }, "quotas": { "neutron": { "network": -1 } } }, "runner": { "constant": { "concurrency": 4, "times": 10 } }, "hooks": [], "sla": { "failure_rate": { "max": 0 } } } ] }
2019-11-18 20:42:01.472 13785 RALLYDEBUG rally_openstack.contexts.keystone.users [-] Creating 3 tenants using 20 threads
2019-11-18 20:42:02.419 13785 RALLYDEBUG rally_openstack.contexts.keystone.users [-] Creating 6 users using 20 threads
2019-11-18 20:42:03.995 13785 INFO rally.task.context [-] Task 70f16d94-7e97-4551-ac69-1a421e3e1502 | Context users@openstack setup() finished in 2.52 sec
2019-11-18 20:42:04.927 13785 INFO rally.task.context [-] Task 70f16d94-7e97-4551-ac69-1a421e3e1502 | Context quotas@openstack setup() finished in 0.93 sec
2019-11-18 20:42:04.927 13785 INFO rally.task.context [-] Task 70f16d94-7e97-4551-ac69-1a421e3e1502 | Context cleanup@openstack setup() finished in 0.03 msec
2019-11-18 20:42:04.937 13785 RALLYDEBUG rally.task.runner [-] Starting the constant runner (task UUID: 70f16d94-7e97-4551-ac69-1a421e3e1502). times: 10 concurrency: 4 timeout: 0 max_cpu_used: 16 processes_to_start: 4 concurrency_per_worker: 1 concurrency_overhead: 0
2019-11-18 20:42:04.951 13909 RALLYDEBUG rally.task.runner [-] Starting a worker. times: 10 duration: None concurrency: 1 timeout: 0 cls: method_name: run args: {"network_create_args": {}, "network_update_args": {"admin_state_up": false}}
2019-11-18 20:42:04.954 13910 RALLYDEBUG rally.task.runner [-] Starting a worker. times: 10 duration: None concurrency: 1 timeout: 0 cls: method_name: run args: {"network_create_args": {}, "network_update_args": {"admin_state_up": false}}
2019-11-18 20:42:04.957 13909 INFO rally.task.runner [-] Task 70f16d94-7e97-4551-ac69-1a421e3e1502 | ITER: 1 START
2019-11-18 20:42:04.957 13911 RALLYDEBUG rally.task.runner [-] Starting a worker. times: 10 duration: None concurrency: 1 timeout: 0 cls: method_name: run args: {"network_create_args": {}, "network_update_args": {"admin_state_up": false}}
2019-11-18 20:42:04.961 13910 INFO rally.task.runner [-] Task 70f16d94-7e97-4551-ac69-1a421e3e1502 | ITER: 2 START
2019-11-18 20:42:04.960 13913 RALLYDEBUG rally.task.runner [-] Starting a worker. times: 10 duration: None concurrency: 1 timeout: 0 cls: method_name: run args: {"network_create_args": {}, "network_update_args": {"admin_state_up": false}}
2019-11-18 20:42:04.964 13911 INFO rally.task.runner [-] Task 70f16d94-7e97-4551-ac69-1a421e3e1502 | ITER: 3 START
2019-11-18 20:42:04.966 13913 INFO rally.task.runner [-] Task 70f16d94-7e97-4551-ac69-1a421e3e1502 | ITER: 4 START
2019-11-18 20:42:06.060 13911 INFO rally.task.runner [-] Task 70f16d94-7e97-4551-ac69-1a421e3e1502 | ITER: 3 END: OK
2019-11-18 20:42:06.065 13911 INFO rally.task.runner [-] Task 70f16d94-7e97-4551-ac69-1a421e3e1502 | ITER: 5 START
2019-11-18 20:42:06.172 13913 INFO rally.task.runner [-] Task 70f16d94-7e97-4551-ac69-1a421e3e1502 | ITER: 4 END: OK
2019-11-18 20:42:06.177 13913 INFO rally.task.runner [-] Task 70f16d94-7e97-4551-ac69-1a421e3e1502 | ITER: 6 START
2019-11-18 20:42:06.297 13909 INFO rally.task.runner [-] Task 70f16d94-7e97-4551-ac69-1a421e3e1502 | ITER: 1 END: OK
2019-11-18 20:42:06.302 13909 INFO rally.task.runner [-] Task 70f16d94-7e97-4551-ac69-1a421e3e1502 | ITER: 7 START
2019-11-18 20:42:06.577 13910 INFO rally.task.runner [-] Task 70f16d94-7e97-4551-ac69-1a421e3e1502 | ITER: 2 END: OK
2019-11-18 20:42:06.582 13910 INFO rally.task.runner [-] Task 70f16d94-7e97-4551-ac69-1a421e3e1502 | ITER: 8 START
2019-11-18 20:42:07.266 13911 INFO rally.task.runner [-] Task 70f16d94-7e97-4551-ac69-1a421e3e1502 | ITER: 5 END: OK
2019-11-18 20:42:07.270 13911 INFO rally.task.runner [-] Task 70f16d94-7e97-4551-ac69-1a421e3e1502 | ITER: 9 START
2019-11-18 20:42:07.544 13913 INFO rally.task.runner [-] Task 70f16d94-7e97-4551-ac69-1a421e3e1502 | ITER: 6 END: OK
2019-11-18 20:42:07.548 13913 INFO rally.task.runner [-] Task 70f16d94-7e97-4551-ac69-1a421e3e1502 | ITER: 10 START
2019-11-18 20:42:07.754 13910 INFO rally.task.runner [-] Task 70f16d94-7e97-4551-ac69-1a421e3e1502 | ITER: 8 END: OK
2019-11-18 20:42:07.754 13909 INFO rally.task.runner [-] Task 70f16d94-7e97-4551-ac69-1a421e3e1502 | ITER: 7 END: OK
2019-11-18 20:42:08.244 13911 INFO rally.task.runner [-] Task 70f16d94-7e97-4551-ac69-1a421e3e1502 | ITER: 9 END: OK
2019-11-18 20:42:08.578 13913 INFO rally.task.runner [-] Task 70f16d94-7e97-4551-ac69-1a421e3e1502 | ITER: 10 END: OK
2019-11-18 20:42:08.609 13785 INFO rally.task.context [-] Task 70f16d94-7e97-4551-ac69-1a421e3e1502 | Context cleanup@openstack cleanup() started
2019-11-18 20:42:08.613 13785 RALLYDEBUG rally_openstack.cleanup.manager [-] Cleaning up neutron vip objects
2019-11-18 20:42:09.760 13785 RALLYDEBUG rally_openstack.cleanup.manager [-] Cleaning up neutron health_monitor objects
2019-11-18 20:42:11.014 13785 RALLYDEBUG rally_openstack.cleanup.manager [-] Cleaning up neutron pool objects
2019-11-18 20:42:12.159 13785 RALLYDEBUG rally_openstack.cleanup.manager [-] Cleaning up neutron loadbalancer objects
2019-11-18 20:42:13.329 13785 RALLYDEBUG rally_openstack.cleanup.manager [-] Cleaning up neutron floatingip objects
2019-11-18 20:42:14.578 13785 RALLYDEBUG rally_openstack.cleanup.manager [-] Cleaning up neutron trunk objects
2019-11-18 20:42:15.736 13785 RALLYDEBUG rally_openstack.cleanup.manager [-] Cleaning up neutron port objects
2019-11-18 20:42:16.946 13785 RALLYDEBUG rally_openstack.cleanup.manager [-] Cleaning up neutron subnet objects
2019-11-18 20:42:18.178 13785 RALLYDEBUG rally_openstack.cleanup.manager [-] Cleaning up neutron network objects
2019-11-18 20:42:19.797 13785 RALLYDEBUG rally_openstack.cleanup.manager [-] Deleting neutron.network object s_rally_89f4be8e_b198NLPZ (137fa073-5790-412d-b37f-3bdc4ea3790e)
2019-11-18 20:42:19.800 13785 RALLYDEBUG rally_openstack.cleanup.manager [-] Deleting neutron.network object s_rally_89f4be8e_wdnmMZZt (7ace25d1-e8a8-4e8f-8aec-8b9b3ecb40d7)
2019-11-18 20:42:19.815 13785 RALLYDEBUG rally_openstack.cleanup.manager [-] Deleting neutron.network object s_rally_89f4be8e_rWbtxs0p (e1442968-b21c-4af2-9d0e-bf3a960994cb)
2019-11-18 20:42:19.825 13785 RALLYDEBUG rally_openstack.cleanup.manager [-] Deleting neutron.network object s_rally_89f4be8e_oJd1khrk (fbd05a93-8ff3-4471-85ae-568a4c5f035d)
2019-11-18 20:42:19.831 13785 RALLYDEBUG rally_openstack.cleanup.manager [-] Deleting neutron.network object s_rally_89f4be8e_l76eRSyI (081e8795-544a-4064-a730-710db5709d8f)
2019-11-18 20:42:19.851 13785 RALLYDEBUG rally_openstack.cleanup.manager [-] Deleting neutron.network object s_rally_89f4be8e_2ugJp5P9 (a139bb6a-7290-4352-8e08-041eb14f09d4)
2019-11-18 20:42:19.858 13785 RALLYDEBUG rally_openstack.cleanup.manager [-] Deleting neutron.network object s_rally_89f4be8e_Nv84Tx0u (f8e280c0-b051-4f99-883d-3afc8f36ec84)
2019-11-18 20:42:19.878 13785 RALLYDEBUG rally_openstack.cleanup.manager [-] Deleting neutron.network object s_rally_89f4be8e_T29BoH3O (00edf756-c231-4df0-8c75-6d8da53dc56a)
2019-11-18 20:42:19.900 13785 RALLYDEBUG rally_openstack.cleanup.manager [-] Deleting neutron.network object s_rally_89f4be8e_NYS5GDCq (5793894e-30bf-4493-abe3-a68b8158dc73)
2019-11-18 20:42:19.912 13785 RALLYDEBUG rally_openstack.cleanup.manager [-] Deleting neutron.network object s_rally_89f4be8e_qgpgxqI4 (c45ec529-7dcc-4a81-bcef-630cc0c584a9)
2019-11-18 20:42:22.337 13785 RALLYDEBUG rally_openstack.cleanup.manager [-] Cleaning up neutron router objects
2019-11-18 20:42:23.592 13785 RALLYDEBUG rally_openstack.cleanup.manager [-] Cleaning up neutron security_group objects
2019-11-18 20:42:24.882 13785 INFO rally.task.context [-] Task 70f16d94-7e97-4551-ac69-1a421e3e1502 | Context cleanup@openstack cleanup() finished in 16.27 sec
2019-11-18 20:42:24.882 13785 INFO rally.task.context [-] Task 70f16d94-7e97-4551-ac69-1a421e3e1502 | Context quotas@openstack cleanup() started
2019-11-18 20:42:25.071 13785 INFO rally.task.context [-] Task 70f16d94-7e97-4551-ac69-1a421e3e1502 | Context quotas@openstack cleanup() finished in 0.19 sec
2019-11-18 20:42:25.072 13785 INFO rally.task.context [-] Task 70f16d94-7e97-4551-ac69-1a421e3e1502 | Context users@openstack cleanup() started
2019-11-18 20:42:29.209 13785 INFO rally.task.context [-] Task 70f16d94-7e97-4551-ac69-1a421e3e1502 | Context users@openstack cleanup() finished in 4.14 sec
2019-11-18 20:42:29.645 13785 INFO rally.task.engine [-] Load duration is: 3.620298
2019-11-18 20:42:29.646 13785 INFO rally.task.engine [-] Full runner duration is: 3.672419
2019-11-18 20:42:29.646 13785 INFO rally.task.engine [-] Full duration is: 27.740256
2019-11-18 20:42:29.973 13785 INFO rally.task.engine [-] Running workload: position = 0 config = { "version": 2, "title": "A cropped version of a bigger task.", "description": "Auto-generated task from a single workload (uuid=a5bf2116-4152-43dd-a1fb-51c0c6540e70)", "subtasks": [ { "title": "NeutronNetworks.create_and_update_ports", "description": "Create and update a given number of ports.", "scenario": { "NeutronNetworks.create_and_update_ports": { "network_create_args": {}, "port_create_args": {}, "port_update_args": { "admin_state_up": false, "device_id": "dummy_id", "device_owner": "dummy_owner" }, "ports_per_network": 1 } }, "contexts": { "users": { "tenants": 3, "users_per_tenant": 2 }, "network": { "router": {} }, "quotas": { "neutron": { "network": -1, "port": -1 } } }, "runner": { "constant": { "concurrency": 4, "times": 10 } }, "hooks": [], "sla": { "failure_rate": { "max": 0 } } } ] }
2019-11-18 20:42:30.001 13785 RALLYDEBUG rally_openstack.contexts.keystone.users [-] Creating 3 tenants using 20 threads
2019-11-18 20:42:30.983 13785 RALLYDEBUG rally_openstack.contexts.keystone.users [-] Creating 6 users using 20 threads
2019-11-18 20:42:32.610 13785 INFO rally.task.context [-] Task 70f16d94-7e97-4551-ac69-1a421e3e1502 | Context users@openstack setup() finished in 2.61 sec
2019-11-18 20:42:33.578 13785 INFO rally.task.context [-] Task 70f16d94-7e97-4551-ac69-1a421e3e1502 | Context quotas@openstack setup() finished in 0.97 sec
2019-11-18 20:42:34.200 13785 RALLYDEBUG rally_openstack.wrappers.network [-] CIDR generated: 10.2.0.0/24
2019-11-18 20:42:35.143 13785 RALLYDEBUG rally_openstack.wrappers.network [-] CIDR generated: 10.2.1.0/24
2019-11-18 20:42:36.176 13785 RALLYDEBUG rally_openstack.wrappers.network [-] CIDR generated: 10.2.2.0/24
2019-11-18 20:42:36.840 13785 INFO rally.task.context [-] Task 70f16d94-7e97-4551-ac69-1a421e3e1502 | Context network@openstack setup() finished in 3.26 sec
2019-11-18 20:42:36.840 13785 INFO rally.task.context [-] Task 70f16d94-7e97-4551-ac69-1a421e3e1502 | Context cleanup@openstack setup() finished in 0.06 msec
