2019-11-18 21:36:56.172 23623 RALLYDEBUG rally.task.utils [-] Waiting for resource s_rally_af3e2c64_5FYz0xyi. Status changed: RESIZE => VERIFY_RESIZE in 30.670411109924316
2019-11-18 21:36:56.661 23623 RALLYDEBUG rally.task.utils [-] Waiting for resource s_rally_af3e2c64_5FYz0xyi. Status changed: ACTIVE => VERIFY_RESIZE in 0.15524625778198242
2019-11-18 21:36:58.970 23623 RALLYDEBUG rally.task.utils [-] Waiting for resource s_rally_af3e2c64_5FYz0xyi. Status changed: VERIFY_RESIZE => ACTIVE in 2.3092172145843506
2019-11-18 21:37:01.329 23623 INFO rally.task.runner [-] Task f0c16f69-272d-4c2f-ad2b-b66b4e17b899 | ITER: 10 END: OK
2019-11-18 21:37:01.357 20411 INFO rally.task.context [-] Task f0c16f69-272d-4c2f-ad2b-b66b4e17b899 | Context cleanup@openstack cleanup() started
2019-11-18 21:37:01.360 20411 RALLYDEBUG rally_openstack.cleanup.manager [-] Cleaning up nova servers objects
2019-11-18 21:37:03.104 20411 RALLYDEBUG rally_openstack.cleanup.manager [-] Deleting nova.servers object s_rally_af3e2c64_MaG3xJ71 (508a9f76-a427-4b8c-bedc-354a1ff3fd17)
2019-11-18 21:37:06.259 20411 RALLYDEBUG rally_openstack.cleanup.manager [-] Cleaning up nova server_groups objects
2019-11-18 21:37:07.427 20411 RALLYDEBUG rally_openstack.cleanup.manager [-] Cleaning up nova keypairs objects
2019-11-18 21:37:09.748 20411 INFO rally.task.context [-] Task f0c16f69-272d-4c2f-ad2b-b66b4e17b899 | Context cleanup@openstack cleanup() finished in 8.39 sec
2019-11-18 21:37:09.749 20411 INFO rally.task.context [-] Task f0c16f69-272d-4c2f-ad2b-b66b4e17b899 | Context users@openstack cleanup() started
2019-11-18 21:37:13.881 20411 INFO rally.task.context [-] Task f0c16f69-272d-4c2f-ad2b-b66b4e17b899 | Context users@openstack cleanup() finished in 4.13 sec
2019-11-18 21:37:14.879 20411 INFO rally.task.engine [-] Load duration is: 101.932376
2019-11-18 21:37:14.880 20411 INFO rally.task.engine [-] Full runner duration is: 102.980947
2019-11-18 21:37:14.880 20411 INFO rally.task.engine [-] Full duration is: 119.563972
2019-11-18 21:37:15.255 20411 INFO rally.task.engine [-] Running workload: position = 0 config = { "version": 2, "title": "A cropped version of a bigger task.", "description": "Auto-generated task from a single workload (uuid=bbcae57e-88f1-435d-8a2c-c052aa117518)", "subtasks": [ { "title": "NovaServers.boot_server_and_list_interfaces", "description": "Boot a server and list interfaces attached to it.", "scenario": { "NovaServers.boot_server_and_list_interfaces": { "flavor": { "name": "rally_full-flavor_00f7b341-174b-4e8f-9b53-bfd161b2cdfa" }, "image": { "name": "rally_full-img_00f7b341-174b-4e8f-9b53-bfd161b2cdfa" }, "auto_assign_nic": true } }, "contexts": { "users": { "tenants": 3, "users_per_tenant": 2 }, "network": {} }, "runner": { "constant": { "concurrency": 4, "times": 10 } }, "hooks": [], "sla": { "failure_rate": { "max": 0 } } } ] }
2019-11-18 21:37:15.281 20411 RALLYDEBUG rally_openstack.contexts.keystone.users [-] Creating 3 tenants using 20 threads
2019-11-18 21:37:16.371 20411 RALLYDEBUG rally_openstack.contexts.keystone.users [-] Creating 6 users using 20 threads
2019-11-18 21:37:17.990 20411 INFO rally.task.context [-] Task f0c16f69-272d-4c2f-ad2b-b66b4e17b899 | Context users@openstack setup() finished in 2.71 sec
2019-11-18 21:37:20.583 20411 RALLYDEBUG rally_openstack.wrappers.network [-] CIDR generated: 10.2.27.0/24
2019-11-18 21:37:25.004 20411 RALLYDEBUG rally_openstack.wrappers.network [-] CIDR generated: 10.2.28.0/24
2019-11-18 21:37:29.273 20411 RALLYDEBUG rally_openstack.wrappers.network [-] CIDR generated: 10.2.29.0/24
2019-11-18 21:37:31.559 20411 INFO rally.task.context [-] Task f0c16f69-272d-4c2f-ad2b-b66b4e17b899 | Context network@openstack setup() finished in 13.57 sec
2019-11-18 21:37:31.559 20411 INFO rally.task.context [-] Task f0c16f69-272d-4c2f-ad2b-b66b4e17b899 | Context cleanup@openstack setup() finished in 0.01 msec
2019-11-18 21:37:32.530 20411 RALLYDEBUG rally.task.runner [-] Starting the constant runner (task UUID: f0c16f69-272d-4c2f-ad2b-b66b4e17b899). times: 10 concurrency: 4 timeout: 0 max_cpu_used: 16 processes_to_start: 4 concurrency_per_worker: 1 concurrency_overhead: 0
2019-11-18 21:37:32.542 23786 RALLYDEBUG rally.task.runner [-] Starting a worker. times: 10 duration: None concurrency: 1 timeout: 0 cls: method_name: run args: {"flavor": "20f9b21d-fa02-4686-8c91-5a88ae727ac8", "image": "bc09d53d-d329-4699-ba5f-613e9114d6ba", "auto_assign_nic": true}
2019-11-18 21:37:32.545 23787 RALLYDEBUG rally.task.runner [-] Starting a worker. times: 10 duration: None concurrency: 1 timeout: 0 cls: method_name: run args: {"flavor": "20f9b21d-fa02-4686-8c91-5a88ae727ac8", "image": "bc09d53d-d329-4699-ba5f-613e9114d6ba", "auto_assign_nic": true}
2019-11-18 21:37:32.549 23786 INFO rally.task.runner [-] Task f0c16f69-272d-4c2f-ad2b-b66b4e17b899 | ITER: 1 START
2019-11-18 21:37:32.549 23788 RALLYDEBUG rally.task.runner [-] Starting a worker. times: 10 duration: None concurrency: 1 timeout: 0 cls: method_name: run args: {"flavor": "20f9b21d-fa02-4686-8c91-5a88ae727ac8", "image": "bc09d53d-d329-4699-ba5f-613e9114d6ba", "auto_assign_nic": true}
2019-11-18 21:37:32.552 23787 INFO rally.task.runner [-] Task f0c16f69-272d-4c2f-ad2b-b66b4e17b899 | ITER: 2 START
2019-11-18 21:37:32.553 23790 RALLYDEBUG rally.task.runner [-] Starting a worker. times: 10 duration: None concurrency: 1 timeout: 0 cls: method_name: run args: {"flavor": "20f9b21d-fa02-4686-8c91-5a88ae727ac8", "image": "bc09d53d-d329-4699-ba5f-613e9114d6ba", "auto_assign_nic": true}
2019-11-18 21:37:32.557 23788 INFO rally.task.runner [-] Task f0c16f69-272d-4c2f-ad2b-b66b4e17b899 | ITER: 3 START
2019-11-18 21:37:32.559 23790 INFO rally.task.runner [-] Task f0c16f69-272d-4c2f-ad2b-b66b4e17b899 | ITER: 4 START
2019-11-18 21:37:40.295 23786 RALLYDEBUG rally.task.utils [-] Waiting for resource s_rally_bbcae57e_jEoUMusD. Status changed: BUILD => ACTIVE in 4.810248374938965
2019-11-18 21:37:40.394 23786 INFO rally.task.runner [-] Task f0c16f69-272d-4c2f-ad2b-b66b4e17b899 | ITER: 1 END: OK
2019-11-18 21:37:40.399 23786 INFO rally.task.runner [-] Task f0c16f69-272d-4c2f-ad2b-b66b4e17b899 | ITER: 5 START
2019-11-18 21:37:41.597 23787 RALLYDEBUG rally.task.utils [-] Waiting for resource s_rally_bbcae57e_0pyiQ4z2. Status changed: BUILD => ACTIVE in 6.754358530044556
2019-11-18 21:37:41.701 23788 RALLYDEBUG rally.task.utils [-] Waiting for resource s_rally_bbcae57e_kEgdsGZJ. Status changed: BUILD => ACTIVE in 6.751643657684326
2019-11-18 21:37:41.743 23787 INFO rally.task.runner [-] Task f0c16f69-272d-4c2f-ad2b-b66b4e17b899 | ITER: 2 END: OK
2019-11-18 21:37:41.747 23787 INFO rally.task.runner [-] Task f0c16f69-272d-4c2f-ad2b-b66b4e17b899 | ITER: 6 START
2019-11-18 21:37:41.833 23788 INFO rally.task.runner [-] Task f0c16f69-272d-4c2f-ad2b-b66b4e17b899 | ITER: 3 END: OK
2019-11-18 21:37:41.838 23788 INFO rally.task.runner [-] Task f0c16f69-272d-4c2f-ad2b-b66b4e17b899 | ITER: 7 START
2019-11-18 21:37:43.819 23790 RALLYDEBUG rally.task.utils [-] Waiting for resource s_rally_bbcae57e_mxdt6uyn. Status changed: BUILD => ACTIVE in 8.975036382675171
2019-11-18 21:37:43.941 23790 INFO rally.task.runner [-] Task f0c16f69-272d-4c2f-ad2b-b66b4e17b899 | ITER: 4 END: OK
2019-11-18 21:37:43.945 23790 INFO rally.task.runner [-] Task f0c16f69-272d-4c2f-ad2b-b66b4e17b899 | ITER: 8 START
2019-11-18 21:37:48.597 23788 RALLYDEBUG rally.task.utils [-] Waiting for resource s_rally_bbcae57e_qdUnd7Qb. Status changed: BUILD => ACTIVE in 4.5157341957092285
2019-11-18 21:37:48.819 23788 INFO rally.task.runner [-] Task f0c16f69-272d-4c2f-ad2b-b66b4e17b899 | ITER: 7 END: OK
2019-11-18 21:37:48.823 23788 INFO rally.task.runner [-] Task f0c16f69-272d-4c2f-ad2b-b66b4e17b899 | ITER: 9 START
2019-11-18 21:37:50.897 23787 RALLYDEBUG rally.task.utils [-] Waiting for resource s_rally_bbcae57e_b0qheAlB. Status changed: BUILD => ACTIVE in 6.904285192489624
2019-11-18 21:37:51.042 23787 INFO rally.task.runner [-] Task f0c16f69-272d-4c2f-ad2b-b66b4e17b899 | ITER: 6 END: OK
2019-11-18 21:37:51.046 23787 INFO rally.task.runner [-] Task f0c16f69-272d-4c2f-ad2b-b66b4e17b899 | ITER: 10 START
2019-11-18 21:37:51.725 23786 RALLYDEBUG rally.task.utils [-] Waiting for resource s_rally_bbcae57e_A32c5gSk. Status changed: BUILD => ACTIVE in 9.116432905197144
2019-11-18 21:37:51.840 23786 INFO rally.task.runner [-] Task f0c16f69-272d-4c2f-ad2b-b66b4e17b899 | ITER: 5 END: OK
2019-11-18 21:37:55.408 23790 RALLYDEBUG rally.task.utils [-] Waiting for resource s_rally_bbcae57e_bGDCJtgw. Status changed: BUILD => ACTIVE in 9.010540008544922
2019-11-18 21:37:55.511 23790 INFO rally.task.runner [-] Task f0c16f69-272d-4c2f-ad2b-b66b4e17b899 | ITER: 8 END: OK
2019-11-18 21:37:55.527 23788 RALLYDEBUG rally.task.utils [-] Waiting for resource s_rally_bbcae57e_yoWiwld2. Status changed: BUILD => ACTIVE in 4.518961429595947
2019-11-18 21:37:55.698 23788 INFO rally.task.runner [-] Task f0c16f69-272d-4c2f-ad2b-b66b4e17b899 | ITER: 9 END: OK
2019-11-18 21:38:02.771 23787 RALLYDEBUG rally.task.utils [-] Waiting for resource s_rally_bbcae57e_rM6OVeHh. Status changed: BUILD => ACTIVE in 9.260435581207275
2019-11-18 21:38:02.898 23787 INFO rally.task.runner [-] Task f0c16f69-272d-4c2f-ad2b-b66b4e17b899 | ITER: 10 END: OK
2019-11-18 21:38:02.929 20411 INFO rally.task.context [-] Task f0c16f69-272d-4c2f-ad2b-b66b4e17b899 | Context cleanup@openstack cleanup() started
2019-11-18 21:38:02.932 20411 RALLYDEBUG rally_openstack.cleanup.manager [-] Cleaning up nova servers objects
2019-11-18 21:38:06.093 20411 RALLYDEBUG rally_openstack.cleanup.manager [-] Deleting nova.servers object s_rally_bbcae57e_rM6OVeHh (59ff4884-93ef-4970-a89d-f87613ef8f3c)
2019-11-18 21:38:06.103 20411 RALLYDEBUG rally_openstack.cleanup.manager [-] Deleting nova.servers object s_rally_bbcae57e_bGDCJtgw (f5848682-9e75-4b4e-aac9-ee7af52cc193)
2019-11-18 21:38:06.112 20411 RALLYDEBUG rally_openstack.cleanup.manager [-] Deleting nova.servers object s_rally_bbcae57e_mxdt6uyn (42697ba1-716e-4ed0-adfa-59032269f890)
2019-11-18 21:38:06.116 20411 RALLYDEBUG rally_openstack.cleanup.manager [-] Deleting nova.servers object s_rally_bbcae57e_yoWiwld2 (fbb3316b-8d69-4680-a904-5c383e724efd)
2019-11-18 21:38:06.131 20411 RALLYDEBUG rally_openstack.cleanup.manager [-] Deleting nova.servers object s_rally_bbcae57e_qdUnd7Qb (a5fd6402-f277-4b9e-ae48-05f73e67eaa1)
2019-11-18 21:38:06.142 20411 RALLYDEBUG rally_openstack.cleanup.manager [-] Deleting nova.servers object s_rally_bbcae57e_A32c5gSk (9b699484-28a8-4f3e-bdee-3ab0443963db)
2019-11-18 21:38:06.155 20411 RALLYDEBUG rally_openstack.cleanup.manager [-] Deleting nova.servers object s_rally_bbcae57e_jEoUMusD (5510922a-1349-411b-b6bc-5ab398827494)
2019-11-18 21:38:06.168 20411 RALLYDEBUG rally_openstack.cleanup.manager [-] Deleting nova.servers object s_rally_bbcae57e_kEgdsGZJ (a9990961-768a-46db-913f-832c68e582c8)
2019-11-18 21:38:06.189 20411 RALLYDEBUG rally_openstack.cleanup.manager [-] Deleting nova.servers object s_rally_bbcae57e_0pyiQ4z2 (d01ea1ed-7b9a-44bb-8235-4213904eebce)
2019-11-18 21:38:06.206 20411 RALLYDEBUG rally_openstack.cleanup.manager [-] Deleting nova.servers object s_rally_bbcae57e_b0qheAlB (e8977273-22d3-4da2-afbc-f2304fea937a)
2019-11-18 21:38:11.824 20411 RALLYDEBUG rally_openstack.cleanup.manager [-] Cleaning up nova server_groups objects
2019-11-18 21:38:12.966 20411 RALLYDEBUG rally_openstack.cleanup.manager [-] Cleaning up nova keypairs objects
2019-11-18 21:38:15.240 20411 INFO rally.task.context [-] Task f0c16f69-272d-4c2f-ad2b-b66b4e17b899 | Context cleanup@openstack cleanup() finished in 12.31 sec
2019-11-18 21:38:15.241 20411 INFO rally.task.context [-] Task f0c16f69-272d-4c2f-ad2b-b66b4e17b899 | Context network@openstack cleanup() started
2019-11-18 21:38:39.887 20411 INFO rally.task.context [-] Task f0c16f69-272d-4c2f-ad2b-b66b4e17b899 | Context network@openstack cleanup() finished in 24.65 sec
2019-11-18 21:38:39.888 20411 INFO rally.task.context [-] Task f0c16f69-272d-4c2f-ad2b-b66b4e17b899 | Context users@openstack cleanup() started
2019-11-18 21:38:44.081 20411 INFO rally.task.context [-] Task f0c16f69-272d-4c2f-ad2b-b66b4e17b899 | Context users@openstack cleanup() finished in 4.19 sec
2019-11-18 21:38:45.671 20411 INFO rally.task.engine [-] Load duration is: 29.347138
2019-11-18 21:38:45.672 20411 INFO rally.task.engine [-] Full runner duration is: 30.39999
2019-11-18 21:38:45.672 20411 INFO rally.task.engine [-] Full duration is: 88.80194
2019-11-18 21:38:45.963 20411 INFO rally.task.engine [-] Running workload: position = 0 config = { "version": 2, "title": "A cropped version of a bigger task.", "description": "Auto-generated task from a single workload (uuid=e1bbfaf2-ae54-468b-bd68-11ca8034a841)", "subtasks": [ { "title": "NovaServers.boot_and_get_console_url", "description": "Retrieve a console url of a server.", "scenario": { "NovaServers.boot_and_get_console_url": { "flavor": { "name": "rally_full-flavor_00f7b341-174b-4e8f-9b53-bfd161b2cdfa" }, "image": { "name": "rally_full-img_00f7b341-174b-4e8f-9b53-bfd161b2cdfa" }, "console_type": "novnc", "auto_assign_nic": true } }, "contexts": { "users": { "tenants": 3, "users_per_tenant": 2 }, "network": {} }, "runner": { "constant": { "concurrency": 4, "times": 10 } }, "hooks": [], "sla": { "failure_rate": { "max": 0 } } } ] }
2019-11-18 21:38:45.988 20411 RALLYDEBUG rally_openstack.contexts.keystone.users [-] Creating 3 tenants using 20 threads
2019-11-18 21:38:47.008 20411 RALLYDEBUG rally_openstack.contexts.keystone.users [-] Creating 6 users using 20 threads
2019-11-18 21:38:48.596 20411 INFO rally.task.context [-] Task f0c16f69-272d-4c2f-ad2b-b66b4e17b899 | Context users@openstack setup() finished in 2.61 sec
2019-11-18 21:38:51.078 20411 RALLYDEBUG rally_openstack.wrappers.network [-] CIDR generated: 10.2.30.0/24
2019-11-18 21:38:55.207 20411 RALLYDEBUG rally_openstack.wrappers.network [-] CIDR generated: 10.2.31.0/24
2019-11-18 21:38:59.050 20411 RALLYDEBUG rally_openstack.wrappers.network [-] CIDR generated: 10.2.32.0/24
2019-11-18 21:39:01.196 20411 INFO rally.task.context [-] Task f0c16f69-272d-4c2f-ad2b-b66b4e17b899 | Context network@openstack setup() finished in 12.60 sec
2019-11-18 21:39:01.197 20411 INFO rally.task.context [-] Task f0c16f69-272d-4c2f-ad2b-b66b4e17b899 | Context cleanup@openstack setup() finished in 0.01 msec
2019-11-18 21:39:02.123 20411 RALLYDEBUG rally.task.runner [-] Starting the constant runner (task UUID: f0c16f69-272d-4c2f-ad2b-b66b4e17b899). times: 10 concurrency: 4 timeout: 0 max_cpu_used: 16 processes_to_start: 4 concurrency_per_worker: 1 concurrency_overhead: 0
2019-11-18 21:39:02.135 23950 RALLYDEBUG rally.task.runner [-] Starting a worker. times: 10 duration: None concurrency: 1 timeout: 0 cls: method_name: run args: {"flavor": "20f9b21d-fa02-4686-8c91-5a88ae727ac8", "image": "bc09d53d-d329-4699-ba5f-613e9114d6ba", "console_type": "novnc", "auto_assign_nic": true}
2019-11-18 21:39:02.138 23951 RALLYDEBUG rally.task.runner [-] Starting a worker. times: 10 duration: None concurrency: 1 timeout: 0 cls: method_name: run args: {"flavor": "20f9b21d-fa02-4686-8c91-5a88ae727ac8", "image": "bc09d53d-d329-4699-ba5f-613e9114d6ba", "console_type": "novnc", "auto_assign_nic": true}
2019-11-18 21:39:02.142 23950 INFO rally.task.runner [-] Task f0c16f69-272d-4c2f-ad2b-b66b4e17b899 | ITER: 1 START
2019-11-18 21:39:02.143 23952 RALLYDEBUG rally.task.runner [-] Starting a worker. times: 10 duration: None concurrency: 1 timeout: 0 cls: method_name: run args: {"flavor": "20f9b21d-fa02-4686-8c91-5a88ae727ac8", "image": "bc09d53d-d329-4699-ba5f-613e9114d6ba", "console_type": "novnc", "auto_assign_nic": true}
2019-11-18 21:39:02.146 23951 INFO rally.task.runner [-] Task f0c16f69-272d-4c2f-ad2b-b66b4e17b899 | ITER: 2 START
2019-11-18 21:39:02.146 23954 RALLYDEBUG rally.task.runner [-] Starting a worker. times: 10 duration: None concurrency: 1 timeout: 0 cls: method_name: run args: {"flavor": "20f9b21d-fa02-4686-8c91-5a88ae727ac8", "image": "bc09d53d-d329-4699-ba5f-613e9114d6ba", "console_type": "novnc", "auto_assign_nic": true}
2019-11-18 21:39:02.150 23952 INFO rally.task.runner [-] Task f0c16f69-272d-4c2f-ad2b-b66b4e17b899 | ITER: 3 START
2019-11-18 21:39:02.153 23954 INFO rally.task.runner [-] Task f0c16f69-272d-4c2f-ad2b-b66b4e17b899 | ITER: 4 START
2019-11-18 21:39:09.111 23950 RALLYDEBUG rally.task.utils [-] Waiting for resource s_rally_e1bbfaf2_hnvU6nrr. Status changed: BUILD => ACTIVE in 4.603720664978027
2019-11-18 21:39:09.186 23950 INFO rally.task.runner [-] Task f0c16f69-272d-4c2f-ad2b-b66b4e17b899 | ITER: 1 END: OK
2019-11-18 21:39:09.191 23950 INFO rally.task.runner [-] Task f0c16f69-272d-4c2f-ad2b-b66b4e17b899 | ITER: 5 START
2019-11-18 21:39:09.750 23951 RALLYDEBUG rally.task.utils [-] Waiting for resource s_rally_e1bbfaf2_7uI2LeOg. Status changed: BUILD => ACTIVE in 4.689763069152832
2019-11-18 21:39:09.819 23951 INFO rally.task.runner [-] Task f0c16f69-272d-4c2f-ad2b-b66b4e17b899 | ITER: 2 END: OK
2019-11-18 21:39:09.824 23951 INFO rally.task.runner [-] Task f0c16f69-272d-4c2f-ad2b-b66b4e17b899 | ITER: 6 START
2019-11-18 21:39:11.886 23952 RALLYDEBUG rally.task.utils [-] Waiting for resource s_rally_e1bbfaf2_J5zbNHdQ. Status changed: BUILD => ACTIVE in 6.9499640464782715
2019-11-18 21:39:11.965 23952 INFO rally.task.runner [-] Task f0c16f69-272d-4c2f-ad2b-b66b4e17b899 | ITER: 3 END: OK
2019-11-18 21:39:11.971 23952 INFO rally.task.runner [-] Task f0c16f69-272d-4c2f-ad2b-b66b4e17b899 | ITER: 7 START
2019-11-18 21:39:13.508 23954 RALLYDEBUG rally.task.utils [-] Waiting for resource s_rally_e1bbfaf2_YkPR7gcC. Status changed: BUILD => ACTIVE in 9.145764589309692
2019-11-18 21:39:13.581 23954 INFO rally.task.runner [-] Task f0c16f69-272d-4c2f-ad2b-b66b4e17b899 | ITER: 4 END: OK
2019-11-18 21:39:13.586 23954 INFO rally.task.runner [-] Task f0c16f69-272d-4c2f-ad2b-b66b4e17b899 | ITER: 8 START
2019-11-18 21:39:16.730 23951 RALLYDEBUG rally.task.utils [-] Waiting for resource s_rally_e1bbfaf2_SEWHJ4k7. Status changed: BUILD => ACTIVE in 4.673167943954468
2019-11-18 21:39:16.801 23951 INFO rally.task.runner [-] Task f0c16f69-272d-4c2f-ad2b-b66b4e17b899 | ITER: 6 END: OK
2019-11-18 21:39:16.805 23951 INFO rally.task.runner [-] Task f0c16f69-272d-4c2f-ad2b-b66b4e17b899 | ITER: 9 START
2019-11-18 21:39:18.473 23950 RALLYDEBUG rally.task.utils [-] Waiting for resource s_rally_e1bbfaf2_ZGeduSan. Status changed: BUILD => ACTIVE in 6.824733734130859
2019-11-18 21:39:18.538 23950 INFO rally.task.runner [-] Task f0c16f69-272d-4c2f-ad2b-b66b4e17b899 | ITER: 5 END: OK
2019-11-18 21:39:18.541 23950 INFO rally.task.runner [-] Task f0c16f69-272d-4c2f-ad2b-b66b4e17b899 | ITER: 10 START
2019-11-18 21:39:18.790 23952 RALLYDEBUG rally.task.utils [-] Waiting for resource s_rally_e1bbfaf2_5vuURsV3. Status changed: BUILD => ACTIVE in 4.532105445861816
2019-11-18 21:39:18.855 23952 INFO rally.task.runner [-] Task f0c16f69-272d-4c2f-ad2b-b66b4e17b899 | ITER: 7 END: OK
2019-11-18 21:39:28.518 23951 RALLYDEBUG rally.task.utils [-] Waiting for resource s_rally_e1bbfaf2_hqRmGSyZ. Status changed: BUILD => ACTIVE in 9.560704469680786
2019-11-18 21:39:28.606 23951 INFO rally.task.runner [-] Task f0c16f69-272d-4c2f-ad2b-b66b4e17b899 | ITER: 9 END: OK
2019-11-18 21:39:29.442 23954 RALLYDEBUG rally.task.utils [-] Waiting for resource s_rally_e1bbfaf2_rp4dP44v. Status changed: BUILD => ACTIVE in 13.759713649749756
2019-11-18 21:39:29.524 23954 INFO rally.task.runner [-] Task f0c16f69-272d-4c2f-ad2b-b66b4e17b899 | ITER: 8 END: OK
2019-11-18 21:39:32.032 23950 RALLYDEBUG rally.task.utils [-] Waiting for resource s_rally_e1bbfaf2_3Mu62eUQ. Status changed: BUILD => ACTIVE in 11.34730315208435
2019-11-18 21:39:32.105 23950 INFO rally.task.runner [-] Task f0c16f69-272d-4c2f-ad2b-b66b4e17b899 | ITER: 10 END: OK
2019-11-18 21:39:32.140 20411 INFO rally.task.context [-] Task f0c16f69-272d-4c2f-ad2b-b66b4e17b899 | Context cleanup@openstack cleanup() started
2019-11-18 21:39:32.146 20411 RALLYDEBUG rally_openstack.cleanup.manager [-] Cleaning up nova servers objects
2019-11-18 21:39:34.850 20411 RALLYDEBUG rally_openstack.cleanup.manager [-] Deleting nova.servers object s_rally_e1bbfaf2_5vuURsV3 (7820ad05-28bc-42cd-a2f0-e41b13480c31)
2019-11-18 21:39:34.860 20411 RALLYDEBUG rally_openstack.cleanup.manager [-] Deleting nova.servers object s_rally_e1bbfaf2_SEWHJ4k7 (81fb1f20-30e1-42d0-9cd1-3fe6ffd09546)
2019-11-18 21:39:34.868 20411 RALLYDEBUG rally_openstack.cleanup.manager [-] Deleting nova.servers object s_rally_e1bbfaf2_3Mu62eUQ (3fdb3895-e867-41cb-98fa-d4dc7c10ceb6)
2019-11-18 21:39:34.877 20411 RALLYDEBUG rally_openstack.cleanup.manager [-] Deleting nova.servers object s_rally_e1bbfaf2_rp4dP44v (d1b1ff24-8941-4a82-a3ba-b6e85b359a93)
2019-11-18 21:39:34.883 20411 RALLYDEBUG rally_openstack.cleanup.manager [-] Deleting nova.servers object s_rally_e1bbfaf2_J5zbNHdQ (c9f6a339-9b8a-448f-95a5-78441c142e56)
2019-11-18 21:39:34.888 20411 RALLYDEBUG rally_openstack.cleanup.manager [-] Deleting nova.servers object s_rally_e1bbfaf2_YkPR7gcC (e536b3c3-bb89-40ac-bd0a-2ab76f5b76dc)
2019-11-18 21:39:34.894 20411 RALLYDEBUG rally_openstack.cleanup.manager [-] Deleting nova.servers object s_rally_e1bbfaf2_7uI2LeOg (e66c6925-1918-498c-a28c-72ec5abeca98)
2019-11-18 21:39:34.909 20411 RALLYDEBUG rally_openstack.cleanup.manager [-] Deleting nova.servers object s_rally_e1bbfaf2_hnvU6nrr (fdbb037f-4e6e-4c84-8bd8-2061d6c2f8be)
2019-11-18 21:39:34.918 20411 RALLYDEBUG rally_openstack.cleanup.manager [-] Deleting nova.servers object s_rally_e1bbfaf2_hqRmGSyZ (5bf7b9ac-ee0d-4fb5-904a-5911f724a124)
2019-11-18 21:39:34.929 20411 RALLYDEBUG rally_openstack.cleanup.manager [-] Deleting nova.servers object s_rally_e1bbfaf2_ZGeduSan (8dff4a28-cef3-4164-b56c-d70f5cdd7dbc)
2019-11-18 21:39:41.560 20411 RALLYDEBUG rally_openstack.cleanup.manager [-] Cleaning up nova server_groups objects
2019-11-18 21:39:42.754 20411 RALLYDEBUG rally_openstack.cleanup.manager [-] Cleaning up nova keypairs objects
2019-11-18 21:39:45.220 20411 INFO rally.task.context [-] Task f0c16f69-272d-4c2f-ad2b-b66b4e17b899 | Context cleanup@openstack cleanup() finished in 13.08 sec
2019-11-18 21:39:45.220 20411 INFO rally.task.context [-] Task f0c16f69-272d-4c2f-ad2b-b66b4e17b899 | Context network@openstack cleanup() started
2019-11-18 21:40:07.528 20411 INFO rally.task.context [-] Task f0c16f69-272d-4c2f-ad2b-b66b4e17b899 | Context network@openstack cleanup() finished in 22.31 sec
2019-11-18 21:40:07.529 20411 INFO rally.task.context [-] Task f0c16f69-272d-4c2f-ad2b-b66b4e17b899 | Context users@openstack cleanup() started
2019-11-18 21:40:11.424 20411 INFO rally.task.context [-] Task f0c16f69-272d-4c2f-ad2b-b66b4e17b899 | Context users@openstack cleanup() finished in 3.89 sec
2019-11-18 21:40:12.460 20411 INFO rally.task.engine [-] Load duration is: 28.961639
2019-11-18 21:40:12.461 20411 INFO rally.task.engine [-] Full runner duration is: 30.017127
2019-11-18 21:40:12.461 20411 INFO rally.task.engine [-] Full duration is: 85.437966
2019-11-18 21:40:12.841 20411 INFO rally.task.engine [-] Running workload: position = 0 config = { "version": 2, "title": "A cropped version of a bigger task.", "description": "Auto-generated task from a single workload (uuid=d9ad92f7-65f1-4ad3-a540-5305f49863d5)", "subtasks": [ { "title": "NovaServers.boot_server_and_attach_interface", "description": "Create server and subnet, then attach the interface to it.", "scenario": { "NovaServers.boot_server_and_attach_interface": { "flavor": { "name": "rally_full-flavor_00f7b341-174b-4e8f-9b53-bfd161b2cdfa" }, "image": { "name": "rally_full-img_00f7b341-174b-4e8f-9b53-bfd161b2cdfa" }, "network_create_args": {}, "subnet_create_args": {}, "boot_server_args": { "auto_assign_nic": true } } }, "contexts": { "users": { "tenants": 3, "users_per_tenant": 2 }, "network": {} }, "runner": { "constant": { "concurrency": 4, "times": 10 } }, "hooks": [], "sla": { "failure_rate": { "max": 0 } } } ] }
2019-11-18 21:40:12.866 20411 RALLYDEBUG rally_openstack.contexts.keystone.users [-] Creating 3 tenants using 20 threads
2019-11-18 21:40:13.967 20411 RALLYDEBUG rally_openstack.contexts.keystone.users [-] Creating 6 users using 20 threads
2019-11-18 21:40:15.461 20411 INFO rally.task.context [-] Task f0c16f69-272d-4c2f-ad2b-b66b4e17b899 | Context users@openstack setup() finished in 2.59 sec
2019-11-18 21:40:18.048 20411 RALLYDEBUG rally_openstack.wrappers.network [-] CIDR generated: 10.2.33.0/24
2019-11-18 21:40:22.744 20411 RALLYDEBUG rally_openstack.wrappers.network [-] CIDR generated: 10.2.34.0/24
2019-11-18 21:40:26.953 20411 RALLYDEBUG rally_openstack.wrappers.network [-] CIDR generated: 10.2.35.0/24
2019-11-18 21:40:29.234 20411 INFO rally.task.context [-] Task f0c16f69-272d-4c2f-ad2b-b66b4e17b899 | Context network@openstack setup() finished in 13.77 sec
2019-11-18 21:40:29.235 20411 INFO rally.task.context [-] Task f0c16f69-272d-4c2f-ad2b-b66b4e17b899 | Context cleanup@openstack setup() finished in 0.02 msec
2019-11-18 21:40:30.132 20411 RALLYDEBUG rally.task.runner [-] Starting the constant runner (task UUID: f0c16f69-272d-4c2f-ad2b-b66b4e17b899). times: 10 concurrency: 4 timeout: 0 max_cpu_used: 16 processes_to_start: 4 concurrency_per_worker: 1 concurrency_overhead: 0
2019-11-18 21:40:30.145 24114 RALLYDEBUG rally.task.runner [-] Starting a worker. times: 10 duration: None concurrency: 1 timeout: 0 cls: method_name: run args: {"flavor": "20f9b21d-fa02-4686-8c91-5a88ae727ac8", "image": "bc09d53d-d329-4699-ba5f-613e9114d6ba", "network_create_args": {}, "subnet_create_args": {}, "boot_server_args": {"auto_assign_nic": true}}
2019-11-18 21:40:30.148 24115 RALLYDEBUG rally.task.runner [-] Starting a worker. times: 10 duration: None concurrency: 1 timeout: 0 cls: method_name: run args: {"flavor": "20f9b21d-fa02-4686-8c91-5a88ae727ac8", "image": "bc09d53d-d329-4699-ba5f-613e9114d6ba", "network_create_args": {}, "subnet_create_args": {}, "boot_server_args": {"auto_assign_nic": true}}
2019-11-18 21:40:30.152 24114 INFO rally.task.runner [-] Task f0c16f69-272d-4c2f-ad2b-b66b4e17b899 | ITER: 1 START
2019-11-18 21:40:30.152 24116 RALLYDEBUG rally.task.runner [-] Starting a worker. times: 10 duration: None concurrency: 1 timeout: 0 cls: method_name: run args: {"flavor": "20f9b21d-fa02-4686-8c91-5a88ae727ac8", "image": "bc09d53d-d329-4699-ba5f-613e9114d6ba", "network_create_args": {}, "subnet_create_args": {}, "boot_server_args": {"auto_assign_nic": true}}
2019-11-18 21:40:30.155 24114 RALLYDEBUG rally_openstack.wrappers.network [-] CIDR generated: 10.2.36.0/24
2019-11-18 21:40:30.155 24115 INFO rally.task.runner [-] Task f0c16f69-272d-4c2f-ad2b-b66b4e17b899 | ITER: 2 START
2019-11-18 21:40:30.156 24118 RALLYDEBUG rally.task.runner [-] Starting a worker. times: 10 duration: None concurrency: 1 timeout: 0 cls: method_name: run args: {"flavor": "20f9b21d-fa02-4686-8c91-5a88ae727ac8", "image": "bc09d53d-d329-4699-ba5f-613e9114d6ba", "network_create_args": {}, "subnet_create_args": {}, "boot_server_args": {"auto_assign_nic": true}}
2019-11-18 21:40:30.158 24115 RALLYDEBUG rally_openstack.wrappers.network [-] CIDR generated: 10.2.37.0/24
2019-11-18 21:40:30.160 24116 INFO rally.task.runner [-] Task f0c16f69-272d-4c2f-ad2b-b66b4e17b899 | ITER: 3 START
2019-11-18 21:40:30.163 24118 INFO rally.task.runner [-] Task f0c16f69-272d-4c2f-ad2b-b66b4e17b899 | ITER: 4 START
2019-11-18 21:40:30.163 24116 RALLYDEBUG rally_openstack.wrappers.network [-] CIDR generated: 10.2.38.0/24
2019-11-18 21:40:30.165 24118 RALLYDEBUG rally_openstack.wrappers.network [-] CIDR generated: 10.2.39.0/24
2019-11-18 21:40:38.049 24118 RALLYDEBUG rally.task.utils [-] Waiting for resource s_rally_d9ad92f7_yMuq1n0K. Status changed: BUILD => ACTIVE in 4.675937652587891
2019-11-18 21:40:40.101 24114 RALLYDEBUG rally.task.utils [-] Waiting for resource s_rally_d9ad92f7_EsKbr9wW. Status changed: BUILD => ACTIVE in 6.924839973449707
2019-11-18 21:40:40.758 24116 RALLYDEBUG rally.task.utils [-] Waiting for resource s_rally_d9ad92f7_TjIX06Of. Status changed: BUILD => ACTIVE in 6.7616682052612305
2019-11-18 21:40:41.048 24118 INFO rally.task.runner [-] Task f0c16f69-272d-4c2f-ad2b-b66b4e17b899 | ITER: 4 END: OK
2019-11-18 21:40:41.053 24118 INFO rally.task.runner [-] Task f0c16f69-272d-4c2f-ad2b-b66b4e17b899 | ITER: 5 START
2019-11-18 21:40:41.054 24118 RALLYDEBUG rally_openstack.wrappers.network [-] CIDR generated: 10.2.40.0/24
2019-11-18 21:40:41.119 24115 RALLYDEBUG rally.task.utils [-] Waiting for resource s_rally_d9ad92f7_fbSyuReU. Status changed: BUILD => ACTIVE in 7.094566822052002
2019-11-18 21:40:42.956 24114 INFO rally.task.runner [-] Task f0c16f69-272d-4c2f-ad2b-b66b4e17b899 | ITER: 1 END: OK
2019-11-18 21:40:42.961 24114 INFO rally.task.runner [-] Task f0c16f69-272d-4c2f-ad2b-b66b4e17b899 | ITER: 6 START
2019-11-18 21:40:42.962 24114 RALLYDEBUG rally_openstack.wrappers.network [-] CIDR generated: 10.2.41.0/24
2019-11-18 21:40:43.564 24115 INFO rally.task.runner [-] Task f0c16f69-272d-4c2f-ad2b-b66b4e17b899 | ITER: 2 END: OK
2019-11-18 21:40:43.569 24115 INFO rally.task.runner [-] Task f0c16f69-272d-4c2f-ad2b-b66b4e17b899 | ITER: 7 START
2019-11-18 21:40:43.570 24115 RALLYDEBUG rally_openstack.wrappers.network [-] CIDR generated: 10.2.42.0/24
2019-11-18 21:40:43.674 24116 INFO rally.task.runner [-] Task f0c16f69-272d-4c2f-ad2b-b66b4e17b899 | ITER: 3 END: OK
2019-11-18 21:40:43.679 24116 INFO rally.task.runner [-] Task f0c16f69-272d-4c2f-ad2b-b66b4e17b899 | ITER: 8 START
2019-11-18 21:40:43.681 24116 RALLYDEBUG rally_openstack.wrappers.network [-] CIDR generated: 10.2.43.0/24
2019-11-18 21:40:53.359 24115 RALLYDEBUG rally.task.utils [-] Waiting for resource s_rally_d9ad92f7_62cMFp2e. Status changed: BUILD => ACTIVE in 6.845715045928955
2019-11-18 21:40:53.485 24114 RALLYDEBUG rally.task.utils [-] Waiting for resource s_rally_d9ad92f7_bDPOGbyY. Status changed: BUILD => ACTIVE in 7.232930898666382
2019-11-18 21:40:55.692 24115 INFO rally.task.runner [-] Task f0c16f69-272d-4c2f-ad2b-b66b4e17b899 | ITER: 7 END: OK
2019-11-18 21:40:55.699 24115 INFO rally.task.runner [-] Task f0c16f69-272d-4c2f-ad2b-b66b4e17b899 | ITER: 9 START
2019-11-18 21:40:55.701 24115 RALLYDEBUG rally_openstack.wrappers.network [-] CIDR generated: 10.2.44.0/24
2019-11-18 21:40:55.863 24114 INFO rally.task.runner [-] Task f0c16f69-272d-4c2f-ad2b-b66b4e17b899 | ITER: 6 END: OK
2019-11-18 21:40:55.870 24114 INFO rally.task.runner [-] Task f0c16f69-272d-4c2f-ad2b-b66b4e17b899 | ITER: 10 START
2019-11-18 21:40:55.872 24114 RALLYDEBUG rally_openstack.wrappers.network [-] CIDR generated: 10.2.45.0/24
2019-11-18 21:40:55.878 24118 RALLYDEBUG rally.task.utils [-] Waiting for resource s_rally_d9ad92f7_uDqWxlUX. Status changed: BUILD => ACTIVE in 11.665981769561768
2019-11-18 21:40:59.234 24118 INFO rally.task.runner [-] Task f0c16f69-272d-4c2f-ad2b-b66b4e17b899 | ITER: 5 END: OK
2019-11-18 21:41:02.052 24116 RALLYDEBUG rally.task.utils [-] Waiting for resource s_rally_d9ad92f7_bdWx7tRa. Status changed: BUILD => ACTIVE in 15.679388523101807
2019-11-18 21:41:05.028 24116 INFO rally.task.runner [-] Task f0c16f69-272d-4c2f-ad2b-b66b4e17b899 | ITER: 8 END: OK
2019-11-18 21:41:12.794 24115 RALLYDEBUG rally.task.utils [-] Waiting for resource s_rally_d9ad92f7_UIUB2Hih. Status changed: BUILD => ACTIVE in 13.978872537612915
2019-11-18 21:41:14.405 24114 RALLYDEBUG rally.task.utils [-] Waiting for resource s_rally_d9ad92f7_csmi6TGC. Status changed: BUILD => ACTIVE in 15.575361013412476
2019-11-18 21:41:15.462 24115 INFO rally.task.runner [-] Task f0c16f69-272d-4c2f-ad2b-b66b4e17b899 | ITER: 9 END: OK
2019-11-18 21:41:16.849 24114 INFO rally.task.runner [-] Task f0c16f69-272d-4c2f-ad2b-b66b4e17b899 | ITER: 10 END: OK
2019-11-18 21:41:16.882 20411 INFO rally.task.context [-] Task f0c16f69-272d-4c2f-ad2b-b66b4e17b899 | Context cleanup@openstack cleanup() started
2019-11-18 21:41:16.887 20411 RALLYDEBUG rally_openstack.cleanup.manager [-] Cleaning up nova servers objects
2019-11-18 21:41:19.696 20411 RALLYDEBUG rally_openstack.cleanup.manager [-] Deleting nova.servers object s_rally_d9ad92f7_UIUB2Hih (f06d41ee-ecd8-4284-bbaa-0b690756fada)
2019-11-18 21:41:19.705 20411 RALLYDEBUG rally_openstack.cleanup.manager [-] Deleting nova.servers object s_rally_d9ad92f7_TjIX06Of (a75c886d-32b1-4983-9e70-f4332e9b82d4)
2019-11-18 21:41:19.715 20411 RALLYDEBUG rally_openstack.cleanup.manager [-] Deleting nova.servers object s_rally_d9ad92f7_bdWx7tRa (68fdb2fc-89b2-4975-b209-cd82be1289a7)
2019-11-18 21:41:19.719 20411 RALLYDEBUG rally_openstack.cleanup.manager [-] Deleting nova.servers object s_rally_d9ad92f7_62cMFp2e (7761431d-6e4d-4da6-9443-6931456b2d3b)
2019-11-18 21:41:19.728 20411 RALLYDEBUG rally_openstack.cleanup.manager [-] Deleting nova.servers object s_rally_d9ad92f7_uDqWxlUX (88753c00-946f-4a71-b772-2367a03de32e)
2019-11-18 21:41:19.737 20411 RALLYDEBUG rally_openstack.cleanup.manager [-] Deleting nova.servers object s_rally_d9ad92f7_fbSyuReU (2fc75e12-c1a5-4190-a26d-e5ac1dafb829)
2019-11-18 21:41:19.742 20411 RALLYDEBUG rally_openstack.cleanup.manager [-] Deleting nova.servers object s_rally_d9ad92f7_yMuq1n0K (fe7b833c-1c8c-4db0-8927-ad666349cd04)
2019-11-18 21:41:19.767 20411 RALLYDEBUG rally_openstack.cleanup.manager [-] Deleting nova.servers object s_rally_d9ad92f7_EsKbr9wW (9eb06470-fc23-4296-8d53-2bb3dfdb72f2)
2019-11-18 21:41:19.773 20411 RALLYDEBUG rally_openstack.cleanup.manager [-] Deleting nova.servers object s_rally_d9ad92f7_csmi6TGC (1bc3d03e-f60d-443f-a6a3-5d410af93342)
2019-11-18 21:41:19.784 20411 RALLYDEBUG rally_openstack.cleanup.manager [-] Deleting nova.servers object s_rally_d9ad92f7_bDPOGbyY (c32e6736-84bc-4f21-9114-272255760f8a)
2019-11-18 21:41:26.725 20411 RALLYDEBUG rally_openstack.cleanup.manager [-] Cleaning up nova server_groups objects
2019-11-18 21:41:27.881 20411 RALLYDEBUG rally_openstack.cleanup.manager [-] Cleaning up nova keypairs objects
2019-11-18 21:41:30.223 20411 RALLYDEBUG rally_openstack.cleanup.manager [-] Cleaning up neutron vip objects
2019-11-18 21:41:31.355 20411 RALLYDEBUG rally_openstack.cleanup.manager [-] Cleaning up neutron health_monitor objects
2019-11-18 21:41:32.489 20411 RALLYDEBUG rally_openstack.cleanup.manager [-] Cleaning up neutron pool objects
2019-11-18 21:41:33.607 20411 RALLYDEBUG rally_openstack.cleanup.manager [-] Cleaning up neutron loadbalancer objects
2019-11-18 21:41:34.741 20411 RALLYDEBUG rally_openstack.cleanup.manager [-] Cleaning up neutron floatingip objects
2019-11-18 21:41:36.238 20411 RALLYDEBUG rally_openstack.cleanup.manager [-] Cleaning up neutron trunk objects
2019-11-18 21:41:37.396 20411 RALLYDEBUG rally_openstack.cleanup.manager [-] Cleaning up neutron port objects
2019-11-18 21:41:39.340 20411 RALLYDEBUG rally_openstack.cleanup.manager [-] Cleaning up neutron subnet objects
2019-11-18 21:41:40.637 20411 RALLYDEBUG rally_openstack.cleanup.manager [-] Deleting neutron.subnet object s_rally_d9ad92f7_i1miTKqn (3d2aaf75-a4a4-4efa-81e9-2539d38e4c79)
2019-11-18 21:41:40.652 20411 RALLYDEBUG rally_openstack.cleanup.manager [-] Deleting neutron.subnet object s_rally_d9ad92f7_LD5qOIw3 (0050f57b-472a-4f6d-995c-1ebaccb52491)
2019-11-18 21:41:40.656 20411 RALLYDEBUG rally_openstack.cleanup.manager [-] Deleting neutron.subnet object s_rally_d9ad92f7_s8HCbFW8 (15382cf9-42f8-4a93-a873-362a4670c7ab)
2019-11-18 21:41:40.658 20411 RALLYDEBUG rally_openstack.cleanup.manager [-] Deleting neutron.subnet object s_rally_d9ad92f7_3dAC6cnK (e2c3e69e-7d66-4dd2-b4d3-6230ad7ea973)
2019-11-18 21:41:40.672 20411 RALLYDEBUG rally_openstack.cleanup.manager [-] Deleting neutron.subnet object s_rally_d9ad92f7_6YQ8NhQF (47bc55af-cdc0-4a6d-91de-002a2d64e6f0)
2019-11-18 21:41:40.676 20411 RALLYDEBUG rally_openstack.cleanup.manager [-] Deleting neutron.subnet object s_rally_d9ad92f7_yQ73YoV2 (816496b2-f83d-48b8-bb47-cbf201757538)
2019-11-18 21:41:40.684 20411 RALLYDEBUG rally_openstack.cleanup.manager [-] Deleting neutron.subnet object s_rally_d9ad92f7_bgFpqvxh (ec39fe3a-133e-4883-ae9b-38842bf48554)
2019-11-18 21:41:40.711 20411 RALLYDEBUG rally_openstack.cleanup.manager [-] Deleting neutron.subnet object s_rally_d9ad92f7_QIO1lv6F (f4533df7-bfe5-4573-bbff-145cdd1e1948)
2019-11-18 21:41:40.729 20411 RALLYDEBUG rally_openstack.cleanup.manager [-] Deleting neutron.subnet object s_rally_d9ad92f7_7EtyE1s9 (c056aee1-91a2-427e-a2c9-008e453dfe20)
2019-11-18 21:41:40.742 20411 RALLYDEBUG rally_openstack.cleanup.manager [-] Deleting neutron.subnet object s_rally_d9ad92f7_ZtmhBMsf (690a19b1-daca-4e22-89ce-e6db98e2a801)
2019-11-18 21:41:48.822 20411 RALLYDEBUG rally_openstack.cleanup.manager [-] Cleaning up neutron network objects
2019-11-18 21:41:50.224 20411 RALLYDEBUG rally_openstack.cleanup.manager [-] Cleaning up neutron router objects
2019-11-18 21:41:51.982 20411 RALLYDEBUG rally_openstack.cleanup.manager [-] Cleaning up neutron security_group objects
2019-11-18 21:41:53.219 20411 INFO rally.task.context [-] Task f0c16f69-272d-4c2f-ad2b-b66b4e17b899 | Context cleanup@openstack cleanup() finished in 36.34 sec
2019-11-18 21:41:53.220 20411 INFO rally.task.context [-] Task f0c16f69-272d-4c2f-ad2b-b66b4e17b899 | Context network@openstack cleanup() started
2019-11-18 21:42:15.149 20411 INFO rally.task.context [-] Task f0c16f69-272d-4c2f-ad2b-b66b4e17b899 | Context network@openstack cleanup() finished in 21.93 sec
2019-11-18 21:42:15.150 20411 INFO rally.task.context [-] Task f0c16f69-272d-4c2f-ad2b-b66b4e17b899 | Context users@openstack cleanup() started
2019-11-18 21:42:19.273 20411 INFO rally.task.context [-] Task f0c16f69-272d-4c2f-ad2b-b66b4e17b899 | Context users@openstack cleanup() finished in 4.12 sec
2019-11-18 21:42:19.442 20411 INFO rally.task.engine [-] Load duration is: 45.695771
2019-11-18 21:42:19.443 20411 INFO rally.task.engine [-] Full runner duration is: 46.749906
2019-11-18 21:42:19.443 20411 INFO rally.task.engine [-] Full duration is: 126.409571
2019-11-18 21:42:19.767 20411 INFO rally.task.engine [-] Running workload: position = 0 config = { "version": 2, "title": "A cropped version of a bigger task.", "description": "Auto-generated task from a single workload (uuid=866cd330-4513-4e8e-a531-fb0a4c77b300)", "subtasks": [ { "title": "NovaServers.boot_server_attach_volume_and_list_attachments", "description": "Create a VM, attach N volume to it and list server's attachemnt.", "scenario": { "NovaServers.boot_server_attach_volume_and_list_attachments": { "flavor": { "name": "rally_full-flavor_00f7b341-174b-4e8f-9b53-bfd161b2cdfa" }, "image": { "name": "rally_full-img_00f7b341-174b-4e8f-9b53-bfd161b2cdfa" }, "volume_size": 1, "volume_num": 1, "create_volume_kwargs": {}, "boot_server_kwargs": { "auto_assign_nic": true } } }, "contexts": { "users": { "tenants": 3, "users_per_tenant": 2 }, "network": {}, "api_versions": { "cinder": { "version": 3, "service_type": "volumev3" } } }, "runner": { "constant": { "concurrency": 4, "times": 10 } }, "hooks": [], "sla": { "failure_rate": { "max": 0 } } } ] }
2019-11-18 21:42:19.794 20411 RALLYDEBUG rally_openstack.contexts.keystone.users [-] Creating 3 tenants using 20 threads
2019-11-18 21:42:20.746 20411 RALLYDEBUG rally_openstack.contexts.keystone.users [-] Creating 6 users using 20 threads
2019-11-18 21:42:22.305 20411 INFO rally.task.context [-] Task f0c16f69-272d-4c2f-ad2b-b66b4e17b899 | Context users@openstack setup() finished in 2.51 sec
2019-11-18 21:42:22.714 20411 INFO rally.task.context [-] Task f0c16f69-272d-4c2f-ad2b-b66b4e17b899 | Context api_versions@openstack setup() finished in 0.41 sec
2019-11-18 21:42:25.809 20411 RALLYDEBUG rally_openstack.wrappers.network [-] CIDR generated: 10.2.46.0/24
2019-11-18 21:42:30.696 20411 RALLYDEBUG rally_openstack.wrappers.network [-] CIDR generated: 10.2.47.0/24
2019-11-18 21:42:34.492 20411 RALLYDEBUG rally_openstack.wrappers.network [-] CIDR generated: 10.2.48.0/24
2019-11-18 21:42:37.063 20411 INFO rally.task.context [-] Task f0c16f69-272d-4c2f-ad2b-b66b4e17b899 | Context network@openstack setup() finished in 14.35 sec
2019-11-18 21:42:37.063 20411 INFO rally.task.context [-] Task f0c16f69-272d-4c2f-ad2b-b66b4e17b899 | Context cleanup@openstack setup() finished in 0.02 msec
2019-11-18 21:42:37.946 20411 RALLYDEBUG rally.task.runner [-] Starting the constant runner (task UUID: f0c16f69-272d-4c2f-ad2b-b66b4e17b899). times: 10 concurrency: 4 timeout: 0 max_cpu_used: 16 processes_to_start: 4 concurrency_per_worker: 1 concurrency_overhead: 0
2019-11-18 21:42:37.959 24498 RALLYDEBUG rally.task.runner [-] Starting a worker. times: 10 duration: None concurrency: 1 timeout: 0 cls: method_name: run args: {"flavor": "20f9b21d-fa02-4686-8c91-5a88ae727ac8", "image": "bc09d53d-d329-4699-ba5f-613e9114d6ba", "volume_size": 1, "volume_num": 1, "create_volume_kwargs": {}, "boot_server_kwargs": {"auto_assign_nic": true}}
2019-11-18 21:42:37.962 24499 RALLYDEBUG rally.task.runner [-] Starting a worker. times: 10 duration: None concurrency: 1 timeout: 0 cls: method_name: run args: {"flavor": "20f9b21d-fa02-4686-8c91-5a88ae727ac8", "image": "bc09d53d-d329-4699-ba5f-613e9114d6ba", "volume_size": 1, "volume_num": 1, "create_volume_kwargs": {}, "boot_server_kwargs": {"auto_assign_nic": true}}
2019-11-18 21:42:37.967 24498 INFO rally.task.runner [-] Task f0c16f69-272d-4c2f-ad2b-b66b4e17b899 | ITER: 1 START
2019-11-18 21:42:37.966 24500 RALLYDEBUG rally.task.runner [-] Starting a worker. times: 10 duration: None concurrency: 1 timeout: 0 cls: method_name: run args: {"flavor": "20f9b21d-fa02-4686-8c91-5a88ae727ac8", "image": "bc09d53d-d329-4699-ba5f-613e9114d6ba", "volume_size": 1, "volume_num": 1, "create_volume_kwargs": {}, "boot_server_kwargs": {"auto_assign_nic": true}}
2019-11-18 21:42:37.970 24499 INFO rally.task.runner [-] Task f0c16f69-272d-4c2f-ad2b-b66b4e17b899 | ITER: 2 START
2019-11-18 21:42:37.971 24502 RALLYDEBUG rally.task.runner [-] Starting a worker. times: 10 duration: None concurrency: 1 timeout: 0 cls: method_name: run args: {"flavor": "20f9b21d-fa02-4686-8c91-5a88ae727ac8", "image": "bc09d53d-d329-4699-ba5f-613e9114d6ba", "volume_size": 1, "volume_num": 1, "create_volume_kwargs": {}, "boot_server_kwargs": {"auto_assign_nic": true}}
2019-11-18 21:42:37.974 24500 INFO rally.task.runner [-] Task f0c16f69-272d-4c2f-ad2b-b66b4e17b899 | ITER: 3 START
2019-11-18 21:42:37.978 24502 INFO rally.task.runner [-] Task f0c16f69-272d-4c2f-ad2b-b66b4e17b899 | ITER: 4 START
2019-11-18 21:42:44.731 24499 RALLYDEBUG rally.task.utils [-] Waiting for resource s_rally_866cd330_w9C0HgSI. Status changed: BUILD => ACTIVE in 4.587475299835205
2019-11-18 21:42:45.624 24498 RALLYDEBUG rally.task.utils [-] Waiting for resource s_rally_866cd330_gCrSBcUo. Status changed: BUILD => ACTIVE in 4.538633584976196
2019-11-18 21:42:47.477 24502 RALLYDEBUG rally.task.utils [-] Waiting for resource s_rally_866cd330_TzuBnbFP. Status changed: BUILD => ACTIVE in 6.900245189666748
2019-11-18 21:42:47.849 24499 RALLYDEBUG rally.task.utils [-] Waiting for resource s_rally_866cd330_s9gKUdeJ. Status changed: AVAILABLE => RESERVED in 0.43686366081237793
2019-11-18 21:42:48.031 24500 RALLYDEBUG rally.task.utils [-] Waiting for resource s_rally_866cd330_OKifJHY7. Status changed: BUILD => ACTIVE in 7.658793926239014
2019-11-18 21:42:48.653 24498 RALLYDEBUG rally.task.utils [-] Waiting for resource s_rally_866cd330_DIII2eNx. Status changed: AVAILABLE => RESERVED in 0.40778660774230957
2019-11-18 21:42:50.258 24499 RALLYDEBUG rally.task.utils [-] Waiting for resource s_rally_866cd330_s9gKUdeJ. Status changed: RESERVED => IN-USE in 2.409076690673828
2019-11-18 21:42:50.306 24499 INFO rally.task.runner [-] Task f0c16f69-272d-4c2f-ad2b-b66b4e17b899 | ITER: 2 END: OK
2019-11-18 21:42:50.311 24499 INFO rally.task.runner [-] Task f0c16f69-272d-4c2f-ad2b-b66b4e17b899 | ITER: 5 START
2019-11-18 21:42:50.508 24502 RALLYDEBUG rally.task.utils [-] Waiting for resource s_rally_866cd330_OVHTYHot. Status changed: AVAILABLE => RESERVED in 0.3985633850097656
2019-11-18 21:42:51.066 24500 RALLYDEBUG rally.task.utils [-] Waiting for resource s_rally_866cd330_rmO4KTg2. Status changed: AVAILABLE => RESERVED in 0.4148683547973633
2019-11-18 21:42:51.072 24498 RALLYDEBUG rally.task.utils [-] Waiting for resource s_rally_866cd330_DIII2eNx. Status changed: RESERVED => IN-USE in 2.418538808822632
2019-11-18 21:42:51.120 24498 INFO rally.task.runner [-] Task f0c16f69-272d-4c2f-ad2b-b66b4e17b899 | ITER: 1 END: OK
2019-11-18 21:42:51.125 24498 INFO rally.task.runner [-] Task f0c16f69-272d-4c2f-ad2b-b66b4e17b899 | ITER: 6 START
2019-11-18 21:42:52.931 24502 RALLYDEBUG rally.task.utils [-] Waiting for resource s_rally_866cd330_OVHTYHot. Status changed: RESERVED => IN-USE in 2.422454833984375
2019-11-18 21:42:52.985 24502 INFO rally.task.runner [-] Task f0c16f69-272d-4c2f-ad2b-b66b4e17b899 | ITER: 4 END: OK
2019-11-18 21:42:52.989 24502 INFO rally.task.runner [-] Task f0c16f69-272d-4c2f-ad2b-b66b4e17b899 | ITER: 7 START
2019-11-18 21:42:53.487 24500 RALLYDEBUG rally.task.utils [-] Waiting for resource s_rally_866cd330_rmO4KTg2. Status changed: RESERVED => IN-USE in 2.4203555583953857
2019-11-18 21:42:53.533 24500 INFO rally.task.runner [-] Task f0c16f69-272d-4c2f-ad2b-b66b4e17b899 | ITER: 3 END: OK
2019-11-18 21:42:53.538 24500 INFO rally.task.runner [-] Task f0c16f69-272d-4c2f-ad2b-b66b4e17b899 | ITER: 8 START
2019-11-18 21:42:57.285 24499 RALLYDEBUG rally.task.utils [-] Waiting for resource s_rally_866cd330_GJfBnRKX. Status changed: BUILD => ACTIVE in 4.622923135757446
2019-11-18 21:43:00.280 24498 RALLYDEBUG rally.task.utils [-] Waiting for resource s_rally_866cd330_kkLGW0he. Status changed: BUILD => ACTIVE in 6.896683216094971
2019-11-18 21:43:00.578 24499 RALLYDEBUG rally.task.utils [-] Waiting for resource s_rally_866cd330_K3DiqGdo. Status changed: AVAILABLE => RESERVED in 0.45522642135620117
2019-11-18 21:43:00.839 24500 RALLYDEBUG rally.task.utils [-] Waiting for resource s_rally_866cd330_qQvSkV59. Status changed: BUILD => ACTIVE in 4.664673328399658
2019-11-18 21:43:02.608 24502 RALLYDEBUG rally.task.utils [-] Waiting for resource s_rally_866cd330_PB9ZpgoX. Status changed: BUILD => ACTIVE in 7.052219390869141
2019-11-18 21:43:03.021 24499 RALLYDEBUG rally.task.utils [-] Waiting for resource s_rally_866cd330_K3DiqGdo. Status changed: RESERVED => IN-USE in 2.4435369968414307
2019-11-18 21:43:03.077 24499 INFO rally.task.runner [-] Task f0c16f69-272d-4c2f-ad2b-b66b4e17b899 | ITER: 5 END: OK
2019-11-18 21:43:03.082 24499 INFO rally.task.runner [-] Task f0c16f69-272d-4c2f-ad2b-b66b4e17b899 | ITER: 9 START
2019-11-18 21:43:03.311 24498 RALLYDEBUG rally.task.utils [-] Waiting for resource s_rally_866cd330_uT0gXXhb. Status changed: AVAILABLE => RESERVED in 0.42423200607299805
2019-11-18 21:43:03.849 24500 RALLYDEBUG rally.task.utils [-] Waiting for resource s_rally_866cd330_3QpvLkIn. Status changed: AVAILABLE => RESERVED in 0.4081451892852783
2019-11-18 21:43:05.687 24502 RALLYDEBUG rally.task.utils [-] Waiting for resource s_rally_866cd330_PFVjIRlF. Status changed: AVAILABLE => RESERVED in 0.41629886627197266
2019-11-18 21:43:05.713 24498 RALLYDEBUG rally.task.utils [-] Waiting for resource s_rally_866cd330_uT0gXXhb. Status changed: RESERVED => IN-USE in 2.401650905609131
2019-11-18 21:43:05.762 24498 INFO rally.task.runner [-] Task f0c16f69-272d-4c2f-ad2b-b66b4e17b899 | ITER: 6 END: OK
2019-11-18 21:43:05.767 24498 INFO rally.task.runner [-] Task f0c16f69-272d-4c2f-ad2b-b66b4e17b899 | ITER: 10 START
2019-11-18 21:43:06.257 24500 RALLYDEBUG rally.task.utils [-] Waiting for resource s_rally_866cd330_3QpvLkIn. Status changed: RESERVED => IN-USE in 2.4078104496002197
2019-11-18 21:43:06.306 24500 INFO rally.task.runner [-] Task f0c16f69-272d-4c2f-ad2b-b66b4e17b899 | ITER: 8 END: OK
2019-11-18 21:43:08.108 24502 RALLYDEBUG rally.task.utils [-] Waiting for resource s_rally_866cd330_PFVjIRlF. Status changed: RESERVED => IN-USE in 2.420938730239868
2019-11-18 21:43:08.164 24502 INFO rally.task.runner [-] Task f0c16f69-272d-4c2f-ad2b-b66b4e17b899 | ITER: 7 END: OK
2019-11-18 21:43:10.049 24499 RALLYDEBUG rally.task.utils [-] Waiting for resource s_rally_866cd330_O8ACEDcm. Status changed: BUILD => ACTIVE in 4.467148303985596
2019-11-18 21:43:12.398 24498 RALLYDEBUG rally.task.utils [-] Waiting for resource s_rally_866cd330_SNvdtOMM. Status changed: BUILD => ACTIVE in 4.504376411437988
2019-11-18 21:43:13.125 24499 RALLYDEBUG rally.task.utils [-] Waiting for resource s_rally_866cd330_WfBuqEyS. Status changed: AVAILABLE => RESERVED in 0.4273111820220947
2019-11-18 21:43:15.473 24498 RALLYDEBUG rally.task.utils [-] Waiting for resource s_rally_866cd330_d2GUHFLs. Status changed: AVAILABLE => RESERVED in 0.42020201683044434
2019-11-18 21:43:15.542 24499 RALLYDEBUG rally.task.utils [-] Waiting for resource s_rally_866cd330_WfBuqEyS. Status changed: RESERVED => IN-USE in 2.4168031215667725
2019-11-18 21:43:15.592 24499 INFO rally.task.runner [-] Task f0c16f69-272d-4c2f-ad2b-b66b4e17b899 | ITER: 9 END: OK
2019-11-18 21:43:17.906 24498 RALLYDEBUG rally.task.utils [-] Waiting for resource s_rally_866cd330_d2GUHFLs. Status changed: RESERVED => IN-USE in 2.43342924118042
2019-11-18 21:43:17.971 24498 INFO rally.task.runner [-] Task f0c16f69-272d-4c2f-ad2b-b66b4e17b899 | ITER: 10 END: OK
2019-11-18 21:43:18.003 20411 INFO rally.task.context [-] Task f0c16f69-272d-4c2f-ad2b-b66b4e17b899 | Context cleanup@openstack cleanup() started
2019-11-18 21:43:18.006 20411 RALLYDEBUG rally_openstack.cleanup.manager [-] Cleaning up nova servers objects
2019-11-18 21:43:20.555 20411 RALLYDEBUG rally_openstack.cleanup.manager [-] Deleting nova.servers object s_rally_866cd330_SNvdtOMM (d3fe0273-2338-494d-b4d9-fb25e7d8ca86)
2019-11-18 21:43:20.564 20411 RALLYDEBUG rally_openstack.cleanup.manager [-] Deleting nova.servers object s_rally_866cd330_qQvSkV59 (9d5c82d1-cb0d-464a-8eac-41a853566853)
