2019-11-18 20:21:51.675 1845 INFO rally.task.context [-] Task 9c3de056-1a07-454e-93a5-69c3198c7467 | Context api_versions@openstack cleanup() started
2019-11-18 20:21:51.676 1845 INFO rally.task.context [-] Task 9c3de056-1a07-454e-93a5-69c3198c7467 | Context api_versions@openstack cleanup() finished in 0.38 msec
2019-11-18 20:21:51.676 1845 INFO rally.task.context [-] Task 9c3de056-1a07-454e-93a5-69c3198c7467 | Context users@openstack cleanup() started
2019-11-18 20:21:56.387 1845 INFO rally.task.context [-] Task 9c3de056-1a07-454e-93a5-69c3198c7467 | Context users@openstack cleanup() finished in 4.71 sec
2019-11-18 20:21:57.402 1845 INFO rally.task.engine [-] Load duration is: 1.250207
2019-11-18 20:21:57.402 1845 INFO rally.task.engine [-] Full runner duration is: 1.305517
2019-11-18 20:21:57.402 1845 INFO rally.task.engine [-] Full duration is: 13.115159
2019-11-18 20:21:57.720 1845 INFO rally.task.engine [-] Running workload: position = 0 config = { "version": 2, "title": "A cropped version of a bigger task.", "description": "Auto-generated task from a single workload (uuid=b1a3cfa0-bf26-4a73-b176-d89471a59719)", "subtasks": [ { "title": "CinderQos.create_and_list_qos", "description": "Create a qos, then list all qos.", "scenario": { "CinderQos.create_and_list_qos": { "consumer": "both", "write_iops_sec": "10", "read_iops_sec": "1000" } }, "contexts": { "users": { "tenants": 3, "users_per_tenant": 2 }, "api_versions": { "cinder": { "version": 3, "service_type": "volumev3" } } }, "runner": { "constant": { "concurrency": 4, "times": 10 } }, "hooks": [], "sla": { "failure_rate": { "max": 0 } } } ] }
2019-11-18 20:21:57.740 1845 RALLYDEBUG rally_openstack.contexts.keystone.users [-] Creating 3 tenants using 20 threads
2019-11-18 20:21:58.774 1845 RALLYDEBUG rally_openstack.contexts.keystone.users [-] Creating 6 users using 20 threads
2019-11-18 20:22:00.319 1845 INFO rally.task.context [-] Task 9c3de056-1a07-454e-93a5-69c3198c7467 | Context users@openstack setup() finished in 2.58 sec
2019-11-18 20:22:00.728 1845 INFO rally.task.context [-] Task 9c3de056-1a07-454e-93a5-69c3198c7467 | Context api_versions@openstack setup() finished in 0.41 sec
2019-11-18 20:22:00.729 1845 INFO rally.task.context [-] Task 9c3de056-1a07-454e-93a5-69c3198c7467 | Context admin_cleanup@openstack setup() finished in 0.01 msec
2019-11-18 20:22:00.737 1845 RALLYDEBUG rally.task.runner [-] Starting the constant runner (task UUID: 9c3de056-1a07-454e-93a5-69c3198c7467). times: 10 concurrency: 4 timeout: 0 max_cpu_used: 16 processes_to_start: 4 concurrency_per_worker: 1 concurrency_overhead: 0
2019-11-18 20:22:00.749 5297 RALLYDEBUG rally.task.runner [-] Starting a worker. times: 10 duration: None concurrency: 1 timeout: 0 cls: method_name: run args: {"consumer": "both", "write_iops_sec": "10", "read_iops_sec": "1000"}
2019-11-18 20:22:00.752 5298 RALLYDEBUG rally.task.runner [-] Starting a worker. times: 10 duration: None concurrency: 1 timeout: 0 cls: method_name: run args: {"consumer": "both", "write_iops_sec": "10", "read_iops_sec": "1000"}
2019-11-18 20:22:00.756 5297 INFO rally.task.runner [-] Task 9c3de056-1a07-454e-93a5-69c3198c7467 | ITER: 1 START
2019-11-18 20:22:00.756 5299 RALLYDEBUG rally.task.runner [-] Starting a worker. times: 10 duration: None concurrency: 1 timeout: 0 cls: method_name: run args: {"consumer": "both", "write_iops_sec": "10", "read_iops_sec": "1000"}
2019-11-18 20:22:00.759 5298 INFO rally.task.runner [-] Task 9c3de056-1a07-454e-93a5-69c3198c7467 | ITER: 2 START
2019-11-18 20:22:00.759 5300 RALLYDEBUG rally.task.runner [-] Starting a worker. times: 10 duration: None concurrency: 1 timeout: 0 cls: method_name: run args: {"consumer": "both", "write_iops_sec": "10", "read_iops_sec": "1000"}
2019-11-18 20:22:00.763 5299 INFO rally.task.runner [-] Task 9c3de056-1a07-454e-93a5-69c3198c7467 | ITER: 3 START
2019-11-18 20:22:00.766 5300 INFO rally.task.runner [-] Task 9c3de056-1a07-454e-93a5-69c3198c7467 | ITER: 4 START
2019-11-18 20:22:01.209 5297 INFO rally.task.runner [-] Task 9c3de056-1a07-454e-93a5-69c3198c7467 | ITER: 1 END: OK
2019-11-18 20:22:01.212 5299 INFO rally.task.runner [-] Task 9c3de056-1a07-454e-93a5-69c3198c7467 | ITER: 3 END: OK
2019-11-18 20:22:01.212 5300 INFO rally.task.runner [-] Task 9c3de056-1a07-454e-93a5-69c3198c7467 | ITER: 4 END: OK
2019-11-18 20:22:01.213 5297 INFO rally.task.runner [-] Task 9c3de056-1a07-454e-93a5-69c3198c7467 | ITER: 5 START
2019-11-18 20:22:01.216 5300 INFO rally.task.runner [-] Task 9c3de056-1a07-454e-93a5-69c3198c7467 | ITER: 6 START
2019-11-18 20:22:01.217 5299 INFO rally.task.runner [-] Task 9c3de056-1a07-454e-93a5-69c3198c7467 | ITER: 7 START
2019-11-18 20:22:01.263 5298 INFO rally.task.runner [-] Task 9c3de056-1a07-454e-93a5-69c3198c7467 | ITER: 2 END: OK
2019-11-18 20:22:01.268 5298 INFO rally.task.runner [-] Task 9c3de056-1a07-454e-93a5-69c3198c7467 | ITER: 8 START
2019-11-18 20:22:01.608 5297 INFO rally.task.runner [-] Task 9c3de056-1a07-454e-93a5-69c3198c7467 | ITER: 5 END: OK
2019-11-18 20:22:01.609 5300 INFO rally.task.runner [-] Task 9c3de056-1a07-454e-93a5-69c3198c7467 | ITER: 6 END: OK
2019-11-18 20:22:01.609 5299 INFO rally.task.runner [-] Task 9c3de056-1a07-454e-93a5-69c3198c7467 | ITER: 7 END: OK
2019-11-18 20:22:01.612 5297 INFO rally.task.runner [-] Task 9c3de056-1a07-454e-93a5-69c3198c7467 | ITER: 9 START
2019-11-18 20:22:01.613 5300 INFO rally.task.runner [-] Task 9c3de056-1a07-454e-93a5-69c3198c7467 | ITER: 10 START
2019-11-18 20:22:01.726 5298 INFO rally.task.runner [-] Task 9c3de056-1a07-454e-93a5-69c3198c7467 | ITER: 8 END: OK
2019-11-18 20:22:02.022 5300 INFO rally.task.runner [-] Task 9c3de056-1a07-454e-93a5-69c3198c7467 | ITER: 10 END: OK
2019-11-18 20:22:02.022 5297 INFO rally.task.runner [-] Task 9c3de056-1a07-454e-93a5-69c3198c7467 | ITER: 9 END: OK
2019-11-18 20:22:02.048 1845 INFO rally.task.context [-] Task 9c3de056-1a07-454e-93a5-69c3198c7467 | Context admin_cleanup@openstack cleanup() started
2019-11-18 20:22:02.051 1845 RALLYDEBUG rally_openstack.cleanup.manager [-] Cleaning up cinder volume_types objects
2019-11-18 20:22:02.442 1845 RALLYDEBUG rally_openstack.cleanup.manager [-] Cleaning up cinder image_volumes_cache objects
2019-11-18 20:22:02.968 1845 RALLYDEBUG rally_openstack.cleanup.manager [-] Cleaning up cinder quotas objects
2019-11-18 20:22:03.856 1845 RALLYDEBUG rally_openstack.cleanup.manager [-] Cleaning up cinder qos_specs objects
2019-11-18 20:22:04.260 1845 RALLYDEBUG rally_openstack.cleanup.manager [-] Deleting cinder.qos_specs object s_rally_b1a3cfa0_xHVT0ca0 (fb48cf3a-c08f-4db3-8634-bda293573e22)
2019-11-18 20:22:04.269 1845 RALLYDEBUG rally_openstack.cleanup.manager [-] Deleting cinder.qos_specs object s_rally_b1a3cfa0_D3W1WsMW (a9e4bff4-0796-4993-b344-f3b424e8dc65)
2019-11-18 20:22:04.278 1845 RALLYDEBUG rally_openstack.cleanup.manager [-] Deleting cinder.qos_specs object s_rally_b1a3cfa0_5FqvIhxP (65ab64d9-a341-4991-ace0-7c3b9f229a82)
2019-11-18 20:22:04.282 1845 RALLYDEBUG rally_openstack.cleanup.manager [-] Deleting cinder.qos_specs object s_rally_b1a3cfa0_GB3ZuDLY (55833d6f-bcdd-479a-afb0-68786b89b810)
2019-11-18 20:22:04.302 1845 RALLYDEBUG rally_openstack.cleanup.manager [-] Deleting cinder.qos_specs object s_rally_b1a3cfa0_Aj7RpAHJ (374654a8-a993-4b72-a1e5-9e3ae9ae2b79)
2019-11-18 20:22:04.312 1845 RALLYDEBUG rally_openstack.cleanup.manager [-] Deleting cinder.qos_specs object s_rally_b1a3cfa0_QE2RMlxO (11aae594-7fc4-491d-b3f6-06be19f0d3cf)
2019-11-18 20:22:04.325 1845 RALLYDEBUG rally_openstack.cleanup.manager [-] Deleting cinder.qos_specs object s_rally_b1a3cfa0_eAStgjd9 (ff2fbaa3-b6e1-47e2-bc75-0dc8f48a7ea3)
2019-11-18 20:22:04.333 1845 RALLYDEBUG rally_openstack.cleanup.manager [-] Deleting cinder.qos_specs object s_rally_b1a3cfa0_EFgZF9En (d1ea2324-3a75-4858-af59-f46f79456150)
2019-11-18 20:22:04.344 1845 RALLYDEBUG rally_openstack.cleanup.manager [-] Deleting cinder.qos_specs object s_rally_b1a3cfa0_cf6czCd2 (a053eefa-6786-4723-a6f9-1b9f164ff7c3)
2019-11-18 20:22:04.356 1845 RALLYDEBUG rally_openstack.cleanup.manager [-] Deleting cinder.qos_specs object s_rally_b1a3cfa0_svK2UoMt (1fa4d017-a318-42ea-9e0c-3832d5361cd0)
2019-11-18 20:22:05.892 1845 INFO rally.task.context [-] Task 9c3de056-1a07-454e-93a5-69c3198c7467 | Context admin_cleanup@openstack cleanup() finished in 3.84 sec
2019-11-18 20:22:05.893 1845 INFO rally.task.context [-] Task 9c3de056-1a07-454e-93a5-69c3198c7467 | Context api_versions@openstack cleanup() started
2019-11-18 20:22:05.893 1845 INFO rally.task.context [-] Task 9c3de056-1a07-454e-93a5-69c3198c7467 | Context api_versions@openstack cleanup() finished in 0.39 msec
2019-11-18 20:22:05.894 1845 INFO rally.task.context [-] Task 9c3de056-1a07-454e-93a5-69c3198c7467 | Context users@openstack cleanup() started
2019-11-18 20:22:10.484 1845 INFO rally.task.context [-] Task 9c3de056-1a07-454e-93a5-69c3198c7467 | Context users@openstack cleanup() finished in 4.59 sec
2019-11-18 20:22:11.843 1845 INFO rally.task.engine [-] Load duration is: 1.261233
2019-11-18 20:22:11.844 1845 INFO rally.task.engine [-] Full runner duration is: 1.310993
2019-11-18 20:22:11.844 1845 INFO rally.task.engine [-] Full duration is: 12.746222
2019-11-18 20:22:12.223 1845 INFO rally.task.engine [-] Running workload: position = 0 config = { "version": 2, "title": "A cropped version of a bigger task.", "description": "Auto-generated task from a single workload (uuid=5c98b41e-e889-4d1f-b2f1-7b26cc9660e8)", "subtasks": [ { "title": "CinderQos.create_and_set_qos", "description": "Create a qos, then Add/Update keys in qos specs.", "scenario": { "CinderQos.create_and_set_qos": { "consumer": "back-end", "write_iops_sec": "10", "read_iops_sec": "1000", "set_consumer": "both", "set_write_iops_sec": "11", "set_read_iops_sec": "1001" } }, "contexts": { "users": { "tenants": 3, "users_per_tenant": 2 }, "api_versions": { "cinder": { "version": 3, "service_type": "volumev3" } } }, "runner": { "constant": { "concurrency": 4, "times": 10 } }, "hooks": [], "sla": { "failure_rate": { "max": 0 } } } ] }
2019-11-18 20:22:12.248 1845 RALLYDEBUG rally_openstack.contexts.keystone.users [-] Creating 3 tenants using 20 threads
2019-11-18 20:22:13.280 1845 RALLYDEBUG rally_openstack.contexts.keystone.users [-] Creating 6 users using 20 threads
2019-11-18 20:22:14.815 1845 INFO rally.task.context [-] Task 9c3de056-1a07-454e-93a5-69c3198c7467 | Context users@openstack setup() finished in 2.57 sec
2019-11-18 20:22:15.225 1845 INFO rally.task.context [-] Task 9c3de056-1a07-454e-93a5-69c3198c7467 | Context api_versions@openstack setup() finished in 0.41 sec
2019-11-18 20:22:15.225 1845 INFO rally.task.context [-] Task 9c3de056-1a07-454e-93a5-69c3198c7467 | Context admin_cleanup@openstack setup() finished in 0.01 msec
2019-11-18 20:22:15.233 1845 RALLYDEBUG rally.task.runner [-] Starting the constant runner (task UUID: 9c3de056-1a07-454e-93a5-69c3198c7467). times: 10 concurrency: 4 timeout: 0 max_cpu_used: 16 processes_to_start: 4 concurrency_per_worker: 1 concurrency_overhead: 0
2019-11-18 20:22:15.245 5481 RALLYDEBUG rally.task.runner [-] Starting a worker. times: 10 duration: None concurrency: 1 timeout: 0 cls: method_name: run args: {"consumer": "back-end", "write_iops_sec": "10", "read_iops_sec": "1000", "set_consumer": "both", "set_write_iops_sec": "11", "set_read_iops_sec": "1001"}
2019-11-18 20:22:15.248 5482 RALLYDEBUG rally.task.runner [-] Starting a worker. times: 10 duration: None concurrency: 1 timeout: 0 cls: method_name: run args: {"consumer": "back-end", "write_iops_sec": "10", "read_iops_sec": "1000", "set_consumer": "both", "set_write_iops_sec": "11", "set_read_iops_sec": "1001"}
2019-11-18 20:22:15.252 5481 INFO rally.task.runner [-] Task 9c3de056-1a07-454e-93a5-69c3198c7467 | ITER: 1 START
2019-11-18 20:22:15.252 5483 RALLYDEBUG rally.task.runner [-] Starting a worker. times: 10 duration: None concurrency: 1 timeout: 0 cls: method_name: run args: {"consumer": "back-end", "write_iops_sec": "10", "read_iops_sec": "1000", "set_consumer": "both", "set_write_iops_sec": "11", "set_read_iops_sec": "1001"}
2019-11-18 20:22:15.253 5482 INFO rally.task.runner [-] Task 9c3de056-1a07-454e-93a5-69c3198c7467 | ITER: 2 START
2019-11-18 20:22:15.255 5484 RALLYDEBUG rally.task.runner [-] Starting a worker. times: 10 duration: None concurrency: 1 timeout: 0 cls: method_name: run args: {"consumer": "back-end", "write_iops_sec": "10", "read_iops_sec": "1000", "set_consumer": "both", "set_write_iops_sec": "11", "set_read_iops_sec": "1001"}
2019-11-18 20:22:15.259 5483 INFO rally.task.runner [-] Task 9c3de056-1a07-454e-93a5-69c3198c7467 | ITER: 3 START
2019-11-18 20:22:15.261 5484 INFO rally.task.runner [-] Task 9c3de056-1a07-454e-93a5-69c3198c7467 | ITER: 4 START
2019-11-18 20:22:15.717 5482 INFO rally.task.runner [-] Task 9c3de056-1a07-454e-93a5-69c3198c7467 | ITER: 2 END: OK
2019-11-18 20:22:15.721 5484 INFO rally.task.runner [-] Task 9c3de056-1a07-454e-93a5-69c3198c7467 | ITER: 4 END: OK
2019-11-18 20:22:15.722 5482 INFO rally.task.runner [-] Task 9c3de056-1a07-454e-93a5-69c3198c7467 | ITER: 5 START
2019-11-18 20:22:15.725 5483 INFO rally.task.runner [-] Task 9c3de056-1a07-454e-93a5-69c3198c7467 | ITER: 3 END: OK
2019-11-18 20:22:15.726 5481 INFO rally.task.runner [-] Task 9c3de056-1a07-454e-93a5-69c3198c7467 | ITER: 1 END: OK
2019-11-18 20:22:15.726 5484 INFO rally.task.runner [-] Task 9c3de056-1a07-454e-93a5-69c3198c7467 | ITER: 6 START
2019-11-18 20:22:15.729 5483 INFO rally.task.runner [-] Task 9c3de056-1a07-454e-93a5-69c3198c7467 | ITER: 7 START
2019-11-18 20:22:15.731 5481 INFO rally.task.runner [-] Task 9c3de056-1a07-454e-93a5-69c3198c7467 | ITER: 8 START
2019-11-18 20:22:16.125 5482 INFO rally.task.runner [-] Task 9c3de056-1a07-454e-93a5-69c3198c7467 | ITER: 5 END: OK
2019-11-18 20:22:16.129 5482 INFO rally.task.runner [-] Task 9c3de056-1a07-454e-93a5-69c3198c7467 | ITER: 9 START
2019-11-18 20:22:16.129 5483 INFO rally.task.runner [-] Task 9c3de056-1a07-454e-93a5-69c3198c7467 | ITER: 7 END: OK
2019-11-18 20:22:16.133 5483 INFO rally.task.runner [-] Task 9c3de056-1a07-454e-93a5-69c3198c7467 | ITER: 10 START
2019-11-18 20:22:16.135 5484 INFO rally.task.runner [-] Task 9c3de056-1a07-454e-93a5-69c3198c7467 | ITER: 6 END: OK
2019-11-18 20:22:16.179 5481 INFO rally.task.runner [-] Task 9c3de056-1a07-454e-93a5-69c3198c7467 | ITER: 8 END: OK
2019-11-18 20:22:16.544 5482 INFO rally.task.runner [-] Task 9c3de056-1a07-454e-93a5-69c3198c7467 | ITER: 9 END: OK
2019-11-18 20:22:16.548 5483 INFO rally.task.runner [-] Task 9c3de056-1a07-454e-93a5-69c3198c7467 | ITER: 10 END: OK
2019-11-18 20:22:16.574 1845 INFO rally.task.context [-] Task 9c3de056-1a07-454e-93a5-69c3198c7467 | Context admin_cleanup@openstack cleanup() started
2019-11-18 20:22:16.578 1845 RALLYDEBUG rally_openstack.cleanup.manager [-] Cleaning up cinder volume_types objects
2019-11-18 20:22:17.032 1845 RALLYDEBUG rally_openstack.cleanup.manager [-] Cleaning up cinder image_volumes_cache objects
2019-11-18 20:22:17.562 1845 RALLYDEBUG rally_openstack.cleanup.manager [-] Cleaning up cinder quotas objects
2019-11-18 20:22:18.382 1845 RALLYDEBUG rally_openstack.cleanup.manager [-] Cleaning up cinder qos_specs objects
2019-11-18 20:22:18.785 1845 RALLYDEBUG rally_openstack.cleanup.manager [-] Deleting cinder.qos_specs object s_rally_5c98b41e_N1c8HfBi (edf101f8-c82f-4873-b705-8b7024d7c31b)
2019-11-18 20:22:18.795 1845 RALLYDEBUG rally_openstack.cleanup.manager [-] Deleting cinder.qos_specs object s_rally_5c98b41e_vywEFMMc (ede533cd-1c4d-45cd-844b-0f3994e65208)
2019-11-18 20:22:18.804 1845 RALLYDEBUG rally_openstack.cleanup.manager [-] Deleting cinder.qos_specs object s_rally_5c98b41e_qdTwu1rB (ebb52bfd-c900-4141-9246-60ae1049eb4d)
2019-11-18 20:22:18.814 1845 RALLYDEBUG rally_openstack.cleanup.manager [-] Deleting cinder.qos_specs object s_rally_5c98b41e_joOF5wYJ (d521719a-447e-4298-a228-df7981990871)
2019-11-18 20:22:18.824 1845 RALLYDEBUG rally_openstack.cleanup.manager [-] Deleting cinder.qos_specs object s_rally_5c98b41e_wtJT1KrW (d07667d1-4de4-4c6e-b15b-5f5fd11bc91f)
2019-11-18 20:22:18.842 1845 RALLYDEBUG rally_openstack.cleanup.manager [-] Deleting cinder.qos_specs object s_rally_5c98b41e_0ULvQuCw (c7fe22b5-e69e-49f4-afae-2f28ce074fc1)
2019-11-18 20:22:18.862 1845 RALLYDEBUG rally_openstack.cleanup.manager [-] Deleting cinder.qos_specs object s_rally_5c98b41e_1KIljcRA (987db7e0-50ce-4580-8c32-1ddf81da3220)
2019-11-18 20:22:18.876 1845 RALLYDEBUG rally_openstack.cleanup.manager [-] Deleting cinder.qos_specs object s_rally_5c98b41e_ECN60MUw (8833bf96-28cb-4d4c-acab-7e77c8f02ffa)
2019-11-18 20:22:18.885 1845 RALLYDEBUG rally_openstack.cleanup.manager [-] Deleting cinder.qos_specs object s_rally_5c98b41e_mkRQdYPQ (619573ca-7748-4c6d-993c-c963acb4b599)
2019-11-18 20:22:18.894 1845 RALLYDEBUG rally_openstack.cleanup.manager [-] Deleting cinder.qos_specs object s_rally_5c98b41e_jkUxq7uz (1f510d19-fa0d-4775-8f87-29a733206802)
2019-11-18 20:22:20.408 1845 INFO rally.task.context [-] Task 9c3de056-1a07-454e-93a5-69c3198c7467 | Context admin_cleanup@openstack cleanup() finished in 3.83 sec
2019-11-18 20:22:20.409 1845 INFO rally.task.context [-] Task 9c3de056-1a07-454e-93a5-69c3198c7467 | Context api_versions@openstack cleanup() started
2019-11-18 20:22:20.409 1845 INFO rally.task.context [-] Task 9c3de056-1a07-454e-93a5-69c3198c7467 | Context api_versions@openstack cleanup() finished in 0.36 msec
2019-11-18 20:22:20.409 1845 INFO rally.task.context [-] Task 9c3de056-1a07-454e-93a5-69c3198c7467 | Context users@openstack cleanup() started
2019-11-18 20:22:25.098 1845 INFO rally.task.context [-] Task 9c3de056-1a07-454e-93a5-69c3198c7467 | Context users@openstack cleanup() finished in 4.69 sec
2019-11-18 20:22:26.364 1845 INFO rally.task.engine [-] Load duration is: 1.291507
2019-11-18 20:22:26.364 1845 INFO rally.task.engine [-] Full runner duration is: 1.341379
2019-11-18 20:22:26.365 1845 INFO rally.task.engine [-] Full duration is: 12.852157
2019-11-18 20:22:26.733 1845 INFO rally.task.engine [-] Running workload: position = 0 config = { "version": 2, "title": "A cropped version of a bigger task.", "description": "Auto-generated task from a single workload (uuid=237bcaae-631d-4be9-a6f9-51853d09867b)", "subtasks": [ { "title": "CinderVolumeTypes.create_and_get_volume_type", "description": "Create a volume Type, then get the details of the type.", "scenario": { "CinderVolumeTypes.create_and_get_volume_type": { "description": "rally tests creating types" } }, "contexts": { "users": { "tenants": 3, "users_per_tenant": 2 }, "api_versions": { "cinder": { "version": 3, "service_type": "volumev3" } } }, "runner": { "constant": { "concurrency": 4, "times": 10 } }, "hooks": [], "sla": { "failure_rate": { "max": 0 } } } ] }
2019-11-18 20:22:26.757 1845 RALLYDEBUG rally_openstack.contexts.keystone.users [-] Creating 3 tenants using 20 threads
2019-11-18 20:22:27.822 1845 RALLYDEBUG rally_openstack.contexts.keystone.users [-] Creating 6 users using 20 threads
2019-11-18 20:22:29.332 1845 INFO rally.task.context [-] Task 9c3de056-1a07-454e-93a5-69c3198c7467 | Context users@openstack setup() finished in 2.58 sec
2019-11-18 20:22:29.737 1845 INFO rally.task.context [-] Task 9c3de056-1a07-454e-93a5-69c3198c7467 | Context api_versions@openstack setup() finished in 0.40 sec
2019-11-18 20:22:29.738 1845 INFO rally.task.context [-] Task 9c3de056-1a07-454e-93a5-69c3198c7467 | Context admin_cleanup@openstack setup() finished in 0.01 msec
2019-11-18 20:22:29.746 1845 RALLYDEBUG rally.task.runner [-] Starting the constant runner (task UUID: 9c3de056-1a07-454e-93a5-69c3198c7467). times: 10 concurrency: 4 timeout: 0 max_cpu_used: 16 processes_to_start: 4 concurrency_per_worker: 1 concurrency_overhead: 0
2019-11-18 20:22:29.758 5665 RALLYDEBUG rally.task.runner [-] Starting a worker. times: 10 duration: None concurrency: 1 timeout: 0 cls: method_name: run args: {"description": "rally tests creating types"}
2019-11-18 20:22:29.762 5666 RALLYDEBUG rally.task.runner [-] Starting a worker. times: 10 duration: None concurrency: 1 timeout: 0 cls: method_name: run args: {"description": "rally tests creating types"}
2019-11-18 20:22:29.765 5665 INFO rally.task.runner [-] Task 9c3de056-1a07-454e-93a5-69c3198c7467 | ITER: 1 START
2019-11-18 20:22:29.765 5667 RALLYDEBUG rally.task.runner [-] Starting a worker. times: 10 duration: None concurrency: 1 timeout: 0 cls: method_name: run args: {"description": "rally tests creating types"}
2019-11-18 20:22:29.769 5666 INFO rally.task.runner [-] Task 9c3de056-1a07-454e-93a5-69c3198c7467 | ITER: 2 START
2019-11-18 20:22:29.769 5668 RALLYDEBUG rally.task.runner [-] Starting a worker. times: 10 duration: None concurrency: 1 timeout: 0 cls: method_name: run args: {"description": "rally tests creating types"}
2019-11-18 20:22:29.772 5667 INFO rally.task.runner [-] Task 9c3de056-1a07-454e-93a5-69c3198c7467 | ITER: 3 START
2019-11-18 20:22:29.775 5668 INFO rally.task.runner [-] Task 9c3de056-1a07-454e-93a5-69c3198c7467 | ITER: 4 START
2019-11-18 20:22:30.265 5665 INFO rally.task.runner [-] Task 9c3de056-1a07-454e-93a5-69c3198c7467 | ITER: 1 END: OK
2019-11-18 20:22:30.270 5665 INFO rally.task.runner [-] Task 9c3de056-1a07-454e-93a5-69c3198c7467 | ITER: 5 START
2019-11-18 20:22:30.272 5666 INFO rally.task.runner [-] Task 9c3de056-1a07-454e-93a5-69c3198c7467 | ITER: 2 END: OK
2019-11-18 20:22:30.278 5666 INFO rally.task.runner [-] Task 9c3de056-1a07-454e-93a5-69c3198c7467 | ITER: 6 START
2019-11-18 20:22:30.280 5668 INFO rally.task.runner [-] Task 9c3de056-1a07-454e-93a5-69c3198c7467 | ITER: 4 END: OK
2019-11-18 20:22:30.283 5667 INFO rally.task.runner [-] Task 9c3de056-1a07-454e-93a5-69c3198c7467 | ITER: 3 END: OK
2019-11-18 20:22:30.284 5668 INFO rally.task.runner [-] Task 9c3de056-1a07-454e-93a5-69c3198c7467 | ITER: 7 START
2019-11-18 20:22:30.287 5667 INFO rally.task.runner [-] Task 9c3de056-1a07-454e-93a5-69c3198c7467 | ITER: 8 START
2019-11-18 20:22:30.665 5665 INFO rally.task.runner [-] Task 9c3de056-1a07-454e-93a5-69c3198c7467 | ITER: 5 END: OK
2019-11-18 20:22:30.668 5665 INFO rally.task.runner [-] Task 9c3de056-1a07-454e-93a5-69c3198c7467 | ITER: 9 START
2019-11-18 20:22:30.679 5668 INFO rally.task.runner [-] Task 9c3de056-1a07-454e-93a5-69c3198c7467 | ITER: 7 END: OK
2019-11-18 20:22:30.682 5668 INFO rally.task.runner [-] Task 9c3de056-1a07-454e-93a5-69c3198c7467 | ITER: 10 START
2019-11-18 20:22:30.685 5667 INFO rally.task.runner [-] Task 9c3de056-1a07-454e-93a5-69c3198c7467 | ITER: 8 END: OK
2019-11-18 20:22:30.726 5666 INFO rally.task.runner [-] Task 9c3de056-1a07-454e-93a5-69c3198c7467 | ITER: 6 END: OK
2019-11-18 20:22:31.074 5665 INFO rally.task.runner [-] Task 9c3de056-1a07-454e-93a5-69c3198c7467 | ITER: 9 END: OK
2019-11-18 20:22:31.081 5668 INFO rally.task.runner [-] Task 9c3de056-1a07-454e-93a5-69c3198c7467 | ITER: 10 END: OK
2019-11-18 20:22:31.111 1845 INFO rally.task.context [-] Task 9c3de056-1a07-454e-93a5-69c3198c7467 | Context admin_cleanup@openstack cleanup() started
2019-11-18 20:22:31.115 1845 RALLYDEBUG rally_openstack.cleanup.manager [-] Cleaning up cinder volume_types objects
2019-11-18 20:22:31.586 1845 RALLYDEBUG rally_openstack.cleanup.manager [-] Deleting cinder.volume_types object s_rally_237bcaae_e4IESMl2 (e705470a-45f2-4773-ab0c-8f30c8424b66)
2019-11-18 20:22:31.595 1845 RALLYDEBUG rally_openstack.cleanup.manager [-] Deleting cinder.volume_types object s_rally_237bcaae_2RTliVzq (c183030a-938c-4d19-9963-733d2b1ca8a6)
2019-11-18 20:22:31.604 1845 RALLYDEBUG rally_openstack.cleanup.manager [-] Deleting cinder.volume_types object s_rally_237bcaae_DmJcdaOP (3df6b18c-5f9f-4522-a3c4-208774c13442)
2019-11-18 20:22:31.614 1845 RALLYDEBUG rally_openstack.cleanup.manager [-] Deleting cinder.volume_types object s_rally_237bcaae_UZQsYpQe (3bdbc880-2f57-456a-8607-aa8f0cc9caa4)
2019-11-18 20:22:31.623 1845 RALLYDEBUG rally_openstack.cleanup.manager [-] Deleting cinder.volume_types object s_rally_237bcaae_FfnotzyP (1db63707-da5e-4333-b27f-cb7cb3ee2f6f)
2019-11-18 20:22:31.637 1845 RALLYDEBUG rally_openstack.cleanup.manager [-] Deleting cinder.volume_types object s_rally_237bcaae_NfN8IDPf (1bf02c2b-8a87-4f0e-b28b-47ae60e8a80f)
2019-11-18 20:22:31.649 1845 RALLYDEBUG rally_openstack.cleanup.manager [-] Deleting cinder.volume_types object s_rally_237bcaae_VBwggdGP (ea8ef38d-2f37-4990-bf57-8702904b86bd)
2019-11-18 20:22:31.664 1845 RALLYDEBUG rally_openstack.cleanup.manager [-] Deleting cinder.volume_types object s_rally_237bcaae_BMAFfJpO (9dcd5e2f-30f7-4b84-81a7-eca36efdc704)
2019-11-18 20:22:31.669 1845 RALLYDEBUG rally_openstack.cleanup.manager [-] Deleting cinder.volume_types object s_rally_237bcaae_3gtJmDxG (9d239f0e-642f-4a68-ada3-c5162e0d6ac1)
2019-11-18 20:22:31.676 1845 RALLYDEBUG rally_openstack.cleanup.manager [-] Deleting cinder.volume_types object s_rally_237bcaae_E2yUe3MM (07f21796-ff0f-49d6-9e1c-87be4822583a)
2019-11-18 20:22:33.400 1845 RALLYDEBUG rally_openstack.cleanup.manager [-] Cleaning up cinder image_volumes_cache objects
2019-11-18 20:22:34.205 1845 RALLYDEBUG rally_openstack.cleanup.manager [-] Cleaning up cinder quotas objects
2019-11-18 20:22:35.014 1845 RALLYDEBUG rally_openstack.cleanup.manager [-] Cleaning up cinder qos_specs objects
2019-11-18 20:22:35.405 1845 INFO rally.task.context [-] Task 9c3de056-1a07-454e-93a5-69c3198c7467 | Context admin_cleanup@openstack cleanup() finished in 4.29 sec
2019-11-18 20:22:35.405 1845 INFO rally.task.context [-] Task 9c3de056-1a07-454e-93a5-69c3198c7467 | Context api_versions@openstack cleanup() started
2019-11-18 20:22:35.406 1845 INFO rally.task.context [-] Task 9c3de056-1a07-454e-93a5-69c3198c7467 | Context api_versions@openstack cleanup() finished in 0.38 msec
2019-11-18 20:22:35.406 1845 INFO rally.task.context [-] Task 9c3de056-1a07-454e-93a5-69c3198c7467 | Context users@openstack cleanup() started
2019-11-18 20:22:40.048 1845 INFO rally.task.context [-] Task 9c3de056-1a07-454e-93a5-69c3198c7467 | Context users@openstack cleanup() finished in 4.64 sec
2019-11-18 20:22:40.898 1845 INFO rally.task.engine [-] Load duration is: 1.311616
2019-11-18 20:22:40.899 1845 INFO rally.task.engine [-] Full runner duration is: 1.365389
2019-11-18 20:22:40.899 1845 INFO rally.task.engine [-] Full duration is: 13.293336
2019-11-18 20:22:41.220 1845 INFO rally.task.engine [-] Running workload: position = 0 config = { "version": 2, "title": "A cropped version of a bigger task.", "description": "Auto-generated task from a single workload (uuid=61265344-91c8-4c8d-b852-b6f297cd8ba4)", "subtasks": [ { "title": "CinderVolumeTypes.create_and_list_volume_types", "description": "Create a volume Type, then list all types.", "scenario": { "CinderVolumeTypes.create_and_list_volume_types": { "description": "rally tests creating types" } }, "contexts": { "users": { "tenants": 3, "users_per_tenant": 2 }, "api_versions": { "cinder": { "version": 3, "service_type": "volumev3" } } }, "runner": { "constant": { "concurrency": 4, "times": 10 } }, "hooks": [], "sla": { "failure_rate": { "max": 0 } } } ] }
2019-11-18 20:22:41.243 1845 RALLYDEBUG rally_openstack.contexts.keystone.users [-] Creating 3 tenants using 20 threads
2019-11-18 20:22:42.260 1845 RALLYDEBUG rally_openstack.contexts.keystone.users [-] Creating 6 users using 20 threads
2019-11-18 20:22:43.804 1845 INFO rally.task.context [-] Task 9c3de056-1a07-454e-93a5-69c3198c7467 | Context users@openstack setup() finished in 2.56 sec
2019-11-18 20:22:44.212 1845 INFO rally.task.context [-] Task 9c3de056-1a07-454e-93a5-69c3198c7467 | Context api_versions@openstack setup() finished in 0.41 sec
2019-11-18 20:22:44.213 1845 INFO rally.task.context [-] Task 9c3de056-1a07-454e-93a5-69c3198c7467 | Context admin_cleanup@openstack setup() finished in 0.01 msec
2019-11-18 20:22:44.222 1845 RALLYDEBUG rally.task.runner [-] Starting the constant runner (task UUID: 9c3de056-1a07-454e-93a5-69c3198c7467). times: 10 concurrency: 4 timeout: 0 max_cpu_used: 16 processes_to_start: 4 concurrency_per_worker: 1 concurrency_overhead: 0
2019-11-18 20:22:44.234 5849 RALLYDEBUG rally.task.runner [-] Starting a worker. times: 10 duration: None concurrency: 1 timeout: 0 cls: method_name: run args: {"description": "rally tests creating types"}
2019-11-18 20:22:44.237 5850 RALLYDEBUG rally.task.runner [-] Starting a worker. times: 10 duration: None concurrency: 1 timeout: 0 cls: method_name: run args: {"description": "rally tests creating types"}
2019-11-18 20:22:44.241 5849 INFO rally.task.runner [-] Task 9c3de056-1a07-454e-93a5-69c3198c7467 | ITER: 1 START
2019-11-18 20:22:44.241 5851 RALLYDEBUG rally.task.runner [-] Starting a worker. times: 10 duration: None concurrency: 1 timeout: 0 cls: method_name: run args: {"description": "rally tests creating types"}
2019-11-18 20:22:44.244 5850 INFO rally.task.runner [-] Task 9c3de056-1a07-454e-93a5-69c3198c7467 | ITER: 2 START
2019-11-18 20:22:44.244 5852 RALLYDEBUG rally.task.runner [-] Starting a worker. times: 10 duration: None concurrency: 1 timeout: 0 cls: method_name: run args: {"description": "rally tests creating types"}
2019-11-18 20:22:44.248 5851 INFO rally.task.runner [-] Task 9c3de056-1a07-454e-93a5-69c3198c7467 | ITER: 3 START
2019-11-18 20:22:44.251 5852 INFO rally.task.runner [-] Task 9c3de056-1a07-454e-93a5-69c3198c7467 | ITER: 4 START
2019-11-18 20:22:44.714 5849 INFO rally.task.runner [-] Task 9c3de056-1a07-454e-93a5-69c3198c7467 | ITER: 1 END: OK
2019-11-18 20:22:44.718 5851 INFO rally.task.runner [-] Task 9c3de056-1a07-454e-93a5-69c3198c7467 | ITER: 3 END: OK
2019-11-18 20:22:44.719 5849 INFO rally.task.runner [-] Task 9c3de056-1a07-454e-93a5-69c3198c7467 | ITER: 5 START
2019-11-18 20:22:44.723 5851 INFO rally.task.runner [-] Task 9c3de056-1a07-454e-93a5-69c3198c7467 | ITER: 6 START
2019-11-18 20:22:44.738 5852 INFO rally.task.runner [-] Task 9c3de056-1a07-454e-93a5-69c3198c7467 | ITER: 4 END: OK
2019-11-18 20:22:44.743 5852 INFO rally.task.runner [-] Task 9c3de056-1a07-454e-93a5-69c3198c7467 | ITER: 7 START
2019-11-18 20:22:44.760 5850 INFO rally.task.runner [-] Task 9c3de056-1a07-454e-93a5-69c3198c7467 | ITER: 2 END: OK
2019-11-18 20:22:44.763 5850 INFO rally.task.runner [-] Task 9c3de056-1a07-454e-93a5-69c3198c7467 | ITER: 8 START
2019-11-18 20:22:45.130 5851 INFO rally.task.runner [-] Task 9c3de056-1a07-454e-93a5-69c3198c7467 | ITER: 6 END: OK
2019-11-18 20:22:45.130 5849 INFO rally.task.runner [-] Task 9c3de056-1a07-454e-93a5-69c3198c7467 | ITER: 5 END: OK
2019-11-18 20:22:45.133 5851 INFO rally.task.runner [-] Task 9c3de056-1a07-454e-93a5-69c3198c7467 | ITER: 9 START
2019-11-18 20:22:45.133 5849 INFO rally.task.runner [-] Task 9c3de056-1a07-454e-93a5-69c3198c7467 | ITER: 10 START
2019-11-18 20:22:45.191 5850 INFO rally.task.runner [-] Task 9c3de056-1a07-454e-93a5-69c3198c7467 | ITER: 8 END: OK
2019-11-18 20:22:45.212 5852 INFO rally.task.runner [-] Task 9c3de056-1a07-454e-93a5-69c3198c7467 | ITER: 7 END: OK
2019-11-18 20:22:45.557 5851 INFO rally.task.runner [-] Task 9c3de056-1a07-454e-93a5-69c3198c7467 | ITER: 9 END: OK
2019-11-18 20:22:45.603 5849 INFO rally.task.runner [-] Task 9c3de056-1a07-454e-93a5-69c3198c7467 | ITER: 10 END: OK
2019-11-18 20:22:45.626 1845 INFO rally.task.context [-] Task 9c3de056-1a07-454e-93a5-69c3198c7467 | Context admin_cleanup@openstack cleanup() started
2019-11-18 20:22:45.630 1845 RALLYDEBUG rally_openstack.cleanup.manager [-] Cleaning up cinder volume_types objects
2019-11-18 20:22:46.030 1845 RALLYDEBUG rally_openstack.cleanup.manager [-] Deleting cinder.volume_types object s_rally_61265344_Y3npioFu (df08ae79-24e8-40a8-9d0a-1f57f4206253)
2019-11-18 20:22:46.039 1845 RALLYDEBUG rally_openstack.cleanup.manager [-] Deleting cinder.volume_types object s_rally_61265344_9Rgrw3ed (49f8015e-0b03-42c4-9eb6-8f4726f127bf)
2019-11-18 20:22:46.049 1845 RALLYDEBUG rally_openstack.cleanup.manager [-] Deleting cinder.volume_types object s_rally_61265344_cWLp06KS (c9b7640a-bb52-4e83-b144-60274bb1d7c5)
2019-11-18 20:22:46.055 1845 RALLYDEBUG rally_openstack.cleanup.manager [-] Deleting cinder.volume_types object s_rally_61265344_D4SEuYEd (c42cc7a2-d464-4a0c-87b7-b3b30ef2628b)
2019-11-18 20:22:46.079 1845 RALLYDEBUG rally_openstack.cleanup.manager [-] Deleting cinder.volume_types object s_rally_61265344_gnTeL3en (c1641a7c-e267-4531-9147-30b60308f3d4)
2019-11-18 20:22:46.088 1845 RALLYDEBUG rally_openstack.cleanup.manager [-] Deleting cinder.volume_types object s_rally_61265344_EoYZ6Lzv (c08f5be7-2d17-441a-92d2-8b6e8757e9d4)
2019-11-18 20:22:46.098 1845 RALLYDEBUG rally_openstack.cleanup.manager [-] Deleting cinder.volume_types object s_rally_61265344_JOG1JmSl (78aa1ff0-2439-4e92-8ed2-860474d712a6)
2019-11-18 20:22:46.112 1845 RALLYDEBUG rally_openstack.cleanup.manager [-] Deleting cinder.volume_types object s_rally_61265344_9JgAme8P (4ad37a05-86bb-4f59-98f4-59f71486fb19)
2019-11-18 20:22:46.116 1845 RALLYDEBUG rally_openstack.cleanup.manager [-] Deleting cinder.volume_types object s_rally_61265344_8Zc2YnRe (4a6e79c7-4f28-40d0-be29-fcfa52fe762d)
2019-11-18 20:22:46.142 1845 RALLYDEBUG rally_openstack.cleanup.manager [-] Deleting cinder.volume_types object s_rally_61265344_BViMjmgd (3245aa93-44c8-4a8f-b761-082b3d0fcbf9)
2019-11-18 20:22:47.637 1845 RALLYDEBUG rally_openstack.cleanup.manager [-] Cleaning up cinder image_volumes_cache objects
2019-11-18 20:22:48.188 1845 RALLYDEBUG rally_openstack.cleanup.manager [-] Cleaning up cinder quotas objects
2019-11-18 20:22:48.983 1845 RALLYDEBUG rally_openstack.cleanup.manager [-] Cleaning up cinder qos_specs objects
2019-11-18 20:22:49.369 1845 INFO rally.task.context [-] Task 9c3de056-1a07-454e-93a5-69c3198c7467 | Context admin_cleanup@openstack cleanup() finished in 3.74 sec
2019-11-18 20:22:49.370 1845 INFO rally.task.context [-] Task 9c3de056-1a07-454e-93a5-69c3198c7467 | Context api_versions@openstack cleanup() started
2019-11-18 20:22:49.370 1845 INFO rally.task.context [-] Task 9c3de056-1a07-454e-93a5-69c3198c7467 | Context api_versions@openstack cleanup() finished in 0.41 msec
2019-11-18 20:22:49.371 1845 INFO rally.task.context [-] Task 9c3de056-1a07-454e-93a5-69c3198c7467 | Context users@openstack cleanup() started
2019-11-18 20:22:54.267 1845 INFO rally.task.context [-] Task 9c3de056-1a07-454e-93a5-69c3198c7467 | Context users@openstack cleanup() finished in 4.90 sec
2019-11-18 20:22:55.356 1845 INFO rally.task.engine [-] Load duration is: 1.357666
2019-11-18 20:22:55.357 1845 INFO rally.task.engine [-] Full runner duration is: 1.405154
2019-11-18 20:22:55.357 1845 INFO rally.task.engine [-] Full duration is: 13.025358
2019-11-18 20:22:55.669 1845 INFO rally.task.engine [-] Running workload: position = 0 config = { "version": 2, "title": "A cropped version of a bigger task.", "description": "Auto-generated task from a single workload (uuid=4812c9f3-41a6-44b6-9056-d53d3d19980e)", "subtasks": [ { "title": "CinderVolumeTypes.create_and_update_volume_type", "description": "create a volume type, then update the type.", "scenario": { "CinderVolumeTypes.create_and_update_volume_type": { "description": "test", "update_description": "test update" } }, "contexts": { "users": { "tenants": 3, "users_per_tenant": 2 }, "api_versions": { "cinder": { "version": 3, "service_type": "volumev3" } } }, "runner": { "constant": { "concurrency": 4, "times": 10 } }, "hooks": [], "sla": { "failure_rate": { "max": 0 } } } ] }
2019-11-18 20:22:55.693 1845 RALLYDEBUG rally_openstack.contexts.keystone.users [-] Creating 3 tenants using 20 threads
2019-11-18 20:22:56.729 1845 RALLYDEBUG rally_openstack.contexts.keystone.users [-] Creating 6 users using 20 threads
2019-11-18 20:22:58.169 1845 INFO rally.task.context [-] Task 9c3de056-1a07-454e-93a5-69c3198c7467 | Context users@openstack setup() finished in 2.48 sec
2019-11-18 20:22:58.572 1845 INFO rally.task.context [-] Task 9c3de056-1a07-454e-93a5-69c3198c7467 | Context api_versions@openstack setup() finished in 0.40 sec
2019-11-18 20:22:58.573 1845 INFO rally.task.context [-] Task 9c3de056-1a07-454e-93a5-69c3198c7467 | Context admin_cleanup@openstack setup() finished in 0.01 msec
2019-11-18 20:22:58.581 1845 RALLYDEBUG rally.task.runner [-] Starting the constant runner (task UUID: 9c3de056-1a07-454e-93a5-69c3198c7467). times: 10 concurrency: 4 timeout: 0 max_cpu_used: 16 processes_to_start: 4 concurrency_per_worker: 1 concurrency_overhead: 0
2019-11-18 20:22:58.593 6033 RALLYDEBUG rally.task.runner [-] Starting a worker. times: 10 duration: None concurrency: 1 timeout: 0 cls: method_name: run args: {"description": "test", "update_description": "test update"}
2019-11-18 20:22:58.597 6034 RALLYDEBUG rally.task.runner [-] Starting a worker. times: 10 duration: None concurrency: 1 timeout: 0 cls: method_name: run args: {"description": "test", "update_description": "test update"}
2019-11-18 20:22:58.600 6033 INFO rally.task.runner [-] Task 9c3de056-1a07-454e-93a5-69c3198c7467 | ITER: 1 START
2019-11-18 20:22:58.600 6035 RALLYDEBUG rally.task.runner [-] Starting a worker. times: 10 duration: None concurrency: 1 timeout: 0 cls: method_name: run args: {"description": "test", "update_description": "test update"}
2019-11-18 20:22:58.604 6034 INFO rally.task.runner [-] Task 9c3de056-1a07-454e-93a5-69c3198c7467 | ITER: 2 START
2019-11-18 20:22:58.604 6036 RALLYDEBUG rally.task.runner [-] Starting a worker. times: 10 duration: None concurrency: 1 timeout: 0 cls: method_name: run args: {"description": "test", "update_description": "test update"}
2019-11-18 20:22:58.607 6035 INFO rally.task.runner [-] Task 9c3de056-1a07-454e-93a5-69c3198c7467 | ITER: 3 START
2019-11-18 20:22:58.611 6036 INFO rally.task.runner [-] Task 9c3de056-1a07-454e-93a5-69c3198c7467 | ITER: 4 START
2019-11-18 20:22:58.920 6034 DEBUG cinderclient.v2.client [-] REQ: curl -g -i --cacert "/etc/ssl/certs/mcp_os_cacert" -X POST http://10.167.4.35:8776/v3/dfc8804be40a4106a95ab7056cfe5f08/types -H "Accept: application/json" -H "Content-Type: application/json" -H "User-Agent: python-cinderclient" -H "X-Auth-Token: {SHA256}8d506f3135528c3f7cb49a838be0b04a9e337d63f45a69a81d626edf7b41d7db" -d '{"volume_type": {"name": "s_rally_4812c9f3_BrDLmYSF", "description": "test", "os-volume-type-access:is_public": true}}' _http_log_request /usr/lib/python3.6/site-packages/keystoneauth1/session.py:464
2019-11-18 20:22:58.922 6035 DEBUG cinderclient.v2.client [-] REQ: curl -g -i --cacert "/etc/ssl/certs/mcp_os_cacert" -X POST http://10.167.4.35:8776/v3/dfc8804be40a4106a95ab7056cfe5f08/types -H "Accept: application/json" -H "Content-Type: application/json" -H "User-Agent: python-cinderclient" -H "X-Auth-Token: {SHA256}7b7cc115686f8e070a1ae10f0c9a75dd432dd43dbcb4617195df589847a33da4" -d '{"volume_type": {"name": "s_rally_4812c9f3_duUZbLfV", "description": "test", "os-volume-type-access:is_public": true}}' _http_log_request /usr/lib/python3.6/site-packages/keystoneauth1/session.py:464
2019-11-18 20:22:58.925 6033 DEBUG cinderclient.v2.client [-] REQ: curl -g -i --cacert "/etc/ssl/certs/mcp_os_cacert" -X POST http://10.167.4.35:8776/v3/dfc8804be40a4106a95ab7056cfe5f08/types -H "Accept: application/json" -H "Content-Type: application/json" -H "User-Agent: python-cinderclient" -H "X-Auth-Token: {SHA256}230542eca784e6bc90ed8b31ba8bd372c23234cecc87d72d50d2aa601804d18a" -d '{"volume_type": {"name": "s_rally_4812c9f3_dwpYR16a", "description": "test", "os-volume-type-access:is_public": true}}' _http_log_request /usr/lib/python3.6/site-packages/keystoneauth1/session.py:464
2019-11-18 20:22:58.937 6036 DEBUG cinderclient.v2.client [-] REQ: curl -g -i --cacert "/etc/ssl/certs/mcp_os_cacert" -X POST http://10.167.4.35:8776/v3/dfc8804be40a4106a95ab7056cfe5f08/types -H "Accept: application/json" -H "Content-Type: application/json" -H "User-Agent: python-cinderclient" -H "X-Auth-Token: {SHA256}36d944ac9bf63083884f7f790113a808edab5713da23fc8407020487a1cb92e4" -d '{"volume_type": {"name": "s_rally_4812c9f3_00Uo7yqT", "description": "test", "os-volume-type-access:is_public": true}}' _http_log_request /usr/lib/python3.6/site-packages/keystoneauth1/session.py:464
2019-11-18 20:22:59.047 6034 DEBUG cinderclient.v2.client [-] RESP: [200] Connection: close Content-Length: 202 Content-Type: application/json Date: Mon, 18 Nov 2019 20:22:58 GMT OpenStack-API-Version: volume 3.0 Server: Apache Vary: OpenStack-API-Version x-compute-request-id: req-ee2cc555-c08e-4c1d-b85f-895df261813c x-openstack-request-id: req-ee2cc555-c08e-4c1d-b85f-895df261813c _http_log_response /usr/lib/python3.6/site-packages/keystoneauth1/session.py:495
2019-11-18 20:22:59.048 6034 DEBUG cinderclient.v2.client [-] RESP BODY: {"volume_type": {"id": "f3f4af75-aaeb-4561-8e71-e8c648d2a34b", "name": "s_rally_4812c9f3_BrDLmYSF", "is_public": true, "extra_specs": {}, "description": "test", "os-volume-type-access:is_public": true}} _http_log_response /usr/lib/python3.6/site-packages/keystoneauth1/session.py:527
2019-11-18 20:22:59.048 6034 DEBUG cinderclient.v2.client [-] POST call to volumev2 for http://10.167.4.35:8776/v3/dfc8804be40a4106a95ab7056cfe5f08/types used request id req-ee2cc555-c08e-4c1d-b85f-895df261813c request /usr/lib/python3.6/site-packages/keystoneauth1/session.py:865
2019-11-18 20:22:59.051 6034 DEBUG cinderclient.v2.client [-] REQ: curl -g -i --cacert "/etc/ssl/certs/mcp_os_cacert" -X PUT http://10.167.4.35:8776/v3/dfc8804be40a4106a95ab7056cfe5f08/types/f3f4af75-aaeb-4561-8e71-e8c648d2a34b -H "Accept: application/json" -H "Content-Type: application/json" -H "User-Agent: python-cinderclient" -H "X-Auth-Token: {SHA256}8d506f3135528c3f7cb49a838be0b04a9e337d63f45a69a81d626edf7b41d7db" -H "X-OpenStack-Request-ID: req-ee2cc555-c08e-4c1d-b85f-895df261813c" -d '{"volume_type": {"name": "s_rally_4812c9f3_BrDLmYSF", "description": "test update"}}' _http_log_request /usr/lib/python3.6/site-packages/keystoneauth1/session.py:464
2019-11-18 20:22:59.056 6036 DEBUG cinderclient.v2.client [-] RESP: [200] Connection: close Content-Length: 202 Content-Type: application/json Date: Mon, 18 Nov 2019 20:22:58 GMT OpenStack-API-Version: volume 3.0 Server: Apache Vary: OpenStack-API-Version x-compute-request-id: req-1e5156ed-e31c-4d9a-b3a5-34ee9277277b x-openstack-request-id: req-1e5156ed-e31c-4d9a-b3a5-34ee9277277b _http_log_response /usr/lib/python3.6/site-packages/keystoneauth1/session.py:495
2019-11-18 20:22:59.057 6036 DEBUG cinderclient.v2.client [-] RESP BODY: {"volume_type": {"id": "8b1e8015-aa60-4c6c-ac5b-e0c3806c844c", "name": "s_rally_4812c9f3_00Uo7yqT", "is_public": true, "extra_specs": {}, "description": "test", "os-volume-type-access:is_public": true}} _http_log_response /usr/lib/python3.6/site-packages/keystoneauth1/session.py:527
2019-11-18 20:22:59.057 6036 DEBUG cinderclient.v2.client [-] POST call to volumev2 for http://10.167.4.35:8776/v3/dfc8804be40a4106a95ab7056cfe5f08/types used request id req-1e5156ed-e31c-4d9a-b3a5-34ee9277277b request /usr/lib/python3.6/site-packages/keystoneauth1/session.py:865
2019-11-18 20:22:59.060 6036 DEBUG cinderclient.v2.client [-] REQ: curl -g -i --cacert "/etc/ssl/certs/mcp_os_cacert" -X PUT http://10.167.4.35:8776/v3/dfc8804be40a4106a95ab7056cfe5f08/types/8b1e8015-aa60-4c6c-ac5b-e0c3806c844c -H "Accept: application/json" -H "Content-Type: application/json" -H "User-Agent: python-cinderclient" -H "X-Auth-Token: {SHA256}36d944ac9bf63083884f7f790113a808edab5713da23fc8407020487a1cb92e4" -H "X-OpenStack-Request-ID: req-1e5156ed-e31c-4d9a-b3a5-34ee9277277b" -d '{"volume_type": {"name": "s_rally_4812c9f3_00Uo7yqT", "description": "test update"}}' _http_log_request /usr/lib/python3.6/site-packages/keystoneauth1/session.py:464
2019-11-18 20:22:59.060 6033 DEBUG cinderclient.v2.client [-] RESP: [200] Connection: close Content-Length: 202 Content-Type: application/json Date: Mon, 18 Nov 2019 20:22:58 GMT OpenStack-API-Version: volume 3.0 Server: Apache Vary: OpenStack-API-Version x-compute-request-id: req-4354b328-18e9-449c-8f62-ed3d8a8eee64 x-openstack-request-id: req-4354b328-18e9-449c-8f62-ed3d8a8eee64 _http_log_response /usr/lib/python3.6/site-packages/keystoneauth1/session.py:495
2019-11-18 20:22:59.061 6033 DEBUG cinderclient.v2.client [-] RESP BODY: {"volume_type": {"id": "61b7cadb-c65d-47b1-bc06-b03b5cad7952", "name": "s_rally_4812c9f3_dwpYR16a", "is_public": true, "extra_specs": {}, "description": "test", "os-volume-type-access:is_public": true}} _http_log_response /usr/lib/python3.6/site-packages/keystoneauth1/session.py:527
2019-11-18 20:22:59.061 6035 DEBUG cinderclient.v2.client [-] RESP: [200] Connection: close Content-Length: 202 Content-Type: application/json Date: Mon, 18 Nov 2019 20:22:58 GMT OpenStack-API-Version: volume 3.0 Server: Apache Vary: OpenStack-API-Version x-compute-request-id: req-cd77818a-1892-4218-8826-fa2b686f12d6 x-openstack-request-id: req-cd77818a-1892-4218-8826-fa2b686f12d6 _http_log_response /usr/lib/python3.6/site-packages/keystoneauth1/session.py:495
2019-11-18 20:22:59.061 6033 DEBUG cinderclient.v2.client [-] POST call to volumev2 for http://10.167.4.35:8776/v3/dfc8804be40a4106a95ab7056cfe5f08/types used request id req-4354b328-18e9-449c-8f62-ed3d8a8eee64 request /usr/lib/python3.6/site-packages/keystoneauth1/session.py:865
2019-11-18 20:22:59.062 6035 DEBUG cinderclient.v2.client [-] RESP BODY: {"volume_type": {"id": "42ed0ec3-971e-491f-b4b3-0745821b280f", "name": "s_rally_4812c9f3_duUZbLfV", "is_public": true, "extra_specs": {}, "description": "test", "os-volume-type-access:is_public": true}} _http_log_response /usr/lib/python3.6/site-packages/keystoneauth1/session.py:527
2019-11-18 20:22:59.062 6035 DEBUG cinderclient.v2.client [-] POST call to volumev2 for http://10.167.4.35:8776/v3/dfc8804be40a4106a95ab7056cfe5f08/types used request id req-cd77818a-1892-4218-8826-fa2b686f12d6 request /usr/lib/python3.6/site-packages/keystoneauth1/session.py:865
2019-11-18 20:22:59.064 6033 DEBUG cinderclient.v2.client [-] REQ: curl -g -i --cacert "/etc/ssl/certs/mcp_os_cacert" -X PUT http://10.167.4.35:8776/v3/dfc8804be40a4106a95ab7056cfe5f08/types/61b7cadb-c65d-47b1-bc06-b03b5cad7952 -H "Accept: application/json" -H "Content-Type: application/json" -H "User-Agent: python-cinderclient" -H "X-Auth-Token: {SHA256}230542eca784e6bc90ed8b31ba8bd372c23234cecc87d72d50d2aa601804d18a" -H "X-OpenStack-Request-ID: req-4354b328-18e9-449c-8f62-ed3d8a8eee64" -d '{"volume_type": {"name": "s_rally_4812c9f3_dwpYR16a", "description": "test update"}}' _http_log_request /usr/lib/python3.6/site-packages/keystoneauth1/session.py:464
2019-11-18 20:22:59.065 6035 DEBUG cinderclient.v2.client [-] REQ: curl -g -i --cacert "/etc/ssl/certs/mcp_os_cacert" -X PUT http://10.167.4.35:8776/v3/dfc8804be40a4106a95ab7056cfe5f08/types/42ed0ec3-971e-491f-b4b3-0745821b280f -H "Accept: application/json" -H "Content-Type: application/json" -H "User-Agent: python-cinderclient" -H "X-Auth-Token: {SHA256}7b7cc115686f8e070a1ae10f0c9a75dd432dd43dbcb4617195df589847a33da4" -H "X-OpenStack-Request-ID: req-cd77818a-1892-4218-8826-fa2b686f12d6" -d '{"volume_type": {"name": "s_rally_4812c9f3_duUZbLfV", "description": "test update"}}' _http_log_request /usr/lib/python3.6/site-packages/keystoneauth1/session.py:464
2019-11-18 20:22:59.083 6034 DEBUG cinderclient.v2.client [-] RESP: [200] Connection: close Content-Length: 168 Content-Type: application/json Date: Mon, 18 Nov 2019 20:22:59 GMT OpenStack-API-Version: volume 3.0 Server: Apache Vary: OpenStack-API-Version x-compute-request-id: req-ade43edd-4537-45e0-ae98-8aa289b94497 x-openstack-request-id: req-ade43edd-4537-45e0-ae98-8aa289b94497 _http_log_response /usr/lib/python3.6/site-packages/keystoneauth1/session.py:495
2019-11-18 20:22:59.083 6034 DEBUG cinderclient.v2.client [-] RESP BODY: {"volume_type": {"id": "f3f4af75-aaeb-4561-8e71-e8c648d2a34b", "name": "s_rally_4812c9f3_BrDLmYSF", "is_public": true, "extra_specs": {}, "description": "test update"}} _http_log_response /usr/lib/python3.6/site-packages/keystoneauth1/session.py:527
2019-11-18 20:22:59.084 6034 DEBUG cinderclient.v2.client [-] PUT call to volumev2 for http://10.167.4.35:8776/v3/dfc8804be40a4106a95ab7056cfe5f08/types/f3f4af75-aaeb-4561-8e71-e8c648d2a34b used request id req-ade43edd-4537-45e0-ae98-8aa289b94497 request /usr/lib/python3.6/site-packages/keystoneauth1/session.py:865
2019-11-18 20:22:59.084 6034 INFO rally.task.runner [-] Task 9c3de056-1a07-454e-93a5-69c3198c7467 | ITER: 2 END: OK
2019-11-18 20:22:59.089 6034 INFO rally.task.runner [-] Task 9c3de056-1a07-454e-93a5-69c3198c7467 | ITER: 5 START
2019-11-18 20:22:59.091 6036 DEBUG cinderclient.v2.client [-] RESP: [200] Connection: close Content-Length: 168 Content-Type: application/json Date: Mon, 18 Nov 2019 20:22:59 GMT OpenStack-API-Version: volume 3.0 Server: Apache Vary: OpenStack-API-Version x-compute-request-id: req-620d8e88-5873-4abd-b414-794d93dcf262 x-openstack-request-id: req-620d8e88-5873-4abd-b414-794d93dcf262 _http_log_response /usr/lib/python3.6/site-packages/keystoneauth1/session.py:495
2019-11-18 20:22:59.092 6036 DEBUG cinderclient.v2.client [-] RESP BODY: {"volume_type": {"id": "8b1e8015-aa60-4c6c-ac5b-e0c3806c844c", "name": "s_rally_4812c9f3_00Uo7yqT", "is_public": true, "extra_specs": {}, "description": "test update"}} _http_log_response /usr/lib/python3.6/site-packages/keystoneauth1/session.py:527
2019-11-18 20:22:59.092 6036 DEBUG cinderclient.v2.client [-] PUT call to volumev2 for http://10.167.4.35:8776/v3/dfc8804be40a4106a95ab7056cfe5f08/types/8b1e8015-aa60-4c6c-ac5b-e0c3806c844c used request id req-620d8e88-5873-4abd-b414-794d93dcf262 request /usr/lib/python3.6/site-packages/keystoneauth1/session.py:865
2019-11-18 20:22:59.093 6036 INFO rally.task.runner [-] Task 9c3de056-1a07-454e-93a5-69c3198c7467 | ITER: 4 END: OK
