2019-11-18 20:00:37.965 8 RALLYDEBUG rally.api [-] INFO logs from urllib3 and requests module are hide.
2019-11-18 20:00:37.965 8 RALLYDEBUG rally.api [-] urllib3 insecure warnings are hidden.
2019-11-18 20:00:37.965 8 RALLYDEBUG rally.api [-] ERROR log from boto module is hide.
2019-11-18 20:00:39.579 8 ERROR rally.cli.cliutils [-] Unexpected exception in CLI: rally.exceptions.DBRecordNotFound: Record for uuid or name is opnfv-rally not found in table envs
2019-11-18 20:00:39.579 8 ERROR rally.cli.cliutils
Traceback (most recent call last):
2019-11-18 20:00:39.579 8 ERROR rally.cli.cliutils
File "/usr/lib/python3.6/site-packages/rally/cli/cliutils.py", line 674, in run
2019-11-18 20:00:39.579 8 ERROR rally.cli.cliutils ret = fn(*fn_args, **fn_kwargs)
2019-11-18 20:00:39.579 8 ERROR rally.cli.cliutils File "", line 2, in destroy
2019-11-18 20:00:39.579 8 ERROR rally.cli.cliutils
File "/usr/lib/python3.6/site-packages/rally/cli/envutils.py", line 68, in default_from_global
2019-11-18 20:00:39.579 8 ERROR rally.cli.cliutils return f(*args, **kwargs)
2019-11-18 20:00:39.579 8 ERROR rally.cli.cliutils File "", line 2, in destroy
2019-11-18 20:00:39.579 8 ERROR rally.cli.cliutils
File "/usr/lib/python3.6/site-packages/rally/plugins/__init__.py", line 51, in ensure_plugins_are_loaded
2019-11-18 20:00:39.579 8 ERROR rally.cli.cliutils return f(*args, **kwargs)
2019-11-18 20:00:39.579 8 ERROR rally.cli.cliutils
File "/usr/lib/python3.6/site-packages/rally/cli/commands/deployment.py", line 157, in destroy
2019-11-18 20:00:39.579 8 ERROR rally.cli.cliutils api.deployment.destroy(deployment=deployment)
2019-11-18 20:00:39.579 8 ERROR rally.cli.cliutils
File "/usr/lib/python3.6/site-packages/rally/api.py", line 115, in destroy
2019-11-18 20:00:39.579 8 ERROR rally.cli.cliutils deploy = objects.Deployment.get(deployment)
2019-11-18 20:00:39.579 8 ERROR rally.cli.cliutils
File "/usr/lib/python3.6/site-packages/rally/common/objects/deploy.py", line 124, in get
2019-11-18 20:00:39.579 8 ERROR rally.cli.cliutils return Deployment(env_mgr.EnvManager.get(deploy))
2019-11-18 20:00:39.579 8 ERROR rally.cli.cliutils
File "/usr/lib/python3.6/site-packages/rally/env/env_mgr.py", line 212, in get
2019-11-18 20:00:39.579 8 ERROR rally.cli.cliutils return cls(db.env_get(uuid_or_name))
2019-11-18 20:00:39.579 8 ERROR rally.cli.cliutils
File "/usr/lib/python3.6/site-packages/rally/common/db/api.py", line 135, in wrapper
2019-11-18 20:00:39.579 8 ERROR rally.cli.cliutils result = f(session, *args, **kwargs)
2019-11-18 20:00:39.579 8 ERROR rally.cli.cliutils
File "/usr/lib/python3.6/site-packages/rally/common/db/api.py", line 521, in env_get
2019-11-18 20:00:39.579 8 ERROR rally.cli.cliutils criteria="uuid or name is %s" % uuid_or_name, table="envs")
2019-11-18 20:00:39.579 8 ERROR rally.cli.cliutils rally.exceptions.DBRecordNotFound: Record for uuid or name is opnfv-rally not found in table envs
2019-11-18 20:00:39.579 8 ERROR rally.cli.cliutils
2019-11-18 20:00:40.848 10 RALLYDEBUG rally.api [-] INFO logs from urllib3 and requests module are hide.
2019-11-18 20:00:40.849 10 RALLYDEBUG rally.api [-] urllib3 insecure warnings are hidden.
2019-11-18 20:00:40.849 10 RALLYDEBUG rally.api [-] ERROR log from boto module is hide.
2019-11-18 20:00:44.447 12 RALLYDEBUG rally.api [-] INFO logs from urllib3 and requests module are hide.
2019-11-18 20:00:44.447 12 RALLYDEBUG rally.api [-] urllib3 insecure warnings are hidden.
2019-11-18 20:00:44.448 12 RALLYDEBUG rally.api [-] ERROR log from boto module is hide.
2019-11-18 20:00:48.773 15 RALLYDEBUG rally.api [-] INFO logs from urllib3 and requests module are hide.
2019-11-18 20:00:48.773 15 RALLYDEBUG rally.api [-] urllib3 insecure warnings are hidden.
2019-11-18 20:00:48.773 15 RALLYDEBUG rally.api [-] ERROR log from boto module is hide.
2019-11-18 20:00:50.185 17 RALLYDEBUG rally.api [-] INFO logs from urllib3 and requests module are hide.
2019-11-18 20:00:50.185 17 RALLYDEBUG rally.api [-] urllib3 insecure warnings are hidden.
2019-11-18 20:00:50.185 17 RALLYDEBUG rally.api [-] ERROR log from boto module is hide.
2019-11-18 20:00:52.054 17 INFO rally.task.engine [-] Task e9d5359e-69cb-4be4-b955-9491552a17e4 | Starting: Task validation.
2019-11-18 20:00:52.118 17 INFO rally.task.engine [-] Task e9d5359e-69cb-4be4-b955-9491552a17e4 | Starting: Task validation of syntax.
2019-11-18 20:00:52.207 17 INFO rally.task.engine [-] Task e9d5359e-69cb-4be4-b955-9491552a17e4 | Completed: Task validation of syntax.
2019-11-18 20:00:52.207 17 INFO rally.task.engine [-] Task e9d5359e-69cb-4be4-b955-9491552a17e4 | Starting: Task validation of required platforms.
2019-11-18 20:00:52.251 17 INFO rally.task.engine [-] Task e9d5359e-69cb-4be4-b955-9491552a17e4 | Completed: Task validation of required platforms.
2019-11-18 20:00:52.251 17 INFO rally.task.engine [-] Task e9d5359e-69cb-4be4-b955-9491552a17e4 | Starting: Task validation of semantic.
2019-11-18 20:00:52.252 17 INFO rally.task.engine [-] Check health of the environment 'fff30b6c-fd7c-4208-aaed-a1587a099099'.
2019-11-18 20:00:53.187 17 INFO rally.task.engine [-] Platform existing@openstack (available: True): OK!
2019-11-18 20:00:53.214 17 RALLYDEBUG rally_openstack.contexts.keystone.users [-] Creating 1 tenants using 20 threads
2019-11-18 20:00:54.093 17 RALLYDEBUG rally_openstack.contexts.keystone.users [-] Creating 1 users using 20 threads
2019-11-18 20:00:55.462 17 INFO rally.task.context [-] Task e9d5359e-69cb-4be4-b955-9491552a17e4 | Context users@openstack setup() finished in 2.25 sec
2019-11-18 20:00:55.525 17 INFO rally.task.context [-] Task e9d5359e-69cb-4be4-b955-9491552a17e4 | Context users@openstack cleanup() started
2019-11-18 20:00:58.527 17 INFO rally.task.context [-] Task e9d5359e-69cb-4be4-b955-9491552a17e4 | Context users@openstack cleanup() finished in 3.00 sec
2019-11-18 20:00:58.528 17 INFO rally.task.engine [-] Task e9d5359e-69cb-4be4-b955-9491552a17e4 | Completed: Task validation of semantic.
2019-11-18 20:00:58.528 17 INFO rally.task.engine [-] Task e9d5359e-69cb-4be4-b955-9491552a17e4 | Completed: Task validation.
2019-11-18 20:00:58.529 17 INFO rally.api [-] Task e9d5359e-69cb-4be4-b955-9491552a17e4 input file is valid.
2019-11-18 20:00:58.529 17 INFO rally.api [-] Run Task e9d5359e-69cb-4be4-b955-9491552a17e4 against Deployment fff30b6c-fd7c-4208-aaed-a1587a099099
2019-11-18 20:00:58.529 17 INFO rally.task.engine [-] Task e9d5359e-69cb-4be4-b955-9491552a17e4 | Starting: Running task.
2019-11-18 20:00:58.778 17 INFO rally.task.engine [-] Running workload: position = 0 config = { "version": 2, "title": "A cropped version of a bigger task.", "description": "Auto-generated task from a single workload (uuid=ea0e0c72-364e-42d1-b5a3-087b61a01f03)", "subtasks": [ { "title": "Authenticate.keystone", "description": "Check Keystone Client.", "scenario": { "Authenticate.keystone": {} }, "contexts": { "users": { "tenants": 3, "users_per_tenant": 2 } }, "runner": { "constant": { "concurrency": 4, "times": 10 } }, "hooks": [], "sla": { "failure_rate": { "max": 0 } } } ] }
2019-11-18 20:00:58.801 17 RALLYDEBUG rally_openstack.contexts.keystone.users [-] Creating 3 tenants using 20 threads
2019-11-18 20:00:59.729 17 RALLYDEBUG rally_openstack.contexts.keystone.users [-] Creating 6 users using 20 threads
2019-11-18 20:01:01.471 17 INFO rally.task.context [-] Task e9d5359e-69cb-4be4-b955-9491552a17e4 | Context users@openstack setup() finished in 2.67 sec
2019-11-18 20:01:01.481 17 RALLYDEBUG rally.task.runner [-] Starting the constant runner (task UUID: e9d5359e-69cb-4be4-b955-9491552a17e4). times: 10 concurrency: 4 timeout: 0 max_cpu_used: 16 processes_to_start: 4 concurrency_per_worker: 1 concurrency_overhead: 0
2019-11-18 20:01:01.494 141 RALLYDEBUG rally.task.runner [-] Starting a worker. times: 10 duration: None concurrency: 1 timeout: 0 cls: method_name: run args: {}
2019-11-18 20:01:01.498 142 RALLYDEBUG rally.task.runner [-] Starting a worker. times: 10 duration: None concurrency: 1 timeout: 0 cls: method_name: run args: {}
2019-11-18 20:01:01.501 141 INFO rally.task.runner [-] Task e9d5359e-69cb-4be4-b955-9491552a17e4 | ITER: 1 START
2019-11-18 20:01:01.500 143 RALLYDEBUG rally.task.runner [-] Starting a worker. times: 10 duration: None concurrency: 1 timeout: 0 cls: method_name: run args: {}
2019-11-18 20:01:01.504 142 INFO rally.task.runner [-] Task e9d5359e-69cb-4be4-b955-9491552a17e4 | ITER: 2 START
2019-11-18 20:01:01.504 144 RALLYDEBUG rally.task.runner [-] Starting a worker. times: 10 duration: None concurrency: 1 timeout: 0 cls: method_name: run args: {}
2019-11-18 20:01:01.506 143 INFO rally.task.runner [-] Task e9d5359e-69cb-4be4-b955-9491552a17e4 | ITER: 3 START
2019-11-18 20:01:01.510 144 INFO rally.task.runner [-] Task e9d5359e-69cb-4be4-b955-9491552a17e4 | ITER: 4 START
2019-11-18 20:01:02.203 143 INFO rally.task.runner [-] Task e9d5359e-69cb-4be4-b955-9491552a17e4 | ITER: 3 END: OK
2019-11-18 20:01:02.205 141 INFO rally.task.runner [-] Task e9d5359e-69cb-4be4-b955-9491552a17e4 | ITER: 1 END: OK
2019-11-18 20:01:02.208 143 INFO rally.task.runner [-] Task e9d5359e-69cb-4be4-b955-9491552a17e4 | ITER: 5 START
2019-11-18 20:01:02.210 141 INFO rally.task.runner [-] Task e9d5359e-69cb-4be4-b955-9491552a17e4 | ITER: 6 START
2019-11-18 20:01:02.211 142 INFO rally.task.runner [-] Task e9d5359e-69cb-4be4-b955-9491552a17e4 | ITER: 2 END: OK
2019-11-18 20:01:02.214 142 INFO rally.task.runner [-] Task e9d5359e-69cb-4be4-b955-9491552a17e4 | ITER: 7 START
2019-11-18 20:01:02.216 144 INFO rally.task.runner [-] Task e9d5359e-69cb-4be4-b955-9491552a17e4 | ITER: 4 END: OK
2019-11-18 20:01:02.220 144 INFO rally.task.runner [-] Task e9d5359e-69cb-4be4-b955-9491552a17e4 | ITER: 8 START
2019-11-18 20:01:02.814 143 INFO rally.task.runner [-] Task e9d5359e-69cb-4be4-b955-9491552a17e4 | ITER: 5 END: OK
2019-11-18 20:01:02.818 143 INFO rally.task.runner [-] Task e9d5359e-69cb-4be4-b955-9491552a17e4 | ITER: 9 START
2019-11-18 20:01:02.824 142 INFO rally.task.runner [-] Task e9d5359e-69cb-4be4-b955-9491552a17e4 | ITER: 7 END: OK
2019-11-18 20:01:02.827 142 INFO rally.task.runner [-] Task e9d5359e-69cb-4be4-b955-9491552a17e4 | ITER: 10 START
2019-11-18 20:01:02.912 141 INFO rally.task.runner [-] Task e9d5359e-69cb-4be4-b955-9491552a17e4 | ITER: 6 END: OK
2019-11-18 20:01:02.932 144 INFO rally.task.runner [-] Task e9d5359e-69cb-4be4-b955-9491552a17e4 | ITER: 8 END: OK
2019-11-18 20:01:03.427 143 INFO rally.task.runner [-] Task e9d5359e-69cb-4be4-b955-9491552a17e4 | ITER: 9 END: OK
2019-11-18 20:01:03.457 142 INFO rally.task.runner [-] Task e9d5359e-69cb-4be4-b955-9491552a17e4 | ITER: 10 END: OK
2019-11-18 20:01:03.485 17 INFO rally.task.context [-] Task e9d5359e-69cb-4be4-b955-9491552a17e4 | Context users@openstack cleanup() started
2019-11-18 20:01:08.137 17 INFO rally.task.context [-] Task e9d5359e-69cb-4be4-b955-9491552a17e4 | Context users@openstack cleanup() finished in 4.65 sec
2019-11-18 20:01:08.877 17 INFO rally.task.engine [-] Load duration is: 1.954328
2019-11-18 20:01:08.877 17 INFO rally.task.engine [-] Full runner duration is: 2.004515
2019-11-18 20:01:08.877 17 INFO rally.task.engine [-] Full duration is: 9.337068
2019-11-18 20:01:09.181 17 INFO rally.task.engine [-] Running workload: position = 0 config = { "version": 2, "title": "A cropped version of a bigger task.", "description": "Auto-generated task from a single workload (uuid=d7609505-6370-4c99-8687-281b0201ec85)", "subtasks": [ { "title": "Authenticate.validate_cinder", "description": "Check Cinder Client to ensure validation of token.", "scenario": { "Authenticate.validate_cinder": { "repetitions": 2 } }, "contexts": { "users": { "tenants": 3, "users_per_tenant": 2 } }, "runner": { "constant": { "concurrency": 4, "times": 10 } }, "hooks": [], "sla": { "failure_rate": { "max": 0 } } } ] }
2019-11-18 20:01:09.205 17 RALLYDEBUG rally_openstack.contexts.keystone.users [-] Creating 3 tenants using 20 threads
2019-11-18 20:01:10.197 17 RALLYDEBUG rally_openstack.contexts.keystone.users [-] Creating 6 users using 20 threads
2019-11-18 20:01:11.751 17 INFO rally.task.context [-] Task e9d5359e-69cb-4be4-b955-9491552a17e4 | Context users@openstack setup() finished in 2.55 sec
2019-11-18 20:01:11.761 17 RALLYDEBUG rally.task.runner [-] Starting the constant runner (task UUID: e9d5359e-69cb-4be4-b955-9491552a17e4). times: 10 concurrency: 4 timeout: 0 max_cpu_used: 16 processes_to_start: 4 concurrency_per_worker: 1 concurrency_overhead: 0
2019-11-18 20:01:11.772 245 RALLYDEBUG rally.task.runner [-] Starting a worker. times: 10 duration: None concurrency: 1 timeout: 0 cls: method_name: run args: {"repetitions": 2}
2019-11-18 20:01:11.776 246 RALLYDEBUG rally.task.runner [-] Starting a worker. times: 10 duration: None concurrency: 1 timeout: 0 cls: method_name: run args: {"repetitions": 2}
2019-11-18 20:01:11.779 245 INFO rally.task.runner [-] Task e9d5359e-69cb-4be4-b955-9491552a17e4 | ITER: 1 START
2019-11-18 20:01:11.779 247 RALLYDEBUG rally.task.runner [-] Starting a worker. times: 10 duration: None concurrency: 1 timeout: 0 cls: method_name: run args: {"repetitions": 2}
2019-11-18 20:01:11.782 246 INFO rally.task.runner [-] Task e9d5359e-69cb-4be4-b955-9491552a17e4 | ITER: 2 START
2019-11-18 20:01:11.782 249 RALLYDEBUG rally.task.runner [-] Starting a worker. times: 10 duration: None concurrency: 1 timeout: 0 cls: method_name: run args: {"repetitions": 2}
2019-11-18 20:01:11.786 247 INFO rally.task.runner [-] Task e9d5359e-69cb-4be4-b955-9491552a17e4 | ITER: 3 START
2019-11-18 20:01:11.788 249 INFO rally.task.runner [-] Task e9d5359e-69cb-4be4-b955-9491552a17e4 | ITER: 4 START
2019-11-18 20:01:12.451 246 INFO rally.task.runner [-] Task e9d5359e-69cb-4be4-b955-9491552a17e4 | ITER: 2 END: OK
2019-11-18 20:01:12.452 249 INFO rally.task.runner [-] Task e9d5359e-69cb-4be4-b955-9491552a17e4 | ITER: 4 END: OK
2019-11-18 20:01:12.455 246 INFO rally.task.runner [-] Task e9d5359e-69cb-4be4-b955-9491552a17e4 | ITER: 5 START
2019-11-18 20:01:12.456 249 INFO rally.task.runner [-] Task e9d5359e-69cb-4be4-b955-9491552a17e4 | ITER: 6 START
2019-11-18 20:01:12.459 247 INFO rally.task.runner [-] Task e9d5359e-69cb-4be4-b955-9491552a17e4 | ITER: 3 END: OK
2019-11-18 20:01:12.464 247 INFO rally.task.runner [-] Task e9d5359e-69cb-4be4-b955-9491552a17e4 | ITER: 7 START
2019-11-18 20:01:12.743 245 INFO rally.task.runner [-] Task e9d5359e-69cb-4be4-b955-9491552a17e4 | ITER: 1 END: OK
2019-11-18 20:01:12.747 245 INFO rally.task.runner [-] Task e9d5359e-69cb-4be4-b955-9491552a17e4 | ITER: 8 START
2019-11-18 20:01:12.849 246 INFO rally.task.runner [-] Task e9d5359e-69cb-4be4-b955-9491552a17e4 | ITER: 5 END: OK
2019-11-18 20:01:12.853 246 INFO rally.task.runner [-] Task e9d5359e-69cb-4be4-b955-9491552a17e4 | ITER: 9 START
2019-11-18 20:01:12.902 249 INFO rally.task.runner [-] Task e9d5359e-69cb-4be4-b955-9491552a17e4 | ITER: 6 END: OK
2019-11-18 20:01:12.905 249 INFO rally.task.runner [-] Task e9d5359e-69cb-4be4-b955-9491552a17e4 | ITER: 10 START
2019-11-18 20:01:12.953 247 INFO rally.task.runner [-] Task e9d5359e-69cb-4be4-b955-9491552a17e4 | ITER: 7 END: OK
2019-11-18 20:01:13.155 245 INFO rally.task.runner [-] Task e9d5359e-69cb-4be4-b955-9491552a17e4 | ITER: 8 END: OK
2019-11-18 20:01:13.263 246 INFO rally.task.runner [-] Task e9d5359e-69cb-4be4-b955-9491552a17e4 | ITER: 9 END: OK
2019-11-18 20:01:13.299 249 INFO rally.task.runner [-] Task e9d5359e-69cb-4be4-b955-9491552a17e4 | ITER: 10 END: OK
2019-11-18 20:01:13.327 17 INFO rally.task.context [-] Task e9d5359e-69cb-4be4-b955-9491552a17e4 | Context users@openstack cleanup() started
2019-11-18 20:01:17.739 17 INFO rally.task.context [-] Task e9d5359e-69cb-4be4-b955-9491552a17e4 | Context users@openstack cleanup() finished in 4.41 sec
2019-11-18 20:01:19.285 17 INFO rally.task.engine [-] Load duration is: 1.519093
2019-11-18 20:01:19.285 17 INFO rally.task.engine [-] Full runner duration is: 1.567272
2019-11-18 20:01:19.285 17 INFO rally.task.engine [-] Full duration is: 8.535509
2019-11-18 20:01:19.767 17 INFO rally.task.engine [-] Running workload: position = 0 config = { "version": 2, "title": "A cropped version of a bigger task.", "description": "Auto-generated task from a single workload (uuid=d0c9ef1a-949b-4d9f-9277-978b6a47d686)", "subtasks": [ { "title": "Authenticate.validate_glance", "description": "Check Glance Client to ensure validation of token.", "scenario": { "Authenticate.validate_glance": { "repetitions": 2 } }, "contexts": { "users": { "tenants": 3, "users_per_tenant": 2 } }, "runner": { "constant": { "concurrency": 4, "times": 10 } }, "hooks": [], "sla": { "failure_rate": { "max": 0 } } } ] }
2019-11-18 20:01:19.796 17 RALLYDEBUG rally_openstack.contexts.keystone.users [-] Creating 3 tenants using 20 threads
2019-11-18 20:01:20.818 17 RALLYDEBUG rally_openstack.contexts.keystone.users [-] Creating 6 users using 20 threads
2019-11-18 20:01:22.320 17 INFO rally.task.context [-] Task e9d5359e-69cb-4be4-b955-9491552a17e4 | Context users@openstack setup() finished in 2.52 sec
2019-11-18 20:01:22.330 17 RALLYDEBUG rally.task.runner [-] Starting the constant runner (task UUID: e9d5359e-69cb-4be4-b955-9491552a17e4). times: 10 concurrency: 4 timeout: 0 max_cpu_used: 16 processes_to_start: 4 concurrency_per_worker: 1 concurrency_overhead: 0
2019-11-18 20:01:22.342 349 RALLYDEBUG rally.task.runner [-] Starting a worker. times: 10 duration: None concurrency: 1 timeout: 0 cls: method_name: run args: {"repetitions": 2}
2019-11-18 20:01:22.345 350 RALLYDEBUG rally.task.runner [-] Starting a worker. times: 10 duration: None concurrency: 1 timeout: 0 cls: method_name: run args: {"repetitions": 2}
2019-11-18 20:01:22.348 349 INFO rally.task.runner [-] Task e9d5359e-69cb-4be4-b955-9491552a17e4 | ITER: 1 START
2019-11-18 20:01:22.349 351 RALLYDEBUG rally.task.runner [-] Starting a worker. times: 10 duration: None concurrency: 1 timeout: 0 cls: method_name: run args: {"repetitions": 2}
2019-11-18 20:01:22.352 350 INFO rally.task.runner [-] Task e9d5359e-69cb-4be4-b955-9491552a17e4 | ITER: 2 START
2019-11-18 20:01:22.352 353 RALLYDEBUG rally.task.runner [-] Starting a worker. times: 10 duration: None concurrency: 1 timeout: 0 cls: method_name: run args: {"repetitions": 2}
2019-11-18 20:01:22.355 351 INFO rally.task.runner [-] Task e9d5359e-69cb-4be4-b955-9491552a17e4 | ITER: 3 START
2019-11-18 20:01:22.357 353 INFO rally.task.runner [-] Task e9d5359e-69cb-4be4-b955-9491552a17e4 | ITER: 4 START
2019-11-18 20:01:23.006 349 INFO rally.task.runner [-] Task e9d5359e-69cb-4be4-b955-9491552a17e4 | ITER: 1 END: OK
2019-11-18 20:01:23.010 349 INFO rally.task.runner [-] Task e9d5359e-69cb-4be4-b955-9491552a17e4 | ITER: 5 START
2019-11-18 20:01:23.014 351 INFO rally.task.runner [-] Task e9d5359e-69cb-4be4-b955-9491552a17e4 | ITER: 3 END: OK
2019-11-18 20:01:23.015 353 INFO rally.task.runner [-] Task e9d5359e-69cb-4be4-b955-9491552a17e4 | ITER: 4 END: OK
2019-11-18 20:01:23.018 351 INFO rally.task.runner [-] Task e9d5359e-69cb-4be4-b955-9491552a17e4 | ITER: 6 START
2019-11-18 20:01:23.020 353 INFO rally.task.runner [-] Task e9d5359e-69cb-4be4-b955-9491552a17e4 | ITER: 7 START
2019-11-18 20:01:23.054 350 INFO rally.task.runner [-] Task e9d5359e-69cb-4be4-b955-9491552a17e4 | ITER: 2 END: OK
2019-11-18 20:01:23.058 350 INFO rally.task.runner [-] Task e9d5359e-69cb-4be4-b955-9491552a17e4 | ITER: 8 START
2019-11-18 20:01:23.465 350 INFO rally.task.runner [-] Task e9d5359e-69cb-4be4-b955-9491552a17e4 | ITER: 8 END: OK
2019-11-18 20:01:23.469 350 INFO rally.task.runner [-] Task e9d5359e-69cb-4be4-b955-9491552a17e4 | ITER: 9 START
2019-11-18 20:01:23.475 351 INFO rally.task.runner [-] Task e9d5359e-69cb-4be4-b955-9491552a17e4 | ITER: 6 END: OK
2019-11-18 20:01:23.479 351 INFO rally.task.runner [-] Task e9d5359e-69cb-4be4-b955-9491552a17e4 | ITER: 10 START
2019-11-18 20:01:23.522 353 INFO rally.task.runner [-] Task e9d5359e-69cb-4be4-b955-9491552a17e4 | ITER: 7 END: OK
2019-11-18 20:01:23.562 349 INFO rally.task.runner [-] Task e9d5359e-69cb-4be4-b955-9491552a17e4 | ITER: 5 END: OK
2019-11-18 20:01:23.979 350 INFO rally.task.runner [-] Task e9d5359e-69cb-4be4-b955-9491552a17e4 | ITER: 9 END: OK
2019-11-18 20:01:24.186 351 INFO rally.task.runner [-] Task e9d5359e-69cb-4be4-b955-9491552a17e4 | ITER: 10 END: OK
2019-11-18 20:01:24.209 17 INFO rally.task.context [-] Task e9d5359e-69cb-4be4-b955-9491552a17e4 | Context users@openstack cleanup() started
2019-11-18 20:01:28.881 17 INFO rally.task.context [-] Task e9d5359e-69cb-4be4-b955-9491552a17e4 | Context users@openstack cleanup() finished in 4.67 sec
2019-11-18 20:01:29.893 17 INFO rally.task.engine [-] Load duration is: 1.836491
2019-11-18 20:01:29.894 17 INFO rally.task.engine [-] Full runner duration is: 1.880513
2019-11-18 20:01:29.894 17 INFO rally.task.engine [-] Full duration is: 9.086113
2019-11-18 20:01:30.427 17 INFO rally.task.engine [-] Running workload: position = 0 config = { "version": 2, "title": "A cropped version of a bigger task.", "description": "Auto-generated task from a single workload (uuid=4d6ed85e-a1e1-4f9d-8e20-a2b93896e145)", "subtasks": [ { "title": "Authenticate.validate_heat", "description": "Check Heat Client to ensure validation of token.", "scenario": { "Authenticate.validate_heat": { "repetitions": 2 } }, "contexts": { "users": { "tenants": 3, "users_per_tenant": 2 } }, "runner": { "constant": { "concurrency": 4, "times": 10 } }, "hooks": [], "sla": { "failure_rate": { "max": 0 } } } ] }
2019-11-18 20:01:30.449 17 RALLYDEBUG rally_openstack.contexts.keystone.users [-] Creating 3 tenants using 20 threads
2019-11-18 20:01:31.389 17 RALLYDEBUG rally_openstack.contexts.keystone.users [-] Creating 6 users using 20 threads
2019-11-18 20:01:32.950 17 INFO rally.task.context [-] Task e9d5359e-69cb-4be4-b955-9491552a17e4 | Context users@openstack setup() finished in 2.50 sec
2019-11-18 20:01:32.960 17 RALLYDEBUG rally.task.runner [-] Starting the constant runner (task UUID: e9d5359e-69cb-4be4-b955-9491552a17e4). times: 10 concurrency: 4 timeout: 0 max_cpu_used: 16 processes_to_start: 4 concurrency_per_worker: 1 concurrency_overhead: 0
2019-11-18 20:01:32.971 453 RALLYDEBUG rally.task.runner [-] Starting a worker. times: 10 duration: None concurrency: 1 timeout: 0 cls: method_name: run args: {"repetitions": 2}
2019-11-18 20:01:32.975 454 RALLYDEBUG rally.task.runner [-] Starting a worker. times: 10 duration: None concurrency: 1 timeout: 0 cls: method_name: run args: {"repetitions": 2}
2019-11-18 20:01:32.978 453 INFO rally.task.runner [-] Task e9d5359e-69cb-4be4-b955-9491552a17e4 | ITER: 1 START
2019-11-18 20:01:32.979 455 RALLYDEBUG rally.task.runner [-] Starting a worker. times: 10 duration: None concurrency: 1 timeout: 0 cls: method_name: run args: {"repetitions": 2}
2019-11-18 20:01:32.982 454 INFO rally.task.runner [-] Task e9d5359e-69cb-4be4-b955-9491552a17e4 | ITER: 2 START
2019-11-18 20:01:32.982 458 RALLYDEBUG rally.task.runner [-] Starting a worker. times: 10 duration: None concurrency: 1 timeout: 0 cls: method_name: run args: {"repetitions": 2}
2019-11-18 20:01:32.985 455 INFO rally.task.runner [-] Task e9d5359e-69cb-4be4-b955-9491552a17e4 | ITER: 3 START
2019-11-18 20:01:32.987 458 INFO rally.task.runner [-] Task e9d5359e-69cb-4be4-b955-9491552a17e4 | ITER: 4 START
2019-11-18 20:01:33.928 453 INFO rally.task.runner [-] Task e9d5359e-69cb-4be4-b955-9491552a17e4 | ITER: 1 END: OK
2019-11-18 20:01:33.930 458 INFO rally.task.runner [-] Task e9d5359e-69cb-4be4-b955-9491552a17e4 | ITER: 4 END: OK
2019-11-18 20:01:33.930 454 INFO rally.task.runner [-] Task e9d5359e-69cb-4be4-b955-9491552a17e4 | ITER: 2 END: OK
2019-11-18 20:01:33.933 453 INFO rally.task.runner [-] Task e9d5359e-69cb-4be4-b955-9491552a17e4 | ITER: 5 START
2019-11-18 20:01:33.935 458 INFO rally.task.runner [-] Task e9d5359e-69cb-4be4-b955-9491552a17e4 | ITER: 6 START
2019-11-18 20:01:33.936 454 INFO rally.task.runner [-] Task e9d5359e-69cb-4be4-b955-9491552a17e4 | ITER: 7 START
2019-11-18 20:01:33.941 455 INFO rally.task.runner [-] Task e9d5359e-69cb-4be4-b955-9491552a17e4 | ITER: 3 END: OK
2019-11-18 20:01:33.945 455 INFO rally.task.runner [-] Task e9d5359e-69cb-4be4-b955-9491552a17e4 | ITER: 8 START
2019-11-18 20:01:34.597 453 INFO rally.task.runner [-] Task e9d5359e-69cb-4be4-b955-9491552a17e4 | ITER: 5 END: OK
2019-11-18 20:01:34.600 453 INFO rally.task.runner [-] Task e9d5359e-69cb-4be4-b955-9491552a17e4 | ITER: 9 START
2019-11-18 20:01:34.621 455 INFO rally.task.runner [-] Task e9d5359e-69cb-4be4-b955-9491552a17e4 | ITER: 8 END: OK
2019-11-18 20:01:34.624 455 INFO rally.task.runner [-] Task e9d5359e-69cb-4be4-b955-9491552a17e4 | ITER: 10 START
2019-11-18 20:01:34.683 454 INFO rally.task.runner [-] Task e9d5359e-69cb-4be4-b955-9491552a17e4 | ITER: 7 END: OK
2019-11-18 20:01:34.699 458 INFO rally.task.runner [-] Task e9d5359e-69cb-4be4-b955-9491552a17e4 | ITER: 6 END: OK
2019-11-18 20:01:35.016 455 INFO rally.task.runner [-] Task e9d5359e-69cb-4be4-b955-9491552a17e4 | ITER: 10 END: OK
2019-11-18 20:01:35.348 453 INFO rally.task.runner [-] Task e9d5359e-69cb-4be4-b955-9491552a17e4 | ITER: 9 END: OK
2019-11-18 20:01:35.373 17 INFO rally.task.context [-] Task e9d5359e-69cb-4be4-b955-9491552a17e4 | Context users@openstack cleanup() started
2019-11-18 20:01:39.879 17 INFO rally.task.context [-] Task e9d5359e-69cb-4be4-b955-9491552a17e4 | Context users@openstack cleanup() finished in 4.51 sec
2019-11-18 20:01:40.532 17 INFO rally.task.engine [-] Load duration is: 2.369599
2019-11-18 20:01:40.533 17 INFO rally.task.engine [-] Full runner duration is: 2.41323
2019-11-18 20:01:40.533 17 INFO rally.task.engine [-] Full duration is: 9.432041
2019-11-18 20:01:41.066 17 INFO rally.task.engine [-] Running workload: position = 0 config = { "version": 2, "title": "A cropped version of a bigger task.", "description": "Auto-generated task from a single workload (uuid=558d2465-2861-4c7c-9316-671117205064)", "subtasks": [ { "title": "Authenticate.validate_neutron", "description": "Check Neutron Client to ensure validation of token.", "scenario": { "Authenticate.validate_neutron": { "repetitions": 2 } }, "contexts": { "users": { "tenants": 3, "users_per_tenant": 2 } }, "runner": { "constant": { "concurrency": 4, "times": 10 } }, "hooks": [], "sla": { "failure_rate": { "max": 0 } } } ] }
2019-11-18 20:01:41.089 17 RALLYDEBUG rally_openstack.contexts.keystone.users [-] Creating 3 tenants using 20 threads
2019-11-18 20:01:42.122 17 RALLYDEBUG rally_openstack.contexts.keystone.users [-] Creating 6 users using 20 threads
2019-11-18 20:01:43.712 17 INFO rally.task.context [-] Task e9d5359e-69cb-4be4-b955-9491552a17e4 | Context users@openstack setup() finished in 2.62 sec
2019-11-18 20:01:43.721 17 RALLYDEBUG rally.task.runner [-] Starting the constant runner (task UUID: e9d5359e-69cb-4be4-b955-9491552a17e4). times: 10 concurrency: 4 timeout: 0 max_cpu_used: 16 processes_to_start: 4 concurrency_per_worker: 1 concurrency_overhead: 0
2019-11-18 20:01:43.732 557 RALLYDEBUG rally.task.runner [-] Starting a worker. times: 10 duration: None concurrency: 1 timeout: 0 cls: method_name: run args: {"repetitions": 2}
2019-11-18 20:01:43.736 558 RALLYDEBUG rally.task.runner [-] Starting a worker. times: 10 duration: None concurrency: 1 timeout: 0 cls: method_name: run args: {"repetitions": 2}
2019-11-18 20:01:43.739 557 INFO rally.task.runner [-] Task e9d5359e-69cb-4be4-b955-9491552a17e4 | ITER: 1 START
2019-11-18 20:01:43.739 559 RALLYDEBUG rally.task.runner [-] Starting a worker. times: 10 duration: None concurrency: 1 timeout: 0 cls: method_name: run args: {"repetitions": 2}
2019-11-18 20:01:43.742 558 INFO rally.task.runner [-] Task e9d5359e-69cb-4be4-b955-9491552a17e4 | ITER: 2 START
2019-11-18 20:01:43.743 561 RALLYDEBUG rally.task.runner [-] Starting a worker. times: 10 duration: None concurrency: 1 timeout: 0 cls: method_name: run args: {"repetitions": 2}
2019-11-18 20:01:43.745 559 INFO rally.task.runner [-] Task e9d5359e-69cb-4be4-b955-9491552a17e4 | ITER: 3 START
2019-11-18 20:01:43.749 561 INFO rally.task.runner [-] Task e9d5359e-69cb-4be4-b955-9491552a17e4 | ITER: 4 START
2019-11-18 20:01:44.491 558 INFO rally.task.runner [-] Task e9d5359e-69cb-4be4-b955-9491552a17e4 | ITER: 2 END: OK
2019-11-18 20:01:44.495 558 INFO rally.task.runner [-] Task e9d5359e-69cb-4be4-b955-9491552a17e4 | ITER: 5 START
2019-11-18 20:01:44.504 561 INFO rally.task.runner [-] Task e9d5359e-69cb-4be4-b955-9491552a17e4 | ITER: 4 END: OK
2019-11-18 20:01:44.505 559 INFO rally.task.runner [-] Task e9d5359e-69cb-4be4-b955-9491552a17e4 | ITER: 3 END: OK
2019-11-18 20:01:44.507 561 INFO rally.task.runner [-] Task e9d5359e-69cb-4be4-b955-9491552a17e4 | ITER: 6 START
2019-11-18 20:01:44.508 559 INFO rally.task.runner [-] Task e9d5359e-69cb-4be4-b955-9491552a17e4 | ITER: 7 START
2019-11-18 20:01:44.545 557 INFO rally.task.runner [-] Task e9d5359e-69cb-4be4-b955-9491552a17e4 | ITER: 1 END: OK
2019-11-18 20:01:44.549 557 INFO rally.task.runner [-] Task e9d5359e-69cb-4be4-b955-9491552a17e4 | ITER: 8 START
2019-11-18 20:01:45.089 559 INFO rally.task.runner [-] Task e9d5359e-69cb-4be4-b955-9491552a17e4 | ITER: 7 END: OK
2019-11-18 20:01:45.092 559 INFO rally.task.runner [-] Task e9d5359e-69cb-4be4-b955-9491552a17e4 | ITER: 9 START
2019-11-18 20:01:45.163 557 INFO rally.task.runner [-] Task e9d5359e-69cb-4be4-b955-9491552a17e4 | ITER: 8 END: OK
2019-11-18 20:01:45.163 558 INFO rally.task.runner [-] Task e9d5359e-69cb-4be4-b955-9491552a17e4 | ITER: 5 END: OK
2019-11-18 20:01:45.167 557 INFO rally.task.runner [-] Task e9d5359e-69cb-4be4-b955-9491552a17e4 | ITER: 10 START
2019-11-18 20:01:45.177 561 INFO rally.task.runner [-] Task e9d5359e-69cb-4be4-b955-9491552a17e4 | ITER: 6 END: OK
2019-11-18 20:01:45.685 559 INFO rally.task.runner [-] Task e9d5359e-69cb-4be4-b955-9491552a17e4 | ITER: 9 END: OK
2019-11-18 20:01:45.743 557 INFO rally.task.runner [-] Task e9d5359e-69cb-4be4-b955-9491552a17e4 | ITER: 10 END: OK
2019-11-18 20:01:45.774 17 INFO rally.task.context [-] Task e9d5359e-69cb-4be4-b955-9491552a17e4 | Context users@openstack cleanup() started
2019-11-18 20:01:50.029 17 INFO rally.task.context [-] Task e9d5359e-69cb-4be4-b955-9491552a17e4 | Context users@openstack cleanup() finished in 4.25 sec
2019-11-18 20:01:51.168 17 INFO rally.task.engine [-] Load duration is: 2.003294
2019-11-18 20:01:51.168 17 INFO rally.task.engine [-] Full runner duration is: 2.05394
2019-11-18 20:01:51.168 17 INFO rally.task.engine [-] Full duration is: 8.941224
2019-11-18 20:01:51.691 17 INFO rally.task.engine [-] Running workload: position = 0 config = { "version": 2, "title": "A cropped version of a bigger task.", "description": "Auto-generated task from a single workload (uuid=f80c1ba6-1f98-492a-8db7-3a1a1bea84c6)", "subtasks": [ { "title": "Authenticate.validate_nova", "description": "Check Nova Client to ensure validation of token.", "scenario": { "Authenticate.validate_nova": { "repetitions": 2 } }, "contexts": { "users": { "tenants": 3, "users_per_tenant": 2 } }, "runner": { "constant": { "concurrency": 4, "times": 10 } }, "hooks": [], "sla": { "failure_rate": { "max": 0 } } } ] }
2019-11-18 20:01:51.715 17 RALLYDEBUG rally_openstack.contexts.keystone.users [-] Creating 3 tenants using 20 threads
2019-11-18 20:01:52.740 17 RALLYDEBUG rally_openstack.contexts.keystone.users [-] Creating 6 users using 20 threads
2019-11-18 20:01:54.247 17 INFO rally.task.context [-] Task e9d5359e-69cb-4be4-b955-9491552a17e4 | Context users@openstack setup() finished in 2.53 sec
2019-11-18 20:01:54.255 17 RALLYDEBUG rally.task.runner [-] Starting the constant runner (task UUID: e9d5359e-69cb-4be4-b955-9491552a17e4). times: 10 concurrency: 4 timeout: 0 max_cpu_used: 16 processes_to_start: 4 concurrency_per_worker: 1 concurrency_overhead: 0
2019-11-18 20:01:54.266 661 RALLYDEBUG rally.task.runner [-] Starting a worker. times: 10 duration: None concurrency: 1 timeout: 0 cls: method_name: run args: {"repetitions": 2}
2019-11-18 20:01:54.268 662 RALLYDEBUG rally.task.runner [-] Starting a worker. times: 10 duration: None concurrency: 1 timeout: 0 cls: method_name: run args: {"repetitions": 2}
2019-11-18 20:01:54.273 661 INFO rally.task.runner [-] Task e9d5359e-69cb-4be4-b955-9491552a17e4 | ITER: 1 START
2019-11-18 20:01:54.273 662 INFO rally.task.runner [-] Task e9d5359e-69cb-4be4-b955-9491552a17e4 | ITER: 2 START
2019-11-18 20:01:54.273 663 RALLYDEBUG rally.task.runner [-] Starting a worker. times: 10 duration: None concurrency: 1 timeout: 0 cls: method_name: run args: {"repetitions": 2}
2019-11-18 20:01:54.276 665 RALLYDEBUG rally.task.runner [-] Starting a worker. times: 10 duration: None concurrency: 1 timeout: 0 cls: method_name: run args: {"repetitions": 2}
2019-11-18 20:01:54.280 663 INFO rally.task.runner [-] Task e9d5359e-69cb-4be4-b955-9491552a17e4 | ITER: 3 START
2019-11-18 20:01:54.282 665 INFO rally.task.runner [-] Task e9d5359e-69cb-4be4-b955-9491552a17e4 | ITER: 4 START
2019-11-18 20:01:54.938 662 INFO rally.task.runner [-] Task e9d5359e-69cb-4be4-b955-9491552a17e4 | ITER: 2 END: OK
2019-11-18 20:01:54.939 663 INFO rally.task.runner [-] Task e9d5359e-69cb-4be4-b955-9491552a17e4 | ITER: 3 END: OK
2019-11-18 20:01:54.940 661 INFO rally.task.runner [-] Task e9d5359e-69cb-4be4-b955-9491552a17e4 | ITER: 1 END: OK
2019-11-18 20:01:54.942 662 INFO rally.task.runner [-] Task e9d5359e-69cb-4be4-b955-9491552a17e4 | ITER: 5 START
2019-11-18 20:01:54.944 663 INFO rally.task.runner [-] Task e9d5359e-69cb-4be4-b955-9491552a17e4 | ITER: 6 START
2019-11-18 20:01:54.945 661 INFO rally.task.runner [-] Task e9d5359e-69cb-4be4-b955-9491552a17e4 | ITER: 7 START
2019-11-18 20:01:54.947 665 INFO rally.task.runner [-] Task e9d5359e-69cb-4be4-b955-9491552a17e4 | ITER: 4 END: OK
2019-11-18 20:01:54.952 665 INFO rally.task.runner [-] Task e9d5359e-69cb-4be4-b955-9491552a17e4 | ITER: 8 START
2019-11-18 20:01:55.340 665 INFO rally.task.runner [-] Task e9d5359e-69cb-4be4-b955-9491552a17e4 | ITER: 8 END: OK
2019-11-18 20:01:55.343 663 INFO rally.task.runner [-] Task e9d5359e-69cb-4be4-b955-9491552a17e4 | ITER: 6 END: OK
2019-11-18 20:01:55.343 665 INFO rally.task.runner [-] Task e9d5359e-69cb-4be4-b955-9491552a17e4 | ITER: 9 START
2019-11-18 20:01:55.347 663 INFO rally.task.runner [-] Task e9d5359e-69cb-4be4-b955-9491552a17e4 | ITER: 10 START
2019-11-18 20:01:55.414 661 INFO rally.task.runner [-] Task e9d5359e-69cb-4be4-b955-9491552a17e4 | ITER: 7 END: OK
2019-11-18 20:01:55.433 662 INFO rally.task.runner [-] Task e9d5359e-69cb-4be4-b955-9491552a17e4 | ITER: 5 END: OK
2019-11-18 20:01:55.743 665 INFO rally.task.runner [-] Task e9d5359e-69cb-4be4-b955-9491552a17e4 | ITER: 9 END: OK
2019-11-18 20:01:55.839 663 INFO rally.task.runner [-] Task e9d5359e-69cb-4be4-b955-9491552a17e4 | ITER: 10 END: OK
2019-11-18 20:01:55.865 17 INFO rally.task.context [-] Task e9d5359e-69cb-4be4-b955-9491552a17e4 | Context users@openstack cleanup() started
2019-11-18 20:02:00.545 17 INFO rally.task.context [-] Task e9d5359e-69cb-4be4-b955-9491552a17e4 | Context users@openstack cleanup() finished in 4.68 sec
2019-11-18 20:02:01.792 17 INFO rally.task.engine [-] Load duration is: 1.564694
2019-11-18 20:02:01.793 17 INFO rally.task.engine [-] Full runner duration is: 1.610282
2019-11-18 20:02:01.793 17 INFO rally.task.engine [-] Full duration is: 8.831892
2019-11-18 20:02:02.266 17 INFO rally.task.engine [-] Task e9d5359e-69cb-4be4-b955-9491552a17e4 | Completed: Running task.
2019-11-18 20:02:03.740 723 RALLYDEBUG rally.api [-] INFO logs from urllib3 and requests module are hide.
2019-11-18 20:02:03.740 723 RALLYDEBUG rally.api [-] urllib3 insecure warnings are hidden.
2019-11-18 20:02:03.740 723 RALLYDEBUG rally.api [-] ERROR log from boto module is hide.
2019-11-18 20:02:04.954 724 RALLYDEBUG rally.api [-] INFO logs from urllib3 and requests module are hide.
2019-11-18 20:02:04.954 724 RALLYDEBUG rally.api [-] urllib3 insecure warnings are hidden.
2019-11-18 20:02:04.954 724 RALLYDEBUG rally.api [-] ERROR log from boto module is hide.
2019-11-18 20:02:06.031 725 RALLYDEBUG rally.api [-] INFO logs from urllib3 and requests module are hide.
2019-11-18 20:02:06.032 725 RALLYDEBUG rally.api [-] urllib3 insecure warnings are hidden.
2019-11-18 20:02:06.032 725 RALLYDEBUG rally.api [-] ERROR log from boto module is hide.
2019-11-18 20:02:07.716 725 INFO rally.api [-] Building 'json' report for the following task(s): 'e9d5359e-69cb-4be4-b955-9491552a17e4'.
2019-11-18 20:02:07.725 725 INFO rally.api [-] The report has been successfully built.
2019-11-18 20:02:09.036 727 RALLYDEBUG rally.api [-] INFO logs from urllib3 and requests module are hide.
2019-11-18 20:02:09.037 727 RALLYDEBUG rally.api [-] urllib3 insecure warnings are hidden.
2019-11-18 20:02:09.037 727 RALLYDEBUG rally.api [-] ERROR log from boto module is hide.
2019-11-18 20:02:11.005 727 INFO rally.task.engine [-] Task 8633cfe5-0d23-47ff-a2db-23920d7e4464 | Starting: Task validation.
2019-11-18 20:02:11.090 727 INFO rally.task.engine [-] Task 8633cfe5-0d23-47ff-a2db-23920d7e4464 | Starting: Task validation of syntax.
2019-11-18 20:02:11.219 727 INFO rally.task.engine [-] Task 8633cfe5-0d23-47ff-a2db-23920d7e4464 | Completed: Task validation of syntax.
2019-11-18 20:02:11.219 727 INFO rally.task.engine [-] Task 8633cfe5-0d23-47ff-a2db-23920d7e4464 | Starting: Task validation of required platforms.
2019-11-18 20:02:11.280 727 INFO rally.task.engine [-] Task 8633cfe5-0d23-47ff-a2db-23920d7e4464 | Completed: Task validation of required platforms.
2019-11-18 20:02:11.282 727 INFO rally.task.engine [-] Task 8633cfe5-0d23-47ff-a2db-23920d7e4464 | Starting: Task validation of semantic.
2019-11-18 20:02:11.282 727 INFO rally.task.engine [-] Check health of the environment 'fff30b6c-fd7c-4208-aaed-a1587a099099'.
2019-11-18 20:02:12.270 727 INFO rally.task.engine [-] Platform existing@openstack (available: True): OK!
2019-11-18 20:02:12.290 727 RALLYDEBUG rally_openstack.contexts.keystone.users [-] Creating 1 tenants using 20 threads
2019-11-18 20:02:13.222 727 RALLYDEBUG rally_openstack.contexts.keystone.users [-] Creating 1 users using 20 threads
2019-11-18 20:02:14.778 727 INFO rally.task.context [-] Task 8633cfe5-0d23-47ff-a2db-23920d7e4464 | Context users@openstack setup() finished in 2.49 sec
2019-11-18 20:02:18.497 727 INFO rally.task.context [-] Task 8633cfe5-0d23-47ff-a2db-23920d7e4464 | Context users@openstack cleanup() started
2019-11-18 20:02:21.332 727 INFO rally.task.context [-] Task 8633cfe5-0d23-47ff-a2db-23920d7e4464 | Context users@openstack cleanup() finished in 2.83 sec
2019-11-18 20:02:21.332 727 INFO rally.task.engine [-] Task 8633cfe5-0d23-47ff-a2db-23920d7e4464 | Completed: Task validation of semantic.
2019-11-18 20:02:21.332 727 INFO rally.task.engine [-] Task 8633cfe5-0d23-47ff-a2db-23920d7e4464 | Completed: Task validation.
2019-11-18 20:02:21.332 727 INFO rally.api [-] Task 8633cfe5-0d23-47ff-a2db-23920d7e4464 input file is valid.
2019-11-18 20:02:21.332 727 INFO rally.api [-] Run Task 8633cfe5-0d23-47ff-a2db-23920d7e4464 against Deployment fff30b6c-fd7c-4208-aaed-a1587a099099
2019-11-18 20:02:21.333 727 INFO rally.task.engine [-] Task 8633cfe5-0d23-47ff-a2db-23920d7e4464 | Starting: Running task.
2019-11-18 20:02:21.630 727 INFO rally.task.engine [-] Running workload: position = 0 config = { "version": 2, "title": "A cropped version of a bigger task.", "description": "Auto-generated task from a single workload (uuid=2b063b2c-1a90-4269-95b5-4e0c9c984b2b)", "subtasks": [ { "title": "GlanceImages.create_and_delete_image", "description": "Create and then delete an image.", "scenario": { "GlanceImages.create_and_delete_image": { "container_format": "bare", "disk_format": "qcow2", "image_location": "/home/opnfv/functest/images/cirros-0.4.0-x86_64-disk.img" } }, "contexts": { "users": { "tenants": 3, "users_per_tenant": 2 } }, "runner": { "constant": { "concurrency": 4, "times": 10 } }, "hooks": [], "sla": { "failure_rate": { "max": 0 } } } ] }
2019-11-18 20:02:21.653 727 RALLYDEBUG rally_openstack.contexts.keystone.users [-] Creating 3 tenants using 20 threads
2019-11-18 20:02:22.584 727 RALLYDEBUG rally_openstack.contexts.keystone.users [-] Creating 6 users using 20 threads
2019-11-18 20:02:24.148 727 INFO rally.task.context [-] Task 8633cfe5-0d23-47ff-a2db-23920d7e4464 | Context users@openstack setup() finished in 2.50 sec
2019-11-18 20:02:24.149 727 INFO rally.task.context [-] Task 8633cfe5-0d23-47ff-a2db-23920d7e4464 | Context cleanup@openstack setup() finished in 0.02 msec
2019-11-18 20:02:24.160 727 RALLYDEBUG rally.task.runner [-] Starting the constant runner (task UUID: 8633cfe5-0d23-47ff-a2db-23920d7e4464). times: 10 concurrency: 4 timeout: 0 max_cpu_used: 16 processes_to_start: 4 concurrency_per_worker: 1 concurrency_overhead: 0
2019-11-18 20:02:24.174 851 RALLYDEBUG rally.task.runner [-] Starting a worker. times: 10 duration: None concurrency: 1 timeout: 0 cls: method_name: run args: {"container_format": "bare", "disk_format": "qcow2", "image_location": "/home/opnfv/functest/images/cirros-0.4.0-x86_64-disk.img"}
2019-11-18 20:02:24.177 852 RALLYDEBUG rally.task.runner [-] Starting a worker. times: 10 duration: None concurrency: 1 timeout: 0 cls: method_name: run args: {"container_format": "bare", "disk_format": "qcow2", "image_location": "/home/opnfv/functest/images/cirros-0.4.0-x86_64-disk.img"}
2019-11-18 20:02:24.180 851 INFO rally.task.runner [-] Task 8633cfe5-0d23-47ff-a2db-23920d7e4464 | ITER: 1 START
2019-11-18 20:02:24.181 853 RALLYDEBUG rally.task.runner [-] Starting a worker. times: 10 duration: None concurrency: 1 timeout: 0 cls: method_name: run args: {"container_format": "bare", "disk_format": "qcow2", "image_location": "/home/opnfv/functest/images/cirros-0.4.0-x86_64-disk.img"}
2019-11-18 20:02:24.183 852 INFO rally.task.runner [-] Task 8633cfe5-0d23-47ff-a2db-23920d7e4464 | ITER: 2 START
2019-11-18 20:02:24.184 855 RALLYDEBUG rally.task.runner [-] Starting a worker. times: 10 duration: None concurrency: 1 timeout: 0 cls: method_name: run args: {"container_format": "bare", "disk_format": "qcow2", "image_location": "/home/opnfv/functest/images/cirros-0.4.0-x86_64-disk.img"}
2019-11-18 20:02:24.187 853 INFO rally.task.runner [-] Task 8633cfe5-0d23-47ff-a2db-23920d7e4464 | ITER: 3 START
2019-11-18 20:02:24.190 855 INFO rally.task.runner [-] Task 8633cfe5-0d23-47ff-a2db-23920d7e4464 | ITER: 4 START
2019-11-18 20:02:27.174 852 RALLYDEBUG rally.task.utils [-] Waiting for resource '9bae5b5c-30ad-4357-8294-79e775399d9b'. Status changed: NONE => QUEUED in 0.03574490547180176
2019-11-18 20:02:27.174 853 RALLYDEBUG rally.task.utils [-] Waiting for resource '9426ce83-4609-41d8-9bb2-670570f70138'. Status changed: NONE => QUEUED in 0.041593313217163086
2019-11-18 20:02:27.197 855 RALLYDEBUG rally.task.utils [-] Waiting for resource '7ca6fdb0-930c-4f87-87fd-ae06d151e90f'. Status changed: NONE => QUEUED in 0.039700984954833984
2019-11-18 20:02:27.392 853 RALLYDEBUG rally.task.utils [-] Waiting for resource s_rally_2b063b2c_gMrHOshU. Status changed: QUEUED => ACTIVE in 0.026422739028930664
2019-11-18 20:02:27.402 852 RALLYDEBUG rally.task.utils [-] Waiting for resource s_rally_2b063b2c_tmETDnAl. Status changed: QUEUED => ACTIVE in 0.02051711082458496
2019-11-18 20:02:27.430 851 RALLYDEBUG rally.task.utils [-] Waiting for resource '961fa248-8a7c-4756-9dd7-0a00d6da4104'. Status changed: NONE => QUEUED in 0.034156084060668945
2019-11-18 20:02:27.443 855 RALLYDEBUG rally.task.utils [-] Waiting for resource s_rally_2b063b2c_g9YxUMH5. Status changed: QUEUED => ACTIVE in 0.02203059196472168
2019-11-18 20:02:27.450 853 INFO rally.task.runner [-] Task 8633cfe5-0d23-47ff-a2db-23920d7e4464 | ITER: 3 END: OK
2019-11-18 20:02:27.455 853 INFO rally.task.runner [-] Task 8633cfe5-0d23-47ff-a2db-23920d7e4464 | ITER: 5 START
2019-11-18 20:02:27.466 852 INFO rally.task.runner [-] Task 8633cfe5-0d23-47ff-a2db-23920d7e4464 | ITER: 2 END: OK
2019-11-18 20:02:27.470 852 INFO rally.task.runner [-] Task 8633cfe5-0d23-47ff-a2db-23920d7e4464 | ITER: 6 START
2019-11-18 20:02:27.503 855 INFO rally.task.runner [-] Task 8633cfe5-0d23-47ff-a2db-23920d7e4464 | ITER: 4 END: OK
2019-11-18 20:02:27.507 855 INFO rally.task.runner [-] Task 8633cfe5-0d23-47ff-a2db-23920d7e4464 | ITER: 7 START
2019-11-18 20:02:27.624 851 RALLYDEBUG rally.task.utils [-] Waiting for resource s_rally_2b063b2c_8LioftoD. Status changed: QUEUED => ACTIVE in 0.02161407470703125
2019-11-18 20:02:27.681 851 INFO rally.task.runner [-] Task 8633cfe5-0d23-47ff-a2db-23920d7e4464 | ITER: 1 END: OK
2019-11-18 20:02:27.685 851 INFO rally.task.runner [-] Task 8633cfe5-0d23-47ff-a2db-23920d7e4464 | ITER: 8 START
2019-11-18 20:02:30.236 853 RALLYDEBUG rally.task.utils [-] Waiting for resource '80cd08a4-6261-44dd-98b6-9512289f543c'. Status changed: NONE => QUEUED in 0.0423121452331543
2019-11-18 20:02:30.270 852 RALLYDEBUG rally.task.utils [-] Waiting for resource '49a856f5-6acf-4a7f-87a3-f7f897303903'. Status changed: NONE => QUEUED in 0.03818535804748535
2019-11-18 20:02:30.280 855 RALLYDEBUG rally.task.utils [-] Waiting for resource 'bb8aaee1-3814-496b-9c99-e2bdcf50b70d'. Status changed: NONE => QUEUED in 0.03867030143737793
2019-11-18 20:02:30.463 853 RALLYDEBUG rally.task.utils [-] Waiting for resource s_rally_2b063b2c_FouxwcNV. Status changed: QUEUED => ACTIVE in 0.018297195434570312
2019-11-18 20:02:30.498 852 RALLYDEBUG rally.task.utils [-] Waiting for resource s_rally_2b063b2c_86EbdoMs. Status changed: QUEUED => ACTIVE in 0.02339792251586914
2019-11-18 20:02:30.508 855 RALLYDEBUG rally.task.utils [-] Waiting for resource s_rally_2b063b2c_1MY1E98p. Status changed: QUEUED => ACTIVE in 0.0174715518951416
2019-11-18 20:02:30.522 853 INFO rally.task.runner [-] Task 8633cfe5-0d23-47ff-a2db-23920d7e4464 | ITER: 5 END: OK
2019-11-18 20:02:30.525 853 INFO rally.task.runner [-] Task 8633cfe5-0d23-47ff-a2db-23920d7e4464 | ITER: 9 START
2019-11-18 20:02:30.582 855 INFO rally.task.runner [-] Task 8633cfe5-0d23-47ff-a2db-23920d7e4464 | ITER: 7 END: OK
2019-11-18 20:02:30.582 852 INFO rally.task.runner [-] Task 8633cfe5-0d23-47ff-a2db-23920d7e4464 | ITER: 6 END: OK
2019-11-18 20:02:30.585 855 INFO rally.task.runner [-] Task 8633cfe5-0d23-47ff-a2db-23920d7e4464 | ITER: 10 START
2019-11-18 20:02:30.751 851 RALLYDEBUG rally.task.utils [-] Waiting for resource '061d5dd1-bdd9-481c-bd64-0c0941909ebe'. Status changed: NONE => QUEUED in 0.0340116024017334
2019-11-18 20:02:30.971 851 RALLYDEBUG rally.task.utils [-] Waiting for resource s_rally_2b063b2c_pbPS4kLK. Status changed: QUEUED => ACTIVE in 0.02079939842224121
2019-11-18 20:02:31.042 851 INFO rally.task.runner [-] Task 8633cfe5-0d23-47ff-a2db-23920d7e4464 | ITER: 8 END: OK
2019-11-18 20:02:33.515 855 RALLYDEBUG rally.task.utils [-] Waiting for resource 'bdf1c90b-d8d4-4292-98ae-b8014cca43dd'. Status changed: NONE => QUEUED in 0.041892290115356445
2019-11-18 20:02:33.774 855 RALLYDEBUG rally.task.utils [-] Waiting for resource s_rally_2b063b2c_1pXgkztr. Status changed: QUEUED => ACTIVE in 0.023733139038085938
2019-11-18 20:02:33.802 853 RALLYDEBUG rally.task.utils [-] Waiting for resource '25716844-208f-4f0a-8fda-4f01bec94388'. Status changed: NONE => QUEUED in 0.0361018180847168
2019-11-18 20:02:33.836 855 INFO rally.task.runner [-] Task 8633cfe5-0d23-47ff-a2db-23920d7e4464 | ITER: 10 END: OK
2019-11-18 20:02:33.998 853 RALLYDEBUG rally.task.utils [-] Waiting for resource s_rally_2b063b2c_VA2TaUPG. Status changed: QUEUED => ACTIVE in 0.020221471786499023
2019-11-18 20:02:34.070 853 INFO rally.task.runner [-] Task 8633cfe5-0d23-47ff-a2db-23920d7e4464 | ITER: 9 END: OK
2019-11-18 20:02:34.096 727 INFO rally.task.context [-] Task 8633cfe5-0d23-47ff-a2db-23920d7e4464 | Context cleanup@openstack cleanup() started
2019-11-18 20:02:34.100 727 RALLYDEBUG rally_openstack.cleanup.manager [-] Cleaning up glance images objects
2019-11-18 20:02:35.559 727 INFO rally.task.context [-] Task 8633cfe5-0d23-47ff-a2db-23920d7e4464 | Context cleanup@openstack cleanup() finished in 1.46 sec
2019-11-18 20:02:35.560 727 INFO rally.task.context [-] Task 8633cfe5-0d23-47ff-a2db-23920d7e4464 | Context users@openstack cleanup() started
2019-11-18 20:02:39.982 727 INFO rally.task.context [-] Task 8633cfe5-0d23-47ff-a2db-23920d7e4464 | Context users@openstack cleanup() finished in 4.42 sec
2019-11-18 20:02:41.808 727 INFO rally.task.engine [-] Load duration is: 9.166946
2019-11-18 20:02:41.809 727 INFO rally.task.engine [-] Full runner duration is: 9.937122
2019-11-18 20:02:41.809 727 INFO rally.task.engine [-] Full duration is: 18.33043
2019-11-18 20:02:42.375 727 INFO rally.task.engine [-] Running workload: position = 0 config = { "version": 2, "title": "A cropped version of a bigger task.", "description": "Auto-generated task from a single workload (uuid=b311309d-ace3-4dc5-8a67-1e614405322d)", "subtasks": [ { "title": "GlanceImages.create_and_list_image", "description": "Create an image and then list all images.", "scenario": { "GlanceImages.create_and_list_image": { "container_format": "bare", "disk_format": "qcow2", "image_location": "/home/opnfv/functest/images/cirros-0.4.0-x86_64-disk.img" } }, "contexts": { "users": { "tenants": 3, "users_per_tenant": 2 } }, "runner": { "constant": { "concurrency": 4, "times": 10 } }, "hooks": [], "sla": { "failure_rate": { "max": 0 } } } ] }
2019-11-18 20:02:42.399 727 RALLYDEBUG rally_openstack.contexts.keystone.users [-] Creating 3 tenants using 20 threads
2019-11-18 20:02:43.443 727 RALLYDEBUG rally_openstack.contexts.keystone.users [-] Creating 6 users using 20 threads
2019-11-18 20:02:45.044 727 INFO rally.task.context [-] Task 8633cfe5-0d23-47ff-a2db-23920d7e4464 | Context users@openstack setup() finished in 2.65 sec
2019-11-18 20:02:45.045 727 INFO rally.task.context [-] Task 8633cfe5-0d23-47ff-a2db-23920d7e4464 | Context cleanup@openstack setup() finished in 0.01 msec
