2019-11-18 21:28:58.502 20411 RALLYDEBUG rally_openstack.cleanup.manager [-] Deleting cinder.volumes object s_rally_138a4945_NYRMCbgW (60fa2766-35da-4816-a851-e4f8aab30d16)
2019-11-18 21:29:02.179 20411 INFO rally.task.context [-] Task f0c16f69-272d-4c2f-ad2b-b66b4e17b899 | Context cleanup@openstack cleanup() finished in 13.47 sec
2019-11-18 21:29:02.180 20411 INFO rally.task.context [-] Task f0c16f69-272d-4c2f-ad2b-b66b4e17b899 | Context api_versions@openstack cleanup() started
2019-11-18 21:29:02.180 20411 INFO rally.task.context [-] Task f0c16f69-272d-4c2f-ad2b-b66b4e17b899 | Context api_versions@openstack cleanup() finished in 0.35 msec
2019-11-18 21:29:02.180 20411 INFO rally.task.context [-] Task f0c16f69-272d-4c2f-ad2b-b66b4e17b899 | Context users@openstack cleanup() started
2019-11-18 21:29:06.254 20411 INFO rally.task.context [-] Task f0c16f69-272d-4c2f-ad2b-b66b4e17b899 | Context users@openstack cleanup() finished in 4.07 sec
2019-11-18 21:29:07.230 20411 INFO rally.task.engine [-] Load duration is: 181.069144
2019-11-18 21:29:07.231 20411 INFO rally.task.engine [-] Full runner duration is: 182.126663
2019-11-18 21:29:07.231 20411 INFO rally.task.engine [-] Full duration is: 203.875959
2019-11-18 21:29:07.578 20411 INFO rally.task.engine [-] Running workload: position = 0 config = { "version": 2, "title": "A cropped version of a bigger task.", "description": "Auto-generated task from a single workload (uuid=62994328-5594-4a96-a58a-c84030da263f)", "subtasks": [ { "title": "NovaKeypair.boot_and_delete_server_with_keypair", "description": "Boot and delete server with keypair.", "scenario": { "NovaKeypair.boot_and_delete_server_with_keypair": { "flavor": { "name": "rally_full-flavor_00f7b341-174b-4e8f-9b53-bfd161b2cdfa" }, "image": { "name": "rally_full-img_00f7b341-174b-4e8f-9b53-bfd161b2cdfa" }, "server_kwargs": { "nics": [ { "net-id": "6652dd7c-f0a3-4f25-801e-45e11a61489c" } ] } } }, "contexts": { "users": { "tenants": 3, "users_per_tenant": 2 }, "network": { "networks_per_tenant": 1, "start_cidr": "100.1.0.0/25" }, "quotas": { "neutron": { "network": -1, "port": -1, "subnet": -1 }, "nova": { "cores": -1, "floating_ips": -1, "instances": -1, "key_pairs": -1, "ram": -1, "security_group_rules": -1, "security_groups": -1 } } }, "runner": { "constant": { "concurrency": 4, "times": 10 } }, "hooks": [], "sla": { "failure_rate": { "max": 0 } } } ] }
2019-11-18 21:29:07.606 20411 RALLYDEBUG rally_openstack.contexts.keystone.users [-] Creating 3 tenants using 20 threads
2019-11-18 21:29:08.588 20411 RALLYDEBUG rally_openstack.contexts.keystone.users [-] Creating 6 users using 20 threads
2019-11-18 21:29:10.188 20411 INFO rally.task.context [-] Task f0c16f69-272d-4c2f-ad2b-b66b4e17b899 | Context users@openstack setup() finished in 2.58 sec
2019-11-18 21:29:11.917 20411 INFO rally.task.context [-] Task f0c16f69-272d-4c2f-ad2b-b66b4e17b899 | Context quotas@openstack setup() finished in 1.73 sec
2019-11-18 21:29:14.273 20411 RALLYDEBUG rally_openstack.wrappers.network [-] CIDR generated: 100.1.9.0/25
2019-11-18 21:29:18.403 20411 RALLYDEBUG rally_openstack.wrappers.network [-] CIDR generated: 100.1.9.128/25
2019-11-18 21:29:22.208 20411 RALLYDEBUG rally_openstack.wrappers.network [-] CIDR generated: 100.1.10.0/25
2019-11-18 21:29:24.480 20411 INFO rally.task.context [-] Task f0c16f69-272d-4c2f-ad2b-b66b4e17b899 | Context network@openstack setup() finished in 12.56 sec
2019-11-18 21:29:24.481 20411 INFO rally.task.context [-] Task f0c16f69-272d-4c2f-ad2b-b66b4e17b899 | Context cleanup@openstack setup() finished in 0.04 msec
2019-11-18 21:29:25.322 20411 RALLYDEBUG rally.task.runner [-] Starting the constant runner (task UUID: f0c16f69-272d-4c2f-ad2b-b66b4e17b899). times: 10 concurrency: 4 timeout: 0 max_cpu_used: 16 processes_to_start: 4 concurrency_per_worker: 1 concurrency_overhead: 0
2019-11-18 21:29:25.335 23051 RALLYDEBUG rally.task.runner [-] Starting a worker. times: 10 duration: None concurrency: 1 timeout: 0 cls: method_name: run args: {"flavor": "20f9b21d-fa02-4686-8c91-5a88ae727ac8", "image": "bc09d53d-d329-4699-ba5f-613e9114d6ba", "server_kwargs": {"nics": [{"net-id": "6652dd7c-f0a3-4f25-801e-45e11a61489c"}]}}
2019-11-18 21:29:25.338 23052 RALLYDEBUG rally.task.runner [-] Starting a worker. times: 10 duration: None concurrency: 1 timeout: 0 cls: method_name: run args: {"flavor": "20f9b21d-fa02-4686-8c91-5a88ae727ac8", "image": "bc09d53d-d329-4699-ba5f-613e9114d6ba", "server_kwargs": {"nics": [{"net-id": "6652dd7c-f0a3-4f25-801e-45e11a61489c"}]}}
2019-11-18 21:29:25.343 23051 INFO rally.task.runner [-] Task f0c16f69-272d-4c2f-ad2b-b66b4e17b899 | ITER: 1 START
2019-11-18 21:29:25.342 23053 RALLYDEBUG rally.task.runner [-] Starting a worker. times: 10 duration: None concurrency: 1 timeout: 0 cls: method_name: run args: {"flavor": "20f9b21d-fa02-4686-8c91-5a88ae727ac8", "image": "bc09d53d-d329-4699-ba5f-613e9114d6ba", "server_kwargs": {"nics": [{"net-id": "6652dd7c-f0a3-4f25-801e-45e11a61489c"}]}}
2019-11-18 21:29:25.346 23052 INFO rally.task.runner [-] Task f0c16f69-272d-4c2f-ad2b-b66b4e17b899 | ITER: 2 START
2019-11-18 21:29:25.346 23054 RALLYDEBUG rally.task.runner [-] Starting a worker. times: 10 duration: None concurrency: 1 timeout: 0 cls: method_name: run args: {"flavor": "20f9b21d-fa02-4686-8c91-5a88ae727ac8", "image": "bc09d53d-d329-4699-ba5f-613e9114d6ba", "server_kwargs": {"nics": [{"net-id": "6652dd7c-f0a3-4f25-801e-45e11a61489c"}]}}
2019-11-18 21:29:25.348 23051 WARNING rally.common.logging [-] Argument(s): `server_kwargs' of `run()' are deprecated in v0.3.2: 'server_kwargs' has been renamed 'boot_server_kwargs'. Used at
2019-11-18 21:29:25.350 23053 INFO rally.task.runner [-] Task f0c16f69-272d-4c2f-ad2b-b66b4e17b899 | ITER: 3 START
2019-11-18 21:29:25.351 23052 WARNING rally.common.logging [-] Argument(s): `server_kwargs' of `run()' are deprecated in v0.3.2: 'server_kwargs' has been renamed 'boot_server_kwargs'. Used at
2019-11-18 21:29:25.354 23054 INFO rally.task.runner [-] Task f0c16f69-272d-4c2f-ad2b-b66b4e17b899 | ITER: 4 START
2019-11-18 21:29:25.355 23053 WARNING rally.common.logging [-] Argument(s): `server_kwargs' of `run()' are deprecated in v0.3.2: 'server_kwargs' has been renamed 'boot_server_kwargs'. Used at
2019-11-18 21:29:25.358 23054 WARNING rally.common.logging [-] Argument(s): `server_kwargs' of `run()' are deprecated in v0.3.2: 'server_kwargs' has been renamed 'boot_server_kwargs'. Used at
2019-11-18 21:29:32.629 23053 RALLYDEBUG rally.task.utils [-] Waiting for resource s_rally_62994328_unarI4M8. Status changed: BUILD => ACTIVE in 4.761442184448242
2019-11-18 21:29:34.999 23053 INFO rally.task.runner [-] Task f0c16f69-272d-4c2f-ad2b-b66b4e17b899 | ITER: 3 END: OK
2019-11-18 21:29:35.004 23053 INFO rally.task.runner [-] Task f0c16f69-272d-4c2f-ad2b-b66b4e17b899 | ITER: 5 START
2019-11-18 21:29:35.139 23051 RALLYDEBUG rally.task.utils [-] Waiting for resource s_rally_62994328_5vkPNHAx. Status changed: BUILD => ACTIVE in 7.075830698013306
2019-11-18 21:29:36.906 23052 RALLYDEBUG rally.task.utils [-] Waiting for resource s_rally_62994328_SxCuoAig. Status changed: BUILD => ACTIVE in 9.181641578674316
2019-11-18 21:29:37.025 23054 RALLYDEBUG rally.task.utils [-] Waiting for resource s_rally_62994328_Aoqxdhtg. Status changed: BUILD => ACTIVE in 9.121986865997314
2019-11-18 21:29:37.507 23051 INFO rally.task.runner [-] Task f0c16f69-272d-4c2f-ad2b-b66b4e17b899 | ITER: 1 END: OK
2019-11-18 21:29:37.512 23051 INFO rally.task.runner [-] Task f0c16f69-272d-4c2f-ad2b-b66b4e17b899 | ITER: 6 START
2019-11-18 21:29:39.306 23052 INFO rally.task.runner [-] Task f0c16f69-272d-4c2f-ad2b-b66b4e17b899 | ITER: 2 END: OK
2019-11-18 21:29:39.311 23052 INFO rally.task.runner [-] Task f0c16f69-272d-4c2f-ad2b-b66b4e17b899 | ITER: 7 START
2019-11-18 21:29:39.542 23054 INFO rally.task.runner [-] Task f0c16f69-272d-4c2f-ad2b-b66b4e17b899 | ITER: 4 END: OK
2019-11-18 21:29:39.547 23054 INFO rally.task.runner [-] Task f0c16f69-272d-4c2f-ad2b-b66b4e17b899 | ITER: 8 START
2019-11-18 21:29:42.073 23053 RALLYDEBUG rally.task.utils [-] Waiting for resource s_rally_62994328_di0c9ikF. Status changed: BUILD => ACTIVE in 4.586393594741821
2019-11-18 21:29:44.391 23052 RALLYDEBUG rally.task.utils [-] Waiting for resource s_rally_62994328_OGzs5oYn. Status changed: BUILD => ACTIVE in 2.4961490631103516
2019-11-18 21:29:44.435 23053 INFO rally.task.runner [-] Task f0c16f69-272d-4c2f-ad2b-b66b4e17b899 | ITER: 5 END: OK
2019-11-18 21:29:44.445 23053 INFO rally.task.runner [-] Task f0c16f69-272d-4c2f-ad2b-b66b4e17b899 | ITER: 9 START
2019-11-18 21:29:44.635 23051 RALLYDEBUG rally.task.utils [-] Waiting for resource s_rally_62994328_RFk1JQzl. Status changed: BUILD => ACTIVE in 4.707802772521973
2019-11-18 21:29:46.623 23054 RALLYDEBUG rally.task.utils [-] Waiting for resource s_rally_62994328_kePtLUA7. Status changed: BUILD => ACTIVE in 4.6701812744140625
2019-11-18 21:29:46.728 23052 INFO rally.task.runner [-] Task f0c16f69-272d-4c2f-ad2b-b66b4e17b899 | ITER: 7 END: OK
2019-11-18 21:29:46.735 23052 INFO rally.task.runner [-] Task f0c16f69-272d-4c2f-ad2b-b66b4e17b899 | ITER: 10 START
2019-11-18 21:29:47.016 23051 INFO rally.task.runner [-] Task f0c16f69-272d-4c2f-ad2b-b66b4e17b899 | ITER: 6 END: OK
2019-11-18 21:29:49.018 23054 INFO rally.task.runner [-] Task f0c16f69-272d-4c2f-ad2b-b66b4e17b899 | ITER: 8 END: OK
2019-11-18 21:29:52.263 23053 RALLYDEBUG rally.task.utils [-] Waiting for resource s_rally_62994328_01GbW5uY. Status changed: BUILD => ACTIVE in 4.977637767791748
2019-11-18 21:29:53.559 23052 RALLYDEBUG rally.task.utils [-] Waiting for resource s_rally_62994328_DyVlfmYm. Status changed: BUILD => ACTIVE in 4.693237781524658
2019-11-18 21:29:54.671 23053 INFO rally.task.runner [-] Task f0c16f69-272d-4c2f-ad2b-b66b4e17b899 | ITER: 9 END: OK
2019-11-18 21:29:56.061 23052 INFO rally.task.runner [-] Task f0c16f69-272d-4c2f-ad2b-b66b4e17b899 | ITER: 10 END: OK
2019-11-18 21:29:56.089 20411 INFO rally.task.context [-] Task f0c16f69-272d-4c2f-ad2b-b66b4e17b899 | Context cleanup@openstack cleanup() started
2019-11-18 21:29:56.095 20411 RALLYDEBUG rally_openstack.cleanup.manager [-] Cleaning up nova servers objects
2019-11-18 21:29:57.392 20411 RALLYDEBUG rally_openstack.cleanup.manager [-] Cleaning up nova server_groups objects
2019-11-18 21:29:58.519 20411 RALLYDEBUG rally_openstack.cleanup.manager [-] Cleaning up nova keypairs objects
2019-11-18 21:30:00.906 20411 INFO rally.task.context [-] Task f0c16f69-272d-4c2f-ad2b-b66b4e17b899 | Context cleanup@openstack cleanup() finished in 4.82 sec
2019-11-18 21:30:00.907 20411 INFO rally.task.context [-] Task f0c16f69-272d-4c2f-ad2b-b66b4e17b899 | Context network@openstack cleanup() started
2019-11-18 21:30:23.475 20411 INFO rally.task.context [-] Task f0c16f69-272d-4c2f-ad2b-b66b4e17b899 | Context network@openstack cleanup() finished in 22.57 sec
2019-11-18 21:30:23.476 20411 INFO rally.task.context [-] Task f0c16f69-272d-4c2f-ad2b-b66b4e17b899 | Context quotas@openstack cleanup() started
2019-11-18 21:30:23.761 20411 INFO rally.task.context [-] Task f0c16f69-272d-4c2f-ad2b-b66b4e17b899 | Context quotas@openstack cleanup() finished in 0.29 sec
2019-11-18 21:30:23.762 20411 INFO rally.task.context [-] Task f0c16f69-272d-4c2f-ad2b-b66b4e17b899 | Context users@openstack cleanup() started
2019-11-18 21:30:27.829 20411 INFO rally.task.context [-] Task f0c16f69-272d-4c2f-ad2b-b66b4e17b899 | Context users@openstack cleanup() finished in 4.07 sec
2019-11-18 21:30:27.975 20411 INFO rally.task.engine [-] Load duration is: 29.716826
2019-11-18 21:30:27.975 20411 INFO rally.task.engine [-] Full runner duration is: 30.767561
2019-11-18 21:30:27.975 20411 INFO rally.task.engine [-] Full duration is: 80.225685
2019-11-18 21:30:28.311 20411 INFO rally.task.engine [-] Running workload: position = 0 config = { "version": 2, "title": "A cropped version of a bigger task.", "description": "Auto-generated task from a single workload (uuid=566fd4f9-c989-470a-893d-68d249158778)", "subtasks": [ { "title": "NovaServers.boot_server_from_volume_and_delete", "description": "Boot a server from volume and then delete it.", "scenario": { "NovaServers.boot_server_from_volume_and_delete": { "flavor": { "name": "rally_full-flavor_00f7b341-174b-4e8f-9b53-bfd161b2cdfa" }, "image": { "name": "rally_full-img_00f7b341-174b-4e8f-9b53-bfd161b2cdfa" }, "volume_size": 1, "nics": [ { "net-id": "6652dd7c-f0a3-4f25-801e-45e11a61489c" } ] } }, "contexts": { "users": { "tenants": 3, "users_per_tenant": 2 }, "network": { "networks_per_tenant": 1, "start_cidr": "100.1.0.0/25" }, "quotas": { "cinder": { "gigabytes": -1, "snapshots": -1, "volumes": -1 }, "neutron": { "network": -1, "port": -1, "subnet": -1 }, "nova": { "cores": -1, "floating_ips": -1, "instances": -1, "ram": -1, "security_group_rules": -1, "security_groups": -1 } }, "api_versions": { "cinder": { "version": 3, "service_type": "volumev3" } } }, "runner": { "constant": { "concurrency": 4, "times": 10 } }, "hooks": [], "sla": { "failure_rate": { "max": 0 } } } ] }
2019-11-18 21:30:28.337 20411 RALLYDEBUG rally_openstack.contexts.keystone.users [-] Creating 3 tenants using 20 threads
2019-11-18 21:30:29.398 20411 RALLYDEBUG rally_openstack.contexts.keystone.users [-] Creating 6 users using 20 threads
2019-11-18 21:30:30.965 20411 INFO rally.task.context [-] Task f0c16f69-272d-4c2f-ad2b-b66b4e17b899 | Context users@openstack setup() finished in 2.63 sec
2019-11-18 21:30:31.377 20411 INFO rally.task.context [-] Task f0c16f69-272d-4c2f-ad2b-b66b4e17b899 | Context api_versions@openstack setup() finished in 0.41 sec
2019-11-18 21:30:33.782 20411 INFO rally.task.context [-] Task f0c16f69-272d-4c2f-ad2b-b66b4e17b899 | Context quotas@openstack setup() finished in 2.40 sec
2019-11-18 21:30:36.058 20411 RALLYDEBUG rally_openstack.wrappers.network [-] CIDR generated: 100.1.10.128/25
2019-11-18 21:30:40.396 20411 RALLYDEBUG rally_openstack.wrappers.network [-] CIDR generated: 100.1.11.0/25
2019-11-18 21:30:44.357 20411 RALLYDEBUG rally_openstack.wrappers.network [-] CIDR generated: 100.1.11.128/25
2019-11-18 21:30:46.573 20411 INFO rally.task.context [-] Task f0c16f69-272d-4c2f-ad2b-b66b4e17b899 | Context network@openstack setup() finished in 12.79 sec
2019-11-18 21:30:46.573 20411 INFO rally.task.context [-] Task f0c16f69-272d-4c2f-ad2b-b66b4e17b899 | Context cleanup@openstack setup() finished in 0.02 msec
2019-11-18 21:30:47.398 20411 RALLYDEBUG rally.task.runner [-] Starting the constant runner (task UUID: f0c16f69-272d-4c2f-ad2b-b66b4e17b899). times: 10 concurrency: 4 timeout: 0 max_cpu_used: 16 processes_to_start: 4 concurrency_per_worker: 1 concurrency_overhead: 0
2019-11-18 21:30:47.411 23215 RALLYDEBUG rally.task.runner [-] Starting a worker. times: 10 duration: None concurrency: 1 timeout: 0 cls: method_name: run args: {"flavor": "20f9b21d-fa02-4686-8c91-5a88ae727ac8", "image": "bc09d53d-d329-4699-ba5f-613e9114d6ba", "volume_size": 1, "nics": [{"net-id": "6652dd7c-f0a3-4f25-801e-45e11a61489c"}]}
2019-11-18 21:30:47.415 23216 RALLYDEBUG rally.task.runner [-] Starting a worker. times: 10 duration: None concurrency: 1 timeout: 0 cls: method_name: run args: {"flavor": "20f9b21d-fa02-4686-8c91-5a88ae727ac8", "image": "bc09d53d-d329-4699-ba5f-613e9114d6ba", "volume_size": 1, "nics": [{"net-id": "6652dd7c-f0a3-4f25-801e-45e11a61489c"}]}
2019-11-18 21:30:47.419 23215 INFO rally.task.runner [-] Task f0c16f69-272d-4c2f-ad2b-b66b4e17b899 | ITER: 1 START
2019-11-18 21:30:47.418 23217 RALLYDEBUG rally.task.runner [-] Starting a worker. times: 10 duration: None concurrency: 1 timeout: 0 cls: method_name: run args: {"flavor": "20f9b21d-fa02-4686-8c91-5a88ae727ac8", "image": "bc09d53d-d329-4699-ba5f-613e9114d6ba", "volume_size": 1, "nics": [{"net-id": "6652dd7c-f0a3-4f25-801e-45e11a61489c"}]}
2019-11-18 21:30:47.422 23216 INFO rally.task.runner [-] Task f0c16f69-272d-4c2f-ad2b-b66b4e17b899 | ITER: 2 START
2019-11-18 21:30:47.422 23218 RALLYDEBUG rally.task.runner [-] Starting a worker. times: 10 duration: None concurrency: 1 timeout: 0 cls: method_name: run args: {"flavor": "20f9b21d-fa02-4686-8c91-5a88ae727ac8", "image": "bc09d53d-d329-4699-ba5f-613e9114d6ba", "volume_size": 1, "nics": [{"net-id": "6652dd7c-f0a3-4f25-801e-45e11a61489c"}]}
2019-11-18 21:30:47.426 23217 INFO rally.task.runner [-] Task f0c16f69-272d-4c2f-ad2b-b66b4e17b899 | ITER: 3 START
2019-11-18 21:30:47.430 23218 INFO rally.task.runner [-] Task f0c16f69-272d-4c2f-ad2b-b66b4e17b899 | ITER: 4 START
2019-11-18 21:31:03.007 23217 RALLYDEBUG rally.task.utils [-] Waiting for resource s_rally_566fd4f9_kHFxEB8N. Status changed: DOWNLOADING => AVAILABLE in 12.528066396713257
2019-11-18 21:31:11.195 23216 RALLYDEBUG rally.task.utils [-] Waiting for resource s_rally_566fd4f9_Ptuof8Ie. Status changed: DOWNLOADING => AVAILABLE in 20.94468402862549
2019-11-18 21:31:12.246 23217 RALLYDEBUG rally.task.utils [-] Waiting for resource s_rally_566fd4f9_ORfOIVho. Status changed: BUILD => ACTIVE in 6.948185682296753
2019-11-18 21:31:14.714 23217 INFO rally.task.runner [-] Task f0c16f69-272d-4c2f-ad2b-b66b4e17b899 | ITER: 3 END: OK
2019-11-18 21:31:14.722 23217 INFO rally.task.runner [-] Task f0c16f69-272d-4c2f-ad2b-b66b4e17b899 | ITER: 5 START
2019-11-18 21:31:20.457 23216 RALLYDEBUG rally.task.utils [-] Waiting for resource s_rally_566fd4f9_IOznYxkE. Status changed: BUILD => ACTIVE in 6.821565866470337
2019-11-18 21:31:22.937 23216 INFO rally.task.runner [-] Task f0c16f69-272d-4c2f-ad2b-b66b4e17b899 | ITER: 2 END: OK
2019-11-18 21:31:22.944 23216 INFO rally.task.runner [-] Task f0c16f69-272d-4c2f-ad2b-b66b4e17b899 | ITER: 6 START
2019-11-18 21:31:38.350 23216 RALLYDEBUG rally.task.utils [-] Waiting for resource s_rally_566fd4f9_I5rx5QCN. Status changed: DOWNLOADING => AVAILABLE in 12.603473663330078
2019-11-18 21:31:46.275 23215 RALLYDEBUG rally.task.utils [-] Waiting for resource s_rally_566fd4f9_R1zoqgXQ. Status changed: DOWNLOADING => AVAILABLE in 56.00705003738403
2019-11-18 21:31:47.557 23216 RALLYDEBUG rally.task.utils [-] Waiting for resource s_rally_566fd4f9_OG5NkNF6. Status changed: BUILD => ACTIVE in 6.902356386184692
2019-11-18 21:31:49.995 23216 INFO rally.task.runner [-] Task f0c16f69-272d-4c2f-ad2b-b66b4e17b899 | ITER: 6 END: OK
2019-11-18 21:31:50.001 23216 INFO rally.task.runner [-] Task f0c16f69-272d-4c2f-ad2b-b66b4e17b899 | ITER: 7 START
2019-11-18 21:31:50.595 23218 RALLYDEBUG rally.task.utils [-] Waiting for resource s_rally_566fd4f9_Sc7FvdmX. Status changed: DOWNLOADING => AVAILABLE in 60.29885768890381
2019-11-18 21:31:55.382 23215 RALLYDEBUG rally.task.utils [-] Waiting for resource s_rally_566fd4f9_wJizQIXS. Status changed: BUILD => ACTIVE in 6.7630298137664795
2019-11-18 21:31:57.781 23215 INFO rally.task.runner [-] Task f0c16f69-272d-4c2f-ad2b-b66b4e17b899 | ITER: 1 END: OK
2019-11-18 21:31:57.788 23215 INFO rally.task.runner [-] Task f0c16f69-272d-4c2f-ad2b-b66b4e17b899 | ITER: 8 START
2019-11-18 21:31:59.462 23218 RALLYDEBUG rally.task.utils [-] Waiting for resource s_rally_566fd4f9_mSEyEAgb. Status changed: BUILD => ACTIVE in 6.987384557723999
2019-11-18 21:32:04.178 23218 INFO rally.task.runner [-] Task f0c16f69-272d-4c2f-ad2b-b66b4e17b899 | ITER: 4 END: OK
2019-11-18 21:32:04.185 23218 INFO rally.task.runner [-] Task f0c16f69-272d-4c2f-ad2b-b66b4e17b899 | ITER: 9 START
2019-11-18 21:32:04.751 23215 RALLYDEBUG rally.task.utils [-] Waiting for resource s_rally_566fd4f9_K4Xu7iHD. Status changed: CREATING => DOWNLOADING in 4.2709126472473145
2019-11-18 21:32:05.229 23216 RALLYDEBUG rally.task.utils [-] Waiting for resource s_rally_566fd4f9_w6VDyCAu. Status changed: DOWNLOADING => AVAILABLE in 12.554471731185913
2019-11-18 21:32:09.438 23217 RALLYDEBUG rally.task.utils [-] Waiting for resource s_rally_566fd4f9_9A3gOiqm. Status changed: DOWNLOADING => AVAILABLE in 51.87342715263367
2019-11-18 21:32:09.462 23218 RALLYDEBUG rally.task.utils [-] Waiting for resource s_rally_566fd4f9_nx851DS0. Status changed: CREATING => DOWNLOADING in 2.181398391723633
2019-11-18 21:32:13.987 23216 RALLYDEBUG rally.task.utils [-] Waiting for resource s_rally_566fd4f9_1HorLBLk. Status changed: BUILD => ACTIVE in 6.701294183731079
2019-11-18 21:32:18.527 23216 INFO rally.task.runner [-] Task f0c16f69-272d-4c2f-ad2b-b66b4e17b899 | ITER: 7 END: OK
2019-11-18 21:32:18.533 23216 INFO rally.task.runner [-] Task f0c16f69-272d-4c2f-ad2b-b66b4e17b899 | ITER: 10 START
2019-11-18 21:32:18.648 23217 RALLYDEBUG rally.task.utils [-] Waiting for resource s_rally_566fd4f9_lkBSWaxq. Status changed: BUILD => ACTIVE in 6.986667156219482
2019-11-18 21:32:19.223 23215 RALLYDEBUG rally.task.utils [-] Waiting for resource s_rally_566fd4f9_K4Xu7iHD. Status changed: DOWNLOADING => AVAILABLE in 14.472478866577148
2019-11-18 21:32:21.017 23217 INFO rally.task.runner [-] Task f0c16f69-272d-4c2f-ad2b-b66b4e17b899 | ITER: 5 END: OK
2019-11-18 21:32:30.187 23218 RALLYDEBUG rally.task.utils [-] Waiting for resource s_rally_566fd4f9_nx851DS0. Status changed: DOWNLOADING => AVAILABLE in 20.72494387626648
2019-11-18 21:32:32.637 23215 RALLYDEBUG rally.task.utils [-] Waiting for resource s_rally_566fd4f9_zcEafbQ7. Status changed: BUILD => ACTIVE in 11.281599760055542
2019-11-18 21:32:34.988 23215 INFO rally.task.runner [-] Task f0c16f69-272d-4c2f-ad2b-b66b4e17b899 | ITER: 8 END: OK
2019-11-18 21:32:39.440 23218 RALLYDEBUG rally.task.utils [-] Waiting for resource s_rally_566fd4f9_h1mByj3L. Status changed: BUILD => ACTIVE in 7.066777467727661
2019-11-18 21:32:40.145 23216 RALLYDEBUG rally.task.utils [-] Waiting for resource s_rally_566fd4f9_29WJn8he. Status changed: DOWNLOADING => AVAILABLE in 18.896495819091797
2019-11-18 21:32:41.894 23218 INFO rally.task.runner [-] Task f0c16f69-272d-4c2f-ad2b-b66b4e17b899 | ITER: 9 END: OK
2019-11-18 21:32:49.489 23216 RALLYDEBUG rally.task.utils [-] Waiting for resource s_rally_566fd4f9_Qlj92dU8. Status changed: BUILD => ACTIVE in 6.948468446731567
2019-11-18 21:32:52.123 23216 INFO rally.task.runner [-] Task f0c16f69-272d-4c2f-ad2b-b66b4e17b899 | ITER: 10 END: OK
2019-11-18 21:32:52.157 20411 INFO rally.task.context [-] Task f0c16f69-272d-4c2f-ad2b-b66b4e17b899 | Context cleanup@openstack cleanup() started
2019-11-18 21:32:52.163 20411 RALLYDEBUG rally_openstack.cleanup.manager [-] Cleaning up nova servers objects
2019-11-18 21:32:53.561 20411 RALLYDEBUG rally_openstack.cleanup.manager [-] Cleaning up nova server_groups objects
2019-11-18 21:32:54.688 20411 RALLYDEBUG rally_openstack.cleanup.manager [-] Cleaning up nova keypairs objects
2019-11-18 21:32:56.975 20411 RALLYDEBUG rally_openstack.cleanup.manager [-] Cleaning up cinder backups objects
2019-11-18 21:32:58.144 20411 RALLYDEBUG rally_openstack.cleanup.manager [-] Cleaning up cinder volume_snapshots objects
2019-11-18 21:32:59.309 20411 RALLYDEBUG rally_openstack.cleanup.manager [-] Cleaning up cinder transfers objects
2019-11-18 21:33:00.463 20411 RALLYDEBUG rally_openstack.cleanup.manager [-] Cleaning up cinder volumes objects
2019-11-18 21:33:01.736 20411 RALLYDEBUG rally_openstack.cleanup.manager [-] Deleting cinder.volumes object s_rally_566fd4f9_29WJn8he (ccf2f81d-865c-4a48-a2f2-9e0910b1bdd1)
2019-11-18 21:33:01.745 20411 RALLYDEBUG rally_openstack.cleanup.manager [-] Deleting cinder.volumes object s_rally_566fd4f9_I5rx5QCN (33d83c1c-42ec-4a02-8594-d1369e7763de)
2019-11-18 21:33:01.754 20411 RALLYDEBUG rally_openstack.cleanup.manager [-] Deleting cinder.volumes object s_rally_566fd4f9_R1zoqgXQ (af23d47a-0650-4c04-ace8-37e96429d50f)
2019-11-18 21:33:01.757 20411 RALLYDEBUG rally_openstack.cleanup.manager [-] Deleting cinder.volumes object s_rally_566fd4f9_kHFxEB8N (13e8145f-b49e-40f0-ac68-1b2ec1cedd76)
2019-11-18 21:33:01.766 20411 RALLYDEBUG rally_openstack.cleanup.manager [-] Deleting cinder.volumes object s_rally_566fd4f9_nx851DS0 (f6059322-202f-41f2-ab11-b07971ab582e)
2019-11-18 21:33:01.780 20411 RALLYDEBUG rally_openstack.cleanup.manager [-] Deleting cinder.volumes object s_rally_566fd4f9_K4Xu7iHD (e71e3c8a-031c-44d3-9b25-3ec4f90b35ae)
2019-11-18 21:33:01.791 20411 RALLYDEBUG rally_openstack.cleanup.manager [-] Deleting cinder.volumes object s_rally_566fd4f9_9A3gOiqm (84252a6c-90cb-42e3-9f64-0c9ed7ab91be)
2019-11-18 21:33:01.807 20411 RALLYDEBUG rally_openstack.cleanup.manager [-] Deleting cinder.volumes object s_rally_566fd4f9_Sc7FvdmX (3d4aa8d2-6cfc-4f56-8d77-daf83d53d2e3)
2019-11-18 21:33:01.813 20411 RALLYDEBUG rally_openstack.cleanup.manager [-] Deleting cinder.volumes object s_rally_566fd4f9_w6VDyCAu (40ef1290-80f9-4b38-b621-14bafe10b78a)
2019-11-18 21:33:01.831 20411 RALLYDEBUG rally_openstack.cleanup.manager [-] Deleting cinder.volumes object s_rally_566fd4f9_Ptuof8Ie (7d8f5ab3-221b-4edd-b27c-17e4d3a749c0)
2019-11-18 21:33:05.531 20411 INFO rally.task.context [-] Task f0c16f69-272d-4c2f-ad2b-b66b4e17b899 | Context cleanup@openstack cleanup() finished in 13.37 sec
2019-11-18 21:33:05.532 20411 INFO rally.task.context [-] Task f0c16f69-272d-4c2f-ad2b-b66b4e17b899 | Context network@openstack cleanup() started
2019-11-18 21:33:28.921 20411 INFO rally.task.context [-] Task f0c16f69-272d-4c2f-ad2b-b66b4e17b899 | Context network@openstack cleanup() finished in 23.39 sec
2019-11-18 21:33:28.922 20411 INFO rally.task.context [-] Task f0c16f69-272d-4c2f-ad2b-b66b4e17b899 | Context quotas@openstack cleanup() started
2019-11-18 21:33:29.306 20411 INFO rally.task.context [-] Task f0c16f69-272d-4c2f-ad2b-b66b4e17b899 | Context quotas@openstack cleanup() finished in 0.38 sec
2019-11-18 21:33:29.307 20411 INFO rally.task.context [-] Task f0c16f69-272d-4c2f-ad2b-b66b4e17b899 | Context api_versions@openstack cleanup() started
2019-11-18 21:33:29.307 20411 INFO rally.task.context [-] Task f0c16f69-272d-4c2f-ad2b-b66b4e17b899 | Context api_versions@openstack cleanup() finished in 0.41 msec
2019-11-18 21:33:29.308 20411 INFO rally.task.context [-] Task f0c16f69-272d-4c2f-ad2b-b66b4e17b899 | Context users@openstack cleanup() started
2019-11-18 21:33:33.372 20411 INFO rally.task.context [-] Task f0c16f69-272d-4c2f-ad2b-b66b4e17b899 | Context users@openstack cleanup() finished in 4.06 sec
2019-11-18 21:33:35.127 20411 INFO rally.task.engine [-] Load duration is: 123.700658
2019-11-18 21:33:35.128 20411 INFO rally.task.engine [-] Full runner duration is: 124.759259
2019-11-18 21:33:35.128 20411 INFO rally.task.engine [-] Full duration is: 185.037588
2019-11-18 21:33:35.436 20411 INFO rally.task.engine [-] Running workload: position = 0 config = { "version": 2, "title": "A cropped version of a bigger task.", "description": "Auto-generated task from a single workload (uuid=88292919-8e21-41cd-a9f9-272b55858952)", "subtasks": [ { "title": "NovaServers.pause_and_unpause_server", "description": "Create a server, pause, unpause and then delete it", "scenario": { "NovaServers.pause_and_unpause_server": { "flavor": { "name": "rally_full-flavor_00f7b341-174b-4e8f-9b53-bfd161b2cdfa" }, "image": { "name": "rally_full-img_00f7b341-174b-4e8f-9b53-bfd161b2cdfa" }, "force_delete": false, "nics": [ { "net-id": "6652dd7c-f0a3-4f25-801e-45e11a61489c" } ] } }, "contexts": { "users": { "tenants": 3, "users_per_tenant": 2 }, "network": { "networks_per_tenant": 1, "start_cidr": "100.1.0.0/25" }, "quotas": { "neutron": { "network": -1, "port": -1, "subnet": -1 }, "nova": { "cores": -1, "floating_ips": -1, "instances": -1, "ram": -1, "security_group_rules": -1, "security_groups": -1 } } }, "runner": { "constant": { "concurrency": 4, "times": 10 } }, "hooks": [], "sla": { "failure_rate": { "max": 0 } } } ] }
2019-11-18 21:33:35.460 20411 RALLYDEBUG rally_openstack.contexts.keystone.users [-] Creating 3 tenants using 20 threads
2019-11-18 21:33:36.512 20411 RALLYDEBUG rally_openstack.contexts.keystone.users [-] Creating 6 users using 20 threads
2019-11-18 21:33:38.051 20411 INFO rally.task.context [-] Task f0c16f69-272d-4c2f-ad2b-b66b4e17b899 | Context users@openstack setup() finished in 2.59 sec
2019-11-18 21:33:39.880 20411 INFO rally.task.context [-] Task f0c16f69-272d-4c2f-ad2b-b66b4e17b899 | Context quotas@openstack setup() finished in 1.83 sec
2019-11-18 21:33:42.221 20411 RALLYDEBUG rally_openstack.wrappers.network [-] CIDR generated: 100.1.12.0/25
2019-11-18 21:33:46.878 20411 RALLYDEBUG rally_openstack.wrappers.network [-] CIDR generated: 100.1.12.128/25
2019-11-18 21:33:50.799 20411 RALLYDEBUG rally_openstack.wrappers.network [-] CIDR generated: 100.1.13.0/25
2019-11-18 21:33:53.059 20411 INFO rally.task.context [-] Task f0c16f69-272d-4c2f-ad2b-b66b4e17b899 | Context network@openstack setup() finished in 13.18 sec
2019-11-18 21:33:53.060 20411 INFO rally.task.context [-] Task f0c16f69-272d-4c2f-ad2b-b66b4e17b899 | Context cleanup@openstack setup() finished in 0.02 msec
2019-11-18 21:33:53.899 20411 RALLYDEBUG rally.task.runner [-] Starting the constant runner (task UUID: f0c16f69-272d-4c2f-ad2b-b66b4e17b899). times: 10 concurrency: 4 timeout: 0 max_cpu_used: 16 processes_to_start: 4 concurrency_per_worker: 1 concurrency_overhead: 0
2019-11-18 21:33:53.912 23459 RALLYDEBUG rally.task.runner [-] Starting a worker. times: 10 duration: None concurrency: 1 timeout: 0 cls: method_name: run args: {"flavor": "20f9b21d-fa02-4686-8c91-5a88ae727ac8", "image": "bc09d53d-d329-4699-ba5f-613e9114d6ba", "force_delete": false, "nics": [{"net-id": "6652dd7c-f0a3-4f25-801e-45e11a61489c"}]}
2019-11-18 21:33:53.915 23460 RALLYDEBUG rally.task.runner [-] Starting a worker. times: 10 duration: None concurrency: 1 timeout: 0 cls: method_name: run args: {"flavor": "20f9b21d-fa02-4686-8c91-5a88ae727ac8", "image": "bc09d53d-d329-4699-ba5f-613e9114d6ba", "force_delete": false, "nics": [{"net-id": "6652dd7c-f0a3-4f25-801e-45e11a61489c"}]}
2019-11-18 21:33:53.920 23459 INFO rally.task.runner [-] Task f0c16f69-272d-4c2f-ad2b-b66b4e17b899 | ITER: 1 START
2019-11-18 21:33:53.919 23461 RALLYDEBUG rally.task.runner [-] Starting a worker. times: 10 duration: None concurrency: 1 timeout: 0 cls: method_name: run args: {"flavor": "20f9b21d-fa02-4686-8c91-5a88ae727ac8", "image": "bc09d53d-d329-4699-ba5f-613e9114d6ba", "force_delete": false, "nics": [{"net-id": "6652dd7c-f0a3-4f25-801e-45e11a61489c"}]}
2019-11-18 21:33:53.922 23460 INFO rally.task.runner [-] Task f0c16f69-272d-4c2f-ad2b-b66b4e17b899 | ITER: 2 START
2019-11-18 21:33:53.923 23462 RALLYDEBUG rally.task.runner [-] Starting a worker. times: 10 duration: None concurrency: 1 timeout: 0 cls: method_name: run args: {"flavor": "20f9b21d-fa02-4686-8c91-5a88ae727ac8", "image": "bc09d53d-d329-4699-ba5f-613e9114d6ba", "force_delete": false, "nics": [{"net-id": "6652dd7c-f0a3-4f25-801e-45e11a61489c"}]}
2019-11-18 21:33:53.927 23461 INFO rally.task.runner [-] Task f0c16f69-272d-4c2f-ad2b-b66b4e17b899 | ITER: 3 START
2019-11-18 21:33:53.931 23462 INFO rally.task.runner [-] Task f0c16f69-272d-4c2f-ad2b-b66b4e17b899 | ITER: 4 START
2019-11-18 21:34:00.997 23462 RALLYDEBUG rally.task.utils [-] Waiting for resource s_rally_88292919_cwHQgu2H. Status changed: BUILD => ACTIVE in 4.761765956878662
2019-11-18 21:34:03.004 23461 RALLYDEBUG rally.task.utils [-] Waiting for resource s_rally_88292919_E3Z7LLwf. Status changed: BUILD => ACTIVE in 6.860148668289185
2019-11-18 21:34:03.101 23459 RALLYDEBUG rally.task.utils [-] Waiting for resource s_rally_88292919_tE8U8Hs8. Status changed: BUILD => ACTIVE in 6.8330042362213135
2019-11-18 21:34:03.378 23462 RALLYDEBUG rally.task.utils [-] Waiting for resource s_rally_88292919_cwHQgu2H. Status changed: ACTIVE => PAUSED in 0.2656707763671875
2019-11-18 21:34:03.594 23460 RALLYDEBUG rally.task.utils [-] Waiting for resource s_rally_88292919_FJo03PaV. Status changed: BUILD => ACTIVE in 6.952805042266846
2019-11-18 21:34:05.395 23461 RALLYDEBUG rally.task.utils [-] Waiting for resource s_rally_88292919_E3Z7LLwf. Status changed: ACTIVE => PAUSED in 0.2721860408782959
2019-11-18 21:34:05.578 23459 RALLYDEBUG rally.task.utils [-] Waiting for resource s_rally_88292919_tE8U8Hs8. Status changed: ACTIVE => PAUSED in 0.3118777275085449
2019-11-18 21:34:06.001 23460 RALLYDEBUG rally.task.utils [-] Waiting for resource s_rally_88292919_FJo03PaV. Status changed: ACTIVE => PAUSED in 0.28483152389526367
2019-11-18 21:34:08.075 23462 INFO rally.task.runner [-] Task f0c16f69-272d-4c2f-ad2b-b66b4e17b899 | ITER: 4 END: OK
2019-11-18 21:34:08.080 23462 INFO rally.task.runner [-] Task f0c16f69-272d-4c2f-ad2b-b66b4e17b899 | ITER: 5 START
2019-11-18 21:34:10.173 23461 INFO rally.task.runner [-] Task f0c16f69-272d-4c2f-ad2b-b66b4e17b899 | ITER: 3 END: OK
2019-11-18 21:34:10.178 23461 INFO rally.task.runner [-] Task f0c16f69-272d-4c2f-ad2b-b66b4e17b899 | ITER: 6 START
2019-11-18 21:34:10.494 23459 INFO rally.task.runner [-] Task f0c16f69-272d-4c2f-ad2b-b66b4e17b899 | ITER: 1 END: OK
2019-11-18 21:34:10.499 23459 INFO rally.task.runner [-] Task f0c16f69-272d-4c2f-ad2b-b66b4e17b899 | ITER: 7 START
2019-11-18 21:34:10.647 23460 INFO rally.task.runner [-] Task f0c16f69-272d-4c2f-ad2b-b66b4e17b899 | ITER: 2 END: OK
2019-11-18 21:34:10.652 23460 INFO rally.task.runner [-] Task f0c16f69-272d-4c2f-ad2b-b66b4e17b899 | ITER: 8 START
2019-11-18 21:34:14.999 23462 RALLYDEBUG rally.task.utils [-] Waiting for resource s_rally_88292919_4wPq0oSQ. Status changed: BUILD => ACTIVE in 4.689486265182495
2019-11-18 21:34:17.359 23462 RALLYDEBUG rally.task.utils [-] Waiting for resource s_rally_88292919_4wPq0oSQ. Status changed: ACTIVE => PAUSED in 0.24515771865844727
2019-11-18 21:34:19.777 23459 RALLYDEBUG rally.task.utils [-] Waiting for resource s_rally_88292919_j81tnpxv. Status changed: BUILD => ACTIVE in 7.059728145599365
2019-11-18 21:34:19.789 23460 RALLYDEBUG rally.task.utils [-] Waiting for resource s_rally_88292919_smDFBaqw. Status changed: BUILD => ACTIVE in 6.8528947830200195
2019-11-18 21:34:21.700 23461 RALLYDEBUG rally.task.utils [-] Waiting for resource s_rally_88292919_EIgOdg5d. Status changed: BUILD => ACTIVE in 9.11951494216919
2019-11-18 21:34:22.039 23462 INFO rally.task.runner [-] Task f0c16f69-272d-4c2f-ad2b-b66b4e17b899 | ITER: 5 END: OK
2019-11-18 21:34:22.046 23462 INFO rally.task.runner [-] Task f0c16f69-272d-4c2f-ad2b-b66b4e17b899 | ITER: 9 START
2019-11-18 21:34:22.120 23459 RALLYDEBUG rally.task.utils [-] Waiting for resource s_rally_88292919_j81tnpxv. Status changed: ACTIVE => PAUSED in 0.2288506031036377
2019-11-18 21:34:22.132 23460 RALLYDEBUG rally.task.utils [-] Waiting for resource s_rally_88292919_smDFBaqw. Status changed: ACTIVE => PAUSED in 0.22718429565429688
2019-11-18 21:34:24.082 23461 RALLYDEBUG rally.task.utils [-] Waiting for resource s_rally_88292919_EIgOdg5d. Status changed: ACTIVE => PAUSED in 0.2516939640045166
2019-11-18 21:34:26.751 23459 INFO rally.task.runner [-] Task f0c16f69-272d-4c2f-ad2b-b66b4e17b899 | ITER: 7 END: OK
2019-11-18 21:34:26.758 23459 INFO rally.task.runner [-] Task f0c16f69-272d-4c2f-ad2b-b66b4e17b899 | ITER: 10 START
2019-11-18 21:34:26.910 23460 INFO rally.task.runner [-] Task f0c16f69-272d-4c2f-ad2b-b66b4e17b899 | ITER: 8 END: OK
2019-11-18 21:34:28.771 23461 INFO rally.task.runner [-] Task f0c16f69-272d-4c2f-ad2b-b66b4e17b899 | ITER: 6 END: OK
2019-11-18 21:34:28.810 23462 RALLYDEBUG rally.task.utils [-] Waiting for resource s_rally_88292919_3QwisiEc. Status changed: BUILD => ACTIVE in 4.673446416854858
2019-11-18 21:34:31.152 23462 RALLYDEBUG rally.task.utils [-] Waiting for resource s_rally_88292919_3QwisiEc. Status changed: ACTIVE => PAUSED in 0.22782492637634277
2019-11-18 21:34:33.578 23459 RALLYDEBUG rally.task.utils [-] Waiting for resource s_rally_88292919_vlKTYQHJ. Status changed: BUILD => ACTIVE in 4.591132164001465
2019-11-18 21:34:35.911 23459 RALLYDEBUG rally.task.utils [-] Waiting for resource s_rally_88292919_vlKTYQHJ. Status changed: ACTIVE => PAUSED in 0.21128344535827637
2019-11-18 21:34:35.961 23462 INFO rally.task.runner [-] Task f0c16f69-272d-4c2f-ad2b-b66b4e17b899 | ITER: 9 END: OK
2019-11-18 21:34:40.762 23459 INFO rally.task.runner [-] Task f0c16f69-272d-4c2f-ad2b-b66b4e17b899 | ITER: 10 END: OK
2019-11-18 21:34:40.796 20411 INFO rally.task.context [-] Task f0c16f69-272d-4c2f-ad2b-b66b4e17b899 | Context cleanup@openstack cleanup() started
2019-11-18 21:34:40.799 20411 RALLYDEBUG rally_openstack.cleanup.manager [-] Cleaning up nova servers objects
2019-11-18 21:34:42.117 20411 RALLYDEBUG rally_openstack.cleanup.manager [-] Cleaning up nova server_groups objects
2019-11-18 21:34:43.278 20411 RALLYDEBUG rally_openstack.cleanup.manager [-] Cleaning up nova keypairs objects
2019-11-18 21:34:45.736 20411 INFO rally.task.context [-] Task f0c16f69-272d-4c2f-ad2b-b66b4e17b899 | Context cleanup@openstack cleanup() finished in 4.94 sec
2019-11-18 21:34:45.737 20411 INFO rally.task.context [-] Task f0c16f69-272d-4c2f-ad2b-b66b4e17b899 | Context network@openstack cleanup() started
2019-11-18 21:35:08.696 20411 INFO rally.task.context [-] Task f0c16f69-272d-4c2f-ad2b-b66b4e17b899 | Context network@openstack cleanup() finished in 22.96 sec
2019-11-18 21:35:08.697 20411 INFO rally.task.context [-] Task f0c16f69-272d-4c2f-ad2b-b66b4e17b899 | Context quotas@openstack cleanup() started
2019-11-18 21:35:09.013 20411 INFO rally.task.context [-] Task f0c16f69-272d-4c2f-ad2b-b66b4e17b899 | Context quotas@openstack cleanup() finished in 0.32 sec
2019-11-18 21:35:09.014 20411 INFO rally.task.context [-] Task f0c16f69-272d-4c2f-ad2b-b66b4e17b899 | Context users@openstack cleanup() started
2019-11-18 21:35:13.426 20411 INFO rally.task.context [-] Task f0c16f69-272d-4c2f-ad2b-b66b4e17b899 | Context users@openstack cleanup() finished in 4.41 sec
2019-11-18 21:35:13.941 20411 INFO rally.task.engine [-] Load duration is: 41.840735
2019-11-18 21:35:13.942 20411 INFO rally.task.engine [-] Full runner duration is: 46.897331
2019-11-18 21:35:13.942 20411 INFO rally.task.engine [-] Full duration is: 97.96874
2019-11-18 21:35:14.295 20411 INFO rally.task.engine [-] Running workload: position = 0 config = { "version": 2, "title": "A cropped version of a bigger task.", "description": "Auto-generated task from a single workload (uuid=af3e2c64-3cdc-44ad-94cf-bd7f0aaa7abf)", "subtasks": [ { "title": "NovaServers.boot_and_migrate_server", "description": "Migrate a server.", "scenario": { "NovaServers.boot_and_migrate_server": { "flavor": { "name": "rally_full-flavor_00f7b341-174b-4e8f-9b53-bfd161b2cdfa" }, "image": { "name": "rally_full-img_00f7b341-174b-4e8f-9b53-bfd161b2cdfa" }, "nics": [ { "net-id": "6652dd7c-f0a3-4f25-801e-45e11a61489c" } ] } }, "contexts": { "users": { "tenants": 3, "users_per_tenant": 2 } }, "runner": { "constant": { "concurrency": 4, "times": 10 } }, "hooks": [], "sla": { "failure_rate": { "max": 0 } } } ] }
2019-11-18 21:35:14.319 20411 RALLYDEBUG rally_openstack.contexts.keystone.users [-] Creating 3 tenants using 20 threads
2019-11-18 21:35:15.453 20411 RALLYDEBUG rally_openstack.contexts.keystone.users [-] Creating 6 users using 20 threads
2019-11-18 21:35:16.994 20411 INFO rally.task.context [-] Task f0c16f69-272d-4c2f-ad2b-b66b4e17b899 | Context users@openstack setup() finished in 2.67 sec
2019-11-18 21:35:16.994 20411 INFO rally.task.context [-] Task f0c16f69-272d-4c2f-ad2b-b66b4e17b899 | Context cleanup@openstack setup() finished in 0.01 msec
2019-11-18 21:35:18.376 20411 RALLYDEBUG rally.task.runner [-] Starting the constant runner (task UUID: f0c16f69-272d-4c2f-ad2b-b66b4e17b899). times: 10 concurrency: 4 timeout: 0 max_cpu_used: 16 processes_to_start: 4 concurrency_per_worker: 1 concurrency_overhead: 0
2019-11-18 21:35:18.388 23623 RALLYDEBUG rally.task.runner [-] Starting a worker. times: 10 duration: None concurrency: 1 timeout: 0 cls: method_name: run args: {"flavor": "20f9b21d-fa02-4686-8c91-5a88ae727ac8", "image": "bc09d53d-d329-4699-ba5f-613e9114d6ba", "nics": [{"net-id": "6652dd7c-f0a3-4f25-801e-45e11a61489c"}]}
2019-11-18 21:35:18.392 23624 RALLYDEBUG rally.task.runner [-] Starting a worker. times: 10 duration: None concurrency: 1 timeout: 0 cls: method_name: run args: {"flavor": "20f9b21d-fa02-4686-8c91-5a88ae727ac8", "image": "bc09d53d-d329-4699-ba5f-613e9114d6ba", "nics": [{"net-id": "6652dd7c-f0a3-4f25-801e-45e11a61489c"}]}
2019-11-18 21:35:18.395 23623 INFO rally.task.runner [-] Task f0c16f69-272d-4c2f-ad2b-b66b4e17b899 | ITER: 1 START
2019-11-18 21:35:18.399 23624 INFO rally.task.runner [-] Task f0c16f69-272d-4c2f-ad2b-b66b4e17b899 | ITER: 2 START
2019-11-18 21:35:18.406 23629 RALLYDEBUG rally.task.runner [-] Starting a worker. times: 10 duration: None concurrency: 1 timeout: 0 cls: method_name: run args: {"flavor": "20f9b21d-fa02-4686-8c91-5a88ae727ac8", "image": "bc09d53d-d329-4699-ba5f-613e9114d6ba", "nics": [{"net-id": "6652dd7c-f0a3-4f25-801e-45e11a61489c"}]}
2019-11-18 21:35:18.411 23630 RALLYDEBUG rally.task.runner [-] Starting a worker. times: 10 duration: None concurrency: 1 timeout: 0 cls: method_name: run args: {"flavor": "20f9b21d-fa02-4686-8c91-5a88ae727ac8", "image": "bc09d53d-d329-4699-ba5f-613e9114d6ba", "nics": [{"net-id": "6652dd7c-f0a3-4f25-801e-45e11a61489c"}]}
2019-11-18 21:35:18.413 23629 INFO rally.task.runner [-] Task f0c16f69-272d-4c2f-ad2b-b66b4e17b899 | ITER: 3 START
2019-11-18 21:35:18.418 23630 INFO rally.task.runner [-] Task f0c16f69-272d-4c2f-ad2b-b66b4e17b899 | ITER: 4 START
2019-11-18 21:35:25.428 23630 RALLYDEBUG rally.task.utils [-] Waiting for resource s_rally_af3e2c64_g6Peb7Vg. Status changed: BUILD => ACTIVE in 4.6087024211883545
2019-11-18 21:35:25.471 23623 RALLYDEBUG rally.task.utils [-] Waiting for resource s_rally_af3e2c64_2sOR5Cg0. Status changed: BUILD => ACTIVE in 4.617817163467407
2019-11-18 21:35:27.202 23630 RALLYDEBUG rally.task.utils [-] Waiting for resource s_rally_af3e2c64_g6Peb7Vg. Status changed: ACTIVE => RESIZE in 0.17836308479309082
2019-11-18 21:35:27.204 23623 RALLYDEBUG rally.task.utils [-] Waiting for resource s_rally_af3e2c64_2sOR5Cg0. Status changed: ACTIVE => RESIZE in 0.18539118766784668
2019-11-18 21:35:27.616 23624 RALLYDEBUG rally.task.utils [-] Waiting for resource s_rally_af3e2c64_z1wX2rTu. Status changed: BUILD => ACTIVE in 6.797272443771362
2019-11-18 21:35:29.402 23624 RALLYDEBUG rally.task.utils [-] Waiting for resource s_rally_af3e2c64_z1wX2rTu. Status changed: ACTIVE => RESIZE in 0.24133753776550293
2019-11-18 21:35:40.522 23624 RALLYDEBUG rally.task.utils [-] Waiting for resource s_rally_af3e2c64_z1wX2rTu. Status changed: RESIZE => VERIFY_RESIZE in 11.119781494140625
2019-11-18 21:35:41.174 23624 RALLYDEBUG rally.task.utils [-] Waiting for resource s_rally_af3e2c64_z1wX2rTu. Status changed: ACTIVE => VERIFY_RESIZE in 0.15536022186279297
2019-11-18 21:35:43.427 23624 RALLYDEBUG rally.task.utils [-] Waiting for resource s_rally_af3e2c64_z1wX2rTu. Status changed: VERIFY_RESIZE => ACTIVE in 2.252977132797241
2019-11-18 21:35:44.756 23630 RALLYDEBUG rally.task.utils [-] Waiting for resource s_rally_af3e2c64_g6Peb7Vg. Status changed: RESIZE => VERIFY_RESIZE in 17.554229497909546
2019-11-18 21:35:45.096 23630 RALLYDEBUG rally.task.utils [-] Waiting for resource s_rally_af3e2c64_g6Peb7Vg. Status changed: ACTIVE => VERIFY_RESIZE in 0.15185308456420898
2019-11-18 21:35:45.268 23623 RALLYDEBUG rally.task.utils [-] Waiting for resource s_rally_af3e2c64_2sOR5Cg0. Status changed: RESIZE => VERIFY_RESIZE in 18.063414812088013
2019-11-18 21:35:45.745 23624 INFO rally.task.runner [-] Task f0c16f69-272d-4c2f-ad2b-b66b4e17b899 | ITER: 2 END: OK
2019-11-18 21:35:45.753 23624 INFO rally.task.runner [-] Task f0c16f69-272d-4c2f-ad2b-b66b4e17b899 | ITER: 5 START
2019-11-18 21:35:45.762 23623 RALLYDEBUG rally.task.utils [-] Waiting for resource s_rally_af3e2c64_2sOR5Cg0. Status changed: ACTIVE => VERIFY_RESIZE in 0.2450418472290039
2019-11-18 21:35:47.254 23630 RALLYDEBUG rally.task.utils [-] Waiting for resource s_rally_af3e2c64_g6Peb7Vg. Status changed: VERIFY_RESIZE => ACTIVE in 2.157740831375122
2019-11-18 21:35:47.935 23623 RALLYDEBUG rally.task.utils [-] Waiting for resource s_rally_af3e2c64_2sOR5Cg0. Status changed: VERIFY_RESIZE => ACTIVE in 2.1729161739349365
2019-11-18 21:35:49.581 23630 INFO rally.task.runner [-] Task f0c16f69-272d-4c2f-ad2b-b66b4e17b899 | ITER: 4 END: OK
2019-11-18 21:35:49.589 23630 INFO rally.task.runner [-] Task f0c16f69-272d-4c2f-ad2b-b66b4e17b899 | ITER: 6 START
2019-11-18 21:35:50.278 23623 INFO rally.task.runner [-] Task f0c16f69-272d-4c2f-ad2b-b66b4e17b899 | ITER: 1 END: OK
2019-11-18 21:35:50.284 23623 INFO rally.task.runner [-] Task f0c16f69-272d-4c2f-ad2b-b66b4e17b899 | ITER: 7 START
2019-11-18 21:35:52.649 23624 RALLYDEBUG rally.task.utils [-] Waiting for resource s_rally_af3e2c64_h2zGE7s9. Status changed: BUILD => ACTIVE in 4.58230185508728
2019-11-18 21:35:54.363 23624 RALLYDEBUG rally.task.utils [-] Waiting for resource s_rally_af3e2c64_h2zGE7s9. Status changed: ACTIVE => RESIZE in 0.18775033950805664
2019-11-18 21:35:56.476 23630 RALLYDEBUG rally.task.utils [-] Waiting for resource s_rally_af3e2c64_8IBBRIrw. Status changed: BUILD => ACTIVE in 4.688828229904175
2019-11-18 21:35:58.470 23630 RALLYDEBUG rally.task.utils [-] Waiting for resource s_rally_af3e2c64_8IBBRIrw. Status changed: ACTIVE => RESIZE in 0.139237642288208
2019-11-18 21:35:59.273 23623 RALLYDEBUG rally.task.utils [-] Waiting for resource s_rally_af3e2c64_KlH6vDXZ. Status changed: BUILD => ACTIVE in 6.6753764152526855
2019-11-18 21:36:01.085 23623 RALLYDEBUG rally.task.utils [-] Waiting for resource s_rally_af3e2c64_KlH6vDXZ. Status changed: ACTIVE => RESIZE in 0.25095605850219727
2019-11-18 21:36:05.592 23624 RALLYDEBUG rally.task.utils [-] Waiting for resource s_rally_af3e2c64_h2zGE7s9. Status changed: RESIZE => VERIFY_RESIZE in 11.228774070739746
2019-11-18 21:36:06.170 23624 RALLYDEBUG rally.task.utils [-] Waiting for resource s_rally_af3e2c64_h2zGE7s9. Status changed: ACTIVE => VERIFY_RESIZE in 0.16710400581359863
2019-11-18 21:36:07.154 23630 RALLYDEBUG rally.task.utils [-] Waiting for resource s_rally_af3e2c64_8IBBRIrw. Status changed: RESIZE => VERIFY_RESIZE in 8.68374514579773
2019-11-18 21:36:07.577 23630 RALLYDEBUG rally.task.utils [-] Waiting for resource s_rally_af3e2c64_8IBBRIrw. Status changed: ACTIVE => VERIFY_RESIZE in 0.19414091110229492
2019-11-18 21:36:08.344 23624 RALLYDEBUG rally.task.utils [-] Waiting for resource s_rally_af3e2c64_h2zGE7s9. Status changed: VERIFY_RESIZE => ACTIVE in 2.1737782955169678
2019-11-18 21:36:10.013 23630 RALLYDEBUG rally.task.utils [-] Waiting for resource s_rally_af3e2c64_8IBBRIrw. Status changed: VERIFY_RESIZE => ACTIVE in 2.435739517211914
2019-11-18 21:36:10.686 23624 INFO rally.task.runner [-] Task f0c16f69-272d-4c2f-ad2b-b66b4e17b899 | ITER: 5 END: OK
2019-11-18 21:36:10.691 23624 INFO rally.task.runner [-] Task f0c16f69-272d-4c2f-ad2b-b66b4e17b899 | ITER: 8 START
2019-11-18 21:36:12.019 23623 RALLYDEBUG rally.task.utils [-] Waiting for resource s_rally_af3e2c64_KlH6vDXZ. Status changed: RESIZE => VERIFY_RESIZE in 10.93470025062561
2019-11-18 21:36:12.409 23630 INFO rally.task.runner [-] Task f0c16f69-272d-4c2f-ad2b-b66b4e17b899 | ITER: 6 END: OK
2019-11-18 21:36:12.413 23630 INFO rally.task.runner [-] Task f0c16f69-272d-4c2f-ad2b-b66b4e17b899 | ITER: 9 START
2019-11-18 21:36:12.434 23623 RALLYDEBUG rally.task.utils [-] Waiting for resource s_rally_af3e2c64_KlH6vDXZ. Status changed: ACTIVE => VERIFY_RESIZE in 0.15079331398010254
2019-11-18 21:36:14.645 23623 RALLYDEBUG rally.task.utils [-] Waiting for resource s_rally_af3e2c64_KlH6vDXZ. Status changed: VERIFY_RESIZE => ACTIVE in 2.2108871936798096
2019-11-18 21:36:16.962 23623 INFO rally.task.runner [-] Task f0c16f69-272d-4c2f-ad2b-b66b4e17b899 | ITER: 7 END: OK
2019-11-18 21:36:16.967 23623 INFO rally.task.runner [-] Task f0c16f69-272d-4c2f-ad2b-b66b4e17b899 | ITER: 10 START
2019-11-18 21:36:17.743 23624 RALLYDEBUG rally.task.utils [-] Waiting for resource s_rally_af3e2c64_1pAZPyEl. Status changed: BUILD => ACTIVE in 4.762075662612915
2019-11-18 21:36:19.516 23624 RALLYDEBUG rally.task.utils [-] Waiting for resource s_rally_af3e2c64_1pAZPyEl. Status changed: ACTIVE => RESIZE in 0.23984932899475098
2019-11-18 21:36:21.806 23630 RALLYDEBUG rally.task.utils [-] Waiting for resource s_rally_af3e2c64_etZezkby. Status changed: BUILD => ACTIVE in 6.88535475730896
2019-11-18 21:36:23.498 23630 RALLYDEBUG rally.task.utils [-] Waiting for resource s_rally_af3e2c64_etZezkby. Status changed: ACTIVE => RESIZE in 0.14253973960876465
2019-11-18 21:36:23.802 23623 RALLYDEBUG rally.task.utils [-] Waiting for resource s_rally_af3e2c64_5FYz0xyi. Status changed: BUILD => ACTIVE in 4.643369674682617
2019-11-18 21:36:25.501 23623 RALLYDEBUG rally.task.utils [-] Waiting for resource s_rally_af3e2c64_5FYz0xyi. Status changed: ACTIVE => RESIZE in 0.19940733909606934
2019-11-18 21:36:32.457 23630 RALLYDEBUG rally.task.utils [-] Waiting for resource s_rally_af3e2c64_etZezkby. Status changed: RESIZE => VERIFY_RESIZE in 8.959144830703735
2019-11-18 21:36:32.855 23630 RALLYDEBUG rally.task.utils [-] Waiting for resource s_rally_af3e2c64_etZezkby. Status changed: ACTIVE => VERIFY_RESIZE in 0.15069341659545898
2019-11-18 21:36:35.031 23630 RALLYDEBUG rally.task.utils [-] Waiting for resource s_rally_af3e2c64_etZezkby. Status changed: VERIFY_RESIZE => ACTIVE in 2.176072120666504
2019-11-18 21:36:37.363 23630 INFO rally.task.runner [-] Task f0c16f69-272d-4c2f-ad2b-b66b4e17b899 | ITER: 9 END: OK
2019-11-18 21:36:37.444 23624 RALLYDEBUG rally.task.utils [-] Waiting for resource s_rally_af3e2c64_1pAZPyEl. Status changed: RESIZE => VERIFY_RESIZE in 17.92775845527649
2019-11-18 21:36:37.875 23624 RALLYDEBUG rally.task.utils [-] Waiting for resource s_rally_af3e2c64_1pAZPyEl. Status changed: ACTIVE => VERIFY_RESIZE in 0.1551053524017334
2019-11-18 21:36:40.137 23624 RALLYDEBUG rally.task.utils [-] Waiting for resource s_rally_af3e2c64_1pAZPyEl. Status changed: VERIFY_RESIZE => ACTIVE in 2.2622902393341064
2019-11-18 21:36:42.520 23624 INFO rally.task.runner [-] Task f0c16f69-272d-4c2f-ad2b-b66b4e17b899 | ITER: 8 END: OK
