2019-11-18 20:14:25.653 3234 RALLYDEBUG rally.task.utils [-] Waiting for resource s_rally_b12cf409_oxfHRj2v. Status changed: AVAILABLE => DELETING in 0.064483642578125
2019-11-18 20:14:27.106 3237 RALLYDEBUG rally.task.utils [-] Waiting for resource s_rally_b12cf409_pOPTKPPB. Status changed: ATTACHING => IN-USE in 2.3982810974121094
2019-11-18 20:14:27.254 3235 RALLYDEBUG rally.task.utils [-] Waiting for resource s_rally_b12cf409_NhSsULqV. Status changed: ATTACHING => IN-USE in 2.4185168743133545
2019-11-18 20:14:27.662 3237 RALLYDEBUG rally.task.utils [-] Waiting for resource s_rally_b12cf409_pOPTKPPB. Status changed: AVAILABLE => DETACHING in 0.3999042510986328
2019-11-18 20:14:27.805 3235 RALLYDEBUG rally.task.utils [-] Waiting for resource s_rally_b12cf409_NhSsULqV. Status changed: AVAILABLE => DETACHING in 0.39569544792175293
2019-11-18 20:14:29.319 3233 INFO rally.task.runner [-] Task 9c3de056-1a07-454e-93a5-69c3198c7467 | ITER: 5 END: OK
2019-11-18 20:14:29.324 3233 INFO rally.task.runner [-] Task 9c3de056-1a07-454e-93a5-69c3198c7467 | ITER: 9 START
2019-11-18 20:14:30.106 3234 INFO rally.task.runner [-] Task 9c3de056-1a07-454e-93a5-69c3198c7467 | ITER: 6 END: OK
2019-11-18 20:14:30.111 3234 INFO rally.task.runner [-] Task 9c3de056-1a07-454e-93a5-69c3198c7467 | ITER: 10 START
2019-11-18 20:14:30.223 3235 RALLYDEBUG rally.task.utils [-] Waiting for resource s_rally_b12cf409_NhSsULqV. Status changed: DETACHING => AVAILABLE in 2.4182345867156982
2019-11-18 20:14:30.318 3235 RALLYDEBUG rally.task.utils [-] Waiting for resource s_rally_b12cf409_yEtXQkkA. Status changed: AVAILABLE => DELETING in 0.029843568801879883
2019-11-18 20:14:30.366 3237 RALLYDEBUG rally.task.utils [-] Waiting for resource s_rally_b12cf409_pOPTKPPB. Status changed: DETACHING => AVAILABLE in 2.7037878036499023
2019-11-18 20:14:30.462 3237 RALLYDEBUG rally.task.utils [-] Waiting for resource s_rally_b12cf409_Cg7zaT4s. Status changed: AVAILABLE => DELETING in 0.027029991149902344
2019-11-18 20:14:32.493 3235 RALLYDEBUG rally.task.utils [-] Waiting for resource s_rally_b12cf409_NhSsULqV. Status changed: AVAILABLE => DELETING in 0.06605672836303711
2019-11-18 20:14:32.632 3237 RALLYDEBUG rally.task.utils [-] Waiting for resource s_rally_b12cf409_pOPTKPPB. Status changed: AVAILABLE => DELETING in 0.06632328033447266
2019-11-18 20:14:37.000 3237 INFO rally.task.runner [-] Task 9c3de056-1a07-454e-93a5-69c3198c7467 | ITER: 7 END: OK
2019-11-18 20:14:37.021 3235 INFO rally.task.runner [-] Task 9c3de056-1a07-454e-93a5-69c3198c7467 | ITER: 8 END: OK
2019-11-18 20:14:40.630 3233 RALLYDEBUG rally.task.utils [-] Waiting for resource s_rally_b12cf409_k2GCJGZ6. Status changed: BUILD => ACTIVE in 4.510923624038696
2019-11-18 20:14:41.344 3233 RALLYDEBUG rally.task.utils [-] Waiting for resource s_rally_b12cf409_DtL3Wrl6. Status changed: AVAILABLE => RESERVED in 0.4165005683898926
2019-11-18 20:14:41.602 3234 RALLYDEBUG rally.task.utils [-] Waiting for resource s_rally_b12cf409_MLLncGsv. Status changed: BUILD => ACTIVE in 4.694308280944824
2019-11-18 20:14:42.424 3234 RALLYDEBUG rally.task.utils [-] Waiting for resource s_rally_b12cf409_mf9xIiaW. Status changed: AVAILABLE => RESERVED in 0.43065595626831055
2019-11-18 20:14:43.772 3233 RALLYDEBUG rally.task.utils [-] Waiting for resource s_rally_b12cf409_DtL3Wrl6. Status changed: RESERVED => IN-USE in 2.427342176437378
2019-11-18 20:14:44.338 3233 RALLYDEBUG rally.task.utils [-] Waiting for resource s_rally_b12cf409_DtL3Wrl6. Status changed: AVAILABLE => DETACHING in 0.4077730178833008
2019-11-18 20:14:44.849 3234 RALLYDEBUG rally.task.utils [-] Waiting for resource s_rally_b12cf409_mf9xIiaW. Status changed: RESERVED => IN-USE in 2.4247052669525146
2019-11-18 20:14:45.488 3234 RALLYDEBUG rally.task.utils [-] Waiting for resource s_rally_b12cf409_mf9xIiaW. Status changed: AVAILABLE => DETACHING in 0.42212700843811035
2019-11-18 20:14:46.763 3233 RALLYDEBUG rally.task.utils [-] Waiting for resource s_rally_b12cf409_DtL3Wrl6. Status changed: DETACHING => AVAILABLE in 2.424988031387329
2019-11-18 20:14:46.976 3233 RALLYDEBUG rally.task.utils [-] Waiting for resource s_rally_b12cf409_qOTn8jix. Status changed: AVAILABLE => DELETING in 0.03597211837768555
2019-11-18 20:14:47.908 3234 RALLYDEBUG rally.task.utils [-] Waiting for resource s_rally_b12cf409_mf9xIiaW. Status changed: DETACHING => AVAILABLE in 2.420651912689209
2019-11-18 20:14:48.010 3234 RALLYDEBUG rally.task.utils [-] Waiting for resource s_rally_b12cf409_5a0iVMln. Status changed: AVAILABLE => DELETING in 0.030485153198242188
2019-11-18 20:14:49.143 3233 RALLYDEBUG rally.task.utils [-] Waiting for resource s_rally_b12cf409_DtL3Wrl6. Status changed: AVAILABLE => DELETING in 0.07051420211791992
2019-11-18 20:14:50.189 3234 RALLYDEBUG rally.task.utils [-] Waiting for resource s_rally_b12cf409_mf9xIiaW. Status changed: AVAILABLE => DELETING in 0.07030105590820312
2019-11-18 20:14:53.580 3233 INFO rally.task.runner [-] Task 9c3de056-1a07-454e-93a5-69c3198c7467 | ITER: 9 END: OK
2019-11-18 20:14:54.602 3234 INFO rally.task.runner [-] Task 9c3de056-1a07-454e-93a5-69c3198c7467 | ITER: 10 END: OK
2019-11-18 20:14:54.633 1845 INFO rally.task.context [-] Task 9c3de056-1a07-454e-93a5-69c3198c7467 | Context cleanup@openstack cleanup() started
2019-11-18 20:14:54.637 1845 RALLYDEBUG rally_openstack.cleanup.manager [-] Cleaning up nova servers objects
2019-11-18 20:14:56.112 1845 RALLYDEBUG rally_openstack.cleanup.manager [-] Cleaning up nova server_groups objects
2019-11-18 20:14:57.282 1845 RALLYDEBUG rally_openstack.cleanup.manager [-] Cleaning up nova keypairs objects
2019-11-18 20:14:59.634 1845 RALLYDEBUG rally_openstack.cleanup.manager [-] Cleaning up cinder backups objects
2019-11-18 20:15:00.811 1845 RALLYDEBUG rally_openstack.cleanup.manager [-] Cleaning up cinder volume_snapshots objects
2019-11-18 20:15:01.982 1845 RALLYDEBUG rally_openstack.cleanup.manager [-] Cleaning up cinder transfers objects
2019-11-18 20:15:03.157 1845 RALLYDEBUG rally_openstack.cleanup.manager [-] Cleaning up cinder volumes objects
2019-11-18 20:15:04.654 1845 INFO rally.task.context [-] Task 9c3de056-1a07-454e-93a5-69c3198c7467 | Context cleanup@openstack cleanup() finished in 10.02 sec
2019-11-18 20:15:04.655 1845 INFO rally.task.context [-] Task 9c3de056-1a07-454e-93a5-69c3198c7467 | Context quotas@openstack cleanup() started
2019-11-18 20:15:04.735 1845 INFO rally.task.context [-] Task 9c3de056-1a07-454e-93a5-69c3198c7467 | Context quotas@openstack cleanup() finished in 79.98 msec
2019-11-18 20:15:04.735 1845 INFO rally.task.context [-] Task 9c3de056-1a07-454e-93a5-69c3198c7467 | Context api_versions@openstack cleanup() started
2019-11-18 20:15:04.735 1845 INFO rally.task.context [-] Task 9c3de056-1a07-454e-93a5-69c3198c7467 | Context api_versions@openstack cleanup() finished in 0.38 msec
2019-11-18 20:15:04.736 1845 INFO rally.task.context [-] Task 9c3de056-1a07-454e-93a5-69c3198c7467 | Context users@openstack cleanup() started
2019-11-18 20:15:08.769 1845 INFO rally.task.context [-] Task 9c3de056-1a07-454e-93a5-69c3198c7467 | Context users@openstack cleanup() finished in 4.03 sec
2019-11-18 20:15:09.930 1845 INFO rally.task.engine [-] Load duration is: 72.930411
2019-11-18 20:15:09.930 1845 INFO rally.task.engine [-] Full runner duration is: 73.986095
2019-11-18 20:15:09.930 1845 INFO rally.task.engine [-] Full duration is: 93.298627
2019-11-18 20:15:10.273 1845 INFO rally.task.engine [-] Running workload: position = 0 config = { "version": 2, "title": "A cropped version of a bigger task.", "description": "Auto-generated task from a single workload (uuid=6751f198-8492-452c-9d3f-b65613db2a9f)", "subtasks": [ { "title": "CinderVolumes.create_volume", "description": "Create a volume.", "scenario": { "CinderVolumes.create_volume": { "size": 1 } }, "contexts": { "users": { "tenants": 3, "users_per_tenant": 2 }, "api_versions": { "cinder": { "version": 3, "service_type": "volumev3" } } }, "runner": { "constant": { "concurrency": 4, "times": 10 } }, "hooks": [], "sla": { "failure_rate": { "max": 0 } } } ] }
2019-11-18 20:15:10.289 1845 RALLYDEBUG rally_openstack.contexts.keystone.users [-] Creating 3 tenants using 20 threads
2019-11-18 20:15:11.342 1845 RALLYDEBUG rally_openstack.contexts.keystone.users [-] Creating 6 users using 20 threads
2019-11-18 20:15:12.924 1845 INFO rally.task.context [-] Task 9c3de056-1a07-454e-93a5-69c3198c7467 | Context users@openstack setup() finished in 2.63 sec
2019-11-18 20:15:13.416 1845 INFO rally.task.context [-] Task 9c3de056-1a07-454e-93a5-69c3198c7467 | Context api_versions@openstack setup() finished in 0.49 sec
2019-11-18 20:15:13.416 1845 INFO rally.task.context [-] Task 9c3de056-1a07-454e-93a5-69c3198c7467 | Context cleanup@openstack setup() finished in 0.02 msec
2019-11-18 20:15:13.425 1845 RALLYDEBUG rally.task.runner [-] Starting the constant runner (task UUID: 9c3de056-1a07-454e-93a5-69c3198c7467). times: 10 concurrency: 4 timeout: 0 max_cpu_used: 16 processes_to_start: 4 concurrency_per_worker: 1 concurrency_overhead: 0
2019-11-18 20:15:13.436 3477 RALLYDEBUG rally.task.runner [-] Starting a worker. times: 10 duration: None concurrency: 1 timeout: 0 cls: method_name: run args: {"size": 1}
2019-11-18 20:15:13.440 3478 RALLYDEBUG rally.task.runner [-] Starting a worker. times: 10 duration: None concurrency: 1 timeout: 0 cls: method_name: run args: {"size": 1}
2019-11-18 20:15:13.443 3477 INFO rally.task.runner [-] Task 9c3de056-1a07-454e-93a5-69c3198c7467 | ITER: 1 START
2019-11-18 20:15:13.444 3479 RALLYDEBUG rally.task.runner [-] Starting a worker. times: 10 duration: None concurrency: 1 timeout: 0 cls: method_name: run args: {"size": 1}
2019-11-18 20:15:13.447 3478 INFO rally.task.runner [-] Task 9c3de056-1a07-454e-93a5-69c3198c7467 | ITER: 2 START
2019-11-18 20:15:13.448 3482 RALLYDEBUG rally.task.runner [-] Starting a worker. times: 10 duration: None concurrency: 1 timeout: 0 cls: method_name: run args: {"size": 1}
2019-11-18 20:15:13.450 3479 INFO rally.task.runner [-] Task 9c3de056-1a07-454e-93a5-69c3198c7467 | ITER: 3 START
2019-11-18 20:15:13.454 3482 INFO rally.task.runner [-] Task 9c3de056-1a07-454e-93a5-69c3198c7467 | ITER: 4 START
2019-11-18 20:15:16.334 3482 INFO rally.task.runner [-] Task 9c3de056-1a07-454e-93a5-69c3198c7467 | ITER: 4 END: OK
2019-11-18 20:15:16.339 3482 INFO rally.task.runner [-] Task 9c3de056-1a07-454e-93a5-69c3198c7467 | ITER: 5 START
2019-11-18 20:15:16.340 3477 INFO rally.task.runner [-] Task 9c3de056-1a07-454e-93a5-69c3198c7467 | ITER: 1 END: OK
2019-11-18 20:15:16.344 3477 INFO rally.task.runner [-] Task 9c3de056-1a07-454e-93a5-69c3198c7467 | ITER: 6 START
2019-11-18 20:15:16.344 3478 INFO rally.task.runner [-] Task 9c3de056-1a07-454e-93a5-69c3198c7467 | ITER: 2 END: OK
2019-11-18 20:15:16.348 3478 INFO rally.task.runner [-] Task 9c3de056-1a07-454e-93a5-69c3198c7467 | ITER: 7 START
2019-11-18 20:15:16.352 3479 INFO rally.task.runner [-] Task 9c3de056-1a07-454e-93a5-69c3198c7467 | ITER: 3 END: OK
2019-11-18 20:15:16.356 3479 INFO rally.task.runner [-] Task 9c3de056-1a07-454e-93a5-69c3198c7467 | ITER: 8 START
2019-11-18 20:15:19.041 3479 INFO rally.task.runner [-] Task 9c3de056-1a07-454e-93a5-69c3198c7467 | ITER: 8 END: OK
2019-11-18 20:15:19.045 3479 INFO rally.task.runner [-] Task 9c3de056-1a07-454e-93a5-69c3198c7467 | ITER: 9 START
2019-11-18 20:15:19.107 3477 INFO rally.task.runner [-] Task 9c3de056-1a07-454e-93a5-69c3198c7467 | ITER: 6 END: OK
2019-11-18 20:15:19.111 3477 INFO rally.task.runner [-] Task 9c3de056-1a07-454e-93a5-69c3198c7467 | ITER: 10 START
2019-11-18 20:15:19.138 3478 INFO rally.task.runner [-] Task 9c3de056-1a07-454e-93a5-69c3198c7467 | ITER: 7 END: OK
2019-11-18 20:15:19.162 3482 INFO rally.task.runner [-] Task 9c3de056-1a07-454e-93a5-69c3198c7467 | ITER: 5 END: OK
2019-11-18 20:15:21.739 3479 INFO rally.task.runner [-] Task 9c3de056-1a07-454e-93a5-69c3198c7467 | ITER: 9 END: OK
2019-11-18 20:15:21.801 3477 INFO rally.task.runner [-] Task 9c3de056-1a07-454e-93a5-69c3198c7467 | ITER: 10 END: OK
2019-11-18 20:15:21.832 1845 INFO rally.task.context [-] Task 9c3de056-1a07-454e-93a5-69c3198c7467 | Context cleanup@openstack cleanup() started
2019-11-18 20:15:21.835 1845 RALLYDEBUG rally_openstack.cleanup.manager [-] Cleaning up cinder backups objects
2019-11-18 20:15:23.027 1845 RALLYDEBUG rally_openstack.cleanup.manager [-] Cleaning up cinder volume_snapshots objects
2019-11-18 20:15:24.217 1845 RALLYDEBUG rally_openstack.cleanup.manager [-] Cleaning up cinder transfers objects
2019-11-18 20:15:25.395 1845 RALLYDEBUG rally_openstack.cleanup.manager [-] Cleaning up cinder volumes objects
2019-11-18 20:15:26.636 1845 RALLYDEBUG rally_openstack.cleanup.manager [-] Deleting cinder.volumes object s_rally_6751f198_qqF7bpoh (d13e4ed0-510e-43b1-9bf6-41a969332fd4)
2019-11-18 20:15:26.646 1845 RALLYDEBUG rally_openstack.cleanup.manager [-] Deleting cinder.volumes object s_rally_6751f198_pIcru3pQ (3c43c3e8-79fa-47d3-91a3-835a0dda4621)
2019-11-18 20:15:26.652 1845 RALLYDEBUG rally_openstack.cleanup.manager [-] Deleting cinder.volumes object s_rally_6751f198_mm9QWvp9 (9d3ec811-144b-4815-9278-40f5d9aa0b43)
2019-11-18 20:15:26.669 1845 RALLYDEBUG rally_openstack.cleanup.manager [-] Deleting cinder.volumes object s_rally_6751f198_va2Qld1R (6aad28da-9127-4178-8be7-2961869080b8)
2019-11-18 20:15:26.677 1845 RALLYDEBUG rally_openstack.cleanup.manager [-] Deleting cinder.volumes object s_rally_6751f198_nLe64t1h (53927033-b2c5-45cc-825b-ec1e1c3659e9)
2019-11-18 20:15:26.687 1845 RALLYDEBUG rally_openstack.cleanup.manager [-] Deleting cinder.volumes object s_rally_6751f198_vgD3ze1S (062a909d-81ec-4a93-b0df-fb473e5277f1)
2019-11-18 20:15:26.699 1845 RALLYDEBUG rally_openstack.cleanup.manager [-] Deleting cinder.volumes object s_rally_6751f198_Mf6vXHbs (d09f5cbe-1c31-488e-b5b7-e04825d27446)
2019-11-18 20:15:26.707 1845 RALLYDEBUG rally_openstack.cleanup.manager [-] Deleting cinder.volumes object s_rally_6751f198_gMeZWT1m (79042ffc-8036-445d-a5d9-6652efb239e4)
2019-11-18 20:15:26.723 1845 RALLYDEBUG rally_openstack.cleanup.manager [-] Deleting cinder.volumes object s_rally_6751f198_N3pIXPRq (f4a79914-fb58-4f95-8e2d-5355e5c2e534)
2019-11-18 20:15:26.741 1845 RALLYDEBUG rally_openstack.cleanup.manager [-] Deleting cinder.volumes object s_rally_6751f198_yZRh6uGr (70588d42-4c4f-4b49-8aee-71a8eee0d843)
2019-11-18 20:15:30.396 1845 INFO rally.task.context [-] Task 9c3de056-1a07-454e-93a5-69c3198c7467 | Context cleanup@openstack cleanup() finished in 8.56 sec
2019-11-18 20:15:30.396 1845 INFO rally.task.context [-] Task 9c3de056-1a07-454e-93a5-69c3198c7467 | Context api_versions@openstack cleanup() started
2019-11-18 20:15:30.397 1845 INFO rally.task.context [-] Task 9c3de056-1a07-454e-93a5-69c3198c7467 | Context api_versions@openstack cleanup() finished in 0.39 msec
2019-11-18 20:15:30.397 1845 INFO rally.task.context [-] Task 9c3de056-1a07-454e-93a5-69c3198c7467 | Context users@openstack cleanup() started
2019-11-18 20:15:35.035 1845 INFO rally.task.context [-] Task 9c3de056-1a07-454e-93a5-69c3198c7467 | Context users@openstack cleanup() finished in 4.64 sec
2019-11-18 20:15:36.434 1845 INFO rally.task.engine [-] Load duration is: 8.353138
2019-11-18 20:15:36.435 1845 INFO rally.task.engine [-] Full runner duration is: 8.406961
2019-11-18 20:15:36.435 1845 INFO rally.task.engine [-] Full duration is: 24.747792
2019-11-18 20:15:36.676 1845 INFO rally.task.engine [-] Running workload: position = 1 config = { "version": 2, "title": "A cropped version of a bigger task.", "description": "Auto-generated task from a single workload (uuid=0907c863-e5b7-48a1-81ca-3c78c6b2033c)", "subtasks": [ { "title": "CinderVolumes.create_volume", "description": "Create a volume.", "scenario": { "CinderVolumes.create_volume": { "size": { "min": 1, "max": 1 } } }, "contexts": { "users": { "tenants": 3, "users_per_tenant": 2 }, "quotas": { "cinder": { "gigabytes": -1, "snapshots": -1, "volumes": -1 } }, "api_versions": { "cinder": { "version": 3, "service_type": "volumev3" } } }, "runner": { "constant": { "concurrency": 4, "times": 10 } }, "hooks": [], "sla": { "failure_rate": { "max": 0 } } } ] }
2019-11-18 20:15:36.705 1845 RALLYDEBUG rally_openstack.contexts.keystone.users [-] Creating 3 tenants using 20 threads
2019-11-18 20:15:37.725 1845 RALLYDEBUG rally_openstack.contexts.keystone.users [-] Creating 6 users using 20 threads
2019-11-18 20:15:39.279 1845 INFO rally.task.context [-] Task 9c3de056-1a07-454e-93a5-69c3198c7467 | Context users@openstack setup() finished in 2.57 sec
2019-11-18 20:15:39.699 1845 INFO rally.task.context [-] Task 9c3de056-1a07-454e-93a5-69c3198c7467 | Context api_versions@openstack setup() finished in 0.42 sec
2019-11-18 20:15:40.566 1845 INFO rally.task.context [-] Task 9c3de056-1a07-454e-93a5-69c3198c7467 | Context quotas@openstack setup() finished in 0.87 sec
2019-11-18 20:15:40.567 1845 INFO rally.task.context [-] Task 9c3de056-1a07-454e-93a5-69c3198c7467 | Context cleanup@openstack setup() finished in 0.02 msec
2019-11-18 20:15:40.577 1845 RALLYDEBUG rally.task.runner [-] Starting the constant runner (task UUID: 9c3de056-1a07-454e-93a5-69c3198c7467). times: 10 concurrency: 4 timeout: 0 max_cpu_used: 16 processes_to_start: 4 concurrency_per_worker: 1 concurrency_overhead: 0
2019-11-18 20:15:40.589 3661 RALLYDEBUG rally.task.runner [-] Starting a worker. times: 10 duration: None concurrency: 1 timeout: 0 cls: method_name: run args: {"size": {"min": 1, "max": 1}}
2019-11-18 20:15:40.593 3662 RALLYDEBUG rally.task.runner [-] Starting a worker. times: 10 duration: None concurrency: 1 timeout: 0 cls: method_name: run args: {"size": {"min": 1, "max": 1}}
2019-11-18 20:15:40.596 3661 INFO rally.task.runner [-] Task 9c3de056-1a07-454e-93a5-69c3198c7467 | ITER: 1 START
2019-11-18 20:15:40.596 3663 RALLYDEBUG rally.task.runner [-] Starting a worker. times: 10 duration: None concurrency: 1 timeout: 0 cls: method_name: run args: {"size": {"min": 1, "max": 1}}
2019-11-18 20:15:40.600 3662 INFO rally.task.runner [-] Task 9c3de056-1a07-454e-93a5-69c3198c7467 | ITER: 2 START
2019-11-18 20:15:40.599 3665 RALLYDEBUG rally.task.runner [-] Starting a worker. times: 10 duration: None concurrency: 1 timeout: 0 cls: method_name: run args: {"size": {"min": 1, "max": 1}}
2019-11-18 20:15:40.603 3663 INFO rally.task.runner [-] Task 9c3de056-1a07-454e-93a5-69c3198c7467 | ITER: 3 START
2019-11-18 20:15:40.606 3665 INFO rally.task.runner [-] Task 9c3de056-1a07-454e-93a5-69c3198c7467 | ITER: 4 START
2019-11-18 20:15:43.327 3665 INFO rally.task.runner [-] Task 9c3de056-1a07-454e-93a5-69c3198c7467 | ITER: 4 END: OK
2019-11-18 20:15:43.332 3665 INFO rally.task.runner [-] Task 9c3de056-1a07-454e-93a5-69c3198c7467 | ITER: 5 START
2019-11-18 20:15:43.362 3662 INFO rally.task.runner [-] Task 9c3de056-1a07-454e-93a5-69c3198c7467 | ITER: 2 END: OK
2019-11-18 20:15:43.366 3662 INFO rally.task.runner [-] Task 9c3de056-1a07-454e-93a5-69c3198c7467 | ITER: 6 START
2019-11-18 20:15:43.384 3663 INFO rally.task.runner [-] Task 9c3de056-1a07-454e-93a5-69c3198c7467 | ITER: 3 END: OK
2019-11-18 20:15:43.389 3663 INFO rally.task.runner [-] Task 9c3de056-1a07-454e-93a5-69c3198c7467 | ITER: 7 START
2019-11-18 20:15:43.422 3661 INFO rally.task.runner [-] Task 9c3de056-1a07-454e-93a5-69c3198c7467 | ITER: 1 END: OK
2019-11-18 20:15:43.426 3661 INFO rally.task.runner [-] Task 9c3de056-1a07-454e-93a5-69c3198c7467 | ITER: 8 START
2019-11-18 20:15:46.079 3661 INFO rally.task.runner [-] Task 9c3de056-1a07-454e-93a5-69c3198c7467 | ITER: 8 END: OK
2019-11-18 20:15:46.083 3661 INFO rally.task.runner [-] Task 9c3de056-1a07-454e-93a5-69c3198c7467 | ITER: 9 START
2019-11-18 20:15:46.100 3663 INFO rally.task.runner [-] Task 9c3de056-1a07-454e-93a5-69c3198c7467 | ITER: 7 END: OK
2019-11-18 20:15:46.103 3663 INFO rally.task.runner [-] Task 9c3de056-1a07-454e-93a5-69c3198c7467 | ITER: 10 START
2019-11-18 20:15:46.108 3665 INFO rally.task.runner [-] Task 9c3de056-1a07-454e-93a5-69c3198c7467 | ITER: 5 END: OK
2019-11-18 20:15:46.131 3662 INFO rally.task.runner [-] Task 9c3de056-1a07-454e-93a5-69c3198c7467 | ITER: 6 END: OK
2019-11-18 20:15:48.757 3661 INFO rally.task.runner [-] Task 9c3de056-1a07-454e-93a5-69c3198c7467 | ITER: 9 END: OK
2019-11-18 20:15:48.785 3663 INFO rally.task.runner [-] Task 9c3de056-1a07-454e-93a5-69c3198c7467 | ITER: 10 END: OK
2019-11-18 20:15:48.807 1845 INFO rally.task.context [-] Task 9c3de056-1a07-454e-93a5-69c3198c7467 | Context cleanup@openstack cleanup() started
2019-11-18 20:15:48.811 1845 RALLYDEBUG rally_openstack.cleanup.manager [-] Cleaning up cinder backups objects
2019-11-18 20:15:49.986 1845 RALLYDEBUG rally_openstack.cleanup.manager [-] Cleaning up cinder volume_snapshots objects
2019-11-18 20:15:51.160 1845 RALLYDEBUG rally_openstack.cleanup.manager [-] Cleaning up cinder transfers objects
2019-11-18 20:15:52.314 1845 RALLYDEBUG rally_openstack.cleanup.manager [-] Cleaning up cinder volumes objects
2019-11-18 20:15:53.549 1845 RALLYDEBUG rally_openstack.cleanup.manager [-] Deleting cinder.volumes object s_rally_0907c863_dP6am4WR (a5ccf549-1786-4b24-9030-55a7df9c0f5c)
2019-11-18 20:15:53.558 1845 RALLYDEBUG rally_openstack.cleanup.manager [-] Deleting cinder.volumes object s_rally_0907c863_4pKzUU1r (3497ecb4-92c4-460a-903f-5f19e3366ec6)
2019-11-18 20:15:53.566 1845 RALLYDEBUG rally_openstack.cleanup.manager [-] Deleting cinder.volumes object s_rally_0907c863_p1CkVHt8 (78ddbadc-643a-4731-80ab-69c273a2e264)
2019-11-18 20:15:53.574 1845 RALLYDEBUG rally_openstack.cleanup.manager [-] Deleting cinder.volumes object s_rally_0907c863_v3szuErS (e1af8c4f-0c32-4756-bea4-9d11a87e5646)
2019-11-18 20:15:53.583 1845 RALLYDEBUG rally_openstack.cleanup.manager [-] Deleting cinder.volumes object s_rally_0907c863_dd621LDp (de395c51-3650-4753-94cb-41d8807df1fe)
2019-11-18 20:15:53.587 1845 RALLYDEBUG rally_openstack.cleanup.manager [-] Deleting cinder.volumes object s_rally_0907c863_dwij3Gko (369e0443-ef02-4300-b169-88b2649f785f)
2019-11-18 20:15:53.592 1845 RALLYDEBUG rally_openstack.cleanup.manager [-] Deleting cinder.volumes object s_rally_0907c863_IsUxsSxM (1e2511ac-1ae7-414d-bb26-8b75c7264893)
2019-11-18 20:15:53.598 1845 RALLYDEBUG rally_openstack.cleanup.manager [-] Deleting cinder.volumes object s_rally_0907c863_TDzjIE60 (c6d89750-ea8e-4eb9-aff1-d46fc5fb5910)
2019-11-18 20:15:53.602 1845 RALLYDEBUG rally_openstack.cleanup.manager [-] Deleting cinder.volumes object s_rally_0907c863_dyOtLmqp (440a3052-42d2-481e-9519-b87162380899)
2019-11-18 20:15:53.626 1845 RALLYDEBUG rally_openstack.cleanup.manager [-] Deleting cinder.volumes object s_rally_0907c863_lCGoFonH (3c485848-c1de-4c63-b575-a0ad3262777c)
2019-11-18 20:15:57.298 1845 INFO rally.task.context [-] Task 9c3de056-1a07-454e-93a5-69c3198c7467 | Context cleanup@openstack cleanup() finished in 8.49 sec
2019-11-18 20:15:57.299 1845 INFO rally.task.context [-] Task 9c3de056-1a07-454e-93a5-69c3198c7467 | Context quotas@openstack cleanup() started
2019-11-18 20:15:57.380 1845 INFO rally.task.context [-] Task 9c3de056-1a07-454e-93a5-69c3198c7467 | Context quotas@openstack cleanup() finished in 80.60 msec
2019-11-18 20:15:57.380 1845 INFO rally.task.context [-] Task 9c3de056-1a07-454e-93a5-69c3198c7467 | Context api_versions@openstack cleanup() started
2019-11-18 20:15:57.381 1845 INFO rally.task.context [-] Task 9c3de056-1a07-454e-93a5-69c3198c7467 | Context api_versions@openstack cleanup() finished in 0.30 msec
2019-11-18 20:15:57.381 1845 INFO rally.task.context [-] Task 9c3de056-1a07-454e-93a5-69c3198c7467 | Context users@openstack cleanup() started
2019-11-18 20:16:01.842 1845 INFO rally.task.context [-] Task 9c3de056-1a07-454e-93a5-69c3198c7467 | Context users@openstack cleanup() finished in 4.46 sec
2019-11-18 20:16:02.860 1845 INFO rally.task.engine [-] Load duration is: 8.185144
2019-11-18 20:16:02.860 1845 INFO rally.task.engine [-] Full runner duration is: 8.230976
2019-11-18 20:16:02.861 1845 INFO rally.task.engine [-] Full duration is: 25.13957
2019-11-18 20:16:03.180 1845 INFO rally.task.engine [-] Running workload: position = 0 config = { "version": 2, "title": "A cropped version of a bigger task.", "description": "Auto-generated task from a single workload (uuid=351ce0d3-a185-4326-afd7-f5a29128773e)", "subtasks": [ { "title": "CinderVolumes.list_volumes", "description": "List all volumes.", "scenario": { "CinderVolumes.list_volumes": { "detailed": true } }, "contexts": { "users": { "tenants": 3, "users_per_tenant": 2 }, "quotas": { "cinder": { "gigabytes": -1, "snapshots": -1, "volumes": -1 } }, "api_versions": { "cinder": { "version": 3, "service_type": "volumev3" } }, "volumes": { "size": 1, "volumes_per_tenant": 4 } }, "runner": { "constant": { "concurrency": 4, "times": 10 } }, "hooks": [], "sla": { "failure_rate": { "max": 0 } } } ] }
2019-11-18 20:16:03.205 1845 RALLYDEBUG rally_openstack.contexts.keystone.users [-] Creating 3 tenants using 20 threads
2019-11-18 20:16:04.155 1845 RALLYDEBUG rally_openstack.contexts.keystone.users [-] Creating 6 users using 20 threads
2019-11-18 20:16:05.806 1845 INFO rally.task.context [-] Task 9c3de056-1a07-454e-93a5-69c3198c7467 | Context users@openstack setup() finished in 2.60 sec
2019-11-18 20:16:06.216 1845 INFO rally.task.context [-] Task 9c3de056-1a07-454e-93a5-69c3198c7467 | Context api_versions@openstack setup() finished in 0.41 sec
2019-11-18 20:16:07.054 1845 INFO rally.task.context [-] Task 9c3de056-1a07-454e-93a5-69c3198c7467 | Context quotas@openstack setup() finished in 0.84 sec
2019-11-18 20:16:37.255 1845 INFO rally.task.context [-] Task 9c3de056-1a07-454e-93a5-69c3198c7467 | Context volumes@openstack setup() finished in 30.20 sec
2019-11-18 20:16:37.264 1845 RALLYDEBUG rally.task.runner [-] Starting the constant runner (task UUID: 9c3de056-1a07-454e-93a5-69c3198c7467). times: 10 concurrency: 4 timeout: 0 max_cpu_used: 16 processes_to_start: 4 concurrency_per_worker: 1 concurrency_overhead: 0
2019-11-18 20:16:37.276 3845 RALLYDEBUG rally.task.runner [-] Starting a worker. times: 10 duration: None concurrency: 1 timeout: 0 cls: method_name: run args: {"detailed": true}
2019-11-18 20:16:37.280 3846 RALLYDEBUG rally.task.runner [-] Starting a worker. times: 10 duration: None concurrency: 1 timeout: 0 cls: method_name: run args: {"detailed": true}
2019-11-18 20:16:37.284 3845 INFO rally.task.runner [-] Task 9c3de056-1a07-454e-93a5-69c3198c7467 | ITER: 1 START
2019-11-18 20:16:37.283 3847 RALLYDEBUG rally.task.runner [-] Starting a worker. times: 10 duration: None concurrency: 1 timeout: 0 cls: method_name: run args: {"detailed": true}
2019-11-18 20:16:37.287 3846 INFO rally.task.runner [-] Task 9c3de056-1a07-454e-93a5-69c3198c7467 | ITER: 2 START
2019-11-18 20:16:37.287 3848 RALLYDEBUG rally.task.runner [-] Starting a worker. times: 10 duration: None concurrency: 1 timeout: 0 cls: method_name: run args: {"detailed": true}
2019-11-18 20:16:37.291 3847 INFO rally.task.runner [-] Task 9c3de056-1a07-454e-93a5-69c3198c7467 | ITER: 3 START
2019-11-18 20:16:37.295 3848 INFO rally.task.runner [-] Task 9c3de056-1a07-454e-93a5-69c3198c7467 | ITER: 4 START
2019-11-18 20:16:37.701 3847 INFO rally.task.runner [-] Task 9c3de056-1a07-454e-93a5-69c3198c7467 | ITER: 3 END: OK
2019-11-18 20:16:37.704 3848 INFO rally.task.runner [-] Task 9c3de056-1a07-454e-93a5-69c3198c7467 | ITER: 4 END: OK
2019-11-18 20:16:37.705 3845 INFO rally.task.runner [-] Task 9c3de056-1a07-454e-93a5-69c3198c7467 | ITER: 1 END: OK
2019-11-18 20:16:37.706 3847 INFO rally.task.runner [-] Task 9c3de056-1a07-454e-93a5-69c3198c7467 | ITER: 5 START
2019-11-18 20:16:37.709 3848 INFO rally.task.runner [-] Task 9c3de056-1a07-454e-93a5-69c3198c7467 | ITER: 6 START
2019-11-18 20:16:37.709 3845 INFO rally.task.runner [-] Task 9c3de056-1a07-454e-93a5-69c3198c7467 | ITER: 7 START
2019-11-18 20:16:37.821 3846 INFO rally.task.runner [-] Task 9c3de056-1a07-454e-93a5-69c3198c7467 | ITER: 2 END: OK
2019-11-18 20:16:37.826 3846 INFO rally.task.runner [-] Task 9c3de056-1a07-454e-93a5-69c3198c7467 | ITER: 8 START
2019-11-18 20:16:38.095 3845 INFO rally.task.runner [-] Task 9c3de056-1a07-454e-93a5-69c3198c7467 | ITER: 7 END: OK
2019-11-18 20:16:38.099 3845 INFO rally.task.runner [-] Task 9c3de056-1a07-454e-93a5-69c3198c7467 | ITER: 9 START
2019-11-18 20:16:38.123 3848 INFO rally.task.runner [-] Task 9c3de056-1a07-454e-93a5-69c3198c7467 | ITER: 6 END: OK
2019-11-18 20:16:38.127 3848 INFO rally.task.runner [-] Task 9c3de056-1a07-454e-93a5-69c3198c7467 | ITER: 10 START
2019-11-18 20:16:38.210 3847 INFO rally.task.runner [-] Task 9c3de056-1a07-454e-93a5-69c3198c7467 | ITER: 5 END: OK
2019-11-18 20:16:38.318 3846 INFO rally.task.runner [-] Task 9c3de056-1a07-454e-93a5-69c3198c7467 | ITER: 8 END: OK
2019-11-18 20:16:38.505 3845 INFO rally.task.runner [-] Task 9c3de056-1a07-454e-93a5-69c3198c7467 | ITER: 9 END: OK
2019-11-18 20:16:38.522 3848 INFO rally.task.runner [-] Task 9c3de056-1a07-454e-93a5-69c3198c7467 | ITER: 10 END: OK
2019-11-18 20:16:38.545 1845 INFO rally.task.context [-] Task 9c3de056-1a07-454e-93a5-69c3198c7467 | Context volumes@openstack cleanup() started
2019-11-18 20:16:38.547 1845 RALLYDEBUG rally_openstack.cleanup.manager [-] Cleaning up cinder volumes objects
2019-11-18 20:16:39.796 1845 RALLYDEBUG rally_openstack.cleanup.manager [-] Deleting cinder.volumes object c_rally_351ce0d3_Wq7yM8D8 (dc435d40-bada-4da4-be0d-c87a04c5229e)
2019-11-18 20:16:39.802 1845 RALLYDEBUG rally_openstack.cleanup.manager [-] Deleting cinder.volumes object c_rally_351ce0d3_IyliCqmC (a164cd8e-e102-414e-9c8f-7557461d68dc)
2019-11-18 20:16:39.808 1845 RALLYDEBUG rally_openstack.cleanup.manager [-] Deleting cinder.volumes object c_rally_351ce0d3_i2cwOgWn (b730e1f5-e4f4-4d82-b13b-e211c0487570)
2019-11-18 20:16:39.814 1845 RALLYDEBUG rally_openstack.cleanup.manager [-] Deleting cinder.volumes object c_rally_351ce0d3_LpM307cb (626f0f57-8343-4784-a928-fd77ce1472af)
2019-11-18 20:16:39.817 1845 RALLYDEBUG rally_openstack.cleanup.manager [-] Deleting cinder.volumes object c_rally_351ce0d3_nclydfwX (e792cf76-54de-4f63-9ebd-04ec72b0671c)
2019-11-18 20:16:39.821 1845 RALLYDEBUG rally_openstack.cleanup.manager [-] Deleting cinder.volumes object c_rally_351ce0d3_S1YL2gIq (aca98df7-6042-45d8-ab99-74a0f403a6f9)
2019-11-18 20:16:39.834 1845 RALLYDEBUG rally_openstack.cleanup.manager [-] Deleting cinder.volumes object c_rally_351ce0d3_YRYtNvVH (9a5c7d8b-96c0-422a-bcf5-66f6fef6122d)
2019-11-18 20:16:39.838 1845 RALLYDEBUG rally_openstack.cleanup.manager [-] Deleting cinder.volumes object c_rally_351ce0d3_LI9ymZb0 (b988dac5-e5c2-437c-abb1-db909b697b36)
2019-11-18 20:16:39.855 1845 RALLYDEBUG rally_openstack.cleanup.manager [-] Deleting cinder.volumes object c_rally_351ce0d3_ONspbXen (6134792e-ffe4-4cc6-bd29-388d987e1e1e)
2019-11-18 20:16:39.859 1845 RALLYDEBUG rally_openstack.cleanup.manager [-] Deleting cinder.volumes object c_rally_351ce0d3_nxaSwIcn (cf54dbe0-fc74-442c-8a3a-87d87fbe9bf4)
2019-11-18 20:16:39.896 1845 RALLYDEBUG rally_openstack.cleanup.manager [-] Deleting cinder.volumes object c_rally_351ce0d3_I7EJHHsI (d80f580e-b70d-4a7c-bbd4-f148b42b3589)
2019-11-18 20:16:39.906 1845 RALLYDEBUG rally_openstack.cleanup.manager [-] Deleting cinder.volumes object c_rally_351ce0d3_GcnJy1Xd (d3c1489a-f912-40c2-955a-3f107c636e6d)
2019-11-18 20:16:43.736 1845 INFO rally.task.context [-] Task 9c3de056-1a07-454e-93a5-69c3198c7467 | Context volumes@openstack cleanup() finished in 5.19 sec
2019-11-18 20:16:43.736 1845 INFO rally.task.context [-] Task 9c3de056-1a07-454e-93a5-69c3198c7467 | Context quotas@openstack cleanup() started
2019-11-18 20:16:43.814 1845 INFO rally.task.context [-] Task 9c3de056-1a07-454e-93a5-69c3198c7467 | Context quotas@openstack cleanup() finished in 77.32 msec
2019-11-18 20:16:43.814 1845 INFO rally.task.context [-] Task 9c3de056-1a07-454e-93a5-69c3198c7467 | Context api_versions@openstack cleanup() started
2019-11-18 20:16:43.815 1845 INFO rally.task.context [-] Task 9c3de056-1a07-454e-93a5-69c3198c7467 | Context api_versions@openstack cleanup() finished in 0.36 msec
2019-11-18 20:16:43.815 1845 INFO rally.task.context [-] Task 9c3de056-1a07-454e-93a5-69c3198c7467 | Context users@openstack cleanup() started
2019-11-18 20:16:48.666 1845 INFO rally.task.context [-] Task 9c3de056-1a07-454e-93a5-69c3198c7467 | Context users@openstack cleanup() finished in 4.85 sec
2019-11-18 20:16:49.529 1845 INFO rally.task.engine [-] Load duration is: 1.233535
2019-11-18 20:16:49.530 1845 INFO rally.task.engine [-] Full runner duration is: 1.281191
2019-11-18 20:16:49.530 1845 INFO rally.task.engine [-] Full duration is: 45.463131
2019-11-18 20:16:49.821 1845 INFO rally.task.engine [-] Running workload: position = 0 config = { "version": 2, "title": "A cropped version of a bigger task.", "description": "Auto-generated task from a single workload (uuid=6d83e671-c263-4e66-a05a-01f31461ed60)", "subtasks": [ { "title": "CinderVolumes.create_and_delete_snapshot", "description": "Create and then delete a volume-snapshot.", "scenario": { "CinderVolumes.create_and_delete_snapshot": { "force": false } }, "contexts": { "users": { "tenants": 3, "users_per_tenant": 2 }, "quotas": { "cinder": { "gigabytes": -1, "snapshots": -1, "volumes": -1 } }, "api_versions": { "cinder": { "version": 3, "service_type": "volumev3" } }, "volumes": { "size": 1, "volumes_per_tenant": 1 } }, "runner": { "constant": { "concurrency": 4, "times": 10 } }, "hooks": [], "sla": { "failure_rate": { "max": 0 } } } ] }
2019-11-18 20:16:49.849 1845 RALLYDEBUG rally_openstack.contexts.keystone.users [-] Creating 3 tenants using 20 threads
2019-11-18 20:16:50.866 1845 RALLYDEBUG rally_openstack.contexts.keystone.users [-] Creating 6 users using 20 threads
2019-11-18 20:16:52.363 1845 INFO rally.task.context [-] Task 9c3de056-1a07-454e-93a5-69c3198c7467 | Context users@openstack setup() finished in 2.51 sec
2019-11-18 20:16:52.769 1845 INFO rally.task.context [-] Task 9c3de056-1a07-454e-93a5-69c3198c7467 | Context api_versions@openstack setup() finished in 0.41 sec
2019-11-18 20:16:53.637 1845 INFO rally.task.context [-] Task 9c3de056-1a07-454e-93a5-69c3198c7467 | Context quotas@openstack setup() finished in 0.87 sec
2019-11-18 20:17:02.480 1845 INFO rally.task.context [-] Task 9c3de056-1a07-454e-93a5-69c3198c7467 | Context volumes@openstack setup() finished in 8.84 sec
2019-11-18 20:17:02.481 1845 INFO rally.task.context [-] Task 9c3de056-1a07-454e-93a5-69c3198c7467 | Context cleanup@openstack setup() finished in 0.01 msec
2019-11-18 20:17:02.496 1845 RALLYDEBUG rally.task.runner [-] Starting the constant runner (task UUID: 9c3de056-1a07-454e-93a5-69c3198c7467). times: 10 concurrency: 4 timeout: 0 max_cpu_used: 16 processes_to_start: 4 concurrency_per_worker: 1 concurrency_overhead: 0
2019-11-18 20:17:02.508 3969 RALLYDEBUG rally.task.runner [-] Starting a worker. times: 10 duration: None concurrency: 1 timeout: 0 cls: method_name: run args: {"force": false}
2019-11-18 20:17:02.512 3970 RALLYDEBUG rally.task.runner [-] Starting a worker. times: 10 duration: None concurrency: 1 timeout: 0 cls: method_name: run args: {"force": false}
2019-11-18 20:17:02.516 3969 INFO rally.task.runner [-] Task 9c3de056-1a07-454e-93a5-69c3198c7467 | ITER: 1 START
2019-11-18 20:17:02.515 3971 RALLYDEBUG rally.task.runner [-] Starting a worker. times: 10 duration: None concurrency: 1 timeout: 0 cls: method_name: run args: {"force": false}
2019-11-18 20:17:02.519 3970 INFO rally.task.runner [-] Task 9c3de056-1a07-454e-93a5-69c3198c7467 | ITER: 2 START
2019-11-18 20:17:02.519 3972 RALLYDEBUG rally.task.runner [-] Starting a worker. times: 10 duration: None concurrency: 1 timeout: 0 cls: method_name: run args: {"force": false}
2019-11-18 20:17:02.523 3971 INFO rally.task.runner [-] Task 9c3de056-1a07-454e-93a5-69c3198c7467 | ITER: 3 START
2019-11-18 20:17:02.526 3972 INFO rally.task.runner [-] Task 9c3de056-1a07-454e-93a5-69c3198c7467 | ITER: 4 START
2019-11-18 20:17:05.182 3970 RALLYDEBUG rally.task.utils [-] Waiting for resource s_rally_6d83e671_8Xdo1Yk1. Status changed: AVAILABLE => DELETING in 0.026991844177246094
2019-11-18 20:17:05.182 3969 RALLYDEBUG rally.task.utils [-] Waiting for resource s_rally_6d83e671_9PGclSZf. Status changed: AVAILABLE => DELETING in 0.028231143951416016
2019-11-18 20:17:05.202 3971 RALLYDEBUG rally.task.utils [-] Waiting for resource s_rally_6d83e671_BFCVCbVs. Status changed: AVAILABLE => DELETING in 0.025173664093017578
2019-11-18 20:17:05.282 3972 RALLYDEBUG rally.task.utils [-] Waiting for resource s_rally_6d83e671_3F5xEKtx. Status changed: AVAILABLE => DELETING in 0.026958703994750977
2019-11-18 20:17:07.213 3970 INFO rally.task.runner [-] Task 9c3de056-1a07-454e-93a5-69c3198c7467 | ITER: 2 END: OK
2019-11-18 20:17:07.216 3969 INFO rally.task.runner [-] Task 9c3de056-1a07-454e-93a5-69c3198c7467 | ITER: 1 END: OK
2019-11-18 20:17:07.218 3970 INFO rally.task.runner [-] Task 9c3de056-1a07-454e-93a5-69c3198c7467 | ITER: 5 START
2019-11-18 20:17:07.221 3969 INFO rally.task.runner [-] Task 9c3de056-1a07-454e-93a5-69c3198c7467 | ITER: 6 START
2019-11-18 20:17:07.237 3971 INFO rally.task.runner [-] Task 9c3de056-1a07-454e-93a5-69c3198c7467 | ITER: 3 END: OK
2019-11-18 20:17:07.242 3971 INFO rally.task.runner [-] Task 9c3de056-1a07-454e-93a5-69c3198c7467 | ITER: 7 START
2019-11-18 20:17:07.311 3972 INFO rally.task.runner [-] Task 9c3de056-1a07-454e-93a5-69c3198c7467 | ITER: 4 END: OK
2019-11-18 20:17:07.316 3972 INFO rally.task.runner [-] Task 9c3de056-1a07-454e-93a5-69c3198c7467 | ITER: 8 START
2019-11-18 20:17:09.879 3969 RALLYDEBUG rally.task.utils [-] Waiting for resource s_rally_6d83e671_RxjOk79V. Status changed: AVAILABLE => DELETING in 0.026471853256225586
2019-11-18 20:17:09.905 3971 RALLYDEBUG rally.task.utils [-] Waiting for resource s_rally_6d83e671_ctsMkXLQ. Status changed: AVAILABLE => DELETING in 0.02725815773010254
2019-11-18 20:17:09.978 3970 RALLYDEBUG rally.task.utils [-] Waiting for resource s_rally_6d83e671_JgX3BWjO. Status changed: AVAILABLE => DELETING in 0.02711200714111328
2019-11-18 20:17:09.979 3972 RALLYDEBUG rally.task.utils [-] Waiting for resource s_rally_6d83e671_h3W3SiA2. Status changed: AVAILABLE => DELETING in 0.029842376708984375
2019-11-18 20:17:11.930 3969 INFO rally.task.runner [-] Task 9c3de056-1a07-454e-93a5-69c3198c7467 | ITER: 6 END: OK
2019-11-18 20:17:11.933 3969 INFO rally.task.runner [-] Task 9c3de056-1a07-454e-93a5-69c3198c7467 | ITER: 9 START
2019-11-18 20:17:11.940 3971 INFO rally.task.runner [-] Task 9c3de056-1a07-454e-93a5-69c3198c7467 | ITER: 7 END: OK
2019-11-18 20:17:11.944 3971 INFO rally.task.runner [-] Task 9c3de056-1a07-454e-93a5-69c3198c7467 | ITER: 10 START
2019-11-18 20:17:12.004 3970 INFO rally.task.runner [-] Task 9c3de056-1a07-454e-93a5-69c3198c7467 | ITER: 5 END: OK
2019-11-18 20:17:12.012 3972 INFO rally.task.runner [-] Task 9c3de056-1a07-454e-93a5-69c3198c7467 | ITER: 8 END: OK
2019-11-18 20:17:14.604 3969 RALLYDEBUG rally.task.utils [-] Waiting for resource s_rally_6d83e671_nCLcfRL7. Status changed: AVAILABLE => DELETING in 0.029179811477661133
2019-11-18 20:17:14.621 3971 RALLYDEBUG rally.task.utils [-] Waiting for resource s_rally_6d83e671_PnBHKmuW. Status changed: AVAILABLE => DELETING in 0.028750181198120117
2019-11-18 20:17:16.633 3969 INFO rally.task.runner [-] Task 9c3de056-1a07-454e-93a5-69c3198c7467 | ITER: 9 END: OK
2019-11-18 20:17:16.652 3971 INFO rally.task.runner [-] Task 9c3de056-1a07-454e-93a5-69c3198c7467 | ITER: 10 END: OK
2019-11-18 20:17:16.681 1845 INFO rally.task.context [-] Task 9c3de056-1a07-454e-93a5-69c3198c7467 | Context cleanup@openstack cleanup() started
2019-11-18 20:17:16.684 1845 RALLYDEBUG rally_openstack.cleanup.manager [-] Cleaning up cinder backups objects
2019-11-18 20:17:17.861 1845 RALLYDEBUG rally_openstack.cleanup.manager [-] Cleaning up cinder volume_snapshots objects
2019-11-18 20:17:19.018 1845 RALLYDEBUG rally_openstack.cleanup.manager [-] Cleaning up cinder transfers objects
2019-11-18 20:17:20.161 1845 RALLYDEBUG rally_openstack.cleanup.manager [-] Cleaning up cinder volumes objects
2019-11-18 20:17:21.403 1845 INFO rally.task.context [-] Task 9c3de056-1a07-454e-93a5-69c3198c7467 | Context cleanup@openstack cleanup() finished in 4.72 sec
2019-11-18 20:17:21.403 1845 INFO rally.task.context [-] Task 9c3de056-1a07-454e-93a5-69c3198c7467 | Context volumes@openstack cleanup() started
2019-11-18 20:17:21.404 1845 RALLYDEBUG rally_openstack.cleanup.manager [-] Cleaning up cinder volumes objects
2019-11-18 20:17:22.639 1845 RALLYDEBUG rally_openstack.cleanup.manager [-] Deleting cinder.volumes object c_rally_6d83e671_VVydp6iz (d0e7d6ff-3563-40d4-ab59-6c484b82b28f)
2019-11-18 20:17:22.646 1845 RALLYDEBUG rally_openstack.cleanup.manager [-] Deleting cinder.volumes object c_rally_6d83e671_lwu53LGF (e34ce65f-9f26-4d30-ad65-646347bb9452)
2019-11-18 20:17:22.652 1845 RALLYDEBUG rally_openstack.cleanup.manager [-] Deleting cinder.volumes object c_rally_6d83e671_zH1147U4 (a831dffd-bfaa-4396-b234-d1fe0b06e7ef)
2019-11-18 20:17:25.195 1845 INFO rally.task.context [-] Task 9c3de056-1a07-454e-93a5-69c3198c7467 | Context volumes@openstack cleanup() finished in 3.79 sec
2019-11-18 20:17:25.196 1845 INFO rally.task.context [-] Task 9c3de056-1a07-454e-93a5-69c3198c7467 | Context quotas@openstack cleanup() started
2019-11-18 20:17:25.300 1845 INFO rally.task.context [-] Task 9c3de056-1a07-454e-93a5-69c3198c7467 | Context quotas@openstack cleanup() finished in 0.10 sec
2019-11-18 20:17:25.301 1845 INFO rally.task.context [-] Task 9c3de056-1a07-454e-93a5-69c3198c7467 | Context api_versions@openstack cleanup() started
2019-11-18 20:17:25.301 1845 INFO rally.task.context [-] Task 9c3de056-1a07-454e-93a5-69c3198c7467 | Context api_versions@openstack cleanup() finished in 0.40 msec
2019-11-18 20:17:25.302 1845 INFO rally.task.context [-] Task 9c3de056-1a07-454e-93a5-69c3198c7467 | Context users@openstack cleanup() started
2019-11-18 20:17:29.914 1845 INFO rally.task.context [-] Task 9c3de056-1a07-454e-93a5-69c3198c7467 | Context users@openstack cleanup() finished in 4.61 sec
2019-11-18 20:17:30.068 1845 INFO rally.task.engine [-] Load duration is: 14.132262
2019-11-18 20:17:30.068 1845 INFO rally.task.engine [-] Full runner duration is: 14.186072
2019-11-18 20:17:30.069 1845 INFO rally.task.engine [-] Full duration is: 40.068081
2019-11-18 20:17:30.437 1845 INFO rally.task.engine [-] Running workload: position = 0 config = { "version": 2, "title": "A cropped version of a bigger task.", "description": "Auto-generated task from a single workload (uuid=74bda8c6-e2d6-4d5f-85e9-8143e538f88c)", "subtasks": [ { "title": "CinderVolumes.create_and_delete_volume", "description": "Create and then delete a volume.", "scenario": { "CinderVolumes.create_and_delete_volume": { "size": { "max": 1, "min": 1 } } }, "contexts": { "users": { "tenants": 3, "users_per_tenant": 2 }, "quotas": { "cinder": { "gigabytes": -1, "snapshots": -1, "volumes": -1 } }, "api_versions": { "cinder": { "version": 3, "service_type": "volumev3" } } }, "runner": { "constant": { "concurrency": 4, "times": 10 } }, "hooks": [], "sla": { "failure_rate": { "max": 0 } } } ] }
2019-11-18 20:17:30.462 1845 RALLYDEBUG rally_openstack.contexts.keystone.users [-] Creating 3 tenants using 20 threads
2019-11-18 20:17:31.496 1845 RALLYDEBUG rally_openstack.contexts.keystone.users [-] Creating 6 users using 20 threads
2019-11-18 20:17:33.035 1845 INFO rally.task.context [-] Task 9c3de056-1a07-454e-93a5-69c3198c7467 | Context users@openstack setup() finished in 2.57 sec
2019-11-18 20:17:33.441 1845 INFO rally.task.context [-] Task 9c3de056-1a07-454e-93a5-69c3198c7467 | Context api_versions@openstack setup() finished in 0.41 sec
2019-11-18 20:17:34.348 1845 INFO rally.task.context [-] Task 9c3de056-1a07-454e-93a5-69c3198c7467 | Context quotas@openstack setup() finished in 0.91 sec
2019-11-18 20:17:34.348 1845 INFO rally.task.context [-] Task 9c3de056-1a07-454e-93a5-69c3198c7467 | Context cleanup@openstack setup() finished in 0.01 msec
2019-11-18 20:17:34.358 1845 RALLYDEBUG rally.task.runner [-] Starting the constant runner (task UUID: 9c3de056-1a07-454e-93a5-69c3198c7467). times: 10 concurrency: 4 timeout: 0 max_cpu_used: 16 processes_to_start: 4 concurrency_per_worker: 1 concurrency_overhead: 0
2019-11-18 20:17:34.369 4173 RALLYDEBUG rally.task.runner [-] Starting a worker. times: 10 duration: None concurrency: 1 timeout: 0 cls: method_name: run args: {"size": {"max": 1, "min": 1}}
2019-11-18 20:17:34.373 4174 RALLYDEBUG rally.task.runner [-] Starting a worker. times: 10 duration: None concurrency: 1 timeout: 0 cls: method_name: run args: {"size": {"max": 1, "min": 1}}
2019-11-18 20:17:34.377 4173 INFO rally.task.runner [-] Task 9c3de056-1a07-454e-93a5-69c3198c7467 | ITER: 1 START
2019-11-18 20:17:34.377 4175 RALLYDEBUG rally.task.runner [-] Starting a worker. times: 10 duration: None concurrency: 1 timeout: 0 cls: method_name: run args: {"size": {"max": 1, "min": 1}}
2019-11-18 20:17:34.379 4174 INFO rally.task.runner [-] Task 9c3de056-1a07-454e-93a5-69c3198c7467 | ITER: 2 START
2019-11-18 20:17:34.380 4176 RALLYDEBUG rally.task.runner [-] Starting a worker. times: 10 duration: None concurrency: 1 timeout: 0 cls: method_name: run args: {"size": {"max": 1, "min": 1}}
2019-11-18 20:17:34.384 4175 INFO rally.task.runner [-] Task 9c3de056-1a07-454e-93a5-69c3198c7467 | ITER: 3 START
2019-11-18 20:17:34.387 4176 INFO rally.task.runner [-] Task 9c3de056-1a07-454e-93a5-69c3198c7467 | ITER: 4 START
2019-11-18 20:17:37.317 4173 RALLYDEBUG rally.task.utils [-] Waiting for resource s_rally_74bda8c6_yb2C1NUq. Status changed: AVAILABLE => DELETING in 0.0713510513305664
2019-11-18 20:17:37.333 4174 RALLYDEBUG rally.task.utils [-] Waiting for resource s_rally_74bda8c6_lEsZ38aw. Status changed: AVAILABLE => DELETING in 0.0595550537109375
2019-11-18 20:17:37.345 4175 RALLYDEBUG rally.task.utils [-] Waiting for resource s_rally_74bda8c6_j3D9IRSe. Status changed: AVAILABLE => DELETING in 0.055361270904541016
2019-11-18 20:17:37.413 4176 RALLYDEBUG rally.task.utils [-] Waiting for resource s_rally_74bda8c6_gTTmb9xu. Status changed: AVAILABLE => DELETING in 0.058897972106933594
2019-11-18 20:17:39.360 4173 INFO rally.task.runner [-] Task 9c3de056-1a07-454e-93a5-69c3198c7467 | ITER: 1 END: OK
2019-11-18 20:17:39.365 4173 INFO rally.task.runner [-] Task 9c3de056-1a07-454e-93a5-69c3198c7467 | ITER: 5 START
2019-11-18 20:17:39.374 4174 INFO rally.task.runner [-] Task 9c3de056-1a07-454e-93a5-69c3198c7467 | ITER: 2 END: OK
2019-11-18 20:17:39.379 4174 INFO rally.task.runner [-] Task 9c3de056-1a07-454e-93a5-69c3198c7467 | ITER: 6 START
2019-11-18 20:17:39.387 4175 INFO rally.task.runner [-] Task 9c3de056-1a07-454e-93a5-69c3198c7467 | ITER: 3 END: OK
2019-11-18 20:17:39.391 4175 INFO rally.task.runner [-] Task 9c3de056-1a07-454e-93a5-69c3198c7467 | ITER: 7 START
2019-11-18 20:17:39.452 4176 INFO rally.task.runner [-] Task 9c3de056-1a07-454e-93a5-69c3198c7467 | ITER: 4 END: OK
2019-11-18 20:17:39.457 4176 INFO rally.task.runner [-] Task 9c3de056-1a07-454e-93a5-69c3198c7467 | ITER: 8 START
2019-11-18 20:17:42.206 4173 RALLYDEBUG rally.task.utils [-] Waiting for resource s_rally_74bda8c6_OP92wPPG. Status changed: AVAILABLE => DELETING in 0.058913469314575195
2019-11-18 20:17:42.247 4175 RALLYDEBUG rally.task.utils [-] Waiting for resource s_rally_74bda8c6_mBE4cx0J. Status changed: AVAILABLE => DELETING in 0.062281131744384766
2019-11-18 20:17:42.321 4174 RALLYDEBUG rally.task.utils [-] Waiting for resource s_rally_74bda8c6_rB3jL3zs. Status changed: AVAILABLE => DELETING in 0.06131887435913086
2019-11-18 20:17:42.482 4176 RALLYDEBUG rally.task.utils [-] Waiting for resource s_rally_74bda8c6_x7o19L7O. Status changed: AVAILABLE => DELETING in 0.06311726570129395
2019-11-18 20:17:44.249 4173 INFO rally.task.runner [-] Task 9c3de056-1a07-454e-93a5-69c3198c7467 | ITER: 5 END: OK
2019-11-18 20:17:44.252 4173 INFO rally.task.runner [-] Task 9c3de056-1a07-454e-93a5-69c3198c7467 | ITER: 9 START
2019-11-18 20:17:44.292 4175 INFO rally.task.runner [-] Task 9c3de056-1a07-454e-93a5-69c3198c7467 | ITER: 7 END: OK
2019-11-18 20:17:44.296 4175 INFO rally.task.runner [-] Task 9c3de056-1a07-454e-93a5-69c3198c7467 | ITER: 10 START
2019-11-18 20:17:44.371 4174 INFO rally.task.runner [-] Task 9c3de056-1a07-454e-93a5-69c3198c7467 | ITER: 6 END: OK
2019-11-18 20:17:44.523 4176 INFO rally.task.runner [-] Task 9c3de056-1a07-454e-93a5-69c3198c7467 | ITER: 8 END: OK
2019-11-18 20:17:47.086 4173 RALLYDEBUG rally.task.utils [-] Waiting for resource s_rally_74bda8c6_acoupv3C. Status changed: AVAILABLE => DELETING in 0.05616188049316406
2019-11-18 20:17:47.137 4175 RALLYDEBUG rally.task.utils [-] Waiting for resource s_rally_74bda8c6_FooqFfra. Status changed: AVAILABLE => DELETING in 0.06207108497619629
2019-11-18 20:17:49.129 4173 INFO rally.task.runner [-] Task 9c3de056-1a07-454e-93a5-69c3198c7467 | ITER: 9 END: OK
2019-11-18 20:17:49.178 4175 INFO rally.task.runner [-] Task 9c3de056-1a07-454e-93a5-69c3198c7467 | ITER: 10 END: OK
2019-11-18 20:17:49.208 1845 INFO rally.task.context [-] Task 9c3de056-1a07-454e-93a5-69c3198c7467 | Context cleanup@openstack cleanup() started
2019-11-18 20:17:49.211 1845 RALLYDEBUG rally_openstack.cleanup.manager [-] Cleaning up cinder backups objects
2019-11-18 20:17:50.513 1845 RALLYDEBUG rally_openstack.cleanup.manager [-] Cleaning up cinder volume_snapshots objects
2019-11-18 20:17:51.774 1845 RALLYDEBUG rally_openstack.cleanup.manager [-] Cleaning up cinder transfers objects
2019-11-18 20:17:52.925 1845 RALLYDEBUG rally_openstack.cleanup.manager [-] Cleaning up cinder volumes objects
2019-11-18 20:17:54.169 1845 INFO rally.task.context [-] Task 9c3de056-1a07-454e-93a5-69c3198c7467 | Context cleanup@openstack cleanup() finished in 4.96 sec
2019-11-18 20:17:54.169 1845 INFO rally.task.context [-] Task 9c3de056-1a07-454e-93a5-69c3198c7467 | Context quotas@openstack cleanup() started
