2019-11-18 20:54:22.900 20125 RALLYDEBUG rally.task.runner [-] Starting a worker. times: 10 duration: None concurrency: 1 timeout: 0 cls: method_name: run args: {"subnets_per_network": 2}
2019-11-18 20:54:22.904 20126 RALLYDEBUG rally.task.runner [-] Starting a worker. times: 10 duration: None concurrency: 1 timeout: 0 cls: method_name: run args: {"subnets_per_network": 2}
2019-11-18 20:54:22.908 20125 INFO rally.task.runner [-] Task 70f16d94-7e97-4551-ac69-1a421e3e1502 | ITER: 1 START
2019-11-18 20:54:22.907 20127 RALLYDEBUG rally.task.runner [-] Starting a worker. times: 10 duration: None concurrency: 1 timeout: 0 cls: method_name: run args: {"subnets_per_network": 2}
2019-11-18 20:54:22.910 20125 RALLYDEBUG rally_openstack.wrappers.network [-] CIDR generated: 10.2.98.0/24
2019-11-18 20:54:22.911 20126 INFO rally.task.runner [-] Task 70f16d94-7e97-4551-ac69-1a421e3e1502 | ITER: 2 START
2019-11-18 20:54:22.910 20128 RALLYDEBUG rally.task.runner [-] Starting a worker. times: 10 duration: None concurrency: 1 timeout: 0 cls: method_name: run args: {"subnets_per_network": 2}
2019-11-18 20:54:22.913 20126 RALLYDEBUG rally_openstack.wrappers.network [-] CIDR generated: 10.2.99.0/24
2019-11-18 20:54:22.914 20127 INFO rally.task.runner [-] Task 70f16d94-7e97-4551-ac69-1a421e3e1502 | ITER: 3 START
2019-11-18 20:54:22.917 20127 RALLYDEBUG rally_openstack.wrappers.network [-] CIDR generated: 10.2.100.0/24
2019-11-18 20:54:22.917 20128 INFO rally.task.runner [-] Task 70f16d94-7e97-4551-ac69-1a421e3e1502 | ITER: 4 START
2019-11-18 20:54:22.920 20128 RALLYDEBUG rally_openstack.wrappers.network [-] CIDR generated: 10.2.101.0/24
2019-11-18 20:54:23.917 20125 RALLYDEBUG rally_openstack.wrappers.network [-] CIDR generated: 10.2.102.0/24
2019-11-18 20:54:24.133 20126 RALLYDEBUG rally_openstack.wrappers.network [-] CIDR generated: 10.2.103.0/24
2019-11-18 20:54:24.289 20127 RALLYDEBUG rally_openstack.wrappers.network [-] CIDR generated: 10.2.104.0/24
2019-11-18 20:54:24.289 20128 RALLYDEBUG rally_openstack.wrappers.network [-] CIDR generated: 10.2.105.0/24
2019-11-18 20:54:24.856 20126 INFO rally.task.runner [-] Task 70f16d94-7e97-4551-ac69-1a421e3e1502 | ITER: 2 END: OK
2019-11-18 20:54:24.860 20126 INFO rally.task.runner [-] Task 70f16d94-7e97-4551-ac69-1a421e3e1502 | ITER: 5 START
2019-11-18 20:54:24.862 20126 RALLYDEBUG rally_openstack.wrappers.network [-] CIDR generated: 10.2.106.0/24
2019-11-18 20:54:24.907 20125 INFO rally.task.runner [-] Task 70f16d94-7e97-4551-ac69-1a421e3e1502 | ITER: 1 END: OK
2019-11-18 20:54:24.912 20125 INFO rally.task.runner [-] Task 70f16d94-7e97-4551-ac69-1a421e3e1502 | ITER: 6 START
2019-11-18 20:54:24.913 20125 RALLYDEBUG rally_openstack.wrappers.network [-] CIDR generated: 10.2.107.0/24
2019-11-18 20:54:25.038 20127 INFO rally.task.runner [-] Task 70f16d94-7e97-4551-ac69-1a421e3e1502 | ITER: 3 END: OK
2019-11-18 20:54:25.043 20127 INFO rally.task.runner [-] Task 70f16d94-7e97-4551-ac69-1a421e3e1502 | ITER: 7 START
2019-11-18 20:54:25.045 20127 RALLYDEBUG rally_openstack.wrappers.network [-] CIDR generated: 10.2.108.0/24
2019-11-18 20:54:25.369 20128 INFO rally.task.runner [-] Task 70f16d94-7e97-4551-ac69-1a421e3e1502 | ITER: 4 END: OK
2019-11-18 20:54:25.373 20128 INFO rally.task.runner [-] Task 70f16d94-7e97-4551-ac69-1a421e3e1502 | ITER: 8 START
2019-11-18 20:54:25.374 20128 RALLYDEBUG rally_openstack.wrappers.network [-] CIDR generated: 10.2.109.0/24
2019-11-18 20:54:25.788 20125 RALLYDEBUG rally_openstack.wrappers.network [-] CIDR generated: 10.2.110.0/24
2019-11-18 20:54:25.885 20126 RALLYDEBUG rally_openstack.wrappers.network [-] CIDR generated: 10.2.111.0/24
2019-11-18 20:54:26.310 20127 RALLYDEBUG rally_openstack.wrappers.network [-] CIDR generated: 10.2.112.0/24
2019-11-18 20:54:26.409 20128 RALLYDEBUG rally_openstack.wrappers.network [-] CIDR generated: 10.2.113.0/24
2019-11-18 20:54:26.650 20126 INFO rally.task.runner [-] Task 70f16d94-7e97-4551-ac69-1a421e3e1502 | ITER: 5 END: OK
2019-11-18 20:54:26.653 20126 INFO rally.task.runner [-] Task 70f16d94-7e97-4551-ac69-1a421e3e1502 | ITER: 9 START
2019-11-18 20:54:26.654 20126 RALLYDEBUG rally_openstack.wrappers.network [-] CIDR generated: 10.2.114.0/24
2019-11-18 20:54:26.671 20125 INFO rally.task.runner [-] Task 70f16d94-7e97-4551-ac69-1a421e3e1502 | ITER: 6 END: OK
2019-11-18 20:54:26.675 20125 INFO rally.task.runner [-] Task 70f16d94-7e97-4551-ac69-1a421e3e1502 | ITER: 10 START
2019-11-18 20:54:26.676 20125 RALLYDEBUG rally_openstack.wrappers.network [-] CIDR generated: 10.2.115.0/24
2019-11-18 20:54:27.100 20127 INFO rally.task.runner [-] Task 70f16d94-7e97-4551-ac69-1a421e3e1502 | ITER: 7 END: OK
2019-11-18 20:54:27.197 20128 INFO rally.task.runner [-] Task 70f16d94-7e97-4551-ac69-1a421e3e1502 | ITER: 8 END: OK
2019-11-18 20:54:27.630 20125 RALLYDEBUG rally_openstack.wrappers.network [-] CIDR generated: 10.2.116.0/24
2019-11-18 20:54:27.985 20126 RALLYDEBUG rally_openstack.wrappers.network [-] CIDR generated: 10.2.117.0/24
2019-11-18 20:54:28.425 20125 INFO rally.task.runner [-] Task 70f16d94-7e97-4551-ac69-1a421e3e1502 | ITER: 10 END: OK
2019-11-18 20:54:29.001 20126 INFO rally.task.runner [-] Task 70f16d94-7e97-4551-ac69-1a421e3e1502 | ITER: 9 END: OK
2019-11-18 20:54:29.026 13785 INFO rally.task.context [-] Task 70f16d94-7e97-4551-ac69-1a421e3e1502 | Context cleanup@openstack cleanup() started
2019-11-18 20:54:29.030 13785 RALLYDEBUG rally_openstack.cleanup.manager [-] Cleaning up neutron vip objects
2019-11-18 20:54:30.118 13785 RALLYDEBUG rally_openstack.cleanup.manager [-] Cleaning up neutron health_monitor objects
2019-11-18 20:54:31.216 13785 RALLYDEBUG rally_openstack.cleanup.manager [-] Cleaning up neutron pool objects
2019-11-18 20:54:32.275 13785 RALLYDEBUG rally_openstack.cleanup.manager [-] Cleaning up neutron loadbalancer objects
2019-11-18 20:54:33.335 13785 RALLYDEBUG rally_openstack.cleanup.manager [-] Cleaning up neutron floatingip objects
2019-11-18 20:54:34.538 13785 RALLYDEBUG rally_openstack.cleanup.manager [-] Cleaning up neutron trunk objects
2019-11-18 20:54:35.624 13785 RALLYDEBUG rally_openstack.cleanup.manager [-] Cleaning up neutron port objects
2019-11-18 20:54:36.886 13785 RALLYDEBUG rally_openstack.cleanup.manager [-] Cleaning up neutron subnet objects
2019-11-18 20:54:38.201 13785 RALLYDEBUG rally_openstack.cleanup.manager [-] Deleting neutron.subnet object s_rally_b4e8a6dc_vaYBvn4z (2374c8c4-c54b-4b31-90a5-8fb6d0a98945)
2019-11-18 20:54:38.207 13785 RALLYDEBUG rally_openstack.cleanup.manager [-] Deleting neutron.subnet object s_rally_b4e8a6dc_hoLSGf4o (771a14b8-4ca1-4fb9-8231-6067fbcc42b6)
2019-11-18 20:54:38.219 13785 RALLYDEBUG rally_openstack.cleanup.manager [-] Deleting neutron.subnet object s_rally_b4e8a6dc_oEf3zQ0G (8816d423-4791-4a51-886e-3b68fdea4c91)
2019-11-18 20:54:38.228 13785 RALLYDEBUG rally_openstack.cleanup.manager [-] Deleting neutron.subnet object s_rally_b4e8a6dc_o8DOFpOP (cdd952d4-1388-4f13-a73c-bd0e0a76d30c)
2019-11-18 20:54:38.233 13785 RALLYDEBUG rally_openstack.cleanup.manager [-] Deleting neutron.subnet object s_rally_b4e8a6dc_9hHxEPZi (d1fe474b-0bb3-4128-ae48-62d3aa638547)
2019-11-18 20:54:38.241 13785 RALLYDEBUG rally_openstack.cleanup.manager [-] Deleting neutron.subnet object s_rally_b4e8a6dc_F3edXPIO (eb7ae9ca-47f6-459b-a8fb-f5ff7c66721c)
2019-11-18 20:54:38.256 13785 RALLYDEBUG rally_openstack.cleanup.manager [-] Deleting neutron.subnet object s_rally_b4e8a6dc_Bw0XhFGu (f1582065-f296-4abc-99b5-a18cebd56c54)
2019-11-18 20:54:38.275 13785 RALLYDEBUG rally_openstack.cleanup.manager [-] Deleting neutron.subnet object s_rally_b4e8a6dc_9S8XsIFG (f775afb1-e0d8-495f-a73f-18a829cbb67c)
2019-11-18 20:54:38.281 13785 RALLYDEBUG rally_openstack.cleanup.manager [-] Deleting neutron.subnet object s_rally_b4e8a6dc_PICMdwYC (2f68d77f-f490-4424-bb63-2892ee42d097)
2019-11-18 20:54:38.303 13785 RALLYDEBUG rally_openstack.cleanup.manager [-] Deleting neutron.subnet object s_rally_b4e8a6dc_0ubVFzW4 (96423823-6d0b-4ce7-806f-79297e0e1f4a)
2019-11-18 20:54:38.307 13785 RALLYDEBUG rally_openstack.cleanup.manager [-] Deleting neutron.subnet object s_rally_b4e8a6dc_1rsRuVm1 (afc42572-425e-4edb-8cbd-435393363f70)
2019-11-18 20:54:38.310 13785 RALLYDEBUG rally_openstack.cleanup.manager [-] Deleting neutron.subnet object s_rally_b4e8a6dc_Gjg4I26a (b3afe26e-0f5b-4862-a4e2-ef6499e74b5d)
2019-11-18 20:54:38.330 13785 RALLYDEBUG rally_openstack.cleanup.manager [-] Deleting neutron.subnet object s_rally_b4e8a6dc_sqI0kOLy (b564b369-8e50-44e3-af38-df8c5e65edce)
2019-11-18 20:54:38.333 13785 RALLYDEBUG rally_openstack.cleanup.manager [-] Deleting neutron.subnet object s_rally_b4e8a6dc_CiRM0qmn (cdc45b2c-7625-4cf0-86dd-2c28c7b854af)
2019-11-18 20:54:38.356 13785 RALLYDEBUG rally_openstack.cleanup.manager [-] Deleting neutron.subnet object s_rally_b4e8a6dc_IJ3X9rWF (1ed2cb86-98e0-461f-8eeb-1cfb1403fca1)
2019-11-18 20:54:38.359 13785 RALLYDEBUG rally_openstack.cleanup.manager [-] Deleting neutron.subnet object s_rally_b4e8a6dc_UrGsg09u (0c2afe5d-9c9c-453f-adb6-d68f380cca6f)
2019-11-18 20:54:38.368 13785 RALLYDEBUG rally_openstack.cleanup.manager [-] Deleting neutron.subnet object s_rally_b4e8a6dc_uHY6B61k (22627775-5eec-4f3f-abd4-3f56346f4d1d)
2019-11-18 20:54:38.379 13785 RALLYDEBUG rally_openstack.cleanup.manager [-] Deleting neutron.subnet object s_rally_b4e8a6dc_Zu0M7uRf (5c45b5eb-c150-4449-9f97-8450256f15eb)
2019-11-18 20:54:38.398 13785 RALLYDEBUG rally_openstack.cleanup.manager [-] Deleting neutron.subnet object s_rally_b4e8a6dc_RjymHNPR (8612b740-3e47-43d4-8e7c-7af0ec2b3f6a)
2019-11-18 20:54:38.401 13785 RALLYDEBUG rally_openstack.cleanup.manager [-] Deleting neutron.subnet object s_rally_b4e8a6dc_1VOmkP0D (b79e568a-7ee1-4ba3-aa68-42c0fe4477ab)
2019-11-18 20:54:45.405 13785 RALLYDEBUG rally_openstack.cleanup.manager [-] Cleaning up neutron network objects
2019-11-18 20:54:46.768 13785 RALLYDEBUG rally_openstack.cleanup.manager [-] Cleaning up neutron router objects
2019-11-18 20:54:47.951 13785 RALLYDEBUG rally_openstack.cleanup.manager [-] Cleaning up neutron security_group objects
2019-11-18 20:54:49.197 13785 INFO rally.task.context [-] Task 70f16d94-7e97-4551-ac69-1a421e3e1502 | Context cleanup@openstack cleanup() finished in 20.17 sec
2019-11-18 20:54:49.197 13785 INFO rally.task.context [-] Task 70f16d94-7e97-4551-ac69-1a421e3e1502 | Context network@openstack cleanup() started
2019-11-18 20:55:02.433 13785 INFO rally.task.context [-] Task 70f16d94-7e97-4551-ac69-1a421e3e1502 | Context network@openstack cleanup() finished in 13.24 sec
2019-11-18 20:55:02.433 13785 INFO rally.task.context [-] Task 70f16d94-7e97-4551-ac69-1a421e3e1502 | Context quotas@openstack cleanup() started
2019-11-18 20:55:02.613 13785 INFO rally.task.context [-] Task 70f16d94-7e97-4551-ac69-1a421e3e1502 | Context quotas@openstack cleanup() finished in 0.18 sec
2019-11-18 20:55:02.614 13785 INFO rally.task.context [-] Task 70f16d94-7e97-4551-ac69-1a421e3e1502 | Context users@openstack cleanup() started
2019-11-18 20:55:06.641 13785 INFO rally.task.context [-] Task 70f16d94-7e97-4551-ac69-1a421e3e1502 | Context users@openstack cleanup() finished in 4.03 sec
2019-11-18 20:55:08.584 13785 INFO rally.task.engine [-] Load duration is: 6.091514
2019-11-18 20:55:08.585 13785 INFO rally.task.engine [-] Full runner duration is: 6.13777
2019-11-18 20:55:08.585 13785 INFO rally.task.engine [-] Full duration is: 50.331708
2019-11-18 20:55:08.840 13785 INFO rally.task.engine [-] Task 70f16d94-7e97-4551-ac69-1a421e3e1502 | Completed: Running task.
2019-11-18 20:55:10.524 20407 RALLYDEBUG rally.api [-] INFO logs from urllib3 and requests module are hide.
2019-11-18 20:55:10.524 20407 RALLYDEBUG rally.api [-] urllib3 insecure warnings are hidden.
2019-11-18 20:55:10.524 20407 RALLYDEBUG rally.api [-] ERROR log from boto module is hide.
2019-11-18 20:55:11.752 20408 RALLYDEBUG rally.api [-] INFO logs from urllib3 and requests module are hide.
2019-11-18 20:55:11.753 20408 RALLYDEBUG rally.api [-] urllib3 insecure warnings are hidden.
2019-11-18 20:55:11.753 20408 RALLYDEBUG rally.api [-] ERROR log from boto module is hide.
2019-11-18 20:55:13.051 20409 RALLYDEBUG rally.api [-] INFO logs from urllib3 and requests module are hide.
2019-11-18 20:55:13.052 20409 RALLYDEBUG rally.api [-] urllib3 insecure warnings are hidden.
2019-11-18 20:55:13.052 20409 RALLYDEBUG rally.api [-] ERROR log from boto module is hide.
2019-11-18 20:55:14.686 20409 INFO rally.api [-] Building 'json' report for the following task(s): '70f16d94-7e97-4551-ac69-1a421e3e1502'.
2019-11-18 20:55:14.725 20409 INFO rally.api [-] The report has been successfully built.
2019-11-18 20:55:16.118 20411 RALLYDEBUG rally.api [-] INFO logs from urllib3 and requests module are hide.
2019-11-18 20:55:16.119 20411 RALLYDEBUG rally.api [-] urllib3 insecure warnings are hidden.
2019-11-18 20:55:16.119 20411 RALLYDEBUG rally.api [-] ERROR log from boto module is hide.
2019-11-18 20:55:18.102 20411 INFO rally.task.engine [-] Task f0c16f69-272d-4c2f-ad2b-b66b4e17b899 | Starting: Task validation.
2019-11-18 20:55:18.157 20411 INFO rally.task.engine [-] Task f0c16f69-272d-4c2f-ad2b-b66b4e17b899 | Starting: Task validation of syntax.
2019-11-18 20:55:18.476 20411 INFO rally.task.engine [-] Task f0c16f69-272d-4c2f-ad2b-b66b4e17b899 | Completed: Task validation of syntax.
2019-11-18 20:55:18.476 20411 INFO rally.task.engine [-] Task f0c16f69-272d-4c2f-ad2b-b66b4e17b899 | Starting: Task validation of required platforms.
2019-11-18 20:55:18.615 20411 INFO rally.task.engine [-] Task f0c16f69-272d-4c2f-ad2b-b66b4e17b899 | Completed: Task validation of required platforms.
2019-11-18 20:55:18.615 20411 INFO rally.task.engine [-] Task f0c16f69-272d-4c2f-ad2b-b66b4e17b899 | Starting: Task validation of semantic.
2019-11-18 20:55:18.615 20411 INFO rally.task.engine [-] Check health of the environment 'fff30b6c-fd7c-4208-aaed-a1587a099099'.
2019-11-18 20:55:19.582 20411 INFO rally.task.engine [-] Platform existing@openstack (available: True): OK!
2019-11-18 20:55:19.602 20411 RALLYDEBUG rally_openstack.contexts.keystone.users [-] Creating 1 tenants using 20 threads
2019-11-18 20:55:20.450 20411 RALLYDEBUG rally_openstack.contexts.keystone.users [-] Creating 1 users using 20 threads
2019-11-18 20:55:21.844 20411 INFO rally.task.context [-] Task f0c16f69-272d-4c2f-ad2b-b66b4e17b899 | Context users@openstack setup() finished in 2.24 sec
2019-11-18 20:56:01.058 20411 INFO rally.task.context [-] Task f0c16f69-272d-4c2f-ad2b-b66b4e17b899 | Context users@openstack cleanup() started
2019-11-18 20:56:03.815 20411 INFO rally.task.context [-] Task f0c16f69-272d-4c2f-ad2b-b66b4e17b899 | Context users@openstack cleanup() finished in 2.76 sec
2019-11-18 20:56:03.816 20411 INFO rally.task.engine [-] Task f0c16f69-272d-4c2f-ad2b-b66b4e17b899 | Completed: Task validation of semantic.
2019-11-18 20:56:03.816 20411 INFO rally.task.engine [-] Task f0c16f69-272d-4c2f-ad2b-b66b4e17b899 | Completed: Task validation.
2019-11-18 20:56:03.817 20411 INFO rally.api [-] Task f0c16f69-272d-4c2f-ad2b-b66b4e17b899 input file is valid.
2019-11-18 20:56:03.817 20411 INFO rally.api [-] Run Task f0c16f69-272d-4c2f-ad2b-b66b4e17b899 against Deployment fff30b6c-fd7c-4208-aaed-a1587a099099
2019-11-18 20:56:03.817 20411 INFO rally.task.engine [-] Task f0c16f69-272d-4c2f-ad2b-b66b4e17b899 | Starting: Running task.
2019-11-18 20:56:04.003 20411 INFO rally.task.engine [-] Running workload: position = 0 config = { "version": 2, "title": "A cropped version of a bigger task.", "description": "Auto-generated task from a single workload (uuid=4067b161-3890-4ad2-9e69-8c7e61a91ee2)", "subtasks": [ { "title": "NovaKeypair.create_and_delete_keypair", "description": "Create a keypair with random name and delete keypair.", "scenario": { "NovaKeypair.create_and_delete_keypair": {} }, "contexts": { "users": { "tenants": 3, "users_per_tenant": 2 }, "quotas": { "nova": { "cores": -1, "floating_ips": -1, "instances": -1, "key_pairs": -1, "ram": -1, "security_group_rules": -1, "security_groups": -1 } } }, "runner": { "constant": { "concurrency": 4, "times": 10 } }, "hooks": [], "sla": { "failure_rate": { "max": 0 } } } ] }
2019-11-18 20:56:04.027 20411 RALLYDEBUG rally_openstack.contexts.keystone.users [-] Creating 3 tenants using 20 threads
2019-11-18 20:56:04.968 20411 RALLYDEBUG rally_openstack.contexts.keystone.users [-] Creating 6 users using 20 threads
2019-11-18 20:56:06.597 20411 INFO rally.task.context [-] Task f0c16f69-272d-4c2f-ad2b-b66b4e17b899 | Context users@openstack setup() finished in 2.57 sec
2019-11-18 20:56:07.813 20411 INFO rally.task.context [-] Task f0c16f69-272d-4c2f-ad2b-b66b4e17b899 | Context quotas@openstack setup() finished in 1.22 sec
2019-11-18 20:56:07.814 20411 INFO rally.task.context [-] Task f0c16f69-272d-4c2f-ad2b-b66b4e17b899 | Context cleanup@openstack setup() finished in 0.04 msec
2019-11-18 20:56:07.823 20411 RALLYDEBUG rally.task.runner [-] Starting the constant runner (task UUID: f0c16f69-272d-4c2f-ad2b-b66b4e17b899). times: 10 concurrency: 4 timeout: 0 max_cpu_used: 16 processes_to_start: 4 concurrency_per_worker: 1 concurrency_overhead: 0
2019-11-18 20:56:07.836 20535 RALLYDEBUG rally.task.runner [-] Starting a worker. times: 10 duration: None concurrency: 1 timeout: 0 cls: method_name: run args: {}
2019-11-18 20:56:07.840 20536 RALLYDEBUG rally.task.runner [-] Starting a worker. times: 10 duration: None concurrency: 1 timeout: 0 cls: method_name: run args: {}
2019-11-18 20:56:07.844 20535 INFO rally.task.runner [-] Task f0c16f69-272d-4c2f-ad2b-b66b4e17b899 | ITER: 1 START
2019-11-18 20:56:07.843 20537 RALLYDEBUG rally.task.runner [-] Starting a worker. times: 10 duration: None concurrency: 1 timeout: 0 cls: method_name: run args: {}
2019-11-18 20:56:07.846 20536 INFO rally.task.runner [-] Task f0c16f69-272d-4c2f-ad2b-b66b4e17b899 | ITER: 2 START
2019-11-18 20:56:07.847 20539 RALLYDEBUG rally.task.runner [-] Starting a worker. times: 10 duration: None concurrency: 1 timeout: 0 cls: method_name: run args: {}
2019-11-18 20:56:07.849 20537 INFO rally.task.runner [-] Task f0c16f69-272d-4c2f-ad2b-b66b4e17b899 | ITER: 3 START
2019-11-18 20:56:07.853 20539 INFO rally.task.runner [-] Task f0c16f69-272d-4c2f-ad2b-b66b4e17b899 | ITER: 4 START
2019-11-18 20:56:08.479 20535 INFO rally.task.runner [-] Task f0c16f69-272d-4c2f-ad2b-b66b4e17b899 | ITER: 1 END: OK
2019-11-18 20:56:08.484 20535 INFO rally.task.runner [-] Task f0c16f69-272d-4c2f-ad2b-b66b4e17b899 | ITER: 5 START
2019-11-18 20:56:08.586 20536 INFO rally.task.runner [-] Task f0c16f69-272d-4c2f-ad2b-b66b4e17b899 | ITER: 2 END: OK
2019-11-18 20:56:08.590 20536 INFO rally.task.runner [-] Task f0c16f69-272d-4c2f-ad2b-b66b4e17b899 | ITER: 6 START
2019-11-18 20:56:08.606 20539 INFO rally.task.runner [-] Task f0c16f69-272d-4c2f-ad2b-b66b4e17b899 | ITER: 4 END: OK
2019-11-18 20:56:08.607 20537 INFO rally.task.runner [-] Task f0c16f69-272d-4c2f-ad2b-b66b4e17b899 | ITER: 3 END: OK
2019-11-18 20:56:08.610 20539 INFO rally.task.runner [-] Task f0c16f69-272d-4c2f-ad2b-b66b4e17b899 | ITER: 7 START
2019-11-18 20:56:08.612 20537 INFO rally.task.runner [-] Task f0c16f69-272d-4c2f-ad2b-b66b4e17b899 | ITER: 8 START
2019-11-18 20:56:09.015 20535 INFO rally.task.runner [-] Task f0c16f69-272d-4c2f-ad2b-b66b4e17b899 | ITER: 5 END: OK
2019-11-18 20:56:09.018 20535 INFO rally.task.runner [-] Task f0c16f69-272d-4c2f-ad2b-b66b4e17b899 | ITER: 9 START
2019-11-18 20:56:09.126 20539 INFO rally.task.runner [-] Task f0c16f69-272d-4c2f-ad2b-b66b4e17b899 | ITER: 7 END: OK
2019-11-18 20:56:09.130 20539 INFO rally.task.runner [-] Task f0c16f69-272d-4c2f-ad2b-b66b4e17b899 | ITER: 10 START
2019-11-18 20:56:09.198 20536 INFO rally.task.runner [-] Task f0c16f69-272d-4c2f-ad2b-b66b4e17b899 | ITER: 6 END: OK
2019-11-18 20:56:09.321 20537 INFO rally.task.runner [-] Task f0c16f69-272d-4c2f-ad2b-b66b4e17b899 | ITER: 8 END: OK
2019-11-18 20:56:09.616 20535 INFO rally.task.runner [-] Task f0c16f69-272d-4c2f-ad2b-b66b4e17b899 | ITER: 9 END: OK
2019-11-18 20:56:09.776 20539 INFO rally.task.runner [-] Task f0c16f69-272d-4c2f-ad2b-b66b4e17b899 | ITER: 10 END: OK
2019-11-18 20:56:09.803 20411 INFO rally.task.context [-] Task f0c16f69-272d-4c2f-ad2b-b66b4e17b899 | Context cleanup@openstack cleanup() started
2019-11-18 20:56:09.806 20411 RALLYDEBUG rally_openstack.cleanup.manager [-] Cleaning up nova servers objects
2019-11-18 20:56:11.248 20411 RALLYDEBUG rally_openstack.cleanup.manager [-] Cleaning up nova server_groups objects
2019-11-18 20:56:12.388 20411 RALLYDEBUG rally_openstack.cleanup.manager [-] Cleaning up nova keypairs objects
2019-11-18 20:56:14.720 20411 INFO rally.task.context [-] Task f0c16f69-272d-4c2f-ad2b-b66b4e17b899 | Context cleanup@openstack cleanup() finished in 4.92 sec
2019-11-18 20:56:14.721 20411 INFO rally.task.context [-] Task f0c16f69-272d-4c2f-ad2b-b66b4e17b899 | Context quotas@openstack cleanup() started
2019-11-18 20:56:14.782 20411 INFO rally.task.context [-] Task f0c16f69-272d-4c2f-ad2b-b66b4e17b899 | Context quotas@openstack cleanup() finished in 61.03 msec
2019-11-18 20:56:14.782 20411 INFO rally.task.context [-] Task f0c16f69-272d-4c2f-ad2b-b66b4e17b899 | Context users@openstack cleanup() started
2019-11-18 20:56:19.492 20411 INFO rally.task.context [-] Task f0c16f69-272d-4c2f-ad2b-b66b4e17b899 | Context users@openstack cleanup() finished in 4.71 sec
2019-11-18 20:56:20.127 20411 INFO rally.task.engine [-] Load duration is: 1.931709
2019-11-18 20:56:20.127 20411 INFO rally.task.engine [-] Full runner duration is: 1.980108
2019-11-18 20:56:20.128 20411 INFO rally.task.engine [-] Full duration is: 15.467554
2019-11-18 20:56:20.425 20411 INFO rally.task.engine [-] Running workload: position = 0 config = { "version": 2, "title": "A cropped version of a bigger task.", "description": "Auto-generated task from a single workload (uuid=24dc0aed-0d25-4aaf-b079-698ae63acaaa)", "subtasks": [ { "title": "NovaKeypair.create_and_list_keypairs", "description": "Create a keypair with random name and list keypairs.", "scenario": { "NovaKeypair.create_and_list_keypairs": {} }, "contexts": { "users": { "tenants": 3, "users_per_tenant": 2 }, "quotas": { "nova": { "cores": -1, "floating_ips": -1, "instances": -1, "key_pairs": -1, "ram": -1, "security_group_rules": -1, "security_groups": -1 } } }, "runner": { "constant": { "concurrency": 4, "times": 10 } }, "hooks": [], "sla": { "failure_rate": { "max": 0 } } } ] }
2019-11-18 20:56:20.450 20411 RALLYDEBUG rally_openstack.contexts.keystone.users [-] Creating 3 tenants using 20 threads
2019-11-18 20:56:21.479 20411 RALLYDEBUG rally_openstack.contexts.keystone.users [-] Creating 6 users using 20 threads
2019-11-18 20:56:23.044 20411 INFO rally.task.context [-] Task f0c16f69-272d-4c2f-ad2b-b66b4e17b899 | Context users@openstack setup() finished in 2.59 sec
2019-11-18 20:56:24.312 20411 INFO rally.task.context [-] Task f0c16f69-272d-4c2f-ad2b-b66b4e17b899 | Context quotas@openstack setup() finished in 1.27 sec
2019-11-18 20:56:24.312 20411 INFO rally.task.context [-] Task f0c16f69-272d-4c2f-ad2b-b66b4e17b899 | Context cleanup@openstack setup() finished in 0.01 msec
2019-11-18 20:56:24.321 20411 RALLYDEBUG rally.task.runner [-] Starting the constant runner (task UUID: f0c16f69-272d-4c2f-ad2b-b66b4e17b899). times: 10 concurrency: 4 timeout: 0 max_cpu_used: 16 processes_to_start: 4 concurrency_per_worker: 1 concurrency_overhead: 0
2019-11-18 20:56:24.332 20699 RALLYDEBUG rally.task.runner [-] Starting a worker. times: 10 duration: None concurrency: 1 timeout: 0 cls: method_name: run args: {}
2019-11-18 20:56:24.335 20700 RALLYDEBUG rally.task.runner [-] Starting a worker. times: 10 duration: None concurrency: 1 timeout: 0 cls: method_name: run args: {}
2019-11-18 20:56:24.339 20699 INFO rally.task.runner [-] Task f0c16f69-272d-4c2f-ad2b-b66b4e17b899 | ITER: 1 START
2019-11-18 20:56:24.339 20701 RALLYDEBUG rally.task.runner [-] Starting a worker. times: 10 duration: None concurrency: 1 timeout: 0 cls: method_name: run args: {}
2019-11-18 20:56:24.342 20700 INFO rally.task.runner [-] Task f0c16f69-272d-4c2f-ad2b-b66b4e17b899 | ITER: 2 START
2019-11-18 20:56:24.342 20702 RALLYDEBUG rally.task.runner [-] Starting a worker. times: 10 duration: None concurrency: 1 timeout: 0 cls: method_name: run args: {}
2019-11-18 20:56:24.346 20701 INFO rally.task.runner [-] Task f0c16f69-272d-4c2f-ad2b-b66b4e17b899 | ITER: 3 START
2019-11-18 20:56:24.348 20702 INFO rally.task.runner [-] Task f0c16f69-272d-4c2f-ad2b-b66b4e17b899 | ITER: 4 START
2019-11-18 20:56:24.912 20699 INFO rally.task.runner [-] Task f0c16f69-272d-4c2f-ad2b-b66b4e17b899 | ITER: 1 END: OK
2019-11-18 20:56:24.917 20699 INFO rally.task.runner [-] Task f0c16f69-272d-4c2f-ad2b-b66b4e17b899 | ITER: 5 START
2019-11-18 20:56:24.961 20701 INFO rally.task.runner [-] Task f0c16f69-272d-4c2f-ad2b-b66b4e17b899 | ITER: 3 END: OK
2019-11-18 20:56:24.965 20701 INFO rally.task.runner [-] Task f0c16f69-272d-4c2f-ad2b-b66b4e17b899 | ITER: 6 START
2019-11-18 20:56:25.046 20702 INFO rally.task.runner [-] Task f0c16f69-272d-4c2f-ad2b-b66b4e17b899 | ITER: 4 END: OK
2019-11-18 20:56:25.050 20702 INFO rally.task.runner [-] Task f0c16f69-272d-4c2f-ad2b-b66b4e17b899 | ITER: 7 START
2019-11-18 20:56:25.075 20700 INFO rally.task.runner [-] Task f0c16f69-272d-4c2f-ad2b-b66b4e17b899 | ITER: 2 END: OK
2019-11-18 20:56:25.078 20700 INFO rally.task.runner [-] Task f0c16f69-272d-4c2f-ad2b-b66b4e17b899 | ITER: 8 START
2019-11-18 20:56:25.521 20699 INFO rally.task.runner [-] Task f0c16f69-272d-4c2f-ad2b-b66b4e17b899 | ITER: 5 END: OK
2019-11-18 20:56:25.524 20699 INFO rally.task.runner [-] Task f0c16f69-272d-4c2f-ad2b-b66b4e17b899 | ITER: 9 START
2019-11-18 20:56:25.624 20700 INFO rally.task.runner [-] Task f0c16f69-272d-4c2f-ad2b-b66b4e17b899 | ITER: 8 END: OK
2019-11-18 20:56:25.627 20700 INFO rally.task.runner [-] Task f0c16f69-272d-4c2f-ad2b-b66b4e17b899 | ITER: 10 START
2019-11-18 20:56:25.664 20701 INFO rally.task.runner [-] Task f0c16f69-272d-4c2f-ad2b-b66b4e17b899 | ITER: 6 END: OK
2019-11-18 20:56:25.757 20702 INFO rally.task.runner [-] Task f0c16f69-272d-4c2f-ad2b-b66b4e17b899 | ITER: 7 END: OK
2019-11-18 20:56:26.072 20699 INFO rally.task.runner [-] Task f0c16f69-272d-4c2f-ad2b-b66b4e17b899 | ITER: 9 END: OK
2019-11-18 20:56:26.251 20700 INFO rally.task.runner [-] Task f0c16f69-272d-4c2f-ad2b-b66b4e17b899 | ITER: 10 END: OK
2019-11-18 20:56:26.275 20411 INFO rally.task.context [-] Task f0c16f69-272d-4c2f-ad2b-b66b4e17b899 | Context cleanup@openstack cleanup() started
2019-11-18 20:56:26.279 20411 RALLYDEBUG rally_openstack.cleanup.manager [-] Cleaning up nova servers objects
2019-11-18 20:56:27.563 20411 RALLYDEBUG rally_openstack.cleanup.manager [-] Cleaning up nova server_groups objects
2019-11-18 20:56:28.696 20411 RALLYDEBUG rally_openstack.cleanup.manager [-] Cleaning up nova keypairs objects
2019-11-18 20:56:31.084 20411 RALLYDEBUG rally_openstack.cleanup.manager [-] Deleting nova.keypairs object s_rally_24dc0aed_E8e04qdX (s_rally_24dc0aed_E8e04qdX)
2019-11-18 20:56:31.088 20411 RALLYDEBUG rally_openstack.cleanup.manager [-] Deleting nova.keypairs object s_rally_24dc0aed_XQ0OE024 (s_rally_24dc0aed_XQ0OE024)
2019-11-18 20:56:31.103 20411 RALLYDEBUG rally_openstack.cleanup.manager [-] Deleting nova.keypairs object s_rally_24dc0aed_xRvqSsnv (s_rally_24dc0aed_xRvqSsnv)
2019-11-18 20:56:31.113 20411 RALLYDEBUG rally_openstack.cleanup.manager [-] Deleting nova.keypairs object s_rally_24dc0aed_UkqcVVsx (s_rally_24dc0aed_UkqcVVsx)
2019-11-18 20:56:31.126 20411 RALLYDEBUG rally_openstack.cleanup.manager [-] Deleting nova.keypairs object s_rally_24dc0aed_ZK8mOsNk (s_rally_24dc0aed_ZK8mOsNk)
2019-11-18 20:56:31.142 20411 RALLYDEBUG rally_openstack.cleanup.manager [-] Deleting nova.keypairs object s_rally_24dc0aed_5ADWOFYX (s_rally_24dc0aed_5ADWOFYX)
2019-11-18 20:56:31.151 20411 RALLYDEBUG rally_openstack.cleanup.manager [-] Deleting nova.keypairs object s_rally_24dc0aed_7qfbKhTw (s_rally_24dc0aed_7qfbKhTw)
2019-11-18 20:56:31.159 20411 RALLYDEBUG rally_openstack.cleanup.manager [-] Deleting nova.keypairs object s_rally_24dc0aed_uLKunpVU (s_rally_24dc0aed_uLKunpVU)
2019-11-18 20:56:31.168 20411 RALLYDEBUG rally_openstack.cleanup.manager [-] Deleting nova.keypairs object s_rally_24dc0aed_hmqw7Ncq (s_rally_24dc0aed_hmqw7Ncq)
2019-11-18 20:56:31.176 20411 RALLYDEBUG rally_openstack.cleanup.manager [-] Deleting nova.keypairs object s_rally_24dc0aed_YniFs4nD (s_rally_24dc0aed_YniFs4nD)
2019-11-18 20:56:32.773 20411 INFO rally.task.context [-] Task f0c16f69-272d-4c2f-ad2b-b66b4e17b899 | Context cleanup@openstack cleanup() finished in 6.50 sec
2019-11-18 20:56:32.774 20411 INFO rally.task.context [-] Task f0c16f69-272d-4c2f-ad2b-b66b4e17b899 | Context quotas@openstack cleanup() started
2019-11-18 20:56:32.840 20411 INFO rally.task.context [-] Task f0c16f69-272d-4c2f-ad2b-b66b4e17b899 | Context quotas@openstack cleanup() finished in 65.75 msec
2019-11-18 20:56:32.840 20411 INFO rally.task.context [-] Task f0c16f69-272d-4c2f-ad2b-b66b4e17b899 | Context users@openstack cleanup() started
2019-11-18 20:56:37.212 20411 INFO rally.task.context [-] Task f0c16f69-272d-4c2f-ad2b-b66b4e17b899 | Context users@openstack cleanup() finished in 4.37 sec
2019-11-18 20:56:38.563 20411 INFO rally.task.engine [-] Load duration is: 1.911293
2019-11-18 20:56:38.564 20411 INFO rally.task.engine [-] Full runner duration is: 1.954554
2019-11-18 20:56:38.564 20411 INFO rally.task.engine [-] Full duration is: 16.763966
2019-11-18 20:56:38.869 20411 INFO rally.task.engine [-] Running workload: position = 0 config = { "version": 2, "title": "A cropped version of a bigger task.", "description": "Auto-generated task from a single workload (uuid=149f46d8-52cb-4bf5-a045-9ce288844dd6)", "subtasks": [ { "title": "NovaServers.boot_and_bounce_server", "description": "Boot a server and run specified actions against it.", "scenario": { "NovaServers.boot_and_bounce_server": { "actions": [ { "hard_reboot": 1 }, { "soft_reboot": 1 }, { "stop_start": 1 }, { "rescue_unrescue": 1 } ], "flavor": { "name": "rally_full-flavor_00f7b341-174b-4e8f-9b53-bfd161b2cdfa" }, "image": { "name": "rally_full-img_00f7b341-174b-4e8f-9b53-bfd161b2cdfa" }, "nics": [ { "net-id": "6652dd7c-f0a3-4f25-801e-45e11a61489c" } ] } }, "contexts": { "users": { "tenants": 3, "users_per_tenant": 2 }, "network": { "networks_per_tenant": 1, "start_cidr": "100.1.0.0/25" }, "quotas": { "neutron": { "network": -1, "port": -1, "subnet": -1 }, "nova": { "cores": -1, "floating_ips": -1, "instances": -1, "ram": -1, "security_group_rules": -1, "security_groups": -1 } } }, "runner": { "constant": { "concurrency": 4, "times": 10 } }, "hooks": [], "sla": { "failure_rate": { "max": 0 } } } ] }
2019-11-18 20:56:38.896 20411 RALLYDEBUG rally_openstack.contexts.keystone.users [-] Creating 3 tenants using 20 threads
2019-11-18 20:56:40.011 20411 RALLYDEBUG rally_openstack.contexts.keystone.users [-] Creating 6 users using 20 threads
2019-11-18 20:56:41.621 20411 INFO rally.task.context [-] Task f0c16f69-272d-4c2f-ad2b-b66b4e17b899 | Context users@openstack setup() finished in 2.73 sec
2019-11-18 20:56:43.487 20411 INFO rally.task.context [-] Task f0c16f69-272d-4c2f-ad2b-b66b4e17b899 | Context quotas@openstack setup() finished in 1.87 sec
2019-11-18 20:56:45.813 20411 RALLYDEBUG rally_openstack.wrappers.network [-] CIDR generated: 100.1.0.0/25
2019-11-18 20:56:50.030 20411 RALLYDEBUG rally_openstack.wrappers.network [-] CIDR generated: 100.1.0.128/25
2019-11-18 20:56:54.290 20411 RALLYDEBUG rally_openstack.wrappers.network [-] CIDR generated: 100.1.1.0/25
2019-11-18 20:56:56.440 20411 INFO rally.task.context [-] Task f0c16f69-272d-4c2f-ad2b-b66b4e17b899 | Context network@openstack setup() finished in 12.95 sec
2019-11-18 20:56:56.440 20411 INFO rally.task.context [-] Task f0c16f69-272d-4c2f-ad2b-b66b4e17b899 | Context cleanup@openstack setup() finished in 0.01 msec
2019-11-18 20:56:57.292 20411 RALLYDEBUG rally.task.runner [-] Starting the constant runner (task UUID: f0c16f69-272d-4c2f-ad2b-b66b4e17b899). times: 10 concurrency: 4 timeout: 0 max_cpu_used: 16 processes_to_start: 4 concurrency_per_worker: 1 concurrency_overhead: 0
2019-11-18 20:56:57.303 20863 RALLYDEBUG rally.task.runner [-] Starting a worker. times: 10 duration: None concurrency: 1 timeout: 0 cls: method_name: run args: {"actions": [{"hard_reboot": 1}, {"soft_reboot": 1}, {"stop_start": 1}, {"rescue_unrescue": 1}], "flavor": "20f9b21d-fa02-4686-8c91-5a88ae727ac8", "image": "bc09d53d-d329-4699-ba5f-613e9114d6ba", "nics": [{"net-id": "6652dd7c-f0a3-4f25-801e-45e11a61489c"}]}
2019-11-18 20:56:57.306 20864 RALLYDEBUG rally.task.runner [-] Starting a worker. times: 10 duration: None concurrency: 1 timeout: 0 cls: method_name: run args: {"actions": [{"hard_reboot": 1}, {"soft_reboot": 1}, {"stop_start": 1}, {"rescue_unrescue": 1}], "flavor": "20f9b21d-fa02-4686-8c91-5a88ae727ac8", "image": "bc09d53d-d329-4699-ba5f-613e9114d6ba", "nics": [{"net-id": "6652dd7c-f0a3-4f25-801e-45e11a61489c"}]}
2019-11-18 20:56:57.307 20863 INFO rally.task.runner [-] Task f0c16f69-272d-4c2f-ad2b-b66b4e17b899 | ITER: 1 START
2019-11-18 20:56:57.309 20865 RALLYDEBUG rally.task.runner [-] Starting a worker. times: 10 duration: None concurrency: 1 timeout: 0 cls: method_name: run args: {"actions": [{"hard_reboot": 1}, {"soft_reboot": 1}, {"stop_start": 1}, {"rescue_unrescue": 1}], "flavor": "20f9b21d-fa02-4686-8c91-5a88ae727ac8", "image": "bc09d53d-d329-4699-ba5f-613e9114d6ba", "nics": [{"net-id": "6652dd7c-f0a3-4f25-801e-45e11a61489c"}]}
2019-11-18 20:56:57.312 20864 INFO rally.task.runner [-] Task f0c16f69-272d-4c2f-ad2b-b66b4e17b899 | ITER: 2 START
2019-11-18 20:56:57.314 20865 INFO rally.task.runner [-] Task f0c16f69-272d-4c2f-ad2b-b66b4e17b899 | ITER: 3 START
2019-11-18 20:56:57.314 20868 RALLYDEBUG rally.task.runner [-] Starting a worker. times: 10 duration: None concurrency: 1 timeout: 0 cls: method_name: run args: {"actions": [{"hard_reboot": 1}, {"soft_reboot": 1}, {"stop_start": 1}, {"rescue_unrescue": 1}], "flavor": "20f9b21d-fa02-4686-8c91-5a88ae727ac8", "image": "bc09d53d-d329-4699-ba5f-613e9114d6ba", "nics": [{"net-id": "6652dd7c-f0a3-4f25-801e-45e11a61489c"}]}
2019-11-18 20:56:57.321 20868 INFO rally.task.runner [-] Task f0c16f69-272d-4c2f-ad2b-b66b4e17b899 | ITER: 4 START
2019-11-18 20:57:07.409 20864 RALLYDEBUG rally.task.utils [-] Waiting for resource s_rally_149f46d8_YQFVAc6w. Status changed: BUILD => ACTIVE in 7.059986591339111
2019-11-18 20:57:07.853 20863 RALLYDEBUG rally.task.utils [-] Waiting for resource s_rally_149f46d8_qyZubz7f. Status changed: BUILD => ACTIVE in 7.26671028137207
2019-11-18 20:57:08.559 20865 RALLYDEBUG rally.task.utils [-] Waiting for resource s_rally_149f46d8_OFzxLOkn. Status changed: BUILD => ACTIVE in 8.011044025421143
2019-11-18 20:57:09.556 20868 RALLYDEBUG rally.task.utils [-] Waiting for resource s_rally_149f46d8_ZJlfKHcP. Status changed: BUILD => ACTIVE in 9.142752647399902
2019-11-18 20:57:12.187 20864 RALLYDEBUG rally.task.utils [-] Waiting for resource s_rally_149f46d8_YQFVAc6w. Status changed: ACTIVE => REBOOT in 0.2632160186767578
2019-11-18 20:57:12.555 20863 RALLYDEBUG rally.task.utils [-] Waiting for resource s_rally_149f46d8_qyZubz7f. Status changed: ACTIVE => REBOOT in 0.30652761459350586
2019-11-18 20:57:13.324 20865 RALLYDEBUG rally.task.utils [-] Waiting for resource s_rally_149f46d8_OFzxLOkn. Status changed: ACTIVE => REBOOT in 0.28548669815063477
2019-11-18 20:57:14.430 20868 RALLYDEBUG rally.task.utils [-] Waiting for resource s_rally_149f46d8_ZJlfKHcP. Status changed: ACTIVE => REBOOT in 0.3000771999359131
2019-11-18 20:59:12.106 20864 RALLYDEBUG rally.task.utils [-] Waiting for resource s_rally_149f46d8_YQFVAc6w. Status changed: REBOOT => ACTIVE in 119.91852498054504
2019-11-18 20:59:12.472 20863 RALLYDEBUG rally.task.utils [-] Waiting for resource s_rally_149f46d8_qyZubz7f. Status changed: REBOOT => ACTIVE in 119.91684293746948
2019-11-18 20:59:13.360 20865 RALLYDEBUG rally.task.utils [-] Waiting for resource s_rally_149f46d8_OFzxLOkn. Status changed: REBOOT => ACTIVE in 120.03628611564636
2019-11-18 20:59:16.521 20868 RALLYDEBUG rally.task.utils [-] Waiting for resource s_rally_149f46d8_ZJlfKHcP. Status changed: REBOOT => ACTIVE in 122.09171223640442
2019-11-18 20:59:21.488 20868 RALLYDEBUG rally.task.utils [-] Waiting for resource s_rally_149f46d8_ZJlfKHcP. Status changed: ACTIVE => SHUTOFF in 4.813646078109741
2019-11-18 20:59:21.783 20868 RALLYDEBUG rally.task.utils [-] Waiting for resource s_rally_149f46d8_ZJlfKHcP. Status changed: ACTIVE => SHUTOFF in 0.1516103744506836
2019-11-18 20:59:24.133 20868 RALLYDEBUG rally.task.utils [-] Waiting for resource s_rally_149f46d8_ZJlfKHcP. Status changed: SHUTOFF => ACTIVE in 2.3503577709198
2019-11-18 20:59:28.067 20863 RALLYDEBUG rally.task.utils [-] Waiting for resource s_rally_149f46d8_qyZubz7f. Status changed: ACTIVE => SHUTOFF in 15.463792324066162
2019-11-18 20:59:28.406 20863 RALLYDEBUG rally.task.utils [-] Waiting for resource s_rally_149f46d8_qyZubz7f. Status changed: ACTIVE => SHUTOFF in 0.17335224151611328
2019-11-18 20:59:30.771 20863 RALLYDEBUG rally.task.utils [-] Waiting for resource s_rally_149f46d8_qyZubz7f. Status changed: SHUTOFF => ACTIVE in 2.365426540374756
2019-11-18 20:59:46.181 20863 RALLYDEBUG rally.task.utils [-] Waiting for resource s_rally_149f46d8_qyZubz7f. Status changed: ACTIVE => RESCUE in 13.272055387496948
2019-11-18 20:59:50.868 20863 INFO rally.task.runner [-] Task f0c16f69-272d-4c2f-ad2b-b66b4e17b899 | ITER: 1 END: OK
2019-11-18 20:59:50.876 20863 INFO rally.task.runner [-] Task f0c16f69-272d-4c2f-ad2b-b66b4e17b899 | ITER: 5 START
2019-11-18 21:00:00.621 20863 RALLYDEBUG rally.task.utils [-] Waiting for resource s_rally_149f46d8_OVYvOIVS. Status changed: BUILD => ACTIVE in 6.809913635253906
2019-11-18 21:00:05.245 20863 RALLYDEBUG rally.task.utils [-] Waiting for resource s_rally_149f46d8_OVYvOIVS. Status changed: ACTIVE => REBOOT in 0.16346359252929688
2019-11-18 21:00:13.829 20864 RALLYDEBUG rally.task.utils [-] Waiting for resource s_rally_149f46d8_YQFVAc6w. Status changed: ACTIVE => SHUTOFF in 61.57704448699951
2019-11-18 21:00:14.175 20864 RALLYDEBUG rally.task.utils [-] Waiting for resource s_rally_149f46d8_YQFVAc6w. Status changed: ACTIVE => SHUTOFF in 0.16847896575927734
2019-11-18 21:00:15.339 20864 RALLYDEBUG rally.task.utils [-] Waiting for resource s_rally_149f46d8_YQFVAc6w. Status changed: SHUTOFF => ACTIVE in 1.1641793251037598
2019-11-18 21:00:16.893 20865 RALLYDEBUG rally.task.utils [-] Waiting for resource s_rally_149f46d8_OFzxLOkn. Status changed: ACTIVE => SHUTOFF in 63.40154838562012
2019-11-18 21:00:17.196 20865 RALLYDEBUG rally.task.utils [-] Waiting for resource s_rally_149f46d8_OFzxLOkn. Status changed: ACTIVE => SHUTOFF in 0.15282654762268066
2019-11-18 21:00:18.370 20865 RALLYDEBUG rally.task.utils [-] Waiting for resource s_rally_149f46d8_OFzxLOkn. Status changed: SHUTOFF => ACTIVE in 1.1742069721221924
2019-11-18 21:00:27.669 20868 RALLYDEBUG rally.task.utils [-] Waiting for resource s_rally_149f46d8_ZJlfKHcP. Status changed: ACTIVE => RESCUE in 61.396315574645996
2019-11-18 21:00:30.745 20864 RALLYDEBUG rally.task.utils [-] Waiting for resource s_rally_149f46d8_YQFVAc6w. Status changed: ACTIVE => RESCUE in 13.274709224700928
2019-11-18 21:00:32.280 20868 INFO rally.task.runner [-] Task f0c16f69-272d-4c2f-ad2b-b66b4e17b899 | ITER: 4 END: OK
2019-11-18 21:00:32.288 20868 INFO rally.task.runner [-] Task f0c16f69-272d-4c2f-ad2b-b66b4e17b899 | ITER: 6 START
2019-11-18 21:00:35.679 20864 INFO rally.task.runner [-] Task f0c16f69-272d-4c2f-ad2b-b66b4e17b899 | ITER: 2 END: OK
2019-11-18 21:00:35.686 20864 INFO rally.task.runner [-] Task f0c16f69-272d-4c2f-ad2b-b66b4e17b899 | ITER: 7 START
2019-11-18 21:00:39.937 20868 RALLYDEBUG rally.task.utils [-] Waiting for resource s_rally_149f46d8_zU6sFGaV. Status changed: BUILD => ACTIVE in 4.487104415893555
2019-11-18 21:00:42.446 20864 RALLYDEBUG rally.task.utils [-] Waiting for resource s_rally_149f46d8_RZM3PpXW. Status changed: BUILD => ACTIVE in 4.47331166267395
2019-11-18 21:00:44.591 20868 RALLYDEBUG rally.task.utils [-] Waiting for resource s_rally_149f46d8_zU6sFGaV. Status changed: ACTIVE => REBOOT in 0.17938995361328125
2019-11-18 21:00:47.001 20864 RALLYDEBUG rally.task.utils [-] Waiting for resource s_rally_149f46d8_RZM3PpXW. Status changed: ACTIVE => REBOOT in 0.16350293159484863
2019-11-18 21:01:22.126 20865 RALLYDEBUG rally.task.utils [-] Waiting for resource s_rally_149f46d8_OFzxLOkn. Status changed: ACTIVE => RESCUE in 61.62108111381531
2019-11-18 21:01:26.740 20865 INFO rally.task.runner [-] Task f0c16f69-272d-4c2f-ad2b-b66b4e17b899 | ITER: 3 END: OK
2019-11-18 21:01:26.748 20865 INFO rally.task.runner [-] Task f0c16f69-272d-4c2f-ad2b-b66b4e17b899 | ITER: 8 START
2019-11-18 21:01:34.326 20865 RALLYDEBUG rally.task.utils [-] Waiting for resource s_rally_149f46d8_0ypgyQbm. Status changed: BUILD => ACTIVE in 4.720223426818848
2019-11-18 21:01:38.888 20865 RALLYDEBUG rally.task.utils [-] Waiting for resource s_rally_149f46d8_0ypgyQbm. Status changed: ACTIVE => REBOOT in 0.16698980331420898
2019-11-18 21:02:06.237 20863 RALLYDEBUG rally.task.utils [-] Waiting for resource s_rally_149f46d8_OVYvOIVS. Status changed: REBOOT => ACTIVE in 120.99265933036804
2019-11-18 21:02:46.254 20868 RALLYDEBUG rally.task.utils [-] Waiting for resource s_rally_149f46d8_zU6sFGaV. Status changed: REBOOT => ACTIVE in 121.66322660446167
2019-11-18 21:02:47.957 20864 RALLYDEBUG rally.task.utils [-] Waiting for resource s_rally_149f46d8_RZM3PpXW. Status changed: REBOOT => ACTIVE in 120.95621585845947
2019-11-18 21:02:50.959 20868 RALLYDEBUG rally.task.utils [-] Waiting for resource s_rally_149f46d8_zU6sFGaV. Status changed: ACTIVE => SHUTOFF in 4.562440872192383
2019-11-18 21:02:51.314 20868 RALLYDEBUG rally.task.utils [-] Waiting for resource s_rally_149f46d8_zU6sFGaV. Status changed: ACTIVE => SHUTOFF in 0.20717310905456543
2019-11-18 21:02:53.739 20868 RALLYDEBUG rally.task.utils [-] Waiting for resource s_rally_149f46d8_zU6sFGaV. Status changed: SHUTOFF => ACTIVE in 2.4252917766571045
2019-11-18 21:03:00.454 20868 RALLYDEBUG rally.task.utils [-] Waiting for resource s_rally_149f46d8_zU6sFGaV. Status changed: ACTIVE => RESCUE in 4.591159343719482
2019-11-18 21:03:01.492 20864 RALLYDEBUG rally.task.utils [-] Waiting for resource s_rally_149f46d8_RZM3PpXW. Status changed: ACTIVE => SHUTOFF in 13.389801979064941
2019-11-18 21:03:01.801 20864 RALLYDEBUG rally.task.utils [-] Waiting for resource s_rally_149f46d8_RZM3PpXW. Status changed: ACTIVE => SHUTOFF in 0.16391873359680176
2019-11-18 21:03:04.141 20864 RALLYDEBUG rally.task.utils [-] Waiting for resource s_rally_149f46d8_RZM3PpXW. Status changed: SHUTOFF => ACTIVE in 2.3398571014404297
2019-11-18 21:03:05.045 20868 INFO rally.task.runner [-] Task f0c16f69-272d-4c2f-ad2b-b66b4e17b899 | ITER: 6 END: OK
2019-11-18 21:03:05.050 20868 INFO rally.task.runner [-] Task f0c16f69-272d-4c2f-ad2b-b66b4e17b899 | ITER: 9 START
2019-11-18 21:03:08.533 20863 RALLYDEBUG rally.task.utils [-] Waiting for resource s_rally_149f46d8_OVYvOIVS. Status changed: ACTIVE => SHUTOFF in 62.160223960876465
2019-11-18 21:03:08.855 20863 RALLYDEBUG rally.task.utils [-] Waiting for resource s_rally_149f46d8_OVYvOIVS. Status changed: ACTIVE => SHUTOFF in 0.19244980812072754
2019-11-18 21:03:10.084 20863 RALLYDEBUG rally.task.utils [-] Waiting for resource s_rally_149f46d8_OVYvOIVS. Status changed: SHUTOFF => ACTIVE in 1.2287695407867432
2019-11-18 21:03:11.020 20864 RALLYDEBUG rally.task.utils [-] Waiting for resource s_rally_149f46d8_RZM3PpXW. Status changed: ACTIVE => RESCUE in 4.7598841190338135
2019-11-18 21:03:14.977 20868 RALLYDEBUG rally.task.utils [-] Waiting for resource s_rally_149f46d8_JuDIvxGa. Status changed: BUILD => ACTIVE in 6.9892847537994385
2019-11-18 21:03:15.673 20864 INFO rally.task.runner [-] Task f0c16f69-272d-4c2f-ad2b-b66b4e17b899 | ITER: 7 END: OK
2019-11-18 21:03:15.678 20864 INFO rally.task.runner [-] Task f0c16f69-272d-4c2f-ad2b-b66b4e17b899 | ITER: 10 START
2019-11-18 21:03:19.615 20868 RALLYDEBUG rally.task.utils [-] Waiting for resource s_rally_149f46d8_JuDIvxGa. Status changed: ACTIVE => REBOOT in 0.17552542686462402
2019-11-18 21:03:25.422 20863 RALLYDEBUG rally.task.utils [-] Waiting for resource s_rally_149f46d8_OVYvOIVS. Status changed: ACTIVE => RESCUE in 13.214478254318237
2019-11-18 21:03:25.520 20864 RALLYDEBUG rally.task.utils [-] Waiting for resource s_rally_149f46d8_YhyBh3oy. Status changed: BUILD => ACTIVE in 6.757392644882202
2019-11-18 21:03:30.082 20863 INFO rally.task.runner [-] Task f0c16f69-272d-4c2f-ad2b-b66b4e17b899 | ITER: 5 END: OK
2019-11-18 21:03:30.300 20864 RALLYDEBUG rally.task.utils [-] Waiting for resource s_rally_149f46d8_YhyBh3oy. Status changed: ACTIVE => REBOOT in 0.25974130630493164
2019-11-18 21:03:40.201 20865 RALLYDEBUG rally.task.utils [-] Waiting for resource s_rally_149f46d8_0ypgyQbm. Status changed: REBOOT => ACTIVE in 121.31338834762573
2019-11-18 21:04:43.058 20865 RALLYDEBUG rally.task.utils [-] Waiting for resource s_rally_149f46d8_0ypgyQbm. Status changed: ACTIVE => SHUTOFF in 62.719115018844604
2019-11-18 21:04:43.367 20865 RALLYDEBUG rally.task.utils [-] Waiting for resource s_rally_149f46d8_0ypgyQbm. Status changed: ACTIVE => SHUTOFF in 0.1633896827697754
2019-11-18 21:04:44.546 20865 RALLYDEBUG rally.task.utils [-] Waiting for resource s_rally_149f46d8_0ypgyQbm. Status changed: SHUTOFF => ACTIVE in 1.1790530681610107
2019-11-18 21:05:00.432 20865 RALLYDEBUG rally.task.utils [-] Waiting for resource s_rally_149f46d8_0ypgyQbm. Status changed: ACTIVE => RESCUE in 13.740708112716675
2019-11-18 21:05:05.180 20865 INFO rally.task.runner [-] Task f0c16f69-272d-4c2f-ad2b-b66b4e17b899 | ITER: 8 END: OK
2019-11-18 21:05:20.802 20868 RALLYDEBUG rally.task.utils [-] Waiting for resource s_rally_149f46d8_JuDIvxGa. Status changed: REBOOT => ACTIVE in 121.18690490722656
2019-11-18 21:05:25.675 20868 RALLYDEBUG rally.task.utils [-] Waiting for resource s_rally_149f46d8_JuDIvxGa. Status changed: ACTIVE => SHUTOFF in 4.720767974853516
2019-11-18 21:05:25.985 20868 RALLYDEBUG rally.task.utils [-] Waiting for resource s_rally_149f46d8_JuDIvxGa. Status changed: ACTIVE => SHUTOFF in 0.15561151504516602
2019-11-18 21:05:27.159 20868 RALLYDEBUG rally.task.utils [-] Waiting for resource s_rally_149f46d8_JuDIvxGa. Status changed: SHUTOFF => ACTIVE in 1.1740217208862305
2019-11-18 21:05:31.640 20864 RALLYDEBUG rally.task.utils [-] Waiting for resource s_rally_149f46d8_YhyBh3oy. Status changed: REBOOT => ACTIVE in 121.34033989906311
2019-11-18 21:05:42.726 20868 RALLYDEBUG rally.task.utils [-] Waiting for resource s_rally_149f46d8_JuDIvxGa. Status changed: ACTIVE => RESCUE in 13.439468622207642
2019-11-18 21:05:47.349 20868 INFO rally.task.runner [-] Task f0c16f69-272d-4c2f-ad2b-b66b4e17b899 | ITER: 9 END: OK
2019-11-18 21:06:34.071 20864 RALLYDEBUG rally.task.utils [-] Waiting for resource s_rally_149f46d8_YhyBh3oy. Status changed: ACTIVE => SHUTOFF in 62.25931739807129
2019-11-18 21:06:34.408 20864 RALLYDEBUG rally.task.utils [-] Waiting for resource s_rally_149f46d8_YhyBh3oy. Status changed: ACTIVE => SHUTOFF in 0.17328739166259766
2019-11-18 21:06:35.600 20864 RALLYDEBUG rally.task.utils [-] Waiting for resource s_rally_149f46d8_YhyBh3oy. Status changed: SHUTOFF => ACTIVE in 1.1924123764038086
2019-11-18 21:07:38.445 20864 RALLYDEBUG rally.task.utils [-] Waiting for resource s_rally_149f46d8_YhyBh3oy. Status changed: ACTIVE => RESCUE in 60.711891412734985
2019-11-18 21:07:43.205 20864 INFO rally.task.runner [-] Task f0c16f69-272d-4c2f-ad2b-b66b4e17b899 | ITER: 10 END: OK
2019-11-18 21:07:43.231 20411 INFO rally.task.context [-] Task f0c16f69-272d-4c2f-ad2b-b66b4e17b899 | Context cleanup@openstack cleanup() started
2019-11-18 21:07:43.237 20411 RALLYDEBUG rally_openstack.cleanup.manager [-] Cleaning up nova servers objects
2019-11-18 21:07:44.692 20411 RALLYDEBUG rally_openstack.cleanup.manager [-] Cleaning up nova server_groups objects
2019-11-18 21:07:45.843 20411 RALLYDEBUG rally_openstack.cleanup.manager [-] Cleaning up nova keypairs objects
2019-11-18 21:07:48.562 20411 INFO rally.task.context [-] Task f0c16f69-272d-4c2f-ad2b-b66b4e17b899 | Context cleanup@openstack cleanup() finished in 5.33 sec
2019-11-18 21:07:48.562 20411 INFO rally.task.context [-] Task f0c16f69-272d-4c2f-ad2b-b66b4e17b899 | Context network@openstack cleanup() started
2019-11-18 21:08:10.925 20411 INFO rally.task.context [-] Task f0c16f69-272d-4c2f-ad2b-b66b4e17b899 | Context network@openstack cleanup() finished in 22.36 sec
2019-11-18 21:08:10.926 20411 INFO rally.task.context [-] Task f0c16f69-272d-4c2f-ad2b-b66b4e17b899 | Context quotas@openstack cleanup() started
2019-11-18 21:08:11.316 20411 INFO rally.task.context [-] Task f0c16f69-272d-4c2f-ad2b-b66b4e17b899 | Context quotas@openstack cleanup() finished in 0.39 sec
2019-11-18 21:08:11.317 20411 INFO rally.task.context [-] Task f0c16f69-272d-4c2f-ad2b-b66b4e17b899 | Context users@openstack cleanup() started
2019-11-18 21:08:15.415 20411 INFO rally.task.context [-] Task f0c16f69-272d-4c2f-ad2b-b66b4e17b899 | Context users@openstack cleanup() finished in 4.10 sec
2019-11-18 21:08:15.642 20411 INFO rally.task.engine [-] Load duration is: 636.89634
2019-11-18 21:08:15.643 20411 INFO rally.task.engine [-] Full runner duration is: 645.939229
2019-11-18 21:08:15.643 20411 INFO rally.task.engine [-] Full duration is: 696.522278
