2019-11-18 20:25:35.870 6547 INFO rally.task.context [-] Task a9487920-a0f4-4cab-847f-3ee6bf15fb99 | Context users@openstack cleanup() finished in 4.64 sec
2019-11-18 20:25:37.317 6547 INFO rally.task.engine [-] Load duration is: 1.369902
2019-11-18 20:25:37.318 6547 INFO rally.task.engine [-] Full runner duration is: 1.41494
2019-11-18 20:25:37.318 6547 INFO rally.task.engine [-] Full duration is: 8.680221
2019-11-18 20:25:37.681 6547 INFO rally.task.engine [-] Running workload: position = 0 config = { "version": 2, "title": "A cropped version of a bigger task.", "description": "Auto-generated task from a single workload (uuid=ce9ad8fb-b575-44aa-a404-4b40cf62250f)", "subtasks": [ { "title": "GnocchiResourceType.create_resource_type", "description": "Create resource type.", "scenario": { "GnocchiResourceType.create_resource_type": { "attributes": { "foo": { "required": false, "type": "string" }, "bar": { "required": true, "type": "number" } } } }, "contexts": { "users": { "tenants": 3, "users_per_tenant": 2 } }, "runner": { "constant": { "concurrency": 4, "times": 10 } }, "hooks": [], "sla": { "failure_rate": { "max": 0 } } } ] }
2019-11-18 20:25:37.712 6547 RALLYDEBUG rally_openstack.contexts.keystone.users [-] Creating 3 tenants using 20 threads
2019-11-18 20:25:38.878 6547 RALLYDEBUG rally_openstack.contexts.keystone.users [-] Creating 6 users using 20 threads
2019-11-18 20:25:40.547 6547 INFO rally.task.context [-] Task a9487920-a0f4-4cab-847f-3ee6bf15fb99 | Context users@openstack setup() finished in 2.83 sec
2019-11-18 20:25:40.547 6547 INFO rally.task.context [-] Task a9487920-a0f4-4cab-847f-3ee6bf15fb99 | Context admin_cleanup@openstack setup() finished in 0.05 msec
2019-11-18 20:25:40.557 6547 RALLYDEBUG rally.task.runner [-] Starting the constant runner (task UUID: a9487920-a0f4-4cab-847f-3ee6bf15fb99). times: 10 concurrency: 4 timeout: 0 max_cpu_used: 16 processes_to_start: 4 concurrency_per_worker: 1 concurrency_overhead: 0
2019-11-18 20:25:40.569 7687 RALLYDEBUG rally.task.runner [-] Starting a worker. times: 10 duration: None concurrency: 1 timeout: 0 cls: method_name: run args: {"attributes": {"foo": {"required": false, "type": "string"}, "bar": {"required": true, "type": "number"}}}
2019-11-18 20:25:40.573 7688 RALLYDEBUG rally.task.runner [-] Starting a worker. times: 10 duration: None concurrency: 1 timeout: 0 cls: method_name: run args: {"attributes": {"foo": {"required": false, "type": "string"}, "bar": {"required": true, "type": "number"}}}
2019-11-18 20:25:40.576 7687 INFO rally.task.runner [-] Task a9487920-a0f4-4cab-847f-3ee6bf15fb99 | ITER: 1 START
2019-11-18 20:25:40.576 7689 RALLYDEBUG rally.task.runner [-] Starting a worker. times: 10 duration: None concurrency: 1 timeout: 0 cls: method_name: run args: {"attributes": {"foo": {"required": false, "type": "string"}, "bar": {"required": true, "type": "number"}}}
2019-11-18 20:25:40.580 7688 INFO rally.task.runner [-] Task a9487920-a0f4-4cab-847f-3ee6bf15fb99 | ITER: 2 START
2019-11-18 20:25:40.579 7690 RALLYDEBUG rally.task.runner [-] Starting a worker. times: 10 duration: None concurrency: 1 timeout: 0 cls: method_name: run args: {"attributes": {"foo": {"required": false, "type": "string"}, "bar": {"required": true, "type": "number"}}}
2019-11-18 20:25:40.583 7689 INFO rally.task.runner [-] Task a9487920-a0f4-4cab-847f-3ee6bf15fb99 | ITER: 3 START
2019-11-18 20:25:40.586 7690 INFO rally.task.runner [-] Task a9487920-a0f4-4cab-847f-3ee6bf15fb99 | ITER: 4 START
2019-11-18 20:25:44.399 7689 INFO rally.task.runner [-] Task a9487920-a0f4-4cab-847f-3ee6bf15fb99 | ITER: 3 END: OK
2019-11-18 20:25:44.399 7687 INFO rally.task.runner [-] Task a9487920-a0f4-4cab-847f-3ee6bf15fb99 | ITER: 1 END: OK
2019-11-18 20:25:44.399 7690 INFO rally.task.runner [-] Task a9487920-a0f4-4cab-847f-3ee6bf15fb99 | ITER: 4 END: OK
2019-11-18 20:25:44.403 7689 INFO rally.task.runner [-] Task a9487920-a0f4-4cab-847f-3ee6bf15fb99 | ITER: 5 START
2019-11-18 20:25:44.403 7690 INFO rally.task.runner [-] Task a9487920-a0f4-4cab-847f-3ee6bf15fb99 | ITER: 6 START
2019-11-18 20:25:44.404 7687 INFO rally.task.runner [-] Task a9487920-a0f4-4cab-847f-3ee6bf15fb99 | ITER: 7 START
2019-11-18 20:25:44.420 7688 INFO rally.task.runner [-] Task a9487920-a0f4-4cab-847f-3ee6bf15fb99 | ITER: 2 END: OK
2019-11-18 20:25:44.425 7688 INFO rally.task.runner [-] Task a9487920-a0f4-4cab-847f-3ee6bf15fb99 | ITER: 8 START
2019-11-18 20:25:47.784 7687 INFO rally.task.runner [-] Task a9487920-a0f4-4cab-847f-3ee6bf15fb99 | ITER: 7 END: OK
2019-11-18 20:25:47.784 7689 INFO rally.task.runner [-] Task a9487920-a0f4-4cab-847f-3ee6bf15fb99 | ITER: 5 END: OK
2019-11-18 20:25:47.787 7687 INFO rally.task.runner [-] Task a9487920-a0f4-4cab-847f-3ee6bf15fb99 | ITER: 10 START
2019-11-18 20:25:47.787 7689 INFO rally.task.runner [-] Task a9487920-a0f4-4cab-847f-3ee6bf15fb99 | ITER: 9 START
2019-11-18 20:25:48.284 7688 INFO rally.task.runner [-] Task a9487920-a0f4-4cab-847f-3ee6bf15fb99 | ITER: 8 END: OK
2019-11-18 20:25:48.692 7690 INFO rally.task.runner [-] Task a9487920-a0f4-4cab-847f-3ee6bf15fb99 | ITER: 6 END: OK
2019-11-18 20:25:50.133 7687 INFO rally.task.runner [-] Task a9487920-a0f4-4cab-847f-3ee6bf15fb99 | ITER: 10 END: OK
2019-11-18 20:25:50.160 7689 INFO rally.task.runner [-] Task a9487920-a0f4-4cab-847f-3ee6bf15fb99 | ITER: 9 END: OK
2019-11-18 20:25:50.181 6547 INFO rally.task.context [-] Task a9487920-a0f4-4cab-847f-3ee6bf15fb99 | Context admin_cleanup@openstack cleanup() started
2019-11-18 20:25:50.184 6547 RALLYDEBUG rally_openstack.cleanup.manager [-] Cleaning up gnocchi resource_type objects
2019-11-18 20:25:50.658 6547 RALLYDEBUG rally_openstack.cleanup.manager [-] Deleting gnocchi.resource_type object s_rally_ce9ad8fb_bN9R8lnG (s_rally_ce9ad8fb_bN9R8lnG)
2019-11-18 20:25:50.663 6547 RALLYDEBUG rally_openstack.cleanup.manager [-] Deleting gnocchi.resource_type object s_rally_ce9ad8fb_ChaTDo1q (s_rally_ce9ad8fb_ChaTDo1q)
2019-11-18 20:25:50.672 6547 RALLYDEBUG rally_openstack.cleanup.manager [-] Deleting gnocchi.resource_type object s_rally_ce9ad8fb_jD4yX460 (s_rally_ce9ad8fb_jD4yX460)
2019-11-18 20:25:50.676 6547 RALLYDEBUG rally_openstack.cleanup.manager [-] Deleting gnocchi.resource_type object s_rally_ce9ad8fb_kVmXhBS0 (s_rally_ce9ad8fb_kVmXhBS0)
2019-11-18 20:25:50.690 6547 RALLYDEBUG rally_openstack.cleanup.manager [-] Deleting gnocchi.resource_type object s_rally_ce9ad8fb_bDVikvND (s_rally_ce9ad8fb_bDVikvND)
2019-11-18 20:25:50.692 6547 RALLYDEBUG rally_openstack.cleanup.manager [-] Deleting gnocchi.resource_type object s_rally_ce9ad8fb_hD1hKMBr (s_rally_ce9ad8fb_hD1hKMBr)
2019-11-18 20:25:50.695 6547 RALLYDEBUG rally_openstack.cleanup.manager [-] Deleting gnocchi.resource_type object s_rally_ce9ad8fb_pshUoLY6 (s_rally_ce9ad8fb_pshUoLY6)
2019-11-18 20:25:50.699 6547 RALLYDEBUG rally_openstack.cleanup.manager [-] Deleting gnocchi.resource_type object s_rally_ce9ad8fb_U0dwRoKW (s_rally_ce9ad8fb_U0dwRoKW)
2019-11-18 20:25:50.715 6547 RALLYDEBUG rally_openstack.cleanup.manager [-] Deleting gnocchi.resource_type object s_rally_ce9ad8fb_Xg8DAKHY (s_rally_ce9ad8fb_Xg8DAKHY)
2019-11-18 20:25:50.723 6547 RALLYDEBUG rally_openstack.cleanup.manager [-] Deleting gnocchi.resource_type object s_rally_ce9ad8fb_Yb5aW6qV (s_rally_ce9ad8fb_Yb5aW6qV)
2019-11-18 20:25:55.677 6547 INFO rally.task.context [-] Task a9487920-a0f4-4cab-847f-3ee6bf15fb99 | Context admin_cleanup@openstack cleanup() finished in 5.50 sec
2019-11-18 20:25:55.678 6547 INFO rally.task.context [-] Task a9487920-a0f4-4cab-847f-3ee6bf15fb99 | Context users@openstack cleanup() started
2019-11-18 20:26:00.615 6547 INFO rally.task.context [-] Task a9487920-a0f4-4cab-847f-3ee6bf15fb99 | Context users@openstack cleanup() finished in 4.94 sec
2019-11-18 20:26:01.854 6547 INFO rally.task.engine [-] Load duration is: 9.580909
2019-11-18 20:26:01.855 6547 INFO rally.task.engine [-] Full runner duration is: 9.624889
2019-11-18 20:26:01.855 6547 INFO rally.task.engine [-] Full duration is: 22.905079
2019-11-18 20:26:02.173 6547 INFO rally.task.engine [-] Running workload: position = 0 config = { "version": 2, "title": "A cropped version of a bigger task.", "description": "Auto-generated task from a single workload (uuid=a997e363-22a7-4ea6-8993-6b989c783d88)", "subtasks": [ { "title": "GnocchiResourceType.create_delete_resource_type", "description": "Create resource type and then delete it.", "scenario": { "GnocchiResourceType.create_delete_resource_type": { "attributes": { "foo": { "required": false, "type": "string" }, "bar": { "required": true, "type": "number" } } } }, "contexts": { "users": { "tenants": 3, "users_per_tenant": 2 } }, "runner": { "constant": { "concurrency": 4, "times": 10 } }, "hooks": [], "sla": { "failure_rate": { "max": 0 } } } ] }
2019-11-18 20:26:02.196 6547 RALLYDEBUG rally_openstack.contexts.keystone.users [-] Creating 3 tenants using 20 threads
2019-11-18 20:26:03.197 6547 RALLYDEBUG rally_openstack.contexts.keystone.users [-] Creating 6 users using 20 threads
2019-11-18 20:26:04.702 6547 INFO rally.task.context [-] Task a9487920-a0f4-4cab-847f-3ee6bf15fb99 | Context users@openstack setup() finished in 2.51 sec
2019-11-18 20:26:04.703 6547 INFO rally.task.context [-] Task a9487920-a0f4-4cab-847f-3ee6bf15fb99 | Context admin_cleanup@openstack setup() finished in 0.01 msec
2019-11-18 20:26:04.712 6547 RALLYDEBUG rally.task.runner [-] Starting the constant runner (task UUID: a9487920-a0f4-4cab-847f-3ee6bf15fb99). times: 10 concurrency: 4 timeout: 0 max_cpu_used: 16 processes_to_start: 4 concurrency_per_worker: 1 concurrency_overhead: 0
2019-11-18 20:26:04.724 7811 RALLYDEBUG rally.task.runner [-] Starting a worker. times: 10 duration: None concurrency: 1 timeout: 0 cls: method_name: run args: {"attributes": {"foo": {"required": false, "type": "string"}, "bar": {"required": true, "type": "number"}}}
2019-11-18 20:26:04.728 7812 RALLYDEBUG rally.task.runner [-] Starting a worker. times: 10 duration: None concurrency: 1 timeout: 0 cls: method_name: run args: {"attributes": {"foo": {"required": false, "type": "string"}, "bar": {"required": true, "type": "number"}}}
2019-11-18 20:26:04.731 7811 INFO rally.task.runner [-] Task a9487920-a0f4-4cab-847f-3ee6bf15fb99 | ITER: 1 START
2019-11-18 20:26:04.731 7813 RALLYDEBUG rally.task.runner [-] Starting a worker. times: 10 duration: None concurrency: 1 timeout: 0 cls: method_name: run args: {"attributes": {"foo": {"required": false, "type": "string"}, "bar": {"required": true, "type": "number"}}}
2019-11-18 20:26:04.735 7812 INFO rally.task.runner [-] Task a9487920-a0f4-4cab-847f-3ee6bf15fb99 | ITER: 2 START
2019-11-18 20:26:04.735 7814 RALLYDEBUG rally.task.runner [-] Starting a worker. times: 10 duration: None concurrency: 1 timeout: 0 cls: method_name: run args: {"attributes": {"foo": {"required": false, "type": "string"}, "bar": {"required": true, "type": "number"}}}
2019-11-18 20:26:04.738 7813 INFO rally.task.runner [-] Task a9487920-a0f4-4cab-847f-3ee6bf15fb99 | ITER: 3 START
2019-11-18 20:26:04.742 7814 INFO rally.task.runner [-] Task a9487920-a0f4-4cab-847f-3ee6bf15fb99 | ITER: 4 START
2019-11-18 20:26:09.806 7814 INFO rally.task.runner [-] Task a9487920-a0f4-4cab-847f-3ee6bf15fb99 | ITER: 4 END: OK
2019-11-18 20:26:09.806 7812 INFO rally.task.runner [-] Task a9487920-a0f4-4cab-847f-3ee6bf15fb99 | ITER: 2 END: OK
2019-11-18 20:26:09.811 7812 INFO rally.task.runner [-] Task a9487920-a0f4-4cab-847f-3ee6bf15fb99 | ITER: 5 START
2019-11-18 20:26:09.812 7814 INFO rally.task.runner [-] Task a9487920-a0f4-4cab-847f-3ee6bf15fb99 | ITER: 6 START
2019-11-18 20:26:09.872 7811 INFO rally.task.runner [-] Task a9487920-a0f4-4cab-847f-3ee6bf15fb99 | ITER: 1 END: OK
2019-11-18 20:26:09.877 7811 INFO rally.task.runner [-] Task a9487920-a0f4-4cab-847f-3ee6bf15fb99 | ITER: 7 START
2019-11-18 20:26:09.895 7813 INFO rally.task.runner [-] Task a9487920-a0f4-4cab-847f-3ee6bf15fb99 | ITER: 3 END: OK
2019-11-18 20:26:09.900 7813 INFO rally.task.runner [-] Task a9487920-a0f4-4cab-847f-3ee6bf15fb99 | ITER: 8 START
2019-11-18 20:26:14.230 7811 INFO rally.task.runner [-] Task a9487920-a0f4-4cab-847f-3ee6bf15fb99 | ITER: 7 END: OK
2019-11-18 20:26:14.230 7814 INFO rally.task.runner [-] Task a9487920-a0f4-4cab-847f-3ee6bf15fb99 | ITER: 6 END: OK
2019-11-18 20:26:14.234 7811 INFO rally.task.runner [-] Task a9487920-a0f4-4cab-847f-3ee6bf15fb99 | ITER: 9 START
2019-11-18 20:26:14.234 7814 INFO rally.task.runner [-] Task a9487920-a0f4-4cab-847f-3ee6bf15fb99 | ITER: 10 START
2019-11-18 20:26:14.290 7812 INFO rally.task.runner [-] Task a9487920-a0f4-4cab-847f-3ee6bf15fb99 | ITER: 5 END: OK
2019-11-18 20:26:14.313 7813 INFO rally.task.runner [-] Task a9487920-a0f4-4cab-847f-3ee6bf15fb99 | ITER: 8 END: OK
2019-11-18 20:26:16.368 7814 INFO rally.task.runner [-] Task a9487920-a0f4-4cab-847f-3ee6bf15fb99 | ITER: 10 END: OK
2019-11-18 20:26:16.396 7811 INFO rally.task.runner [-] Task a9487920-a0f4-4cab-847f-3ee6bf15fb99 | ITER: 9 END: OK
2019-11-18 20:26:16.426 6547 INFO rally.task.context [-] Task a9487920-a0f4-4cab-847f-3ee6bf15fb99 | Context admin_cleanup@openstack cleanup() started
2019-11-18 20:26:16.429 6547 RALLYDEBUG rally_openstack.cleanup.manager [-] Cleaning up gnocchi resource_type objects
2019-11-18 20:26:16.919 6547 INFO rally.task.context [-] Task a9487920-a0f4-4cab-847f-3ee6bf15fb99 | Context admin_cleanup@openstack cleanup() finished in 0.49 sec
2019-11-18 20:26:16.920 6547 INFO rally.task.context [-] Task a9487920-a0f4-4cab-847f-3ee6bf15fb99 | Context users@openstack cleanup() started
2019-11-18 20:26:21.455 6547 INFO rally.task.context [-] Task a9487920-a0f4-4cab-847f-3ee6bf15fb99 | Context users@openstack cleanup() finished in 4.53 sec
2019-11-18 20:26:22.322 6547 INFO rally.task.engine [-] Load duration is: 11.662757
2019-11-18 20:26:22.322 6547 INFO rally.task.engine [-] Full runner duration is: 11.714221
2019-11-18 20:26:22.323 6547 INFO rally.task.engine [-] Full duration is: 19.26001
2019-11-18 20:26:22.649 6547 INFO rally.task.engine [-] Running workload: position = 0 config = { "version": 2, "title": "A cropped version of a bigger task.", "description": "Auto-generated task from a single workload (uuid=5e9c077e-4f01-4837-b536-633af5116eaf)", "subtasks": [ { "title": "GnocchiMetric.list_metric", "description": "List metrics.", "scenario": { "GnocchiMetric.list_metric": { "limit": 10000 } }, "contexts": { "users": { "tenants": 3, "users_per_tenant": 2 } }, "runner": { "constant": { "concurrency": 4, "times": 10 } }, "hooks": [], "sla": { "failure_rate": { "max": 0 } } } ] }
2019-11-18 20:26:22.672 6547 RALLYDEBUG rally_openstack.contexts.keystone.users [-] Creating 3 tenants using 20 threads
2019-11-18 20:26:23.723 6547 RALLYDEBUG rally_openstack.contexts.keystone.users [-] Creating 6 users using 20 threads
2019-11-18 20:26:25.245 6547 INFO rally.task.context [-] Task a9487920-a0f4-4cab-847f-3ee6bf15fb99 | Context users@openstack setup() finished in 2.57 sec
2019-11-18 20:26:25.254 6547 RALLYDEBUG rally.task.runner [-] Starting the constant runner (task UUID: a9487920-a0f4-4cab-847f-3ee6bf15fb99). times: 10 concurrency: 4 timeout: 0 max_cpu_used: 16 processes_to_start: 4 concurrency_per_worker: 1 concurrency_overhead: 0
2019-11-18 20:26:25.265 7935 RALLYDEBUG rally.task.runner [-] Starting a worker. times: 10 duration: None concurrency: 1 timeout: 0 cls: method_name: run args: {"limit": 10000}
2019-11-18 20:26:25.269 7936 RALLYDEBUG rally.task.runner [-] Starting a worker. times: 10 duration: None concurrency: 1 timeout: 0 cls: method_name: run args: {"limit": 10000}
2019-11-18 20:26:25.272 7935 INFO rally.task.runner [-] Task a9487920-a0f4-4cab-847f-3ee6bf15fb99 | ITER: 1 START
2019-11-18 20:26:25.273 7937 RALLYDEBUG rally.task.runner [-] Starting a worker. times: 10 duration: None concurrency: 1 timeout: 0 cls: method_name: run args: {"limit": 10000}
2019-11-18 20:26:25.276 7936 INFO rally.task.runner [-] Task a9487920-a0f4-4cab-847f-3ee6bf15fb99 | ITER: 2 START
2019-11-18 20:26:25.276 7940 RALLYDEBUG rally.task.runner [-] Starting a worker. times: 10 duration: None concurrency: 1 timeout: 0 cls: method_name: run args: {"limit": 10000}
2019-11-18 20:26:25.279 7937 INFO rally.task.runner [-] Task a9487920-a0f4-4cab-847f-3ee6bf15fb99 | ITER: 3 START
2019-11-18 20:26:25.282 7940 INFO rally.task.runner [-] Task a9487920-a0f4-4cab-847f-3ee6bf15fb99 | ITER: 4 START
2019-11-18 20:26:25.813 7936 INFO rally.task.runner [-] Task a9487920-a0f4-4cab-847f-3ee6bf15fb99 | ITER: 2 END: OK
2019-11-18 20:26:25.816 7937 INFO rally.task.runner [-] Task a9487920-a0f4-4cab-847f-3ee6bf15fb99 | ITER: 3 END: OK
2019-11-18 20:26:25.818 7936 INFO rally.task.runner [-] Task a9487920-a0f4-4cab-847f-3ee6bf15fb99 | ITER: 5 START
2019-11-18 20:26:25.820 7937 INFO rally.task.runner [-] Task a9487920-a0f4-4cab-847f-3ee6bf15fb99 | ITER: 6 START
2019-11-18 20:26:25.823 7935 INFO rally.task.runner [-] Task a9487920-a0f4-4cab-847f-3ee6bf15fb99 | ITER: 1 END: OK
2019-11-18 20:26:25.822 7940 INFO rally.task.runner [-] Task a9487920-a0f4-4cab-847f-3ee6bf15fb99 | ITER: 4 END: OK
2019-11-18 20:26:25.826 7940 INFO rally.task.runner [-] Task a9487920-a0f4-4cab-847f-3ee6bf15fb99 | ITER: 7 START
2019-11-18 20:26:25.827 7935 INFO rally.task.runner [-] Task a9487920-a0f4-4cab-847f-3ee6bf15fb99 | ITER: 8 START
2019-11-18 20:26:26.180 7940 INFO rally.task.runner [-] Task a9487920-a0f4-4cab-847f-3ee6bf15fb99 | ITER: 7 END: OK
2019-11-18 20:26:26.184 7940 INFO rally.task.runner [-] Task a9487920-a0f4-4cab-847f-3ee6bf15fb99 | ITER: 9 START
2019-11-18 20:26:26.190 7935 INFO rally.task.runner [-] Task a9487920-a0f4-4cab-847f-3ee6bf15fb99 | ITER: 8 END: OK
2019-11-18 20:26:26.194 7935 INFO rally.task.runner [-] Task a9487920-a0f4-4cab-847f-3ee6bf15fb99 | ITER: 10 START
2019-11-18 20:26:26.274 7937 INFO rally.task.runner [-] Task a9487920-a0f4-4cab-847f-3ee6bf15fb99 | ITER: 6 END: OK
2019-11-18 20:26:26.282 7936 INFO rally.task.runner [-] Task a9487920-a0f4-4cab-847f-3ee6bf15fb99 | ITER: 5 END: OK
2019-11-18 20:26:26.556 7935 INFO rally.task.runner [-] Task a9487920-a0f4-4cab-847f-3ee6bf15fb99 | ITER: 10 END: OK
2019-11-18 20:26:26.664 7940 INFO rally.task.runner [-] Task a9487920-a0f4-4cab-847f-3ee6bf15fb99 | ITER: 9 END: OK
2019-11-18 20:26:26.688 6547 INFO rally.task.context [-] Task a9487920-a0f4-4cab-847f-3ee6bf15fb99 | Context users@openstack cleanup() started
2019-11-18 20:26:30.899 6547 INFO rally.task.context [-] Task a9487920-a0f4-4cab-847f-3ee6bf15fb99 | Context users@openstack cleanup() finished in 4.21 sec
2019-11-18 20:26:32.752 6547 INFO rally.task.engine [-] Load duration is: 1.390324
2019-11-18 20:26:32.752 6547 INFO rally.task.engine [-] Full runner duration is: 1.434395
2019-11-18 20:26:32.752 6547 INFO rally.task.engine [-] Full duration is: 8.228897
2019-11-18 20:26:33.032 6547 INFO rally.task.engine [-] Running workload: position = 0 config = { "version": 2, "title": "A cropped version of a bigger task.", "description": "Auto-generated task from a single workload (uuid=b2a8b5fd-987d-4ac3-97f3-d4f0d38a18f3)", "subtasks": [ { "title": "GnocchiMetric.create_metric", "description": "Create metric.", "scenario": { "GnocchiMetric.create_metric": { "archive_policy_name": "low" } }, "contexts": { "users": { "tenants": 3, "users_per_tenant": 2 } }, "runner": { "constant": { "concurrency": 4, "times": 10 } }, "hooks": [], "sla": { "failure_rate": { "max": 0 } } } ] }
2019-11-18 20:26:33.057 6547 RALLYDEBUG rally_openstack.contexts.keystone.users [-] Creating 3 tenants using 20 threads
2019-11-18 20:26:34.023 6547 RALLYDEBUG rally_openstack.contexts.keystone.users [-] Creating 6 users using 20 threads
2019-11-18 20:26:35.611 6547 INFO rally.task.context [-] Task a9487920-a0f4-4cab-847f-3ee6bf15fb99 | Context users@openstack setup() finished in 2.55 sec
2019-11-18 20:26:35.612 6547 INFO rally.task.context [-] Task a9487920-a0f4-4cab-847f-3ee6bf15fb99 | Context cleanup@openstack setup() finished in 0.01 msec
2019-11-18 20:26:35.620 6547 RALLYDEBUG rally.task.runner [-] Starting the constant runner (task UUID: a9487920-a0f4-4cab-847f-3ee6bf15fb99). times: 10 concurrency: 4 timeout: 0 max_cpu_used: 16 processes_to_start: 4 concurrency_per_worker: 1 concurrency_overhead: 0
2019-11-18 20:26:35.632 8039 RALLYDEBUG rally.task.runner [-] Starting a worker. times: 10 duration: None concurrency: 1 timeout: 0 cls: method_name: run args: {"archive_policy_name": "low"}
2019-11-18 20:26:35.635 8040 RALLYDEBUG rally.task.runner [-] Starting a worker. times: 10 duration: None concurrency: 1 timeout: 0 cls: method_name: run args: {"archive_policy_name": "low"}
2019-11-18 20:26:35.638 8039 INFO rally.task.runner [-] Task a9487920-a0f4-4cab-847f-3ee6bf15fb99 | ITER: 1 START
2019-11-18 20:26:35.639 8041 RALLYDEBUG rally.task.runner [-] Starting a worker. times: 10 duration: None concurrency: 1 timeout: 0 cls: method_name: run args: {"archive_policy_name": "low"}
2019-11-18 20:26:35.642 8040 INFO rally.task.runner [-] Task a9487920-a0f4-4cab-847f-3ee6bf15fb99 | ITER: 2 START
2019-11-18 20:26:35.642 8042 RALLYDEBUG rally.task.runner [-] Starting a worker. times: 10 duration: None concurrency: 1 timeout: 0 cls: method_name: run args: {"archive_policy_name": "low"}
2019-11-18 20:26:35.645 8041 INFO rally.task.runner [-] Task a9487920-a0f4-4cab-847f-3ee6bf15fb99 | ITER: 3 START
2019-11-18 20:26:35.649 8042 INFO rally.task.runner [-] Task a9487920-a0f4-4cab-847f-3ee6bf15fb99 | ITER: 4 START
2019-11-18 20:26:36.203 8041 INFO rally.task.runner [-] Task a9487920-a0f4-4cab-847f-3ee6bf15fb99 | ITER: 3 END: OK
2019-11-18 20:26:36.208 8041 INFO rally.task.runner [-] Task a9487920-a0f4-4cab-847f-3ee6bf15fb99 | ITER: 5 START
2019-11-18 20:26:36.209 8040 INFO rally.task.runner [-] Task a9487920-a0f4-4cab-847f-3ee6bf15fb99 | ITER: 2 END: OK
2019-11-18 20:26:36.210 8039 INFO rally.task.runner [-] Task a9487920-a0f4-4cab-847f-3ee6bf15fb99 | ITER: 1 END: OK
2019-11-18 20:26:36.214 8040 INFO rally.task.runner [-] Task a9487920-a0f4-4cab-847f-3ee6bf15fb99 | ITER: 6 START
2019-11-18 20:26:36.215 8039 INFO rally.task.runner [-] Task a9487920-a0f4-4cab-847f-3ee6bf15fb99 | ITER: 7 START
2019-11-18 20:26:36.224 8042 INFO rally.task.runner [-] Task a9487920-a0f4-4cab-847f-3ee6bf15fb99 | ITER: 4 END: OK
2019-11-18 20:26:36.228 8042 INFO rally.task.runner [-] Task a9487920-a0f4-4cab-847f-3ee6bf15fb99 | ITER: 8 START
2019-11-18 20:26:36.588 8039 INFO rally.task.runner [-] Task a9487920-a0f4-4cab-847f-3ee6bf15fb99 | ITER: 7 END: OK
2019-11-18 20:26:36.588 8041 INFO rally.task.runner [-] Task a9487920-a0f4-4cab-847f-3ee6bf15fb99 | ITER: 5 END: OK
2019-11-18 20:26:36.591 8039 INFO rally.task.runner [-] Task a9487920-a0f4-4cab-847f-3ee6bf15fb99 | ITER: 9 START
2019-11-18 20:26:36.593 8041 INFO rally.task.runner [-] Task a9487920-a0f4-4cab-847f-3ee6bf15fb99 | ITER: 10 START
2019-11-18 20:26:36.613 8042 INFO rally.task.runner [-] Task a9487920-a0f4-4cab-847f-3ee6bf15fb99 | ITER: 8 END: OK
2019-11-18 20:26:36.771 8040 INFO rally.task.runner [-] Task a9487920-a0f4-4cab-847f-3ee6bf15fb99 | ITER: 6 END: OK
2019-11-18 20:26:36.964 8041 INFO rally.task.runner [-] Task a9487920-a0f4-4cab-847f-3ee6bf15fb99 | ITER: 10 END: OK
2019-11-18 20:26:37.070 8039 INFO rally.task.runner [-] Task a9487920-a0f4-4cab-847f-3ee6bf15fb99 | ITER: 9 END: OK
2019-11-18 20:26:37.097 6547 INFO rally.task.context [-] Task a9487920-a0f4-4cab-847f-3ee6bf15fb99 | Context cleanup@openstack cleanup() started
2019-11-18 20:26:37.101 6547 RALLYDEBUG rally_openstack.cleanup.manager [-] Cleaning up gnocchi metric objects
2019-11-18 20:26:38.312 6547 INFO rally.task.context [-] Task a9487920-a0f4-4cab-847f-3ee6bf15fb99 | Context cleanup@openstack cleanup() finished in 1.21 sec
2019-11-18 20:26:38.312 6547 INFO rally.task.context [-] Task a9487920-a0f4-4cab-847f-3ee6bf15fb99 | Context users@openstack cleanup() started
2019-11-18 20:26:42.731 6547 INFO rally.task.context [-] Task a9487920-a0f4-4cab-847f-3ee6bf15fb99 | Context users@openstack cleanup() finished in 4.42 sec
2019-11-18 20:26:43.133 6547 INFO rally.task.engine [-] Load duration is: 1.429753
2019-11-18 20:26:43.133 6547 INFO rally.task.engine [-] Full runner duration is: 1.477446
2019-11-18 20:26:43.134 6547 INFO rally.task.engine [-] Full duration is: 9.675941
2019-11-18 20:26:43.448 6547 INFO rally.task.engine [-] Running workload: position = 0 config = { "version": 2, "title": "A cropped version of a bigger task.", "description": "Auto-generated task from a single workload (uuid=14ef656c-cdd8-4930-a703-b6dbb4b9fa3d)", "subtasks": [ { "title": "GnocchiMetric.create_delete_metric", "description": "Create metric and then delete it.", "scenario": { "GnocchiMetric.create_delete_metric": { "archive_policy_name": "low" } }, "contexts": { "users": { "tenants": 3, "users_per_tenant": 2 } }, "runner": { "constant": { "concurrency": 4, "times": 10 } }, "hooks": [], "sla": { "failure_rate": { "max": 0 } } } ] }
2019-11-18 20:26:43.473 6547 RALLYDEBUG rally_openstack.contexts.keystone.users [-] Creating 3 tenants using 20 threads
2019-11-18 20:26:44.442 6547 RALLYDEBUG rally_openstack.contexts.keystone.users [-] Creating 6 users using 20 threads
2019-11-18 20:26:46.036 6547 INFO rally.task.context [-] Task a9487920-a0f4-4cab-847f-3ee6bf15fb99 | Context users@openstack setup() finished in 2.56 sec
2019-11-18 20:26:46.036 6547 INFO rally.task.context [-] Task a9487920-a0f4-4cab-847f-3ee6bf15fb99 | Context cleanup@openstack setup() finished in 0.01 msec
2019-11-18 20:26:46.045 6547 RALLYDEBUG rally.task.runner [-] Starting the constant runner (task UUID: a9487920-a0f4-4cab-847f-3ee6bf15fb99). times: 10 concurrency: 4 timeout: 0 max_cpu_used: 16 processes_to_start: 4 concurrency_per_worker: 1 concurrency_overhead: 0
2019-11-18 20:26:46.057 8163 RALLYDEBUG rally.task.runner [-] Starting a worker. times: 10 duration: None concurrency: 1 timeout: 0 cls: method_name: run args: {"archive_policy_name": "low"}
2019-11-18 20:26:46.061 8164 RALLYDEBUG rally.task.runner [-] Starting a worker. times: 10 duration: None concurrency: 1 timeout: 0 cls: method_name: run args: {"archive_policy_name": "low"}
2019-11-18 20:26:46.064 8163 INFO rally.task.runner [-] Task a9487920-a0f4-4cab-847f-3ee6bf15fb99 | ITER: 1 START
2019-11-18 20:26:46.064 8165 RALLYDEBUG rally.task.runner [-] Starting a worker. times: 10 duration: None concurrency: 1 timeout: 0 cls: method_name: run args: {"archive_policy_name": "low"}
2019-11-18 20:26:46.068 8164 INFO rally.task.runner [-] Task a9487920-a0f4-4cab-847f-3ee6bf15fb99 | ITER: 2 START
2019-11-18 20:26:46.067 8167 RALLYDEBUG rally.task.runner [-] Starting a worker. times: 10 duration: None concurrency: 1 timeout: 0 cls: method_name: run args: {"archive_policy_name": "low"}
2019-11-18 20:26:46.071 8165 INFO rally.task.runner [-] Task a9487920-a0f4-4cab-847f-3ee6bf15fb99 | ITER: 3 START
2019-11-18 20:26:46.074 8167 INFO rally.task.runner [-] Task a9487920-a0f4-4cab-847f-3ee6bf15fb99 | ITER: 4 START
2019-11-18 20:26:46.609 8164 INFO rally.task.runner [-] Task a9487920-a0f4-4cab-847f-3ee6bf15fb99 | ITER: 2 END: OK
2019-11-18 20:26:46.609 8163 INFO rally.task.runner [-] Task a9487920-a0f4-4cab-847f-3ee6bf15fb99 | ITER: 1 END: OK
2019-11-18 20:26:46.610 8167 INFO rally.task.runner [-] Task a9487920-a0f4-4cab-847f-3ee6bf15fb99 | ITER: 4 END: OK
2019-11-18 20:26:46.614 8164 INFO rally.task.runner [-] Task a9487920-a0f4-4cab-847f-3ee6bf15fb99 | ITER: 5 START
2019-11-18 20:26:46.614 8163 INFO rally.task.runner [-] Task a9487920-a0f4-4cab-847f-3ee6bf15fb99 | ITER: 6 START
2019-11-18 20:26:46.614 8167 INFO rally.task.runner [-] Task a9487920-a0f4-4cab-847f-3ee6bf15fb99 | ITER: 7 START
2019-11-18 20:26:46.627 8165 INFO rally.task.runner [-] Task a9487920-a0f4-4cab-847f-3ee6bf15fb99 | ITER: 3 END: OK
2019-11-18 20:26:46.631 8165 INFO rally.task.runner [-] Task a9487920-a0f4-4cab-847f-3ee6bf15fb99 | ITER: 8 START
2019-11-18 20:26:47.018 8167 INFO rally.task.runner [-] Task a9487920-a0f4-4cab-847f-3ee6bf15fb99 | ITER: 7 END: OK
2019-11-18 20:26:47.019 8164 INFO rally.task.runner [-] Task a9487920-a0f4-4cab-847f-3ee6bf15fb99 | ITER: 5 END: OK
2019-11-18 20:26:47.022 8167 INFO rally.task.runner [-] Task a9487920-a0f4-4cab-847f-3ee6bf15fb99 | ITER: 9 START
2019-11-18 20:26:47.022 8164 INFO rally.task.runner [-] Task a9487920-a0f4-4cab-847f-3ee6bf15fb99 | ITER: 10 START
2019-11-18 20:26:47.066 8163 INFO rally.task.runner [-] Task a9487920-a0f4-4cab-847f-3ee6bf15fb99 | ITER: 6 END: OK
2019-11-18 20:26:47.133 8165 INFO rally.task.runner [-] Task a9487920-a0f4-4cab-847f-3ee6bf15fb99 | ITER: 8 END: OK
2019-11-18 20:26:47.426 8164 INFO rally.task.runner [-] Task a9487920-a0f4-4cab-847f-3ee6bf15fb99 | ITER: 10 END: OK
2019-11-18 20:26:47.426 8167 INFO rally.task.runner [-] Task a9487920-a0f4-4cab-847f-3ee6bf15fb99 | ITER: 9 END: OK
2019-11-18 20:26:47.450 6547 INFO rally.task.context [-] Task a9487920-a0f4-4cab-847f-3ee6bf15fb99 | Context cleanup@openstack cleanup() started
2019-11-18 20:26:47.454 6547 RALLYDEBUG rally_openstack.cleanup.manager [-] Cleaning up gnocchi metric objects
2019-11-18 20:26:48.731 6547 INFO rally.task.context [-] Task a9487920-a0f4-4cab-847f-3ee6bf15fb99 | Context cleanup@openstack cleanup() finished in 1.28 sec
2019-11-18 20:26:48.732 6547 INFO rally.task.context [-] Task a9487920-a0f4-4cab-847f-3ee6bf15fb99 | Context users@openstack cleanup() started
2019-11-18 20:26:53.113 6547 INFO rally.task.context [-] Task a9487920-a0f4-4cab-847f-3ee6bf15fb99 | Context users@openstack cleanup() finished in 4.38 sec
2019-11-18 20:26:53.560 6547 INFO rally.task.engine [-] Load duration is: 1.36074
2019-11-18 20:26:53.560 6547 INFO rally.task.engine [-] Full runner duration is: 1.405125
2019-11-18 20:26:53.561 6547 INFO rally.task.engine [-] Full duration is: 9.641271
2019-11-18 20:26:53.904 6547 INFO rally.task.engine [-] Running workload: position = 0 config = { "version": 2, "title": "A cropped version of a bigger task.", "description": "Auto-generated task from a single workload (uuid=416b8a39-5de6-4770-9073-593ff756768b)", "subtasks": [ { "title": "GnocchiResource.create_resource", "description": "Create resource.", "scenario": { "GnocchiResource.create_resource": {} }, "contexts": { "users": { "tenants": 3, "users_per_tenant": 2 } }, "runner": { "constant": { "concurrency": 4, "times": 10 } }, "hooks": [], "sla": { "failure_rate": { "max": 0 } } } ] }
2019-11-18 20:26:53.928 6547 RALLYDEBUG rally_openstack.contexts.keystone.users [-] Creating 3 tenants using 20 threads
2019-11-18 20:26:55.006 6547 RALLYDEBUG rally_openstack.contexts.keystone.users [-] Creating 6 users using 20 threads
2019-11-18 20:26:56.503 6547 INFO rally.task.context [-] Task a9487920-a0f4-4cab-847f-3ee6bf15fb99 | Context users@openstack setup() finished in 2.58 sec
2019-11-18 20:26:56.504 6547 INFO rally.task.context [-] Task a9487920-a0f4-4cab-847f-3ee6bf15fb99 | Context cleanup@openstack setup() finished in 0.01 msec
2019-11-18 20:26:56.513 6547 RALLYDEBUG rally.task.runner [-] Starting the constant runner (task UUID: a9487920-a0f4-4cab-847f-3ee6bf15fb99). times: 10 concurrency: 4 timeout: 0 max_cpu_used: 16 processes_to_start: 4 concurrency_per_worker: 1 concurrency_overhead: 0
2019-11-18 20:26:56.523 8287 RALLYDEBUG rally.task.runner [-] Starting a worker. times: 10 duration: None concurrency: 1 timeout: 0 cls: method_name: run args: {}
2019-11-18 20:26:56.527 8288 RALLYDEBUG rally.task.runner [-] Starting a worker. times: 10 duration: None concurrency: 1 timeout: 0 cls: method_name: run args: {}
2019-11-18 20:26:56.531 8287 INFO rally.task.runner [-] Task a9487920-a0f4-4cab-847f-3ee6bf15fb99 | ITER: 1 START
2019-11-18 20:26:56.530 8289 RALLYDEBUG rally.task.runner [-] Starting a worker. times: 10 duration: None concurrency: 1 timeout: 0 cls: method_name: run args: {}
2019-11-18 20:26:56.534 8288 INFO rally.task.runner [-] Task a9487920-a0f4-4cab-847f-3ee6bf15fb99 | ITER: 2 START
2019-11-18 20:26:56.535 8290 RALLYDEBUG rally.task.runner [-] Starting a worker. times: 10 duration: None concurrency: 1 timeout: 0 cls: method_name: run args: {}
2019-11-18 20:26:56.537 8289 INFO rally.task.runner [-] Task a9487920-a0f4-4cab-847f-3ee6bf15fb99 | ITER: 3 START
2019-11-18 20:26:56.544 8290 INFO rally.task.runner [-] Task a9487920-a0f4-4cab-847f-3ee6bf15fb99 | ITER: 4 START
2019-11-18 20:26:57.076 8290 INFO rally.task.runner [-] Task a9487920-a0f4-4cab-847f-3ee6bf15fb99 | ITER: 4 END: OK
2019-11-18 20:26:57.077 8288 INFO rally.task.runner [-] Task a9487920-a0f4-4cab-847f-3ee6bf15fb99 | ITER: 2 END: OK
2019-11-18 20:26:57.080 8290 INFO rally.task.runner [-] Task a9487920-a0f4-4cab-847f-3ee6bf15fb99 | ITER: 5 START
2019-11-18 20:26:57.082 8288 INFO rally.task.runner [-] Task a9487920-a0f4-4cab-847f-3ee6bf15fb99 | ITER: 6 START
2019-11-18 20:26:57.090 8289 INFO rally.task.runner [-] Task a9487920-a0f4-4cab-847f-3ee6bf15fb99 | ITER: 3 END: OK
2019-11-18 20:26:57.094 8287 INFO rally.task.runner [-] Task a9487920-a0f4-4cab-847f-3ee6bf15fb99 | ITER: 1 END: OK
2019-11-18 20:26:57.094 8289 INFO rally.task.runner [-] Task a9487920-a0f4-4cab-847f-3ee6bf15fb99 | ITER: 7 START
2019-11-18 20:26:57.098 8287 INFO rally.task.runner [-] Task a9487920-a0f4-4cab-847f-3ee6bf15fb99 | ITER: 8 START
2019-11-18 20:26:57.449 8288 INFO rally.task.runner [-] Task a9487920-a0f4-4cab-847f-3ee6bf15fb99 | ITER: 6 END: OK
2019-11-18 20:26:57.451 8288 INFO rally.task.runner [-] Task a9487920-a0f4-4cab-847f-3ee6bf15fb99 | ITER: 9 START
2019-11-18 20:26:57.457 8289 INFO rally.task.runner [-] Task a9487920-a0f4-4cab-847f-3ee6bf15fb99 | ITER: 7 END: OK
2019-11-18 20:26:57.459 8289 INFO rally.task.runner [-] Task a9487920-a0f4-4cab-847f-3ee6bf15fb99 | ITER: 10 START
2019-11-18 20:26:57.463 8287 INFO rally.task.runner [-] Task a9487920-a0f4-4cab-847f-3ee6bf15fb99 | ITER: 8 END: OK
2019-11-18 20:26:57.555 8290 INFO rally.task.runner [-] Task a9487920-a0f4-4cab-847f-3ee6bf15fb99 | ITER: 5 END: OK
2019-11-18 20:26:57.927 8288 INFO rally.task.runner [-] Task a9487920-a0f4-4cab-847f-3ee6bf15fb99 | ITER: 9 END: OK
2019-11-18 20:26:57.940 8289 INFO rally.task.runner [-] Task a9487920-a0f4-4cab-847f-3ee6bf15fb99 | ITER: 10 END: OK
2019-11-18 20:26:57.965 6547 INFO rally.task.context [-] Task a9487920-a0f4-4cab-847f-3ee6bf15fb99 | Context cleanup@openstack cleanup() started
2019-11-18 20:26:57.968 6547 RALLYDEBUG rally_openstack.cleanup.manager [-] Cleaning up gnocchi resource objects
2019-11-18 20:26:59.259 6547 RALLYDEBUG rally_openstack.cleanup.manager [-] Deleting gnocchi.resource object s_rally_416b8a39_JXvs8Wl7 (6cdbf1b2-1dd6-5c86-b3d7-746853a1f20d)
2019-11-18 20:26:59.261 6547 RALLYDEBUG rally_openstack.cleanup.manager [-] Deleting gnocchi.resource object s_rally_416b8a39_CeNIf5VH (414c34c4-b11e-53c9-b210-d267148f553c)
2019-11-18 20:26:59.272 6547 RALLYDEBUG rally_openstack.cleanup.manager [-] Deleting gnocchi.resource object s_rally_416b8a39_JeWizsj1 (42fe5a2c-d22f-5596-becf-f7c0f43c658e)
2019-11-18 20:26:59.276 6547 RALLYDEBUG rally_openstack.cleanup.manager [-] Deleting gnocchi.resource object s_rally_416b8a39_3Kd5NEa5 (fc724b55-9ba2-519c-9c78-f57fad5f6fbc)
2019-11-18 20:26:59.286 6547 RALLYDEBUG rally_openstack.cleanup.manager [-] Deleting gnocchi.resource object s_rally_416b8a39_ZlzC4wwG (2321a357-0984-5b37-bce7-2fb32c8e334a)
2019-11-18 20:26:59.301 6547 RALLYDEBUG rally_openstack.cleanup.manager [-] Deleting gnocchi.resource object s_rally_416b8a39_vnAz25ua (d13d964a-3511-50ec-bc90-b5c11f176a9f)
2019-11-18 20:26:59.321 6547 RALLYDEBUG rally_openstack.cleanup.manager [-] Deleting gnocchi.resource object s_rally_416b8a39_VHJsUirJ (049c9ed0-7bf1-50cf-b64f-ea9363ffd364)
2019-11-18 20:26:59.334 6547 RALLYDEBUG rally_openstack.cleanup.manager [-] Deleting gnocchi.resource object s_rally_416b8a39_hErYamPe (41575548-12e0-5b89-90c5-6f400aea0ede)
2019-11-18 20:26:59.343 6547 RALLYDEBUG rally_openstack.cleanup.manager [-] Deleting gnocchi.resource object s_rally_416b8a39_8U5ziV8B (80d82bbc-0a8c-5bde-8fc6-d3445f63e729)
2019-11-18 20:26:59.361 6547 RALLYDEBUG rally_openstack.cleanup.manager [-] Deleting gnocchi.resource object s_rally_416b8a39_hGGgc62s (64036f66-fd7c-5b8c-933c-08a7552ce927)
2019-11-18 20:27:00.843 6547 INFO rally.task.context [-] Task a9487920-a0f4-4cab-847f-3ee6bf15fb99 | Context cleanup@openstack cleanup() finished in 2.88 sec
2019-11-18 20:27:00.844 6547 INFO rally.task.context [-] Task a9487920-a0f4-4cab-847f-3ee6bf15fb99 | Context users@openstack cleanup() started
2019-11-18 20:27:05.418 6547 INFO rally.task.context [-] Task a9487920-a0f4-4cab-847f-3ee6bf15fb99 | Context users@openstack cleanup() finished in 4.57 sec
2019-11-18 20:27:06.026 6547 INFO rally.task.engine [-] Load duration is: 1.407681
2019-11-18 20:27:06.026 6547 INFO rally.task.engine [-] Full runner duration is: 1.452417
2019-11-18 20:27:06.026 6547 INFO rally.task.engine [-] Full duration is: 11.492286
2019-11-18 20:27:06.347 6547 INFO rally.task.engine [-] Running workload: position = 0 config = { "version": 2, "title": "A cropped version of a bigger task.", "description": "Auto-generated task from a single workload (uuid=2d76068b-35a4-43b3-8ad0-f5801fac69ef)", "subtasks": [ { "title": "GnocchiResource.create_delete_resource", "description": "Create resource and then delete it.", "scenario": { "GnocchiResource.create_delete_resource": {} }, "contexts": { "users": { "tenants": 3, "users_per_tenant": 2 } }, "runner": { "constant": { "concurrency": 4, "times": 10 } }, "hooks": [], "sla": { "failure_rate": { "max": 0 } } } ] }
2019-11-18 20:27:06.371 6547 RALLYDEBUG rally_openstack.contexts.keystone.users [-] Creating 3 tenants using 20 threads
2019-11-18 20:27:07.352 6547 RALLYDEBUG rally_openstack.contexts.keystone.users [-] Creating 6 users using 20 threads
2019-11-18 20:27:08.905 6547 INFO rally.task.context [-] Task a9487920-a0f4-4cab-847f-3ee6bf15fb99 | Context users@openstack setup() finished in 2.53 sec
2019-11-18 20:27:08.906 6547 INFO rally.task.context [-] Task a9487920-a0f4-4cab-847f-3ee6bf15fb99 | Context cleanup@openstack setup() finished in 0.01 msec
2019-11-18 20:27:08.915 6547 RALLYDEBUG rally.task.runner [-] Starting the constant runner (task UUID: a9487920-a0f4-4cab-847f-3ee6bf15fb99). times: 10 concurrency: 4 timeout: 0 max_cpu_used: 16 processes_to_start: 4 concurrency_per_worker: 1 concurrency_overhead: 0
2019-11-18 20:27:08.927 8411 RALLYDEBUG rally.task.runner [-] Starting a worker. times: 10 duration: None concurrency: 1 timeout: 0 cls: method_name: run args: {}
2019-11-18 20:27:08.931 8412 RALLYDEBUG rally.task.runner [-] Starting a worker. times: 10 duration: None concurrency: 1 timeout: 0 cls: method_name: run args: {}
2019-11-18 20:27:08.934 8411 INFO rally.task.runner [-] Task a9487920-a0f4-4cab-847f-3ee6bf15fb99 | ITER: 1 START
2019-11-18 20:27:08.935 8413 RALLYDEBUG rally.task.runner [-] Starting a worker. times: 10 duration: None concurrency: 1 timeout: 0 cls: method_name: run args: {}
2019-11-18 20:27:08.938 8412 INFO rally.task.runner [-] Task a9487920-a0f4-4cab-847f-3ee6bf15fb99 | ITER: 2 START
2019-11-18 20:27:08.938 8416 RALLYDEBUG rally.task.runner [-] Starting a worker. times: 10 duration: None concurrency: 1 timeout: 0 cls: method_name: run args: {}
2019-11-18 20:27:08.941 8413 INFO rally.task.runner [-] Task a9487920-a0f4-4cab-847f-3ee6bf15fb99 | ITER: 3 START
2019-11-18 20:27:08.944 8416 INFO rally.task.runner [-] Task a9487920-a0f4-4cab-847f-3ee6bf15fb99 | ITER: 4 START
2019-11-18 20:27:09.488 8413 INFO rally.task.runner [-] Task a9487920-a0f4-4cab-847f-3ee6bf15fb99 | ITER: 3 END: OK
2019-11-18 20:27:09.493 8413 INFO rally.task.runner [-] Task a9487920-a0f4-4cab-847f-3ee6bf15fb99 | ITER: 5 START
2019-11-18 20:27:09.499 8411 INFO rally.task.runner [-] Task a9487920-a0f4-4cab-847f-3ee6bf15fb99 | ITER: 1 END: OK
2019-11-18 20:27:09.503 8411 INFO rally.task.runner [-] Task a9487920-a0f4-4cab-847f-3ee6bf15fb99 | ITER: 6 START
2019-11-18 20:27:09.522 8416 INFO rally.task.runner [-] Task a9487920-a0f4-4cab-847f-3ee6bf15fb99 | ITER: 4 END: OK
2019-11-18 20:27:09.526 8416 INFO rally.task.runner [-] Task a9487920-a0f4-4cab-847f-3ee6bf15fb99 | ITER: 7 START
2019-11-18 20:27:09.529 8412 INFO rally.task.runner [-] Task a9487920-a0f4-4cab-847f-3ee6bf15fb99 | ITER: 2 END: OK
2019-11-18 20:27:09.534 8412 INFO rally.task.runner [-] Task a9487920-a0f4-4cab-847f-3ee6bf15fb99 | ITER: 8 START
2019-11-18 20:27:09.927 8416 INFO rally.task.runner [-] Task a9487920-a0f4-4cab-847f-3ee6bf15fb99 | ITER: 7 END: OK
2019-11-18 20:27:09.931 8416 INFO rally.task.runner [-] Task a9487920-a0f4-4cab-847f-3ee6bf15fb99 | ITER: 9 START
2019-11-18 20:27:09.935 8411 INFO rally.task.runner [-] Task a9487920-a0f4-4cab-847f-3ee6bf15fb99 | ITER: 6 END: OK
2019-11-18 20:27:09.938 8411 INFO rally.task.runner [-] Task a9487920-a0f4-4cab-847f-3ee6bf15fb99 | ITER: 10 START
2019-11-18 20:27:10.018 8413 INFO rally.task.runner [-] Task a9487920-a0f4-4cab-847f-3ee6bf15fb99 | ITER: 5 END: OK
2019-11-18 20:27:10.028 8412 INFO rally.task.runner [-] Task a9487920-a0f4-4cab-847f-3ee6bf15fb99 | ITER: 8 END: OK
2019-11-18 20:27:10.338 8411 INFO rally.task.runner [-] Task a9487920-a0f4-4cab-847f-3ee6bf15fb99 | ITER: 10 END: OK
2019-11-18 20:27:10.341 8416 INFO rally.task.runner [-] Task a9487920-a0f4-4cab-847f-3ee6bf15fb99 | ITER: 9 END: OK
2019-11-18 20:27:10.371 6547 INFO rally.task.context [-] Task a9487920-a0f4-4cab-847f-3ee6bf15fb99 | Context cleanup@openstack cleanup() started
2019-11-18 20:27:10.374 6547 RALLYDEBUG rally_openstack.cleanup.manager [-] Cleaning up gnocchi resource objects
2019-11-18 20:27:11.522 6547 INFO rally.task.context [-] Task a9487920-a0f4-4cab-847f-3ee6bf15fb99 | Context cleanup@openstack cleanup() finished in 1.15 sec
2019-11-18 20:27:11.522 6547 INFO rally.task.context [-] Task a9487920-a0f4-4cab-847f-3ee6bf15fb99 | Context users@openstack cleanup() started
2019-11-18 20:27:16.097 6547 INFO rally.task.context [-] Task a9487920-a0f4-4cab-847f-3ee6bf15fb99 | Context users@openstack cleanup() finished in 4.57 sec
2019-11-18 20:27:16.437 6547 INFO rally.task.engine [-] Load duration is: 1.405895
2019-11-18 20:27:16.437 6547 INFO rally.task.engine [-] Full runner duration is: 1.455896
2019-11-18 20:27:16.438 6547 INFO rally.task.engine [-] Full duration is: 9.728196
2019-11-18 20:27:16.703 6547 INFO rally.task.engine [-] Task a9487920-a0f4-4cab-847f-3ee6bf15fb99 | Completed: Running task.
2019-11-18 20:27:18.408 8493 RALLYDEBUG rally.api [-] INFO logs from urllib3 and requests module are hide.
2019-11-18 20:27:18.408 8493 RALLYDEBUG rally.api [-] urllib3 insecure warnings are hidden.
2019-11-18 20:27:18.408 8493 RALLYDEBUG rally.api [-] ERROR log from boto module is hide.
2019-11-18 20:27:19.625 8494 RALLYDEBUG rally.api [-] INFO logs from urllib3 and requests module are hide.
2019-11-18 20:27:19.625 8494 RALLYDEBUG rally.api [-] urllib3 insecure warnings are hidden.
2019-11-18 20:27:19.625 8494 RALLYDEBUG rally.api [-] ERROR log from boto module is hide.
2019-11-18 20:27:20.900 8495 RALLYDEBUG rally.api [-] INFO logs from urllib3 and requests module are hide.
2019-11-18 20:27:20.900 8495 RALLYDEBUG rally.api [-] urllib3 insecure warnings are hidden.
2019-11-18 20:27:20.901 8495 RALLYDEBUG rally.api [-] ERROR log from boto module is hide.
2019-11-18 20:27:22.568 8495 INFO rally.api [-] Building 'json' report for the following task(s): 'a9487920-a0f4-4cab-847f-3ee6bf15fb99'.
2019-11-18 20:27:22.589 8495 INFO rally.api [-] The report has been successfully built.
2019-11-18 20:27:23.963 8497 RALLYDEBUG rally.api [-] INFO logs from urllib3 and requests module are hide.
2019-11-18 20:27:23.964 8497 RALLYDEBUG rally.api [-] urllib3 insecure warnings are hidden.
2019-11-18 20:27:23.964 8497 RALLYDEBUG rally.api [-] ERROR log from boto module is hide.
2019-11-18 20:27:25.885 8497 INFO rally.task.engine [-] Task 24117ea8-833d-4479-9948-9f03801bf6a0 | Starting: Task validation.
2019-11-18 20:27:25.931 8497 INFO rally.task.engine [-] Task 24117ea8-833d-4479-9948-9f03801bf6a0 | Starting: Task validation of syntax.
2019-11-18 20:27:26.122 8497 INFO rally.task.engine [-] Task 24117ea8-833d-4479-9948-9f03801bf6a0 | Completed: Task validation of syntax.
2019-11-18 20:27:26.124 8497 INFO rally.task.engine [-] Task 24117ea8-833d-4479-9948-9f03801bf6a0 | Starting: Task validation of required platforms.
2019-11-18 20:27:26.203 8497 INFO rally.task.engine [-] Task 24117ea8-833d-4479-9948-9f03801bf6a0 | Completed: Task validation of required platforms.
2019-11-18 20:27:26.204 8497 INFO rally.task.engine [-] Task 24117ea8-833d-4479-9948-9f03801bf6a0 | Starting: Task validation of semantic.
2019-11-18 20:27:26.204 8497 INFO rally.task.engine [-] Check health of the environment 'fff30b6c-fd7c-4208-aaed-a1587a099099'.
2019-11-18 20:27:27.181 8497 INFO rally.task.engine [-] Platform existing@openstack (available: True): OK!
2019-11-18 20:27:27.197 8497 RALLYDEBUG rally_openstack.contexts.keystone.users [-] Creating 1 tenants using 20 threads
2019-11-18 20:27:28.039 8497 RALLYDEBUG rally_openstack.contexts.keystone.users [-] Creating 1 users using 20 threads
2019-11-18 20:27:29.477 8497 INFO rally.task.context [-] Task 24117ea8-833d-4479-9948-9f03801bf6a0 | Context users@openstack setup() finished in 2.28 sec
2019-11-18 20:27:30.202 8497 RALLYDEBUG rally_openstack.contexts.keystone.roles [-] Adding role heat_stack_owner having ID 49d298b17cd7474a8f000add4c3e0759 to all users using 30 threads
2019-11-18 20:27:32.343 8497 RALLYDEBUG rally_openstack.contexts.keystone.roles [-] Removing assigned role 49d298b17cd7474a8f000add4c3e0759 from all users
2019-11-18 20:27:34.273 8497 RALLYDEBUG rally_openstack.contexts.keystone.roles [-] Adding role heat_stack_owner having ID 49d298b17cd7474a8f000add4c3e0759 to all users using 30 threads
2019-11-18 20:27:35.780 8497 RALLYDEBUG rally_openstack.contexts.keystone.roles [-] Removing assigned role 49d298b17cd7474a8f000add4c3e0759 from all users
2019-11-18 20:27:37.676 8497 RALLYDEBUG rally_openstack.contexts.keystone.roles [-] Adding role heat_stack_owner having ID 49d298b17cd7474a8f000add4c3e0759 to all users using 30 threads
2019-11-18 20:27:38.937 8497 RALLYDEBUG rally_openstack.contexts.keystone.roles [-] Removing assigned role 49d298b17cd7474a8f000add4c3e0759 from all users
2019-11-18 20:27:40.859 8497 RALLYDEBUG rally_openstack.contexts.keystone.roles [-] Adding role heat_stack_owner having ID 49d298b17cd7474a8f000add4c3e0759 to all users using 30 threads
2019-11-18 20:27:42.419 8497 RALLYDEBUG rally_openstack.contexts.keystone.roles [-] Removing assigned role 49d298b17cd7474a8f000add4c3e0759 from all users
2019-11-18 20:27:44.272 8497 RALLYDEBUG rally_openstack.contexts.keystone.roles [-] Adding role heat_stack_owner having ID 49d298b17cd7474a8f000add4c3e0759 to all users using 30 threads
2019-11-18 20:27:45.800 8497 RALLYDEBUG rally_openstack.contexts.keystone.roles [-] Removing assigned role 49d298b17cd7474a8f000add4c3e0759 from all users
2019-11-18 20:27:47.723 8497 RALLYDEBUG rally_openstack.contexts.keystone.roles [-] Adding role heat_stack_owner having ID 49d298b17cd7474a8f000add4c3e0759 to all users using 30 threads
2019-11-18 20:27:48.982 8497 RALLYDEBUG rally_openstack.contexts.keystone.roles [-] Removing assigned role 49d298b17cd7474a8f000add4c3e0759 from all users
2019-11-18 20:27:50.844 8497 RALLYDEBUG rally_openstack.contexts.keystone.roles [-] Adding role heat_stack_owner having ID 49d298b17cd7474a8f000add4c3e0759 to all users using 30 threads
2019-11-18 20:27:52.092 8497 RALLYDEBUG rally_openstack.contexts.keystone.roles [-] Removing assigned role 49d298b17cd7474a8f000add4c3e0759 from all users
2019-11-18 20:27:54.002 8497 RALLYDEBUG rally_openstack.contexts.keystone.roles [-] Adding role heat_stack_owner having ID 49d298b17cd7474a8f000add4c3e0759 to all users using 30 threads
2019-11-18 20:27:55.221 8497 RALLYDEBUG rally_openstack.contexts.keystone.roles [-] Removing assigned role 49d298b17cd7474a8f000add4c3e0759 from all users
2019-11-18 20:27:57.131 8497 RALLYDEBUG rally_openstack.contexts.keystone.roles [-] Adding role heat_stack_owner having ID 49d298b17cd7474a8f000add4c3e0759 to all users using 30 threads
2019-11-18 20:27:58.649 8497 RALLYDEBUG rally_openstack.contexts.keystone.roles [-] Removing assigned role 49d298b17cd7474a8f000add4c3e0759 from all users
2019-11-18 20:28:00.549 8497 RALLYDEBUG rally_openstack.contexts.keystone.roles [-] Adding role heat_stack_owner having ID 49d298b17cd7474a8f000add4c3e0759 to all users using 30 threads
2019-11-18 20:28:01.786 8497 RALLYDEBUG rally_openstack.contexts.keystone.roles [-] Removing assigned role 49d298b17cd7474a8f000add4c3e0759 from all users
2019-11-18 20:28:03.690 8497 RALLYDEBUG rally_openstack.contexts.keystone.roles [-] Adding role heat_stack_owner having ID 49d298b17cd7474a8f000add4c3e0759 to all users using 30 threads
2019-11-18 20:28:04.948 8497 RALLYDEBUG rally_openstack.contexts.keystone.roles [-] Removing assigned role 49d298b17cd7474a8f000add4c3e0759 from all users
2019-11-18 20:28:06.848 8497 RALLYDEBUG rally_openstack.contexts.keystone.roles [-] Adding role heat_stack_owner having ID 49d298b17cd7474a8f000add4c3e0759 to all users using 30 threads
2019-11-18 20:28:08.097 8497 RALLYDEBUG rally_openstack.contexts.keystone.roles [-] Removing assigned role 49d298b17cd7474a8f000add4c3e0759 from all users
2019-11-18 20:28:09.591 8497 INFO rally.task.context [-] Task 24117ea8-833d-4479-9948-9f03801bf6a0 | Context users@openstack cleanup() started
2019-11-18 20:28:12.417 8497 INFO rally.task.context [-] Task 24117ea8-833d-4479-9948-9f03801bf6a0 | Context users@openstack cleanup() finished in 2.83 sec
2019-11-18 20:28:12.417 8497 INFO rally.task.engine [-] Task 24117ea8-833d-4479-9948-9f03801bf6a0 | Completed: Task validation of semantic.
2019-11-18 20:28:12.418 8497 INFO rally.task.engine [-] Task 24117ea8-833d-4479-9948-9f03801bf6a0 | Completed: Task validation.
2019-11-18 20:28:12.418 8497 INFO rally.api [-] Task 24117ea8-833d-4479-9948-9f03801bf6a0 input file is valid.
