2019-11-18 21:47:55.749 25279 RALLYDEBUG rally.task.runner [-] Starting a worker. times: 10 duration: None concurrency: 1 timeout: 0 cls: method_name: run args: {"policies": ["affinity"]}
2019-11-18 21:47:55.752 25276 INFO rally.task.runner [-] Task f0c16f69-272d-4c2f-ad2b-b66b4e17b899 | ITER: 3 START
2019-11-18 21:47:55.755 25279 INFO rally.task.runner [-] Task f0c16f69-272d-4c2f-ad2b-b66b4e17b899 | ITER: 4 START
2019-11-18 21:47:56.364 25274 INFO rally.task.runner [-] Task f0c16f69-272d-4c2f-ad2b-b66b4e17b899 | ITER: 1 END: OK
2019-11-18 21:47:56.367 25279 INFO rally.task.runner [-] Task f0c16f69-272d-4c2f-ad2b-b66b4e17b899 | ITER: 4 END: OK
2019-11-18 21:47:56.369 25274 INFO rally.task.runner [-] Task f0c16f69-272d-4c2f-ad2b-b66b4e17b899 | ITER: 5 START
2019-11-18 21:47:56.372 25279 INFO rally.task.runner [-] Task f0c16f69-272d-4c2f-ad2b-b66b4e17b899 | ITER: 6 START
2019-11-18 21:47:56.376 25275 INFO rally.task.runner [-] Task f0c16f69-272d-4c2f-ad2b-b66b4e17b899 | ITER: 2 END: OK
2019-11-18 21:47:56.381 25276 INFO rally.task.runner [-] Task f0c16f69-272d-4c2f-ad2b-b66b4e17b899 | ITER: 3 END: OK
2019-11-18 21:47:56.381 25275 INFO rally.task.runner [-] Task f0c16f69-272d-4c2f-ad2b-b66b4e17b899 | ITER: 7 START
2019-11-18 21:47:56.385 25276 INFO rally.task.runner [-] Task f0c16f69-272d-4c2f-ad2b-b66b4e17b899 | ITER: 8 START
2019-11-18 21:47:56.890 25275 INFO rally.task.runner [-] Task f0c16f69-272d-4c2f-ad2b-b66b4e17b899 | ITER: 7 END: OK
2019-11-18 21:47:56.894 25275 INFO rally.task.runner [-] Task f0c16f69-272d-4c2f-ad2b-b66b4e17b899 | ITER: 9 START
2019-11-18 21:47:56.921 25276 INFO rally.task.runner [-] Task f0c16f69-272d-4c2f-ad2b-b66b4e17b899 | ITER: 8 END: OK
2019-11-18 21:47:56.924 25276 INFO rally.task.runner [-] Task f0c16f69-272d-4c2f-ad2b-b66b4e17b899 | ITER: 10 START
2019-11-18 21:47:56.926 25274 INFO rally.task.runner [-] Task f0c16f69-272d-4c2f-ad2b-b66b4e17b899 | ITER: 5 END: OK
2019-11-18 21:47:56.940 25279 INFO rally.task.runner [-] Task f0c16f69-272d-4c2f-ad2b-b66b4e17b899 | ITER: 6 END: OK
2019-11-18 21:47:57.359 25275 INFO rally.task.runner [-] Task f0c16f69-272d-4c2f-ad2b-b66b4e17b899 | ITER: 9 END: OK
2019-11-18 21:47:57.372 25276 INFO rally.task.runner [-] Task f0c16f69-272d-4c2f-ad2b-b66b4e17b899 | ITER: 10 END: OK
2019-11-18 21:47:57.401 20411 INFO rally.task.context [-] Task f0c16f69-272d-4c2f-ad2b-b66b4e17b899 | Context cleanup@openstack cleanup() started
2019-11-18 21:47:57.405 20411 RALLYDEBUG rally_openstack.cleanup.manager [-] Cleaning up nova servers objects
2019-11-18 21:47:58.879 20411 RALLYDEBUG rally_openstack.cleanup.manager [-] Cleaning up nova server_groups objects
2019-11-18 21:48:00.108 20411 RALLYDEBUG rally_openstack.cleanup.manager [-] Deleting nova.server_groups object s_rally_2be4c5c3_27Hbv2mb (1343f4d3-a496-4fe4-b09b-d59b606cdb41)
2019-11-18 21:48:00.118 20411 RALLYDEBUG rally_openstack.cleanup.manager [-] Deleting nova.server_groups object s_rally_2be4c5c3_jhmSfVY5 (37e44ab2-58b5-4f20-8eca-ed9187193649)
2019-11-18 21:48:00.127 20411 RALLYDEBUG rally_openstack.cleanup.manager [-] Deleting nova.server_groups object s_rally_2be4c5c3_6gQg4JGi (25293ba6-84cd-4619-b7b2-2693ceb94cbd)
2019-11-18 21:48:00.136 20411 RALLYDEBUG rally_openstack.cleanup.manager [-] Deleting nova.server_groups object s_rally_2be4c5c3_WMQ7M3jy (734fb4b5-4da9-4ea2-9e06-5c67e7e03fb4)
2019-11-18 21:48:00.141 20411 RALLYDEBUG rally_openstack.cleanup.manager [-] Deleting nova.server_groups object s_rally_2be4c5c3_6WBxYiP1 (1d4c3654-f65f-4b12-afb2-1b18d6d6ad34)
2019-11-18 21:48:00.153 20411 RALLYDEBUG rally_openstack.cleanup.manager [-] Deleting nova.server_groups object s_rally_2be4c5c3_leukD9Kp (f484dbc0-89f8-43ba-a206-51469fd7de58)
2019-11-18 21:48:00.158 20411 RALLYDEBUG rally_openstack.cleanup.manager [-] Deleting nova.server_groups object s_rally_2be4c5c3_lWmdtSDI (c040ec22-67a7-4eb6-b9d2-63b8eb6b23c3)
2019-11-18 21:48:00.169 20411 RALLYDEBUG rally_openstack.cleanup.manager [-] Deleting nova.server_groups object s_rally_2be4c5c3_L9su4cII (2bd2f072-0d5a-4b95-986e-f124d944e2f9)
2019-11-18 21:48:00.180 20411 RALLYDEBUG rally_openstack.cleanup.manager [-] Deleting nova.server_groups object s_rally_2be4c5c3_kLKTLzIU (c53e1c33-da1f-467c-875d-07306549c85a)
2019-11-18 21:48:00.207 20411 RALLYDEBUG rally_openstack.cleanup.manager [-] Deleting nova.server_groups object s_rally_2be4c5c3_wbruE4Ur (4642cf5e-400f-4f91-b59d-61294e5eb1e2)
2019-11-18 21:48:01.747 20411 RALLYDEBUG rally_openstack.cleanup.manager [-] Cleaning up nova keypairs objects
2019-11-18 21:48:04.043 20411 INFO rally.task.context [-] Task f0c16f69-272d-4c2f-ad2b-b66b4e17b899 | Context cleanup@openstack cleanup() finished in 6.64 sec
2019-11-18 21:48:04.044 20411 INFO rally.task.context [-] Task f0c16f69-272d-4c2f-ad2b-b66b4e17b899 | Context users@openstack cleanup() started
2019-11-18 21:48:08.461 20411 INFO rally.task.context [-] Task f0c16f69-272d-4c2f-ad2b-b66b4e17b899 | Context users@openstack cleanup() finished in 4.42 sec
2019-11-18 21:48:09.113 20411 INFO rally.task.engine [-] Load duration is: 1.626155
2019-11-18 21:48:09.114 20411 INFO rally.task.engine [-] Full runner duration is: 1.67635
2019-11-18 21:48:09.114 20411 INFO rally.task.engine [-] Full duration is: 15.452802
2019-11-18 21:48:09.466 20411 INFO rally.task.engine [-] Running workload: position = 0 config = { "version": 2, "title": "A cropped version of a bigger task.", "description": "Auto-generated task from a single workload (uuid=55146616-504c-4b80-8431-ab611d8513e7)", "subtasks": [ { "title": "NovaServerGroups.create_and_list_server_groups", "description": "Create a server group, then list all server groups.", "scenario": { "NovaServerGroups.create_and_list_server_groups": { "policies": [ "affinity" ], "all_projects": false } }, "contexts": { "users": { "tenants": 3, "users_per_tenant": 2 } }, "runner": { "constant": { "concurrency": 4, "times": 10 } }, "hooks": [], "sla": { "failure_rate": { "max": 0 } } } ] }
2019-11-18 21:48:09.490 20411 RALLYDEBUG rally_openstack.contexts.keystone.users [-] Creating 3 tenants using 20 threads
2019-11-18 21:48:10.429 20411 RALLYDEBUG rally_openstack.contexts.keystone.users [-] Creating 6 users using 20 threads
2019-11-18 21:48:12.051 20411 INFO rally.task.context [-] Task f0c16f69-272d-4c2f-ad2b-b66b4e17b899 | Context users@openstack setup() finished in 2.56 sec
2019-11-18 21:48:12.052 20411 INFO rally.task.context [-] Task f0c16f69-272d-4c2f-ad2b-b66b4e17b899 | Context cleanup@openstack setup() finished in 0.01 msec
2019-11-18 21:48:12.061 20411 RALLYDEBUG rally.task.runner [-] Starting the constant runner (task UUID: f0c16f69-272d-4c2f-ad2b-b66b4e17b899). times: 10 concurrency: 4 timeout: 0 max_cpu_used: 16 processes_to_start: 4 concurrency_per_worker: 1 concurrency_overhead: 0
2019-11-18 21:48:12.073 25438 RALLYDEBUG rally.task.runner [-] Starting a worker. times: 10 duration: None concurrency: 1 timeout: 0 cls: method_name: run args: {"policies": ["affinity"], "all_projects": false}
2019-11-18 21:48:12.077 25439 RALLYDEBUG rally.task.runner [-] Starting a worker. times: 10 duration: None concurrency: 1 timeout: 0 cls: method_name: run args: {"policies": ["affinity"], "all_projects": false}
2019-11-18 21:48:12.080 25438 INFO rally.task.runner [-] Task f0c16f69-272d-4c2f-ad2b-b66b4e17b899 | ITER: 1 START
2019-11-18 21:48:12.081 25440 RALLYDEBUG rally.task.runner [-] Starting a worker. times: 10 duration: None concurrency: 1 timeout: 0 cls: method_name: run args: {"policies": ["affinity"], "all_projects": false}
2019-11-18 21:48:12.084 25439 INFO rally.task.runner [-] Task f0c16f69-272d-4c2f-ad2b-b66b4e17b899 | ITER: 2 START
2019-11-18 21:48:12.084 25442 RALLYDEBUG rally.task.runner [-] Starting a worker. times: 10 duration: None concurrency: 1 timeout: 0 cls: method_name: run args: {"policies": ["affinity"], "all_projects": false}
2019-11-18 21:48:12.087 25440 INFO rally.task.runner [-] Task f0c16f69-272d-4c2f-ad2b-b66b4e17b899 | ITER: 3 START
2019-11-18 21:48:12.090 25442 INFO rally.task.runner [-] Task f0c16f69-272d-4c2f-ad2b-b66b4e17b899 | ITER: 4 START
2019-11-18 21:48:12.694 25438 INFO rally.task.runner [-] Task f0c16f69-272d-4c2f-ad2b-b66b4e17b899 | ITER: 1 END: OK
2019-11-18 21:48:12.699 25438 INFO rally.task.runner [-] Task f0c16f69-272d-4c2f-ad2b-b66b4e17b899 | ITER: 5 START
2019-11-18 21:48:12.704 25439 INFO rally.task.runner [-] Task f0c16f69-272d-4c2f-ad2b-b66b4e17b899 | ITER: 2 END: OK
2019-11-18 21:48:12.709 25439 INFO rally.task.runner [-] Task f0c16f69-272d-4c2f-ad2b-b66b4e17b899 | ITER: 6 START
2019-11-18 21:48:12.713 25440 INFO rally.task.runner [-] Task f0c16f69-272d-4c2f-ad2b-b66b4e17b899 | ITER: 3 END: OK
2019-11-18 21:48:12.718 25440 INFO rally.task.runner [-] Task f0c16f69-272d-4c2f-ad2b-b66b4e17b899 | ITER: 7 START
2019-11-18 21:48:12.721 25442 INFO rally.task.runner [-] Task f0c16f69-272d-4c2f-ad2b-b66b4e17b899 | ITER: 4 END: OK
2019-11-18 21:48:12.725 25442 INFO rally.task.runner [-] Task f0c16f69-272d-4c2f-ad2b-b66b4e17b899 | ITER: 8 START
2019-11-18 21:48:13.156 25440 INFO rally.task.runner [-] Task f0c16f69-272d-4c2f-ad2b-b66b4e17b899 | ITER: 7 END: OK
2019-11-18 21:48:13.161 25440 INFO rally.task.runner [-] Task f0c16f69-272d-4c2f-ad2b-b66b4e17b899 | ITER: 9 START
2019-11-18 21:48:13.189 25439 INFO rally.task.runner [-] Task f0c16f69-272d-4c2f-ad2b-b66b4e17b899 | ITER: 6 END: OK
2019-11-18 21:48:13.193 25439 INFO rally.task.runner [-] Task f0c16f69-272d-4c2f-ad2b-b66b4e17b899 | ITER: 10 START
2019-11-18 21:48:13.257 25442 INFO rally.task.runner [-] Task f0c16f69-272d-4c2f-ad2b-b66b4e17b899 | ITER: 8 END: OK
2019-11-18 21:48:13.290 25438 INFO rally.task.runner [-] Task f0c16f69-272d-4c2f-ad2b-b66b4e17b899 | ITER: 5 END: OK
2019-11-18 21:48:13.620 25440 INFO rally.task.runner [-] Task f0c16f69-272d-4c2f-ad2b-b66b4e17b899 | ITER: 9 END: OK
2019-11-18 21:48:13.658 25439 INFO rally.task.runner [-] Task f0c16f69-272d-4c2f-ad2b-b66b4e17b899 | ITER: 10 END: OK
2019-11-18 21:48:13.686 20411 INFO rally.task.context [-] Task f0c16f69-272d-4c2f-ad2b-b66b4e17b899 | Context cleanup@openstack cleanup() started
2019-11-18 21:48:13.689 20411 RALLYDEBUG rally_openstack.cleanup.manager [-] Cleaning up nova servers objects
2019-11-18 21:48:15.014 20411 RALLYDEBUG rally_openstack.cleanup.manager [-] Cleaning up nova server_groups objects
2019-11-18 21:48:16.173 20411 RALLYDEBUG rally_openstack.cleanup.manager [-] Deleting nova.server_groups object s_rally_55146616_c82KHlhe (10dac066-0c25-49ed-9091-5b499a877f86)
2019-11-18 21:48:16.183 20411 RALLYDEBUG rally_openstack.cleanup.manager [-] Deleting nova.server_groups object s_rally_55146616_cs0m5qyG (3cf1316e-328d-4871-b4d4-9f3db5e9282a)
2019-11-18 21:48:16.192 20411 RALLYDEBUG rally_openstack.cleanup.manager [-] Deleting nova.server_groups object s_rally_55146616_RpRhIFpq (a71e0013-1633-4e83-94a1-8946ca0fcedb)
2019-11-18 21:48:16.196 20411 RALLYDEBUG rally_openstack.cleanup.manager [-] Deleting nova.server_groups object s_rally_55146616_yqVQcO8W (7b886188-4cf5-4558-be78-8a81a1ff463d)
2019-11-18 21:48:16.210 20411 RALLYDEBUG rally_openstack.cleanup.manager [-] Deleting nova.server_groups object s_rally_55146616_bxyfo0T0 (592ac6f3-eb65-4009-88dd-ca6bf57f15ad)
2019-11-18 21:48:16.216 20411 RALLYDEBUG rally_openstack.cleanup.manager [-] Deleting nova.server_groups object s_rally_55146616_P8MIURue (1bfab8b1-e437-4c85-8937-038847a270d6)
2019-11-18 21:48:16.228 20411 RALLYDEBUG rally_openstack.cleanup.manager [-] Deleting nova.server_groups object s_rally_55146616_mDG2pKtp (9101a022-6f34-4c74-b43b-18edb79690a5)
2019-11-18 21:48:16.239 20411 RALLYDEBUG rally_openstack.cleanup.manager [-] Deleting nova.server_groups object s_rally_55146616_MxnHbNfP (700885f3-ab2e-4474-a332-b0bdc48199be)
2019-11-18 21:48:16.252 20411 RALLYDEBUG rally_openstack.cleanup.manager [-] Deleting nova.server_groups object s_rally_55146616_fMe6ojTC (1fdc229c-8348-498d-b29b-b714acdaadb1)
2019-11-18 21:48:16.265 20411 RALLYDEBUG rally_openstack.cleanup.manager [-] Deleting nova.server_groups object s_rally_55146616_gyhRNXDg (c0ff84bf-ccba-4ca0-b712-09f0136e022b)
2019-11-18 21:48:17.948 20411 RALLYDEBUG rally_openstack.cleanup.manager [-] Cleaning up nova keypairs objects
2019-11-18 21:48:20.374 20411 INFO rally.task.context [-] Task f0c16f69-272d-4c2f-ad2b-b66b4e17b899 | Context cleanup@openstack cleanup() finished in 6.69 sec
2019-11-18 21:48:20.374 20411 INFO rally.task.context [-] Task f0c16f69-272d-4c2f-ad2b-b66b4e17b899 | Context users@openstack cleanup() started
2019-11-18 21:48:24.789 20411 INFO rally.task.context [-] Task f0c16f69-272d-4c2f-ad2b-b66b4e17b899 | Context users@openstack cleanup() finished in 4.42 sec
2019-11-18 21:48:25.613 20411 INFO rally.task.engine [-] Load duration is: 1.576556
2019-11-18 21:48:25.613 20411 INFO rally.task.engine [-] Full runner duration is: 1.62478
2019-11-18 21:48:25.614 20411 INFO rally.task.engine [-] Full duration is: 15.300795
2019-11-18 21:48:25.897 20411 INFO rally.task.engine [-] Task f0c16f69-272d-4c2f-ad2b-b66b4e17b899 | Completed: Running task.
2019-11-18 21:48:27.597 25560 RALLYDEBUG rally.api [-] INFO logs from urllib3 and requests module are hide.
2019-11-18 21:48:27.597 25560 RALLYDEBUG rally.api [-] urllib3 insecure warnings are hidden.
2019-11-18 21:48:27.597 25560 RALLYDEBUG rally.api [-] ERROR log from boto module is hide.
2019-11-18 21:48:28.902 25561 RALLYDEBUG rally.api [-] INFO logs from urllib3 and requests module are hide.
2019-11-18 21:48:28.903 25561 RALLYDEBUG rally.api [-] urllib3 insecure warnings are hidden.
2019-11-18 21:48:28.903 25561 RALLYDEBUG rally.api [-] ERROR log from boto module is hide.
2019-11-18 21:48:30.389 25562 RALLYDEBUG rally.api [-] INFO logs from urllib3 and requests module are hide.
2019-11-18 21:48:30.390 25562 RALLYDEBUG rally.api [-] urllib3 insecure warnings are hidden.
2019-11-18 21:48:30.390 25562 RALLYDEBUG rally.api [-] ERROR log from boto module is hide.
2019-11-18 21:48:32.090 25562 INFO rally.api [-] Building 'json' report for the following task(s): 'f0c16f69-272d-4c2f-ad2b-b66b4e17b899'.
2019-11-18 21:48:32.146 25562 INFO rally.api [-] The report has been successfully built.
2019-11-18 21:48:33.585 25564 RALLYDEBUG rally.api [-] INFO logs from urllib3 and requests module are hide.
2019-11-18 21:48:33.585 25564 RALLYDEBUG rally.api [-] urllib3 insecure warnings are hidden.
2019-11-18 21:48:33.586 25564 RALLYDEBUG rally.api [-] ERROR log from boto module is hide.
2019-11-18 21:48:35.433 25564 INFO rally.task.engine [-] Task 8c5bbd2f-e874-4515-bfa7-6b8018eea133 | Starting: Task validation.
2019-11-18 21:48:35.478 25564 INFO rally.task.engine [-] Task 8c5bbd2f-e874-4515-bfa7-6b8018eea133 | Starting: Task validation of syntax.
2019-11-18 21:48:35.544 25564 INFO rally.task.engine [-] Task 8c5bbd2f-e874-4515-bfa7-6b8018eea133 | Completed: Task validation of syntax.
2019-11-18 21:48:35.544 25564 INFO rally.task.engine [-] Task 8c5bbd2f-e874-4515-bfa7-6b8018eea133 | Starting: Task validation of required platforms.
2019-11-18 21:48:35.577 25564 INFO rally.task.engine [-] Task 8c5bbd2f-e874-4515-bfa7-6b8018eea133 | Completed: Task validation of required platforms.
2019-11-18 21:48:35.578 25564 INFO rally.task.engine [-] Task 8c5bbd2f-e874-4515-bfa7-6b8018eea133 | Starting: Task validation of semantic.
2019-11-18 21:48:35.578 25564 INFO rally.task.engine [-] Check health of the environment 'fff30b6c-fd7c-4208-aaed-a1587a099099'.
2019-11-18 21:48:36.602 25564 INFO rally.task.engine [-] Platform existing@openstack (available: True): OK!
2019-11-18 21:48:36.638 25564 RALLYDEBUG rally_openstack.contexts.keystone.users [-] Creating 1 tenants using 20 threads
2019-11-18 21:48:37.568 25564 RALLYDEBUG rally_openstack.contexts.keystone.users [-] Creating 1 users using 20 threads
2019-11-18 21:48:38.931 25564 INFO rally.task.context [-] Task 8c5bbd2f-e874-4515-bfa7-6b8018eea133 | Context users@openstack setup() finished in 2.29 sec
2019-11-18 21:48:40.390 25564 INFO rally.task.context [-] Task 8c5bbd2f-e874-4515-bfa7-6b8018eea133 | Context users@openstack cleanup() started
2019-11-18 21:48:43.481 25564 INFO rally.task.context [-] Task 8c5bbd2f-e874-4515-bfa7-6b8018eea133 | Context users@openstack cleanup() finished in 3.09 sec
2019-11-18 21:48:43.481 25564 INFO rally.task.engine [-] Task 8c5bbd2f-e874-4515-bfa7-6b8018eea133 | Completed: Task validation of semantic.
2019-11-18 21:48:43.482 25564 INFO rally.task.engine [-] Task 8c5bbd2f-e874-4515-bfa7-6b8018eea133 | Completed: Task validation.
2019-11-18 21:48:43.482 25564 INFO rally.api [-] Task 8c5bbd2f-e874-4515-bfa7-6b8018eea133 input file is valid.
2019-11-18 21:48:43.483 25564 INFO rally.api [-] Run Task 8c5bbd2f-e874-4515-bfa7-6b8018eea133 against Deployment fff30b6c-fd7c-4208-aaed-a1587a099099
2019-11-18 21:48:43.483 25564 INFO rally.task.engine [-] Task 8c5bbd2f-e874-4515-bfa7-6b8018eea133 | Starting: Running task.
2019-11-18 21:48:43.647 25564 INFO rally.task.engine [-] Running workload: position = 0 config = { "version": 2, "title": "A cropped version of a bigger task.", "description": "Auto-generated task from a single workload (uuid=c7389b41-95a7-445a-aa20-4d735da52957)", "subtasks": [ { "title": "Quotas.cinder_update_and_delete", "description": "Update and Delete quotas for Cinder.", "scenario": { "Quotas.cinder_update_and_delete": { "max_quota": 1024 } }, "contexts": { "users": { "tenants": 3, "users_per_tenant": 2 }, "api_versions": { "cinder": { "version": 3, "service_type": "volumev3" } } }, "runner": { "constant": { "concurrency": 4, "times": 10 } }, "hooks": [], "sla": { "failure_rate": { "max": 0 } } } ] }
2019-11-18 21:48:43.671 25564 RALLYDEBUG rally_openstack.contexts.keystone.users [-] Creating 3 tenants using 20 threads
2019-11-18 21:48:44.608 25564 RALLYDEBUG rally_openstack.contexts.keystone.users [-] Creating 6 users using 20 threads
2019-11-18 21:48:46.210 25564 INFO rally.task.context [-] Task 8c5bbd2f-e874-4515-bfa7-6b8018eea133 | Context users@openstack setup() finished in 2.54 sec
2019-11-18 21:48:46.621 25564 INFO rally.task.context [-] Task 8c5bbd2f-e874-4515-bfa7-6b8018eea133 | Context api_versions@openstack setup() finished in 0.41 sec
2019-11-18 21:48:46.622 25564 INFO rally.task.context [-] Task 8c5bbd2f-e874-4515-bfa7-6b8018eea133 | Context admin_cleanup@openstack setup() finished in 0.01 msec
2019-11-18 21:48:46.631 25564 RALLYDEBUG rally.task.runner [-] Starting the constant runner (task UUID: 8c5bbd2f-e874-4515-bfa7-6b8018eea133). times: 10 concurrency: 4 timeout: 0 max_cpu_used: 16 processes_to_start: 4 concurrency_per_worker: 1 concurrency_overhead: 0
2019-11-18 21:48:46.644 25688 RALLYDEBUG rally.task.runner [-] Starting a worker. times: 10 duration: None concurrency: 1 timeout: 0 cls: method_name: run args: {"max_quota": 1024}
2019-11-18 21:48:46.648 25689 RALLYDEBUG rally.task.runner [-] Starting a worker. times: 10 duration: None concurrency: 1 timeout: 0 cls: method_name: run args: {"max_quota": 1024}
2019-11-18 21:48:46.651 25688 INFO rally.task.runner [-] Task 8c5bbd2f-e874-4515-bfa7-6b8018eea133 | ITER: 1 START
2019-11-18 21:48:46.651 25690 RALLYDEBUG rally.task.runner [-] Starting a worker. times: 10 duration: None concurrency: 1 timeout: 0 cls: method_name: run args: {"max_quota": 1024}
2019-11-18 21:48:46.655 25689 INFO rally.task.runner [-] Task 8c5bbd2f-e874-4515-bfa7-6b8018eea133 | ITER: 2 START
2019-11-18 21:48:46.654 25691 RALLYDEBUG rally.task.runner [-] Starting a worker. times: 10 duration: None concurrency: 1 timeout: 0 cls: method_name: run args: {"max_quota": 1024}
2019-11-18 21:48:46.658 25690 INFO rally.task.runner [-] Task 8c5bbd2f-e874-4515-bfa7-6b8018eea133 | ITER: 3 START
2019-11-18 21:48:46.661 25691 INFO rally.task.runner [-] Task 8c5bbd2f-e874-4515-bfa7-6b8018eea133 | ITER: 4 START
2019-11-18 21:48:47.230 25689 INFO rally.task.runner [-] Task 8c5bbd2f-e874-4515-bfa7-6b8018eea133 | ITER: 2 END: OK
2019-11-18 21:48:47.235 25689 INFO rally.task.runner [-] Task 8c5bbd2f-e874-4515-bfa7-6b8018eea133 | ITER: 5 START
2019-11-18 21:48:47.238 25691 INFO rally.task.runner [-] Task 8c5bbd2f-e874-4515-bfa7-6b8018eea133 | ITER: 4 END: OK
2019-11-18 21:48:47.243 25691 INFO rally.task.runner [-] Task 8c5bbd2f-e874-4515-bfa7-6b8018eea133 | ITER: 6 START
2019-11-18 21:48:47.248 25688 INFO rally.task.runner [-] Task 8c5bbd2f-e874-4515-bfa7-6b8018eea133 | ITER: 1 END: OK
2019-11-18 21:48:47.253 25688 INFO rally.task.runner [-] Task 8c5bbd2f-e874-4515-bfa7-6b8018eea133 | ITER: 7 START
2019-11-18 21:48:47.255 25690 INFO rally.task.runner [-] Task 8c5bbd2f-e874-4515-bfa7-6b8018eea133 | ITER: 3 END: OK
2019-11-18 21:48:47.259 25690 INFO rally.task.runner [-] Task 8c5bbd2f-e874-4515-bfa7-6b8018eea133 | ITER: 8 START
2019-11-18 21:48:47.695 25691 INFO rally.task.runner [-] Task 8c5bbd2f-e874-4515-bfa7-6b8018eea133 | ITER: 6 END: OK
2019-11-18 21:48:47.699 25691 INFO rally.task.runner [-] Task 8c5bbd2f-e874-4515-bfa7-6b8018eea133 | ITER: 9 START
2019-11-18 21:48:47.699 25689 INFO rally.task.runner [-] Task 8c5bbd2f-e874-4515-bfa7-6b8018eea133 | ITER: 5 END: OK
2019-11-18 21:48:47.705 25689 INFO rally.task.runner [-] Task 8c5bbd2f-e874-4515-bfa7-6b8018eea133 | ITER: 10 START
2019-11-18 21:48:47.725 25690 INFO rally.task.runner [-] Task 8c5bbd2f-e874-4515-bfa7-6b8018eea133 | ITER: 8 END: OK
2019-11-18 21:48:47.772 25688 INFO rally.task.runner [-] Task 8c5bbd2f-e874-4515-bfa7-6b8018eea133 | ITER: 7 END: OK
2019-11-18 21:48:48.161 25691 INFO rally.task.runner [-] Task 8c5bbd2f-e874-4515-bfa7-6b8018eea133 | ITER: 9 END: OK
2019-11-18 21:48:48.205 25689 INFO rally.task.runner [-] Task 8c5bbd2f-e874-4515-bfa7-6b8018eea133 | ITER: 10 END: OK
2019-11-18 21:48:48.235 25564 INFO rally.task.context [-] Task 8c5bbd2f-e874-4515-bfa7-6b8018eea133 | Context admin_cleanup@openstack cleanup() started
2019-11-18 21:48:48.239 25564 RALLYDEBUG rally_openstack.cleanup.manager [-] Cleaning up cinder quotas objects
2019-11-18 21:48:49.037 25564 INFO rally.task.context [-] Task 8c5bbd2f-e874-4515-bfa7-6b8018eea133 | Context admin_cleanup@openstack cleanup() finished in 0.80 sec
2019-11-18 21:48:49.037 25564 INFO rally.task.context [-] Task 8c5bbd2f-e874-4515-bfa7-6b8018eea133 | Context api_versions@openstack cleanup() started
2019-11-18 21:48:49.038 25564 INFO rally.task.context [-] Task 8c5bbd2f-e874-4515-bfa7-6b8018eea133 | Context api_versions@openstack cleanup() finished in 0.37 msec
2019-11-18 21:48:49.038 25564 INFO rally.task.context [-] Task 8c5bbd2f-e874-4515-bfa7-6b8018eea133 | Context users@openstack cleanup() started
2019-11-18 21:48:53.733 25564 INFO rally.task.context [-] Task 8c5bbd2f-e874-4515-bfa7-6b8018eea133 | Context users@openstack cleanup() finished in 4.69 sec
2019-11-18 21:48:53.755 25564 INFO rally.task.engine [-] Load duration is: 1.552139
2019-11-18 21:48:53.756 25564 INFO rally.task.engine [-] Full runner duration is: 1.604918
2019-11-18 21:48:53.756 25564 INFO rally.task.engine [-] Full duration is: 10.063445
2019-11-18 21:48:54.131 25564 INFO rally.task.engine [-] Running workload: position = 0 config = { "version": 2, "title": "A cropped version of a bigger task.", "description": "Auto-generated task from a single workload (uuid=494d7f0c-0f51-43f0-8b0f-26a939b528b7)", "subtasks": [ { "title": "Quotas.cinder_update", "description": "Update quotas for Cinder.", "scenario": { "Quotas.cinder_update": { "max_quota": 1024 } }, "contexts": { "users": { "tenants": 3, "users_per_tenant": 2 }, "api_versions": { "cinder": { "version": 3, "service_type": "volumev3" } } }, "runner": { "constant": { "concurrency": 4, "times": 10 } }, "hooks": [], "sla": { "failure_rate": { "max": 0 } } } ] }
2019-11-18 21:48:54.156 25564 RALLYDEBUG rally_openstack.contexts.keystone.users [-] Creating 3 tenants using 20 threads
2019-11-18 21:48:55.207 25564 RALLYDEBUG rally_openstack.contexts.keystone.users [-] Creating 6 users using 20 threads
2019-11-18 21:48:56.777 25564 INFO rally.task.context [-] Task 8c5bbd2f-e874-4515-bfa7-6b8018eea133 | Context users@openstack setup() finished in 2.62 sec
2019-11-18 21:48:57.193 25564 INFO rally.task.context [-] Task 8c5bbd2f-e874-4515-bfa7-6b8018eea133 | Context api_versions@openstack setup() finished in 0.42 sec
2019-11-18 21:48:57.194 25564 INFO rally.task.context [-] Task 8c5bbd2f-e874-4515-bfa7-6b8018eea133 | Context admin_cleanup@openstack setup() finished in 0.01 msec
2019-11-18 21:48:57.203 25564 RALLYDEBUG rally.task.runner [-] Starting the constant runner (task UUID: 8c5bbd2f-e874-4515-bfa7-6b8018eea133). times: 10 concurrency: 4 timeout: 0 max_cpu_used: 16 processes_to_start: 4 concurrency_per_worker: 1 concurrency_overhead: 0
2019-11-18 21:48:57.214 25812 RALLYDEBUG rally.task.runner [-] Starting a worker. times: 10 duration: None concurrency: 1 timeout: 0 cls: method_name: run args: {"max_quota": 1024}
2019-11-18 21:48:57.218 25813 RALLYDEBUG rally.task.runner [-] Starting a worker. times: 10 duration: None concurrency: 1 timeout: 0 cls: method_name: run args: {"max_quota": 1024}
2019-11-18 21:48:57.221 25814 RALLYDEBUG rally.task.runner [-] Starting a worker. times: 10 duration: None concurrency: 1 timeout: 0 cls: method_name: run args: {"max_quota": 1024}
2019-11-18 21:48:57.221 25812 INFO rally.task.runner [-] Task 8c5bbd2f-e874-4515-bfa7-6b8018eea133 | ITER: 1 START
2019-11-18 21:48:57.225 25813 INFO rally.task.runner [-] Task 8c5bbd2f-e874-4515-bfa7-6b8018eea133 | ITER: 2 START
2019-11-18 21:48:57.225 25816 RALLYDEBUG rally.task.runner [-] Starting a worker. times: 10 duration: None concurrency: 1 timeout: 0 cls: method_name: run args: {"max_quota": 1024}
2019-11-18 21:48:57.228 25814 INFO rally.task.runner [-] Task 8c5bbd2f-e874-4515-bfa7-6b8018eea133 | ITER: 3 START
2019-11-18 21:48:57.231 25816 INFO rally.task.runner [-] Task 8c5bbd2f-e874-4515-bfa7-6b8018eea133 | ITER: 4 START
2019-11-18 21:48:57.782 25814 INFO rally.task.runner [-] Task 8c5bbd2f-e874-4515-bfa7-6b8018eea133 | ITER: 3 END: OK
2019-11-18 21:48:57.787 25816 INFO rally.task.runner [-] Task 8c5bbd2f-e874-4515-bfa7-6b8018eea133 | ITER: 4 END: OK
2019-11-18 21:48:57.787 25814 INFO rally.task.runner [-] Task 8c5bbd2f-e874-4515-bfa7-6b8018eea133 | ITER: 5 START
2019-11-18 21:48:57.788 25812 INFO rally.task.runner [-] Task 8c5bbd2f-e874-4515-bfa7-6b8018eea133 | ITER: 1 END: OK
2019-11-18 21:48:57.790 25813 INFO rally.task.runner [-] Task 8c5bbd2f-e874-4515-bfa7-6b8018eea133 | ITER: 2 END: OK
2019-11-18 21:48:57.791 25816 INFO rally.task.runner [-] Task 8c5bbd2f-e874-4515-bfa7-6b8018eea133 | ITER: 6 START
2019-11-18 21:48:57.792 25812 INFO rally.task.runner [-] Task 8c5bbd2f-e874-4515-bfa7-6b8018eea133 | ITER: 7 START
2019-11-18 21:48:57.794 25813 INFO rally.task.runner [-] Task 8c5bbd2f-e874-4515-bfa7-6b8018eea133 | ITER: 8 START
2019-11-18 21:48:58.218 25813 INFO rally.task.runner [-] Task 8c5bbd2f-e874-4515-bfa7-6b8018eea133 | ITER: 8 END: OK
2019-11-18 21:48:58.218 25812 INFO rally.task.runner [-] Task 8c5bbd2f-e874-4515-bfa7-6b8018eea133 | ITER: 7 END: OK
2019-11-18 21:48:58.221 25813 INFO rally.task.runner [-] Task 8c5bbd2f-e874-4515-bfa7-6b8018eea133 | ITER: 9 START
2019-11-18 21:48:58.222 25812 INFO rally.task.runner [-] Task 8c5bbd2f-e874-4515-bfa7-6b8018eea133 | ITER: 10 START
2019-11-18 21:48:58.225 25814 INFO rally.task.runner [-] Task 8c5bbd2f-e874-4515-bfa7-6b8018eea133 | ITER: 5 END: OK
2019-11-18 21:48:58.278 25816 INFO rally.task.runner [-] Task 8c5bbd2f-e874-4515-bfa7-6b8018eea133 | ITER: 6 END: OK
2019-11-18 21:48:58.666 25813 INFO rally.task.runner [-] Task 8c5bbd2f-e874-4515-bfa7-6b8018eea133 | ITER: 9 END: OK
2019-11-18 21:48:58.678 25812 INFO rally.task.runner [-] Task 8c5bbd2f-e874-4515-bfa7-6b8018eea133 | ITER: 10 END: OK
2019-11-18 21:48:58.709 25564 INFO rally.task.context [-] Task 8c5bbd2f-e874-4515-bfa7-6b8018eea133 | Context admin_cleanup@openstack cleanup() started
2019-11-18 21:48:58.718 25564 RALLYDEBUG rally_openstack.cleanup.manager [-] Cleaning up cinder quotas objects
2019-11-18 21:48:59.593 25564 INFO rally.task.context [-] Task 8c5bbd2f-e874-4515-bfa7-6b8018eea133 | Context admin_cleanup@openstack cleanup() finished in 0.88 sec
2019-11-18 21:48:59.593 25564 INFO rally.task.context [-] Task 8c5bbd2f-e874-4515-bfa7-6b8018eea133 | Context api_versions@openstack cleanup() started
2019-11-18 21:48:59.594 25564 INFO rally.task.context [-] Task 8c5bbd2f-e874-4515-bfa7-6b8018eea133 | Context api_versions@openstack cleanup() finished in 0.37 msec
2019-11-18 21:48:59.594 25564 INFO rally.task.context [-] Task 8c5bbd2f-e874-4515-bfa7-6b8018eea133 | Context users@openstack cleanup() started
2019-11-18 21:49:04.129 25564 INFO rally.task.context [-] Task 8c5bbd2f-e874-4515-bfa7-6b8018eea133 | Context users@openstack cleanup() finished in 4.53 sec
2019-11-18 21:49:04.290 25564 INFO rally.task.engine [-] Load duration is: 1.454531
2019-11-18 21:49:04.290 25564 INFO rally.task.engine [-] Full runner duration is: 1.505631
2019-11-18 21:49:04.291 25564 INFO rally.task.engine [-] Full duration is: 9.975268
2019-11-18 21:49:04.640 25564 INFO rally.task.engine [-] Running workload: position = 0 config = { "version": 2, "title": "A cropped version of a bigger task.", "description": "Auto-generated task from a single workload (uuid=0df83695-7efa-4cff-9e78-cc85a2d060bb)", "subtasks": [ { "title": "Quotas.neutron_update", "description": "Update quotas for neutron.", "scenario": { "Quotas.neutron_update": { "max_quota": 1024 } }, "contexts": { "users": { "tenants": 3, "users_per_tenant": 2 } }, "runner": { "constant": { "concurrency": 4, "times": 10 } }, "hooks": [], "sla": { "failure_rate": { "max": 0 } } } ] }
2019-11-18 21:49:04.665 25564 RALLYDEBUG rally_openstack.contexts.keystone.users [-] Creating 3 tenants using 20 threads
2019-11-18 21:49:05.645 25564 RALLYDEBUG rally_openstack.contexts.keystone.users [-] Creating 6 users using 20 threads
2019-11-18 21:49:07.259 25564 INFO rally.task.context [-] Task 8c5bbd2f-e874-4515-bfa7-6b8018eea133 | Context users@openstack setup() finished in 2.59 sec
2019-11-18 21:49:07.260 25564 INFO rally.task.context [-] Task 8c5bbd2f-e874-4515-bfa7-6b8018eea133 | Context admin_cleanup@openstack setup() finished in 0.02 msec
2019-11-18 21:49:07.269 25564 RALLYDEBUG rally.task.runner [-] Starting the constant runner (task UUID: 8c5bbd2f-e874-4515-bfa7-6b8018eea133). times: 10 concurrency: 4 timeout: 0 max_cpu_used: 16 processes_to_start: 4 concurrency_per_worker: 1 concurrency_overhead: 0
2019-11-18 21:49:07.281 25936 RALLYDEBUG rally.task.runner [-] Starting a worker. times: 10 duration: None concurrency: 1 timeout: 0 cls: method_name: run args: {"max_quota": 1024}
2019-11-18 21:49:07.283 25937 RALLYDEBUG rally.task.runner [-] Starting a worker. times: 10 duration: None concurrency: 1 timeout: 0 cls: method_name: run args: {"max_quota": 1024}
2019-11-18 21:49:07.287 25936 INFO rally.task.runner [-] Task 8c5bbd2f-e874-4515-bfa7-6b8018eea133 | ITER: 1 START
2019-11-18 21:49:07.287 25938 RALLYDEBUG rally.task.runner [-] Starting a worker. times: 10 duration: None concurrency: 1 timeout: 0 cls: method_name: run args: {"max_quota": 1024}
2019-11-18 21:49:07.289 25937 INFO rally.task.runner [-] Task 8c5bbd2f-e874-4515-bfa7-6b8018eea133 | ITER: 2 START
2019-11-18 21:49:07.292 25940 RALLYDEBUG rally.task.runner [-] Starting a worker. times: 10 duration: None concurrency: 1 timeout: 0 cls: method_name: run args: {"max_quota": 1024}
2019-11-18 21:49:07.293 25938 INFO rally.task.runner [-] Task 8c5bbd2f-e874-4515-bfa7-6b8018eea133 | ITER: 3 START
2019-11-18 21:49:07.298 25940 INFO rally.task.runner [-] Task 8c5bbd2f-e874-4515-bfa7-6b8018eea133 | ITER: 4 START
2019-11-18 21:49:07.793 25936 INFO rally.task.runner [-] Task 8c5bbd2f-e874-4515-bfa7-6b8018eea133 | ITER: 1 END: OK
2019-11-18 21:49:07.797 25938 INFO rally.task.runner [-] Task 8c5bbd2f-e874-4515-bfa7-6b8018eea133 | ITER: 3 END: OK
2019-11-18 21:49:07.798 25936 INFO rally.task.runner [-] Task 8c5bbd2f-e874-4515-bfa7-6b8018eea133 | ITER: 5 START
2019-11-18 21:49:07.803 25940 INFO rally.task.runner [-] Task 8c5bbd2f-e874-4515-bfa7-6b8018eea133 | ITER: 4 END: OK
2019-11-18 21:49:07.803 25938 INFO rally.task.runner [-] Task 8c5bbd2f-e874-4515-bfa7-6b8018eea133 | ITER: 6 START
2019-11-18 21:49:07.807 25940 INFO rally.task.runner [-] Task 8c5bbd2f-e874-4515-bfa7-6b8018eea133 | ITER: 7 START
2019-11-18 21:49:07.818 25937 INFO rally.task.runner [-] Task 8c5bbd2f-e874-4515-bfa7-6b8018eea133 | ITER: 2 END: OK
2019-11-18 21:49:07.822 25937 INFO rally.task.runner [-] Task 8c5bbd2f-e874-4515-bfa7-6b8018eea133 | ITER: 8 START
2019-11-18 21:49:08.217 25940 INFO rally.task.runner [-] Task 8c5bbd2f-e874-4515-bfa7-6b8018eea133 | ITER: 7 END: OK
2019-11-18 21:49:08.222 25940 INFO rally.task.runner [-] Task 8c5bbd2f-e874-4515-bfa7-6b8018eea133 | ITER: 9 START
2019-11-18 21:49:08.247 25936 INFO rally.task.runner [-] Task 8c5bbd2f-e874-4515-bfa7-6b8018eea133 | ITER: 5 END: OK
2019-11-18 21:49:08.250 25936 INFO rally.task.runner [-] Task 8c5bbd2f-e874-4515-bfa7-6b8018eea133 | ITER: 10 START
2019-11-18 21:49:08.266 25937 INFO rally.task.runner [-] Task 8c5bbd2f-e874-4515-bfa7-6b8018eea133 | ITER: 8 END: OK
2019-11-18 21:49:08.295 25938 INFO rally.task.runner [-] Task 8c5bbd2f-e874-4515-bfa7-6b8018eea133 | ITER: 6 END: OK
2019-11-18 21:49:08.689 25940 INFO rally.task.runner [-] Task 8c5bbd2f-e874-4515-bfa7-6b8018eea133 | ITER: 9 END: OK
2019-11-18 21:49:08.697 25936 INFO rally.task.runner [-] Task 8c5bbd2f-e874-4515-bfa7-6b8018eea133 | ITER: 10 END: OK
2019-11-18 21:49:08.724 25564 INFO rally.task.context [-] Task 8c5bbd2f-e874-4515-bfa7-6b8018eea133 | Context admin_cleanup@openstack cleanup() started
2019-11-18 21:49:08.727 25564 RALLYDEBUG rally_openstack.cleanup.manager [-] Cleaning up neutron quota objects
2019-11-18 21:49:09.532 25564 INFO rally.task.context [-] Task 8c5bbd2f-e874-4515-bfa7-6b8018eea133 | Context admin_cleanup@openstack cleanup() finished in 0.81 sec
2019-11-18 21:49:09.533 25564 INFO rally.task.context [-] Task 8c5bbd2f-e874-4515-bfa7-6b8018eea133 | Context users@openstack cleanup() started
2019-11-18 21:49:14.353 25564 INFO rally.task.context [-] Task 8c5bbd2f-e874-4515-bfa7-6b8018eea133 | Context users@openstack cleanup() finished in 4.82 sec
2019-11-18 21:49:14.739 25564 INFO rally.task.engine [-] Load duration is: 1.408526
2019-11-18 21:49:14.740 25564 INFO rally.task.engine [-] Full runner duration is: 1.455341
2019-11-18 21:49:14.740 25564 INFO rally.task.engine [-] Full duration is: 9.690817
2019-11-18 21:49:15.072 25564 INFO rally.task.engine [-] Running workload: position = 0 config = { "version": 2, "title": "A cropped version of a bigger task.", "description": "Auto-generated task from a single workload (uuid=3e3690c7-27cd-41c1-a20f-08bf1c808d82)", "subtasks": [ { "title": "Quotas.nova_update", "description": "Update quotas for Nova.", "scenario": { "Quotas.nova_update": { "max_quota": 1024 } }, "contexts": { "users": { "tenants": 3, "users_per_tenant": 2 } }, "runner": { "constant": { "concurrency": 4, "times": 10 } }, "hooks": [], "sla": { "failure_rate": { "max": 0 } } } ] }
2019-11-18 21:49:15.095 25564 RALLYDEBUG rally_openstack.contexts.keystone.users [-] Creating 3 tenants using 20 threads
2019-11-18 21:49:16.135 25564 RALLYDEBUG rally_openstack.contexts.keystone.users [-] Creating 6 users using 20 threads
2019-11-18 21:49:17.634 25564 INFO rally.task.context [-] Task 8c5bbd2f-e874-4515-bfa7-6b8018eea133 | Context users@openstack setup() finished in 2.54 sec
2019-11-18 21:49:17.635 25564 INFO rally.task.context [-] Task 8c5bbd2f-e874-4515-bfa7-6b8018eea133 | Context admin_cleanup@openstack setup() finished in 0.01 msec
2019-11-18 21:49:17.644 25564 RALLYDEBUG rally.task.runner [-] Starting the constant runner (task UUID: 8c5bbd2f-e874-4515-bfa7-6b8018eea133). times: 10 concurrency: 4 timeout: 0 max_cpu_used: 16 processes_to_start: 4 concurrency_per_worker: 1 concurrency_overhead: 0
2019-11-18 21:49:17.656 26060 RALLYDEBUG rally.task.runner [-] Starting a worker. times: 10 duration: None concurrency: 1 timeout: 0 cls: method_name: run args: {"max_quota": 1024}
2019-11-18 21:49:17.659 26061 RALLYDEBUG rally.task.runner [-] Starting a worker. times: 10 duration: None concurrency: 1 timeout: 0 cls: method_name: run args: {"max_quota": 1024}
2019-11-18 21:49:17.662 26060 INFO rally.task.runner [-] Task 8c5bbd2f-e874-4515-bfa7-6b8018eea133 | ITER: 1 START
2019-11-18 21:49:17.663 26062 RALLYDEBUG rally.task.runner [-] Starting a worker. times: 10 duration: None concurrency: 1 timeout: 0 cls: method_name: run args: {"max_quota": 1024}
2019-11-18 21:49:17.667 26061 INFO rally.task.runner [-] Task 8c5bbd2f-e874-4515-bfa7-6b8018eea133 | ITER: 2 START
2019-11-18 21:49:17.666 26064 RALLYDEBUG rally.task.runner [-] Starting a worker. times: 10 duration: None concurrency: 1 timeout: 0 cls: method_name: run args: {"max_quota": 1024}
2019-11-18 21:49:17.669 26062 INFO rally.task.runner [-] Task 8c5bbd2f-e874-4515-bfa7-6b8018eea133 | ITER: 3 START
2019-11-18 21:49:17.673 26064 INFO rally.task.runner [-] Task 8c5bbd2f-e874-4515-bfa7-6b8018eea133 | ITER: 4 START
2019-11-18 21:49:18.357 26061 INFO rally.task.runner [-] Task 8c5bbd2f-e874-4515-bfa7-6b8018eea133 | ITER: 2 END: OK
2019-11-18 21:49:18.361 26061 INFO rally.task.runner [-] Task 8c5bbd2f-e874-4515-bfa7-6b8018eea133 | ITER: 5 START
2019-11-18 21:49:18.369 26060 INFO rally.task.runner [-] Task 8c5bbd2f-e874-4515-bfa7-6b8018eea133 | ITER: 1 END: OK
2019-11-18 21:49:18.374 26060 INFO rally.task.runner [-] Task 8c5bbd2f-e874-4515-bfa7-6b8018eea133 | ITER: 6 START
2019-11-18 21:49:18.431 26064 INFO rally.task.runner [-] Task 8c5bbd2f-e874-4515-bfa7-6b8018eea133 | ITER: 4 END: OK
2019-11-18 21:49:18.435 26064 INFO rally.task.runner [-] Task 8c5bbd2f-e874-4515-bfa7-6b8018eea133 | ITER: 7 START
2019-11-18 21:49:18.467 26062 INFO rally.task.runner [-] Task 8c5bbd2f-e874-4515-bfa7-6b8018eea133 | ITER: 3 END: OK
2019-11-18 21:49:18.472 26062 INFO rally.task.runner [-] Task 8c5bbd2f-e874-4515-bfa7-6b8018eea133 | ITER: 8 START
2019-11-18 21:49:18.879 26060 INFO rally.task.runner [-] Task 8c5bbd2f-e874-4515-bfa7-6b8018eea133 | ITER: 6 END: OK
2019-11-18 21:49:18.882 26060 INFO rally.task.runner [-] Task 8c5bbd2f-e874-4515-bfa7-6b8018eea133 | ITER: 9 START
2019-11-18 21:49:18.886 26061 INFO rally.task.runner [-] Task 8c5bbd2f-e874-4515-bfa7-6b8018eea133 | ITER: 5 END: OK
2019-11-18 21:49:18.889 26061 INFO rally.task.runner [-] Task 8c5bbd2f-e874-4515-bfa7-6b8018eea133 | ITER: 10 START
2019-11-18 21:49:18.912 26064 INFO rally.task.runner [-] Task 8c5bbd2f-e874-4515-bfa7-6b8018eea133 | ITER: 7 END: OK
2019-11-18 21:49:19.112 26062 INFO rally.task.runner [-] Task 8c5bbd2f-e874-4515-bfa7-6b8018eea133 | ITER: 8 END: OK
2019-11-18 21:49:19.397 26060 INFO rally.task.runner [-] Task 8c5bbd2f-e874-4515-bfa7-6b8018eea133 | ITER: 9 END: OK
2019-11-18 21:49:19.413 26061 INFO rally.task.runner [-] Task 8c5bbd2f-e874-4515-bfa7-6b8018eea133 | ITER: 10 END: OK
2019-11-18 21:49:19.443 25564 INFO rally.task.context [-] Task 8c5bbd2f-e874-4515-bfa7-6b8018eea133 | Context admin_cleanup@openstack cleanup() started
2019-11-18 21:49:19.447 25564 RALLYDEBUG rally_openstack.cleanup.manager [-] Cleaning up nova quotas objects
2019-11-18 21:49:20.256 25564 INFO rally.task.context [-] Task 8c5bbd2f-e874-4515-bfa7-6b8018eea133 | Context admin_cleanup@openstack cleanup() finished in 0.81 sec
2019-11-18 21:49:20.257 25564 INFO rally.task.context [-] Task 8c5bbd2f-e874-4515-bfa7-6b8018eea133 | Context users@openstack cleanup() started
2019-11-18 21:49:25.257 25564 INFO rally.task.context [-] Task 8c5bbd2f-e874-4515-bfa7-6b8018eea133 | Context users@openstack cleanup() finished in 5.00 sec
2019-11-18 21:49:27.181 25564 INFO rally.task.engine [-] Load duration is: 1.749375
2019-11-18 21:49:27.181 25564 INFO rally.task.engine [-] Full runner duration is: 1.799846
2019-11-18 21:49:27.181 25564 INFO rally.task.engine [-] Full duration is: 10.163747
2019-11-18 21:49:27.473 25564 INFO rally.task.engine [-] Task 8c5bbd2f-e874-4515-bfa7-6b8018eea133 | Completed: Running task.
2019-11-18 21:49:28.843 26142 RALLYDEBUG rally.api [-] INFO logs from urllib3 and requests module are hide.
2019-11-18 21:49:28.843 26142 RALLYDEBUG rally.api [-] urllib3 insecure warnings are hidden.
2019-11-18 21:49:28.843 26142 RALLYDEBUG rally.api [-] ERROR log from boto module is hide.
2019-11-18 21:49:29.910 26143 RALLYDEBUG rally.api [-] INFO logs from urllib3 and requests module are hide.
2019-11-18 21:49:29.910 26143 RALLYDEBUG rally.api [-] urllib3 insecure warnings are hidden.
2019-11-18 21:49:29.910 26143 RALLYDEBUG rally.api [-] ERROR log from boto module is hide.
2019-11-18 21:49:31.155 26144 RALLYDEBUG rally.api [-] INFO logs from urllib3 and requests module are hide.
2019-11-18 21:49:31.155 26144 RALLYDEBUG rally.api [-] urllib3 insecure warnings are hidden.
2019-11-18 21:49:31.155 26144 RALLYDEBUG rally.api [-] ERROR log from boto module is hide.
2019-11-18 21:49:32.783 26144 INFO rally.api [-] Building 'json' report for the following task(s): '8c5bbd2f-e874-4515-bfa7-6b8018eea133'.
2019-11-18 21:49:32.789 26144 INFO rally.api [-] The report has been successfully built.
2019-11-18 21:49:34.138 26146 RALLYDEBUG rally.api [-] INFO logs from urllib3 and requests module are hide.
2019-11-18 21:49:34.138 26146 RALLYDEBUG rally.api [-] urllib3 insecure warnings are hidden.
2019-11-18 21:49:34.138 26146 RALLYDEBUG rally.api [-] ERROR log from boto module is hide.
2019-11-18 21:49:35.958 26146 INFO rally.task.engine [-] Task 1259125e-d8e0-4b1e-9c21-d3043161ca75 | Starting: Task validation.
2019-11-18 21:49:36.006 26146 INFO rally.task.engine [-] Task 1259125e-d8e0-4b1e-9c21-d3043161ca75 | Starting: Task validation of syntax.
2019-11-18 21:49:36.071 26146 INFO rally.task.engine [-] Task 1259125e-d8e0-4b1e-9c21-d3043161ca75 | Completed: Task validation of syntax.
2019-11-18 21:49:36.071 26146 INFO rally.task.engine [-] Task 1259125e-d8e0-4b1e-9c21-d3043161ca75 | Starting: Task validation of required platforms.
2019-11-18 21:49:36.105 26146 INFO rally.task.engine [-] Task 1259125e-d8e0-4b1e-9c21-d3043161ca75 | Completed: Task validation of required platforms.
2019-11-18 21:49:36.106 26146 INFO rally.task.engine [-] Task 1259125e-d8e0-4b1e-9c21-d3043161ca75 | Starting: Task validation of semantic.
2019-11-18 21:49:36.106 26146 INFO rally.task.engine [-] Check health of the environment 'fff30b6c-fd7c-4208-aaed-a1587a099099'.
2019-11-18 21:49:37.082 26146 INFO rally.task.engine [-] Platform existing@openstack (available: True): OK!
2019-11-18 21:49:37.115 26146 RALLYDEBUG rally_openstack.contexts.keystone.users [-] Creating 1 tenants using 20 threads
2019-11-18 21:49:37.986 26146 RALLYDEBUG rally_openstack.contexts.keystone.users [-] Creating 1 users using 20 threads
2019-11-18 21:49:39.369 26146 INFO rally.task.context [-] Task 1259125e-d8e0-4b1e-9c21-d3043161ca75 | Context users@openstack setup() finished in 2.25 sec
2019-11-18 21:49:39.685 26146 INFO rally.task.context [-] Task 1259125e-d8e0-4b1e-9c21-d3043161ca75 | Context users@openstack cleanup() started
2019-11-18 21:49:42.587 26146 INFO rally.task.context [-] Task 1259125e-d8e0-4b1e-9c21-d3043161ca75 | Context users@openstack cleanup() finished in 2.90 sec
2019-11-18 21:49:42.684 26146 ERROR rally.cli.cliutils [-] Unexpected exception in CLI: rally.exceptions.InvalidTaskConfig: Input task is invalid! Subtask SwiftObjects.create_container_and_object_then_list_objects[0] has wrong configuration Subtask configuration: {"version": 2, "title": "A cropped version of a bigger task.", "description": "Auto-generated task from a single workload", "subtasks": [{"title": "SwiftObjects.create_container_and_object_then_list_objects", "description": "Create container and objects then list all objects.", "scenario": {"SwiftObjects.create_container_and_object_then_list_objects": {"objects_per_container": 2, "object_size": 5120}}, "contexts": {"users": {"tenants": 3, "users_per_tenant": 2}, "roles": ["admin"]}, "runner": {"constant": {"concurrency": 4, "times": 10}}, "hooks": [], "sla": {"failure_rate": {"max": 0}}}]} Reason(s): Scenario plugin 'SwiftObjects.create_container_and_object_then_list_objects' doesn't pass required_services@openstack validation. Details: 'swift' service is not available. Hint: If 'swift' service has non-default service_type, try to setup it via 'api_versions@openstack' context.
2019-11-18 21:49:42.684 26146 ERROR rally.cli.cliutils
Traceback (most recent call last):
2019-11-18 21:49:42.684 26146 ERROR rally.cli.cliutils
File "/usr/lib/python3.6/site-packages/rally/cli/cliutils.py", line 674, in run
2019-11-18 21:49:42.684 26146 ERROR rally.cli.cliutils ret = fn(*fn_args, **fn_kwargs)
2019-11-18 21:49:42.684 26146 ERROR rally.cli.cliutils File "", line 2, in start
2019-11-18 21:49:42.684 26146 ERROR rally.cli.cliutils
File "/usr/lib/python3.6/site-packages/rally/cli/envutils.py", line 68, in default_from_global
2019-11-18 21:49:42.684 26146 ERROR rally.cli.cliutils return f(*args, **kwargs)
2019-11-18 21:49:42.684 26146 ERROR rally.cli.cliutils File "", line 2, in start
2019-11-18 21:49:42.684 26146 ERROR rally.cli.cliutils
File "/usr/lib/python3.6/site-packages/rally/plugins/__init__.py", line 51, in ensure_plugins_are_loaded
2019-11-18 21:49:42.684 26146 ERROR rally.cli.cliutils return f(*args, **kwargs)
2019-11-18 21:49:42.684 26146 ERROR rally.cli.cliutils
File "/usr/lib/python3.6/site-packages/rally/cli/commands/task.py", line 307, in start
2019-11-18 21:49:42.684 26146 ERROR rally.cli.cliutils abort_on_sla_failure=abort_on_sla_failure)
2019-11-18 21:49:42.684 26146 ERROR rally.cli.cliutils
File "/usr/lib/python3.6/site-packages/rally/api.py", line 422, in start
2019-11-18 21:49:42.684 26146 ERROR rally.cli.cliutils task_engine.validate()
2019-11-18 21:49:42.684 26146 ERROR rally.cli.cliutils
File "/usr/lib/python3.6/site-packages/rally/common/logging.py", line 248, in wrapper
2019-11-18 21:49:42.684 26146 ERROR rally.cli.cliutils result = f(self, *args, **kwargs)
2019-11-18 21:49:42.684 26146 ERROR rally.cli.cliutils
File "/usr/lib/python3.6/site-packages/rally/task/engine.py", line 394, in validate
2019-11-18 21:49:42.684 26146 ERROR rally.cli.cliutils self._validate_config_semantic(self.config)
2019-11-18 21:49:42.684 26146 ERROR rally.cli.cliutils
File "/usr/lib/python3.6/site-packages/rally/common/logging.py", line 248, in wrapper
2019-11-18 21:49:42.684 26146 ERROR rally.cli.cliutils result = f(self, *args, **kwargs)
2019-11-18 21:49:42.684 26146 ERROR rally.cli.cliutils
File "/usr/lib/python3.6/site-packages/rally/task/engine.py", line 380, in _validate_config_semantic
2019-11-18 21:49:42.684 26146 ERROR rally.cli.cliutils workload, vcontext=ctx_obj, vtype="semantic")
2019-11-18 21:49:42.684 26146 ERROR rally.cli.cliutils
File "/usr/lib/python3.6/site-packages/rally/task/engine.py", line 328, in _validate_workload
2019-11-18 21:49:42.684 26146 ERROR rally.cli.cliutils raise exceptions.InvalidTaskConfig(**kw)
2019-11-18 21:49:42.684 26146 ERROR rally.cli.cliutils rally.exceptions.InvalidTaskConfig: Input task is invalid!
2019-11-18 21:49:42.684 26146 ERROR rally.cli.cliutils
2019-11-18 21:49:42.684 26146 ERROR rally.cli.cliutils Subtask SwiftObjects.create_container_and_object_then_list_objects[0] has wrong configuration
2019-11-18 21:49:42.684 26146 ERROR rally.cli.cliutils Subtask configuration:
2019-11-18 21:49:42.684 26146 ERROR rally.cli.cliutils {"version": 2, "title": "A cropped version of a bigger task.", "description": "Auto-generated task from a single workload", "subtasks": [{"title": "SwiftObjects.create_container_and_object_then_list_objects", "description": "Create container and objects then list all objects.", "scenario": {"SwiftObjects.create_container_and_object_then_list_objects": {"objects_per_container": 2, "object_size": 5120}}, "contexts": {"users": {"tenants": 3, "users_per_tenant": 2}, "roles": ["admin"]}, "runner": {"constant": {"concurrency": 4, "times": 10}}, "hooks": [], "sla": {"failure_rate": {"max": 0}}}]}
2019-11-18 21:49:42.684 26146 ERROR rally.cli.cliutils
2019-11-18 21:49:42.684 26146 ERROR rally.cli.cliutils Reason(s):
2019-11-18 21:49:42.684 26146 ERROR rally.cli.cliutils Scenario plugin 'SwiftObjects.create_container_and_object_then_list_objects' doesn't pass required_services@openstack validation. Details: 'swift' service is not available. Hint: If 'swift' service has non-default service_type, try to setup it via 'api_versions@openstack' context.
2019-11-18 21:49:42.684 26146 ERROR rally.cli.cliutils
2019-11-18 21:49:44.136 26228 RALLYDEBUG rally.api [-] INFO logs from urllib3 and requests module are hide.
2019-11-18 21:49:44.136 26228 RALLYDEBUG rally.api [-] urllib3 insecure warnings are hidden.
2019-11-18 21:49:44.136 26228 RALLYDEBUG rally.api [-] ERROR log from boto module is hide.
2019-11-18 21:49:45.179 26229 RALLYDEBUG rally.api [-] INFO logs from urllib3 and requests module are hide.
2019-11-18 21:49:45.179 26229 RALLYDEBUG rally.api [-] urllib3 insecure warnings are hidden.
2019-11-18 21:49:45.179 26229 RALLYDEBUG rally.api [-] ERROR log from boto module is hide.
2019-11-18 21:49:46.220 26230 RALLYDEBUG rally.api [-] INFO logs from urllib3 and requests module are hide.
2019-11-18 21:49:46.220 26230 RALLYDEBUG rally.api [-] urllib3 insecure warnings are hidden.
2019-11-18 21:49:46.220 26230 RALLYDEBUG rally.api [-] ERROR log from boto module is hide.
2019-11-18 21:49:47.840 26230 INFO rally.api [-] Building 'json' report for the following task(s): '1259125e-d8e0-4b1e-9c21-d3043161ca75'.
2019-11-18 21:49:47.842 26230 INFO rally.api [-] The report has been successfully built.
2019-11-18 21:49:49.146 26232 RALLYDEBUG rally.api [-] INFO logs from urllib3 and requests module are hide.
2019-11-18 21:49:49.146 26232 RALLYDEBUG rally.api [-] urllib3 insecure warnings are hidden.
2019-11-18 21:49:49.146 26232 RALLYDEBUG rally.api [-] ERROR log from boto module is hide.
