2019-11-18 20:17:54.247 1845 INFO rally.task.context [-] Task 9c3de056-1a07-454e-93a5-69c3198c7467 | Context quotas@openstack cleanup() finished in 77.64 msec
2019-11-18 20:17:54.247 1845 INFO rally.task.context [-] Task 9c3de056-1a07-454e-93a5-69c3198c7467 | Context api_versions@openstack cleanup() started
2019-11-18 20:17:54.248 1845 INFO rally.task.context [-] Task 9c3de056-1a07-454e-93a5-69c3198c7467 | Context api_versions@openstack cleanup() finished in 0.35 msec
2019-11-18 20:17:54.248 1845 INFO rally.task.context [-] Task 9c3de056-1a07-454e-93a5-69c3198c7467 | Context users@openstack cleanup() started
2019-11-18 20:17:58.725 1845 INFO rally.task.context [-] Task 9c3de056-1a07-454e-93a5-69c3198c7467 | Context users@openstack cleanup() finished in 4.48 sec
2019-11-18 20:18:00.621 1845 INFO rally.task.engine [-] Load duration is: 14.796758
2019-11-18 20:18:00.622 1845 INFO rally.task.engine [-] Full runner duration is: 14.85078
2019-11-18 20:18:00.622 1845 INFO rally.task.engine [-] Full duration is: 28.266435
2019-11-18 20:18:00.862 1845 INFO rally.task.engine [-] Running workload: position = 1 config = { "version": 2, "title": "A cropped version of a bigger task.", "description": "Auto-generated task from a single workload (uuid=f0cd4808-47bd-4bf5-994c-fff516bb474f)", "subtasks": [ { "title": "CinderVolumes.create_and_delete_volume", "description": "Create and then delete a volume.", "scenario": { "CinderVolumes.create_and_delete_volume": { "image": { "name": "rally_full-img_00f7b341-174b-4e8f-9b53-bfd161b2cdfa" }, "size": 1 } }, "contexts": { "users": { "tenants": 3, "users_per_tenant": 2 }, "quotas": { "cinder": { "gigabytes": -1, "snapshots": -1, "volumes": -1 } }, "api_versions": { "cinder": { "version": 3, "service_type": "volumev3" } } }, "runner": { "constant": { "concurrency": 4, "times": 10 } }, "hooks": [], "sla": { "failure_rate": { "max": 0 } } } ] }
2019-11-18 20:18:00.886 1845 RALLYDEBUG rally_openstack.contexts.keystone.users [-] Creating 3 tenants using 20 threads
2019-11-18 20:18:01.948 1845 RALLYDEBUG rally_openstack.contexts.keystone.users [-] Creating 6 users using 20 threads
2019-11-18 20:18:03.579 1845 INFO rally.task.context [-] Task 9c3de056-1a07-454e-93a5-69c3198c7467 | Context users@openstack setup() finished in 2.69 sec
2019-11-18 20:18:03.990 1845 INFO rally.task.context [-] Task 9c3de056-1a07-454e-93a5-69c3198c7467 | Context api_versions@openstack setup() finished in 0.41 sec
2019-11-18 20:18:04.855 1845 INFO rally.task.context [-] Task 9c3de056-1a07-454e-93a5-69c3198c7467 | Context quotas@openstack setup() finished in 0.86 sec
2019-11-18 20:18:04.856 1845 INFO rally.task.context [-] Task 9c3de056-1a07-454e-93a5-69c3198c7467 | Context cleanup@openstack setup() finished in 0.01 msec
2019-11-18 20:18:05.325 1845 RALLYDEBUG rally.task.runner [-] Starting the constant runner (task UUID: 9c3de056-1a07-454e-93a5-69c3198c7467). times: 10 concurrency: 4 timeout: 0 max_cpu_used: 16 processes_to_start: 4 concurrency_per_worker: 1 concurrency_overhead: 0
2019-11-18 20:18:05.336 4357 RALLYDEBUG rally.task.runner [-] Starting a worker. times: 10 duration: None concurrency: 1 timeout: 0 cls: method_name: run args: {"image": "bc09d53d-d329-4699-ba5f-613e9114d6ba", "size": 1}
2019-11-18 20:18:05.340 4358 RALLYDEBUG rally.task.runner [-] Starting a worker. times: 10 duration: None concurrency: 1 timeout: 0 cls: method_name: run args: {"image": "bc09d53d-d329-4699-ba5f-613e9114d6ba", "size": 1}
2019-11-18 20:18:05.344 4357 INFO rally.task.runner [-] Task 9c3de056-1a07-454e-93a5-69c3198c7467 | ITER: 1 START
2019-11-18 20:18:05.344 4359 RALLYDEBUG rally.task.runner [-] Starting a worker. times: 10 duration: None concurrency: 1 timeout: 0 cls: method_name: run args: {"image": "bc09d53d-d329-4699-ba5f-613e9114d6ba", "size": 1}
2019-11-18 20:18:05.347 4358 INFO rally.task.runner [-] Task 9c3de056-1a07-454e-93a5-69c3198c7467 | ITER: 2 START
2019-11-18 20:18:05.347 4360 RALLYDEBUG rally.task.runner [-] Starting a worker. times: 10 duration: None concurrency: 1 timeout: 0 cls: method_name: run args: {"image": "bc09d53d-d329-4699-ba5f-613e9114d6ba", "size": 1}
2019-11-18 20:18:05.351 4359 INFO rally.task.runner [-] Task 9c3de056-1a07-454e-93a5-69c3198c7467 | ITER: 3 START
2019-11-18 20:18:05.354 4360 INFO rally.task.runner [-] Task 9c3de056-1a07-454e-93a5-69c3198c7467 | ITER: 4 START
2019-11-18 20:18:21.080 4358 RALLYDEBUG rally.task.utils [-] Waiting for resource s_rally_f0cd4808_ji6MJb2u. Status changed: DOWNLOADING => AVAILABLE in 12.586119174957275
2019-11-18 20:18:21.225 4358 RALLYDEBUG rally.task.utils [-] Waiting for resource s_rally_f0cd4808_ji6MJb2u. Status changed: AVAILABLE => DELETING in 0.06754684448242188
2019-11-18 20:18:23.264 4358 INFO rally.task.runner [-] Task 9c3de056-1a07-454e-93a5-69c3198c7467 | ITER: 2 END: OK
2019-11-18 20:18:23.268 4358 INFO rally.task.runner [-] Task 9c3de056-1a07-454e-93a5-69c3198c7467 | ITER: 5 START
2019-11-18 20:18:28.993 4360 RALLYDEBUG rally.task.utils [-] Waiting for resource s_rally_f0cd4808_x2x0kqdS. Status changed: DOWNLOADING => AVAILABLE in 20.850003719329834
2019-11-18 20:18:29.137 4360 RALLYDEBUG rally.task.utils [-] Waiting for resource s_rally_f0cd4808_x2x0kqdS. Status changed: AVAILABLE => DELETING in 0.0705413818359375
2019-11-18 20:18:31.180 4360 INFO rally.task.runner [-] Task 9c3de056-1a07-454e-93a5-69c3198c7467 | ITER: 4 END: OK
2019-11-18 20:18:31.186 4360 INFO rally.task.runner [-] Task 9c3de056-1a07-454e-93a5-69c3198c7467 | ITER: 6 START
2019-11-18 20:18:38.676 4360 RALLYDEBUG rally.task.utils [-] Waiting for resource s_rally_f0cd4808_ldVDf9uT. Status changed: CREATING => DOWNLOADING in 4.273379325866699
2019-11-18 20:18:39.039 4358 RALLYDEBUG rally.task.utils [-] Waiting for resource s_rally_f0cd4808_v5wlZQRP. Status changed: DOWNLOADING => AVAILABLE in 12.571950435638428
2019-11-18 20:18:39.185 4358 RALLYDEBUG rally.task.utils [-] Waiting for resource s_rally_f0cd4808_v5wlZQRP. Status changed: AVAILABLE => DELETING in 0.06461119651794434
2019-11-18 20:18:41.229 4358 INFO rally.task.runner [-] Task 9c3de056-1a07-454e-93a5-69c3198c7467 | ITER: 5 END: OK
2019-11-18 20:18:41.233 4358 INFO rally.task.runner [-] Task 9c3de056-1a07-454e-93a5-69c3198c7467 | ITER: 7 START
2019-11-18 20:18:50.291 4358 RALLYDEBUG rally.task.utils [-] Waiting for resource s_rally_f0cd4808_OlUYXse7. Status changed: CREATING => DOWNLOADING in 6.363926410675049
2019-11-18 20:18:53.182 4360 RALLYDEBUG rally.task.utils [-] Waiting for resource s_rally_f0cd4808_ldVDf9uT. Status changed: DOWNLOADING => AVAILABLE in 14.505916118621826
2019-11-18 20:18:53.323 4360 RALLYDEBUG rally.task.utils [-] Waiting for resource s_rally_f0cd4808_ldVDf9uT. Status changed: AVAILABLE => DELETING in 0.07088136672973633
2019-11-18 20:18:55.368 4360 INFO rally.task.runner [-] Task 9c3de056-1a07-454e-93a5-69c3198c7467 | ITER: 6 END: OK
2019-11-18 20:18:55.372 4360 INFO rally.task.runner [-] Task 9c3de056-1a07-454e-93a5-69c3198c7467 | ITER: 8 START
2019-11-18 20:19:00.092 4359 RALLYDEBUG rally.task.utils [-] Waiting for resource s_rally_f0cd4808_Eq1kCroW. Status changed: DOWNLOADING => AVAILABLE in 51.9083194732666
2019-11-18 20:19:00.242 4359 RALLYDEBUG rally.task.utils [-] Waiting for resource s_rally_f0cd4808_Eq1kCroW. Status changed: AVAILABLE => DELETING in 0.06229281425476074
2019-11-18 20:19:02.287 4359 INFO rally.task.runner [-] Task 9c3de056-1a07-454e-93a5-69c3198c7467 | ITER: 3 END: OK
2019-11-18 20:19:02.295 4359 INFO rally.task.runner [-] Task 9c3de056-1a07-454e-93a5-69c3198c7467 | ITER: 9 START
2019-11-18 20:19:02.322 4357 RALLYDEBUG rally.task.utils [-] Waiting for resource s_rally_f0cd4808_0mJgs6YS. Status changed: DOWNLOADING => AVAILABLE in 54.11415147781372
2019-11-18 20:19:02.461 4357 RALLYDEBUG rally.task.utils [-] Waiting for resource s_rally_f0cd4808_0mJgs6YS. Status changed: AVAILABLE => DELETING in 0.06983256340026855
2019-11-18 20:19:04.461 4360 RALLYDEBUG rally.task.utils [-] Waiting for resource s_rally_f0cd4808_I7HIDXUU. Status changed: CREATING => DOWNLOADING in 6.353665828704834
2019-11-18 20:19:04.502 4357 INFO rally.task.runner [-] Task 9c3de056-1a07-454e-93a5-69c3198c7467 | ITER: 1 END: OK
2019-11-18 20:19:04.508 4357 INFO rally.task.runner [-] Task 9c3de056-1a07-454e-93a5-69c3198c7467 | ITER: 10 START
2019-11-18 20:19:04.795 4358 RALLYDEBUG rally.task.utils [-] Waiting for resource s_rally_f0cd4808_OlUYXse7. Status changed: DOWNLOADING => AVAILABLE in 14.503424406051636
2019-11-18 20:19:04.928 4358 RALLYDEBUG rally.task.utils [-] Waiting for resource s_rally_f0cd4808_OlUYXse7. Status changed: AVAILABLE => DELETING in 0.06636786460876465
2019-11-18 20:19:06.970 4358 INFO rally.task.runner [-] Task 9c3de056-1a07-454e-93a5-69c3198c7467 | ITER: 7 END: OK
2019-11-18 20:19:16.887 4360 RALLYDEBUG rally.task.utils [-] Waiting for resource s_rally_f0cd4808_I7HIDXUU. Status changed: DOWNLOADING => AVAILABLE in 12.42581582069397
2019-11-18 20:19:17.049 4360 RALLYDEBUG rally.task.utils [-] Waiting for resource s_rally_f0cd4808_I7HIDXUU. Status changed: AVAILABLE => DELETING in 0.07212138175964355
2019-11-18 20:19:19.092 4360 INFO rally.task.runner [-] Task 9c3de056-1a07-454e-93a5-69c3198c7467 | ITER: 8 END: OK
2019-11-18 20:19:25.993 4359 RALLYDEBUG rally.task.utils [-] Waiting for resource s_rally_f0cd4808_d9UWcCln. Status changed: DOWNLOADING => AVAILABLE in 20.981878995895386
2019-11-18 20:19:26.134 4359 RALLYDEBUG rally.task.utils [-] Waiting for resource s_rally_f0cd4808_d9UWcCln. Status changed: AVAILABLE => DELETING in 0.07109546661376953
2019-11-18 20:19:28.180 4359 INFO rally.task.runner [-] Task 9c3de056-1a07-454e-93a5-69c3198c7467 | ITER: 9 END: OK
2019-11-18 20:19:43.184 4357 RALLYDEBUG rally.task.utils [-] Waiting for resource s_rally_f0cd4808_Dtf5FTDV. Status changed: DOWNLOADING => AVAILABLE in 35.35491490364075
2019-11-18 20:19:43.463 4357 RALLYDEBUG rally.task.utils [-] Waiting for resource s_rally_f0cd4808_Dtf5FTDV. Status changed: AVAILABLE => DELETING in 0.06714153289794922
2019-11-18 20:19:45.506 4357 INFO rally.task.runner [-] Task 9c3de056-1a07-454e-93a5-69c3198c7467 | ITER: 10 END: OK
2019-11-18 20:19:45.539 1845 INFO rally.task.context [-] Task 9c3de056-1a07-454e-93a5-69c3198c7467 | Context cleanup@openstack cleanup() started
2019-11-18 20:19:45.544 1845 RALLYDEBUG rally_openstack.cleanup.manager [-] Cleaning up cinder backups objects
2019-11-18 20:19:46.753 1845 RALLYDEBUG rally_openstack.cleanup.manager [-] Cleaning up cinder volume_snapshots objects
2019-11-18 20:19:47.938 1845 RALLYDEBUG rally_openstack.cleanup.manager [-] Cleaning up cinder transfers objects
2019-11-18 20:19:49.099 1845 RALLYDEBUG rally_openstack.cleanup.manager [-] Cleaning up cinder volumes objects
2019-11-18 20:19:50.322 1845 INFO rally.task.context [-] Task 9c3de056-1a07-454e-93a5-69c3198c7467 | Context cleanup@openstack cleanup() finished in 4.78 sec
2019-11-18 20:19:50.323 1845 INFO rally.task.context [-] Task 9c3de056-1a07-454e-93a5-69c3198c7467 | Context quotas@openstack cleanup() started
2019-11-18 20:19:50.400 1845 INFO rally.task.context [-] Task 9c3de056-1a07-454e-93a5-69c3198c7467 | Context quotas@openstack cleanup() finished in 77.67 msec
2019-11-18 20:19:50.401 1845 INFO rally.task.context [-] Task 9c3de056-1a07-454e-93a5-69c3198c7467 | Context api_versions@openstack cleanup() started
2019-11-18 20:19:50.401 1845 INFO rally.task.context [-] Task 9c3de056-1a07-454e-93a5-69c3198c7467 | Context api_versions@openstack cleanup() finished in 0.38 msec
2019-11-18 20:19:50.402 1845 INFO rally.task.context [-] Task 9c3de056-1a07-454e-93a5-69c3198c7467 | Context users@openstack cleanup() started
2019-11-18 20:19:54.737 1845 INFO rally.task.context [-] Task 9c3de056-1a07-454e-93a5-69c3198c7467 | Context users@openstack cleanup() finished in 4.34 sec
2019-11-18 20:19:55.380 1845 INFO rally.task.engine [-] Load duration is: 100.157484
2019-11-18 20:19:55.380 1845 INFO rally.task.engine [-] Full runner duration is: 100.214281
2019-11-18 20:19:55.380 1845 INFO rally.task.engine [-] Full duration is: 113.853325
2019-11-18 20:19:55.571 1845 INFO rally.task.engine [-] Running workload: position = 2 config = { "version": 2, "title": "A cropped version of a bigger task.", "description": "Auto-generated task from a single workload (uuid=621adbec-af50-4553-a138-6fd3f6a6deda)", "subtasks": [ { "title": "CinderVolumes.create_and_delete_volume", "description": "Create and then delete a volume.", "scenario": { "CinderVolumes.create_and_delete_volume": { "size": 1 } }, "contexts": { "users": { "tenants": 3, "users_per_tenant": 2 }, "quotas": { "cinder": { "gigabytes": -1, "snapshots": -1, "volumes": -1 } }, "api_versions": { "cinder": { "version": 3, "service_type": "volumev3" } } }, "runner": { "constant": { "concurrency": 4, "times": 10 } }, "hooks": [], "sla": { "failure_rate": { "max": 0 } } } ] }
2019-11-18 20:19:55.596 1845 RALLYDEBUG rally_openstack.contexts.keystone.users [-] Creating 3 tenants using 20 threads
2019-11-18 20:19:56.778 1845 RALLYDEBUG rally_openstack.contexts.keystone.users [-] Creating 6 users using 20 threads
2019-11-18 20:19:58.351 1845 INFO rally.task.context [-] Task 9c3de056-1a07-454e-93a5-69c3198c7467 | Context users@openstack setup() finished in 2.76 sec
2019-11-18 20:19:58.770 1845 INFO rally.task.context [-] Task 9c3de056-1a07-454e-93a5-69c3198c7467 | Context api_versions@openstack setup() finished in 0.42 sec
2019-11-18 20:19:59.589 1845 INFO rally.task.context [-] Task 9c3de056-1a07-454e-93a5-69c3198c7467 | Context quotas@openstack setup() finished in 0.82 sec
2019-11-18 20:19:59.590 1845 INFO rally.task.context [-] Task 9c3de056-1a07-454e-93a5-69c3198c7467 | Context cleanup@openstack setup() finished in 0.02 msec
2019-11-18 20:19:59.599 1845 RALLYDEBUG rally.task.runner [-] Starting the constant runner (task UUID: 9c3de056-1a07-454e-93a5-69c3198c7467). times: 10 concurrency: 4 timeout: 0 max_cpu_used: 16 processes_to_start: 4 concurrency_per_worker: 1 concurrency_overhead: 0
2019-11-18 20:19:59.611 4541 RALLYDEBUG rally.task.runner [-] Starting a worker. times: 10 duration: None concurrency: 1 timeout: 0 cls: method_name: run args: {"size": 1}
2019-11-18 20:19:59.615 4542 RALLYDEBUG rally.task.runner [-] Starting a worker. times: 10 duration: None concurrency: 1 timeout: 0 cls: method_name: run args: {"size": 1}
2019-11-18 20:19:59.618 4541 INFO rally.task.runner [-] Task 9c3de056-1a07-454e-93a5-69c3198c7467 | ITER: 1 START
2019-11-18 20:19:59.618 4543 RALLYDEBUG rally.task.runner [-] Starting a worker. times: 10 duration: None concurrency: 1 timeout: 0 cls: method_name: run args: {"size": 1}
2019-11-18 20:19:59.621 4542 INFO rally.task.runner [-] Task 9c3de056-1a07-454e-93a5-69c3198c7467 | ITER: 2 START
2019-11-18 20:19:59.622 4545 RALLYDEBUG rally.task.runner [-] Starting a worker. times: 10 duration: None concurrency: 1 timeout: 0 cls: method_name: run args: {"size": 1}
2019-11-18 20:19:59.625 4543 INFO rally.task.runner [-] Task 9c3de056-1a07-454e-93a5-69c3198c7467 | ITER: 3 START
2019-11-18 20:19:59.629 4545 INFO rally.task.runner [-] Task 9c3de056-1a07-454e-93a5-69c3198c7467 | ITER: 4 START
2019-11-18 20:20:02.518 4541 RALLYDEBUG rally.task.utils [-] Waiting for resource s_rally_621adbec_DqDdrkNS. Status changed: AVAILABLE => DELETING in 0.05886435508728027
2019-11-18 20:20:02.521 4542 RALLYDEBUG rally.task.utils [-] Waiting for resource s_rally_621adbec_Ci0kojLF. Status changed: AVAILABLE => DELETING in 0.06234169006347656
2019-11-18 20:20:02.573 4543 RALLYDEBUG rally.task.utils [-] Waiting for resource s_rally_621adbec_4KTiLNsA. Status changed: AVAILABLE => DELETING in 0.0570523738861084
2019-11-18 20:20:02.598 4545 RALLYDEBUG rally.task.utils [-] Waiting for resource s_rally_621adbec_rATQ6lZ0. Status changed: AVAILABLE => DELETING in 0.06098365783691406
2019-11-18 20:20:04.560 4541 INFO rally.task.runner [-] Task 9c3de056-1a07-454e-93a5-69c3198c7467 | ITER: 1 END: OK
2019-11-18 20:20:04.562 4542 INFO rally.task.runner [-] Task 9c3de056-1a07-454e-93a5-69c3198c7467 | ITER: 2 END: OK
2019-11-18 20:20:04.565 4541 INFO rally.task.runner [-] Task 9c3de056-1a07-454e-93a5-69c3198c7467 | ITER: 5 START
2019-11-18 20:20:04.566 4542 INFO rally.task.runner [-] Task 9c3de056-1a07-454e-93a5-69c3198c7467 | ITER: 6 START
2019-11-18 20:20:04.612 4543 INFO rally.task.runner [-] Task 9c3de056-1a07-454e-93a5-69c3198c7467 | ITER: 3 END: OK
2019-11-18 20:20:04.617 4543 INFO rally.task.runner [-] Task 9c3de056-1a07-454e-93a5-69c3198c7467 | ITER: 7 START
2019-11-18 20:20:04.638 4545 INFO rally.task.runner [-] Task 9c3de056-1a07-454e-93a5-69c3198c7467 | ITER: 4 END: OK
2019-11-18 20:20:04.643 4545 INFO rally.task.runner [-] Task 9c3de056-1a07-454e-93a5-69c3198c7467 | ITER: 8 START
2019-11-18 20:20:07.374 4541 RALLYDEBUG rally.task.utils [-] Waiting for resource s_rally_621adbec_5nFAIpjU. Status changed: AVAILABLE => DELETING in 0.06180167198181152
2019-11-18 20:20:07.408 4542 RALLYDEBUG rally.task.utils [-] Waiting for resource s_rally_621adbec_QRpKPbcY. Status changed: AVAILABLE => DELETING in 0.05245542526245117
2019-11-18 20:20:07.419 4545 RALLYDEBUG rally.task.utils [-] Waiting for resource s_rally_621adbec_cGV9YU9B. Status changed: AVAILABLE => DELETING in 0.057677268981933594
2019-11-18 20:20:07.456 4543 RALLYDEBUG rally.task.utils [-] Waiting for resource s_rally_621adbec_lkPIxfSF. Status changed: AVAILABLE => DELETING in 0.06026744842529297
2019-11-18 20:20:09.419 4541 INFO rally.task.runner [-] Task 9c3de056-1a07-454e-93a5-69c3198c7467 | ITER: 5 END: OK
2019-11-18 20:20:09.423 4541 INFO rally.task.runner [-] Task 9c3de056-1a07-454e-93a5-69c3198c7467 | ITER: 9 START
2019-11-18 20:20:09.454 4542 INFO rally.task.runner [-] Task 9c3de056-1a07-454e-93a5-69c3198c7467 | ITER: 6 END: OK
2019-11-18 20:20:09.458 4542 INFO rally.task.runner [-] Task 9c3de056-1a07-454e-93a5-69c3198c7467 | ITER: 10 START
2019-11-18 20:20:09.460 4545 INFO rally.task.runner [-] Task 9c3de056-1a07-454e-93a5-69c3198c7467 | ITER: 8 END: OK
2019-11-18 20:20:09.504 4543 INFO rally.task.runner [-] Task 9c3de056-1a07-454e-93a5-69c3198c7467 | ITER: 7 END: OK
2019-11-18 20:20:12.286 4542 RALLYDEBUG rally.task.utils [-] Waiting for resource s_rally_621adbec_flspxQcf. Status changed: AVAILABLE => DELETING in 0.06717061996459961
2019-11-18 20:20:12.380 4541 RALLYDEBUG rally.task.utils [-] Waiting for resource s_rally_621adbec_RPg8Obp9. Status changed: AVAILABLE => DELETING in 0.06404805183410645
2019-11-18 20:20:14.328 4542 INFO rally.task.runner [-] Task 9c3de056-1a07-454e-93a5-69c3198c7467 | ITER: 10 END: OK
2019-11-18 20:20:14.424 4541 INFO rally.task.runner [-] Task 9c3de056-1a07-454e-93a5-69c3198c7467 | ITER: 9 END: OK
2019-11-18 20:20:14.445 1845 INFO rally.task.context [-] Task 9c3de056-1a07-454e-93a5-69c3198c7467 | Context cleanup@openstack cleanup() started
2019-11-18 20:20:14.449 1845 RALLYDEBUG rally_openstack.cleanup.manager [-] Cleaning up cinder backups objects
2019-11-18 20:20:15.730 1845 RALLYDEBUG rally_openstack.cleanup.manager [-] Cleaning up cinder volume_snapshots objects
2019-11-18 20:20:16.883 1845 RALLYDEBUG rally_openstack.cleanup.manager [-] Cleaning up cinder transfers objects
2019-11-18 20:20:18.052 1845 RALLYDEBUG rally_openstack.cleanup.manager [-] Cleaning up cinder volumes objects
2019-11-18 20:20:19.291 1845 INFO rally.task.context [-] Task 9c3de056-1a07-454e-93a5-69c3198c7467 | Context cleanup@openstack cleanup() finished in 4.85 sec
2019-11-18 20:20:19.292 1845 INFO rally.task.context [-] Task 9c3de056-1a07-454e-93a5-69c3198c7467 | Context quotas@openstack cleanup() started
2019-11-18 20:20:19.372 1845 INFO rally.task.context [-] Task 9c3de056-1a07-454e-93a5-69c3198c7467 | Context quotas@openstack cleanup() finished in 80.23 msec
2019-11-18 20:20:19.373 1845 INFO rally.task.context [-] Task 9c3de056-1a07-454e-93a5-69c3198c7467 | Context api_versions@openstack cleanup() started
2019-11-18 20:20:19.373 1845 INFO rally.task.context [-] Task 9c3de056-1a07-454e-93a5-69c3198c7467 | Context api_versions@openstack cleanup() finished in 0.33 msec
2019-11-18 20:20:19.373 1845 INFO rally.task.context [-] Task 9c3de056-1a07-454e-93a5-69c3198c7467 | Context users@openstack cleanup() started
2019-11-18 20:20:23.603 1845 INFO rally.task.context [-] Task 9c3de056-1a07-454e-93a5-69c3198c7467 | Context users@openstack cleanup() finished in 4.23 sec
2019-11-18 20:20:23.757 1845 INFO rally.task.engine [-] Load duration is: 14.800821
2019-11-18 20:20:23.758 1845 INFO rally.task.engine [-] Full runner duration is: 14.846176
2019-11-18 20:20:23.758 1845 INFO rally.task.engine [-] Full duration is: 28.009219
2019-11-18 20:20:24.085 1845 INFO rally.task.engine [-] Running workload: position = 0 config = { "version": 2, "title": "A cropped version of a bigger task.", "description": "Auto-generated task from a single workload (uuid=f899028d-14d9-44da-90ca-8dd64bf12fbe)", "subtasks": [ { "title": "CinderVolumes.create_and_extend_volume", "description": "Create and extend a volume and then delete it.", "scenario": { "CinderVolumes.create_and_extend_volume": { "new_size": 2, "size": 1 } }, "contexts": { "users": { "tenants": 3, "users_per_tenant": 2 }, "quotas": { "cinder": { "gigabytes": -1, "snapshots": -1, "volumes": -1 } }, "api_versions": { "cinder": { "version": 3, "service_type": "volumev3" } } }, "runner": { "constant": { "concurrency": 4, "times": 10 } }, "hooks": [], "sla": { "failure_rate": { "max": 0 } } } ] }
2019-11-18 20:20:24.111 1845 RALLYDEBUG rally_openstack.contexts.keystone.users [-] Creating 3 tenants using 20 threads
2019-11-18 20:20:25.148 1845 RALLYDEBUG rally_openstack.contexts.keystone.users [-] Creating 6 users using 20 threads
2019-11-18 20:20:26.722 1845 INFO rally.task.context [-] Task 9c3de056-1a07-454e-93a5-69c3198c7467 | Context users@openstack setup() finished in 2.61 sec
2019-11-18 20:20:27.216 1845 INFO rally.task.context [-] Task 9c3de056-1a07-454e-93a5-69c3198c7467 | Context api_versions@openstack setup() finished in 0.49 sec
2019-11-18 20:20:28.143 1845 INFO rally.task.context [-] Task 9c3de056-1a07-454e-93a5-69c3198c7467 | Context quotas@openstack setup() finished in 0.93 sec
2019-11-18 20:20:28.144 1845 INFO rally.task.context [-] Task 9c3de056-1a07-454e-93a5-69c3198c7467 | Context cleanup@openstack setup() finished in 0.01 msec
2019-11-18 20:20:28.155 1845 RALLYDEBUG rally.task.runner [-] Starting the constant runner (task UUID: 9c3de056-1a07-454e-93a5-69c3198c7467). times: 10 concurrency: 4 timeout: 0 max_cpu_used: 16 processes_to_start: 4 concurrency_per_worker: 1 concurrency_overhead: 0
2019-11-18 20:20:28.168 4725 RALLYDEBUG rally.task.runner [-] Starting a worker. times: 10 duration: None concurrency: 1 timeout: 0 cls: method_name: run args: {"new_size": 2, "size": 1}
2019-11-18 20:20:28.172 4726 RALLYDEBUG rally.task.runner [-] Starting a worker. times: 10 duration: None concurrency: 1 timeout: 0 cls: method_name: run args: {"new_size": 2, "size": 1}
2019-11-18 20:20:28.176 4725 INFO rally.task.runner [-] Task 9c3de056-1a07-454e-93a5-69c3198c7467 | ITER: 1 START
2019-11-18 20:20:28.176 4727 RALLYDEBUG rally.task.runner [-] Starting a worker. times: 10 duration: None concurrency: 1 timeout: 0 cls: method_name: run args: {"new_size": 2, "size": 1}
2019-11-18 20:20:28.179 4726 INFO rally.task.runner [-] Task 9c3de056-1a07-454e-93a5-69c3198c7467 | ITER: 2 START
2019-11-18 20:20:28.180 4729 RALLYDEBUG rally.task.runner [-] Starting a worker. times: 10 duration: None concurrency: 1 timeout: 0 cls: method_name: run args: {"new_size": 2, "size": 1}
2019-11-18 20:20:28.183 4727 INFO rally.task.runner [-] Task 9c3de056-1a07-454e-93a5-69c3198c7467 | ITER: 3 START
2019-11-18 20:20:28.186 4729 INFO rally.task.runner [-] Task 9c3de056-1a07-454e-93a5-69c3198c7467 | ITER: 4 START
2019-11-18 20:20:31.176 4725 RALLYDEBUG rally.task.utils [-] Waiting for resource s_rally_f899028d_FDwtFsox. Status changed: AVAILABLE => EXTENDING in 0.059417724609375
2019-11-18 20:20:31.188 4727 RALLYDEBUG rally.task.utils [-] Waiting for resource s_rally_f899028d_pGNa0SZf. Status changed: AVAILABLE => EXTENDING in 0.05615997314453125
2019-11-18 20:20:31.196 4729 RALLYDEBUG rally.task.utils [-] Waiting for resource s_rally_f899028d_bhlXqORN. Status changed: AVAILABLE => EXTENDING in 0.0536041259765625
2019-11-18 20:20:31.314 4726 RALLYDEBUG rally.task.utils [-] Waiting for resource s_rally_f899028d_ewWs9sbm. Status changed: AVAILABLE => EXTENDING in 0.058960676193237305
2019-11-18 20:20:33.245 4725 RALLYDEBUG rally.task.utils [-] Waiting for resource s_rally_f899028d_FDwtFsox. Status changed: EXTENDING => AVAILABLE in 2.068246841430664
2019-11-18 20:20:33.251 4727 RALLYDEBUG rally.task.utils [-] Waiting for resource s_rally_f899028d_pGNa0SZf. Status changed: EXTENDING => AVAILABLE in 2.063128709793091
2019-11-18 20:20:33.266 4729 RALLYDEBUG rally.task.utils [-] Waiting for resource s_rally_f899028d_bhlXqORN. Status changed: EXTENDING => AVAILABLE in 2.070011615753174
2019-11-18 20:20:33.367 4727 RALLYDEBUG rally.task.utils [-] Waiting for resource s_rally_f899028d_pGNa0SZf. Status changed: AVAILABLE => DELETING in 0.05520009994506836
2019-11-18 20:20:33.367 4725 RALLYDEBUG rally.task.utils [-] Waiting for resource s_rally_f899028d_FDwtFsox. Status changed: AVAILABLE => DELETING in 0.05486917495727539
2019-11-18 20:20:33.394 4729 RALLYDEBUG rally.task.utils [-] Waiting for resource s_rally_f899028d_bhlXqORN. Status changed: AVAILABLE => DELETING in 0.06283855438232422
2019-11-18 20:20:33.495 4726 RALLYDEBUG rally.task.utils [-] Waiting for resource s_rally_f899028d_ewWs9sbm. Status changed: EXTENDING => AVAILABLE in 2.1810619831085205
2019-11-18 20:20:33.622 4726 RALLYDEBUG rally.task.utils [-] Waiting for resource s_rally_f899028d_ewWs9sbm. Status changed: AVAILABLE => DELETING in 0.06262421607971191
2019-11-18 20:20:35.409 4727 INFO rally.task.runner [-] Task 9c3de056-1a07-454e-93a5-69c3198c7467 | ITER: 3 END: OK
2019-11-18 20:20:35.410 4725 INFO rally.task.runner [-] Task 9c3de056-1a07-454e-93a5-69c3198c7467 | ITER: 1 END: OK
2019-11-18 20:20:35.414 4727 INFO rally.task.runner [-] Task 9c3de056-1a07-454e-93a5-69c3198c7467 | ITER: 5 START
2019-11-18 20:20:35.414 4725 INFO rally.task.runner [-] Task 9c3de056-1a07-454e-93a5-69c3198c7467 | ITER: 6 START
2019-11-18 20:20:35.437 4729 INFO rally.task.runner [-] Task 9c3de056-1a07-454e-93a5-69c3198c7467 | ITER: 4 END: OK
2019-11-18 20:20:35.441 4729 INFO rally.task.runner [-] Task 9c3de056-1a07-454e-93a5-69c3198c7467 | ITER: 7 START
2019-11-18 20:20:35.656 4726 INFO rally.task.runner [-] Task 9c3de056-1a07-454e-93a5-69c3198c7467 | ITER: 2 END: OK
2019-11-18 20:20:35.661 4726 INFO rally.task.runner [-] Task 9c3de056-1a07-454e-93a5-69c3198c7467 | ITER: 8 START
2019-11-18 20:20:38.240 4727 RALLYDEBUG rally.task.utils [-] Waiting for resource s_rally_f899028d_QzXwvHlL. Status changed: AVAILABLE => EXTENDING in 0.05505204200744629
2019-11-18 20:20:38.240 4725 RALLYDEBUG rally.task.utils [-] Waiting for resource s_rally_f899028d_hc0PYIeM. Status changed: AVAILABLE => EXTENDING in 0.055370330810546875
2019-11-18 20:20:38.307 4729 RALLYDEBUG rally.task.utils [-] Waiting for resource s_rally_f899028d_SUQrTxlN. Status changed: AVAILABLE => EXTENDING in 0.05348682403564453
2019-11-18 20:20:38.503 4726 RALLYDEBUG rally.task.utils [-] Waiting for resource s_rally_f899028d_ZyIxEHfy. Status changed: AVAILABLE => EXTENDING in 0.05634593963623047
2019-11-18 20:20:40.306 4725 RALLYDEBUG rally.task.utils [-] Waiting for resource s_rally_f899028d_hc0PYIeM. Status changed: EXTENDING => AVAILABLE in 2.066174268722534
2019-11-18 20:20:40.329 4727 RALLYDEBUG rally.task.utils [-] Waiting for resource s_rally_f899028d_QzXwvHlL. Status changed: EXTENDING => AVAILABLE in 2.089432716369629
2019-11-18 20:20:40.372 4729 RALLYDEBUG rally.task.utils [-] Waiting for resource s_rally_f899028d_SUQrTxlN. Status changed: EXTENDING => AVAILABLE in 2.0646259784698486
2019-11-18 20:20:40.434 4725 RALLYDEBUG rally.task.utils [-] Waiting for resource s_rally_f899028d_hc0PYIeM. Status changed: AVAILABLE => DELETING in 0.06113433837890625
2019-11-18 20:20:40.449 4727 RALLYDEBUG rally.task.utils [-] Waiting for resource s_rally_f899028d_QzXwvHlL. Status changed: AVAILABLE => DELETING in 0.057706594467163086
2019-11-18 20:20:40.496 4729 RALLYDEBUG rally.task.utils [-] Waiting for resource s_rally_f899028d_SUQrTxlN. Status changed: AVAILABLE => DELETING in 0.0607304573059082
2019-11-18 20:20:40.566 4726 RALLYDEBUG rally.task.utils [-] Waiting for resource s_rally_f899028d_ZyIxEHfy. Status changed: EXTENDING => AVAILABLE in 2.062957763671875
2019-11-18 20:20:40.688 4726 RALLYDEBUG rally.task.utils [-] Waiting for resource s_rally_f899028d_ZyIxEHfy. Status changed: AVAILABLE => DELETING in 0.06590533256530762
2019-11-18 20:20:42.478 4725 INFO rally.task.runner [-] Task 9c3de056-1a07-454e-93a5-69c3198c7467 | ITER: 6 END: OK
2019-11-18 20:20:42.482 4725 INFO rally.task.runner [-] Task 9c3de056-1a07-454e-93a5-69c3198c7467 | ITER: 9 START
2019-11-18 20:20:42.493 4727 INFO rally.task.runner [-] Task 9c3de056-1a07-454e-93a5-69c3198c7467 | ITER: 5 END: OK
2019-11-18 20:20:42.497 4727 INFO rally.task.runner [-] Task 9c3de056-1a07-454e-93a5-69c3198c7467 | ITER: 10 START
2019-11-18 20:20:42.540 4729 INFO rally.task.runner [-] Task 9c3de056-1a07-454e-93a5-69c3198c7467 | ITER: 7 END: OK
2019-11-18 20:20:42.724 4726 INFO rally.task.runner [-] Task 9c3de056-1a07-454e-93a5-69c3198c7467 | ITER: 8 END: OK
2019-11-18 20:20:45.413 4725 RALLYDEBUG rally.task.utils [-] Waiting for resource s_rally_f899028d_Oau2bt2b. Status changed: AVAILABLE => EXTENDING in 0.062296390533447266
2019-11-18 20:20:45.477 4727 RALLYDEBUG rally.task.utils [-] Waiting for resource s_rally_f899028d_cNY4ceNe. Status changed: AVAILABLE => EXTENDING in 0.05729842185974121
2019-11-18 20:20:47.483 4725 RALLYDEBUG rally.task.utils [-] Waiting for resource s_rally_f899028d_Oau2bt2b. Status changed: EXTENDING => AVAILABLE in 2.069535732269287
2019-11-18 20:20:47.543 4727 RALLYDEBUG rally.task.utils [-] Waiting for resource s_rally_f899028d_cNY4ceNe. Status changed: EXTENDING => AVAILABLE in 2.06579852104187
2019-11-18 20:20:47.613 4725 RALLYDEBUG rally.task.utils [-] Waiting for resource s_rally_f899028d_Oau2bt2b. Status changed: AVAILABLE => DELETING in 0.0613865852355957
2019-11-18 20:20:47.676 4727 RALLYDEBUG rally.task.utils [-] Waiting for resource s_rally_f899028d_cNY4ceNe. Status changed: AVAILABLE => DELETING in 0.06472659111022949
2019-11-18 20:20:49.670 4725 INFO rally.task.runner [-] Task 9c3de056-1a07-454e-93a5-69c3198c7467 | ITER: 9 END: OK
2019-11-18 20:20:49.726 4727 INFO rally.task.runner [-] Task 9c3de056-1a07-454e-93a5-69c3198c7467 | ITER: 10 END: OK
2019-11-18 20:20:49.752 1845 INFO rally.task.context [-] Task 9c3de056-1a07-454e-93a5-69c3198c7467 | Context cleanup@openstack cleanup() started
2019-11-18 20:20:49.756 1845 RALLYDEBUG rally_openstack.cleanup.manager [-] Cleaning up cinder backups objects
2019-11-18 20:20:50.930 1845 RALLYDEBUG rally_openstack.cleanup.manager [-] Cleaning up cinder volume_snapshots objects
2019-11-18 20:20:52.107 1845 RALLYDEBUG rally_openstack.cleanup.manager [-] Cleaning up cinder transfers objects
2019-11-18 20:20:53.270 1845 RALLYDEBUG rally_openstack.cleanup.manager [-] Cleaning up cinder volumes objects
2019-11-18 20:20:54.464 1845 INFO rally.task.context [-] Task 9c3de056-1a07-454e-93a5-69c3198c7467 | Context cleanup@openstack cleanup() finished in 4.71 sec
2019-11-18 20:20:54.465 1845 INFO rally.task.context [-] Task 9c3de056-1a07-454e-93a5-69c3198c7467 | Context quotas@openstack cleanup() started
2019-11-18 20:20:54.545 1845 INFO rally.task.context [-] Task 9c3de056-1a07-454e-93a5-69c3198c7467 | Context quotas@openstack cleanup() finished in 79.95 msec
2019-11-18 20:20:54.545 1845 INFO rally.task.context [-] Task 9c3de056-1a07-454e-93a5-69c3198c7467 | Context api_versions@openstack cleanup() started
2019-11-18 20:20:54.546 1845 INFO rally.task.context [-] Task 9c3de056-1a07-454e-93a5-69c3198c7467 | Context api_versions@openstack cleanup() finished in 0.33 msec
2019-11-18 20:20:54.546 1845 INFO rally.task.context [-] Task 9c3de056-1a07-454e-93a5-69c3198c7467 | Context users@openstack cleanup() started
2019-11-18 20:20:59.262 1845 INFO rally.task.context [-] Task 9c3de056-1a07-454e-93a5-69c3198c7467 | Context users@openstack cleanup() finished in 4.72 sec
2019-11-18 20:21:00.342 1845 INFO rally.task.engine [-] Load duration is: 21.54479
2019-11-18 20:21:00.343 1845 INFO rally.task.engine [-] Full runner duration is: 21.597493
2019-11-18 20:21:00.343 1845 INFO rally.task.engine [-] Full duration is: 35.153012
2019-11-18 20:21:00.704 1845 INFO rally.task.engine [-] Running workload: position = 0 config = { "version": 2, "title": "A cropped version of a bigger task.", "description": "Auto-generated task from a single workload (uuid=3b67a598-24a0-4c4e-8523-627d3f05f27e)", "subtasks": [ { "title": "CinderVolumes.create_from_volume_and_delete_volume", "description": "Create volume from volume and then delete it.", "scenario": { "CinderVolumes.create_from_volume_and_delete_volume": { "size": 1 } }, "contexts": { "users": { "tenants": 3, "users_per_tenant": 2 }, "quotas": { "cinder": { "gigabytes": -1, "snapshots": -1, "volumes": -1 } }, "api_versions": { "cinder": { "version": 3, "service_type": "volumev3" } }, "volumes": { "size": 1, "volumes_per_tenant": 1 } }, "runner": { "constant": { "concurrency": 4, "times": 10 } }, "hooks": [], "sla": { "failure_rate": { "max": 0 } } } ] }
2019-11-18 20:21:00.729 1845 RALLYDEBUG rally_openstack.contexts.keystone.users [-] Creating 3 tenants using 20 threads
2019-11-18 20:21:01.663 1845 RALLYDEBUG rally_openstack.contexts.keystone.users [-] Creating 6 users using 20 threads
2019-11-18 20:21:03.184 1845 INFO rally.task.context [-] Task 9c3de056-1a07-454e-93a5-69c3198c7467 | Context users@openstack setup() finished in 2.45 sec
2019-11-18 20:21:03.596 1845 INFO rally.task.context [-] Task 9c3de056-1a07-454e-93a5-69c3198c7467 | Context api_versions@openstack setup() finished in 0.41 sec
2019-11-18 20:21:04.580 1845 INFO rally.task.context [-] Task 9c3de056-1a07-454e-93a5-69c3198c7467 | Context quotas@openstack setup() finished in 0.98 sec
2019-11-18 20:21:13.265 1845 INFO rally.task.context [-] Task 9c3de056-1a07-454e-93a5-69c3198c7467 | Context volumes@openstack setup() finished in 8.68 sec
2019-11-18 20:21:13.266 1845 INFO rally.task.context [-] Task 9c3de056-1a07-454e-93a5-69c3198c7467 | Context cleanup@openstack setup() finished in 0.01 msec
2019-11-18 20:21:13.275 1845 RALLYDEBUG rally.task.runner [-] Starting the constant runner (task UUID: 9c3de056-1a07-454e-93a5-69c3198c7467). times: 10 concurrency: 4 timeout: 0 max_cpu_used: 16 processes_to_start: 4 concurrency_per_worker: 1 concurrency_overhead: 0
2019-11-18 20:21:13.287 4909 RALLYDEBUG rally.task.runner [-] Starting a worker. times: 10 duration: None concurrency: 1 timeout: 0 cls: method_name: run args: {"size": 1}
2019-11-18 20:21:13.291 4910 RALLYDEBUG rally.task.runner [-] Starting a worker. times: 10 duration: None concurrency: 1 timeout: 0 cls: method_name: run args: {"size": 1}
2019-11-18 20:21:13.295 4909 INFO rally.task.runner [-] Task 9c3de056-1a07-454e-93a5-69c3198c7467 | ITER: 1 START
2019-11-18 20:21:13.295 4911 RALLYDEBUG rally.task.runner [-] Starting a worker. times: 10 duration: None concurrency: 1 timeout: 0 cls: method_name: run args: {"size": 1}
2019-11-18 20:21:13.298 4910 INFO rally.task.runner [-] Task 9c3de056-1a07-454e-93a5-69c3198c7467 | ITER: 2 START
2019-11-18 20:21:13.298 4913 RALLYDEBUG rally.task.runner [-] Starting a worker. times: 10 duration: None concurrency: 1 timeout: 0 cls: method_name: run args: {"size": 1}
2019-11-18 20:21:13.302 4911 INFO rally.task.runner [-] Task 9c3de056-1a07-454e-93a5-69c3198c7467 | ITER: 3 START
2019-11-18 20:21:13.305 4913 INFO rally.task.runner [-] Task 9c3de056-1a07-454e-93a5-69c3198c7467 | ITER: 4 START
2019-11-18 20:21:16.233 4911 RALLYDEBUG rally.task.utils [-] Waiting for resource s_rally_3b67a598_HwYV8UZ2. Status changed: AVAILABLE => DELETING in 0.05680346488952637
2019-11-18 20:21:16.233 4910 RALLYDEBUG rally.task.utils [-] Waiting for resource s_rally_3b67a598_kky6i1GO. Status changed: AVAILABLE => DELETING in 0.05414438247680664
2019-11-18 20:21:16.345 4913 RALLYDEBUG rally.task.utils [-] Waiting for resource s_rally_3b67a598_OODJWOfR. Status changed: AVAILABLE => DELETING in 0.057126760482788086
2019-11-18 20:21:16.406 4909 RALLYDEBUG rally.task.utils [-] Waiting for resource s_rally_3b67a598_pm0vsWfu. Status changed: AVAILABLE => DELETING in 0.05916714668273926
2019-11-18 20:21:18.274 4911 INFO rally.task.runner [-] Task 9c3de056-1a07-454e-93a5-69c3198c7467 | ITER: 3 END: OK
2019-11-18 20:21:18.278 4911 INFO rally.task.runner [-] Task 9c3de056-1a07-454e-93a5-69c3198c7467 | ITER: 5 START
2019-11-18 20:21:18.279 4910 INFO rally.task.runner [-] Task 9c3de056-1a07-454e-93a5-69c3198c7467 | ITER: 2 END: OK
2019-11-18 20:21:18.283 4910 INFO rally.task.runner [-] Task 9c3de056-1a07-454e-93a5-69c3198c7467 | ITER: 6 START
2019-11-18 20:21:18.384 4913 INFO rally.task.runner [-] Task 9c3de056-1a07-454e-93a5-69c3198c7467 | ITER: 4 END: OK
2019-11-18 20:21:18.388 4913 INFO rally.task.runner [-] Task 9c3de056-1a07-454e-93a5-69c3198c7467 | ITER: 7 START
2019-11-18 20:21:18.450 4909 INFO rally.task.runner [-] Task 9c3de056-1a07-454e-93a5-69c3198c7467 | ITER: 1 END: OK
2019-11-18 20:21:18.455 4909 INFO rally.task.runner [-] Task 9c3de056-1a07-454e-93a5-69c3198c7467 | ITER: 8 START
2019-11-18 20:21:21.204 4910 RALLYDEBUG rally.task.utils [-] Waiting for resource s_rally_3b67a598_wMU2W7aT. Status changed: AVAILABLE => DELETING in 0.05819559097290039
2019-11-18 20:21:21.207 4911 RALLYDEBUG rally.task.utils [-] Waiting for resource s_rally_3b67a598_waSKUhJ5. Status changed: AVAILABLE => DELETING in 0.05543875694274902
2019-11-18 20:21:21.277 4913 RALLYDEBUG rally.task.utils [-] Waiting for resource s_rally_3b67a598_q52fOXIZ. Status changed: AVAILABLE => DELETING in 0.05796360969543457
2019-11-18 20:21:21.345 4909 RALLYDEBUG rally.task.utils [-] Waiting for resource s_rally_3b67a598_P4A8EI37. Status changed: AVAILABLE => DELETING in 0.0609438419342041
2019-11-18 20:21:23.244 4910 INFO rally.task.runner [-] Task 9c3de056-1a07-454e-93a5-69c3198c7467 | ITER: 6 END: OK
2019-11-18 20:21:23.248 4910 INFO rally.task.runner [-] Task 9c3de056-1a07-454e-93a5-69c3198c7467 | ITER: 9 START
2019-11-18 20:21:23.251 4911 INFO rally.task.runner [-] Task 9c3de056-1a07-454e-93a5-69c3198c7467 | ITER: 5 END: OK
2019-11-18 20:21:23.255 4911 INFO rally.task.runner [-] Task 9c3de056-1a07-454e-93a5-69c3198c7467 | ITER: 10 START
2019-11-18 20:21:23.321 4913 INFO rally.task.runner [-] Task 9c3de056-1a07-454e-93a5-69c3198c7467 | ITER: 7 END: OK
2019-11-18 20:21:23.386 4909 INFO rally.task.runner [-] Task 9c3de056-1a07-454e-93a5-69c3198c7467 | ITER: 8 END: OK
2019-11-18 20:21:26.162 4910 RALLYDEBUG rally.task.utils [-] Waiting for resource s_rally_3b67a598_R9RnMUGp. Status changed: AVAILABLE => DELETING in 0.0686037540435791
2019-11-18 20:21:26.282 4911 RALLYDEBUG rally.task.utils [-] Waiting for resource s_rally_3b67a598_vPFx2Gf4. Status changed: AVAILABLE => DELETING in 0.06607556343078613
2019-11-18 20:21:28.206 4910 INFO rally.task.runner [-] Task 9c3de056-1a07-454e-93a5-69c3198c7467 | ITER: 9 END: OK
2019-11-18 20:21:28.328 4911 INFO rally.task.runner [-] Task 9c3de056-1a07-454e-93a5-69c3198c7467 | ITER: 10 END: OK
2019-11-18 20:21:28.352 1845 INFO rally.task.context [-] Task 9c3de056-1a07-454e-93a5-69c3198c7467 | Context cleanup@openstack cleanup() started
2019-11-18 20:21:28.356 1845 RALLYDEBUG rally_openstack.cleanup.manager [-] Cleaning up cinder backups objects
2019-11-18 20:21:29.568 1845 RALLYDEBUG rally_openstack.cleanup.manager [-] Cleaning up cinder volume_snapshots objects
2019-11-18 20:21:30.757 1845 RALLYDEBUG rally_openstack.cleanup.manager [-] Cleaning up cinder transfers objects
2019-11-18 20:21:31.909 1845 RALLYDEBUG rally_openstack.cleanup.manager [-] Cleaning up cinder volumes objects
2019-11-18 20:21:33.166 1845 INFO rally.task.context [-] Task 9c3de056-1a07-454e-93a5-69c3198c7467 | Context cleanup@openstack cleanup() finished in 4.81 sec
2019-11-18 20:21:33.167 1845 INFO rally.task.context [-] Task 9c3de056-1a07-454e-93a5-69c3198c7467 | Context volumes@openstack cleanup() started
2019-11-18 20:21:33.168 1845 RALLYDEBUG rally_openstack.cleanup.manager [-] Cleaning up cinder volumes objects
2019-11-18 20:21:34.412 1845 RALLYDEBUG rally_openstack.cleanup.manager [-] Deleting cinder.volumes object c_rally_3b67a598_syp1m5xv (fba1fa2f-d947-4a96-9a48-6854811da4b5)
2019-11-18 20:21:34.419 1845 RALLYDEBUG rally_openstack.cleanup.manager [-] Deleting cinder.volumes object c_rally_3b67a598_41KmNPcP (00e50f97-1340-49bd-998a-536c74bb82d9)
2019-11-18 20:21:34.425 1845 RALLYDEBUG rally_openstack.cleanup.manager [-] Deleting cinder.volumes object c_rally_3b67a598_SssHXUQ7 (7e9dec8a-e711-41be-88e1-1c18ad8322b9)
2019-11-18 20:21:36.970 1845 INFO rally.task.context [-] Task 9c3de056-1a07-454e-93a5-69c3198c7467 | Context volumes@openstack cleanup() finished in 3.80 sec
2019-11-18 20:21:36.970 1845 INFO rally.task.context [-] Task 9c3de056-1a07-454e-93a5-69c3198c7467 | Context quotas@openstack cleanup() started
2019-11-18 20:21:37.051 1845 INFO rally.task.context [-] Task 9c3de056-1a07-454e-93a5-69c3198c7467 | Context quotas@openstack cleanup() finished in 81.10 msec
2019-11-18 20:21:37.052 1845 INFO rally.task.context [-] Task 9c3de056-1a07-454e-93a5-69c3198c7467 | Context api_versions@openstack cleanup() started
2019-11-18 20:21:37.052 1845 INFO rally.task.context [-] Task 9c3de056-1a07-454e-93a5-69c3198c7467 | Context api_versions@openstack cleanup() finished in 0.38 msec
2019-11-18 20:21:37.053 1845 INFO rally.task.context [-] Task 9c3de056-1a07-454e-93a5-69c3198c7467 | Context users@openstack cleanup() started
2019-11-18 20:21:41.776 1845 INFO rally.task.context [-] Task 9c3de056-1a07-454e-93a5-69c3198c7467 | Context users@openstack cleanup() finished in 4.72 sec
2019-11-18 20:21:42.935 1845 INFO rally.task.engine [-] Load duration is: 15.028472
2019-11-18 20:21:42.935 1845 INFO rally.task.engine [-] Full runner duration is: 15.077673
2019-11-18 20:21:42.936 1845 INFO rally.task.engine [-] Full duration is: 41.050081
2019-11-18 20:21:43.249 1845 INFO rally.task.engine [-] Running workload: position = 0 config = { "version": 2, "title": "A cropped version of a bigger task.", "description": "Auto-generated task from a single workload (uuid=b89e3053-b349-4c1b-8fd4-cd8133d7121c)", "subtasks": [ { "title": "CinderQos.create_and_get_qos", "description": "Create a qos, then get details of the qos.", "scenario": { "CinderQos.create_and_get_qos": { "consumer": "both", "write_iops_sec": "10", "read_iops_sec": "1000" } }, "contexts": { "users": { "tenants": 3, "users_per_tenant": 2 }, "api_versions": { "cinder": { "version": 3, "service_type": "volumev3" } } }, "runner": { "constant": { "concurrency": 4, "times": 10 } }, "hooks": [], "sla": { "failure_rate": { "max": 0 } } } ] }
2019-11-18 20:21:43.273 1845 RALLYDEBUG rally_openstack.contexts.keystone.users [-] Creating 3 tenants using 20 threads
2019-11-18 20:21:44.316 1845 RALLYDEBUG rally_openstack.contexts.keystone.users [-] Creating 6 users using 20 threads
2019-11-18 20:21:45.918 1845 INFO rally.task.context [-] Task 9c3de056-1a07-454e-93a5-69c3198c7467 | Context users@openstack setup() finished in 2.64 sec
2019-11-18 20:21:46.328 1845 INFO rally.task.context [-] Task 9c3de056-1a07-454e-93a5-69c3198c7467 | Context api_versions@openstack setup() finished in 0.41 sec
2019-11-18 20:21:46.329 1845 INFO rally.task.context [-] Task 9c3de056-1a07-454e-93a5-69c3198c7467 | Context admin_cleanup@openstack setup() finished in 0.01 msec
2019-11-18 20:21:46.338 1845 RALLYDEBUG rally.task.runner [-] Starting the constant runner (task UUID: 9c3de056-1a07-454e-93a5-69c3198c7467). times: 10 concurrency: 4 timeout: 0 max_cpu_used: 16 processes_to_start: 4 concurrency_per_worker: 1 concurrency_overhead: 0
2019-11-18 20:21:46.350 5113 RALLYDEBUG rally.task.runner [-] Starting a worker. times: 10 duration: None concurrency: 1 timeout: 0 cls: method_name: run args: {"consumer": "both", "write_iops_sec": "10", "read_iops_sec": "1000"}
2019-11-18 20:21:46.353 5114 RALLYDEBUG rally.task.runner [-] Starting a worker. times: 10 duration: None concurrency: 1 timeout: 0 cls: method_name: run args: {"consumer": "both", "write_iops_sec": "10", "read_iops_sec": "1000"}
2019-11-18 20:21:46.357 5113 INFO rally.task.runner [-] Task 9c3de056-1a07-454e-93a5-69c3198c7467 | ITER: 1 START
2019-11-18 20:21:46.357 5115 RALLYDEBUG rally.task.runner [-] Starting a worker. times: 10 duration: None concurrency: 1 timeout: 0 cls: method_name: run args: {"consumer": "both", "write_iops_sec": "10", "read_iops_sec": "1000"}
2019-11-18 20:21:46.360 5114 INFO rally.task.runner [-] Task 9c3de056-1a07-454e-93a5-69c3198c7467 | ITER: 2 START
2019-11-18 20:21:46.360 5116 RALLYDEBUG rally.task.runner [-] Starting a worker. times: 10 duration: None concurrency: 1 timeout: 0 cls: method_name: run args: {"consumer": "both", "write_iops_sec": "10", "read_iops_sec": "1000"}
2019-11-18 20:21:46.364 5115 INFO rally.task.runner [-] Task 9c3de056-1a07-454e-93a5-69c3198c7467 | ITER: 3 START
2019-11-18 20:21:46.367 5116 INFO rally.task.runner [-] Task 9c3de056-1a07-454e-93a5-69c3198c7467 | ITER: 4 START
2019-11-18 20:21:46.810 5115 INFO rally.task.runner [-] Task 9c3de056-1a07-454e-93a5-69c3198c7467 | ITER: 3 END: OK
2019-11-18 20:21:46.811 5113 INFO rally.task.runner [-] Task 9c3de056-1a07-454e-93a5-69c3198c7467 | ITER: 1 END: OK
2019-11-18 20:21:46.813 5114 INFO rally.task.runner [-] Task 9c3de056-1a07-454e-93a5-69c3198c7467 | ITER: 2 END: OK
2019-11-18 20:21:46.814 5116 INFO rally.task.runner [-] Task 9c3de056-1a07-454e-93a5-69c3198c7467 | ITER: 4 END: OK
2019-11-18 20:21:46.815 5115 INFO rally.task.runner [-] Task 9c3de056-1a07-454e-93a5-69c3198c7467 | ITER: 5 START
2019-11-18 20:21:46.816 5113 INFO rally.task.runner [-] Task 9c3de056-1a07-454e-93a5-69c3198c7467 | ITER: 6 START
2019-11-18 20:21:46.819 5114 INFO rally.task.runner [-] Task 9c3de056-1a07-454e-93a5-69c3198c7467 | ITER: 7 START
2019-11-18 20:21:46.819 5116 INFO rally.task.runner [-] Task 9c3de056-1a07-454e-93a5-69c3198c7467 | ITER: 8 START
2019-11-18 20:21:47.203 5116 INFO rally.task.runner [-] Task 9c3de056-1a07-454e-93a5-69c3198c7467 | ITER: 8 END: OK
2019-11-18 20:21:47.206 5116 INFO rally.task.runner [-] Task 9c3de056-1a07-454e-93a5-69c3198c7467 | ITER: 9 START
2019-11-18 20:21:47.220 5114 INFO rally.task.runner [-] Task 9c3de056-1a07-454e-93a5-69c3198c7467 | ITER: 7 END: OK
2019-11-18 20:21:47.223 5114 INFO rally.task.runner [-] Task 9c3de056-1a07-454e-93a5-69c3198c7467 | ITER: 10 START
2019-11-18 20:21:47.256 5115 INFO rally.task.runner [-] Task 9c3de056-1a07-454e-93a5-69c3198c7467 | ITER: 5 END: OK
2019-11-18 20:21:47.266 5113 INFO rally.task.runner [-] Task 9c3de056-1a07-454e-93a5-69c3198c7467 | ITER: 6 END: OK
2019-11-18 20:21:47.610 5116 INFO rally.task.runner [-] Task 9c3de056-1a07-454e-93a5-69c3198c7467 | ITER: 9 END: OK
2019-11-18 20:21:47.611 5114 INFO rally.task.runner [-] Task 9c3de056-1a07-454e-93a5-69c3198c7467 | ITER: 10 END: OK
2019-11-18 20:21:47.643 1845 INFO rally.task.context [-] Task 9c3de056-1a07-454e-93a5-69c3198c7467 | Context admin_cleanup@openstack cleanup() started
2019-11-18 20:21:47.646 1845 RALLYDEBUG rally_openstack.cleanup.manager [-] Cleaning up cinder volume_types objects
2019-11-18 20:21:48.050 1845 RALLYDEBUG rally_openstack.cleanup.manager [-] Cleaning up cinder image_volumes_cache objects
2019-11-18 20:21:48.856 1845 RALLYDEBUG rally_openstack.cleanup.manager [-] Cleaning up cinder quotas objects
2019-11-18 20:21:49.643 1845 RALLYDEBUG rally_openstack.cleanup.manager [-] Cleaning up cinder qos_specs objects
2019-11-18 20:21:50.032 1845 RALLYDEBUG rally_openstack.cleanup.manager [-] Deleting cinder.qos_specs object s_rally_b89e3053_TU8RolTU (e9ce0828-7f46-4836-af48-b1ede72d868b)
2019-11-18 20:21:50.041 1845 RALLYDEBUG rally_openstack.cleanup.manager [-] Deleting cinder.qos_specs object s_rally_b89e3053_x0CZePbK (b466aa49-1ac9-4ba5-a23d-802943cea340)
2019-11-18 20:21:50.050 1845 RALLYDEBUG rally_openstack.cleanup.manager [-] Deleting cinder.qos_specs object s_rally_b89e3053_wrCzYfpL (fb010cc4-03c2-4295-8325-7f0bffeb5398)
2019-11-18 20:21:50.054 1845 RALLYDEBUG rally_openstack.cleanup.manager [-] Deleting cinder.qos_specs object s_rally_b89e3053_stIREHB8 (ab0fc545-7126-4c47-b65c-5a509eaf403e)
2019-11-18 20:21:50.067 1845 RALLYDEBUG rally_openstack.cleanup.manager [-] Deleting cinder.qos_specs object s_rally_b89e3053_NLHd7dHN (9d48ad44-0449-4277-a1a5-1f6e16607e83)
2019-11-18 20:21:50.083 1845 RALLYDEBUG rally_openstack.cleanup.manager [-] Deleting cinder.qos_specs object s_rally_b89e3053_wSFMLBp5 (7fe02e58-6667-4226-aac1-6d1a5dba44eb)
2019-11-18 20:21:50.090 1845 RALLYDEBUG rally_openstack.cleanup.manager [-] Deleting cinder.qos_specs object s_rally_b89e3053_0GU4b9RN (20b59365-7cb4-48a5-b69c-626a695c3fe6)
2019-11-18 20:21:50.108 1845 RALLYDEBUG rally_openstack.cleanup.manager [-] Deleting cinder.qos_specs object s_rally_b89e3053_gLd9nyvO (15080355-79ec-4aac-9f40-3382f5289744)
2019-11-18 20:21:50.123 1845 RALLYDEBUG rally_openstack.cleanup.manager [-] Deleting cinder.qos_specs object s_rally_b89e3053_zwGTPFdk (0856e952-fe7b-4eae-b2ab-3d59ef74f989)
2019-11-18 20:21:50.141 1845 RALLYDEBUG rally_openstack.cleanup.manager [-] Deleting cinder.qos_specs object s_rally_b89e3053_w7Lh0B8k (084de799-5608-41e1-873b-288419134113)
2019-11-18 20:21:51.675 1845 INFO rally.task.context [-] Task 9c3de056-1a07-454e-93a5-69c3198c7467 | Context admin_cleanup@openstack cleanup() finished in 4.03 sec
