2019-11-18 20:36:20.937 11211 RALLYDEBUG rally.task.runner [-] Starting a worker. times: 10 duration: None concurrency: 1 timeout: 0 cls: method_name: run args: {"template_path": "heat_template_version: 2014-10-16\n\ndescription: Test template for rally create-update-delete scenario\n\nresources:\n test_string_one:\n type: OS::Heat::RandomString\n properties:\n length: 20\n test_string_two:\n type: OS::Heat::RandomString\n properties:\n length: 20"}
2019-11-18 20:36:20.941 11212 RALLYDEBUG rally.task.runner [-] Starting a worker. times: 10 duration: None concurrency: 1 timeout: 0 cls: method_name: run args: {"template_path": "heat_template_version: 2014-10-16\n\ndescription: Test template for rally create-update-delete scenario\n\nresources:\n test_string_one:\n type: OS::Heat::RandomString\n properties:\n length: 20\n test_string_two:\n type: OS::Heat::RandomString\n properties:\n length: 20"}
2019-11-18 20:36:20.945 11211 INFO rally.task.runner [-] Task 24117ea8-833d-4479-9948-9f03801bf6a0 | ITER: 1 START
2019-11-18 20:36:20.944 11213 RALLYDEBUG rally.task.runner [-] Starting a worker. times: 10 duration: None concurrency: 1 timeout: 0 cls: method_name: run args: {"template_path": "heat_template_version: 2014-10-16\n\ndescription: Test template for rally create-update-delete scenario\n\nresources:\n test_string_one:\n type: OS::Heat::RandomString\n properties:\n length: 20\n test_string_two:\n type: OS::Heat::RandomString\n properties:\n length: 20"}
2019-11-18 20:36:20.948 11212 INFO rally.task.runner [-] Task 24117ea8-833d-4479-9948-9f03801bf6a0 | ITER: 2 START
2019-11-18 20:36:20.948 11214 RALLYDEBUG rally.task.runner [-] Starting a worker. times: 10 duration: None concurrency: 1 timeout: 0 cls: method_name: run args: {"template_path": "heat_template_version: 2014-10-16\n\ndescription: Test template for rally create-update-delete scenario\n\nresources:\n test_string_one:\n type: OS::Heat::RandomString\n properties:\n length: 20\n test_string_two:\n type: OS::Heat::RandomString\n properties:\n length: 20"}
2019-11-18 20:36:20.951 11213 INFO rally.task.runner [-] Task 24117ea8-833d-4479-9948-9f03801bf6a0 | ITER: 3 START
2019-11-18 20:36:20.954 11214 INFO rally.task.runner [-] Task 24117ea8-833d-4479-9948-9f03801bf6a0 | ITER: 4 START
2019-11-18 20:36:24.406 11211 RALLYDEBUG rally.task.utils [-] Waiting for resource . Status changed: CREATE_IN_PROGRESS => CREATE_COMPLETE in 0.06734895706176758
2019-11-18 20:36:24.409 11212 RALLYDEBUG rally.task.utils [-] Waiting for resource . Status changed: CREATE_IN_PROGRESS => CREATE_COMPLETE in 0.07794404029846191
2019-11-18 20:36:24.412 11213 RALLYDEBUG rally.task.utils [-] Waiting for resource . Status changed: CREATE_IN_PROGRESS => CREATE_COMPLETE in 0.07839322090148926
2019-11-18 20:36:24.417 11214 RALLYDEBUG rally.task.utils [-] Waiting for resource . Status changed: CREATE_IN_PROGRESS => CREATE_COMPLETE in 0.07055306434631348
2019-11-18 20:36:24.568 11214 RALLYDEBUG rally.task.utils [-] Waiting for resource . Status changed: CREATE_COMPLETE => CHECK_COMPLETE in 0.05852031707763672
2019-11-18 20:36:24.571 11211 RALLYDEBUG rally.task.utils [-] Waiting for resource . Status changed: CREATE_COMPLETE => CHECK_COMPLETE in 0.06541085243225098
2019-11-18 20:36:24.572 11212 RALLYDEBUG rally.task.utils [-] Waiting for resource . Status changed: CREATE_COMPLETE => CHECK_COMPLETE in 0.06374478340148926
2019-11-18 20:36:24.572 11213 RALLYDEBUG rally.task.utils [-] Waiting for resource . Status changed: CREATE_COMPLETE => CHECK_COMPLETE in 0.06624817848205566
2019-11-18 20:36:24.672 11213 RALLYDEBUG rally.task.utils [-] Waiting for resource . Status changed: CREATE_COMPLETE => DELETE_IN_PROGRESS in 0.04869699478149414
2019-11-18 20:36:24.677 11214 RALLYDEBUG rally.task.utils [-] Waiting for resource . Status changed: CREATE_COMPLETE => DELETE_IN_PROGRESS in 0.05725812911987305
2019-11-18 20:36:24.682 11211 RALLYDEBUG rally.task.utils [-] Waiting for resource . Status changed: CREATE_COMPLETE => DELETE_IN_PROGRESS in 0.05475902557373047
2019-11-18 20:36:24.684 11212 RALLYDEBUG rally.task.utils [-] Waiting for resource . Status changed: CREATE_COMPLETE => DELETE_IN_PROGRESS in 0.05585980415344238
2019-11-18 20:36:25.736 11214 INFO rally.task.runner [-] Task 24117ea8-833d-4479-9948-9f03801bf6a0 | ITER: 4 END: OK
2019-11-18 20:36:25.740 11214 INFO rally.task.runner [-] Task 24117ea8-833d-4479-9948-9f03801bf6a0 | ITER: 5 START
2019-11-18 20:36:26.795 11211 INFO rally.task.runner [-] Task 24117ea8-833d-4479-9948-9f03801bf6a0 | ITER: 1 END: OK
2019-11-18 20:36:26.798 11213 INFO rally.task.runner [-] Task 24117ea8-833d-4479-9948-9f03801bf6a0 | ITER: 3 END: OK
2019-11-18 20:36:26.800 11211 INFO rally.task.runner [-] Task 24117ea8-833d-4479-9948-9f03801bf6a0 | ITER: 6 START
2019-11-18 20:36:26.801 11212 INFO rally.task.runner [-] Task 24117ea8-833d-4479-9948-9f03801bf6a0 | ITER: 2 END: OK
2019-11-18 20:36:26.802 11213 INFO rally.task.runner [-] Task 24117ea8-833d-4479-9948-9f03801bf6a0 | ITER: 7 START
2019-11-18 20:36:26.805 11212 INFO rally.task.runner [-] Task 24117ea8-833d-4479-9948-9f03801bf6a0 | ITER: 8 START
2019-11-18 20:36:29.373 11214 RALLYDEBUG rally.task.utils [-] Waiting for resource . Status changed: CREATE_IN_PROGRESS => CREATE_COMPLETE in 0.0666041374206543
2019-11-18 20:36:29.539 11214 RALLYDEBUG rally.task.utils [-] Waiting for resource . Status changed: CREATE_COMPLETE => CHECK_IN_PROGRESS in 0.06481742858886719
2019-11-18 20:36:30.196 11213 RALLYDEBUG rally.task.utils [-] Waiting for resource . Status changed: CREATE_IN_PROGRESS => CREATE_COMPLETE in 0.0721135139465332
2019-11-18 20:36:30.301 11211 RALLYDEBUG rally.task.utils [-] Waiting for resource . Status changed: CREATE_IN_PROGRESS => CREATE_COMPLETE in 0.06769514083862305
2019-11-18 20:36:30.365 11212 RALLYDEBUG rally.task.utils [-] Waiting for resource . Status changed: CREATE_IN_PROGRESS => CREATE_COMPLETE in 0.06946682929992676
2019-11-18 20:36:30.391 11213 RALLYDEBUG rally.task.utils [-] Waiting for resource . Status changed: CREATE_COMPLETE => CHECK_COMPLETE in 0.06927180290222168
2019-11-18 20:36:30.460 11211 RALLYDEBUG rally.task.utils [-] Waiting for resource . Status changed: CREATE_COMPLETE => CHECK_COMPLETE in 0.059725046157836914
2019-11-18 20:36:30.506 11213 RALLYDEBUG rally.task.utils [-] Waiting for resource . Status changed: CREATE_COMPLETE => DELETE_IN_PROGRESS in 0.05510449409484863
2019-11-18 20:36:30.511 11212 RALLYDEBUG rally.task.utils [-] Waiting for resource . Status changed: CREATE_COMPLETE => CHECK_COMPLETE in 0.05553913116455078
2019-11-18 20:36:30.560 11211 RALLYDEBUG rally.task.utils [-] Waiting for resource . Status changed: CREATE_COMPLETE => DELETE_IN_PROGRESS in 0.046866655349731445
2019-11-18 20:36:30.597 11214 RALLYDEBUG rally.task.utils [-] Waiting for resource . Status changed: CHECK_IN_PROGRESS => CHECK_COMPLETE in 1.057952880859375
2019-11-18 20:36:30.607 11212 RALLYDEBUG rally.task.utils [-] Waiting for resource . Status changed: CREATE_COMPLETE => DELETE_IN_PROGRESS in 0.050752878189086914
2019-11-18 20:36:30.703 11214 RALLYDEBUG rally.task.utils [-] Waiting for resource . Status changed: CREATE_COMPLETE => DELETE_IN_PROGRESS in 0.0521702766418457
2019-11-18 20:36:32.626 11213 INFO rally.task.runner [-] Task 24117ea8-833d-4479-9948-9f03801bf6a0 | ITER: 7 END: OK
2019-11-18 20:36:32.631 11213 INFO rally.task.runner [-] Task 24117ea8-833d-4479-9948-9f03801bf6a0 | ITER: 9 START
2019-11-18 20:36:32.692 11211 INFO rally.task.runner [-] Task 24117ea8-833d-4479-9948-9f03801bf6a0 | ITER: 6 END: OK
2019-11-18 20:36:32.696 11211 INFO rally.task.runner [-] Task 24117ea8-833d-4479-9948-9f03801bf6a0 | ITER: 10 START
2019-11-18 20:36:32.812 11214 INFO rally.task.runner [-] Task 24117ea8-833d-4479-9948-9f03801bf6a0 | ITER: 5 END: OK
2019-11-18 20:36:32.846 11212 INFO rally.task.runner [-] Task 24117ea8-833d-4479-9948-9f03801bf6a0 | ITER: 8 END: OK
2019-11-18 20:36:36.179 11213 RALLYDEBUG rally.task.utils [-] Waiting for resource . Status changed: CREATE_IN_PROGRESS => CREATE_COMPLETE in 0.06321430206298828
2019-11-18 20:36:36.184 11211 RALLYDEBUG rally.task.utils [-] Waiting for resource . Status changed: CREATE_IN_PROGRESS => CREATE_COMPLETE in 0.07402944564819336
2019-11-18 20:36:36.346 11213 RALLYDEBUG rally.task.utils [-] Waiting for resource . Status changed: CREATE_COMPLETE => CHECK_COMPLETE in 0.07425689697265625
2019-11-18 20:36:36.346 11211 RALLYDEBUG rally.task.utils [-] Waiting for resource . Status changed: CREATE_COMPLETE => CHECK_IN_PROGRESS in 0.06788921356201172
2019-11-18 20:36:36.468 11213 RALLYDEBUG rally.task.utils [-] Waiting for resource . Status changed: CREATE_COMPLETE => DELETE_IN_PROGRESS in 0.05703878402709961
2019-11-18 20:36:37.418 11211 RALLYDEBUG rally.task.utils [-] Waiting for resource . Status changed: CHECK_IN_PROGRESS => CHECK_COMPLETE in 1.0713458061218262
2019-11-18 20:36:37.559 11211 RALLYDEBUG rally.task.utils [-] Waiting for resource . Status changed: CREATE_COMPLETE => DELETE_IN_PROGRESS in 0.05440568923950195
2019-11-18 20:36:38.590 11213 INFO rally.task.runner [-] Task 24117ea8-833d-4479-9948-9f03801bf6a0 | ITER: 9 END: OK
2019-11-18 20:36:39.685 11211 INFO rally.task.runner [-] Task 24117ea8-833d-4479-9948-9f03801bf6a0 | ITER: 10 END: OK
2019-11-18 20:36:39.716 8497 INFO rally.task.context [-] Task 24117ea8-833d-4479-9948-9f03801bf6a0 | Context cleanup@openstack cleanup() started
2019-11-18 20:36:39.719 8497 RALLYDEBUG rally_openstack.cleanup.manager [-] Cleaning up heat stacks objects
2019-11-18 20:36:41.211 8497 INFO rally.task.context [-] Task 24117ea8-833d-4479-9948-9f03801bf6a0 | Context cleanup@openstack cleanup() finished in 1.50 sec
2019-11-18 20:36:41.212 8497 INFO rally.task.context [-] Task 24117ea8-833d-4479-9948-9f03801bf6a0 | Context roles@openstack cleanup() started
2019-11-18 20:36:41.212 8497 RALLYDEBUG rally_openstack.contexts.keystone.roles [-] Removing assigned role 49d298b17cd7474a8f000add4c3e0759 from all users
2019-11-18 20:36:42.180 8497 INFO rally.task.context [-] Task 24117ea8-833d-4479-9948-9f03801bf6a0 | Context roles@openstack cleanup() finished in 0.97 sec
2019-11-18 20:36:42.180 8497 INFO rally.task.context [-] Task 24117ea8-833d-4479-9948-9f03801bf6a0 | Context users@openstack cleanup() started
2019-11-18 20:36:46.855 8497 INFO rally.task.context [-] Task 24117ea8-833d-4479-9948-9f03801bf6a0 | Context users@openstack cleanup() finished in 4.68 sec
2019-11-18 20:36:48.384 8497 INFO rally.task.engine [-] Load duration is: 16.739129
2019-11-18 20:36:48.384 8497 INFO rally.task.engine [-] Full runner duration is: 18.790729
2019-11-18 20:36:48.385 8497 INFO rally.task.engine [-] Full duration is: 34.668088
2019-11-18 20:36:48.728 8497 INFO rally.task.engine [-] Running workload: position = 0 config = { "version": 2, "title": "A cropped version of a bigger task.", "description": "Auto-generated task from a single workload (uuid=cd5df8bf-44b7-4006-bcc5-0da493e8a6c2)", "subtasks": [ { "title": "HeatStacks.create_suspend_resume_delete_stack", "description": "Create, suspend-resume and then delete a stack.", "scenario": { "HeatStacks.create_suspend_resume_delete_stack": { "template_path": "/usr/lib/python3.6/site-packages/functest/opnfv_tests/openstack/rally/scenario/templates/random_strings.yaml.template" } }, "contexts": { "users": { "tenants": 3, "users_per_tenant": 2 }, "roles": [ "heat_stack_owner" ] }, "runner": { "constant": { "concurrency": 4, "times": 10 } }, "hooks": [], "sla": { "failure_rate": { "max": 0 } } } ] }
2019-11-18 20:36:48.752 8497 RALLYDEBUG rally_openstack.contexts.keystone.users [-] Creating 3 tenants using 20 threads
2019-11-18 20:36:49.731 8497 RALLYDEBUG rally_openstack.contexts.keystone.users [-] Creating 6 users using 20 threads
2019-11-18 20:36:51.355 8497 INFO rally.task.context [-] Task 24117ea8-833d-4479-9948-9f03801bf6a0 | Context users@openstack setup() finished in 2.60 sec
2019-11-18 20:36:52.107 8497 RALLYDEBUG rally_openstack.contexts.keystone.roles [-] Adding role heat_stack_owner having ID 49d298b17cd7474a8f000add4c3e0759 to all users using 30 threads
2019-11-18 20:36:57.363 8497 INFO rally.task.context [-] Task 24117ea8-833d-4479-9948-9f03801bf6a0 | Context roles@openstack setup() finished in 6.01 sec
2019-11-18 20:36:57.364 8497 INFO rally.task.context [-] Task 24117ea8-833d-4479-9948-9f03801bf6a0 | Context cleanup@openstack setup() finished in 0.01 msec
2019-11-18 20:36:57.374 8497 RALLYDEBUG rally.task.runner [-] Starting the constant runner (task UUID: 24117ea8-833d-4479-9948-9f03801bf6a0). times: 10 concurrency: 4 timeout: 0 max_cpu_used: 16 processes_to_start: 4 concurrency_per_worker: 1 concurrency_overhead: 0
2019-11-18 20:36:57.385 11395 RALLYDEBUG rally.task.runner [-] Starting a worker. times: 10 duration: None concurrency: 1 timeout: 0 cls: method_name: run args: {"template_path": "heat_template_version: 2014-10-16\n\ndescription: Test template for rally create-update-delete scenario\n\nresources:\n test_string_one:\n type: OS::Heat::RandomString\n properties:\n length: 20\n test_string_two:\n type: OS::Heat::RandomString\n properties:\n length: 20"}
2019-11-18 20:36:57.387 11396 RALLYDEBUG rally.task.runner [-] Starting a worker. times: 10 duration: None concurrency: 1 timeout: 0 cls: method_name: run args: {"template_path": "heat_template_version: 2014-10-16\n\ndescription: Test template for rally create-update-delete scenario\n\nresources:\n test_string_one:\n type: OS::Heat::RandomString\n properties:\n length: 20\n test_string_two:\n type: OS::Heat::RandomString\n properties:\n length: 20"}
2019-11-18 20:36:57.392 11395 INFO rally.task.runner [-] Task 24117ea8-833d-4479-9948-9f03801bf6a0 | ITER: 1 START
2019-11-18 20:36:57.392 11397 RALLYDEBUG rally.task.runner [-] Starting a worker. times: 10 duration: None concurrency: 1 timeout: 0 cls: method_name: run args: {"template_path": "heat_template_version: 2014-10-16\n\ndescription: Test template for rally create-update-delete scenario\n\nresources:\n test_string_one:\n type: OS::Heat::RandomString\n properties:\n length: 20\n test_string_two:\n type: OS::Heat::RandomString\n properties:\n length: 20"}
2019-11-18 20:36:57.393 11396 INFO rally.task.runner [-] Task 24117ea8-833d-4479-9948-9f03801bf6a0 | ITER: 2 START
2019-11-18 20:36:57.396 11399 RALLYDEBUG rally.task.runner [-] Starting a worker. times: 10 duration: None concurrency: 1 timeout: 0 cls: method_name: run args: {"template_path": "heat_template_version: 2014-10-16\n\ndescription: Test template for rally create-update-delete scenario\n\nresources:\n test_string_one:\n type: OS::Heat::RandomString\n properties:\n length: 20\n test_string_two:\n type: OS::Heat::RandomString\n properties:\n length: 20"}
2019-11-18 20:36:57.398 11397 INFO rally.task.runner [-] Task 24117ea8-833d-4479-9948-9f03801bf6a0 | ITER: 3 START
2019-11-18 20:36:57.402 11399 INFO rally.task.runner [-] Task 24117ea8-833d-4479-9948-9f03801bf6a0 | ITER: 4 START
2019-11-18 20:37:00.821 11397 RALLYDEBUG rally.task.utils [-] Waiting for resource . Status changed: CREATE_IN_PROGRESS => CREATE_COMPLETE in 0.07499098777770996
2019-11-18 20:37:00.894 11399 RALLYDEBUG rally.task.utils [-] Waiting for resource . Status changed: CREATE_IN_PROGRESS => CREATE_COMPLETE in 0.087677001953125
2019-11-18 20:37:00.897 11395 RALLYDEBUG rally.task.utils [-] Waiting for resource . Status changed: CREATE_IN_PROGRESS => CREATE_COMPLETE in 0.0815129280090332
2019-11-18 20:37:00.903 11396 RALLYDEBUG rally.task.utils [-] Waiting for resource . Status changed: CREATE_IN_PROGRESS => CREATE_COMPLETE in 0.06368160247802734
2019-11-18 20:37:00.988 11397 RALLYDEBUG rally.task.utils [-] Waiting for resource . Status changed: CREATE_COMPLETE => SUSPEND_IN_PROGRESS in 0.05625009536743164
2019-11-18 20:37:01.041 11399 RALLYDEBUG rally.task.utils [-] Waiting for resource . Status changed: CREATE_COMPLETE => SUSPEND_IN_PROGRESS in 0.05692005157470703
2019-11-18 20:37:01.048 11396 RALLYDEBUG rally.task.utils [-] Waiting for resource . Status changed: CREATE_COMPLETE => SUSPEND_IN_PROGRESS in 0.05509805679321289
2019-11-18 20:37:01.049 11395 RALLYDEBUG rally.task.utils [-] Waiting for resource . Status changed: CREATE_COMPLETE => SUSPEND_IN_PROGRESS in 0.06327295303344727
2019-11-18 20:37:02.056 11397 RALLYDEBUG rally.task.utils [-] Waiting for resource . Status changed: SUSPEND_IN_PROGRESS => SUSPEND_COMPLETE in 1.0688021183013916
2019-11-18 20:37:02.111 11396 RALLYDEBUG rally.task.utils [-] Waiting for resource . Status changed: SUSPEND_IN_PROGRESS => SUSPEND_COMPLETE in 1.0631778240203857
2019-11-18 20:37:02.120 11399 RALLYDEBUG rally.task.utils [-] Waiting for resource . Status changed: SUSPEND_IN_PROGRESS => SUSPEND_COMPLETE in 1.0784659385681152
2019-11-18 20:37:02.129 11395 RALLYDEBUG rally.task.utils [-] Waiting for resource . Status changed: SUSPEND_IN_PROGRESS => SUSPEND_COMPLETE in 1.0801949501037598
2019-11-18 20:37:02.208 11397 RALLYDEBUG rally.task.utils [-] Waiting for resource . Status changed: CREATE_COMPLETE => RESUME_IN_PROGRESS in 0.055882930755615234
2019-11-18 20:37:02.249 11396 RALLYDEBUG rally.task.utils [-] Waiting for resource . Status changed: CREATE_COMPLETE => RESUME_IN_PROGRESS in 0.05306816101074219
2019-11-18 20:37:02.262 11399 RALLYDEBUG rally.task.utils [-] Waiting for resource . Status changed: CREATE_COMPLETE => RESUME_COMPLETE in 0.059290170669555664
2019-11-18 20:37:02.275 11395 RALLYDEBUG rally.task.utils [-] Waiting for resource . Status changed: CREATE_COMPLETE => RESUME_IN_PROGRESS in 0.05337667465209961
2019-11-18 20:37:02.368 11399 RALLYDEBUG rally.task.utils [-] Waiting for resource . Status changed: CREATE_COMPLETE => DELETE_IN_PROGRESS in 0.05357646942138672
2019-11-18 20:37:03.285 11397 RALLYDEBUG rally.task.utils [-] Waiting for resource . Status changed: RESUME_IN_PROGRESS => RESUME_COMPLETE in 1.0767669677734375
2019-11-18 20:37:03.324 11396 RALLYDEBUG rally.task.utils [-] Waiting for resource . Status changed: RESUME_IN_PROGRESS => RESUME_COMPLETE in 1.0750422477722168
2019-11-18 20:37:03.351 11395 RALLYDEBUG rally.task.utils [-] Waiting for resource . Status changed: RESUME_IN_PROGRESS => RESUME_COMPLETE in 1.0750784873962402
2019-11-18 20:37:03.411 11397 RALLYDEBUG rally.task.utils [-] Waiting for resource . Status changed: CREATE_COMPLETE => DELETE_IN_PROGRESS in 0.056792259216308594
2019-11-18 20:37:03.450 11396 RALLYDEBUG rally.task.utils [-] Waiting for resource . Status changed: CREATE_COMPLETE => DELETE_IN_PROGRESS in 0.05099129676818848
2019-11-18 20:37:03.472 11395 RALLYDEBUG rally.task.utils [-] Waiting for resource . Status changed: CREATE_COMPLETE => DELETE_IN_PROGRESS in 0.05462789535522461
2019-11-18 20:37:04.489 11399 INFO rally.task.runner [-] Task 24117ea8-833d-4479-9948-9f03801bf6a0 | ITER: 4 END: OK
2019-11-18 20:37:04.494 11399 INFO rally.task.runner [-] Task 24117ea8-833d-4479-9948-9f03801bf6a0 | ITER: 5 START
2019-11-18 20:37:05.548 11397 INFO rally.task.runner [-] Task 24117ea8-833d-4479-9948-9f03801bf6a0 | ITER: 3 END: OK
2019-11-18 20:37:05.553 11397 INFO rally.task.runner [-] Task 24117ea8-833d-4479-9948-9f03801bf6a0 | ITER: 6 START
2019-11-18 20:37:05.581 11395 INFO rally.task.runner [-] Task 24117ea8-833d-4479-9948-9f03801bf6a0 | ITER: 1 END: OK
2019-11-18 20:37:05.584 11396 INFO rally.task.runner [-] Task 24117ea8-833d-4479-9948-9f03801bf6a0 | ITER: 2 END: OK
2019-11-18 20:37:05.586 11395 INFO rally.task.runner [-] Task 24117ea8-833d-4479-9948-9f03801bf6a0 | ITER: 7 START
2019-11-18 20:37:05.589 11396 INFO rally.task.runner [-] Task 24117ea8-833d-4479-9948-9f03801bf6a0 | ITER: 8 START
2019-11-18 20:37:07.963 11399 RALLYDEBUG rally.task.utils [-] Waiting for resource . Status changed: CREATE_IN_PROGRESS => CREATE_COMPLETE in 0.07055354118347168
2019-11-18 20:37:08.114 11399 RALLYDEBUG rally.task.utils [-] Waiting for resource . Status changed: CREATE_COMPLETE => SUSPEND_IN_PROGRESS in 0.0579075813293457
2019-11-18 20:37:09.004 11396 RALLYDEBUG rally.task.utils [-] Waiting for resource . Status changed: CREATE_IN_PROGRESS => CREATE_COMPLETE in 0.06888175010681152
2019-11-18 20:37:09.004 11397 RALLYDEBUG rally.task.utils [-] Waiting for resource . Status changed: CREATE_IN_PROGRESS => CREATE_COMPLETE in 0.06937360763549805
2019-11-18 20:37:09.018 11395 RALLYDEBUG rally.task.utils [-] Waiting for resource . Status changed: CREATE_IN_PROGRESS => CREATE_COMPLETE in 0.07295441627502441
2019-11-18 20:37:09.157 11396 RALLYDEBUG rally.task.utils [-] Waiting for resource . Status changed: CREATE_COMPLETE => SUSPEND_IN_PROGRESS in 0.05878806114196777
2019-11-18 20:37:09.160 11397 RALLYDEBUG rally.task.utils [-] Waiting for resource . Status changed: CREATE_COMPLETE => SUSPEND_IN_PROGRESS in 0.05956315994262695
2019-11-18 20:37:09.173 11395 RALLYDEBUG rally.task.utils [-] Waiting for resource . Status changed: CREATE_COMPLETE => SUSPEND_IN_PROGRESS in 0.061130523681640625
2019-11-18 20:37:09.179 11399 RALLYDEBUG rally.task.utils [-] Waiting for resource . Status changed: SUSPEND_IN_PROGRESS => SUSPEND_COMPLETE in 1.065345287322998
2019-11-18 20:37:09.329 11399 RALLYDEBUG rally.task.utils [-] Waiting for resource . Status changed: CREATE_COMPLETE => RESUME_IN_PROGRESS in 0.05794548988342285
2019-11-18 20:37:10.227 11396 RALLYDEBUG rally.task.utils [-] Waiting for resource . Status changed: SUSPEND_IN_PROGRESS => SUSPEND_COMPLETE in 1.0703518390655518
2019-11-18 20:37:10.232 11397 RALLYDEBUG rally.task.utils [-] Waiting for resource . Status changed: SUSPEND_IN_PROGRESS => SUSPEND_COMPLETE in 1.0717246532440186
2019-11-18 20:37:10.248 11395 RALLYDEBUG rally.task.utils [-] Waiting for resource . Status changed: SUSPEND_IN_PROGRESS => SUSPEND_COMPLETE in 1.0754401683807373
2019-11-18 20:37:10.402 11399 RALLYDEBUG rally.task.utils [-] Waiting for resource . Status changed: RESUME_IN_PROGRESS => RESUME_COMPLETE in 1.0726876258850098
2019-11-18 20:37:10.402 11397 RALLYDEBUG rally.task.utils [-] Waiting for resource . Status changed: CREATE_COMPLETE => RESUME_IN_PROGRESS in 0.06347870826721191
2019-11-18 20:37:10.406 11396 RALLYDEBUG rally.task.utils [-] Waiting for resource . Status changed: CREATE_COMPLETE => RESUME_IN_PROGRESS in 0.0647575855255127
2019-11-18 20:37:10.426 11395 RALLYDEBUG rally.task.utils [-] Waiting for resource . Status changed: CREATE_COMPLETE => RESUME_IN_PROGRESS in 0.060669898986816406
2019-11-18 20:37:10.517 11399 RALLYDEBUG rally.task.utils [-] Waiting for resource . Status changed: CREATE_COMPLETE => DELETE_IN_PROGRESS in 0.05394887924194336
2019-11-18 20:37:11.479 11396 RALLYDEBUG rally.task.utils [-] Waiting for resource . Status changed: RESUME_IN_PROGRESS => RESUME_COMPLETE in 1.0736489295959473
2019-11-18 20:37:11.483 11397 RALLYDEBUG rally.task.utils [-] Waiting for resource . Status changed: RESUME_IN_PROGRESS => RESUME_COMPLETE in 1.0806465148925781
2019-11-18 20:37:11.495 11395 RALLYDEBUG rally.task.utils [-] Waiting for resource . Status changed: RESUME_IN_PROGRESS => RESUME_COMPLETE in 1.0690901279449463
2019-11-18 20:37:11.605 11396 RALLYDEBUG rally.task.utils [-] Waiting for resource . Status changed: CREATE_COMPLETE => DELETE_IN_PROGRESS in 0.05195951461791992
2019-11-18 20:37:11.609 11395 RALLYDEBUG rally.task.utils [-] Waiting for resource . Status changed: CREATE_COMPLETE => DELETE_IN_PROGRESS in 0.05107569694519043
2019-11-18 20:37:11.615 11397 RALLYDEBUG rally.task.utils [-] Waiting for resource . Status changed: CREATE_COMPLETE => DELETE_IN_PROGRESS in 0.053193092346191406
2019-11-18 20:37:12.642 11399 INFO rally.task.runner [-] Task 24117ea8-833d-4479-9948-9f03801bf6a0 | ITER: 5 END: OK
2019-11-18 20:37:12.646 11399 INFO rally.task.runner [-] Task 24117ea8-833d-4479-9948-9f03801bf6a0 | ITER: 9 START
2019-11-18 20:37:13.725 11396 INFO rally.task.runner [-] Task 24117ea8-833d-4479-9948-9f03801bf6a0 | ITER: 8 END: OK
2019-11-18 20:37:13.727 11395 INFO rally.task.runner [-] Task 24117ea8-833d-4479-9948-9f03801bf6a0 | ITER: 7 END: OK
2019-11-18 20:37:13.728 11397 INFO rally.task.runner [-] Task 24117ea8-833d-4479-9948-9f03801bf6a0 | ITER: 6 END: OK
2019-11-18 20:37:13.729 11396 INFO rally.task.runner [-] Task 24117ea8-833d-4479-9948-9f03801bf6a0 | ITER: 10 START
2019-11-18 20:37:16.231 11399 RALLYDEBUG rally.task.utils [-] Waiting for resource . Status changed: CREATE_IN_PROGRESS => CREATE_COMPLETE in 0.06867861747741699
2019-11-18 20:37:16.395 11399 RALLYDEBUG rally.task.utils [-] Waiting for resource . Status changed: CREATE_COMPLETE => SUSPEND_IN_PROGRESS in 0.061191558837890625
2019-11-18 20:37:17.369 11396 RALLYDEBUG rally.task.utils [-] Waiting for resource . Status changed: CREATE_IN_PROGRESS => CREATE_COMPLETE in 0.07126331329345703
2019-11-18 20:37:17.475 11399 RALLYDEBUG rally.task.utils [-] Waiting for resource . Status changed: SUSPEND_IN_PROGRESS => SUSPEND_COMPLETE in 1.079533338546753
2019-11-18 20:37:17.544 11396 RALLYDEBUG rally.task.utils [-] Waiting for resource . Status changed: CREATE_COMPLETE => SUSPEND_IN_PROGRESS in 0.06628727912902832
2019-11-18 20:37:17.653 11399 RALLYDEBUG rally.task.utils [-] Waiting for resource . Status changed: CREATE_COMPLETE => RESUME_IN_PROGRESS in 0.06475639343261719
2019-11-18 20:37:18.636 11396 RALLYDEBUG rally.task.utils [-] Waiting for resource . Status changed: SUSPEND_IN_PROGRESS => SUSPEND_COMPLETE in 1.0924103260040283
2019-11-18 20:37:18.721 11399 RALLYDEBUG rally.task.utils [-] Waiting for resource . Status changed: RESUME_IN_PROGRESS => RESUME_COMPLETE in 1.0677640438079834
2019-11-18 20:37:18.810 11396 RALLYDEBUG rally.task.utils [-] Waiting for resource . Status changed: CREATE_COMPLETE => RESUME_IN_PROGRESS in 0.06661438941955566
2019-11-18 20:37:18.846 11399 RALLYDEBUG rally.task.utils [-] Waiting for resource . Status changed: CREATE_COMPLETE => DELETE_IN_PROGRESS in 0.06138205528259277
2019-11-18 20:37:19.888 11396 RALLYDEBUG rally.task.utils [-] Waiting for resource . Status changed: RESUME_IN_PROGRESS => RESUME_COMPLETE in 1.0775425434112549
2019-11-18 20:37:20.009 11396 RALLYDEBUG rally.task.utils [-] Waiting for resource . Status changed: CREATE_COMPLETE => DELETE_IN_PROGRESS in 0.0613710880279541
2019-11-18 20:37:20.984 11399 INFO rally.task.runner [-] Task 24117ea8-833d-4479-9948-9f03801bf6a0 | ITER: 9 END: OK
2019-11-18 20:37:21.072 11396 INFO rally.task.runner [-] Task 24117ea8-833d-4479-9948-9f03801bf6a0 | ITER: 10 END: OK
2019-11-18 20:37:21.102 8497 INFO rally.task.context [-] Task 24117ea8-833d-4479-9948-9f03801bf6a0 | Context cleanup@openstack cleanup() started
2019-11-18 20:37:21.106 8497 RALLYDEBUG rally_openstack.cleanup.manager [-] Cleaning up heat stacks objects
2019-11-18 20:37:22.655 8497 INFO rally.task.context [-] Task 24117ea8-833d-4479-9948-9f03801bf6a0 | Context cleanup@openstack cleanup() finished in 1.55 sec
2019-11-18 20:37:22.655 8497 INFO rally.task.context [-] Task 24117ea8-833d-4479-9948-9f03801bf6a0 | Context roles@openstack cleanup() started
2019-11-18 20:37:22.656 8497 RALLYDEBUG rally_openstack.contexts.keystone.roles [-] Removing assigned role 49d298b17cd7474a8f000add4c3e0759 from all users
2019-11-18 20:37:23.742 8497 INFO rally.task.context [-] Task 24117ea8-833d-4479-9948-9f03801bf6a0 | Context roles@openstack cleanup() finished in 1.09 sec
2019-11-18 20:37:23.742 8497 INFO rally.task.context [-] Task 24117ea8-833d-4479-9948-9f03801bf6a0 | Context users@openstack cleanup() started
2019-11-18 20:37:28.639 8497 INFO rally.task.context [-] Task 24117ea8-833d-4479-9948-9f03801bf6a0 | Context users@openstack cleanup() finished in 4.90 sec
2019-11-18 20:37:28.957 8497 INFO rally.task.engine [-] Load duration is: 21.677347
2019-11-18 20:37:28.957 8497 INFO rally.task.engine [-] Full runner duration is: 23.729263
2019-11-18 20:37:28.957 8497 INFO rally.task.engine [-] Full duration is: 39.889016
2019-11-18 20:37:29.304 8497 INFO rally.task.engine [-] Running workload: position = 0 config = { "version": 2, "title": "A cropped version of a bigger task.", "description": "Auto-generated task from a single workload (uuid=f616c3bf-4d9d-4b98-8f13-167efc530092)", "subtasks": [ { "title": "HeatStacks.list_stacks_and_resources", "description": "List all resources from tenant stacks.", "scenario": { "HeatStacks.list_stacks_and_resources": {} }, "contexts": { "users": { "tenants": 3, "users_per_tenant": 2 }, "roles": [ "heat_stack_owner" ] }, "runner": { "constant": { "concurrency": 4, "times": 10 } }, "hooks": [], "sla": { "failure_rate": { "max": 0 } } } ] }
2019-11-18 20:37:29.330 8497 RALLYDEBUG rally_openstack.contexts.keystone.users [-] Creating 3 tenants using 20 threads
2019-11-18 20:37:30.412 8497 RALLYDEBUG rally_openstack.contexts.keystone.users [-] Creating 6 users using 20 threads
2019-11-18 20:37:32.050 8497 INFO rally.task.context [-] Task 24117ea8-833d-4479-9948-9f03801bf6a0 | Context users@openstack setup() finished in 2.72 sec
2019-11-18 20:37:32.755 8497 RALLYDEBUG rally_openstack.contexts.keystone.roles [-] Adding role heat_stack_owner having ID 49d298b17cd7474a8f000add4c3e0759 to all users using 30 threads
2019-11-18 20:37:37.959 8497 INFO rally.task.context [-] Task 24117ea8-833d-4479-9948-9f03801bf6a0 | Context roles@openstack setup() finished in 5.91 sec
2019-11-18 20:37:37.968 8497 RALLYDEBUG rally.task.runner [-] Starting the constant runner (task UUID: 24117ea8-833d-4479-9948-9f03801bf6a0). times: 10 concurrency: 4 timeout: 0 max_cpu_used: 16 processes_to_start: 4 concurrency_per_worker: 1 concurrency_overhead: 0
2019-11-18 20:37:37.979 11579 RALLYDEBUG rally.task.runner [-] Starting a worker. times: 10 duration: None concurrency: 1 timeout: 0 cls: method_name: run args: {}
2019-11-18 20:37:37.983 11580 RALLYDEBUG rally.task.runner [-] Starting a worker. times: 10 duration: None concurrency: 1 timeout: 0 cls: method_name: run args: {}
2019-11-18 20:37:37.986 11579 INFO rally.task.runner [-] Task 24117ea8-833d-4479-9948-9f03801bf6a0 | ITER: 1 START
2019-11-18 20:37:37.989 11580 INFO rally.task.runner [-] Task 24117ea8-833d-4479-9948-9f03801bf6a0 | ITER: 2 START
2019-11-18 20:37:37.988 11581 RALLYDEBUG rally.task.runner [-] Starting a worker. times: 10 duration: None concurrency: 1 timeout: 0 cls: method_name: run args: {}
2019-11-18 20:37:37.994 11586 RALLYDEBUG rally.task.runner [-] Starting a worker. times: 10 duration: None concurrency: 1 timeout: 0 cls: method_name: run args: {}
2019-11-18 20:37:37.995 11581 INFO rally.task.runner [-] Task 24117ea8-833d-4479-9948-9f03801bf6a0 | ITER: 3 START
2019-11-18 20:37:37.999 11586 INFO rally.task.runner [-] Task 24117ea8-833d-4479-9948-9f03801bf6a0 | ITER: 4 START
2019-11-18 20:37:38.535 11580 INFO rally.task.runner [-] Task 24117ea8-833d-4479-9948-9f03801bf6a0 | ITER: 2 END: OK
2019-11-18 20:37:38.539 11579 INFO rally.task.runner [-] Task 24117ea8-833d-4479-9948-9f03801bf6a0 | ITER: 1 END: OK
2019-11-18 20:37:38.539 11580 INFO rally.task.runner [-] Task 24117ea8-833d-4479-9948-9f03801bf6a0 | ITER: 5 START
2019-11-18 20:37:38.543 11579 INFO rally.task.runner [-] Task 24117ea8-833d-4479-9948-9f03801bf6a0 | ITER: 6 START
2019-11-18 20:37:38.545 11581 INFO rally.task.runner [-] Task 24117ea8-833d-4479-9948-9f03801bf6a0 | ITER: 3 END: OK
2019-11-18 20:37:38.549 11581 INFO rally.task.runner [-] Task 24117ea8-833d-4479-9948-9f03801bf6a0 | ITER: 7 START
2019-11-18 20:37:38.553 11586 INFO rally.task.runner [-] Task 24117ea8-833d-4479-9948-9f03801bf6a0 | ITER: 4 END: OK
2019-11-18 20:37:38.557 11586 INFO rally.task.runner [-] Task 24117ea8-833d-4479-9948-9f03801bf6a0 | ITER: 8 START
2019-11-18 20:37:38.914 11580 INFO rally.task.runner [-] Task 24117ea8-833d-4479-9948-9f03801bf6a0 | ITER: 5 END: OK
2019-11-18 20:37:38.919 11580 INFO rally.task.runner [-] Task 24117ea8-833d-4479-9948-9f03801bf6a0 | ITER: 9 START
2019-11-18 20:37:38.919 11581 INFO rally.task.runner [-] Task 24117ea8-833d-4479-9948-9f03801bf6a0 | ITER: 7 END: OK
2019-11-18 20:37:38.922 11581 INFO rally.task.runner [-] Task 24117ea8-833d-4479-9948-9f03801bf6a0 | ITER: 10 START
2019-11-18 20:37:38.974 11579 INFO rally.task.runner [-] Task 24117ea8-833d-4479-9948-9f03801bf6a0 | ITER: 6 END: OK
2019-11-18 20:37:38.983 11586 INFO rally.task.runner [-] Task 24117ea8-833d-4479-9948-9f03801bf6a0 | ITER: 8 END: OK
2019-11-18 20:37:39.344 11580 INFO rally.task.runner [-] Task 24117ea8-833d-4479-9948-9f03801bf6a0 | ITER: 9 END: OK
2019-11-18 20:37:39.384 11581 INFO rally.task.runner [-] Task 24117ea8-833d-4479-9948-9f03801bf6a0 | ITER: 10 END: OK
2019-11-18 20:37:39.406 8497 INFO rally.task.context [-] Task 24117ea8-833d-4479-9948-9f03801bf6a0 | Context roles@openstack cleanup() started
2019-11-18 20:37:39.406 8497 RALLYDEBUG rally_openstack.contexts.keystone.roles [-] Removing assigned role 49d298b17cd7474a8f000add4c3e0759 from all users
2019-11-18 20:37:40.359 8497 INFO rally.task.context [-] Task 24117ea8-833d-4479-9948-9f03801bf6a0 | Context roles@openstack cleanup() finished in 0.95 sec
2019-11-18 20:37:40.360 8497 INFO rally.task.context [-] Task 24117ea8-833d-4479-9948-9f03801bf6a0 | Context users@openstack cleanup() started
2019-11-18 20:37:45.335 8497 INFO rally.task.context [-] Task 24117ea8-833d-4479-9948-9f03801bf6a0 | Context users@openstack cleanup() finished in 4.97 sec
2019-11-18 20:37:45.520 8497 INFO rally.task.engine [-] Load duration is: 1.397033
2019-11-18 20:37:45.520 8497 INFO rally.task.engine [-] Full runner duration is: 1.43789
2019-11-18 20:37:45.521 8497 INFO rally.task.engine [-] Full duration is: 16.006341
2019-11-18 20:37:45.819 8497 INFO rally.task.engine [-] Task 24117ea8-833d-4479-9948-9f03801bf6a0 | Completed: Running task.
2019-11-18 20:37:47.366 11671 RALLYDEBUG rally.api [-] INFO logs from urllib3 and requests module are hide.
2019-11-18 20:37:47.366 11671 RALLYDEBUG rally.api [-] urllib3 insecure warnings are hidden.
2019-11-18 20:37:47.366 11671 RALLYDEBUG rally.api [-] ERROR log from boto module is hide.
2019-11-18 20:37:48.456 11672 RALLYDEBUG rally.api [-] INFO logs from urllib3 and requests module are hide.
2019-11-18 20:37:48.457 11672 RALLYDEBUG rally.api [-] urllib3 insecure warnings are hidden.
2019-11-18 20:37:48.457 11672 RALLYDEBUG rally.api [-] ERROR log from boto module is hide.
2019-11-18 20:37:49.569 11673 RALLYDEBUG rally.api [-] INFO logs from urllib3 and requests module are hide.
2019-11-18 20:37:49.569 11673 RALLYDEBUG rally.api [-] urllib3 insecure warnings are hidden.
2019-11-18 20:37:49.569 11673 RALLYDEBUG rally.api [-] ERROR log from boto module is hide.
2019-11-18 20:37:51.215 11673 INFO rally.api [-] Building 'json' report for the following task(s): '24117ea8-833d-4479-9948-9f03801bf6a0'.
2019-11-18 20:37:51.237 11673 INFO rally.api [-] The report has been successfully built.
2019-11-18 20:37:52.603 11675 RALLYDEBUG rally.api [-] INFO logs from urllib3 and requests module are hide.
2019-11-18 20:37:52.604 11675 RALLYDEBUG rally.api [-] urllib3 insecure warnings are hidden.
2019-11-18 20:37:52.604 11675 RALLYDEBUG rally.api [-] ERROR log from boto module is hide.
2019-11-18 20:37:54.467 11675 INFO rally.task.engine [-] Task bcb2ab72-f627-4024-bac0-6ef936815a51 | Starting: Task validation.
2019-11-18 20:37:54.518 11675 INFO rally.task.engine [-] Task bcb2ab72-f627-4024-bac0-6ef936815a51 | Starting: Task validation of syntax.
2019-11-18 20:37:54.662 11675 INFO rally.task.engine [-] Task bcb2ab72-f627-4024-bac0-6ef936815a51 | Completed: Task validation of syntax.
2019-11-18 20:37:54.662 11675 INFO rally.task.engine [-] Task bcb2ab72-f627-4024-bac0-6ef936815a51 | Starting: Task validation of required platforms.
2019-11-18 20:37:54.726 11675 INFO rally.task.engine [-] Task bcb2ab72-f627-4024-bac0-6ef936815a51 | Completed: Task validation of required platforms.
2019-11-18 20:37:54.728 11675 INFO rally.task.engine [-] Task bcb2ab72-f627-4024-bac0-6ef936815a51 | Starting: Task validation of semantic.
2019-11-18 20:37:54.728 11675 INFO rally.task.engine [-] Check health of the environment 'fff30b6c-fd7c-4208-aaed-a1587a099099'.
2019-11-18 20:37:55.742 11675 INFO rally.task.engine [-] Platform existing@openstack (available: True): OK!
2019-11-18 20:37:55.764 11675 RALLYDEBUG rally_openstack.contexts.keystone.users [-] Creating 1 tenants using 20 threads
2019-11-18 20:37:56.608 11675 RALLYDEBUG rally_openstack.contexts.keystone.users [-] Creating 1 users using 20 threads
2019-11-18 20:37:57.959 11675 INFO rally.task.context [-] Task bcb2ab72-f627-4024-bac0-6ef936815a51 | Context users@openstack setup() finished in 2.20 sec
2019-11-18 20:37:58.050 11675 INFO rally.task.context [-] Task bcb2ab72-f627-4024-bac0-6ef936815a51 | Context users@openstack cleanup() started
2019-11-18 20:38:01.023 11675 INFO rally.task.context [-] Task bcb2ab72-f627-4024-bac0-6ef936815a51 | Context users@openstack cleanup() finished in 2.97 sec
2019-11-18 20:38:01.023 11675 INFO rally.task.engine [-] Task bcb2ab72-f627-4024-bac0-6ef936815a51 | Completed: Task validation of semantic.
2019-11-18 20:38:01.024 11675 INFO rally.task.engine [-] Task bcb2ab72-f627-4024-bac0-6ef936815a51 | Completed: Task validation.
2019-11-18 20:38:01.024 11675 INFO rally.api [-] Task bcb2ab72-f627-4024-bac0-6ef936815a51 input file is valid.
2019-11-18 20:38:01.025 11675 INFO rally.api [-] Run Task bcb2ab72-f627-4024-bac0-6ef936815a51 against Deployment fff30b6c-fd7c-4208-aaed-a1587a099099
2019-11-18 20:38:01.025 11675 INFO rally.task.engine [-] Task bcb2ab72-f627-4024-bac0-6ef936815a51 | Starting: Running task.
2019-11-18 20:38:01.214 11675 INFO rally.task.engine [-] Running workload: position = 0 config = { "version": 2, "title": "A cropped version of a bigger task.", "description": "Auto-generated task from a single workload (uuid=2413fc15-e093-4e6a-b4db-0f3929a9b021)", "subtasks": [ { "title": "KeystoneBasic.add_and_remove_user_role", "description": "Create a user role add to a user and disassociate.", "scenario": { "KeystoneBasic.add_and_remove_user_role": {} }, "contexts": { "users": { "tenants": 3, "users_per_tenant": 2 } }, "runner": { "constant": { "concurrency": 4, "times": 10 } }, "hooks": [], "sla": { "failure_rate": { "max": 0 } } } ] }
2019-11-18 20:38:01.237 11675 RALLYDEBUG rally_openstack.contexts.keystone.users [-] Creating 3 tenants using 20 threads
2019-11-18 20:38:02.174 11675 RALLYDEBUG rally_openstack.contexts.keystone.users [-] Creating 6 users using 20 threads
2019-11-18 20:38:03.758 11675 INFO rally.task.context [-] Task bcb2ab72-f627-4024-bac0-6ef936815a51 | Context users@openstack setup() finished in 2.52 sec
2019-11-18 20:38:03.758 11675 INFO rally.task.context [-] Task bcb2ab72-f627-4024-bac0-6ef936815a51 | Context admin_cleanup@openstack setup() finished in 0.02 msec
2019-11-18 20:38:03.767 11675 RALLYDEBUG rally.task.runner [-] Starting the constant runner (task UUID: bcb2ab72-f627-4024-bac0-6ef936815a51). times: 10 concurrency: 4 timeout: 0 max_cpu_used: 16 processes_to_start: 4 concurrency_per_worker: 1 concurrency_overhead: 0
2019-11-18 20:38:03.780 11799 RALLYDEBUG rally.task.runner [-] Starting a worker. times: 10 duration: None concurrency: 1 timeout: 0 cls: method_name: run args: {}
2019-11-18 20:38:03.784 11800 RALLYDEBUG rally.task.runner [-] Starting a worker. times: 10 duration: None concurrency: 1 timeout: 0 cls: method_name: run args: {}
2019-11-18 20:38:03.787 11799 INFO rally.task.runner [-] Task bcb2ab72-f627-4024-bac0-6ef936815a51 | ITER: 1 START
2019-11-18 20:38:03.787 11801 RALLYDEBUG rally.task.runner [-] Starting a worker. times: 10 duration: None concurrency: 1 timeout: 0 cls: method_name: run args: {}
2019-11-18 20:38:03.790 11800 INFO rally.task.runner [-] Task bcb2ab72-f627-4024-bac0-6ef936815a51 | ITER: 2 START
2019-11-18 20:38:03.790 11803 RALLYDEBUG rally.task.runner [-] Starting a worker. times: 10 duration: None concurrency: 1 timeout: 0 cls: method_name: run args: {}
2019-11-18 20:38:03.793 11801 INFO rally.task.runner [-] Task bcb2ab72-f627-4024-bac0-6ef936815a51 | ITER: 3 START
2019-11-18 20:38:03.795 11803 INFO rally.task.runner [-] Task bcb2ab72-f627-4024-bac0-6ef936815a51 | ITER: 4 START
2019-11-18 20:38:05.333 11803 INFO rally.task.runner [-] Task bcb2ab72-f627-4024-bac0-6ef936815a51 | ITER: 4 END: OK
2019-11-18 20:38:05.338 11803 INFO rally.task.runner [-] Task bcb2ab72-f627-4024-bac0-6ef936815a51 | ITER: 5 START
2019-11-18 20:38:05.345 11800 INFO rally.task.runner [-] Task bcb2ab72-f627-4024-bac0-6ef936815a51 | ITER: 2 END: OK
2019-11-18 20:38:05.349 11800 INFO rally.task.runner [-] Task bcb2ab72-f627-4024-bac0-6ef936815a51 | ITER: 6 START
2019-11-18 20:38:05.401 11801 INFO rally.task.runner [-] Task bcb2ab72-f627-4024-bac0-6ef936815a51 | ITER: 3 END: OK
2019-11-18 20:38:05.406 11801 INFO rally.task.runner [-] Task bcb2ab72-f627-4024-bac0-6ef936815a51 | ITER: 7 START
2019-11-18 20:38:05.505 11799 INFO rally.task.runner [-] Task bcb2ab72-f627-4024-bac0-6ef936815a51 | ITER: 1 END: OK
2019-11-18 20:38:05.510 11799 INFO rally.task.runner [-] Task bcb2ab72-f627-4024-bac0-6ef936815a51 | ITER: 8 START
2019-11-18 20:38:06.898 11800 INFO rally.task.runner [-] Task bcb2ab72-f627-4024-bac0-6ef936815a51 | ITER: 6 END: OK
2019-11-18 20:38:06.902 11800 INFO rally.task.runner [-] Task bcb2ab72-f627-4024-bac0-6ef936815a51 | ITER: 9 START
2019-11-18 20:38:06.907 11801 INFO rally.task.runner [-] Task bcb2ab72-f627-4024-bac0-6ef936815a51 | ITER: 7 END: OK
2019-11-18 20:38:06.910 11801 INFO rally.task.runner [-] Task bcb2ab72-f627-4024-bac0-6ef936815a51 | ITER: 10 START
2019-11-18 20:38:06.998 11803 INFO rally.task.runner [-] Task bcb2ab72-f627-4024-bac0-6ef936815a51 | ITER: 5 END: OK
2019-11-18 20:38:07.120 11799 INFO rally.task.runner [-] Task bcb2ab72-f627-4024-bac0-6ef936815a51 | ITER: 8 END: OK
2019-11-18 20:38:08.583 11801 INFO rally.task.runner [-] Task bcb2ab72-f627-4024-bac0-6ef936815a51 | ITER: 10 END: OK
2019-11-18 20:38:08.586 11800 INFO rally.task.runner [-] Task bcb2ab72-f627-4024-bac0-6ef936815a51 | ITER: 9 END: OK
2019-11-18 20:38:08.613 11675 INFO rally.task.context [-] Task bcb2ab72-f627-4024-bac0-6ef936815a51 | Context admin_cleanup@openstack cleanup() started
2019-11-18 20:38:08.616 11675 RALLYDEBUG rally_openstack.cleanup.manager [-] Cleaning up keystone user objects
2019-11-18 20:38:09.506 11675 RALLYDEBUG rally_openstack.cleanup.manager [-] Cleaning up keystone project objects
2019-11-18 20:38:10.253 11675 RALLYDEBUG rally_openstack.cleanup.manager [-] Cleaning up keystone service objects
2019-11-18 20:38:11.029 11675 RALLYDEBUG rally_openstack.cleanup.manager [-] Cleaning up keystone role objects
2019-11-18 20:38:11.763 11675 RALLYDEBUG rally_openstack.cleanup.manager [-] Deleting keystone.role object s_rally_2413fc15_d1XBDQI6 (165bcac800e2442d9c102ee616cccf52)
2019-11-18 20:38:11.772 11675 RALLYDEBUG rally_openstack.cleanup.manager [-] Deleting keystone.role object s_rally_2413fc15_7aLCFmNF (16c4627b7d604b90b1bb84eb37b5a3e2)
2019-11-18 20:38:11.780 11675 RALLYDEBUG rally_openstack.cleanup.manager [-] Deleting keystone.role object s_rally_2413fc15_MDK8Y50L (1e99ba10a6e642078461541e37477f7e)
2019-11-18 20:38:11.784 11675 RALLYDEBUG rally_openstack.cleanup.manager [-] Deleting keystone.role object s_rally_2413fc15_F7LUJ9Jm (1ff6262d006e44e0b7320aab7e58b859)
2019-11-18 20:38:11.804 11675 RALLYDEBUG rally_openstack.cleanup.manager [-] Deleting keystone.role object s_rally_2413fc15_xJC5etC3 (43c354f40ed6461d98877e46a1215a4f)
2019-11-18 20:38:11.805 11675 RALLYDEBUG rally_openstack.cleanup.manager [-] Deleting keystone.role object s_rally_2413fc15_bDpzv1Sw (6c59d769d7f64dd492fed2fa5eeed469)
2019-11-18 20:38:11.833 11675 RALLYDEBUG rally_openstack.cleanup.manager [-] Deleting keystone.role object s_rally_2413fc15_E7TMbgzx (b7accf8195be4f8c84088e7c183e7b26)
2019-11-18 20:38:11.837 11675 RALLYDEBUG rally_openstack.cleanup.manager [-] Deleting keystone.role object s_rally_2413fc15_dgkS8u91 (bc983a1094834de59faad0e219fa6d38)
2019-11-18 20:38:11.841 11675 RALLYDEBUG rally_openstack.cleanup.manager [-] Deleting keystone.role object s_rally_2413fc15_QvxVno2o (ca9e4bec568e4f8f8a114ff2d4605cfe)
2019-11-18 20:38:11.845 11675 RALLYDEBUG rally_openstack.cleanup.manager [-] Deleting keystone.role object s_rally_2413fc15_oW2V8eTw (e20e563116f7452ea0927a3fdd4b9aff)
2019-11-18 20:38:13.850 11675 INFO rally.task.context [-] Task bcb2ab72-f627-4024-bac0-6ef936815a51 | Context admin_cleanup@openstack cleanup() finished in 5.24 sec
2019-11-18 20:38:13.851 11675 INFO rally.task.context [-] Task bcb2ab72-f627-4024-bac0-6ef936815a51 | Context users@openstack cleanup() started
2019-11-18 20:38:18.650 11675 INFO rally.task.context [-] Task bcb2ab72-f627-4024-bac0-6ef936815a51 | Context users@openstack cleanup() finished in 4.80 sec
2019-11-18 20:38:19.345 11675 INFO rally.task.engine [-] Load duration is: 3.49806
2019-11-18 20:38:19.345 11675 INFO rally.task.engine [-] Full runner duration is: 4.846357
2019-11-18 20:38:19.345 11675 INFO rally.task.engine [-] Full duration is: 17.414129
2019-11-18 20:38:19.711 11675 INFO rally.task.engine [-] Running workload: position = 0 config = { "version": 2, "title": "A cropped version of a bigger task.", "description": "Auto-generated task from a single workload (uuid=1cbecb6c-5631-4f32-98b4-54d81a51049f)", "subtasks": [ { "title": "KeystoneBasic.create_add_and_list_user_roles", "description": "Create user role, add it and list user roles for given user.", "scenario": { "KeystoneBasic.create_add_and_list_user_roles": {} }, "contexts": { "users": { "tenants": 3, "users_per_tenant": 2 } }, "runner": { "constant": { "concurrency": 4, "times": 10 } }, "hooks": [], "sla": { "failure_rate": { "max": 0 } } } ] }
2019-11-18 20:38:19.737 11675 RALLYDEBUG rally_openstack.contexts.keystone.users [-] Creating 3 tenants using 20 threads
2019-11-18 20:38:20.792 11675 RALLYDEBUG rally_openstack.contexts.keystone.users [-] Creating 6 users using 20 threads
2019-11-18 20:38:22.338 11675 INFO rally.task.context [-] Task bcb2ab72-f627-4024-bac0-6ef936815a51 | Context users@openstack setup() finished in 2.60 sec
2019-11-18 20:38:22.339 11675 INFO rally.task.context [-] Task bcb2ab72-f627-4024-bac0-6ef936815a51 | Context admin_cleanup@openstack setup() finished in 0.01 msec
2019-11-18 20:38:22.347 11675 RALLYDEBUG rally.task.runner [-] Starting the constant runner (task UUID: bcb2ab72-f627-4024-bac0-6ef936815a51). times: 10 concurrency: 4 timeout: 0 max_cpu_used: 16 processes_to_start: 4 concurrency_per_worker: 1 concurrency_overhead: 0
2019-11-18 20:38:22.359 11983 RALLYDEBUG rally.task.runner [-] Starting a worker. times: 10 duration: None concurrency: 1 timeout: 0 cls: method_name: run args: {}
2019-11-18 20:38:22.363 11984 RALLYDEBUG rally.task.runner [-] Starting a worker. times: 10 duration: None concurrency: 1 timeout: 0 cls: method_name: run args: {}
2019-11-18 20:38:22.366 11983 INFO rally.task.runner [-] Task bcb2ab72-f627-4024-bac0-6ef936815a51 | ITER: 1 START
2019-11-18 20:38:22.366 11985 RALLYDEBUG rally.task.runner [-] Starting a worker. times: 10 duration: None concurrency: 1 timeout: 0 cls: method_name: run args: {}
2019-11-18 20:38:22.369 11984 INFO rally.task.runner [-] Task bcb2ab72-f627-4024-bac0-6ef936815a51 | ITER: 2 START
2019-11-18 20:38:22.370 11988 RALLYDEBUG rally.task.runner [-] Starting a worker. times: 10 duration: None concurrency: 1 timeout: 0 cls: method_name: run args: {}
2019-11-18 20:38:22.373 11985 INFO rally.task.runner [-] Task bcb2ab72-f627-4024-bac0-6ef936815a51 | ITER: 3 START
2019-11-18 20:38:22.376 11988 INFO rally.task.runner [-] Task bcb2ab72-f627-4024-bac0-6ef936815a51 | ITER: 4 START
2019-11-18 20:38:23.860 11988 INFO rally.task.runner [-] Task bcb2ab72-f627-4024-bac0-6ef936815a51 | ITER: 4 END: OK
2019-11-18 20:38:23.861 11985 INFO rally.task.runner [-] Task bcb2ab72-f627-4024-bac0-6ef936815a51 | ITER: 3 END: OK
2019-11-18 20:38:23.864 11988 INFO rally.task.runner [-] Task bcb2ab72-f627-4024-bac0-6ef936815a51 | ITER: 5 START
2019-11-18 20:38:23.866 11985 INFO rally.task.runner [-] Task bcb2ab72-f627-4024-bac0-6ef936815a51 | ITER: 6 START
2019-11-18 20:38:23.877 11984 INFO rally.task.runner [-] Task bcb2ab72-f627-4024-bac0-6ef936815a51 | ITER: 2 END: OK
2019-11-18 20:38:23.881 11984 INFO rally.task.runner [-] Task bcb2ab72-f627-4024-bac0-6ef936815a51 | ITER: 7 START
2019-11-18 20:38:23.961 11983 INFO rally.task.runner [-] Task bcb2ab72-f627-4024-bac0-6ef936815a51 | ITER: 1 END: OK
2019-11-18 20:38:23.965 11983 INFO rally.task.runner [-] Task bcb2ab72-f627-4024-bac0-6ef936815a51 | ITER: 8 START
2019-11-18 20:38:25.374 11988 INFO rally.task.runner [-] Task bcb2ab72-f627-4024-bac0-6ef936815a51 | ITER: 5 END: OK
2019-11-18 20:38:25.379 11988 INFO rally.task.runner [-] Task bcb2ab72-f627-4024-bac0-6ef936815a51 | ITER: 9 START
2019-11-18 20:38:25.432 11984 INFO rally.task.runner [-] Task bcb2ab72-f627-4024-bac0-6ef936815a51 | ITER: 7 END: OK
2019-11-18 20:38:25.436 11984 INFO rally.task.runner [-] Task bcb2ab72-f627-4024-bac0-6ef936815a51 | ITER: 10 START
2019-11-18 20:38:25.444 11985 INFO rally.task.runner [-] Task bcb2ab72-f627-4024-bac0-6ef936815a51 | ITER: 6 END: OK
2019-11-18 20:38:25.470 11983 INFO rally.task.runner [-] Task bcb2ab72-f627-4024-bac0-6ef936815a51 | ITER: 8 END: OK
2019-11-18 20:38:26.897 11988 INFO rally.task.runner [-] Task bcb2ab72-f627-4024-bac0-6ef936815a51 | ITER: 9 END: OK
2019-11-18 20:38:27.036 11984 INFO rally.task.runner [-] Task bcb2ab72-f627-4024-bac0-6ef936815a51 | ITER: 10 END: OK
2019-11-18 20:38:27.063 11675 INFO rally.task.context [-] Task bcb2ab72-f627-4024-bac0-6ef936815a51 | Context admin_cleanup@openstack cleanup() started
2019-11-18 20:38:27.067 11675 RALLYDEBUG rally_openstack.cleanup.manager [-] Cleaning up keystone user objects
2019-11-18 20:38:27.894 11675 RALLYDEBUG rally_openstack.cleanup.manager [-] Cleaning up keystone project objects
2019-11-18 20:38:28.661 11675 RALLYDEBUG rally_openstack.cleanup.manager [-] Cleaning up keystone service objects
2019-11-18 20:38:29.420 11675 RALLYDEBUG rally_openstack.cleanup.manager [-] Cleaning up keystone role objects
