2019-11-18 20:42:36.849 13785 RALLYDEBUG rally.task.runner [-] Starting the constant runner (task UUID: 70f16d94-7e97-4551-ac69-1a421e3e1502). times: 10 concurrency: 4 timeout: 0 max_cpu_used: 16 processes_to_start: 4 concurrency_per_worker: 1 concurrency_overhead: 0
2019-11-18 20:42:36.861 14233 RALLYDEBUG rally.task.runner [-] Starting a worker. times: 10 duration: None concurrency: 1 timeout: 0 cls: method_name: run args: {"network_create_args": {}, "port_create_args": {}, "port_update_args": {"admin_state_up": false, "device_id": "dummy_id", "device_owner": "dummy_owner"}, "ports_per_network": 1}
2019-11-18 20:42:36.865 14234 RALLYDEBUG rally.task.runner [-] Starting a worker. times: 10 duration: None concurrency: 1 timeout: 0 cls: method_name: run args: {"network_create_args": {}, "port_create_args": {}, "port_update_args": {"admin_state_up": false, "device_id": "dummy_id", "device_owner": "dummy_owner"}, "ports_per_network": 1}
2019-11-18 20:42:36.868 14233 INFO rally.task.runner [-] Task 70f16d94-7e97-4551-ac69-1a421e3e1502 | ITER: 1 START
2019-11-18 20:42:36.868 14235 RALLYDEBUG rally.task.runner [-] Starting a worker. times: 10 duration: None concurrency: 1 timeout: 0 cls: method_name: run args: {"network_create_args": {}, "port_create_args": {}, "port_update_args": {"admin_state_up": false, "device_id": "dummy_id", "device_owner": "dummy_owner"}, "ports_per_network": 1}
2019-11-18 20:42:36.872 14234 INFO rally.task.runner [-] Task 70f16d94-7e97-4551-ac69-1a421e3e1502 | ITER: 2 START
2019-11-18 20:42:36.871 14236 RALLYDEBUG rally.task.runner [-] Starting a worker. times: 10 duration: None concurrency: 1 timeout: 0 cls: method_name: run args: {"network_create_args": {}, "port_create_args": {}, "port_update_args": {"admin_state_up": false, "device_id": "dummy_id", "device_owner": "dummy_owner"}, "ports_per_network": 1}
2019-11-18 20:42:36.875 14235 INFO rally.task.runner [-] Task 70f16d94-7e97-4551-ac69-1a421e3e1502 | ITER: 3 START
2019-11-18 20:42:36.879 14236 INFO rally.task.runner [-] Task 70f16d94-7e97-4551-ac69-1a421e3e1502 | ITER: 4 START
2019-11-18 20:42:38.575 14236 INFO rally.task.runner [-] Task 70f16d94-7e97-4551-ac69-1a421e3e1502 | ITER: 4 END: OK
2019-11-18 20:42:38.580 14236 INFO rally.task.runner [-] Task 70f16d94-7e97-4551-ac69-1a421e3e1502 | ITER: 5 START
2019-11-18 20:42:38.874 14233 INFO rally.task.runner [-] Task 70f16d94-7e97-4551-ac69-1a421e3e1502 | ITER: 1 END: OK
2019-11-18 20:42:38.878 14233 INFO rally.task.runner [-] Task 70f16d94-7e97-4551-ac69-1a421e3e1502 | ITER: 6 START
2019-11-18 20:42:38.937 14235 INFO rally.task.runner [-] Task 70f16d94-7e97-4551-ac69-1a421e3e1502 | ITER: 3 END: OK
2019-11-18 20:42:38.942 14235 INFO rally.task.runner [-] Task 70f16d94-7e97-4551-ac69-1a421e3e1502 | ITER: 7 START
2019-11-18 20:42:39.053 14234 INFO rally.task.runner [-] Task 70f16d94-7e97-4551-ac69-1a421e3e1502 | ITER: 2 END: OK
2019-11-18 20:42:39.057 14234 INFO rally.task.runner [-] Task 70f16d94-7e97-4551-ac69-1a421e3e1502 | ITER: 8 START
2019-11-18 20:42:40.260 14235 INFO rally.task.runner [-] Task 70f16d94-7e97-4551-ac69-1a421e3e1502 | ITER: 7 END: OK
2019-11-18 20:42:40.264 14235 INFO rally.task.runner [-] Task 70f16d94-7e97-4551-ac69-1a421e3e1502 | ITER: 9 START
2019-11-18 20:42:40.385 14233 INFO rally.task.runner [-] Task 70f16d94-7e97-4551-ac69-1a421e3e1502 | ITER: 6 END: OK
2019-11-18 20:42:40.389 14233 INFO rally.task.runner [-] Task 70f16d94-7e97-4551-ac69-1a421e3e1502 | ITER: 10 START
2019-11-18 20:42:40.394 14236 INFO rally.task.runner [-] Task 70f16d94-7e97-4551-ac69-1a421e3e1502 | ITER: 5 END: OK
2019-11-18 20:42:40.767 14234 INFO rally.task.runner [-] Task 70f16d94-7e97-4551-ac69-1a421e3e1502 | ITER: 8 END: OK
2019-11-18 20:42:41.592 14235 INFO rally.task.runner [-] Task 70f16d94-7e97-4551-ac69-1a421e3e1502 | ITER: 9 END: OK
2019-11-18 20:42:41.729 14233 INFO rally.task.runner [-] Task 70f16d94-7e97-4551-ac69-1a421e3e1502 | ITER: 10 END: OK
2019-11-18 20:42:41.758 13785 INFO rally.task.context [-] Task 70f16d94-7e97-4551-ac69-1a421e3e1502 | Context cleanup@openstack cleanup() started
2019-11-18 20:42:41.762 13785 RALLYDEBUG rally_openstack.cleanup.manager [-] Cleaning up neutron vip objects
2019-11-18 20:42:42.868 13785 RALLYDEBUG rally_openstack.cleanup.manager [-] Cleaning up neutron health_monitor objects
2019-11-18 20:42:43.994 13785 RALLYDEBUG rally_openstack.cleanup.manager [-] Cleaning up neutron pool objects
2019-11-18 20:42:45.111 13785 RALLYDEBUG rally_openstack.cleanup.manager [-] Cleaning up neutron loadbalancer objects
2019-11-18 20:42:46.257 13785 RALLYDEBUG rally_openstack.cleanup.manager [-] Cleaning up neutron floatingip objects
2019-11-18 20:42:47.482 13785 RALLYDEBUG rally_openstack.cleanup.manager [-] Cleaning up neutron trunk objects
2019-11-18 20:42:48.695 13785 RALLYDEBUG rally_openstack.cleanup.manager [-] Cleaning up neutron port objects
2019-11-18 20:42:50.072 13785 RALLYDEBUG rally_openstack.cleanup.manager [-] Deleting neutron.port object s_rally_a5bf2116_kT0khlq6 (2a57e4bf-453a-4f49-9190-14b4fc2bfe4f)
2019-11-18 20:42:50.086 13785 RALLYDEBUG rally_openstack.cleanup.manager [-] Deleting neutron.port object s_rally_a5bf2116_ZyKlbeEX (705e6607-b7df-405e-a8fe-b26e0a26015c)
2019-11-18 20:42:50.095 13785 RALLYDEBUG rally_openstack.cleanup.manager [-] Deleting neutron.port object s_rally_a5bf2116_9C9HUzsF (07f3ba0c-7780-48b0-bfca-82fed033ef9c)
2019-11-18 20:42:50.104 13785 RALLYDEBUG rally_openstack.cleanup.manager [-] Deleting neutron.port object s_rally_a5bf2116_a75nqNFe (1e742132-80b3-4e5c-bb44-d5dfdd32c7a4)
2019-11-18 20:42:50.110 13785 RALLYDEBUG rally_openstack.cleanup.manager [-] Deleting neutron.port object s_rally_a5bf2116_fYmOhVG9 (75183879-a374-448f-8f6f-a9e2d55b9964)
2019-11-18 20:42:50.127 13785 RALLYDEBUG rally_openstack.cleanup.manager [-] Deleting neutron.port object s_rally_a5bf2116_eCWmVFWf (7f5ab80b-6008-4b24-8075-aca75684034a)
2019-11-18 20:42:50.150 13785 RALLYDEBUG rally_openstack.cleanup.manager [-] Deleting neutron.port object s_rally_a5bf2116_XWqzIgn8 (0aedf29d-b181-48c1-a485-f725cb097c8c)
2019-11-18 20:42:50.163 13785 RALLYDEBUG rally_openstack.cleanup.manager [-] Deleting neutron.port object s_rally_a5bf2116_q3vRxCu2 (9d2d0c71-2630-4450-8071-7250cd979f51)
2019-11-18 20:42:50.173 13785 RALLYDEBUG rally_openstack.cleanup.manager [-] Deleting neutron.port object s_rally_a5bf2116_k8u2AIka (b29caf2d-1ee2-4583-82a4-72f7416b91a2)
2019-11-18 20:42:50.184 13785 RALLYDEBUG rally_openstack.cleanup.manager [-] Deleting neutron.port object s_rally_a5bf2116_UfAkHVUZ (4a008c7b-5a3b-40a1-ac3e-d00d7a6119db)
2019-11-18 20:42:52.947 13785 RALLYDEBUG rally_openstack.cleanup.manager [-] Cleaning up neutron subnet objects
2019-11-18 20:42:54.360 13785 RALLYDEBUG rally_openstack.cleanup.manager [-] Cleaning up neutron network objects
2019-11-18 20:42:55.806 13785 RALLYDEBUG rally_openstack.cleanup.manager [-] Cleaning up neutron router objects
2019-11-18 20:42:57.075 13785 RALLYDEBUG rally_openstack.cleanup.manager [-] Cleaning up neutron security_group objects
2019-11-18 20:42:58.341 13785 INFO rally.task.context [-] Task 70f16d94-7e97-4551-ac69-1a421e3e1502 | Context cleanup@openstack cleanup() finished in 16.58 sec
2019-11-18 20:42:58.342 13785 INFO rally.task.context [-] Task 70f16d94-7e97-4551-ac69-1a421e3e1502 | Context network@openstack cleanup() started
2019-11-18 20:43:10.126 13785 INFO rally.task.context [-] Task 70f16d94-7e97-4551-ac69-1a421e3e1502 | Context network@openstack cleanup() finished in 11.78 sec
2019-11-18 20:43:10.127 13785 INFO rally.task.context [-] Task 70f16d94-7e97-4551-ac69-1a421e3e1502 | Context quotas@openstack cleanup() started
2019-11-18 20:43:10.403 13785 INFO rally.task.context [-] Task 70f16d94-7e97-4551-ac69-1a421e3e1502 | Context quotas@openstack cleanup() finished in 0.28 sec
2019-11-18 20:43:10.403 13785 INFO rally.task.context [-] Task 70f16d94-7e97-4551-ac69-1a421e3e1502 | Context users@openstack cleanup() started
2019-11-18 20:43:14.743 13785 INFO rally.task.context [-] Task 70f16d94-7e97-4551-ac69-1a421e3e1502 | Context users@openstack cleanup() finished in 4.34 sec
2019-11-18 20:43:16.350 13785 INFO rally.task.engine [-] Load duration is: 4.858995
2019-11-18 20:43:16.350 13785 INFO rally.task.engine [-] Full runner duration is: 4.908989
2019-11-18 20:43:16.351 13785 INFO rally.task.engine [-] Full duration is: 44.74492
2019-11-18 20:43:16.685 13785 INFO rally.task.engine [-] Running workload: position = 0 config = { "version": 2, "title": "A cropped version of a bigger task.", "description": "Auto-generated task from a single workload (uuid=e8e618ca-dec1-4d48-a90c-373896e74ab7)", "subtasks": [ { "title": "NeutronNetworks.create_and_update_routers", "description": "Create and update a given number of routers.", "scenario": { "NeutronNetworks.create_and_update_routers": { "network_create_args": {}, "router_create_args": {}, "router_update_args": { "admin_state_up": false }, "subnet_cidr_start": "1.1.0.0/30", "subnet_create_args": {}, "subnets_per_network": 1 } }, "contexts": { "users": { "tenants": 3, "users_per_tenant": 2 }, "quotas": { "neutron": { "network": -1, "subnet": -1, "port": -1, "router": -1 } } }, "runner": { "constant": { "concurrency": 4, "times": 10 } }, "hooks": [], "sla": { "failure_rate": { "max": 0 } } } ] }
2019-11-18 20:43:16.710 13785 RALLYDEBUG rally_openstack.contexts.keystone.users [-] Creating 3 tenants using 20 threads
2019-11-18 20:43:17.617 13785 RALLYDEBUG rally_openstack.contexts.keystone.users [-] Creating 6 users using 20 threads
2019-11-18 20:43:19.208 13785 INFO rally.task.context [-] Task 70f16d94-7e97-4551-ac69-1a421e3e1502 | Context users@openstack setup() finished in 2.50 sec
2019-11-18 20:43:20.159 13785 INFO rally.task.context [-] Task 70f16d94-7e97-4551-ac69-1a421e3e1502 | Context quotas@openstack setup() finished in 0.95 sec
2019-11-18 20:43:20.160 13785 INFO rally.task.context [-] Task 70f16d94-7e97-4551-ac69-1a421e3e1502 | Context cleanup@openstack setup() finished in 0.01 msec
2019-11-18 20:43:20.169 13785 RALLYDEBUG rally.task.runner [-] Starting the constant runner (task UUID: 70f16d94-7e97-4551-ac69-1a421e3e1502). times: 10 concurrency: 4 timeout: 0 max_cpu_used: 16 processes_to_start: 4 concurrency_per_worker: 1 concurrency_overhead: 0
2019-11-18 20:43:20.181 14557 RALLYDEBUG rally.task.runner [-] Starting a worker. times: 10 duration: None concurrency: 1 timeout: 0 cls: method_name: run args: {"network_create_args": {}, "router_create_args": {}, "router_update_args": {"admin_state_up": false}, "subnet_cidr_start": "1.1.0.0/30", "subnet_create_args": {}, "subnets_per_network": 1}
2019-11-18 20:43:20.185 14558 RALLYDEBUG rally.task.runner [-] Starting a worker. times: 10 duration: None concurrency: 1 timeout: 0 cls: method_name: run args: {"network_create_args": {}, "router_create_args": {}, "router_update_args": {"admin_state_up": false}, "subnet_cidr_start": "1.1.0.0/30", "subnet_create_args": {}, "subnets_per_network": 1}
2019-11-18 20:43:20.188 14557 INFO rally.task.runner [-] Task 70f16d94-7e97-4551-ac69-1a421e3e1502 | ITER: 1 START
2019-11-18 20:43:20.188 14559 RALLYDEBUG rally.task.runner [-] Starting a worker. times: 10 duration: None concurrency: 1 timeout: 0 cls: method_name: run args: {"network_create_args": {}, "router_create_args": {}, "router_update_args": {"admin_state_up": false}, "subnet_cidr_start": "1.1.0.0/30", "subnet_create_args": {}, "subnets_per_network": 1}
2019-11-18 20:43:20.192 14558 INFO rally.task.runner [-] Task 70f16d94-7e97-4551-ac69-1a421e3e1502 | ITER: 2 START
2019-11-18 20:43:20.192 14560 RALLYDEBUG rally.task.runner [-] Starting a worker. times: 10 duration: None concurrency: 1 timeout: 0 cls: method_name: run args: {"network_create_args": {}, "router_create_args": {}, "router_update_args": {"admin_state_up": false}, "subnet_cidr_start": "1.1.0.0/30", "subnet_create_args": {}, "subnets_per_network": 1}
2019-11-18 20:43:20.195 14559 INFO rally.task.runner [-] Task 70f16d94-7e97-4551-ac69-1a421e3e1502 | ITER: 3 START
2019-11-18 20:43:20.198 14560 INFO rally.task.runner [-] Task 70f16d94-7e97-4551-ac69-1a421e3e1502 | ITER: 4 START
2019-11-18 20:43:20.861 14558 RALLYDEBUG rally_openstack.wrappers.network [-] CIDR generated: 1.1.0.12/30
2019-11-18 20:43:20.904 14557 RALLYDEBUG rally_openstack.wrappers.network [-] CIDR generated: 1.1.0.16/30
2019-11-18 20:43:21.443 14559 RALLYDEBUG rally_openstack.wrappers.network [-] CIDR generated: 1.1.0.20/30
2019-11-18 20:43:21.715 14560 RALLYDEBUG rally_openstack.wrappers.network [-] CIDR generated: 1.1.0.24/30
2019-11-18 20:43:23.943 14558 INFO rally.task.runner [-] Task 70f16d94-7e97-4551-ac69-1a421e3e1502 | ITER: 2 END: OK
2019-11-18 20:43:23.948 14558 INFO rally.task.runner [-] Task 70f16d94-7e97-4551-ac69-1a421e3e1502 | ITER: 5 START
2019-11-18 20:43:24.141 14557 INFO rally.task.runner [-] Task 70f16d94-7e97-4551-ac69-1a421e3e1502 | ITER: 1 END: OK
2019-11-18 20:43:24.146 14557 INFO rally.task.runner [-] Task 70f16d94-7e97-4551-ac69-1a421e3e1502 | ITER: 6 START
2019-11-18 20:43:24.467 14558 RALLYDEBUG rally_openstack.wrappers.network [-] CIDR generated: 1.1.0.28/30
2019-11-18 20:43:24.534 14559 INFO rally.task.runner [-] Task 70f16d94-7e97-4551-ac69-1a421e3e1502 | ITER: 3 END: OK
2019-11-18 20:43:24.538 14559 INFO rally.task.runner [-] Task 70f16d94-7e97-4551-ac69-1a421e3e1502 | ITER: 7 START
2019-11-18 20:43:24.750 14557 RALLYDEBUG rally_openstack.wrappers.network [-] CIDR generated: 1.1.0.32/30
2019-11-18 20:43:25.002 14559 RALLYDEBUG rally_openstack.wrappers.network [-] CIDR generated: 1.1.0.36/30
2019-11-18 20:43:25.086 14560 INFO rally.task.runner [-] Task 70f16d94-7e97-4551-ac69-1a421e3e1502 | ITER: 4 END: OK
2019-11-18 20:43:25.091 14560 INFO rally.task.runner [-] Task 70f16d94-7e97-4551-ac69-1a421e3e1502 | ITER: 8 START
2019-11-18 20:43:25.567 14560 RALLYDEBUG rally_openstack.wrappers.network [-] CIDR generated: 1.1.0.40/30
2019-11-18 20:43:27.939 14558 INFO rally.task.runner [-] Task 70f16d94-7e97-4551-ac69-1a421e3e1502 | ITER: 5 END: OK
2019-11-18 20:43:27.943 14558 INFO rally.task.runner [-] Task 70f16d94-7e97-4551-ac69-1a421e3e1502 | ITER: 9 START
2019-11-18 20:43:27.954 14557 INFO rally.task.runner [-] Task 70f16d94-7e97-4551-ac69-1a421e3e1502 | ITER: 6 END: OK
2019-11-18 20:43:27.957 14557 INFO rally.task.runner [-] Task 70f16d94-7e97-4551-ac69-1a421e3e1502 | ITER: 10 START
2019-11-18 20:43:28.170 14559 INFO rally.task.runner [-] Task 70f16d94-7e97-4551-ac69-1a421e3e1502 | ITER: 7 END: OK
2019-11-18 20:43:28.445 14558 RALLYDEBUG rally_openstack.wrappers.network [-] CIDR generated: 1.1.0.44/30
2019-11-18 20:43:28.459 14557 RALLYDEBUG rally_openstack.wrappers.network [-] CIDR generated: 1.1.0.48/30
2019-11-18 20:43:29.124 14560 INFO rally.task.runner [-] Task 70f16d94-7e97-4551-ac69-1a421e3e1502 | ITER: 8 END: OK
2019-11-18 20:43:31.758 14557 INFO rally.task.runner [-] Task 70f16d94-7e97-4551-ac69-1a421e3e1502 | ITER: 10 END: OK
2019-11-18 20:43:31.839 14558 INFO rally.task.runner [-] Task 70f16d94-7e97-4551-ac69-1a421e3e1502 | ITER: 9 END: OK
2019-11-18 20:43:31.868 13785 INFO rally.task.context [-] Task 70f16d94-7e97-4551-ac69-1a421e3e1502 | Context cleanup@openstack cleanup() started
2019-11-18 20:43:31.871 13785 RALLYDEBUG rally_openstack.cleanup.manager [-] Cleaning up neutron vip objects
2019-11-18 20:43:33.097 13785 RALLYDEBUG rally_openstack.cleanup.manager [-] Cleaning up neutron health_monitor objects
2019-11-18 20:43:34.243 13785 RALLYDEBUG rally_openstack.cleanup.manager [-] Cleaning up neutron pool objects
2019-11-18 20:43:35.375 13785 RALLYDEBUG rally_openstack.cleanup.manager [-] Cleaning up neutron loadbalancer objects
2019-11-18 20:43:36.508 13785 RALLYDEBUG rally_openstack.cleanup.manager [-] Cleaning up neutron floatingip objects
2019-11-18 20:43:37.777 13785 RALLYDEBUG rally_openstack.cleanup.manager [-] Cleaning up neutron trunk objects
2019-11-18 20:43:38.968 13785 RALLYDEBUG rally_openstack.cleanup.manager [-] Cleaning up neutron port objects
2019-11-18 20:43:40.994 13785 RALLYDEBUG rally_openstack.cleanup.manager [-] Deleting neutron.port object s_rally_e8e618ca_5ZeaHrCU (41e0e6f0-b6cc-401e-a6d5-d81fb50647ff)
2019-11-18 20:43:41.003 13785 RALLYDEBUG rally_openstack.cleanup.manager [-] Deleting neutron.port object s_rally_e8e618ca_Us8Jr8Cq (4fe6a6f6-5372-40ec-80d7-e66ad4c99a98)
2019-11-18 20:43:41.011 13785 RALLYDEBUG rally_openstack.cleanup.manager [-] Deleting neutron.port object s_rally_e8e618ca_pgUa7I88 (64adaa68-c1bc-42fb-a79c-fc6ab78c214a)
2019-11-18 20:43:41.019 13785 RALLYDEBUG rally_openstack.cleanup.manager [-] Deleting neutron.port object s_rally_e8e618ca_lPEuEfZt (81be9806-3d68-4ee5-8fb2-7550a0b01650)
2019-11-18 20:43:41.027 13785 RALLYDEBUG rally_openstack.cleanup.manager [-] Deleting neutron.port object s_rally_e8e618ca_25MsQgKQ (8442f23a-b6fe-4293-a0f2-b5a025b08c53)
2019-11-18 20:43:41.042 13785 RALLYDEBUG rally_openstack.cleanup.manager [-] Deleting neutron.port object s_rally_e8e618ca_droRQ6kS (459768ed-755f-4bbe-a498-8c1f2cef1c5c)
2019-11-18 20:43:41.054 13785 RALLYDEBUG rally_openstack.cleanup.manager [-] Deleting neutron.port object s_rally_e8e618ca_hM1qJPQJ (8be47013-e401-492a-9924-cd0ca37f4870)
2019-11-18 20:43:41.060 13785 RALLYDEBUG rally_openstack.cleanup.manager [-] Deleting neutron.port object s_rally_e8e618ca_3wurnBn2 (82dda865-70b2-4658-a73c-b5c59a6a3be5)
2019-11-18 20:43:41.067 13785 RALLYDEBUG rally_openstack.cleanup.manager [-] Deleting neutron.port object s_rally_e8e618ca_Peien4wQ (bda37e62-2194-444f-9ab3-01a4adad5cf6)
2019-11-18 20:43:41.088 13785 RALLYDEBUG rally_openstack.cleanup.manager [-] Deleting neutron.port object s_rally_e8e618ca_TThn17wD (ee36843f-76ac-41ce-a3ac-9bbaadca3c84)
2019-11-18 20:43:46.014 13785 RALLYDEBUG rally_openstack.cleanup.manager [-] Cleaning up neutron subnet objects
2019-11-18 20:43:47.299 13785 RALLYDEBUG rally_openstack.cleanup.manager [-] Deleting neutron.subnet object s_rally_e8e618ca_FVPj48Un (5a7260f8-c3c1-4d05-86bb-8d5e00e53a16)
2019-11-18 20:43:47.308 13785 RALLYDEBUG rally_openstack.cleanup.manager [-] Deleting neutron.subnet object s_rally_e8e618ca_82QqtfUX (7a160ed8-a770-4f2f-8011-fa9ded56accd)
2019-11-18 20:43:47.316 13785 RALLYDEBUG rally_openstack.cleanup.manager [-] Deleting neutron.subnet object s_rally_e8e618ca_vJ1H8JSu (c9f2f449-a20b-4e62-8c9d-f9a4fa7f1342)
2019-11-18 20:43:47.320 13785 RALLYDEBUG rally_openstack.cleanup.manager [-] Deleting neutron.subnet object s_rally_e8e618ca_YfYi5rP7 (ce61fc9c-ed45-43c1-88cc-aea6964b1dde)
2019-11-18 20:43:47.334 13785 RALLYDEBUG rally_openstack.cleanup.manager [-] Deleting neutron.subnet object s_rally_e8e618ca_VcqoGIIE (e69cc02d-c709-4e2d-a68c-bdf385dba2db)
2019-11-18 20:43:47.339 13785 RALLYDEBUG rally_openstack.cleanup.manager [-] Deleting neutron.subnet object s_rally_e8e618ca_QzVM18vV (16a272ad-2d01-47ed-a32c-1f3edf4a6e78)
2019-11-18 20:43:47.348 13785 RALLYDEBUG rally_openstack.cleanup.manager [-] Deleting neutron.subnet object s_rally_e8e618ca_ieJ5VTBD (ad88dc24-0905-432b-bf35-a0e03f915cae)
2019-11-18 20:43:47.364 13785 RALLYDEBUG rally_openstack.cleanup.manager [-] Deleting neutron.subnet object s_rally_e8e618ca_Du4tURNX (c42163a4-04ad-4370-9042-d0f4c9ca7861)
2019-11-18 20:43:47.370 13785 RALLYDEBUG rally_openstack.cleanup.manager [-] Deleting neutron.subnet object s_rally_e8e618ca_ICNBitc3 (da260096-7b34-4e5f-8525-cb41f7e71383)
2019-11-18 20:43:47.383 13785 RALLYDEBUG rally_openstack.cleanup.manager [-] Deleting neutron.subnet object s_rally_e8e618ca_Hf6qoGAL (daf49bfe-8270-4fbc-9c56-e08f04a73dc5)
2019-11-18 20:43:51.562 13785 RALLYDEBUG rally_openstack.cleanup.manager [-] Cleaning up neutron network objects
2019-11-18 20:43:52.868 13785 RALLYDEBUG rally_openstack.cleanup.manager [-] Deleting neutron.network object s_rally_e8e618ca_OC8E9ZZV (3c92ca28-7bf0-4c92-b06d-4d43395f3a79)
2019-11-18 20:43:52.877 13785 RALLYDEBUG rally_openstack.cleanup.manager [-] Deleting neutron.network object s_rally_e8e618ca_krmOm76j (6b03b17a-714b-421a-b4dc-226d00a4850b)
2019-11-18 20:43:52.885 13785 RALLYDEBUG rally_openstack.cleanup.manager [-] Deleting neutron.network object s_rally_e8e618ca_353IpxRu (b904d998-f459-41af-ad5a-7e2799cb7b92)
2019-11-18 20:43:52.889 13785 RALLYDEBUG rally_openstack.cleanup.manager [-] Deleting neutron.network object s_rally_e8e618ca_S0epkw3w (f6cabff6-5b4f-4e6e-b729-430ac819377f)
2019-11-18 20:43:52.905 13785 RALLYDEBUG rally_openstack.cleanup.manager [-] Deleting neutron.network object s_rally_e8e618ca_SvaThssK (ffb5201b-e2aa-49a0-bb38-06b878898090)
2019-11-18 20:43:52.916 13785 RALLYDEBUG rally_openstack.cleanup.manager [-] Deleting neutron.network object s_rally_e8e618ca_Is1hWqCU (43fdc261-e026-4293-9ce5-003cb30b6b20)
2019-11-18 20:43:52.921 13785 RALLYDEBUG rally_openstack.cleanup.manager [-] Deleting neutron.network object s_rally_e8e618ca_Jgj9854W (9baabcad-ffee-41cd-b7d1-82732d4143ff)
2019-11-18 20:43:52.942 13785 RALLYDEBUG rally_openstack.cleanup.manager [-] Deleting neutron.network object s_rally_e8e618ca_zCtYuRJt (a0e78e9d-7326-4235-bf76-04cc5a9f2b2f)
2019-11-18 20:43:52.980 13785 RALLYDEBUG rally_openstack.cleanup.manager [-] Deleting neutron.network object s_rally_e8e618ca_RLVK2gR2 (dc60d161-2c90-47bc-b60e-ae546a66bbb3)
2019-11-18 20:43:52.987 13785 RALLYDEBUG rally_openstack.cleanup.manager [-] Deleting neutron.network object s_rally_e8e618ca_zaoWHup0 (f545d7c3-bfbd-4fa6-9b22-6dfe868969e4)
2019-11-18 20:43:57.531 13785 RALLYDEBUG rally_openstack.cleanup.manager [-] Cleaning up neutron router objects
2019-11-18 20:43:59.509 13785 RALLYDEBUG rally_openstack.cleanup.manager [-] Deleting neutron.router object s_rally_e8e618ca_pgUa7I88 (4502390d-9cd0-46cb-8cf0-5786e3ddf4e0)
2019-11-18 20:43:59.518 13785 RALLYDEBUG rally_openstack.cleanup.manager [-] Deleting neutron.router object s_rally_e8e618ca_Us8Jr8Cq (74d14c20-b7e6-46ed-af42-3e708276b30b)
2019-11-18 20:43:59.528 13785 RALLYDEBUG rally_openstack.cleanup.manager [-] Deleting neutron.router object s_rally_e8e618ca_25MsQgKQ (91b248fc-ed37-47b7-8e5b-32459feaf5fa)
2019-11-18 20:43:59.533 13785 RALLYDEBUG rally_openstack.cleanup.manager [-] Deleting neutron.router object s_rally_e8e618ca_lPEuEfZt (9c899721-2420-4d55-ad95-d5121ace6782)
2019-11-18 20:43:59.544 13785 RALLYDEBUG rally_openstack.cleanup.manager [-] Deleting neutron.router object s_rally_e8e618ca_5ZeaHrCU (e669ddfc-e1c2-451c-87c4-818e3c04e8e4)
2019-11-18 20:43:59.556 13785 RALLYDEBUG rally_openstack.cleanup.manager [-] Deleting neutron.router object s_rally_e8e618ca_3wurnBn2 (1eb7a3c4-239c-466f-80f7-726c2165c7d8)
2019-11-18 20:43:59.568 13785 RALLYDEBUG rally_openstack.cleanup.manager [-] Deleting neutron.router object s_rally_e8e618ca_Peien4wQ (26db63f2-8ac1-4ba8-a219-b59cc789f9eb)
2019-11-18 20:43:59.586 13785 RALLYDEBUG rally_openstack.cleanup.manager [-] Deleting neutron.router object s_rally_e8e618ca_TThn17wD (2ba58c85-3b64-415d-9c97-fe1ad7b7dbe0)
2019-11-18 20:43:59.596 13785 RALLYDEBUG rally_openstack.cleanup.manager [-] Deleting neutron.router object s_rally_e8e618ca_hM1qJPQJ (673b6adf-855f-4d20-bc0a-eccd5dd36d13)
2019-11-18 20:43:59.607 13785 RALLYDEBUG rally_openstack.cleanup.manager [-] Deleting neutron.router object s_rally_e8e618ca_droRQ6kS (f221a29b-efa2-4a56-b8f2-1c69b0648818)
2019-11-18 20:44:01.729 13785 RALLYDEBUG rally_openstack.cleanup.manager [-] Cleaning up neutron security_group objects
2019-11-18 20:44:03.086 13785 INFO rally.task.context [-] Task 70f16d94-7e97-4551-ac69-1a421e3e1502 | Context cleanup@openstack cleanup() finished in 31.22 sec
2019-11-18 20:44:03.086 13785 INFO rally.task.context [-] Task 70f16d94-7e97-4551-ac69-1a421e3e1502 | Context quotas@openstack cleanup() started
2019-11-18 20:44:03.367 13785 INFO rally.task.context [-] Task 70f16d94-7e97-4551-ac69-1a421e3e1502 | Context quotas@openstack cleanup() finished in 0.28 sec
2019-11-18 20:44:03.367 13785 INFO rally.task.context [-] Task 70f16d94-7e97-4551-ac69-1a421e3e1502 | Context users@openstack cleanup() started
2019-11-18 20:44:07.399 13785 INFO rally.task.context [-] Task 70f16d94-7e97-4551-ac69-1a421e3e1502 | Context users@openstack cleanup() finished in 4.03 sec
2019-11-18 20:44:09.065 13785 INFO rally.task.engine [-] Load duration is: 11.649757
2019-11-18 20:44:09.065 13785 INFO rally.task.engine [-] Full runner duration is: 11.699249
2019-11-18 20:44:09.066 13785 INFO rally.task.engine [-] Full duration is: 50.690937
2019-11-18 20:44:09.381 13785 INFO rally.task.engine [-] Running workload: position = 0 config = { "version": 2, "title": "A cropped version of a bigger task.", "description": "Auto-generated task from a single workload (uuid=4156fa6b-9aa3-4dfd-beb5-a3612fec6694)", "subtasks": [ { "title": "NeutronNetworks.create_and_update_subnets", "description": "Create and update a subnet.", "scenario": { "NeutronNetworks.create_and_update_subnets": { "network_create_args": {}, "subnet_cidr_start": "1.4.0.0/16", "subnet_create_args": {}, "subnet_update_args": { "enable_dhcp": false }, "subnets_per_network": 1 } }, "contexts": { "users": { "tenants": 3, "users_per_tenant": 2 }, "quotas": { "neutron": { "network": -1, "subnet": -1 } } }, "runner": { "constant": { "concurrency": 4, "times": 10 } }, "hooks": [], "sla": { "failure_rate": { "max": 0 } } } ] }
2019-11-18 20:44:09.408 13785 RALLYDEBUG rally_openstack.contexts.keystone.users [-] Creating 3 tenants using 20 threads
2019-11-18 20:44:10.448 13785 RALLYDEBUG rally_openstack.contexts.keystone.users [-] Creating 6 users using 20 threads
2019-11-18 20:44:12.034 13785 INFO rally.task.context [-] Task 70f16d94-7e97-4551-ac69-1a421e3e1502 | Context users@openstack setup() finished in 2.63 sec
2019-11-18 20:44:12.887 13785 INFO rally.task.context [-] Task 70f16d94-7e97-4551-ac69-1a421e3e1502 | Context quotas@openstack setup() finished in 0.85 sec
2019-11-18 20:44:12.888 13785 INFO rally.task.context [-] Task 70f16d94-7e97-4551-ac69-1a421e3e1502 | Context cleanup@openstack setup() finished in 0.02 msec
2019-11-18 20:44:12.898 13785 RALLYDEBUG rally.task.runner [-] Starting the constant runner (task UUID: 70f16d94-7e97-4551-ac69-1a421e3e1502). times: 10 concurrency: 4 timeout: 0 max_cpu_used: 16 processes_to_start: 4 concurrency_per_worker: 1 concurrency_overhead: 0
2019-11-18 20:44:12.910 14881 RALLYDEBUG rally.task.runner [-] Starting a worker. times: 10 duration: None concurrency: 1 timeout: 0 cls: method_name: run args: {"network_create_args": {}, "subnet_cidr_start": "1.4.0.0/16", "subnet_create_args": {}, "subnet_update_args": {"enable_dhcp": false}, "subnets_per_network": 1}
2019-11-18 20:44:12.913 14882 RALLYDEBUG rally.task.runner [-] Starting a worker. times: 10 duration: None concurrency: 1 timeout: 0 cls: method_name: run args: {"network_create_args": {}, "subnet_cidr_start": "1.4.0.0/16", "subnet_create_args": {}, "subnet_update_args": {"enable_dhcp": false}, "subnets_per_network": 1}
2019-11-18 20:44:12.917 14881 INFO rally.task.runner [-] Task 70f16d94-7e97-4551-ac69-1a421e3e1502 | ITER: 1 START
2019-11-18 20:44:12.917 14883 RALLYDEBUG rally.task.runner [-] Starting a worker. times: 10 duration: None concurrency: 1 timeout: 0 cls: method_name: run args: {"network_create_args": {}, "subnet_cidr_start": "1.4.0.0/16", "subnet_create_args": {}, "subnet_update_args": {"enable_dhcp": false}, "subnets_per_network": 1}
2019-11-18 20:44:12.920 14882 INFO rally.task.runner [-] Task 70f16d94-7e97-4551-ac69-1a421e3e1502 | ITER: 2 START
2019-11-18 20:44:12.920 14884 RALLYDEBUG rally.task.runner [-] Starting a worker. times: 10 duration: None concurrency: 1 timeout: 0 cls: method_name: run args: {"network_create_args": {}, "subnet_cidr_start": "1.4.0.0/16", "subnet_create_args": {}, "subnet_update_args": {"enable_dhcp": false}, "subnets_per_network": 1}
2019-11-18 20:44:12.923 14883 INFO rally.task.runner [-] Task 70f16d94-7e97-4551-ac69-1a421e3e1502 | ITER: 3 START
2019-11-18 20:44:12.927 14884 INFO rally.task.runner [-] Task 70f16d94-7e97-4551-ac69-1a421e3e1502 | ITER: 4 START
2019-11-18 20:44:13.619 14884 RALLYDEBUG rally_openstack.wrappers.network [-] CIDR generated: 1.17.0.0/16
2019-11-18 20:44:13.645 14883 RALLYDEBUG rally_openstack.wrappers.network [-] CIDR generated: 1.18.0.0/16
2019-11-18 20:44:13.690 14882 RALLYDEBUG rally_openstack.wrappers.network [-] CIDR generated: 1.19.0.0/16
2019-11-18 20:44:14.395 14881 RALLYDEBUG rally_openstack.wrappers.network [-] CIDR generated: 1.20.0.0/16
2019-11-18 20:44:14.659 14884 INFO rally.task.runner [-] Task 70f16d94-7e97-4551-ac69-1a421e3e1502 | ITER: 4 END: OK
2019-11-18 20:44:14.663 14884 INFO rally.task.runner [-] Task 70f16d94-7e97-4551-ac69-1a421e3e1502 | ITER: 5 START
2019-11-18 20:44:14.878 14882 INFO rally.task.runner [-] Task 70f16d94-7e97-4551-ac69-1a421e3e1502 | ITER: 2 END: OK
2019-11-18 20:44:14.883 14882 INFO rally.task.runner [-] Task 70f16d94-7e97-4551-ac69-1a421e3e1502 | ITER: 6 START
2019-11-18 20:44:15.314 14883 INFO rally.task.runner [-] Task 70f16d94-7e97-4551-ac69-1a421e3e1502 | ITER: 3 END: OK
2019-11-18 20:44:15.319 14883 INFO rally.task.runner [-] Task 70f16d94-7e97-4551-ac69-1a421e3e1502 | ITER: 7 START
2019-11-18 20:44:15.326 14884 RALLYDEBUG rally_openstack.wrappers.network [-] CIDR generated: 1.21.0.0/16
2019-11-18 20:44:15.675 14882 RALLYDEBUG rally_openstack.wrappers.network [-] CIDR generated: 1.22.0.0/16
2019-11-18 20:44:15.842 14881 INFO rally.task.runner [-] Task 70f16d94-7e97-4551-ac69-1a421e3e1502 | ITER: 1 END: OK
2019-11-18 20:44:15.847 14881 INFO rally.task.runner [-] Task 70f16d94-7e97-4551-ac69-1a421e3e1502 | ITER: 8 START
2019-11-18 20:44:15.927 14883 RALLYDEBUG rally_openstack.wrappers.network [-] CIDR generated: 1.23.0.0/16
2019-11-18 20:44:16.362 14881 RALLYDEBUG rally_openstack.wrappers.network [-] CIDR generated: 1.24.0.0/16
2019-11-18 20:44:16.573 14884 INFO rally.task.runner [-] Task 70f16d94-7e97-4551-ac69-1a421e3e1502 | ITER: 5 END: OK
2019-11-18 20:44:16.577 14884 INFO rally.task.runner [-] Task 70f16d94-7e97-4551-ac69-1a421e3e1502 | ITER: 9 START
2019-11-18 20:44:17.144 14884 RALLYDEBUG rally_openstack.wrappers.network [-] CIDR generated: 1.25.0.0/16
2019-11-18 20:44:17.235 14883 INFO rally.task.runner [-] Task 70f16d94-7e97-4551-ac69-1a421e3e1502 | ITER: 7 END: OK
2019-11-18 20:44:17.239 14883 INFO rally.task.runner [-] Task 70f16d94-7e97-4551-ac69-1a421e3e1502 | ITER: 10 START
2019-11-18 20:44:17.280 14882 INFO rally.task.runner [-] Task 70f16d94-7e97-4551-ac69-1a421e3e1502 | ITER: 6 END: OK
2019-11-18 20:44:17.611 14881 INFO rally.task.runner [-] Task 70f16d94-7e97-4551-ac69-1a421e3e1502 | ITER: 8 END: OK
2019-11-18 20:44:17.721 14883 RALLYDEBUG rally_openstack.wrappers.network [-] CIDR generated: 1.26.0.0/16
2019-11-18 20:44:18.582 14884 INFO rally.task.runner [-] Task 70f16d94-7e97-4551-ac69-1a421e3e1502 | ITER: 9 END: OK
2019-11-18 20:44:19.025 14883 INFO rally.task.runner [-] Task 70f16d94-7e97-4551-ac69-1a421e3e1502 | ITER: 10 END: OK
2019-11-18 20:44:19.056 13785 INFO rally.task.context [-] Task 70f16d94-7e97-4551-ac69-1a421e3e1502 | Context cleanup@openstack cleanup() started
2019-11-18 20:44:19.060 13785 RALLYDEBUG rally_openstack.cleanup.manager [-] Cleaning up neutron vip objects
2019-11-18 20:44:20.164 13785 RALLYDEBUG rally_openstack.cleanup.manager [-] Cleaning up neutron health_monitor objects
2019-11-18 20:44:21.226 13785 RALLYDEBUG rally_openstack.cleanup.manager [-] Cleaning up neutron pool objects
2019-11-18 20:44:22.294 13785 RALLYDEBUG rally_openstack.cleanup.manager [-] Cleaning up neutron loadbalancer objects
2019-11-18 20:44:23.688 13785 RALLYDEBUG rally_openstack.cleanup.manager [-] Cleaning up neutron floatingip objects
2019-11-18 20:44:24.889 13785 RALLYDEBUG rally_openstack.cleanup.manager [-] Cleaning up neutron trunk objects
2019-11-18 20:44:26.067 13785 RALLYDEBUG rally_openstack.cleanup.manager [-] Cleaning up neutron port objects
2019-11-18 20:44:27.229 13785 RALLYDEBUG rally_openstack.cleanup.manager [-] Cleaning up neutron subnet objects
2019-11-18 20:44:28.765 13785 RALLYDEBUG rally_openstack.cleanup.manager [-] Deleting neutron.subnet object s_rally_4156fa6b_a9u7j9Qp (40a5f513-c8a9-413f-950f-1c3fe0d9a69e)
2019-11-18 20:44:28.768 13785 RALLYDEBUG rally_openstack.cleanup.manager [-] Deleting neutron.subnet object s_rally_4156fa6b_J9qDWTy5 (4bca1993-655e-46aa-8bd2-ccd03ff54923)
2019-11-18 20:44:28.777 13785 RALLYDEBUG rally_openstack.cleanup.manager [-] Deleting neutron.subnet object s_rally_4156fa6b_qFtLjC08 (91dec101-3c8c-4915-8af3-730bd882c427)
2019-11-18 20:44:28.784 13785 RALLYDEBUG rally_openstack.cleanup.manager [-] Deleting neutron.subnet object s_rally_4156fa6b_0JfAcwgt (80c93b35-c4a2-46a4-a061-bf2e55863c85)
2019-11-18 20:44:28.796 13785 RALLYDEBUG rally_openstack.cleanup.manager [-] Deleting neutron.subnet object s_rally_4156fa6b_QI8dT0xw (9e027691-a09f-4d24-be35-a45cad29f4e3)
2019-11-18 20:44:28.800 13785 RALLYDEBUG rally_openstack.cleanup.manager [-] Deleting neutron.subnet object s_rally_4156fa6b_lLdVtOA6 (efdce051-e93f-40dd-9adb-a6cb1cc319ee)
2019-11-18 20:44:28.807 13785 RALLYDEBUG rally_openstack.cleanup.manager [-] Deleting neutron.subnet object s_rally_4156fa6b_QR9zLd6N (f3d2d224-0379-44a3-b249-8da1f8ec2fcc)
2019-11-18 20:44:28.810 13785 RALLYDEBUG rally_openstack.cleanup.manager [-] Deleting neutron.subnet object s_rally_4156fa6b_tOkwMOtT (0b25734d-507c-48b8-97eb-4d005c8f527c)
2019-11-18 20:44:28.834 13785 RALLYDEBUG rally_openstack.cleanup.manager [-] Deleting neutron.subnet object s_rally_4156fa6b_iSyEbGFb (160f77c7-ce80-49fd-b42f-30c77ffe9e97)
2019-11-18 20:44:28.840 13785 RALLYDEBUG rally_openstack.cleanup.manager [-] Deleting neutron.subnet object s_rally_4156fa6b_JcULOlhQ (32a91449-7bdc-4bb3-976b-f225a9b69957)
2019-11-18 20:44:30.988 13785 RALLYDEBUG rally_openstack.cleanup.manager [-] Cleaning up neutron network objects
2019-11-18 20:44:32.383 13785 RALLYDEBUG rally_openstack.cleanup.manager [-] Deleting neutron.network object s_rally_4156fa6b_NoFfAyWW (33146280-8fc1-4bc8-8fba-9f3d4ddc0696)
2019-11-18 20:44:32.393 13785 RALLYDEBUG rally_openstack.cleanup.manager [-] Deleting neutron.network object s_rally_4156fa6b_IHQOnVJW (c6913545-1756-436c-a9a5-682a423efc5d)
2019-11-18 20:44:32.401 13785 RALLYDEBUG rally_openstack.cleanup.manager [-] Deleting neutron.network object s_rally_4156fa6b_6EnlWztx (e451009b-337d-4d0f-b485-dc9b3f550d5b)
2019-11-18 20:44:32.405 13785 RALLYDEBUG rally_openstack.cleanup.manager [-] Deleting neutron.network object s_rally_4156fa6b_kkKIltMp (32a1542f-3988-4b94-81d3-fc9eb4593e6f)
2019-11-18 20:44:32.414 13785 RALLYDEBUG rally_openstack.cleanup.manager [-] Deleting neutron.network object s_rally_4156fa6b_429ZVPDJ (885575c9-e6a9-4a1c-baf0-a1a475a7fee3)
2019-11-18 20:44:32.441 13785 RALLYDEBUG rally_openstack.cleanup.manager [-] Deleting neutron.network object s_rally_4156fa6b_PJTeUpDu (add67b64-efd8-41b4-b1cd-1182d2f73b1a)
2019-11-18 20:44:32.446 13785 RALLYDEBUG rally_openstack.cleanup.manager [-] Deleting neutron.network object s_rally_4156fa6b_0npLcNAA (fd3939ca-c6ff-4028-b7c1-d893939b0a64)
2019-11-18 20:44:32.462 13785 RALLYDEBUG rally_openstack.cleanup.manager [-] Deleting neutron.network object s_rally_4156fa6b_76F7QmOZ (1838cab7-852c-45c5-a551-7825db27c816)
2019-11-18 20:44:32.474 13785 RALLYDEBUG rally_openstack.cleanup.manager [-] Deleting neutron.network object s_rally_4156fa6b_5YX3bcZt (709ddde3-f6f3-420f-bbf1-191d9cfe907d)
2019-11-18 20:44:32.477 13785 RALLYDEBUG rally_openstack.cleanup.manager [-] Deleting neutron.network object s_rally_4156fa6b_HebWQ8Qr (b42a4cb6-2424-487c-8a08-86b9e8eaf392)
2019-11-18 20:44:35.190 13785 RALLYDEBUG rally_openstack.cleanup.manager [-] Cleaning up neutron router objects
2019-11-18 20:44:36.424 13785 RALLYDEBUG rally_openstack.cleanup.manager [-] Cleaning up neutron security_group objects
2019-11-18 20:44:37.675 13785 INFO rally.task.context [-] Task 70f16d94-7e97-4551-ac69-1a421e3e1502 | Context cleanup@openstack cleanup() finished in 18.62 sec
2019-11-18 20:44:37.676 13785 INFO rally.task.context [-] Task 70f16d94-7e97-4551-ac69-1a421e3e1502 | Context quotas@openstack cleanup() started
2019-11-18 20:44:37.852 13785 INFO rally.task.context [-] Task 70f16d94-7e97-4551-ac69-1a421e3e1502 | Context quotas@openstack cleanup() finished in 0.18 sec
2019-11-18 20:44:37.853 13785 INFO rally.task.context [-] Task 70f16d94-7e97-4551-ac69-1a421e3e1502 | Context users@openstack cleanup() started
2019-11-18 20:44:42.025 13785 INFO rally.task.context [-] Task 70f16d94-7e97-4551-ac69-1a421e3e1502 | Context users@openstack cleanup() finished in 4.17 sec
2019-11-18 20:44:43.609 13785 INFO rally.task.engine [-] Load duration is: 6.106692
2019-11-18 20:44:43.610 13785 INFO rally.task.engine [-] Full runner duration is: 6.158759
2019-11-18 20:44:43.610 13785 INFO rally.task.engine [-] Full duration is: 32.619387
2019-11-18 20:44:43.902 13785 INFO rally.task.engine [-] Running workload: position = 0 config = { "version": 2, "title": "A cropped version of a bigger task.", "description": "Auto-generated task from a single workload (uuid=bb6769b9-3f3c-418b-a761-8c4b282d4203)", "subtasks": [ { "title": "NeutronNetworks.create_and_delete_networks", "description": "Create and delete a network.", "scenario": { "NeutronNetworks.create_and_delete_networks": { "network_create_args": {} } }, "contexts": { "users": { "tenants": 3, "users_per_tenant": 2 }, "quotas": { "neutron": { "network": -1 } } }, "runner": { "constant": { "concurrency": 4, "times": 10 } }, "hooks": [], "sla": { "failure_rate": { "max": 0 } } } ] }
2019-11-18 20:44:43.926 13785 RALLYDEBUG rally_openstack.contexts.keystone.users [-] Creating 3 tenants using 20 threads
2019-11-18 20:44:44.990 13785 RALLYDEBUG rally_openstack.contexts.keystone.users [-] Creating 6 users using 20 threads
2019-11-18 20:44:46.520 13785 INFO rally.task.context [-] Task 70f16d94-7e97-4551-ac69-1a421e3e1502 | Context users@openstack setup() finished in 2.59 sec
2019-11-18 20:44:47.374 13785 INFO rally.task.context [-] Task 70f16d94-7e97-4551-ac69-1a421e3e1502 | Context quotas@openstack setup() finished in 0.85 sec
2019-11-18 20:44:47.375 13785 INFO rally.task.context [-] Task 70f16d94-7e97-4551-ac69-1a421e3e1502 | Context cleanup@openstack setup() finished in 0.01 msec
2019-11-18 20:44:47.384 13785 RALLYDEBUG rally.task.runner [-] Starting the constant runner (task UUID: 70f16d94-7e97-4551-ac69-1a421e3e1502). times: 10 concurrency: 4 timeout: 0 max_cpu_used: 16 processes_to_start: 4 concurrency_per_worker: 1 concurrency_overhead: 0
2019-11-18 20:44:47.396 15205 RALLYDEBUG rally.task.runner [-] Starting a worker. times: 10 duration: None concurrency: 1 timeout: 0 cls: method_name: run args: {"network_create_args": {}}
2019-11-18 20:44:47.400 15206 RALLYDEBUG rally.task.runner [-] Starting a worker. times: 10 duration: None concurrency: 1 timeout: 0 cls: method_name: run args: {"network_create_args": {}}
2019-11-18 20:44:47.402 15205 INFO rally.task.runner [-] Task 70f16d94-7e97-4551-ac69-1a421e3e1502 | ITER: 1 START
2019-11-18 20:44:47.403 15207 RALLYDEBUG rally.task.runner [-] Starting a worker. times: 10 duration: None concurrency: 1 timeout: 0 cls: method_name: run args: {"network_create_args": {}}
2019-11-18 20:44:47.406 15206 INFO rally.task.runner [-] Task 70f16d94-7e97-4551-ac69-1a421e3e1502 | ITER: 2 START
2019-11-18 20:44:47.406 15210 RALLYDEBUG rally.task.runner [-] Starting a worker. times: 10 duration: None concurrency: 1 timeout: 0 cls: method_name: run args: {"network_create_args": {}}
2019-11-18 20:44:47.410 15207 INFO rally.task.runner [-] Task 70f16d94-7e97-4551-ac69-1a421e3e1502 | ITER: 3 START
2019-11-18 20:44:47.413 15210 INFO rally.task.runner [-] Task 70f16d94-7e97-4551-ac69-1a421e3e1502 | ITER: 4 START
2019-11-18 20:44:48.589 15210 INFO rally.task.runner [-] Task 70f16d94-7e97-4551-ac69-1a421e3e1502 | ITER: 4 END: OK
2019-11-18 20:44:48.593 15210 INFO rally.task.runner [-] Task 70f16d94-7e97-4551-ac69-1a421e3e1502 | ITER: 5 START
2019-11-18 20:44:48.623 15205 INFO rally.task.runner [-] Task 70f16d94-7e97-4551-ac69-1a421e3e1502 | ITER: 1 END: OK
2019-11-18 20:44:48.628 15205 INFO rally.task.runner [-] Task 70f16d94-7e97-4551-ac69-1a421e3e1502 | ITER: 6 START
2019-11-18 20:44:48.901 15206 INFO rally.task.runner [-] Task 70f16d94-7e97-4551-ac69-1a421e3e1502 | ITER: 2 END: OK
2019-11-18 20:44:48.905 15206 INFO rally.task.runner [-] Task 70f16d94-7e97-4551-ac69-1a421e3e1502 | ITER: 7 START
2019-11-18 20:44:49.134 15207 INFO rally.task.runner [-] Task 70f16d94-7e97-4551-ac69-1a421e3e1502 | ITER: 3 END: OK
2019-11-18 20:44:49.139 15207 INFO rally.task.runner [-] Task 70f16d94-7e97-4551-ac69-1a421e3e1502 | ITER: 8 START
2019-11-18 20:44:50.073 15205 INFO rally.task.runner [-] Task 70f16d94-7e97-4551-ac69-1a421e3e1502 | ITER: 6 END: OK
2019-11-18 20:44:50.077 15205 INFO rally.task.runner [-] Task 70f16d94-7e97-4551-ac69-1a421e3e1502 | ITER: 9 START
2019-11-18 20:44:50.452 15210 INFO rally.task.runner [-] Task 70f16d94-7e97-4551-ac69-1a421e3e1502 | ITER: 5 END: OK
2019-11-18 20:44:50.456 15210 INFO rally.task.runner [-] Task 70f16d94-7e97-4551-ac69-1a421e3e1502 | ITER: 10 START
2019-11-18 20:44:50.473 15206 INFO rally.task.runner [-] Task 70f16d94-7e97-4551-ac69-1a421e3e1502 | ITER: 7 END: OK
2019-11-18 20:44:50.621 15207 INFO rally.task.runner [-] Task 70f16d94-7e97-4551-ac69-1a421e3e1502 | ITER: 8 END: OK
2019-11-18 20:44:51.453 15205 INFO rally.task.runner [-] Task 70f16d94-7e97-4551-ac69-1a421e3e1502 | ITER: 9 END: OK
2019-11-18 20:44:51.500 15210 INFO rally.task.runner [-] Task 70f16d94-7e97-4551-ac69-1a421e3e1502 | ITER: 10 END: OK
2019-11-18 20:44:51.524 13785 INFO rally.task.context [-] Task 70f16d94-7e97-4551-ac69-1a421e3e1502 | Context cleanup@openstack cleanup() started
2019-11-18 20:44:51.528 13785 RALLYDEBUG rally_openstack.cleanup.manager [-] Cleaning up neutron vip objects
2019-11-18 20:44:52.652 13785 RALLYDEBUG rally_openstack.cleanup.manager [-] Cleaning up neutron health_monitor objects
2019-11-18 20:44:53.782 13785 RALLYDEBUG rally_openstack.cleanup.manager [-] Cleaning up neutron pool objects
2019-11-18 20:44:54.921 13785 RALLYDEBUG rally_openstack.cleanup.manager [-] Cleaning up neutron loadbalancer objects
2019-11-18 20:44:56.035 13785 RALLYDEBUG rally_openstack.cleanup.manager [-] Cleaning up neutron floatingip objects
2019-11-18 20:44:57.278 13785 RALLYDEBUG rally_openstack.cleanup.manager [-] Cleaning up neutron trunk objects
2019-11-18 20:44:58.430 13785 RALLYDEBUG rally_openstack.cleanup.manager [-] Cleaning up neutron port objects
2019-11-18 20:44:59.622 13785 RALLYDEBUG rally_openstack.cleanup.manager [-] Cleaning up neutron subnet objects
2019-11-18 20:45:00.858 13785 RALLYDEBUG rally_openstack.cleanup.manager [-] Cleaning up neutron network objects
2019-11-18 20:45:02.195 13785 RALLYDEBUG rally_openstack.cleanup.manager [-] Cleaning up neutron router objects
2019-11-18 20:45:03.451 13785 RALLYDEBUG rally_openstack.cleanup.manager [-] Cleaning up neutron security_group objects
2019-11-18 20:45:04.748 13785 INFO rally.task.context [-] Task 70f16d94-7e97-4551-ac69-1a421e3e1502 | Context cleanup@openstack cleanup() finished in 13.22 sec
2019-11-18 20:45:04.749 13785 INFO rally.task.context [-] Task 70f16d94-7e97-4551-ac69-1a421e3e1502 | Context quotas@openstack cleanup() started
2019-11-18 20:45:04.981 13785 INFO rally.task.context [-] Task 70f16d94-7e97-4551-ac69-1a421e3e1502 | Context quotas@openstack cleanup() finished in 0.23 sec
2019-11-18 20:45:04.982 13785 INFO rally.task.context [-] Task 70f16d94-7e97-4551-ac69-1a421e3e1502 | Context users@openstack cleanup() started
2019-11-18 20:45:08.884 13785 INFO rally.task.context [-] Task 70f16d94-7e97-4551-ac69-1a421e3e1502 | Context users@openstack cleanup() finished in 3.90 sec
2019-11-18 20:45:10.097 13785 INFO rally.task.engine [-] Load duration is: 4.096397
2019-11-18 20:45:10.097 13785 INFO rally.task.engine [-] Full runner duration is: 4.140349
2019-11-18 20:45:10.097 13785 INFO rally.task.engine [-] Full duration is: 24.960457
2019-11-18 20:45:10.374 13785 INFO rally.task.engine [-] Running workload: position = 0 config = { "version": 2, "title": "A cropped version of a bigger task.", "description": "Auto-generated task from a single workload (uuid=4705118b-85ab-45ae-89d0-645c801b4611)", "subtasks": [ { "title": "NeutronNetworks.create_and_delete_ports", "description": "Create and delete a port.", "scenario": { "NeutronNetworks.create_and_delete_ports": { "network_create_args": {}, "port_create_args": {}, "ports_per_network": 1 } }, "contexts": { "users": { "tenants": 3, "users_per_tenant": 2 }, "network": { "router": {} }, "quotas": { "neutron": { "network": -1, "port": -1 } } }, "runner": { "constant": { "concurrency": 4, "times": 10 } }, "hooks": [], "sla": { "failure_rate": { "max": 0 } } } ] }
2019-11-18 20:45:10.391 13785 RALLYDEBUG rally_openstack.contexts.keystone.users [-] Creating 3 tenants using 20 threads
2019-11-18 20:45:11.419 13785 RALLYDEBUG rally_openstack.contexts.keystone.users [-] Creating 6 users using 20 threads
2019-11-18 20:45:13.055 13785 INFO rally.task.context [-] Task 70f16d94-7e97-4551-ac69-1a421e3e1502 | Context users@openstack setup() finished in 2.66 sec
2019-11-18 20:45:14.077 13785 INFO rally.task.context [-] Task 70f16d94-7e97-4551-ac69-1a421e3e1502 | Context quotas@openstack setup() finished in 1.02 sec
2019-11-18 20:45:14.711 13785 RALLYDEBUG rally_openstack.wrappers.network [-] CIDR generated: 10.2.23.0/24
2019-11-18 20:45:15.595 13785 RALLYDEBUG rally_openstack.wrappers.network [-] CIDR generated: 10.2.24.0/24
2019-11-18 20:45:16.550 13785 RALLYDEBUG rally_openstack.wrappers.network [-] CIDR generated: 10.2.25.0/24
2019-11-18 20:45:17.032 13785 INFO rally.task.context [-] Task 70f16d94-7e97-4551-ac69-1a421e3e1502 | Context network@openstack setup() finished in 2.96 sec
2019-11-18 20:45:17.033 13785 INFO rally.task.context [-] Task 70f16d94-7e97-4551-ac69-1a421e3e1502 | Context cleanup@openstack setup() finished in 0.02 msec
2019-11-18 20:45:17.043 13785 RALLYDEBUG rally.task.runner [-] Starting the constant runner (task UUID: 70f16d94-7e97-4551-ac69-1a421e3e1502). times: 10 concurrency: 4 timeout: 0 max_cpu_used: 16 processes_to_start: 4 concurrency_per_worker: 1 concurrency_overhead: 0
2019-11-18 20:45:17.054 15529 RALLYDEBUG rally.task.runner [-] Starting a worker. times: 10 duration: None concurrency: 1 timeout: 0 cls: method_name: run args: {"network_create_args": {}, "port_create_args": {}, "ports_per_network": 1}
2019-11-18 20:45:17.058 15530 RALLYDEBUG rally.task.runner [-] Starting a worker. times: 10 duration: None concurrency: 1 timeout: 0 cls: method_name: run args: {"network_create_args": {}, "port_create_args": {}, "ports_per_network": 1}
2019-11-18 20:45:17.062 15529 INFO rally.task.runner [-] Task 70f16d94-7e97-4551-ac69-1a421e3e1502 | ITER: 1 START
2019-11-18 20:45:17.062 15531 RALLYDEBUG rally.task.runner [-] Starting a worker. times: 10 duration: None concurrency: 1 timeout: 0 cls: method_name: run args: {"network_create_args": {}, "port_create_args": {}, "ports_per_network": 1}
2019-11-18 20:45:17.065 15530 INFO rally.task.runner [-] Task 70f16d94-7e97-4551-ac69-1a421e3e1502 | ITER: 2 START
2019-11-18 20:45:17.066 15533 RALLYDEBUG rally.task.runner [-] Starting a worker. times: 10 duration: None concurrency: 1 timeout: 0 cls: method_name: run args: {"network_create_args": {}, "port_create_args": {}, "ports_per_network": 1}
2019-11-18 20:45:17.069 15531 INFO rally.task.runner [-] Task 70f16d94-7e97-4551-ac69-1a421e3e1502 | ITER: 3 START
2019-11-18 20:45:17.072 15533 INFO rally.task.runner [-] Task 70f16d94-7e97-4551-ac69-1a421e3e1502 | ITER: 4 START
2019-11-18 20:45:18.602 15531 INFO rally.task.runner [-] Task 70f16d94-7e97-4551-ac69-1a421e3e1502 | ITER: 3 END: OK
2019-11-18 20:45:18.607 15531 INFO rally.task.runner [-] Task 70f16d94-7e97-4551-ac69-1a421e3e1502 | ITER: 5 START
2019-11-18 20:45:18.623 15529 INFO rally.task.runner [-] Task 70f16d94-7e97-4551-ac69-1a421e3e1502 | ITER: 1 END: OK
2019-11-18 20:45:18.628 15529 INFO rally.task.runner [-] Task 70f16d94-7e97-4551-ac69-1a421e3e1502 | ITER: 6 START
2019-11-18 20:45:19.115 15530 INFO rally.task.runner [-] Task 70f16d94-7e97-4551-ac69-1a421e3e1502 | ITER: 2 END: OK
2019-11-18 20:45:19.120 15530 INFO rally.task.runner [-] Task 70f16d94-7e97-4551-ac69-1a421e3e1502 | ITER: 7 START
2019-11-18 20:45:19.392 15533 INFO rally.task.runner [-] Task 70f16d94-7e97-4551-ac69-1a421e3e1502 | ITER: 4 END: OK
2019-11-18 20:45:19.398 15533 INFO rally.task.runner [-] Task 70f16d94-7e97-4551-ac69-1a421e3e1502 | ITER: 8 START
2019-11-18 20:45:20.049 15529 INFO rally.task.runner [-] Task 70f16d94-7e97-4551-ac69-1a421e3e1502 | ITER: 6 END: OK
2019-11-18 20:45:20.053 15529 INFO rally.task.runner [-] Task 70f16d94-7e97-4551-ac69-1a421e3e1502 | ITER: 9 START
2019-11-18 20:45:20.092 15531 INFO rally.task.runner [-] Task 70f16d94-7e97-4551-ac69-1a421e3e1502 | ITER: 5 END: OK
2019-11-18 20:45:20.096 15531 INFO rally.task.runner [-] Task 70f16d94-7e97-4551-ac69-1a421e3e1502 | ITER: 10 START
2019-11-18 20:45:20.953 15530 INFO rally.task.runner [-] Task 70f16d94-7e97-4551-ac69-1a421e3e1502 | ITER: 7 END: OK
2019-11-18 20:45:21.349 15533 INFO rally.task.runner [-] Task 70f16d94-7e97-4551-ac69-1a421e3e1502 | ITER: 8 END: OK
2019-11-18 20:45:21.676 15529 INFO rally.task.runner [-] Task 70f16d94-7e97-4551-ac69-1a421e3e1502 | ITER: 9 END: OK
2019-11-18 20:45:21.955 15531 INFO rally.task.runner [-] Task 70f16d94-7e97-4551-ac69-1a421e3e1502 | ITER: 10 END: OK
2019-11-18 20:45:21.976 13785 INFO rally.task.context [-] Task 70f16d94-7e97-4551-ac69-1a421e3e1502 | Context cleanup@openstack cleanup() started
2019-11-18 20:45:21.980 13785 RALLYDEBUG rally_openstack.cleanup.manager [-] Cleaning up neutron vip objects
2019-11-18 20:45:23.090 13785 RALLYDEBUG rally_openstack.cleanup.manager [-] Cleaning up neutron health_monitor objects
2019-11-18 20:45:24.210 13785 RALLYDEBUG rally_openstack.cleanup.manager [-] Cleaning up neutron pool objects
