2019-11-18 21:14:53.925 20411 RALLYDEBUG rally_openstack.cleanup.manager [-] Cleaning up nova keypairs objects
2019-11-18 21:14:56.271 20411 RALLYDEBUG rally_openstack.cleanup.manager [-] Cleaning up glance images objects
2019-11-18 21:14:57.885 20411 INFO rally.task.context [-] Task f0c16f69-272d-4c2f-ad2b-b66b4e17b899 | Context cleanup@openstack cleanup() finished in 6.53 sec
2019-11-18 21:14:57.885 20411 INFO rally.task.context [-] Task f0c16f69-272d-4c2f-ad2b-b66b4e17b899 | Context network@openstack cleanup() started
2019-11-18 21:15:20.787 20411 INFO rally.task.context [-] Task f0c16f69-272d-4c2f-ad2b-b66b4e17b899 | Context network@openstack cleanup() finished in 22.90 sec
2019-11-18 21:15:20.788 20411 INFO rally.task.context [-] Task f0c16f69-272d-4c2f-ad2b-b66b4e17b899 | Context quotas@openstack cleanup() started
2019-11-18 21:15:21.108 20411 INFO rally.task.context [-] Task f0c16f69-272d-4c2f-ad2b-b66b4e17b899 | Context quotas@openstack cleanup() finished in 0.32 sec
2019-11-18 21:15:21.109 20411 INFO rally.task.context [-] Task f0c16f69-272d-4c2f-ad2b-b66b4e17b899 | Context users@openstack cleanup() started
2019-11-18 21:15:25.236 20411 INFO rally.task.context [-] Task f0c16f69-272d-4c2f-ad2b-b66b4e17b899 | Context users@openstack cleanup() finished in 4.13 sec
2019-11-18 21:15:27.066 20411 INFO rally.task.engine [-] Load duration is: 68.045399
2019-11-18 21:15:27.066 20411 INFO rally.task.engine [-] Full runner duration is: 70.094351
2019-11-18 21:15:27.067 20411 INFO rally.task.engine [-] Full duration is: 122.717072
2019-11-18 21:15:27.424 20411 INFO rally.task.engine [-] Running workload: position = 0 config = { "version": 2, "title": "A cropped version of a bigger task.", "description": "Auto-generated task from a single workload (uuid=545ec6e5-20e2-43db-9228-e76cc1b228d8)", "subtasks": [ { "title": "NovaServers.boot_server_from_volume", "description": "Boot a server from volume.", "scenario": { "NovaServers.boot_server_from_volume": { "flavor": { "name": "rally_full-flavor_00f7b341-174b-4e8f-9b53-bfd161b2cdfa" }, "image": { "name": "rally_full-img_00f7b341-174b-4e8f-9b53-bfd161b2cdfa" }, "volume_size": 1, "nics": [ { "net-id": "6652dd7c-f0a3-4f25-801e-45e11a61489c" } ] } }, "contexts": { "users": { "tenants": 3, "users_per_tenant": 2 }, "api_versions": { "cinder": { "version": 3, "service_type": "volumev3" } } }, "runner": { "constant": { "concurrency": 4, "times": 10 } }, "hooks": [], "sla": { "failure_rate": { "max": 0 } } } ] }
2019-11-18 21:15:27.448 20411 RALLYDEBUG rally_openstack.contexts.keystone.users [-] Creating 3 tenants using 20 threads
2019-11-18 21:15:28.428 20411 RALLYDEBUG rally_openstack.contexts.keystone.users [-] Creating 6 users using 20 threads
2019-11-18 21:15:29.948 20411 INFO rally.task.context [-] Task f0c16f69-272d-4c2f-ad2b-b66b4e17b899 | Context users@openstack setup() finished in 2.50 sec
2019-11-18 21:15:30.369 20411 INFO rally.task.context [-] Task f0c16f69-272d-4c2f-ad2b-b66b4e17b899 | Context api_versions@openstack setup() finished in 0.42 sec
2019-11-18 21:15:30.370 20411 INFO rally.task.context [-] Task f0c16f69-272d-4c2f-ad2b-b66b4e17b899 | Context cleanup@openstack setup() finished in 0.01 msec
2019-11-18 21:15:31.519 20411 RALLYDEBUG rally.task.runner [-] Starting the constant runner (task UUID: f0c16f69-272d-4c2f-ad2b-b66b4e17b899). times: 10 concurrency: 4 timeout: 0 max_cpu_used: 16 processes_to_start: 4 concurrency_per_worker: 1 concurrency_overhead: 0
2019-11-18 21:15:31.531 21703 RALLYDEBUG rally.task.runner [-] Starting a worker. times: 10 duration: None concurrency: 1 timeout: 0 cls: method_name: run args: {"flavor": "20f9b21d-fa02-4686-8c91-5a88ae727ac8", "image": "bc09d53d-d329-4699-ba5f-613e9114d6ba", "volume_size": 1, "nics": [{"net-id": "6652dd7c-f0a3-4f25-801e-45e11a61489c"}]}
2019-11-18 21:15:31.535 21704 RALLYDEBUG rally.task.runner [-] Starting a worker. times: 10 duration: None concurrency: 1 timeout: 0 cls: method_name: run args: {"flavor": "20f9b21d-fa02-4686-8c91-5a88ae727ac8", "image": "bc09d53d-d329-4699-ba5f-613e9114d6ba", "volume_size": 1, "nics": [{"net-id": "6652dd7c-f0a3-4f25-801e-45e11a61489c"}]}
2019-11-18 21:15:31.538 21703 INFO rally.task.runner [-] Task f0c16f69-272d-4c2f-ad2b-b66b4e17b899 | ITER: 1 START
2019-11-18 21:15:31.538 21705 RALLYDEBUG rally.task.runner [-] Starting a worker. times: 10 duration: None concurrency: 1 timeout: 0 cls: method_name: run args: {"flavor": "20f9b21d-fa02-4686-8c91-5a88ae727ac8", "image": "bc09d53d-d329-4699-ba5f-613e9114d6ba", "volume_size": 1, "nics": [{"net-id": "6652dd7c-f0a3-4f25-801e-45e11a61489c"}]}
2019-11-18 21:15:31.542 21704 INFO rally.task.runner [-] Task f0c16f69-272d-4c2f-ad2b-b66b4e17b899 | ITER: 2 START
2019-11-18 21:15:31.542 21707 RALLYDEBUG rally.task.runner [-] Starting a worker. times: 10 duration: None concurrency: 1 timeout: 0 cls: method_name: run args: {"flavor": "20f9b21d-fa02-4686-8c91-5a88ae727ac8", "image": "bc09d53d-d329-4699-ba5f-613e9114d6ba", "volume_size": 1, "nics": [{"net-id": "6652dd7c-f0a3-4f25-801e-45e11a61489c"}]}
2019-11-18 21:15:31.545 21705 INFO rally.task.runner [-] Task f0c16f69-272d-4c2f-ad2b-b66b4e17b899 | ITER: 3 START
2019-11-18 21:15:31.548 21707 INFO rally.task.runner [-] Task f0c16f69-272d-4c2f-ad2b-b66b4e17b899 | ITER: 4 START
2019-11-18 21:15:47.649 21705 RALLYDEBUG rally.task.utils [-] Waiting for resource s_rally_545ec6e5_UbkUqU5t. Status changed: DOWNLOADING => AVAILABLE in 12.545425176620483
2019-11-18 21:15:55.440 21703 RALLYDEBUG rally.task.utils [-] Waiting for resource s_rally_545ec6e5_YvEjCvNp. Status changed: DOWNLOADING => AVAILABLE in 20.867615699768066
2019-11-18 21:15:57.095 21705 RALLYDEBUG rally.task.utils [-] Waiting for resource s_rally_545ec6e5_gdZLYYEQ. Status changed: BUILD => ACTIVE in 7.096476078033447
2019-11-18 21:15:57.098 21705 INFO rally.task.runner [-] Task f0c16f69-272d-4c2f-ad2b-b66b4e17b899 | ITER: 3 END: OK
2019-11-18 21:15:57.104 21705 INFO rally.task.runner [-] Task f0c16f69-272d-4c2f-ad2b-b66b4e17b899 | ITER: 5 START
2019-11-18 21:16:05.295 21703 RALLYDEBUG rally.task.utils [-] Waiting for resource s_rally_545ec6e5_vJzqdb86. Status changed: BUILD => ACTIVE in 7.663116455078125
2019-11-18 21:16:05.296 21703 INFO rally.task.runner [-] Task f0c16f69-272d-4c2f-ad2b-b66b4e17b899 | ITER: 1 END: OK
2019-11-18 21:16:05.302 21703 INFO rally.task.runner [-] Task f0c16f69-272d-4c2f-ad2b-b66b4e17b899 | ITER: 6 START
2019-11-18 21:16:12.919 21705 RALLYDEBUG rally.task.utils [-] Waiting for resource s_rally_545ec6e5_qV7xgiy9. Status changed: DOWNLOADING => AVAILABLE in 12.568801164627075
2019-11-18 21:16:12.941 21703 RALLYDEBUG rally.task.utils [-] Waiting for resource s_rally_545ec6e5_pFr4WK5R. Status changed: CREATING => DOWNLOADING in 4.274768114089966
2019-11-18 21:16:22.485 21705 RALLYDEBUG rally.task.utils [-] Waiting for resource s_rally_545ec6e5_9nOz06Fk. Status changed: BUILD => ACTIVE in 7.012898206710815
2019-11-18 21:16:22.486 21705 INFO rally.task.runner [-] Task f0c16f69-272d-4c2f-ad2b-b66b4e17b899 | ITER: 5 END: OK
2019-11-18 21:16:22.490 21705 INFO rally.task.runner [-] Task f0c16f69-272d-4c2f-ad2b-b66b4e17b899 | ITER: 7 START
2019-11-18 21:16:27.443 21703 RALLYDEBUG rally.task.utils [-] Waiting for resource s_rally_545ec6e5_pFr4WK5R. Status changed: DOWNLOADING => AVAILABLE in 14.501842021942139
2019-11-18 21:16:28.040 21705 RALLYDEBUG rally.task.utils [-] Waiting for resource s_rally_545ec6e5_BsKlXEvr. Status changed: CREATING => DOWNLOADING in 2.2084805965423584
2019-11-18 21:16:29.055 21707 RALLYDEBUG rally.task.utils [-] Waiting for resource s_rally_545ec6e5_3speeNH0. Status changed: DOWNLOADING => AVAILABLE in 53.99536752700806
2019-11-18 21:16:31.283 21704 RALLYDEBUG rally.task.utils [-] Waiting for resource s_rally_545ec6e5_d19gORSL. Status changed: DOWNLOADING => AVAILABLE in 56.183706283569336
2019-11-18 21:16:36.656 21703 RALLYDEBUG rally.task.utils [-] Waiting for resource s_rally_545ec6e5_z7qF4JKz. Status changed: BUILD => ACTIVE in 6.863754034042358
2019-11-18 21:16:36.656 21703 INFO rally.task.runner [-] Task f0c16f69-272d-4c2f-ad2b-b66b4e17b899 | ITER: 6 END: OK
2019-11-18 21:16:36.661 21703 INFO rally.task.runner [-] Task f0c16f69-272d-4c2f-ad2b-b66b4e17b899 | ITER: 8 START
2019-11-18 21:16:38.560 21707 RALLYDEBUG rally.task.utils [-] Waiting for resource s_rally_545ec6e5_yuhy2xLn. Status changed: BUILD => ACTIVE in 7.118485689163208
2019-11-18 21:16:38.561 21707 INFO rally.task.runner [-] Task f0c16f69-272d-4c2f-ad2b-b66b4e17b899 | ITER: 4 END: OK
2019-11-18 21:16:38.567 21707 INFO rally.task.runner [-] Task f0c16f69-272d-4c2f-ad2b-b66b4e17b899 | ITER: 9 START
2019-11-18 21:16:40.065 21704 RALLYDEBUG rally.task.utils [-] Waiting for resource s_rally_545ec6e5_suMqu1Dr. Status changed: BUILD => ACTIVE in 6.770761251449585
2019-11-18 21:16:40.067 21704 INFO rally.task.runner [-] Task f0c16f69-272d-4c2f-ad2b-b66b4e17b899 | ITER: 2 END: OK
2019-11-18 21:16:40.073 21704 INFO rally.task.runner [-] Task f0c16f69-272d-4c2f-ad2b-b66b4e17b899 | ITER: 10 START
2019-11-18 21:16:50.794 21705 RALLYDEBUG rally.task.utils [-] Waiting for resource s_rally_545ec6e5_BsKlXEvr. Status changed: DOWNLOADING => AVAILABLE in 22.754414081573486
2019-11-18 21:16:55.599 21704 RALLYDEBUG rally.task.utils [-] Waiting for resource s_rally_545ec6e5_A2w3Sh8n. Status changed: DOWNLOADING => AVAILABLE in 12.705456018447876
2019-11-18 21:17:04.443 21705 RALLYDEBUG rally.task.utils [-] Waiting for resource s_rally_545ec6e5_mFJIPTYf. Status changed: BUILD => ACTIVE in 11.201687812805176
2019-11-18 21:17:04.444 21705 INFO rally.task.runner [-] Task f0c16f69-272d-4c2f-ad2b-b66b4e17b899 | ITER: 7 END: OK
2019-11-18 21:17:04.917 21704 RALLYDEBUG rally.task.utils [-] Waiting for resource s_rally_545ec6e5_8CYlZ7mP. Status changed: BUILD => ACTIVE in 7.059037208557129
2019-11-18 21:17:04.918 21704 INFO rally.task.runner [-] Task f0c16f69-272d-4c2f-ad2b-b66b4e17b899 | ITER: 10 END: OK
2019-11-18 21:17:27.456 21703 RALLYDEBUG rally.task.utils [-] Waiting for resource s_rally_545ec6e5_Eeghk5xP. Status changed: DOWNLOADING => AVAILABLE in 47.75490641593933
2019-11-18 21:17:29.172 21707 RALLYDEBUG rally.task.utils [-] Waiting for resource s_rally_545ec6e5_PJ3Uj7Er. Status changed: DOWNLOADING => AVAILABLE in 47.770766735076904
2019-11-18 21:17:36.468 21703 RALLYDEBUG rally.task.utils [-] Waiting for resource s_rally_545ec6e5_cYuQzDZI. Status changed: BUILD => ACTIVE in 6.771970748901367
2019-11-18 21:17:36.469 21703 INFO rally.task.runner [-] Task f0c16f69-272d-4c2f-ad2b-b66b4e17b899 | ITER: 8 END: OK
2019-11-18 21:17:40.585 21707 RALLYDEBUG rally.task.utils [-] Waiting for resource s_rally_545ec6e5_gVkRpfEn. Status changed: BUILD => ACTIVE in 9.286439895629883
2019-11-18 21:17:40.586 21707 INFO rally.task.runner [-] Task f0c16f69-272d-4c2f-ad2b-b66b4e17b899 | ITER: 9 END: OK
2019-11-18 21:17:40.613 20411 INFO rally.task.context [-] Task f0c16f69-272d-4c2f-ad2b-b66b4e17b899 | Context cleanup@openstack cleanup() started
2019-11-18 21:17:40.619 20411 RALLYDEBUG rally_openstack.cleanup.manager [-] Cleaning up nova servers objects
2019-11-18 21:17:43.254 20411 RALLYDEBUG rally_openstack.cleanup.manager [-] Deleting nova.servers object s_rally_545ec6e5_gVkRpfEn (1c0c2a46-5b85-4784-a8f9-f4d9da0c045d)
2019-11-18 21:17:43.264 20411 RALLYDEBUG rally_openstack.cleanup.manager [-] Deleting nova.servers object s_rally_545ec6e5_z7qF4JKz (dedc8910-6aa0-461b-84b6-1d8087f437cc)
2019-11-18 21:17:43.273 20411 RALLYDEBUG rally_openstack.cleanup.manager [-] Deleting nova.servers object s_rally_545ec6e5_vJzqdb86 (bc7ef9cd-4113-4d7b-b10d-34aa040d4e11)
2019-11-18 21:17:43.277 20411 RALLYDEBUG rally_openstack.cleanup.manager [-] Deleting nova.servers object s_rally_545ec6e5_cYuQzDZI (9ab64d0b-cd83-4631-8d04-bf82b3c4af67)
2019-11-18 21:17:43.287 20411 RALLYDEBUG rally_openstack.cleanup.manager [-] Deleting nova.servers object s_rally_545ec6e5_mFJIPTYf (7fcf2b6c-69c7-4b41-99f1-a211d67e7621)
2019-11-18 21:17:43.298 20411 RALLYDEBUG rally_openstack.cleanup.manager [-] Deleting nova.servers object s_rally_545ec6e5_gdZLYYEQ (7bc824e8-6591-47fc-a2f7-1c066b82a8ff)
2019-11-18 21:17:43.325 20411 RALLYDEBUG rally_openstack.cleanup.manager [-] Deleting nova.servers object s_rally_545ec6e5_8CYlZ7mP (31c5dad9-76af-4850-b319-fc95c3aa1bcb)
2019-11-18 21:17:43.336 20411 RALLYDEBUG rally_openstack.cleanup.manager [-] Deleting nova.servers object s_rally_545ec6e5_suMqu1Dr (57b2271b-0c55-400b-8ec9-8c23e92d715e)
2019-11-18 21:17:43.354 20411 RALLYDEBUG rally_openstack.cleanup.manager [-] Deleting nova.servers object s_rally_545ec6e5_yuhy2xLn (3368934f-ba9f-4ae3-bfd2-bd00bac98b03)
2019-11-18 21:17:43.365 20411 RALLYDEBUG rally_openstack.cleanup.manager [-] Deleting nova.servers object s_rally_545ec6e5_9nOz06Fk (0c07ba6a-aa63-400c-acc7-f5ed6c3a9740)
2019-11-18 21:17:49.010 20411 RALLYDEBUG rally_openstack.cleanup.manager [-] Cleaning up nova server_groups objects
2019-11-18 21:17:50.149 20411 RALLYDEBUG rally_openstack.cleanup.manager [-] Cleaning up nova keypairs objects
2019-11-18 21:17:52.582 20411 RALLYDEBUG rally_openstack.cleanup.manager [-] Cleaning up cinder backups objects
2019-11-18 21:17:54.103 20411 RALLYDEBUG rally_openstack.cleanup.manager [-] Cleaning up cinder volume_snapshots objects
2019-11-18 21:17:55.272 20411 RALLYDEBUG rally_openstack.cleanup.manager [-] Cleaning up cinder transfers objects
2019-11-18 21:17:56.984 20411 RALLYDEBUG rally_openstack.cleanup.manager [-] Cleaning up cinder volumes objects
2019-11-18 21:17:58.517 20411 RALLYDEBUG rally_openstack.cleanup.manager [-] Deleting cinder.volumes object s_rally_545ec6e5_PJ3Uj7Er (f1e1d185-2ae0-4c30-b295-b123e2ea4b78)
2019-11-18 21:17:58.527 20411 RALLYDEBUG rally_openstack.cleanup.manager [-] Deleting cinder.volumes object s_rally_545ec6e5_pFr4WK5R (2d3eb6ed-bd45-40b1-86a6-96b1b0b0753f)
2019-11-18 21:17:58.535 20411 RALLYDEBUG rally_openstack.cleanup.manager [-] Deleting cinder.volumes object s_rally_545ec6e5_YvEjCvNp (e0b80694-8fd9-4109-805f-5094abfd593d)
2019-11-18 21:17:58.544 20411 RALLYDEBUG rally_openstack.cleanup.manager [-] Deleting cinder.volumes object s_rally_545ec6e5_Eeghk5xP (1dc672fc-2dfa-4a49-a2fd-b1e8d5b774a7)
2019-11-18 21:17:58.549 20411 RALLYDEBUG rally_openstack.cleanup.manager [-] Deleting cinder.volumes object s_rally_545ec6e5_BsKlXEvr (886e3640-1659-432a-aaae-6dca4d236591)
2019-11-18 21:17:58.557 20411 RALLYDEBUG rally_openstack.cleanup.manager [-] Deleting cinder.volumes object s_rally_545ec6e5_UbkUqU5t (ba00c273-f99e-42fd-a936-8fdcbf0089c6)
2019-11-18 21:17:58.568 20411 RALLYDEBUG rally_openstack.cleanup.manager [-] Deleting cinder.volumes object s_rally_545ec6e5_A2w3Sh8n (d9289360-fc98-4b06-8cad-c2c8e33cf294)
2019-11-18 21:17:58.581 20411 RALLYDEBUG rally_openstack.cleanup.manager [-] Deleting cinder.volumes object s_rally_545ec6e5_qV7xgiy9 (9f7a4899-64c8-4c78-9f37-2db3b40332ee)
2019-11-18 21:17:58.592 20411 RALLYDEBUG rally_openstack.cleanup.manager [-] Deleting cinder.volumes object s_rally_545ec6e5_3speeNH0 (ad1d0e51-e015-493c-aa06-41868107125a)
2019-11-18 21:17:58.615 20411 RALLYDEBUG rally_openstack.cleanup.manager [-] Deleting cinder.volumes object s_rally_545ec6e5_d19gORSL (8028dfb8-168b-4e4f-93e8-8505a92df659)
2019-11-18 21:18:02.576 20411 INFO rally.task.context [-] Task f0c16f69-272d-4c2f-ad2b-b66b4e17b899 | Context cleanup@openstack cleanup() finished in 21.96 sec
2019-11-18 21:18:02.577 20411 INFO rally.task.context [-] Task f0c16f69-272d-4c2f-ad2b-b66b4e17b899 | Context api_versions@openstack cleanup() started
2019-11-18 21:18:02.577 20411 INFO rally.task.context [-] Task f0c16f69-272d-4c2f-ad2b-b66b4e17b899 | Context api_versions@openstack cleanup() finished in 0.42 msec
2019-11-18 21:18:02.578 20411 INFO rally.task.context [-] Task f0c16f69-272d-4c2f-ad2b-b66b4e17b899 | Context users@openstack cleanup() started
2019-11-18 21:18:06.661 20411 INFO rally.task.context [-] Task f0c16f69-272d-4c2f-ad2b-b66b4e17b899 | Context users@openstack cleanup() finished in 4.08 sec
2019-11-18 21:18:08.136 20411 INFO rally.task.engine [-] Load duration is: 128.043511
2019-11-18 21:18:08.136 20411 INFO rally.task.engine [-] Full runner duration is: 129.094795
2019-11-18 21:18:08.137 20411 INFO rally.task.engine [-] Full duration is: 159.214963
2019-11-18 21:18:08.468 20411 INFO rally.task.engine [-] Running workload: position = 0 config = { "version": 2, "title": "A cropped version of a bigger task.", "description": "Auto-generated task from a single workload (uuid=5ab074d0-cffc-401f-9c16-7b6a4a18e817)", "subtasks": [ { "title": "NovaServers.boot_server", "description": "Boot a server.", "scenario": { "NovaServers.boot_server": { "flavor": { "name": "rally_full-flavor_00f7b341-174b-4e8f-9b53-bfd161b2cdfa" }, "image": { "name": "rally_full-img_00f7b341-174b-4e8f-9b53-bfd161b2cdfa" }, "nics": [ { "net-id": "6652dd7c-f0a3-4f25-801e-45e11a61489c" } ] } }, "contexts": { "users": { "tenants": 3, "users_per_tenant": 2 } }, "runner": { "constant": { "concurrency": 4, "times": 10 } }, "hooks": [], "sla": { "failure_rate": { "max": 0 } } } ] }
2019-11-18 21:18:08.493 20411 RALLYDEBUG rally_openstack.contexts.keystone.users [-] Creating 3 tenants using 20 threads
2019-11-18 21:18:09.580 20411 RALLYDEBUG rally_openstack.contexts.keystone.users [-] Creating 6 users using 20 threads
2019-11-18 21:18:11.145 20411 INFO rally.task.context [-] Task f0c16f69-272d-4c2f-ad2b-b66b4e17b899 | Context users@openstack setup() finished in 2.65 sec
2019-11-18 21:18:11.145 20411 INFO rally.task.context [-] Task f0c16f69-272d-4c2f-ad2b-b66b4e17b899 | Context cleanup@openstack setup() finished in 0.02 msec
2019-11-18 21:18:12.189 20411 RALLYDEBUG rally.task.runner [-] Starting the constant runner (task UUID: f0c16f69-272d-4c2f-ad2b-b66b4e17b899). times: 10 concurrency: 4 timeout: 0 max_cpu_used: 16 processes_to_start: 4 concurrency_per_worker: 1 concurrency_overhead: 0
2019-11-18 21:18:12.201 21947 RALLYDEBUG rally.task.runner [-] Starting a worker. times: 10 duration: None concurrency: 1 timeout: 0 cls: method_name: run args: {"flavor": "20f9b21d-fa02-4686-8c91-5a88ae727ac8", "image": "bc09d53d-d329-4699-ba5f-613e9114d6ba", "nics": [{"net-id": "6652dd7c-f0a3-4f25-801e-45e11a61489c"}]}
2019-11-18 21:18:12.205 21948 RALLYDEBUG rally.task.runner [-] Starting a worker. times: 10 duration: None concurrency: 1 timeout: 0 cls: method_name: run args: {"flavor": "20f9b21d-fa02-4686-8c91-5a88ae727ac8", "image": "bc09d53d-d329-4699-ba5f-613e9114d6ba", "nics": [{"net-id": "6652dd7c-f0a3-4f25-801e-45e11a61489c"}]}
2019-11-18 21:18:12.208 21947 INFO rally.task.runner [-] Task f0c16f69-272d-4c2f-ad2b-b66b4e17b899 | ITER: 1 START
2019-11-18 21:18:12.209 21949 RALLYDEBUG rally.task.runner [-] Starting a worker. times: 10 duration: None concurrency: 1 timeout: 0 cls: method_name: run args: {"flavor": "20f9b21d-fa02-4686-8c91-5a88ae727ac8", "image": "bc09d53d-d329-4699-ba5f-613e9114d6ba", "nics": [{"net-id": "6652dd7c-f0a3-4f25-801e-45e11a61489c"}]}
2019-11-18 21:18:12.211 21948 INFO rally.task.runner [-] Task f0c16f69-272d-4c2f-ad2b-b66b4e17b899 | ITER: 2 START
2019-11-18 21:18:12.213 21952 RALLYDEBUG rally.task.runner [-] Starting a worker. times: 10 duration: None concurrency: 1 timeout: 0 cls: method_name: run args: {"flavor": "20f9b21d-fa02-4686-8c91-5a88ae727ac8", "image": "bc09d53d-d329-4699-ba5f-613e9114d6ba", "nics": [{"net-id": "6652dd7c-f0a3-4f25-801e-45e11a61489c"}]}
2019-11-18 21:18:12.216 21949 INFO rally.task.runner [-] Task f0c16f69-272d-4c2f-ad2b-b66b4e17b899 | ITER: 3 START
2019-11-18 21:18:12.220 21952 INFO rally.task.runner [-] Task f0c16f69-272d-4c2f-ad2b-b66b4e17b899 | ITER: 4 START
2019-11-18 21:18:19.205 21947 RALLYDEBUG rally.task.utils [-] Waiting for resource s_rally_5ab074d0_0mT5UcQb. Status changed: BUILD => ACTIVE in 4.656094551086426
2019-11-18 21:18:19.206 21947 INFO rally.task.runner [-] Task f0c16f69-272d-4c2f-ad2b-b66b4e17b899 | ITER: 1 END: OK
2019-11-18 21:18:19.210 21947 INFO rally.task.runner [-] Task f0c16f69-272d-4c2f-ad2b-b66b4e17b899 | ITER: 5 START
2019-11-18 21:18:19.217 21948 RALLYDEBUG rally.task.utils [-] Waiting for resource s_rally_5ab074d0_7OdpjG6g. Status changed: BUILD => ACTIVE in 4.565200567245483
2019-11-18 21:18:19.218 21948 INFO rally.task.runner [-] Task f0c16f69-272d-4c2f-ad2b-b66b4e17b899 | ITER: 2 END: OK
2019-11-18 21:18:19.221 21948 INFO rally.task.runner [-] Task f0c16f69-272d-4c2f-ad2b-b66b4e17b899 | ITER: 6 START
2019-11-18 21:18:21.377 21949 RALLYDEBUG rally.task.utils [-] Waiting for resource s_rally_5ab074d0_Nc01a4tj. Status changed: BUILD => ACTIVE in 6.72280216217041
2019-11-18 21:18:21.378 21949 INFO rally.task.runner [-] Task f0c16f69-272d-4c2f-ad2b-b66b4e17b899 | ITER: 3 END: OK
2019-11-18 21:18:21.381 21949 INFO rally.task.runner [-] Task f0c16f69-272d-4c2f-ad2b-b66b4e17b899 | ITER: 7 START
2019-11-18 21:18:21.515 21952 RALLYDEBUG rally.task.utils [-] Waiting for resource s_rally_5ab074d0_AEC8AN1z. Status changed: BUILD => ACTIVE in 7.002227306365967
2019-11-18 21:18:21.515 21952 INFO rally.task.runner [-] Task f0c16f69-272d-4c2f-ad2b-b66b4e17b899 | ITER: 4 END: OK
2019-11-18 21:18:21.518 21952 INFO rally.task.runner [-] Task f0c16f69-272d-4c2f-ad2b-b66b4e17b899 | ITER: 8 START
2019-11-18 21:18:25.963 21948 RALLYDEBUG rally.task.utils [-] Waiting for resource s_rally_5ab074d0_IJsLCkxE. Status changed: BUILD => ACTIVE in 4.643434286117554
2019-11-18 21:18:25.963 21948 INFO rally.task.runner [-] Task f0c16f69-272d-4c2f-ad2b-b66b4e17b899 | ITER: 6 END: OK
2019-11-18 21:18:25.967 21948 INFO rally.task.runner [-] Task f0c16f69-272d-4c2f-ad2b-b66b4e17b899 | ITER: 9 START
2019-11-18 21:18:28.079 21947 RALLYDEBUG rally.task.utils [-] Waiting for resource s_rally_5ab074d0_42So5TQA. Status changed: BUILD => ACTIVE in 6.69552206993103
2019-11-18 21:18:28.079 21947 INFO rally.task.runner [-] Task f0c16f69-272d-4c2f-ad2b-b66b4e17b899 | ITER: 5 END: OK
2019-11-18 21:18:28.083 21947 INFO rally.task.runner [-] Task f0c16f69-272d-4c2f-ad2b-b66b4e17b899 | ITER: 10 START
2019-11-18 21:18:30.208 21949 RALLYDEBUG rally.task.utils [-] Waiting for resource s_rally_5ab074d0_LyyGSBBZ. Status changed: BUILD => ACTIVE in 6.685561180114746
2019-11-18 21:18:30.209 21949 INFO rally.task.runner [-] Task f0c16f69-272d-4c2f-ad2b-b66b4e17b899 | ITER: 7 END: OK
2019-11-18 21:18:32.660 21952 RALLYDEBUG rally.task.utils [-] Waiting for resource s_rally_5ab074d0_YA3YZEum. Status changed: BUILD => ACTIVE in 8.833083868026733
2019-11-18 21:18:32.660 21952 INFO rally.task.runner [-] Task f0c16f69-272d-4c2f-ad2b-b66b4e17b899 | ITER: 8 END: OK
2019-11-18 21:18:32.838 21948 RALLYDEBUG rally.task.utils [-] Waiting for resource s_rally_5ab074d0_2XtA0p8q. Status changed: BUILD => ACTIVE in 4.661104440689087
2019-11-18 21:18:32.839 21948 INFO rally.task.runner [-] Task f0c16f69-272d-4c2f-ad2b-b66b4e17b899 | ITER: 9 END: OK
2019-11-18 21:18:37.188 21947 RALLYDEBUG rally.task.utils [-] Waiting for resource s_rally_5ab074d0_nnINwcYd. Status changed: BUILD => ACTIVE in 6.82736349105835
2019-11-18 21:18:37.190 21947 INFO rally.task.runner [-] Task f0c16f69-272d-4c2f-ad2b-b66b4e17b899 | ITER: 10 END: OK
2019-11-18 21:18:37.224 20411 INFO rally.task.context [-] Task f0c16f69-272d-4c2f-ad2b-b66b4e17b899 | Context cleanup@openstack cleanup() started
2019-11-18 21:18:37.227 20411 RALLYDEBUG rally_openstack.cleanup.manager [-] Cleaning up nova servers objects
2019-11-18 21:18:39.801 20411 RALLYDEBUG rally_openstack.cleanup.manager [-] Deleting nova.servers object s_rally_5ab074d0_42So5TQA (b3d1744b-e7d6-44e2-b9b5-f6fe7fdd7129)
2019-11-18 21:18:39.810 20411 RALLYDEBUG rally_openstack.cleanup.manager [-] Deleting nova.servers object s_rally_5ab074d0_nnINwcYd (33094d5e-88fa-426d-bf73-cbd0b3e29ac6)
2019-11-18 21:18:39.818 20411 RALLYDEBUG rally_openstack.cleanup.manager [-] Deleting nova.servers object s_rally_5ab074d0_LyyGSBBZ (9282506c-5faa-4aba-87c0-8e4dabe27e99)
2019-11-18 21:18:39.822 20411 RALLYDEBUG rally_openstack.cleanup.manager [-] Deleting nova.servers object s_rally_5ab074d0_7OdpjG6g (676e0719-663f-4666-ac50-027fdec23f6b)
2019-11-18 21:18:39.832 20411 RALLYDEBUG rally_openstack.cleanup.manager [-] Deleting nova.servers object s_rally_5ab074d0_0mT5UcQb (9f735c4a-a89a-4846-8dc3-91ab78392cd3)
2019-11-18 21:18:39.837 20411 RALLYDEBUG rally_openstack.cleanup.manager [-] Deleting nova.servers object s_rally_5ab074d0_Nc01a4tj (f2629c6e-e4f3-4232-839c-821795baec73)
2019-11-18 21:18:39.843 20411 RALLYDEBUG rally_openstack.cleanup.manager [-] Deleting nova.servers object s_rally_5ab074d0_2XtA0p8q (45244691-6a46-4cb1-823e-5e5ed1b028c4)
2019-11-18 21:18:39.859 20411 RALLYDEBUG rally_openstack.cleanup.manager [-] Deleting nova.servers object s_rally_5ab074d0_YA3YZEum (7c7876c6-e3f9-410f-adf4-959431abd981)
2019-11-18 21:18:39.867 20411 RALLYDEBUG rally_openstack.cleanup.manager [-] Deleting nova.servers object s_rally_5ab074d0_IJsLCkxE (896d5873-98b3-42d0-9ab5-a36f2518a0cb)
2019-11-18 21:18:39.880 20411 RALLYDEBUG rally_openstack.cleanup.manager [-] Deleting nova.servers object s_rally_5ab074d0_AEC8AN1z (721c0285-4251-4cba-a3a2-85ac80a12c1d)
2019-11-18 21:18:45.475 20411 RALLYDEBUG rally_openstack.cleanup.manager [-] Cleaning up nova server_groups objects
2019-11-18 21:18:46.625 20411 RALLYDEBUG rally_openstack.cleanup.manager [-] Cleaning up nova keypairs objects
2019-11-18 21:18:49.059 20411 INFO rally.task.context [-] Task f0c16f69-272d-4c2f-ad2b-b66b4e17b899 | Context cleanup@openstack cleanup() finished in 11.84 sec
2019-11-18 21:18:49.059 20411 INFO rally.task.context [-] Task f0c16f69-272d-4c2f-ad2b-b66b4e17b899 | Context users@openstack cleanup() started
2019-11-18 21:18:53.193 20411 INFO rally.task.context [-] Task f0c16f69-272d-4c2f-ad2b-b66b4e17b899 | Context users@openstack cleanup() finished in 4.13 sec
2019-11-18 21:18:54.755 20411 INFO rally.task.engine [-] Load duration is: 23.980835
2019-11-18 21:18:54.755 20411 INFO rally.task.engine [-] Full runner duration is: 25.035581
2019-11-18 21:18:54.756 20411 INFO rally.task.engine [-] Full duration is: 44.701377
2019-11-18 21:18:55.061 20411 INFO rally.task.engine [-] Running workload: position = 0 config = { "version": 2, "title": "A cropped version of a bigger task.", "description": "Auto-generated task from a single workload (uuid=da965100-a7b2-4062-a14e-63a901e5d991)", "subtasks": [ { "title": "NovaServers.list_servers", "description": "List all servers.", "scenario": { "NovaServers.list_servers": { "detailed": true } }, "contexts": { "users": { "tenants": 3, "users_per_tenant": 2 }, "servers": { "flavor": { "name": "rally_full-flavor_00f7b341-174b-4e8f-9b53-bfd161b2cdfa" }, "image": { "name": "rally_full-img_00f7b341-174b-4e8f-9b53-bfd161b2cdfa" }, "servers_per_tenant": 2, "auto_assign_nic": true }, "network": {} }, "runner": { "constant": { "concurrency": 4, "times": 10 } }, "hooks": [], "sla": { "failure_rate": { "max": 0 } } } ] }
2019-11-18 21:18:55.087 20411 RALLYDEBUG rally_openstack.contexts.keystone.users [-] Creating 3 tenants using 20 threads
2019-11-18 21:18:56.169 20411 RALLYDEBUG rally_openstack.contexts.keystone.users [-] Creating 6 users using 20 threads
2019-11-18 21:18:57.654 20411 INFO rally.task.context [-] Task f0c16f69-272d-4c2f-ad2b-b66b4e17b899 | Context users@openstack setup() finished in 2.57 sec
2019-11-18 21:18:59.955 20411 RALLYDEBUG rally_openstack.wrappers.network [-] CIDR generated: 10.2.15.0/24
2019-11-18 21:19:04.257 20411 RALLYDEBUG rally_openstack.wrappers.network [-] CIDR generated: 10.2.16.0/24
2019-11-18 21:19:08.218 20411 RALLYDEBUG rally_openstack.wrappers.network [-] CIDR generated: 10.2.17.0/24
2019-11-18 21:19:10.407 20411 INFO rally.task.context [-] Task f0c16f69-272d-4c2f-ad2b-b66b4e17b899 | Context network@openstack setup() finished in 12.75 sec
2019-11-18 21:19:11.328 20411 RALLYDEBUG rally_openstack.contexts.nova.servers [-] Booting servers for user tenant e095ed7463b14dff989d86f3455226c3
2019-11-18 21:19:11.329 20411 RALLYDEBUG rally_openstack.contexts.nova.servers [-] Calling _boot_servers with image_id=bc09d53d-d329-4699-ba5f-613e9114d6ba flavor_id=20f9b21d-fa02-4686-8c91-5a88ae727ac8 servers_per_tenant=2
2019-11-18 21:19:19.267 20411 RALLYDEBUG rally.task.utils [-] Waiting for resource s_rally_da965100_TJ9mrloV_1. Status changed: BUILD => ACTIVE in 4.783889532089233
2019-11-18 21:19:21.652 20411 RALLYDEBUG rally.task.utils [-] Waiting for resource s_rally_da965100_TJ9mrloV_0. Status changed: BUILD => ACTIVE in 2.3848583698272705
2019-11-18 21:19:21.653 20411 RALLYDEBUG rally_openstack.contexts.nova.servers [-] Adding booted servers ['e02bb386-54e7-40cc-a865-f3948764c8ed', 'eca6e722-7083-46c8-9580-0b2015dbf8ec'] to context
2019-11-18 21:19:21.653 20411 RALLYDEBUG rally_openstack.contexts.nova.servers [-] Booting servers for user tenant c068f14add7c4e35bacfcc3cd36a1d12
2019-11-18 21:19:21.654 20411 RALLYDEBUG rally_openstack.contexts.nova.servers [-] Calling _boot_servers with image_id=bc09d53d-d329-4699-ba5f-613e9114d6ba flavor_id=20f9b21d-fa02-4686-8c91-5a88ae727ac8 servers_per_tenant=2
2019-11-18 21:19:30.013 20411 RALLYDEBUG rally.task.utils [-] Waiting for resource s_rally_da965100_6V3HtvnO_1. Status changed: BUILD => ACTIVE in 5.000192642211914
2019-11-18 21:19:30.255 20411 RALLYDEBUG rally.task.utils [-] Waiting for resource s_rally_da965100_6V3HtvnO_0. Status changed: BUILD => ACTIVE in 0.24153685569763184
2019-11-18 21:19:30.256 20411 RALLYDEBUG rally_openstack.contexts.nova.servers [-] Adding booted servers ['8b31bb9a-21d7-4b4e-8095-809ce1cd7cce', '947b9c51-d365-4765-80f1-5bd1ff1cade3'] to context
2019-11-18 21:19:30.256 20411 RALLYDEBUG rally_openstack.contexts.nova.servers [-] Booting servers for user tenant c8608e6f0ac642419fd7999970e729f9
2019-11-18 21:19:30.257 20411 RALLYDEBUG rally_openstack.contexts.nova.servers [-] Calling _boot_servers with image_id=bc09d53d-d329-4699-ba5f-613e9114d6ba flavor_id=20f9b21d-fa02-4686-8c91-5a88ae727ac8 servers_per_tenant=2
2019-11-18 21:19:40.521 20411 RALLYDEBUG rally.task.utils [-] Waiting for resource s_rally_da965100_m0pPffDF_1. Status changed: BUILD => ACTIVE in 7.032156229019165
2019-11-18 21:19:40.784 20411 RALLYDEBUG rally.task.utils [-] Waiting for resource s_rally_da965100_m0pPffDF_0. Status changed: BUILD => ACTIVE in 0.26270270347595215
2019-11-18 21:19:40.785 20411 RALLYDEBUG rally_openstack.contexts.nova.servers [-] Adding booted servers ['0c5fc2cd-7c2e-4a24-b07d-33ec8b65660c', '357d289b-1ade-4704-945a-d8a61e9a5606'] to context
2019-11-18 21:19:40.785 20411 INFO rally.task.context [-] Task f0c16f69-272d-4c2f-ad2b-b66b4e17b899 | Context servers@openstack setup() finished in 30.38 sec
2019-11-18 21:19:40.797 20411 RALLYDEBUG rally.task.runner [-] Starting the constant runner (task UUID: f0c16f69-272d-4c2f-ad2b-b66b4e17b899). times: 10 concurrency: 4 timeout: 0 max_cpu_used: 16 processes_to_start: 4 concurrency_per_worker: 1 concurrency_overhead: 0
2019-11-18 21:19:40.810 22111 RALLYDEBUG rally.task.runner [-] Starting a worker. times: 10 duration: None concurrency: 1 timeout: 0 cls: method_name: run args: {"detailed": true}
2019-11-18 21:19:40.813 22112 RALLYDEBUG rally.task.runner [-] Starting a worker. times: 10 duration: None concurrency: 1 timeout: 0 cls: method_name: run args: {"detailed": true}
2019-11-18 21:19:40.818 22111 INFO rally.task.runner [-] Task f0c16f69-272d-4c2f-ad2b-b66b4e17b899 | ITER: 1 START
2019-11-18 21:19:40.817 22113 RALLYDEBUG rally.task.runner [-] Starting a worker. times: 10 duration: None concurrency: 1 timeout: 0 cls: method_name: run args: {"detailed": true}
2019-11-18 21:19:40.821 22112 INFO rally.task.runner [-] Task f0c16f69-272d-4c2f-ad2b-b66b4e17b899 | ITER: 2 START
2019-11-18 21:19:40.821 22114 RALLYDEBUG rally.task.runner [-] Starting a worker. times: 10 duration: None concurrency: 1 timeout: 0 cls: method_name: run args: {"detailed": true}
2019-11-18 21:19:40.824 22113 INFO rally.task.runner [-] Task f0c16f69-272d-4c2f-ad2b-b66b4e17b899 | ITER: 3 START
2019-11-18 21:19:40.828 22114 INFO rally.task.runner [-] Task f0c16f69-272d-4c2f-ad2b-b66b4e17b899 | ITER: 4 START
2019-11-18 21:19:41.547 22114 INFO rally.task.runner [-] Task f0c16f69-272d-4c2f-ad2b-b66b4e17b899 | ITER: 4 END: OK
2019-11-18 21:19:41.551 22114 INFO rally.task.runner [-] Task f0c16f69-272d-4c2f-ad2b-b66b4e17b899 | ITER: 5 START
2019-11-18 21:19:41.629 22113 INFO rally.task.runner [-] Task f0c16f69-272d-4c2f-ad2b-b66b4e17b899 | ITER: 3 END: OK
2019-11-18 21:19:41.630 22111 INFO rally.task.runner [-] Task f0c16f69-272d-4c2f-ad2b-b66b4e17b899 | ITER: 1 END: OK
2019-11-18 21:19:41.634 22113 INFO rally.task.runner [-] Task f0c16f69-272d-4c2f-ad2b-b66b4e17b899 | ITER: 6 START
2019-11-18 21:19:41.634 22111 INFO rally.task.runner [-] Task f0c16f69-272d-4c2f-ad2b-b66b4e17b899 | ITER: 7 START
2019-11-18 21:19:41.658 22112 INFO rally.task.runner [-] Task f0c16f69-272d-4c2f-ad2b-b66b4e17b899 | ITER: 2 END: OK
2019-11-18 21:19:41.663 22112 INFO rally.task.runner [-] Task f0c16f69-272d-4c2f-ad2b-b66b4e17b899 | ITER: 8 START
2019-11-18 21:19:42.245 22114 INFO rally.task.runner [-] Task f0c16f69-272d-4c2f-ad2b-b66b4e17b899 | ITER: 5 END: OK
2019-11-18 21:19:42.249 22114 INFO rally.task.runner [-] Task f0c16f69-272d-4c2f-ad2b-b66b4e17b899 | ITER: 9 START
2019-11-18 21:19:42.378 22113 INFO rally.task.runner [-] Task f0c16f69-272d-4c2f-ad2b-b66b4e17b899 | ITER: 6 END: OK
2019-11-18 21:19:42.383 22113 INFO rally.task.runner [-] Task f0c16f69-272d-4c2f-ad2b-b66b4e17b899 | ITER: 10 START
2019-11-18 21:19:42.387 22111 INFO rally.task.runner [-] Task f0c16f69-272d-4c2f-ad2b-b66b4e17b899 | ITER: 7 END: OK
2019-11-18 21:19:42.451 22112 INFO rally.task.runner [-] Task f0c16f69-272d-4c2f-ad2b-b66b4e17b899 | ITER: 8 END: OK
2019-11-18 21:19:42.957 22114 INFO rally.task.runner [-] Task f0c16f69-272d-4c2f-ad2b-b66b4e17b899 | ITER: 9 END: OK
2019-11-18 21:19:43.093 22113 INFO rally.task.runner [-] Task f0c16f69-272d-4c2f-ad2b-b66b4e17b899 | ITER: 10 END: OK
2019-11-18 21:19:43.118 20411 INFO rally.task.context [-] Task f0c16f69-272d-4c2f-ad2b-b66b4e17b899 | Context servers@openstack cleanup() started
2019-11-18 21:19:43.120 20411 RALLYDEBUG rally_openstack.cleanup.manager [-] Cleaning up nova servers objects
2019-11-18 21:19:45.728 20411 RALLYDEBUG rally_openstack.cleanup.manager [-] Deleting nova.servers object s_rally_da965100_TJ9mrloV_1 (e02bb386-54e7-40cc-a865-f3948764c8ed)
2019-11-18 21:19:45.735 20411 RALLYDEBUG rally_openstack.cleanup.manager [-] Deleting nova.servers object s_rally_da965100_TJ9mrloV_0 (eca6e722-7083-46c8-9580-0b2015dbf8ec)
2019-11-18 21:19:45.741 20411 RALLYDEBUG rally_openstack.cleanup.manager [-] Deleting nova.servers object s_rally_da965100_6V3HtvnO_1 (8b31bb9a-21d7-4b4e-8095-809ce1cd7cce)
2019-11-18 21:19:45.748 20411 RALLYDEBUG rally_openstack.cleanup.manager [-] Deleting nova.servers object s_rally_da965100_6V3HtvnO_0 (947b9c51-d365-4765-80f1-5bd1ff1cade3)
2019-11-18 21:19:45.755 20411 RALLYDEBUG rally_openstack.cleanup.manager [-] Deleting nova.servers object s_rally_da965100_m0pPffDF_1 (0c5fc2cd-7c2e-4a24-b07d-33ec8b65660c)
2019-11-18 21:19:45.762 20411 RALLYDEBUG rally_openstack.cleanup.manager [-] Deleting nova.servers object s_rally_da965100_m0pPffDF_0 (357d289b-1ade-4704-945a-d8a61e9a5606)
2019-11-18 21:19:50.167 20411 INFO rally.task.context [-] Task f0c16f69-272d-4c2f-ad2b-b66b4e17b899 | Context servers@openstack cleanup() finished in 7.05 sec
2019-11-18 21:19:50.167 20411 INFO rally.task.context [-] Task f0c16f69-272d-4c2f-ad2b-b66b4e17b899 | Context network@openstack cleanup() started
2019-11-18 21:20:13.506 20411 INFO rally.task.context [-] Task f0c16f69-272d-4c2f-ad2b-b66b4e17b899 | Context network@openstack cleanup() finished in 23.34 sec
2019-11-18 21:20:13.507 20411 INFO rally.task.context [-] Task f0c16f69-272d-4c2f-ad2b-b66b4e17b899 | Context users@openstack cleanup() started
2019-11-18 21:20:17.608 20411 INFO rally.task.context [-] Task f0c16f69-272d-4c2f-ad2b-b66b4e17b899 | Context users@openstack cleanup() finished in 4.10 sec
2019-11-18 21:20:19.496 20411 INFO rally.task.engine [-] Load duration is: 2.274633
2019-11-18 21:20:19.497 20411 INFO rally.task.engine [-] Full runner duration is: 2.32218
2019-11-18 21:20:19.497 20411 INFO rally.task.engine [-] Full duration is: 82.522515
2019-11-18 21:20:19.797 20411 INFO rally.task.engine [-] Running workload: position = 0 config = { "version": 2, "title": "A cropped version of a bigger task.", "description": "Auto-generated task from a single workload (uuid=dd41d000-3fd4-405e-9716-67be05ec9504)", "subtasks": [ { "title": "NovaServers.resize_server", "description": "Boot a server, then resize and delete it.", "scenario": { "NovaServers.resize_server": { "flavor": { "name": "rally_full-flavor_00f7b341-174b-4e8f-9b53-bfd161b2cdfa" }, "image": { "name": "rally_full-img_00f7b341-174b-4e8f-9b53-bfd161b2cdfa" }, "to_flavor": { "name": "rally_full-flavor_alt_00f7b341-174b-4e8f-9b53-bfd161b2cdfa" }, "confirm": true, "force_delete": false, "nics": [ { "net-id": "6652dd7c-f0a3-4f25-801e-45e11a61489c" } ] } }, "contexts": { "users": { "tenants": 3, "users_per_tenant": 2 } }, "runner": { "constant": { "concurrency": 4, "times": 10 } }, "hooks": [], "sla": { "failure_rate": { "max": 0 } } } ] }
2019-11-18 21:20:19.823 20411 RALLYDEBUG rally_openstack.contexts.keystone.users [-] Creating 3 tenants using 20 threads
2019-11-18 21:20:20.873 20411 RALLYDEBUG rally_openstack.contexts.keystone.users [-] Creating 6 users using 20 threads
2019-11-18 21:20:22.488 20411 INFO rally.task.context [-] Task f0c16f69-272d-4c2f-ad2b-b66b4e17b899 | Context users@openstack setup() finished in 2.67 sec
2019-11-18 21:20:22.489 20411 INFO rally.task.context [-] Task f0c16f69-272d-4c2f-ad2b-b66b4e17b899 | Context cleanup@openstack setup() finished in 0.06 msec
2019-11-18 21:20:23.585 20411 RALLYDEBUG rally.task.runner [-] Starting the constant runner (task UUID: f0c16f69-272d-4c2f-ad2b-b66b4e17b899). times: 10 concurrency: 4 timeout: 0 max_cpu_used: 16 processes_to_start: 4 concurrency_per_worker: 1 concurrency_overhead: 0
2019-11-18 21:20:23.597 22235 RALLYDEBUG rally.task.runner [-] Starting a worker. times: 10 duration: None concurrency: 1 timeout: 0 cls: method_name: run args: {"flavor": "20f9b21d-fa02-4686-8c91-5a88ae727ac8", "image": "bc09d53d-d329-4699-ba5f-613e9114d6ba", "to_flavor": "8124c2b5-297c-432a-a409-529a05f7fab5", "confirm": true, "force_delete": false, "nics": [{"net-id": "6652dd7c-f0a3-4f25-801e-45e11a61489c"}]}
2019-11-18 21:20:23.600 22236 RALLYDEBUG rally.task.runner [-] Starting a worker. times: 10 duration: None concurrency: 1 timeout: 0 cls: method_name: run args: {"flavor": "20f9b21d-fa02-4686-8c91-5a88ae727ac8", "image": "bc09d53d-d329-4699-ba5f-613e9114d6ba", "to_flavor": "8124c2b5-297c-432a-a409-529a05f7fab5", "confirm": true, "force_delete": false, "nics": [{"net-id": "6652dd7c-f0a3-4f25-801e-45e11a61489c"}]}
2019-11-18 21:20:23.604 22235 INFO rally.task.runner [-] Task f0c16f69-272d-4c2f-ad2b-b66b4e17b899 | ITER: 1 START
2019-11-18 21:20:23.604 22237 RALLYDEBUG rally.task.runner [-] Starting a worker. times: 10 duration: None concurrency: 1 timeout: 0 cls: method_name: run args: {"flavor": "20f9b21d-fa02-4686-8c91-5a88ae727ac8", "image": "bc09d53d-d329-4699-ba5f-613e9114d6ba", "to_flavor": "8124c2b5-297c-432a-a409-529a05f7fab5", "confirm": true, "force_delete": false, "nics": [{"net-id": "6652dd7c-f0a3-4f25-801e-45e11a61489c"}]}
2019-11-18 21:20:23.607 22236 INFO rally.task.runner [-] Task f0c16f69-272d-4c2f-ad2b-b66b4e17b899 | ITER: 2 START
2019-11-18 21:20:23.607 22239 RALLYDEBUG rally.task.runner [-] Starting a worker. times: 10 duration: None concurrency: 1 timeout: 0 cls: method_name: run args: {"flavor": "20f9b21d-fa02-4686-8c91-5a88ae727ac8", "image": "bc09d53d-d329-4699-ba5f-613e9114d6ba", "to_flavor": "8124c2b5-297c-432a-a409-529a05f7fab5", "confirm": true, "force_delete": false, "nics": [{"net-id": "6652dd7c-f0a3-4f25-801e-45e11a61489c"}]}
2019-11-18 21:20:23.611 22237 INFO rally.task.runner [-] Task f0c16f69-272d-4c2f-ad2b-b66b4e17b899 | ITER: 3 START
2019-11-18 21:20:23.614 22239 INFO rally.task.runner [-] Task f0c16f69-272d-4c2f-ad2b-b66b4e17b899 | ITER: 4 START
2019-11-18 21:20:30.519 22239 RALLYDEBUG rally.task.utils [-] Waiting for resource s_rally_dd41d000_174tCwkU. Status changed: BUILD => ACTIVE in 4.481597661972046
2019-11-18 21:20:31.667 22239 RALLYDEBUG rally.task.utils [-] Waiting for resource s_rally_dd41d000_174tCwkU. Status changed: ACTIVE => RESIZE in 0.14969468116760254
2019-11-18 21:20:32.695 22236 RALLYDEBUG rally.task.utils [-] Waiting for resource s_rally_dd41d000_VdxYztog. Status changed: BUILD => ACTIVE in 6.93468713760376
2019-11-18 21:20:32.750 22237 RALLYDEBUG rally.task.utils [-] Waiting for resource s_rally_dd41d000_V1d0fWsJ. Status changed: BUILD => ACTIVE in 6.761492013931274
2019-11-18 21:20:33.868 22237 RALLYDEBUG rally.task.utils [-] Waiting for resource s_rally_dd41d000_V1d0fWsJ. Status changed: ACTIVE => RESIZE in 0.14974474906921387
2019-11-18 21:20:34.096 22236 RALLYDEBUG rally.task.utils [-] Waiting for resource s_rally_dd41d000_VdxYztog. Status changed: ACTIVE => RESIZE in 0.17498278617858887
2019-11-18 21:20:34.918 22235 RALLYDEBUG rally.task.utils [-] Waiting for resource s_rally_dd41d000_ksew8sxp. Status changed: BUILD => ACTIVE in 9.022377967834473
2019-11-18 21:20:36.090 22235 RALLYDEBUG rally.task.utils [-] Waiting for resource s_rally_dd41d000_ksew8sxp. Status changed: ACTIVE => RESIZE in 0.20304608345031738
2019-11-18 21:20:52.627 22239 RALLYDEBUG rally.task.utils [-] Waiting for resource s_rally_dd41d000_174tCwkU. Status changed: RESIZE => VERIFY_RESIZE in 20.95911478996277
2019-11-18 21:20:52.864 22239 RALLYDEBUG rally.task.utils [-] Waiting for resource s_rally_dd41d000_174tCwkU. Status changed: ACTIVE => VERIFY_RESIZE in 0.1451866626739502
2019-11-18 21:20:54.746 22237 RALLYDEBUG rally.task.utils [-] Waiting for resource s_rally_dd41d000_V1d0fWsJ. Status changed: RESIZE => VERIFY_RESIZE in 20.877811193466187
2019-11-18 21:20:54.865 22236 RALLYDEBUG rally.task.utils [-] Waiting for resource s_rally_dd41d000_VdxYztog. Status changed: RESIZE => VERIFY_RESIZE in 20.768735885620117
2019-11-18 21:20:55.031 22237 RALLYDEBUG rally.task.utils [-] Waiting for resource s_rally_dd41d000_V1d0fWsJ. Status changed: ACTIVE => VERIFY_RESIZE in 0.1989283561706543
2019-11-18 21:20:55.068 22239 RALLYDEBUG rally.task.utils [-] Waiting for resource s_rally_dd41d000_174tCwkU. Status changed: VERIFY_RESIZE => ACTIVE in 2.2045698165893555
2019-11-18 21:20:55.091 22236 RALLYDEBUG rally.task.utils [-] Waiting for resource s_rally_dd41d000_VdxYztog. Status changed: ACTIVE => VERIFY_RESIZE in 0.15276670455932617
2019-11-18 21:20:56.914 22235 RALLYDEBUG rally.task.utils [-] Waiting for resource s_rally_dd41d000_ksew8sxp. Status changed: RESIZE => VERIFY_RESIZE in 20.822984218597412
2019-11-18 21:20:57.152 22235 RALLYDEBUG rally.task.utils [-] Waiting for resource s_rally_dd41d000_ksew8sxp. Status changed: ACTIVE => VERIFY_RESIZE in 0.17157292366027832
2019-11-18 21:20:57.220 22237 RALLYDEBUG rally.task.utils [-] Waiting for resource s_rally_dd41d000_V1d0fWsJ. Status changed: VERIFY_RESIZE => ACTIVE in 2.188910484313965
2019-11-18 21:20:57.243 22236 RALLYDEBUG rally.task.utils [-] Waiting for resource s_rally_dd41d000_VdxYztog. Status changed: VERIFY_RESIZE => ACTIVE in 2.1520328521728516
2019-11-18 21:20:57.461 22239 INFO rally.task.runner [-] Task f0c16f69-272d-4c2f-ad2b-b66b4e17b899 | ITER: 4 END: OK
2019-11-18 21:20:57.469 22239 INFO rally.task.runner [-] Task f0c16f69-272d-4c2f-ad2b-b66b4e17b899 | ITER: 5 START
2019-11-18 21:20:59.477 22235 RALLYDEBUG rally.task.utils [-] Waiting for resource s_rally_dd41d000_ksew8sxp. Status changed: VERIFY_RESIZE => ACTIVE in 2.3253448009490967
2019-11-18 21:20:59.588 22236 INFO rally.task.runner [-] Task f0c16f69-272d-4c2f-ad2b-b66b4e17b899 | ITER: 2 END: OK
2019-11-18 21:20:59.593 22236 INFO rally.task.runner [-] Task f0c16f69-272d-4c2f-ad2b-b66b4e17b899 | ITER: 6 START
2019-11-18 21:20:59.641 22237 INFO rally.task.runner [-] Task f0c16f69-272d-4c2f-ad2b-b66b4e17b899 | ITER: 3 END: OK
2019-11-18 21:20:59.648 22237 INFO rally.task.runner [-] Task f0c16f69-272d-4c2f-ad2b-b66b4e17b899 | ITER: 7 START
2019-11-18 21:21:01.818 22235 INFO rally.task.runner [-] Task f0c16f69-272d-4c2f-ad2b-b66b4e17b899 | ITER: 1 END: OK
2019-11-18 21:21:01.825 22235 INFO rally.task.runner [-] Task f0c16f69-272d-4c2f-ad2b-b66b4e17b899 | ITER: 8 START
2019-11-18 21:21:04.665 22239 RALLYDEBUG rally.task.utils [-] Waiting for resource s_rally_dd41d000_kRzeWYc9. Status changed: BUILD => ACTIVE in 4.45688796043396
2019-11-18 21:21:05.934 22239 RALLYDEBUG rally.task.utils [-] Waiting for resource s_rally_dd41d000_kRzeWYc9. Status changed: ACTIVE => RESIZE in 0.3884565830230713
2019-11-18 21:21:09.057 22236 RALLYDEBUG rally.task.utils [-] Waiting for resource s_rally_dd41d000_3F2VKsAj. Status changed: BUILD => ACTIVE in 7.254513502120972
2019-11-18 21:21:10.345 22236 RALLYDEBUG rally.task.utils [-] Waiting for resource s_rally_dd41d000_3F2VKsAj. Status changed: ACTIVE => RESIZE in 0.20513439178466797
2019-11-18 21:21:11.165 22237 RALLYDEBUG rally.task.utils [-] Waiting for resource s_rally_dd41d000_7MA8Es7m. Status changed: BUILD => ACTIVE in 8.98458743095398
2019-11-18 21:21:12.581 22237 RALLYDEBUG rally.task.utils [-] Waiting for resource s_rally_dd41d000_7MA8Es7m. Status changed: ACTIVE => RESIZE in 0.20541882514953613
2019-11-18 21:21:13.173 22235 RALLYDEBUG rally.task.utils [-] Waiting for resource s_rally_dd41d000_IlJyFW6H. Status changed: BUILD => ACTIVE in 8.93277883529663
2019-11-18 21:21:14.412 22235 RALLYDEBUG rally.task.utils [-] Waiting for resource s_rally_dd41d000_IlJyFW6H. Status changed: ACTIVE => RESIZE in 0.20903801918029785
2019-11-18 21:21:20.709 22236 RALLYDEBUG rally.task.utils [-] Waiting for resource s_rally_dd41d000_3F2VKsAj. Status changed: RESIZE => VERIFY_RESIZE in 10.364237546920776
2019-11-18 21:21:20.932 22236 RALLYDEBUG rally.task.utils [-] Waiting for resource s_rally_dd41d000_3F2VKsAj. Status changed: ACTIVE => VERIFY_RESIZE in 0.15429139137268066
2019-11-18 21:21:21.499 22239 RALLYDEBUG rally.task.utils [-] Waiting for resource s_rally_dd41d000_kRzeWYc9. Status changed: RESIZE => VERIFY_RESIZE in 15.565032482147217
2019-11-18 21:21:21.721 22239 RALLYDEBUG rally.task.utils [-] Waiting for resource s_rally_dd41d000_kRzeWYc9. Status changed: ACTIVE => VERIFY_RESIZE in 0.15565872192382812
2019-11-18 21:21:23.086 22236 RALLYDEBUG rally.task.utils [-] Waiting for resource s_rally_dd41d000_3F2VKsAj. Status changed: VERIFY_RESIZE => ACTIVE in 2.1545400619506836
2019-11-18 21:21:24.076 22239 RALLYDEBUG rally.task.utils [-] Waiting for resource s_rally_dd41d000_kRzeWYc9. Status changed: VERIFY_RESIZE => ACTIVE in 2.355134963989258
2019-11-18 21:21:25.528 22236 INFO rally.task.runner [-] Task f0c16f69-272d-4c2f-ad2b-b66b4e17b899 | ITER: 6 END: OK
2019-11-18 21:21:25.533 22236 INFO rally.task.runner [-] Task f0c16f69-272d-4c2f-ad2b-b66b4e17b899 | ITER: 9 START
2019-11-18 21:21:26.489 22239 INFO rally.task.runner [-] Task f0c16f69-272d-4c2f-ad2b-b66b4e17b899 | ITER: 5 END: OK
2019-11-18 21:21:26.495 22239 INFO rally.task.runner [-] Task f0c16f69-272d-4c2f-ad2b-b66b4e17b899 | ITER: 10 START
2019-11-18 21:21:28.053 22237 RALLYDEBUG rally.task.utils [-] Waiting for resource s_rally_dd41d000_7MA8Es7m. Status changed: RESIZE => VERIFY_RESIZE in 15.472099304199219
2019-11-18 21:21:28.311 22237 RALLYDEBUG rally.task.utils [-] Waiting for resource s_rally_dd41d000_7MA8Es7m. Status changed: ACTIVE => VERIFY_RESIZE in 0.19756436347961426
2019-11-18 21:21:30.477 22237 RALLYDEBUG rally.task.utils [-] Waiting for resource s_rally_dd41d000_7MA8Es7m. Status changed: VERIFY_RESIZE => ACTIVE in 2.1660988330841064
2019-11-18 21:21:32.505 22236 RALLYDEBUG rally.task.utils [-] Waiting for resource s_rally_dd41d000_9EqfpjFS. Status changed: BUILD => ACTIVE in 4.619844913482666
2019-11-18 21:21:32.787 22237 INFO rally.task.runner [-] Task f0c16f69-272d-4c2f-ad2b-b66b4e17b899 | ITER: 7 END: OK
2019-11-18 21:21:33.634 22236 RALLYDEBUG rally.task.utils [-] Waiting for resource s_rally_dd41d000_9EqfpjFS. Status changed: ACTIVE => RESIZE in 0.18915009498596191
2019-11-18 21:21:35.147 22235 RALLYDEBUG rally.task.utils [-] Waiting for resource s_rally_dd41d000_IlJyFW6H. Status changed: RESIZE => VERIFY_RESIZE in 20.735273838043213
2019-11-18 21:21:35.412 22235 RALLYDEBUG rally.task.utils [-] Waiting for resource s_rally_dd41d000_IlJyFW6H. Status changed: ACTIVE => VERIFY_RESIZE in 0.1983320713043213
2019-11-18 21:21:35.775 22239 RALLYDEBUG rally.task.utils [-] Waiting for resource s_rally_dd41d000_Meob1pMc. Status changed: BUILD => ACTIVE in 6.758365631103516
2019-11-18 21:21:36.910 22239 RALLYDEBUG rally.task.utils [-] Waiting for resource s_rally_dd41d000_Meob1pMc. Status changed: ACTIVE => RESIZE in 0.15277957916259766
2019-11-18 21:21:37.572 22235 RALLYDEBUG rally.task.utils [-] Waiting for resource s_rally_dd41d000_IlJyFW6H. Status changed: VERIFY_RESIZE => ACTIVE in 2.160287380218506
2019-11-18 21:21:40.028 22235 INFO rally.task.runner [-] Task f0c16f69-272d-4c2f-ad2b-b66b4e17b899 | ITER: 8 END: OK
2019-11-18 21:21:54.516 22236 RALLYDEBUG rally.task.utils [-] Waiting for resource s_rally_dd41d000_9EqfpjFS. Status changed: RESIZE => VERIFY_RESIZE in 20.881685256958008
2019-11-18 21:21:54.727 22236 RALLYDEBUG rally.task.utils [-] Waiting for resource s_rally_dd41d000_9EqfpjFS. Status changed: ACTIVE => VERIFY_RESIZE in 0.14426732063293457
2019-11-18 21:21:56.971 22236 RALLYDEBUG rally.task.utils [-] Waiting for resource s_rally_dd41d000_9EqfpjFS. Status changed: VERIFY_RESIZE => ACTIVE in 2.244133710861206
2019-11-18 21:21:58.015 22239 RALLYDEBUG rally.task.utils [-] Waiting for resource s_rally_dd41d000_Meob1pMc. Status changed: RESIZE => VERIFY_RESIZE in 21.104785919189453
