2019-11-18 20:02:45.054 727 RALLYDEBUG rally.task.runner [-] Starting the constant runner (task UUID: 8633cfe5-0d23-47ff-a2db-23920d7e4464). times: 10 concurrency: 4 timeout: 0 max_cpu_used: 16 processes_to_start: 4 concurrency_per_worker: 1 concurrency_overhead: 0
2019-11-18 20:02:45.066 975 RALLYDEBUG rally.task.runner [-] Starting a worker. times: 10 duration: None concurrency: 1 timeout: 0 cls: method_name: run args: {"container_format": "bare", "disk_format": "qcow2", "image_location": "/home/opnfv/functest/images/cirros-0.4.0-x86_64-disk.img"}
2019-11-18 20:02:45.070 976 RALLYDEBUG rally.task.runner [-] Starting a worker. times: 10 duration: None concurrency: 1 timeout: 0 cls: method_name: run args: {"container_format": "bare", "disk_format": "qcow2", "image_location": "/home/opnfv/functest/images/cirros-0.4.0-x86_64-disk.img"}
2019-11-18 20:02:45.073 975 INFO rally.task.runner [-] Task 8633cfe5-0d23-47ff-a2db-23920d7e4464 | ITER: 1 START
2019-11-18 20:02:45.073 977 RALLYDEBUG rally.task.runner [-] Starting a worker. times: 10 duration: None concurrency: 1 timeout: 0 cls: method_name: run args: {"container_format": "bare", "disk_format": "qcow2", "image_location": "/home/opnfv/functest/images/cirros-0.4.0-x86_64-disk.img"}
2019-11-18 20:02:45.076 976 INFO rally.task.runner [-] Task 8633cfe5-0d23-47ff-a2db-23920d7e4464 | ITER: 2 START
2019-11-18 20:02:45.076 979 RALLYDEBUG rally.task.runner [-] Starting a worker. times: 10 duration: None concurrency: 1 timeout: 0 cls: method_name: run args: {"container_format": "bare", "disk_format": "qcow2", "image_location": "/home/opnfv/functest/images/cirros-0.4.0-x86_64-disk.img"}
2019-11-18 20:02:45.080 977 INFO rally.task.runner [-] Task 8633cfe5-0d23-47ff-a2db-23920d7e4464 | ITER: 3 START
2019-11-18 20:02:45.082 979 INFO rally.task.runner [-] Task 8633cfe5-0d23-47ff-a2db-23920d7e4464 | ITER: 4 START
2019-11-18 20:02:48.020 975 RALLYDEBUG rally.task.utils [-] Waiting for resource '78f7943e-f711-4e0a-a91c-2944473b1a6d'. Status changed: NONE => QUEUED in 0.03673887252807617
2019-11-18 20:02:48.021 977 RALLYDEBUG rally.task.utils [-] Waiting for resource '6772279c-1f82-4c39-bde8-f1f90699b58f'. Status changed: NONE => QUEUED in 0.03773045539855957
2019-11-18 20:02:48.023 979 RALLYDEBUG rally.task.utils [-] Waiting for resource 'a32cade6-0825-4e20-b393-6db5f3d4180b'. Status changed: NONE => QUEUED in 0.04155921936035156
2019-11-18 20:02:48.037 976 RALLYDEBUG rally.task.utils [-] Waiting for resource '903c7d47-79aa-4208-9380-5f897f005ffc'. Status changed: NONE => QUEUED in 0.05083823204040527
2019-11-18 20:02:48.244 979 RALLYDEBUG rally.task.utils [-] Waiting for resource s_rally_b311309d_qM2SV9HL. Status changed: QUEUED => ACTIVE in 0.021116971969604492
2019-11-18 20:02:48.251 977 RALLYDEBUG rally.task.utils [-] Waiting for resource s_rally_b311309d_b94Cm0IA. Status changed: QUEUED => ACTIVE in 0.018998384475708008
2019-11-18 20:02:48.268 975 RALLYDEBUG rally.task.utils [-] Waiting for resource s_rally_b311309d_Fleaq2h3. Status changed: QUEUED => ACTIVE in 0.025517702102661133
2019-11-18 20:02:48.273 979 INFO rally.task.runner [-] Task 8633cfe5-0d23-47ff-a2db-23920d7e4464 | ITER: 4 END: OK
2019-11-18 20:02:48.277 979 INFO rally.task.runner [-] Task 8633cfe5-0d23-47ff-a2db-23920d7e4464 | ITER: 5 START
2019-11-18 20:02:48.280 977 INFO rally.task.runner [-] Task 8633cfe5-0d23-47ff-a2db-23920d7e4464 | ITER: 3 END: OK
2019-11-18 20:02:48.284 977 INFO rally.task.runner [-] Task 8633cfe5-0d23-47ff-a2db-23920d7e4464 | ITER: 6 START
2019-11-18 20:02:48.310 975 INFO rally.task.runner [-] Task 8633cfe5-0d23-47ff-a2db-23920d7e4464 | ITER: 1 END: OK
2019-11-18 20:02:48.314 975 INFO rally.task.runner [-] Task 8633cfe5-0d23-47ff-a2db-23920d7e4464 | ITER: 7 START
2019-11-18 20:02:48.366 976 RALLYDEBUG rally.task.utils [-] Waiting for resource s_rally_b311309d_UB2wX9X1. Status changed: QUEUED => ACTIVE in 0.017966747283935547
2019-11-18 20:02:48.398 976 INFO rally.task.runner [-] Task 8633cfe5-0d23-47ff-a2db-23920d7e4464 | ITER: 2 END: OK
2019-11-18 20:02:48.402 976 INFO rally.task.runner [-] Task 8633cfe5-0d23-47ff-a2db-23920d7e4464 | ITER: 8 START
2019-11-18 20:02:51.068 979 RALLYDEBUG rally.task.utils [-] Waiting for resource '2a069db7-2954-488a-b43c-ec1638f73ad1'. Status changed: NONE => QUEUED in 0.04048013687133789
2019-11-18 20:02:51.152 977 RALLYDEBUG rally.task.utils [-] Waiting for resource '432eb56e-520b-4925-a3d6-e654266a5d0c'. Status changed: NONE => QUEUED in 0.03746986389160156
2019-11-18 20:02:51.180 976 RALLYDEBUG rally.task.utils [-] Waiting for resource 'ad31c9ea-3c9b-40bc-9f02-07823c23f0e2'. Status changed: NONE => QUEUED in 0.040325164794921875
2019-11-18 20:02:51.192 975 RALLYDEBUG rally.task.utils [-] Waiting for resource '7071c986-602e-4c5f-a658-c5b56b906bc8'. Status changed: NONE => QUEUED in 0.03563404083251953
2019-11-18 20:02:51.320 979 RALLYDEBUG rally.task.utils [-] Waiting for resource s_rally_b311309d_Q0R2rMX9. Status changed: QUEUED => ACTIVE in 0.021787405014038086
2019-11-18 20:02:51.364 979 INFO rally.task.runner [-] Task 8633cfe5-0d23-47ff-a2db-23920d7e4464 | ITER: 5 END: OK
2019-11-18 20:02:51.368 979 INFO rally.task.runner [-] Task 8633cfe5-0d23-47ff-a2db-23920d7e4464 | ITER: 9 START
2019-11-18 20:02:51.369 977 RALLYDEBUG rally.task.utils [-] Waiting for resource s_rally_b311309d_uS2umQ2M. Status changed: QUEUED => ACTIVE in 0.019748449325561523
2019-11-18 20:02:51.397 975 RALLYDEBUG rally.task.utils [-] Waiting for resource s_rally_b311309d_xK3Vak7s. Status changed: QUEUED => ACTIVE in 0.02040266990661621
2019-11-18 20:02:51.400 977 INFO rally.task.runner [-] Task 8633cfe5-0d23-47ff-a2db-23920d7e4464 | ITER: 6 END: OK
2019-11-18 20:02:51.403 976 RALLYDEBUG rally.task.utils [-] Waiting for resource s_rally_b311309d_kkdP6oiC. Status changed: QUEUED => ACTIVE in 0.017633914947509766
2019-11-18 20:02:51.404 977 INFO rally.task.runner [-] Task 8633cfe5-0d23-47ff-a2db-23920d7e4464 | ITER: 10 START
2019-11-18 20:02:51.429 975 INFO rally.task.runner [-] Task 8633cfe5-0d23-47ff-a2db-23920d7e4464 | ITER: 7 END: OK
2019-11-18 20:02:51.438 976 INFO rally.task.runner [-] Task 8633cfe5-0d23-47ff-a2db-23920d7e4464 | ITER: 8 END: OK
2019-11-18 20:02:54.158 979 RALLYDEBUG rally.task.utils [-] Waiting for resource 'ea5ba837-c3e9-4c04-b35f-42aba08c348b'. Status changed: NONE => QUEUED in 0.03900337219238281
2019-11-18 20:02:54.417 979 RALLYDEBUG rally.task.utils [-] Waiting for resource s_rally_b311309d_gDRyGskv. Status changed: QUEUED => ACTIVE in 0.021425724029541016
2019-11-18 20:02:54.455 979 INFO rally.task.runner [-] Task 8633cfe5-0d23-47ff-a2db-23920d7e4464 | ITER: 9 END: OK
2019-11-18 20:02:54.567 977 RALLYDEBUG rally.task.utils [-] Waiting for resource 'df2b7dd8-8a21-4710-a168-3ea2f338d1b4'. Status changed: NONE => QUEUED in 0.035550832748413086
2019-11-18 20:02:54.783 977 RALLYDEBUG rally.task.utils [-] Waiting for resource s_rally_b311309d_QeLBtbZ6. Status changed: QUEUED => ACTIVE in 0.019587039947509766
2019-11-18 20:02:54.823 977 INFO rally.task.runner [-] Task 8633cfe5-0d23-47ff-a2db-23920d7e4464 | ITER: 10 END: OK
2019-11-18 20:02:54.853 727 INFO rally.task.context [-] Task 8633cfe5-0d23-47ff-a2db-23920d7e4464 | Context cleanup@openstack cleanup() started
2019-11-18 20:02:54.857 727 RALLYDEBUG rally_openstack.cleanup.manager [-] Cleaning up glance images objects
2019-11-18 20:02:56.495 727 RALLYDEBUG rally_openstack.cleanup.manager [-] Deleting glance.images object s_rally_b311309d_Q0R2rMX9 (2a069db7-2954-488a-b43c-ec1638f73ad1)
2019-11-18 20:02:56.506 727 RALLYDEBUG rally_openstack.cleanup.manager [-] Deleting glance.images object s_rally_b311309d_UB2wX9X1 (903c7d47-79aa-4208-9380-5f897f005ffc)
2019-11-18 20:02:56.517 727 RALLYDEBUG rally_openstack.cleanup.manager [-] Deleting glance.images object s_rally_b311309d_Fleaq2h3 (78f7943e-f711-4e0a-a91c-2944473b1a6d)
2019-11-18 20:02:56.533 727 RALLYDEBUG rally_openstack.cleanup.manager [-] Deleting glance.images object s_rally_b311309d_uS2umQ2M (432eb56e-520b-4925-a3d6-e654266a5d0c)
2019-11-18 20:02:56.542 727 RALLYDEBUG rally_openstack.cleanup.manager [-] Deleting glance.images object s_rally_b311309d_qM2SV9HL (a32cade6-0825-4e20-b393-6db5f3d4180b)
2019-11-18 20:02:56.556 727 RALLYDEBUG rally_openstack.cleanup.manager [-] Deleting glance.images object s_rally_b311309d_gDRyGskv (ea5ba837-c3e9-4c04-b35f-42aba08c348b)
2019-11-18 20:02:56.565 727 RALLYDEBUG rally_openstack.cleanup.manager [-] Deleting glance.images object s_rally_b311309d_QeLBtbZ6 (df2b7dd8-8a21-4710-a168-3ea2f338d1b4)
2019-11-18 20:02:56.578 727 RALLYDEBUG rally_openstack.cleanup.manager [-] Deleting glance.images object s_rally_b311309d_kkdP6oiC (ad31c9ea-3c9b-40bc-9f02-07823c23f0e2)
2019-11-18 20:02:56.588 727 RALLYDEBUG rally_openstack.cleanup.manager [-] Deleting glance.images object s_rally_b311309d_xK3Vak7s (7071c986-602e-4c5f-a658-c5b56b906bc8)
2019-11-18 20:02:56.607 727 RALLYDEBUG rally_openstack.cleanup.manager [-] Deleting glance.images object s_rally_b311309d_b94Cm0IA (6772279c-1f82-4c39-bde8-f1f90699b58f)
2019-11-18 20:02:57.012 727 DEBUG glanceclient.common.http [-] Request returned failure status 404. _handle_response /usr/lib/python3.6/site-packages/glanceclient/common/http.py:125
2019-11-18 20:02:57.016 727 DEBUG glanceclient.common.http [-] Request returned failure status 404. _handle_response /usr/lib/python3.6/site-packages/glanceclient/common/http.py:125
2019-11-18 20:02:57.036 727 DEBUG glanceclient.common.http [-] Request returned failure status 404. _handle_response /usr/lib/python3.6/site-packages/glanceclient/common/http.py:125
2019-11-18 20:02:57.038 727 DEBUG glanceclient.common.http [-] Request returned failure status 404. _handle_response /usr/lib/python3.6/site-packages/glanceclient/common/http.py:125
2019-11-18 20:02:57.096 727 DEBUG glanceclient.common.http [-] Request returned failure status 404. _handle_response /usr/lib/python3.6/site-packages/glanceclient/common/http.py:125
2019-11-18 20:02:57.113 727 DEBUG glanceclient.common.http [-] Request returned failure status 404. _handle_response /usr/lib/python3.6/site-packages/glanceclient/common/http.py:125
2019-11-18 20:02:57.129 727 DEBUG glanceclient.common.http [-] Request returned failure status 404. _handle_response /usr/lib/python3.6/site-packages/glanceclient/common/http.py:125
2019-11-18 20:02:57.138 727 DEBUG glanceclient.common.http [-] Request returned failure status 404. _handle_response /usr/lib/python3.6/site-packages/glanceclient/common/http.py:125
2019-11-18 20:02:57.151 727 DEBUG glanceclient.common.http [-] Request returned failure status 404. _handle_response /usr/lib/python3.6/site-packages/glanceclient/common/http.py:125
2019-11-18 20:02:57.162 727 DEBUG glanceclient.common.http [-] Request returned failure status 404. _handle_response /usr/lib/python3.6/site-packages/glanceclient/common/http.py:125
2019-11-18 20:02:57.167 727 DEBUG glanceclient.common.http [-] Request returned failure status 404. _handle_response /usr/lib/python3.6/site-packages/glanceclient/common/http.py:125
2019-11-18 20:02:57.168 727 DEBUG glanceclient.common.http [-] Request returned failure status 404. _handle_response /usr/lib/python3.6/site-packages/glanceclient/common/http.py:125
2019-11-18 20:02:57.178 727 DEBUG glanceclient.common.http [-] Request returned failure status 404. _handle_response /usr/lib/python3.6/site-packages/glanceclient/common/http.py:125
2019-11-18 20:02:57.184 727 DEBUG glanceclient.common.http [-] Request returned failure status 404. _handle_response /usr/lib/python3.6/site-packages/glanceclient/common/http.py:125
2019-11-18 20:02:57.185 727 DEBUG glanceclient.common.http [-] Request returned failure status 404. _handle_response /usr/lib/python3.6/site-packages/glanceclient/common/http.py:125
2019-11-18 20:02:57.187 727 DEBUG glanceclient.common.http [-] Request returned failure status 404. _handle_response /usr/lib/python3.6/site-packages/glanceclient/common/http.py:125
2019-11-18 20:02:57.198 727 DEBUG glanceclient.common.http [-] Request returned failure status 404. _handle_response /usr/lib/python3.6/site-packages/glanceclient/common/http.py:125
2019-11-18 20:02:57.202 727 DEBUG glanceclient.common.http [-] Request returned failure status 404. _handle_response /usr/lib/python3.6/site-packages/glanceclient/common/http.py:125
2019-11-18 20:02:57.307 727 DEBUG glanceclient.common.http [-] Request returned failure status 404. _handle_response /usr/lib/python3.6/site-packages/glanceclient/common/http.py:125
2019-11-18 20:02:57.322 727 DEBUG glanceclient.common.http [-] Request returned failure status 404. _handle_response /usr/lib/python3.6/site-packages/glanceclient/common/http.py:125
2019-11-18 20:02:58.325 727 INFO rally.task.context [-] Task 8633cfe5-0d23-47ff-a2db-23920d7e4464 | Context cleanup@openstack cleanup() finished in 3.47 sec
2019-11-18 20:02:58.326 727 INFO rally.task.context [-] Task 8633cfe5-0d23-47ff-a2db-23920d7e4464 | Context users@openstack cleanup() started
2019-11-18 20:03:02.900 727 INFO rally.task.context [-] Task 8633cfe5-0d23-47ff-a2db-23920d7e4464 | Context users@openstack cleanup() finished in 4.57 sec
2019-11-18 20:03:04.610 727 INFO rally.task.engine [-] Load duration is: 9.057694
2019-11-18 20:03:04.610 727 INFO rally.task.engine [-] Full runner duration is: 9.799191
2019-11-18 20:03:04.611 727 INFO rally.task.engine [-] Full duration is: 20.503107
2019-11-18 20:03:05.195 727 INFO rally.task.engine [-] Running workload: position = 0 config = { "version": 2, "title": "A cropped version of a bigger task.", "description": "Auto-generated task from a single workload (uuid=0cd171ca-1603-43c6-8074-9432f33b0c0e)", "subtasks": [ { "title": "GlanceImages.list_images", "description": "List all images.", "scenario": { "GlanceImages.list_images": {} }, "contexts": { "users": { "tenants": 3, "users_per_tenant": 2 } }, "runner": { "constant": { "concurrency": 4, "times": 10 } }, "hooks": [], "sla": { "failure_rate": { "max": 0 } } } ] }
2019-11-18 20:03:05.218 727 RALLYDEBUG rally_openstack.contexts.keystone.users [-] Creating 3 tenants using 20 threads
2019-11-18 20:03:06.291 727 RALLYDEBUG rally_openstack.contexts.keystone.users [-] Creating 6 users using 20 threads
2019-11-18 20:03:07.794 727 INFO rally.task.context [-] Task 8633cfe5-0d23-47ff-a2db-23920d7e4464 | Context users@openstack setup() finished in 2.58 sec
2019-11-18 20:03:07.804 727 RALLYDEBUG rally.task.runner [-] Starting the constant runner (task UUID: 8633cfe5-0d23-47ff-a2db-23920d7e4464). times: 10 concurrency: 4 timeout: 0 max_cpu_used: 16 processes_to_start: 4 concurrency_per_worker: 1 concurrency_overhead: 0
2019-11-18 20:03:07.815 1099 RALLYDEBUG rally.task.runner [-] Starting a worker. times: 10 duration: None concurrency: 1 timeout: 0 cls: method_name: run args: {}
2019-11-18 20:03:07.819 1100 RALLYDEBUG rally.task.runner [-] Starting a worker. times: 10 duration: None concurrency: 1 timeout: 0 cls: method_name: run args: {}
2019-11-18 20:03:07.822 1099 INFO rally.task.runner [-] Task 8633cfe5-0d23-47ff-a2db-23920d7e4464 | ITER: 1 START
2019-11-18 20:03:07.822 1101 RALLYDEBUG rally.task.runner [-] Starting a worker. times: 10 duration: None concurrency: 1 timeout: 0 cls: method_name: run args: {}
2019-11-18 20:03:07.826 1103 RALLYDEBUG rally.task.runner [-] Starting a worker. times: 10 duration: None concurrency: 1 timeout: 0 cls: method_name: run args: {}
2019-11-18 20:03:07.826 1100 INFO rally.task.runner [-] Task 8633cfe5-0d23-47ff-a2db-23920d7e4464 | ITER: 2 START
2019-11-18 20:03:07.828 1101 INFO rally.task.runner [-] Task 8633cfe5-0d23-47ff-a2db-23920d7e4464 | ITER: 3 START
2019-11-18 20:03:07.832 1103 INFO rally.task.runner [-] Task 8633cfe5-0d23-47ff-a2db-23920d7e4464 | ITER: 4 START
2019-11-18 20:03:08.662 1099 INFO rally.task.runner [-] Task 8633cfe5-0d23-47ff-a2db-23920d7e4464 | ITER: 1 END: OK
2019-11-18 20:03:08.663 1103 INFO rally.task.runner [-] Task 8633cfe5-0d23-47ff-a2db-23920d7e4464 | ITER: 4 END: OK
2019-11-18 20:03:08.665 1100 INFO rally.task.runner [-] Task 8633cfe5-0d23-47ff-a2db-23920d7e4464 | ITER: 2 END: OK
2019-11-18 20:03:08.666 1099 INFO rally.task.runner [-] Task 8633cfe5-0d23-47ff-a2db-23920d7e4464 | ITER: 5 START
2019-11-18 20:03:08.667 1103 INFO rally.task.runner [-] Task 8633cfe5-0d23-47ff-a2db-23920d7e4464 | ITER: 6 START
2019-11-18 20:03:08.669 1100 INFO rally.task.runner [-] Task 8633cfe5-0d23-47ff-a2db-23920d7e4464 | ITER: 7 START
2019-11-18 20:03:08.689 1101 INFO rally.task.runner [-] Task 8633cfe5-0d23-47ff-a2db-23920d7e4464 | ITER: 3 END: OK
2019-11-18 20:03:08.693 1101 INFO rally.task.runner [-] Task 8633cfe5-0d23-47ff-a2db-23920d7e4464 | ITER: 8 START
2019-11-18 20:03:09.347 1099 INFO rally.task.runner [-] Task 8633cfe5-0d23-47ff-a2db-23920d7e4464 | ITER: 5 END: OK
2019-11-18 20:03:09.350 1099 INFO rally.task.runner [-] Task 8633cfe5-0d23-47ff-a2db-23920d7e4464 | ITER: 9 START
2019-11-18 20:03:09.355 1103 INFO rally.task.runner [-] Task 8633cfe5-0d23-47ff-a2db-23920d7e4464 | ITER: 6 END: OK
2019-11-18 20:03:09.359 1103 INFO rally.task.runner [-] Task 8633cfe5-0d23-47ff-a2db-23920d7e4464 | ITER: 10 START
2019-11-18 20:03:09.375 1101 INFO rally.task.runner [-] Task 8633cfe5-0d23-47ff-a2db-23920d7e4464 | ITER: 8 END: OK
2019-11-18 20:03:09.508 1100 INFO rally.task.runner [-] Task 8633cfe5-0d23-47ff-a2db-23920d7e4464 | ITER: 7 END: OK
2019-11-18 20:03:10.138 1103 INFO rally.task.runner [-] Task 8633cfe5-0d23-47ff-a2db-23920d7e4464 | ITER: 10 END: OK
2019-11-18 20:03:10.142 1099 INFO rally.task.runner [-] Task 8633cfe5-0d23-47ff-a2db-23920d7e4464 | ITER: 9 END: OK
2019-11-18 20:03:10.169 727 INFO rally.task.context [-] Task 8633cfe5-0d23-47ff-a2db-23920d7e4464 | Context users@openstack cleanup() started
2019-11-18 20:03:14.444 727 INFO rally.task.context [-] Task 8633cfe5-0d23-47ff-a2db-23920d7e4464 | Context users@openstack cleanup() finished in 4.28 sec
2019-11-18 20:03:15.298 727 INFO rally.task.engine [-] Load duration is: 1.632195
2019-11-18 20:03:15.298 727 INFO rally.task.engine [-] Full runner duration is: 2.365021
2019-11-18 20:03:15.298 727 INFO rally.task.engine [-] Full duration is: 9.227534
2019-11-18 20:03:15.908 727 INFO rally.task.engine [-] Running workload: position = 0 config = { "version": 2, "title": "A cropped version of a bigger task.", "description": "Auto-generated task from a single workload (uuid=f2295c4a-e646-4ef7-8286-fce8278a091c)", "subtasks": [ { "title": "GlanceImages.create_image_and_boot_instances", "description": "Create an image and boot several instances from it.", "scenario": { "GlanceImages.create_image_and_boot_instances": { "container_format": "bare", "disk_format": "qcow2", "image_location": "/home/opnfv/functest/images/cirros-0.4.0-x86_64-disk.img", "flavor": { "name": "rally_full-flavor_00f7b341-174b-4e8f-9b53-bfd161b2cdfa" }, "number_instances": 2, "nics": [ { "net-id": "6652dd7c-f0a3-4f25-801e-45e11a61489c" } ] } }, "contexts": { "users": { "tenants": 3, "users_per_tenant": 2 }, "quotas": { "nova": { "cores": -1, "floating_ips": -1, "instances": -1, "ram": -1, "security_group_rules": -1, "security_groups": -1 } } }, "runner": { "constant": { "concurrency": 4, "times": 10 } }, "hooks": [], "sla": { "failure_rate": { "max": 0 } } } ] }
2019-11-18 20:03:15.933 727 RALLYDEBUG rally_openstack.contexts.keystone.users [-] Creating 3 tenants using 20 threads
2019-11-18 20:03:16.946 727 RALLYDEBUG rally_openstack.contexts.keystone.users [-] Creating 6 users using 20 threads
2019-11-18 20:03:18.458 727 INFO rally.task.context [-] Task 8633cfe5-0d23-47ff-a2db-23920d7e4464 | Context users@openstack setup() finished in 2.53 sec
2019-11-18 20:03:19.573 727 INFO rally.task.context [-] Task 8633cfe5-0d23-47ff-a2db-23920d7e4464 | Context quotas@openstack setup() finished in 1.11 sec
2019-11-18 20:03:19.574 727 INFO rally.task.context [-] Task 8633cfe5-0d23-47ff-a2db-23920d7e4464 | Context cleanup@openstack setup() finished in 0.01 msec
2019-11-18 20:03:19.954 727 RALLYDEBUG rally.task.runner [-] Starting the constant runner (task UUID: 8633cfe5-0d23-47ff-a2db-23920d7e4464). times: 10 concurrency: 4 timeout: 0 max_cpu_used: 16 processes_to_start: 4 concurrency_per_worker: 1 concurrency_overhead: 0
2019-11-18 20:03:19.966 1203 RALLYDEBUG rally.task.runner [-] Starting a worker. times: 10 duration: None concurrency: 1 timeout: 0 cls: method_name: run args: {"container_format": "bare", "disk_format": "qcow2", "image_location": "/home/opnfv/functest/images/cirros-0.4.0-x86_64-disk.img", "flavor": "20f9b21d-fa02-4686-8c91-5a88ae727ac8", "number_instances": 2, "nics": [{"net-id": "6652dd7c-f0a3-4f25-801e-45e11a61489c"}]}
2019-11-18 20:03:19.970 1204 RALLYDEBUG rally.task.runner [-] Starting a worker. times: 10 duration: None concurrency: 1 timeout: 0 cls: method_name: run args: {"container_format": "bare", "disk_format": "qcow2", "image_location": "/home/opnfv/functest/images/cirros-0.4.0-x86_64-disk.img", "flavor": "20f9b21d-fa02-4686-8c91-5a88ae727ac8", "number_instances": 2, "nics": [{"net-id": "6652dd7c-f0a3-4f25-801e-45e11a61489c"}]}
2019-11-18 20:03:19.973 1203 INFO rally.task.runner [-] Task 8633cfe5-0d23-47ff-a2db-23920d7e4464 | ITER: 1 START
2019-11-18 20:03:19.973 1205 RALLYDEBUG rally.task.runner [-] Starting a worker. times: 10 duration: None concurrency: 1 timeout: 0 cls: method_name: run args: {"container_format": "bare", "disk_format": "qcow2", "image_location": "/home/opnfv/functest/images/cirros-0.4.0-x86_64-disk.img", "flavor": "20f9b21d-fa02-4686-8c91-5a88ae727ac8", "number_instances": 2, "nics": [{"net-id": "6652dd7c-f0a3-4f25-801e-45e11a61489c"}]}
2019-11-18 20:03:19.976 1204 INFO rally.task.runner [-] Task 8633cfe5-0d23-47ff-a2db-23920d7e4464 | ITER: 2 START
2019-11-18 20:03:19.977 1208 RALLYDEBUG rally.task.runner [-] Starting a worker. times: 10 duration: None concurrency: 1 timeout: 0 cls: method_name: run args: {"container_format": "bare", "disk_format": "qcow2", "image_location": "/home/opnfv/functest/images/cirros-0.4.0-x86_64-disk.img", "flavor": "20f9b21d-fa02-4686-8c91-5a88ae727ac8", "number_instances": 2, "nics": [{"net-id": "6652dd7c-f0a3-4f25-801e-45e11a61489c"}]}
2019-11-18 20:03:19.982 1205 INFO rally.task.runner [-] Task 8633cfe5-0d23-47ff-a2db-23920d7e4464 | ITER: 3 START
2019-11-18 20:03:19.985 1208 INFO rally.task.runner [-] Task 8633cfe5-0d23-47ff-a2db-23920d7e4464 | ITER: 4 START
2019-11-18 20:03:20.669 1203 WARNING rally_openstack.scenarios.glance.images [-] 'kwargs' is deprecated in Rally v0.8.0: Use 'boot_server_kwargs' for additional parameters when booting servers.
2019-11-18 20:03:20.669 1205 WARNING rally_openstack.scenarios.glance.images [-] 'kwargs' is deprecated in Rally v0.8.0: Use 'boot_server_kwargs' for additional parameters when booting servers.
2019-11-18 20:03:20.669 1208 WARNING rally_openstack.scenarios.glance.images [-] 'kwargs' is deprecated in Rally v0.8.0: Use 'boot_server_kwargs' for additional parameters when booting servers.
2019-11-18 20:03:20.759 1204 WARNING rally_openstack.scenarios.glance.images [-] 'kwargs' is deprecated in Rally v0.8.0: Use 'boot_server_kwargs' for additional parameters when booting servers.
2019-11-18 20:03:22.947 1208 RALLYDEBUG rally.task.utils [-] Waiting for resource '06d69405-4c1a-46f4-b438-cdfc7ebf383c'. Status changed: NONE => QUEUED in 0.03251194953918457
2019-11-18 20:03:22.984 1205 RALLYDEBUG rally.task.utils [-] Waiting for resource 'f8281206-3dbf-4c30-8b52-ca912aa9fd69'. Status changed: NONE => QUEUED in 0.026966333389282227
2019-11-18 20:03:23.140 1204 RALLYDEBUG rally.task.utils [-] Waiting for resource 'd87048ff-9d92-44e3-85f0-e001f48f906d'. Status changed: NONE => QUEUED in 0.030460119247436523
2019-11-18 20:03:23.140 1203 RALLYDEBUG rally.task.utils [-] Waiting for resource '628a900b-7a3d-41a4-b90b-3360e50ec381'. Status changed: NONE => QUEUED in 0.03452110290527344
2019-11-18 20:03:23.332 1208 RALLYDEBUG rally.task.utils [-] Waiting for resource s_rally_f2295c4a_EX1FSRHh. Status changed: QUEUED => ACTIVE in 0.01829361915588379
2019-11-18 20:03:23.353 1205 RALLYDEBUG rally.task.utils [-] Waiting for resource s_rally_f2295c4a_oGNMa4lD. Status changed: QUEUED => ACTIVE in 0.018931150436401367
2019-11-18 20:03:23.368 1204 RALLYDEBUG rally.task.utils [-] Waiting for resource s_rally_f2295c4a_NykyCVir. Status changed: QUEUED => ACTIVE in 0.02344822883605957
2019-11-18 20:03:23.371 1203 RALLYDEBUG rally.task.utils [-] Waiting for resource s_rally_f2295c4a_bpcvetCL. Status changed: QUEUED => ACTIVE in 0.020339488983154297
2019-11-18 20:03:34.979 1204 RALLYDEBUG rally.task.utils [-] Waiting for resource s_rally_f2295c4a_cS5y01R6_1. Status changed: BUILD => ACTIVE in 8.955209016799927
2019-11-18 20:03:35.195 1204 RALLYDEBUG rally.task.utils [-] Waiting for resource s_rally_f2295c4a_cS5y01R6_0. Status changed: BUILD => ACTIVE in 0.21540212631225586
2019-11-18 20:03:35.196 1204 INFO rally.task.runner [-] Task 8633cfe5-0d23-47ff-a2db-23920d7e4464 | ITER: 2 END: OK
2019-11-18 20:03:35.200 1204 INFO rally.task.runner [-] Task 8633cfe5-0d23-47ff-a2db-23920d7e4464 | ITER: 5 START
2019-11-18 20:03:35.242 1205 RALLYDEBUG rally.task.utils [-] Waiting for resource s_rally_f2295c4a_BAX64rKo_1. Status changed: BUILD => ACTIVE in 9.13776969909668
2019-11-18 20:03:35.332 1203 RALLYDEBUG rally.task.utils [-] Waiting for resource s_rally_f2295c4a_tHrXJd2K_1. Status changed: BUILD => ACTIVE in 9.05263638496399
2019-11-18 20:03:35.447 1205 RALLYDEBUG rally.task.utils [-] Waiting for resource s_rally_f2295c4a_BAX64rKo_0. Status changed: BUILD => ACTIVE in 0.20463919639587402
2019-11-18 20:03:35.448 1205 INFO rally.task.runner [-] Task 8633cfe5-0d23-47ff-a2db-23920d7e4464 | ITER: 3 END: OK
2019-11-18 20:03:35.452 1205 INFO rally.task.runner [-] Task 8633cfe5-0d23-47ff-a2db-23920d7e4464 | ITER: 6 START
2019-11-18 20:03:35.601 1203 RALLYDEBUG rally.task.utils [-] Waiting for resource s_rally_f2295c4a_tHrXJd2K_0. Status changed: BUILD => ACTIVE in 0.2676119804382324
2019-11-18 20:03:35.601 1203 INFO rally.task.runner [-] Task 8633cfe5-0d23-47ff-a2db-23920d7e4464 | ITER: 1 END: OK
2019-11-18 20:03:35.606 1203 INFO rally.task.runner [-] Task 8633cfe5-0d23-47ff-a2db-23920d7e4464 | ITER: 7 START
2019-11-18 20:03:35.905 1204 WARNING rally_openstack.scenarios.glance.images [-] 'kwargs' is deprecated in Rally v0.8.0: Use 'boot_server_kwargs' for additional parameters when booting servers.
2019-11-18 20:03:36.082 1205 WARNING rally_openstack.scenarios.glance.images [-] 'kwargs' is deprecated in Rally v0.8.0: Use 'boot_server_kwargs' for additional parameters when booting servers.
2019-11-18 20:03:36.244 1203 WARNING rally_openstack.scenarios.glance.images [-] 'kwargs' is deprecated in Rally v0.8.0: Use 'boot_server_kwargs' for additional parameters when booting servers.
2019-11-18 20:03:38.090 1204 RALLYDEBUG rally.task.utils [-] Waiting for resource 'a00d5ad1-9097-4171-b15c-0610dfe0350c'. Status changed: NONE => QUEUED in 0.03324532508850098
2019-11-18 20:03:38.145 1208 RALLYDEBUG rally.task.utils [-] Waiting for resource s_rally_f2295c4a_BTFt0Dkd_1. Status changed: BUILD => ACTIVE in 11.16653847694397
2019-11-18 20:03:38.249 1205 RALLYDEBUG rally.task.utils [-] Waiting for resource '9ed8c70b-9de4-4121-8d65-4657c70ea38f'. Status changed: NONE => QUEUED in 0.03366231918334961
2019-11-18 20:03:38.355 1208 RALLYDEBUG rally.task.utils [-] Waiting for resource s_rally_f2295c4a_BTFt0Dkd_0. Status changed: BUILD => ACTIVE in 0.2100834846496582
2019-11-18 20:03:38.356 1208 INFO rally.task.runner [-] Task 8633cfe5-0d23-47ff-a2db-23920d7e4464 | ITER: 4 END: OK
2019-11-18 20:03:38.360 1208 INFO rally.task.runner [-] Task 8633cfe5-0d23-47ff-a2db-23920d7e4464 | ITER: 8 START
2019-11-18 20:03:38.412 1204 RALLYDEBUG rally.task.utils [-] Waiting for resource s_rally_f2295c4a_3F5aX3lC. Status changed: QUEUED => ACTIVE in 0.022766590118408203
2019-11-18 20:03:38.421 1203 RALLYDEBUG rally.task.utils [-] Waiting for resource 'f1d963f0-d523-4ed5-91bd-61f69a66d070'. Status changed: NONE => QUEUED in 0.0363156795501709
2019-11-18 20:03:38.614 1205 RALLYDEBUG rally.task.utils [-] Waiting for resource s_rally_f2295c4a_VXI1LyQc. Status changed: QUEUED => ACTIVE in 0.02919602394104004
2019-11-18 20:03:38.786 1203 RALLYDEBUG rally.task.utils [-] Waiting for resource s_rally_f2295c4a_2plpKU8h. Status changed: QUEUED => ACTIVE in 0.017908573150634766
2019-11-18 20:03:38.984 1208 WARNING rally_openstack.scenarios.glance.images [-] 'kwargs' is deprecated in Rally v0.8.0: Use 'boot_server_kwargs' for additional parameters when booting servers.
2019-11-18 20:03:41.171 1208 RALLYDEBUG rally.task.utils [-] Waiting for resource '929234a1-0b87-4301-ae55-5314815150e6'. Status changed: NONE => QUEUED in 0.04370760917663574
2019-11-18 20:03:41.504 1208 RALLYDEBUG rally.task.utils [-] Waiting for resource s_rally_f2295c4a_d2puay7B. Status changed: QUEUED => ACTIVE in 0.018282413482666016
2019-11-18 20:03:50.451 1204 RALLYDEBUG rally.task.utils [-] Waiting for resource s_rally_f2295c4a_aBMVphic_1. Status changed: BUILD => ACTIVE in 8.87482237815857
2019-11-18 20:03:50.581 1203 RALLYDEBUG rally.task.utils [-] Waiting for resource s_rally_f2295c4a_LFrsZbTz_1. Status changed: BUILD => ACTIVE in 8.910967350006104
2019-11-18 20:03:50.592 1204 RALLYDEBUG rally.task.utils [-] Waiting for resource s_rally_f2295c4a_aBMVphic_0. Status changed: BUILD => ACTIVE in 0.1395866870880127
2019-11-18 20:03:50.593 1204 INFO rally.task.runner [-] Task 8633cfe5-0d23-47ff-a2db-23920d7e4464 | ITER: 5 END: OK
2019-11-18 20:03:50.599 1204 INFO rally.task.runner [-] Task 8633cfe5-0d23-47ff-a2db-23920d7e4464 | ITER: 9 START
2019-11-18 20:03:51.308 1204 WARNING rally_openstack.scenarios.glance.images [-] 'kwargs' is deprecated in Rally v0.8.0: Use 'boot_server_kwargs' for additional parameters when booting servers.
2019-11-18 20:03:52.383 1205 RALLYDEBUG rally.task.utils [-] Waiting for resource s_rally_f2295c4a_fmmMg6MZ_1. Status changed: BUILD => ACTIVE in 11.118991613388062
2019-11-18 20:03:52.541 1205 RALLYDEBUG rally.task.utils [-] Waiting for resource s_rally_f2295c4a_fmmMg6MZ_0. Status changed: BUILD => ACTIVE in 0.15636658668518066
2019-11-18 20:03:52.542 1205 INFO rally.task.runner [-] Task 8633cfe5-0d23-47ff-a2db-23920d7e4464 | ITER: 6 END: OK
2019-11-18 20:03:52.547 1205 INFO rally.task.runner [-] Task 8633cfe5-0d23-47ff-a2db-23920d7e4464 | ITER: 10 START
2019-11-18 20:03:52.983 1203 RALLYDEBUG rally.task.utils [-] Waiting for resource s_rally_f2295c4a_LFrsZbTz_0. Status changed: BUILD => ACTIVE in 2.400524377822876
2019-11-18 20:03:52.984 1203 INFO rally.task.runner [-] Task 8633cfe5-0d23-47ff-a2db-23920d7e4464 | ITER: 7 END: OK
2019-11-18 20:03:53.159 1205 WARNING rally_openstack.scenarios.glance.images [-] 'kwargs' is deprecated in Rally v0.8.0: Use 'boot_server_kwargs' for additional parameters when booting servers.
2019-11-18 20:03:53.482 1204 RALLYDEBUG rally.task.utils [-] Waiting for resource 'dd74f4f5-1c05-44c6-8f99-0e9c2a8e151e'. Status changed: NONE => QUEUED in 0.033454179763793945
2019-11-18 20:03:53.780 1204 RALLYDEBUG rally.task.utils [-] Waiting for resource s_rally_f2295c4a_30hdLjko. Status changed: QUEUED => ACTIVE in 0.02128291130065918
2019-11-18 20:03:55.339 1205 RALLYDEBUG rally.task.utils [-] Waiting for resource '4a7ab881-5067-49ed-bbd2-723bdaaa40cc'. Status changed: NONE => QUEUED in 0.03130984306335449
2019-11-18 20:03:55.562 1208 RALLYDEBUG rally.task.utils [-] Waiting for resource s_rally_f2295c4a_dBLGJYFA_1. Status changed: BUILD => ACTIVE in 11.284878730773926
2019-11-18 20:03:55.690 1205 RALLYDEBUG rally.task.utils [-] Waiting for resource s_rally_f2295c4a_sHiHpyzW. Status changed: QUEUED => ACTIVE in 0.018933773040771484
2019-11-18 20:03:55.741 1208 RALLYDEBUG rally.task.utils [-] Waiting for resource s_rally_f2295c4a_dBLGJYFA_0. Status changed: BUILD => ACTIVE in 0.17824530601501465
2019-11-18 20:03:55.742 1208 INFO rally.task.runner [-] Task 8633cfe5-0d23-47ff-a2db-23920d7e4464 | ITER: 8 END: OK
2019-11-18 20:04:05.313 1205 RALLYDEBUG rally.task.utils [-] Waiting for resource s_rally_f2295c4a_sjdxEpMG_1. Status changed: BUILD => ACTIVE in 6.684897422790527
2019-11-18 20:04:05.461 1205 RALLYDEBUG rally.task.utils [-] Waiting for resource s_rally_f2295c4a_sjdxEpMG_0. Status changed: BUILD => ACTIVE in 0.1472640037536621
2019-11-18 20:04:05.462 1205 INFO rally.task.runner [-] Task 8633cfe5-0d23-47ff-a2db-23920d7e4464 | ITER: 10 END: OK
2019-11-18 20:04:07.792 1204 RALLYDEBUG rally.task.utils [-] Waiting for resource s_rally_f2295c4a_J52ranEm_1. Status changed: BUILD => ACTIVE in 11.163290023803711
2019-11-18 20:04:07.945 1204 RALLYDEBUG rally.task.utils [-] Waiting for resource s_rally_f2295c4a_J52ranEm_0. Status changed: BUILD => ACTIVE in 0.1526947021484375
2019-11-18 20:04:07.946 1204 INFO rally.task.runner [-] Task 8633cfe5-0d23-47ff-a2db-23920d7e4464 | ITER: 9 END: OK
2019-11-18 20:04:07.975 727 INFO rally.task.context [-] Task 8633cfe5-0d23-47ff-a2db-23920d7e4464 | Context cleanup@openstack cleanup() started
2019-11-18 20:04:07.979 727 RALLYDEBUG rally_openstack.cleanup.manager [-] Cleaning up nova servers objects
2019-11-18 20:04:10.657 727 RALLYDEBUG rally_openstack.cleanup.manager [-] Deleting nova.servers object s_rally_f2295c4a_sjdxEpMG_1 (f0f923a4-89e3-4052-86b6-222d82227a20)
2019-11-18 20:04:10.666 727 RALLYDEBUG rally_openstack.cleanup.manager [-] Deleting nova.servers object s_rally_f2295c4a_sjdxEpMG_0 (1a2ebd41-c873-4c4a-8e79-b2734dc23c66)
2019-11-18 20:04:10.677 727 RALLYDEBUG rally_openstack.cleanup.manager [-] Deleting nova.servers object s_rally_f2295c4a_J52ranEm_1 (16ca382a-dfa8-4b67-bfae-4f492f717d6b)
2019-11-18 20:04:10.681 727 RALLYDEBUG rally_openstack.cleanup.manager [-] Deleting nova.servers object s_rally_f2295c4a_J52ranEm_0 (07d9b0fc-b832-41d5-bd88-1e060b43452b)
2019-11-18 20:04:10.695 727 RALLYDEBUG rally_openstack.cleanup.manager [-] Deleting nova.servers object s_rally_f2295c4a_cS5y01R6_1 (b4859a40-5d21-4341-8764-dc94e6ee5926)
2019-11-18 20:04:10.702 727 RALLYDEBUG rally_openstack.cleanup.manager [-] Deleting nova.servers object s_rally_f2295c4a_cS5y01R6_0 (d43c9224-7570-43a6-8d20-07ec8a228223)
2019-11-18 20:04:10.729 727 RALLYDEBUG rally_openstack.cleanup.manager [-] Deleting nova.servers object s_rally_f2295c4a_LFrsZbTz_1 (f2991b08-64a6-48af-b8ce-2e4725da7a80)
2019-11-18 20:04:10.738 727 RALLYDEBUG rally_openstack.cleanup.manager [-] Deleting nova.servers object s_rally_f2295c4a_LFrsZbTz_0 (d46f889e-a54a-4304-843d-bfe90625f2b1)
2019-11-18 20:04:10.745 727 RALLYDEBUG rally_openstack.cleanup.manager [-] Deleting nova.servers object s_rally_f2295c4a_BTFt0Dkd_1 (42ece123-0c1f-42de-b0a4-29ecaca0c9c5)
2019-11-18 20:04:10.761 727 RALLYDEBUG rally_openstack.cleanup.manager [-] Deleting nova.servers object s_rally_f2295c4a_BTFt0Dkd_0 (0c51a8bd-2a93-430e-bd7e-abdb7bad17d2)
2019-11-18 20:04:10.766 727 RALLYDEBUG rally_openstack.cleanup.manager [-] Deleting nova.servers object s_rally_f2295c4a_dBLGJYFA_1 (05b0f6ee-3474-45d3-9131-a4f0d04d017d)
2019-11-18 20:04:10.791 727 RALLYDEBUG rally_openstack.cleanup.manager [-] Deleting nova.servers object s_rally_f2295c4a_dBLGJYFA_0 (90aa8fe3-a7d0-4ac5-8ae7-8497af45921a)
2019-11-18 20:04:10.801 727 RALLYDEBUG rally_openstack.cleanup.manager [-] Deleting nova.servers object s_rally_f2295c4a_aBMVphic_1 (51a98fe8-0a18-4b55-9bdc-b31790e0f4ea)
2019-11-18 20:04:10.812 727 RALLYDEBUG rally_openstack.cleanup.manager [-] Deleting nova.servers object s_rally_f2295c4a_fmmMg6MZ_0 (0e372d66-604b-4409-a0c4-b106dbdf229b)
2019-11-18 20:04:10.821 727 RALLYDEBUG rally_openstack.cleanup.manager [-] Deleting nova.servers object s_rally_f2295c4a_fmmMg6MZ_1 (12bd1a8d-43ea-43d9-b31e-5ded7fc6709f)
2019-11-18 20:04:10.836 727 RALLYDEBUG rally_openstack.cleanup.manager [-] Deleting nova.servers object s_rally_f2295c4a_aBMVphic_0 (8f313708-d7cf-4848-96f5-8749e2ba703b)
2019-11-18 20:04:10.863 727 RALLYDEBUG rally_openstack.cleanup.manager [-] Deleting nova.servers object s_rally_f2295c4a_tHrXJd2K_1 (4d219669-9d0f-4fb9-b7c4-3d9426b1e37e)
2019-11-18 20:04:10.873 727 RALLYDEBUG rally_openstack.cleanup.manager [-] Deleting nova.servers object s_rally_f2295c4a_tHrXJd2K_0 (70595a44-c57e-4ed5-a226-9f252e244f9b)
2019-11-18 20:04:10.881 727 RALLYDEBUG rally_openstack.cleanup.manager [-] Deleting nova.servers object s_rally_f2295c4a_BAX64rKo_0 (d9585af7-c582-4b0e-8a64-27c239c2eb2d)
2019-11-18 20:04:10.884 727 RALLYDEBUG rally_openstack.cleanup.manager [-] Deleting nova.servers object s_rally_f2295c4a_BAX64rKo_1 (f8d59225-71d9-4e94-b0d4-21f0d7c57b72)
2019-11-18 20:04:19.767 727 RALLYDEBUG rally_openstack.cleanup.manager [-] Cleaning up nova server_groups objects
2019-11-18 20:04:20.932 727 RALLYDEBUG rally_openstack.cleanup.manager [-] Cleaning up nova keypairs objects
2019-11-18 20:04:23.404 727 RALLYDEBUG rally_openstack.cleanup.manager [-] Cleaning up glance images objects
2019-11-18 20:04:24.761 727 RALLYDEBUG rally_openstack.cleanup.manager [-] Deleting glance.images object s_rally_f2295c4a_sHiHpyzW (4a7ab881-5067-49ed-bbd2-723bdaaa40cc)
2019-11-18 20:04:24.770 727 RALLYDEBUG rally_openstack.cleanup.manager [-] Deleting glance.images object s_rally_f2295c4a_30hdLjko (dd74f4f5-1c05-44c6-8f99-0e9c2a8e151e)
2019-11-18 20:04:24.780 727 RALLYDEBUG rally_openstack.cleanup.manager [-] Deleting glance.images object s_rally_f2295c4a_NykyCVir (d87048ff-9d92-44e3-85f0-e001f48f906d)
2019-11-18 20:04:24.791 727 RALLYDEBUG rally_openstack.cleanup.manager [-] Deleting glance.images object s_rally_f2295c4a_2plpKU8h (f1d963f0-d523-4ed5-91bd-61f69a66d070)
2019-11-18 20:04:24.801 727 RALLYDEBUG rally_openstack.cleanup.manager [-] Deleting glance.images object s_rally_f2295c4a_EX1FSRHh (06d69405-4c1a-46f4-b438-cdfc7ebf383c)
2019-11-18 20:04:24.820 727 RALLYDEBUG rally_openstack.cleanup.manager [-] Deleting glance.images object s_rally_f2295c4a_d2puay7B (929234a1-0b87-4301-ae55-5314815150e6)
2019-11-18 20:04:24.828 727 RALLYDEBUG rally_openstack.cleanup.manager [-] Deleting glance.images object s_rally_f2295c4a_3F5aX3lC (a00d5ad1-9097-4171-b15c-0610dfe0350c)
2019-11-18 20:04:24.841 727 RALLYDEBUG rally_openstack.cleanup.manager [-] Deleting glance.images object s_rally_f2295c4a_VXI1LyQc (9ed8c70b-9de4-4121-8d65-4657c70ea38f)
2019-11-18 20:04:24.861 727 RALLYDEBUG rally_openstack.cleanup.manager [-] Deleting glance.images object s_rally_f2295c4a_oGNMa4lD (f8281206-3dbf-4c30-8b52-ca912aa9fd69)
2019-11-18 20:04:24.874 727 RALLYDEBUG rally_openstack.cleanup.manager [-] Deleting glance.images object s_rally_f2295c4a_bpcvetCL (628a900b-7a3d-41a4-b90b-3360e50ec381)
2019-11-18 20:04:25.276 727 DEBUG glanceclient.common.http [-] Request returned failure status 404. _handle_response /usr/lib/python3.6/site-packages/glanceclient/common/http.py:125
2019-11-18 20:04:25.292 727 DEBUG glanceclient.common.http [-] Request returned failure status 404. _handle_response /usr/lib/python3.6/site-packages/glanceclient/common/http.py:125
2019-11-18 20:04:25.332 727 DEBUG glanceclient.common.http [-] Request returned failure status 404. _handle_response /usr/lib/python3.6/site-packages/glanceclient/common/http.py:125
2019-11-18 20:04:25.339 727 DEBUG glanceclient.common.http [-] Request returned failure status 404. _handle_response /usr/lib/python3.6/site-packages/glanceclient/common/http.py:125
2019-11-18 20:04:25.352 727 DEBUG glanceclient.common.http [-] Request returned failure status 404. _handle_response /usr/lib/python3.6/site-packages/glanceclient/common/http.py:125
2019-11-18 20:04:25.353 727 DEBUG glanceclient.common.http [-] Request returned failure status 404. _handle_response /usr/lib/python3.6/site-packages/glanceclient/common/http.py:125
2019-11-18 20:04:25.359 727 DEBUG glanceclient.common.http [-] Request returned failure status 404. _handle_response /usr/lib/python3.6/site-packages/glanceclient/common/http.py:125
2019-11-18 20:04:25.378 727 DEBUG glanceclient.common.http [-] Request returned failure status 404. _handle_response /usr/lib/python3.6/site-packages/glanceclient/common/http.py:125
2019-11-18 20:04:25.383 727 DEBUG glanceclient.common.http [-] Request returned failure status 404. _handle_response /usr/lib/python3.6/site-packages/glanceclient/common/http.py:125
2019-11-18 20:04:25.388 727 DEBUG glanceclient.common.http [-] Request returned failure status 404. _handle_response /usr/lib/python3.6/site-packages/glanceclient/common/http.py:125
2019-11-18 20:04:25.393 727 DEBUG glanceclient.common.http [-] Request returned failure status 404. _handle_response /usr/lib/python3.6/site-packages/glanceclient/common/http.py:125
2019-11-18 20:04:25.395 727 DEBUG glanceclient.common.http [-] Request returned failure status 404. _handle_response /usr/lib/python3.6/site-packages/glanceclient/common/http.py:125
2019-11-18 20:04:25.405 727 DEBUG glanceclient.common.http [-] Request returned failure status 404. _handle_response /usr/lib/python3.6/site-packages/glanceclient/common/http.py:125
2019-11-18 20:04:25.412 727 DEBUG glanceclient.common.http [-] Request returned failure status 404. _handle_response /usr/lib/python3.6/site-packages/glanceclient/common/http.py:125
2019-11-18 20:04:25.426 727 DEBUG glanceclient.common.http [-] Request returned failure status 404. _handle_response /usr/lib/python3.6/site-packages/glanceclient/common/http.py:125
2019-11-18 20:04:25.428 727 DEBUG glanceclient.common.http [-] Request returned failure status 404. _handle_response /usr/lib/python3.6/site-packages/glanceclient/common/http.py:125
2019-11-18 20:04:25.429 727 DEBUG glanceclient.common.http [-] Request returned failure status 404. _handle_response /usr/lib/python3.6/site-packages/glanceclient/common/http.py:125
2019-11-18 20:04:25.430 727 DEBUG glanceclient.common.http [-] Request returned failure status 404. _handle_response /usr/lib/python3.6/site-packages/glanceclient/common/http.py:125
2019-11-18 20:04:25.444 727 DEBUG glanceclient.common.http [-] Request returned failure status 404. _handle_response /usr/lib/python3.6/site-packages/glanceclient/common/http.py:125
2019-11-18 20:04:25.448 727 DEBUG glanceclient.common.http [-] Request returned failure status 404. _handle_response /usr/lib/python3.6/site-packages/glanceclient/common/http.py:125
2019-11-18 20:04:26.451 727 INFO rally.task.context [-] Task 8633cfe5-0d23-47ff-a2db-23920d7e4464 | Context cleanup@openstack cleanup() finished in 18.48 sec
2019-11-18 20:04:26.452 727 INFO rally.task.context [-] Task 8633cfe5-0d23-47ff-a2db-23920d7e4464 | Context quotas@openstack cleanup() started
2019-11-18 20:04:26.527 727 INFO rally.task.context [-] Task 8633cfe5-0d23-47ff-a2db-23920d7e4464 | Context quotas@openstack cleanup() finished in 74.86 msec
2019-11-18 20:04:26.530 727 INFO rally.task.context [-] Task 8633cfe5-0d23-47ff-a2db-23920d7e4464 | Context users@openstack cleanup() started
2019-11-18 20:04:30.514 727 INFO rally.task.context [-] Task 8633cfe5-0d23-47ff-a2db-23920d7e4464 | Context users@openstack cleanup() finished in 3.98 sec
2019-11-18 20:04:32.297 727 INFO rally.task.engine [-] Load duration is: 46.277278
2019-11-18 20:04:32.298 727 INFO rally.task.engine [-] Full runner duration is: 48.022074
2019-11-18 20:04:32.298 727 INFO rally.task.engine [-] Full duration is: 74.583281
2019-11-18 20:04:32.866 727 INFO rally.task.engine [-] Running workload: position = 0 config = { "version": 2, "title": "A cropped version of a bigger task.", "description": "Auto-generated task from a single workload (uuid=ce78c256-a928-4d26-89b3-6060f356e402)", "subtasks": [ { "title": "GlanceImages.create_and_deactivate_image", "description": "Create an image, then deactivate it.", "scenario": { "GlanceImages.create_and_deactivate_image": { "container_format": "bare", "disk_format": "qcow2", "image_location": "/home/opnfv/functest/images/cirros-0.4.0-x86_64-disk.img" } }, "contexts": { "users": { "tenants": 3, "users_per_tenant": 2 } }, "runner": { "constant": { "concurrency": 4, "times": 10 } }, "hooks": [], "sla": { "failure_rate": { "max": 0 } } } ] }
2019-11-18 20:04:32.893 727 RALLYDEBUG rally_openstack.contexts.keystone.users [-] Creating 3 tenants using 20 threads
2019-11-18 20:04:33.951 727 RALLYDEBUG rally_openstack.contexts.keystone.users [-] Creating 6 users using 20 threads
2019-11-18 20:04:35.485 727 INFO rally.task.context [-] Task 8633cfe5-0d23-47ff-a2db-23920d7e4464 | Context users@openstack setup() finished in 2.59 sec
2019-11-18 20:04:35.486 727 INFO rally.task.context [-] Task 8633cfe5-0d23-47ff-a2db-23920d7e4464 | Context cleanup@openstack setup() finished in 0.03 msec
2019-11-18 20:04:35.495 727 RALLYDEBUG rally.task.runner [-] Starting the constant runner (task UUID: 8633cfe5-0d23-47ff-a2db-23920d7e4464). times: 10 concurrency: 4 timeout: 0 max_cpu_used: 16 processes_to_start: 4 concurrency_per_worker: 1 concurrency_overhead: 0
2019-11-18 20:04:35.507 1387 RALLYDEBUG rally.task.runner [-] Starting a worker. times: 10 duration: None concurrency: 1 timeout: 0 cls: method_name: run args: {"container_format": "bare", "disk_format": "qcow2", "image_location": "/home/opnfv/functest/images/cirros-0.4.0-x86_64-disk.img"}
2019-11-18 20:04:35.510 1388 RALLYDEBUG rally.task.runner [-] Starting a worker. times: 10 duration: None concurrency: 1 timeout: 0 cls: method_name: run args: {"container_format": "bare", "disk_format": "qcow2", "image_location": "/home/opnfv/functest/images/cirros-0.4.0-x86_64-disk.img"}
2019-11-18 20:04:35.514 1387 INFO rally.task.runner [-] Task 8633cfe5-0d23-47ff-a2db-23920d7e4464 | ITER: 1 START
2019-11-18 20:04:35.514 1389 RALLYDEBUG rally.task.runner [-] Starting a worker. times: 10 duration: None concurrency: 1 timeout: 0 cls: method_name: run args: {"container_format": "bare", "disk_format": "qcow2", "image_location": "/home/opnfv/functest/images/cirros-0.4.0-x86_64-disk.img"}
2019-11-18 20:04:35.517 1388 INFO rally.task.runner [-] Task 8633cfe5-0d23-47ff-a2db-23920d7e4464 | ITER: 2 START
2019-11-18 20:04:35.517 1390 RALLYDEBUG rally.task.runner [-] Starting a worker. times: 10 duration: None concurrency: 1 timeout: 0 cls: method_name: run args: {"container_format": "bare", "disk_format": "qcow2", "image_location": "/home/opnfv/functest/images/cirros-0.4.0-x86_64-disk.img"}
2019-11-18 20:04:35.520 1389 INFO rally.task.runner [-] Task 8633cfe5-0d23-47ff-a2db-23920d7e4464 | ITER: 3 START
2019-11-18 20:04:35.524 1390 INFO rally.task.runner [-] Task 8633cfe5-0d23-47ff-a2db-23920d7e4464 | ITER: 4 START
2019-11-18 20:04:38.465 1389 RALLYDEBUG rally.task.utils [-] Waiting for resource 'a41caf43-2d6a-4d6d-b0a5-6f8c1e8a8446'. Status changed: NONE => QUEUED in 0.04104900360107422
2019-11-18 20:04:38.466 1390 RALLYDEBUG rally.task.utils [-] Waiting for resource '42a7e0dd-c45d-4fc2-a29d-6b24233291c3'. Status changed: NONE => QUEUED in 0.03978681564331055
2019-11-18 20:04:38.469 1387 RALLYDEBUG rally.task.utils [-] Waiting for resource 'd44122ef-95eb-4afe-b056-ed3625fb4d8d'. Status changed: NONE => QUEUED in 0.04037022590637207
2019-11-18 20:04:38.483 1388 RALLYDEBUG rally.task.utils [-] Waiting for resource '2fb3db0d-5b4d-4224-be33-ffa8ddeb6a70'. Status changed: NONE => QUEUED in 0.035669565200805664
2019-11-18 20:04:38.687 1387 RALLYDEBUG rally.task.utils [-] Waiting for resource s_rally_ce78c256_Kexn7xh1. Status changed: QUEUED => ACTIVE in 0.021680593490600586
2019-11-18 20:04:38.690 1389 RALLYDEBUG rally.task.utils [-] Waiting for resource s_rally_ce78c256_fxfQj6dK. Status changed: QUEUED => ACTIVE in 0.021745681762695312
2019-11-18 20:04:38.709 1390 RALLYDEBUG rally.task.utils [-] Waiting for resource s_rally_ce78c256_rhZP57LB. Status changed: QUEUED => ACTIVE in 0.01821160316467285
2019-11-18 20:04:38.730 1388 RALLYDEBUG rally.task.utils [-] Waiting for resource s_rally_ce78c256_ok2A6RCW. Status changed: QUEUED => ACTIVE in 0.029786109924316406
2019-11-18 20:04:38.754 1389 INFO rally.task.runner [-] Task 8633cfe5-0d23-47ff-a2db-23920d7e4464 | ITER: 3 END: OK
2019-11-18 20:04:38.758 1389 INFO rally.task.runner [-] Task 8633cfe5-0d23-47ff-a2db-23920d7e4464 | ITER: 5 START
2019-11-18 20:04:38.761 1387 INFO rally.task.runner [-] Task 8633cfe5-0d23-47ff-a2db-23920d7e4464 | ITER: 1 END: OK
2019-11-18 20:04:38.765 1387 INFO rally.task.runner [-] Task 8633cfe5-0d23-47ff-a2db-23920d7e4464 | ITER: 6 START
2019-11-18 20:04:38.768 1390 INFO rally.task.runner [-] Task 8633cfe5-0d23-47ff-a2db-23920d7e4464 | ITER: 4 END: OK
2019-11-18 20:04:38.772 1390 INFO rally.task.runner [-] Task 8633cfe5-0d23-47ff-a2db-23920d7e4464 | ITER: 7 START
2019-11-18 20:04:38.792 1388 INFO rally.task.runner [-] Task 8633cfe5-0d23-47ff-a2db-23920d7e4464 | ITER: 2 END: OK
2019-11-18 20:04:38.797 1388 INFO rally.task.runner [-] Task 8633cfe5-0d23-47ff-a2db-23920d7e4464 | ITER: 8 START
2019-11-18 20:04:41.547 1390 RALLYDEBUG rally.task.utils [-] Waiting for resource 'fe457853-b463-4181-a864-d27815f499e5'. Status changed: NONE => QUEUED in 0.0418241024017334
2019-11-18 20:04:41.631 1387 RALLYDEBUG rally.task.utils [-] Waiting for resource '8aec8dc2-2047-4507-903a-c61871e5688b'. Status changed: NONE => QUEUED in 0.03737473487854004
2019-11-18 20:04:41.635 1388 RALLYDEBUG rally.task.utils [-] Waiting for resource '4b4f2989-b684-4f0e-88a4-5641e23eb530'. Status changed: NONE => QUEUED in 0.039781808853149414
2019-11-18 20:04:41.639 1389 RALLYDEBUG rally.task.utils [-] Waiting for resource '913d5339-0630-4915-bd2d-4fa4526c1bfe'. Status changed: NONE => QUEUED in 0.04365229606628418
2019-11-18 20:04:41.820 1390 RALLYDEBUG rally.task.utils [-] Waiting for resource s_rally_ce78c256_mnr5gZf5. Status changed: QUEUED => ACTIVE in 0.0197145938873291
2019-11-18 20:04:41.833 1389 RALLYDEBUG rally.task.utils [-] Waiting for resource s_rally_ce78c256_6LG7D7NC. Status changed: QUEUED => ACTIVE in 0.01761913299560547
2019-11-18 20:04:41.834 1388 RALLYDEBUG rally.task.utils [-] Waiting for resource s_rally_ce78c256_Ar3Wpm0F. Status changed: QUEUED => ACTIVE in 0.01863884925842285
