2019-11-18 20:05:49.437 727 DEBUG glanceclient.common.http [-] Request returned failure status 404. _handle_response /usr/lib/python3.6/site-packages/glanceclient/common/http.py:125
2019-11-18 20:05:49.440 727 DEBUG glanceclient.common.http [-] Request returned failure status 404. _handle_response /usr/lib/python3.6/site-packages/glanceclient/common/http.py:125
2019-11-18 20:05:49.441 727 DEBUG glanceclient.common.http [-] Request returned failure status 404. _handle_response /usr/lib/python3.6/site-packages/glanceclient/common/http.py:125
2019-11-18 20:05:49.443 727 DEBUG glanceclient.common.http [-] Request returned failure status 404. _handle_response /usr/lib/python3.6/site-packages/glanceclient/common/http.py:125
2019-11-18 20:05:49.458 727 DEBUG glanceclient.common.http [-] Request returned failure status 404. _handle_response /usr/lib/python3.6/site-packages/glanceclient/common/http.py:125
2019-11-18 20:05:49.467 727 DEBUG glanceclient.common.http [-] Request returned failure status 404. _handle_response /usr/lib/python3.6/site-packages/glanceclient/common/http.py:125
2019-11-18 20:05:49.471 727 DEBUG glanceclient.common.http [-] Request returned failure status 404. _handle_response /usr/lib/python3.6/site-packages/glanceclient/common/http.py:125
2019-11-18 20:05:49.472 727 DEBUG glanceclient.common.http [-] Request returned failure status 404. _handle_response /usr/lib/python3.6/site-packages/glanceclient/common/http.py:125
2019-11-18 20:05:49.554 727 DEBUG glanceclient.common.http [-] Request returned failure status 404. _handle_response /usr/lib/python3.6/site-packages/glanceclient/common/http.py:125
2019-11-18 20:05:49.569 727 DEBUG glanceclient.common.http [-] Request returned failure status 404. _handle_response /usr/lib/python3.6/site-packages/glanceclient/common/http.py:125
2019-11-18 20:05:50.572 727 INFO rally.task.context [-] Task 8633cfe5-0d23-47ff-a2db-23920d7e4464 | Context cleanup@openstack cleanup() finished in 3.26 sec
2019-11-18 20:05:50.573 727 INFO rally.task.context [-] Task 8633cfe5-0d23-47ff-a2db-23920d7e4464 | Context users@openstack cleanup() started
2019-11-18 20:05:55.178 727 INFO rally.task.context [-] Task 8633cfe5-0d23-47ff-a2db-23920d7e4464 | Context users@openstack cleanup() finished in 4.60 sec
2019-11-18 20:05:57.153 727 INFO rally.task.engine [-] Load duration is: 8.959808
2019-11-18 20:05:57.153 727 INFO rally.task.engine [-] Full runner duration is: 9.711145
2019-11-18 20:05:57.154 727 INFO rally.task.engine [-] Full duration is: 20.161662
2019-11-18 20:05:57.651 727 INFO rally.task.engine [-] Task 8633cfe5-0d23-47ff-a2db-23920d7e4464 | Completed: Running task.
2019-11-18 20:05:59.216 1841 RALLYDEBUG rally.api [-] INFO logs from urllib3 and requests module are hide.
2019-11-18 20:05:59.216 1841 RALLYDEBUG rally.api [-] urllib3 insecure warnings are hidden.
2019-11-18 20:05:59.216 1841 RALLYDEBUG rally.api [-] ERROR log from boto module is hide.
2019-11-18 20:06:00.297 1842 RALLYDEBUG rally.api [-] INFO logs from urllib3 and requests module are hide.
2019-11-18 20:06:00.297 1842 RALLYDEBUG rally.api [-] urllib3 insecure warnings are hidden.
2019-11-18 20:06:00.297 1842 RALLYDEBUG rally.api [-] ERROR log from boto module is hide.
2019-11-18 20:06:01.397 1843 RALLYDEBUG rally.api [-] INFO logs from urllib3 and requests module are hide.
2019-11-18 20:06:01.397 1843 RALLYDEBUG rally.api [-] urllib3 insecure warnings are hidden.
2019-11-18 20:06:01.397 1843 RALLYDEBUG rally.api [-] ERROR log from boto module is hide.
2019-11-18 20:06:03.045 1843 INFO rally.api [-] Building 'json' report for the following task(s): '8633cfe5-0d23-47ff-a2db-23920d7e4464'.
2019-11-18 20:06:03.063 1843 INFO rally.api [-] The report has been successfully built.
2019-11-18 20:06:04.428 1845 RALLYDEBUG rally.api [-] INFO logs from urllib3 and requests module are hide.
2019-11-18 20:06:04.428 1845 RALLYDEBUG rally.api [-] urllib3 insecure warnings are hidden.
2019-11-18 20:06:04.428 1845 RALLYDEBUG rally.api [-] ERROR log from boto module is hide.
2019-11-18 20:06:06.528 1845 INFO rally.task.engine [-] Task 9c3de056-1a07-454e-93a5-69c3198c7467 | Starting: Task validation.
2019-11-18 20:06:06.609 1845 INFO rally.task.engine [-] Task 9c3de056-1a07-454e-93a5-69c3198c7467 | Starting: Task validation of syntax.
2019-11-18 20:06:06.985 1845 INFO rally.task.engine [-] Task 9c3de056-1a07-454e-93a5-69c3198c7467 | Completed: Task validation of syntax.
2019-11-18 20:06:06.986 1845 INFO rally.task.engine [-] Task 9c3de056-1a07-454e-93a5-69c3198c7467 | Starting: Task validation of required platforms.
2019-11-18 20:06:07.118 1845 INFO rally.task.engine [-] Task 9c3de056-1a07-454e-93a5-69c3198c7467 | Completed: Task validation of required platforms.
2019-11-18 20:06:07.118 1845 INFO rally.task.engine [-] Task 9c3de056-1a07-454e-93a5-69c3198c7467 | Starting: Task validation of semantic.
2019-11-18 20:06:07.119 1845 INFO rally.task.engine [-] Check health of the environment 'fff30b6c-fd7c-4208-aaed-a1587a099099'.
2019-11-18 20:06:08.095 1845 INFO rally.task.engine [-] Platform existing@openstack (available: True): OK!
2019-11-18 20:06:08.114 1845 RALLYDEBUG rally_openstack.contexts.keystone.users [-] Creating 1 tenants using 20 threads
2019-11-18 20:06:08.943 1845 RALLYDEBUG rally_openstack.contexts.keystone.users [-] Creating 1 users using 20 threads
2019-11-18 20:06:10.376 1845 INFO rally.task.context [-] Task 9c3de056-1a07-454e-93a5-69c3198c7467 | Context users@openstack setup() finished in 2.26 sec
2019-11-18 20:06:24.013 1845 INFO rally.task.context [-] Task 9c3de056-1a07-454e-93a5-69c3198c7467 | Context users@openstack cleanup() started
2019-11-18 20:06:26.753 1845 INFO rally.task.context [-] Task 9c3de056-1a07-454e-93a5-69c3198c7467 | Context users@openstack cleanup() finished in 2.74 sec
2019-11-18 20:06:26.753 1845 INFO rally.task.engine [-] Task 9c3de056-1a07-454e-93a5-69c3198c7467 | Completed: Task validation of semantic.
2019-11-18 20:06:26.754 1845 INFO rally.task.engine [-] Task 9c3de056-1a07-454e-93a5-69c3198c7467 | Completed: Task validation.
2019-11-18 20:06:26.754 1845 INFO rally.api [-] Task 9c3de056-1a07-454e-93a5-69c3198c7467 input file is valid.
2019-11-18 20:06:26.754 1845 INFO rally.api [-] Run Task 9c3de056-1a07-454e-93a5-69c3198c7467 against Deployment fff30b6c-fd7c-4208-aaed-a1587a099099
2019-11-18 20:06:26.755 1845 INFO rally.task.engine [-] Task 9c3de056-1a07-454e-93a5-69c3198c7467 | Starting: Running task.
2019-11-18 20:06:27.031 1845 INFO rally.task.engine [-] Running workload: position = 0 config = { "version": 2, "title": "A cropped version of a bigger task.", "description": "Auto-generated task from a single workload (uuid=10cfb417-6f58-4aa7-a43b-0449983f637c)", "subtasks": [ { "title": "CinderVolumes.create_and_attach_volume", "description": "Create a VM and attach a volume to it.", "scenario": { "CinderVolumes.create_and_attach_volume": { "flavor": { "name": "rally_full-flavor_00f7b341-174b-4e8f-9b53-bfd161b2cdfa" }, "image": { "name": "rally_full-img_00f7b341-174b-4e8f-9b53-bfd161b2cdfa" }, "size": 1, "nics": [ { "net-id": "6652dd7c-f0a3-4f25-801e-45e11a61489c" } ] } }, "contexts": { "users": { "tenants": 3, "users_per_tenant": 2 }, "quotas": { "cinder": { "gigabytes": -1, "snapshots": -1, "volumes": -1 } }, "api_versions": { "cinder": { "version": 3, "service_type": "volumev3" } } }, "runner": { "constant": { "concurrency": 4, "times": 10 } }, "hooks": [], "sla": { "failure_rate": { "max": 0 } } } ] }
2019-11-18 20:06:27.055 1845 RALLYDEBUG rally_openstack.contexts.keystone.users [-] Creating 3 tenants using 20 threads
2019-11-18 20:06:28.001 1845 RALLYDEBUG rally_openstack.contexts.keystone.users [-] Creating 6 users using 20 threads
2019-11-18 20:06:29.551 1845 INFO rally.task.context [-] Task 9c3de056-1a07-454e-93a5-69c3198c7467 | Context users@openstack setup() finished in 2.50 sec
2019-11-18 20:06:29.960 1845 INFO rally.task.context [-] Task 9c3de056-1a07-454e-93a5-69c3198c7467 | Context api_versions@openstack setup() finished in 0.41 sec
2019-11-18 20:06:31.059 1845 INFO rally.task.context [-] Task 9c3de056-1a07-454e-93a5-69c3198c7467 | Context quotas@openstack setup() finished in 1.10 sec
2019-11-18 20:06:31.060 1845 INFO rally.task.context [-] Task 9c3de056-1a07-454e-93a5-69c3198c7467 | Context cleanup@openstack setup() finished in 0.01 msec
2019-11-18 20:06:32.042 1845 RALLYDEBUG rally.task.runner [-] Starting the constant runner (task UUID: 9c3de056-1a07-454e-93a5-69c3198c7467). times: 10 concurrency: 4 timeout: 0 max_cpu_used: 16 processes_to_start: 4 concurrency_per_worker: 1 concurrency_overhead: 0
2019-11-18 20:06:32.056 1969 RALLYDEBUG rally.task.runner [-] Starting a worker. times: 10 duration: None concurrency: 1 timeout: 0 cls: method_name: run args: {"flavor": "20f9b21d-fa02-4686-8c91-5a88ae727ac8", "image": "bc09d53d-d329-4699-ba5f-613e9114d6ba", "size": 1, "nics": [{"net-id": "6652dd7c-f0a3-4f25-801e-45e11a61489c"}]}
2019-11-18 20:06:32.060 1970 RALLYDEBUG rally.task.runner [-] Starting a worker. times: 10 duration: None concurrency: 1 timeout: 0 cls: method_name: run args: {"flavor": "20f9b21d-fa02-4686-8c91-5a88ae727ac8", "image": "bc09d53d-d329-4699-ba5f-613e9114d6ba", "size": 1, "nics": [{"net-id": "6652dd7c-f0a3-4f25-801e-45e11a61489c"}]}
2019-11-18 20:06:32.063 1969 INFO rally.task.runner [-] Task 9c3de056-1a07-454e-93a5-69c3198c7467 | ITER: 1 START
2019-11-18 20:06:32.064 1971 RALLYDEBUG rally.task.runner [-] Starting a worker. times: 10 duration: None concurrency: 1 timeout: 0 cls: method_name: run args: {"flavor": "20f9b21d-fa02-4686-8c91-5a88ae727ac8", "image": "bc09d53d-d329-4699-ba5f-613e9114d6ba", "size": 1, "nics": [{"net-id": "6652dd7c-f0a3-4f25-801e-45e11a61489c"}]}
2019-11-18 20:06:32.066 1970 INFO rally.task.runner [-] Task 9c3de056-1a07-454e-93a5-69c3198c7467 | ITER: 2 START
2019-11-18 20:06:32.067 1973 RALLYDEBUG rally.task.runner [-] Starting a worker. times: 10 duration: None concurrency: 1 timeout: 0 cls: method_name: run args: {"flavor": "20f9b21d-fa02-4686-8c91-5a88ae727ac8", "image": "bc09d53d-d329-4699-ba5f-613e9114d6ba", "size": 1, "nics": [{"net-id": "6652dd7c-f0a3-4f25-801e-45e11a61489c"}]}
2019-11-18 20:06:32.070 1971 INFO rally.task.runner [-] Task 9c3de056-1a07-454e-93a5-69c3198c7467 | ITER: 3 START
2019-11-18 20:06:32.073 1973 INFO rally.task.runner [-] Task 9c3de056-1a07-454e-93a5-69c3198c7467 | ITER: 4 START
2019-11-18 20:06:39.244 1970 RALLYDEBUG rally.task.utils [-] Waiting for resource s_rally_10cfb417_SKp2PxSD. Status changed: BUILD => ACTIVE in 4.88089394569397
2019-11-18 20:06:40.920 1973 RALLYDEBUG rally.task.utils [-] Waiting for resource s_rally_10cfb417_ii8uRRZB. Status changed: BUILD => ACTIVE in 6.628724098205566
2019-11-18 20:06:41.591 1969 RALLYDEBUG rally.task.utils [-] Waiting for resource s_rally_10cfb417_1P1Flcxw. Status changed: BUILD => ACTIVE in 6.849442958831787
2019-11-18 20:06:41.597 1971 RALLYDEBUG rally.task.utils [-] Waiting for resource s_rally_10cfb417_ucAsg2m0. Status changed: BUILD => ACTIVE in 6.747979402542114
2019-11-18 20:06:42.247 1970 RALLYDEBUG rally.task.utils [-] Waiting for resource s_rally_10cfb417_3iak3eu9. Status changed: AVAILABLE => RESERVED in 0.40407466888427734
2019-11-18 20:06:44.084 1973 RALLYDEBUG rally.task.utils [-] Waiting for resource s_rally_10cfb417_GICWbtmj. Status changed: AVAILABLE => RESERVED in 0.42099642753601074
2019-11-18 20:06:44.638 1971 RALLYDEBUG rally.task.utils [-] Waiting for resource s_rally_10cfb417_nyyOiegG. Status changed: AVAILABLE => RESERVED in 0.44239139556884766
2019-11-18 20:06:44.653 1969 RALLYDEBUG rally.task.utils [-] Waiting for resource s_rally_10cfb417_UvQlz9JE. Status changed: AVAILABLE => RESERVED in 0.39819979667663574
2019-11-18 20:06:44.658 1970 RALLYDEBUG rally.task.utils [-] Waiting for resource s_rally_10cfb417_3iak3eu9. Status changed: RESERVED => IN-USE in 2.410827398300171
2019-11-18 20:06:45.227 1970 RALLYDEBUG rally.task.utils [-] Waiting for resource s_rally_10cfb417_3iak3eu9. Status changed: AVAILABLE => DETACHING in 0.40814781188964844
2019-11-18 20:06:46.518 1973 RALLYDEBUG rally.task.utils [-] Waiting for resource s_rally_10cfb417_GICWbtmj. Status changed: RESERVED => IN-USE in 2.433642864227295
2019-11-18 20:06:47.049 1969 RALLYDEBUG rally.task.utils [-] Waiting for resource s_rally_10cfb417_UvQlz9JE. Status changed: RESERVED => IN-USE in 2.396498918533325
2019-11-18 20:06:47.067 1971 RALLYDEBUG rally.task.utils [-] Waiting for resource s_rally_10cfb417_nyyOiegG. Status changed: RESERVED => IN-USE in 2.428192615509033
2019-11-18 20:06:47.118 1973 RALLYDEBUG rally.task.utils [-] Waiting for resource s_rally_10cfb417_GICWbtmj. Status changed: AVAILABLE => DETACHING in 0.4196476936340332
2019-11-18 20:06:47.611 1969 RALLYDEBUG rally.task.utils [-] Waiting for resource s_rally_10cfb417_UvQlz9JE. Status changed: AVAILABLE => DETACHING in 0.3983762264251709
2019-11-18 20:06:47.627 1970 RALLYDEBUG rally.task.utils [-] Waiting for resource s_rally_10cfb417_3iak3eu9. Status changed: DETACHING => AVAILABLE in 2.400303840637207
2019-11-18 20:06:47.631 1971 RALLYDEBUG rally.task.utils [-] Waiting for resource s_rally_10cfb417_nyyOiegG. Status changed: AVAILABLE => DETACHING in 0.3994755744934082
2019-11-18 20:06:47.741 1970 RALLYDEBUG rally.task.utils [-] Waiting for resource s_rally_10cfb417_3iak3eu9. Status changed: AVAILABLE => DELETING in 0.05641984939575195
2019-11-18 20:06:49.556 1973 RALLYDEBUG rally.task.utils [-] Waiting for resource s_rally_10cfb417_GICWbtmj. Status changed: DETACHING => AVAILABLE in 2.438039541244507
2019-11-18 20:06:49.683 1973 RALLYDEBUG rally.task.utils [-] Waiting for resource s_rally_10cfb417_GICWbtmj. Status changed: AVAILABLE => DELETING in 0.05897688865661621
2019-11-18 20:06:50.026 1969 RALLYDEBUG rally.task.utils [-] Waiting for resource s_rally_10cfb417_UvQlz9JE. Status changed: DETACHING => AVAILABLE in 2.4149200916290283
2019-11-18 20:06:50.043 1971 RALLYDEBUG rally.task.utils [-] Waiting for resource s_rally_10cfb417_nyyOiegG. Status changed: DETACHING => AVAILABLE in 2.4110827445983887
2019-11-18 20:06:50.137 1969 RALLYDEBUG rally.task.utils [-] Waiting for resource s_rally_10cfb417_UvQlz9JE. Status changed: AVAILABLE => DELETING in 0.055004119873046875
2019-11-18 20:06:50.152 1971 RALLYDEBUG rally.task.utils [-] Waiting for resource s_rally_10cfb417_nyyOiegG. Status changed: AVAILABLE => DELETING in 0.05359601974487305
2019-11-18 20:06:52.150 1970 INFO rally.task.runner [-] Task 9c3de056-1a07-454e-93a5-69c3198c7467 | ITER: 2 END: OK
2019-11-18 20:06:52.158 1970 INFO rally.task.runner [-] Task 9c3de056-1a07-454e-93a5-69c3198c7467 | ITER: 5 START
2019-11-18 20:06:54.206 1973 INFO rally.task.runner [-] Task 9c3de056-1a07-454e-93a5-69c3198c7467 | ITER: 4 END: OK
2019-11-18 20:06:54.214 1973 INFO rally.task.runner [-] Task 9c3de056-1a07-454e-93a5-69c3198c7467 | ITER: 6 START
2019-11-18 20:06:54.533 1971 INFO rally.task.runner [-] Task 9c3de056-1a07-454e-93a5-69c3198c7467 | ITER: 3 END: OK
2019-11-18 20:06:54.541 1971 INFO rally.task.runner [-] Task 9c3de056-1a07-454e-93a5-69c3198c7467 | ITER: 7 START
2019-11-18 20:06:54.568 1969 INFO rally.task.runner [-] Task 9c3de056-1a07-454e-93a5-69c3198c7467 | ITER: 1 END: OK
2019-11-18 20:06:54.576 1969 INFO rally.task.runner [-] Task 9c3de056-1a07-454e-93a5-69c3198c7467 | ITER: 8 START
2019-11-18 20:06:58.962 1970 RALLYDEBUG rally.task.utils [-] Waiting for resource s_rally_10cfb417_gI7THGmn. Status changed: BUILD => ACTIVE in 4.579672813415527
2019-11-18 20:06:59.260 1971 RALLYDEBUG rally.task.utils [-] Waiting for resource s_rally_10cfb417_Pwj3lsjD. Status changed: BUILD => ACTIVE in 2.37070369720459
2019-11-18 20:07:01.402 1969 RALLYDEBUG rally.task.utils [-] Waiting for resource s_rally_10cfb417_L95WmHZL. Status changed: BUILD => ACTIVE in 4.756855726242065
2019-11-18 20:07:01.959 1970 RALLYDEBUG rally.task.utils [-] Waiting for resource s_rally_10cfb417_Meltjxjq. Status changed: AVAILABLE => RESERVED in 0.4110419750213623
2019-11-18 20:07:02.223 1971 RALLYDEBUG rally.task.utils [-] Waiting for resource s_rally_10cfb417_jYM0Td5d. Status changed: AVAILABLE => RESERVED in 0.39987635612487793
2019-11-18 20:07:03.312 1973 RALLYDEBUG rally.task.utils [-] Waiting for resource s_rally_10cfb417_znkBDk1d. Status changed: BUILD => ACTIVE in 6.877479076385498
2019-11-18 20:07:04.375 1970 RALLYDEBUG rally.task.utils [-] Waiting for resource s_rally_10cfb417_Meltjxjq. Status changed: RESERVED => IN-USE in 2.4157166481018066
2019-11-18 20:07:04.501 1969 RALLYDEBUG rally.task.utils [-] Waiting for resource s_rally_10cfb417_YlblwbvT. Status changed: AVAILABLE => RESERVED in 0.4142293930053711
2019-11-18 20:07:04.636 1971 RALLYDEBUG rally.task.utils [-] Waiting for resource s_rally_10cfb417_jYM0Td5d. Status changed: RESERVED => IN-USE in 2.4129700660705566
2019-11-18 20:07:04.948 1970 RALLYDEBUG rally.task.utils [-] Waiting for resource s_rally_10cfb417_Meltjxjq. Status changed: AVAILABLE => DETACHING in 0.39714813232421875
2019-11-18 20:07:05.218 1971 RALLYDEBUG rally.task.utils [-] Waiting for resource s_rally_10cfb417_jYM0Td5d. Status changed: AVAILABLE => DETACHING in 0.424314022064209
2019-11-18 20:07:06.354 1973 RALLYDEBUG rally.task.utils [-] Waiting for resource s_rally_10cfb417_PG9ZSXZi. Status changed: AVAILABLE => RESERVED in 0.4132044315338135
2019-11-18 20:07:06.925 1969 RALLYDEBUG rally.task.utils [-] Waiting for resource s_rally_10cfb417_YlblwbvT. Status changed: RESERVED => IN-USE in 2.42435884475708
2019-11-18 20:07:07.361 1970 RALLYDEBUG rally.task.utils [-] Waiting for resource s_rally_10cfb417_Meltjxjq. Status changed: DETACHING => AVAILABLE in 2.4123682975769043
2019-11-18 20:07:07.469 1970 RALLYDEBUG rally.task.utils [-] Waiting for resource s_rally_10cfb417_Meltjxjq. Status changed: AVAILABLE => DELETING in 0.0511631965637207
2019-11-18 20:07:07.496 1969 RALLYDEBUG rally.task.utils [-] Waiting for resource s_rally_10cfb417_YlblwbvT. Status changed: AVAILABLE => DETACHING in 0.405811071395874
2019-11-18 20:07:07.607 1971 RALLYDEBUG rally.task.utils [-] Waiting for resource s_rally_10cfb417_jYM0Td5d. Status changed: DETACHING => AVAILABLE in 2.3896377086639404
2019-11-18 20:07:07.723 1971 RALLYDEBUG rally.task.utils [-] Waiting for resource s_rally_10cfb417_jYM0Td5d. Status changed: AVAILABLE => DELETING in 0.05663275718688965
2019-11-18 20:07:08.789 1973 RALLYDEBUG rally.task.utils [-] Waiting for resource s_rally_10cfb417_PG9ZSXZi. Status changed: RESERVED => IN-USE in 2.4348223209381104
2019-11-18 20:07:09.381 1973 RALLYDEBUG rally.task.utils [-] Waiting for resource s_rally_10cfb417_PG9ZSXZi. Status changed: AVAILABLE => DETACHING in 0.4055659770965576
2019-11-18 20:07:09.912 1969 RALLYDEBUG rally.task.utils [-] Waiting for resource s_rally_10cfb417_YlblwbvT. Status changed: DETACHING => AVAILABLE in 2.4162464141845703
2019-11-18 20:07:10.025 1969 RALLYDEBUG rally.task.utils [-] Waiting for resource s_rally_10cfb417_YlblwbvT. Status changed: AVAILABLE => DELETING in 0.05597519874572754
2019-11-18 20:07:11.799 1973 RALLYDEBUG rally.task.utils [-] Waiting for resource s_rally_10cfb417_PG9ZSXZi. Status changed: DETACHING => AVAILABLE in 2.418009042739868
2019-11-18 20:07:11.832 1970 INFO rally.task.runner [-] Task 9c3de056-1a07-454e-93a5-69c3198c7467 | ITER: 5 END: OK
2019-11-18 20:07:11.836 1970 INFO rally.task.runner [-] Task 9c3de056-1a07-454e-93a5-69c3198c7467 | ITER: 9 START
2019-11-18 20:07:11.927 1973 RALLYDEBUG rally.task.utils [-] Waiting for resource s_rally_10cfb417_PG9ZSXZi. Status changed: AVAILABLE => DELETING in 0.05717325210571289
2019-11-18 20:07:12.134 1971 INFO rally.task.runner [-] Task 9c3de056-1a07-454e-93a5-69c3198c7467 | ITER: 7 END: OK
2019-11-18 20:07:12.137 1971 INFO rally.task.runner [-] Task 9c3de056-1a07-454e-93a5-69c3198c7467 | ITER: 10 START
2019-11-18 20:07:14.407 1969 INFO rally.task.runner [-] Task 9c3de056-1a07-454e-93a5-69c3198c7467 | ITER: 8 END: OK
2019-11-18 20:07:16.335 1973 INFO rally.task.runner [-] Task 9c3de056-1a07-454e-93a5-69c3198c7467 | ITER: 6 END: OK
2019-11-18 20:07:19.523 1970 RALLYDEBUG rally.task.utils [-] Waiting for resource s_rally_10cfb417_ZpUNZvd8. Status changed: BUILD => ACTIVE in 4.776272296905518
2019-11-18 20:07:21.484 1971 RALLYDEBUG rally.task.utils [-] Waiting for resource s_rally_10cfb417_9fs2uOuZ. Status changed: BUILD => ACTIVE in 6.903935670852661
2019-11-18 20:07:22.547 1970 RALLYDEBUG rally.task.utils [-] Waiting for resource s_rally_10cfb417_hlWuI2IF. Status changed: AVAILABLE => RESERVED in 0.4170656204223633
2019-11-18 20:07:24.536 1971 RALLYDEBUG rally.task.utils [-] Waiting for resource s_rally_10cfb417_QGbU2RLY. Status changed: AVAILABLE => RESERVED in 0.41845083236694336
2019-11-18 20:07:24.989 1970 RALLYDEBUG rally.task.utils [-] Waiting for resource s_rally_10cfb417_hlWuI2IF. Status changed: RESERVED => IN-USE in 2.442653179168701
2019-11-18 20:07:25.579 1970 RALLYDEBUG rally.task.utils [-] Waiting for resource s_rally_10cfb417_hlWuI2IF. Status changed: AVAILABLE => DETACHING in 0.41471385955810547
2019-11-18 20:07:26.971 1971 RALLYDEBUG rally.task.utils [-] Waiting for resource s_rally_10cfb417_QGbU2RLY. Status changed: RESERVED => IN-USE in 2.4345908164978027
2019-11-18 20:07:27.595 1971 RALLYDEBUG rally.task.utils [-] Waiting for resource s_rally_10cfb417_QGbU2RLY. Status changed: AVAILABLE => DETACHING in 0.43646740913391113
2019-11-18 20:07:28.020 1970 RALLYDEBUG rally.task.utils [-] Waiting for resource s_rally_10cfb417_hlWuI2IF. Status changed: DETACHING => AVAILABLE in 2.4402787685394287
2019-11-18 20:07:28.153 1970 RALLYDEBUG rally.task.utils [-] Waiting for resource s_rally_10cfb417_hlWuI2IF. Status changed: AVAILABLE => DELETING in 0.06420540809631348
2019-11-18 20:07:30.041 1971 RALLYDEBUG rally.task.utils [-] Waiting for resource s_rally_10cfb417_QGbU2RLY. Status changed: DETACHING => AVAILABLE in 2.4453999996185303
2019-11-18 20:07:30.177 1971 RALLYDEBUG rally.task.utils [-] Waiting for resource s_rally_10cfb417_QGbU2RLY. Status changed: AVAILABLE => DELETING in 0.06132698059082031
2019-11-18 20:07:32.658 1970 INFO rally.task.runner [-] Task 9c3de056-1a07-454e-93a5-69c3198c7467 | ITER: 9 END: OK
2019-11-18 20:07:34.753 1971 INFO rally.task.runner [-] Task 9c3de056-1a07-454e-93a5-69c3198c7467 | ITER: 10 END: OK
2019-11-18 20:07:34.788 1845 INFO rally.task.context [-] Task 9c3de056-1a07-454e-93a5-69c3198c7467 | Context cleanup@openstack cleanup() started
2019-11-18 20:07:34.792 1845 RALLYDEBUG rally_openstack.cleanup.manager [-] Cleaning up nova servers objects
2019-11-18 20:07:36.240 1845 RALLYDEBUG rally_openstack.cleanup.manager [-] Cleaning up nova server_groups objects
2019-11-18 20:07:37.366 1845 RALLYDEBUG rally_openstack.cleanup.manager [-] Cleaning up nova keypairs objects
2019-11-18 20:07:39.789 1845 RALLYDEBUG rally_openstack.cleanup.manager [-] Cleaning up cinder backups objects
2019-11-18 20:07:40.958 1845 RALLYDEBUG rally_openstack.cleanup.manager [-] Cleaning up cinder volume_snapshots objects
2019-11-18 20:07:42.119 1845 RALLYDEBUG rally_openstack.cleanup.manager [-] Cleaning up cinder transfers objects
2019-11-18 20:07:43.266 1845 RALLYDEBUG rally_openstack.cleanup.manager [-] Cleaning up cinder volumes objects
2019-11-18 20:07:44.457 1845 INFO rally.task.context [-] Task 9c3de056-1a07-454e-93a5-69c3198c7467 | Context cleanup@openstack cleanup() finished in 9.67 sec
2019-11-18 20:07:44.457 1845 INFO rally.task.context [-] Task 9c3de056-1a07-454e-93a5-69c3198c7467 | Context quotas@openstack cleanup() started
2019-11-18 20:07:44.534 1845 INFO rally.task.context [-] Task 9c3de056-1a07-454e-93a5-69c3198c7467 | Context quotas@openstack cleanup() finished in 76.45 msec
2019-11-18 20:07:44.534 1845 INFO rally.task.context [-] Task 9c3de056-1a07-454e-93a5-69c3198c7467 | Context api_versions@openstack cleanup() started
2019-11-18 20:07:44.535 1845 INFO rally.task.context [-] Task 9c3de056-1a07-454e-93a5-69c3198c7467 | Context api_versions@openstack cleanup() finished in 0.34 msec
2019-11-18 20:07:44.535 1845 INFO rally.task.context [-] Task 9c3de056-1a07-454e-93a5-69c3198c7467 | Context users@openstack cleanup() started
2019-11-18 20:07:48.852 1845 INFO rally.task.context [-] Task 9c3de056-1a07-454e-93a5-69c3198c7467 | Context users@openstack cleanup() finished in 4.32 sec
2019-11-18 20:07:49.453 1845 INFO rally.task.engine [-] Load duration is: 61.684884
2019-11-18 20:07:49.453 1845 INFO rally.task.engine [-] Full runner duration is: 62.746742
2019-11-18 20:07:49.453 1845 INFO rally.task.engine [-] Full duration is: 81.799685
2019-11-18 20:07:50.079 1845 INFO rally.task.engine [-] Running workload: position = 0 config = { "version": 2, "title": "A cropped version of a bigger task.", "description": "Auto-generated task from a single workload (uuid=033a6f1e-ed86-4344-9bbb-0be389a35ae2)", "subtasks": [ { "title": "CinderVolumes.create_and_list_snapshots", "description": "Create and then list a volume-snapshot.", "scenario": { "CinderVolumes.create_and_list_snapshots": { "detailed": true, "force": false } }, "contexts": { "users": { "tenants": 3, "users_per_tenant": 2 }, "quotas": { "cinder": { "gigabytes": -1, "snapshots": -1, "volumes": -1 } }, "api_versions": { "cinder": { "version": 3, "service_type": "volumev3" } }, "volumes": { "size": 1, "volumes_per_tenant": 1 } }, "runner": { "constant": { "concurrency": 4, "times": 10 } }, "hooks": [], "sla": { "failure_rate": { "max": 0 } } } ] }
2019-11-18 20:07:50.109 1845 RALLYDEBUG rally_openstack.contexts.keystone.users [-] Creating 3 tenants using 20 threads
2019-11-18 20:07:51.171 1845 RALLYDEBUG rally_openstack.contexts.keystone.users [-] Creating 6 users using 20 threads
2019-11-18 20:07:52.659 1845 INFO rally.task.context [-] Task 9c3de056-1a07-454e-93a5-69c3198c7467 | Context users@openstack setup() finished in 2.55 sec
2019-11-18 20:07:53.070 1845 INFO rally.task.context [-] Task 9c3de056-1a07-454e-93a5-69c3198c7467 | Context api_versions@openstack setup() finished in 0.41 sec
2019-11-18 20:07:53.981 1845 INFO rally.task.context [-] Task 9c3de056-1a07-454e-93a5-69c3198c7467 | Context quotas@openstack setup() finished in 0.91 sec
2019-11-18 20:08:02.531 1845 INFO rally.task.context [-] Task 9c3de056-1a07-454e-93a5-69c3198c7467 | Context volumes@openstack setup() finished in 8.55 sec
2019-11-18 20:08:02.532 1845 INFO rally.task.context [-] Task 9c3de056-1a07-454e-93a5-69c3198c7467 | Context cleanup@openstack setup() finished in 0.02 msec
2019-11-18 20:08:02.541 1845 RALLYDEBUG rally.task.runner [-] Starting the constant runner (task UUID: 9c3de056-1a07-454e-93a5-69c3198c7467). times: 10 concurrency: 4 timeout: 0 max_cpu_used: 16 processes_to_start: 4 concurrency_per_worker: 1 concurrency_overhead: 0
2019-11-18 20:08:02.553 2213 RALLYDEBUG rally.task.runner [-] Starting a worker. times: 10 duration: None concurrency: 1 timeout: 0 cls: method_name: run args: {"detailed": true, "force": false}
2019-11-18 20:08:02.556 2214 RALLYDEBUG rally.task.runner [-] Starting a worker. times: 10 duration: None concurrency: 1 timeout: 0 cls: method_name: run args: {"detailed": true, "force": false}
2019-11-18 20:08:02.560 2213 INFO rally.task.runner [-] Task 9c3de056-1a07-454e-93a5-69c3198c7467 | ITER: 1 START
2019-11-18 20:08:02.559 2215 RALLYDEBUG rally.task.runner [-] Starting a worker. times: 10 duration: None concurrency: 1 timeout: 0 cls: method_name: run args: {"detailed": true, "force": false}
2019-11-18 20:08:02.563 2214 INFO rally.task.runner [-] Task 9c3de056-1a07-454e-93a5-69c3198c7467 | ITER: 2 START
2019-11-18 20:08:02.563 2216 RALLYDEBUG rally.task.runner [-] Starting a worker. times: 10 duration: None concurrency: 1 timeout: 0 cls: method_name: run args: {"detailed": true, "force": false}
2019-11-18 20:08:02.567 2215 INFO rally.task.runner [-] Task 9c3de056-1a07-454e-93a5-69c3198c7467 | ITER: 3 START
2019-11-18 20:08:02.570 2216 INFO rally.task.runner [-] Task 9c3de056-1a07-454e-93a5-69c3198c7467 | ITER: 4 START
2019-11-18 20:08:05.200 2213 INFO rally.task.runner [-] Task 9c3de056-1a07-454e-93a5-69c3198c7467 | ITER: 1 END: OK
2019-11-18 20:08:05.205 2213 INFO rally.task.runner [-] Task 9c3de056-1a07-454e-93a5-69c3198c7467 | ITER: 5 START
2019-11-18 20:08:05.255 2214 INFO rally.task.runner [-] Task 9c3de056-1a07-454e-93a5-69c3198c7467 | ITER: 2 END: OK
2019-11-18 20:08:05.260 2214 INFO rally.task.runner [-] Task 9c3de056-1a07-454e-93a5-69c3198c7467 | ITER: 6 START
2019-11-18 20:08:05.278 2215 INFO rally.task.runner [-] Task 9c3de056-1a07-454e-93a5-69c3198c7467 | ITER: 3 END: OK
2019-11-18 20:08:05.283 2215 INFO rally.task.runner [-] Task 9c3de056-1a07-454e-93a5-69c3198c7467 | ITER: 7 START
2019-11-18 20:08:05.298 2216 INFO rally.task.runner [-] Task 9c3de056-1a07-454e-93a5-69c3198c7467 | ITER: 4 END: OK
2019-11-18 20:08:05.302 2216 INFO rally.task.runner [-] Task 9c3de056-1a07-454e-93a5-69c3198c7467 | ITER: 8 START
2019-11-18 20:08:07.794 2213 INFO rally.task.runner [-] Task 9c3de056-1a07-454e-93a5-69c3198c7467 | ITER: 5 END: OK
2019-11-18 20:08:07.798 2213 INFO rally.task.runner [-] Task 9c3de056-1a07-454e-93a5-69c3198c7467 | ITER: 9 START
2019-11-18 20:08:07.848 2214 INFO rally.task.runner [-] Task 9c3de056-1a07-454e-93a5-69c3198c7467 | ITER: 6 END: OK
2019-11-18 20:08:07.852 2214 INFO rally.task.runner [-] Task 9c3de056-1a07-454e-93a5-69c3198c7467 | ITER: 10 START
2019-11-18 20:08:07.898 2216 INFO rally.task.runner [-] Task 9c3de056-1a07-454e-93a5-69c3198c7467 | ITER: 8 END: OK
2019-11-18 20:08:07.943 2215 INFO rally.task.runner [-] Task 9c3de056-1a07-454e-93a5-69c3198c7467 | ITER: 7 END: OK
2019-11-18 20:08:10.411 2213 INFO rally.task.runner [-] Task 9c3de056-1a07-454e-93a5-69c3198c7467 | ITER: 9 END: OK
2019-11-18 20:08:10.452 2214 INFO rally.task.runner [-] Task 9c3de056-1a07-454e-93a5-69c3198c7467 | ITER: 10 END: OK
2019-11-18 20:08:10.479 1845 INFO rally.task.context [-] Task 9c3de056-1a07-454e-93a5-69c3198c7467 | Context cleanup@openstack cleanup() started
2019-11-18 20:08:10.482 1845 RALLYDEBUG rally_openstack.cleanup.manager [-] Cleaning up cinder backups objects
2019-11-18 20:08:11.687 1845 RALLYDEBUG rally_openstack.cleanup.manager [-] Cleaning up cinder volume_snapshots objects
2019-11-18 20:08:12.856 1845 RALLYDEBUG rally_openstack.cleanup.manager [-] Deleting cinder.volume_snapshots object s_rally_033a6f1e_z9mtNbSD (795f6f01-6382-46ca-ac06-91fd8f2f81b8)
2019-11-18 20:08:12.865 1845 RALLYDEBUG rally_openstack.cleanup.manager [-] Deleting cinder.volume_snapshots object s_rally_033a6f1e_IHuCvniY (4ee28ebd-54ae-4a57-8282-52e254b6ee0a)
2019-11-18 20:08:12.874 1845 RALLYDEBUG rally_openstack.cleanup.manager [-] Deleting cinder.volume_snapshots object s_rally_033a6f1e_IiEqROjq (fd0bff29-5a85-4b04-aec4-c41068453d06)
2019-11-18 20:08:12.879 1845 RALLYDEBUG rally_openstack.cleanup.manager [-] Deleting cinder.volume_snapshots object s_rally_033a6f1e_u06Yj3Mk (9379856a-1e95-448e-851e-6fde6463e331)
2019-11-18 20:08:12.882 1845 RALLYDEBUG rally_openstack.cleanup.manager [-] Deleting cinder.volume_snapshots object s_rally_033a6f1e_6N5TimmK (2ed647ee-11df-4d19-a801-0e64d804969c)
2019-11-18 20:08:12.899 1845 RALLYDEBUG rally_openstack.cleanup.manager [-] Deleting cinder.volume_snapshots object s_rally_033a6f1e_k1OhgxjH (ba7f61c8-4121-4769-b045-92a28eb09a63)
2019-11-18 20:08:12.904 1845 RALLYDEBUG rally_openstack.cleanup.manager [-] Deleting cinder.volume_snapshots object s_rally_033a6f1e_cfuZECvX (b6e160de-05d2-4086-9c5d-48b79371a647)
2019-11-18 20:08:12.920 1845 RALLYDEBUG rally_openstack.cleanup.manager [-] Deleting cinder.volume_snapshots object s_rally_033a6f1e_Hv6wud4e (538dd43f-329d-47b2-8f21-3f68faddbd5f)
2019-11-18 20:08:12.938 1845 RALLYDEBUG rally_openstack.cleanup.manager [-] Deleting cinder.volume_snapshots object s_rally_033a6f1e_qJHKLLbl (bd0b5844-5860-4b70-babf-8d13706492d0)
2019-11-18 20:08:12.943 1845 RALLYDEBUG rally_openstack.cleanup.manager [-] Deleting cinder.volume_snapshots object s_rally_033a6f1e_xYfos14Z (f268b17b-868e-465b-b3f2-14f041632553)
2019-11-18 20:08:15.694 1845 RALLYDEBUG rally_openstack.cleanup.manager [-] Cleaning up cinder transfers objects
2019-11-18 20:08:16.832 1845 RALLYDEBUG rally_openstack.cleanup.manager [-] Cleaning up cinder volumes objects
2019-11-18 20:08:18.062 1845 INFO rally.task.context [-] Task 9c3de056-1a07-454e-93a5-69c3198c7467 | Context cleanup@openstack cleanup() finished in 7.58 sec
2019-11-18 20:08:18.062 1845 INFO rally.task.context [-] Task 9c3de056-1a07-454e-93a5-69c3198c7467 | Context volumes@openstack cleanup() started
2019-11-18 20:08:18.063 1845 RALLYDEBUG rally_openstack.cleanup.manager [-] Cleaning up cinder volumes objects
2019-11-18 20:08:19.301 1845 RALLYDEBUG rally_openstack.cleanup.manager [-] Deleting cinder.volumes object c_rally_033a6f1e_hR01FtUH (ddc5f578-0ba5-43e6-b189-5c7a2c69e6dd)
2019-11-18 20:08:19.308 1845 RALLYDEBUG rally_openstack.cleanup.manager [-] Deleting cinder.volumes object c_rally_033a6f1e_zPvqoI3u (4976e4fe-0ef6-4ac6-90a9-1ec94b4cfa26)
2019-11-18 20:08:19.314 1845 RALLYDEBUG rally_openstack.cleanup.manager [-] Deleting cinder.volumes object c_rally_033a6f1e_7UAWWfa1 (e6b44546-9b74-486b-ae36-ffc64ba713ed)
2019-11-18 20:08:21.858 1845 INFO rally.task.context [-] Task 9c3de056-1a07-454e-93a5-69c3198c7467 | Context volumes@openstack cleanup() finished in 3.80 sec
2019-11-18 20:08:21.859 1845 INFO rally.task.context [-] Task 9c3de056-1a07-454e-93a5-69c3198c7467 | Context quotas@openstack cleanup() started
2019-11-18 20:08:21.942 1845 INFO rally.task.context [-] Task 9c3de056-1a07-454e-93a5-69c3198c7467 | Context quotas@openstack cleanup() finished in 83.08 msec
2019-11-18 20:08:21.942 1845 INFO rally.task.context [-] Task 9c3de056-1a07-454e-93a5-69c3198c7467 | Context api_versions@openstack cleanup() started
2019-11-18 20:08:21.942 1845 INFO rally.task.context [-] Task 9c3de056-1a07-454e-93a5-69c3198c7467 | Context api_versions@openstack cleanup() finished in 0.34 msec
2019-11-18 20:08:21.943 1845 INFO rally.task.context [-] Task 9c3de056-1a07-454e-93a5-69c3198c7467 | Context users@openstack cleanup() started
2019-11-18 20:08:26.289 1845 INFO rally.task.context [-] Task 9c3de056-1a07-454e-93a5-69c3198c7467 | Context users@openstack cleanup() finished in 4.35 sec
2019-11-18 20:08:28.299 1845 INFO rally.task.engine [-] Load duration is: 7.888087
2019-11-18 20:08:28.300 1845 INFO rally.task.engine [-] Full runner duration is: 7.938343
2019-11-18 20:08:28.300 1845 INFO rally.task.engine [-] Full duration is: 36.182434
2019-11-18 20:08:28.619 1845 INFO rally.task.engine [-] Running workload: position = 0 config = { "version": 2, "title": "A cropped version of a bigger task.", "description": "Auto-generated task from a single workload (uuid=7a684a89-f553-4d61-9f97-80f614fd8877)", "subtasks": [ { "title": "CinderVolumes.create_and_list_volume", "description": "Create a volume and list all volumes.", "scenario": { "CinderVolumes.create_and_list_volume": { "detailed": true, "image": { "name": "rally_full-img_00f7b341-174b-4e8f-9b53-bfd161b2cdfa" }, "size": 1 } }, "contexts": { "users": { "tenants": 3, "users_per_tenant": 2 }, "quotas": { "cinder": { "gigabytes": -1, "snapshots": -1, "volumes": -1 } }, "api_versions": { "cinder": { "version": 3, "service_type": "volumev3" } } }, "runner": { "constant": { "concurrency": 4, "times": 10 } }, "hooks": [], "sla": { "failure_rate": { "max": 0 } } } ] }
2019-11-18 20:08:28.645 1845 RALLYDEBUG rally_openstack.contexts.keystone.users [-] Creating 3 tenants using 20 threads
2019-11-18 20:08:29.647 1845 RALLYDEBUG rally_openstack.contexts.keystone.users [-] Creating 6 users using 20 threads
2019-11-18 20:08:31.167 1845 INFO rally.task.context [-] Task 9c3de056-1a07-454e-93a5-69c3198c7467 | Context users@openstack setup() finished in 2.52 sec
2019-11-18 20:08:31.571 1845 INFO rally.task.context [-] Task 9c3de056-1a07-454e-93a5-69c3198c7467 | Context api_versions@openstack setup() finished in 0.40 sec
2019-11-18 20:08:32.476 1845 INFO rally.task.context [-] Task 9c3de056-1a07-454e-93a5-69c3198c7467 | Context quotas@openstack setup() finished in 0.90 sec
2019-11-18 20:08:32.476 1845 INFO rally.task.context [-] Task 9c3de056-1a07-454e-93a5-69c3198c7467 | Context cleanup@openstack setup() finished in 0.00 msec
2019-11-18 20:08:33.275 1845 RALLYDEBUG rally.task.runner [-] Starting the constant runner (task UUID: 9c3de056-1a07-454e-93a5-69c3198c7467). times: 10 concurrency: 4 timeout: 0 max_cpu_used: 16 processes_to_start: 4 concurrency_per_worker: 1 concurrency_overhead: 0
2019-11-18 20:08:33.287 2417 RALLYDEBUG rally.task.runner [-] Starting a worker. times: 10 duration: None concurrency: 1 timeout: 0 cls: method_name: run args: {"detailed": true, "image": "bc09d53d-d329-4699-ba5f-613e9114d6ba", "size": 1}
2019-11-18 20:08:33.291 2418 RALLYDEBUG rally.task.runner [-] Starting a worker. times: 10 duration: None concurrency: 1 timeout: 0 cls: method_name: run args: {"detailed": true, "image": "bc09d53d-d329-4699-ba5f-613e9114d6ba", "size": 1}
2019-11-18 20:08:33.294 2417 INFO rally.task.runner [-] Task 9c3de056-1a07-454e-93a5-69c3198c7467 | ITER: 1 START
2019-11-18 20:08:33.294 2419 RALLYDEBUG rally.task.runner [-] Starting a worker. times: 10 duration: None concurrency: 1 timeout: 0 cls: method_name: run args: {"detailed": true, "image": "bc09d53d-d329-4699-ba5f-613e9114d6ba", "size": 1}
2019-11-18 20:08:33.298 2418 INFO rally.task.runner [-] Task 9c3de056-1a07-454e-93a5-69c3198c7467 | ITER: 2 START
2019-11-18 20:08:33.297 2420 RALLYDEBUG rally.task.runner [-] Starting a worker. times: 10 duration: None concurrency: 1 timeout: 0 cls: method_name: run args: {"detailed": true, "image": "bc09d53d-d329-4699-ba5f-613e9114d6ba", "size": 1}
2019-11-18 20:08:33.300 2419 INFO rally.task.runner [-] Task 9c3de056-1a07-454e-93a5-69c3198c7467 | ITER: 3 START
2019-11-18 20:08:33.304 2420 INFO rally.task.runner [-] Task 9c3de056-1a07-454e-93a5-69c3198c7467 | ITER: 4 START
2019-11-18 20:08:49.309 2417 RALLYDEBUG rally.task.utils [-] Waiting for resource s_rally_7a684a89_lr7fN9lI. Status changed: DOWNLOADING => AVAILABLE in 12.57243013381958
2019-11-18 20:08:49.365 2417 INFO rally.task.runner [-] Task 9c3de056-1a07-454e-93a5-69c3198c7467 | ITER: 1 END: OK
2019-11-18 20:08:49.369 2417 INFO rally.task.runner [-] Task 9c3de056-1a07-454e-93a5-69c3198c7467 | ITER: 5 START
2019-11-18 20:08:59.270 2420 RALLYDEBUG rally.task.utils [-] Waiting for resource s_rally_7a684a89_o6bRDCg0. Status changed: DOWNLOADING => AVAILABLE in 23.158249378204346
2019-11-18 20:08:59.340 2420 INFO rally.task.runner [-] Task 9c3de056-1a07-454e-93a5-69c3198c7467 | ITER: 4 END: OK
2019-11-18 20:08:59.346 2420 INFO rally.task.runner [-] Task 9c3de056-1a07-454e-93a5-69c3198c7467 | ITER: 6 START
2019-11-18 20:09:04.351 2420 RALLYDEBUG rally.task.utils [-] Waiting for resource s_rally_7a684a89_g32UdT1G. Status changed: CREATING => DOWNLOADING in 2.2185561656951904
2019-11-18 20:09:04.750 2417 RALLYDEBUG rally.task.utils [-] Waiting for resource s_rally_7a684a89_zX4v0Nld. Status changed: DOWNLOADING => AVAILABLE in 12.586320400238037
2019-11-18 20:09:04.818 2417 INFO rally.task.runner [-] Task 9c3de056-1a07-454e-93a5-69c3198c7467 | ITER: 5 END: OK
2019-11-18 20:09:04.824 2417 INFO rally.task.runner [-] Task 9c3de056-1a07-454e-93a5-69c3198c7467 | ITER: 7 START
2019-11-18 20:09:10.072 2417 RALLYDEBUG rally.task.utils [-] Waiting for resource s_rally_7a684a89_ANMuQDIW. Status changed: CREATING => DOWNLOADING in 2.208199977874756
2019-11-18 20:09:16.799 2420 RALLYDEBUG rally.task.utils [-] Waiting for resource s_rally_7a684a89_g32UdT1G. Status changed: DOWNLOADING => AVAILABLE in 12.44883131980896
2019-11-18 20:09:16.861 2420 INFO rally.task.runner [-] Task 9c3de056-1a07-454e-93a5-69c3198c7467 | ITER: 6 END: OK
2019-11-18 20:09:16.865 2420 INFO rally.task.runner [-] Task 9c3de056-1a07-454e-93a5-69c3198c7467 | ITER: 8 START
2019-11-18 20:09:30.268 2420 RALLYDEBUG rally.task.utils [-] Waiting for resource s_rally_7a684a89_Kn87mTcC. Status changed: CREATING => DOWNLOADING in 10.5006422996521
2019-11-18 20:09:32.083 2419 RALLYDEBUG rally.task.utils [-] Waiting for resource s_rally_7a684a89_49aCqixv. Status changed: DOWNLOADING => AVAILABLE in 56.0363883972168
2019-11-18 20:09:32.145 2419 INFO rally.task.runner [-] Task 9c3de056-1a07-454e-93a5-69c3198c7467 | ITER: 3 END: OK
2019-11-18 20:09:32.151 2419 INFO rally.task.runner [-] Task 9c3de056-1a07-454e-93a5-69c3198c7467 | ITER: 9 START
2019-11-18 20:09:34.215 2418 RALLYDEBUG rally.task.utils [-] Waiting for resource s_rally_7a684a89_J7lfSj9V. Status changed: DOWNLOADING => AVAILABLE in 58.105406761169434
2019-11-18 20:09:34.275 2418 INFO rally.task.runner [-] Task 9c3de056-1a07-454e-93a5-69c3198c7467 | ITER: 2 END: OK
2019-11-18 20:09:34.282 2418 INFO rally.task.runner [-] Task 9c3de056-1a07-454e-93a5-69c3198c7467 | ITER: 10 START
2019-11-18 20:09:49.571 2419 RALLYDEBUG rally.task.utils [-] Waiting for resource s_rally_7a684a89_fwn1MNli. Status changed: DOWNLOADING => AVAILABLE in 14.588182210922241
2019-11-18 20:09:49.624 2419 INFO rally.task.runner [-] Task 9c3de056-1a07-454e-93a5-69c3198c7467 | ITER: 9 END: OK
2019-11-18 20:09:51.451 2417 RALLYDEBUG rally.task.utils [-] Waiting for resource s_rally_7a684a89_ANMuQDIW. Status changed: DOWNLOADING => AVAILABLE in 41.378950357437134
2019-11-18 20:09:51.521 2417 INFO rally.task.runner [-] Task 9c3de056-1a07-454e-93a5-69c3198c7467 | ITER: 7 END: OK
2019-11-18 20:09:59.905 2418 RALLYDEBUG rally.task.utils [-] Waiting for resource s_rally_7a684a89_QDxPyhI6. Status changed: DOWNLOADING => AVAILABLE in 22.91214680671692
2019-11-18 20:09:59.970 2418 INFO rally.task.runner [-] Task 9c3de056-1a07-454e-93a5-69c3198c7467 | ITER: 10 END: OK
2019-11-18 20:10:09.888 2420 RALLYDEBUG rally.task.utils [-] Waiting for resource s_rally_7a684a89_Kn87mTcC. Status changed: DOWNLOADING => AVAILABLE in 39.61965990066528
2019-11-18 20:10:09.951 2420 INFO rally.task.runner [-] Task 9c3de056-1a07-454e-93a5-69c3198c7467 | ITER: 8 END: OK
2019-11-18 20:10:09.983 1845 INFO rally.task.context [-] Task 9c3de056-1a07-454e-93a5-69c3198c7467 | Context cleanup@openstack cleanup() started
2019-11-18 20:10:09.990 1845 RALLYDEBUG rally_openstack.cleanup.manager [-] Cleaning up cinder backups objects
2019-11-18 20:10:11.317 1845 RALLYDEBUG rally_openstack.cleanup.manager [-] Cleaning up cinder volume_snapshots objects
2019-11-18 20:10:13.347 1845 RALLYDEBUG rally_openstack.cleanup.manager [-] Cleaning up cinder transfers objects
2019-11-18 20:10:14.522 1845 RALLYDEBUG rally_openstack.cleanup.manager [-] Cleaning up cinder volumes objects
2019-11-18 20:10:15.887 1845 RALLYDEBUG rally_openstack.cleanup.manager [-] Deleting cinder.volumes object s_rally_7a684a89_QDxPyhI6 (4a1b5761-7dff-4933-b798-80eac78fd476)
2019-11-18 20:10:15.896 1845 RALLYDEBUG rally_openstack.cleanup.manager [-] Deleting cinder.volumes object s_rally_7a684a89_Kn87mTcC (601c2719-defe-4b31-86f1-c6a77237a0ee)
2019-11-18 20:10:15.906 1845 RALLYDEBUG rally_openstack.cleanup.manager [-] Deleting cinder.volumes object s_rally_7a684a89_J7lfSj9V (f675eca7-6166-41bd-b505-303b05b7f7ef)
2019-11-18 20:10:15.914 1845 RALLYDEBUG rally_openstack.cleanup.manager [-] Deleting cinder.volumes object s_rally_7a684a89_49aCqixv (dabf937d-445c-42eb-95a7-b00348b3e445)
2019-11-18 20:10:15.920 1845 RALLYDEBUG rally_openstack.cleanup.manager [-] Deleting cinder.volumes object s_rally_7a684a89_fwn1MNli (decd517d-087a-4538-8f85-94dab5a47c09)
2019-11-18 20:10:15.925 1845 RALLYDEBUG rally_openstack.cleanup.manager [-] Deleting cinder.volumes object s_rally_7a684a89_ANMuQDIW (89904aef-1585-49e9-b8af-53d0f3f8075b)
2019-11-18 20:10:15.934 1845 RALLYDEBUG rally_openstack.cleanup.manager [-] Deleting cinder.volumes object s_rally_7a684a89_g32UdT1G (333b7acc-2651-4e0a-9d88-6703cc57ec69)
2019-11-18 20:10:15.949 1845 RALLYDEBUG rally_openstack.cleanup.manager [-] Deleting cinder.volumes object s_rally_7a684a89_zX4v0Nld (5b52a087-bc87-479d-bf7e-387d645723e2)
2019-11-18 20:10:15.962 1845 RALLYDEBUG rally_openstack.cleanup.manager [-] Deleting cinder.volumes object s_rally_7a684a89_lr7fN9lI (08132e61-2dc0-40ec-89c7-4291568e85d4)
2019-11-18 20:10:15.966 1845 RALLYDEBUG rally_openstack.cleanup.manager [-] Deleting cinder.volumes object s_rally_7a684a89_o6bRDCg0 (5b601985-6135-4086-a5a6-611179c18273)
2019-11-18 20:10:19.969 1845 INFO rally.task.context [-] Task 9c3de056-1a07-454e-93a5-69c3198c7467 | Context cleanup@openstack cleanup() finished in 9.99 sec
2019-11-18 20:10:19.969 1845 INFO rally.task.context [-] Task 9c3de056-1a07-454e-93a5-69c3198c7467 | Context quotas@openstack cleanup() started
2019-11-18 20:10:20.056 1845 INFO rally.task.context [-] Task 9c3de056-1a07-454e-93a5-69c3198c7467 | Context quotas@openstack cleanup() finished in 86.84 msec
2019-11-18 20:10:20.057 1845 INFO rally.task.context [-] Task 9c3de056-1a07-454e-93a5-69c3198c7467 | Context api_versions@openstack cleanup() started
2019-11-18 20:10:20.057 1845 INFO rally.task.context [-] Task 9c3de056-1a07-454e-93a5-69c3198c7467 | Context api_versions@openstack cleanup() finished in 0.37 msec
2019-11-18 20:10:20.058 1845 INFO rally.task.context [-] Task 9c3de056-1a07-454e-93a5-69c3198c7467 | Context users@openstack cleanup() started
2019-11-18 20:10:24.419 1845 INFO rally.task.context [-] Task 9c3de056-1a07-454e-93a5-69c3198c7467 | Context users@openstack cleanup() finished in 4.36 sec
2019-11-18 20:10:25.240 1845 INFO rally.task.engine [-] Load duration is: 96.652732
2019-11-18 20:10:25.240 1845 INFO rally.task.engine [-] Full runner duration is: 96.708078
2019-11-18 20:10:25.241 1845 INFO rally.task.engine [-] Full duration is: 115.777233
2019-11-18 20:10:25.458 1845 INFO rally.task.engine [-] Running workload: position = 1 config = { "version": 2, "title": "A cropped version of a bigger task.", "description": "Auto-generated task from a single workload (uuid=d8c9c8db-259a-415f-bcc8-2a32fc31b877)", "subtasks": [ { "title": "CinderVolumes.create_and_list_volume", "description": "Create a volume and list all volumes.", "scenario": { "CinderVolumes.create_and_list_volume": { "detailed": true, "size": 1 } }, "contexts": { "users": { "tenants": 3, "users_per_tenant": 2 }, "quotas": { "cinder": { "gigabytes": -1, "snapshots": -1, "volumes": -1 } }, "api_versions": { "cinder": { "version": 3, "service_type": "volumev3" } } }, "runner": { "constant": { "concurrency": 4, "times": 10 } }, "hooks": [], "sla": { "failure_rate": { "max": 0 } } } ] }
2019-11-18 20:10:25.484 1845 RALLYDEBUG rally_openstack.contexts.keystone.users [-] Creating 3 tenants using 20 threads
2019-11-18 20:10:26.517 1845 RALLYDEBUG rally_openstack.contexts.keystone.users [-] Creating 6 users using 20 threads
2019-11-18 20:10:28.105 1845 INFO rally.task.context [-] Task 9c3de056-1a07-454e-93a5-69c3198c7467 | Context users@openstack setup() finished in 2.62 sec
2019-11-18 20:10:28.519 1845 INFO rally.task.context [-] Task 9c3de056-1a07-454e-93a5-69c3198c7467 | Context api_versions@openstack setup() finished in 0.41 sec
2019-11-18 20:10:29.440 1845 INFO rally.task.context [-] Task 9c3de056-1a07-454e-93a5-69c3198c7467 | Context quotas@openstack setup() finished in 0.92 sec
2019-11-18 20:10:29.440 1845 INFO rally.task.context [-] Task 9c3de056-1a07-454e-93a5-69c3198c7467 | Context cleanup@openstack setup() finished in 0.02 msec
2019-11-18 20:10:29.450 1845 RALLYDEBUG rally.task.runner [-] Starting the constant runner (task UUID: 9c3de056-1a07-454e-93a5-69c3198c7467). times: 10 concurrency: 4 timeout: 0 max_cpu_used: 16 processes_to_start: 4 concurrency_per_worker: 1 concurrency_overhead: 0
2019-11-18 20:10:29.462 2601 RALLYDEBUG rally.task.runner [-] Starting a worker. times: 10 duration: None concurrency: 1 timeout: 0 cls: method_name: run args: {"detailed": true, "size": 1}
2019-11-18 20:10:29.465 2602 RALLYDEBUG rally.task.runner [-] Starting a worker. times: 10 duration: None concurrency: 1 timeout: 0 cls: method_name: run args: {"detailed": true, "size": 1}
2019-11-18 20:10:29.469 2601 INFO rally.task.runner [-] Task 9c3de056-1a07-454e-93a5-69c3198c7467 | ITER: 1 START
2019-11-18 20:10:29.469 2603 RALLYDEBUG rally.task.runner [-] Starting a worker. times: 10 duration: None concurrency: 1 timeout: 0 cls: method_name: run args: {"detailed": true, "size": 1}
2019-11-18 20:10:29.473 2602 INFO rally.task.runner [-] Task 9c3de056-1a07-454e-93a5-69c3198c7467 | ITER: 2 START
2019-11-18 20:10:29.472 2604 RALLYDEBUG rally.task.runner [-] Starting a worker. times: 10 duration: None concurrency: 1 timeout: 0 cls: method_name: run args: {"detailed": true, "size": 1}
2019-11-18 20:10:29.475 2603 INFO rally.task.runner [-] Task 9c3de056-1a07-454e-93a5-69c3198c7467 | ITER: 3 START
2019-11-18 20:10:29.479 2604 INFO rally.task.runner [-] Task 9c3de056-1a07-454e-93a5-69c3198c7467 | ITER: 4 START
2019-11-18 20:10:32.266 2602 INFO rally.task.runner [-] Task 9c3de056-1a07-454e-93a5-69c3198c7467 | ITER: 2 END: OK
2019-11-18 20:10:32.271 2602 INFO rally.task.runner [-] Task 9c3de056-1a07-454e-93a5-69c3198c7467 | ITER: 5 START
2019-11-18 20:10:32.323 2601 INFO rally.task.runner [-] Task 9c3de056-1a07-454e-93a5-69c3198c7467 | ITER: 1 END: OK
2019-11-18 20:10:32.328 2601 INFO rally.task.runner [-] Task 9c3de056-1a07-454e-93a5-69c3198c7467 | ITER: 6 START
2019-11-18 20:10:32.335 2604 INFO rally.task.runner [-] Task 9c3de056-1a07-454e-93a5-69c3198c7467 | ITER: 4 END: OK
2019-11-18 20:10:32.340 2604 INFO rally.task.runner [-] Task 9c3de056-1a07-454e-93a5-69c3198c7467 | ITER: 7 START
2019-11-18 20:10:32.353 2603 INFO rally.task.runner [-] Task 9c3de056-1a07-454e-93a5-69c3198c7467 | ITER: 3 END: OK
2019-11-18 20:10:32.358 2603 INFO rally.task.runner [-] Task 9c3de056-1a07-454e-93a5-69c3198c7467 | ITER: 8 START
2019-11-18 20:10:35.029 2602 INFO rally.task.runner [-] Task 9c3de056-1a07-454e-93a5-69c3198c7467 | ITER: 5 END: OK
2019-11-18 20:10:35.033 2602 INFO rally.task.runner [-] Task 9c3de056-1a07-454e-93a5-69c3198c7467 | ITER: 9 START
