2019-11-18 20:10:35.087 2603 INFO rally.task.runner [-] Task 9c3de056-1a07-454e-93a5-69c3198c7467 | ITER: 8 END: OK
2019-11-18 20:10:35.090 2603 INFO rally.task.runner [-] Task 9c3de056-1a07-454e-93a5-69c3198c7467 | ITER: 10 START
2019-11-18 20:10:35.155 2601 INFO rally.task.runner [-] Task 9c3de056-1a07-454e-93a5-69c3198c7467 | ITER: 6 END: OK
2019-11-18 20:10:35.165 2604 INFO rally.task.runner [-] Task 9c3de056-1a07-454e-93a5-69c3198c7467 | ITER: 7 END: OK
2019-11-18 20:10:37.787 2602 INFO rally.task.runner [-] Task 9c3de056-1a07-454e-93a5-69c3198c7467 | ITER: 9 END: OK
2019-11-18 20:10:37.850 2603 INFO rally.task.runner [-] Task 9c3de056-1a07-454e-93a5-69c3198c7467 | ITER: 10 END: OK
2019-11-18 20:10:37.879 1845 INFO rally.task.context [-] Task 9c3de056-1a07-454e-93a5-69c3198c7467 | Context cleanup@openstack cleanup() started
2019-11-18 20:10:37.883 1845 RALLYDEBUG rally_openstack.cleanup.manager [-] Cleaning up cinder backups objects
2019-11-18 20:10:39.172 1845 RALLYDEBUG rally_openstack.cleanup.manager [-] Cleaning up cinder volume_snapshots objects
2019-11-18 20:10:40.350 1845 RALLYDEBUG rally_openstack.cleanup.manager [-] Cleaning up cinder transfers objects
2019-11-18 20:10:41.496 1845 RALLYDEBUG rally_openstack.cleanup.manager [-] Cleaning up cinder volumes objects
2019-11-18 20:10:42.748 1845 RALLYDEBUG rally_openstack.cleanup.manager [-] Deleting cinder.volumes object s_rally_d8c9c8db_ca52Otm9 (f157377b-66fd-4750-bfcc-dc8d779adc87)
2019-11-18 20:10:42.751 1845 RALLYDEBUG rally_openstack.cleanup.manager [-] Deleting cinder.volumes object s_rally_d8c9c8db_UCl4Of1h (1461ba35-a2f1-43ad-b68a-4d3578604d14)
2019-11-18 20:10:42.766 1845 RALLYDEBUG rally_openstack.cleanup.manager [-] Deleting cinder.volumes object s_rally_d8c9c8db_gBqVMHqH (d5dfd04a-d811-4302-ae5e-91825bc454d1)
2019-11-18 20:10:42.775 1845 RALLYDEBUG rally_openstack.cleanup.manager [-] Deleting cinder.volumes object s_rally_d8c9c8db_umiRqy7a (62596c19-dc4f-43b4-b56c-8fb74c2e888f)
2019-11-18 20:10:42.780 1845 RALLYDEBUG rally_openstack.cleanup.manager [-] Deleting cinder.volumes object s_rally_d8c9c8db_XcfcX0o8 (3510d1ad-096d-4c83-8759-8202950ac33a)
2019-11-18 20:10:42.794 1845 RALLYDEBUG rally_openstack.cleanup.manager [-] Deleting cinder.volumes object s_rally_d8c9c8db_cY1ZvF1M (fc054fa9-409d-48cb-a823-ed0f9c27d138)
2019-11-18 20:10:42.799 1845 RALLYDEBUG rally_openstack.cleanup.manager [-] Deleting cinder.volumes object s_rally_d8c9c8db_TRqApLYg (dac9b548-aa24-44cd-b5b6-fb4dae74d02c)
2019-11-18 20:10:42.808 1845 RALLYDEBUG rally_openstack.cleanup.manager [-] Deleting cinder.volumes object s_rally_d8c9c8db_07tAWgJn (fa6b08f7-e98c-4b39-af27-548b3cec8a15)
2019-11-18 20:10:42.821 1845 RALLYDEBUG rally_openstack.cleanup.manager [-] Deleting cinder.volumes object s_rally_d8c9c8db_xi6JJjfa (f3dcabcd-4cd5-4bb5-b969-ec5491874fec)
2019-11-18 20:10:42.825 1845 RALLYDEBUG rally_openstack.cleanup.manager [-] Deleting cinder.volumes object s_rally_d8c9c8db_grEJ4kyZ (4e664f0a-67de-42f6-b72a-a408789c2f67)
2019-11-18 20:10:46.807 1845 INFO rally.task.context [-] Task 9c3de056-1a07-454e-93a5-69c3198c7467 | Context cleanup@openstack cleanup() finished in 8.93 sec
2019-11-18 20:10:46.807 1845 INFO rally.task.context [-] Task 9c3de056-1a07-454e-93a5-69c3198c7467 | Context quotas@openstack cleanup() started
2019-11-18 20:10:46.888 1845 INFO rally.task.context [-] Task 9c3de056-1a07-454e-93a5-69c3198c7467 | Context quotas@openstack cleanup() finished in 80.56 msec
2019-11-18 20:10:46.888 1845 INFO rally.task.context [-] Task 9c3de056-1a07-454e-93a5-69c3198c7467 | Context api_versions@openstack cleanup() started
2019-11-18 20:10:46.889 1845 INFO rally.task.context [-] Task 9c3de056-1a07-454e-93a5-69c3198c7467 | Context api_versions@openstack cleanup() finished in 0.33 msec
2019-11-18 20:10:46.889 1845 INFO rally.task.context [-] Task 9c3de056-1a07-454e-93a5-69c3198c7467 | Context users@openstack cleanup() started
2019-11-18 20:10:51.272 1845 INFO rally.task.context [-] Task 9c3de056-1a07-454e-93a5-69c3198c7467 | Context users@openstack cleanup() finished in 4.38 sec
2019-11-18 20:10:51.633 1845 INFO rally.task.engine [-] Load duration is: 8.376344
2019-11-18 20:10:51.634 1845 INFO rally.task.engine [-] Full runner duration is: 8.429944
2019-11-18 20:10:51.634 1845 INFO rally.task.engine [-] Full duration is: 25.790269
2019-11-18 20:10:51.925 1845 INFO rally.task.engine [-] Running workload: position = 0 config = { "version": 2, "title": "A cropped version of a bigger task.", "description": "Auto-generated task from a single workload (uuid=b771c80a-e2ea-4ec1-bdd2-a29c9b896da1)", "subtasks": [ { "title": "CinderVolumes.create_and_upload_volume_to_image", "description": "Create and upload a volume to image.", "scenario": { "CinderVolumes.create_and_upload_volume_to_image": { "container_format": "bare", "disk_format": "raw", "do_delete": true, "force": false, "size": 1 } }, "contexts": { "users": { "tenants": 3, "users_per_tenant": 2 }, "quotas": { "cinder": { "gigabytes": -1, "snapshots": -1, "volumes": -1 } }, "api_versions": { "cinder": { "version": 3, "service_type": "volumev3" } } }, "runner": { "constant": { "concurrency": 4, "times": 10 } }, "hooks": [], "sla": { "failure_rate": { "max": 0 } } } ] }
2019-11-18 20:10:51.950 1845 RALLYDEBUG rally_openstack.contexts.keystone.users [-] Creating 3 tenants using 20 threads
2019-11-18 20:10:53.074 1845 RALLYDEBUG rally_openstack.contexts.keystone.users [-] Creating 6 users using 20 threads
2019-11-18 20:10:54.611 1845 INFO rally.task.context [-] Task 9c3de056-1a07-454e-93a5-69c3198c7467 | Context users@openstack setup() finished in 2.66 sec
2019-11-18 20:10:55.028 1845 INFO rally.task.context [-] Task 9c3de056-1a07-454e-93a5-69c3198c7467 | Context api_versions@openstack setup() finished in 0.42 sec
2019-11-18 20:10:55.921 1845 INFO rally.task.context [-] Task 9c3de056-1a07-454e-93a5-69c3198c7467 | Context quotas@openstack setup() finished in 0.89 sec
2019-11-18 20:10:55.922 1845 INFO rally.task.context [-] Task 9c3de056-1a07-454e-93a5-69c3198c7467 | Context cleanup@openstack setup() finished in 0.01 msec
2019-11-18 20:10:55.931 1845 RALLYDEBUG rally.task.runner [-] Starting the constant runner (task UUID: 9c3de056-1a07-454e-93a5-69c3198c7467). times: 10 concurrency: 4 timeout: 0 max_cpu_used: 16 processes_to_start: 4 concurrency_per_worker: 1 concurrency_overhead: 0
2019-11-18 20:10:55.942 2785 RALLYDEBUG rally.task.runner [-] Starting a worker. times: 10 duration: None concurrency: 1 timeout: 0 cls: method_name: run args: {"container_format": "bare", "disk_format": "raw", "do_delete": true, "force": false, "size": 1}
2019-11-18 20:10:55.945 2786 RALLYDEBUG rally.task.runner [-] Starting a worker. times: 10 duration: None concurrency: 1 timeout: 0 cls: method_name: run args: {"container_format": "bare", "disk_format": "raw", "do_delete": true, "force": false, "size": 1}
2019-11-18 20:10:55.948 2787 RALLYDEBUG rally.task.runner [-] Starting a worker. times: 10 duration: None concurrency: 1 timeout: 0 cls: method_name: run args: {"container_format": "bare", "disk_format": "raw", "do_delete": true, "force": false, "size": 1}
2019-11-18 20:10:55.948 2785 INFO rally.task.runner [-] Task 9c3de056-1a07-454e-93a5-69c3198c7467 | ITER: 1 START
2019-11-18 20:10:55.952 2786 INFO rally.task.runner [-] Task 9c3de056-1a07-454e-93a5-69c3198c7467 | ITER: 2 START
2019-11-18 20:10:55.954 2787 INFO rally.task.runner [-] Task 9c3de056-1a07-454e-93a5-69c3198c7467 | ITER: 3 START
2019-11-18 20:10:55.953 2788 RALLYDEBUG rally.task.runner [-] Starting a worker. times: 10 duration: None concurrency: 1 timeout: 0 cls: method_name: run args: {"container_format": "bare", "disk_format": "raw", "do_delete": true, "force": false, "size": 1}
2019-11-18 20:10:55.963 2788 INFO rally.task.runner [-] Task 9c3de056-1a07-454e-93a5-69c3198c7467 | ITER: 4 START
2019-11-18 20:10:59.252 2788 RALLYDEBUG rally.task.utils [-] Waiting for resource s_rally_b771c80a_nFNnlFx5. Status changed: AVAILABLE => UPLOADING in 0.0637960433959961
2019-11-18 20:10:59.298 2787 RALLYDEBUG rally.task.utils [-] Waiting for resource s_rally_b771c80a_SeMBNXcu. Status changed: AVAILABLE => UPLOADING in 0.06089472770690918
2019-11-18 20:10:59.656 2785 RALLYDEBUG rally.task.utils [-] Waiting for resource s_rally_b771c80a_Wkjjb6kn. Status changed: AVAILABLE => UPLOADING in 0.05474090576171875
2019-11-18 20:10:59.756 2786 RALLYDEBUG rally.task.utils [-] Waiting for resource s_rally_b771c80a_cMc4uic5. Status changed: AVAILABLE => UPLOADING in 0.0765218734741211
2019-11-18 20:11:09.645 2787 RALLYDEBUG rally.task.utils [-] Waiting for resource s_rally_b771c80a_SeMBNXcu. Status changed: UPLOADING => AVAILABLE in 10.3473961353302
2019-11-18 20:11:09.819 2787 RALLYDEBUG rally.task.utils [-] Waiting for resource s_rally_b771c80a_SeMBNXcu. Status changed: AVAILABLE => DELETING in 0.05353498458862305
2019-11-18 20:11:10.187 2786 RALLYDEBUG rally.task.utils [-] Waiting for resource s_rally_b771c80a_cMc4uic5. Status changed: UPLOADING => AVAILABLE in 10.430931329727173
2019-11-18 20:11:10.420 2786 RALLYDEBUG rally.task.utils [-] Waiting for resource s_rally_b771c80a_cMc4uic5. Status changed: AVAILABLE => DELETING in 0.10501623153686523
2019-11-18 20:11:11.658 2788 RALLYDEBUG rally.task.utils [-] Waiting for resource s_rally_b771c80a_nFNnlFx5. Status changed: UPLOADING => AVAILABLE in 12.406682968139648
2019-11-18 20:11:11.869 2788 RALLYDEBUG rally.task.utils [-] Waiting for resource s_rally_b771c80a_nFNnlFx5. Status changed: AVAILABLE => DELETING in 0.06691718101501465
2019-11-18 20:11:12.055 2787 INFO rally.task.runner [-] Task 9c3de056-1a07-454e-93a5-69c3198c7467 | ITER: 3 END: OK
2019-11-18 20:11:12.059 2787 INFO rally.task.runner [-] Task 9c3de056-1a07-454e-93a5-69c3198c7467 | ITER: 5 START
2019-11-18 20:11:12.207 2785 RALLYDEBUG rally.task.utils [-] Waiting for resource s_rally_b771c80a_Wkjjb6kn. Status changed: UPLOADING => AVAILABLE in 12.55117154121399
2019-11-18 20:11:12.609 2785 RALLYDEBUG rally.task.utils [-] Waiting for resource s_rally_b771c80a_Wkjjb6kn. Status changed: AVAILABLE => DELETING in 0.2014908790588379
2019-11-18 20:11:14.858 2785 INFO rally.task.runner [-] Task 9c3de056-1a07-454e-93a5-69c3198c7467 | ITER: 1 END: OK
2019-11-18 20:11:14.863 2785 INFO rally.task.runner [-] Task 9c3de056-1a07-454e-93a5-69c3198c7467 | ITER: 6 START
2019-11-18 20:11:14.979 2788 INFO rally.task.runner [-] Task 9c3de056-1a07-454e-93a5-69c3198c7467 | ITER: 4 END: OK
2019-11-18 20:11:14.984 2788 INFO rally.task.runner [-] Task 9c3de056-1a07-454e-93a5-69c3198c7467 | ITER: 7 START
2019-11-18 20:11:15.001 2786 INFO rally.task.runner [-] Task 9c3de056-1a07-454e-93a5-69c3198c7467 | ITER: 2 END: OK
2019-11-18 20:11:15.006 2786 INFO rally.task.runner [-] Task 9c3de056-1a07-454e-93a5-69c3198c7467 | ITER: 8 START
2019-11-18 20:11:15.703 2787 RALLYDEBUG rally.task.utils [-] Waiting for resource s_rally_b771c80a_S15AhY7i. Status changed: AVAILABLE => UPLOADING in 0.057418107986450195
2019-11-18 20:11:18.595 2785 RALLYDEBUG rally.task.utils [-] Waiting for resource s_rally_b771c80a_0LMQQVd1. Status changed: AVAILABLE => UPLOADING in 0.05332350730895996
2019-11-18 20:11:18.607 2786 RALLYDEBUG rally.task.utils [-] Waiting for resource s_rally_b771c80a_faRzVxPi. Status changed: AVAILABLE => UPLOADING in 0.05919933319091797
2019-11-18 20:11:18.611 2788 RALLYDEBUG rally.task.utils [-] Waiting for resource s_rally_b771c80a_6XJwy5JT. Status changed: AVAILABLE => UPLOADING in 0.05747079849243164
2019-11-18 20:11:26.048 2787 RALLYDEBUG rally.task.utils [-] Waiting for resource s_rally_b771c80a_S15AhY7i. Status changed: UPLOADING => AVAILABLE in 10.345075368881226
2019-11-18 20:11:26.383 2787 RALLYDEBUG rally.task.utils [-] Waiting for resource s_rally_b771c80a_S15AhY7i. Status changed: AVAILABLE => DELETING in 0.08262848854064941
2019-11-18 20:11:29.000 2788 RALLYDEBUG rally.task.utils [-] Waiting for resource s_rally_b771c80a_6XJwy5JT. Status changed: UPLOADING => AVAILABLE in 10.389616012573242
2019-11-18 20:11:29.005 2785 RALLYDEBUG rally.task.utils [-] Waiting for resource s_rally_b771c80a_0LMQQVd1. Status changed: UPLOADING => AVAILABLE in 10.410763025283813
2019-11-18 20:11:29.024 2787 INFO rally.task.runner [-] Task 9c3de056-1a07-454e-93a5-69c3198c7467 | ITER: 5 END: OK
2019-11-18 20:11:29.030 2787 INFO rally.task.runner [-] Task 9c3de056-1a07-454e-93a5-69c3198c7467 | ITER: 9 START
2019-11-18 20:11:29.055 2786 RALLYDEBUG rally.task.utils [-] Waiting for resource s_rally_b771c80a_faRzVxPi. Status changed: UPLOADING => AVAILABLE in 10.448323965072632
2019-11-18 20:11:29.172 2788 RALLYDEBUG rally.task.utils [-] Waiting for resource s_rally_b771c80a_6XJwy5JT. Status changed: AVAILABLE => DELETING in 0.0572657585144043
2019-11-18 20:11:29.185 2785 RALLYDEBUG rally.task.utils [-] Waiting for resource s_rally_b771c80a_0LMQQVd1. Status changed: AVAILABLE => DELETING in 0.055770158767700195
2019-11-18 20:11:29.228 2786 RALLYDEBUG rally.task.utils [-] Waiting for resource s_rally_b771c80a_faRzVxPi. Status changed: AVAILABLE => DELETING in 0.05744743347167969
2019-11-18 20:11:31.439 2788 INFO rally.task.runner [-] Task 9c3de056-1a07-454e-93a5-69c3198c7467 | ITER: 7 END: OK
2019-11-18 20:11:31.439 2785 INFO rally.task.runner [-] Task 9c3de056-1a07-454e-93a5-69c3198c7467 | ITER: 6 END: OK
2019-11-18 20:11:31.445 2788 INFO rally.task.runner [-] Task 9c3de056-1a07-454e-93a5-69c3198c7467 | ITER: 10 START
2019-11-18 20:11:31.477 2786 INFO rally.task.runner [-] Task 9c3de056-1a07-454e-93a5-69c3198c7467 | ITER: 8 END: OK
2019-11-18 20:11:33.275 2787 RALLYDEBUG rally.task.utils [-] Waiting for resource s_rally_b771c80a_6yDRUjG4. Status changed: AVAILABLE => UPLOADING in 0.06636667251586914
2019-11-18 20:11:34.756 2788 RALLYDEBUG rally.task.utils [-] Waiting for resource s_rally_b771c80a_6UifnPY5. Status changed: AVAILABLE => UPLOADING in 0.05516767501831055
2019-11-18 20:11:43.020 2788 RALLYDEBUG rally.task.utils [-] Waiting for resource s_rally_b771c80a_6UifnPY5. Status changed: UPLOADING => AVAILABLE in 8.264803171157837
2019-11-18 20:11:43.218 2788 RALLYDEBUG rally.task.utils [-] Waiting for resource s_rally_b771c80a_6UifnPY5. Status changed: AVAILABLE => DELETING in 0.0712134838104248
2019-11-18 20:11:43.648 2787 RALLYDEBUG rally.task.utils [-] Waiting for resource s_rally_b771c80a_6yDRUjG4. Status changed: UPLOADING => AVAILABLE in 10.373061418533325
2019-11-18 20:11:43.858 2787 RALLYDEBUG rally.task.utils [-] Waiting for resource s_rally_b771c80a_6yDRUjG4. Status changed: AVAILABLE => DELETING in 0.06669020652770996
2019-11-18 20:11:45.468 2788 INFO rally.task.runner [-] Task 9c3de056-1a07-454e-93a5-69c3198c7467 | ITER: 10 END: OK
2019-11-18 20:11:46.405 2787 INFO rally.task.runner [-] Task 9c3de056-1a07-454e-93a5-69c3198c7467 | ITER: 9 END: OK
2019-11-18 20:11:46.436 1845 INFO rally.task.context [-] Task 9c3de056-1a07-454e-93a5-69c3198c7467 | Context cleanup@openstack cleanup() started
2019-11-18 20:11:46.439 1845 RALLYDEBUG rally_openstack.cleanup.manager [-] Cleaning up cinder backups objects
2019-11-18 20:11:47.757 1845 RALLYDEBUG rally_openstack.cleanup.manager [-] Cleaning up cinder volume_snapshots objects
2019-11-18 20:11:48.917 1845 RALLYDEBUG rally_openstack.cleanup.manager [-] Cleaning up cinder transfers objects
2019-11-18 20:11:50.057 1845 RALLYDEBUG rally_openstack.cleanup.manager [-] Cleaning up cinder volumes objects
2019-11-18 20:11:51.266 1845 RALLYDEBUG rally_openstack.cleanup.manager [-] Cleaning up glance images objects
2019-11-18 20:11:52.557 1845 INFO rally.task.context [-] Task 9c3de056-1a07-454e-93a5-69c3198c7467 | Context cleanup@openstack cleanup() finished in 6.12 sec
2019-11-18 20:11:52.558 1845 INFO rally.task.context [-] Task 9c3de056-1a07-454e-93a5-69c3198c7467 | Context quotas@openstack cleanup() started
2019-11-18 20:11:52.638 1845 INFO rally.task.context [-] Task 9c3de056-1a07-454e-93a5-69c3198c7467 | Context quotas@openstack cleanup() finished in 79.96 msec
2019-11-18 20:11:52.639 1845 INFO rally.task.context [-] Task 9c3de056-1a07-454e-93a5-69c3198c7467 | Context api_versions@openstack cleanup() started
2019-11-18 20:11:52.639 1845 INFO rally.task.context [-] Task 9c3de056-1a07-454e-93a5-69c3198c7467 | Context api_versions@openstack cleanup() finished in 0.35 msec
2019-11-18 20:11:52.639 1845 INFO rally.task.context [-] Task 9c3de056-1a07-454e-93a5-69c3198c7467 | Context users@openstack cleanup() started
2019-11-18 20:11:57.005 1845 INFO rally.task.context [-] Task 9c3de056-1a07-454e-93a5-69c3198c7467 | Context users@openstack cleanup() finished in 4.37 sec
2019-11-18 20:11:58.295 1845 INFO rally.task.engine [-] Load duration is: 49.761172
2019-11-18 20:11:58.295 1845 INFO rally.task.engine [-] Full runner duration is: 50.505719
2019-11-18 20:11:58.296 1845 INFO rally.task.engine [-] Full duration is: 65.056587
2019-11-18 20:11:58.638 1845 INFO rally.task.engine [-] Running workload: position = 0 config = { "version": 2, "title": "A cropped version of a bigger task.", "description": "Auto-generated task from a single workload (uuid=81ba682d-0037-43a7-9a6a-9c0d558d45e4)", "subtasks": [ { "title": "CinderVolumes.create_nested_snapshots_and_attach_volume", "description": "Create a volume from snapshot and attach/detach the volume", "scenario": { "CinderVolumes.create_nested_snapshots_and_attach_volume": { "flavor": { "name": "rally_full-flavor_00f7b341-174b-4e8f-9b53-bfd161b2cdfa" }, "image": { "name": "rally_full-img_00f7b341-174b-4e8f-9b53-bfd161b2cdfa" }, "nested_level": 1, "size": { "max": 1, "min": 1 }, "create_vm_params": { "nics": [ { "net-id": "6652dd7c-f0a3-4f25-801e-45e11a61489c" } ] } } }, "contexts": { "users": { "tenants": 3, "users_per_tenant": 2 }, "quotas": { "cinder": { "gigabytes": -1, "snapshots": -1, "volumes": -1 } }, "api_versions": { "cinder": { "version": 3, "service_type": "volumev3" } } }, "runner": { "constant": { "concurrency": 4, "times": 10 } }, "hooks": [], "sla": { "failure_rate": { "max": 0 } } } ] }
2019-11-18 20:11:58.663 1845 RALLYDEBUG rally_openstack.contexts.keystone.users [-] Creating 3 tenants using 20 threads
2019-11-18 20:11:59.775 1845 RALLYDEBUG rally_openstack.contexts.keystone.users [-] Creating 6 users using 20 threads
2019-11-18 20:12:01.242 1845 INFO rally.task.context [-] Task 9c3de056-1a07-454e-93a5-69c3198c7467 | Context users@openstack setup() finished in 2.58 sec
2019-11-18 20:12:01.648 1845 INFO rally.task.context [-] Task 9c3de056-1a07-454e-93a5-69c3198c7467 | Context api_versions@openstack setup() finished in 0.41 sec
2019-11-18 20:12:02.486 1845 INFO rally.task.context [-] Task 9c3de056-1a07-454e-93a5-69c3198c7467 | Context quotas@openstack setup() finished in 0.84 sec
2019-11-18 20:12:02.486 1845 INFO rally.task.context [-] Task 9c3de056-1a07-454e-93a5-69c3198c7467 | Context cleanup@openstack setup() finished in 0.01 msec
2019-11-18 20:12:03.488 1845 RALLYDEBUG rally.task.runner [-] Starting the constant runner (task UUID: 9c3de056-1a07-454e-93a5-69c3198c7467). times: 10 concurrency: 4 timeout: 0 max_cpu_used: 16 processes_to_start: 4 concurrency_per_worker: 1 concurrency_overhead: 0
2019-11-18 20:12:03.500 2989 RALLYDEBUG rally.task.runner [-] Starting a worker. times: 10 duration: None concurrency: 1 timeout: 0 cls: method_name: run args: {"flavor": "20f9b21d-fa02-4686-8c91-5a88ae727ac8", "image": "bc09d53d-d329-4699-ba5f-613e9114d6ba", "nested_level": 1, "size": {"max": 1, "min": 1}, "create_vm_params": {"nics": [{"net-id": "6652dd7c-f0a3-4f25-801e-45e11a61489c"}]}}
2019-11-18 20:12:03.504 2990 RALLYDEBUG rally.task.runner [-] Starting a worker. times: 10 duration: None concurrency: 1 timeout: 0 cls: method_name: run args: {"flavor": "20f9b21d-fa02-4686-8c91-5a88ae727ac8", "image": "bc09d53d-d329-4699-ba5f-613e9114d6ba", "nested_level": 1, "size": {"max": 1, "min": 1}, "create_vm_params": {"nics": [{"net-id": "6652dd7c-f0a3-4f25-801e-45e11a61489c"}]}}
2019-11-18 20:12:03.508 2989 INFO rally.task.runner [-] Task 9c3de056-1a07-454e-93a5-69c3198c7467 | ITER: 1 START
2019-11-18 20:12:03.508 2991 RALLYDEBUG rally.task.runner [-] Starting a worker. times: 10 duration: None concurrency: 1 timeout: 0 cls: method_name: run args: {"flavor": "20f9b21d-fa02-4686-8c91-5a88ae727ac8", "image": "bc09d53d-d329-4699-ba5f-613e9114d6ba", "nested_level": 1, "size": {"max": 1, "min": 1}, "create_vm_params": {"nics": [{"net-id": "6652dd7c-f0a3-4f25-801e-45e11a61489c"}]}}
2019-11-18 20:12:03.512 2990 INFO rally.task.runner [-] Task 9c3de056-1a07-454e-93a5-69c3198c7467 | ITER: 2 START
2019-11-18 20:12:03.511 2992 RALLYDEBUG rally.task.runner [-] Starting a worker. times: 10 duration: None concurrency: 1 timeout: 0 cls: method_name: run args: {"flavor": "20f9b21d-fa02-4686-8c91-5a88ae727ac8", "image": "bc09d53d-d329-4699-ba5f-613e9114d6ba", "nested_level": 1, "size": {"max": 1, "min": 1}, "create_vm_params": {"nics": [{"net-id": "6652dd7c-f0a3-4f25-801e-45e11a61489c"}]}}
2019-11-18 20:12:03.515 2991 INFO rally.task.runner [-] Task 9c3de056-1a07-454e-93a5-69c3198c7467 | ITER: 3 START
2019-11-18 20:12:03.519 2992 INFO rally.task.runner [-] Task 9c3de056-1a07-454e-93a5-69c3198c7467 | ITER: 4 START
2019-11-18 20:12:10.824 2990 RALLYDEBUG rally.task.utils [-] Waiting for resource s_rally_81ba682d_z704ViAi. Status changed: BUILD => ACTIVE in 4.600157976150513
2019-11-18 20:12:10.988 2989 RALLYDEBUG rally.task.utils [-] Waiting for resource s_rally_81ba682d_ubub3Gbv. Status changed: BUILD => ACTIVE in 4.933721303939819
2019-11-18 20:12:13.065 2991 RALLYDEBUG rally.task.utils [-] Waiting for resource s_rally_81ba682d_yfSsP0A1. Status changed: BUILD => ACTIVE in 7.081737041473389
2019-11-18 20:12:13.236 2992 RALLYDEBUG rally.task.utils [-] Waiting for resource s_rally_81ba682d_S8fM1Hrd. Status changed: BUILD => ACTIVE in 7.0455262660980225
2019-11-18 20:12:16.337 2989 RALLYDEBUG rally.task.utils [-] Waiting for resource s_rally_81ba682d_8BJ8OIBv. Status changed: AVAILABLE => RESERVED in 0.4081728458404541
2019-11-18 20:12:16.366 2990 RALLYDEBUG rally.task.utils [-] Waiting for resource s_rally_81ba682d_JRhwJ9sf. Status changed: AVAILABLE => RESERVED in 0.405132532119751
2019-11-18 20:12:18.357 2991 RALLYDEBUG rally.task.utils [-] Waiting for resource s_rally_81ba682d_8JoqZOYL. Status changed: AVAILABLE => RESERVED in 0.41213464736938477
2019-11-18 20:12:18.431 2992 RALLYDEBUG rally.task.utils [-] Waiting for resource s_rally_81ba682d_wcMQwseY. Status changed: AVAILABLE => RESERVED in 0.40760326385498047
2019-11-18 20:12:18.729 2989 RALLYDEBUG rally.task.utils [-] Waiting for resource s_rally_81ba682d_8BJ8OIBv. Status changed: RESERVED => IN-USE in 2.392542600631714
2019-11-18 20:12:18.764 2990 RALLYDEBUG rally.task.utils [-] Waiting for resource s_rally_81ba682d_JRhwJ9sf. Status changed: RESERVED => IN-USE in 2.397822141647339
2019-11-18 20:12:19.321 2989 RALLYDEBUG rally.task.utils [-] Waiting for resource s_rally_81ba682d_8BJ8OIBv. Status changed: AVAILABLE => DETACHING in 0.3892512321472168
2019-11-18 20:12:19.327 2990 RALLYDEBUG rally.task.utils [-] Waiting for resource s_rally_81ba682d_JRhwJ9sf. Status changed: AVAILABLE => DETACHING in 0.4092259407043457
2019-11-18 20:12:20.771 2991 RALLYDEBUG rally.task.utils [-] Waiting for resource s_rally_81ba682d_8JoqZOYL. Status changed: RESERVED => IN-USE in 2.414461135864258
2019-11-18 20:12:20.963 2992 RALLYDEBUG rally.task.utils [-] Waiting for resource s_rally_81ba682d_wcMQwseY. Status changed: RESERVED => IN-USE in 2.5313174724578857
2019-11-18 20:12:21.410 2991 RALLYDEBUG rally.task.utils [-] Waiting for resource s_rally_81ba682d_8JoqZOYL. Status changed: AVAILABLE => DETACHING in 0.4102194309234619
2019-11-18 20:12:21.523 2992 RALLYDEBUG rally.task.utils [-] Waiting for resource s_rally_81ba682d_wcMQwseY. Status changed: AVAILABLE => DETACHING in 0.39765501022338867
2019-11-18 20:12:21.714 2990 RALLYDEBUG rally.task.utils [-] Waiting for resource s_rally_81ba682d_JRhwJ9sf. Status changed: DETACHING => AVAILABLE in 2.387007474899292
2019-11-18 20:12:21.716 2989 RALLYDEBUG rally.task.utils [-] Waiting for resource s_rally_81ba682d_8BJ8OIBv. Status changed: DETACHING => AVAILABLE in 2.394663095474243
2019-11-18 20:12:21.795 2989 RALLYDEBUG rally.task.utils [-] Waiting for resource s_rally_81ba682d_OKxlRvry. Status changed: AVAILABLE => DELETING in 0.022997140884399414
2019-11-18 20:12:21.799 2990 RALLYDEBUG rally.task.utils [-] Waiting for resource s_rally_81ba682d_VXhH2B1u. Status changed: AVAILABLE => DELETING in 0.0304720401763916
2019-11-18 20:12:23.837 2991 RALLYDEBUG rally.task.utils [-] Waiting for resource s_rally_81ba682d_8JoqZOYL. Status changed: DETACHING => AVAILABLE in 2.4262375831604004
2019-11-18 20:12:23.926 2991 RALLYDEBUG rally.task.utils [-] Waiting for resource s_rally_81ba682d_WNIWPisy. Status changed: AVAILABLE => DELETING in 0.025118112564086914
2019-11-18 20:12:23.944 2989 RALLYDEBUG rally.task.utils [-] Waiting for resource s_rally_81ba682d_8BJ8OIBv. Status changed: AVAILABLE => DELETING in 0.054013729095458984
2019-11-18 20:12:23.950 2992 RALLYDEBUG rally.task.utils [-] Waiting for resource s_rally_81ba682d_wcMQwseY. Status changed: DETACHING => AVAILABLE in 2.4263062477111816
2019-11-18 20:12:23.954 2990 RALLYDEBUG rally.task.utils [-] Waiting for resource s_rally_81ba682d_JRhwJ9sf. Status changed: AVAILABLE => DELETING in 0.05463671684265137
2019-11-18 20:12:24.044 2992 RALLYDEBUG rally.task.utils [-] Waiting for resource s_rally_81ba682d_zqqnM8ih. Status changed: AVAILABLE => DELETING in 0.029867172241210938
2019-11-18 20:12:26.103 2991 RALLYDEBUG rally.task.utils [-] Waiting for resource s_rally_81ba682d_8JoqZOYL. Status changed: AVAILABLE => DELETING in 0.07309722900390625
2019-11-18 20:12:26.185 2992 RALLYDEBUG rally.task.utils [-] Waiting for resource s_rally_81ba682d_wcMQwseY. Status changed: AVAILABLE => DELETING in 0.05456972122192383
2019-11-18 20:12:28.429 2990 INFO rally.task.runner [-] Task 9c3de056-1a07-454e-93a5-69c3198c7467 | ITER: 2 END: OK
2019-11-18 20:12:28.436 2989 INFO rally.task.runner [-] Task 9c3de056-1a07-454e-93a5-69c3198c7467 | ITER: 1 END: OK
2019-11-18 20:12:28.436 2990 INFO rally.task.runner [-] Task 9c3de056-1a07-454e-93a5-69c3198c7467 | ITER: 5 START
2019-11-18 20:12:28.442 2989 INFO rally.task.runner [-] Task 9c3de056-1a07-454e-93a5-69c3198c7467 | ITER: 6 START
2019-11-18 20:12:30.590 2991 INFO rally.task.runner [-] Task 9c3de056-1a07-454e-93a5-69c3198c7467 | ITER: 3 END: OK
2019-11-18 20:12:30.597 2991 INFO rally.task.runner [-] Task 9c3de056-1a07-454e-93a5-69c3198c7467 | ITER: 7 START
2019-11-18 20:12:30.657 2992 INFO rally.task.runner [-] Task 9c3de056-1a07-454e-93a5-69c3198c7467 | ITER: 4 END: OK
2019-11-18 20:12:30.663 2992 INFO rally.task.runner [-] Task 9c3de056-1a07-454e-93a5-69c3198c7467 | ITER: 8 START
2019-11-18 20:12:35.508 2989 RALLYDEBUG rally.task.utils [-] Waiting for resource s_rally_81ba682d_9Ze3ju6r. Status changed: BUILD => ACTIVE in 4.584344387054443
2019-11-18 20:12:37.702 2992 RALLYDEBUG rally.task.utils [-] Waiting for resource s_rally_81ba682d_aIJnBctr. Status changed: BUILD => ACTIVE in 4.788415431976318
2019-11-18 20:12:37.996 2990 RALLYDEBUG rally.task.utils [-] Waiting for resource s_rally_81ba682d_A0wgapsL. Status changed: BUILD => ACTIVE in 7.09390115737915
2019-11-18 20:12:40.160 2991 RALLYDEBUG rally.task.utils [-] Waiting for resource s_rally_81ba682d_2tfejdJm. Status changed: BUILD => ACTIVE in 6.931002378463745
2019-11-18 20:12:40.763 2989 RALLYDEBUG rally.task.utils [-] Waiting for resource s_rally_81ba682d_AGV2XSTQ. Status changed: AVAILABLE => RESERVED in 0.39681291580200195
2019-11-18 20:12:43.010 2992 RALLYDEBUG rally.task.utils [-] Waiting for resource s_rally_81ba682d_X2C3fPXu. Status changed: AVAILABLE => RESERVED in 0.4095580577850342
2019-11-18 20:12:43.166 2989 RALLYDEBUG rally.task.utils [-] Waiting for resource s_rally_81ba682d_AGV2XSTQ. Status changed: RESERVED => IN-USE in 2.4034101963043213
2019-11-18 20:12:43.665 2990 RALLYDEBUG rally.task.utils [-] Waiting for resource s_rally_81ba682d_esrS23lN. Status changed: AVAILABLE => RESERVED in 0.40349411964416504
2019-11-18 20:12:43.725 2989 RALLYDEBUG rally.task.utils [-] Waiting for resource s_rally_81ba682d_AGV2XSTQ. Status changed: AVAILABLE => DETACHING in 0.40712451934814453
2019-11-18 20:12:45.443 2992 RALLYDEBUG rally.task.utils [-] Waiting for resource s_rally_81ba682d_X2C3fPXu. Status changed: RESERVED => IN-USE in 2.4333930015563965
2019-11-18 20:12:45.961 2991 RALLYDEBUG rally.task.utils [-] Waiting for resource s_rally_81ba682d_E341DD3B. Status changed: AVAILABLE => RESERVED in 0.41295409202575684
2019-11-18 20:12:46.069 2990 RALLYDEBUG rally.task.utils [-] Waiting for resource s_rally_81ba682d_esrS23lN. Status changed: RESERVED => IN-USE in 2.4045510292053223
2019-11-18 20:12:46.128 2989 RALLYDEBUG rally.task.utils [-] Waiting for resource s_rally_81ba682d_AGV2XSTQ. Status changed: DETACHING => AVAILABLE in 2.4033169746398926
2019-11-18 20:12:46.153 2992 RALLYDEBUG rally.task.utils [-] Waiting for resource s_rally_81ba682d_X2C3fPXu. Status changed: AVAILABLE => DETACHING in 0.39749908447265625
2019-11-18 20:12:46.214 2989 RALLYDEBUG rally.task.utils [-] Waiting for resource s_rally_81ba682d_ejLzhrO0. Status changed: AVAILABLE => DELETING in 0.026152610778808594
2019-11-18 20:12:46.643 2990 RALLYDEBUG rally.task.utils [-] Waiting for resource s_rally_81ba682d_esrS23lN. Status changed: AVAILABLE => DETACHING in 0.41480088233947754
2019-11-18 20:12:48.377 2989 RALLYDEBUG rally.task.utils [-] Waiting for resource s_rally_81ba682d_AGV2XSTQ. Status changed: AVAILABLE => DELETING in 0.07271313667297363
2019-11-18 20:12:48.386 2991 RALLYDEBUG rally.task.utils [-] Waiting for resource s_rally_81ba682d_E341DD3B. Status changed: RESERVED => IN-USE in 2.4250850677490234
2019-11-18 20:12:48.580 2992 RALLYDEBUG rally.task.utils [-] Waiting for resource s_rally_81ba682d_X2C3fPXu. Status changed: DETACHING => AVAILABLE in 2.426846981048584
2019-11-18 20:12:48.667 2992 RALLYDEBUG rally.task.utils [-] Waiting for resource s_rally_81ba682d_CVMw0ij2. Status changed: AVAILABLE => DELETING in 0.025353670120239258
2019-11-18 20:12:48.953 2991 RALLYDEBUG rally.task.utils [-] Waiting for resource s_rally_81ba682d_E341DD3B. Status changed: AVAILABLE => DETACHING in 0.40421342849731445
2019-11-18 20:12:49.335 2990 RALLYDEBUG rally.task.utils [-] Waiting for resource s_rally_81ba682d_esrS23lN. Status changed: DETACHING => AVAILABLE in 2.691490888595581
2019-11-18 20:12:49.441 2990 RALLYDEBUG rally.task.utils [-] Waiting for resource s_rally_81ba682d_tfKcH95j. Status changed: AVAILABLE => DELETING in 0.02759718894958496
2019-11-18 20:12:50.827 2992 RALLYDEBUG rally.task.utils [-] Waiting for resource s_rally_81ba682d_X2C3fPXu. Status changed: AVAILABLE => DELETING in 0.0724027156829834
2019-11-18 20:12:51.362 2991 RALLYDEBUG rally.task.utils [-] Waiting for resource s_rally_81ba682d_E341DD3B. Status changed: DETACHING => AVAILABLE in 2.4092156887054443
2019-11-18 20:12:51.467 2991 RALLYDEBUG rally.task.utils [-] Waiting for resource s_rally_81ba682d_aRtW75xB. Status changed: AVAILABLE => DELETING in 0.03554487228393555
2019-11-18 20:12:51.600 2990 RALLYDEBUG rally.task.utils [-] Waiting for resource s_rally_81ba682d_esrS23lN. Status changed: AVAILABLE => DELETING in 0.06340479850769043
2019-11-18 20:12:52.917 2989 INFO rally.task.runner [-] Task 9c3de056-1a07-454e-93a5-69c3198c7467 | ITER: 6 END: OK
2019-11-18 20:12:52.922 2989 INFO rally.task.runner [-] Task 9c3de056-1a07-454e-93a5-69c3198c7467 | ITER: 9 START
2019-11-18 20:12:53.635 2991 RALLYDEBUG rally.task.utils [-] Waiting for resource s_rally_81ba682d_E341DD3B. Status changed: AVAILABLE => DELETING in 0.07053279876708984
2019-11-18 20:12:55.326 2992 INFO rally.task.runner [-] Task 9c3de056-1a07-454e-93a5-69c3198c7467 | ITER: 8 END: OK
2019-11-18 20:12:55.329 2992 INFO rally.task.runner [-] Task 9c3de056-1a07-454e-93a5-69c3198c7467 | ITER: 10 START
2019-11-18 20:12:56.011 2990 INFO rally.task.runner [-] Task 9c3de056-1a07-454e-93a5-69c3198c7467 | ITER: 5 END: OK
2019-11-18 20:12:57.979 2991 INFO rally.task.runner [-] Task 9c3de056-1a07-454e-93a5-69c3198c7467 | ITER: 7 END: OK
2019-11-18 20:13:00.333 2989 RALLYDEBUG rally.task.utils [-] Waiting for resource s_rally_81ba682d_AI9AtQfj. Status changed: BUILD => ACTIVE in 4.648338556289673
2019-11-18 20:13:02.398 2992 RALLYDEBUG rally.task.utils [-] Waiting for resource s_rally_81ba682d_LK1Uzjzn. Status changed: BUILD => ACTIVE in 4.816208600997925
2019-11-18 20:13:05.606 2989 RALLYDEBUG rally.task.utils [-] Waiting for resource s_rally_81ba682d_CxHfdrax. Status changed: AVAILABLE => RESERVED in 0.42717719078063965
2019-11-18 20:13:07.690 2992 RALLYDEBUG rally.task.utils [-] Waiting for resource s_rally_81ba682d_rXMvOUfa. Status changed: AVAILABLE => RESERVED in 0.40901613235473633
2019-11-18 20:13:08.025 2989 RALLYDEBUG rally.task.utils [-] Waiting for resource s_rally_81ba682d_CxHfdrax. Status changed: RESERVED => IN-USE in 2.418107032775879
2019-11-18 20:13:08.616 2989 RALLYDEBUG rally.task.utils [-] Waiting for resource s_rally_81ba682d_CxHfdrax. Status changed: AVAILABLE => DETACHING in 0.4204878807067871
2019-11-18 20:13:10.113 2992 RALLYDEBUG rally.task.utils [-] Waiting for resource s_rally_81ba682d_rXMvOUfa. Status changed: RESERVED => IN-USE in 2.423398733139038
2019-11-18 20:13:10.790 2992 RALLYDEBUG rally.task.utils [-] Waiting for resource s_rally_81ba682d_rXMvOUfa. Status changed: AVAILABLE => DETACHING in 0.43486618995666504
2019-11-18 20:13:11.050 2989 RALLYDEBUG rally.task.utils [-] Waiting for resource s_rally_81ba682d_CxHfdrax. Status changed: DETACHING => AVAILABLE in 2.4341020584106445
2019-11-18 20:13:11.149 2989 RALLYDEBUG rally.task.utils [-] Waiting for resource s_rally_81ba682d_y1YasjaP. Status changed: AVAILABLE => DELETING in 0.027948379516601562
2019-11-18 20:13:13.234 2992 RALLYDEBUG rally.task.utils [-] Waiting for resource s_rally_81ba682d_rXMvOUfa. Status changed: DETACHING => AVAILABLE in 2.444183588027954
2019-11-18 20:13:13.309 2989 RALLYDEBUG rally.task.utils [-] Waiting for resource s_rally_81ba682d_CxHfdrax. Status changed: AVAILABLE => DELETING in 0.05919599533081055
2019-11-18 20:13:13.339 2992 RALLYDEBUG rally.task.utils [-] Waiting for resource s_rally_81ba682d_ejojwgef. Status changed: AVAILABLE => DELETING in 0.034603118896484375
2019-11-18 20:13:15.504 2992 RALLYDEBUG rally.task.utils [-] Waiting for resource s_rally_81ba682d_rXMvOUfa. Status changed: AVAILABLE => DELETING in 0.07212471961975098
2019-11-18 20:13:17.829 2989 INFO rally.task.runner [-] Task 9c3de056-1a07-454e-93a5-69c3198c7467 | ITER: 9 END: OK
2019-11-18 20:13:19.987 2992 INFO rally.task.runner [-] Task 9c3de056-1a07-454e-93a5-69c3198c7467 | ITER: 10 END: OK
2019-11-18 20:13:20.011 1845 INFO rally.task.context [-] Task 9c3de056-1a07-454e-93a5-69c3198c7467 | Context cleanup@openstack cleanup() started
2019-11-18 20:13:20.015 1845 RALLYDEBUG rally_openstack.cleanup.manager [-] Cleaning up nova servers objects
2019-11-18 20:13:21.425 1845 RALLYDEBUG rally_openstack.cleanup.manager [-] Cleaning up nova server_groups objects
2019-11-18 20:13:22.563 1845 RALLYDEBUG rally_openstack.cleanup.manager [-] Cleaning up nova keypairs objects
2019-11-18 20:13:24.867 1845 RALLYDEBUG rally_openstack.cleanup.manager [-] Cleaning up cinder backups objects
2019-11-18 20:13:26.344 1845 RALLYDEBUG rally_openstack.cleanup.manager [-] Cleaning up cinder volume_snapshots objects
2019-11-18 20:13:27.523 1845 RALLYDEBUG rally_openstack.cleanup.manager [-] Cleaning up cinder transfers objects
2019-11-18 20:13:28.682 1845 RALLYDEBUG rally_openstack.cleanup.manager [-] Cleaning up cinder volumes objects
2019-11-18 20:13:29.920 1845 INFO rally.task.context [-] Task 9c3de056-1a07-454e-93a5-69c3198c7467 | Context cleanup@openstack cleanup() finished in 9.91 sec
2019-11-18 20:13:29.921 1845 INFO rally.task.context [-] Task 9c3de056-1a07-454e-93a5-69c3198c7467 | Context quotas@openstack cleanup() started
2019-11-18 20:13:29.998 1845 INFO rally.task.context [-] Task 9c3de056-1a07-454e-93a5-69c3198c7467 | Context quotas@openstack cleanup() finished in 77.51 msec
2019-11-18 20:13:29.999 1845 INFO rally.task.context [-] Task 9c3de056-1a07-454e-93a5-69c3198c7467 | Context api_versions@openstack cleanup() started
2019-11-18 20:13:29.999 1845 INFO rally.task.context [-] Task 9c3de056-1a07-454e-93a5-69c3198c7467 | Context api_versions@openstack cleanup() finished in 0.37 msec
2019-11-18 20:13:30.000 1845 INFO rally.task.context [-] Task 9c3de056-1a07-454e-93a5-69c3198c7467 | Context users@openstack cleanup() started
2019-11-18 20:13:33.935 1845 INFO rally.task.context [-] Task 9c3de056-1a07-454e-93a5-69c3198c7467 | Context users@openstack cleanup() finished in 3.94 sec
2019-11-18 20:13:35.074 1845 INFO rally.task.engine [-] Load duration is: 75.474261
2019-11-18 20:13:35.074 1845 INFO rally.task.engine [-] Full runner duration is: 76.523943
2019-11-18 20:13:35.074 1845 INFO rally.task.engine [-] Full duration is: 95.274153
2019-11-18 20:13:35.448 1845 INFO rally.task.engine [-] Running workload: position = 0 config = { "version": 2, "title": "A cropped version of a bigger task.", "description": "Auto-generated task from a single workload (uuid=b12cf409-0501-4180-9eb6-cf3950bce478)", "subtasks": [ { "title": "CinderVolumes.create_snapshot_and_attach_volume", "description": "Create vm, volume, snapshot and attach/detach volume.", "scenario": { "CinderVolumes.create_snapshot_and_attach_volume": { "flavor": { "name": "rally_full-flavor_00f7b341-174b-4e8f-9b53-bfd161b2cdfa" }, "image": { "name": "rally_full-img_00f7b341-174b-4e8f-9b53-bfd161b2cdfa" }, "size": { "min": 1, "max": 1 }, "create_vm_params": { "nics": [ { "net-id": "6652dd7c-f0a3-4f25-801e-45e11a61489c" } ] } } }, "contexts": { "users": { "tenants": 3, "users_per_tenant": 2 }, "quotas": { "cinder": { "gigabytes": -1, "snapshots": -1, "volumes": -1 } }, "api_versions": { "cinder": { "version": 3, "service_type": "volumev3" } } }, "runner": { "constant": { "concurrency": 4, "times": 10 } }, "hooks": [], "sla": { "failure_rate": { "max": 0 } } } ] }
2019-11-18 20:13:35.473 1845 RALLYDEBUG rally_openstack.contexts.keystone.users [-] Creating 3 tenants using 20 threads
2019-11-18 20:13:36.563 1845 RALLYDEBUG rally_openstack.contexts.keystone.users [-] Creating 6 users using 20 threads
2019-11-18 20:13:38.224 1845 INFO rally.task.context [-] Task 9c3de056-1a07-454e-93a5-69c3198c7467 | Context users@openstack setup() finished in 2.75 sec
2019-11-18 20:13:38.638 1845 INFO rally.task.context [-] Task 9c3de056-1a07-454e-93a5-69c3198c7467 | Context api_versions@openstack setup() finished in 0.41 sec
2019-11-18 20:13:39.516 1845 INFO rally.task.context [-] Task 9c3de056-1a07-454e-93a5-69c3198c7467 | Context quotas@openstack setup() finished in 0.88 sec
2019-11-18 20:13:39.517 1845 INFO rally.task.context [-] Task 9c3de056-1a07-454e-93a5-69c3198c7467 | Context cleanup@openstack setup() finished in 0.01 msec
2019-11-18 20:13:40.647 1845 RALLYDEBUG rally.task.runner [-] Starting the constant runner (task UUID: 9c3de056-1a07-454e-93a5-69c3198c7467). times: 10 concurrency: 4 timeout: 0 max_cpu_used: 16 processes_to_start: 4 concurrency_per_worker: 1 concurrency_overhead: 0
2019-11-18 20:13:40.660 3233 RALLYDEBUG rally.task.runner [-] Starting a worker. times: 10 duration: None concurrency: 1 timeout: 0 cls: method_name: run args: {"flavor": "20f9b21d-fa02-4686-8c91-5a88ae727ac8", "image": "bc09d53d-d329-4699-ba5f-613e9114d6ba", "size": {"min": 1, "max": 1}, "create_vm_params": {"nics": [{"net-id": "6652dd7c-f0a3-4f25-801e-45e11a61489c"}]}}
2019-11-18 20:13:40.663 3234 RALLYDEBUG rally.task.runner [-] Starting a worker. times: 10 duration: None concurrency: 1 timeout: 0 cls: method_name: run args: {"flavor": "20f9b21d-fa02-4686-8c91-5a88ae727ac8", "image": "bc09d53d-d329-4699-ba5f-613e9114d6ba", "size": {"min": 1, "max": 1}, "create_vm_params": {"nics": [{"net-id": "6652dd7c-f0a3-4f25-801e-45e11a61489c"}]}}
2019-11-18 20:13:40.667 3233 INFO rally.task.runner [-] Task 9c3de056-1a07-454e-93a5-69c3198c7467 | ITER: 1 START
2019-11-18 20:13:40.667 3235 RALLYDEBUG rally.task.runner [-] Starting a worker. times: 10 duration: None concurrency: 1 timeout: 0 cls: method_name: run args: {"flavor": "20f9b21d-fa02-4686-8c91-5a88ae727ac8", "image": "bc09d53d-d329-4699-ba5f-613e9114d6ba", "size": {"min": 1, "max": 1}, "create_vm_params": {"nics": [{"net-id": "6652dd7c-f0a3-4f25-801e-45e11a61489c"}]}}
2019-11-18 20:13:40.670 3234 INFO rally.task.runner [-] Task 9c3de056-1a07-454e-93a5-69c3198c7467 | ITER: 2 START
2019-11-18 20:13:40.671 3237 RALLYDEBUG rally.task.runner [-] Starting a worker. times: 10 duration: None concurrency: 1 timeout: 0 cls: method_name: run args: {"flavor": "20f9b21d-fa02-4686-8c91-5a88ae727ac8", "image": "bc09d53d-d329-4699-ba5f-613e9114d6ba", "size": {"min": 1, "max": 1}, "create_vm_params": {"nics": [{"net-id": "6652dd7c-f0a3-4f25-801e-45e11a61489c"}]}}
2019-11-18 20:13:40.674 3235 INFO rally.task.runner [-] Task 9c3de056-1a07-454e-93a5-69c3198c7467 | ITER: 3 START
2019-11-18 20:13:40.677 3237 INFO rally.task.runner [-] Task 9c3de056-1a07-454e-93a5-69c3198c7467 | ITER: 4 START
2019-11-18 20:13:52.777 3234 RALLYDEBUG rally.task.utils [-] Waiting for resource s_rally_b12cf409_S0GLTOcZ. Status changed: BUILD => ACTIVE in 4.94598650932312
2019-11-18 20:13:53.637 3234 RALLYDEBUG rally.task.utils [-] Waiting for resource s_rally_b12cf409_io3ofXNI. Status changed: AVAILABLE => RESERVED in 0.4228692054748535
2019-11-18 20:13:54.477 3237 RALLYDEBUG rally.task.utils [-] Waiting for resource s_rally_b12cf409_7k9INxeu. Status changed: BUILD => ACTIVE in 6.796227693557739
2019-11-18 20:13:54.576 3233 RALLYDEBUG rally.task.utils [-] Waiting for resource s_rally_b12cf409_cwxB7emf. Status changed: BUILD => ACTIVE in 6.741639137268066
2019-11-18 20:13:54.764 3235 RALLYDEBUG rally.task.utils [-] Waiting for resource s_rally_b12cf409_XHUPAyQ6. Status changed: BUILD => ACTIVE in 6.875992059707642
2019-11-18 20:13:55.176 3237 RALLYDEBUG rally.task.utils [-] Waiting for resource s_rally_b12cf409_I9njxfRN. Status changed: AVAILABLE => RESERVED in 0.4005250930786133
2019-11-18 20:13:55.273 3233 RALLYDEBUG rally.task.utils [-] Waiting for resource s_rally_b12cf409_0qDS65vT. Status changed: AVAILABLE => RESERVED in 0.4289276599884033
2019-11-18 20:13:55.413 3235 RALLYDEBUG rally.task.utils [-] Waiting for resource s_rally_b12cf409_E7rR9WXq. Status changed: AVAILABLE => RESERVED in 0.40410399436950684
2019-11-18 20:13:56.056 3234 RALLYDEBUG rally.task.utils [-] Waiting for resource s_rally_b12cf409_io3ofXNI. Status changed: RESERVED => IN-USE in 2.418822765350342
2019-11-18 20:13:56.638 3234 RALLYDEBUG rally.task.utils [-] Waiting for resource s_rally_b12cf409_io3ofXNI. Status changed: AVAILABLE => DETACHING in 0.41799283027648926
2019-11-18 20:13:57.588 3237 RALLYDEBUG rally.task.utils [-] Waiting for resource s_rally_b12cf409_I9njxfRN. Status changed: RESERVED => IN-USE in 2.412421703338623
2019-11-18 20:13:57.721 3233 RALLYDEBUG rally.task.utils [-] Waiting for resource s_rally_b12cf409_0qDS65vT. Status changed: RESERVED => IN-USE in 2.447080612182617
2019-11-18 20:13:57.831 3235 RALLYDEBUG rally.task.utils [-] Waiting for resource s_rally_b12cf409_E7rR9WXq. Status changed: RESERVED => ATTACHING in 2.4183833599090576
2019-11-18 20:13:58.170 3237 RALLYDEBUG rally.task.utils [-] Waiting for resource s_rally_b12cf409_I9njxfRN. Status changed: AVAILABLE => DETACHING in 0.4057018756866455
2019-11-18 20:13:58.656 3233 RALLYDEBUG rally.task.utils [-] Waiting for resource s_rally_b12cf409_tSFtabuh. Status changed: AVAILABLE => DELETING in 0.025206565856933594
2019-11-18 20:13:59.048 3234 RALLYDEBUG rally.task.utils [-] Waiting for resource s_rally_b12cf409_io3ofXNI. Status changed: DETACHING => AVAILABLE in 2.4101340770721436
2019-11-18 20:13:59.146 3234 RALLYDEBUG rally.task.utils [-] Waiting for resource s_rally_b12cf409_5znTAY7S. Status changed: AVAILABLE => DELETING in 0.02646470069885254
2019-11-18 20:14:00.278 3235 RALLYDEBUG rally.task.utils [-] Waiting for resource s_rally_b12cf409_E7rR9WXq. Status changed: ATTACHING => IN-USE in 2.4464282989501953
2019-11-18 20:14:00.598 3237 RALLYDEBUG rally.task.utils [-] Waiting for resource s_rally_b12cf409_I9njxfRN. Status changed: DETACHING => AVAILABLE in 2.4273452758789062
2019-11-18 20:14:00.688 3237 RALLYDEBUG rally.task.utils [-] Waiting for resource s_rally_b12cf409_09BZDU3q. Status changed: AVAILABLE => DELETING in 0.025112628936767578
2019-11-18 20:14:00.799 3233 RALLYDEBUG rally.task.utils [-] Waiting for resource s_rally_b12cf409_0qDS65vT. Status changed: AVAILABLE => DELETING in 0.05217790603637695
2019-11-18 20:14:00.869 3235 RALLYDEBUG rally.task.utils [-] Waiting for resource s_rally_b12cf409_E7rR9WXq. Status changed: AVAILABLE => DETACHING in 0.4033198356628418
2019-11-18 20:14:01.299 3234 RALLYDEBUG rally.task.utils [-] Waiting for resource s_rally_b12cf409_io3ofXNI. Status changed: AVAILABLE => DELETING in 0.05962181091308594
2019-11-18 20:14:02.850 3237 RALLYDEBUG rally.task.utils [-] Waiting for resource s_rally_b12cf409_I9njxfRN. Status changed: AVAILABLE => DELETING in 0.057829856872558594
2019-11-18 20:14:03.274 3235 RALLYDEBUG rally.task.utils [-] Waiting for resource s_rally_b12cf409_E7rR9WXq. Status changed: DETACHING => AVAILABLE in 2.404923915863037
2019-11-18 20:14:03.363 3235 RALLYDEBUG rally.task.utils [-] Waiting for resource s_rally_b12cf409_9yCbcmP9. Status changed: AVAILABLE => DELETING in 0.02700328826904297
2019-11-18 20:14:05.217 3233 INFO rally.task.runner [-] Task 9c3de056-1a07-454e-93a5-69c3198c7467 | ITER: 1 END: OK
2019-11-18 20:14:05.223 3233 INFO rally.task.runner [-] Task 9c3de056-1a07-454e-93a5-69c3198c7467 | ITER: 5 START
2019-11-18 20:14:05.528 3235 RALLYDEBUG rally.task.utils [-] Waiting for resource s_rally_b12cf409_E7rR9WXq. Status changed: AVAILABLE => DELETING in 0.06014752388000488
2019-11-18 20:14:05.759 3234 INFO rally.task.runner [-] Task 9c3de056-1a07-454e-93a5-69c3198c7467 | ITER: 2 END: OK
2019-11-18 20:14:05.766 3234 INFO rally.task.runner [-] Task 9c3de056-1a07-454e-93a5-69c3198c7467 | ITER: 6 START
2019-11-18 20:14:07.277 3237 INFO rally.task.runner [-] Task 9c3de056-1a07-454e-93a5-69c3198c7467 | ITER: 4 END: OK
2019-11-18 20:14:07.281 3237 INFO rally.task.runner [-] Task 9c3de056-1a07-454e-93a5-69c3198c7467 | ITER: 7 START
2019-11-18 20:14:09.954 3235 INFO rally.task.runner [-] Task 9c3de056-1a07-454e-93a5-69c3198c7467 | ITER: 3 END: OK
2019-11-18 20:14:09.959 3235 INFO rally.task.runner [-] Task 9c3de056-1a07-454e-93a5-69c3198c7467 | ITER: 8 START
2019-11-18 20:14:16.615 3233 RALLYDEBUG rally.task.utils [-] Waiting for resource s_rally_b12cf409_LNW63g5j. Status changed: BUILD => ACTIVE in 4.533056735992432
2019-11-18 20:14:17.287 3233 RALLYDEBUG rally.task.utils [-] Waiting for resource s_rally_b12cf409_TlsaUFOz. Status changed: AVAILABLE => RESERVED in 0.41506195068359375
2019-11-18 20:14:17.330 3234 RALLYDEBUG rally.task.utils [-] Waiting for resource s_rally_b12cf409_IGhrDeKz. Status changed: BUILD => ACTIVE in 4.595138788223267
2019-11-18 20:14:17.992 3234 RALLYDEBUG rally.task.utils [-] Waiting for resource s_rally_b12cf409_oxfHRj2v. Status changed: AVAILABLE => RESERVED in 0.41445064544677734
2019-11-18 20:14:19.092 3237 RALLYDEBUG rally.task.utils [-] Waiting for resource s_rally_b12cf409_Y3mHPA0A. Status changed: BUILD => ACTIVE in 4.629506826400757
2019-11-18 20:14:19.716 3233 RALLYDEBUG rally.task.utils [-] Waiting for resource s_rally_b12cf409_TlsaUFOz. Status changed: RESERVED => IN-USE in 2.428464412689209
2019-11-18 20:14:19.889 3237 RALLYDEBUG rally.task.utils [-] Waiting for resource s_rally_b12cf409_pOPTKPPB. Status changed: AVAILABLE => RESERVED in 0.4189896583557129
2019-11-18 20:14:20.279 3233 RALLYDEBUG rally.task.utils [-] Waiting for resource s_rally_b12cf409_TlsaUFOz. Status changed: AVAILABLE => DETACHING in 0.3994450569152832
2019-11-18 20:14:20.399 3234 RALLYDEBUG rally.task.utils [-] Waiting for resource s_rally_b12cf409_oxfHRj2v. Status changed: RESERVED => IN-USE in 2.406421422958374
2019-11-18 20:14:20.958 3234 RALLYDEBUG rally.task.utils [-] Waiting for resource s_rally_b12cf409_oxfHRj2v. Status changed: AVAILABLE => DETACHING in 0.40670251846313477
2019-11-18 20:14:21.465 3235 RALLYDEBUG rally.task.utils [-] Waiting for resource s_rally_b12cf409_Lfk5qKUf. Status changed: BUILD => ACTIVE in 4.556173801422119
2019-11-18 20:14:22.429 3235 RALLYDEBUG rally.task.utils [-] Waiting for resource s_rally_b12cf409_NhSsULqV. Status changed: AVAILABLE => RESERVED in 0.7022743225097656
2019-11-18 20:14:22.680 3233 RALLYDEBUG rally.task.utils [-] Waiting for resource s_rally_b12cf409_TlsaUFOz. Status changed: DETACHING => AVAILABLE in 2.4011404514312744
2019-11-18 20:14:22.772 3233 RALLYDEBUG rally.task.utils [-] Waiting for resource s_rally_b12cf409_LAvqmd9j. Status changed: AVAILABLE => DELETING in 0.02908492088317871
2019-11-18 20:14:23.383 3234 RALLYDEBUG rally.task.utils [-] Waiting for resource s_rally_b12cf409_oxfHRj2v. Status changed: DETACHING => AVAILABLE in 2.4248743057250977
2019-11-18 20:14:23.486 3234 RALLYDEBUG rally.task.utils [-] Waiting for resource s_rally_b12cf409_2x5qu0Yp. Status changed: AVAILABLE => DELETING in 0.028565168380737305
2019-11-18 20:14:24.707 3237 RALLYDEBUG rally.task.utils [-] Waiting for resource s_rally_b12cf409_pOPTKPPB. Status changed: RESERVED => ATTACHING in 4.818431377410889
2019-11-18 20:14:24.836 3235 RALLYDEBUG rally.task.utils [-] Waiting for resource s_rally_b12cf409_NhSsULqV. Status changed: RESERVED => ATTACHING in 2.406297206878662
2019-11-18 20:14:24.911 3233 RALLYDEBUG rally.task.utils [-] Waiting for resource s_rally_b12cf409_TlsaUFOz. Status changed: AVAILABLE => DELETING in 0.05664420127868652
