2019-11-08 03:25:34.079 28611 INFO rally.task.runner [-] Task af4baf90-e158-43c3-a4ea-37063d1638aa | ITER: 1 END: OK
2019-11-08 03:25:34.082 28611 INFO rally.task.runner [-] Task af4baf90-e158-43c3-a4ea-37063d1638aa | ITER: 36 START
2019-11-08 03:25:34.082 28611 WARNING rally_openstack.scenarios.neutron.utils [-] Running this scenario without either the 'network' or 'existing_network' context is deprecated
2019-11-08 03:25:34.105 28640 INFO rally.task.runner [-] Task af4baf90-e158-43c3-a4ea-37063d1638aa | ITER: 14 END: OK
2019-11-08 03:25:34.109 28640 INFO rally.task.runner [-] Task af4baf90-e158-43c3-a4ea-37063d1638aa | ITER: 37 START
2019-11-08 03:25:34.110 28640 WARNING rally_openstack.scenarios.neutron.utils [-] Running this scenario without either the 'network' or 'existing_network' context is deprecated
2019-11-08 03:25:34.283 28648 INFO rally.task.runner [-] Task af4baf90-e158-43c3-a4ea-37063d1638aa | ITER: 16 END: OK
2019-11-08 03:25:34.287 28648 INFO rally.task.runner [-] Task af4baf90-e158-43c3-a4ea-37063d1638aa | ITER: 38 START
2019-11-08 03:25:34.288 28648 WARNING rally_openstack.scenarios.neutron.utils [-] Running this scenario without either the 'network' or 'existing_network' context is deprecated
2019-11-08 03:25:34.450 28637 INFO rally.task.runner [-] Task af4baf90-e158-43c3-a4ea-37063d1638aa | ITER: 13 END: OK
2019-11-08 03:25:34.453 28637 INFO rally.task.runner [-] Task af4baf90-e158-43c3-a4ea-37063d1638aa | ITER: 39 START
2019-11-08 03:25:34.454 28637 WARNING rally_openstack.scenarios.neutron.utils [-] Running this scenario without either the 'network' or 'existing_network' context is deprecated
2019-11-08 03:25:35.600 28658 INFO rally.task.runner [-] Task af4baf90-e158-43c3-a4ea-37063d1638aa | ITER: 20 END: OK
2019-11-08 03:25:35.603 28658 INFO rally.task.runner [-] Task af4baf90-e158-43c3-a4ea-37063d1638aa | ITER: 40 START
2019-11-08 03:25:35.604 28658 WARNING rally_openstack.scenarios.neutron.utils [-] Running this scenario without either the 'network' or 'existing_network' context is deprecated
2019-11-08 03:25:37.267 28620 INFO rally.task.runner [-] Task af4baf90-e158-43c3-a4ea-37063d1638aa | ITER: 21 END: OK
2019-11-08 03:25:37.573 28611 INFO rally.task.runner [-] Task af4baf90-e158-43c3-a4ea-37063d1638aa | ITER: 26 END: OK
2019-11-08 03:25:37.628 28652 INFO rally.task.runner [-] Task af4baf90-e158-43c3-a4ea-37063d1638aa | ITER: 22 END: OK
2019-11-08 03:25:39.450 28612 INFO rally.task.runner [-] Task af4baf90-e158-43c3-a4ea-37063d1638aa | ITER: 25 END: OK
2019-11-08 03:25:39.930 28613 INFO rally.task.runner [-] Task af4baf90-e158-43c3-a4ea-37063d1638aa | ITER: 31 END: OK
2019-11-08 03:25:39.957 28629 INFO rally.task.runner [-] Task af4baf90-e158-43c3-a4ea-37063d1638aa | ITER: 23 END: OK
2019-11-08 03:25:40.251 28616 INFO rally.task.runner [-] Task af4baf90-e158-43c3-a4ea-37063d1638aa | ITER: 27 END: OK
2019-11-08 03:25:40.365 28649 INFO rally.task.runner [-] Task af4baf90-e158-43c3-a4ea-37063d1638aa | ITER: 24 END: OK
2019-11-08 03:25:40.453 28616 INFO rally.task.runner [-] Task af4baf90-e158-43c3-a4ea-37063d1638aa | ITER: 28 END: OK
2019-11-08 03:25:40.654 28645 INFO rally.task.runner [-] Task af4baf90-e158-43c3-a4ea-37063d1638aa | ITER: 29 END: OK
2019-11-08 03:25:40.695 28612 INFO rally.task.runner [-] Task af4baf90-e158-43c3-a4ea-37063d1638aa | ITER: 30 END: OK
2019-11-08 03:25:41.217 28640 INFO rally.task.runner [-] Task af4baf90-e158-43c3-a4ea-37063d1638aa | ITER: 37 END: OK
2019-11-08 03:25:41.388 28637 INFO rally.task.runner [-] Task af4baf90-e158-43c3-a4ea-37063d1638aa | ITER: 39 END: OK
2019-11-08 03:25:41.691 28648 INFO rally.task.runner [-] Task af4baf90-e158-43c3-a4ea-37063d1638aa | ITER: 38 END: OK
2019-11-08 03:25:41.791 28655 INFO rally.task.runner [-] Task af4baf90-e158-43c3-a4ea-37063d1638aa | ITER: 34 END: OK
2019-11-08 03:25:42.073 28611 INFO rally.task.runner [-] Task af4baf90-e158-43c3-a4ea-37063d1638aa | ITER: 36 END: OK
2019-11-08 03:25:42.086 28613 INFO rally.task.runner [-] Task af4baf90-e158-43c3-a4ea-37063d1638aa | ITER: 35 END: OK
2019-11-08 03:25:42.513 28633 INFO rally.task.runner [-] Task af4baf90-e158-43c3-a4ea-37063d1638aa | ITER: 33 END: OK
2019-11-08 03:25:42.898 28624 INFO rally.task.runner [-] Task af4baf90-e158-43c3-a4ea-37063d1638aa | ITER: 32 END: OK
2019-11-08 03:25:43.041 28658 INFO rally.task.runner [-] Task af4baf90-e158-43c3-a4ea-37063d1638aa | ITER: 40 END: OK
2019-11-08 03:25:43.069 24145 INFO rally.task.context [-] Task af4baf90-e158-43c3-a4ea-37063d1638aa | Context cleanup@openstack cleanup() started
2019-11-08 03:25:43.072 24145 RALLYDEBUG rally_openstack.cleanup.manager [-] Cleaning up neutron vip objects
2019-11-08 03:25:43.444 24145 RALLYDEBUG rally_openstack.cleanup.manager [-] Cleaning up neutron health_monitor objects
2019-11-08 03:25:43.814 24145 RALLYDEBUG rally_openstack.cleanup.manager [-] Cleaning up neutron pool objects
2019-11-08 03:25:44.193 24145 RALLYDEBUG rally_openstack.cleanup.manager [-] Cleaning up neutron loadbalancer objects
2019-11-08 03:25:44.555 24145 RALLYDEBUG rally_openstack.cleanup.manager [-] Cleaning up neutron floatingip objects
2019-11-08 03:25:44.960 24145 RALLYDEBUG rally_openstack.cleanup.manager [-] Cleaning up neutron trunk objects
2019-11-08 03:25:45.351 24145 RALLYDEBUG rally_openstack.cleanup.manager [-] Cleaning up neutron port objects
2019-11-08 03:25:45.759 24145 RALLYDEBUG rally_openstack.cleanup.manager [-] Cleaning up neutron subnet objects
2019-11-08 03:25:46.149 24145 RALLYDEBUG rally_openstack.cleanup.manager [-] Cleaning up neutron network objects
2019-11-08 03:25:46.710 24145 RALLYDEBUG rally_openstack.cleanup.manager [-] Deleting neutron.network object s_rally_8837629d_Ypvbsrhw (088fcc9a-d52e-4b09-ab94-325fd604d232)
2019-11-08 03:25:46.720 24145 RALLYDEBUG rally_openstack.cleanup.manager [-] Deleting neutron.network object s_rally_8837629d_U7hSSnep (0dd561bd-c0b7-4740-834c-8effe63e46b1)
2019-11-08 03:25:46.728 24145 RALLYDEBUG rally_openstack.cleanup.manager [-] Deleting neutron.network object s_rally_8837629d_mvFUOHyY (12297b69-b298-4628-963d-a455167fcbe5)
2019-11-08 03:25:46.732 24145 RALLYDEBUG rally_openstack.cleanup.manager [-] Deleting neutron.network object s_rally_8837629d_QJKKVvVq (132c26ef-2e95-4049-a2c5-55c7100c30ea)
2019-11-08 03:25:46.746 24145 RALLYDEBUG rally_openstack.cleanup.manager [-] Deleting neutron.network object s_rally_8837629d_l66CR0Fy (19b8c65b-8157-4b9a-a3b2-e585f5112a2b)
2019-11-08 03:25:46.757 24145 RALLYDEBUG rally_openstack.cleanup.manager [-] Deleting neutron.network object s_rally_8837629d_usYWB3De (25dfc76e-faee-4dd9-9224-784c95703b6c)
2019-11-08 03:25:46.763 24145 RALLYDEBUG rally_openstack.cleanup.manager [-] Deleting neutron.network object s_rally_8837629d_cBfnxDMi (27ef4854-34be-4ee7-9ba8-e52759e663e9)
2019-11-08 03:25:46.779 24145 RALLYDEBUG rally_openstack.cleanup.manager [-] Deleting neutron.network object s_rally_8837629d_IbPAnP9L (2c03f6fd-8103-42fe-83c0-168d43c7ca38)
2019-11-08 03:25:46.788 24145 RALLYDEBUG rally_openstack.cleanup.manager [-] Deleting neutron.network object s_rally_8837629d_layF9VAi (2c407687-ad1b-4620-8bc4-39a57d05e675)
2019-11-08 03:25:46.791 24145 RALLYDEBUG rally_openstack.cleanup.manager [-] Deleting neutron.network object s_rally_8837629d_jDTLKeyE (3b870714-a3f3-422b-8803-c318d1fe5f96)
2019-11-08 03:25:46.801 24145 RALLYDEBUG rally_openstack.cleanup.manager [-] Deleting neutron.network object s_rally_8837629d_luo8o0To (3f0853c7-3067-4656-9d1a-8fa987da7fc6)
2019-11-08 03:25:46.812 24145 RALLYDEBUG rally_openstack.cleanup.manager [-] Deleting neutron.network object s_rally_8837629d_lY3cZjW9 (48af1e53-ee0b-418e-9cb7-938a8f7a90e5)
2019-11-08 03:25:46.824 24145 RALLYDEBUG rally_openstack.cleanup.manager [-] Deleting neutron.network object s_rally_8837629d_kdPxhSRU (4f433a12-8e03-48c9-9730-affabaeb6240)
2019-11-08 03:25:46.833 24145 RALLYDEBUG rally_openstack.cleanup.manager [-] Deleting neutron.network object s_rally_8837629d_Yd6hJtmg (50bfe2da-7997-454a-ba4a-091019af0b8b)
2019-11-08 03:25:46.843 24145 RALLYDEBUG rally_openstack.cleanup.manager [-] Deleting neutron.network object s_rally_8837629d_UOEK6CwH (58cb7026-f7d9-41bb-808f-bfba595686d2)
2019-11-08 03:25:46.853 24145 RALLYDEBUG rally_openstack.cleanup.manager [-] Deleting neutron.network object s_rally_8837629d_dChXYejT (6f800d31-cd3b-43ba-bc10-7940506207c3)
2019-11-08 03:25:46.882 24145 RALLYDEBUG rally_openstack.cleanup.manager [-] Deleting neutron.network object s_rally_8837629d_J8muVqgH (70ae9020-b9f5-4bab-a744-0dae178f7b4a)
2019-11-08 03:25:46.918 24145 RALLYDEBUG rally_openstack.cleanup.manager [-] Deleting neutron.network object s_rally_8837629d_xyOIpWTP (71bb8adc-379a-4681-9b56-03a868d8be69)
2019-11-08 03:25:46.922 24145 RALLYDEBUG rally_openstack.cleanup.manager [-] Deleting neutron.network object s_rally_8837629d_fPDry7Fd (7225e7d0-9058-4544-83f2-5756118e635b)
2019-11-08 03:25:46.943 24145 RALLYDEBUG rally_openstack.cleanup.manager [-] Deleting neutron.network object s_rally_8837629d_rf77MWt6 (87466eff-20ce-409f-a675-bdbc21fda2e7)
2019-11-08 03:25:48.844 24145 RALLYDEBUG rally_openstack.cleanup.manager [-] Deleting neutron.network object s_rally_8837629d_Xt0ozX92 (87da3296-7b58-4199-bfdf-ac2dad4edeec)
2019-11-08 03:25:48.906 24145 RALLYDEBUG rally_openstack.cleanup.manager [-] Deleting neutron.network object s_rally_8837629d_8qOQ6EG1 (89868cad-d018-44b5-b5f2-4834d7263417)
2019-11-08 03:25:48.931 24145 RALLYDEBUG rally_openstack.cleanup.manager [-] Deleting neutron.network object s_rally_8837629d_utEzsXjU (8a5426cc-5464-4828-abb1-50899ef8ed99)
2019-11-08 03:25:49.052 24145 RALLYDEBUG rally_openstack.cleanup.manager [-] Deleting neutron.network object s_rally_8837629d_0ruY72rl (8e9563db-9cc2-4e56-a8f8-9914d1e98c8d)
2019-11-08 03:25:49.069 24145 RALLYDEBUG rally_openstack.cleanup.manager [-] Deleting neutron.network object s_rally_8837629d_ftWT4HvH (936767a7-71f9-4d6e-8c55-ac4e743ecb04)
2019-11-08 03:25:49.161 24145 RALLYDEBUG rally_openstack.cleanup.manager [-] Deleting neutron.network object s_rally_8837629d_yBulxpTq (a3a89ac4-cbe5-4494-97ad-2f411603c3f8)
2019-11-08 03:25:49.196 24145 RALLYDEBUG rally_openstack.cleanup.manager [-] Deleting neutron.network object s_rally_8837629d_y8PbyOBg (ab192efe-6f52-4451-a5e0-1d8689ff2d44)
2019-11-08 03:25:49.305 24145 RALLYDEBUG rally_openstack.cleanup.manager [-] Deleting neutron.network object s_rally_8837629d_Eh1z5nBS (ad955e7c-6f02-482c-82e7-5d002cde5bc4)
2019-11-08 03:25:49.314 24145 RALLYDEBUG rally_openstack.cleanup.manager [-] Deleting neutron.network object s_rally_8837629d_tyfFx3br (add1710d-1208-499f-8c9f-9f4504c1cc2b)
2019-11-08 03:25:49.339 24145 RALLYDEBUG rally_openstack.cleanup.manager [-] Deleting neutron.network object s_rally_8837629d_7fAakBW8 (b03cfa96-13c4-4df4-a3a7-335fc2c49bf8)
2019-11-08 03:25:49.436 24145 RALLYDEBUG rally_openstack.cleanup.manager [-] Deleting neutron.network object s_rally_8837629d_6dXeXth5 (b2a831dd-70d0-46a6-a5b8-7310348f573c)
2019-11-08 03:25:49.600 24145 RALLYDEBUG rally_openstack.cleanup.manager [-] Deleting neutron.network object s_rally_8837629d_vP5R3gbM (b6eca267-04fe-4485-ba9c-4ceee97ca9ee)
2019-11-08 03:25:49.632 24145 RALLYDEBUG rally_openstack.cleanup.manager [-] Deleting neutron.network object s_rally_8837629d_NhLEA5IJ (c7028abc-b5ac-4149-b087-28d6724c0b5f)
2019-11-08 03:25:49.695 24145 RALLYDEBUG rally_openstack.cleanup.manager [-] Deleting neutron.network object s_rally_8837629d_bvXq9zcs (d6d66e69-3bae-4e21-a674-017b0d0f0d15)
2019-11-08 03:25:49.723 24145 RALLYDEBUG rally_openstack.cleanup.manager [-] Deleting neutron.network object s_rally_8837629d_yHwVI0wf (db109581-9956-4321-bc7a-3b6eb65d118b)
2019-11-08 03:25:49.909 24145 RALLYDEBUG rally_openstack.cleanup.manager [-] Deleting neutron.network object s_rally_8837629d_ybr0q5YM (dd7179c8-2353-4ec7-ae47-5608f7b43b54)
2019-11-08 03:25:49.937 24145 RALLYDEBUG rally_openstack.cleanup.manager [-] Deleting neutron.network object s_rally_8837629d_NODKtMue (de5426b4-422d-43df-b6de-43eadd7a1ecc)
2019-11-08 03:25:49.954 24145 RALLYDEBUG rally_openstack.cleanup.manager [-] Deleting neutron.network object s_rally_8837629d_DmdNu6NY (e05aa06e-f3f0-4d89-9729-8e7e0f1299c7)
2019-11-08 03:25:49.970 24145 RALLYDEBUG rally_openstack.cleanup.manager [-] Deleting neutron.network object s_rally_8837629d_puTOpARm (ed92e16d-6fb1-404e-b108-15323fd6ff44)
2019-11-08 03:25:49.991 24145 RALLYDEBUG rally_openstack.cleanup.manager [-] Deleting neutron.network object s_rally_8837629d_Q1GsVopV (ef74b827-4ed1-4420-a9df-6d91e4f92c1f)
2019-11-08 03:25:52.151 24145 RALLYDEBUG rally_openstack.cleanup.manager [-] Cleaning up neutron router objects
2019-11-08 03:25:52.564 24145 RALLYDEBUG rally_openstack.cleanup.manager [-] Cleaning up neutron security_group objects
2019-11-08 03:25:52.990 24145 INFO rally.task.context [-] Task af4baf90-e158-43c3-a4ea-37063d1638aa | Context cleanup@openstack cleanup() finished in 9.92 sec
2019-11-08 03:25:52.991 24145 INFO rally.task.context [-] Task af4baf90-e158-43c3-a4ea-37063d1638aa | Context quotas@openstack cleanup() started
2019-11-08 03:25:53.013 24145 INFO rally.task.context [-] Task af4baf90-e158-43c3-a4ea-37063d1638aa | Context quotas@openstack cleanup() finished in 22.20 msec
2019-11-08 03:25:53.013 24145 INFO rally.task.context [-] Task af4baf90-e158-43c3-a4ea-37063d1638aa | Context users@openstack cleanup() started
2019-11-08 03:25:55.613 24145 INFO rally.task.context [-] Task af4baf90-e158-43c3-a4ea-37063d1638aa | Context users@openstack cleanup() finished in 2.60 sec
2019-11-08 03:25:57.580 24145 INFO rally.task.engine [-] Load duration is: 20.878017
2019-11-08 03:25:57.580 24145 INFO rally.task.engine [-] Full runner duration is: 20.927556
2019-11-08 03:25:57.581 24145 INFO rally.task.engine [-] Full duration is: 36.206662
2019-11-08 03:25:57.947 24145 INFO rally.task.engine [-] Running workload: position = 0 config = { "version": 2, "title": "A cropped version of a bigger task.", "description": "Auto-generated task from a single workload (uuid=3432e751-ccd8-4640-abdc-6dacd9cac0b0)", "subtasks": [ { "title": "Quotas.neutron_update", "description": "Update quotas for neutron.", "scenario": { "Quotas.neutron_update": { "max_quota": 1024 } }, "contexts": { "users": { "tenants": 20, "users_per_tenant": 1 } }, "runner": { "constant": { "times": 40, "concurrency": 20 } }, "hooks": [], "sla": { "failure_rate": { "max": 0 } } } ] }
2019-11-08 03:25:57.971 24145 RALLYDEBUG rally_openstack.contexts.keystone.users [-] Creating 20 tenants using 20 threads
2019-11-08 03:26:00.108 24145 RALLYDEBUG rally_openstack.contexts.keystone.users [-] Creating 20 users using 20 threads
2019-11-08 03:26:03.144 24145 INFO rally.task.context [-] Task af4baf90-e158-43c3-a4ea-37063d1638aa | Context users@openstack setup() finished in 5.17 sec
2019-11-08 03:26:03.145 24145 INFO rally.task.context [-] Task af4baf90-e158-43c3-a4ea-37063d1638aa | Context admin_cleanup@openstack setup() finished in 0.01 msec
2019-11-08 03:26:03.155 24145 RALLYDEBUG rally.task.runner [-] Starting the constant runner (task UUID: af4baf90-e158-43c3-a4ea-37063d1638aa). times: 40 concurrency: 20 timeout: 0 max_cpu_used: 16 processes_to_start: 16 concurrency_per_worker: 1 concurrency_overhead: 4
2019-11-08 03:26:03.166 29001 RALLYDEBUG rally.task.runner [-] Starting a worker. times: 40 duration: None concurrency: 2 timeout: 0 cls: method_name: run args: {"max_quota": 1024}
2019-11-08 03:26:03.171 29002 RALLYDEBUG rally.task.runner [-] Starting a worker. times: 40 duration: None concurrency: 2 timeout: 0 cls: method_name: run args: {"max_quota": 1024}
2019-11-08 03:26:03.174 29003 RALLYDEBUG rally.task.runner [-] Starting a worker. times: 40 duration: None concurrency: 2 timeout: 0 cls: method_name: run args: {"max_quota": 1024}
2019-11-08 03:26:03.178 29004 RALLYDEBUG rally.task.runner [-] Starting a worker. times: 40 duration: None concurrency: 2 timeout: 0 cls: method_name: run args: {"max_quota": 1024}
2019-11-08 03:26:03.181 29001 INFO rally.task.runner [-] Task af4baf90-e158-43c3-a4ea-37063d1638aa | ITER: 1 START
2019-11-08 03:26:03.182 29006 RALLYDEBUG rally.task.runner [-] Starting a worker. times: 40 duration: None concurrency: 1 timeout: 0 cls: method_name: run args: {"max_quota": 1024}
2019-11-08 03:26:03.186 29002 INFO rally.task.runner [-] Task af4baf90-e158-43c3-a4ea-37063d1638aa | ITER: 2 START
2019-11-08 03:26:03.186 29011 RALLYDEBUG rally.task.runner [-] Starting a worker. times: 40 duration: None concurrency: 1 timeout: 0 cls: method_name: run args: {"max_quota": 1024}
2019-11-08 03:26:03.190 29003 INFO rally.task.runner [-] Task af4baf90-e158-43c3-a4ea-37063d1638aa | ITER: 4 START
2019-11-08 03:26:03.190 29013 RALLYDEBUG rally.task.runner [-] Starting a worker. times: 40 duration: None concurrency: 1 timeout: 0 cls: method_name: run args: {"max_quota": 1024}
2019-11-08 03:26:03.191 29006 INFO rally.task.runner [-] Task af4baf90-e158-43c3-a4ea-37063d1638aa | ITER: 7 START
2019-11-08 03:26:03.183 29001 INFO rally.task.runner [-] Task af4baf90-e158-43c3-a4ea-37063d1638aa | ITER: 3 START
2019-11-08 03:26:03.193 29004 INFO rally.task.runner [-] Task af4baf90-e158-43c3-a4ea-37063d1638aa | ITER: 5 START
2019-11-08 03:26:03.193 29018 RALLYDEBUG rally.task.runner [-] Starting a worker. times: 40 duration: None concurrency: 1 timeout: 0 cls: method_name: run args: {"max_quota": 1024}
2019-11-08 03:26:03.197 29023 RALLYDEBUG rally.task.runner [-] Starting a worker. times: 40 duration: None concurrency: 1 timeout: 0 cls: method_name: run args: {"max_quota": 1024}
2019-11-08 03:26:03.201 29011 INFO rally.task.runner [-] Task af4baf90-e158-43c3-a4ea-37063d1638aa | ITER: 10 START
2019-11-08 03:26:03.188 29002 INFO rally.task.runner [-] Task af4baf90-e158-43c3-a4ea-37063d1638aa | ITER: 6 START
2019-11-08 03:26:03.202 29024 RALLYDEBUG rally.task.runner [-] Starting a worker. times: 40 duration: None concurrency: 1 timeout: 0 cls: method_name: run args: {"max_quota": 1024}
2019-11-08 03:26:03.203 29013 INFO rally.task.runner [-] Task af4baf90-e158-43c3-a4ea-37063d1638aa | ITER: 11 START
2019-11-08 03:26:03.190 29003 INFO rally.task.runner [-] Task af4baf90-e158-43c3-a4ea-37063d1638aa | ITER: 8 START
2019-11-08 03:26:03.207 29018 INFO rally.task.runner [-] Task af4baf90-e158-43c3-a4ea-37063d1638aa | ITER: 12 START
2019-11-08 03:26:03.207 29023 INFO rally.task.runner [-] Task af4baf90-e158-43c3-a4ea-37063d1638aa | ITER: 13 START
2019-11-08 03:26:03.195 29004 INFO rally.task.runner [-] Task af4baf90-e158-43c3-a4ea-37063d1638aa | ITER: 9 START
2019-11-08 03:26:03.209 29029 RALLYDEBUG rally.task.runner [-] Starting a worker. times: 40 duration: None concurrency: 1 timeout: 0 cls: method_name: run args: {"max_quota": 1024}
2019-11-08 03:26:03.212 29024 INFO rally.task.runner [-] Task af4baf90-e158-43c3-a4ea-37063d1638aa | ITER: 14 START
2019-11-08 03:26:03.218 29029 INFO rally.task.runner [-] Task af4baf90-e158-43c3-a4ea-37063d1638aa | ITER: 15 START
2019-11-08 03:26:03.219 29036 RALLYDEBUG rally.task.runner [-] Starting a worker. times: 40 duration: None concurrency: 1 timeout: 0 cls: method_name: run args: {"max_quota": 1024}
2019-11-08 03:26:03.223 29039 RALLYDEBUG rally.task.runner [-] Starting a worker. times: 40 duration: None concurrency: 1 timeout: 0 cls: method_name: run args: {"max_quota": 1024}
2019-11-08 03:26:03.229 29036 INFO rally.task.runner [-] Task af4baf90-e158-43c3-a4ea-37063d1638aa | ITER: 16 START
2019-11-08 03:26:03.231 29040 RALLYDEBUG rally.task.runner [-] Starting a worker. times: 40 duration: None concurrency: 1 timeout: 0 cls: method_name: run args: {"max_quota": 1024}
2019-11-08 03:26:03.232 29039 INFO rally.task.runner [-] Task af4baf90-e158-43c3-a4ea-37063d1638aa | ITER: 17 START
2019-11-08 03:26:03.237 29045 RALLYDEBUG rally.task.runner [-] Starting a worker. times: 40 duration: None concurrency: 1 timeout: 0 cls: method_name: run args: {"max_quota": 1024}
2019-11-08 03:26:03.239 29040 INFO rally.task.runner [-] Task af4baf90-e158-43c3-a4ea-37063d1638aa | ITER: 18 START
2019-11-08 03:26:03.244 29048 RALLYDEBUG rally.task.runner [-] Starting a worker. times: 40 duration: None concurrency: 1 timeout: 0 cls: method_name: run args: {"max_quota": 1024}
2019-11-08 03:26:03.246 29045 INFO rally.task.runner [-] Task af4baf90-e158-43c3-a4ea-37063d1638aa | ITER: 19 START
2019-11-08 03:26:03.252 29048 INFO rally.task.runner [-] Task af4baf90-e158-43c3-a4ea-37063d1638aa | ITER: 20 START
2019-11-08 03:26:03.783 29023 INFO rally.task.runner [-] Task af4baf90-e158-43c3-a4ea-37063d1638aa | ITER: 13 END: OK
2019-11-08 03:26:03.791 29023 INFO rally.task.runner [-] Task af4baf90-e158-43c3-a4ea-37063d1638aa | ITER: 21 START
2019-11-08 03:26:03.792 29001 INFO rally.task.runner [-] Task af4baf90-e158-43c3-a4ea-37063d1638aa | ITER: 3 END: OK
2019-11-08 03:26:03.799 29001 INFO rally.task.runner [-] Task af4baf90-e158-43c3-a4ea-37063d1638aa | ITER: 22 START
2019-11-08 03:26:03.800 29013 INFO rally.task.runner [-] Task af4baf90-e158-43c3-a4ea-37063d1638aa | ITER: 11 END: OK
2019-11-08 03:26:03.803 29011 INFO rally.task.runner [-] Task af4baf90-e158-43c3-a4ea-37063d1638aa | ITER: 10 END: OK
2019-11-08 03:26:03.807 29001 INFO rally.task.runner [-] Task af4baf90-e158-43c3-a4ea-37063d1638aa | ITER: 1 END: OK
2019-11-08 03:26:03.809 29003 INFO rally.task.runner [-] Task af4baf90-e158-43c3-a4ea-37063d1638aa | ITER: 8 END: OK
2019-11-08 03:26:03.809 29013 INFO rally.task.runner [-] Task af4baf90-e158-43c3-a4ea-37063d1638aa | ITER: 23 START
2019-11-08 03:26:03.811 29011 INFO rally.task.runner [-] Task af4baf90-e158-43c3-a4ea-37063d1638aa | ITER: 24 START
2019-11-08 03:26:03.817 29002 INFO rally.task.runner [-] Task af4baf90-e158-43c3-a4ea-37063d1638aa | ITER: 2 END: OK
2019-11-08 03:26:03.818 29001 INFO rally.task.runner [-] Task af4baf90-e158-43c3-a4ea-37063d1638aa | ITER: 25 START
2019-11-08 03:26:03.819 29003 INFO rally.task.runner [-] Task af4baf90-e158-43c3-a4ea-37063d1638aa | ITER: 26 START
2019-11-08 03:26:03.820 29006 INFO rally.task.runner [-] Task af4baf90-e158-43c3-a4ea-37063d1638aa | ITER: 7 END: OK
2019-11-08 03:26:03.823 29002 INFO rally.task.runner [-] Task af4baf90-e158-43c3-a4ea-37063d1638aa | ITER: 27 START
2019-11-08 03:26:03.829 29006 INFO rally.task.runner [-] Task af4baf90-e158-43c3-a4ea-37063d1638aa | ITER: 28 START
2019-11-08 03:26:03.851 29024 INFO rally.task.runner [-] Task af4baf90-e158-43c3-a4ea-37063d1638aa | ITER: 14 END: OK
2019-11-08 03:26:03.858 29024 INFO rally.task.runner [-] Task af4baf90-e158-43c3-a4ea-37063d1638aa | ITER: 29 START
2019-11-08 03:26:03.858 29003 INFO rally.task.runner [-] Task af4baf90-e158-43c3-a4ea-37063d1638aa | ITER: 4 END: OK
2019-11-08 03:26:03.864 29003 INFO rally.task.runner [-] Task af4baf90-e158-43c3-a4ea-37063d1638aa | ITER: 30 START
2019-11-08 03:26:03.904 29002 INFO rally.task.runner [-] Task af4baf90-e158-43c3-a4ea-37063d1638aa | ITER: 6 END: OK
2019-11-08 03:26:03.910 29002 INFO rally.task.runner [-] Task af4baf90-e158-43c3-a4ea-37063d1638aa | ITER: 31 START
2019-11-08 03:26:03.918 29018 INFO rally.task.runner [-] Task af4baf90-e158-43c3-a4ea-37063d1638aa | ITER: 12 END: OK
2019-11-08 03:26:03.924 29018 INFO rally.task.runner [-] Task af4baf90-e158-43c3-a4ea-37063d1638aa | ITER: 32 START
2019-11-08 03:26:03.992 29004 INFO rally.task.runner [-] Task af4baf90-e158-43c3-a4ea-37063d1638aa | ITER: 5 END: OK
2019-11-08 03:26:03.995 29039 INFO rally.task.runner [-] Task af4baf90-e158-43c3-a4ea-37063d1638aa | ITER: 17 END: OK
2019-11-08 03:26:03.999 29004 INFO rally.task.runner [-] Task af4baf90-e158-43c3-a4ea-37063d1638aa | ITER: 33 START
2019-11-08 03:26:04.002 29039 INFO rally.task.runner [-] Task af4baf90-e158-43c3-a4ea-37063d1638aa | ITER: 34 START
2019-11-08 03:26:04.015 29036 INFO rally.task.runner [-] Task af4baf90-e158-43c3-a4ea-37063d1638aa | ITER: 16 END: OK
2019-11-08 03:26:04.022 29036 INFO rally.task.runner [-] Task af4baf90-e158-43c3-a4ea-37063d1638aa | ITER: 35 START
2019-11-08 03:26:04.112 29029 INFO rally.task.runner [-] Task af4baf90-e158-43c3-a4ea-37063d1638aa | ITER: 15 END: OK
2019-11-08 03:26:04.118 29029 INFO rally.task.runner [-] Task af4baf90-e158-43c3-a4ea-37063d1638aa | ITER: 36 START
2019-11-08 03:26:04.122 29040 INFO rally.task.runner [-] Task af4baf90-e158-43c3-a4ea-37063d1638aa | ITER: 18 END: OK
2019-11-08 03:26:04.130 29040 INFO rally.task.runner [-] Task af4baf90-e158-43c3-a4ea-37063d1638aa | ITER: 37 START
2019-11-08 03:26:04.132 29004 INFO rally.task.runner [-] Task af4baf90-e158-43c3-a4ea-37063d1638aa | ITER: 9 END: OK
2019-11-08 03:26:04.133 29045 INFO rally.task.runner [-] Task af4baf90-e158-43c3-a4ea-37063d1638aa | ITER: 19 END: OK
2019-11-08 03:26:04.139 29004 INFO rally.task.runner [-] Task af4baf90-e158-43c3-a4ea-37063d1638aa | ITER: 38 START
2019-11-08 03:26:04.140 29045 INFO rally.task.runner [-] Task af4baf90-e158-43c3-a4ea-37063d1638aa | ITER: 39 START
2019-11-08 03:26:04.146 29048 INFO rally.task.runner [-] Task af4baf90-e158-43c3-a4ea-37063d1638aa | ITER: 20 END: OK
2019-11-08 03:26:04.152 29048 INFO rally.task.runner [-] Task af4baf90-e158-43c3-a4ea-37063d1638aa | ITER: 40 START
2019-11-08 03:26:04.244 29013 INFO rally.task.runner [-] Task af4baf90-e158-43c3-a4ea-37063d1638aa | ITER: 23 END: OK
2019-11-08 03:26:04.290 29011 INFO rally.task.runner [-] Task af4baf90-e158-43c3-a4ea-37063d1638aa | ITER: 24 END: OK
2019-11-08 03:26:04.364 29018 INFO rally.task.runner [-] Task af4baf90-e158-43c3-a4ea-37063d1638aa | ITER: 32 END: OK
2019-11-08 03:26:04.371 29002 INFO rally.task.runner [-] Task af4baf90-e158-43c3-a4ea-37063d1638aa | ITER: 27 END: OK
2019-11-08 03:26:04.382 29003 INFO rally.task.runner [-] Task af4baf90-e158-43c3-a4ea-37063d1638aa | ITER: 30 END: OK
2019-11-08 03:26:04.442 29001 INFO rally.task.runner [-] Task af4baf90-e158-43c3-a4ea-37063d1638aa | ITER: 22 END: OK
2019-11-08 03:26:04.443 29001 INFO rally.task.runner [-] Task af4baf90-e158-43c3-a4ea-37063d1638aa | ITER: 25 END: OK
2019-11-08 03:26:04.521 29023 INFO rally.task.runner [-] Task af4baf90-e158-43c3-a4ea-37063d1638aa | ITER: 21 END: OK
2019-11-08 03:26:04.527 29039 INFO rally.task.runner [-] Task af4baf90-e158-43c3-a4ea-37063d1638aa | ITER: 34 END: OK
2019-11-08 03:26:04.557 29006 INFO rally.task.runner [-] Task af4baf90-e158-43c3-a4ea-37063d1638aa | ITER: 28 END: OK
2019-11-08 03:26:04.565 29029 INFO rally.task.runner [-] Task af4baf90-e158-43c3-a4ea-37063d1638aa | ITER: 36 END: OK
2019-11-08 03:26:04.597 29045 INFO rally.task.runner [-] Task af4baf90-e158-43c3-a4ea-37063d1638aa | ITER: 39 END: OK
2019-11-08 03:26:04.755 29024 INFO rally.task.runner [-] Task af4baf90-e158-43c3-a4ea-37063d1638aa | ITER: 29 END: OK
2019-11-08 03:26:04.776 29002 INFO rally.task.runner [-] Task af4baf90-e158-43c3-a4ea-37063d1638aa | ITER: 31 END: OK
2019-11-08 03:26:04.808 29003 INFO rally.task.runner [-] Task af4baf90-e158-43c3-a4ea-37063d1638aa | ITER: 26 END: OK
2019-11-08 03:26:05.032 29004 INFO rally.task.runner [-] Task af4baf90-e158-43c3-a4ea-37063d1638aa | ITER: 33 END: OK
2019-11-08 03:26:05.032 29036 INFO rally.task.runner [-] Task af4baf90-e158-43c3-a4ea-37063d1638aa | ITER: 35 END: OK
2019-11-08 03:26:05.047 29004 INFO rally.task.runner [-] Task af4baf90-e158-43c3-a4ea-37063d1638aa | ITER: 38 END: OK
2019-11-08 03:26:05.065 29040 INFO rally.task.runner [-] Task af4baf90-e158-43c3-a4ea-37063d1638aa | ITER: 37 END: OK
2019-11-08 03:26:05.097 29048 INFO rally.task.runner [-] Task af4baf90-e158-43c3-a4ea-37063d1638aa | ITER: 40 END: OK
2019-11-08 03:26:05.124 24145 INFO rally.task.context [-] Task af4baf90-e158-43c3-a4ea-37063d1638aa | Context admin_cleanup@openstack cleanup() started
2019-11-08 03:26:05.128 24145 RALLYDEBUG rally_openstack.cleanup.manager [-] Cleaning up neutron quota objects
2019-11-08 03:26:06.606 24145 INFO rally.task.context [-] Task af4baf90-e158-43c3-a4ea-37063d1638aa | Context admin_cleanup@openstack cleanup() finished in 1.48 sec
2019-11-08 03:26:06.607 24145 INFO rally.task.context [-] Task af4baf90-e158-43c3-a4ea-37063d1638aa | Context users@openstack cleanup() started
2019-11-08 03:26:26.135 24145 INFO rally.task.context [-] Task af4baf90-e158-43c3-a4ea-37063d1638aa | Context users@openstack cleanup() finished in 19.53 sec
2019-11-08 03:26:26.211 24145 INFO rally.task.engine [-] Load duration is: 1.913479
2019-11-08 03:26:26.211 24145 INFO rally.task.engine [-] Full runner duration is: 1.970343
2019-11-08 03:26:26.212 24145 INFO rally.task.engine [-] Full duration is: 28.165257
2019-11-08 03:26:26.510 24145 INFO rally.task.engine [-] Running workload: position = 0 config = { "version": 2, "title": "A cropped version of a bigger task.", "description": "Auto-generated task from a single workload (uuid=3b1728b0-4087-456f-9d6a-d0312cdaad5b)", "subtasks": [ { "title": "NeutronTrunks.create_and_list_trunks", "description": "Create and a given number of trunks with subports and list all trunks", "scenario": { "NeutronTrunks.create_and_list_trunks": { "subport_count": 125 } }, "contexts": { "users": { "tenants": 1, "users_per_tenant": 1 }, "quotas": { "neutron": { "network": -1, "port": 1000 } } }, "runner": { "constant": { "times": 4, "concurrency": 4 } }, "hooks": [], "sla": { "failure_rate": { "max": 0 } } } ] }
2019-11-08 03:26:26.534 24145 RALLYDEBUG rally_openstack.contexts.keystone.users [-] Creating 1 tenants using 20 threads
2019-11-08 03:26:27.496 24145 RALLYDEBUG rally_openstack.contexts.keystone.users [-] Creating 1 users using 20 threads
2019-11-08 03:26:28.786 24145 INFO rally.task.context [-] Task af4baf90-e158-43c3-a4ea-37063d1638aa | Context users@openstack setup() finished in 2.25 sec
2019-11-08 03:26:29.314 24145 INFO rally.task.context [-] Task af4baf90-e158-43c3-a4ea-37063d1638aa | Context quotas@openstack setup() finished in 0.53 sec
2019-11-08 03:26:29.315 24145 INFO rally.task.context [-] Task af4baf90-e158-43c3-a4ea-37063d1638aa | Context cleanup@openstack setup() finished in 0.01 msec
2019-11-08 03:26:29.324 24145 RALLYDEBUG rally.task.runner [-] Starting the constant runner (task UUID: af4baf90-e158-43c3-a4ea-37063d1638aa). times: 4 concurrency: 4 timeout: 0 max_cpu_used: 16 processes_to_start: 4 concurrency_per_worker: 1 concurrency_overhead: 0
2019-11-08 03:26:29.335 29191 RALLYDEBUG rally.task.runner [-] Starting a worker. times: 4 duration: None concurrency: 1 timeout: 0 cls: method_name: run args: {"subport_count": 125}
2019-11-08 03:26:29.339 29192 RALLYDEBUG rally.task.runner [-] Starting a worker. times: 4 duration: None concurrency: 1 timeout: 0 cls: method_name: run args: {"subport_count": 125}
2019-11-08 03:26:29.341 29191 INFO rally.task.runner [-] Task af4baf90-e158-43c3-a4ea-37063d1638aa | ITER: 1 START
2019-11-08 03:26:29.343 29193 RALLYDEBUG rally.task.runner [-] Starting a worker. times: 4 duration: None concurrency: 1 timeout: 0 cls: method_name: run args: {"subport_count": 125}
2019-11-08 03:26:29.345 29192 INFO rally.task.runner [-] Task af4baf90-e158-43c3-a4ea-37063d1638aa | ITER: 2 START
2019-11-08 03:26:29.346 29196 RALLYDEBUG rally.task.runner [-] Starting a worker. times: 4 duration: None concurrency: 1 timeout: 0 cls: method_name: run args: {"subport_count": 125}
2019-11-08 03:26:29.348 29193 INFO rally.task.runner [-] Task af4baf90-e158-43c3-a4ea-37063d1638aa | ITER: 3 START
2019-11-08 03:26:29.352 29196 INFO rally.task.runner [-] Task af4baf90-e158-43c3-a4ea-37063d1638aa | ITER: 4 START
2019-11-08 03:27:40.876 29196 INFO rally.task.runner [-] Task af4baf90-e158-43c3-a4ea-37063d1638aa | ITER: 4 END: OK
2019-11-08 03:27:40.994 29192 INFO rally.task.runner [-] Task af4baf90-e158-43c3-a4ea-37063d1638aa | ITER: 2 END: OK
2019-11-08 03:27:41.665 29193 INFO rally.task.runner [-] Task af4baf90-e158-43c3-a4ea-37063d1638aa | ITER: 3 END: OK
2019-11-08 03:27:44.700 29191 INFO rally.task.runner [-] Task af4baf90-e158-43c3-a4ea-37063d1638aa | ITER: 1 END: OK
2019-11-08 03:27:44.729 24145 INFO rally.task.context [-] Task af4baf90-e158-43c3-a4ea-37063d1638aa | Context cleanup@openstack cleanup() started
2019-11-08 03:27:44.732 24145 RALLYDEBUG rally_openstack.cleanup.manager [-] Cleaning up neutron vip objects
2019-11-08 03:27:45.135 24145 RALLYDEBUG rally_openstack.cleanup.manager [-] Cleaning up neutron health_monitor objects
2019-11-08 03:27:45.531 24145 RALLYDEBUG rally_openstack.cleanup.manager [-] Cleaning up neutron pool objects
2019-11-08 03:27:45.939 24145 RALLYDEBUG rally_openstack.cleanup.manager [-] Cleaning up neutron loadbalancer objects
2019-11-08 03:27:46.311 24145 RALLYDEBUG rally_openstack.cleanup.manager [-] Cleaning up neutron floatingip objects
2019-11-08 03:27:46.729 24145 RALLYDEBUG rally_openstack.cleanup.manager [-] Cleaning up neutron trunk objects
2019-11-08 03:27:47.185 24145 RALLYDEBUG rally_openstack.cleanup.manager [-] Deleting neutron.trunk object s_rally_3b1728b0_zo5brkAC (145ebab3-34d8-4179-849c-755424490c4e)
2019-11-08 03:27:47.194 24145 RALLYDEBUG rally_openstack.cleanup.manager [-] Deleting neutron.trunk object s_rally_3b1728b0_LimCAQos (249cf79a-2004-4b37-8cc8-0e415b96ca6c)
2019-11-08 03:27:47.203 24145 RALLYDEBUG rally_openstack.cleanup.manager [-] Deleting neutron.trunk object s_rally_3b1728b0_P9NOXLOW (643e1312-f2ae-4c4e-9b9b-66bd9ca23f32)
2019-11-08 03:27:47.216 24145 RALLYDEBUG rally_openstack.cleanup.manager [-] Deleting neutron.trunk object s_rally_3b1728b0_gXNmC6Zn (e1f6b02c-6e5f-44d9-a9e5-fcb109490eb6)
2019-11-08 03:27:49.231 24145 RALLYDEBUG rally_openstack.cleanup.manager [-] Cleaning up neutron port objects
2019-11-08 03:27:51.269 24145 RALLYDEBUG rally_openstack.cleanup.manager [-] Deleting neutron.port object s_rally_3b1728b0_YoqjG0rc (012edadc-1c0b-4e89-9d35-3ac86c843e57)
2019-11-08 03:27:51.275 24145 RALLYDEBUG rally_openstack.cleanup.manager [-] Deleting neutron.port object s_rally_3b1728b0_4EkKhYtb (016e7143-9fdd-4cf6-bea4-9eebe9d9caa4)
2019-11-08 03:27:51.287 24145 RALLYDEBUG rally_openstack.cleanup.manager [-] Deleting neutron.port object s_rally_3b1728b0_A5t2yjeZ (01fe538e-c7c1-4725-86eb-89d6f5b7c030)
2019-11-08 03:27:51.297 24145 RALLYDEBUG rally_openstack.cleanup.manager [-] Deleting neutron.port object s_rally_3b1728b0_tPHcmbSJ (0207c9bf-4821-41da-86ff-6abda6d5aa43)
2019-11-08 03:27:51.303 24145 RALLYDEBUG rally_openstack.cleanup.manager [-] Deleting neutron.port object s_rally_3b1728b0_g6EYHis1 (027156f2-b0db-4b1f-9b83-b553ea0cf84c)
2019-11-08 03:27:51.317 24145 RALLYDEBUG rally_openstack.cleanup.manager [-] Deleting neutron.port object s_rally_3b1728b0_hVoc82zH (02ef48be-0000-4207-a2a9-52eb263c65f6)
2019-11-08 03:27:51.325 24145 RALLYDEBUG rally_openstack.cleanup.manager [-] Deleting neutron.port object s_rally_3b1728b0_3ivSLH6x (02f57327-43bc-4327-9fd5-56ae31bdfea7)
2019-11-08 03:27:51.334 24145 RALLYDEBUG rally_openstack.cleanup.manager [-] Deleting neutron.port object s_rally_3b1728b0_5sUVlNa3 (033a3908-dabd-42ff-8ff0-5846227f777e)
2019-11-08 03:27:51.341 24145 RALLYDEBUG rally_openstack.cleanup.manager [-] Deleting neutron.port object s_rally_3b1728b0_1H579grd (039a2970-0516-4047-9f7c-1d76152c219f)
2019-11-08 03:27:51.355 24145 RALLYDEBUG rally_openstack.cleanup.manager [-] Deleting neutron.port object s_rally_3b1728b0_kSWpcgqD (03b1edc8-c1e0-4c3c-9c10-f8af5483edbc)
2019-11-08 03:27:51.363 24145 RALLYDEBUG rally_openstack.cleanup.manager [-] Deleting neutron.port object s_rally_3b1728b0_uSDUReE4 (03dec599-6f4c-4540-b60e-8419a7b9e8e3)
2019-11-08 03:27:51.369 24145 RALLYDEBUG rally_openstack.cleanup.manager [-] Deleting neutron.port object s_rally_3b1728b0_AG77rqSf (03f6fc90-bae5-410f-ba32-c81281b3f949)
2019-11-08 03:27:51.381 24145 RALLYDEBUG rally_openstack.cleanup.manager [-] Deleting neutron.port object s_rally_3b1728b0_5K30R28J (0416860c-36d1-4e94-b6df-82a122abf85f)
2019-11-08 03:27:51.392 24145 RALLYDEBUG rally_openstack.cleanup.manager [-] Deleting neutron.port object s_rally_3b1728b0_NkbyUo8P (04464a6c-e0ac-4f35-bed5-355c2030381f)
2019-11-08 03:27:51.397 24145 RALLYDEBUG rally_openstack.cleanup.manager [-] Deleting neutron.port object s_rally_3b1728b0_pxb1T38y (04790dfe-8864-4918-8f82-d710137c1f68)
2019-11-08 03:27:51.411 24145 RALLYDEBUG rally_openstack.cleanup.manager [-] Deleting neutron.port object s_rally_3b1728b0_RlSl9S3b (04b0cb8f-5288-4ec5-81b3-56dae7129179)
2019-11-08 03:27:51.425 24145 RALLYDEBUG rally_openstack.cleanup.manager [-] Deleting neutron.port object s_rally_3b1728b0_PLPR2mXm (04cc56a4-8ff5-4b0d-aa06-34ba2336aa54)
2019-11-08 03:27:51.429 24145 RALLYDEBUG rally_openstack.cleanup.manager [-] Deleting neutron.port object s_rally_3b1728b0_dbxXPsKj (0518b3de-e1c5-4d94-aa07-3b73fb7fd7ba)
2019-11-08 03:27:51.442 24145 RALLYDEBUG rally_openstack.cleanup.manager [-] Deleting neutron.port object s_rally_3b1728b0_IkzxZ2Ni (05c36251-8524-413c-a626-ca04efd3576e)
2019-11-08 03:27:51.456 24145 RALLYDEBUG rally_openstack.cleanup.manager [-] Deleting neutron.port object s_rally_3b1728b0_AYrWMQFZ (07313c4c-e70e-4c63-87fa-fc030a92579b)
2019-11-08 03:27:53.221 24145 RALLYDEBUG rally_openstack.cleanup.manager [-] Deleting neutron.port object s_rally_3b1728b0_7ybwpSFk (079a4253-a668-4138-afa4-e4945c6d5547)
2019-11-08 03:27:53.360 24145 RALLYDEBUG rally_openstack.cleanup.manager [-] Deleting neutron.port object s_rally_3b1728b0_tf0nRMnQ (08056a13-ecfd-49e7-ad6c-35318ea26a26)
2019-11-08 03:27:53.417 24145 RALLYDEBUG rally_openstack.cleanup.manager [-] Deleting neutron.port object s_rally_3b1728b0_wVNsJn4k (08116ab7-165f-4992-b50c-c2653525f442)
2019-11-08 03:27:53.468 24145 RALLYDEBUG rally_openstack.cleanup.manager [-] Deleting neutron.port object s_rally_3b1728b0_uE1mJbLW (0959e3fe-2753-429c-a84a-c7d5f906ecb7)
2019-11-08 03:27:53.535 24145 RALLYDEBUG rally_openstack.cleanup.manager [-] Deleting neutron.port object s_rally_3b1728b0_pIZFLa3I (0a81e42c-abea-46a2-94b1-4878b45149ea)
2019-11-08 03:27:53.548 24145 RALLYDEBUG rally_openstack.cleanup.manager [-] Deleting neutron.port object s_rally_3b1728b0_5SRO6xET (0b92c443-05bf-45ea-9bb0-bb553d451431)
2019-11-08 03:27:53.560 24145 RALLYDEBUG rally_openstack.cleanup.manager [-] Deleting neutron.port object s_rally_3b1728b0_SYfzHXQW (0c156301-1e72-47e2-b78f-fa59ae6f51f3)
2019-11-08 03:27:53.568 24145 RALLYDEBUG rally_openstack.cleanup.manager [-] Deleting neutron.port object s_rally_3b1728b0_AdYiB8Ym (0c3541da-c5df-40ef-a689-7d10cd03aa31)
2019-11-08 03:27:53.655 24145 RALLYDEBUG rally_openstack.cleanup.manager [-] Deleting neutron.port object s_rally_3b1728b0_B1Hzd09c (0cc45b50-7c4d-4305-9948-98a62f40e727)
2019-11-08 03:27:53.659 24145 RALLYDEBUG rally_openstack.cleanup.manager [-] Deleting neutron.port object s_rally_3b1728b0_2a8nmjlS (0d0a6e8a-b074-4f4f-9d8a-582eb159f449)
2019-11-08 03:27:53.734 24145 RALLYDEBUG rally_openstack.cleanup.manager [-] Deleting neutron.port object s_rally_3b1728b0_AwAaOVu7 (0d352e30-04cf-42e0-b822-6ec6135c80ac)
2019-11-08 03:27:53.844 24145 RALLYDEBUG rally_openstack.cleanup.manager [-] Deleting neutron.port object s_rally_3b1728b0_yUWNOJsF (0d4eea88-25cc-43d2-a237-b77d919fc3b2)
2019-11-08 03:27:53.878 24145 RALLYDEBUG rally_openstack.cleanup.manager [-] Deleting neutron.port object s_rally_3b1728b0_b0ddIRqP (0d5788cc-ead7-421b-9759-faa26705cf4b)
2019-11-08 03:27:53.908 24145 RALLYDEBUG rally_openstack.cleanup.manager [-] Deleting neutron.port object s_rally_3b1728b0_LNwZjnKw (0df606d7-b4c4-4529-a7fb-e4506b832e5d)
2019-11-08 03:27:53.943 24145 RALLYDEBUG rally_openstack.cleanup.manager [-] Deleting neutron.port object s_rally_3b1728b0_rMSGYbrs (0ea5523a-dccf-44aa-9535-527fec8e910a)
2019-11-08 03:27:53.995 24145 RALLYDEBUG rally_openstack.cleanup.manager [-] Deleting neutron.port object s_rally_3b1728b0_WGvYZtvQ (10ccbdfa-529e-4c3a-86a9-3c9b976daef5)
2019-11-08 03:27:54.206 24145 RALLYDEBUG rally_openstack.cleanup.manager [-] Deleting neutron.port object s_rally_3b1728b0_kpkXB8z5 (11918d47-f715-4a46-97bf-ebcfa0b64257)
2019-11-08 03:27:54.596 24145 RALLYDEBUG rally_openstack.cleanup.manager [-] Deleting neutron.port object s_rally_3b1728b0_QhKN8GKg (12b91084-e62a-47ff-b864-4eff94535361)
2019-11-08 03:27:54.605 24145 RALLYDEBUG rally_openstack.cleanup.manager [-] Deleting neutron.port object s_rally_3b1728b0_ghlokBSg (132bbce2-339c-4483-8f3f-5636072771be)
2019-11-08 03:27:54.613 24145 RALLYDEBUG rally_openstack.cleanup.manager [-] Deleting neutron.port object s_rally_3b1728b0_tZpC2UcS (13760fb6-cd51-44c3-ac35-5b0943d02158)
2019-11-08 03:27:54.945 24145 RALLYDEBUG rally_openstack.cleanup.manager [-] Deleting neutron.port object s_rally_3b1728b0_WhQlKLEe (14067aa9-c500-41cb-95d2-a20a7335acc7)
2019-11-08 03:27:55.189 24145 RALLYDEBUG rally_openstack.cleanup.manager [-] Deleting neutron.port object s_rally_3b1728b0_6Sxdr0TO (15e3bc24-92d2-4716-bda4-95826b5ef950)
2019-11-08 03:27:55.206 24145 RALLYDEBUG rally_openstack.cleanup.manager [-] Deleting neutron.port object s_rally_3b1728b0_NnDsFlch (1647f65d-a128-4a33-8d5e-d5ec0aaeb448)
2019-11-08 03:27:55.211 24145 RALLYDEBUG rally_openstack.cleanup.manager [-] Deleting neutron.port object s_rally_3b1728b0_p9iXr5sN (165180c8-a589-40fe-86b7-479031dc4fbb)
2019-11-08 03:27:55.354 24145 RALLYDEBUG rally_openstack.cleanup.manager [-] Deleting neutron.port object s_rally_3b1728b0_R3YLpdJj (16f17e2a-1824-46cf-9f8f-c542d84496dc)
2019-11-08 03:27:55.402 24145 RALLYDEBUG rally_openstack.cleanup.manager [-] Deleting neutron.port object s_rally_3b1728b0_3hSvaSTZ (171a9c68-ba26-4786-82a0-db07d73df47f)
2019-11-08 03:27:55.432 24145 RALLYDEBUG rally_openstack.cleanup.manager [-] Deleting neutron.port object s_rally_3b1728b0_VF9vwjZK (17acbd2e-1093-4753-91d0-06168ff98800)
2019-11-08 03:27:55.482 24145 RALLYDEBUG rally_openstack.cleanup.manager [-] Deleting neutron.port object s_rally_3b1728b0_YnAYNWxp (17e07188-335b-47dc-a6a2-eeab42704435)
2019-11-08 03:27:55.511 24145 RALLYDEBUG rally_openstack.cleanup.manager [-] Deleting neutron.port object s_rally_3b1728b0_co96xu3B (183c029c-3915-4947-b72d-de1ab342ba10)
2019-11-08 03:27:55.637 24145 RALLYDEBUG rally_openstack.cleanup.manager [-] Deleting neutron.port object s_rally_3b1728b0_PdIaXfdv (18c70d0b-826f-4715-a2e6-9c30a6bd58d9)
2019-11-08 03:27:55.645 24145 RALLYDEBUG rally_openstack.cleanup.manager [-] Deleting neutron.port object s_rally_3b1728b0_Y0SINx4L (18e3022f-2dac-4a1f-a041-b250a5a8b537)
2019-11-08 03:27:55.654 24145 RALLYDEBUG rally_openstack.cleanup.manager [-] Deleting neutron.port object s_rally_3b1728b0_D0Nf6ePR (19587755-b91e-4ce5-9b0c-13e62932ede9)
2019-11-08 03:27:55.661 24145 RALLYDEBUG rally_openstack.cleanup.manager [-] Deleting neutron.port object s_rally_3b1728b0_6mUgtIeo (19d1ccca-16ad-4acc-b5a3-4bccd67b037f)
2019-11-08 03:27:55.682 24145 RALLYDEBUG rally_openstack.cleanup.manager [-] Deleting neutron.port object s_rally_3b1728b0_qVnZT2PM (1a5298f8-9f14-4939-afef-7ae891996dcf)
2019-11-08 03:27:55.970 24145 RALLYDEBUG rally_openstack.cleanup.manager [-] Deleting neutron.port object s_rally_3b1728b0_oC0KEBET (1aaa25fc-4628-4e12-93ae-6bc740e95c98)
2019-11-08 03:27:56.008 24145 RALLYDEBUG rally_openstack.cleanup.manager [-] Deleting neutron.port object s_rally_3b1728b0_6fLmgBuh (1b37353c-4e0e-4f52-891b-f9f14953da1c)
2019-11-08 03:27:56.238 24145 RALLYDEBUG rally_openstack.cleanup.manager [-] Deleting neutron.port object s_rally_3b1728b0_sAEaExWS (1b4bf7e4-0434-42a1-8d6a-11e7258d082e)
2019-11-08 03:27:56.335 24145 RALLYDEBUG rally_openstack.cleanup.manager [-] Deleting neutron.port object s_rally_3b1728b0_zeUTHGAq (1bab4517-0799-4905-b1c8-05f7708baa31)
2019-11-08 03:27:56.359 24145 RALLYDEBUG rally_openstack.cleanup.manager [-] Deleting neutron.port object s_rally_3b1728b0_6kh4PjLC (1bb0c2fb-5fe7-44ba-b76b-72c715c1e81d)
2019-11-08 03:27:56.670 24145 RALLYDEBUG rally_openstack.cleanup.manager [-] Deleting neutron.port object s_rally_3b1728b0_T6nRDrPH (1c5e6e94-2739-49fd-bc20-cf706033fc26)
2019-11-08 03:27:56.679 24145 RALLYDEBUG rally_openstack.cleanup.manager [-] Deleting neutron.port object s_rally_3b1728b0_9CAjF1xm (1c786f45-befa-4767-a488-c53bd441ee77)
2019-11-08 03:27:56.915 24145 RALLYDEBUG rally_openstack.cleanup.manager [-] Deleting neutron.port object s_rally_3b1728b0_iA3uexR7 (1ca8602c-74e2-4757-900d-d2d8e3d07f0f)
2019-11-08 03:27:57.053 24145 RALLYDEBUG rally_openstack.cleanup.manager [-] Deleting neutron.port object s_rally_3b1728b0_9PaLhxi2 (1ccba540-6ed1-470a-9801-668a6180b353)
2019-11-08 03:27:57.159 24145 RALLYDEBUG rally_openstack.cleanup.manager [-] Deleting neutron.port object s_rally_3b1728b0_t4ezOVwb (1cda78ff-16ef-4e58-ad60-133b2cffb060)
2019-11-08 03:27:57.325 24145 RALLYDEBUG rally_openstack.cleanup.manager [-] Deleting neutron.port object s_rally_3b1728b0_ZBfNPbsa (1d00c45a-75c4-454f-8123-e2b55d875201)
2019-11-08 03:27:57.384 24145 RALLYDEBUG rally_openstack.cleanup.manager [-] Deleting neutron.port object s_rally_3b1728b0_Icdmt4Wk (1d9e5b9d-81db-4636-b38e-1d64878c0e26)
2019-11-08 03:27:57.433 24145 RALLYDEBUG rally_openstack.cleanup.manager [-] Deleting neutron.port object s_rally_3b1728b0_IbhL7foJ (1dc87317-e37d-4a7c-8fe7-c0e1715bc4d8)
2019-11-08 03:27:57.441 24145 RALLYDEBUG rally_openstack.cleanup.manager [-] Deleting neutron.port object s_rally_3b1728b0_wDB3PatX (1df5eb1b-001a-4b5f-a37f-0de71b900158)
2019-11-08 03:27:57.449 24145 RALLYDEBUG rally_openstack.cleanup.manager [-] Deleting neutron.port object s_rally_3b1728b0_8RkB57iF (1e850634-908c-4c00-88e7-98cf119ef68b)
2019-11-08 03:27:57.455 24145 RALLYDEBUG rally_openstack.cleanup.manager [-] Deleting neutron.port object s_rally_3b1728b0_190xA5DL (1ec53084-b08c-42b9-a104-bac21eaf10ea)
2019-11-08 03:27:57.525 24145 RALLYDEBUG rally_openstack.cleanup.manager [-] Deleting neutron.port object s_rally_3b1728b0_GnXc7fc7 (1f63f55e-b39b-48b1-b3fd-e8c302a63d32)
2019-11-08 03:27:57.549 24145 RALLYDEBUG rally_openstack.cleanup.manager [-] Deleting neutron.port object s_rally_3b1728b0_ZYGj78Kt (1f672abd-d8b8-4fe9-af20-1f920387b3c8)
2019-11-08 03:27:57.569 24145 RALLYDEBUG rally_openstack.cleanup.manager [-] Deleting neutron.port object s_rally_3b1728b0_1Sk8qGIH (1fb726b5-3d68-46e0-a3c3-bde0a99781fa)
2019-11-08 03:27:57.686 24145 RALLYDEBUG rally_openstack.cleanup.manager [-] Deleting neutron.port object s_rally_3b1728b0_ewOP2jRH (209d73ea-e6d8-4927-98a6-e814631cf238)
2019-11-08 03:27:57.753 24145 RALLYDEBUG rally_openstack.cleanup.manager [-] Deleting neutron.port object s_rally_3b1728b0_VtvF0Osf (221f9561-b3e5-498b-b0a4-dbdef18e4cbc)
2019-11-08 03:27:57.796 24145 RALLYDEBUG rally_openstack.cleanup.manager [-] Deleting neutron.port object s_rally_3b1728b0_seKGz34p (22d5d15b-8750-423d-a499-f22bec8454b9)
2019-11-08 03:27:57.978 24145 RALLYDEBUG rally_openstack.cleanup.manager [-] Deleting neutron.port object s_rally_3b1728b0_lVdPuz2l (231bd532-e466-4007-bf44-b8d98870ca1c)
2019-11-08 03:27:58.016 24145 RALLYDEBUG rally_openstack.cleanup.manager [-] Deleting neutron.port object s_rally_3b1728b0_oSlGgAEY (23a7d3f8-1852-4d46-a013-1c89cbd4aa3c)
2019-11-08 03:27:58.070 24145 RALLYDEBUG rally_openstack.cleanup.manager [-] Deleting neutron.port object s_rally_3b1728b0_lFW5ymKc (23ebde3e-0331-4a33-85d4-a8433e035801)
2019-11-08 03:27:58.393 24145 RALLYDEBUG rally_openstack.cleanup.manager [-] Deleting neutron.port object s_rally_3b1728b0_ZoC0lhtV (244e0c02-3010-4dfb-b785-dadba19f5f7e)
2019-11-08 03:27:58.402 24145 RALLYDEBUG rally_openstack.cleanup.manager [-] Deleting neutron.port object s_rally_3b1728b0_VkdImPr3 (259ac6bf-610d-458c-9dfa-e152b787a49d)
2019-11-08 03:27:58.780 24145 RALLYDEBUG rally_openstack.cleanup.manager [-] Deleting neutron.port object s_rally_3b1728b0_hQ6IdxWe (25b0afab-4d41-4272-bda2-796a391ebcad)
2019-11-08 03:27:58.908 24145 RALLYDEBUG rally_openstack.cleanup.manager [-] Deleting neutron.port object s_rally_3b1728b0_VRJQTxb8 (263b3b64-86d2-4ddc-b901-1dce314a9faa)
2019-11-08 03:27:58.913 24145 RALLYDEBUG rally_openstack.cleanup.manager [-] Deleting neutron.port object s_rally_3b1728b0_9KSYcFG3 (26ab7955-d17f-4a05-b919-d1ec0d16dd24)
2019-11-08 03:27:59.208 24145 RALLYDEBUG rally_openstack.cleanup.manager [-] Deleting neutron.port object s_rally_3b1728b0_Phs1y5KH (276b8fa5-edda-4f42-b262-27a0a292642d)
2019-11-08 03:27:59.248 24145 RALLYDEBUG rally_openstack.cleanup.manager [-] Deleting neutron.port object s_rally_3b1728b0_VkXKVoc2 (27b2b101-b201-4fed-a996-1af062d29ccb)
2019-11-08 03:27:59.326 24145 RALLYDEBUG rally_openstack.cleanup.manager [-] Deleting neutron.port object s_rally_3b1728b0_Uc50Mpaz (280ba0ab-1384-4b4d-b382-5f98afbfa8f5)
2019-11-08 03:27:59.335 24145 RALLYDEBUG rally_openstack.cleanup.manager [-] Deleting neutron.port object s_rally_3b1728b0_YhnCBLcM (28b8b8fc-973b-43eb-b304-4894160ee175)
2019-11-08 03:27:59.343 24145 RALLYDEBUG rally_openstack.cleanup.manager [-] Deleting neutron.port object s_rally_3b1728b0_bN0Bkq6I (28bbb6a0-e226-4994-b66a-16ae20566181)
2019-11-08 03:27:59.365 24145 RALLYDEBUG rally_openstack.cleanup.manager [-] Deleting neutron.port object s_rally_3b1728b0_gHlaQzAH (28da3200-a0d1-4fb6-885c-98e7fe12b508)
2019-11-08 03:27:59.377 24145 RALLYDEBUG rally_openstack.cleanup.manager [-] Deleting neutron.port object s_rally_3b1728b0_N4n5KCWM (293f0d90-b456-4dcf-8468-ea4820ea0006)
2019-11-08 03:27:59.434 24145 RALLYDEBUG rally_openstack.cleanup.manager [-] Deleting neutron.port object s_rally_3b1728b0_xgKA8MYM (29849b7e-0e54-4cfb-972e-1e278ec2526f)
2019-11-08 03:27:59.547 24145 RALLYDEBUG rally_openstack.cleanup.manager [-] Deleting neutron.port object s_rally_3b1728b0_rtYHb7Rw (29e0b64b-0fea-478e-aa3b-06caa97826e3)
2019-11-08 03:27:59.581 24145 RALLYDEBUG rally_openstack.cleanup.manager [-] Deleting neutron.port object s_rally_3b1728b0_Sd0SwJ53 (29ff113a-0498-4069-8a5e-fa4a35e2fe7d)
2019-11-08 03:27:59.586 24145 RALLYDEBUG rally_openstack.cleanup.manager [-] Deleting neutron.port object s_rally_3b1728b0_BEsGOa6t (2a41dbb5-93f0-4539-87b5-b0e064c60d41)
2019-11-08 03:27:59.718 24145 RALLYDEBUG rally_openstack.cleanup.manager [-] Deleting neutron.port object s_rally_3b1728b0_Pp4ZXtlU (2b83d2d0-310e-492a-9c8e-d3fc5685a9b9)
