2019-11-08 03:24:03.642 24145 RALLYDEBUG rally_openstack.cleanup.manager [-] Deleting neutron.port object s_rally_642d3c13_DFChK1Mt (d38a1db4-0f5e-4ff0-96e1-ed77e798ccb2)
2019-11-08 03:24:03.707 24145 RALLYDEBUG rally_openstack.cleanup.manager [-] Deleting neutron.port object s_rally_642d3c13_wGI82Khu (d3add30f-3a60-4c5c-8514-ad46fb1f1e28)
2019-11-08 03:24:04.009 24145 RALLYDEBUG rally_openstack.cleanup.manager [-] Deleting neutron.port object s_rally_642d3c13_n6laLjLt (d41683de-268b-4614-b6cd-eaaef8931096)
2019-11-08 03:24:04.026 24145 RALLYDEBUG rally_openstack.cleanup.manager [-] Deleting neutron.port object s_rally_642d3c13_gJ6ILYq3 (d4467528-80a7-425b-b9ec-cba4cc497945)
2019-11-08 03:24:04.047 24145 RALLYDEBUG rally_openstack.cleanup.manager [-] Deleting neutron.port object s_rally_642d3c13_mLJBUYiA (d5dacc0c-4aaa-49ee-b70d-4c3e23057918)
2019-11-08 03:24:04.098 24145 RALLYDEBUG rally_openstack.cleanup.manager [-] Deleting neutron.port object s_rally_642d3c13_hFlH5l3u (d6e45224-d922-4363-bcc1-634da29c4d1e)
2019-11-08 03:24:04.177 24145 RALLYDEBUG rally_openstack.cleanup.manager [-] Deleting neutron.port object s_rally_642d3c13_Fe7GyJe2 (d7242e5b-243c-43f1-82f6-7c40d21108b7)
2019-11-08 03:24:04.194 24145 RALLYDEBUG rally_openstack.cleanup.manager [-] Deleting neutron.port object s_rally_642d3c13_kjNJkoqq (d7aafa68-0216-4fa1-8fa8-e3e704eb32f8)
2019-11-08 03:24:04.394 24145 RALLYDEBUG rally_openstack.cleanup.manager [-] Deleting neutron.port object s_rally_642d3c13_IXzkYIlE (d8ff3e52-f693-4a3a-8053-209edbfd3347)
2019-11-08 03:24:04.491 24145 RALLYDEBUG rally_openstack.cleanup.manager [-] Deleting neutron.port object s_rally_642d3c13_roipx56e (da73e201-3603-4b50-98f5-75569f89039b)
2019-11-08 03:24:04.505 24145 RALLYDEBUG rally_openstack.cleanup.manager [-] Deleting neutron.port object s_rally_642d3c13_gBzuZm7W (dadb815b-d893-45ca-a09e-607f1347700c)
2019-11-08 03:24:04.536 24145 RALLYDEBUG rally_openstack.cleanup.manager [-] Deleting neutron.port object s_rally_642d3c13_ijfE2O5L (dba337ce-1387-4716-ae3a-bae98751a7ee)
2019-11-08 03:24:04.572 24145 RALLYDEBUG rally_openstack.cleanup.manager [-] Deleting neutron.port object s_rally_642d3c13_SnP56z5F (dc61720e-886a-4c04-933c-4e47cf4ab967)
2019-11-08 03:24:04.866 24145 RALLYDEBUG rally_openstack.cleanup.manager [-] Deleting neutron.port object s_rally_642d3c13_AJcm7ljI (dd1b4005-12f6-42a4-ac40-342f71ead57c)
2019-11-08 03:24:04.919 24145 RALLYDEBUG rally_openstack.cleanup.manager [-] Deleting neutron.port object s_rally_642d3c13_mFzuXXxr (dd879ebe-7abb-4ec1-9a3f-9a1d95b9105d)
2019-11-08 03:24:04.949 24145 RALLYDEBUG rally_openstack.cleanup.manager [-] Deleting neutron.port object s_rally_642d3c13_Hsx3m5we (dda1936f-a0e5-4677-813e-68af16c72fd4)
2019-11-08 03:24:05.136 24145 RALLYDEBUG rally_openstack.cleanup.manager [-] Deleting neutron.port object s_rally_642d3c13_fd3leU3x (debd19e4-8b8c-4569-8cc9-58f0d511a450)
2019-11-08 03:24:05.139 24145 RALLYDEBUG rally_openstack.cleanup.manager [-] Deleting neutron.port object s_rally_642d3c13_tU3eh1ms (df2318db-c043-4fe3-97f0-a58f920c33ee)
2019-11-08 03:24:05.361 24145 RALLYDEBUG rally_openstack.cleanup.manager [-] Deleting neutron.port object s_rally_642d3c13_k0tRqwIJ (df5e9ed6-b94a-4109-89e0-8b9243730bdc)
2019-11-08 03:24:05.458 24145 RALLYDEBUG rally_openstack.cleanup.manager [-] Deleting neutron.port object s_rally_642d3c13_5pfVie1Y (dfb4b2dd-3d05-4654-9ff7-8694d56f6bdd)
2019-11-08 03:24:05.526 24145 RALLYDEBUG rally_openstack.cleanup.manager [-] Deleting neutron.port object s_rally_642d3c13_DU4OxLjs (e0b77786-8e16-4b0b-88ef-fc64042529a1)
2019-11-08 03:24:05.687 24145 RALLYDEBUG rally_openstack.cleanup.manager [-] Deleting neutron.port object s_rally_642d3c13_DZ4oVFan (e0b89668-70cc-4752-b7f7-156fd8b34e39)
2019-11-08 03:24:05.802 24145 RALLYDEBUG rally_openstack.cleanup.manager [-] Deleting neutron.port object s_rally_642d3c13_JVPBhxfL (e1ac5e5d-04a7-4def-9370-bfccf2146c48)
2019-11-08 03:24:05.808 24145 RALLYDEBUG rally_openstack.cleanup.manager [-] Deleting neutron.port object s_rally_642d3c13_HtlTJpUp (e273c1a0-045a-4cfc-9f1b-9b36ad2afd69)
2019-11-08 03:24:05.867 24145 RALLYDEBUG rally_openstack.cleanup.manager [-] Deleting neutron.port object s_rally_642d3c13_l6zaHZHW (e2abc25d-fe8c-45d3-9e84-7c90e4c5c502)
2019-11-08 03:24:05.893 24145 RALLYDEBUG rally_openstack.cleanup.manager [-] Deleting neutron.port object s_rally_642d3c13_fSQKu2yR (e31f4690-b70a-4bfd-8982-32008d1a970e)
2019-11-08 03:24:05.917 24145 RALLYDEBUG rally_openstack.cleanup.manager [-] Deleting neutron.port object s_rally_642d3c13_vZkzFrNb (e3be1b9f-5153-44a8-a233-5ca724b81d41)
2019-11-08 03:24:05.922 24145 RALLYDEBUG rally_openstack.cleanup.manager [-] Deleting neutron.port object s_rally_642d3c13_PsAZgXCx (e4195401-7389-4492-bcc5-32cac6f13f92)
2019-11-08 03:24:06.121 24145 RALLYDEBUG rally_openstack.cleanup.manager [-] Deleting neutron.port object s_rally_642d3c13_bBjymVrR (e41a7b15-207a-492f-91af-e455cffdf7fc)
2019-11-08 03:24:06.242 24145 RALLYDEBUG rally_openstack.cleanup.manager [-] Deleting neutron.port object s_rally_642d3c13_Y0jNKGrY (e5c3e586-d9a0-4144-8f34-5d736d679fba)
2019-11-08 03:24:06.267 24145 RALLYDEBUG rally_openstack.cleanup.manager [-] Deleting neutron.port object s_rally_642d3c13_SkCnKl4M (e634225b-c54d-4844-ab49-0d0abce44047)
2019-11-08 03:24:06.271 24145 RALLYDEBUG rally_openstack.cleanup.manager [-] Deleting neutron.port object s_rally_642d3c13_bk4k0AC2 (e63f2259-85d6-4c90-84ac-8cc10f59ce14)
2019-11-08 03:24:06.306 24145 RALLYDEBUG rally_openstack.cleanup.manager [-] Deleting neutron.port object s_rally_642d3c13_MRyXqZWf (e670a241-374e-432c-b3c7-4d39c0917797)
2019-11-08 03:24:06.586 24145 RALLYDEBUG rally_openstack.cleanup.manager [-] Deleting neutron.port object s_rally_642d3c13_dhpXY7ZN (e67880f7-0228-4764-a821-381d40b66569)
2019-11-08 03:24:06.861 24145 RALLYDEBUG rally_openstack.cleanup.manager [-] Deleting neutron.port object s_rally_642d3c13_s5pASYJV (e7ce57c4-a06b-4601-a6fa-f1eb6f4203cf)
2019-11-08 03:24:06.876 24145 RALLYDEBUG rally_openstack.cleanup.manager [-] Deleting neutron.port object s_rally_642d3c13_PIvyplHk (e881ed62-3b5f-41ae-8dda-349eac4e9b3c)
2019-11-08 03:24:06.906 24145 RALLYDEBUG rally_openstack.cleanup.manager [-] Deleting neutron.port object s_rally_642d3c13_nQfpoYt1 (e908c2cb-6e0c-4edf-b714-f6a72fd98675)
2019-11-08 03:24:06.940 24145 RALLYDEBUG rally_openstack.cleanup.manager [-] Deleting neutron.port object s_rally_642d3c13_4JCiRbBP (ea798a42-86ae-4ac9-84eb-d88765fc7d3a)
2019-11-08 03:24:07.185 24145 RALLYDEBUG rally_openstack.cleanup.manager [-] Deleting neutron.port object s_rally_642d3c13_HymYWIbB (ea820904-55ff-4017-991a-a0a5f4a8113b)
2019-11-08 03:24:07.293 24145 RALLYDEBUG rally_openstack.cleanup.manager [-] Deleting neutron.port object s_rally_642d3c13_zdxjXWMW (ea9512d0-6d9d-4cae-90e1-7f95c037cf11)
2019-11-08 03:24:07.413 24145 RALLYDEBUG rally_openstack.cleanup.manager [-] Deleting neutron.port object s_rally_642d3c13_bxsRLukz (ec44f596-9543-47f7-a7a2-c5a7c8b844df)
2019-11-08 03:24:07.559 24145 RALLYDEBUG rally_openstack.cleanup.manager [-] Deleting neutron.port object s_rally_642d3c13_lCzhni74 (ec8b971d-ddd6-4c10-a38c-fc215040b098)
2019-11-08 03:24:07.702 24145 RALLYDEBUG rally_openstack.cleanup.manager [-] Deleting neutron.port object s_rally_642d3c13_kqvVrsad (eccf1f83-65cd-4956-9aab-9e544c90e7e0)
2019-11-08 03:24:07.863 24145 RALLYDEBUG rally_openstack.cleanup.manager [-] Deleting neutron.port object s_rally_642d3c13_y2PJOZii (ed300d6d-b0b7-4d23-9633-ab9492736ab7)
2019-11-08 03:24:07.935 24145 RALLYDEBUG rally_openstack.cleanup.manager [-] Deleting neutron.port object s_rally_642d3c13_7dgzqSpD (ed4920b3-4fc6-4137-9b04-7a089c9a55a9)
2019-11-08 03:24:07.946 24145 RALLYDEBUG rally_openstack.cleanup.manager [-] Deleting neutron.port object s_rally_642d3c13_CS4a4kAO (ed9de122-3e77-4cb0-b1f5-50800b3cf159)
2019-11-08 03:24:08.023 24145 RALLYDEBUG rally_openstack.cleanup.manager [-] Deleting neutron.port object s_rally_642d3c13_H40surc5 (edb5c989-93c5-4ca2-858c-70c0835833e3)
2019-11-08 03:24:08.025 24145 RALLYDEBUG rally_openstack.cleanup.manager [-] Deleting neutron.port object s_rally_642d3c13_7r66tQQJ (eec342c9-6bb6-406b-b9ed-e6faa2cb76e9)
2019-11-08 03:24:08.060 24145 RALLYDEBUG rally_openstack.cleanup.manager [-] Deleting neutron.port object s_rally_642d3c13_BpTkHhkA (efb7b09a-6a11-4362-a153-bea8923fb139)
2019-11-08 03:24:08.076 24145 RALLYDEBUG rally_openstack.cleanup.manager [-] Deleting neutron.port object s_rally_642d3c13_kYQetkn7 (f0cd2fc3-e60f-4782-b5cf-44e398b0853e)
2019-11-08 03:24:08.136 24145 RALLYDEBUG rally_openstack.cleanup.manager [-] Deleting neutron.port object s_rally_642d3c13_u3tqlfEb (f0e7c0c9-00da-446e-9fd0-bf654b57968a)
2019-11-08 03:24:08.300 24145 RALLYDEBUG rally_openstack.cleanup.manager [-] Deleting neutron.port object s_rally_642d3c13_2lXTydsD (f3107761-ea60-422d-96c3-6c46dd3611fe)
2019-11-08 03:24:08.344 24145 RALLYDEBUG rally_openstack.cleanup.manager [-] Deleting neutron.port object s_rally_642d3c13_XBU54Qie (f406f9fb-ce53-48d1-8dda-c3bfe76d087d)
2019-11-08 03:24:08.402 24145 RALLYDEBUG rally_openstack.cleanup.manager [-] Deleting neutron.port object s_rally_642d3c13_TuqqomZj (f448f948-a0da-4f92-9ac0-d4e9fafa691c)
2019-11-08 03:24:08.592 24145 RALLYDEBUG rally_openstack.cleanup.manager [-] Deleting neutron.port object s_rally_642d3c13_jd18NUtN (f4588eaf-bfe3-4668-8896-d4cb0f48d9c9)
2019-11-08 03:24:08.619 24145 RALLYDEBUG rally_openstack.cleanup.manager [-] Deleting neutron.port object s_rally_642d3c13_JUsnLcou (f51e7538-0a7b-42bf-aabf-f5522b0b243f)
2019-11-08 03:24:08.640 24145 RALLYDEBUG rally_openstack.cleanup.manager [-] Deleting neutron.port object s_rally_642d3c13_MRjPC5GG (f55c2e99-ed03-4a91-8f93-07642c8ca661)
2019-11-08 03:24:08.676 24145 RALLYDEBUG rally_openstack.cleanup.manager [-] Deleting neutron.port object s_rally_642d3c13_U0ZccbLM (f5a027b7-5d02-4815-8298-be136eb7e961)
2019-11-08 03:24:08.906 24145 RALLYDEBUG rally_openstack.cleanup.manager [-] Deleting neutron.port object s_rally_642d3c13_EdYLTFsM (f5f43343-7a9c-4b42-a02f-94fd82cadfe3)
2019-11-08 03:24:09.006 24145 RALLYDEBUG rally_openstack.cleanup.manager [-] Deleting neutron.port object s_rally_642d3c13_fqoLOOV3 (f678f27a-9988-4a1d-b391-0a6b72f17398)
2019-11-08 03:24:09.262 24145 RALLYDEBUG rally_openstack.cleanup.manager [-] Deleting neutron.port object s_rally_642d3c13_dTWTjWNQ (f72ae19e-e476-4752-bbd9-531267420e86)
2019-11-08 03:24:09.433 24145 RALLYDEBUG rally_openstack.cleanup.manager [-] Deleting neutron.port object s_rally_642d3c13_90bn8mH0 (f797c9ad-6d23-449e-b65d-75e5b431979f)
2019-11-08 03:24:09.466 24145 RALLYDEBUG rally_openstack.cleanup.manager [-] Deleting neutron.port object s_rally_642d3c13_HC5beMbE (f9a25d5f-24cd-4166-980d-ef9d1cbda86c)
2019-11-08 03:24:09.639 24145 RALLYDEBUG rally_openstack.cleanup.manager [-] Deleting neutron.port object s_rally_642d3c13_3CWtsd0S (fb2a106d-1f02-40ef-8a76-434ba07c9dc0)
2019-11-08 03:24:09.675 24145 RALLYDEBUG rally_openstack.cleanup.manager [-] Deleting neutron.port object s_rally_642d3c13_4Uk5iUX5 (fb735951-8266-48a2-8a1b-c1900d1904ef)
2019-11-08 03:24:09.754 24145 RALLYDEBUG rally_openstack.cleanup.manager [-] Deleting neutron.port object s_rally_642d3c13_E4jDbRpj (fbc38158-4a26-468c-b004-6e22d7458ae9)
2019-11-08 03:24:09.840 24145 RALLYDEBUG rally_openstack.cleanup.manager [-] Deleting neutron.port object s_rally_642d3c13_KTbVn3w5 (fd094299-11b2-49ac-ab71-6503e45d184c)
2019-11-08 03:24:09.913 24145 RALLYDEBUG rally_openstack.cleanup.manager [-] Deleting neutron.port object s_rally_642d3c13_gc4kziul (ff71ff81-ec2b-4c54-8949-961cb39dbef7)
2019-11-08 03:24:11.672 24145 RALLYDEBUG rally_openstack.cleanup.manager [-] Cleaning up neutron subnet objects
2019-11-08 03:24:12.052 24145 RALLYDEBUG rally_openstack.cleanup.manager [-] Cleaning up neutron network objects
2019-11-08 03:24:12.768 24145 RALLYDEBUG rally_openstack.cleanup.manager [-] Deleting neutron.network object s_rally_642d3c13_w9Geww52 (2e0b66b0-d6e9-48dc-9b11-8bf59a465221)
2019-11-08 03:24:12.777 24145 RALLYDEBUG rally_openstack.cleanup.manager [-] Deleting neutron.network object s_rally_642d3c13_Mz2JOv3R (4f69b8ce-13d1-46f3-b91e-858f3ea2768d)
2019-11-08 03:24:12.786 24145 RALLYDEBUG rally_openstack.cleanup.manager [-] Deleting neutron.network object s_rally_642d3c13_XaeQAtyI (5c314672-e949-42d0-abbf-6776e45978c6)
2019-11-08 03:24:12.790 24145 RALLYDEBUG rally_openstack.cleanup.manager [-] Deleting neutron.network object s_rally_642d3c13_pGMObqxB (669d5d15-aa4c-4974-9680-31eaae7743fc)
2019-11-08 03:24:12.804 24145 RALLYDEBUG rally_openstack.cleanup.manager [-] Deleting neutron.network object s_rally_642d3c13_R7psrkJE (6fb6d32a-25c8-48c3-a159-984c53eebabf)
2019-11-08 03:24:12.824 24145 RALLYDEBUG rally_openstack.cleanup.manager [-] Deleting neutron.network object s_rally_642d3c13_gd94VYaY (7aac6dc5-d8b0-479a-a6c3-25b4ec224a15)
2019-11-08 03:24:12.829 24145 RALLYDEBUG rally_openstack.cleanup.manager [-] Deleting neutron.network object s_rally_642d3c13_0pgnuP7D (98711054-89e0-4e45-987a-c806cadb23cb)
2019-11-08 03:24:12.838 24145 RALLYDEBUG rally_openstack.cleanup.manager [-] Deleting neutron.network object s_rally_642d3c13_MOM5GbZm (d8e43295-f323-42bf-b7b2-35bc6ed23a70)
2019-11-08 03:24:15.386 24145 RALLYDEBUG rally_openstack.cleanup.manager [-] Cleaning up neutron router objects
2019-11-08 03:24:15.790 24145 RALLYDEBUG rally_openstack.cleanup.manager [-] Cleaning up neutron security_group objects
2019-11-08 03:24:16.176 24145 INFO rally.task.context [-] Task af4baf90-e158-43c3-a4ea-37063d1638aa | Context cleanup@openstack cleanup() finished in 46.99 sec
2019-11-08 03:24:16.176 24145 INFO rally.task.context [-] Task af4baf90-e158-43c3-a4ea-37063d1638aa | Context quotas@openstack cleanup() started
2019-11-08 03:24:16.254 24145 INFO rally.task.context [-] Task af4baf90-e158-43c3-a4ea-37063d1638aa | Context quotas@openstack cleanup() finished in 77.26 msec
2019-11-08 03:24:16.254 24145 INFO rally.task.context [-] Task af4baf90-e158-43c3-a4ea-37063d1638aa | Context users@openstack cleanup() started
2019-11-08 03:24:18.895 24145 INFO rally.task.context [-] Task af4baf90-e158-43c3-a4ea-37063d1638aa | Context users@openstack cleanup() finished in 2.64 sec
2019-11-08 03:24:20.614 24145 INFO rally.task.engine [-] Load duration is: 54.261246
2019-11-08 03:24:20.615 24145 INFO rally.task.engine [-] Full runner duration is: 54.30778
2019-11-08 03:24:20.615 24145 INFO rally.task.engine [-] Full duration is: 106.836185
2019-11-08 03:24:20.869 24145 INFO rally.task.engine [-] Running workload: position = 1 config = { "version": 2, "title": "A cropped version of a bigger task.", "description": "Auto-generated task from a single workload (uuid=ee038d4e-76ea-4b3d-a47d-22173b5a077b)", "subtasks": [ { "title": "NeutronNetworks.create_and_update_ports", "description": "Create and update a given number of ports.", "scenario": { "NeutronNetworks.create_and_update_ports": { "network_create_args": {}, "port_create_args": {}, "ports_per_network": 5, "port_update_args": { "admin_state_up": false, "device_id": "dummy_id", "device_owner": "dummy_owner", "name": "_port_updated" } } }, "contexts": { "users": { "tenants": 1, "users_per_tenant": 1 }, "quotas": { "neutron": { "network": -1, "port": -1 } } }, "runner": { "constant": { "times": 40, "concurrency": 20 } }, "hooks": [], "sla": { "failure_rate": { "max": 0 } } } ] }
2019-11-08 03:24:20.894 24145 RALLYDEBUG rally_openstack.contexts.keystone.users [-] Creating 1 tenants using 20 threads
2019-11-08 03:24:21.983 24145 RALLYDEBUG rally_openstack.contexts.keystone.users [-] Creating 1 users using 20 threads
2019-11-08 03:24:23.422 24145 INFO rally.task.context [-] Task af4baf90-e158-43c3-a4ea-37063d1638aa | Context users@openstack setup() finished in 2.53 sec
2019-11-08 03:24:23.976 24145 INFO rally.task.context [-] Task af4baf90-e158-43c3-a4ea-37063d1638aa | Context quotas@openstack setup() finished in 0.55 sec
2019-11-08 03:24:23.977 24145 INFO rally.task.context [-] Task af4baf90-e158-43c3-a4ea-37063d1638aa | Context cleanup@openstack setup() finished in 0.01 msec
2019-11-08 03:24:23.986 24145 RALLYDEBUG rally.task.runner [-] Starting the constant runner (task UUID: af4baf90-e158-43c3-a4ea-37063d1638aa). times: 40 concurrency: 20 timeout: 0 max_cpu_used: 16 processes_to_start: 16 concurrency_per_worker: 1 concurrency_overhead: 4
2019-11-08 03:24:23.997 28221 RALLYDEBUG rally.task.runner [-] Starting a worker. times: 40 duration: None concurrency: 2 timeout: 0 cls: method_name: run args: {"network_create_args": {}, "port_create_args": {}, "ports_per_network": 5, "port_update_args": {"admin_state_up": false, "device_id": "dummy_id", "device_owner": "dummy_owner", "name": "_port_updated"}}
2019-11-08 03:24:24.001 28222 RALLYDEBUG rally.task.runner [-] Starting a worker. times: 40 duration: None concurrency: 2 timeout: 0 cls: method_name: run args: {"network_create_args": {}, "port_create_args": {}, "ports_per_network": 5, "port_update_args": {"admin_state_up": false, "device_id": "dummy_id", "device_owner": "dummy_owner", "name": "_port_updated"}}
2019-11-08 03:24:24.005 28223 RALLYDEBUG rally.task.runner [-] Starting a worker. times: 40 duration: None concurrency: 2 timeout: 0 cls: method_name: run args: {"network_create_args": {}, "port_create_args": {}, "ports_per_network": 5, "port_update_args": {"admin_state_up": false, "device_id": "dummy_id", "device_owner": "dummy_owner", "name": "_port_updated"}}
2019-11-08 03:24:24.005 28221 INFO rally.task.runner [-] Task af4baf90-e158-43c3-a4ea-37063d1638aa | ITER: 1 START
2019-11-08 03:24:24.007 28221 WARNING rally_openstack.scenarios.neutron.utils [-] Running this scenario without either the 'network' or 'existing_network' context is deprecated
2019-11-08 03:24:24.009 28222 INFO rally.task.runner [-] Task af4baf90-e158-43c3-a4ea-37063d1638aa | ITER: 3 START
2019-11-08 03:24:24.010 28226 RALLYDEBUG rally.task.runner [-] Starting a worker. times: 40 duration: None concurrency: 2 timeout: 0 cls: method_name: run args: {"network_create_args": {}, "port_create_args": {}, "ports_per_network": 5, "port_update_args": {"admin_state_up": false, "device_id": "dummy_id", "device_owner": "dummy_owner", "name": "_port_updated"}}
2019-11-08 03:24:24.012 28223 INFO rally.task.runner [-] Task af4baf90-e158-43c3-a4ea-37063d1638aa | ITER: 4 START
2019-11-08 03:24:24.010 28222 INFO rally.task.runner [-] Task af4baf90-e158-43c3-a4ea-37063d1638aa | ITER: 5 START
2019-11-08 03:24:24.012 28222 WARNING rally_openstack.scenarios.neutron.utils [-] Running this scenario without either the 'network' or 'existing_network' context is deprecated
2019-11-08 03:24:24.012 28230 RALLYDEBUG rally.task.runner [-] Starting a worker. times: 40 duration: None concurrency: 1 timeout: 0 cls: method_name: run args: {"network_create_args": {}, "port_create_args": {}, "ports_per_network": 5, "port_update_args": {"admin_state_up": false, "device_id": "dummy_id", "device_owner": "dummy_owner", "name": "_port_updated"}}
2019-11-08 03:24:24.013 28223 WARNING rally_openstack.scenarios.neutron.utils [-] Running this scenario without either the 'network' or 'existing_network' context is deprecated
2019-11-08 03:24:24.016 28235 RALLYDEBUG rally.task.runner [-] Starting a worker. times: 40 duration: None concurrency: 1 timeout: 0 cls: method_name: run args: {"network_create_args": {}, "port_create_args": {}, "ports_per_network": 5, "port_update_args": {"admin_state_up": false, "device_id": "dummy_id", "device_owner": "dummy_owner", "name": "_port_updated"}}
2019-11-08 03:24:24.017 28230 INFO rally.task.runner [-] Task af4baf90-e158-43c3-a4ea-37063d1638aa | ITER: 8 START
2019-11-08 03:24:24.019 28230 WARNING rally_openstack.scenarios.neutron.utils [-] Running this scenario without either the 'network' or 'existing_network' context is deprecated
2019-11-08 03:24:24.019 28226 INFO rally.task.runner [-] Task af4baf90-e158-43c3-a4ea-37063d1638aa | ITER: 7 START
2019-11-08 03:24:24.014 28221 INFO rally.task.runner [-] Task af4baf90-e158-43c3-a4ea-37063d1638aa | ITER: 2 START
2019-11-08 03:24:24.020 28237 RALLYDEBUG rally.task.runner [-] Starting a worker. times: 40 duration: None concurrency: 1 timeout: 0 cls: method_name: run args: {"network_create_args": {}, "port_create_args": {}, "ports_per_network": 5, "port_update_args": {"admin_state_up": false, "device_id": "dummy_id", "device_owner": "dummy_owner", "name": "_port_updated"}}
2019-11-08 03:24:24.021 28226 INFO rally.task.runner [-] Task af4baf90-e158-43c3-a4ea-37063d1638aa | ITER: 9 START
2019-11-08 03:24:24.022 28226 WARNING rally_openstack.scenarios.neutron.utils [-] Running this scenario without either the 'network' or 'existing_network' context is deprecated
2019-11-08 03:24:24.022 28235 INFO rally.task.runner [-] Task af4baf90-e158-43c3-a4ea-37063d1638aa | ITER: 10 START
2019-11-08 03:24:24.013 28222 WARNING rally_openstack.scenarios.neutron.utils [-] Running this scenario without either the 'network' or 'existing_network' context is deprecated
2019-11-08 03:24:24.024 28235 WARNING rally_openstack.scenarios.neutron.utils [-] Running this scenario without either the 'network' or 'existing_network' context is deprecated
2019-11-08 03:24:24.014 28223 INFO rally.task.runner [-] Task af4baf90-e158-43c3-a4ea-37063d1638aa | ITER: 6 START
2019-11-08 03:24:24.024 28221 WARNING rally_openstack.scenarios.neutron.utils [-] Running this scenario without either the 'network' or 'existing_network' context is deprecated
2019-11-08 03:24:24.024 28242 RALLYDEBUG rally.task.runner [-] Starting a worker. times: 40 duration: None concurrency: 1 timeout: 0 cls: method_name: run args: {"network_create_args": {}, "port_create_args": {}, "ports_per_network": 5, "port_update_args": {"admin_state_up": false, "device_id": "dummy_id", "device_owner": "dummy_owner", "name": "_port_updated"}}
2019-11-08 03:24:24.025 28223 WARNING rally_openstack.scenarios.neutron.utils [-] Running this scenario without either the 'network' or 'existing_network' context is deprecated
2019-11-08 03:24:24.026 28237 INFO rally.task.runner [-] Task af4baf90-e158-43c3-a4ea-37063d1638aa | ITER: 11 START
2019-11-08 03:24:24.028 28237 WARNING rally_openstack.scenarios.neutron.utils [-] Running this scenario without either the 'network' or 'existing_network' context is deprecated
2019-11-08 03:24:24.031 28242 INFO rally.task.runner [-] Task af4baf90-e158-43c3-a4ea-37063d1638aa | ITER: 12 START
2019-11-08 03:24:24.023 28226 WARNING rally_openstack.scenarios.neutron.utils [-] Running this scenario without either the 'network' or 'existing_network' context is deprecated
2019-11-08 03:24:24.033 28242 WARNING rally_openstack.scenarios.neutron.utils [-] Running this scenario without either the 'network' or 'existing_network' context is deprecated
2019-11-08 03:24:24.033 28247 RALLYDEBUG rally.task.runner [-] Starting a worker. times: 40 duration: None concurrency: 1 timeout: 0 cls: method_name: run args: {"network_create_args": {}, "port_create_args": {}, "ports_per_network": 5, "port_update_args": {"admin_state_up": false, "device_id": "dummy_id", "device_owner": "dummy_owner", "name": "_port_updated"}}
2019-11-08 03:24:24.037 28250 RALLYDEBUG rally.task.runner [-] Starting a worker. times: 40 duration: None concurrency: 1 timeout: 0 cls: method_name: run args: {"network_create_args": {}, "port_create_args": {}, "ports_per_network": 5, "port_update_args": {"admin_state_up": false, "device_id": "dummy_id", "device_owner": "dummy_owner", "name": "_port_updated"}}
2019-11-08 03:24:24.039 28247 INFO rally.task.runner [-] Task af4baf90-e158-43c3-a4ea-37063d1638aa | ITER: 13 START
2019-11-08 03:24:24.041 28247 WARNING rally_openstack.scenarios.neutron.utils [-] Running this scenario without either the 'network' or 'existing_network' context is deprecated
2019-11-08 03:24:24.042 28250 INFO rally.task.runner [-] Task af4baf90-e158-43c3-a4ea-37063d1638aa | ITER: 14 START
2019-11-08 03:24:24.044 28250 WARNING rally_openstack.scenarios.neutron.utils [-] Running this scenario without either the 'network' or 'existing_network' context is deprecated
2019-11-08 03:24:24.047 28255 RALLYDEBUG rally.task.runner [-] Starting a worker. times: 40 duration: None concurrency: 1 timeout: 0 cls: method_name: run args: {"network_create_args": {}, "port_create_args": {}, "ports_per_network": 5, "port_update_args": {"admin_state_up": false, "device_id": "dummy_id", "device_owner": "dummy_owner", "name": "_port_updated"}}
2019-11-08 03:24:24.053 28255 INFO rally.task.runner [-] Task af4baf90-e158-43c3-a4ea-37063d1638aa | ITER: 15 START
2019-11-08 03:24:24.053 28256 RALLYDEBUG rally.task.runner [-] Starting a worker. times: 40 duration: None concurrency: 1 timeout: 0 cls: method_name: run args: {"network_create_args": {}, "port_create_args": {}, "ports_per_network": 5, "port_update_args": {"admin_state_up": false, "device_id": "dummy_id", "device_owner": "dummy_owner", "name": "_port_updated"}}
2019-11-08 03:24:24.055 28255 WARNING rally_openstack.scenarios.neutron.utils [-] Running this scenario without either the 'network' or 'existing_network' context is deprecated
2019-11-08 03:24:24.058 28256 INFO rally.task.runner [-] Task af4baf90-e158-43c3-a4ea-37063d1638aa | ITER: 16 START
2019-11-08 03:24:24.059 28256 WARNING rally_openstack.scenarios.neutron.utils [-] Running this scenario without either the 'network' or 'existing_network' context is deprecated
2019-11-08 03:24:24.059 28259 RALLYDEBUG rally.task.runner [-] Starting a worker. times: 40 duration: None concurrency: 1 timeout: 0 cls: method_name: run args: {"network_create_args": {}, "port_create_args": {}, "ports_per_network": 5, "port_update_args": {"admin_state_up": false, "device_id": "dummy_id", "device_owner": "dummy_owner", "name": "_port_updated"}}
2019-11-08 03:24:24.065 28259 INFO rally.task.runner [-] Task af4baf90-e158-43c3-a4ea-37063d1638aa | ITER: 17 START
2019-11-08 03:24:24.065 28262 RALLYDEBUG rally.task.runner [-] Starting a worker. times: 40 duration: None concurrency: 1 timeout: 0 cls: method_name: run args: {"network_create_args": {}, "port_create_args": {}, "ports_per_network": 5, "port_update_args": {"admin_state_up": false, "device_id": "dummy_id", "device_owner": "dummy_owner", "name": "_port_updated"}}
2019-11-08 03:24:24.066 28259 WARNING rally_openstack.scenarios.neutron.utils [-] Running this scenario without either the 'network' or 'existing_network' context is deprecated
2019-11-08 03:24:24.069 28262 INFO rally.task.runner [-] Task af4baf90-e158-43c3-a4ea-37063d1638aa | ITER: 18 START
2019-11-08 03:24:24.070 28262 WARNING rally_openstack.scenarios.neutron.utils [-] Running this scenario without either the 'network' or 'existing_network' context is deprecated
2019-11-08 03:24:24.072 28265 RALLYDEBUG rally.task.runner [-] Starting a worker. times: 40 duration: None concurrency: 1 timeout: 0 cls: method_name: run args: {"network_create_args": {}, "port_create_args": {}, "ports_per_network": 5, "port_update_args": {"admin_state_up": false, "device_id": "dummy_id", "device_owner": "dummy_owner", "name": "_port_updated"}}
2019-11-08 03:24:24.075 28268 RALLYDEBUG rally.task.runner [-] Starting a worker. times: 40 duration: None concurrency: 1 timeout: 0 cls: method_name: run args: {"network_create_args": {}, "port_create_args": {}, "ports_per_network": 5, "port_update_args": {"admin_state_up": false, "device_id": "dummy_id", "device_owner": "dummy_owner", "name": "_port_updated"}}
2019-11-08 03:24:24.077 28265 INFO rally.task.runner [-] Task af4baf90-e158-43c3-a4ea-37063d1638aa | ITER: 19 START
2019-11-08 03:24:24.078 28265 WARNING rally_openstack.scenarios.neutron.utils [-] Running this scenario without either the 'network' or 'existing_network' context is deprecated
2019-11-08 03:24:24.079 28268 INFO rally.task.runner [-] Task af4baf90-e158-43c3-a4ea-37063d1638aa | ITER: 20 START
2019-11-08 03:24:24.080 28268 WARNING rally_openstack.scenarios.neutron.utils [-] Running this scenario without either the 'network' or 'existing_network' context is deprecated
2019-11-08 03:24:32.075 28247 INFO rally.task.runner [-] Task af4baf90-e158-43c3-a4ea-37063d1638aa | ITER: 13 END: OK
2019-11-08 03:24:32.079 28247 INFO rally.task.runner [-] Task af4baf90-e158-43c3-a4ea-37063d1638aa | ITER: 21 START
2019-11-08 03:24:32.080 28247 WARNING rally_openstack.scenarios.neutron.utils [-] Running this scenario without either the 'network' or 'existing_network' context is deprecated
2019-11-08 03:24:32.224 28235 INFO rally.task.runner [-] Task af4baf90-e158-43c3-a4ea-37063d1638aa | ITER: 10 END: OK
2019-11-08 03:24:32.228 28235 INFO rally.task.runner [-] Task af4baf90-e158-43c3-a4ea-37063d1638aa | ITER: 22 START
2019-11-08 03:24:32.228 28235 WARNING rally_openstack.scenarios.neutron.utils [-] Running this scenario without either the 'network' or 'existing_network' context is deprecated
2019-11-08 03:24:32.352 28259 INFO rally.task.runner [-] Task af4baf90-e158-43c3-a4ea-37063d1638aa | ITER: 17 END: OK
2019-11-08 03:24:32.356 28259 INFO rally.task.runner [-] Task af4baf90-e158-43c3-a4ea-37063d1638aa | ITER: 23 START
2019-11-08 03:24:32.357 28259 WARNING rally_openstack.scenarios.neutron.utils [-] Running this scenario without either the 'network' or 'existing_network' context is deprecated
2019-11-08 03:24:32.506 28250 INFO rally.task.runner [-] Task af4baf90-e158-43c3-a4ea-37063d1638aa | ITER: 14 END: OK
2019-11-08 03:24:32.510 28250 INFO rally.task.runner [-] Task af4baf90-e158-43c3-a4ea-37063d1638aa | ITER: 24 START
2019-11-08 03:24:32.511 28250 WARNING rally_openstack.scenarios.neutron.utils [-] Running this scenario without either the 'network' or 'existing_network' context is deprecated
2019-11-08 03:24:32.618 28265 INFO rally.task.runner [-] Task af4baf90-e158-43c3-a4ea-37063d1638aa | ITER: 19 END: OK
2019-11-08 03:24:32.621 28265 INFO rally.task.runner [-] Task af4baf90-e158-43c3-a4ea-37063d1638aa | ITER: 25 START
2019-11-08 03:24:32.622 28265 WARNING rally_openstack.scenarios.neutron.utils [-] Running this scenario without either the 'network' or 'existing_network' context is deprecated
2019-11-08 03:24:32.805 28242 INFO rally.task.runner [-] Task af4baf90-e158-43c3-a4ea-37063d1638aa | ITER: 12 END: OK
2019-11-08 03:24:32.808 28242 INFO rally.task.runner [-] Task af4baf90-e158-43c3-a4ea-37063d1638aa | ITER: 26 START
2019-11-08 03:24:32.809 28242 WARNING rally_openstack.scenarios.neutron.utils [-] Running this scenario without either the 'network' or 'existing_network' context is deprecated
2019-11-08 03:24:33.036 28223 INFO rally.task.runner [-] Task af4baf90-e158-43c3-a4ea-37063d1638aa | ITER: 6 END: OK
2019-11-08 03:24:33.040 28223 INFO rally.task.runner [-] Task af4baf90-e158-43c3-a4ea-37063d1638aa | ITER: 27 START
2019-11-08 03:24:33.041 28223 WARNING rally_openstack.scenarios.neutron.utils [-] Running this scenario without either the 'network' or 'existing_network' context is deprecated
2019-11-08 03:24:33.048 28222 INFO rally.task.runner [-] Task af4baf90-e158-43c3-a4ea-37063d1638aa | ITER: 3 END: OK
2019-11-08 03:24:33.052 28222 INFO rally.task.runner [-] Task af4baf90-e158-43c3-a4ea-37063d1638aa | ITER: 28 START
2019-11-08 03:24:33.053 28222 WARNING rally_openstack.scenarios.neutron.utils [-] Running this scenario without either the 'network' or 'existing_network' context is deprecated
2019-11-08 03:24:33.104 28226 INFO rally.task.runner [-] Task af4baf90-e158-43c3-a4ea-37063d1638aa | ITER: 7 END: OK
2019-11-08 03:24:33.107 28226 INFO rally.task.runner [-] Task af4baf90-e158-43c3-a4ea-37063d1638aa | ITER: 29 START
2019-11-08 03:24:33.108 28226 WARNING rally_openstack.scenarios.neutron.utils [-] Running this scenario without either the 'network' or 'existing_network' context is deprecated
2019-11-08 03:24:33.384 28221 INFO rally.task.runner [-] Task af4baf90-e158-43c3-a4ea-37063d1638aa | ITER: 2 END: OK
2019-11-08 03:24:33.388 28221 INFO rally.task.runner [-] Task af4baf90-e158-43c3-a4ea-37063d1638aa | ITER: 30 START
2019-11-08 03:24:33.389 28221 WARNING rally_openstack.scenarios.neutron.utils [-] Running this scenario without either the 'network' or 'existing_network' context is deprecated
2019-11-08 03:24:33.479 28222 INFO rally.task.runner [-] Task af4baf90-e158-43c3-a4ea-37063d1638aa | ITER: 5 END: OK
2019-11-08 03:24:33.482 28222 INFO rally.task.runner [-] Task af4baf90-e158-43c3-a4ea-37063d1638aa | ITER: 31 START
2019-11-08 03:24:33.483 28222 WARNING rally_openstack.scenarios.neutron.utils [-] Running this scenario without either the 'network' or 'existing_network' context is deprecated
2019-11-08 03:24:33.569 28262 INFO rally.task.runner [-] Task af4baf90-e158-43c3-a4ea-37063d1638aa | ITER: 18 END: OK
2019-11-08 03:24:33.572 28262 INFO rally.task.runner [-] Task af4baf90-e158-43c3-a4ea-37063d1638aa | ITER: 32 START
2019-11-08 03:24:33.573 28262 WARNING rally_openstack.scenarios.neutron.utils [-] Running this scenario without either the 'network' or 'existing_network' context is deprecated
2019-11-08 03:24:33.822 28255 INFO rally.task.runner [-] Task af4baf90-e158-43c3-a4ea-37063d1638aa | ITER: 15 END: OK
2019-11-08 03:24:33.825 28255 INFO rally.task.runner [-] Task af4baf90-e158-43c3-a4ea-37063d1638aa | ITER: 33 START
2019-11-08 03:24:33.826 28255 WARNING rally_openstack.scenarios.neutron.utils [-] Running this scenario without either the 'network' or 'existing_network' context is deprecated
2019-11-08 03:24:33.847 28237 INFO rally.task.runner [-] Task af4baf90-e158-43c3-a4ea-37063d1638aa | ITER: 11 END: OK
2019-11-08 03:24:33.851 28237 INFO rally.task.runner [-] Task af4baf90-e158-43c3-a4ea-37063d1638aa | ITER: 34 START
2019-11-08 03:24:33.852 28237 WARNING rally_openstack.scenarios.neutron.utils [-] Running this scenario without either the 'network' or 'existing_network' context is deprecated
2019-11-08 03:24:33.917 28223 INFO rally.task.runner [-] Task af4baf90-e158-43c3-a4ea-37063d1638aa | ITER: 4 END: OK
2019-11-08 03:24:33.920 28223 INFO rally.task.runner [-] Task af4baf90-e158-43c3-a4ea-37063d1638aa | ITER: 35 START
2019-11-08 03:24:33.921 28223 WARNING rally_openstack.scenarios.neutron.utils [-] Running this scenario without either the 'network' or 'existing_network' context is deprecated
2019-11-08 03:24:33.947 28221 INFO rally.task.runner [-] Task af4baf90-e158-43c3-a4ea-37063d1638aa | ITER: 1 END: OK
2019-11-08 03:24:33.950 28221 INFO rally.task.runner [-] Task af4baf90-e158-43c3-a4ea-37063d1638aa | ITER: 36 START
2019-11-08 03:24:33.950 28221 WARNING rally_openstack.scenarios.neutron.utils [-] Running this scenario without either the 'network' or 'existing_network' context is deprecated
2019-11-08 03:24:33.996 28230 INFO rally.task.runner [-] Task af4baf90-e158-43c3-a4ea-37063d1638aa | ITER: 8 END: OK
2019-11-08 03:24:33.999 28230 INFO rally.task.runner [-] Task af4baf90-e158-43c3-a4ea-37063d1638aa | ITER: 37 START
2019-11-08 03:24:34.000 28230 WARNING rally_openstack.scenarios.neutron.utils [-] Running this scenario without either the 'network' or 'existing_network' context is deprecated
2019-11-08 03:24:34.176 28256 INFO rally.task.runner [-] Task af4baf90-e158-43c3-a4ea-37063d1638aa | ITER: 16 END: OK
2019-11-08 03:24:34.179 28256 INFO rally.task.runner [-] Task af4baf90-e158-43c3-a4ea-37063d1638aa | ITER: 38 START
2019-11-08 03:24:34.180 28256 WARNING rally_openstack.scenarios.neutron.utils [-] Running this scenario without either the 'network' or 'existing_network' context is deprecated
2019-11-08 03:24:35.289 28268 INFO rally.task.runner [-] Task af4baf90-e158-43c3-a4ea-37063d1638aa | ITER: 20 END: OK
2019-11-08 03:24:35.292 28268 INFO rally.task.runner [-] Task af4baf90-e158-43c3-a4ea-37063d1638aa | ITER: 39 START
2019-11-08 03:24:35.293 28268 WARNING rally_openstack.scenarios.neutron.utils [-] Running this scenario without either the 'network' or 'existing_network' context is deprecated
2019-11-08 03:24:35.521 28226 INFO rally.task.runner [-] Task af4baf90-e158-43c3-a4ea-37063d1638aa | ITER: 9 END: OK
2019-11-08 03:24:35.524 28226 INFO rally.task.runner [-] Task af4baf90-e158-43c3-a4ea-37063d1638aa | ITER: 40 START
2019-11-08 03:24:35.525 28226 WARNING rally_openstack.scenarios.neutron.utils [-] Running this scenario without either the 'network' or 'existing_network' context is deprecated
2019-11-08 03:24:39.924 28265 INFO rally.task.runner [-] Task af4baf90-e158-43c3-a4ea-37063d1638aa | ITER: 25 END: OK
2019-11-08 03:24:40.439 28242 INFO rally.task.runner [-] Task af4baf90-e158-43c3-a4ea-37063d1638aa | ITER: 26 END: OK
2019-11-08 03:24:40.847 28247 INFO rally.task.runner [-] Task af4baf90-e158-43c3-a4ea-37063d1638aa | ITER: 21 END: OK
2019-11-08 03:24:41.101 28256 INFO rally.task.runner [-] Task af4baf90-e158-43c3-a4ea-37063d1638aa | ITER: 38 END: OK
2019-11-08 03:24:41.284 28250 INFO rally.task.runner [-] Task af4baf90-e158-43c3-a4ea-37063d1638aa | ITER: 24 END: OK
2019-11-08 03:24:41.289 28222 INFO rally.task.runner [-] Task af4baf90-e158-43c3-a4ea-37063d1638aa | ITER: 31 END: OK
2019-11-08 03:24:41.319 28235 INFO rally.task.runner [-] Task af4baf90-e158-43c3-a4ea-37063d1638aa | ITER: 22 END: OK
2019-11-08 03:24:41.356 28221 INFO rally.task.runner [-] Task af4baf90-e158-43c3-a4ea-37063d1638aa | ITER: 30 END: OK
2019-11-08 03:24:41.546 28222 INFO rally.task.runner [-] Task af4baf90-e158-43c3-a4ea-37063d1638aa | ITER: 28 END: OK
2019-11-08 03:24:41.579 28226 INFO rally.task.runner [-] Task af4baf90-e158-43c3-a4ea-37063d1638aa | ITER: 29 END: OK
2019-11-08 03:24:41.630 28223 INFO rally.task.runner [-] Task af4baf90-e158-43c3-a4ea-37063d1638aa | ITER: 27 END: OK
2019-11-08 03:24:41.972 28237 INFO rally.task.runner [-] Task af4baf90-e158-43c3-a4ea-37063d1638aa | ITER: 34 END: OK
2019-11-08 03:24:42.104 28221 INFO rally.task.runner [-] Task af4baf90-e158-43c3-a4ea-37063d1638aa | ITER: 36 END: OK
2019-11-08 03:24:42.106 28262 INFO rally.task.runner [-] Task af4baf90-e158-43c3-a4ea-37063d1638aa | ITER: 32 END: OK
2019-11-08 03:24:42.228 28259 INFO rally.task.runner [-] Task af4baf90-e158-43c3-a4ea-37063d1638aa | ITER: 23 END: OK
2019-11-08 03:24:42.510 28223 INFO rally.task.runner [-] Task af4baf90-e158-43c3-a4ea-37063d1638aa | ITER: 35 END: OK
2019-11-08 03:24:42.526 28255 INFO rally.task.runner [-] Task af4baf90-e158-43c3-a4ea-37063d1638aa | ITER: 33 END: OK
2019-11-08 03:24:42.874 28268 INFO rally.task.runner [-] Task af4baf90-e158-43c3-a4ea-37063d1638aa | ITER: 39 END: OK
2019-11-08 03:24:42.918 28230 INFO rally.task.runner [-] Task af4baf90-e158-43c3-a4ea-37063d1638aa | ITER: 37 END: OK
2019-11-08 03:24:43.968 28226 INFO rally.task.runner [-] Task af4baf90-e158-43c3-a4ea-37063d1638aa | ITER: 40 END: OK
2019-11-08 03:24:43.999 24145 INFO rally.task.context [-] Task af4baf90-e158-43c3-a4ea-37063d1638aa | Context cleanup@openstack cleanup() started
2019-11-08 03:24:44.002 24145 RALLYDEBUG rally_openstack.cleanup.manager [-] Cleaning up neutron vip objects
2019-11-08 03:24:44.377 24145 RALLYDEBUG rally_openstack.cleanup.manager [-] Cleaning up neutron health_monitor objects
2019-11-08 03:24:44.741 24145 RALLYDEBUG rally_openstack.cleanup.manager [-] Cleaning up neutron pool objects
2019-11-08 03:24:45.114 24145 RALLYDEBUG rally_openstack.cleanup.manager [-] Cleaning up neutron loadbalancer objects
2019-11-08 03:24:45.480 24145 RALLYDEBUG rally_openstack.cleanup.manager [-] Cleaning up neutron floatingip objects
2019-11-08 03:24:45.885 24145 RALLYDEBUG rally_openstack.cleanup.manager [-] Cleaning up neutron trunk objects
2019-11-08 03:24:46.260 24145 RALLYDEBUG rally_openstack.cleanup.manager [-] Cleaning up neutron port objects
2019-11-08 03:24:47.201 24145 RALLYDEBUG rally_openstack.cleanup.manager [-] Deleting neutron.port object s_rally_ee038d4e_k49DfE20 (0095c635-04f9-445f-aa07-34570aea61af)
2019-11-08 03:24:47.211 24145 RALLYDEBUG rally_openstack.cleanup.manager [-] Deleting neutron.port object s_rally_ee038d4e_i7gehQha (023061e2-35f5-431c-b739-4b5259a9c0cc)
2019-11-08 03:24:47.219 24145 RALLYDEBUG rally_openstack.cleanup.manager [-] Deleting neutron.port object s_rally_ee038d4e_KsDAw5Jp (0373f771-f1f3-49a6-8796-a5ef1e33ce8c)
2019-11-08 03:24:47.229 24145 RALLYDEBUG rally_openstack.cleanup.manager [-] Deleting neutron.port object s_rally_ee038d4e_TxDAK2sd (03a56bb6-8bba-4882-a1a4-f8fd14ef07fb)
2019-11-08 03:24:47.233 24145 RALLYDEBUG rally_openstack.cleanup.manager [-] Deleting neutron.port object s_rally_ee038d4e_iSJTrw7B (03c3b78e-00f1-48ba-bb7d-6b269dbb19bd)
2019-11-08 03:24:47.247 24145 RALLYDEBUG rally_openstack.cleanup.manager [-] Deleting neutron.port object s_rally_ee038d4e_pm4jNJsh (03e44d54-0f88-499f-ad74-783a8d77b985)
2019-11-08 03:24:47.252 24145 RALLYDEBUG rally_openstack.cleanup.manager [-] Deleting neutron.port object s_rally_ee038d4e_5fwNTVPN (04c09426-f1dd-481f-ad56-f2e137073584)
2019-11-08 03:24:47.260 24145 RALLYDEBUG rally_openstack.cleanup.manager [-] Deleting neutron.port object s_rally_ee038d4e_3W0BcSYh (07033ded-ff7d-4038-b753-4cd81b4d3116)
2019-11-08 03:24:47.279 24145 RALLYDEBUG rally_openstack.cleanup.manager [-] Deleting neutron.port object s_rally_ee038d4e_xdzUdAFH (073a16e4-20c8-46c7-8355-3d31453f5d53)
2019-11-08 03:24:47.288 24145 RALLYDEBUG rally_openstack.cleanup.manager [-] Deleting neutron.port object s_rally_ee038d4e_S00RWNMG (0a2414c4-813a-4fae-b9d1-03cec3b42df4)
2019-11-08 03:24:47.305 24145 RALLYDEBUG rally_openstack.cleanup.manager [-] Deleting neutron.port object s_rally_ee038d4e_o7FufX8k (0a2b086a-05de-4d34-b519-9118fa55d0e2)
2019-11-08 03:24:47.312 24145 RALLYDEBUG rally_openstack.cleanup.manager [-] Deleting neutron.port object s_rally_ee038d4e_3t3HircS (0ad5c0d5-7ea4-4a4d-b341-a38906089bc3)
2019-11-08 03:24:47.335 24145 RALLYDEBUG rally_openstack.cleanup.manager [-] Deleting neutron.port object s_rally_ee038d4e_VfrzKotA (0b0a8402-7252-456e-9cf5-e407d5852f1f)
2019-11-08 03:24:47.345 24145 RALLYDEBUG rally_openstack.cleanup.manager [-] Deleting neutron.port object s_rally_ee038d4e_mn7YSydC (0c89eba1-0a05-4f7b-9028-73e42d678975)
2019-11-08 03:24:47.355 24145 RALLYDEBUG rally_openstack.cleanup.manager [-] Deleting neutron.port object s_rally_ee038d4e_pgFrgBFZ (0cc24153-cc6d-4663-9a8f-5329cac528a4)
2019-11-08 03:24:47.377 24145 RALLYDEBUG rally_openstack.cleanup.manager [-] Deleting neutron.port object s_rally_ee038d4e_Ut8W02be (0ede0d04-1cf8-4fe8-84f7-2f2e73d0db30)
2019-11-08 03:24:47.400 24145 RALLYDEBUG rally_openstack.cleanup.manager [-] Deleting neutron.port object s_rally_ee038d4e_99EGsxpu (0fa8a322-4f91-4d34-bb11-baffdd772694)
2019-11-08 03:24:47.404 24145 RALLYDEBUG rally_openstack.cleanup.manager [-] Deleting neutron.port object s_rally_ee038d4e_vPGWiL6j (0fe1b0c6-063c-486a-99b7-493bd0bee9b0)
2019-11-08 03:24:47.413 24145 RALLYDEBUG rally_openstack.cleanup.manager [-] Deleting neutron.port object s_rally_ee038d4e_61VMIOk0 (1084b4a5-9a8c-4fed-be01-c69e6fe942eb)
2019-11-08 03:24:47.417 24145 RALLYDEBUG rally_openstack.cleanup.manager [-] Deleting neutron.port object s_rally_ee038d4e_n7O2YsGq (11002b45-b539-48ba-b66d-011a1bd33f91)
2019-11-08 03:24:49.147 24145 RALLYDEBUG rally_openstack.cleanup.manager [-] Deleting neutron.port object s_rally_ee038d4e_E97GuNMk (112b6130-38cf-4ccd-9446-137dfa1e7680)
2019-11-08 03:24:49.165 24145 RALLYDEBUG rally_openstack.cleanup.manager [-] Deleting neutron.port object s_rally_ee038d4e_yxcsXxzK (15643269-649f-4dd1-a764-5870e0c7c3ef)
2019-11-08 03:24:49.282 24145 RALLYDEBUG rally_openstack.cleanup.manager [-] Deleting neutron.port object s_rally_ee038d4e_7abV8iE5 (16619536-c822-4d75-88ed-b8336441161e)
2019-11-08 03:24:49.326 24145 RALLYDEBUG rally_openstack.cleanup.manager [-] Deleting neutron.port object s_rally_ee038d4e_u2NPvP4L (177621d5-34c9-47d0-b583-a4d11a476ae1)
2019-11-08 03:24:49.450 24145 RALLYDEBUG rally_openstack.cleanup.manager [-] Deleting neutron.port object s_rally_ee038d4e_BX9LAeCq (17c0812c-0da5-4038-b7ca-70268fc8035f)
2019-11-08 03:24:49.500 24145 RALLYDEBUG rally_openstack.cleanup.manager [-] Deleting neutron.port object s_rally_ee038d4e_7ygKMRMK (1965c1cd-89ec-4c6f-a6ac-b51ac8f9c7ea)
2019-11-08 03:24:49.512 24145 RALLYDEBUG rally_openstack.cleanup.manager [-] Deleting neutron.port object s_rally_ee038d4e_tixKqOm2 (1aa2d184-4fc2-4ad8-9092-87cc54964021)
2019-11-08 03:24:49.558 24145 RALLYDEBUG rally_openstack.cleanup.manager [-] Deleting neutron.port object s_rally_ee038d4e_waSHw3A7 (1abedcc3-9fdf-4fe3-bc5f-b2942b839def)
2019-11-08 03:24:49.578 24145 RALLYDEBUG rally_openstack.cleanup.manager [-] Deleting neutron.port object s_rally_ee038d4e_zzR6q9BB (1c8f19b4-13ab-4f48-b790-a25aa837afd6)
2019-11-08 03:24:49.587 24145 RALLYDEBUG rally_openstack.cleanup.manager [-] Deleting neutron.port object s_rally_ee038d4e_qh4CBhLA (1f833369-461d-419e-93fd-f4bf7ad4bf92)
2019-11-08 03:24:49.667 24145 RALLYDEBUG rally_openstack.cleanup.manager [-] Deleting neutron.port object s_rally_ee038d4e_ld4XqNLo (20434497-9275-48db-ac57-795ab201cc20)
2019-11-08 03:24:49.736 24145 RALLYDEBUG rally_openstack.cleanup.manager [-] Deleting neutron.port object s_rally_ee038d4e_8v0fJTCS (21c69352-551f-405f-a538-f0118311c61b)
2019-11-08 03:24:49.739 24145 RALLYDEBUG rally_openstack.cleanup.manager [-] Deleting neutron.port object s_rally_ee038d4e_MGXRhYLJ (227ed8ea-ce23-4b1a-83a8-180f2019450a)
2019-11-08 03:24:49.776 24145 RALLYDEBUG rally_openstack.cleanup.manager [-] Deleting neutron.port object s_rally_ee038d4e_L8DSM5bk (22fd7d1c-200a-4dfc-9c5b-dfd7e37bcec0)
2019-11-08 03:24:49.822 24145 RALLYDEBUG rally_openstack.cleanup.manager [-] Deleting neutron.port object s_rally_ee038d4e_BJKg9F1P (2597fbb0-2bc3-4860-b36d-732a7d382ca2)
2019-11-08 03:24:49.902 24145 RALLYDEBUG rally_openstack.cleanup.manager [-] Deleting neutron.port object s_rally_ee038d4e_sMCg3Moi (25f80100-ded5-4285-ab13-b7938e450120)
2019-11-08 03:24:50.010 24145 RALLYDEBUG rally_openstack.cleanup.manager [-] Deleting neutron.port object s_rally_ee038d4e_U5lScXVq (27f7fd69-e390-468e-b040-1f844c53a80d)
2019-11-08 03:24:50.066 24145 RALLYDEBUG rally_openstack.cleanup.manager [-] Deleting neutron.port object s_rally_ee038d4e_DZebilpE (2810d649-8533-4de7-996d-32e007e03186)
2019-11-08 03:24:50.070 24145 RALLYDEBUG rally_openstack.cleanup.manager [-] Deleting neutron.port object s_rally_ee038d4e_OSkcVU00 (28415e90-e9f1-4028-b7cb-19b142521b64)
2019-11-08 03:24:50.078 24145 RALLYDEBUG rally_openstack.cleanup.manager [-] Deleting neutron.port object s_rally_ee038d4e_n9pgP1nE (28a95b01-92da-4d1b-9119-4ef1d9a6231b)
2019-11-08 03:24:50.888 24145 RALLYDEBUG rally_openstack.cleanup.manager [-] Deleting neutron.port object s_rally_ee038d4e_3o0nSZ87 (296f73a7-e75e-4301-b3d4-c03d474e7ca8)
2019-11-08 03:24:51.039 24145 RALLYDEBUG rally_openstack.cleanup.manager [-] Deleting neutron.port object s_rally_ee038d4e_jrom0sCr (29ba9130-9b2f-44ca-960a-7c3b05915bf5)
2019-11-08 03:24:51.073 24145 RALLYDEBUG rally_openstack.cleanup.manager [-] Deleting neutron.port object s_rally_ee038d4e_Qh4CTfnY (2b1ba778-2fd3-4feb-80c7-0fe611260c6b)
2019-11-08 03:24:51.298 24145 RALLYDEBUG rally_openstack.cleanup.manager [-] Deleting neutron.port object s_rally_ee038d4e_AQMp9Gvb (2b2cd3a9-7aa9-4c55-9a9d-659613cfd1d1)
2019-11-08 03:24:51.327 24145 RALLYDEBUG rally_openstack.cleanup.manager [-] Deleting neutron.port object s_rally_ee038d4e_hkaEB6uL (2b9b181a-b5a2-445b-8f6c-b48ed99dbcd7)
2019-11-08 03:24:51.364 24145 RALLYDEBUG rally_openstack.cleanup.manager [-] Deleting neutron.port object s_rally_ee038d4e_Ff4J5YV2 (2c8df60e-0e55-420a-9a32-9a3c3fc0b014)
2019-11-08 03:24:51.489 24145 RALLYDEBUG rally_openstack.cleanup.manager [-] Deleting neutron.port object s_rally_ee038d4e_letbSv2F (2d1702a3-80b9-4830-b0ea-2047ee1f5d05)
2019-11-08 03:24:51.627 24145 RALLYDEBUG rally_openstack.cleanup.manager [-] Deleting neutron.port object s_rally_ee038d4e_iIPIxbAM (2da4c591-0bc6-418f-89ff-817e3f0e01c1)
2019-11-08 03:24:51.644 24145 RALLYDEBUG rally_openstack.cleanup.manager [-] Deleting neutron.port object s_rally_ee038d4e_uepfYGXq (2ea1ac4c-00bc-4ea2-bfe8-266ac546da8f)
2019-11-08 03:24:51.712 24145 RALLYDEBUG rally_openstack.cleanup.manager [-] Deleting neutron.port object s_rally_ee038d4e_pxV2nQXj (2ec2a437-637e-4cae-806a-9fac29bcdbce)
2019-11-08 03:24:51.845 24145 RALLYDEBUG rally_openstack.cleanup.manager [-] Deleting neutron.port object s_rally_ee038d4e_u8qXfrn3 (30b9bc4f-2cdf-4081-bc18-b9a60c9891da)
2019-11-08 03:24:51.903 24145 RALLYDEBUG rally_openstack.cleanup.manager [-] Deleting neutron.port object s_rally_ee038d4e_cbCkfEZ1 (31d4e266-1f5c-4077-b7a6-71a594f4e4c5)
2019-11-08 03:24:51.922 24145 RALLYDEBUG rally_openstack.cleanup.manager [-] Deleting neutron.port object s_rally_ee038d4e_mY5W9Nlv (338ca6b4-5150-47f1-bf39-d88d510b7665)
2019-11-08 03:24:51.938 24145 RALLYDEBUG rally_openstack.cleanup.manager [-] Deleting neutron.port object s_rally_ee038d4e_wjdltgIT (34a3369a-a7b9-4d5b-821a-8aa469f8ef87)
2019-11-08 03:24:51.972 24145 RALLYDEBUG rally_openstack.cleanup.manager [-] Deleting neutron.port object s_rally_ee038d4e_h9DELwCI (35119ef2-5431-4731-a7d0-a1c00dded29b)
2019-11-08 03:24:52.003 24145 RALLYDEBUG rally_openstack.cleanup.manager [-] Deleting neutron.port object s_rally_ee038d4e_n5TfE4fO (361bcdac-2f4f-42d0-9d43-1b7339862a71)
2019-11-08 03:24:52.080 24145 RALLYDEBUG rally_openstack.cleanup.manager [-] Deleting neutron.port object s_rally_ee038d4e_igFURoyF (38403495-3386-4b69-9360-836925e2e18b)
2019-11-08 03:24:52.123 24145 RALLYDEBUG rally_openstack.cleanup.manager [-] Deleting neutron.port object s_rally_ee038d4e_nhUC7lvr (3ad8ca45-724f-4519-a4f4-cc064680f824)
2019-11-08 03:24:52.232 24145 RALLYDEBUG rally_openstack.cleanup.manager [-] Deleting neutron.port object s_rally_ee038d4e_0eg0pQ3s (3b96b43f-dce7-44e4-8608-9087a5761f9f)
2019-11-08 03:24:52.423 24145 RALLYDEBUG rally_openstack.cleanup.manager [-] Deleting neutron.port object s_rally_ee038d4e_PZSZ3ak5 (3d556d16-d9dc-4ced-acac-ff98d8adc454)
