2019-11-08 03:12:01.746 24136 RALLYDEBUG rally.api [-] INFO logs from urllib3 and requests module are hide.
2019-11-08 03:12:01.746 24136 RALLYDEBUG rally.api [-] urllib3 insecure warnings are hidden.
2019-11-08 03:12:01.746 24136 RALLYDEBUG rally.api [-] ERROR log from boto module is hide.
2019-11-08 03:12:04.802 24138 RALLYDEBUG rally.api [-] INFO logs from urllib3 and requests module are hide.
2019-11-08 03:12:04.803 24138 RALLYDEBUG rally.api [-] urllib3 insecure warnings are hidden.
2019-11-08 03:12:04.803 24138 RALLYDEBUG rally.api [-] ERROR log from boto module is hide.
2019-11-08 03:12:08.169 24140 RALLYDEBUG rally.api [-] INFO logs from urllib3 and requests module are hide.
2019-11-08 03:12:08.169 24140 RALLYDEBUG rally.api [-] urllib3 insecure warnings are hidden.
2019-11-08 03:12:08.170 24140 RALLYDEBUG rally.api [-] ERROR log from boto module is hide.
2019-11-08 03:12:12.171 24143 RALLYDEBUG rally.api [-] INFO logs from urllib3 and requests module are hide.
2019-11-08 03:12:12.172 24143 RALLYDEBUG rally.api [-] urllib3 insecure warnings are hidden.
2019-11-08 03:12:12.172 24143 RALLYDEBUG rally.api [-] ERROR log from boto module is hide.
2019-11-08 03:12:14.053 24145 RALLYDEBUG rally.api [-] INFO logs from urllib3 and requests module are hide.
2019-11-08 03:12:14.053 24145 RALLYDEBUG rally.api [-] urllib3 insecure warnings are hidden.
2019-11-08 03:12:14.053 24145 RALLYDEBUG rally.api [-] ERROR log from boto module is hide.
2019-11-08 03:12:15.639 24145 INFO rally.common.plugin.discover [-] Loading plugins from directories /root/.rally/plugins/*
2019-11-08 03:12:15.640 24145 INFO rally.common.plugin.discover [-] Loaded module with plugins: /root/.rally/plugins/__init__.py
2019-11-08 03:12:15.948 24145 INFO rally.task.engine [-] Task af4baf90-e158-43c3-a4ea-37063d1638aa | Starting: Task validation.
2019-11-08 03:12:15.995 24145 INFO rally.task.engine [-] Task af4baf90-e158-43c3-a4ea-37063d1638aa | Starting: Task validation of syntax.
2019-11-08 03:12:16.373 24145 INFO rally.task.engine [-] Task af4baf90-e158-43c3-a4ea-37063d1638aa | Completed: Task validation of syntax.
2019-11-08 03:12:16.373 24145 INFO rally.task.engine [-] Task af4baf90-e158-43c3-a4ea-37063d1638aa | Starting: Task validation of required platforms.
2019-11-08 03:12:16.492 24145 INFO rally.task.engine [-] Task af4baf90-e158-43c3-a4ea-37063d1638aa | Completed: Task validation of required platforms.
2019-11-08 03:12:16.492 24145 INFO rally.task.engine [-] Task af4baf90-e158-43c3-a4ea-37063d1638aa | Starting: Task validation of semantic.
2019-11-08 03:12:16.493 24145 INFO rally.task.engine [-] Check health of the environment 'cfdabff2-76a4-4b67-9cfb-f8548cd42a60'.
2019-11-08 03:12:17.382 24145 INFO rally.task.engine [-] Platform existing@openstack (available: True): OK!
2019-11-08 03:12:17.402 24145 RALLYDEBUG rally_openstack.contexts.keystone.users [-] Creating 1 tenants using 20 threads
2019-11-08 03:12:18.259 24145 RALLYDEBUG rally_openstack.contexts.keystone.users [-] Creating 1 users using 20 threads
2019-11-08 03:12:19.586 24145 INFO rally.task.context [-] Task af4baf90-e158-43c3-a4ea-37063d1638aa | Context users@openstack setup() finished in 2.18 sec
2019-11-08 03:12:29.083 24145 INFO rally.task.context [-] Task af4baf90-e158-43c3-a4ea-37063d1638aa | Context users@openstack cleanup() started
2019-11-08 03:12:32.266 24145 INFO rally.task.context [-] Task af4baf90-e158-43c3-a4ea-37063d1638aa | Context users@openstack cleanup() finished in 3.18 sec
2019-11-08 03:12:32.267 24145 INFO rally.task.engine [-] Task af4baf90-e158-43c3-a4ea-37063d1638aa | Completed: Task validation of semantic.
2019-11-08 03:12:32.267 24145 INFO rally.task.engine [-] Task af4baf90-e158-43c3-a4ea-37063d1638aa | Completed: Task validation.
2019-11-08 03:12:32.267 24145 INFO rally.api [-] Task af4baf90-e158-43c3-a4ea-37063d1638aa input file is valid.
2019-11-08 03:12:32.268 24145 INFO rally.api [-] Run Task af4baf90-e158-43c3-a4ea-37063d1638aa against Deployment cfdabff2-76a4-4b67-9cfb-f8548cd42a60
2019-11-08 03:12:32.268 24145 INFO rally.task.engine [-] Task af4baf90-e158-43c3-a4ea-37063d1638aa | Starting: Running task.
2019-11-08 03:12:32.465 24145 INFO rally.task.engine [-] Running workload: position = 0 config = { "version": 2, "title": "A cropped version of a bigger task.", "description": "Auto-generated task from a single workload (uuid=a75d937a-f9ed-4ef6-9c39-640242c53dff)", "subtasks": [ { "title": "NeutronNetworks.create_and_list_networks", "description": "Check performance of list_networks action and ensure > network quotas are not exceeded", "scenario": { "NeutronNetworks.create_and_list_networks": {} }, "contexts": { "users": { "tenants": 1, "users_per_tenant": 1 }, "quotas": { "neutron": { "network": 119 } } }, "runner": { "constant": { "times": 100, "concurrency": 20 } }, "hooks": [], "sla": { "max_avg_duration_per_atomic": { "neutron.list_networks": 15 }, "failure_rate": { "max": 0 } } } ] }
2019-11-08 03:12:32.489 24145 RALLYDEBUG rally_openstack.contexts.keystone.users [-] Creating 1 tenants using 20 threads
2019-11-08 03:12:33.366 24145 RALLYDEBUG rally_openstack.contexts.keystone.users [-] Creating 1 users using 20 threads
2019-11-08 03:12:34.692 24145 INFO rally.task.context [-] Task af4baf90-e158-43c3-a4ea-37063d1638aa | Context users@openstack setup() finished in 2.20 sec
2019-11-08 03:12:35.142 24145 INFO rally.task.context [-] Task af4baf90-e158-43c3-a4ea-37063d1638aa | Context quotas@openstack setup() finished in 0.45 sec
2019-11-08 03:12:35.142 24145 INFO rally.task.context [-] Task af4baf90-e158-43c3-a4ea-37063d1638aa | Context cleanup@openstack setup() finished in 0.03 msec
2019-11-08 03:12:35.151 24145 RALLYDEBUG rally.task.runner [-] Starting the constant runner (task UUID: af4baf90-e158-43c3-a4ea-37063d1638aa). times: 100 concurrency: 20 timeout: 0 max_cpu_used: 16 processes_to_start: 16 concurrency_per_worker: 1 concurrency_overhead: 4
2019-11-08 03:12:35.163 24269 RALLYDEBUG rally.task.runner [-] Starting a worker. times: 100 duration: None concurrency: 2 timeout: 0 cls: method_name: run args: {}
2019-11-08 03:12:35.166 24270 RALLYDEBUG rally.task.runner [-] Starting a worker. times: 100 duration: None concurrency: 2 timeout: 0 cls: method_name: run args: {}
2019-11-08 03:12:35.170 24269 INFO rally.task.runner [-] Task af4baf90-e158-43c3-a4ea-37063d1638aa | ITER: 1 START
2019-11-08 03:12:35.169 24271 RALLYDEBUG rally.task.runner [-] Starting a worker. times: 100 duration: None concurrency: 2 timeout: 0 cls: method_name: run args: {}
2019-11-08 03:12:35.173 24270 INFO rally.task.runner [-] Task af4baf90-e158-43c3-a4ea-37063d1638aa | ITER: 2 START
2019-11-08 03:12:35.173 24274 RALLYDEBUG rally.task.runner [-] Starting a worker. times: 100 duration: None concurrency: 2 timeout: 0 cls: method_name: run args: {}
2019-11-08 03:12:35.176 24271 INFO rally.task.runner [-] Task af4baf90-e158-43c3-a4ea-37063d1638aa | ITER: 4 START
2019-11-08 03:12:35.176 24278 RALLYDEBUG rally.task.runner [-] Starting a worker. times: 100 duration: None concurrency: 1 timeout: 0 cls: method_name: run args: {}
2019-11-08 03:12:35.179 24274 INFO rally.task.runner [-] Task af4baf90-e158-43c3-a4ea-37063d1638aa | ITER: 7 START
2019-11-08 03:12:35.180 24282 RALLYDEBUG rally.task.runner [-] Starting a worker. times: 100 duration: None concurrency: 1 timeout: 0 cls: method_name: run args: {}
2019-11-08 03:12:35.181 24278 INFO rally.task.runner [-] Task af4baf90-e158-43c3-a4ea-37063d1638aa | ITER: 9 START
2019-11-08 03:12:35.177 24269 INFO rally.task.runner [-] Task af4baf90-e158-43c3-a4ea-37063d1638aa | ITER: 3 START
2019-11-08 03:12:35.183 24287 RALLYDEBUG rally.task.runner [-] Starting a worker. times: 100 duration: None concurrency: 1 timeout: 0 cls: method_name: run args: {}
2019-11-08 03:12:35.185 24282 INFO rally.task.runner [-] Task af4baf90-e158-43c3-a4ea-37063d1638aa | ITER: 10 START
2019-11-08 03:12:35.180 24270 INFO rally.task.runner [-] Task af4baf90-e158-43c3-a4ea-37063d1638aa | ITER: 5 START
2019-11-08 03:12:35.188 24287 INFO rally.task.runner [-] Task af4baf90-e158-43c3-a4ea-37063d1638aa | ITER: 11 START
2019-11-08 03:12:35.188 24290 RALLYDEBUG rally.task.runner [-] Starting a worker. times: 100 duration: None concurrency: 1 timeout: 0 cls: method_name: run args: {}
2019-11-08 03:12:35.191 24293 RALLYDEBUG rally.task.runner [-] Starting a worker. times: 100 duration: None concurrency: 1 timeout: 0 cls: method_name: run args: {}
2019-11-08 03:12:35.177 24271 INFO rally.task.runner [-] Task af4baf90-e158-43c3-a4ea-37063d1638aa | ITER: 6 START
2019-11-08 03:12:35.194 24290 INFO rally.task.runner [-] Task af4baf90-e158-43c3-a4ea-37063d1638aa | ITER: 12 START
2019-11-08 03:12:35.195 24293 INFO rally.task.runner [-] Task af4baf90-e158-43c3-a4ea-37063d1638aa | ITER: 13 START
2019-11-08 03:12:35.197 24296 RALLYDEBUG rally.task.runner [-] Starting a worker. times: 100 duration: None concurrency: 1 timeout: 0 cls: method_name: run args: {}
2019-11-08 03:12:35.180 24274 INFO rally.task.runner [-] Task af4baf90-e158-43c3-a4ea-37063d1638aa | ITER: 8 START
2019-11-08 03:12:35.201 24296 INFO rally.task.runner [-] Task af4baf90-e158-43c3-a4ea-37063d1638aa | ITER: 14 START
2019-11-08 03:12:35.205 24302 RALLYDEBUG rally.task.runner [-] Starting a worker. times: 100 duration: None concurrency: 1 timeout: 0 cls: method_name: run args: {}
2019-11-08 03:12:35.210 24302 INFO rally.task.runner [-] Task af4baf90-e158-43c3-a4ea-37063d1638aa | ITER: 15 START
2019-11-08 03:12:35.213 24304 RALLYDEBUG rally.task.runner [-] Starting a worker. times: 100 duration: None concurrency: 1 timeout: 0 cls: method_name: run args: {}
2019-11-08 03:12:35.218 24304 INFO rally.task.runner [-] Task af4baf90-e158-43c3-a4ea-37063d1638aa | ITER: 16 START
2019-11-08 03:12:35.221 24308 RALLYDEBUG rally.task.runner [-] Starting a worker. times: 100 duration: None concurrency: 1 timeout: 0 cls: method_name: run args: {}
2019-11-08 03:12:35.225 24308 INFO rally.task.runner [-] Task af4baf90-e158-43c3-a4ea-37063d1638aa | ITER: 17 START
2019-11-08 03:12:35.225 24310 RALLYDEBUG rally.task.runner [-] Starting a worker. times: 100 duration: None concurrency: 1 timeout: 0 cls: method_name: run args: {}
2019-11-08 03:12:35.229 24310 INFO rally.task.runner [-] Task af4baf90-e158-43c3-a4ea-37063d1638aa | ITER: 18 START
2019-11-08 03:12:35.229 24313 RALLYDEBUG rally.task.runner [-] Starting a worker. times: 100 duration: None concurrency: 1 timeout: 0 cls: method_name: run args: {}
2019-11-08 03:12:35.232 24315 RALLYDEBUG rally.task.runner [-] Starting a worker. times: 100 duration: None concurrency: 1 timeout: 0 cls: method_name: run args: {}
2019-11-08 03:12:35.233 24313 INFO rally.task.runner [-] Task af4baf90-e158-43c3-a4ea-37063d1638aa | ITER: 19 START
2019-11-08 03:12:35.236 24315 INFO rally.task.runner [-] Task af4baf90-e158-43c3-a4ea-37063d1638aa | ITER: 20 START
2019-11-08 03:12:36.119 24271 INFO rally.task.runner [-] Task af4baf90-e158-43c3-a4ea-37063d1638aa | ITER: 6 END: OK
2019-11-08 03:12:36.123 24271 INFO rally.task.runner [-] Task af4baf90-e158-43c3-a4ea-37063d1638aa | ITER: 21 START
2019-11-08 03:12:36.241 24271 INFO rally.task.runner [-] Task af4baf90-e158-43c3-a4ea-37063d1638aa | ITER: 4 END: OK
2019-11-08 03:12:36.244 24271 INFO rally.task.runner [-] Task af4baf90-e158-43c3-a4ea-37063d1638aa | ITER: 22 START
2019-11-08 03:12:36.255 24290 INFO rally.task.runner [-] Task af4baf90-e158-43c3-a4ea-37063d1638aa | ITER: 12 END: OK
2019-11-08 03:12:36.258 24290 INFO rally.task.runner [-] Task af4baf90-e158-43c3-a4ea-37063d1638aa | ITER: 23 START
2019-11-08 03:12:36.266 24270 INFO rally.task.runner [-] Task af4baf90-e158-43c3-a4ea-37063d1638aa | ITER: 5 END: OK
2019-11-08 03:12:36.267 24269 INFO rally.task.runner [-] Task af4baf90-e158-43c3-a4ea-37063d1638aa | ITER: 1 END: OK
2019-11-08 03:12:36.269 24270 INFO rally.task.runner [-] Task af4baf90-e158-43c3-a4ea-37063d1638aa | ITER: 24 START
2019-11-08 03:12:36.270 24269 INFO rally.task.runner [-] Task af4baf90-e158-43c3-a4ea-37063d1638aa | ITER: 25 START
2019-11-08 03:12:36.291 24315 INFO rally.task.runner [-] Task af4baf90-e158-43c3-a4ea-37063d1638aa | ITER: 20 END: OK
2019-11-08 03:12:36.295 24315 INFO rally.task.runner [-] Task af4baf90-e158-43c3-a4ea-37063d1638aa | ITER: 26 START
2019-11-08 03:12:36.408 24287 INFO rally.task.runner [-] Task af4baf90-e158-43c3-a4ea-37063d1638aa | ITER: 11 END: OK
2019-11-08 03:12:36.411 24287 INFO rally.task.runner [-] Task af4baf90-e158-43c3-a4ea-37063d1638aa | ITER: 27 START
2019-11-08 03:12:36.420 24304 INFO rally.task.runner [-] Task af4baf90-e158-43c3-a4ea-37063d1638aa | ITER: 16 END: OK
2019-11-08 03:12:36.423 24304 INFO rally.task.runner [-] Task af4baf90-e158-43c3-a4ea-37063d1638aa | ITER: 28 START
2019-11-08 03:12:36.469 24274 INFO rally.task.runner [-] Task af4baf90-e158-43c3-a4ea-37063d1638aa | ITER: 7 END: OK
2019-11-08 03:12:36.472 24274 INFO rally.task.runner [-] Task af4baf90-e158-43c3-a4ea-37063d1638aa | ITER: 29 START
2019-11-08 03:12:36.504 24293 INFO rally.task.runner [-] Task af4baf90-e158-43c3-a4ea-37063d1638aa | ITER: 13 END: OK
2019-11-08 03:12:36.508 24293 INFO rally.task.runner [-] Task af4baf90-e158-43c3-a4ea-37063d1638aa | ITER: 30 START
2019-11-08 03:12:36.624 24310 INFO rally.task.runner [-] Task af4baf90-e158-43c3-a4ea-37063d1638aa | ITER: 18 END: OK
2019-11-08 03:12:36.627 24310 INFO rally.task.runner [-] Task af4baf90-e158-43c3-a4ea-37063d1638aa | ITER: 31 START
2019-11-08 03:12:36.661 24302 INFO rally.task.runner [-] Task af4baf90-e158-43c3-a4ea-37063d1638aa | ITER: 15 END: OK
2019-11-08 03:12:36.664 24302 INFO rally.task.runner [-] Task af4baf90-e158-43c3-a4ea-37063d1638aa | ITER: 32 START
2019-11-08 03:12:36.868 24308 INFO rally.task.runner [-] Task af4baf90-e158-43c3-a4ea-37063d1638aa | ITER: 17 END: OK
2019-11-08 03:12:36.871 24308 INFO rally.task.runner [-] Task af4baf90-e158-43c3-a4ea-37063d1638aa | ITER: 33 START
2019-11-08 03:12:36.918 24270 INFO rally.task.runner [-] Task af4baf90-e158-43c3-a4ea-37063d1638aa | ITER: 2 END: OK
2019-11-08 03:12:36.921 24270 INFO rally.task.runner [-] Task af4baf90-e158-43c3-a4ea-37063d1638aa | ITER: 34 START
2019-11-08 03:12:37.101 24282 INFO rally.task.runner [-] Task af4baf90-e158-43c3-a4ea-37063d1638aa | ITER: 10 END: OK
2019-11-08 03:12:37.101 24269 INFO rally.task.runner [-] Task af4baf90-e158-43c3-a4ea-37063d1638aa | ITER: 3 END: OK
2019-11-08 03:12:37.104 24269 INFO rally.task.runner [-] Task af4baf90-e158-43c3-a4ea-37063d1638aa | ITER: 35 START
2019-11-08 03:12:37.104 24282 INFO rally.task.runner [-] Task af4baf90-e158-43c3-a4ea-37063d1638aa | ITER: 36 START
2019-11-08 03:12:37.114 24313 INFO rally.task.runner [-] Task af4baf90-e158-43c3-a4ea-37063d1638aa | ITER: 19 END: OK
2019-11-08 03:12:37.118 24296 INFO rally.task.runner [-] Task af4baf90-e158-43c3-a4ea-37063d1638aa | ITER: 14 END: OK
2019-11-08 03:12:37.118 24313 INFO rally.task.runner [-] Task af4baf90-e158-43c3-a4ea-37063d1638aa | ITER: 37 START
2019-11-08 03:12:37.122 24296 INFO rally.task.runner [-] Task af4baf90-e158-43c3-a4ea-37063d1638aa | ITER: 38 START
2019-11-08 03:12:37.123 24271 INFO rally.task.runner [-] Task af4baf90-e158-43c3-a4ea-37063d1638aa | ITER: 21 END: OK
2019-11-08 03:12:37.126 24271 INFO rally.task.runner [-] Task af4baf90-e158-43c3-a4ea-37063d1638aa | ITER: 39 START
2019-11-08 03:12:37.158 24274 INFO rally.task.runner [-] Task af4baf90-e158-43c3-a4ea-37063d1638aa | ITER: 8 END: OK
2019-11-08 03:12:37.161 24274 INFO rally.task.runner [-] Task af4baf90-e158-43c3-a4ea-37063d1638aa | ITER: 40 START
2019-11-08 03:12:37.220 24269 INFO rally.task.runner [-] Task af4baf90-e158-43c3-a4ea-37063d1638aa | ITER: 25 END: OK
2019-11-08 03:12:37.222 24278 INFO rally.task.runner [-] Task af4baf90-e158-43c3-a4ea-37063d1638aa | ITER: 9 END: OK
2019-11-08 03:12:37.223 24269 INFO rally.task.runner [-] Task af4baf90-e158-43c3-a4ea-37063d1638aa | ITER: 41 START
2019-11-08 03:12:37.225 24278 INFO rally.task.runner [-] Task af4baf90-e158-43c3-a4ea-37063d1638aa | ITER: 42 START
2019-11-08 03:12:37.475 24287 INFO rally.task.runner [-] Task af4baf90-e158-43c3-a4ea-37063d1638aa | ITER: 27 END: OK
2019-11-08 03:12:37.478 24287 INFO rally.task.runner [-] Task af4baf90-e158-43c3-a4ea-37063d1638aa | ITER: 43 START
2019-11-08 03:12:37.583 24304 INFO rally.task.runner [-] Task af4baf90-e158-43c3-a4ea-37063d1638aa | ITER: 28 END: OK
2019-11-08 03:12:37.586 24304 INFO rally.task.runner [-] Task af4baf90-e158-43c3-a4ea-37063d1638aa | ITER: 44 START
2019-11-08 03:12:37.595 24293 INFO rally.task.runner [-] Task af4baf90-e158-43c3-a4ea-37063d1638aa | ITER: 30 END: OK
2019-11-08 03:12:37.598 24293 INFO rally.task.runner [-] Task af4baf90-e158-43c3-a4ea-37063d1638aa | ITER: 45 START
2019-11-08 03:12:37.644 24271 INFO rally.task.runner [-] Task af4baf90-e158-43c3-a4ea-37063d1638aa | ITER: 22 END: OK
2019-11-08 03:12:37.647 24271 INFO rally.task.runner [-] Task af4baf90-e158-43c3-a4ea-37063d1638aa | ITER: 46 START
2019-11-08 03:12:37.856 24310 INFO rally.task.runner [-] Task af4baf90-e158-43c3-a4ea-37063d1638aa | ITER: 31 END: OK
2019-11-08 03:12:37.859 24310 INFO rally.task.runner [-] Task af4baf90-e158-43c3-a4ea-37063d1638aa | ITER: 47 START
2019-11-08 03:12:37.891 24315 INFO rally.task.runner [-] Task af4baf90-e158-43c3-a4ea-37063d1638aa | ITER: 26 END: OK
2019-11-08 03:12:37.894 24315 INFO rally.task.runner [-] Task af4baf90-e158-43c3-a4ea-37063d1638aa | ITER: 48 START
2019-11-08 03:12:38.089 24313 INFO rally.task.runner [-] Task af4baf90-e158-43c3-a4ea-37063d1638aa | ITER: 37 END: OK
2019-11-08 03:12:38.092 24313 INFO rally.task.runner [-] Task af4baf90-e158-43c3-a4ea-37063d1638aa | ITER: 49 START
2019-11-08 03:12:38.152 24282 INFO rally.task.runner [-] Task af4baf90-e158-43c3-a4ea-37063d1638aa | ITER: 36 END: OK
2019-11-08 03:12:38.155 24282 INFO rally.task.runner [-] Task af4baf90-e158-43c3-a4ea-37063d1638aa | ITER: 50 START
2019-11-08 03:12:38.197 24296 INFO rally.task.runner [-] Task af4baf90-e158-43c3-a4ea-37063d1638aa | ITER: 38 END: OK
2019-11-08 03:12:38.199 24296 INFO rally.task.runner [-] Task af4baf90-e158-43c3-a4ea-37063d1638aa | ITER: 51 START
2019-11-08 03:12:38.286 24270 INFO rally.task.runner [-] Task af4baf90-e158-43c3-a4ea-37063d1638aa | ITER: 24 END: OK
2019-11-08 03:12:38.290 24270 INFO rally.task.runner [-] Task af4baf90-e158-43c3-a4ea-37063d1638aa | ITER: 52 START
2019-11-08 03:12:38.580 24274 INFO rally.task.runner [-] Task af4baf90-e158-43c3-a4ea-37063d1638aa | ITER: 29 END: OK
2019-11-08 03:12:38.582 24274 INFO rally.task.runner [-] Task af4baf90-e158-43c3-a4ea-37063d1638aa | ITER: 53 START
2019-11-08 03:12:38.685 24270 INFO rally.task.runner [-] Task af4baf90-e158-43c3-a4ea-37063d1638aa | ITER: 34 END: OK
2019-11-08 03:12:38.688 24270 INFO rally.task.runner [-] Task af4baf90-e158-43c3-a4ea-37063d1638aa | ITER: 54 START
2019-11-08 03:12:38.688 24290 INFO rally.task.runner [-] Task af4baf90-e158-43c3-a4ea-37063d1638aa | ITER: 23 END: OK
2019-11-08 03:12:38.691 24290 INFO rally.task.runner [-] Task af4baf90-e158-43c3-a4ea-37063d1638aa | ITER: 55 START
2019-11-08 03:12:38.783 24287 INFO rally.task.runner [-] Task af4baf90-e158-43c3-a4ea-37063d1638aa | ITER: 43 END: OK
2019-11-08 03:12:38.786 24287 INFO rally.task.runner [-] Task af4baf90-e158-43c3-a4ea-37063d1638aa | ITER: 56 START
2019-11-08 03:12:38.799 24278 INFO rally.task.runner [-] Task af4baf90-e158-43c3-a4ea-37063d1638aa | ITER: 42 END: OK
2019-11-08 03:12:38.800 24271 INFO rally.task.runner [-] Task af4baf90-e158-43c3-a4ea-37063d1638aa | ITER: 39 END: OK
2019-11-08 03:12:38.803 24278 INFO rally.task.runner [-] Task af4baf90-e158-43c3-a4ea-37063d1638aa | ITER: 57 START
2019-11-08 03:12:38.804 24271 INFO rally.task.runner [-] Task af4baf90-e158-43c3-a4ea-37063d1638aa | ITER: 58 START
2019-11-08 03:12:38.805 24269 INFO rally.task.runner [-] Task af4baf90-e158-43c3-a4ea-37063d1638aa | ITER: 35 END: OK
2019-11-08 03:12:38.807 24269 INFO rally.task.runner [-] Task af4baf90-e158-43c3-a4ea-37063d1638aa | ITER: 41 END: OK
2019-11-08 03:12:38.810 24269 INFO rally.task.runner [-] Task af4baf90-e158-43c3-a4ea-37063d1638aa | ITER: 59 START
2019-11-08 03:12:38.817 24269 INFO rally.task.runner [-] Task af4baf90-e158-43c3-a4ea-37063d1638aa | ITER: 60 START
2019-11-08 03:12:38.921 24304 INFO rally.task.runner [-] Task af4baf90-e158-43c3-a4ea-37063d1638aa | ITER: 44 END: OK
2019-11-08 03:12:38.924 24304 INFO rally.task.runner [-] Task af4baf90-e158-43c3-a4ea-37063d1638aa | ITER: 61 START
2019-11-08 03:12:38.934 24274 INFO rally.task.runner [-] Task af4baf90-e158-43c3-a4ea-37063d1638aa | ITER: 40 END: OK
2019-11-08 03:12:38.936 24308 INFO rally.task.runner [-] Task af4baf90-e158-43c3-a4ea-37063d1638aa | ITER: 33 END: OK
2019-11-08 03:12:38.937 24274 INFO rally.task.runner [-] Task af4baf90-e158-43c3-a4ea-37063d1638aa | ITER: 62 START
2019-11-08 03:12:38.939 24308 INFO rally.task.runner [-] Task af4baf90-e158-43c3-a4ea-37063d1638aa | ITER: 63 START
2019-11-08 03:12:39.114 24293 INFO rally.task.runner [-] Task af4baf90-e158-43c3-a4ea-37063d1638aa | ITER: 45 END: OK
2019-11-08 03:12:39.117 24293 INFO rally.task.runner [-] Task af4baf90-e158-43c3-a4ea-37063d1638aa | ITER: 64 START
2019-11-08 03:12:39.255 24282 INFO rally.task.runner [-] Task af4baf90-e158-43c3-a4ea-37063d1638aa | ITER: 50 END: OK
2019-11-08 03:12:39.257 24282 INFO rally.task.runner [-] Task af4baf90-e158-43c3-a4ea-37063d1638aa | ITER: 65 START
2019-11-08 03:12:39.297 24271 INFO rally.task.runner [-] Task af4baf90-e158-43c3-a4ea-37063d1638aa | ITER: 46 END: OK
2019-11-08 03:12:39.300 24271 INFO rally.task.runner [-] Task af4baf90-e158-43c3-a4ea-37063d1638aa | ITER: 66 START
2019-11-08 03:12:39.329 24313 INFO rally.task.runner [-] Task af4baf90-e158-43c3-a4ea-37063d1638aa | ITER: 49 END: OK
2019-11-08 03:12:39.332 24313 INFO rally.task.runner [-] Task af4baf90-e158-43c3-a4ea-37063d1638aa | ITER: 67 START
2019-11-08 03:12:39.402 24302 INFO rally.task.runner [-] Task af4baf90-e158-43c3-a4ea-37063d1638aa | ITER: 32 END: OK
2019-11-08 03:12:39.405 24302 INFO rally.task.runner [-] Task af4baf90-e158-43c3-a4ea-37063d1638aa | ITER: 68 START
2019-11-08 03:12:39.475 24290 INFO rally.task.runner [-] Task af4baf90-e158-43c3-a4ea-37063d1638aa | ITER: 55 END: OK
2019-11-08 03:12:39.478 24290 INFO rally.task.runner [-] Task af4baf90-e158-43c3-a4ea-37063d1638aa | ITER: 69 START
2019-11-08 03:12:39.607 24315 INFO rally.task.runner [-] Task af4baf90-e158-43c3-a4ea-37063d1638aa | ITER: 48 END: OK
2019-11-08 03:12:39.610 24315 INFO rally.task.runner [-] Task af4baf90-e158-43c3-a4ea-37063d1638aa | ITER: 70 START
2019-11-08 03:12:39.831 24278 INFO rally.task.runner [-] Task af4baf90-e158-43c3-a4ea-37063d1638aa | ITER: 57 END: OK
2019-11-08 03:12:39.834 24278 INFO rally.task.runner [-] Task af4baf90-e158-43c3-a4ea-37063d1638aa | ITER: 71 START
2019-11-08 03:12:39.877 24287 INFO rally.task.runner [-] Task af4baf90-e158-43c3-a4ea-37063d1638aa | ITER: 56 END: OK
2019-11-08 03:12:39.880 24287 INFO rally.task.runner [-] Task af4baf90-e158-43c3-a4ea-37063d1638aa | ITER: 72 START
2019-11-08 03:12:39.898 24269 INFO rally.task.runner [-] Task af4baf90-e158-43c3-a4ea-37063d1638aa | ITER: 60 END: OK
2019-11-08 03:12:39.901 24269 INFO rally.task.runner [-] Task af4baf90-e158-43c3-a4ea-37063d1638aa | ITER: 73 START
2019-11-08 03:12:39.965 24274 INFO rally.task.runner [-] Task af4baf90-e158-43c3-a4ea-37063d1638aa | ITER: 62 END: OK
2019-11-08 03:12:39.968 24274 INFO rally.task.runner [-] Task af4baf90-e158-43c3-a4ea-37063d1638aa | ITER: 74 START
2019-11-08 03:12:40.020 24310 INFO rally.task.runner [-] Task af4baf90-e158-43c3-a4ea-37063d1638aa | ITER: 47 END: OK
2019-11-08 03:12:40.023 24310 INFO rally.task.runner [-] Task af4baf90-e158-43c3-a4ea-37063d1638aa | ITER: 75 START
2019-11-08 03:12:40.087 24269 INFO rally.task.runner [-] Task af4baf90-e158-43c3-a4ea-37063d1638aa | ITER: 59 END: OK
2019-11-08 03:12:40.089 24269 INFO rally.task.runner [-] Task af4baf90-e158-43c3-a4ea-37063d1638aa | ITER: 76 START
2019-11-08 03:12:40.090 24270 INFO rally.task.runner [-] Task af4baf90-e158-43c3-a4ea-37063d1638aa | ITER: 54 END: OK
2019-11-08 03:12:40.094 24270 INFO rally.task.runner [-] Task af4baf90-e158-43c3-a4ea-37063d1638aa | ITER: 77 START
2019-11-08 03:12:40.102 24274 INFO rally.task.runner [-] Task af4baf90-e158-43c3-a4ea-37063d1638aa | ITER: 53 END: OK
2019-11-08 03:12:40.106 24274 INFO rally.task.runner [-] Task af4baf90-e158-43c3-a4ea-37063d1638aa | ITER: 78 START
2019-11-08 03:12:40.109 24296 INFO rally.task.runner [-] Task af4baf90-e158-43c3-a4ea-37063d1638aa | ITER: 51 END: OK
2019-11-08 03:12:40.112 24296 INFO rally.task.runner [-] Task af4baf90-e158-43c3-a4ea-37063d1638aa | ITER: 79 START
2019-11-08 03:12:40.314 24271 INFO rally.task.runner [-] Task af4baf90-e158-43c3-a4ea-37063d1638aa | ITER: 58 END: OK
2019-11-08 03:12:40.317 24271 INFO rally.task.runner [-] Task af4baf90-e158-43c3-a4ea-37063d1638aa | ITER: 80 START
2019-11-08 03:12:40.377 24304 INFO rally.task.runner [-] Task af4baf90-e158-43c3-a4ea-37063d1638aa | ITER: 61 END: OK
2019-11-08 03:12:40.381 24304 INFO rally.task.runner [-] Task af4baf90-e158-43c3-a4ea-37063d1638aa | ITER: 81 START
2019-11-08 03:12:40.398 24313 INFO rally.task.runner [-] Task af4baf90-e158-43c3-a4ea-37063d1638aa | ITER: 67 END: OK
2019-11-08 03:12:40.401 24313 INFO rally.task.runner [-] Task af4baf90-e158-43c3-a4ea-37063d1638aa | ITER: 82 START
2019-11-08 03:12:40.538 24308 INFO rally.task.runner [-] Task af4baf90-e158-43c3-a4ea-37063d1638aa | ITER: 63 END: OK
2019-11-08 03:12:40.541 24308 INFO rally.task.runner [-] Task af4baf90-e158-43c3-a4ea-37063d1638aa | ITER: 83 START
2019-11-08 03:12:40.554 24271 INFO rally.task.runner [-] Task af4baf90-e158-43c3-a4ea-37063d1638aa | ITER: 66 END: OK
2019-11-08 03:12:40.557 24271 INFO rally.task.runner [-] Task af4baf90-e158-43c3-a4ea-37063d1638aa | ITER: 84 START
2019-11-08 03:12:40.569 24293 INFO rally.task.runner [-] Task af4baf90-e158-43c3-a4ea-37063d1638aa | ITER: 64 END: OK
2019-11-08 03:12:40.573 24293 INFO rally.task.runner [-] Task af4baf90-e158-43c3-a4ea-37063d1638aa | ITER: 85 START
2019-11-08 03:12:40.905 24315 INFO rally.task.runner [-] Task af4baf90-e158-43c3-a4ea-37063d1638aa | ITER: 70 END: OK
2019-11-08 03:12:40.908 24315 INFO rally.task.runner [-] Task af4baf90-e158-43c3-a4ea-37063d1638aa | ITER: 86 START
2019-11-08 03:12:40.918 24282 INFO rally.task.runner [-] Task af4baf90-e158-43c3-a4ea-37063d1638aa | ITER: 65 END: OK
2019-11-08 03:12:40.921 24282 INFO rally.task.runner [-] Task af4baf90-e158-43c3-a4ea-37063d1638aa | ITER: 87 START
2019-11-08 03:12:40.993 24278 INFO rally.task.runner [-] Task af4baf90-e158-43c3-a4ea-37063d1638aa | ITER: 71 END: OK
2019-11-08 03:12:40.996 24278 INFO rally.task.runner [-] Task af4baf90-e158-43c3-a4ea-37063d1638aa | ITER: 88 START
2019-11-08 03:12:41.045 24302 INFO rally.task.runner [-] Task af4baf90-e158-43c3-a4ea-37063d1638aa | ITER: 68 END: OK
2019-11-08 03:12:41.049 24302 INFO rally.task.runner [-] Task af4baf90-e158-43c3-a4ea-37063d1638aa | ITER: 89 START
2019-11-08 03:12:41.079 24287 INFO rally.task.runner [-] Task af4baf90-e158-43c3-a4ea-37063d1638aa | ITER: 72 END: OK
2019-11-08 03:12:41.082 24287 INFO rally.task.runner [-] Task af4baf90-e158-43c3-a4ea-37063d1638aa | ITER: 90 START
2019-11-08 03:12:41.187 24310 INFO rally.task.runner [-] Task af4baf90-e158-43c3-a4ea-37063d1638aa | ITER: 75 END: OK
2019-11-08 03:12:41.190 24310 INFO rally.task.runner [-] Task af4baf90-e158-43c3-a4ea-37063d1638aa | ITER: 91 START
2019-11-08 03:12:41.255 24270 INFO rally.task.runner [-] Task af4baf90-e158-43c3-a4ea-37063d1638aa | ITER: 77 END: OK
2019-11-08 03:12:41.258 24296 INFO rally.task.runner [-] Task af4baf90-e158-43c3-a4ea-37063d1638aa | ITER: 79 END: OK
2019-11-08 03:12:41.259 24270 INFO rally.task.runner [-] Task af4baf90-e158-43c3-a4ea-37063d1638aa | ITER: 92 START
2019-11-08 03:12:41.261 24296 INFO rally.task.runner [-] Task af4baf90-e158-43c3-a4ea-37063d1638aa | ITER: 93 START
2019-11-08 03:12:41.351 24269 INFO rally.task.runner [-] Task af4baf90-e158-43c3-a4ea-37063d1638aa | ITER: 73 END: OK
2019-11-08 03:12:41.354 24269 INFO rally.task.runner [-] Task af4baf90-e158-43c3-a4ea-37063d1638aa | ITER: 94 START
2019-11-08 03:12:41.361 24270 INFO rally.task.runner [-] Task af4baf90-e158-43c3-a4ea-37063d1638aa | ITER: 52 END: OK
2019-11-08 03:12:41.364 24270 INFO rally.task.runner [-] Task af4baf90-e158-43c3-a4ea-37063d1638aa | ITER: 95 START
2019-11-08 03:12:41.502 24274 INFO rally.task.runner [-] Task af4baf90-e158-43c3-a4ea-37063d1638aa | ITER: 74 END: OK
2019-11-08 03:12:41.505 24274 INFO rally.task.runner [-] Task af4baf90-e158-43c3-a4ea-37063d1638aa | ITER: 96 START
2019-11-08 03:12:41.506 24293 INFO rally.task.runner [-] Task af4baf90-e158-43c3-a4ea-37063d1638aa | ITER: 85 END: OK
2019-11-08 03:12:41.509 24293 INFO rally.task.runner [-] Task af4baf90-e158-43c3-a4ea-37063d1638aa | ITER: 97 START
2019-11-08 03:12:41.544 24290 INFO rally.task.runner [-] Task af4baf90-e158-43c3-a4ea-37063d1638aa | ITER: 69 END: OK
2019-11-08 03:12:41.548 24290 INFO rally.task.runner [-] Task af4baf90-e158-43c3-a4ea-37063d1638aa | ITER: 98 START
2019-11-08 03:12:41.830 24271 INFO rally.task.runner [-] Task af4baf90-e158-43c3-a4ea-37063d1638aa | ITER: 80 END: OK
2019-11-08 03:12:41.832 24271 INFO rally.task.runner [-] Task af4baf90-e158-43c3-a4ea-37063d1638aa | ITER: 99 START
2019-11-08 03:12:41.909 24274 INFO rally.task.runner [-] Task af4baf90-e158-43c3-a4ea-37063d1638aa | ITER: 78 END: OK
2019-11-08 03:12:41.912 24274 INFO rally.task.runner [-] Task af4baf90-e158-43c3-a4ea-37063d1638aa | ITER: 100 START
2019-11-08 03:12:41.966 24269 INFO rally.task.runner [-] Task af4baf90-e158-43c3-a4ea-37063d1638aa | ITER: 76 END: OK
2019-11-08 03:12:42.043 24282 INFO rally.task.runner [-] Task af4baf90-e158-43c3-a4ea-37063d1638aa | ITER: 87 END: OK
2019-11-08 03:12:42.157 24296 INFO rally.task.runner [-] Task af4baf90-e158-43c3-a4ea-37063d1638aa | ITER: 93 END: OK
2019-11-08 03:12:42.162 24271 INFO rally.task.runner [-] Task af4baf90-e158-43c3-a4ea-37063d1638aa | ITER: 84 END: OK
2019-11-08 03:12:42.221 24308 INFO rally.task.runner [-] Task af4baf90-e158-43c3-a4ea-37063d1638aa | ITER: 83 END: OK
2019-11-08 03:12:42.321 24313 INFO rally.task.runner [-] Task af4baf90-e158-43c3-a4ea-37063d1638aa | ITER: 82 END: OK
2019-11-08 03:12:42.336 24315 INFO rally.task.runner [-] Task af4baf90-e158-43c3-a4ea-37063d1638aa | ITER: 86 END: OK
2019-11-08 03:12:42.378 24304 INFO rally.task.runner [-] Task af4baf90-e158-43c3-a4ea-37063d1638aa | ITER: 81 END: OK
2019-11-08 03:12:42.396 24287 INFO rally.task.runner [-] Task af4baf90-e158-43c3-a4ea-37063d1638aa | ITER: 90 END: OK
2019-11-08 03:12:42.542 24270 INFO rally.task.runner [-] Task af4baf90-e158-43c3-a4ea-37063d1638aa | ITER: 95 END: OK
2019-11-08 03:12:42.570 24278 INFO rally.task.runner [-] Task af4baf90-e158-43c3-a4ea-37063d1638aa | ITER: 88 END: OK
2019-11-08 03:12:42.592 24293 INFO rally.task.runner [-] Task af4baf90-e158-43c3-a4ea-37063d1638aa | ITER: 97 END: OK
2019-11-08 03:12:42.650 24270 INFO rally.task.runner [-] Task af4baf90-e158-43c3-a4ea-37063d1638aa | ITER: 92 END: OK
2019-11-08 03:12:42.672 24290 INFO rally.task.runner [-] Task af4baf90-e158-43c3-a4ea-37063d1638aa | ITER: 98 END: OK
2019-11-08 03:12:42.733 24274 INFO rally.task.runner [-] Task af4baf90-e158-43c3-a4ea-37063d1638aa | ITER: 96 END: OK
2019-11-08 03:12:42.801 24310 INFO rally.task.runner [-] Task af4baf90-e158-43c3-a4ea-37063d1638aa | ITER: 91 END: OK
2019-11-08 03:12:42.865 24269 INFO rally.task.runner [-] Task af4baf90-e158-43c3-a4ea-37063d1638aa | ITER: 94 END: OK
2019-11-08 03:12:42.889 24302 INFO rally.task.runner [-] Task af4baf90-e158-43c3-a4ea-37063d1638aa | ITER: 89 END: OK
2019-11-08 03:12:42.989 24271 INFO rally.task.runner [-] Task af4baf90-e158-43c3-a4ea-37063d1638aa | ITER: 99 END: OK
2019-11-08 03:12:42.993 24274 INFO rally.task.runner [-] Task af4baf90-e158-43c3-a4ea-37063d1638aa | ITER: 100 END: OK
2019-11-08 03:12:43.018 24145 INFO rally.task.context [-] Task af4baf90-e158-43c3-a4ea-37063d1638aa | Context cleanup@openstack cleanup() started
2019-11-08 03:12:43.021 24145 RALLYDEBUG rally_openstack.cleanup.manager [-] Cleaning up neutron vip objects
2019-11-08 03:12:43.386 24145 RALLYDEBUG rally_openstack.cleanup.manager [-] Cleaning up neutron health_monitor objects
2019-11-08 03:12:43.761 24145 RALLYDEBUG rally_openstack.cleanup.manager [-] Cleaning up neutron pool objects
2019-11-08 03:12:44.128 24145 RALLYDEBUG rally_openstack.cleanup.manager [-] Cleaning up neutron loadbalancer objects
2019-11-08 03:12:44.489 24145 RALLYDEBUG rally_openstack.cleanup.manager [-] Cleaning up neutron floatingip objects
2019-11-08 03:12:44.889 24145 RALLYDEBUG rally_openstack.cleanup.manager [-] Cleaning up neutron trunk objects
2019-11-08 03:12:45.280 24145 RALLYDEBUG rally_openstack.cleanup.manager [-] Cleaning up neutron port objects
2019-11-08 03:12:45.673 24145 RALLYDEBUG rally_openstack.cleanup.manager [-] Cleaning up neutron subnet objects
2019-11-08 03:12:46.059 24145 RALLYDEBUG rally_openstack.cleanup.manager [-] Cleaning up neutron network objects
2019-11-08 03:12:46.744 24145 RALLYDEBUG rally_openstack.cleanup.manager [-] Deleting neutron.network object s_rally_a75d937a_ZBs8m8oV (04e75658-c692-40df-8aaa-fc2092a8dca6)
2019-11-08 03:12:46.753 24145 RALLYDEBUG rally_openstack.cleanup.manager [-] Deleting neutron.network object s_rally_a75d937a_ku0jLb6l (08794074-fd63-46fb-ad4f-3b6fbbbb3518)
2019-11-08 03:12:46.761 24145 RALLYDEBUG rally_openstack.cleanup.manager [-] Deleting neutron.network object s_rally_a75d937a_iIfNlj6v (0e2c89c0-7538-4b64-abda-1a3d552b02cb)
2019-11-08 03:12:46.765 24145 RALLYDEBUG rally_openstack.cleanup.manager [-] Deleting neutron.network object s_rally_a75d937a_ox5v1ILU (105723d5-02c8-4968-a83c-0b0013d1b435)
2019-11-08 03:12:46.779 24145 RALLYDEBUG rally_openstack.cleanup.manager [-] Deleting neutron.network object s_rally_a75d937a_1U8Kej4I (1276701b-93e6-4959-9d8e-c44e549e9550)
2019-11-08 03:12:46.804 24145 RALLYDEBUG rally_openstack.cleanup.manager [-] Deleting neutron.network object s_rally_a75d937a_0MgENM7b (1537f2c3-b186-4475-b06d-84d7198421bc)
2019-11-08 03:12:46.817 24145 RALLYDEBUG rally_openstack.cleanup.manager [-] Deleting neutron.network object s_rally_a75d937a_s6zBWpI5 (161b9238-1d55-4a25-99d9-aca0d4c719e7)
2019-11-08 03:12:46.825 24145 RALLYDEBUG rally_openstack.cleanup.manager [-] Deleting neutron.network object s_rally_a75d937a_hLxJTuEU (1874db8e-1fa0-4618-a7f2-45167804942e)
2019-11-08 03:12:46.850 24145 RALLYDEBUG rally_openstack.cleanup.manager [-] Deleting neutron.network object s_rally_a75d937a_YaSG0oQH (1a96654a-c412-498b-a8da-c607a7b22909)
2019-11-08 03:12:46.859 24145 RALLYDEBUG rally_openstack.cleanup.manager [-] Deleting neutron.network object s_rally_a75d937a_AyhuMds6 (1a9d98b2-f25e-4567-aa41-84a298727c09)
2019-11-08 03:12:46.863 24145 RALLYDEBUG rally_openstack.cleanup.manager [-] Deleting neutron.network object s_rally_a75d937a_S7tKX0oD (2033edeb-b6ad-4617-9067-5ba93e65858d)
2019-11-08 03:12:46.878 24145 RALLYDEBUG rally_openstack.cleanup.manager [-] Deleting neutron.network object s_rally_a75d937a_gM0JEYfq (203e2a59-f26b-48cb-b00f-863be2fbbafa)
2019-11-08 03:12:46.887 24145 RALLYDEBUG rally_openstack.cleanup.manager [-] Deleting neutron.network object s_rally_a75d937a_AgeAXbWT (21717c66-635d-4961-ac74-f0064585fd0f)
2019-11-08 03:12:46.891 24145 RALLYDEBUG rally_openstack.cleanup.manager [-] Deleting neutron.network object s_rally_a75d937a_kTJsig8W (22602344-6476-4333-b4c3-1dc84157db1a)
2019-11-08 03:12:46.910 24145 RALLYDEBUG rally_openstack.cleanup.manager [-] Deleting neutron.network object s_rally_a75d937a_uHMBmobB (267a192f-6312-4a42-bf7d-79af6f2c555d)
2019-11-08 03:12:46.915 24145 RALLYDEBUG rally_openstack.cleanup.manager [-] Deleting neutron.network object s_rally_a75d937a_CtKHLKF6 (268deeaa-e339-4fee-863e-1b9c328839f8)
2019-11-08 03:12:46.922 24145 RALLYDEBUG rally_openstack.cleanup.manager [-] Deleting neutron.network object s_rally_a75d937a_h2HdeBdN (2e61858b-dd82-4912-a242-4751dbd61c11)
2019-11-08 03:12:46.932 24145 RALLYDEBUG rally_openstack.cleanup.manager [-] Deleting neutron.network object s_rally_a75d937a_L2ZVGhzi (2ff9567a-16c1-469a-b1cb-466b391500d8)
2019-11-08 03:12:46.940 24145 RALLYDEBUG rally_openstack.cleanup.manager [-] Deleting neutron.network object s_rally_a75d937a_YzOtuICu (33d579cc-025d-4fb6-b28a-908ed5e197c3)
2019-11-08 03:12:46.972 24145 RALLYDEBUG rally_openstack.cleanup.manager [-] Deleting neutron.network object s_rally_a75d937a_WQvysGzN (35cd5b12-135a-4752-8aea-ea5ab3c0e41f)
2019-11-08 03:12:49.099 24145 RALLYDEBUG rally_openstack.cleanup.manager [-] Deleting neutron.network object s_rally_a75d937a_moMm0DL5 (3867f27e-4ae8-4642-ba2d-fb9c51d70a5a)
2019-11-08 03:12:49.108 24145 RALLYDEBUG rally_openstack.cleanup.manager [-] Deleting neutron.network object s_rally_a75d937a_crNmNj52 (3bbf919b-b211-4e23-b27c-da3d58fd5cbc)
2019-11-08 03:12:49.196 24145 RALLYDEBUG rally_openstack.cleanup.manager [-] Deleting neutron.network object s_rally_a75d937a_D0GgjC25 (3d25c5dc-04c2-49db-a6e7-efa238ad3813)
2019-11-08 03:12:49.228 24145 RALLYDEBUG rally_openstack.cleanup.manager [-] Deleting neutron.network object s_rally_a75d937a_PsZ7lgUK (426fa89a-2a4e-49ad-b779-e7e386d47f91)
2019-11-08 03:12:49.267 24145 RALLYDEBUG rally_openstack.cleanup.manager [-] Deleting neutron.network object s_rally_a75d937a_syt2SNxJ (4270cbb7-c021-4954-88e8-05f8db161f64)
2019-11-08 03:12:49.432 24145 RALLYDEBUG rally_openstack.cleanup.manager [-] Deleting neutron.network object s_rally_a75d937a_SQGgYzmV (48c87241-d88f-442a-935f-644554a7b2b0)
2019-11-08 03:12:49.620 24145 RALLYDEBUG rally_openstack.cleanup.manager [-] Deleting neutron.network object s_rally_a75d937a_XBiC4Mlm (4dffe5dc-bae8-41f8-9e6f-6dade84c73ba)
2019-11-08 03:12:49.651 24145 RALLYDEBUG rally_openstack.cleanup.manager [-] Deleting neutron.network object s_rally_a75d937a_5Tltl0Re (52e0e0b4-31ac-422d-a45c-bd8bb4e57003)
2019-11-08 03:12:49.718 24145 RALLYDEBUG rally_openstack.cleanup.manager [-] Deleting neutron.network object s_rally_a75d937a_YeTFCD4E (532fc33f-6785-4bff-8d24-5477594cc011)
2019-11-08 03:12:49.811 24145 RALLYDEBUG rally_openstack.cleanup.manager [-] Deleting neutron.network object s_rally_a75d937a_HsglvhJZ (53354455-1733-4991-bd57-66edfd1a447d)
2019-11-08 03:12:49.852 24145 RALLYDEBUG rally_openstack.cleanup.manager [-] Deleting neutron.network object s_rally_a75d937a_SvEyBWMZ (544d5e6f-614d-48fd-9f9f-951b93d179ac)
2019-11-08 03:12:49.856 24145 RALLYDEBUG rally_openstack.cleanup.manager [-] Deleting neutron.network object s_rally_a75d937a_JLapX9wo (58c244c1-18a6-47b5-958b-2d06654988a1)
2019-11-08 03:12:49.884 24145 RALLYDEBUG rally_openstack.cleanup.manager [-] Deleting neutron.network object s_rally_a75d937a_fN9Iwcw7 (5e506248-f093-4164-9363-a0e86e52d440)
2019-11-08 03:12:49.978 24145 RALLYDEBUG rally_openstack.cleanup.manager [-] Deleting neutron.network object s_rally_a75d937a_DYW1uCCY (5e56c3d4-cf17-41d3-bae5-dfc69d1c749e)
2019-11-08 03:12:49.986 24145 RALLYDEBUG rally_openstack.cleanup.manager [-] Deleting neutron.network object s_rally_a75d937a_HyOeVIr5 (5e57e4a5-b5ac-4b43-a573-cc53a9f70886)
2019-11-08 03:12:49.995 24145 RALLYDEBUG rally_openstack.cleanup.manager [-] Deleting neutron.network object s_rally_a75d937a_H9dfrbBr (6171b677-07a1-4d58-b8f8-8763ac849ec8)
2019-11-08 03:12:50.042 24145 RALLYDEBUG rally_openstack.cleanup.manager [-] Deleting neutron.network object s_rally_a75d937a_5jP0gLtn (6508b503-df15-4dd0-8e25-2e1f09a929c7)
2019-11-08 03:12:50.129 24145 RALLYDEBUG rally_openstack.cleanup.manager [-] Deleting neutron.network object s_rally_a75d937a_5MV3m2ds (66a28415-9273-49bb-9db9-3a50d92641b0)
2019-11-08 03:12:50.146 24145 RALLYDEBUG rally_openstack.cleanup.manager [-] Deleting neutron.network object s_rally_a75d937a_xziv26hS (66bdcb3c-e41a-4d26-bfbb-64253bb0138d)
2019-11-08 03:12:50.149 24145 RALLYDEBUG rally_openstack.cleanup.manager [-] Deleting neutron.network object s_rally_a75d937a_lWOQWWm6 (6785540d-74f6-46cb-a508-17cc5e8b83f2)
2019-11-08 03:12:51.013 24145 RALLYDEBUG rally_openstack.cleanup.manager [-] Deleting neutron.network object s_rally_a75d937a_hZUCdJ58 (67b45d1e-a0d1-4f80-ad26-75260460cd2b)
2019-11-08 03:12:51.059 24145 RALLYDEBUG rally_openstack.cleanup.manager [-] Deleting neutron.network object s_rally_a75d937a_fgSJd6Io (6927334d-11e5-4d5b-a776-ac3c144421b5)
2019-11-08 03:12:51.124 24145 RALLYDEBUG rally_openstack.cleanup.manager [-] Deleting neutron.network object s_rally_a75d937a_pVhZ8iuC (69ec35a4-2916-475c-8f5b-d0135c54e69c)
2019-11-08 03:12:51.252 24145 RALLYDEBUG rally_openstack.cleanup.manager [-] Deleting neutron.network object s_rally_a75d937a_3gH33kr5 (6b49b474-2e03-4fb7-be18-cac21695ef76)
2019-11-08 03:12:51.465 24145 RALLYDEBUG rally_openstack.cleanup.manager [-] Deleting neutron.network object s_rally_a75d937a_hle9a9IV (71dc667e-e4ee-4a67-b639-649c4c29063f)
2019-11-08 03:12:51.777 24145 RALLYDEBUG rally_openstack.cleanup.manager [-] Deleting neutron.network object s_rally_a75d937a_uDf5yOXA (72e214fe-0c22-493f-9519-e97e353d0058)
2019-11-08 03:12:51.795 24145 RALLYDEBUG rally_openstack.cleanup.manager [-] Deleting neutron.network object s_rally_a75d937a_u7S4rkHt (73a124ec-d7f6-4d9f-957c-b7c388325f16)
2019-11-08 03:12:51.859 24145 RALLYDEBUG rally_openstack.cleanup.manager [-] Deleting neutron.network object s_rally_a75d937a_eKfflV6E (796efc7a-e331-4cc3-8d02-f2c87d33c40e)
2019-11-08 03:12:51.886 24145 RALLYDEBUG rally_openstack.cleanup.manager [-] Deleting neutron.network object s_rally_a75d937a_TxgFj5eP (7b79219c-5594-421c-aa47-1af7b975acfb)
2019-11-08 03:12:51.925 24145 RALLYDEBUG rally_openstack.cleanup.manager [-] Deleting neutron.network object s_rally_a75d937a_RSmm8aBW (7c40246f-88fd-41b4-8e90-4552b2749f59)
2019-11-08 03:12:51.933 24145 RALLYDEBUG rally_openstack.cleanup.manager [-] Deleting neutron.network object s_rally_a75d937a_HKvhXv4c (7e51365a-f222-4b0d-99a2-320e6f55ac31)
2019-11-08 03:12:51.990 24145 RALLYDEBUG rally_openstack.cleanup.manager [-] Deleting neutron.network object s_rally_a75d937a_BqNAWIos (7f4ff55f-1620-4a80-a24a-a62ca5ae3fef)
2019-11-08 03:12:52.106 24145 RALLYDEBUG rally_openstack.cleanup.manager [-] Deleting neutron.network object s_rally_a75d937a_3U9CZj9m (7fe0611e-94e8-456f-bda4-2716d9200bff)
2019-11-08 03:12:52.115 24145 RALLYDEBUG rally_openstack.cleanup.manager [-] Deleting neutron.network object s_rally_a75d937a_mRyJkMd6 (814424af-9ffe-404e-8151-e44045d12998)
2019-11-08 03:12:52.409 24145 RALLYDEBUG rally_openstack.cleanup.manager [-] Deleting neutron.network object s_rally_a75d937a_22KAnyJF (8174fa7c-6357-4f70-b2e7-a267ad25fedf)
2019-11-08 03:12:52.502 24145 RALLYDEBUG rally_openstack.cleanup.manager [-] Deleting neutron.network object s_rally_a75d937a_mT8KUvO6 (8b9feab8-e7cf-4866-821d-af3ab9386b33)
2019-11-08 03:12:52.505 24145 RALLYDEBUG rally_openstack.cleanup.manager [-] Deleting neutron.network object s_rally_a75d937a_ulF95rLm (914d82a3-b186-4cd4-b2e2-442c66b62eff)
2019-11-08 03:12:52.527 24145 RALLYDEBUG rally_openstack.cleanup.manager [-] Deleting neutron.network object s_rally_a75d937a_YPFtnqU9 (9619acfb-a838-40e0-a67a-4aa1ebec8998)
2019-11-08 03:12:52.614 24145 RALLYDEBUG rally_openstack.cleanup.manager [-] Deleting neutron.network object s_rally_a75d937a_aHhfywk5 (97ade1b7-95a7-4eb5-a9b0-a150bd5d4b6c)
2019-11-08 03:12:52.622 24145 RALLYDEBUG rally_openstack.cleanup.manager [-] Deleting neutron.network object s_rally_a75d937a_Zf89klha (98343c86-0d86-4846-8484-81740c7db67a)
2019-11-08 03:12:52.856 24145 RALLYDEBUG rally_openstack.cleanup.manager [-] Deleting neutron.network object s_rally_a75d937a_bf3SD2e4 (9b2e29fe-f86e-44e6-8456-17e9af88f091)
2019-11-08 03:12:52.881 24145 RALLYDEBUG rally_openstack.cleanup.manager [-] Deleting neutron.network object s_rally_a75d937a_EBVcGdKG (9dc8f46f-70d1-4f90-8c77-854a84ef941a)
2019-11-08 03:12:53.135 24145 RALLYDEBUG rally_openstack.cleanup.manager [-] Deleting neutron.network object s_rally_a75d937a_9B4jWdSs (9deddfd4-9860-488e-9bee-7f9b15804fca)
2019-11-08 03:12:53.233 24145 RALLYDEBUG rally_openstack.cleanup.manager [-] Deleting neutron.network object s_rally_a75d937a_hUsNNWmJ (9e0ece30-ced2-4e7d-84d5-a01ea03edc5d)
2019-11-08 03:12:53.337 24145 RALLYDEBUG rally_openstack.cleanup.manager [-] Deleting neutron.network object s_rally_a75d937a_Ng70ttWt (a20e4a84-2132-4f73-b6c6-12ec868b300a)
2019-11-08 03:12:53.794 24145 RALLYDEBUG rally_openstack.cleanup.manager [-] Deleting neutron.network object s_rally_a75d937a_UhEw6nkR (a5502d3b-b964-4418-964a-d8a755ce89cb)
2019-11-08 03:12:53.844 24145 RALLYDEBUG rally_openstack.cleanup.manager [-] Deleting neutron.network object s_rally_a75d937a_oNlwB7wV (a5fcf8f4-3d07-4ada-a04c-8218c16baa50)
2019-11-08 03:12:53.903 24145 RALLYDEBUG rally_openstack.cleanup.manager [-] Deleting neutron.network object s_rally_a75d937a_Z6wrkx7Q (a6528bce-eeeb-4f7f-9755-a65efc3b53aa)
2019-11-08 03:12:53.937 24145 RALLYDEBUG rally_openstack.cleanup.manager [-] Deleting neutron.network object s_rally_a75d937a_U56TvTFJ (a684dd40-3fe7-473e-9843-30628e452a84)
2019-11-08 03:12:53.954 24145 RALLYDEBUG rally_openstack.cleanup.manager [-] Deleting neutron.network object s_rally_a75d937a_LPA9z7w4 (a695b4a5-e1a9-451a-b015-4bff7d25e8cb)
2019-11-08 03:12:53.962 24145 RALLYDEBUG rally_openstack.cleanup.manager [-] Deleting neutron.network object s_rally_a75d937a_Nlsy7G0C (aa402172-4b0f-41af-a326-0eadb04cbc26)
2019-11-08 03:12:54.002 24145 RALLYDEBUG rally_openstack.cleanup.manager [-] Deleting neutron.network object s_rally_a75d937a_4PP7Q6ru (ad9b8529-f535-4c79-a9a7-f4afbb5a41a9)
2019-11-08 03:12:54.241 24145 RALLYDEBUG rally_openstack.cleanup.manager [-] Deleting neutron.network object s_rally_a75d937a_dNZL8ZUn (b6b56a60-65e6-4c4f-94be-f16002374762)
2019-11-08 03:12:54.362 24145 RALLYDEBUG rally_openstack.cleanup.manager [-] Deleting neutron.network object s_rally_a75d937a_6DOqtVF7 (c504ffd3-23e3-48b5-b93e-3af17f6e57d1)
2019-11-08 03:12:54.432 24145 RALLYDEBUG rally_openstack.cleanup.manager [-] Deleting neutron.network object s_rally_a75d937a_1PLc1ooC (ca93dcbf-daa2-4623-9579-be5db83007d0)
2019-11-08 03:12:54.555 24145 RALLYDEBUG rally_openstack.cleanup.manager [-] Deleting neutron.network object s_rally_a75d937a_HTzsABUr (cb55d33f-7a24-43e9-bdd1-8ae5c3893f0f)
2019-11-08 03:12:54.572 24145 RALLYDEBUG rally_openstack.cleanup.manager [-] Deleting neutron.network object s_rally_a75d937a_eQv5KXsn (ce8c0907-d736-477b-bd83-2c752839b5c3)
2019-11-08 03:12:54.678 24145 RALLYDEBUG rally_openstack.cleanup.manager [-] Deleting neutron.network object s_rally_a75d937a_JI6IhibH (d1204f83-06b6-4ac3-bdd5-cbfc804814d0)
2019-11-08 03:12:54.915 24145 RALLYDEBUG rally_openstack.cleanup.manager [-] Deleting neutron.network object s_rally_a75d937a_4JRx4wj2 (d172c447-ca38-4a40-b11f-e8a0dd44fc58)
2019-11-08 03:12:54.982 24145 RALLYDEBUG rally_openstack.cleanup.manager [-] Deleting neutron.network object s_rally_a75d937a_xp2M3tZV (d1c6326f-f395-435a-823b-43ebd664dfc4)
2019-11-08 03:12:55.033 24145 RALLYDEBUG rally_openstack.cleanup.manager [-] Deleting neutron.network object s_rally_a75d937a_DSa44lDU (d3b6dc23-cb59-4e2c-bdcc-9fd8d104c3b8)
2019-11-08 03:12:55.041 24145 RALLYDEBUG rally_openstack.cleanup.manager [-] Deleting neutron.network object s_rally_a75d937a_r0zfOkgv (d46aa701-f1e6-48f7-9179-6ec6041a3209)
2019-11-08 03:12:55.228 24145 RALLYDEBUG rally_openstack.cleanup.manager [-] Deleting neutron.network object s_rally_a75d937a_qaz1aSJY (d4fe25d8-2c0d-40cd-9459-f2c958246cc9)
2019-11-08 03:12:55.451 24145 RALLYDEBUG rally_openstack.cleanup.manager [-] Deleting neutron.network object s_rally_a75d937a_PveFeH7h (d851a1f6-d12b-4053-af07-16ba1dadbea4)
2019-11-08 03:12:55.499 24145 RALLYDEBUG rally_openstack.cleanup.manager [-] Deleting neutron.network object s_rally_a75d937a_xt5BLWY2 (d968dd98-90dc-470c-8e03-9ce02a17e87e)
2019-11-08 03:12:55.832 24145 RALLYDEBUG rally_openstack.cleanup.manager [-] Deleting neutron.network object s_rally_a75d937a_cdzPWz5y (db74ba7b-60d5-4a7f-9ee5-d6735d2448b0)
2019-11-08 03:12:55.889 24145 RALLYDEBUG rally_openstack.cleanup.manager [-] Deleting neutron.network object s_rally_a75d937a_dGDfTtHC (ddbdb427-32df-4b12-aca4-e127095c7f09)
2019-11-08 03:12:55.913 24145 RALLYDEBUG rally_openstack.cleanup.manager [-] Deleting neutron.network object s_rally_a75d937a_z7Qv95xp (e8647812-ff75-4991-8d92-78202488a6e4)
2019-11-08 03:12:55.970 24145 RALLYDEBUG rally_openstack.cleanup.manager [-] Deleting neutron.network object s_rally_a75d937a_QnJh0qHc (ead1b508-e93a-4613-987d-6cd9123b832a)
2019-11-08 03:12:56.037 24145 RALLYDEBUG rally_openstack.cleanup.manager [-] Deleting neutron.network object s_rally_a75d937a_euBVnIx7 (ed000da3-14e1-425d-8c5b-4ed186f1ddb1)
2019-11-08 03:12:56.114 24145 RALLYDEBUG rally_openstack.cleanup.manager [-] Deleting neutron.network object s_rally_a75d937a_UmiUT3oA (ef0ca806-e78b-4f5e-8058-e0ea89f56b8b)
2019-11-08 03:12:56.122 24145 RALLYDEBUG rally_openstack.cleanup.manager [-] Deleting neutron.network object s_rally_a75d937a_z4Q5lGmx (ef990b67-db3c-40a6-b2fa-94adc7112821)
2019-11-08 03:12:56.281 24145 RALLYDEBUG rally_openstack.cleanup.manager [-] Deleting neutron.network object s_rally_a75d937a_Yki4o7Jg (f053f851-62c7-404d-963b-297a84be68cf)
2019-11-08 03:12:56.371 24145 RALLYDEBUG rally_openstack.cleanup.manager [-] Deleting neutron.network object s_rally_a75d937a_2Op43uzP (f3311a0f-b0c1-4892-826a-ef2f4419ce68)
2019-11-08 03:12:56.380 24145 RALLYDEBUG rally_openstack.cleanup.manager [-] Deleting neutron.network object s_rally_a75d937a_Hvfvjg7T (f662ccb9-7579-4a8d-a638-62be52df8cd0)
2019-11-08 03:12:56.432 24145 RALLYDEBUG rally_openstack.cleanup.manager [-] Deleting neutron.network object s_rally_a75d937a_5A0qewyQ (f68868e0-bddf-49c6-93b6-22c2ad029d3e)
2019-11-08 03:12:56.471 24145 RALLYDEBUG rally_openstack.cleanup.manager [-] Deleting neutron.network object s_rally_a75d937a_89bBo3C5 (f99e0773-455f-4836-bb79-a7404b63c336)
