2019-11-08 03:16:42.140 26353 RALLYDEBUG rally.task.runner [-] Starting a worker. times: 40 duration: None concurrency: 1 timeout: 0 cls: method_name: run args: {"network_create_args": {}, "subnet_create_args": {}, "subnet_cidr_start": "1.1.0.0/30", "subnets_per_network": 2}
2019-11-08 03:16:42.136 26339 INFO rally.task.runner [-] Task af4baf90-e158-43c3-a4ea-37063d1638aa | ITER: 2 START
2019-11-08 03:16:42.140 26344 INFO rally.task.runner [-] Task af4baf90-e158-43c3-a4ea-37063d1638aa | ITER: 8 START
2019-11-08 03:16:42.142 26348 WARNING rally_openstack.scenarios.neutron.utils [-] Running this scenario without either the 'network' or 'existing_network' context is deprecated
2019-11-08 03:16:42.142 26344 WARNING rally_openstack.scenarios.neutron.utils [-] Running this scenario without either the 'network' or 'existing_network' context is deprecated
2019-11-08 03:16:42.143 26339 WARNING rally_openstack.scenarios.neutron.utils [-] Running this scenario without either the 'network' or 'existing_network' context is deprecated
2019-11-08 03:16:42.139 26341 WARNING rally_openstack.scenarios.neutron.utils [-] Running this scenario without either the 'network' or 'existing_network' context is deprecated
2019-11-08 03:16:42.144 26357 RALLYDEBUG rally.task.runner [-] Starting a worker. times: 40 duration: None concurrency: 1 timeout: 0 cls: method_name: run args: {"network_create_args": {}, "subnet_create_args": {}, "subnet_cidr_start": "1.1.0.0/30", "subnets_per_network": 2}
2019-11-08 03:16:42.145 26353 INFO rally.task.runner [-] Task af4baf90-e158-43c3-a4ea-37063d1638aa | ITER: 10 START
2019-11-08 03:16:42.147 26353 WARNING rally_openstack.scenarios.neutron.utils [-] Running this scenario without either the 'network' or 'existing_network' context is deprecated
2019-11-08 03:16:42.147 26360 RALLYDEBUG rally.task.runner [-] Starting a worker. times: 40 duration: None concurrency: 1 timeout: 0 cls: method_name: run args: {"network_create_args": {}, "subnet_create_args": {}, "subnet_cidr_start": "1.1.0.0/30", "subnets_per_network": 2}
2019-11-08 03:16:42.149 26357 INFO rally.task.runner [-] Task af4baf90-e158-43c3-a4ea-37063d1638aa | ITER: 11 START
2019-11-08 03:16:42.150 26357 WARNING rally_openstack.scenarios.neutron.utils [-] Running this scenario without either the 'network' or 'existing_network' context is deprecated
2019-11-08 03:16:42.143 26344 WARNING rally_openstack.scenarios.neutron.utils [-] Running this scenario without either the 'network' or 'existing_network' context is deprecated
2019-11-08 03:16:42.154 26360 INFO rally.task.runner [-] Task af4baf90-e158-43c3-a4ea-37063d1638aa | ITER: 12 START
2019-11-08 03:16:42.155 26360 WARNING rally_openstack.scenarios.neutron.utils [-] Running this scenario without either the 'network' or 'existing_network' context is deprecated
2019-11-08 03:16:42.156 26365 RALLYDEBUG rally.task.runner [-] Starting a worker. times: 40 duration: None concurrency: 1 timeout: 0 cls: method_name: run args: {"network_create_args": {}, "subnet_create_args": {}, "subnet_cidr_start": "1.1.0.0/30", "subnets_per_network": 2}
2019-11-08 03:16:42.161 26365 INFO rally.task.runner [-] Task af4baf90-e158-43c3-a4ea-37063d1638aa | ITER: 13 START
2019-11-08 03:16:42.161 26368 RALLYDEBUG rally.task.runner [-] Starting a worker. times: 40 duration: None concurrency: 1 timeout: 0 cls: method_name: run args: {"network_create_args": {}, "subnet_create_args": {}, "subnet_cidr_start": "1.1.0.0/30", "subnets_per_network": 2}
2019-11-08 03:16:42.163 26365 WARNING rally_openstack.scenarios.neutron.utils [-] Running this scenario without either the 'network' or 'existing_network' context is deprecated
2019-11-08 03:16:42.168 26371 RALLYDEBUG rally.task.runner [-] Starting a worker. times: 40 duration: None concurrency: 1 timeout: 0 cls: method_name: run args: {"network_create_args": {}, "subnet_create_args": {}, "subnet_cidr_start": "1.1.0.0/30", "subnets_per_network": 2}
2019-11-08 03:16:42.168 26368 INFO rally.task.runner [-] Task af4baf90-e158-43c3-a4ea-37063d1638aa | ITER: 14 START
2019-11-08 03:16:42.171 26368 WARNING rally_openstack.scenarios.neutron.utils [-] Running this scenario without either the 'network' or 'existing_network' context is deprecated
2019-11-08 03:16:42.174 26371 INFO rally.task.runner [-] Task af4baf90-e158-43c3-a4ea-37063d1638aa | ITER: 15 START
2019-11-08 03:16:42.174 26374 RALLYDEBUG rally.task.runner [-] Starting a worker. times: 40 duration: None concurrency: 1 timeout: 0 cls: method_name: run args: {"network_create_args": {}, "subnet_create_args": {}, "subnet_cidr_start": "1.1.0.0/30", "subnets_per_network": 2}
2019-11-08 03:16:42.176 26371 WARNING rally_openstack.scenarios.neutron.utils [-] Running this scenario without either the 'network' or 'existing_network' context is deprecated
2019-11-08 03:16:42.179 26374 INFO rally.task.runner [-] Task af4baf90-e158-43c3-a4ea-37063d1638aa | ITER: 16 START
2019-11-08 03:16:42.180 26374 WARNING rally_openstack.scenarios.neutron.utils [-] Running this scenario without either the 'network' or 'existing_network' context is deprecated
2019-11-08 03:16:42.180 26377 RALLYDEBUG rally.task.runner [-] Starting a worker. times: 40 duration: None concurrency: 1 timeout: 0 cls: method_name: run args: {"network_create_args": {}, "subnet_create_args": {}, "subnet_cidr_start": "1.1.0.0/30", "subnets_per_network": 2}
2019-11-08 03:16:42.184 26377 INFO rally.task.runner [-] Task af4baf90-e158-43c3-a4ea-37063d1638aa | ITER: 17 START
2019-11-08 03:16:42.184 26380 RALLYDEBUG rally.task.runner [-] Starting a worker. times: 40 duration: None concurrency: 1 timeout: 0 cls: method_name: run args: {"network_create_args": {}, "subnet_create_args": {}, "subnet_cidr_start": "1.1.0.0/30", "subnets_per_network": 2}
2019-11-08 03:16:42.186 26377 WARNING rally_openstack.scenarios.neutron.utils [-] Running this scenario without either the 'network' or 'existing_network' context is deprecated
2019-11-08 03:16:42.188 26380 INFO rally.task.runner [-] Task af4baf90-e158-43c3-a4ea-37063d1638aa | ITER: 18 START
2019-11-08 03:16:42.188 26383 RALLYDEBUG rally.task.runner [-] Starting a worker. times: 40 duration: None concurrency: 1 timeout: 0 cls: method_name: run args: {"network_create_args": {}, "subnet_create_args": {}, "subnet_cidr_start": "1.1.0.0/30", "subnets_per_network": 2}
2019-11-08 03:16:42.190 26380 WARNING rally_openstack.scenarios.neutron.utils [-] Running this scenario without either the 'network' or 'existing_network' context is deprecated
2019-11-08 03:16:42.193 26383 INFO rally.task.runner [-] Task af4baf90-e158-43c3-a4ea-37063d1638aa | ITER: 19 START
2019-11-08 03:16:42.194 26383 WARNING rally_openstack.scenarios.neutron.utils [-] Running this scenario without either the 'network' or 'existing_network' context is deprecated
2019-11-08 03:16:42.196 26387 RALLYDEBUG rally.task.runner [-] Starting a worker. times: 40 duration: None concurrency: 1 timeout: 0 cls: method_name: run args: {"network_create_args": {}, "subnet_create_args": {}, "subnet_cidr_start": "1.1.0.0/30", "subnets_per_network": 2}
2019-11-08 03:16:42.200 26387 INFO rally.task.runner [-] Task af4baf90-e158-43c3-a4ea-37063d1638aa | ITER: 20 START
2019-11-08 03:16:42.201 26387 WARNING rally_openstack.scenarios.neutron.utils [-] Running this scenario without either the 'network' or 'existing_network' context is deprecated
2019-11-08 03:16:42.812 26340 RALLYDEBUG rally_openstack.wrappers.network [-] CIDR generated: 1.1.4.96/30
2019-11-08 03:16:42.822 26353 RALLYDEBUG rally_openstack.wrappers.network [-] CIDR generated: 1.1.4.100/30
2019-11-08 03:16:42.849 26340 RALLYDEBUG rally_openstack.wrappers.network [-] CIDR generated: 1.1.4.104/30
2019-11-08 03:16:42.881 26341 RALLYDEBUG rally_openstack.wrappers.network [-] CIDR generated: 1.1.4.108/30
2019-11-08 03:16:42.884 26344 RALLYDEBUG rally_openstack.wrappers.network [-] CIDR generated: 1.1.4.112/30
2019-11-08 03:16:42.901 26357 RALLYDEBUG rally_openstack.wrappers.network [-] CIDR generated: 1.1.4.116/30
2019-11-08 03:16:42.983 26339 RALLYDEBUG rally_openstack.wrappers.network [-] CIDR generated: 1.1.4.120/30
2019-11-08 03:16:43.206 26344 RALLYDEBUG rally_openstack.wrappers.network [-] CIDR generated: 1.1.4.124/30
2019-11-08 03:16:43.216 26383 RALLYDEBUG rally_openstack.wrappers.network [-] CIDR generated: 1.1.4.128/30
2019-11-08 03:16:43.242 26374 RALLYDEBUG rally_openstack.wrappers.network [-] CIDR generated: 1.1.4.132/30
2019-11-08 03:16:43.277 26377 RALLYDEBUG rally_openstack.wrappers.network [-] CIDR generated: 1.1.4.136/30
2019-11-08 03:16:43.424 26387 RALLYDEBUG rally_openstack.wrappers.network [-] CIDR generated: 1.1.4.140/30
2019-11-08 03:16:43.456 26339 RALLYDEBUG rally_openstack.wrappers.network [-] CIDR generated: 1.1.4.144/30
2019-11-08 03:16:43.512 26371 RALLYDEBUG rally_openstack.wrappers.network [-] CIDR generated: 1.1.4.148/30
2019-11-08 03:16:43.524 26365 RALLYDEBUG rally_openstack.wrappers.network [-] CIDR generated: 1.1.4.152/30
2019-11-08 03:16:43.582 26341 RALLYDEBUG rally_openstack.wrappers.network [-] CIDR generated: 1.1.4.156/30
2019-11-08 03:16:43.584 26368 RALLYDEBUG rally_openstack.wrappers.network [-] CIDR generated: 1.1.4.160/30
2019-11-08 03:16:43.648 26380 RALLYDEBUG rally_openstack.wrappers.network [-] CIDR generated: 1.1.4.164/30
2019-11-08 03:16:43.848 26360 RALLYDEBUG rally_openstack.wrappers.network [-] CIDR generated: 1.1.4.168/30
2019-11-08 03:16:43.906 26344 RALLYDEBUG rally_openstack.wrappers.network [-] CIDR generated: 1.1.4.172/30
2019-11-08 03:16:43.928 26339 RALLYDEBUG rally_openstack.wrappers.network [-] CIDR generated: 1.1.4.176/30
2019-11-08 03:16:44.103 26348 RALLYDEBUG rally_openstack.wrappers.network [-] CIDR generated: 1.1.4.180/30
2019-11-08 03:16:44.117 26383 RALLYDEBUG rally_openstack.wrappers.network [-] CIDR generated: 1.1.4.184/30
2019-11-08 03:16:44.275 26341 RALLYDEBUG rally_openstack.wrappers.network [-] CIDR generated: 1.1.4.188/30
2019-11-08 03:16:44.282 26387 RALLYDEBUG rally_openstack.wrappers.network [-] CIDR generated: 1.1.4.192/30
2019-11-08 03:16:44.366 26340 RALLYDEBUG rally_openstack.wrappers.network [-] CIDR generated: 1.1.4.196/30
2019-11-08 03:16:44.451 26353 RALLYDEBUG rally_openstack.wrappers.network [-] CIDR generated: 1.1.4.200/30
2019-11-08 03:16:45.078 26340 RALLYDEBUG rally_openstack.wrappers.network [-] CIDR generated: 1.1.4.204/30
2019-11-08 03:16:45.241 26380 RALLYDEBUG rally_openstack.wrappers.network [-] CIDR generated: 1.1.4.208/30
2019-11-08 03:16:45.248 26357 RALLYDEBUG rally_openstack.wrappers.network [-] CIDR generated: 1.1.4.212/30
2019-11-08 03:16:45.280 26377 RALLYDEBUG rally_openstack.wrappers.network [-] CIDR generated: 1.1.4.216/30
2019-11-08 03:16:45.718 26365 RALLYDEBUG rally_openstack.wrappers.network [-] CIDR generated: 1.1.4.220/30
2019-11-08 03:16:45.741 26371 RALLYDEBUG rally_openstack.wrappers.network [-] CIDR generated: 1.1.4.224/30
2019-11-08 03:16:45.745 26341 RALLYDEBUG rally_openstack.wrappers.network [-] CIDR generated: 1.1.4.228/30
2019-11-08 03:16:45.815 26344 RALLYDEBUG rally_openstack.wrappers.network [-] CIDR generated: 1.1.4.232/30
2019-11-08 03:16:45.832 26374 RALLYDEBUG rally_openstack.wrappers.network [-] CIDR generated: 1.1.4.236/30
2019-11-08 03:16:45.991 26368 RALLYDEBUG rally_openstack.wrappers.network [-] CIDR generated: 1.1.4.240/30
2019-11-08 03:16:46.084 26348 RALLYDEBUG rally_openstack.wrappers.network [-] CIDR generated: 1.1.4.244/30
2019-11-08 03:16:46.276 26339 RALLYDEBUG rally_openstack.wrappers.network [-] CIDR generated: 1.1.4.248/30
2019-11-08 03:16:46.739 26360 RALLYDEBUG rally_openstack.wrappers.network [-] CIDR generated: 1.1.4.252/30
2019-11-08 03:16:47.893 26377 INFO rally.task.runner [-] Task af4baf90-e158-43c3-a4ea-37063d1638aa | ITER: 17 END: OK
2019-11-08 03:16:47.897 26377 INFO rally.task.runner [-] Task af4baf90-e158-43c3-a4ea-37063d1638aa | ITER: 21 START
2019-11-08 03:16:47.898 26377 WARNING rally_openstack.scenarios.neutron.utils [-] Running this scenario without either the 'network' or 'existing_network' context is deprecated
2019-11-08 03:16:48.172 26339 INFO rally.task.runner [-] Task af4baf90-e158-43c3-a4ea-37063d1638aa | ITER: 2 END: OK
2019-11-08 03:16:48.176 26339 INFO rally.task.runner [-] Task af4baf90-e158-43c3-a4ea-37063d1638aa | ITER: 22 START
2019-11-08 03:16:48.177 26339 WARNING rally_openstack.scenarios.neutron.utils [-] Running this scenario without either the 'network' or 'existing_network' context is deprecated
2019-11-08 03:16:48.775 26371 INFO rally.task.runner [-] Task af4baf90-e158-43c3-a4ea-37063d1638aa | ITER: 15 END: OK
2019-11-08 03:16:48.779 26371 INFO rally.task.runner [-] Task af4baf90-e158-43c3-a4ea-37063d1638aa | ITER: 23 START
2019-11-08 03:16:48.780 26371 WARNING rally_openstack.scenarios.neutron.utils [-] Running this scenario without either the 'network' or 'existing_network' context is deprecated
2019-11-08 03:16:48.823 26377 RALLYDEBUG rally_openstack.wrappers.network [-] CIDR generated: 1.1.5.0/30
2019-11-08 03:16:48.868 26344 INFO rally.task.runner [-] Task af4baf90-e158-43c3-a4ea-37063d1638aa | ITER: 8 END: OK
2019-11-08 03:16:48.872 26344 INFO rally.task.runner [-] Task af4baf90-e158-43c3-a4ea-37063d1638aa | ITER: 24 START
2019-11-08 03:16:48.873 26344 WARNING rally_openstack.scenarios.neutron.utils [-] Running this scenario without either the 'network' or 'existing_network' context is deprecated
2019-11-08 03:16:48.907 26339 RALLYDEBUG rally_openstack.wrappers.network [-] CIDR generated: 1.1.5.4/30
2019-11-08 03:16:49.145 26383 INFO rally.task.runner [-] Task af4baf90-e158-43c3-a4ea-37063d1638aa | ITER: 19 END: OK
2019-11-08 03:16:49.149 26383 INFO rally.task.runner [-] Task af4baf90-e158-43c3-a4ea-37063d1638aa | ITER: 25 START
2019-11-08 03:16:49.149 26383 WARNING rally_openstack.scenarios.neutron.utils [-] Running this scenario without either the 'network' or 'existing_network' context is deprecated
2019-11-08 03:16:49.326 26371 RALLYDEBUG rally_openstack.wrappers.network [-] CIDR generated: 1.1.5.8/30
2019-11-08 03:16:49.330 26387 INFO rally.task.runner [-] Task af4baf90-e158-43c3-a4ea-37063d1638aa | ITER: 20 END: OK
2019-11-08 03:16:49.333 26387 INFO rally.task.runner [-] Task af4baf90-e158-43c3-a4ea-37063d1638aa | ITER: 26 START
2019-11-08 03:16:49.334 26387 WARNING rally_openstack.scenarios.neutron.utils [-] Running this scenario without either the 'network' or 'existing_network' context is deprecated
2019-11-08 03:16:49.445 26340 INFO rally.task.runner [-] Task af4baf90-e158-43c3-a4ea-37063d1638aa | ITER: 5 END: OK
2019-11-08 03:16:49.449 26340 INFO rally.task.runner [-] Task af4baf90-e158-43c3-a4ea-37063d1638aa | ITER: 27 START
2019-11-08 03:16:49.450 26340 WARNING rally_openstack.scenarios.neutron.utils [-] Running this scenario without either the 'network' or 'existing_network' context is deprecated
2019-11-08 03:16:49.450 26348 INFO rally.task.runner [-] Task af4baf90-e158-43c3-a4ea-37063d1638aa | ITER: 9 END: OK
2019-11-08 03:16:49.454 26348 INFO rally.task.runner [-] Task af4baf90-e158-43c3-a4ea-37063d1638aa | ITER: 28 START
2019-11-08 03:16:49.455 26348 WARNING rally_openstack.scenarios.neutron.utils [-] Running this scenario without either the 'network' or 'existing_network' context is deprecated
2019-11-08 03:16:49.496 26344 RALLYDEBUG rally_openstack.wrappers.network [-] CIDR generated: 1.1.5.12/30
2019-11-08 03:16:49.504 26340 INFO rally.task.runner [-] Task af4baf90-e158-43c3-a4ea-37063d1638aa | ITER: 3 END: OK
2019-11-08 03:16:49.507 26340 INFO rally.task.runner [-] Task af4baf90-e158-43c3-a4ea-37063d1638aa | ITER: 29 START
2019-11-08 03:16:49.508 26340 WARNING rally_openstack.scenarios.neutron.utils [-] Running this scenario without either the 'network' or 'existing_network' context is deprecated
2019-11-08 03:16:49.546 26377 RALLYDEBUG rally_openstack.wrappers.network [-] CIDR generated: 1.1.5.16/30
2019-11-08 03:16:49.645 26360 INFO rally.task.runner [-] Task af4baf90-e158-43c3-a4ea-37063d1638aa | ITER: 12 END: OK
2019-11-08 03:16:49.649 26360 INFO rally.task.runner [-] Task af4baf90-e158-43c3-a4ea-37063d1638aa | ITER: 30 START
2019-11-08 03:16:49.649 26360 WARNING rally_openstack.scenarios.neutron.utils [-] Running this scenario without either the 'network' or 'existing_network' context is deprecated
2019-11-08 03:16:49.889 26353 INFO rally.task.runner [-] Task af4baf90-e158-43c3-a4ea-37063d1638aa | ITER: 10 END: OK
2019-11-08 03:16:49.893 26353 INFO rally.task.runner [-] Task af4baf90-e158-43c3-a4ea-37063d1638aa | ITER: 31 START
2019-11-08 03:16:49.894 26353 WARNING rally_openstack.scenarios.neutron.utils [-] Running this scenario without either the 'network' or 'existing_network' context is deprecated
2019-11-08 03:16:49.908 26368 INFO rally.task.runner [-] Task af4baf90-e158-43c3-a4ea-37063d1638aa | ITER: 14 END: OK
2019-11-08 03:16:49.912 26368 INFO rally.task.runner [-] Task af4baf90-e158-43c3-a4ea-37063d1638aa | ITER: 32 START
2019-11-08 03:16:49.913 26368 WARNING rally_openstack.scenarios.neutron.utils [-] Running this scenario without either the 'network' or 'existing_network' context is deprecated
2019-11-08 03:16:50.095 26387 RALLYDEBUG rally_openstack.wrappers.network [-] CIDR generated: 1.1.5.20/30
2019-11-08 03:16:50.180 26360 RALLYDEBUG rally_openstack.wrappers.network [-] CIDR generated: 1.1.5.24/30
2019-11-08 03:16:50.203 26340 RALLYDEBUG rally_openstack.wrappers.network [-] CIDR generated: 1.1.5.28/30
2019-11-08 03:16:50.229 26344 INFO rally.task.runner [-] Task af4baf90-e158-43c3-a4ea-37063d1638aa | ITER: 7 END: OK
2019-11-08 03:16:50.232 26344 INFO rally.task.runner [-] Task af4baf90-e158-43c3-a4ea-37063d1638aa | ITER: 33 START
2019-11-08 03:16:50.233 26344 WARNING rally_openstack.scenarios.neutron.utils [-] Running this scenario without either the 'network' or 'existing_network' context is deprecated
2019-11-08 03:16:50.269 26374 INFO rally.task.runner [-] Task af4baf90-e158-43c3-a4ea-37063d1638aa | ITER: 16 END: OK
2019-11-08 03:16:50.273 26374 INFO rally.task.runner [-] Task af4baf90-e158-43c3-a4ea-37063d1638aa | ITER: 34 START
2019-11-08 03:16:50.274 26374 WARNING rally_openstack.scenarios.neutron.utils [-] Running this scenario without either the 'network' or 'existing_network' context is deprecated
2019-11-08 03:16:50.389 26340 RALLYDEBUG rally_openstack.wrappers.network [-] CIDR generated: 1.1.5.32/30
2019-11-08 03:16:50.537 26368 RALLYDEBUG rally_openstack.wrappers.network [-] CIDR generated: 1.1.5.36/30
2019-11-08 03:16:50.539 26348 RALLYDEBUG rally_openstack.wrappers.network [-] CIDR generated: 1.1.5.40/30
2019-11-08 03:16:50.696 26353 RALLYDEBUG rally_openstack.wrappers.network [-] CIDR generated: 1.1.5.44/30
2019-11-08 03:16:50.953 26383 RALLYDEBUG rally_openstack.wrappers.network [-] CIDR generated: 1.1.5.48/30
2019-11-08 03:16:50.970 26341 INFO rally.task.runner [-] Task af4baf90-e158-43c3-a4ea-37063d1638aa | ITER: 6 END: OK
2019-11-08 03:16:50.974 26341 INFO rally.task.runner [-] Task af4baf90-e158-43c3-a4ea-37063d1638aa | ITER: 35 START
2019-11-08 03:16:50.975 26341 WARNING rally_openstack.scenarios.neutron.utils [-] Running this scenario without either the 'network' or 'existing_network' context is deprecated
2019-11-08 03:16:51.075 26380 INFO rally.task.runner [-] Task af4baf90-e158-43c3-a4ea-37063d1638aa | ITER: 18 END: OK
2019-11-08 03:16:51.079 26380 INFO rally.task.runner [-] Task af4baf90-e158-43c3-a4ea-37063d1638aa | ITER: 36 START
2019-11-08 03:16:51.080 26380 WARNING rally_openstack.scenarios.neutron.utils [-] Running this scenario without either the 'network' or 'existing_network' context is deprecated
2019-11-08 03:16:51.175 26374 RALLYDEBUG rally_openstack.wrappers.network [-] CIDR generated: 1.1.5.52/30
2019-11-08 03:16:51.249 26365 INFO rally.task.runner [-] Task af4baf90-e158-43c3-a4ea-37063d1638aa | ITER: 13 END: OK
2019-11-08 03:16:51.253 26365 INFO rally.task.runner [-] Task af4baf90-e158-43c3-a4ea-37063d1638aa | ITER: 37 START
2019-11-08 03:16:51.254 26365 WARNING rally_openstack.scenarios.neutron.utils [-] Running this scenario without either the 'network' or 'existing_network' context is deprecated
2019-11-08 03:16:51.455 26348 RALLYDEBUG rally_openstack.wrappers.network [-] CIDR generated: 1.1.5.56/30
2019-11-08 03:16:51.575 26339 RALLYDEBUG rally_openstack.wrappers.network [-] CIDR generated: 1.1.5.60/30
2019-11-08 03:16:51.638 26341 RALLYDEBUG rally_openstack.wrappers.network [-] CIDR generated: 1.1.5.64/30
2019-11-08 03:16:51.682 26344 RALLYDEBUG rally_openstack.wrappers.network [-] CIDR generated: 1.1.5.68/30
2019-11-08 03:16:51.730 26344 RALLYDEBUG rally_openstack.wrappers.network [-] CIDR generated: 1.1.5.72/30
2019-11-08 03:16:51.904 26380 RALLYDEBUG rally_openstack.wrappers.network [-] CIDR generated: 1.1.5.76/30
2019-11-08 03:16:51.960 26365 RALLYDEBUG rally_openstack.wrappers.network [-] CIDR generated: 1.1.5.80/30
2019-11-08 03:16:51.995 26339 INFO rally.task.runner [-] Task af4baf90-e158-43c3-a4ea-37063d1638aa | ITER: 1 END: OK
2019-11-08 03:16:51.997 26339 INFO rally.task.runner [-] Task af4baf90-e158-43c3-a4ea-37063d1638aa | ITER: 38 START
2019-11-08 03:16:51.998 26339 WARNING rally_openstack.scenarios.neutron.utils [-] Running this scenario without either the 'network' or 'existing_network' context is deprecated
2019-11-08 03:16:52.176 26340 RALLYDEBUG rally_openstack.wrappers.network [-] CIDR generated: 1.1.5.84/30
2019-11-08 03:16:52.221 26360 RALLYDEBUG rally_openstack.wrappers.network [-] CIDR generated: 1.1.5.88/30
2019-11-08 03:16:52.327 26340 RALLYDEBUG rally_openstack.wrappers.network [-] CIDR generated: 1.1.5.92/30
2019-11-08 03:16:52.505 26387 RALLYDEBUG rally_openstack.wrappers.network [-] CIDR generated: 1.1.5.96/30
2019-11-08 03:16:52.620 26339 RALLYDEBUG rally_openstack.wrappers.network [-] CIDR generated: 1.1.5.100/30
2019-11-08 03:16:52.810 26353 RALLYDEBUG rally_openstack.wrappers.network [-] CIDR generated: 1.1.5.104/30
2019-11-08 03:16:52.904 26383 RALLYDEBUG rally_openstack.wrappers.network [-] CIDR generated: 1.1.5.108/30
2019-11-08 03:16:53.039 26344 RALLYDEBUG rally_openstack.wrappers.network [-] CIDR generated: 1.1.5.112/30
2019-11-08 03:16:53.188 26365 RALLYDEBUG rally_openstack.wrappers.network [-] CIDR generated: 1.1.5.116/30
2019-11-08 03:16:53.397 26371 RALLYDEBUG rally_openstack.wrappers.network [-] CIDR generated: 1.1.5.120/30
2019-11-08 03:16:53.633 26368 RALLYDEBUG rally_openstack.wrappers.network [-] CIDR generated: 1.1.5.124/30
2019-11-08 03:16:53.651 26380 RALLYDEBUG rally_openstack.wrappers.network [-] CIDR generated: 1.1.5.128/30
2019-11-08 03:16:53.936 26341 INFO rally.task.runner [-] Task af4baf90-e158-43c3-a4ea-37063d1638aa | ITER: 4 END: OK
2019-11-08 03:16:53.939 26341 INFO rally.task.runner [-] Task af4baf90-e158-43c3-a4ea-37063d1638aa | ITER: 39 START
2019-11-08 03:16:53.940 26341 WARNING rally_openstack.scenarios.neutron.utils [-] Running this scenario without either the 'network' or 'existing_network' context is deprecated
2019-11-08 03:16:54.075 26374 RALLYDEBUG rally_openstack.wrappers.network [-] CIDR generated: 1.1.5.132/30
2019-11-08 03:16:54.132 26357 INFO rally.task.runner [-] Task af4baf90-e158-43c3-a4ea-37063d1638aa | ITER: 11 END: OK
2019-11-08 03:16:54.136 26357 INFO rally.task.runner [-] Task af4baf90-e158-43c3-a4ea-37063d1638aa | ITER: 40 START
2019-11-08 03:16:54.137 26357 WARNING rally_openstack.scenarios.neutron.utils [-] Running this scenario without either the 'network' or 'existing_network' context is deprecated
2019-11-08 03:16:54.248 26341 RALLYDEBUG rally_openstack.wrappers.network [-] CIDR generated: 1.1.5.136/30
2019-11-08 03:16:54.582 26377 INFO rally.task.runner [-] Task af4baf90-e158-43c3-a4ea-37063d1638aa | ITER: 21 END: OK
2019-11-08 03:16:54.821 26341 RALLYDEBUG rally_openstack.wrappers.network [-] CIDR generated: 1.1.5.140/30
2019-11-08 03:16:54.973 26357 RALLYDEBUG rally_openstack.wrappers.network [-] CIDR generated: 1.1.5.144/30
2019-11-08 03:16:55.079 26339 RALLYDEBUG rally_openstack.wrappers.network [-] CIDR generated: 1.1.5.148/30
2019-11-08 03:16:55.772 26341 RALLYDEBUG rally_openstack.wrappers.network [-] CIDR generated: 1.1.5.152/30
2019-11-08 03:16:55.854 26357 RALLYDEBUG rally_openstack.wrappers.network [-] CIDR generated: 1.1.5.156/30
2019-11-08 03:16:56.377 26371 INFO rally.task.runner [-] Task af4baf90-e158-43c3-a4ea-37063d1638aa | ITER: 23 END: OK
2019-11-08 03:16:56.618 26360 INFO rally.task.runner [-] Task af4baf90-e158-43c3-a4ea-37063d1638aa | ITER: 30 END: OK
2019-11-08 03:16:56.865 26344 INFO rally.task.runner [-] Task af4baf90-e158-43c3-a4ea-37063d1638aa | ITER: 24 END: OK
2019-11-08 03:16:56.911 26348 INFO rally.task.runner [-] Task af4baf90-e158-43c3-a4ea-37063d1638aa | ITER: 28 END: OK
2019-11-08 03:16:56.986 26339 INFO rally.task.runner [-] Task af4baf90-e158-43c3-a4ea-37063d1638aa | ITER: 22 END: OK
2019-11-08 03:16:57.379 26341 INFO rally.task.runner [-] Task af4baf90-e158-43c3-a4ea-37063d1638aa | ITER: 35 END: OK
2019-11-08 03:16:57.544 26340 INFO rally.task.runner [-] Task af4baf90-e158-43c3-a4ea-37063d1638aa | ITER: 29 END: OK
2019-11-08 03:16:57.869 26387 INFO rally.task.runner [-] Task af4baf90-e158-43c3-a4ea-37063d1638aa | ITER: 26 END: OK
2019-11-08 03:16:57.926 26365 INFO rally.task.runner [-] Task af4baf90-e158-43c3-a4ea-37063d1638aa | ITER: 37 END: OK
2019-11-08 03:16:58.505 26368 INFO rally.task.runner [-] Task af4baf90-e158-43c3-a4ea-37063d1638aa | ITER: 32 END: OK
2019-11-08 03:16:58.697 26380 INFO rally.task.runner [-] Task af4baf90-e158-43c3-a4ea-37063d1638aa | ITER: 36 END: OK
2019-11-08 03:16:58.746 26340 INFO rally.task.runner [-] Task af4baf90-e158-43c3-a4ea-37063d1638aa | ITER: 27 END: OK
2019-11-08 03:16:58.780 26339 INFO rally.task.runner [-] Task af4baf90-e158-43c3-a4ea-37063d1638aa | ITER: 38 END: OK
2019-11-08 03:16:58.859 26353 INFO rally.task.runner [-] Task af4baf90-e158-43c3-a4ea-37063d1638aa | ITER: 31 END: OK
2019-11-08 03:16:59.038 26357 INFO rally.task.runner [-] Task af4baf90-e158-43c3-a4ea-37063d1638aa | ITER: 40 END: OK
2019-11-08 03:16:59.064 26374 INFO rally.task.runner [-] Task af4baf90-e158-43c3-a4ea-37063d1638aa | ITER: 34 END: OK
2019-11-08 03:16:59.507 26383 INFO rally.task.runner [-] Task af4baf90-e158-43c3-a4ea-37063d1638aa | ITER: 25 END: OK
2019-11-08 03:16:59.991 26344 INFO rally.task.runner [-] Task af4baf90-e158-43c3-a4ea-37063d1638aa | ITER: 33 END: OK
2019-11-08 03:17:00.826 26341 INFO rally.task.runner [-] Task af4baf90-e158-43c3-a4ea-37063d1638aa | ITER: 39 END: OK
2019-11-08 03:17:00.855 24145 INFO rally.task.context [-] Task af4baf90-e158-43c3-a4ea-37063d1638aa | Context cleanup@openstack cleanup() started
2019-11-08 03:17:00.859 24145 RALLYDEBUG rally_openstack.cleanup.manager [-] Cleaning up neutron vip objects
2019-11-08 03:17:01.210 24145 RALLYDEBUG rally_openstack.cleanup.manager [-] Cleaning up neutron health_monitor objects
2019-11-08 03:17:01.574 24145 RALLYDEBUG rally_openstack.cleanup.manager [-] Cleaning up neutron pool objects
2019-11-08 03:17:01.932 24145 RALLYDEBUG rally_openstack.cleanup.manager [-] Cleaning up neutron loadbalancer objects
2019-11-08 03:17:02.287 24145 RALLYDEBUG rally_openstack.cleanup.manager [-] Cleaning up neutron floatingip objects
2019-11-08 03:17:02.680 24145 RALLYDEBUG rally_openstack.cleanup.manager [-] Cleaning up neutron trunk objects
2019-11-08 03:17:03.050 24145 RALLYDEBUG rally_openstack.cleanup.manager [-] Cleaning up neutron port objects
2019-11-08 03:17:03.498 24145 RALLYDEBUG rally_openstack.cleanup.manager [-] Cleaning up neutron subnet objects
2019-11-08 03:17:03.904 24145 RALLYDEBUG rally_openstack.cleanup.manager [-] Cleaning up neutron network objects
2019-11-08 03:17:04.724 24145 RALLYDEBUG rally_openstack.cleanup.manager [-] Deleting neutron.network object s_rally_b66bdfdb_DnFYMIrB (0307c991-55ce-4545-8a9d-2048421a3c43)
2019-11-08 03:17:04.733 24145 RALLYDEBUG rally_openstack.cleanup.manager [-] Deleting neutron.network object s_rally_b66bdfdb_1vBOxigI (0f9c897b-25a8-4946-8c31-b39f1bfa3e0d)
2019-11-08 03:17:04.743 24145 RALLYDEBUG rally_openstack.cleanup.manager [-] Deleting neutron.network object s_rally_b66bdfdb_GXZjusOP (1159d5e0-72ae-4494-b452-78d02acc4adb)
2019-11-08 03:17:04.748 24145 RALLYDEBUG rally_openstack.cleanup.manager [-] Deleting neutron.network object s_rally_b66bdfdb_8TjDyVx5 (1bf75223-27ce-4972-bc35-b2e50edd15ce)
2019-11-08 03:17:04.760 24145 RALLYDEBUG rally_openstack.cleanup.manager [-] Deleting neutron.network object s_rally_b66bdfdb_cz7xsVcb (1fb37148-d493-4be2-b392-308148dde9f3)
2019-11-08 03:17:04.783 24145 RALLYDEBUG rally_openstack.cleanup.manager [-] Deleting neutron.network object s_rally_b66bdfdb_qilBrQQb (20df54df-60a4-4a1e-afb2-1849514a0ed7)
2019-11-08 03:17:04.796 24145 RALLYDEBUG rally_openstack.cleanup.manager [-] Deleting neutron.network object s_rally_b66bdfdb_WcI5zA7K (2194ad4c-5da6-48fc-97e2-03786df7e6ad)
2019-11-08 03:17:04.810 24145 RALLYDEBUG rally_openstack.cleanup.manager [-] Deleting neutron.network object s_rally_b66bdfdb_mLcrX60g (2c37728a-71d2-485b-8b4d-2a453c8f5032)
2019-11-08 03:17:04.815 24145 RALLYDEBUG rally_openstack.cleanup.manager [-] Deleting neutron.network object s_rally_b66bdfdb_aiWz6Vg0 (2d89dd45-444e-4750-a767-6505dd817e3a)
2019-11-08 03:17:04.836 24145 RALLYDEBUG rally_openstack.cleanup.manager [-] Deleting neutron.network object s_rally_b66bdfdb_1IsRY5v3 (325910ed-50db-4fe8-bb50-49dfc948a9f4)
2019-11-08 03:17:04.847 24145 RALLYDEBUG rally_openstack.cleanup.manager [-] Deleting neutron.network object s_rally_b66bdfdb_yGSDnIwz (4b57ec35-ebfb-4e42-acd5-72b14e3d2438)
2019-11-08 03:17:04.865 24145 RALLYDEBUG rally_openstack.cleanup.manager [-] Deleting neutron.network object s_rally_b66bdfdb_HUShR2Uq (4c73caf6-0297-46d3-ae38-677e603f58c1)
2019-11-08 03:17:04.870 24145 RALLYDEBUG rally_openstack.cleanup.manager [-] Deleting neutron.network object s_rally_b66bdfdb_DuxA5kqx (562681f7-1e1a-4dc0-a5d9-40da7a6cecaf)
2019-11-08 03:17:04.894 24145 RALLYDEBUG rally_openstack.cleanup.manager [-] Deleting neutron.network object s_rally_b66bdfdb_C2ENpRcS (567136c8-7904-40bc-b219-df6a93d6fcc1)
2019-11-08 03:17:04.899 24145 RALLYDEBUG rally_openstack.cleanup.manager [-] Deleting neutron.network object s_rally_b66bdfdb_gKyGgO9y (5dbb6287-beff-4d09-b514-d11f27eb690d)
2019-11-08 03:17:04.913 24145 RALLYDEBUG rally_openstack.cleanup.manager [-] Deleting neutron.network object s_rally_b66bdfdb_yjjwJzr4 (67613ea5-ad97-4bbc-a5b2-7c7c725844d4)
2019-11-08 03:17:04.921 24145 RALLYDEBUG rally_openstack.cleanup.manager [-] Deleting neutron.network object s_rally_b66bdfdb_Wxec78DO (6900b30d-2c9c-4b5b-975c-deb8a7b13248)
2019-11-08 03:17:04.934 24145 RALLYDEBUG rally_openstack.cleanup.manager [-] Deleting neutron.network object s_rally_b66bdfdb_EZ4tSuVQ (698dd179-adb8-4bed-812d-336e8ed6e0fc)
2019-11-08 03:17:04.940 24145 RALLYDEBUG rally_openstack.cleanup.manager [-] Deleting neutron.network object s_rally_b66bdfdb_1yvQn9Dp (74967e44-88f4-476f-b8fe-166a3a3dfdb7)
2019-11-08 03:17:04.943 24145 RALLYDEBUG rally_openstack.cleanup.manager [-] Deleting neutron.network object s_rally_b66bdfdb_iYRK0fAy (77d9ea36-0351-4271-8f6a-72c8d1e93803)
2019-11-08 03:17:07.091 24145 RALLYDEBUG rally_openstack.cleanup.manager [-] Deleting neutron.network object s_rally_b66bdfdb_YZ5htxN3 (88592484-2321-46ad-bc66-cc8f34678da2)
2019-11-08 03:17:07.100 24145 RALLYDEBUG rally_openstack.cleanup.manager [-] Deleting neutron.network object s_rally_b66bdfdb_HzRRTJku (8bd004b1-3c3d-435e-b1a7-1fb1f7949fb0)
2019-11-08 03:17:07.280 24145 RALLYDEBUG rally_openstack.cleanup.manager [-] Deleting neutron.network object s_rally_b66bdfdb_2KU0UMSh (8e030fce-9b3f-4ce2-98e8-d08e15d7424c)
2019-11-08 03:17:07.286 24145 RALLYDEBUG rally_openstack.cleanup.manager [-] Deleting neutron.network object s_rally_b66bdfdb_8o3H4ju2 (8f4535b3-eede-422a-b87f-1b6810106d70)
2019-11-08 03:17:07.310 24145 RALLYDEBUG rally_openstack.cleanup.manager [-] Deleting neutron.network object s_rally_b66bdfdb_oUpc4ckK (a62a5961-413b-4dc9-92df-d04b48c5688e)
2019-11-08 03:17:07.350 24145 RALLYDEBUG rally_openstack.cleanup.manager [-] Deleting neutron.network object s_rally_b66bdfdb_5bD4WSGB (ac3924c8-4494-40fd-bf94-9a17c6367f8a)
2019-11-08 03:17:07.478 24145 RALLYDEBUG rally_openstack.cleanup.manager [-] Deleting neutron.network object s_rally_b66bdfdb_HIElBf17 (ace54d94-60ca-4cc0-9fd0-5b1ae2a12dea)
2019-11-08 03:17:07.487 24145 RALLYDEBUG rally_openstack.cleanup.manager [-] Deleting neutron.network object s_rally_b66bdfdb_QSHBzoph (b3ad9581-2073-463b-b7b6-56066e47b22f)
2019-11-08 03:17:07.543 24145 RALLYDEBUG rally_openstack.cleanup.manager [-] Deleting neutron.network object s_rally_b66bdfdb_toDj8k6O (bc486d0d-1344-4c39-93f9-0974deee171c)
2019-11-08 03:17:07.591 24145 RALLYDEBUG rally_openstack.cleanup.manager [-] Deleting neutron.network object s_rally_b66bdfdb_MoOT7yB0 (ca8aac15-82ec-4253-b6e0-3d632b2a8580)
2019-11-08 03:17:07.624 24145 RALLYDEBUG rally_openstack.cleanup.manager [-] Deleting neutron.network object s_rally_b66bdfdb_LheRWGhM (d536d771-56bb-46b4-a993-4a169eb60633)
2019-11-08 03:17:07.675 24145 RALLYDEBUG rally_openstack.cleanup.manager [-] Deleting neutron.network object s_rally_b66bdfdb_VY2aB9AC (dafd63ed-e9a8-45c1-9a56-77073307cc30)
2019-11-08 03:17:07.683 24145 RALLYDEBUG rally_openstack.cleanup.manager [-] Deleting neutron.network object s_rally_b66bdfdb_7H28yDWj (dc236990-e1ee-4029-bad2-63bfa2869b47)
2019-11-08 03:17:07.763 24145 RALLYDEBUG rally_openstack.cleanup.manager [-] Deleting neutron.network object s_rally_b66bdfdb_iOMi8Sen (e3e1fbb5-449e-48c8-b5d7-6728f40f0d65)
2019-11-08 03:17:07.808 24145 RALLYDEBUG rally_openstack.cleanup.manager [-] Deleting neutron.network object s_rally_b66bdfdb_JgezxSEF (e929e618-119f-4fe1-afe6-1e281406fa21)
2019-11-08 03:17:07.872 24145 RALLYDEBUG rally_openstack.cleanup.manager [-] Deleting neutron.network object s_rally_b66bdfdb_7mMQGAEq (ed193d0e-8039-4f6a-b1f9-e8a693373557)
2019-11-08 03:17:07.876 24145 RALLYDEBUG rally_openstack.cleanup.manager [-] Deleting neutron.network object s_rally_b66bdfdb_ulm3DCf8 (f19ee274-e825-47ac-b3ee-b17a0b72b90f)
2019-11-08 03:17:08.091 24145 RALLYDEBUG rally_openstack.cleanup.manager [-] Deleting neutron.network object s_rally_b66bdfdb_Bw7hwOtS (f754aa33-2bda-4cb0-8cac-c83d3a85c460)
2019-11-08 03:17:08.218 24145 RALLYDEBUG rally_openstack.cleanup.manager [-] Deleting neutron.network object s_rally_b66bdfdb_KETIaNoD (f8bec005-80e3-413c-8c26-8d67de18041d)
2019-11-08 03:17:08.444 24145 RALLYDEBUG rally_openstack.cleanup.manager [-] Deleting neutron.network object s_rally_b66bdfdb_LrrqrQAy (fde5d6dd-a7fb-4d7c-873d-8002004ed602)
2019-11-08 03:17:10.639 24145 RALLYDEBUG rally_openstack.cleanup.manager [-] Cleaning up neutron router objects
2019-11-08 03:17:11.068 24145 RALLYDEBUG rally_openstack.cleanup.manager [-] Cleaning up neutron security_group objects
2019-11-08 03:17:11.468 24145 INFO rally.task.context [-] Task af4baf90-e158-43c3-a4ea-37063d1638aa | Context cleanup@openstack cleanup() finished in 10.61 sec
2019-11-08 03:17:11.469 24145 INFO rally.task.context [-] Task af4baf90-e158-43c3-a4ea-37063d1638aa | Context quotas@openstack cleanup() started
2019-11-08 03:17:11.535 24145 INFO rally.task.context [-] Task af4baf90-e158-43c3-a4ea-37063d1638aa | Context quotas@openstack cleanup() finished in 66.13 msec
2019-11-08 03:17:11.535 24145 INFO rally.task.context [-] Task af4baf90-e158-43c3-a4ea-37063d1638aa | Context users@openstack cleanup() started
2019-11-08 03:17:14.155 24145 INFO rally.task.context [-] Task af4baf90-e158-43c3-a4ea-37063d1638aa | Context users@openstack cleanup() finished in 2.62 sec
2019-11-08 03:17:15.355 24145 INFO rally.task.engine [-] Load duration is: 18.696861
2019-11-08 03:17:15.356 24145 INFO rally.task.engine [-] Full runner duration is: 18.74643
2019-11-08 03:17:15.356 24145 INFO rally.task.engine [-] Full duration is: 34.985348
2019-11-08 03:17:15.717 24145 INFO rally.task.engine [-] Running workload: position = 0 config = { "version": 2, "title": "A cropped version of a bigger task.", "description": "Auto-generated task from a single workload (uuid=5b882d69-cf2e-4b6e-bd22-7c7b2616bf05)", "subtasks": [ { "title": "NeutronNetworks.create_and_list_routers", "description": "Create and a given number of routers and list all routers.", "scenario": { "NeutronNetworks.create_and_list_routers": { "network_create_args": null, "subnet_create_args": null, "subnet_cidr_start": "1.1.0.0/30", "subnets_per_network": 2, "router_create_args": null } }, "contexts": { "users": { "tenants": 1, "users_per_tenant": 1 }, "quotas": { "neutron": { "network": -1, "subnet": -1, "router": -1 } } }, "runner": { "constant": { "times": 40, "concurrency": 20 } }, "hooks": [], "sla": { "failure_rate": { "max": 0 } } } ] }
2019-11-08 03:17:15.738 24145 RALLYDEBUG rally_openstack.contexts.keystone.users [-] Creating 1 tenants using 20 threads
2019-11-08 03:17:16.618 24145 RALLYDEBUG rally_openstack.contexts.keystone.users [-] Creating 1 users using 20 threads
2019-11-08 03:17:17.984 24145 INFO rally.task.context [-] Task af4baf90-e158-43c3-a4ea-37063d1638aa | Context users@openstack setup() finished in 2.25 sec
2019-11-08 03:17:18.532 24145 INFO rally.task.context [-] Task af4baf90-e158-43c3-a4ea-37063d1638aa | Context quotas@openstack setup() finished in 0.55 sec
2019-11-08 03:17:18.532 24145 INFO rally.task.context [-] Task af4baf90-e158-43c3-a4ea-37063d1638aa | Context cleanup@openstack setup() finished in 0.01 msec
2019-11-08 03:17:18.541 24145 RALLYDEBUG rally.task.runner [-] Starting the constant runner (task UUID: af4baf90-e158-43c3-a4ea-37063d1638aa). times: 40 concurrency: 20 timeout: 0 max_cpu_used: 16 processes_to_start: 16 concurrency_per_worker: 1 concurrency_overhead: 4
2019-11-08 03:17:18.553 26729 RALLYDEBUG rally.task.runner [-] Starting a worker. times: 40 duration: None concurrency: 2 timeout: 0 cls: method_name: run args: {"network_create_args": null, "subnet_create_args": null, "subnet_cidr_start": "1.1.0.0/30", "subnets_per_network": 2, "router_create_args": null}
2019-11-08 03:17:18.557 26730 RALLYDEBUG rally.task.runner [-] Starting a worker. times: 40 duration: None concurrency: 2 timeout: 0 cls: method_name: run args: {"network_create_args": null, "subnet_create_args": null, "subnet_cidr_start": "1.1.0.0/30", "subnets_per_network": 2, "router_create_args": null}
2019-11-08 03:17:18.560 26729 INFO rally.task.runner [-] Task af4baf90-e158-43c3-a4ea-37063d1638aa | ITER: 2 START
2019-11-08 03:17:18.560 26731 RALLYDEBUG rally.task.runner [-] Starting a worker. times: 40 duration: None concurrency: 2 timeout: 0 cls: method_name: run args: {"network_create_args": null, "subnet_create_args": null, "subnet_cidr_start": "1.1.0.0/30", "subnets_per_network": 2, "router_create_args": null}
2019-11-08 03:17:18.564 26730 INFO rally.task.runner [-] Task af4baf90-e158-43c3-a4ea-37063d1638aa | ITER: 3 START
2019-11-08 03:17:18.564 26734 RALLYDEBUG rally.task.runner [-] Starting a worker. times: 40 duration: None concurrency: 2 timeout: 0 cls: method_name: run args: {"network_create_args": null, "subnet_create_args": null, "subnet_cidr_start": "1.1.0.0/30", "subnets_per_network": 2, "router_create_args": null}
2019-11-08 03:17:18.568 26731 INFO rally.task.runner [-] Task af4baf90-e158-43c3-a4ea-37063d1638aa | ITER: 5 START
2019-11-08 03:17:18.568 26738 RALLYDEBUG rally.task.runner [-] Starting a worker. times: 40 duration: None concurrency: 1 timeout: 0 cls: method_name: run args: {"network_create_args": null, "subnet_create_args": null, "subnet_cidr_start": "1.1.0.0/30", "subnets_per_network": 2, "router_create_args": null}
2019-11-08 03:17:18.571 26734 INFO rally.task.runner [-] Task af4baf90-e158-43c3-a4ea-37063d1638aa | ITER: 7 START
2019-11-08 03:17:18.572 26742 RALLYDEBUG rally.task.runner [-] Starting a worker. times: 40 duration: None concurrency: 1 timeout: 0 cls: method_name: run args: {"network_create_args": null, "subnet_create_args": null, "subnet_cidr_start": "1.1.0.0/30", "subnets_per_network": 2, "router_create_args": null}
2019-11-08 03:17:18.573 26729 INFO rally.task.runner [-] Task af4baf90-e158-43c3-a4ea-37063d1638aa | ITER: 1 START
2019-11-08 03:17:18.575 26738 INFO rally.task.runner [-] Task af4baf90-e158-43c3-a4ea-37063d1638aa | ITER: 9 START
2019-11-08 03:17:18.575 26746 RALLYDEBUG rally.task.runner [-] Starting a worker. times: 40 duration: None concurrency: 1 timeout: 0 cls: method_name: run args: {"network_create_args": null, "subnet_create_args": null, "subnet_cidr_start": "1.1.0.0/30", "subnets_per_network": 2, "router_create_args": null}
2019-11-08 03:17:18.564 26730 INFO rally.task.runner [-] Task af4baf90-e158-43c3-a4ea-37063d1638aa | ITER: 4 START
2019-11-08 03:17:18.579 26742 INFO rally.task.runner [-] Task af4baf90-e158-43c3-a4ea-37063d1638aa | ITER: 10 START
2019-11-08 03:17:18.573 26731 INFO rally.task.runner [-] Task af4baf90-e158-43c3-a4ea-37063d1638aa | ITER: 6 START
2019-11-08 03:17:18.579 26749 RALLYDEBUG rally.task.runner [-] Starting a worker. times: 40 duration: None concurrency: 1 timeout: 0 cls: method_name: run args: {"network_create_args": null, "subnet_create_args": null, "subnet_cidr_start": "1.1.0.0/30", "subnets_per_network": 2, "router_create_args": null}
2019-11-08 03:17:18.581 26746 INFO rally.task.runner [-] Task af4baf90-e158-43c3-a4ea-37063d1638aa | ITER: 11 START
2019-11-08 03:17:18.584 26753 RALLYDEBUG rally.task.runner [-] Starting a worker. times: 40 duration: None concurrency: 1 timeout: 0 cls: method_name: run args: {"network_create_args": null, "subnet_create_args": null, "subnet_cidr_start": "1.1.0.0/30", "subnets_per_network": 2, "router_create_args": null}
2019-11-08 03:17:18.586 26749 INFO rally.task.runner [-] Task af4baf90-e158-43c3-a4ea-37063d1638aa | ITER: 12 START
2019-11-08 03:17:18.572 26734 INFO rally.task.runner [-] Task af4baf90-e158-43c3-a4ea-37063d1638aa | ITER: 8 START
2019-11-08 03:17:18.589 26753 INFO rally.task.runner [-] Task af4baf90-e158-43c3-a4ea-37063d1638aa | ITER: 13 START
2019-11-08 03:17:18.590 26758 RALLYDEBUG rally.task.runner [-] Starting a worker. times: 40 duration: None concurrency: 1 timeout: 0 cls: method_name: run args: {"network_create_args": null, "subnet_create_args": null, "subnet_cidr_start": "1.1.0.0/30", "subnets_per_network": 2, "router_create_args": null}
2019-11-08 03:17:18.595 26758 INFO rally.task.runner [-] Task af4baf90-e158-43c3-a4ea-37063d1638aa | ITER: 14 START
2019-11-08 03:17:18.601 26763 RALLYDEBUG rally.task.runner [-] Starting a worker. times: 40 duration: None concurrency: 1 timeout: 0 cls: method_name: run args: {"network_create_args": null, "subnet_create_args": null, "subnet_cidr_start": "1.1.0.0/30", "subnets_per_network": 2, "router_create_args": null}
2019-11-08 03:17:18.607 26763 INFO rally.task.runner [-] Task af4baf90-e158-43c3-a4ea-37063d1638aa | ITER: 15 START
2019-11-08 03:17:18.608 26764 RALLYDEBUG rally.task.runner [-] Starting a worker. times: 40 duration: None concurrency: 1 timeout: 0 cls: method_name: run args: {"network_create_args": null, "subnet_create_args": null, "subnet_cidr_start": "1.1.0.0/30", "subnets_per_network": 2, "router_create_args": null}
2019-11-08 03:17:18.612 26764 INFO rally.task.runner [-] Task af4baf90-e158-43c3-a4ea-37063d1638aa | ITER: 16 START
2019-11-08 03:17:18.614 26767 RALLYDEBUG rally.task.runner [-] Starting a worker. times: 40 duration: None concurrency: 1 timeout: 0 cls: method_name: run args: {"network_create_args": null, "subnet_create_args": null, "subnet_cidr_start": "1.1.0.0/30", "subnets_per_network": 2, "router_create_args": null}
2019-11-08 03:17:18.615 26769 RALLYDEBUG rally.task.runner [-] Starting a worker. times: 40 duration: None concurrency: 1 timeout: 0 cls: method_name: run args: {"network_create_args": null, "subnet_create_args": null, "subnet_cidr_start": "1.1.0.0/30", "subnets_per_network": 2, "router_create_args": null}
2019-11-08 03:17:18.619 26767 INFO rally.task.runner [-] Task af4baf90-e158-43c3-a4ea-37063d1638aa | ITER: 17 START
2019-11-08 03:17:18.619 26771 RALLYDEBUG rally.task.runner [-] Starting a worker. times: 40 duration: None concurrency: 1 timeout: 0 cls: method_name: run args: {"network_create_args": null, "subnet_create_args": null, "subnet_cidr_start": "1.1.0.0/30", "subnets_per_network": 2, "router_create_args": null}
2019-11-08 03:17:18.619 26769 INFO rally.task.runner [-] Task af4baf90-e158-43c3-a4ea-37063d1638aa | ITER: 18 START
2019-11-08 03:17:18.623 26771 INFO rally.task.runner [-] Task af4baf90-e158-43c3-a4ea-37063d1638aa | ITER: 19 START
2019-11-08 03:17:18.624 26776 RALLYDEBUG rally.task.runner [-] Starting a worker. times: 40 duration: None concurrency: 1 timeout: 0 cls: method_name: run args: {"network_create_args": null, "subnet_create_args": null, "subnet_cidr_start": "1.1.0.0/30", "subnets_per_network": 2, "router_create_args": null}
2019-11-08 03:17:18.629 26776 INFO rally.task.runner [-] Task af4baf90-e158-43c3-a4ea-37063d1638aa | ITER: 20 START
2019-11-08 03:17:19.279 26729 RALLYDEBUG rally_openstack.wrappers.network [-] CIDR generated: 1.1.5.160/30
2019-11-08 03:17:19.299 26742 RALLYDEBUG rally_openstack.wrappers.network [-] CIDR generated: 1.1.5.164/30
2019-11-08 03:17:19.308 26734 RALLYDEBUG rally_openstack.wrappers.network [-] CIDR generated: 1.1.5.168/30
2019-11-08 03:17:19.356 26731 RALLYDEBUG rally_openstack.wrappers.network [-] CIDR generated: 1.1.5.172/30
2019-11-08 03:17:19.418 26746 RALLYDEBUG rally_openstack.wrappers.network [-] CIDR generated: 1.1.5.176/30
2019-11-08 03:17:19.427 26731 RALLYDEBUG rally_openstack.wrappers.network [-] CIDR generated: 1.1.5.180/30
2019-11-08 03:17:19.441 26767 RALLYDEBUG rally_openstack.wrappers.network [-] CIDR generated: 1.1.5.184/30
2019-11-08 03:17:19.535 26753 RALLYDEBUG rally_openstack.wrappers.network [-] CIDR generated: 1.1.5.188/30
2019-11-08 03:17:19.540 26749 RALLYDEBUG rally_openstack.wrappers.network [-] CIDR generated: 1.1.5.192/30
2019-11-08 03:17:19.554 26776 RALLYDEBUG rally_openstack.wrappers.network [-] CIDR generated: 1.1.5.196/30
2019-11-08 03:17:19.561 26758 RALLYDEBUG rally_openstack.wrappers.network [-] CIDR generated: 1.1.5.200/30
2019-11-08 03:17:19.716 26769 RALLYDEBUG rally_openstack.wrappers.network [-] CIDR generated: 1.1.5.204/30
2019-11-08 03:17:19.839 26771 RALLYDEBUG rally_openstack.wrappers.network [-] CIDR generated: 1.1.5.208/30
2019-11-08 03:17:19.875 26730 RALLYDEBUG rally_openstack.wrappers.network [-] CIDR generated: 1.1.5.212/30
2019-11-08 03:17:19.911 26764 RALLYDEBUG rally_openstack.wrappers.network [-] CIDR generated: 1.1.5.216/30
2019-11-08 03:17:19.938 26729 RALLYDEBUG rally_openstack.wrappers.network [-] CIDR generated: 1.1.5.220/30
2019-11-08 03:17:20.041 26730 RALLYDEBUG rally_openstack.wrappers.network [-] CIDR generated: 1.1.5.224/30
2019-11-08 03:17:20.043 26734 RALLYDEBUG rally_openstack.wrappers.network [-] CIDR generated: 1.1.5.228/30
2019-11-08 03:17:20.053 26738 RALLYDEBUG rally_openstack.wrappers.network [-] CIDR generated: 1.1.5.232/30
2019-11-08 03:17:20.106 26767 RALLYDEBUG rally_openstack.wrappers.network [-] CIDR generated: 1.1.5.236/30
2019-11-08 03:17:20.140 26749 RALLYDEBUG rally_openstack.wrappers.network [-] CIDR generated: 1.1.5.240/30
2019-11-08 03:17:20.352 26753 RALLYDEBUG rally_openstack.wrappers.network [-] CIDR generated: 1.1.5.244/30
2019-11-08 03:17:20.421 26769 RALLYDEBUG rally_openstack.wrappers.network [-] CIDR generated: 1.1.5.248/30
2019-11-08 03:17:20.474 26763 RALLYDEBUG rally_openstack.wrappers.network [-] CIDR generated: 1.1.5.252/30
2019-11-08 03:17:20.527 26734 RALLYDEBUG rally_openstack.wrappers.network [-] CIDR generated: 1.1.6.0/30
2019-11-08 03:17:20.534 26731 RALLYDEBUG rally_openstack.wrappers.network [-] CIDR generated: 1.1.6.4/30
2019-11-08 03:17:20.930 26758 RALLYDEBUG rally_openstack.wrappers.network [-] CIDR generated: 1.1.6.8/30
2019-11-08 03:17:21.161 26771 RALLYDEBUG rally_openstack.wrappers.network [-] CIDR generated: 1.1.6.12/30
2019-11-08 03:17:21.299 26763 RALLYDEBUG rally_openstack.wrappers.network [-] CIDR generated: 1.1.6.16/30
2019-11-08 03:17:21.333 26742 RALLYDEBUG rally_openstack.wrappers.network [-] CIDR generated: 1.1.6.20/30
2019-11-08 03:17:21.422 26731 RALLYDEBUG rally_openstack.wrappers.network [-] CIDR generated: 1.1.6.24/30
2019-11-08 03:17:21.505 26764 RALLYDEBUG rally_openstack.wrappers.network [-] CIDR generated: 1.1.6.28/30
2019-11-08 03:17:21.521 26734 RALLYDEBUG rally_openstack.wrappers.network [-] CIDR generated: 1.1.6.32/30
2019-11-08 03:17:21.660 26746 RALLYDEBUG rally_openstack.wrappers.network [-] CIDR generated: 1.1.6.36/30
2019-11-08 03:17:21.888 26729 RALLYDEBUG rally_openstack.wrappers.network [-] CIDR generated: 1.1.6.40/30
2019-11-08 03:17:21.898 26729 RALLYDEBUG rally_openstack.wrappers.network [-] CIDR generated: 1.1.6.44/30
2019-11-08 03:17:22.013 26776 RALLYDEBUG rally_openstack.wrappers.network [-] CIDR generated: 1.1.6.48/30
2019-11-08 03:17:22.873 26730 RALLYDEBUG rally_openstack.wrappers.network [-] CIDR generated: 1.1.6.52/30
2019-11-08 03:17:23.021 26730 RALLYDEBUG rally_openstack.wrappers.network [-] CIDR generated: 1.1.6.56/30
2019-11-08 03:17:23.436 26738 RALLYDEBUG rally_openstack.wrappers.network [-] CIDR generated: 1.1.6.60/30
2019-11-08 03:17:30.944 26749 INFO rally.task.runner [-] Task af4baf90-e158-43c3-a4ea-37063d1638aa | ITER: 12 END: OK
2019-11-08 03:17:30.947 26749 INFO rally.task.runner [-] Task af4baf90-e158-43c3-a4ea-37063d1638aa | ITER: 21 START
2019-11-08 03:17:31.557 26749 RALLYDEBUG rally_openstack.wrappers.network [-] CIDR generated: 1.1.6.64/30
2019-11-08 03:17:31.696 26742 INFO rally.task.runner [-] Task af4baf90-e158-43c3-a4ea-37063d1638aa | ITER: 10 END: OK
2019-11-08 03:17:31.699 26742 INFO rally.task.runner [-] Task af4baf90-e158-43c3-a4ea-37063d1638aa | ITER: 22 START
2019-11-08 03:17:31.720 26729 INFO rally.task.runner [-] Task af4baf90-e158-43c3-a4ea-37063d1638aa | ITER: 1 END: OK
