2019-11-08 03:33:10.415 24145 RALLYDEBUG rally_openstack.cleanup.manager [-] Deleting neutron.security_group object s_rally_90aedcd0_ZwKxB7VD (b64f20f9-3acf-4d00-88fe-eb750f34b3c6)
2019-11-08 03:33:10.459 24145 RALLYDEBUG rally_openstack.cleanup.manager [-] Deleting neutron.security_group object s_rally_90aedcd0_270myQ7u (bacda31d-9a6a-4e4f-ac13-38ea57dc3822)
2019-11-08 03:33:10.466 24145 RALLYDEBUG rally_openstack.cleanup.manager [-] Deleting neutron.security_group object s_rally_90aedcd0_mRpyfcxj (c09ab7c9-5f57-47ec-8c7b-f9d03b75fa62)
2019-11-08 03:33:10.524 24145 RALLYDEBUG rally_openstack.cleanup.manager [-] Deleting neutron.security_group object s_rally_90aedcd0_5BFo2Tct (c2d02e22-3bb7-4169-9a11-278c535bf519)
2019-11-08 03:33:10.548 24145 RALLYDEBUG rally_openstack.cleanup.manager [-] Deleting neutron.security_group object s_rally_90aedcd0_H2zNz4jg (d5c59450-3f3b-4cd7-832a-ba6d672c2072)
2019-11-08 03:33:10.563 24145 RALLYDEBUG rally_openstack.cleanup.manager [-] Deleting neutron.security_group object s_rally_90aedcd0_7fUQmJAZ (d640cfd8-f40d-4167-a31b-6dca83f4cb62)
2019-11-08 03:33:10.625 24145 RALLYDEBUG rally_openstack.cleanup.manager [-] Deleting neutron.security_group object s_rally_90aedcd0_cWqUVgRr (e1637e69-00d3-4dac-82a0-e190dac45056)
2019-11-08 03:33:10.705 24145 RALLYDEBUG rally_openstack.cleanup.manager [-] Deleting neutron.security_group object s_rally_90aedcd0_fYZIjljw (ecfae2a5-7093-447a-bb2b-7306eb66ac5a)
2019-11-08 03:33:10.709 24145 RALLYDEBUG rally_openstack.cleanup.manager [-] Deleting neutron.security_group object s_rally_90aedcd0_9GKkbV4Q (f4259ba3-ee1f-4ed0-9d11-fd0ce9208331)
2019-11-08 03:33:12.200 24145 INFO rally.task.context [-] Task af4baf90-e158-43c3-a4ea-37063d1638aa | Context cleanup@openstack cleanup() finished in 13.91 sec
2019-11-08 03:33:12.200 24145 INFO rally.task.context [-] Task af4baf90-e158-43c3-a4ea-37063d1638aa | Context quotas@openstack cleanup() started
2019-11-08 03:33:12.241 24145 INFO rally.task.context [-] Task af4baf90-e158-43c3-a4ea-37063d1638aa | Context quotas@openstack cleanup() finished in 41.00 msec
2019-11-08 03:33:12.242 24145 INFO rally.task.context [-] Task af4baf90-e158-43c3-a4ea-37063d1638aa | Context users@openstack cleanup() started
2019-11-08 03:33:15.645 24145 INFO rally.task.context [-] Task af4baf90-e158-43c3-a4ea-37063d1638aa | Context users@openstack cleanup() finished in 3.40 sec
2019-11-08 03:33:17.575 24145 INFO rally.task.engine [-] Load duration is: 3.632315
2019-11-08 03:33:17.576 24145 INFO rally.task.engine [-] Full runner duration is: 3.676675
2019-11-08 03:33:17.576 24145 INFO rally.task.engine [-] Full duration is: 24.27764
2019-11-08 03:33:17.916 24145 INFO rally.task.engine [-] Running workload: position = 6 config = { "version": 2, "title": "A cropped version of a bigger task.", "description": "Auto-generated task from a single workload (uuid=9867be3a-6ee8-4b0d-97ed-b5ffa6c50661)", "subtasks": [ { "title": "NeutronSecurityGroup.create_and_update_security_groups", "description": "Create and update Neutron security-groups.", "scenario": { "NeutronSecurityGroup.create_and_update_security_groups": { "security_group_create_args": {}, "security_group_update_args": {} } }, "contexts": { "users": { "tenants": 2, "users_per_tenant": 3 }, "quotas": { "neutron": { "security_group": -1 } } }, "runner": { "constant": { "times": 50, "concurrency": 10 } }, "hooks": [], "sla": { "failure_rate": { "max": 0 } } } ] }
2019-11-08 03:33:17.940 24145 RALLYDEBUG rally_openstack.contexts.keystone.users [-] Creating 2 tenants using 20 threads
2019-11-08 03:33:18.891 24145 RALLYDEBUG rally_openstack.contexts.keystone.users [-] Creating 6 users using 20 threads
2019-11-08 03:33:20.397 24145 INFO rally.task.context [-] Task af4baf90-e158-43c3-a4ea-37063d1638aa | Context users@openstack setup() finished in 2.46 sec
2019-11-08 03:33:21.036 24145 INFO rally.task.context [-] Task af4baf90-e158-43c3-a4ea-37063d1638aa | Context quotas@openstack setup() finished in 0.64 sec
2019-11-08 03:33:21.036 24145 INFO rally.task.context [-] Task af4baf90-e158-43c3-a4ea-37063d1638aa | Context cleanup@openstack setup() finished in 0.01 msec
2019-11-08 03:33:21.046 24145 RALLYDEBUG rally.task.runner [-] Starting the constant runner (task UUID: af4baf90-e158-43c3-a4ea-37063d1638aa). times: 50 concurrency: 10 timeout: 0 max_cpu_used: 16 processes_to_start: 10 concurrency_per_worker: 1 concurrency_overhead: 0
2019-11-08 03:33:21.057 314 RALLYDEBUG rally.task.runner [-] Starting a worker. times: 50 duration: None concurrency: 1 timeout: 0 cls: method_name: run args: {"security_group_create_args": {}, "security_group_update_args": {}}
2019-11-08 03:33:21.061 315 RALLYDEBUG rally.task.runner [-] Starting a worker. times: 50 duration: None concurrency: 1 timeout: 0 cls: method_name: run args: {"security_group_create_args": {}, "security_group_update_args": {}}
2019-11-08 03:33:21.064 314 INFO rally.task.runner [-] Task af4baf90-e158-43c3-a4ea-37063d1638aa | ITER: 1 START
2019-11-08 03:33:21.064 316 RALLYDEBUG rally.task.runner [-] Starting a worker. times: 50 duration: None concurrency: 1 timeout: 0 cls: method_name: run args: {"security_group_create_args": {}, "security_group_update_args": {}}
2019-11-08 03:33:21.068 315 INFO rally.task.runner [-] Task af4baf90-e158-43c3-a4ea-37063d1638aa | ITER: 2 START
2019-11-08 03:33:21.068 318 RALLYDEBUG rally.task.runner [-] Starting a worker. times: 50 duration: None concurrency: 1 timeout: 0 cls: method_name: run args: {"security_group_create_args": {}, "security_group_update_args": {}}
2019-11-08 03:33:21.071 316 INFO rally.task.runner [-] Task af4baf90-e158-43c3-a4ea-37063d1638aa | ITER: 3 START
2019-11-08 03:33:21.072 322 RALLYDEBUG rally.task.runner [-] Starting a worker. times: 50 duration: None concurrency: 1 timeout: 0 cls: method_name: run args: {"security_group_create_args": {}, "security_group_update_args": {}}
2019-11-08 03:33:21.075 325 RALLYDEBUG rally.task.runner [-] Starting a worker. times: 50 duration: None concurrency: 1 timeout: 0 cls: method_name: run args: {"security_group_create_args": {}, "security_group_update_args": {}}
2019-11-08 03:33:21.077 318 INFO rally.task.runner [-] Task af4baf90-e158-43c3-a4ea-37063d1638aa | ITER: 4 START
2019-11-08 03:33:21.078 322 INFO rally.task.runner [-] Task af4baf90-e158-43c3-a4ea-37063d1638aa | ITER: 5 START
2019-11-08 03:33:21.080 328 RALLYDEBUG rally.task.runner [-] Starting a worker. times: 50 duration: None concurrency: 1 timeout: 0 cls: method_name: run args: {"security_group_create_args": {}, "security_group_update_args": {}}
2019-11-08 03:33:21.081 325 INFO rally.task.runner [-] Task af4baf90-e158-43c3-a4ea-37063d1638aa | ITER: 6 START
2019-11-08 03:33:21.085 331 RALLYDEBUG rally.task.runner [-] Starting a worker. times: 50 duration: None concurrency: 1 timeout: 0 cls: method_name: run args: {"security_group_create_args": {}, "security_group_update_args": {}}
2019-11-08 03:33:21.089 328 INFO rally.task.runner [-] Task af4baf90-e158-43c3-a4ea-37063d1638aa | ITER: 7 START
2019-11-08 03:33:21.088 334 RALLYDEBUG rally.task.runner [-] Starting a worker. times: 50 duration: None concurrency: 1 timeout: 0 cls: method_name: run args: {"security_group_create_args": {}, "security_group_update_args": {}}
2019-11-08 03:33:21.093 331 INFO rally.task.runner [-] Task af4baf90-e158-43c3-a4ea-37063d1638aa | ITER: 8 START
2019-11-08 03:33:21.093 337 RALLYDEBUG rally.task.runner [-] Starting a worker. times: 50 duration: None concurrency: 1 timeout: 0 cls: method_name: run args: {"security_group_create_args": {}, "security_group_update_args": {}}
2019-11-08 03:33:21.095 334 INFO rally.task.runner [-] Task af4baf90-e158-43c3-a4ea-37063d1638aa | ITER: 9 START
2019-11-08 03:33:21.100 337 INFO rally.task.runner [-] Task af4baf90-e158-43c3-a4ea-37063d1638aa | ITER: 10 START
2019-11-08 03:33:21.823 334 INFO rally.task.runner [-] Task af4baf90-e158-43c3-a4ea-37063d1638aa | ITER: 9 END: OK
2019-11-08 03:33:21.828 334 INFO rally.task.runner [-] Task af4baf90-e158-43c3-a4ea-37063d1638aa | ITER: 11 START
2019-11-08 03:33:21.828 322 INFO rally.task.runner [-] Task af4baf90-e158-43c3-a4ea-37063d1638aa | ITER: 5 END: OK
2019-11-08 03:33:21.833 322 INFO rally.task.runner [-] Task af4baf90-e158-43c3-a4ea-37063d1638aa | ITER: 12 START
2019-11-08 03:33:22.374 322 INFO rally.task.runner [-] Task af4baf90-e158-43c3-a4ea-37063d1638aa | ITER: 12 END: OK
2019-11-08 03:33:22.378 322 INFO rally.task.runner [-] Task af4baf90-e158-43c3-a4ea-37063d1638aa | ITER: 13 START
2019-11-08 03:33:22.386 325 INFO rally.task.runner [-] Task af4baf90-e158-43c3-a4ea-37063d1638aa | ITER: 6 END: OK
2019-11-08 03:33:22.388 316 INFO rally.task.runner [-] Task af4baf90-e158-43c3-a4ea-37063d1638aa | ITER: 3 END: OK
2019-11-08 03:33:22.391 325 INFO rally.task.runner [-] Task af4baf90-e158-43c3-a4ea-37063d1638aa | ITER: 14 START
2019-11-08 03:33:22.392 318 INFO rally.task.runner [-] Task af4baf90-e158-43c3-a4ea-37063d1638aa | ITER: 4 END: OK
2019-11-08 03:33:22.392 316 INFO rally.task.runner [-] Task af4baf90-e158-43c3-a4ea-37063d1638aa | ITER: 15 START
2019-11-08 03:33:22.398 318 INFO rally.task.runner [-] Task af4baf90-e158-43c3-a4ea-37063d1638aa | ITER: 16 START
2019-11-08 03:33:22.419 334 INFO rally.task.runner [-] Task af4baf90-e158-43c3-a4ea-37063d1638aa | ITER: 11 END: OK
2019-11-08 03:33:22.420 331 INFO rally.task.runner [-] Task af4baf90-e158-43c3-a4ea-37063d1638aa | ITER: 8 END: OK
2019-11-08 03:33:22.422 334 INFO rally.task.runner [-] Task af4baf90-e158-43c3-a4ea-37063d1638aa | ITER: 17 START
2019-11-08 03:33:22.423 331 INFO rally.task.runner [-] Task af4baf90-e158-43c3-a4ea-37063d1638aa | ITER: 18 START
2019-11-08 03:33:22.450 337 INFO rally.task.runner [-] Task af4baf90-e158-43c3-a4ea-37063d1638aa | ITER: 10 END: OK
2019-11-08 03:33:22.454 337 INFO rally.task.runner [-] Task af4baf90-e158-43c3-a4ea-37063d1638aa | ITER: 19 START
2019-11-08 03:33:22.527 328 INFO rally.task.runner [-] Task af4baf90-e158-43c3-a4ea-37063d1638aa | ITER: 7 END: OK
2019-11-08 03:33:22.530 315 INFO rally.task.runner [-] Task af4baf90-e158-43c3-a4ea-37063d1638aa | ITER: 2 END: OK
2019-11-08 03:33:22.533 328 INFO rally.task.runner [-] Task af4baf90-e158-43c3-a4ea-37063d1638aa | ITER: 20 START
2019-11-08 03:33:22.534 315 INFO rally.task.runner [-] Task af4baf90-e158-43c3-a4ea-37063d1638aa | ITER: 21 START
2019-11-08 03:33:22.561 314 INFO rally.task.runner [-] Task af4baf90-e158-43c3-a4ea-37063d1638aa | ITER: 1 END: OK
2019-11-08 03:33:22.566 314 INFO rally.task.runner [-] Task af4baf90-e158-43c3-a4ea-37063d1638aa | ITER: 22 START
2019-11-08 03:33:22.936 334 INFO rally.task.runner [-] Task af4baf90-e158-43c3-a4ea-37063d1638aa | ITER: 17 END: OK
2019-11-08 03:33:22.939 334 INFO rally.task.runner [-] Task af4baf90-e158-43c3-a4ea-37063d1638aa | ITER: 23 START
2019-11-08 03:33:22.955 322 INFO rally.task.runner [-] Task af4baf90-e158-43c3-a4ea-37063d1638aa | ITER: 13 END: OK
2019-11-08 03:33:22.959 322 INFO rally.task.runner [-] Task af4baf90-e158-43c3-a4ea-37063d1638aa | ITER: 24 START
2019-11-08 03:33:23.030 316 INFO rally.task.runner [-] Task af4baf90-e158-43c3-a4ea-37063d1638aa | ITER: 15 END: OK
2019-11-08 03:33:23.030 325 INFO rally.task.runner [-] Task af4baf90-e158-43c3-a4ea-37063d1638aa | ITER: 14 END: OK
2019-11-08 03:33:23.034 316 INFO rally.task.runner [-] Task af4baf90-e158-43c3-a4ea-37063d1638aa | ITER: 26 START
2019-11-08 03:33:23.035 325 INFO rally.task.runner [-] Task af4baf90-e158-43c3-a4ea-37063d1638aa | ITER: 25 START
2019-11-08 03:33:23.063 331 INFO rally.task.runner [-] Task af4baf90-e158-43c3-a4ea-37063d1638aa | ITER: 18 END: OK
2019-11-08 03:33:23.064 318 INFO rally.task.runner [-] Task af4baf90-e158-43c3-a4ea-37063d1638aa | ITER: 16 END: OK
2019-11-08 03:33:23.067 331 INFO rally.task.runner [-] Task af4baf90-e158-43c3-a4ea-37063d1638aa | ITER: 27 START
2019-11-08 03:33:23.068 318 INFO rally.task.runner [-] Task af4baf90-e158-43c3-a4ea-37063d1638aa | ITER: 28 START
2019-11-08 03:33:23.128 337 INFO rally.task.runner [-] Task af4baf90-e158-43c3-a4ea-37063d1638aa | ITER: 19 END: OK
2019-11-08 03:33:23.132 337 INFO rally.task.runner [-] Task af4baf90-e158-43c3-a4ea-37063d1638aa | ITER: 29 START
2019-11-08 03:33:23.143 328 INFO rally.task.runner [-] Task af4baf90-e158-43c3-a4ea-37063d1638aa | ITER: 20 END: OK
2019-11-08 03:33:23.147 328 INFO rally.task.runner [-] Task af4baf90-e158-43c3-a4ea-37063d1638aa | ITER: 30 START
2019-11-08 03:33:23.235 315 INFO rally.task.runner [-] Task af4baf90-e158-43c3-a4ea-37063d1638aa | ITER: 21 END: OK
2019-11-08 03:33:23.238 315 INFO rally.task.runner [-] Task af4baf90-e158-43c3-a4ea-37063d1638aa | ITER: 31 START
2019-11-08 03:33:23.325 314 INFO rally.task.runner [-] Task af4baf90-e158-43c3-a4ea-37063d1638aa | ITER: 22 END: OK
2019-11-08 03:33:23.329 314 INFO rally.task.runner [-] Task af4baf90-e158-43c3-a4ea-37063d1638aa | ITER: 32 START
2019-11-08 03:33:23.509 322 INFO rally.task.runner [-] Task af4baf90-e158-43c3-a4ea-37063d1638aa | ITER: 24 END: OK
2019-11-08 03:33:23.513 322 INFO rally.task.runner [-] Task af4baf90-e158-43c3-a4ea-37063d1638aa | ITER: 33 START
2019-11-08 03:33:23.551 334 INFO rally.task.runner [-] Task af4baf90-e158-43c3-a4ea-37063d1638aa | ITER: 23 END: OK
2019-11-08 03:33:23.555 334 INFO rally.task.runner [-] Task af4baf90-e158-43c3-a4ea-37063d1638aa | ITER: 34 START
2019-11-08 03:33:23.660 318 INFO rally.task.runner [-] Task af4baf90-e158-43c3-a4ea-37063d1638aa | ITER: 28 END: OK
2019-11-08 03:33:23.663 316 INFO rally.task.runner [-] Task af4baf90-e158-43c3-a4ea-37063d1638aa | ITER: 26 END: OK
2019-11-08 03:33:23.663 318 INFO rally.task.runner [-] Task af4baf90-e158-43c3-a4ea-37063d1638aa | ITER: 35 START
2019-11-08 03:33:23.666 316 INFO rally.task.runner [-] Task af4baf90-e158-43c3-a4ea-37063d1638aa | ITER: 36 START
2019-11-08 03:33:23.709 325 INFO rally.task.runner [-] Task af4baf90-e158-43c3-a4ea-37063d1638aa | ITER: 25 END: OK
2019-11-08 03:33:23.712 328 INFO rally.task.runner [-] Task af4baf90-e158-43c3-a4ea-37063d1638aa | ITER: 30 END: OK
2019-11-08 03:33:23.713 325 INFO rally.task.runner [-] Task af4baf90-e158-43c3-a4ea-37063d1638aa | ITER: 37 START
2019-11-08 03:33:23.715 328 INFO rally.task.runner [-] Task af4baf90-e158-43c3-a4ea-37063d1638aa | ITER: 38 START
2019-11-08 03:33:23.733 337 INFO rally.task.runner [-] Task af4baf90-e158-43c3-a4ea-37063d1638aa | ITER: 29 END: OK
2019-11-08 03:33:23.737 337 INFO rally.task.runner [-] Task af4baf90-e158-43c3-a4ea-37063d1638aa | ITER: 39 START
2019-11-08 03:33:23.845 315 INFO rally.task.runner [-] Task af4baf90-e158-43c3-a4ea-37063d1638aa | ITER: 31 END: OK
2019-11-08 03:33:23.849 315 INFO rally.task.runner [-] Task af4baf90-e158-43c3-a4ea-37063d1638aa | ITER: 40 START
2019-11-08 03:33:23.897 331 INFO rally.task.runner [-] Task af4baf90-e158-43c3-a4ea-37063d1638aa | ITER: 27 END: OK
2019-11-08 03:33:23.901 331 INFO rally.task.runner [-] Task af4baf90-e158-43c3-a4ea-37063d1638aa | ITER: 41 START
2019-11-08 03:33:24.041 314 INFO rally.task.runner [-] Task af4baf90-e158-43c3-a4ea-37063d1638aa | ITER: 32 END: OK
2019-11-08 03:33:24.045 314 INFO rally.task.runner [-] Task af4baf90-e158-43c3-a4ea-37063d1638aa | ITER: 42 START
2019-11-08 03:33:24.122 334 INFO rally.task.runner [-] Task af4baf90-e158-43c3-a4ea-37063d1638aa | ITER: 34 END: OK
2019-11-08 03:33:24.126 334 INFO rally.task.runner [-] Task af4baf90-e158-43c3-a4ea-37063d1638aa | ITER: 43 START
2019-11-08 03:33:24.204 322 INFO rally.task.runner [-] Task af4baf90-e158-43c3-a4ea-37063d1638aa | ITER: 33 END: OK
2019-11-08 03:33:24.207 322 INFO rally.task.runner [-] Task af4baf90-e158-43c3-a4ea-37063d1638aa | ITER: 44 START
2019-11-08 03:33:24.238 316 INFO rally.task.runner [-] Task af4baf90-e158-43c3-a4ea-37063d1638aa | ITER: 36 END: OK
2019-11-08 03:33:24.242 316 INFO rally.task.runner [-] Task af4baf90-e158-43c3-a4ea-37063d1638aa | ITER: 45 START
2019-11-08 03:33:24.249 318 INFO rally.task.runner [-] Task af4baf90-e158-43c3-a4ea-37063d1638aa | ITER: 35 END: OK
2019-11-08 03:33:24.253 318 INFO rally.task.runner [-] Task af4baf90-e158-43c3-a4ea-37063d1638aa | ITER: 46 START
2019-11-08 03:33:24.266 325 INFO rally.task.runner [-] Task af4baf90-e158-43c3-a4ea-37063d1638aa | ITER: 37 END: OK
2019-11-08 03:33:24.269 325 INFO rally.task.runner [-] Task af4baf90-e158-43c3-a4ea-37063d1638aa | ITER: 47 START
2019-11-08 03:33:24.371 328 INFO rally.task.runner [-] Task af4baf90-e158-43c3-a4ea-37063d1638aa | ITER: 38 END: OK
2019-11-08 03:33:24.375 328 INFO rally.task.runner [-] Task af4baf90-e158-43c3-a4ea-37063d1638aa | ITER: 48 START
2019-11-08 03:33:24.405 315 INFO rally.task.runner [-] Task af4baf90-e158-43c3-a4ea-37063d1638aa | ITER: 40 END: OK
2019-11-08 03:33:24.409 315 INFO rally.task.runner [-] Task af4baf90-e158-43c3-a4ea-37063d1638aa | ITER: 49 START
2019-11-08 03:33:24.425 337 INFO rally.task.runner [-] Task af4baf90-e158-43c3-a4ea-37063d1638aa | ITER: 39 END: OK
2019-11-08 03:33:24.429 337 INFO rally.task.runner [-] Task af4baf90-e158-43c3-a4ea-37063d1638aa | ITER: 50 START
2019-11-08 03:33:24.520 331 INFO rally.task.runner [-] Task af4baf90-e158-43c3-a4ea-37063d1638aa | ITER: 41 END: OK
2019-11-08 03:33:24.605 314 INFO rally.task.runner [-] Task af4baf90-e158-43c3-a4ea-37063d1638aa | ITER: 42 END: OK
2019-11-08 03:33:24.708 334 INFO rally.task.runner [-] Task af4baf90-e158-43c3-a4ea-37063d1638aa | ITER: 43 END: OK
2019-11-08 03:33:24.771 316 INFO rally.task.runner [-] Task af4baf90-e158-43c3-a4ea-37063d1638aa | ITER: 45 END: OK
2019-11-08 03:33:24.807 322 INFO rally.task.runner [-] Task af4baf90-e158-43c3-a4ea-37063d1638aa | ITER: 44 END: OK
2019-11-08 03:33:24.849 318 INFO rally.task.runner [-] Task af4baf90-e158-43c3-a4ea-37063d1638aa | ITER: 46 END: OK
2019-11-08 03:33:24.953 315 INFO rally.task.runner [-] Task af4baf90-e158-43c3-a4ea-37063d1638aa | ITER: 49 END: OK
2019-11-08 03:33:24.965 328 INFO rally.task.runner [-] Task af4baf90-e158-43c3-a4ea-37063d1638aa | ITER: 48 END: OK
2019-11-08 03:33:25.009 337 INFO rally.task.runner [-] Task af4baf90-e158-43c3-a4ea-37063d1638aa | ITER: 50 END: OK
2019-11-08 03:33:25.086 325 INFO rally.task.runner [-] Task af4baf90-e158-43c3-a4ea-37063d1638aa | ITER: 47 END: OK
2019-11-08 03:33:25.109 24145 INFO rally.task.context [-] Task af4baf90-e158-43c3-a4ea-37063d1638aa | Context cleanup@openstack cleanup() started
2019-11-08 03:33:25.112 24145 RALLYDEBUG rally_openstack.cleanup.manager [-] Cleaning up neutron vip objects
2019-11-08 03:33:25.830 24145 RALLYDEBUG rally_openstack.cleanup.manager [-] Cleaning up neutron health_monitor objects
2019-11-08 03:33:26.580 24145 RALLYDEBUG rally_openstack.cleanup.manager [-] Cleaning up neutron pool objects
2019-11-08 03:33:27.316 24145 RALLYDEBUG rally_openstack.cleanup.manager [-] Cleaning up neutron loadbalancer objects
2019-11-08 03:33:28.046 24145 RALLYDEBUG rally_openstack.cleanup.manager [-] Cleaning up neutron floatingip objects
2019-11-08 03:33:28.839 24145 RALLYDEBUG rally_openstack.cleanup.manager [-] Cleaning up neutron trunk objects
2019-11-08 03:33:29.609 24145 RALLYDEBUG rally_openstack.cleanup.manager [-] Cleaning up neutron port objects
2019-11-08 03:33:30.400 24145 RALLYDEBUG rally_openstack.cleanup.manager [-] Cleaning up neutron subnet objects
2019-11-08 03:33:31.169 24145 RALLYDEBUG rally_openstack.cleanup.manager [-] Cleaning up neutron network objects
2019-11-08 03:33:31.958 24145 RALLYDEBUG rally_openstack.cleanup.manager [-] Cleaning up neutron router objects
2019-11-08 03:33:32.771 24145 RALLYDEBUG rally_openstack.cleanup.manager [-] Cleaning up neutron security_group objects
2019-11-08 03:33:34.010 24145 RALLYDEBUG rally_openstack.cleanup.manager [-] Deleting neutron.security_group object s_rally_9867be3a_kKlS1kx4 (14793e90-82dc-4336-bda7-ab16c5d98a63)
2019-11-08 03:33:34.020 24145 RALLYDEBUG rally_openstack.cleanup.manager [-] Deleting neutron.security_group object s_rally_9867be3a_hRpbLRMh (269bc331-5f91-40e9-b098-6872effbdba7)
2019-11-08 03:33:34.028 24145 RALLYDEBUG rally_openstack.cleanup.manager [-] Deleting neutron.security_group object s_rally_9867be3a_rhNEOK9q (31e89f97-d1bb-4a49-84b5-ca16b31e134a)
2019-11-08 03:33:34.040 24145 RALLYDEBUG rally_openstack.cleanup.manager [-] Deleting neutron.security_group object s_rally_9867be3a_N4b2KRTp (360087b5-41cb-4754-b4c6-b63a1d23e34c)
2019-11-08 03:33:34.047 24145 RALLYDEBUG rally_openstack.cleanup.manager [-] Deleting neutron.security_group object s_rally_9867be3a_duFYd0Bu (3d40812a-85eb-4d1e-80d2-7abe7557ad74)
2019-11-08 03:33:34.056 24145 RALLYDEBUG rally_openstack.cleanup.manager [-] Deleting neutron.security_group object s_rally_9867be3a_aIydoCvH (41b5c37e-5687-45ed-99ee-5a5dda83bc48)
2019-11-08 03:33:34.064 24145 RALLYDEBUG rally_openstack.cleanup.manager [-] Deleting neutron.security_group object s_rally_9867be3a_speBUNp9 (56ff285f-1a43-4459-853b-8c1b13b43a10)
2019-11-08 03:33:34.082 24145 RALLYDEBUG rally_openstack.cleanup.manager [-] Deleting neutron.security_group object s_rally_9867be3a_pDb5R1pc (60fdce0b-ea92-46d8-86e8-bf20414273e1)
2019-11-08 03:33:34.090 24145 RALLYDEBUG rally_openstack.cleanup.manager [-] Deleting neutron.security_group object s_rally_9867be3a_iDUTXWK9 (6f0fa5d4-59c9-4ec6-a71c-6fae03ffbde4)
2019-11-08 03:33:34.118 24145 RALLYDEBUG rally_openstack.cleanup.manager [-] Deleting neutron.security_group object s_rally_9867be3a_kkYZNlwp (71c46f83-fa9d-429a-8561-c9b54e2269d5)
2019-11-08 03:33:34.154 24145 RALLYDEBUG rally_openstack.cleanup.manager [-] Deleting neutron.security_group object s_rally_9867be3a_uboKrGGa (76709f1d-9fc4-440d-8fc7-0b0e18386dfc)
2019-11-08 03:33:34.167 24145 RALLYDEBUG rally_openstack.cleanup.manager [-] Deleting neutron.security_group object s_rally_9867be3a_sqYNCbbK (7e79660f-2279-41e3-89da-84f2235b8cc5)
2019-11-08 03:33:34.172 24145 RALLYDEBUG rally_openstack.cleanup.manager [-] Deleting neutron.security_group object s_rally_9867be3a_wLqc6kpm (a11a8e59-0b65-4526-bbfb-5a1e0a61b967)
2019-11-08 03:33:34.175 24145 RALLYDEBUG rally_openstack.cleanup.manager [-] Deleting neutron.security_group object s_rally_9867be3a_z66h5M4N (b5ef898e-4ec1-4157-944e-2f5eb586df86)
2019-11-08 03:33:34.186 24145 RALLYDEBUG rally_openstack.cleanup.manager [-] Deleting neutron.security_group object s_rally_9867be3a_pyc4NfEO (b608107b-d463-4fe1-b93b-751e2a26d064)
2019-11-08 03:33:34.207 24145 RALLYDEBUG rally_openstack.cleanup.manager [-] Deleting neutron.security_group object s_rally_9867be3a_GhIeU9uw (c7c5e3ae-7cd1-4105-94af-b570e16f650c)
2019-11-08 03:33:34.211 24145 RALLYDEBUG rally_openstack.cleanup.manager [-] Deleting neutron.security_group object s_rally_9867be3a_eHSYK806 (d0128c7c-0050-465a-aa29-8b1139abf8b2)
2019-11-08 03:33:34.221 24145 RALLYDEBUG rally_openstack.cleanup.manager [-] Deleting neutron.security_group object s_rally_9867be3a_NccldHBu (d963c7cb-04b3-4d52-9075-41e46333a3bc)
2019-11-08 03:33:34.233 24145 RALLYDEBUG rally_openstack.cleanup.manager [-] Deleting neutron.security_group object s_rally_9867be3a_pVreiAzV (e1982313-7056-4f65-8c55-47f8a1174beb)
2019-11-08 03:33:34.240 24145 RALLYDEBUG rally_openstack.cleanup.manager [-] Deleting neutron.security_group object s_rally_9867be3a_ccQemLFA (ea5c29c4-d320-4d9f-b757-c872e2387d29)
2019-11-08 03:33:35.634 24145 RALLYDEBUG rally_openstack.cleanup.manager [-] Deleting neutron.security_group object s_rally_9867be3a_BHMtLcev (f53a9cf1-f4fe-4da6-8b8d-cc44d9d22c75)
2019-11-08 03:33:35.678 24145 RALLYDEBUG rally_openstack.cleanup.manager [-] Deleting neutron.security_group object s_rally_9867be3a_jCj7BNC0 (f7017ad7-82bf-4955-a088-4f41ce944494)
2019-11-08 03:33:35.716 24145 RALLYDEBUG rally_openstack.cleanup.manager [-] Deleting neutron.security_group object s_rally_9867be3a_Rsukg3Rg (faade9db-68d7-47d8-a554-304ef649f532)
2019-11-08 03:33:35.777 24145 RALLYDEBUG rally_openstack.cleanup.manager [-] Deleting neutron.security_group object s_rally_9867be3a_ZGLBN248 (10168253-c0e0-4825-ab2f-7d98752c6531)
2019-11-08 03:33:35.792 24145 RALLYDEBUG rally_openstack.cleanup.manager [-] Deleting neutron.security_group object s_rally_9867be3a_znhUyoWe (1577a68c-0c8f-4705-a5d5-710fcc985bf1)
2019-11-08 03:33:35.800 24145 RALLYDEBUG rally_openstack.cleanup.manager [-] Deleting neutron.security_group object s_rally_9867be3a_wMkJV5bq (1ca2129a-cf4e-4a8f-8e0e-524410c994ee)
2019-11-08 03:33:35.809 24145 RALLYDEBUG rally_openstack.cleanup.manager [-] Deleting neutron.security_group object s_rally_9867be3a_2Kzdkmlb (21b0482d-94b4-4199-9be9-2c0cc6ce21c3)
2019-11-08 03:33:35.818 24145 RALLYDEBUG rally_openstack.cleanup.manager [-] Deleting neutron.security_group object s_rally_9867be3a_3ktdmspV (2dabcef3-d515-49aa-9340-6374f8b99ede)
2019-11-08 03:33:35.844 24145 RALLYDEBUG rally_openstack.cleanup.manager [-] Deleting neutron.security_group object s_rally_9867be3a_Hg0aVN6U (3098eff1-a91e-4160-8552-aaccd261f072)
2019-11-08 03:33:35.861 24145 RALLYDEBUG rally_openstack.cleanup.manager [-] Deleting neutron.security_group object s_rally_9867be3a_JsbRW2Sw (330245fb-7f37-4613-b82d-064e1738aba9)
2019-11-08 03:33:35.905 24145 RALLYDEBUG rally_openstack.cleanup.manager [-] Deleting neutron.security_group object s_rally_9867be3a_yvBeBXXB (347ceb59-0c05-4e3b-b796-a6651179baf3)
2019-11-08 03:33:35.911 24145 RALLYDEBUG rally_openstack.cleanup.manager [-] Deleting neutron.security_group object s_rally_9867be3a_0axpeJq8 (4761fcdd-58c3-43d6-ad6a-9e99eef42b04)
2019-11-08 03:33:35.976 24145 RALLYDEBUG rally_openstack.cleanup.manager [-] Deleting neutron.security_group object s_rally_9867be3a_EGxZ6dBf (4dd6fb32-59d9-41c1-87b9-6695638064e4)
2019-11-08 03:33:36.006 24145 RALLYDEBUG rally_openstack.cleanup.manager [-] Deleting neutron.security_group object s_rally_9867be3a_O7he0GYT (507d9662-7342-4d0b-a5d4-de23b4ee8cf4)
2019-11-08 03:33:36.027 24145 RALLYDEBUG rally_openstack.cleanup.manager [-] Deleting neutron.security_group object s_rally_9867be3a_l6ahdWO7 (5da885db-457a-4a9f-9d85-2be9a21e4408)
2019-11-08 03:33:36.111 24145 RALLYDEBUG rally_openstack.cleanup.manager [-] Deleting neutron.security_group object s_rally_9867be3a_6oKFUdwi (6319b704-8d1d-4fe0-a260-a76d1c82c742)
2019-11-08 03:33:36.154 24145 RALLYDEBUG rally_openstack.cleanup.manager [-] Deleting neutron.security_group object s_rally_9867be3a_isrG28vc (6618fb9a-4fa5-4b8b-b40e-fb4f1ec0a850)
2019-11-08 03:33:36.158 24145 RALLYDEBUG rally_openstack.cleanup.manager [-] Deleting neutron.security_group object s_rally_9867be3a_0Mv3RQMH (69abc216-c9bc-4b3a-b555-ff0bb87e7cd6)
2019-11-08 03:33:36.170 24145 RALLYDEBUG rally_openstack.cleanup.manager [-] Deleting neutron.security_group object s_rally_9867be3a_yLuVv20Y (724e552b-36f1-473e-bd50-652e2232b819)
2019-11-08 03:33:36.265 24145 RALLYDEBUG rally_openstack.cleanup.manager [-] Deleting neutron.security_group object s_rally_9867be3a_FCEC0544 (7a371c35-a3a3-4727-b1de-dd95db0eea35)
2019-11-08 03:33:37.103 24145 RALLYDEBUG rally_openstack.cleanup.manager [-] Deleting neutron.security_group object s_rally_9867be3a_wOT1klvy (7d6e9b6e-6fa7-4103-b0e4-80595feb30d7)
2019-11-08 03:33:37.150 24145 RALLYDEBUG rally_openstack.cleanup.manager [-] Deleting neutron.security_group object s_rally_9867be3a_kpKmxAgm (83970a37-2ef4-4410-86ff-08d0edccf260)
2019-11-08 03:33:37.215 24145 RALLYDEBUG rally_openstack.cleanup.manager [-] Deleting neutron.security_group object s_rally_9867be3a_q3WGKtaJ (875c73dd-cd33-47cc-baac-ec8913555a1c)
2019-11-08 03:33:37.326 24145 RALLYDEBUG rally_openstack.cleanup.manager [-] Deleting neutron.security_group object s_rally_9867be3a_J0Smjdbl (9d5e9e89-f46c-4ab2-991a-4b9b7063f568)
2019-11-08 03:33:37.373 24145 RALLYDEBUG rally_openstack.cleanup.manager [-] Deleting neutron.security_group object s_rally_9867be3a_KTV5MgEo (aa54c02a-c0ce-413c-8ffc-501a36b359bc)
2019-11-08 03:33:37.389 24145 RALLYDEBUG rally_openstack.cleanup.manager [-] Deleting neutron.security_group object s_rally_9867be3a_SxOefNBR (b00d655b-8cd7-47ba-a735-048f1d676935)
2019-11-08 03:33:37.391 24145 RALLYDEBUG rally_openstack.cleanup.manager [-] Deleting neutron.security_group object s_rally_9867be3a_nZDXMOqa (c6f429cf-d529-4e80-9e9c-74fa1694b414)
2019-11-08 03:33:37.416 24145 RALLYDEBUG rally_openstack.cleanup.manager [-] Deleting neutron.security_group object s_rally_9867be3a_nqhr8U5C (cb126464-4155-4a01-ae33-8f003bbba37d)
2019-11-08 03:33:37.477 24145 RALLYDEBUG rally_openstack.cleanup.manager [-] Deleting neutron.security_group object s_rally_9867be3a_gXUqZsyM (d001d5e6-d0a2-4eda-8c52-48856deed87a)
2019-11-08 03:33:37.486 24145 RALLYDEBUG rally_openstack.cleanup.manager [-] Deleting neutron.security_group object s_rally_9867be3a_Juamr0Zn (d7791f84-7f89-48c6-b793-50f04b80076b)
2019-11-08 03:33:39.037 24145 INFO rally.task.context [-] Task af4baf90-e158-43c3-a4ea-37063d1638aa | Context cleanup@openstack cleanup() finished in 13.93 sec
2019-11-08 03:33:39.038 24145 INFO rally.task.context [-] Task af4baf90-e158-43c3-a4ea-37063d1638aa | Context quotas@openstack cleanup() started
2019-11-08 03:33:39.083 24145 INFO rally.task.context [-] Task af4baf90-e158-43c3-a4ea-37063d1638aa | Context quotas@openstack cleanup() finished in 45.32 msec
2019-11-08 03:33:39.084 24145 INFO rally.task.context [-] Task af4baf90-e158-43c3-a4ea-37063d1638aa | Context users@openstack cleanup() started
2019-11-08 03:33:42.614 24145 INFO rally.task.context [-] Task af4baf90-e158-43c3-a4ea-37063d1638aa | Context users@openstack cleanup() finished in 3.53 sec
2019-11-08 03:33:44.175 24145 INFO rally.task.engine [-] Load duration is: 4.020519
2019-11-08 03:33:44.176 24145 INFO rally.task.engine [-] Full runner duration is: 4.063589
2019-11-08 03:33:44.176 24145 INFO rally.task.engine [-] Full duration is: 24.675707
2019-11-08 03:33:44.478 24145 INFO rally.task.engine [-] Task af4baf90-e158-43c3-a4ea-37063d1638aa | Completed: Running task.
2019-11-08 03:33:46.133 654 RALLYDEBUG rally.api [-] INFO logs from urllib3 and requests module are hide.
2019-11-08 03:33:46.133 654 RALLYDEBUG rally.api [-] urllib3 insecure warnings are hidden.
2019-11-08 03:33:46.134 654 RALLYDEBUG rally.api [-] ERROR log from boto module is hide.
2019-11-08 03:33:47.186 655 RALLYDEBUG rally.api [-] INFO logs from urllib3 and requests module are hide.
2019-11-08 03:33:47.187 655 RALLYDEBUG rally.api [-] urllib3 insecure warnings are hidden.
2019-11-08 03:33:47.187 655 RALLYDEBUG rally.api [-] ERROR log from boto module is hide.
2019-11-08 03:33:48.563 656 RALLYDEBUG rally.api [-] INFO logs from urllib3 and requests module are hide.
2019-11-08 03:33:48.564 656 RALLYDEBUG rally.api [-] urllib3 insecure warnings are hidden.
2019-11-08 03:33:48.564 656 RALLYDEBUG rally.api [-] ERROR log from boto module is hide.
2019-11-08 03:33:49.950 656 INFO rally.common.plugin.discover [-] Loading plugins from directories /root/.rally/plugins/*
2019-11-08 03:33:49.951 656 INFO rally.common.plugin.discover [-] Loaded module with plugins: /root/.rally/plugins/__init__.py
2019-11-08 03:33:50.113 656 INFO rally.api [-] Building 'json' report for the following task(s): 'af4baf90-e158-43c3-a4ea-37063d1638aa'.
2019-11-08 03:33:50.295 656 INFO rally.api [-] The report has been successfully built.
2019-11-08 03:33:51.741 658 RALLYDEBUG rally.api [-] INFO logs from urllib3 and requests module are hide.
2019-11-08 03:33:51.742 658 RALLYDEBUG rally.api [-] urllib3 insecure warnings are hidden.
2019-11-08 03:33:51.742 658 RALLYDEBUG rally.api [-] ERROR log from boto module is hide.
2019-11-08 03:33:53.292 658 INFO rally.common.plugin.discover [-] Loading plugins from directories /root/.rally/plugins/*
2019-11-08 03:33:53.292 658 INFO rally.common.plugin.discover [-] Loaded module with plugins: /root/.rally/plugins/__init__.py
2019-11-08 03:33:53.463 658 INFO rally.api [-] Building 'html' report for the following task(s): 'af4baf90-e158-43c3-a4ea-37063d1638aa'.
2019-11-08 03:33:53.644 658 INFO rally.api [-] The report has been successfully built.
2019-11-08 03:33:54.901 660 RALLYDEBUG rally.api [-] INFO logs from urllib3 and requests module are hide.
2019-11-08 03:33:54.901 660 RALLYDEBUG rally.api [-] urllib3 insecure warnings are hidden.
2019-11-08 03:33:54.901 660 RALLYDEBUG rally.api [-] ERROR log from boto module is hide.
2019-11-08 03:33:56.454 660 INFO rally.common.plugin.discover [-] Loading plugins from directories /root/.rally/plugins/*
2019-11-08 03:33:56.454 660 INFO rally.common.plugin.discover [-] Loaded module with plugins: /root/.rally/plugins/__init__.py
2019-11-08 03:33:56.624 660 INFO rally.api [-] Building 'junit-xml' report for the following task(s): 'af4baf90-e158-43c3-a4ea-37063d1638aa'.
2019-11-08 03:33:56.633 660 INFO rally.api [-] The report has been successfully built.