2019-11-08 03:24:52.636 24145 RALLYDEBUG rally_openstack.cleanup.manager [-] Deleting neutron.port object s_rally_ee038d4e_FrRTziGj (3f645105-24db-416b-9b21-e5cade44a1f6)
2019-11-08 03:24:52.737 24145 RALLYDEBUG rally_openstack.cleanup.manager [-] Deleting neutron.port object s_rally_ee038d4e_AyIKj1g8 (415e0bac-5a9c-4b41-8e9e-c6484d60810f)
2019-11-08 03:24:52.803 24145 RALLYDEBUG rally_openstack.cleanup.manager [-] Deleting neutron.port object s_rally_ee038d4e_hrvMGciX (418792c8-3caf-4530-a74e-b3bb31b34873)
2019-11-08 03:24:53.003 24145 RALLYDEBUG rally_openstack.cleanup.manager [-] Deleting neutron.port object s_rally_ee038d4e_rkik3Pus (41b7b9b7-649e-447b-a96b-2850fa256117)
2019-11-08 03:24:53.112 24145 RALLYDEBUG rally_openstack.cleanup.manager [-] Deleting neutron.port object s_rally_ee038d4e_cngsENuS (43a97ff1-d440-49a1-ae81-d3178c92f781)
2019-11-08 03:24:53.220 24145 RALLYDEBUG rally_openstack.cleanup.manager [-] Deleting neutron.port object s_rally_ee038d4e_Qz1594HT (43c49fb9-c000-4c17-b6a5-77625dcd01f6)
2019-11-08 03:24:53.224 24145 RALLYDEBUG rally_openstack.cleanup.manager [-] Deleting neutron.port object s_rally_ee038d4e_oYmTmWcE (46978eed-ba96-4df4-bf7d-7cb73874eca0)
2019-11-08 03:24:53.351 24145 RALLYDEBUG rally_openstack.cleanup.manager [-] Deleting neutron.port object s_rally_ee038d4e_b9Wmq5vI (46ad8a93-3002-4a26-916d-b9278c158535)
2019-11-08 03:24:53.477 24145 RALLYDEBUG rally_openstack.cleanup.manager [-] Deleting neutron.port object s_rally_ee038d4e_krhaAQnG (47daf5db-0f69-45a7-9dd7-82cea2759257)
2019-11-08 03:24:53.583 24145 RALLYDEBUG rally_openstack.cleanup.manager [-] Deleting neutron.port object s_rally_ee038d4e_ERWisXVX (49566842-ebdb-4d2a-8b0c-f9e339b0cf78)
2019-11-08 03:24:53.668 24145 RALLYDEBUG rally_openstack.cleanup.manager [-] Deleting neutron.port object s_rally_ee038d4e_dC5A2Sq6 (4b776594-547e-4a98-9913-48449a457049)
2019-11-08 03:24:53.749 24145 RALLYDEBUG rally_openstack.cleanup.manager [-] Deleting neutron.port object s_rally_ee038d4e_rX94Bmj2 (4c4549a5-7c91-4311-8bf6-342d3a276e1a)
2019-11-08 03:24:53.869 24145 RALLYDEBUG rally_openstack.cleanup.manager [-] Deleting neutron.port object s_rally_ee038d4e_ODSDpOr6 (51d58f2c-6a71-4925-adc2-9a9ad0c0b14f)
2019-11-08 03:24:53.893 24145 RALLYDEBUG rally_openstack.cleanup.manager [-] Deleting neutron.port object s_rally_ee038d4e_iGEmTdfQ (520ee6fd-243c-4ddd-abae-3e273f87c386)
2019-11-08 03:24:53.953 24145 RALLYDEBUG rally_openstack.cleanup.manager [-] Deleting neutron.port object s_rally_ee038d4e_Sz05Zs4J (535e5fca-3d76-468f-a9ee-0c5009fde44b)
2019-11-08 03:24:53.970 24145 RALLYDEBUG rally_openstack.cleanup.manager [-] Deleting neutron.port object s_rally_ee038d4e_rsCQz43T (5761e6dc-65b1-4281-8b5c-1f772a982b5c)
2019-11-08 03:24:53.985 24145 RALLYDEBUG rally_openstack.cleanup.manager [-] Deleting neutron.port object s_rally_ee038d4e_Y8YjqrHJ (5a5e67dc-7377-4672-93a1-870958fe6899)
2019-11-08 03:24:54.002 24145 RALLYDEBUG rally_openstack.cleanup.manager [-] Deleting neutron.port object s_rally_ee038d4e_NbN3dyYb (5c635df0-57bf-442a-9326-b655c2515c1e)
2019-11-08 03:24:54.139 24145 RALLYDEBUG rally_openstack.cleanup.manager [-] Deleting neutron.port object s_rally_ee038d4e_rKNsNQcY (5ce6f8b0-9b1f-4971-ba32-aedb09bbe5a4)
2019-11-08 03:24:54.180 24145 RALLYDEBUG rally_openstack.cleanup.manager [-] Deleting neutron.port object s_rally_ee038d4e_QZicY7PS (5dd3db0b-6e88-47c4-a6d9-3eec7cecf638)
2019-11-08 03:24:54.480 24145 RALLYDEBUG rally_openstack.cleanup.manager [-] Deleting neutron.port object s_rally_ee038d4e_ZPsDUGaP (5ee10803-83f5-434d-bc47-18f367c55d2f)
2019-11-08 03:24:54.521 24145 RALLYDEBUG rally_openstack.cleanup.manager [-] Deleting neutron.port object s_rally_ee038d4e_ihoqi9tj (5fa37a05-5775-4f75-abfc-c9501400d480)
2019-11-08 03:24:54.630 24145 RALLYDEBUG rally_openstack.cleanup.manager [-] Deleting neutron.port object s_rally_ee038d4e_cginkqX1 (607843cf-191f-43c0-b48e-2b26ee6aa843)
2019-11-08 03:24:54.739 24145 RALLYDEBUG rally_openstack.cleanup.manager [-] Deleting neutron.port object s_rally_ee038d4e_lbUmEHFF (616f67c3-18d1-4038-885d-d85e1c937711)
2019-11-08 03:24:54.830 24145 RALLYDEBUG rally_openstack.cleanup.manager [-] Deleting neutron.port object s_rally_ee038d4e_Icz8rvfi (625a3cce-aa83-42b8-b3cf-cda95abf5d8e)
2019-11-08 03:24:54.984 24145 RALLYDEBUG rally_openstack.cleanup.manager [-] Deleting neutron.port object s_rally_ee038d4e_XnyRQ9JL (635619ef-1d25-4820-81a4-e7e9ac1de240)
2019-11-08 03:24:55.021 24145 RALLYDEBUG rally_openstack.cleanup.manager [-] Deleting neutron.port object s_rally_ee038d4e_zGmqorpc (644c0e1d-1c8c-43a0-8bf5-1a0ecf05421a)
2019-11-08 03:24:55.082 24145 RALLYDEBUG rally_openstack.cleanup.manager [-] Deleting neutron.port object s_rally_ee038d4e_RYZL7r66 (65216331-b6df-41f6-b50a-3f27382d494a)
2019-11-08 03:24:55.197 24145 RALLYDEBUG rally_openstack.cleanup.manager [-] Deleting neutron.port object s_rally_ee038d4e_ZQWQacmO (6521cec1-8d8d-44c9-8f70-be61f80761cd)
2019-11-08 03:24:55.341 24145 RALLYDEBUG rally_openstack.cleanup.manager [-] Deleting neutron.port object s_rally_ee038d4e_a6jVjZrz (65f0f1a8-7967-48ca-bf66-c332dc5b79cd)
2019-11-08 03:24:55.405 24145 RALLYDEBUG rally_openstack.cleanup.manager [-] Deleting neutron.port object s_rally_ee038d4e_34kLe1z6 (660b43d1-cfc2-4396-9a78-12bad60fa71e)
2019-11-08 03:24:55.461 24145 RALLYDEBUG rally_openstack.cleanup.manager [-] Deleting neutron.port object s_rally_ee038d4e_tC7czBbZ (6691be15-47b9-4706-974f-1d6ffc7a65fa)
2019-11-08 03:24:55.633 24145 RALLYDEBUG rally_openstack.cleanup.manager [-] Deleting neutron.port object s_rally_ee038d4e_JkcenOdm (679c136d-3540-4f6b-b1e9-a82e4dd1b6fd)
2019-11-08 03:24:55.751 24145 RALLYDEBUG rally_openstack.cleanup.manager [-] Deleting neutron.port object s_rally_ee038d4e_I0prupPY (68fbe871-2f9d-4dac-b28e-fd32b1356f77)
2019-11-08 03:24:55.769 24145 RALLYDEBUG rally_openstack.cleanup.manager [-] Deleting neutron.port object s_rally_ee038d4e_2RoUewLP (6b3b51e1-00f0-4188-aed2-dff29d25e934)
2019-11-08 03:24:55.879 24145 RALLYDEBUG rally_openstack.cleanup.manager [-] Deleting neutron.port object s_rally_ee038d4e_UxQ0vvxN (6ba242c5-3caf-49d3-b382-71b3569b9bdf)
2019-11-08 03:24:55.915 24145 RALLYDEBUG rally_openstack.cleanup.manager [-] Deleting neutron.port object s_rally_ee038d4e_IMFQ2Ln6 (6bbbfceb-26ac-4038-a34e-08a38384be45)
2019-11-08 03:24:55.923 24145 RALLYDEBUG rally_openstack.cleanup.manager [-] Deleting neutron.port object s_rally_ee038d4e_6YC5h4zq (6c51a9f8-565d-45cd-a67f-5aafc5e991af)
2019-11-08 03:24:56.047 24145 RALLYDEBUG rally_openstack.cleanup.manager [-] Deleting neutron.port object s_rally_ee038d4e_HVJR8b2L (6ced32e2-1c77-400e-a97f-0633cf127fc3)
2019-11-08 03:24:56.085 24145 RALLYDEBUG rally_openstack.cleanup.manager [-] Deleting neutron.port object s_rally_ee038d4e_jO2qgHw5 (6f89b92e-4acc-470f-8926-47f862a917c8)
2019-11-08 03:24:56.351 24145 RALLYDEBUG rally_openstack.cleanup.manager [-] Deleting neutron.port object s_rally_ee038d4e_INf5THZg (71007058-9091-4311-a817-30cf9a36edb4)
2019-11-08 03:24:56.495 24145 RALLYDEBUG rally_openstack.cleanup.manager [-] Deleting neutron.port object s_rally_ee038d4e_P6L5uipu (71f69300-6b93-4712-8207-32e9405a16e4)
2019-11-08 03:24:56.498 24145 RALLYDEBUG rally_openstack.cleanup.manager [-] Deleting neutron.port object s_rally_ee038d4e_0KXEbeAx (73f05c47-6bc5-4f15-b6a5-6ccbad448ff4)
2019-11-08 03:24:56.547 24145 RALLYDEBUG rally_openstack.cleanup.manager [-] Deleting neutron.port object s_rally_ee038d4e_mqKQaasH (75b327c4-501e-486e-a9ff-67387cc4ca8a)
2019-11-08 03:24:56.560 24145 RALLYDEBUG rally_openstack.cleanup.manager [-] Deleting neutron.port object s_rally_ee038d4e_7X35qBj4 (75ec012d-9438-4309-96f6-46611fe026ce)
2019-11-08 03:24:56.734 24145 RALLYDEBUG rally_openstack.cleanup.manager [-] Deleting neutron.port object s_rally_ee038d4e_7Ri1qRFB (7808c26a-9502-48cc-9a30-7d19556c56c8)
2019-11-08 03:24:56.943 24145 RALLYDEBUG rally_openstack.cleanup.manager [-] Deleting neutron.port object s_rally_ee038d4e_Pah0y3gy (790f8a79-782f-4f56-bdcc-5edac2529a5e)
2019-11-08 03:24:57.027 24145 RALLYDEBUG rally_openstack.cleanup.manager [-] Deleting neutron.port object s_rally_ee038d4e_x5zldfZc (7a2a19ec-2219-4451-9801-a2a02b6d73f5)
2019-11-08 03:24:57.074 24145 RALLYDEBUG rally_openstack.cleanup.manager [-] Deleting neutron.port object s_rally_ee038d4e_6oCpiZgr (7b4ecf70-6092-4d7f-ab02-5fcfb32c1a3b)
2019-11-08 03:24:57.099 24145 RALLYDEBUG rally_openstack.cleanup.manager [-] Deleting neutron.port object s_rally_ee038d4e_nW3a84fo (7baad4cb-c243-4649-ad7d-cf43af7811d2)
2019-11-08 03:24:57.136 24145 RALLYDEBUG rally_openstack.cleanup.manager [-] Deleting neutron.port object s_rally_ee038d4e_d2AU8Wb1 (7ee91197-53aa-41a1-8889-dc8ec7ceb749)
2019-11-08 03:24:57.173 24145 RALLYDEBUG rally_openstack.cleanup.manager [-] Deleting neutron.port object s_rally_ee038d4e_AtgAq8qB (826032aa-e884-45f8-9643-8f31f9abb47a)
2019-11-08 03:24:57.386 24145 RALLYDEBUG rally_openstack.cleanup.manager [-] Deleting neutron.port object s_rally_ee038d4e_QjXIMDDl (843f130b-88c7-4ccb-9e38-018802682692)
2019-11-08 03:24:57.540 24145 RALLYDEBUG rally_openstack.cleanup.manager [-] Deleting neutron.port object s_rally_ee038d4e_0n91yiVL (860e3ad3-d09b-4280-a661-3a7954959522)
2019-11-08 03:24:57.636 24145 RALLYDEBUG rally_openstack.cleanup.manager [-] Deleting neutron.port object s_rally_ee038d4e_zGPSOCaj (865ce02f-a248-4b6a-8626-0b109c6a164f)
2019-11-08 03:24:57.695 24145 RALLYDEBUG rally_openstack.cleanup.manager [-] Deleting neutron.port object s_rally_ee038d4e_ItZhaN6g (88463982-62ce-4d48-972a-52f43ce8ab86)
2019-11-08 03:24:57.754 24145 RALLYDEBUG rally_openstack.cleanup.manager [-] Deleting neutron.port object s_rally_ee038d4e_vACVpXo4 (8bdf1dfa-89e3-44b6-9a88-4180627311c0)
2019-11-08 03:24:57.784 24145 RALLYDEBUG rally_openstack.cleanup.manager [-] Deleting neutron.port object s_rally_ee038d4e_SvVCVgWN (8c67b505-c137-4007-8942-62260ac408dd)
2019-11-08 03:24:57.792 24145 RALLYDEBUG rally_openstack.cleanup.manager [-] Deleting neutron.port object s_rally_ee038d4e_rXkvDrjV (8dcad3e4-b2b4-4ded-8c50-b640c6d41275)
2019-11-08 03:24:57.812 24145 RALLYDEBUG rally_openstack.cleanup.manager [-] Deleting neutron.port object s_rally_ee038d4e_fUE2WGZT (8de6bade-bfe8-4046-8b09-8e86c853d85b)
2019-11-08 03:24:58.126 24145 RALLYDEBUG rally_openstack.cleanup.manager [-] Deleting neutron.port object s_rally_ee038d4e_A9cIFrmT (8ed7edaa-25d1-4677-b847-0eee43cf541f)
2019-11-08 03:24:58.274 24145 RALLYDEBUG rally_openstack.cleanup.manager [-] Deleting neutron.port object s_rally_ee038d4e_qdtBcKIX (92b4d7e9-75e7-4d78-8fea-148982e880cb)
2019-11-08 03:24:58.282 24145 RALLYDEBUG rally_openstack.cleanup.manager [-] Deleting neutron.port object s_rally_ee038d4e_Is65yQmF (99435b11-d519-4b59-aa26-eb552c312bb7)
2019-11-08 03:24:58.342 24145 RALLYDEBUG rally_openstack.cleanup.manager [-] Deleting neutron.port object s_rally_ee038d4e_lLSHFam9 (99cc0989-8a89-4a37-baab-3390e64b93bf)
2019-11-08 03:24:58.465 24145 RALLYDEBUG rally_openstack.cleanup.manager [-] Deleting neutron.port object s_rally_ee038d4e_mniNlIDZ (9cf7920a-ab92-4a78-9c1f-6688cba4f5f4)
2019-11-08 03:24:58.474 24145 RALLYDEBUG rally_openstack.cleanup.manager [-] Deleting neutron.port object s_rally_ee038d4e_x2e7b1yq (9daaf8e6-8a6a-452d-9bdd-ce07f22806b7)
2019-11-08 03:24:58.663 24145 RALLYDEBUG rally_openstack.cleanup.manager [-] Deleting neutron.port object s_rally_ee038d4e_G65DrXi9 (9e014d3d-f8fc-4acc-b4ca-09c6228a8d0a)
2019-11-08 03:24:58.773 24145 RALLYDEBUG rally_openstack.cleanup.manager [-] Deleting neutron.port object s_rally_ee038d4e_rnGmF4aQ (9fc477f8-b3b8-4de5-bc57-aeb74f514442)
2019-11-08 03:24:58.852 24145 RALLYDEBUG rally_openstack.cleanup.manager [-] Deleting neutron.port object s_rally_ee038d4e_O3L5qnNp (a220f243-d4ec-468d-a688-024710317a4b)
2019-11-08 03:24:58.883 24145 RALLYDEBUG rally_openstack.cleanup.manager [-] Deleting neutron.port object s_rally_ee038d4e_6B0hDiEy (a3341ba8-beb5-4018-8c2f-5fcde648407e)
2019-11-08 03:24:59.162 24145 RALLYDEBUG rally_openstack.cleanup.manager [-] Deleting neutron.port object s_rally_ee038d4e_C6PMHaFf (a40607b7-1046-48ee-bb50-26bf0f671dad)
2019-11-08 03:24:59.253 24145 RALLYDEBUG rally_openstack.cleanup.manager [-] Deleting neutron.port object s_rally_ee038d4e_4P1PDmIX (a433a054-a34b-43f8-8671-924aca38485d)
2019-11-08 03:24:59.337 24145 RALLYDEBUG rally_openstack.cleanup.manager [-] Deleting neutron.port object s_rally_ee038d4e_lBJo19WH (a456efc3-b218-4638-9488-b08a4b1a5672)
2019-11-08 03:24:59.348 24145 RALLYDEBUG rally_openstack.cleanup.manager [-] Deleting neutron.port object s_rally_ee038d4e_MmaI3luP (a66de22f-8d54-410e-b0ad-01757585d12c)
2019-11-08 03:24:59.436 24145 RALLYDEBUG rally_openstack.cleanup.manager [-] Deleting neutron.port object s_rally_ee038d4e_vcVyhQec (a9c84848-c565-4326-ba69-cbf07fd0726f)
2019-11-08 03:24:59.495 24145 RALLYDEBUG rally_openstack.cleanup.manager [-] Deleting neutron.port object s_rally_ee038d4e_QMOuLzCy (aa533a09-be0d-44ff-a745-73b9f3447538)
2019-11-08 03:24:59.614 24145 RALLYDEBUG rally_openstack.cleanup.manager [-] Deleting neutron.port object s_rally_ee038d4e_EWoRc4i7 (ae168983-baf8-4d99-b713-43275a6c93bb)
2019-11-08 03:24:59.680 24145 RALLYDEBUG rally_openstack.cleanup.manager [-] Deleting neutron.port object s_rally_ee038d4e_EFtkY9au (ae8d2712-699a-4ab8-8a08-7d2845f00a96)
2019-11-08 03:24:59.822 24145 RALLYDEBUG rally_openstack.cleanup.manager [-] Deleting neutron.port object s_rally_ee038d4e_zB5zPIPx (aec45098-593c-4fc5-99d2-e8cc4ac73a00)
2019-11-08 03:24:59.906 24145 RALLYDEBUG rally_openstack.cleanup.manager [-] Deleting neutron.port object s_rally_ee038d4e_DlmIQQqS (aeee1fbe-4359-43c0-a201-cc174b65600f)
2019-11-08 03:25:00.032 24145 RALLYDEBUG rally_openstack.cleanup.manager [-] Deleting neutron.port object s_rally_ee038d4e_GkUK7Ao1 (b1c5c96a-e440-4c3a-a49e-d0728dae3036)
2019-11-08 03:25:00.044 24145 RALLYDEBUG rally_openstack.cleanup.manager [-] Deleting neutron.port object s_rally_ee038d4e_L9hoU4cQ (b28888d5-95f1-42b5-bf21-4f793e7f7373)
2019-11-08 03:25:00.074 24145 RALLYDEBUG rally_openstack.cleanup.manager [-] Deleting neutron.port object s_rally_ee038d4e_upx0vPSQ (b2d6f5dd-c335-4415-9869-2f1a94bffd1b)
2019-11-08 03:25:00.139 24145 RALLYDEBUG rally_openstack.cleanup.manager [-] Deleting neutron.port object s_rally_ee038d4e_ijxAl66B (b36e2b85-5cb1-437d-b7ef-950fd3ecb3e9)
2019-11-08 03:25:00.360 24145 RALLYDEBUG rally_openstack.cleanup.manager [-] Deleting neutron.port object s_rally_ee038d4e_fuf89FCS (b39cb479-368d-462e-97b1-4156a30683af)
2019-11-08 03:25:00.390 24145 RALLYDEBUG rally_openstack.cleanup.manager [-] Deleting neutron.port object s_rally_ee038d4e_dkvNtc2j (b864582d-0a8c-4be0-bd78-ec98046ae3ba)
2019-11-08 03:25:00.525 24145 RALLYDEBUG rally_openstack.cleanup.manager [-] Deleting neutron.port object s_rally_ee038d4e_dg8CcXfg (b9d0a6fa-6148-4e09-87a8-2008d0a8c1e9)
2019-11-08 03:25:00.558 24145 RALLYDEBUG rally_openstack.cleanup.manager [-] Deleting neutron.port object s_rally_ee038d4e_uv9L3LNN (ba12ad10-c169-4220-9058-73f4d6ac1e58)
2019-11-08 03:25:00.568 24145 RALLYDEBUG rally_openstack.cleanup.manager [-] Deleting neutron.port object s_rally_ee038d4e_iTtYa3YJ (baa207b4-9168-45c3-8471-53a6eb8fc28c)
2019-11-08 03:25:00.608 24145 RALLYDEBUG rally_openstack.cleanup.manager [-] Deleting neutron.port object s_rally_ee038d4e_MfHbFYcJ (bca2f571-305f-4032-ab70-023c6a4eae34)
2019-11-08 03:25:00.888 24145 RALLYDEBUG rally_openstack.cleanup.manager [-] Deleting neutron.port object s_rally_ee038d4e_n4909XuY (bd768798-a181-47a9-9f7f-f020da4bc8ae)
2019-11-08 03:25:01.063 24145 RALLYDEBUG rally_openstack.cleanup.manager [-] Deleting neutron.port object s_rally_ee038d4e_GUHzHMFO (beff14e0-362f-47b9-a3fa-764a6ba2843f)
2019-11-08 03:25:01.185 24145 RALLYDEBUG rally_openstack.cleanup.manager [-] Deleting neutron.port object s_rally_ee038d4e_Kys1ne3D (bf37aae5-c18a-419a-931d-8d97a2c690e2)
2019-11-08 03:25:01.275 24145 RALLYDEBUG rally_openstack.cleanup.manager [-] Deleting neutron.port object s_rally_ee038d4e_8sH8DGyW (c207b820-3604-48fa-8c47-80d6ea2cddc8)
2019-11-08 03:25:01.317 24145 RALLYDEBUG rally_openstack.cleanup.manager [-] Deleting neutron.port object s_rally_ee038d4e_JkGbDbbs (c2149551-22b7-4367-8b57-15170324cd59)
2019-11-08 03:25:01.321 24145 RALLYDEBUG rally_openstack.cleanup.manager [-] Deleting neutron.port object s_rally_ee038d4e_0pinY8GQ (c646c3f7-8900-4b94-8efe-ca24f42592af)
2019-11-08 03:25:01.591 24145 RALLYDEBUG rally_openstack.cleanup.manager [-] Deleting neutron.port object s_rally_ee038d4e_8bDtu50P (c868f80b-0004-464e-9e0e-2dd90135f769)
2019-11-08 03:25:01.600 24145 RALLYDEBUG rally_openstack.cleanup.manager [-] Deleting neutron.port object s_rally_ee038d4e_EJsc24be (cb9715c2-edb2-436e-afbe-130288effef6)
2019-11-08 03:25:01.739 24145 RALLYDEBUG rally_openstack.cleanup.manager [-] Deleting neutron.port object s_rally_ee038d4e_ygCq0sIP (ce7d0640-9bfa-4621-a43e-3383367e7835)
2019-11-08 03:25:01.747 24145 RALLYDEBUG rally_openstack.cleanup.manager [-] Deleting neutron.port object s_rally_ee038d4e_UQo6l7rG (cfb6ac88-e48e-4090-9231-3fd193dbdc68)
2019-11-08 03:25:01.756 24145 RALLYDEBUG rally_openstack.cleanup.manager [-] Deleting neutron.port object s_rally_ee038d4e_fzeRq1N4 (d12dbe1b-63e2-41ec-beb0-d6e3fe09f2da)
2019-11-08 03:25:01.784 24145 RALLYDEBUG rally_openstack.cleanup.manager [-] Deleting neutron.port object s_rally_ee038d4e_VYMW5hWz (d2171bb1-ad0b-4478-b758-5bb5933c8eaa)
2019-11-08 03:25:01.948 24145 RALLYDEBUG rally_openstack.cleanup.manager [-] Deleting neutron.port object s_rally_ee038d4e_CH1YXxjS (d274b523-321d-4c27-87b6-ae616ec5c776)
2019-11-08 03:25:02.097 24145 RALLYDEBUG rally_openstack.cleanup.manager [-] Deleting neutron.port object s_rally_ee038d4e_uv3lG0cU (d355da78-6ed3-406d-8a82-79fd2077f886)
2019-11-08 03:25:02.205 24145 RALLYDEBUG rally_openstack.cleanup.manager [-] Deleting neutron.port object s_rally_ee038d4e_pAKTz3kY (d3826dc5-c748-423a-ae45-42fbca4a8abb)
2019-11-08 03:25:02.271 24145 RALLYDEBUG rally_openstack.cleanup.manager [-] Deleting neutron.port object s_rally_ee038d4e_LULQKoUw (d66820bf-f14c-4bbb-b87f-c67cc4826e3d)
2019-11-08 03:25:02.334 24145 RALLYDEBUG rally_openstack.cleanup.manager [-] Deleting neutron.port object s_rally_ee038d4e_4YKWqDfk (d7372d4c-6d11-4f9e-a058-3f6c4b801949)
2019-11-08 03:25:02.366 24145 RALLYDEBUG rally_openstack.cleanup.manager [-] Deleting neutron.port object s_rally_ee038d4e_Bn6dqmkX (d78d4962-4d1e-4fa4-b99e-9b65c516d8bb)
2019-11-08 03:25:02.374 24145 RALLYDEBUG rally_openstack.cleanup.manager [-] Deleting neutron.port object s_rally_ee038d4e_caJYO73N (d8ac70c1-2d47-4e44-b26b-4af1c7188941)
2019-11-08 03:25:02.470 24145 RALLYDEBUG rally_openstack.cleanup.manager [-] Deleting neutron.port object s_rally_ee038d4e_rjcJu4In (db4ee9f4-ef68-4b74-baca-50ffabf71a26)
2019-11-08 03:25:02.618 24145 RALLYDEBUG rally_openstack.cleanup.manager [-] Deleting neutron.port object s_rally_ee038d4e_Pn56TPNz (ded59412-2d88-409e-8aa1-e7fb8fa679e9)
2019-11-08 03:25:02.822 24145 RALLYDEBUG rally_openstack.cleanup.manager [-] Deleting neutron.port object s_rally_ee038d4e_2bapGKpb (e033b3dc-0980-4633-80cd-eb53aec3cd59)
2019-11-08 03:25:02.938 24145 RALLYDEBUG rally_openstack.cleanup.manager [-] Deleting neutron.port object s_rally_ee038d4e_Auw9LIIr (e0795867-79e9-49f1-bde7-022fe0a7406c)
2019-11-08 03:25:03.051 24145 RALLYDEBUG rally_openstack.cleanup.manager [-] Deleting neutron.port object s_rally_ee038d4e_7LYG3Kt0 (e3add441-d63e-4601-bf0d-2410f6f4c7d7)
2019-11-08 03:25:03.086 24145 RALLYDEBUG rally_openstack.cleanup.manager [-] Deleting neutron.port object s_rally_ee038d4e_FiNp4TTu (e45b3ebc-eb07-4343-b061-fc6d30af59a2)
2019-11-08 03:25:03.235 24145 RALLYDEBUG rally_openstack.cleanup.manager [-] Deleting neutron.port object s_rally_ee038d4e_EtdCskML (e5dd2bc9-6ffd-49e1-b174-3886b62c5d18)
2019-11-08 03:25:03.388 24145 RALLYDEBUG rally_openstack.cleanup.manager [-] Deleting neutron.port object s_rally_ee038d4e_f4RyFjUY (e78f04e7-b8d3-4c93-9751-791e6ffb0c16)
2019-11-08 03:25:03.460 24145 RALLYDEBUG rally_openstack.cleanup.manager [-] Deleting neutron.port object s_rally_ee038d4e_144U9M7n (e7c73c73-adbe-4fea-86a9-18c60cff93c5)
2019-11-08 03:25:03.488 24145 RALLYDEBUG rally_openstack.cleanup.manager [-] Deleting neutron.port object s_rally_ee038d4e_duKt9RVc (e7fcc871-b5a6-4b48-b4b1-44a7f950132a)
2019-11-08 03:25:03.579 24145 RALLYDEBUG rally_openstack.cleanup.manager [-] Deleting neutron.port object s_rally_ee038d4e_1SAD2Rlc (e8367606-ce6b-4a4b-9e0b-882de5dfd3a4)
2019-11-08 03:25:03.639 24145 RALLYDEBUG rally_openstack.cleanup.manager [-] Deleting neutron.port object s_rally_ee038d4e_EQe7Q2or (e83b72e6-5621-4d60-b91c-41a731407323)
2019-11-08 03:25:03.700 24145 RALLYDEBUG rally_openstack.cleanup.manager [-] Deleting neutron.port object s_rally_ee038d4e_L9Cpx3Y6 (e8f4b126-5d27-489f-a6b7-c03af630daff)
2019-11-08 03:25:03.919 24145 RALLYDEBUG rally_openstack.cleanup.manager [-] Deleting neutron.port object s_rally_ee038d4e_ZtUo62KQ (ea7861d8-69a7-4469-892e-4f004529ed26)
2019-11-08 03:25:04.017 24145 RALLYDEBUG rally_openstack.cleanup.manager [-] Deleting neutron.port object s_rally_ee038d4e_E7dtLXyC (edf99bdc-cd01-4cad-853e-f0b154995126)
2019-11-08 03:25:04.065 24145 RALLYDEBUG rally_openstack.cleanup.manager [-] Deleting neutron.port object s_rally_ee038d4e_dPTTF0mz (ef03c5bc-84dd-4999-8e33-e3da970f7242)
2019-11-08 03:25:04.117 24145 RALLYDEBUG rally_openstack.cleanup.manager [-] Deleting neutron.port object s_rally_ee038d4e_s8g7x633 (ef03d1c5-2a88-4da2-bf95-82e193563ca4)
2019-11-08 03:25:04.128 24145 RALLYDEBUG rally_openstack.cleanup.manager [-] Deleting neutron.port object s_rally_ee038d4e_VyqELg8u (f02406e7-5075-461d-b445-d76471ab3dbb)
2019-11-08 03:25:04.136 24145 RALLYDEBUG rally_openstack.cleanup.manager [-] Deleting neutron.port object s_rally_ee038d4e_mGRKBBAu (f03715ed-46d7-423c-98f3-c0f3aa6f87ce)
2019-11-08 03:25:04.190 24145 RALLYDEBUG rally_openstack.cleanup.manager [-] Deleting neutron.port object s_rally_ee038d4e_StLqQAhF (f1413fe2-8dec-47fe-9052-f9f81b78571e)
2019-11-08 03:25:04.257 24145 RALLYDEBUG rally_openstack.cleanup.manager [-] Deleting neutron.port object s_rally_ee038d4e_yOLQAoGP (f2678c0f-63af-4495-9037-837942bb6dea)
2019-11-08 03:25:04.332 24145 RALLYDEBUG rally_openstack.cleanup.manager [-] Deleting neutron.port object s_rally_ee038d4e_vO4HsQHr (f2ed3704-92e0-42de-a1e6-7b8d6e7b30aa)
2019-11-08 03:25:04.553 24145 RALLYDEBUG rally_openstack.cleanup.manager [-] Deleting neutron.port object s_rally_ee038d4e_9lZv9b4F (f2ff6ba8-7caa-4225-ad61-ba1315da5ef6)
2019-11-08 03:25:04.670 24145 RALLYDEBUG rally_openstack.cleanup.manager [-] Deleting neutron.port object s_rally_ee038d4e_fJ8fXgJn (f59fbe71-f106-4ac1-b353-f773ae68f401)
2019-11-08 03:25:04.757 24145 RALLYDEBUG rally_openstack.cleanup.manager [-] Deleting neutron.port object s_rally_ee038d4e_0feNSezf (f5f18cbc-9b32-4ac9-8a86-3faeb7f11cab)
2019-11-08 03:25:05.087 24145 RALLYDEBUG rally_openstack.cleanup.manager [-] Deleting neutron.port object s_rally_ee038d4e_hec2nHuV (f679e202-22d9-4e53-8b3a-b0afeedac19a)
2019-11-08 03:25:05.129 24145 RALLYDEBUG rally_openstack.cleanup.manager [-] Deleting neutron.port object s_rally_ee038d4e_JdBpFP6f (f6c191f6-7b4e-4913-8e77-42e1e5c54c13)
2019-11-08 03:25:05.203 24145 RALLYDEBUG rally_openstack.cleanup.manager [-] Deleting neutron.port object s_rally_ee038d4e_HZ8EBdLC (fb096c68-8829-43a0-8690-fd9cfd71afe2)
2019-11-08 03:25:05.220 24145 RALLYDEBUG rally_openstack.cleanup.manager [-] Deleting neutron.port object s_rally_ee038d4e_MQRsJfTc (fc0d1e39-75a2-46cf-813b-318708f3abc2)
2019-11-08 03:25:05.378 24145 RALLYDEBUG rally_openstack.cleanup.manager [-] Deleting neutron.port object s_rally_ee038d4e_Yaqwwdfi (fc679ba3-0a19-44f6-81fe-64231e90fff2)
2019-11-08 03:25:05.383 24145 RALLYDEBUG rally_openstack.cleanup.manager [-] Deleting neutron.port object s_rally_ee038d4e_H0BtYyHN (ff4deed6-d42f-498c-bf2f-acf0e6c1a0f8)
2019-11-08 03:25:07.416 24145 RALLYDEBUG rally_openstack.cleanup.manager [-] Cleaning up neutron subnet objects
2019-11-08 03:25:07.805 24145 RALLYDEBUG rally_openstack.cleanup.manager [-] Cleaning up neutron network objects
2019-11-08 03:25:08.345 24145 RALLYDEBUG rally_openstack.cleanup.manager [-] Deleting neutron.network object s_rally_ee038d4e_UKUqDTR0 (00f72240-eed1-458d-bee8-7106a78a5e9b)
2019-11-08 03:25:08.354 24145 RALLYDEBUG rally_openstack.cleanup.manager [-] Deleting neutron.network object s_rally_ee038d4e_ox65tveL (1f5b1add-c32a-49ec-b1de-7428b1578cba)
2019-11-08 03:25:08.363 24145 RALLYDEBUG rally_openstack.cleanup.manager [-] Deleting neutron.network object s_rally_ee038d4e_guAsW1xT (1f5c48a4-0041-46d9-b267-bced9015d8c1)
2019-11-08 03:25:08.367 24145 RALLYDEBUG rally_openstack.cleanup.manager [-] Deleting neutron.network object s_rally_ee038d4e_GIzSgRJ6 (225690e4-a9e1-41b0-a23e-07f8c723d9a9)
2019-11-08 03:25:08.376 24145 RALLYDEBUG rally_openstack.cleanup.manager [-] Deleting neutron.network object s_rally_ee038d4e_Cj5MOdH4 (25b49bd5-5abb-4a1a-be7d-6051cd8d84ed)
2019-11-08 03:25:08.380 24145 RALLYDEBUG rally_openstack.cleanup.manager [-] Deleting neutron.network object s_rally_ee038d4e_DYb483Iz (30308011-cdd9-40ed-ac7e-17cc4aa81dbd)
2019-11-08 03:25:08.391 24145 RALLYDEBUG rally_openstack.cleanup.manager [-] Deleting neutron.network object s_rally_ee038d4e_MBr5gh24 (30bafee1-d1eb-4051-9c46-9e4dab0a5e2b)
2019-11-08 03:25:08.404 24145 RALLYDEBUG rally_openstack.cleanup.manager [-] Deleting neutron.network object s_rally_ee038d4e_to1vn9bB (38a79202-4383-4e06-a204-bd88a3cb1c79)
2019-11-08 03:25:08.412 24145 RALLYDEBUG rally_openstack.cleanup.manager [-] Deleting neutron.network object s_rally_ee038d4e_JHt8l9pe (3c2844f3-aa6a-4d27-884e-a69b499a9280)
2019-11-08 03:25:08.420 24145 RALLYDEBUG rally_openstack.cleanup.manager [-] Deleting neutron.network object s_rally_ee038d4e_ts13Mkim (532d462c-d543-4672-bad2-79bf4b5631c8)
2019-11-08 03:25:08.434 24145 RALLYDEBUG rally_openstack.cleanup.manager [-] Deleting neutron.network object s_rally_ee038d4e_IoXAzesB (55932d08-93e7-4292-82d7-5bcf7a29686b)
2019-11-08 03:25:08.444 24145 RALLYDEBUG rally_openstack.cleanup.manager [-] Deleting neutron.network object s_rally_ee038d4e_cqM5YdxB (6190d83c-ba9e-49c3-8875-d6efd86df0fc)
2019-11-08 03:25:08.471 24145 RALLYDEBUG rally_openstack.cleanup.manager [-] Deleting neutron.network object s_rally_ee038d4e_dWyi0bTx (6b2e893e-a407-4287-9bb2-c328856a330b)
2019-11-08 03:25:08.483 24145 RALLYDEBUG rally_openstack.cleanup.manager [-] Deleting neutron.network object s_rally_ee038d4e_F6avvB4E (71de5b28-dcf7-456b-a729-4a33a828c342)
2019-11-08 03:25:08.486 24145 RALLYDEBUG rally_openstack.cleanup.manager [-] Deleting neutron.network object s_rally_ee038d4e_kRpaNmSL (72d4642a-008d-4b14-bf32-0d2f6a0a88cd)
2019-11-08 03:25:08.504 24145 RALLYDEBUG rally_openstack.cleanup.manager [-] Deleting neutron.network object s_rally_ee038d4e_zuZEo833 (75428201-9774-4a02-b6e1-d6fdd8872bb3)
2019-11-08 03:25:08.512 24145 RALLYDEBUG rally_openstack.cleanup.manager [-] Deleting neutron.network object s_rally_ee038d4e_ophTyTgZ (788c39f5-4e9b-4d81-b82c-c29c1b78b793)
2019-11-08 03:25:08.519 24145 RALLYDEBUG rally_openstack.cleanup.manager [-] Deleting neutron.network object s_rally_ee038d4e_SyVXZVoW (795c5d72-5220-4674-bbf8-38dc5b36ad33)
2019-11-08 03:25:08.560 24145 RALLYDEBUG rally_openstack.cleanup.manager [-] Deleting neutron.network object s_rally_ee038d4e_NrP5m9c6 (7c0135dd-5346-402c-812c-b818b38dad81)
2019-11-08 03:25:08.569 24145 RALLYDEBUG rally_openstack.cleanup.manager [-] Deleting neutron.network object s_rally_ee038d4e_c69VvXW1 (7fe5bb8a-2185-4c0c-a33e-869cd784cf4b)
2019-11-08 03:25:10.324 24145 RALLYDEBUG rally_openstack.cleanup.manager [-] Deleting neutron.network object s_rally_ee038d4e_i0gSvDUT (82337cc4-410f-4a59-932a-5c745d96c32e)
2019-11-08 03:25:10.363 24145 RALLYDEBUG rally_openstack.cleanup.manager [-] Deleting neutron.network object s_rally_ee038d4e_znCpSTQi (830423d7-5c86-4589-bc14-2cc3e29117f6)
2019-11-08 03:25:10.634 24145 RALLYDEBUG rally_openstack.cleanup.manager [-] Deleting neutron.network object s_rally_ee038d4e_6BvpesZq (95ba56e2-b5f2-41ca-b8d6-42c331a81e10)
2019-11-08 03:25:10.665 24145 RALLYDEBUG rally_openstack.cleanup.manager [-] Deleting neutron.network object s_rally_ee038d4e_9Oy0zZQm (9cb37822-1b77-4ba1-b7e6-e2ceaee0856c)
2019-11-08 03:25:10.804 24145 RALLYDEBUG rally_openstack.cleanup.manager [-] Deleting neutron.network object s_rally_ee038d4e_TJsnFBwb (a18ccf2a-88c0-4a47-bab9-7c1a3755e0aa)
2019-11-08 03:25:10.830 24145 RALLYDEBUG rally_openstack.cleanup.manager [-] Deleting neutron.network object s_rally_ee038d4e_v0xul7fr (a863252f-5ae6-4b89-9fb5-21827b9b258b)
2019-11-08 03:25:10.865 24145 RALLYDEBUG rally_openstack.cleanup.manager [-] Deleting neutron.network object s_rally_ee038d4e_yYo2frcx (a9dee1f7-008e-4a67-8743-ec3830108af4)
2019-11-08 03:25:10.899 24145 RALLYDEBUG rally_openstack.cleanup.manager [-] Deleting neutron.network object s_rally_ee038d4e_tL1OOjEn (ac390456-c9b6-42b3-9457-8320bfcba9b2)
2019-11-08 03:25:10.946 24145 RALLYDEBUG rally_openstack.cleanup.manager [-] Deleting neutron.network object s_rally_ee038d4e_rZ47JnUk (bcc7f21d-baf2-43fc-9a52-9fc387a8e5b7)
2019-11-08 03:25:10.983 24145 RALLYDEBUG rally_openstack.cleanup.manager [-] Deleting neutron.network object s_rally_ee038d4e_Ks3rAcZT (c9eb52ad-1e4c-431e-8d77-89692d54899c)
2019-11-08 03:25:10.993 24145 RALLYDEBUG rally_openstack.cleanup.manager [-] Deleting neutron.network object s_rally_ee038d4e_1lJGTXqC (cfb0251e-e637-491a-bdcc-c3f132e36b26)
2019-11-08 03:25:11.191 24145 RALLYDEBUG rally_openstack.cleanup.manager [-] Deleting neutron.network object s_rally_ee038d4e_iJ2zXFPL (d9d8092d-6667-46c6-87a7-6ff647fbb6da)
2019-11-08 03:25:11.195 24145 RALLYDEBUG rally_openstack.cleanup.manager [-] Deleting neutron.network object s_rally_ee038d4e_jzxIazWj (dd8090dd-df76-440d-b699-2fa55dae5b32)
2019-11-08 03:25:11.203 24145 RALLYDEBUG rally_openstack.cleanup.manager [-] Deleting neutron.network object s_rally_ee038d4e_n2TIQlgn (e7782147-fa41-4306-ba53-c057c6c84b7e)
2019-11-08 03:25:11.286 24145 RALLYDEBUG rally_openstack.cleanup.manager [-] Deleting neutron.network object s_rally_ee038d4e_48yibMam (e82ffca7-b66c-49a3-b06e-4e8cb9f07d5c)
2019-11-08 03:25:11.311 24145 RALLYDEBUG rally_openstack.cleanup.manager [-] Deleting neutron.network object s_rally_ee038d4e_GTfkth46 (ec9f35a1-b5ea-4bd2-b3ef-32fddb5b9109)
2019-11-08 03:25:11.315 24145 RALLYDEBUG rally_openstack.cleanup.manager [-] Deleting neutron.network object s_rally_ee038d4e_ISMYrZYq (efc1a96a-3b07-46d1-9545-8ae8d11f5379)
2019-11-08 03:25:11.403 24145 RALLYDEBUG rally_openstack.cleanup.manager [-] Deleting neutron.network object s_rally_ee038d4e_hVEXxUfz (f11d05b2-dad9-41bd-91b7-409bd5e0ef0f)
2019-11-08 03:25:11.421 24145 RALLYDEBUG rally_openstack.cleanup.manager [-] Deleting neutron.network object s_rally_ee038d4e_yZ1dEOwh (f496ebc7-5d3f-42be-92bf-3170d970cf02)
2019-11-08 03:25:11.477 24145 RALLYDEBUG rally_openstack.cleanup.manager [-] Deleting neutron.network object s_rally_ee038d4e_CALbnt4r (f5e3e899-dd14-412d-868b-4054c5515c8a)
2019-11-08 03:25:14.004 24145 RALLYDEBUG rally_openstack.cleanup.manager [-] Cleaning up neutron router objects
2019-11-08 03:25:14.431 24145 RALLYDEBUG rally_openstack.cleanup.manager [-] Cleaning up neutron security_group objects
2019-11-08 03:25:14.850 24145 INFO rally.task.context [-] Task af4baf90-e158-43c3-a4ea-37063d1638aa | Context cleanup@openstack cleanup() finished in 30.85 sec
2019-11-08 03:25:14.851 24145 INFO rally.task.context [-] Task af4baf90-e158-43c3-a4ea-37063d1638aa | Context quotas@openstack cleanup() started
2019-11-08 03:25:14.923 24145 INFO rally.task.context [-] Task af4baf90-e158-43c3-a4ea-37063d1638aa | Context quotas@openstack cleanup() finished in 71.58 msec
2019-11-08 03:25:14.923 24145 INFO rally.task.context [-] Task af4baf90-e158-43c3-a4ea-37063d1638aa | Context users@openstack cleanup() started
2019-11-08 03:25:17.531 24145 INFO rally.task.context [-] Task af4baf90-e158-43c3-a4ea-37063d1638aa | Context users@openstack cleanup() finished in 2.61 sec
2019-11-08 03:25:19.162 24145 INFO rally.task.engine [-] Load duration is: 19.961299
2019-11-08 03:25:19.162 24145 INFO rally.task.engine [-] Full runner duration is: 20.013092
2019-11-08 03:25:19.162 24145 INFO rally.task.engine [-] Full duration is: 56.640019
2019-11-08 03:25:19.384 24145 INFO rally.task.engine [-] Running workload: position = 2 config = { "version": 2, "title": "A cropped version of a bigger task.", "description": "Auto-generated task from a single workload (uuid=8837629d-7a9c-4365-bb70-8ea77ee2f6e2)", "subtasks": [ { "title": "NeutronNetworks.create_and_delete_ports", "description": "Create and delete a port.", "scenario": { "NeutronNetworks.create_and_delete_ports": { "network_create_args": {}, "port_create_args": {}, "ports_per_network": 5 } }, "contexts": { "users": { "tenants": 1, "users_per_tenant": 1 }, "quotas": { "neutron": { "network": -1, "port": -1 } } }, "runner": { "constant": { "times": 40, "concurrency": 20 } }, "hooks": [], "sla": { "failure_rate": { "max": 0 } } } ] }
2019-11-08 03:25:19.408 24145 RALLYDEBUG rally_openstack.contexts.keystone.users [-] Creating 1 tenants using 20 threads
2019-11-08 03:25:20.317 24145 RALLYDEBUG rally_openstack.contexts.keystone.users [-] Creating 1 users using 20 threads
2019-11-08 03:25:21.672 24145 INFO rally.task.context [-] Task af4baf90-e158-43c3-a4ea-37063d1638aa | Context users@openstack setup() finished in 2.26 sec
2019-11-08 03:25:22.132 24145 INFO rally.task.context [-] Task af4baf90-e158-43c3-a4ea-37063d1638aa | Context quotas@openstack setup() finished in 0.46 sec
2019-11-08 03:25:22.132 24145 INFO rally.task.context [-] Task af4baf90-e158-43c3-a4ea-37063d1638aa | Context cleanup@openstack setup() finished in 0.01 msec
2019-11-08 03:25:22.142 24145 RALLYDEBUG rally.task.runner [-] Starting the constant runner (task UUID: af4baf90-e158-43c3-a4ea-37063d1638aa). times: 40 concurrency: 20 timeout: 0 max_cpu_used: 16 processes_to_start: 16 concurrency_per_worker: 1 concurrency_overhead: 4
2019-11-08 03:25:22.153 28611 RALLYDEBUG rally.task.runner [-] Starting a worker. times: 40 duration: None concurrency: 2 timeout: 0 cls: method_name: run args: {"network_create_args": {}, "port_create_args": {}, "ports_per_network": 5}
2019-11-08 03:25:22.157 28612 RALLYDEBUG rally.task.runner [-] Starting a worker. times: 40 duration: None concurrency: 2 timeout: 0 cls: method_name: run args: {"network_create_args": {}, "port_create_args": {}, "ports_per_network": 5}
2019-11-08 03:25:22.161 28611 INFO rally.task.runner [-] Task af4baf90-e158-43c3-a4ea-37063d1638aa | ITER: 1 START
2019-11-08 03:25:22.160 28613 RALLYDEBUG rally.task.runner [-] Starting a worker. times: 40 duration: None concurrency: 2 timeout: 0 cls: method_name: run args: {"network_create_args": {}, "port_create_args": {}, "ports_per_network": 5}
2019-11-08 03:25:22.163 28611 WARNING rally_openstack.scenarios.neutron.utils [-] Running this scenario without either the 'network' or 'existing_network' context is deprecated
2019-11-08 03:25:22.164 28616 RALLYDEBUG rally.task.runner [-] Starting a worker. times: 40 duration: None concurrency: 2 timeout: 0 cls: method_name: run args: {"network_create_args": {}, "port_create_args": {}, "ports_per_network": 5}
2019-11-08 03:25:22.164 28612 INFO rally.task.runner [-] Task af4baf90-e158-43c3-a4ea-37063d1638aa | ITER: 3 START
2019-11-08 03:25:22.165 28612 INFO rally.task.runner [-] Task af4baf90-e158-43c3-a4ea-37063d1638aa | ITER: 4 START
2019-11-08 03:25:22.168 28613 INFO rally.task.runner [-] Task af4baf90-e158-43c3-a4ea-37063d1638aa | ITER: 5 START
2019-11-08 03:25:22.167 28612 WARNING rally_openstack.scenarios.neutron.utils [-] Running this scenario without either the 'network' or 'existing_network' context is deprecated
2019-11-08 03:25:22.168 28620 RALLYDEBUG rally.task.runner [-] Starting a worker. times: 40 duration: None concurrency: 1 timeout: 0 cls: method_name: run args: {"network_create_args": {}, "port_create_args": {}, "ports_per_network": 5}
2019-11-08 03:25:22.164 28611 INFO rally.task.runner [-] Task af4baf90-e158-43c3-a4ea-37063d1638aa | ITER: 2 START
2019-11-08 03:25:22.169 28613 INFO rally.task.runner [-] Task af4baf90-e158-43c3-a4ea-37063d1638aa | ITER: 6 START
2019-11-08 03:25:22.170 28613 WARNING rally_openstack.scenarios.neutron.utils [-] Running this scenario without either the 'network' or 'existing_network' context is deprecated
2019-11-08 03:25:22.171 28616 INFO rally.task.runner [-] Task af4baf90-e158-43c3-a4ea-37063d1638aa | ITER: 7 START
2019-11-08 03:25:22.171 28624 RALLYDEBUG rally.task.runner [-] Starting a worker. times: 40 duration: None concurrency: 1 timeout: 0 cls: method_name: run args: {"network_create_args": {}, "port_create_args": {}, "ports_per_network": 5}
2019-11-08 03:25:22.173 28616 INFO rally.task.runner [-] Task af4baf90-e158-43c3-a4ea-37063d1638aa | ITER: 8 START
2019-11-08 03:25:22.174 28616 WARNING rally_openstack.scenarios.neutron.utils [-] Running this scenario without either the 'network' or 'existing_network' context is deprecated
2019-11-08 03:25:22.175 28620 INFO rally.task.runner [-] Task af4baf90-e158-43c3-a4ea-37063d1638aa | ITER: 9 START
2019-11-08 03:25:22.177 28620 WARNING rally_openstack.scenarios.neutron.utils [-] Running this scenario without either the 'network' or 'existing_network' context is deprecated
2019-11-08 03:25:22.177 28624 INFO rally.task.runner [-] Task af4baf90-e158-43c3-a4ea-37063d1638aa | ITER: 10 START
2019-11-08 03:25:22.176 28611 WARNING rally_openstack.scenarios.neutron.utils [-] Running this scenario without either the 'network' or 'existing_network' context is deprecated
2019-11-08 03:25:22.177 28629 RALLYDEBUG rally.task.runner [-] Starting a worker. times: 40 duration: None concurrency: 1 timeout: 0 cls: method_name: run args: {"network_create_args": {}, "port_create_args": {}, "ports_per_network": 5}
2019-11-08 03:25:22.179 28624 WARNING rally_openstack.scenarios.neutron.utils [-] Running this scenario without either the 'network' or 'existing_network' context is deprecated
2019-11-08 03:25:22.171 28613 WARNING rally_openstack.scenarios.neutron.utils [-] Running this scenario without either the 'network' or 'existing_network' context is deprecated
2019-11-08 03:25:22.175 28616 WARNING rally_openstack.scenarios.neutron.utils [-] Running this scenario without either the 'network' or 'existing_network' context is deprecated
2019-11-08 03:25:22.169 28612 WARNING rally_openstack.scenarios.neutron.utils [-] Running this scenario without either the 'network' or 'existing_network' context is deprecated
2019-11-08 03:25:22.181 28633 RALLYDEBUG rally.task.runner [-] Starting a worker. times: 40 duration: None concurrency: 1 timeout: 0 cls: method_name: run args: {"network_create_args": {}, "port_create_args": {}, "ports_per_network": 5}
2019-11-08 03:25:22.183 28629 INFO rally.task.runner [-] Task af4baf90-e158-43c3-a4ea-37063d1638aa | ITER: 11 START
2019-11-08 03:25:22.185 28629 WARNING rally_openstack.scenarios.neutron.utils [-] Running this scenario without either the 'network' or 'existing_network' context is deprecated
2019-11-08 03:25:22.186 28633 INFO rally.task.runner [-] Task af4baf90-e158-43c3-a4ea-37063d1638aa | ITER: 12 START
2019-11-08 03:25:22.187 28633 WARNING rally_openstack.scenarios.neutron.utils [-] Running this scenario without either the 'network' or 'existing_network' context is deprecated
2019-11-08 03:25:22.189 28637 RALLYDEBUG rally.task.runner [-] Starting a worker. times: 40 duration: None concurrency: 1 timeout: 0 cls: method_name: run args: {"network_create_args": {}, "port_create_args": {}, "ports_per_network": 5}
2019-11-08 03:25:22.196 28637 INFO rally.task.runner [-] Task af4baf90-e158-43c3-a4ea-37063d1638aa | ITER: 13 START
2019-11-08 03:25:22.196 28640 RALLYDEBUG rally.task.runner [-] Starting a worker. times: 40 duration: None concurrency: 1 timeout: 0 cls: method_name: run args: {"network_create_args": {}, "port_create_args": {}, "ports_per_network": 5}
2019-11-08 03:25:22.198 28637 WARNING rally_openstack.scenarios.neutron.utils [-] Running this scenario without either the 'network' or 'existing_network' context is deprecated
2019-11-08 03:25:22.203 28640 INFO rally.task.runner [-] Task af4baf90-e158-43c3-a4ea-37063d1638aa | ITER: 14 START
2019-11-08 03:25:22.205 28640 WARNING rally_openstack.scenarios.neutron.utils [-] Running this scenario without either the 'network' or 'existing_network' context is deprecated
2019-11-08 03:25:22.205 28645 RALLYDEBUG rally.task.runner [-] Starting a worker. times: 40 duration: None concurrency: 1 timeout: 0 cls: method_name: run args: {"network_create_args": {}, "port_create_args": {}, "ports_per_network": 5}
2019-11-08 03:25:22.210 28645 INFO rally.task.runner [-] Task af4baf90-e158-43c3-a4ea-37063d1638aa | ITER: 15 START
2019-11-08 03:25:22.212 28645 WARNING rally_openstack.scenarios.neutron.utils [-] Running this scenario without either the 'network' or 'existing_network' context is deprecated
2019-11-08 03:25:22.214 28648 RALLYDEBUG rally.task.runner [-] Starting a worker. times: 40 duration: None concurrency: 1 timeout: 0 cls: method_name: run args: {"network_create_args": {}, "port_create_args": {}, "ports_per_network": 5}
2019-11-08 03:25:22.218 28648 INFO rally.task.runner [-] Task af4baf90-e158-43c3-a4ea-37063d1638aa | ITER: 16 START
2019-11-08 03:25:22.219 28649 RALLYDEBUG rally.task.runner [-] Starting a worker. times: 40 duration: None concurrency: 1 timeout: 0 cls: method_name: run args: {"network_create_args": {}, "port_create_args": {}, "ports_per_network": 5}
2019-11-08 03:25:22.220 28648 WARNING rally_openstack.scenarios.neutron.utils [-] Running this scenario without either the 'network' or 'existing_network' context is deprecated
2019-11-08 03:25:22.223 28649 INFO rally.task.runner [-] Task af4baf90-e158-43c3-a4ea-37063d1638aa | ITER: 17 START
2019-11-08 03:25:22.223 28652 RALLYDEBUG rally.task.runner [-] Starting a worker. times: 40 duration: None concurrency: 1 timeout: 0 cls: method_name: run args: {"network_create_args": {}, "port_create_args": {}, "ports_per_network": 5}
2019-11-08 03:25:22.225 28649 WARNING rally_openstack.scenarios.neutron.utils [-] Running this scenario without either the 'network' or 'existing_network' context is deprecated
2019-11-08 03:25:22.228 28652 INFO rally.task.runner [-] Task af4baf90-e158-43c3-a4ea-37063d1638aa | ITER: 18 START
2019-11-08 03:25:22.229 28652 WARNING rally_openstack.scenarios.neutron.utils [-] Running this scenario without either the 'network' or 'existing_network' context is deprecated
2019-11-08 03:25:22.229 28655 RALLYDEBUG rally.task.runner [-] Starting a worker. times: 40 duration: None concurrency: 1 timeout: 0 cls: method_name: run args: {"network_create_args": {}, "port_create_args": {}, "ports_per_network": 5}
2019-11-08 03:25:22.231 28658 RALLYDEBUG rally.task.runner [-] Starting a worker. times: 40 duration: None concurrency: 1 timeout: 0 cls: method_name: run args: {"network_create_args": {}, "port_create_args": {}, "ports_per_network": 5}
2019-11-08 03:25:22.234 28655 INFO rally.task.runner [-] Task af4baf90-e158-43c3-a4ea-37063d1638aa | ITER: 19 START
2019-11-08 03:25:22.235 28658 INFO rally.task.runner [-] Task af4baf90-e158-43c3-a4ea-37063d1638aa | ITER: 20 START
2019-11-08 03:25:22.236 28655 WARNING rally_openstack.scenarios.neutron.utils [-] Running this scenario without either the 'network' or 'existing_network' context is deprecated
2019-11-08 03:25:22.237 28658 WARNING rally_openstack.scenarios.neutron.utils [-] Running this scenario without either the 'network' or 'existing_network' context is deprecated
2019-11-08 03:25:29.310 28620 INFO rally.task.runner [-] Task af4baf90-e158-43c3-a4ea-37063d1638aa | ITER: 9 END: OK
2019-11-08 03:25:29.315 28620 INFO rally.task.runner [-] Task af4baf90-e158-43c3-a4ea-37063d1638aa | ITER: 21 START
2019-11-08 03:25:29.315 28620 WARNING rally_openstack.scenarios.neutron.utils [-] Running this scenario without either the 'network' or 'existing_network' context is deprecated
2019-11-08 03:25:30.058 28652 INFO rally.task.runner [-] Task af4baf90-e158-43c3-a4ea-37063d1638aa | ITER: 18 END: OK
2019-11-08 03:25:30.062 28652 INFO rally.task.runner [-] Task af4baf90-e158-43c3-a4ea-37063d1638aa | ITER: 22 START
2019-11-08 03:25:30.063 28652 WARNING rally_openstack.scenarios.neutron.utils [-] Running this scenario without either the 'network' or 'existing_network' context is deprecated
2019-11-08 03:25:30.273 28629 INFO rally.task.runner [-] Task af4baf90-e158-43c3-a4ea-37063d1638aa | ITER: 11 END: OK
2019-11-08 03:25:30.277 28629 INFO rally.task.runner [-] Task af4baf90-e158-43c3-a4ea-37063d1638aa | ITER: 23 START
2019-11-08 03:25:30.278 28629 WARNING rally_openstack.scenarios.neutron.utils [-] Running this scenario without either the 'network' or 'existing_network' context is deprecated
2019-11-08 03:25:30.374 28649 INFO rally.task.runner [-] Task af4baf90-e158-43c3-a4ea-37063d1638aa | ITER: 17 END: OK
2019-11-08 03:25:30.378 28649 INFO rally.task.runner [-] Task af4baf90-e158-43c3-a4ea-37063d1638aa | ITER: 24 START
2019-11-08 03:25:30.378 28649 WARNING rally_openstack.scenarios.neutron.utils [-] Running this scenario without either the 'network' or 'existing_network' context is deprecated
2019-11-08 03:25:30.553 28612 INFO rally.task.runner [-] Task af4baf90-e158-43c3-a4ea-37063d1638aa | ITER: 4 END: OK
2019-11-08 03:25:30.557 28612 INFO rally.task.runner [-] Task af4baf90-e158-43c3-a4ea-37063d1638aa | ITER: 25 START
2019-11-08 03:25:30.558 28612 WARNING rally_openstack.scenarios.neutron.utils [-] Running this scenario without either the 'network' or 'existing_network' context is deprecated
2019-11-08 03:25:30.832 28611 INFO rally.task.runner [-] Task af4baf90-e158-43c3-a4ea-37063d1638aa | ITER: 2 END: OK
2019-11-08 03:25:30.837 28611 INFO rally.task.runner [-] Task af4baf90-e158-43c3-a4ea-37063d1638aa | ITER: 26 START
2019-11-08 03:25:30.837 28611 WARNING rally_openstack.scenarios.neutron.utils [-] Running this scenario without either the 'network' or 'existing_network' context is deprecated
2019-11-08 03:25:31.320 28616 INFO rally.task.runner [-] Task af4baf90-e158-43c3-a4ea-37063d1638aa | ITER: 7 END: OK
2019-11-08 03:25:31.323 28616 INFO rally.task.runner [-] Task af4baf90-e158-43c3-a4ea-37063d1638aa | ITER: 27 START
2019-11-08 03:25:31.324 28616 WARNING rally_openstack.scenarios.neutron.utils [-] Running this scenario without either the 'network' or 'existing_network' context is deprecated
2019-11-08 03:25:31.474 28616 INFO rally.task.runner [-] Task af4baf90-e158-43c3-a4ea-37063d1638aa | ITER: 8 END: OK
2019-11-08 03:25:31.477 28616 INFO rally.task.runner [-] Task af4baf90-e158-43c3-a4ea-37063d1638aa | ITER: 28 START
2019-11-08 03:25:31.478 28616 WARNING rally_openstack.scenarios.neutron.utils [-] Running this scenario without either the 'network' or 'existing_network' context is deprecated
2019-11-08 03:25:31.831 28645 INFO rally.task.runner [-] Task af4baf90-e158-43c3-a4ea-37063d1638aa | ITER: 15 END: OK
2019-11-08 03:25:31.835 28645 INFO rally.task.runner [-] Task af4baf90-e158-43c3-a4ea-37063d1638aa | ITER: 29 START
2019-11-08 03:25:31.836 28645 WARNING rally_openstack.scenarios.neutron.utils [-] Running this scenario without either the 'network' or 'existing_network' context is deprecated
2019-11-08 03:25:32.112 28612 INFO rally.task.runner [-] Task af4baf90-e158-43c3-a4ea-37063d1638aa | ITER: 3 END: OK
2019-11-08 03:25:32.115 28612 INFO rally.task.runner [-] Task af4baf90-e158-43c3-a4ea-37063d1638aa | ITER: 30 START
2019-11-08 03:25:32.116 28612 WARNING rally_openstack.scenarios.neutron.utils [-] Running this scenario without either the 'network' or 'existing_network' context is deprecated
2019-11-08 03:25:32.348 28613 INFO rally.task.runner [-] Task af4baf90-e158-43c3-a4ea-37063d1638aa | ITER: 5 END: OK
2019-11-08 03:25:32.352 28613 INFO rally.task.runner [-] Task af4baf90-e158-43c3-a4ea-37063d1638aa | ITER: 31 START
2019-11-08 03:25:32.352 28613 WARNING rally_openstack.scenarios.neutron.utils [-] Running this scenario without either the 'network' or 'existing_network' context is deprecated
2019-11-08 03:25:33.346 28624 INFO rally.task.runner [-] Task af4baf90-e158-43c3-a4ea-37063d1638aa | ITER: 10 END: OK
2019-11-08 03:25:33.350 28624 INFO rally.task.runner [-] Task af4baf90-e158-43c3-a4ea-37063d1638aa | ITER: 32 START
2019-11-08 03:25:33.351 28624 WARNING rally_openstack.scenarios.neutron.utils [-] Running this scenario without either the 'network' or 'existing_network' context is deprecated
2019-11-08 03:25:33.668 28633 INFO rally.task.runner [-] Task af4baf90-e158-43c3-a4ea-37063d1638aa | ITER: 12 END: OK
2019-11-08 03:25:33.672 28633 INFO rally.task.runner [-] Task af4baf90-e158-43c3-a4ea-37063d1638aa | ITER: 33 START
2019-11-08 03:25:33.673 28633 WARNING rally_openstack.scenarios.neutron.utils [-] Running this scenario without either the 'network' or 'existing_network' context is deprecated
2019-11-08 03:25:33.701 28655 INFO rally.task.runner [-] Task af4baf90-e158-43c3-a4ea-37063d1638aa | ITER: 19 END: OK
2019-11-08 03:25:33.705 28655 INFO rally.task.runner [-] Task af4baf90-e158-43c3-a4ea-37063d1638aa | ITER: 34 START
2019-11-08 03:25:33.705 28655 WARNING rally_openstack.scenarios.neutron.utils [-] Running this scenario without either the 'network' or 'existing_network' context is deprecated
2019-11-08 03:25:33.848 28613 INFO rally.task.runner [-] Task af4baf90-e158-43c3-a4ea-37063d1638aa | ITER: 6 END: OK
2019-11-08 03:25:33.851 28613 INFO rally.task.runner [-] Task af4baf90-e158-43c3-a4ea-37063d1638aa | ITER: 35 START
2019-11-08 03:25:33.851 28613 WARNING rally_openstack.scenarios.neutron.utils [-] Running this scenario without either the 'network' or 'existing_network' context is deprecated
